2024-10-08 23:38:13.176 62477 INFO tempest.lib.common.dynamic_creds [-] Acquired dynamic creds: credentials: Credentials: {'domain_id': 'default', 'domain_name': 'Default', 'username': 'tempest-SecurityGroupsTestJSON-634231456-project-member', 'project_domain_id': 'default', 'project_domain_name': 'Default', 'project_id': '286b300e98e244eb8693bb0f3174c121', 'project_name': 'tempest-SecurityGroupsTestJSON-634231456', 'tenant_id': '286b300e98e244eb8693bb0f3174c121', 'tenant_name': 'tempest-SecurityGroupsTestJSON-634231456', 'user_domain_id': 'default', 'user_domain_name': 'Default', 'user_id': '53cab7fd384749deb5c7f6e3faa03b1b', 'system': None}, Network: None, Subnet: None, Router: None
2024-10-08 23:38:13.187 62485 INFO tempest.lib.common.rest_client [req-250254cd-a715-445b-b0dc-2e0e9cf433a2 req-250254cd-a715-445b-b0dc-2e0e9cf433a2 ] Request (ServerDiagnosticsTest:test_get_server_diagnostics): 200 GET http://10.180.1.21/compute/v2.1/servers/571b574b-27f2-4e95-9309-fd3097fb4f64 1.032s
2024-10-08 23:38:13.237 62477 INFO tempest.lib.common.rest_client [req-1b9373e4-af17-4a84-9aed-378248d8c967 req-1b9373e4-af17-4a84-9aed-378248d8c967 ] Request (SecurityGroupsTestJSON:setUpClass): 201 POST http://10.180.1.21/identity/v3/auth/tokens 0.060s
2024-10-08 23:38:13.245 62455 INFO tempest.lib.common.rest_client [req-a943e9a7-d326-4eea-a869-f2c4b12b31cd req-a943e9a7-d326-4eea-a869-f2c4b12b31cd ] Request (ServerActionsTestOtherA:setUpClass): 200 GET http://10.180.1.21/compute/v2.1/servers/72514005-1023-4db6-9e51-9b0855083411 1.037s
2024-10-08 23:38:13.290 62439 INFO tempest.lib.common.rest_client [req-3bffa7bb-6fce-4feb-8ae1-7db7b12c6435 req-3bffa7bb-6fce-4feb-8ae1-7db7b12c6435 ] Request (ServerActionsTestOtherB:setUpClass): 200 GET http://10.180.1.21/compute/v2.1/servers/0a4a432d-a71a-4da7-be90-25dcec5a64c6 1.033s
2024-10-08 23:38:13.343 62449 INFO tempest.lib.common.rest_client [req-e318ab68-7523-4d80-b6cb-a0d7bf43ff01 req-e318ab68-7523-4d80-b6cb-a0d7bf43ff01 ] Request (ImagesNegativeTestJSON:test_create_image_from_deleted_server): 200 GET http://10.180.1.21/compute/v2.1/servers/186a2de8-2b9e-4c84-8502-cb0ed3b43123 1.034s
2024-10-08 23:38:13.390 62462 INFO tempest.lib.common.rest_client [req-55ba9e4c-863a-4ecf-b125-6d59743347c6 req-55ba9e4c-863a-4ecf-b125-6d59743347c6 ] Request (ServersTestMultiNic:test_verify_duplicate_network_nics): 200 GET http://10.180.1.21/compute/v2.1/servers/b0180c2b-8edf-4d15-8d12-c754b73f6030 1.030s
2024-10-08 23:38:13.438 62457 INFO tempest.lib.common.rest_client [req-28a1284f-0d5d-4a93-a405-3534e742685f req-28a1284f-0d5d-4a93-a405-3534e742685f ] Request (ServerDiagnosticsNegativeTest:test_get_server_diagnostics_by_non_admin): 200 GET http://10.180.1.21/compute/v2.1/servers/258ec37d-c791-4c43-8725-0f4b4bbf9b5b 1.034s
2024-10-08 23:38:13.495 62467 INFO tempest.lib.common.rest_client [req-22e8f61b-a172-46db-9b44-78e705c6fa01 req-22e8f61b-a172-46db-9b44-78e705c6fa01 ] Request (ServersTestFqdnHostnames:test_create_server_with_fqdn_name): 200 GET http://10.180.1.21/compute/v2.1/servers/9e573093-6434-452d-8025-4688d9f78c53 1.020s
2024-10-08 23:38:13.558 62447 INFO tempest.lib.common.rest_client [req-5c17e718-deaf-4043-8bda-8879757fbbcc req-5c17e718-deaf-4043-8bda-8879757fbbcc ] Request (ListServerFiltersTestJSON:setUpClass): 200 GET http://10.180.1.21/compute/v2.1/servers/48fe8f43-4ab9-41de-9b81-35b4438585ea 1.026s
2024-10-08 23:38:13.637 62459 INFO tempest.lib.common.rest_client [req-4f1b6399-cdd4-42c9-b648-7f5bb6e6d50d req-4f1b6399-cdd4-42c9-b648-7f5bb6e6d50d ] Request (ServerActionsV293TestJSON:setUpClass): 200 GET http://10.180.1.21/compute/v2.1/servers/69604167-6a61-4723-bf7d-7ba168837839 1.090s
2024-10-08 23:38:13.676 62477 INFO tempest.lib.common.rest_client [req-288553c6-4b89-4073-8c54-73d39708df0b req-288553c6-4b89-4073-8c54-73d39708df0b ] Request (SecurityGroupsTestJSON:setUpClass): 201 POST http://10.180.1.21:9696/networking/v2.0/networks 0.439s
2024-10-08 23:38:13.696 62443 INFO tempest.lib.common.rest_client [req-2cbb506b-f4ea-4735-b0e5-ab6adaf9862e req-2cbb506b-f4ea-4735-b0e5-ab6adaf9862e ] Request (ImagesOneServerTestJSON:setUpClass): 200 GET http://10.180.1.21/compute/v2.1/servers/25e4a40e-c5a6-47f5-9e53-00d3073252fc 1.113s
2024-10-08 23:38:13.769 62469 INFO tempest.lib.common.rest_client [req-d8c6706c-763a-42bb-9b9c-51c8e761106e req-d8c6706c-763a-42bb-9b9c-51c8e761106e ] Request (ServerDiskConfigTestJSON:test_rebuild_server_with_auto_disk_config): 200 GET http://10.180.1.21/compute/v2.1/servers/63ed8992-0e8f-41ca-8b28-c0b2538ff61c 1.134s
2024-10-08 23:38:13.830 62451 INFO tempest.lib.common.rest_client [req-a009df3d-dc29-4d71-84c0-5d20844530ff req-a009df3d-dc29-4d71-84c0-5d20844530ff ] Request (InstanceActionsNegativeTestJSON:setUpClass): 200 GET http://10.180.1.21/compute/v2.1/servers/12656a79-a836-452c-8f94-c8e142c9ec2f 1.121s
2024-10-08 23:38:13.854 62477 INFO tempest.lib.common.rest_client [req-dd137f9c-680f-4e18-a35c-17d21628c774 req-dd137f9c-680f-4e18-a35c-17d21628c774 ] Request (SecurityGroupsTestJSON:setUpClass): 201 POST http://10.180.1.21:9696/networking/v2.0/subnets 0.177s
2024-10-08 23:38:13.899 62465 INFO tempest.lib.common.rest_client [req-d3ef1bc8-762b-4864-b1fa-73986c4d453f req-d3ef1bc8-762b-4864-b1fa-73986c4d453f ] Request (VolumesAdminNegativeTest:test_update_attached_volume_with_nonexistent_volume_in_body): 200 GET http://10.180.1.21/compute/v2.1/servers/f5a11b74-e1fe-44c0-bccb-5817bc582608 1.113s
2024-10-08 23:38:13.961 62481 INFO tempest.lib.common.rest_client [req-cb6f0bfe-6d4b-47f2-b51d-aba657fa0cce req-cb6f0bfe-6d4b-47f2-b51d-aba657fa0cce ] Request (AttachInterfacesTestJSON:test_create_list_show_delete_interfaces_by_network_port): 200 GET http://10.180.1.21/compute/v2.1/servers/a71fd192-f3b6-4f0f-900d-887d15f44d7a 1.127s
2024-10-08 23:38:14.019 62441 INFO tempest.lib.common.rest_client [req-44084f1c-8beb-4db0-8f3b-eb2081e5f829 req-44084f1c-8beb-4db0-8f3b-eb2081e5f829 ] Request (ServerMetadataNegativeTestJSON:setUpClass): 200 GET http://10.180.1.21/compute/v2.1/servers/19326d9f-5f3a-4756-874f-d4d3ce25f8e8 1.126s
2024-10-08 23:38:14.081 62489 INFO tempest.lib.common.rest_client [req-9f81fbc9-5596-4ce6-a2d2-1e0263c5b9c0 req-9f81fbc9-5596-4ce6-a2d2-1e0263c5b9c0 ] Request (FloatingIPsAssociationTestJSON:setUpClass): 200 GET http://10.180.1.21/compute/v2.1/servers/4a2b5dbe-ed48-40b6-ba72-a06b14e31696 1.134s
2024-10-08 23:38:14.087 62489 INFO tempest.common.waiters [-] State transition "BUILD/spawning" ==> "ERROR/None" after 92 second wait
2024-10-08 23:38:14.333 62473 INFO tempest.lib.common.rest_client [req-0f66a259-de4a-4da4-8fdc-a8b613b9e0e8 req-0f66a259-de4a-4da4-8fdc-a8b613b9e0e8 ] Request (ServersTestBootFromVolume:setUpClass): 204 DELETE http://10.180.1.21/compute/v2.1/servers/6c675e27-0de4-46bc-8017-5ee43e2efa5c 1.356s
2024-10-08 23:38:14.398 62471 INFO tempest.lib.common.rest_client [req-414a615b-def7-4457-a304-a49dc097781a req-414a615b-def7-4457-a304-a49dc097781a ] Request (ServerTagsTestJSON:setUpClass): 200 GET http://10.180.1.21/compute/v2.1/servers/0ab619ea-755b-4d71-9c12-0eeda0b42a39 1.397s
2024-10-08 23:38:14.460 62477 INFO tempest.lib.common.rest_client [req-1723e92b-dca0-4072-a909-a1e5e1c1f953 req-1723e92b-dca0-4072-a909-a1e5e1c1f953 ] Request (SecurityGroupsTestJSON:setUpClass): 201 POST http://10.180.1.21:9696/networking/v2.0/routers 0.606s
2024-10-08 23:38:14.465 62487 INFO tempest.lib.common.rest_client [req-12dd0803-cd5e-4bc7-8a5a-6e81d572ae26 req-12dd0803-cd5e-4bc7-8a5a-6e81d572ae26 ] Request (ServersTestJSON:setUpClass): 200 GET http://10.180.1.21/compute/v2.1/servers/39d5f95c-7c98-4263-a46e-948d2e3d31ce 0.829s
2024-10-08 23:38:14.532 62453 INFO tempest.lib.common.rest_client [req-1e0a32c1-bbb6-4b40-84e0-a9beec9e5152 req-1e0a32c1-bbb6-4b40-84e0-a9beec9e5152 ] Request (AttachInterfacesUnderV243Test:test_add_remove_fixed_ip): 200 GET http://10.180.1.21/compute/v2.1/servers/47409cd0-db33-4a94-b806-1799a6f7e98f 0.830s
2024-10-08 23:38:14.587 62491 INFO tempest.lib.common.rest_client [req-a745c0d3-b0bc-4d09-9d9d-7d8e678ad74a req-a745c0d3-b0bc-4d09-9d9d-7d8e678ad74a ] Request (MigrationsAdminTest:test_resize_server_revert_deleted_flavor): 200 GET http://10.180.1.21/compute/v2.1/servers/d52bfb49-beb0-4bfe-b3bb-45132c210065 0.814s
2024-10-08 23:38:14.644 62445 INFO tempest.lib.common.rest_client [req-69c276f3-32dd-4e9b-a42c-14f8f6f221f9 req-69c276f3-32dd-4e9b-a42c-14f8f6f221f9 ] Request (ImagesTestJSON:test_create_image_from_stopped_server): 200 GET http://10.180.1.21/compute/v2.1/servers/5e264b99-8025-471a-bc6b-238f1bca054c 0.820s
2024-10-08 23:38:14.701 62435 INFO tempest.lib.common.rest_client [req-46d5b717-e926-4b9d-b7ed-b0dfc13bdd6b req-46d5b717-e926-4b9d-b7ed-b0dfc13bdd6b ] Request (ServerShowV254Test:test_rebuild_server): 200 GET http://10.180.1.21/compute/v2.1/servers/bcb11a72-4394-42a2-9a9f-295adc1abcd0 0.829s
2024-10-08 23:38:14.759 62493 INFO tempest.lib.common.rest_client [req-aa44cdec-91fb-4847-85e5-39e62087d9ee req-aa44cdec-91fb-4847-85e5-39e62087d9ee ] Request (ServerAddressesNegativeTestJSON:setUpClass): 200 GET http://10.180.1.21/compute/v2.1/servers/7cbaf88d-f7fb-4fbe-bca0-2e83a3341463 0.839s
2024-10-08 23:38:14.827 62480 INFO tempest.lib.common.rest_client [req-49933abb-e235-47c0-a272-6f1ddb54f14e req-49933abb-e235-47c0-a272-6f1ddb54f14e ] Request (ServerShowV247Test:test_update_rebuild_list_server): 200 GET http://10.180.1.21/compute/v2.1/servers/ce74983e-8347-425c-967a-6a78a7daa701 0.793s
2024-10-08 23:38:14.893 62433 INFO tempest.lib.common.rest_client [req-19f53e4a-efa4-4126-9bed-6c35437e44f5 req-19f53e4a-efa4-4126-9bed-6c35437e44f5 ] Request (MultipleCreateTestJSON:test_multiple_create): 200 GET http://10.180.1.21/compute/v2.1/servers/0b090f00-8eb5-435f-a1ca-05fa5acdeaaf 0.807s
2024-10-08 23:38:15.087 62463 INFO tempest.lib.common.rest_client [req-f05f7d20-69e2-4ffd-a483-6b736701cea9 req-f05f7d20-69e2-4ffd-a483-6b736701cea9 ] Request (SecurityGroupsTestAdminJSON:test_list_security_groups_list_all_tenants_filter): 200 GET http://10.180.1.21/compute/v2.1/os-security-groups?all_tenants=true 4.576s
2024-10-08 23:38:15.097 62489 INFO tempest.lib.common.rest_client [req-663cfa63-5aee-4db4-ba03-71114ee06ecc req-663cfa63-5aee-4db4-ba03-71114ee06ecc ] Request (FloatingIPsAssociationTestJSON:setUpClass): 204 DELETE http://10.180.1.21/compute/v2.1/servers/4a2b5dbe-ed48-40b6-ba72-a06b14e31696 1.009s
2024-10-08 23:38:15.147 62495 INFO tempest.lib.common.rest_client [req-5e24a07b-afb0-4c46-b0b0-9c378e230076 req-5e24a07b-afb0-4c46-b0b0-9c378e230076 ] Request (AttachInterfacesV270Test:test_create_get_list_interfaces): 200 GET http://10.180.1.21/compute/v2.1/servers/7cccaaf2-f17d-426d-9340-e33260235706 1.006s
2024-10-08 23:38:15.154 62485 INFO tempest.lib.common.rest_client [req-e1e32a38-0963-4891-a015-ff2e0ff2e703 req-e1e32a38-0963-4891-a015-ff2e0ff2e703 ] Request (ServerDiagnosticsTest:test_get_server_diagnostics): 200 GET http://10.180.1.21/compute/v2.1/servers/571b574b-27f2-4e95-9309-fd3097fb4f64 0.960s
2024-10-08 23:38:15.214 62439 INFO tempest.lib.common.rest_client [req-45a88e82-1891-4f53-86c9-a8bdac4ad27b req-45a88e82-1891-4f53-86c9-a8bdac4ad27b ] Request (ServerActionsTestOtherB:setUpClass): 200 GET http://10.180.1.21/compute/v2.1/servers/0a4a432d-a71a-4da7-be90-25dcec5a64c6 0.913s
2024-10-08 23:38:15.216 62455 INFO tempest.lib.common.rest_client [req-28f500bf-5f21-4be7-ac85-55172706f4b2 req-28f500bf-5f21-4be7-ac85-55172706f4b2 ] Request (ServerActionsTestOtherA:setUpClass): 200 GET http://10.180.1.21/compute/v2.1/servers/72514005-1023-4db6-9e51-9b0855083411 0.964s
2024-10-08 23:38:15.224 62477 INFO tempest.lib.common.rest_client [req-8a044b5f-a5a1-4eb9-bf3e-62228c5c3528 req-8a044b5f-a5a1-4eb9-bf3e-62228c5c3528 ] Request (SecurityGroupsTestJSON:setUpClass): 200 PUT http://10.180.1.21:9696/networking/v2.0/routers/daa33786-3c46-491a-a9e7-f61979c110d8/add_router_interface 0.763s
2024-10-08 23:38:15.224 62477 INFO tempest.lib.common.dynamic_creds [-] Created isolated network resources for: credentials: Credentials: {'domain_id': 'default', 'domain_name': 'Default', 'username': 'tempest-SecurityGroupsTestJSON-634231456-project-member', 'project_domain_id': 'default', 'project_domain_name': 'Default', 'project_id': '286b300e98e244eb8693bb0f3174c121', 'project_name': 'tempest-SecurityGroupsTestJSON-634231456', 'tenant_id': '286b300e98e244eb8693bb0f3174c121', 'tenant_name': 'tempest-SecurityGroupsTestJSON-634231456', 'user_domain_id': 'default', 'user_domain_name': 'Default', 'user_id': '53cab7fd384749deb5c7f6e3faa03b1b', 'system': None}, Network: {'id': '438a254f-30fa-4c6f-842b-91f349c68284', 'name': 'tempest-SecurityGroupsTestJSON-2114608063-network', 'tenant_id': '286b300e98e244eb8693bb0f3174c121', 'admin_state_up': True, 'mtu': 8950, 'status': 'ACTIVE', 'subnets': [], 'shared': False, 'project_id': '286b300e98e244eb8693bb0f3174c121', 'port_security_enabled': True, 'router:external': False, 'provider:network_type': 'vlan', 'provider:physical_network': 'default', 'provider:segmentation_id': 377, 'is_default': False, 'availability_zone_hints': [], 'availability_zones': [], 'ipv4_address_scope': None, 'ipv6_address_scope': None, 'description': '', 'tags': [], 'created_at': '2024-10-08T23:38:13Z', 'updated_at': '2024-10-08T23:38:13Z', 'revision_number': 1}, Subnet: {'id': '1c7e0370-1676-489a-950e-30c359ddf2fb', 'name': 'tempest-SecurityGroupsTestJSON-2114608063-subnet', 'tenant_id': '286b300e98e244eb8693bb0f3174c121', 'network_id': '438a254f-30fa-4c6f-842b-91f349c68284', 'ip_version': 4, 'subnetpool_id': None, 'enable_dhcp': True, 'ipv6_ra_mode': None, 'ipv6_address_mode': None, 'gateway_ip': '192.168.128.1', 'cidr': '192.168.128.0/28', 'allocation_pools': [{'start': '192.168.128.2', 'end': '192.168.128.14'}], 'host_routes': [], 'dns_nameservers': [], 'description': '', 'router:external': False, 'service_types': [], 'tags': [], 'created_at': '2024-10-08T23:38:13Z', 'updated_at': '2024-10-08T23:38:13Z', 'revision_number': 0, 'project_id': '286b300e98e244eb8693bb0f3174c121'}, Router: {'id': 'daa33786-3c46-491a-a9e7-f61979c110d8', 'name': 'tempest-SecurityGroupsTestJSON-2114608063-router', 'tenant_id': '286b300e98e244eb8693bb0f3174c121', 'admin_state_up': True, 'status': 'ACTIVE', 'external_gateway_info': {'network_id': '40b60e96-24f0-469a-9b9b-1da4bcb9f08c', 'external_fixed_ips': [{'subnet_id': '41531f14-27f7-4b80-8300-118d91a899d0', 'ip_address': '10.180.180.178'}], 'enable_snat': True}, 'description': '', 'availability_zones': [], 'distributed': False, 'ha': False, 'availability_zone_hints': [], 'routes': [], 'flavor_id': None, 'tags': [], 'created_at': '2024-10-08T23:38:13Z', 'updated_at': '2024-10-08T23:38:14Z', 'revision_number': 2, 'project_id': '286b300e98e244eb8693bb0f3174c121'}
2024-10-08 23:38:15.241 62473 INFO tempest.lib.common.rest_client [req-60c674d6-2a6d-4ab7-878f-721a7ed74bcf req-60c674d6-2a6d-4ab7-878f-721a7ed74bcf ] Request (ServersTestBootFromVolume:setUpClass): 404 GET http://10.180.1.21/compute/v2.1/servers/6c675e27-0de4-46bc-8017-5ee43e2efa5c 0.907s
2024-10-08 23:38:15.241 62473 INFO tempest.test [-] raised in ServersTestBootFromVolume.setUpClass. Invoking tearDownClass.
2024-10-08 23:38:15.262 62449 INFO tempest.lib.common.rest_client [req-dd7d3726-cd9e-42a9-9a94-1c878f88c498 req-dd7d3726-cd9e-42a9-9a94-1c878f88c498 ] Request (ImagesNegativeTestJSON:test_create_image_from_deleted_server): 200 GET http://10.180.1.21/compute/v2.1/servers/186a2de8-2b9e-4c84-8502-cb0ed3b43123 0.913s
2024-10-08 23:38:15.291 62462 INFO tempest.lib.common.rest_client [req-48d057c9-d1b7-4978-804f-599d354e5e12 req-48d057c9-d1b7-4978-804f-599d354e5e12 ] Request (ServersTestMultiNic:test_verify_duplicate_network_nics): 200 GET http://10.180.1.21/compute/v2.1/servers/b0180c2b-8edf-4d15-8d12-c754b73f6030 0.894s
2024-10-08 23:38:15.313 62477 INFO tempest.lib.common.rest_client [req-1a799e3f-8894-4f2b-b33e-0321a742eed5 req-1a799e3f-8894-4f2b-b33e-0321a742eed5 ] Request (SecurityGroupsTestJSON:setUpClass): 201 POST http://10.180.1.21/identity/v3/auth/tokens 0.086s
2024-10-08 23:38:15.316 62457 INFO tempest.lib.common.rest_client [req-b0fd87b8-9a2f-43ce-b4e5-4df1cfd7e328 req-b0fd87b8-9a2f-43ce-b4e5-4df1cfd7e328 ] Request (ServerDiagnosticsNegativeTest:test_get_server_diagnostics_by_non_admin): 200 GET http://10.180.1.21/compute/v2.1/servers/258ec37d-c791-4c43-8725-0f4b4bbf9b5b 0.867s
2024-10-08 23:38:15.346 62467 INFO tempest.lib.common.rest_client [req-2ce93f77-c4f3-49ec-9f5f-fb04ca321f5d req-2ce93f77-c4f3-49ec-9f5f-fb04ca321f5d ] Request (ServersTestFqdnHostnames:test_create_server_with_fqdn_name): 200 GET http://10.180.1.21/compute/v2.1/servers/9e573093-6434-452d-8025-4688d9f78c53 0.838s
2024-10-08 23:38:15.355 62467 INFO tempest.common.waiters [-] State transition "BUILD/scheduling" ==> "BUILD/None" after 72 second wait
2024-10-08 23:38:15.366 62447 INFO tempest.lib.common.rest_client [req-27e6845b-6b1d-4572-ac0e-40487a3dde0a req-27e6845b-6b1d-4572-ac0e-40487a3dde0a ] Request (ListServerFiltersTestJSON:setUpClass): 200 GET http://10.180.1.21/compute/v2.1/servers/48fe8f43-4ab9-41de-9b81-35b4438585ea 0.801s
2024-10-08 23:38:15.399 62459 INFO tempest.lib.common.rest_client [req-cbeb22ba-df18-4dc7-a5bd-5711e62b55ca req-cbeb22ba-df18-4dc7-a5bd-5711e62b55ca ] Request (ServerActionsV293TestJSON:setUpClass): 200 GET http://10.180.1.21/compute/v2.1/servers/69604167-6a61-4723-bf7d-7ba168837839 0.745s
2024-10-08 23:38:15.428 62443 INFO tempest.lib.common.rest_client [req-9b46cd79-2673-4e9f-b302-bcafcb6c2c73 req-9b46cd79-2673-4e9f-b302-bcafcb6c2c73 ] Request (ImagesOneServerTestJSON:setUpClass): 200 GET http://10.180.1.21/compute/v2.1/servers/25e4a40e-c5a6-47f5-9e53-00d3073252fc 0.722s
2024-10-08 23:38:15.451 62469 INFO tempest.lib.common.rest_client [req-e0a6ce2d-aac3-4bde-89f8-4db597c81fd5 req-e0a6ce2d-aac3-4bde-89f8-4db597c81fd5 ] Request (ServerDiskConfigTestJSON:test_rebuild_server_with_auto_disk_config): 200 GET http://10.180.1.21/compute/v2.1/servers/63ed8992-0e8f-41ca-8b28-c0b2538ff61c 0.674s
2024-10-08 23:38:15.495 62451 INFO tempest.lib.common.rest_client [req-e17128e2-8429-4509-8a58-55cd6a55cce8 req-e17128e2-8429-4509-8a58-55cd6a55cce8 ] Request (InstanceActionsNegativeTestJSON:setUpClass): 200 GET http://10.180.1.21/compute/v2.1/servers/12656a79-a836-452c-8f94-c8e142c9ec2f 0.652s
2024-10-08 23:38:15.511 62465 INFO tempest.lib.common.rest_client [req-ef62bce7-7cbd-44ab-83d5-0c6bb3534986 req-ef62bce7-7cbd-44ab-83d5-0c6bb3534986 ] Request (VolumesAdminNegativeTest:test_update_attached_volume_with_nonexistent_volume_in_body): 200 GET http://10.180.1.21/compute/v2.1/servers/f5a11b74-e1fe-44c0-bccb-5817bc582608 0.603s
2024-10-08 23:38:15.554 62481 INFO tempest.lib.common.rest_client [req-588b7ef5-f2a3-40c5-a7fa-e71019f621e5 req-588b7ef5-f2a3-40c5-a7fa-e71019f621e5 ] Request (AttachInterfacesTestJSON:test_create_list_show_delete_interfaces_by_network_port): 200 GET http://10.180.1.21/compute/v2.1/servers/a71fd192-f3b6-4f0f-900d-887d15f44d7a 0.584s
2024-10-08 23:38:15.567 62441 INFO tempest.lib.common.rest_client [req-5d46b8ed-a99c-4199-8126-c4e39bbc4163 req-5d46b8ed-a99c-4199-8126-c4e39bbc4163 ] Request (ServerMetadataNegativeTestJSON:setUpClass): 200 GET http://10.180.1.21/compute/v2.1/servers/19326d9f-5f3a-4756-874f-d4d3ce25f8e8 0.541s
2024-10-08 23:38:15.580 62489 INFO tempest.lib.common.rest_client [req-cbc2e9a2-f9b5-4df2-9bf1-61a41d1f1120 req-cbc2e9a2-f9b5-4df2-9bf1-61a41d1f1120 ] Request (FloatingIPsAssociationTestJSON:setUpClass): 404 GET http://10.180.1.21/compute/v2.1/servers/4a2b5dbe-ed48-40b6-ba72-a06b14e31696 0.483s
2024-10-08 23:38:15.581 62489 INFO tempest.test [-] raised in FloatingIPsAssociationTestJSON.setUpClass. Invoking tearDownClass.
2024-10-08 23:38:15.601 62473 INFO tempest.lib.common.rest_client [req-656c5297-5759-4b9a-b0d9-6b1fe3aa4632 req-656c5297-5759-4b9a-b0d9-6b1fe3aa4632 ] Request (ServersTestBootFromVolume:tearDownClass): 202 DELETE http://10.180.1.21/compute/v2.1/os-keypairs/tempest-keypair-1802517127 0.360s
2024-10-08 23:38:15.772 62473 INFO tempest.lib.common.rest_client [req-5456263f-1882-4482-a770-2871fc9a21af req-5456263f-1882-4482-a770-2871fc9a21af ] Request (ServersTestBootFromVolume:tearDownClass): 204 DELETE http://10.180.1.21:9696/networking/v2.0/security-groups/a6c17fbc-c366-4f06-8d49-02c1184c5e08 0.170s
2024-10-08 23:38:15.785 62473 INFO tempest.lib.common.rest_client [req-0b7c54b2-8deb-4178-ad57-f6836d03bf66 req-0b7c54b2-8deb-4178-ad57-f6836d03bf66 ] Request (ServersTestBootFromVolume:tearDownClass): 404 GET http://10.180.1.21:9696/networking/v2.0/security-groups/a6c17fbc-c366-4f06-8d49-02c1184c5e08 0.013s
2024-10-08 23:38:15.836 62463 INFO tempest.lib.common.rest_client [req-8f67211d-86ad-4271-9b36-cc69ed015dca req-8f67211d-86ad-4271-9b36-cc69ed015dca ] Request (SecurityGroupsTestAdminJSON:test_list_security_groups_list_all_tenants_filter): 200 GET http://10.180.1.21/compute/v2.1/os-security-groups?all_tenants=true 0.735s
2024-10-08 23:38:15.877 62477 INFO tempest.lib.common.rest_client [req-8e19aafe-e797-4afb-852c-8927e7ac4404 req-8e19aafe-e797-4afb-852c-8927e7ac4404 ] Request (SecurityGroupsTestJSON:test_list_security_groups_by_server): 200 POST http://10.180.1.21/compute/v2.1/os-security-groups 0.562s
2024-10-08 23:38:15.912 62471 INFO tempest.lib.common.rest_client [req-d59e2845-11b4-4581-9c5f-8c7c35d72bf5 req-d59e2845-11b4-4581-9c5f-8c7c35d72bf5 ] Request (ServerTagsTestJSON:setUpClass): 200 GET http://10.180.1.21/compute/v2.1/servers/0ab619ea-755b-4d71-9c12-0eeda0b42a39 0.500s
2024-10-08 23:38:15.969 62487 INFO tempest.lib.common.rest_client [req-30a26b72-2c87-4ee4-99fb-e8a4a7419b2a req-30a26b72-2c87-4ee4-99fb-e8a4a7419b2a ] Request (ServersTestJSON:setUpClass): 200 GET http://10.180.1.21/compute/v2.1/servers/39d5f95c-7c98-4263-a46e-948d2e3d31ce 0.496s
2024-10-08 23:38:15.977 62453 INFO tempest.lib.common.rest_client [req-dd088199-8c21-43a9-bfa3-f999d8b8c1cb req-dd088199-8c21-43a9-bfa3-f999d8b8c1cb ] Request (AttachInterfacesUnderV243Test:test_add_remove_fixed_ip): 200 GET http://10.180.1.21/compute/v2.1/servers/47409cd0-db33-4a94-b806-1799a6f7e98f 0.438s
2024-10-08 23:38:16.029 62491 INFO tempest.lib.common.rest_client [req-474323cf-f1f9-45f6-a6d2-1a1722ca7e62 req-474323cf-f1f9-45f6-a6d2-1a1722ca7e62 ] Request (MigrationsAdminTest:test_resize_server_revert_deleted_flavor): 200 GET http://10.180.1.21/compute/v2.1/servers/d52bfb49-beb0-4bfe-b3bb-45132c210065 0.434s
2024-10-08 23:38:16.039 62445 INFO tempest.lib.common.rest_client [req-0040a47e-76ad-4d65-923f-fa4fdd0f107e req-0040a47e-76ad-4d65-923f-fa4fdd0f107e ] Request (ImagesTestJSON:test_create_image_from_stopped_server): 200 GET http://10.180.1.21/compute/v2.1/servers/5e264b99-8025-471a-bc6b-238f1bca054c 0.388s
2024-10-08 23:38:16.097 62493 INFO tempest.lib.common.rest_client [req-c89cac70-7647-4a01-9c31-d509043d4bea req-c89cac70-7647-4a01-9c31-d509043d4bea ] Request (ServerAddressesNegativeTestJSON:setUpClass): 200 GET http://10.180.1.21/compute/v2.1/servers/7cbaf88d-f7fb-4fbe-bca0-2e83a3341463 0.328s
2024-10-08 23:38:16.099 62435 INFO tempest.lib.common.rest_client [req-ff3e66f6-bbba-472d-b24b-65f69cac500e req-ff3e66f6-bbba-472d-b24b-65f69cac500e ] Request (ServerShowV254Test:test_rebuild_server): 200 GET http://10.180.1.21/compute/v2.1/servers/bcb11a72-4394-42a2-9a9f-295adc1abcd0 0.385s
2024-10-08 23:38:16.157 62480 INFO tempest.lib.common.rest_client [req-56b25c86-e8d8-4ee7-bf37-ec2fd849a26d req-56b25c86-e8d8-4ee7-bf37-ec2fd849a26d ] Request (ServerShowV247Test:test_update_rebuild_list_server): 200 GET http://10.180.1.21/compute/v2.1/servers/ce74983e-8347-425c-967a-6a78a7daa701 0.318s
2024-10-08 23:38:16.254 62473 INFO tempest.lib.common.rest_client [req-64c2a7dd-7dc5-41ae-9dca-899bc8b64bc0 req-64c2a7dd-7dc5-41ae-9dca-899bc8b64bc0 ] Request (ServersTestBootFromVolume:tearDownClass): 204 DELETE http://10.180.1.21:9696/networking/v2.0/floatingips/e1eb3876-1bb2-4468-bfef-493b14074f34 0.468s
2024-10-08 23:38:16.260 62463 INFO tempest.lib.common.rest_client [req-d27389b9-cba1-4595-b222-ac3ff7038562 req-d27389b9-cba1-4595-b222-ac3ff7038562 ] Request (SecurityGroupsTestAdminJSON:_run_cleanups): 202 DELETE http://10.180.1.21/compute/v2.1/os-security-groups/578fa6c0-2928-495b-80a5-65fb24ae74e9 0.420s
2024-10-08 23:38:16.319 62433 INFO tempest.lib.common.rest_client [req-1753dd35-c49c-4934-84e5-d93b93809c69 req-1753dd35-c49c-4934-84e5-d93b93809c69 ] Request (MultipleCreateTestJSON:test_multiple_create): 200 GET http://10.180.1.21/compute/v2.1/servers/0b090f00-8eb5-435f-a1ca-05fa5acdeaaf 0.418s
2024-10-08 23:38:16.319 62477 INFO tempest.lib.common.rest_client [req-3807d08a-56aa-41cc-9fb6-eecfc0602542 req-3807d08a-56aa-41cc-9fb6-eecfc0602542 ] Request (SecurityGroupsTestJSON:test_list_security_groups_by_server): 200 POST http://10.180.1.21/compute/v2.1/os-security-groups 0.438s
2024-10-08 23:38:16.375 62485 INFO tempest.lib.common.rest_client [req-23265283-7b64-474d-934c-ed9b40580f88 req-23265283-7b64-474d-934c-ed9b40580f88 ] Request (ServerDiagnosticsTest:test_get_server_diagnostics): 200 GET http://10.180.1.21/compute/v2.1/servers/571b574b-27f2-4e95-9309-fd3097fb4f64 0.211s
2024-10-08 23:38:16.384 62477 INFO tempest.lib.common.rest_client [req-983e7a19-76ad-4143-a668-b36049aefb8c req-983e7a19-76ad-4143-a668-b36049aefb8c ] Request (SecurityGroupsTestJSON:test_list_security_groups_by_server): 201 POST http://10.180.1.21/identity/v3/auth/tokens 0.051s
2024-10-08 23:38:16.385 62477 INFO tempest.lib.common.fixed_network [-] (SecurityGroupsTestJSON:test_list_security_groups_by_server) Found network {'id': '438a254f-30fa-4c6f-842b-91f349c68284', 'name': 'tempest-SecurityGroupsTestJSON-2114608063-network', 'tenant_id': '286b300e98e244eb8693bb0f3174c121', 'admin_state_up': True, 'mtu': 8950, 'status': 'ACTIVE', 'subnets': [], 'shared': False, 'project_id': '286b300e98e244eb8693bb0f3174c121', 'port_security_enabled': True, 'router:external': False, 'provider:network_type': 'vlan', 'provider:physical_network': 'default', 'provider:segmentation_id': 377, 'is_default': False, 'availability_zone_hints': [], 'availability_zones': [], 'ipv4_address_scope': None, 'ipv6_address_scope': None, 'description': '', 'tags': [], 'created_at': '2024-10-08T23:38:13Z', 'updated_at': '2024-10-08T23:38:13Z', 'revision_number': 1} available for tenant
2024-10-08 23:38:16.394 62495 INFO tempest.lib.common.rest_client [req-6d93804a-50a6-45a2-8c60-543ee76a5a1e req-6d93804a-50a6-45a2-8c60-543ee76a5a1e ] Request (AttachInterfacesV270Test:test_create_get_list_interfaces): 200 GET http://10.180.1.21/compute/v2.1/servers/7cccaaf2-f17d-426d-9340-e33260235706 0.237s
2024-10-08 23:38:16.441 62455 INFO tempest.lib.common.rest_client [req-bcfed816-2229-48bb-a7c9-9dce2911d843 req-bcfed816-2229-48bb-a7c9-9dce2911d843 ] Request (ServerActionsTestOtherA:setUpClass): 200 GET http://10.180.1.21/compute/v2.1/servers/72514005-1023-4db6-9e51-9b0855083411 0.217s
2024-10-08 23:38:16.448 62439 INFO tempest.lib.common.rest_client [req-ea42a928-6382-4d90-8955-0efe1f7c87d0 req-ea42a928-6382-4d90-8955-0efe1f7c87d0 ] Request (ServerActionsTestOtherB:setUpClass): 200 GET http://10.180.1.21/compute/v2.1/servers/0a4a432d-a71a-4da7-be90-25dcec5a64c6 0.224s
2024-10-08 23:38:16.671 62449 INFO tempest.lib.common.rest_client [req-764e04d7-9e12-4a43-a661-ff50976faee4 req-764e04d7-9e12-4a43-a661-ff50976faee4 ] Request (ImagesNegativeTestJSON:test_create_image_from_deleted_server): 200 GET http://10.180.1.21/compute/v2.1/servers/186a2de8-2b9e-4c84-8502-cb0ed3b43123 0.400s
2024-10-08 23:38:16.750 62462 INFO tempest.lib.common.rest_client [req-be3ac974-5c85-4674-9204-81cbea884f16 req-be3ac974-5c85-4674-9204-81cbea884f16 ] Request (ServersTestMultiNic:test_verify_duplicate_network_nics): 200 GET http://10.180.1.21/compute/v2.1/servers/b0180c2b-8edf-4d15-8d12-c754b73f6030 0.451s
2024-10-08 23:38:16.794 62463 INFO tempest.lib.common.rest_client [req-fface8d0-4fdd-4a2b-8f88-2dbd036440ab req-fface8d0-4fdd-4a2b-8f88-2dbd036440ab ] Request (SecurityGroupsTestAdminJSON:_run_cleanups): 202 DELETE http://10.180.1.21/compute/v2.1/os-security-groups/24d51c9f-cf25-4946-bec7-d0eaf1bfd644 0.533s
2024-10-08 23:38:16.803 62457 INFO tempest.lib.common.rest_client [req-111c4d61-852f-4a21-b230-16ca9fd5c63a req-111c4d61-852f-4a21-b230-16ca9fd5c63a ] Request (ServerDiagnosticsNegativeTest:test_get_server_diagnostics_by_non_admin): 200 GET http://10.180.1.21/compute/v2.1/servers/258ec37d-c791-4c43-8725-0f4b4bbf9b5b 0.479s
2024-10-08 23:38:16.842 62467 INFO tempest.lib.common.rest_client [req-c9a5334b-08d5-45c4-ad48-12f44361c17a req-c9a5334b-08d5-45c4-ad48-12f44361c17a ] Request (ServersTestFqdnHostnames:test_create_server_with_fqdn_name): 200 GET http://10.180.1.21/compute/v2.1/servers/9e573093-6434-452d-8025-4688d9f78c53 0.485s
2024-10-08 23:38:16.856 62447 INFO tempest.lib.common.rest_client [req-609fd8e8-66ea-4a2b-b35f-db82059621c3 req-609fd8e8-66ea-4a2b-b35f-db82059621c3 ] Request (ListServerFiltersTestJSON:setUpClass): 200 GET http://10.180.1.21/compute/v2.1/servers/48fe8f43-4ab9-41de-9b81-35b4438585ea 0.482s
2024-10-08 23:38:16.862 62489 INFO tempest.lib.common.rest_client [req-7c416b9d-4e69-455a-b4b2-d96f89759c5e req-7c416b9d-4e69-455a-b4b2-d96f89759c5e ] Request (FloatingIPsAssociationTestJSON:tearDownClass): 200 PUT http://10.180.1.21:9696/networking/v2.0/routers/1794349e-26a6-4345-a2ee-3571b0f6e6c1/remove_router_interface 1.280s
2024-10-08 23:38:16.906 62459 INFO tempest.lib.common.rest_client [req-1554aa1a-504e-41cc-8705-866290b7bdb2 req-1554aa1a-504e-41cc-8705-866290b7bdb2 ] Request (ServerActionsV293TestJSON:setUpClass): 200 GET http://10.180.1.21/compute/v2.1/servers/69604167-6a61-4723-bf7d-7ba168837839 0.497s
2024-10-08 23:38:16.957 62443 INFO tempest.lib.common.rest_client [req-ac35f38a-ab0e-4d4d-8395-c4af0ba0d549 req-ac35f38a-ab0e-4d4d-8395-c4af0ba0d549 ] Request (ImagesOneServerTestJSON:setUpClass): 200 GET http://10.180.1.21/compute/v2.1/servers/25e4a40e-c5a6-47f5-9e53-00d3073252fc 0.523s
2024-10-08 23:38:17.009 62469 INFO tempest.lib.common.rest_client [req-14ebe039-cf6e-4db5-ba2f-42517625c0a3 req-14ebe039-cf6e-4db5-ba2f-42517625c0a3 ] Request (ServerDiskConfigTestJSON:test_rebuild_server_with_auto_disk_config): 200 GET http://10.180.1.21/compute/v2.1/servers/63ed8992-0e8f-41ca-8b28-c0b2538ff61c 0.550s
2024-10-08 23:38:17.054 62451 INFO tempest.lib.common.rest_client [req-934d1835-349e-4534-8eea-8e957cb68432 req-934d1835-349e-4534-8eea-8e957cb68432 ] Request (InstanceActionsNegativeTestJSON:setUpClass): 200 GET http://10.180.1.21/compute/v2.1/servers/12656a79-a836-452c-8f94-c8e142c9ec2f 0.552s
2024-10-08 23:38:17.117 62465 INFO tempest.lib.common.rest_client [req-38efe682-cc70-49a0-b124-825774d35d7c req-38efe682-cc70-49a0-b124-825774d35d7c ] Request (VolumesAdminNegativeTest:test_update_attached_volume_with_nonexistent_volume_in_body): 200 GET http://10.180.1.21/compute/v2.1/servers/f5a11b74-e1fe-44c0-bccb-5817bc582608 0.596s
2024-10-08 23:38:17.170 62481 INFO tempest.lib.common.rest_client [req-b2b832ea-ac70-4630-b794-a50ecd737949 req-b2b832ea-ac70-4630-b794-a50ecd737949 ] Request (AttachInterfacesTestJSON:test_create_list_show_delete_interfaces_by_network_port): 200 GET http://10.180.1.21/compute/v2.1/servers/a71fd192-f3b6-4f0f-900d-887d15f44d7a 0.607s
2024-10-08 23:38:17.194 62477 INFO tempest.lib.common.rest_client [req-27ffcc16-05d8-4414-9a87-5e87eac695e6 req-27ffcc16-05d8-4414-9a87-5e87eac695e6 ] Request (SecurityGroupsTestJSON:test_list_security_groups_by_server): 202 POST http://10.180.1.21/compute/v2.1/servers 0.807s
2024-10-08 23:38:17.229 62441 INFO tempest.lib.common.rest_client [req-1218b72d-3089-4d14-9bfa-75995ce23e10 req-1218b72d-3089-4d14-9bfa-75995ce23e10 ] Request (ServerMetadataNegativeTestJSON:setUpClass): 200 GET http://10.180.1.21/compute/v2.1/servers/19326d9f-5f3a-4756-874f-d4d3ce25f8e8 0.654s
2024-10-08 23:38:17.286 62471 INFO tempest.lib.common.rest_client [req-abca13f7-5a07-431d-a5a0-d40170c684ab req-abca13f7-5a07-431d-a5a0-d40170c684ab ] Request (ServerTagsTestJSON:setUpClass): 200 GET http://10.180.1.21/compute/v2.1/servers/0ab619ea-755b-4d71-9c12-0eeda0b42a39 0.366s
2024-10-08 23:38:17.347 62463 INFO tempest.lib.common.rest_client [req-c453ee21-a65f-48c7-b2d3-c3769b3441bb req-c453ee21-a65f-48c7-b2d3-c3769b3441bb ] Request (SecurityGroupsTestAdminJSON:_run_cleanups): 202 DELETE http://10.180.1.21/compute/v2.1/os-security-groups/c26fd60d-5f45-4a2a-9225-16418347ec96 0.553s
2024-10-08 23:38:17.350 62487 INFO tempest.lib.common.rest_client [req-677e36c0-c970-438d-9841-d1ef260678cd req-677e36c0-c970-438d-9841-d1ef260678cd ] Request (ServersTestJSON:setUpClass): 200 GET http://10.180.1.21/compute/v2.1/servers/39d5f95c-7c98-4263-a46e-948d2e3d31ce 0.372s
2024-10-08 23:38:17.376 62473 INFO tempest.lib.common.rest_client [req-b59068f9-5f8b-42aa-a8b6-74381c80c473 req-b59068f9-5f8b-42aa-a8b6-74381c80c473 ] Request (ServersTestBootFromVolume:tearDownClass): 200 PUT http://10.180.1.21:9696/networking/v2.0/routers/3f0bb745-2129-4135-974f-d7eef6868923/remove_router_interface 1.121s
2024-10-08 23:38:17.416 62491 INFO tempest.lib.common.rest_client [req-36147912-97e2-42a4-b7d5-64f46cff408e req-36147912-97e2-42a4-b7d5-64f46cff408e ] Request (MigrationsAdminTest:test_resize_server_revert_deleted_flavor): 200 GET http://10.180.1.21/compute/v2.1/servers/d52bfb49-beb0-4bfe-b3bb-45132c210065 0.378s
2024-10-08 23:38:17.417 62453 INFO tempest.lib.common.rest_client [req-a38f22d5-204a-4ac0-810d-d2822f8664ab req-a38f22d5-204a-4ac0-810d-d2822f8664ab ] Request (AttachInterfacesUnderV243Test:test_add_remove_fixed_ip): 200 GET http://10.180.1.21/compute/v2.1/servers/47409cd0-db33-4a94-b806-1799a6f7e98f 0.430s
2024-10-08 23:38:17.436 62489 INFO tempest.lib.common.rest_client [req-13499331-e842-47e8-bd83-321be539e306 req-13499331-e842-47e8-bd83-321be539e306 ] Request (FloatingIPsAssociationTestJSON:tearDownClass): 204 DELETE http://10.180.1.21:9696/networking/v2.0/routers/1794349e-26a6-4345-a2ee-3571b0f6e6c1 0.573s
2024-10-08 23:38:17.478 62493 INFO tempest.lib.common.rest_client [req-0d72408a-82ae-4f47-b54d-cbe076f56731 req-0d72408a-82ae-4f47-b54d-cbe076f56731 ] Request (ServerAddressesNegativeTestJSON:setUpClass): 200 GET http://10.180.1.21/compute/v2.1/servers/7cbaf88d-f7fb-4fbe-bca0-2e83a3341463 0.371s
2024-10-08 23:38:17.486 62445 INFO tempest.lib.common.rest_client [req-e2e2eb6b-2bd2-486d-a88f-79e1b2619c7b req-e2e2eb6b-2bd2-486d-a88f-79e1b2619c7b ] Request (ImagesTestJSON:test_create_image_from_stopped_server): 200 GET http://10.180.1.21/compute/v2.1/servers/5e264b99-8025-471a-bc6b-238f1bca054c 0.437s
2024-10-08 23:38:17.537 62435 INFO tempest.lib.common.rest_client [req-7e8447ad-efda-471a-9409-081400189cea req-7e8447ad-efda-471a-9409-081400189cea ] Request (ServerShowV254Test:test_rebuild_server): 200 GET http://10.180.1.21/compute/v2.1/servers/bcb11a72-4394-42a2-9a9f-295adc1abcd0 0.426s
2024-10-08 23:38:17.545 62480 INFO tempest.lib.common.rest_client [req-54f75812-dfcb-4b68-8d02-dc8b80aeda26 req-54f75812-dfcb-4b68-8d02-dc8b80aeda26 ] Request (ServerShowV247Test:test_update_rebuild_list_server): 200 GET http://10.180.1.21/compute/v2.1/servers/ce74983e-8347-425c-967a-6a78a7daa701 0.379s
2024-10-08 23:38:17.580 62477 INFO tempest.lib.common.rest_client [req-b6e7a726-5de0-4783-b18f-c80557a7572b req-b6e7a726-5de0-4783-b18f-c80557a7572b ] Request (SecurityGroupsTestJSON:test_list_security_groups_by_server): 200 GET http://10.180.1.21/compute/v2.1/servers/51c9e353-f2cf-41b4-b37e-1cfd5dca0518 0.385s
2024-10-08 23:38:17.600 62433 INFO tempest.lib.common.rest_client [req-5b54c198-1dc9-4125-b3b7-b7e37cc69d75 req-5b54c198-1dc9-4125-b3b7-b7e37cc69d75 ] Request (MultipleCreateTestJSON:test_multiple_create): 200 GET http://10.180.1.21/compute/v2.1/servers/0b090f00-8eb5-435f-a1ca-05fa5acdeaaf 0.274s
2024-10-08 23:38:17.666 62485 INFO tempest.lib.common.rest_client [req-79d44a67-7831-4d28-bf20-1a463bf27fe0 req-79d44a67-7831-4d28-bf20-1a463bf27fe0 ] Request (ServerDiagnosticsTest:test_get_server_diagnostics): 200 GET http://10.180.1.21/compute/v2.1/servers/571b574b-27f2-4e95-9309-fd3097fb4f64 0.280s
2024-10-08 23:38:17.749 62495 INFO tempest.lib.common.rest_client [req-4dd6ec85-ab31-48c5-b982-f4bb4ca71b9a req-4dd6ec85-ab31-48c5-b982-f4bb4ca71b9a ] Request (AttachInterfacesV270Test:test_create_get_list_interfaces): 200 GET http://10.180.1.21/compute/v2.1/servers/7cccaaf2-f17d-426d-9340-e33260235706 0.345s
2024-10-08 23:38:17.768 62463 INFO tempest.lib.common.rest_client [req-aae30ca3-02f5-4cc6-a204-207891fd84e0 req-aae30ca3-02f5-4cc6-a204-207891fd84e0 ] Request (SecurityGroupsTestAdminJSON:_run_cleanups): 202 DELETE http://10.180.1.21/compute/v2.1/os-security-groups/bc716dc9-4d0a-4d5e-81c7-ea37b4511285 0.420s
2024-10-08 23:38:17.798 62489 INFO tempest.lib.common.rest_client [req-c88391db-e80c-46ee-97bb-ad26686eeec3 req-c88391db-e80c-46ee-97bb-ad26686eeec3 ] Request (FloatingIPsAssociationTestJSON:tearDownClass): 204 DELETE http://10.180.1.21:9696/networking/v2.0/subnets/45420e2f-af12-480e-a73d-3f26560495a3 0.362s
2024-10-08 23:38:17.811 62455 INFO tempest.lib.common.rest_client [req-877200f3-3dea-4f73-9c6e-798791cd8e67 req-877200f3-3dea-4f73-9c6e-798791cd8e67 ] Request (ServerActionsTestOtherA:setUpClass): 200 GET http://10.180.1.21/compute/v2.1/servers/72514005-1023-4db6-9e51-9b0855083411 0.356s
2024-10-08 23:38:17.836 62439 INFO tempest.lib.common.rest_client [req-d6e309ed-737b-42f3-b4fb-bce16a94adf4 req-d6e309ed-737b-42f3-b4fb-bce16a94adf4 ] Request (ServerActionsTestOtherB:setUpClass): 200 GET http://10.180.1.21/compute/v2.1/servers/0a4a432d-a71a-4da7-be90-25dcec5a64c6 0.377s
2024-10-08 23:38:17.892 62449 INFO tempest.lib.common.rest_client [req-567baad6-62a7-419b-9898-a75898d79f3f req-567baad6-62a7-419b-9898-a75898d79f3f ] Request (ImagesNegativeTestJSON:test_create_image_from_deleted_server): 200 GET http://10.180.1.21/compute/v2.1/servers/186a2de8-2b9e-4c84-8502-cb0ed3b43123 0.207s
2024-10-08 23:38:17.894 62463 INFO tempest.lib.common.rest_client [req-885a3a9d-a781-41d3-b2bd-4a990bd7458f req-885a3a9d-a781-41d3-b2bd-4a990bd7458f ] Request (SecurityGroupsTestAdminJSON:tearDownClass): 204 DELETE http://10.180.1.21/identity/v3/users/19e06ee2660e4e5d92307d5138969325 0.125s
2024-10-08 23:38:17.923 62462 INFO tempest.lib.common.rest_client [req-8f76d098-1244-487c-8ff9-368b5b2d53c4 req-8f76d098-1244-487c-8ff9-368b5b2d53c4 ] Request (ServersTestMultiNic:test_verify_duplicate_network_nics): 200 GET http://10.180.1.21/compute/v2.1/servers/b0180c2b-8edf-4d15-8d12-c754b73f6030 0.165s
2024-10-08 23:38:17.952 62457 INFO tempest.lib.common.rest_client [req-c68d14e1-eec6-4f25-9a15-47727d926296 req-c68d14e1-eec6-4f25-9a15-47727d926296 ] Request (ServerDiagnosticsNegativeTest:test_get_server_diagnostics_by_non_admin): 200 GET http://10.180.1.21/compute/v2.1/servers/258ec37d-c791-4c43-8725-0f4b4bbf9b5b 0.139s
2024-10-08 23:38:17.976 62467 INFO tempest.lib.common.rest_client [req-57fc09b8-e785-4f7c-abce-196a1f51118b req-57fc09b8-e785-4f7c-abce-196a1f51118b ] Request (ServersTestFqdnHostnames:test_create_server_with_fqdn_name): 200 GET http://10.180.1.21/compute/v2.1/servers/9e573093-6434-452d-8025-4688d9f78c53 0.127s
2024-10-08 23:38:18.003 62447 INFO tempest.lib.common.rest_client [req-a8bc0712-6d20-4077-b61b-ad4b0d102a8e req-a8bc0712-6d20-4077-b61b-ad4b0d102a8e ] Request (ListServerFiltersTestJSON:setUpClass): 200 GET http://10.180.1.21/compute/v2.1/servers/48fe8f43-4ab9-41de-9b81-35b4438585ea 0.137s
2024-10-08 23:38:18.028 62463 INFO tempest.lib.common.rest_client [req-79256bad-cb25-4743-adc0-260bb47237d7 req-79256bad-cb25-4743-adc0-260bb47237d7 ] Request (SecurityGroupsTestAdminJSON:tearDownClass): 204 DELETE http://10.180.1.21/identity/v3/users/9af5b492deb04489be9e885852416eee 0.133s
2024-10-08 23:38:18.028 62463 INFO tempest.lib.common.dynamic_creds [-] Deleting project and security group for project: bb29db5543dd433abbe3ac669d22a897
2024-10-08 23:38:18.038 62459 INFO tempest.lib.common.rest_client [req-a4594081-29a1-460f-a97b-78d90aec3d52 req-a4594081-29a1-460f-a97b-78d90aec3d52 ] Request (ServerActionsV293TestJSON:setUpClass): 200 GET http://10.180.1.21/compute/v2.1/servers/69604167-6a61-4723-bf7d-7ba168837839 0.123s
2024-10-08 23:38:18.076 62473 INFO tempest.lib.common.rest_client [req-b0fc772e-a610-44a6-870a-75aad7ec35c6 req-b0fc772e-a610-44a6-870a-75aad7ec35c6 ] Request (ServersTestBootFromVolume:tearDownClass): 204 DELETE http://10.180.1.21:9696/networking/v2.0/routers/3f0bb745-2129-4135-974f-d7eef6868923 0.699s
2024-10-08 23:38:18.089 62443 INFO tempest.lib.common.rest_client [req-5a8d3ebd-c2be-419f-a023-fe5e78f02907 req-5a8d3ebd-c2be-419f-a023-fe5e78f02907 ] Request (ImagesOneServerTestJSON:setUpClass): 200 GET http://10.180.1.21/compute/v2.1/servers/25e4a40e-c5a6-47f5-9e53-00d3073252fc 0.124s
2024-10-08 23:38:18.096 62443 INFO tempest.common.waiters [-] State transition "BUILD/None" ==> "BUILD/networking" after 85 second wait
2024-10-08 23:38:18.099 62469 INFO tempest.lib.common.rest_client [req-dd959650-9bd0-4cdc-a7ea-7a69e6c6c1f9 req-dd959650-9bd0-4cdc-a7ea-7a69e6c6c1f9 ] Request (ServerDiskConfigTestJSON:test_rebuild_server_with_auto_disk_config): 200 GET http://10.180.1.21/compute/v2.1/servers/63ed8992-0e8f-41ca-8b28-c0b2538ff61c 0.083s
2024-10-08 23:38:18.105 62463 INFO tempest.lib.common.rest_client [req-f6cb1b7e-c7e0-4f14-bd68-c867970a3753 req-f6cb1b7e-c7e0-4f14-bd68-c867970a3753 ] Request (SecurityGroupsTestAdminJSON:tearDownClass): 201 POST http://10.180.1.21/identity/v3/auth/tokens 0.077s
2024-10-08 23:38:18.145 62451 INFO tempest.lib.common.rest_client [req-437b9ba2-6ace-48e8-8683-e98230bc0980 req-437b9ba2-6ace-48e8-8683-e98230bc0980 ] Request (InstanceActionsNegativeTestJSON:setUpClass): 200 GET http://10.180.1.21/compute/v2.1/servers/12656a79-a836-452c-8f94-c8e142c9ec2f 0.080s
2024-10-08 23:38:18.184 62489 INFO tempest.lib.common.rest_client [req-f986f4ea-940d-4dcd-9f7c-90851919c7c5 req-f986f4ea-940d-4dcd-9f7c-90851919c7c5 ] Request (FloatingIPsAssociationTestJSON:tearDownClass): 204 DELETE http://10.180.1.21:9696/networking/v2.0/networks/9be79c6c-b340-44fa-8790-9c87ff82b60a 0.385s
2024-10-08 23:38:18.190 62465 INFO tempest.lib.common.rest_client [req-990153d8-e081-45c8-b2ad-4142da9c0504 req-990153d8-e081-45c8-b2ad-4142da9c0504 ] Request (VolumesAdminNegativeTest:test_update_attached_volume_with_nonexistent_volume_in_body): 200 GET http://10.180.1.21/compute/v2.1/servers/f5a11b74-e1fe-44c0-bccb-5817bc582608 0.061s
2024-10-08 23:38:18.237 62473 INFO tempest.lib.common.rest_client [req-11c7e1e5-ee32-45e4-ae28-f11895a82896 req-11c7e1e5-ee32-45e4-ae28-f11895a82896 ] Request (ServersTestBootFromVolume:tearDownClass): 204 DELETE http://10.180.1.21:9696/networking/v2.0/subnets/64fb78ab-6441-4b15-a6e7-03a25f666355 0.161s
2024-10-08 23:38:18.249 62481 INFO tempest.lib.common.rest_client [req-b1a775e1-aee2-4e96-87fe-ecfb43188d61 req-b1a775e1-aee2-4e96-87fe-ecfb43188d61 ] Request (AttachInterfacesTestJSON:test_create_list_show_delete_interfaces_by_network_port): 200 GET http://10.180.1.21/compute/v2.1/servers/a71fd192-f3b6-4f0f-900d-887d15f44d7a 0.070s
2024-10-08 23:38:18.284 62489 INFO tempest.lib.common.rest_client [req-34e425a0-c0c0-43df-801d-1a5f44622ade req-34e425a0-c0c0-43df-801d-1a5f44622ade ] Request (FloatingIPsAssociationTestJSON:tearDownClass): 204 DELETE http://10.180.1.21/identity/v3/users/23f958211786441996120f6ed158d4b2 0.099s
2024-10-08 23:38:18.284 62489 INFO tempest.lib.common.dynamic_creds [-] Deleting project and security group for project: 9836cd3c64204980a8347e3fec159901
2024-10-08 23:38:18.300 62463 INFO tempest.lib.common.rest_client [req-de18aa50-d943-4d53-a54c-6eee8b39d606 req-de18aa50-d943-4d53-a54c-6eee8b39d606 ] Request (SecurityGroupsTestAdminJSON:tearDownClass): 200 GET http://10.180.1.21:9696/networking/v2.0/security-groups?tenant_id=bb29db5543dd433abbe3ac669d22a897&name=default 0.194s
2024-10-08 23:38:18.309 62441 INFO tempest.lib.common.rest_client [req-a1ae1e5d-2f23-481d-a2fb-5a2b63f321ee req-a1ae1e5d-2f23-481d-a2fb-5a2b63f321ee ] Request (ServerMetadataNegativeTestJSON:setUpClass): 200 GET http://10.180.1.21/compute/v2.1/servers/19326d9f-5f3a-4756-874f-d4d3ce25f8e8 0.068s
2024-10-08 23:38:18.357 62471 INFO tempest.lib.common.rest_client [req-65834e6a-bee3-45df-a5b4-bae5a2d7eb77 req-65834e6a-bee3-45df-a5b4-bae5a2d7eb77 ] Request (ServerTagsTestJSON:setUpClass): 200 GET http://10.180.1.21/compute/v2.1/servers/0ab619ea-755b-4d71-9c12-0eeda0b42a39 0.061s
2024-10-08 23:38:18.374 62489 INFO tempest.lib.common.rest_client [req-6069ac40-0bdb-4387-9c0c-3f1ca120e2a5 req-6069ac40-0bdb-4387-9c0c-3f1ca120e2a5 ] Request (FloatingIPsAssociationTestJSON:tearDownClass): 200 GET http://10.180.1.21:9696/networking/v2.0/security-groups?tenant_id=9836cd3c64204980a8347e3fec159901&name=default 0.090s
2024-10-08 23:38:18.418 62487 INFO tempest.lib.common.rest_client [req-cb70ed3d-102f-4e12-8584-b12796cfaa35 req-cb70ed3d-102f-4e12-8584-b12796cfaa35 ] Request (ServersTestJSON:setUpClass): 200 GET http://10.180.1.21/compute/v2.1/servers/39d5f95c-7c98-4263-a46e-948d2e3d31ce 0.061s
2024-10-08 23:38:18.476 62463 INFO tempest.lib.common.rest_client [req-54b3c01d-9a2d-4c7a-8f93-a6ad4c80d410 req-54b3c01d-9a2d-4c7a-8f93-a6ad4c80d410 ] Request (SecurityGroupsTestAdminJSON:tearDownClass): 204 DELETE http://10.180.1.21:9696/networking/v2.0/security-groups/c9b7bf9a-7a0d-47f3-a31d-7ec4b72db2b0 0.175s
2024-10-08 23:38:18.494 62491 INFO tempest.lib.common.rest_client [req-607981f5-083d-4dd8-974c-4c7ea800640f req-607981f5-083d-4dd8-974c-4c7ea800640f ] Request (MigrationsAdminTest:test_resize_server_revert_deleted_flavor): 200 GET http://10.180.1.21/compute/v2.1/servers/d52bfb49-beb0-4bfe-b3bb-45132c210065 0.070s
2024-10-08 23:38:18.505 62453 INFO tempest.lib.common.rest_client [req-4c36dff0-253b-48ec-8381-d5166f4f72ed req-4c36dff0-253b-48ec-8381-d5166f4f72ed ] Request (AttachInterfacesUnderV243Test:test_add_remove_fixed_ip): 200 GET http://10.180.1.21/compute/v2.1/servers/47409cd0-db33-4a94-b806-1799a6f7e98f 0.076s
2024-10-08 23:38:18.552 62493 INFO tempest.lib.common.rest_client [req-23ba526d-1543-4153-8305-20223eec0bc4 req-23ba526d-1543-4153-8305-20223eec0bc4 ] Request (ServerAddressesNegativeTestJSON:setUpClass): 200 GET http://10.180.1.21/compute/v2.1/servers/7cbaf88d-f7fb-4fbe-bca0-2e83a3341463 0.065s
2024-10-08 23:38:18.570 62473 INFO tempest.lib.common.rest_client [req-02fe715b-1a80-4880-b8e6-274c99808be2 req-02fe715b-1a80-4880-b8e6-274c99808be2 ] Request (ServersTestBootFromVolume:tearDownClass): 204 DELETE http://10.180.1.21:9696/networking/v2.0/networks/65736edd-3368-4230-aff7-3a3af811dab3 0.332s
2024-10-08 23:38:18.578 62445 INFO tempest.lib.common.rest_client [req-96274496-ad72-4e8a-9478-3d2fba8a571d req-96274496-ad72-4e8a-9478-3d2fba8a571d ] Request (ImagesTestJSON:test_create_image_from_stopped_server): 200 GET http://10.180.1.21/compute/v2.1/servers/5e264b99-8025-471a-bc6b-238f1bca054c 0.080s
2024-10-08 23:38:18.578 62489 INFO tempest.lib.common.rest_client [req-cc7840b9-12b7-4355-a162-266828ee6a8d req-cc7840b9-12b7-4355-a162-266828ee6a8d ] Request (FloatingIPsAssociationTestJSON:tearDownClass): 204 DELETE http://10.180.1.21:9696/networking/v2.0/security-groups/3b19d8ed-a107-47fa-9391-7eb03f088e9f 0.203s
2024-10-08 23:38:18.591 62463 INFO tempest.lib.common.rest_client [req-eb684144-d61f-4e24-8e13-d62ceff284e1 req-eb684144-d61f-4e24-8e13-d62ceff284e1 ] Request (SecurityGroupsTestAdminJSON:tearDownClass): 204 DELETE http://10.180.1.21/identity/v3/projects/bb29db5543dd433abbe3ac669d22a897 0.114s
2024-10-08 23:38:18.591 62463 INFO tempest.lib.common.dynamic_creds [-] Deleting project and security group for project: 6643c1375fd04757a831f5a3b208b1f9
2024-10-08 23:38:18.613 62435 INFO tempest.lib.common.rest_client [req-912c8a58-f857-487e-a037-7bcccb64a3db req-912c8a58-f857-487e-a037-7bcccb64a3db ] Request (ServerShowV254Test:test_rebuild_server): 200 GET http://10.180.1.21/compute/v2.1/servers/bcb11a72-4394-42a2-9a9f-295adc1abcd0 0.066s
2024-10-08 23:38:18.634 62463 INFO tempest.lib.common.rest_client [req-3048ef20-1e6e-4689-8008-cc51c300a6ce req-3048ef20-1e6e-4689-8008-cc51c300a6ce ] Request (SecurityGroupsTestAdminJSON:tearDownClass): 200 GET http://10.180.1.21:9696/networking/v2.0/security-groups?tenant_id=6643c1375fd04757a831f5a3b208b1f9&name=default 0.042s
2024-10-08 23:38:18.634 62480 INFO tempest.lib.common.rest_client [req-54b7165c-7fa8-40c4-80ee-56e5c11ce225 req-54b7165c-7fa8-40c4-80ee-56e5c11ce225 ] Request (ServerShowV247Test:test_update_rebuild_list_server): 200 GET http://10.180.1.21/compute/v2.1/servers/ce74983e-8347-425c-967a-6a78a7daa701 0.080s
2024-10-08 23:38:18.683 62477 INFO tempest.lib.common.rest_client [req-ca45855a-48df-434d-836a-cd03c37be074 req-ca45855a-48df-434d-836a-cd03c37be074 ] Request (SecurityGroupsTestJSON:test_list_security_groups_by_server): 200 GET http://10.180.1.21/compute/v2.1/servers/51c9e353-f2cf-41b4-b37e-1cfd5dca0518 0.092s
2024-10-08 23:38:18.689 62473 INFO tempest.lib.common.rest_client [req-f2bb6c06-a7da-448e-a051-8802d291afdd req-f2bb6c06-a7da-448e-a051-8802d291afdd ] Request (ServersTestBootFromVolume:tearDownClass): 204 DELETE http://10.180.1.21/identity/v3/users/53218d968e3740239272e554f5c287ed 0.119s
2024-10-08 23:38:18.690 62433 INFO tempest.lib.common.rest_client [req-677d94f1-6040-42ed-b89e-5bbcf5302afe req-677d94f1-6040-42ed-b89e-5bbcf5302afe ] Request (MultipleCreateTestJSON:test_multiple_create): 200 GET http://10.180.1.21/compute/v2.1/servers/0b090f00-8eb5-435f-a1ca-05fa5acdeaaf 0.083s
2024-10-08 23:38:18.691 62473 INFO tempest.lib.common.dynamic_creds [-] Deleting project and security group for project: 45a701446fa944a7968ca5c6e28e8205
2024-10-08 23:38:18.708 62489 INFO tempest.lib.common.rest_client [req-8cbc3cbb-82ae-413f-9b5e-71fecebd35d7 req-8cbc3cbb-82ae-413f-9b5e-71fecebd35d7 ] Request (FloatingIPsAssociationTestJSON:tearDownClass): 204 DELETE http://10.180.1.21/identity/v3/projects/9836cd3c64204980a8347e3fec159901 0.127s
