2024-10-08 23:36:17.605 62473 INFO tempest.lib.common.fixed_network [-] (ServersTestBootFromVolume:setUpClass) Found network {'id': '65736edd-3368-4230-aff7-3a3af811dab3', 'name': 'tempest-ServersTestBootFromVolume-430978852-network', 'tenant_id': '45a701446fa944a7968ca5c6e28e8205', 'admin_state_up': True, 'mtu': 8950, 'status': 'ACTIVE', 'subnets': [], 'shared': False, 'project_id': '45a701446fa944a7968ca5c6e28e8205', 'port_security_enabled': True, 'router:external': False, 'provider:network_type': 'vlan', 'provider:physical_network': 'default', 'provider:segmentation_id': 16, 'is_default': False, 'availability_zone_hints': [], 'availability_zones': [], 'ipv4_address_scope': None, 'ipv6_address_scope': None, 'description': '', 'tags': [], 'created_at': '2024-10-08T23:36:06Z', 'updated_at': '2024-10-08T23:36:06Z', 'revision_number': 1} available for tenant
2024-10-08 23:36:17.606 62443 INFO tempest.lib.common.rest_client [req-1acbb713-c372-492d-9bbc-380ce4151d67 req-1acbb713-c372-492d-9bbc-380ce4151d67 ] Request (QuotasAdminNegativeTest:setUpClass): 201 POST http://10.180.1.21/identity/v3/users 0.072s
2024-10-08 23:36:17.627 62493 INFO tempest.lib.common.rest_client [req-e880b50e-1813-4ca5-8725-055bbb5a66d8 req-e880b50e-1813-4ca5-8725-055bbb5a66d8 ] Request (FlavorsAccessNegativeTestJSON:setUpClass): 201 POST http://10.180.1.21/identity/v3/users 0.076s
2024-10-08 23:36:17.633 62443 INFO tempest.lib.common.rest_client [req-2121da50-65fb-40da-bc12-739c2314d120 req-2121da50-65fb-40da-bc12-739c2314d120 ] Request (QuotasAdminNegativeTest:setUpClass): 200 GET http://10.180.1.21/identity/v3/roles 0.025s
2024-10-08 23:36:17.646 62493 INFO tempest.lib.common.rest_client [req-b2c2cb8e-34a7-4a62-a2d5-9106d9f47e20 req-b2c2cb8e-34a7-4a62-a2d5-9106d9f47e20 ] Request (FlavorsAccessNegativeTestJSON:setUpClass): 200 GET http://10.180.1.21/identity/v3/roles 0.018s
2024-10-08 23:36:17.668 62443 INFO tempest.lib.common.rest_client [req-db806a7a-0206-40aa-8e50-261f302cf3dd req-db806a7a-0206-40aa-8e50-261f302cf3dd ] Request (QuotasAdminNegativeTest:setUpClass): 204 PUT http://10.180.1.21/identity/v3/projects/6e345b18a07b47429f1ca90142ac518b/users/101cc805d865493b90c87ee6b0c013b6/roles/6994445279344e22bcc307a53ed937fa 0.034s
2024-10-08 23:36:17.734 62459 INFO tempest.lib.common.rest_client [req-e45da4d7-c81a-43fa-84bc-3fd077e0094b req-e45da4d7-c81a-43fa-84bc-3fd077e0094b ] Request (HypervisorAdminUnderV252Test:tearDownClass): 204 DELETE http://10.180.1.21:9696/networking/v2.0/security-groups/b8d044fe-348a-4adc-b908-f22348056f1f 0.270s
2024-10-08 23:36:17.740 62443 INFO tempest.lib.common.rest_client [req-5f386b2a-4227-4bc7-b5c7-f3ed94140051 req-5f386b2a-4227-4bc7-b5c7-f3ed94140051 ] Request (QuotasAdminNegativeTest:setUpClass): 200 GET http://10.180.1.21/identity/v3/roles 0.072s
2024-10-08 23:36:17.750 62493 INFO tempest.lib.common.rest_client [req-b209d185-6909-470a-a319-841bc1502255 req-b209d185-6909-470a-a319-841bc1502255 ] Request (FlavorsAccessNegativeTestJSON:setUpClass): 204 PUT http://10.180.1.21/identity/v3/projects/7b9b6927c18d4746b49cceea24a6fa38/users/7f96da2623874d4993503d851744f5a4/roles/6994445279344e22bcc307a53ed937fa 0.103s
2024-10-08 23:36:17.760 62463 INFO tempest.lib.common.rest_client [req-cb6c912b-e016-412c-acaf-20b34078a212 req-cb6c912b-e016-412c-acaf-20b34078a212 ] Request (ServersWithSpecificFlavorTestJSON:setUpClass): 201 POST http://10.180.1.21:9696/networking/v2.0/subnets 0.500s
2024-10-08 23:36:17.838 62459 INFO tempest.lib.common.rest_client [req-1cf2f907-bfdc-4458-945d-c056ca0b8800 req-1cf2f907-bfdc-4458-945d-c056ca0b8800 ] Request (HypervisorAdminUnderV252Test:tearDownClass): 204 DELETE http://10.180.1.21/identity/v3/projects/ff4a65558b4b4bafbd67e7675c03b03d 0.103s
2024-10-08 23:36:17.839 62459 INFO tempest.lib.common.dynamic_creds [-] Deleting project and security group for project: 6b395b2e9cb64406a8c597735a918d69
2024-10-08 23:36:17.879 62443 INFO tempest.lib.common.rest_client [req-dd3d2aa8-9e67-441d-8ecc-c944da7cc450 req-dd3d2aa8-9e67-441d-8ecc-c944da7cc450 ] Request (QuotasAdminNegativeTest:setUpClass): 204 PUT http://10.180.1.21/identity/v3/projects/6e345b18a07b47429f1ca90142ac518b/users/101cc805d865493b90c87ee6b0c013b6/roles/6994445279344e22bcc307a53ed937fa 0.138s
2024-10-08 23:36:17.880 62443 INFO tempest.lib.common.dynamic_creds [-] Dynamic test user 101cc805d865493b90c87ee6b0c013b6 is created with scope project and roles: ['admin']
2024-10-08 23:36:17.880 62443 INFO tempest.lib.common.dynamic_creds [-] Acquired dynamic creds: credentials: Credentials: {'domain_id': 'default', 'domain_name': 'Default', 'username': 'tempest-QuotasAdminNegativeTest-708779525-project-admin', 'project_domain_id': 'default', 'project_domain_name': 'Default', 'project_id': '6e345b18a07b47429f1ca90142ac518b', 'project_name': 'tempest-QuotasAdminNegativeTest-708779525', 'tenant_id': '6e345b18a07b47429f1ca90142ac518b', 'tenant_name': 'tempest-QuotasAdminNegativeTest-708779525', 'user_domain_id': 'default', 'user_domain_name': 'Default', 'user_id': '101cc805d865493b90c87ee6b0c013b6', 'system': None}, Network: None, Subnet: None, Router: None
2024-10-08 23:36:17.880 62443 INFO tempest.lib.common.dynamic_creds [-] Created isolated network resources for: credentials: Credentials: {'domain_id': 'default', 'domain_name': 'Default', 'username': 'tempest-QuotasAdminNegativeTest-708779525-project-admin', 'project_domain_id': 'default', 'project_domain_name': 'Default', 'project_id': '6e345b18a07b47429f1ca90142ac518b', 'project_name': 'tempest-QuotasAdminNegativeTest-708779525', 'tenant_id': '6e345b18a07b47429f1ca90142ac518b', 'tenant_name': 'tempest-QuotasAdminNegativeTest-708779525', 'user_domain_id': 'default', 'user_domain_name': 'Default', 'user_id': '101cc805d865493b90c87ee6b0c013b6', 'system': None}, Network: None, Subnet: None, Router: None
2024-10-08 23:36:17.921 62493 INFO tempest.lib.common.rest_client [req-c5e5d19b-5f11-41b5-8776-10b6b4f9be96 req-c5e5d19b-5f11-41b5-8776-10b6b4f9be96 ] Request (FlavorsAccessNegativeTestJSON:setUpClass): 200 GET http://10.180.1.21/identity/v3/roles 0.170s
2024-10-08 23:36:17.940 62493 INFO tempest.lib.common.rest_client [req-62a5b214-f41e-41a9-81b4-5c22e92f10d0 req-62a5b214-f41e-41a9-81b4-5c22e92f10d0 ] Request (FlavorsAccessNegativeTestJSON:setUpClass): 204 PUT http://10.180.1.21/identity/v3/projects/7b9b6927c18d4746b49cceea24a6fa38/users/7f96da2623874d4993503d851744f5a4/roles/6994445279344e22bcc307a53ed937fa 0.019s
2024-10-08 23:36:17.940 62493 INFO tempest.lib.common.dynamic_creds [-] Dynamic test user 7f96da2623874d4993503d851744f5a4 is created with scope project and roles: ['admin']
2024-10-08 23:36:17.940 62493 INFO tempest.lib.common.dynamic_creds [-] Acquired dynamic creds: credentials: Credentials: {'domain_id': 'default', 'domain_name': 'Default', 'username': 'tempest-FlavorsAccessNegativeTestJSON-1860886733-project-admin', 'project_domain_id': 'default', 'project_domain_name': 'Default', 'project_id': '7b9b6927c18d4746b49cceea24a6fa38', 'project_name': 'tempest-FlavorsAccessNegativeTestJSON-1860886733', 'tenant_id': '7b9b6927c18d4746b49cceea24a6fa38', 'tenant_name': 'tempest-FlavorsAccessNegativeTestJSON-1860886733', 'user_domain_id': 'default', 'user_domain_name': 'Default', 'user_id': '7f96da2623874d4993503d851744f5a4', 'system': None}, Network: None, Subnet: None, Router: None
2024-10-08 23:36:17.941 62493 INFO tempest.lib.common.dynamic_creds [-] Created isolated network resources for: credentials: Credentials: {'domain_id': 'default', 'domain_name': 'Default', 'username': 'tempest-FlavorsAccessNegativeTestJSON-1860886733-project-admin', 'project_domain_id': 'default', 'project_domain_name': 'Default', 'project_id': '7b9b6927c18d4746b49cceea24a6fa38', 'project_name': 'tempest-FlavorsAccessNegativeTestJSON-1860886733', 'tenant_id': '7b9b6927c18d4746b49cceea24a6fa38', 'tenant_name': 'tempest-FlavorsAccessNegativeTestJSON-1860886733', 'user_domain_id': 'default', 'user_domain_name': 'Default', 'user_id': '7f96da2623874d4993503d851744f5a4', 'system': None}, Network: None, Subnet: None, Router: None
2024-10-08 23:36:17.954 62443 INFO tempest.lib.common.rest_client [req-845d5fc0-5c29-4f14-8956-764014269ee7 req-845d5fc0-5c29-4f14-8956-764014269ee7 ] Request (QuotasAdminNegativeTest:setUpClass): 201 POST http://10.180.1.21/identity/v3/auth/tokens 0.070s
2024-10-08 23:36:17.955 62443 WARNING tempest.lib.common.rest_client [-] Deprecated: "tenant_id" property is deprecated for removal, use "project_id" instead
2024-10-08 23:36:17.975 62483 INFO tempest.lib.common.rest_client [req-4e0b8e56-8474-4901-96e9-3629febb1389 req-4e0b8e56-8474-4901-96e9-3629febb1389 ] Request (FloatingIPDetailsTestJSON:setUpClass): 200 POST http://10.180.1.21/compute/v2.1/os-floating-ips 5.005s
2024-10-08 23:36:18.001 62481 INFO tempest.lib.common.rest_client [req-7ba28156-1677-4948-a9ae-73893f6497e4 req-7ba28156-1677-4948-a9ae-73893f6497e4 ] Request (FlavorsV261TestJSON:test_crud_flavor): 200 GET http://10.180.1.21/compute/v2.1/flavors/detail 3.396s
2024-10-08 23:36:18.012 62475 INFO tempest.lib.common.rest_client [req-7ff381e1-fc92-4853-99f5-1bc7a7add8c0 req-7ff381e1-fc92-4853-99f5-1bc7a7add8c0 ] Request (HostsAdminNegativeTestJSON:test_show_host_detail_with_nonexistent_hostname): 404 GET http://10.180.1.21/compute/v2.1/os-hosts/nonexistent_hostname 3.402s
2024-10-08 23:36:18.016 62493 INFO tempest.lib.common.rest_client [req-137cce8f-9b96-482c-8e65-bb53b74f9b8b req-137cce8f-9b96-482c-8e65-bb53b74f9b8b ] Request (FlavorsAccessNegativeTestJSON:setUpClass): 201 POST http://10.180.1.21/identity/v3/auth/tokens 0.072s
2024-10-08 23:36:18.027 62451 INFO tempest.lib.common.rest_client [req-859c2259-1cfc-45fc-9bb8-7be7f2f734ca req-859c2259-1cfc-45fc-9bb8-7be7f2f734ca ] Request (FlavorMetadataValidation:_run_cleanups): 200 GET http://10.180.1.21/compute/v2.1/flavors/detail 3.389s
2024-10-08 23:36:18.047 62495 INFO tempest.lib.common.rest_client [req-ad6ed403-3a77-479a-9d4d-5d8485cafc10 req-ad6ed403-3a77-479a-9d4d-5d8485cafc10 ] Request (ServersAdminNegativeTestJSON:setUpClass): 202 POST http://10.180.1.21/compute/v2.1/servers 3.493s
2024-10-08 23:36:18.085 62471 INFO tempest.lib.common.rest_client [req-f1e72f9e-3229-48bf-b673-a22833ad34be req-f1e72f9e-3229-48bf-b673-a22833ad34be ] Request (AggregatesAdminNegativeTestJSON:test_aggregate_add_existent_host): 409 POST http://10.180.1.21/compute/v2.1/os-aggregates/1/action 3.059s
2024-10-08 23:36:18.106 62493 INFO tempest.lib.common.rest_client [req-725d2e89-21e0-4299-af9c-7119e6d62233 req-725d2e89-21e0-4299-af9c-7119e6d62233 ] Request (FlavorsAccessNegativeTestJSON:setUpClass): 201 POST http://10.180.1.21/identity/v3/projects 0.089s
2024-10-08 23:36:18.125 62459 INFO tempest.lib.common.rest_client [req-db1c76ad-2f59-40d4-a505-3b590b456cb9 req-db1c76ad-2f59-40d4-a505-3b590b456cb9 ] Request (HypervisorAdminUnderV252Test:tearDownClass): 200 GET http://10.180.1.21:9696/networking/v2.0/security-groups?tenant_id=6b395b2e9cb64406a8c597735a918d69&name=default 0.286s
2024-10-08 23:36:18.145 62480 INFO tempest.lib.common.rest_client [req-7efa1aa0-6a02-402a-8c23-1cdfd463a15e req-7efa1aa0-6a02-402a-8c23-1cdfd463a15e ] Request (ServerRescueTestJSONUnderV235:setUpClass): 200 GET http://10.180.1.21/compute/v2.1/servers/fdb9ae1a-a561-475c-9e13-803765c21582 2.957s
2024-10-08 23:36:18.180 62493 INFO tempest.lib.common.rest_client [req-5c579e20-94ce-45a5-bcce-ae7573dfc554 req-5c579e20-94ce-45a5-bcce-ae7573dfc554 ] Request (FlavorsAccessNegativeTestJSON:setUpClass): 201 POST http://10.180.1.21/identity/v3/users 0.073s
2024-10-08 23:36:18.217 62451 INFO tempest.lib.common.rest_client [req-ad38dbfa-5209-406a-a599-f5f1657688e6 req-ad38dbfa-5209-406a-a599-f5f1657688e6 ] Request (FlavorMetadataValidation:tearDownClass): 204 DELETE http://10.180.1.21/identity/v3/users/1cfe976e6dcd4f528f689b51981809a4 0.120s
2024-10-08 23:36:18.275 62487 INFO tempest.lib.common.rest_client [req-d2656035-d3fb-4260-a7e4-d1217fecaa9d req-d2656035-d3fb-4260-a7e4-d1217fecaa9d ] Request (ImagesMetadataTestJSON:test_delete_image_metadata_item): 204 DELETE http://10.180.1.21/compute/v2.1/images/3018e7b7-cd70-4328-a003-278bd927c2ac/metadata/os_version 2.718s
2024-10-08 23:36:18.282 62493 INFO tempest.lib.common.rest_client [req-03bbae40-d4cf-4341-ace3-fb25329c50bf req-03bbae40-d4cf-4341-ace3-fb25329c50bf ] Request (FlavorsAccessNegativeTestJSON:setUpClass): 200 GET http://10.180.1.21/identity/v3/roles 0.102s
2024-10-08 23:36:18.339 62493 INFO tempest.lib.common.rest_client [req-4f8ff941-9d36-48f9-b917-e40d7d85e887 req-4f8ff941-9d36-48f9-b917-e40d7d85e887 ] Request (FlavorsAccessNegativeTestJSON:setUpClass): 204 PUT http://10.180.1.21/identity/v3/projects/996720da8eb04027b160ceaa5675bcd2/users/81f7a7cd16744d84bd61895c9fe5e232/roles/54d0a4310c29440494b9ad45ea3e4514 0.056s
2024-10-08 23:36:18.339 62493 INFO tempest.lib.common.dynamic_creds [-] Dynamic test user 81f7a7cd16744d84bd61895c9fe5e232 is created with scope project and roles: ['member']
2024-10-08 23:36:18.339 62493 INFO tempest.lib.common.dynamic_creds [-] Acquired dynamic creds: credentials: Credentials: {'domain_id': 'default', 'domain_name': 'Default', 'username': 'tempest-FlavorsAccessNegativeTestJSON-2032898044-project-member', 'project_domain_id': 'default', 'project_domain_name': 'Default', 'project_id': '996720da8eb04027b160ceaa5675bcd2', 'project_name': 'tempest-FlavorsAccessNegativeTestJSON-2032898044', 'tenant_id': '996720da8eb04027b160ceaa5675bcd2', 'tenant_name': 'tempest-FlavorsAccessNegativeTestJSON-2032898044', 'user_domain_id': 'default', 'user_domain_name': 'Default', 'user_id': '81f7a7cd16744d84bd61895c9fe5e232', 'system': None}, Network: None, Subnet: None, Router: None
2024-10-08 23:36:18.339 62493 INFO tempest.lib.common.dynamic_creds [-] Created isolated network resources for: credentials: Credentials: {'domain_id': 'default', 'domain_name': 'Default', 'username': 'tempest-FlavorsAccessNegativeTestJSON-2032898044-project-member', 'project_domain_id': 'default', 'project_domain_name': 'Default', 'project_id': '996720da8eb04027b160ceaa5675bcd2', 'project_name': 'tempest-FlavorsAccessNegativeTestJSON-2032898044', 'tenant_id': '996720da8eb04027b160ceaa5675bcd2', 'tenant_name': 'tempest-FlavorsAccessNegativeTestJSON-2032898044', 'user_domain_id': 'default', 'user_domain_name': 'Default', 'user_id': '81f7a7cd16744d84bd61895c9fe5e232', 'system': None}, Network: None, Subnet: None, Router: None
2024-10-08 23:36:18.345 62473 INFO tempest.lib.common.rest_client [req-930cfbe1-82eb-4adb-90c2-332cd9b673f9 req-930cfbe1-82eb-4adb-90c2-332cd9b673f9 ] Request (ServersTestBootFromVolume:setUpClass): 202 POST http://10.180.1.21/volume/v3/45a701446fa944a7968ca5c6e28e8205/volumes 0.739s
2024-10-08 23:36:18.376 62451 INFO tempest.lib.common.rest_client [req-8c76657b-9143-4142-8689-3793ae1eb1dc req-8c76657b-9143-4142-8689-3793ae1eb1dc ] Request (FlavorMetadataValidation:tearDownClass): 204 DELETE http://10.180.1.21/identity/v3/users/0643cd3f5e3e4a8cab0bcad0cfa83c0f 0.158s
2024-10-08 23:36:18.376 62451 INFO tempest.lib.common.dynamic_creds [-] Deleting project and security group for project: 19cf835b48b6405e8457f4b1e8dc5feb
2024-10-08 23:36:18.415 62473 INFO tempest.lib.common.rest_client [req-de0db12a-6cd0-4701-a740-dcce59a55bce req-de0db12a-6cd0-4701-a740-dcce59a55bce ] Request (ServersTestBootFromVolume:setUpClass): 200 GET http://10.180.1.21/volume/v3/45a701446fa944a7968ca5c6e28e8205/volumes/f6a6bf7a-5697-4f65-bead-76ae912af185 0.064s
2024-10-08 23:36:18.453 62493 INFO tempest.lib.common.rest_client [req-17bad2d6-7e06-4114-b5c3-0f9876f39701 req-17bad2d6-7e06-4114-b5c3-0f9876f39701 ] Request (FlavorsAccessNegativeTestJSON:setUpClass): 201 POST http://10.180.1.21/identity/v3/auth/tokens 0.111s
2024-10-08 23:36:18.454 62493 WARNING tempest.lib.common.rest_client [-] Deprecated: "tenant_id" property is deprecated for removal, use "project_id" instead
2024-10-08 23:36:18.490 62459 INFO tempest.lib.common.rest_client [req-5200fc2c-4df8-4de2-9cc8-ddf3ac847726 req-5200fc2c-4df8-4de2-9cc8-ddf3ac847726 ] Request (HypervisorAdminUnderV252Test:tearDownClass): 204 DELETE http://10.180.1.21:9696/networking/v2.0/security-groups/8e168451-eff1-4b3a-ac01-a65949b3cbe0 0.364s
2024-10-08 23:36:18.508 62462 INFO tempest.lib.common.rest_client [req-abea28af-f36a-4296-886f-bbe2b5c5ee17 req-abea28af-f36a-4296-886f-bbe2b5c5ee17 ] Request (QuotasAdminTestV236:test_get_updated_quotas): 200 GET http://10.180.1.21/compute/v2.1/os-quota-sets/79f496ba26044cc9906d417f4401f6ad?user_id=e51747ca981646e1a5ec44602abba9cf 1.943s
2024-10-08 23:36:18.531 62485 INFO tempest.lib.common.rest_client [req-6ad8f2be-5ef1-4321-b4be-d4e513524337 req-6ad8f2be-5ef1-4321-b4be-d4e513524337 ] Request (FlavorsV255TestJSON:test_crud_flavor): 200 GET http://10.180.1.21/compute/v2.1/flavors/detail 1.846s
2024-10-08 23:36:18.543 62451 INFO tempest.lib.common.rest_client [req-f1652fbf-a958-4f49-a11e-c972897b0cc1 req-f1652fbf-a958-4f49-a11e-c972897b0cc1 ] Request (FlavorMetadataValidation:tearDownClass): 201 POST http://10.180.1.21/identity/v3/auth/tokens 0.167s
2024-10-08 23:36:18.588 62465 INFO tempest.lib.common.rest_client [req-7e84f881-99a3-4dd5-a1a0-898527cc5963 req-7e84f881-99a3-4dd5-a1a0-898527cc5963 ] Request (FlavorsAccessTestJSON:test_flavor_access_add_remove): 200 POST http://10.180.1.21/compute/v2.1/flavors/236347424/action 1.934s
2024-10-08 23:36:18.599 62447 INFO tempest.lib.common.rest_client [req-324a0411-1d05-425c-a4bb-1122e44949f9 req-324a0411-1d05-425c-a4bb-1122e44949f9 ] Request (InstanceUsageAuditLogNegativeTestJSON:test_instance_usage_audit_logs_with_nonadmin_user): 403 GET http://10.180.1.21/compute/v2.1/os-instance_usage_audit_log/2024-10-08%2023%3A36%3A16 1.741s
2024-10-08 23:36:18.607 62439 INFO tempest.lib.common.rest_client [req-e3885d67-be31-49b1-a390-0e59c2af3ec2 req-e3885d67-be31-49b1-a390-0e59c2af3ec2 ] Request (ServersAdminTestJSON:setUpClass): 200 PUT http://10.180.1.21:9696/networking/v2.0/routers/50dc0dcb-cbd0-4e14-a13a-6c60ed4ce2e8/add_router_interface 1.724s
2024-10-08 23:36:18.607 62439 INFO tempest.lib.common.dynamic_creds [-] Created isolated network resources for: credentials: Credentials: {'domain_id': 'default', 'domain_name': 'Default', 'username': 'tempest-ServersAdminTestJSON-287546750-project-admin', 'project_domain_id': 'default', 'project_domain_name': 'Default', 'project_id': '792ea2ce3bb84477a98f0dbf3b6a9608', 'project_name': 'tempest-ServersAdminTestJSON-287546750', 'tenant_id': '792ea2ce3bb84477a98f0dbf3b6a9608', 'tenant_name': 'tempest-ServersAdminTestJSON-287546750', 'user_domain_id': 'default', 'user_domain_name': 'Default', 'user_id': '9f61a5ad3f134ba39ca786d255b0e7df', 'system': None}, Network: {'id': '98f4a64d-bfaf-474c-82fd-db2d834b0bbc', 'name': 'tempest-ServersAdminTestJSON-222601408-network', 'tenant_id': '792ea2ce3bb84477a98f0dbf3b6a9608', 'admin_state_up': True, 'mtu': 8950, 'status': 'ACTIVE', 'subnets': [], 'shared': False, 'project_id': '792ea2ce3bb84477a98f0dbf3b6a9608', 'port_security_enabled': True, 'router:external': False, 'provider:network_type': 'vlan', 'provider:physical_network': 'default', 'provider:segmentation_id': 91, 'is_default': False, 'availability_zone_hints': [], 'availability_zones': [], 'ipv4_address_scope': None, 'ipv6_address_scope': None, 'description': '', 'tags': [], 'created_at': '2024-10-08T23:36:14Z', 'updated_at': '2024-10-08T23:36:14Z', 'revision_number': 1}, Subnet: {'id': '26e83801-f69e-41c3-b077-f8ab26040905', 'name': 'tempest-ServersAdminTestJSON-222601408-subnet', 'tenant_id': '792ea2ce3bb84477a98f0dbf3b6a9608', 'network_id': '98f4a64d-bfaf-474c-82fd-db2d834b0bbc', 'ip_version': 4, 'subnetpool_id': None, 'enable_dhcp': True, 'ipv6_ra_mode': None, 'ipv6_address_mode': None, 'gateway_ip': '192.168.128.1', 'cidr': '192.168.128.0/28', 'allocation_pools': [{'start': '192.168.128.2', 'end': '192.168.128.14'}], 'host_routes': [], 'dns_nameservers': [], 'description': '', 'router:external': False, 'service_types': [], 'tags': [], 'created_at': '2024-10-08T23:36:14Z', 'updated_at': '2024-10-08T23:36:14Z', 'revision_number': 0, 'project_id': '792ea2ce3bb84477a98f0dbf3b6a9608'}, Router: {'id': '50dc0dcb-cbd0-4e14-a13a-6c60ed4ce2e8', 'name': 'tempest-ServersAdminTestJSON-222601408-router', 'tenant_id': '792ea2ce3bb84477a98f0dbf3b6a9608', 'admin_state_up': True, 'status': 'ACTIVE', 'external_gateway_info': {'network_id': '40b60e96-24f0-469a-9b9b-1da4bcb9f08c', 'external_fixed_ips': [{'subnet_id': '41531f14-27f7-4b80-8300-118d91a899d0', 'ip_address': '10.180.180.136'}], 'enable_snat': True}, 'description': '', 'availability_zones': [], 'distributed': False, 'ha': False, 'availability_zone_hints': [], 'routes': [], 'flavor_id': None, 'tags': [], 'created_at': '2024-10-08T23:36:15Z', 'updated_at': '2024-10-08T23:36:16Z', 'revision_number': 2, 'project_id': '792ea2ce3bb84477a98f0dbf3b6a9608'}
2024-10-08 23:36:18.613 62469 INFO tempest.lib.common.rest_client [req-0b15c8b9-0b66-4b2c-96cd-6d87430c88da req-0b15c8b9-0b66-4b2c-96cd-6d87430c88da ] Request (FlavorsV2TestJSON:test_list_flavors_limit_results): 200 GET http://10.180.1.21/compute/v2.1/flavors?limit=1 1.574s
2024-10-08 23:36:18.656 62459 INFO tempest.lib.common.rest_client [req-445519b9-64ee-48d8-a711-1b0771586ec8 req-445519b9-64ee-48d8-a711-1b0771586ec8 ] Request (HypervisorAdminUnderV252Test:tearDownClass): 204 DELETE http://10.180.1.21/identity/v3/projects/6b395b2e9cb64406a8c597735a918d69 0.165s
2024-10-08 23:36:18.677 62455 INFO tempest.lib.common.rest_client [req-50a9da46-1e30-4868-a944-53fbbce37902 req-50a9da46-1e30-4868-a944-53fbbce37902 ] Request (KeyPairsV22TestJSON:test_keypairsv22_create_list_show): 201 POST http://10.180.1.21/compute/v2.1/os-keypairs 1.626s
2024-10-08 23:36:18.680 62462 INFO tempest.lib.common.rest_client [req-397ad50b-83c0-43fc-b509-9bcd926c331b req-397ad50b-83c0-43fc-b509-9bcd926c331b ] Request (QuotasAdminTestV236:_run_cleanups): 204 DELETE http://10.180.1.21/identity/v3/users/e51747ca981646e1a5ec44602abba9cf 0.170s
2024-10-08 23:36:18.705 62449 INFO tempest.lib.common.rest_client [req-0226251e-0704-4bfe-9b47-03a90716e2ba req-0226251e-0704-4bfe-9b47-03a90716e2ba ] Request (VolumesAssistedSnapshotsTest:setUpClass): 200 PUT http://10.180.1.21:9696/networking/v2.0/routers/ddce5161-073f-4ea1-a9c9-354334a45941/add_router_interface 3.964s
2024-10-08 23:36:18.705 62449 INFO tempest.lib.common.dynamic_creds [-] Created isolated network resources for: credentials: Credentials: {'domain_id': 'default', 'domain_name': 'Default', 'username': 'tempest-VolumesAssistedSnapshotsTest-778089612-project-admin', 'project_domain_id': 'default', 'project_domain_name': 'Default', 'project_id': 'da052926b5184b88b0af0c156e716703', 'project_name': 'tempest-VolumesAssistedSnapshotsTest-778089612', 'tenant_id': 'da052926b5184b88b0af0c156e716703', 'tenant_name': 'tempest-VolumesAssistedSnapshotsTest-778089612', 'user_domain_id': 'default', 'user_domain_name': 'Default', 'user_id': 'a8ab08d8930943478db976b4ca089fe3', 'system': None}, Network: {'id': '91b350e7-dab4-4a74-9dc9-35effdf889b1', 'name': 'tempest-VolumesAssistedSnapshotsTest-1034754368-network', 'tenant_id': 'da052926b5184b88b0af0c156e716703', 'admin_state_up': True, 'mtu': 8950, 'status': 'ACTIVE', 'subnets': [], 'shared': False, 'project_id': 'da052926b5184b88b0af0c156e716703', 'port_security_enabled': True, 'router:external': False, 'provider:network_type': 'vlan', 'provider:physical_network': 'default', 'provider:segmentation_id': 63, 'is_default': False, 'availability_zone_hints': [], 'availability_zones': [], 'ipv4_address_scope': None, 'ipv6_address_scope': None, 'description': '', 'tags': [], 'created_at': '2024-10-08T23:36:12Z', 'updated_at': '2024-10-08T23:36:12Z', 'revision_number': 1}, Subnet: {'id': '21d3375b-1cf9-42ae-9507-382533ec33a6', 'name': 'tempest-VolumesAssistedSnapshotsTest-1034754368-subnet', 'tenant_id': 'da052926b5184b88b0af0c156e716703', 'network_id': '91b350e7-dab4-4a74-9dc9-35effdf889b1', 'ip_version': 4, 'subnetpool_id': None, 'enable_dhcp': True, 'ipv6_ra_mode': None, 'ipv6_address_mode': None, 'gateway_ip': '192.168.128.1', 'cidr': '192.168.128.0/28', 'allocation_pools': [{'start': '192.168.128.2', 'end': '192.168.128.14'}], 'host_routes': [], 'dns_nameservers': [], 'description': '', 'router:external': False, 'service_types': [], 'tags': [], 'created_at': '2024-10-08T23:36:12Z', 'updated_at': '2024-10-08T23:36:12Z', 'revision_number': 0, 'project_id': 'da052926b5184b88b0af0c156e716703'}, Router: {'id': 'ddce5161-073f-4ea1-a9c9-354334a45941', 'name': 'tempest-VolumesAssistedSnapshotsTest-1034754368-router', 'tenant_id': 'da052926b5184b88b0af0c156e716703', 'admin_state_up': True, 'status': 'ACTIVE', 'external_gateway_info': {'network_id': '40b60e96-24f0-469a-9b9b-1da4bcb9f08c', 'external_fixed_ips': [{'subnet_id': '41531f14-27f7-4b80-8300-118d91a899d0', 'ip_address': '10.180.180.227'}], 'enable_snat': True}, 'description': '', 'availability_zones': [], 'distributed': False, 'ha': False, 'availability_zone_hints': [], 'routes': [], 'flavor_id': None, 'tags': [], 'created_at': '2024-10-08T23:36:13Z', 'updated_at': '2024-10-08T23:36:13Z', 'revision_number': 2, 'project_id': 'da052926b5184b88b0af0c156e716703'}
2024-10-08 23:36:18.712 62433 INFO tempest.lib.common.rest_client [req-576bdd1c-34d1-4ff4-b7ba-de89ebea04ae req-576bdd1c-34d1-4ff4-b7ba-de89ebea04ae ] Request (FlavorsExtraSpecsTestJSON:test_flavor_set_get_update_show_unset_keys): 200 POST http://10.180.1.21/compute/v2.1/flavors/1977748412/os-extra_specs 1.645s
2024-10-08 23:36:18.868 62441 INFO tempest.lib.common.rest_client [req-7559bbf1-98b3-490a-b5fc-15af54268f1a req-7559bbf1-98b3-490a-b5fc-15af54268f1a ] Request (ServersTestManualDisk:setUpClass): 201 POST http://10.180.1.21:9696/networking/v2.0/routers 2.448s
2024-10-08 23:36:18.873 62447 INFO tempest.lib.common.rest_client [req-7ad26e9a-efc9-4fee-ac0c-678334e6ee0a req-7ad26e9a-efc9-4fee-ac0c-678334e6ee0a ] Request (InstanceUsageAuditLogNegativeTestJSON:tearDownClass): 204 DELETE http://10.180.1.21/identity/v3/users/54c140beecec45d38584504936708fad 0.273s
2024-10-08 23:36:18.899 62445 INFO tempest.lib.common.rest_client [req-a4e36ac7-00c2-42ac-9ecf-5a0d6e476ef9 req-a4e36ac7-00c2-42ac-9ecf-5a0d6e476ef9 ] Request (HypervisorAdminNegativeTestJSON:test_get_hypervisor_uptime_with_non_admin_user): 200 GET http://10.180.1.21/compute/v2.1/os-hypervisors 2.208s
2024-10-08 23:36:18.965 62459 INFO tempest.lib.common.rest_client [req-d52795a8-f25b-4a83-abdc-08b911d450e1 req-d52795a8-f25b-4a83-abdc-08b911d450e1 ] Request (ServersAdmin275Test:setUpClass): 201 POST http://10.180.1.21/identity/v3/auth/tokens 0.307s
2024-10-08 23:36:19.010 62439 INFO tempest.lib.common.rest_client [req-4da452b9-3ae9-4eec-b677-a652848b9bea req-4da452b9-3ae9-4eec-b677-a652848b9bea ] Request (ServersAdminTestJSON:setUpClass): 201 POST http://10.180.1.21/identity/v3/auth/tokens 0.346s
2024-10-08 23:36:19.063 62462 INFO tempest.lib.common.rest_client [req-23ea0098-8e02-440c-b341-4debf3aed20a req-23ea0098-8e02-440c-b341-4debf3aed20a ] Request (QuotasAdminTestV236:_run_cleanups): 204 DELETE http://10.180.1.21/identity/v3/projects/79f496ba26044cc9906d417f4401f6ad 0.382s
2024-10-08 23:36:19.155 62449 INFO tempest.lib.common.rest_client [req-04e18e07-9492-4a10-82dd-23c96127f18f req-04e18e07-9492-4a10-82dd-23c96127f18f ] Request (VolumesAssistedSnapshotsTest:setUpClass): 201 POST http://10.180.1.21/identity/v3/auth/tokens 0.441s
2024-10-08 23:36:19.196 62437 INFO tempest.lib.common.rest_client [req-bb1cbaab-254f-46d6-b413-074ea2f2f617 req-bb1cbaab-254f-46d6-b413-074ea2f2f617 ] Request (ServersListShow296Test:test_list_show_server_296): 200 GET http://10.180.1.21/compute/v2.1/servers/detail 1.910s
2024-10-08 23:36:19.235 62453 INFO tempest.lib.common.rest_client [req-e9a9d3ad-79f1-49d4-8e1e-2eb0c4b4bc35 req-e9a9d3ad-79f1-49d4-8e1e-2eb0c4b4bc35 ] Request (SecurityGroupsNegativeTestJSON:test_delete_nonexistent_security_group): 404 DELETE http://10.180.1.21/compute/v2.1/os-security-groups/1e7169cf-e92d-483f-a0c8-c733199cdf5b 1.975s
2024-10-08 23:36:19.257 62451 INFO tempest.lib.common.rest_client [req-1553d93f-2030-4584-b197-50b5db29f173 req-1553d93f-2030-4584-b197-50b5db29f173 ] Request (FlavorMetadataValidation:tearDownClass): 200 GET http://10.180.1.21:9696/networking/v2.0/security-groups?tenant_id=19cf835b48b6405e8457f4b1e8dc5feb&name=default 0.713s
2024-10-08 23:36:19.281 62447 INFO tempest.lib.common.rest_client [req-da95e86a-5ac5-4a80-9135-4066282a773f req-da95e86a-5ac5-4a80-9135-4066282a773f ] Request (InstanceUsageAuditLogNegativeTestJSON:tearDownClass): 204 DELETE http://10.180.1.21/identity/v3/users/916a1e523891464ab5fbbee05fabf65f 0.408s
2024-10-08 23:36:19.282 62447 INFO tempest.lib.common.dynamic_creds [-] Deleting project and security group for project: 4b4885aa051b43f1bc9a64819c2822db
2024-10-08 23:36:19.293 62477 INFO tempest.lib.common.rest_client [req-8ae3d383-703d-4a19-a55f-bdc8ab27fbdd req-8ae3d383-703d-4a19-a55f-bdc8ab27fbdd ] Request (DeleteServersAdminTestJSON:test_admin_delete_servers_of_others): 200 GET http://10.180.1.21/compute/v2.1/servers/91eacc12-5026-4f59-bf2c-babff6c8d42f 1.910s
2024-10-08 23:36:19.352 62463 INFO tempest.lib.common.rest_client [req-cf612e8a-785a-413d-b186-64f1cfa64038 req-cf612e8a-785a-413d-b186-64f1cfa64038 ] Request (ServersWithSpecificFlavorTestJSON:setUpClass): 201 POST http://10.180.1.21:9696/networking/v2.0/routers 1.592s
2024-10-08 23:36:19.364 62439 INFO tempest.lib.common.rest_client [req-42e67d29-edb0-4c56-b88d-419893faf9fc req-42e67d29-edb0-4c56-b88d-419893faf9fc ] Request (ServersAdminTestJSON:setUpClass): 201 POST http://10.180.1.21/identity/v3/auth/tokens 0.350s
2024-10-08 23:36:19.364 62439 INFO tempest.lib.common.fixed_network [-] (ServersAdminTestJSON:setUpClass) Found network {'id': 'f5307d0e-9524-4df7-8f84-e8eed2d07c99', 'name': 'tempest-ServersAdminTestJSON-1851059012-network', 'tenant_id': '38d8f190ca31409ea30e8508e62bb073', 'admin_state_up': True, 'mtu': 8950, 'status': 'ACTIVE', 'subnets': [], 'shared': False, 'project_id': '38d8f190ca31409ea30e8508e62bb073', 'port_security_enabled': True, 'router:external': False, 'provider:network_type': 'vlan', 'provider:physical_network': 'default', 'provider:segmentation_id': 231, 'is_default': False, 'availability_zone_hints': [], 'availability_zones': [], 'ipv4_address_scope': None, 'ipv6_address_scope': None, 'description': '', 'tags': [], 'created_at': '2024-10-08T23:36:06Z', 'updated_at': '2024-10-08T23:36:06Z', 'revision_number': 1} available for tenant
2024-10-08 23:36:19.370 62459 INFO tempest.lib.common.rest_client [req-3e53bce7-d213-443c-9c98-e3e704a511fa req-3e53bce7-d213-443c-9c98-e3e704a511fa ] Request (ServersAdmin275Test:setUpClass): 201 POST http://10.180.1.21/identity/v3/auth/tokens 0.402s
2024-10-08 23:36:19.431 62457 INFO tempest.lib.common.rest_client [req-c811413a-7ad1-44b3-b8a5-7592e6317a7e req-c811413a-7ad1-44b3-b8a5-7592e6317a7e ] Request (QuotasAdminTestV257:test_get_updated_quotas): 200 GET http://10.180.1.21/identity/v3/domains?name=Default 0.356s
2024-10-08 23:36:19.455 62462 INFO tempest.lib.common.rest_client [req-ecf50460-76b5-43b8-890b-dca19cce30ec req-ecf50460-76b5-43b8-890b-dca19cce30ec ] Request (QuotasAdminTestV236:tearDownClass): 204 DELETE http://10.180.1.21/identity/v3/users/6f3fc5efc84d44be9aaeaa2647c4d69a 0.315s
2024-10-08 23:36:19.469 62473 INFO tempest.lib.common.rest_client [req-e9ccaba6-f42b-42dd-b0bd-6616e5745b2c req-e9ccaba6-f42b-42dd-b0bd-6616e5745b2c ] Request (ServersTestBootFromVolume:setUpClass): 200 GET http://10.180.1.21/volume/v3/45a701446fa944a7968ca5c6e28e8205/volumes/f6a6bf7a-5697-4f65-bead-76ae912af185 0.044s
2024-10-08 23:36:19.521 62449 INFO tempest.lib.common.rest_client [req-7ca39add-da39-4666-bbad-9af0fd9c73cb req-7ca39add-da39-4666-bbad-9af0fd9c73cb ] Request (VolumesAssistedSnapshotsTest:setUpClass): 201 POST http://10.180.1.21/identity/v3/projects 0.365s
2024-10-08 23:36:19.589 62447 INFO tempest.lib.common.rest_client [req-b91be088-1887-4feb-8cbb-da03f4d7671c req-b91be088-1887-4feb-8cbb-da03f4d7671c ] Request (InstanceUsageAuditLogNegativeTestJSON:tearDownClass): 201 POST http://10.180.1.21/identity/v3/auth/tokens 0.307s
2024-10-08 23:36:19.622 62459 INFO tempest.lib.common.rest_client [req-a157a9e5-147a-4a4c-9e05-a664f4b41aff req-a157a9e5-147a-4a4c-9e05-a664f4b41aff ] Request (ServersAdmin275Test:setUpClass): 200 GET http://10.180.1.21/identity/v3/domains?name=Default 0.251s
2024-10-08 23:36:19.683 62451 INFO tempest.lib.common.rest_client [req-d2356f6f-9f9b-4994-88b8-be52f63d1a25 req-d2356f6f-9f9b-4994-88b8-be52f63d1a25 ] Request (FlavorMetadataValidation:tearDownClass): 204 DELETE http://10.180.1.21:9696/networking/v2.0/security-groups/d75238f2-0259-4f7b-a90c-ce5bbb3ea137 0.425s
2024-10-08 23:36:19.694 62457 INFO tempest.lib.common.rest_client [req-e8741ba9-dd62-41cc-b31b-6e553e01842d req-e8741ba9-dd62-41cc-b31b-6e553e01842d ] Request (QuotasAdminTestV257:test_get_updated_quotas): 201 POST http://10.180.1.21/identity/v3/projects 0.263s
2024-10-08 23:36:19.709 62462 INFO tempest.lib.common.rest_client [req-03d70869-480b-4c17-baaa-58585e7791cd req-03d70869-480b-4c17-baaa-58585e7791cd ] Request (QuotasAdminTestV236:tearDownClass): 204 DELETE http://10.180.1.21/identity/v3/users/675bff8013a24d64af4a693bdd008a47 0.254s
2024-10-08 23:36:19.709 62462 INFO tempest.lib.common.dynamic_creds [-] Deleting project and security group for project: fe355bc7595b4a028f15709c585d28ec
2024-10-08 23:36:19.826 62449 INFO tempest.lib.common.rest_client [req-35c07da8-c872-42ed-a8e6-8b6c7cf10841 req-35c07da8-c872-42ed-a8e6-8b6c7cf10841 ] Request (VolumesAssistedSnapshotsTest:setUpClass): 201 POST http://10.180.1.21/identity/v3/users 0.305s
2024-10-08 23:36:19.855 62459 INFO tempest.lib.common.rest_client [req-6517172f-fbab-4371-86cc-da3afac50bba req-6517172f-fbab-4371-86cc-da3afac50bba ] Request (ServersAdmin275Test:setUpClass): 201 POST http://10.180.1.21/identity/v3/projects 0.232s
2024-10-08 23:36:19.896 62451 INFO tempest.lib.common.rest_client [req-d9fe4951-daed-48a0-ae75-2e695408060c req-d9fe4951-daed-48a0-ae75-2e695408060c ] Request (FlavorMetadataValidation:tearDownClass): 204 DELETE http://10.180.1.21/identity/v3/projects/19cf835b48b6405e8457f4b1e8dc5feb 0.213s
2024-10-08 23:36:19.896 62451 INFO tempest.lib.common.dynamic_creds [-] Deleting project and security group for project: 8e4c136c1ec94289982a03c17b7367bd
2024-10-08 23:36:19.950 62457 INFO tempest.lib.common.rest_client [req-2c7a6edb-e2ba-43bc-8f08-6c16b3853217 req-2c7a6edb-e2ba-43bc-8f08-6c16b3853217 ] Request (QuotasAdminTestV257:test_get_updated_quotas): 200 GET http://10.180.1.21/identity/v3/domains?name=Default 0.255s
2024-10-08 23:36:19.955 62462 INFO tempest.lib.common.rest_client [req-9fae2c3c-730a-4a72-9397-9c69ea7de06e req-9fae2c3c-730a-4a72-9397-9c69ea7de06e ] Request (QuotasAdminTestV236:tearDownClass): 201 POST http://10.180.1.21/identity/v3/auth/tokens 0.246s
2024-10-08 23:36:19.968 62449 INFO tempest.lib.common.rest_client [req-4305dfc5-0f32-418e-b6b0-5348f14429ea req-4305dfc5-0f32-418e-b6b0-5348f14429ea ] Request (VolumesAssistedSnapshotsTest:setUpClass): 200 GET http://10.180.1.21/identity/v3/roles 0.142s
2024-10-08 23:36:19.998 62459 INFO tempest.lib.common.rest_client [req-9e0260fe-8c01-4ca9-bf1e-5940a407f222 req-9e0260fe-8c01-4ca9-bf1e-5940a407f222 ] Request (ServersAdmin275Test:setUpClass): 201 POST http://10.180.1.21/identity/v3/users 0.142s
2024-10-08 23:36:20.068 62459 INFO tempest.lib.common.rest_client [req-c2de7157-fd7c-46a7-a717-54d63fa63d3e req-c2de7157-fd7c-46a7-a717-54d63fa63d3e ] Request (ServersAdmin275Test:setUpClass): 200 GET http://10.180.1.21/identity/v3/roles 0.069s
2024-10-08 23:36:20.069 62443 INFO tempest.lib.common.rest_client [req-e9e8ef10-8669-43be-b665-6a040ceb4f3a req-e9e8ef10-8669-43be-b665-6a040ceb4f3a ] Request (QuotasAdminNegativeTest:test_create_server_when_cpu_quota_is_full): 200 GET http://10.180.1.21/compute/v2.1/os-quota-sets/0dd6ad0c21eb44b2b6b3a20d1d536d41 2.113s
2024-10-08 23:36:20.075 62449 INFO tempest.lib.common.rest_client [req-5e18596b-b34a-4c2f-8be9-2bbac28ae86d req-5e18596b-b34a-4c2f-8be9-2bbac28ae86d ] Request (VolumesAssistedSnapshotsTest:setUpClass): 204 PUT http://10.180.1.21/identity/v3/projects/c189312eeaa944bf865992fc4fe23bdb/users/458ecff98d0c4d58a117a2bb26212a42/roles/21309eef9e53462ea62978c2cbf243a4 0.105s
2024-10-08 23:36:20.092 62481 INFO tempest.lib.common.rest_client [req-29a98889-6e19-49e9-8860-9f6c9f67acd6 req-29a98889-6e19-49e9-8860-9f6c9f67acd6 ] Request (FlavorsV261TestJSON:test_crud_flavor): 200 GET http://10.180.1.21/compute/v2.1/flavors 2.083s
2024-10-08 23:36:20.103 62475 INFO tempest.lib.common.rest_client [req-9489bcbe-4977-4520-8a69-e0c2c2cd4da7 req-9489bcbe-4977-4520-8a69-e0c2c2cd4da7 ] Request (HostsAdminNegativeTestJSON:test_shutdown_host_with_non_admin_user): 403 GET http://10.180.1.21/compute/v2.1/os-hosts/devstack/shutdown 2.088s
2024-10-08 23:36:20.111 62451 INFO tempest.lib.common.rest_client [req-079a5d75-1536-40bb-bce7-70c4e27406a5 req-079a5d75-1536-40bb-bce7-70c4e27406a5 ] Request (FlavorMetadataValidation:tearDownClass): 200 GET http://10.180.1.21:9696/networking/v2.0/security-groups?tenant_id=8e4c136c1ec94289982a03c17b7367bd&name=default 0.214s
2024-10-08 23:36:20.124 62449 INFO tempest.lib.common.rest_client [req-d96af4c1-2255-444d-8570-f9fba81dc510 req-d96af4c1-2255-444d-8570-f9fba81dc510 ] Request (VolumesAssistedSnapshotsTest:setUpClass): 200 GET http://10.180.1.21/identity/v3/roles 0.048s
2024-10-08 23:36:20.133 62459 INFO tempest.lib.common.rest_client [req-bb7aa81f-090d-4d38-9ea2-bf7ca4c0cfa9 req-bb7aa81f-090d-4d38-9ea2-bf7ca4c0cfa9 ] Request (ServersAdmin275Test:setUpClass): 204 PUT http://10.180.1.21/identity/v3/projects/3242dba0490f4eac81e62bba5a00c89e/users/d1ce4d79950c445c906da6e9cf7bf64e/roles/54d0a4310c29440494b9ad45ea3e4514 0.064s
2024-10-08 23:36:20.133 62459 INFO tempest.lib.common.dynamic_creds [-] Dynamic test user d1ce4d79950c445c906da6e9cf7bf64e is created with scope project and roles: ['member']
2024-10-08 23:36:20.133 62459 INFO tempest.lib.common.dynamic_creds [-] Acquired dynamic creds: credentials: Credentials: {'domain_id': 'default', 'domain_name': 'Default', 'username': 'tempest-ServersAdmin275Test-923225313-project-member', 'project_domain_id': 'default', 'project_domain_name': 'Default', 'project_id': '3242dba0490f4eac81e62bba5a00c89e', 'project_name': 'tempest-ServersAdmin275Test-923225313', 'tenant_id': '3242dba0490f4eac81e62bba5a00c89e', 'tenant_name': 'tempest-ServersAdmin275Test-923225313', 'user_domain_id': 'default', 'user_domain_name': 'Default', 'user_id': 'd1ce4d79950c445c906da6e9cf7bf64e', 'system': None}, Network: None, Subnet: None, Router: None
2024-10-08 23:36:20.133 62459 INFO tempest.lib.common.dynamic_creds [-] Created isolated network resources for: credentials: Credentials: {'domain_id': 'default', 'domain_name': 'Default', 'username': 'tempest-ServersAdmin275Test-923225313-project-member', 'project_domain_id': 'default', 'project_domain_name': 'Default', 'project_id': '3242dba0490f4eac81e62bba5a00c89e', 'project_name': 'tempest-ServersAdmin275Test-923225313', 'tenant_id': '3242dba0490f4eac81e62bba5a00c89e', 'tenant_name': 'tempest-ServersAdmin275Test-923225313', 'user_domain_id': 'default', 'user_domain_name': 'Default', 'user_id': 'd1ce4d79950c445c906da6e9cf7bf64e', 'system': None}, Network: None, Subnet: None, Router: None
2024-10-08 23:36:20.177 62449 INFO tempest.lib.common.rest_client [req-53f55795-f725-4948-89fe-ea896988b51d req-53f55795-f725-4948-89fe-ea896988b51d ] Request (VolumesAssistedSnapshotsTest:setUpClass): 204 PUT http://10.180.1.21/identity/v3/projects/c189312eeaa944bf865992fc4fe23bdb/users/458ecff98d0c4d58a117a2bb26212a42/roles/6994445279344e22bcc307a53ed937fa 0.052s
2024-10-08 23:36:20.177 62449 INFO tempest.lib.common.dynamic_creds [-] Dynamic test user 458ecff98d0c4d58a117a2bb26212a42 is created with scope project and roles: ['service', 'admin']
2024-10-08 23:36:20.177 62449 INFO tempest.lib.common.dynamic_creds [-] Acquired dynamic creds: credentials: Credentials: {'domain_id': 'default', 'domain_name': 'Default', 'username': 'tempest-VolumesAssistedSnapshotsTest-890771299-project', 'project_domain_id': 'default', 'project_domain_name': 'Default', 'project_id': 'c189312eeaa944bf865992fc4fe23bdb', 'project_name': 'tempest-VolumesAssistedSnapshotsTest-890771299', 'tenant_id': 'c189312eeaa944bf865992fc4fe23bdb', 'tenant_name': 'tempest-VolumesAssistedSnapshotsTest-890771299', 'user_domain_id': 'default', 'user_domain_name': 'Default', 'user_id': '458ecff98d0c4d58a117a2bb26212a42', 'system': None}, Network: None, Subnet: None, Router: None
2024-10-08 23:36:20.201 62447 INFO tempest.lib.common.rest_client [req-de754e65-0e34-4775-a2ae-359cdb6b2f5f req-de754e65-0e34-4775-a2ae-359cdb6b2f5f ] Request (InstanceUsageAuditLogNegativeTestJSON:tearDownClass): 200 GET http://10.180.1.21:9696/networking/v2.0/security-groups?tenant_id=4b4885aa051b43f1bc9a64819c2822db&name=default 0.611s
2024-10-08 23:36:20.214 62459 INFO tempest.lib.common.rest_client [req-8b5e72e1-e6e6-45f2-912c-9e1188774591 req-8b5e72e1-e6e6-45f2-912c-9e1188774591 ] Request (ServersAdmin275Test:setUpClass): 201 POST http://10.180.1.21/identity/v3/auth/tokens 0.076s
2024-10-08 23:36:20.271 62459 INFO tempest.lib.common.rest_client [req-ebb25106-e71b-4f5c-862d-e30b34f6eca3 req-ebb25106-e71b-4f5c-862d-e30b34f6eca3 ] Request (ServersAdmin275Test:setUpClass): 201 POST http://10.180.1.21/identity/v3/projects 0.056s
2024-10-08 23:36:20.326 62459 INFO tempest.lib.common.rest_client [req-3c3db32e-496e-424d-a96e-b3a1dd4b0917 req-3c3db32e-496e-424d-a96e-b3a1dd4b0917 ] Request (ServersAdmin275Test:setUpClass): 201 POST http://10.180.1.21/identity/v3/users 0.054s
2024-10-08 23:36:20.348 62459 INFO tempest.lib.common.rest_client [req-662287ed-e3e2-4604-a99f-fe7eaeaca311 req-662287ed-e3e2-4604-a99f-fe7eaeaca311 ] Request (ServersAdmin275Test:setUpClass): 200 GET http://10.180.1.21/identity/v3/roles 0.021s
2024-10-08 23:36:20.375 62459 INFO tempest.lib.common.rest_client [req-4462adb8-b9e5-460c-a838-9c4686858c75 req-4462adb8-b9e5-460c-a838-9c4686858c75 ] Request (ServersAdmin275Test:setUpClass): 204 PUT http://10.180.1.21/identity/v3/projects/a940fb5bf5724bb3af7cdda4475ae366/users/3ad24679d5af466797ebb0fbd2b9144d/roles/6994445279344e22bcc307a53ed937fa 0.027s
2024-10-08 23:36:20.389 62462 INFO tempest.lib.common.rest_client [req-641fe7cd-f8d5-4022-8b33-fd6151949232 req-641fe7cd-f8d5-4022-8b33-fd6151949232 ] Request (QuotasAdminTestV236:tearDownClass): 200 GET http://10.180.1.21:9696/networking/v2.0/security-groups?tenant_id=fe355bc7595b4a028f15709c585d28ec&name=default 0.434s
2024-10-08 23:36:20.397 62467 INFO tempest.lib.common.rest_client [req-f4d995c0-97dd-4148-b766-aab0497b462d req-f4d995c0-97dd-4148-b766-aab0497b462d ] Request (ServerExternalEventsTest:test_create_server_external_events): 200 GET http://10.180.1.21/compute/v2.1/servers/8b6abe21-275f-474d-801d-b94627e8e832 2.374s
2024-10-08 23:36:20.406 62467 INFO tempest.common.waiters [-] State transition "BUILD/None" ==> "BUILD/spawning" after 3 second wait
2024-10-08 23:36:20.430 62459 INFO tempest.lib.common.rest_client [req-48089274-2e14-4003-b52d-b5b1c86d9ee8 req-48089274-2e14-4003-b52d-b5b1c86d9ee8 ] Request (ServersAdmin275Test:setUpClass): 200 GET http://10.180.1.21/identity/v3/roles 0.054s
2024-10-08 23:36:20.443 62451 INFO tempest.lib.common.rest_client [req-361b6765-06f2-46de-9f95-111017a1f8c1 req-361b6765-06f2-46de-9f95-111017a1f8c1 ] Request (FlavorMetadataValidation:tearDownClass): 204 DELETE http://10.180.1.21:9696/networking/v2.0/security-groups/50470506-4911-46fb-8e78-cf276e221f27 0.331s
2024-10-08 23:36:20.453 62459 INFO tempest.lib.common.rest_client [req-2243597a-88e0-42e5-b0a6-ecf179f4e58f req-2243597a-88e0-42e5-b0a6-ecf179f4e58f ] Request (ServersAdmin275Test:setUpClass): 204 PUT http://10.180.1.21/identity/v3/projects/a940fb5bf5724bb3af7cdda4475ae366/users/3ad24679d5af466797ebb0fbd2b9144d/roles/6994445279344e22bcc307a53ed937fa 0.022s
2024-10-08 23:36:20.453 62459 INFO tempest.lib.common.dynamic_creds [-] Dynamic test user 3ad24679d5af466797ebb0fbd2b9144d is created with scope project and roles: ['admin']
2024-10-08 23:36:20.453 62459 INFO tempest.lib.common.dynamic_creds [-] Acquired dynamic creds: credentials: Credentials: {'domain_id': 'default', 'domain_name': 'Default', 'username': 'tempest-ServersAdmin275Test-533664072-project-admin', 'project_domain_id': 'default', 'project_domain_name': 'Default', 'project_id': 'a940fb5bf5724bb3af7cdda4475ae366', 'project_name': 'tempest-ServersAdmin275Test-533664072', 'tenant_id': 'a940fb5bf5724bb3af7cdda4475ae366', 'tenant_name': 'tempest-ServersAdmin275Test-533664072', 'user_domain_id': 'default', 'user_domain_name': 'Default', 'user_id': '3ad24679d5af466797ebb0fbd2b9144d', 'system': None}, Network: None, Subnet: None, Router: None
2024-10-08 23:36:20.453 62459 INFO tempest.lib.common.dynamic_creds [-] Created isolated network resources for: credentials: Credentials: {'domain_id': 'default', 'domain_name': 'Default', 'username': 'tempest-ServersAdmin275Test-533664072-project-admin', 'project_domain_id': 'default', 'project_domain_name': 'Default', 'project_id': 'a940fb5bf5724bb3af7cdda4475ae366', 'project_name': 'tempest-ServersAdmin275Test-533664072', 'tenant_id': 'a940fb5bf5724bb3af7cdda4475ae366', 'tenant_name': 'tempest-ServersAdmin275Test-533664072', 'user_domain_id': 'default', 'user_domain_name': 'Default', 'user_id': '3ad24679d5af466797ebb0fbd2b9144d', 'system': None}, Network: None, Subnet: None, Router: None
2024-10-08 23:36:20.491 62495 INFO tempest.lib.common.rest_client [req-afd9509e-e412-46b6-ae9d-48fb75eba67a req-afd9509e-e412-46b6-ae9d-48fb75eba67a ] Request (ServersAdminNegativeTestJSON:setUpClass): 200 GET http://10.180.1.21/compute/v2.1/servers/04f9b938-7bcd-4b49-9115-0693fb478326 2.438s
2024-10-08 23:36:20.519 62473 INFO tempest.lib.common.rest_client [req-eff3dec0-0573-48c4-9e61-8ec9ee290c6c req-eff3dec0-0573-48c4-9e61-8ec9ee290c6c ] Request (ServersTestBootFromVolume:setUpClass): 200 GET http://10.180.1.21/volume/v3/45a701446fa944a7968ca5c6e28e8205/volumes/f6a6bf7a-5697-4f65-bead-76ae912af185 0.042s
2024-10-08 23:36:20.545 62459 INFO tempest.lib.common.rest_client [req-21ca0752-059f-4b63-8ebd-104ba4658152 req-21ca0752-059f-4b63-8ebd-104ba4658152 ] Request (ServersAdmin275Test:setUpClass): 201 POST http://10.180.1.21/identity/v3/auth/tokens 0.086s
2024-10-08 23:36:20.565 62447 INFO tempest.lib.common.rest_client [req-05cd6226-7676-4add-ae05-70ab5aa5113b req-05cd6226-7676-4add-ae05-70ab5aa5113b ] Request (InstanceUsageAuditLogNegativeTestJSON:tearDownClass): 204 DELETE http://10.180.1.21:9696/networking/v2.0/security-groups/8aeb1c87-a8cb-434e-bb8f-2b281601c9ab 0.363s
2024-10-08 23:36:20.570 62451 INFO tempest.lib.common.rest_client [req-851600e3-b4eb-4a8c-aefc-c2c1f26baf8c req-851600e3-b4eb-4a8c-aefc-c2c1f26baf8c ] Request (FlavorMetadataValidation:tearDownClass): 204 DELETE http://10.180.1.21/identity/v3/projects/8e4c136c1ec94289982a03c17b7367bd 0.126s
2024-10-08 23:36:20.615 62459 INFO tempest.lib.common.rest_client [req-8a81a38e-2fc3-4a0b-a076-dd3410411fc2 req-8a81a38e-2fc3-4a0b-a076-dd3410411fc2 ] Request (ServersAdmin275Test:test_rebuild_update_server_275): 201 POST http://10.180.1.21/identity/v3/auth/tokens 0.065s
2024-10-08 23:36:20.616 62459 INFO tempest.lib.common.fixed_network [-] (ServersAdmin275Test:test_rebuild_update_server_275) Found network None available for tenant
2024-10-08 23:36:20.639 62451 INFO tempest.lib.common.rest_client [req-cfc9fab2-5caf-439e-b0a9-67f2a6bc509c req-cfc9fab2-5caf-439e-b0a9-67f2a6bc509c ] Request (FloatingIPsAssociationNegativeTestJSON:setUpClass): 201 POST http://10.180.1.21/identity/v3/auth/tokens 0.066s
2024-10-08 23:36:20.669 62447 INFO tempest.lib.common.rest_client [req-872354ae-730d-425f-8c2f-1a4a8b3c5800 req-872354ae-730d-425f-8c2f-1a4a8b3c5800 ] Request (InstanceUsageAuditLogNegativeTestJSON:tearDownClass): 204 DELETE http://10.180.1.21/identity/v3/projects/4b4885aa051b43f1bc9a64819c2822db 0.102s
2024-10-08 23:36:20.670 62447 INFO tempest.lib.common.dynamic_creds [-] Deleting project and security group for project: 9dd6148d0cb14da29881c5225eca61a8
2024-10-08 23:36:20.699 62451 INFO tempest.lib.common.rest_client [req-0107e5ff-7598-4b29-b702-4fb25f96bea1 req-0107e5ff-7598-4b29-b702-4fb25f96bea1 ] Request (FloatingIPsAssociationNegativeTestJSON:setUpClass): 201 POST http://10.180.1.21/identity/v3/auth/tokens 0.058s
2024-10-08 23:36:20.720 62451 INFO tempest.lib.common.rest_client [req-890cfaae-3454-4b52-9df3-5c6658499302 req-890cfaae-3454-4b52-9df3-5c6658499302 ] Request (FloatingIPsAssociationNegativeTestJSON:setUpClass): 200 GET http://10.180.1.21/identity/v3/domains?name=Default 0.020s
2024-10-08 23:36:20.737 62462 INFO tempest.lib.common.rest_client [req-b9231734-1352-487e-99f5-ece0d3f42d92 req-b9231734-1352-487e-99f5-ece0d3f42d92 ] Request (QuotasAdminTestV236:tearDownClass): 204 DELETE http://10.180.1.21:9696/networking/v2.0/security-groups/56cda12d-aa7c-4fe5-805c-774420ed57c4 0.347s
2024-10-08 23:36:20.746 62449 INFO tempest.lib.common.rest_client [req-c2c2531b-a78f-40e7-bdb7-74e1825603c3 req-c2c2531b-a78f-40e7-bdb7-74e1825603c3 ] Request (VolumesAssistedSnapshotsTest:setUpClass): 201 POST http://10.180.1.21:9696/networking/v2.0/networks 0.568s
2024-10-08 23:36:20.770 62451 INFO tempest.lib.common.rest_client [req-6a9a8770-5337-4b7b-a111-68c3d14319a9 req-6a9a8770-5337-4b7b-a111-68c3d14319a9 ] Request (FloatingIPsAssociationNegativeTestJSON:setUpClass): 201 POST http://10.180.1.21/identity/v3/projects 0.049s
2024-10-08 23:36:20.794 62462 INFO tempest.lib.common.rest_client [req-287264a7-6dd6-47b7-9cb9-a2615b16a675 req-287264a7-6dd6-47b7-9cb9-a2615b16a675 ] Request (QuotasAdminTestV236:tearDownClass): 204 DELETE http://10.180.1.21/identity/v3/projects/fe355bc7595b4a028f15709c585d28ec 0.057s
