2024-10-08 23:38:07.712 62489 INFO tempest.lib.common.rest_client [req-44a953bf-6f6d-4ed2-90bb-ab38b83dc3c2 req-44a953bf-6f6d-4ed2-90bb-ab38b83dc3c2 ] Request (FloatingIPsAssociationTestJSON:setUpClass): 200 GET http://10.180.1.21/compute/v2.1/servers/4a2b5dbe-ed48-40b6-ba72-a06b14e31696 0.092s
2024-10-08 23:38:07.790 62487 INFO tempest.lib.common.rest_client [req-70a58f05-2610-4905-9279-74412230db85 req-70a58f05-2610-4905-9279-74412230db85 ] Request (ServersTestJSON:setUpClass): 200 GET http://10.180.1.21/compute/v2.1/servers/39d5f95c-7c98-4263-a46e-948d2e3d31ce 0.123s
2024-10-08 23:38:07.847 62463 INFO tempest.lib.common.rest_client [req-422fcc8a-d6e5-4242-a4ab-d9d427f71136 req-422fcc8a-d6e5-4242-a4ab-d9d427f71136 ] Request (ServersWithSpecificFlavorTestJSON:tearDownClass): 204 DELETE http://10.180.1.21:9696/networking/v2.0/networks/82cfecd3-4a57-4529-8a24-bcd29826c4af 0.264s
2024-10-08 23:38:07.864 62453 INFO tempest.lib.common.rest_client [req-39b0faae-27e6-46d8-a1f2-1a7a8ed49753 req-39b0faae-27e6-46d8-a1f2-1a7a8ed49753 ] Request (AttachInterfacesUnderV243Test:test_add_remove_fixed_ip): 200 GET http://10.180.1.21/compute/v2.1/servers/47409cd0-db33-4a94-b806-1799a6f7e98f 0.157s
2024-10-08 23:38:07.900 62477 INFO tempest.lib.common.rest_client [req-96a74566-5623-4885-bd4f-2a3ebad6a76f req-96a74566-5623-4885-bd4f-2a3ebad6a76f ] Request (SecurityGroupRulesNegativeTestJSON:test_create_security_group_rule_with_invalid_ip_protocol): 200 POST http://10.180.1.21/compute/v2.1/os-security-groups 0.249s
2024-10-08 23:38:07.931 62491 INFO tempest.lib.common.rest_client [req-a6ea7cc6-b9a7-44cc-b3fd-f7d9b4adce0c req-a6ea7cc6-b9a7-44cc-b3fd-f7d9b4adce0c ] Request (MigrationsAdminTest:test_resize_server_revert_deleted_flavor): 200 GET http://10.180.1.21/compute/v2.1/servers/d52bfb49-beb0-4bfe-b3bb-45132c210065 0.212s
2024-10-08 23:38:07.949 62463 INFO tempest.lib.common.rest_client [req-8e456029-f565-4f1d-b9df-53a75bb1ff03 req-8e456029-f565-4f1d-b9df-53a75bb1ff03 ] Request (ServersWithSpecificFlavorTestJSON:tearDownClass): 204 DELETE http://10.180.1.21/identity/v3/users/038338b521164eb983aa9ef21f5e8280 0.102s
2024-10-08 23:38:07.973 62445 INFO tempest.lib.common.rest_client [req-e2cec6bd-9909-4b2e-84ce-98283d0015da req-e2cec6bd-9909-4b2e-84ce-98283d0015da ] Request (ImagesTestJSON:test_create_image_from_stopped_server): 200 GET http://10.180.1.21/compute/v2.1/servers/5e264b99-8025-471a-bc6b-238f1bca054c 0.194s
2024-10-08 23:38:07.992 62435 INFO tempest.lib.common.rest_client [req-e466306c-8254-42b1-919f-73f954a2c5f7 req-e466306c-8254-42b1-919f-73f954a2c5f7 ] Request (ServerShowV254Test:test_rebuild_server): 200 GET http://10.180.1.21/compute/v2.1/servers/bcb11a72-4394-42a2-9a9f-295adc1abcd0 0.208s
2024-10-08 23:38:08.024 62493 INFO tempest.lib.common.rest_client [req-0038c0b6-25f0-413e-983a-6b9ce50c63a9 req-0038c0b6-25f0-413e-983a-6b9ce50c63a9 ] Request (ServerAddressesNegativeTestJSON:setUpClass): 200 GET http://10.180.1.21/compute/v2.1/servers/7cbaf88d-f7fb-4fbe-bca0-2e83a3341463 0.176s
2024-10-08 23:38:08.044 62463 INFO tempest.lib.common.rest_client [req-c8c356a0-8e90-490b-bc35-6d25c1a4fbdb req-c8c356a0-8e90-490b-bc35-6d25c1a4fbdb ] Request (ServersWithSpecificFlavorTestJSON:tearDownClass): 204 DELETE http://10.180.1.21/identity/v3/users/a3ad4ddbab494b149b1fd35c0dc05a8e 0.094s
2024-10-08 23:38:08.045 62463 INFO tempest.lib.common.dynamic_creds [-] Deleting project and security group for project: ec9d5ea9fca1457f9de28a37e9a224ca
2024-10-08 23:38:08.054 62477 INFO tempest.lib.common.rest_client [req-159027d1-f4a7-410b-bb31-2b71845140fc req-159027d1-f4a7-410b-bb31-2b71845140fc ] Request (SecurityGroupRulesNegativeTestJSON:test_create_security_group_rule_with_invalid_ip_protocol): 400 POST http://10.180.1.21/compute/v2.1/os-security-group-rules 0.151s
2024-10-08 23:38:08.072 62473 INFO tempest.lib.common.rest_client [req-c13dd6ad-9711-4faa-a39e-368373e9c8e2 req-c13dd6ad-9711-4faa-a39e-368373e9c8e2 ] Request (ServersTestBootFromVolume:setUpClass): 200 GET http://10.180.1.21/compute/v2.1/servers/6c675e27-0de4-46bc-8017-5ee43e2efa5c 0.159s
2024-10-08 23:38:08.083 62463 INFO tempest.lib.common.rest_client [req-147e8d6a-acd6-4bf7-9fba-d803cc013d1a req-147e8d6a-acd6-4bf7-9fba-d803cc013d1a ] Request (ServersWithSpecificFlavorTestJSON:tearDownClass): 200 GET http://10.180.1.21:9696/networking/v2.0/security-groups?tenant_id=ec9d5ea9fca1457f9de28a37e9a224ca&name=default 0.038s
2024-10-08 23:38:08.126 62480 INFO tempest.lib.common.rest_client [req-026a2039-3c9e-4463-b43b-969625ea5685 req-026a2039-3c9e-4463-b43b-969625ea5685 ] Request (ServerShowV247Test:test_update_rebuild_list_server): 200 GET http://10.180.1.21/compute/v2.1/servers/ce74983e-8347-425c-967a-6a78a7daa701 0.139s
2024-10-08 23:38:08.176 62463 INFO tempest.lib.common.rest_client [req-c8600323-5703-4969-a247-7ec2cdcf41df req-c8600323-5703-4969-a247-7ec2cdcf41df ] Request (ServersWithSpecificFlavorTestJSON:tearDownClass): 204 DELETE http://10.180.1.21:9696/networking/v2.0/security-groups/41ece30b-9545-43b4-b163-765c2f92ce39 0.092s
2024-10-08 23:38:08.181 62495 INFO tempest.lib.common.rest_client [req-e8cccf04-75cf-4d32-a3c1-b7c620b4796d req-e8cccf04-75cf-4d32-a3c1-b7c620b4796d ] Request (AttachInterfacesV270Test:test_create_get_list_interfaces): 200 GET http://10.180.1.21/compute/v2.1/servers/7cccaaf2-f17d-426d-9340-e33260235706 0.173s
2024-10-08 23:38:08.183 62459 INFO tempest.lib.common.rest_client [req-0e6483ad-9f90-4d41-b5b9-8f495a1b1772 req-0e6483ad-9f90-4d41-b5b9-8f495a1b1772 ] Request (ServerActionsV293TestJSON:setUpClass): 200 GET http://10.180.1.21/volume/v3/53d52da8765c4d69b803b4f18d0d9bc2/volumes/e1a1d343-79bf-455c-8446-09fa8e9f2035 0.031s
2024-10-08 23:38:08.259 62463 INFO tempest.lib.common.rest_client [req-c7e45276-56b3-4dda-885f-35b2ab74fa3c req-c7e45276-56b3-4dda-885f-35b2ab74fa3c ] Request (ServersWithSpecificFlavorTestJSON:tearDownClass): 204 DELETE http://10.180.1.21/identity/v3/projects/ec9d5ea9fca1457f9de28a37e9a224ca 0.082s
2024-10-08 23:38:08.259 62463 INFO tempest.lib.common.dynamic_creds [-] Deleting project and security group for project: 10b50e1c46fe45e9ac2bbd824a417123
2024-10-08 23:38:08.269 62433 INFO tempest.lib.common.rest_client [req-3633a6b3-3fb8-49d9-b6a1-23a8be416b77 req-3633a6b3-3fb8-49d9-b6a1-23a8be416b77 ] Request (MultipleCreateTestJSON:test_multiple_create): 200 GET http://10.180.1.21/compute/v2.1/servers/0b090f00-8eb5-435f-a1ca-05fa5acdeaaf 0.337s
2024-10-08 23:38:08.276 62433 INFO tempest.common.waiters [-] State transition "BUILD/networking" ==> "BUILD/spawning" after 76 second wait
2024-10-08 23:38:08.297 62463 INFO tempest.lib.common.rest_client [req-c60e5e62-7b0a-45e4-af9d-3e6d920d6942 req-c60e5e62-7b0a-45e4-af9d-3e6d920d6942 ] Request (ServersWithSpecificFlavorTestJSON:tearDownClass): 200 GET http://10.180.1.21:9696/networking/v2.0/security-groups?tenant_id=10b50e1c46fe45e9ac2bbd824a417123&name=default 0.038s
2024-10-08 23:38:08.324 62485 INFO tempest.lib.common.rest_client [req-b79eeef2-9c91-4265-8f02-f806b01d8bf4 req-b79eeef2-9c91-4265-8f02-f806b01d8bf4 ] Request (ServerDiagnosticsTest:test_get_server_diagnostics): 200 GET http://10.180.1.21/compute/v2.1/servers/571b574b-27f2-4e95-9309-fd3097fb4f64 0.256s
2024-10-08 23:38:08.372 62477 INFO tempest.lib.common.rest_client [req-73afdec0-65c8-4348-b19f-16c6b729db0d req-73afdec0-65c8-4348-b19f-16c6b729db0d ] Request (SecurityGroupRulesNegativeTestJSON:test_create_security_group_rule_with_invalid_port_range): 200 POST http://10.180.1.21/compute/v2.1/os-security-groups 0.316s
2024-10-08 23:38:08.384 62463 INFO tempest.lib.common.rest_client [req-e85711a9-e198-43e5-bbeb-8f65cd8dd445 req-e85711a9-e198-43e5-bbeb-8f65cd8dd445 ] Request (ServersWithSpecificFlavorTestJSON:tearDownClass): 204 DELETE http://10.180.1.21:9696/networking/v2.0/security-groups/53f831c7-5e9c-41b4-9ea0-2a7ac0069b95 0.086s
2024-10-08 23:38:08.386 62455 INFO tempest.lib.common.rest_client [req-5b3d0880-756d-48ed-91f6-2cc150545f2b req-5b3d0880-756d-48ed-91f6-2cc150545f2b ] Request (ServerActionsTestOtherA:setUpClass): 200 GET http://10.180.1.21/compute/v2.1/servers/72514005-1023-4db6-9e51-9b0855083411 0.239s
2024-10-08 23:38:08.440 62439 INFO tempest.lib.common.rest_client [req-830baaff-8039-4475-8335-a303cec2a7bd req-830baaff-8039-4475-8335-a303cec2a7bd ] Request (ServerActionsTestOtherB:setUpClass): 200 GET http://10.180.1.21/compute/v2.1/servers/0a4a432d-a71a-4da7-be90-25dcec5a64c6 0.217s
2024-10-08 23:38:08.449 62449 INFO tempest.lib.common.rest_client [req-2160839b-93bc-4502-bd55-de160d6bc6ef req-2160839b-93bc-4502-bd55-de160d6bc6ef ] Request (ImagesNegativeTestJSON:test_create_image_from_deleted_server): 200 GET http://10.180.1.21/compute/v2.1/servers/186a2de8-2b9e-4c84-8502-cb0ed3b43123 0.171s
2024-10-08 23:38:08.487 62463 INFO tempest.lib.common.rest_client [req-c72ff0dd-d332-4c47-a6d1-ad585f93efc6 req-c72ff0dd-d332-4c47-a6d1-ad585f93efc6 ] Request (ServersWithSpecificFlavorTestJSON:tearDownClass): 204 DELETE http://10.180.1.21/identity/v3/projects/10b50e1c46fe45e9ac2bbd824a417123 0.102s
2024-10-08 23:38:08.508 62462 INFO tempest.lib.common.rest_client [req-d51bb43a-1c83-4855-866b-c4a7cd4734e0 req-d51bb43a-1c83-4855-866b-c4a7cd4734e0 ] Request (ServersTestMultiNic:test_verify_duplicate_network_nics): 200 GET http://10.180.1.21/compute/v2.1/servers/b0180c2b-8edf-4d15-8d12-c754b73f6030 0.165s
2024-10-08 23:38:08.528 62477 INFO tempest.lib.common.rest_client [req-19029ffa-fda1-45b2-8a5f-831ac980ae23 req-19029ffa-fda1-45b2-8a5f-831ac980ae23 ] Request (SecurityGroupRulesNegativeTestJSON:test_create_security_group_rule_with_invalid_port_range): 400 POST http://10.180.1.21/compute/v2.1/os-security-group-rules 0.154s
2024-10-08 23:38:08.543 62463 INFO tempest.lib.common.rest_client [req-243c4b2e-c18b-46c4-85fc-f2f3bec56373 req-243c4b2e-c18b-46c4-85fc-f2f3bec56373 ] Request (SecurityGroupsTestAdminJSON:setUpClass): 201 POST http://10.180.1.21/identity/v3/auth/tokens 0.054s
2024-10-08 23:38:08.559 62457 INFO tempest.lib.common.rest_client [req-eadb781c-adb3-4e03-8018-6edb3a14bfeb req-eadb781c-adb3-4e03-8018-6edb3a14bfeb ] Request (ServerDiagnosticsNegativeTest:test_get_server_diagnostics_by_non_admin): 200 GET http://10.180.1.21/compute/v2.1/servers/258ec37d-c791-4c43-8725-0f4b4bbf9b5b 0.153s
2024-10-08 23:38:08.580 62467 INFO tempest.lib.common.rest_client [req-e75ee3d9-9065-4b62-8a99-14052708c423 req-e75ee3d9-9065-4b62-8a99-14052708c423 ] Request (ServersTestFqdnHostnames:test_create_server_with_fqdn_name): 200 GET http://10.180.1.21/compute/v2.1/servers/9e573093-6434-452d-8025-4688d9f78c53 0.121s
2024-10-08 23:38:08.581 62463 INFO tempest.lib.common.rest_client [req-3a719b88-9636-4dba-9758-2bb1b17c6633 req-3a719b88-9636-4dba-9758-2bb1b17c6633 ] Request (SecurityGroupsTestAdminJSON:setUpClass): 201 POST http://10.180.1.21/identity/v3/auth/tokens 0.035s
2024-10-08 23:38:08.604 62447 INFO tempest.lib.common.rest_client [req-9271b92f-e4d4-41d1-bf0f-74b1ca6f3f8f req-9271b92f-e4d4-41d1-bf0f-74b1ca6f3f8f ] Request (ListServerFiltersTestJSON:setUpClass): 200 GET http://10.180.1.21/compute/v2.1/servers/48fe8f43-4ab9-41de-9b81-35b4438585ea 0.130s
2024-10-08 23:38:08.613 62463 INFO tempest.lib.common.rest_client [req-399cf403-8f10-4950-a5a3-d3631e87a23c req-399cf403-8f10-4950-a5a3-d3631e87a23c ] Request (SecurityGroupsTestAdminJSON:setUpClass): 200 GET http://10.180.1.21/identity/v3/domains?name=Default 0.031s
2024-10-08 23:38:08.634 62443 INFO tempest.lib.common.rest_client [req-5c52f044-24b2-459b-8a5d-ae2af6eb1278 req-5c52f044-24b2-459b-8a5d-ae2af6eb1278 ] Request (ImagesOneServerTestJSON:setUpClass): 200 GET http://10.180.1.21/compute/v2.1/servers/25e4a40e-c5a6-47f5-9e53-00d3073252fc 0.120s
2024-10-08 23:38:08.638 62463 INFO tempest.lib.common.rest_client [req-22bd0c33-9b0b-4736-b84b-470745cf989d req-22bd0c33-9b0b-4736-b84b-470745cf989d ] Request (SecurityGroupsTestAdminJSON:setUpClass): 201 POST http://10.180.1.21/identity/v3/projects 0.025s
2024-10-08 23:38:08.691 62469 INFO tempest.lib.common.rest_client [req-cd969419-480a-4365-8076-eded2ba77249 req-cd969419-480a-4365-8076-eded2ba77249 ] Request (ServerDiskConfigTestJSON:test_rebuild_server_with_auto_disk_config): 200 GET http://10.180.1.21/compute/v2.1/servers/63ed8992-0e8f-41ca-8b28-c0b2538ff61c 0.131s
2024-10-08 23:38:08.709 62463 INFO tempest.lib.common.rest_client [req-096d2fcc-ef1c-4089-8f84-775ebca43e8e req-096d2fcc-ef1c-4089-8f84-775ebca43e8e ] Request (SecurityGroupsTestAdminJSON:setUpClass): 201 POST http://10.180.1.21/identity/v3/users 0.069s
2024-10-08 23:38:08.729 62463 INFO tempest.lib.common.rest_client [req-dbf92636-1de6-4a0b-8021-c4087d324afc req-dbf92636-1de6-4a0b-8021-c4087d324afc ] Request (SecurityGroupsTestAdminJSON:setUpClass): 200 GET http://10.180.1.21/identity/v3/roles 0.020s
2024-10-08 23:38:08.753 62463 INFO tempest.lib.common.rest_client [req-13d4a6e8-f44f-47f6-9a05-138d3eeadd11 req-13d4a6e8-f44f-47f6-9a05-138d3eeadd11 ] Request (SecurityGroupsTestAdminJSON:setUpClass): 204 PUT http://10.180.1.21/identity/v3/projects/6643c1375fd04757a831f5a3b208b1f9/users/19e06ee2660e4e5d92307d5138969325/roles/54d0a4310c29440494b9ad45ea3e4514 0.023s
2024-10-08 23:38:08.753 62463 INFO tempest.lib.common.dynamic_creds [-] Dynamic test user 19e06ee2660e4e5d92307d5138969325 is created with scope project and roles: ['member']
2024-10-08 23:38:08.753 62463 INFO tempest.lib.common.dynamic_creds [-] Acquired dynamic creds: credentials: Credentials: {'domain_id': 'default', 'domain_name': 'Default', 'username': 'tempest-SecurityGroupsTestAdminJSON-969106849-project-member', 'project_domain_id': 'default', 'project_domain_name': 'Default', 'project_id': '6643c1375fd04757a831f5a3b208b1f9', 'project_name': 'tempest-SecurityGroupsTestAdminJSON-969106849', 'tenant_id': '6643c1375fd04757a831f5a3b208b1f9', 'tenant_name': 'tempest-SecurityGroupsTestAdminJSON-969106849', 'user_domain_id': 'default', 'user_domain_name': 'Default', 'user_id': '19e06ee2660e4e5d92307d5138969325', 'system': None}, Network: None, Subnet: None, Router: None
2024-10-08 23:38:08.754 62463 INFO tempest.lib.common.dynamic_creds [-] Created isolated network resources for: credentials: Credentials: {'domain_id': 'default', 'domain_name': 'Default', 'username': 'tempest-SecurityGroupsTestAdminJSON-969106849-project-member', 'project_domain_id': 'default', 'project_domain_name': 'Default', 'project_id': '6643c1375fd04757a831f5a3b208b1f9', 'project_name': 'tempest-SecurityGroupsTestAdminJSON-969106849', 'tenant_id': '6643c1375fd04757a831f5a3b208b1f9', 'tenant_name': 'tempest-SecurityGroupsTestAdminJSON-969106849', 'user_domain_id': 'default', 'user_domain_name': 'Default', 'user_id': '19e06ee2660e4e5d92307d5138969325', 'system': None}, Network: None, Subnet: None, Router: None
2024-10-08 23:38:08.759 62451 INFO tempest.lib.common.rest_client [req-3f96b372-0ed2-4201-aded-a7e10ba5305c req-3f96b372-0ed2-4201-aded-a7e10ba5305c ] Request (InstanceActionsNegativeTestJSON:setUpClass): 200 GET http://10.180.1.21/compute/v2.1/servers/12656a79-a836-452c-8f94-c8e142c9ec2f 0.166s
2024-10-08 23:38:08.826 62477 INFO tempest.lib.common.rest_client [req-19a88bd0-9f38-42ae-939c-b45941c01d57 req-19a88bd0-9f38-42ae-939c-b45941c01d57 ] Request (SecurityGroupRulesNegativeTestJSON:test_create_security_group_rule_with_invalid_to_port): 200 POST http://10.180.1.21/compute/v2.1/os-security-groups 0.296s
2024-10-08 23:38:08.829 62465 INFO tempest.lib.common.rest_client [req-fd202e90-67b9-4467-8bbe-888fe7d83413 req-fd202e90-67b9-4467-8bbe-888fe7d83413 ] Request (VolumesAdminNegativeTest:test_update_attached_volume_with_nonexistent_volume_in_body): 200 GET http://10.180.1.21/compute/v2.1/servers/f5a11b74-e1fe-44c0-bccb-5817bc582608 0.218s
2024-10-08 23:38:08.833 62463 INFO tempest.lib.common.rest_client [req-b22cc8c3-6f7a-46c5-ac29-b0118b0a3918 req-b22cc8c3-6f7a-46c5-ac29-b0118b0a3918 ] Request (SecurityGroupsTestAdminJSON:setUpClass): 201 POST http://10.180.1.21/identity/v3/auth/tokens 0.076s
2024-10-08 23:38:08.881 62481 INFO tempest.lib.common.rest_client [req-10634206-2b4a-4162-9ec2-0b27dca17c48 req-10634206-2b4a-4162-9ec2-0b27dca17c48 ] Request (AttachInterfacesTestJSON:test_create_list_show_delete_interfaces_by_network_port): 200 GET http://10.180.1.21/compute/v2.1/servers/a71fd192-f3b6-4f0f-900d-887d15f44d7a 0.234s
2024-10-08 23:38:08.889 62463 INFO tempest.lib.common.rest_client [req-20dc81cd-37ed-498c-879c-8a2a1c9ac9c8 req-20dc81cd-37ed-498c-879c-8a2a1c9ac9c8 ] Request (SecurityGroupsTestAdminJSON:setUpClass): 201 POST http://10.180.1.21/identity/v3/projects 0.055s
2024-10-08 23:38:08.890 62441 INFO tempest.lib.common.rest_client [req-8972c144-0893-495d-996b-3df72c4e71cc req-8972c144-0893-495d-996b-3df72c4e71cc ] Request (ServerMetadataNegativeTestJSON:setUpClass): 200 GET http://10.180.1.21/compute/v2.1/servers/19326d9f-5f3a-4756-874f-d4d3ce25f8e8 0.224s
2024-10-08 23:38:08.935 62463 INFO tempest.lib.common.rest_client [req-298d3650-e7c3-4399-9883-6494712b3941 req-298d3650-e7c3-4399-9883-6494712b3941 ] Request (SecurityGroupsTestAdminJSON:setUpClass): 201 POST http://10.180.1.21/identity/v3/users 0.046s
2024-10-08 23:38:08.945 62489 INFO tempest.lib.common.rest_client [req-d5811451-adbd-476f-aed2-08abd4ee93eb req-d5811451-adbd-476f-aed2-08abd4ee93eb ] Request (FloatingIPsAssociationTestJSON:setUpClass): 200 GET http://10.180.1.21/compute/v2.1/servers/4a2b5dbe-ed48-40b6-ba72-a06b14e31696 0.225s
2024-10-08 23:38:08.951 62463 INFO tempest.lib.common.rest_client [req-1ecdb5bc-f27b-4d08-9b87-d0c385bad8a6 req-1ecdb5bc-f27b-4d08-9b87-d0c385bad8a6 ] Request (SecurityGroupsTestAdminJSON:setUpClass): 200 GET http://10.180.1.21/identity/v3/roles 0.016s
2024-10-08 23:38:08.952 62471 INFO tempest.lib.common.rest_client [req-27333c35-40ce-4da8-93de-2e5eb1fa5b02 req-27333c35-40ce-4da8-93de-2e5eb1fa5b02 ] Request (ServerTagsTestJSON:setUpClass): 200 GET http://10.180.1.21/compute/v2.1/servers/0ab619ea-755b-4d71-9c12-0eeda0b42a39 0.226s
2024-10-08 23:38:08.979 62463 INFO tempest.lib.common.rest_client [req-79d976cf-1228-4280-8dbe-45c7ab650694 req-79d976cf-1228-4280-8dbe-45c7ab650694 ] Request (SecurityGroupsTestAdminJSON:setUpClass): 204 PUT http://10.180.1.21/identity/v3/projects/bb29db5543dd433abbe3ac669d22a897/users/9af5b492deb04489be9e885852416eee/roles/6994445279344e22bcc307a53ed937fa 0.027s
2024-10-08 23:38:09.015 62487 INFO tempest.lib.common.rest_client [req-03b54f41-6810-4a93-9c22-9aedfddded42 req-03b54f41-6810-4a93-9c22-9aedfddded42 ] Request (ServersTestJSON:setUpClass): 200 GET http://10.180.1.21/compute/v2.1/servers/39d5f95c-7c98-4263-a46e-948d2e3d31ce 0.217s
2024-10-08 23:38:09.022 62463 INFO tempest.lib.common.rest_client [req-f5239bc6-4c72-4f05-b573-36ec8a17c7c1 req-f5239bc6-4c72-4f05-b573-36ec8a17c7c1 ] Request (SecurityGroupsTestAdminJSON:setUpClass): 200 GET http://10.180.1.21/identity/v3/roles 0.043s
2024-10-08 23:38:09.037 62477 INFO tempest.lib.common.rest_client [req-9d0f0d7b-5b63-4713-8dfd-78a2575e6fdf req-9d0f0d7b-5b63-4713-8dfd-78a2575e6fdf ] Request (SecurityGroupRulesNegativeTestJSON:test_create_security_group_rule_with_invalid_to_port): 400 POST http://10.180.1.21/compute/v2.1/os-security-group-rules 0.204s
2024-10-08 23:38:09.044 62463 INFO tempest.lib.common.rest_client [req-14b76e14-1ad7-44f3-9180-31876851201c req-14b76e14-1ad7-44f3-9180-31876851201c ] Request (SecurityGroupsTestAdminJSON:setUpClass): 204 PUT http://10.180.1.21/identity/v3/projects/bb29db5543dd433abbe3ac669d22a897/users/9af5b492deb04489be9e885852416eee/roles/6994445279344e22bcc307a53ed937fa 0.021s
2024-10-08 23:38:09.044 62463 INFO tempest.lib.common.dynamic_creds [-] Dynamic test user 9af5b492deb04489be9e885852416eee is created with scope project and roles: ['admin']
2024-10-08 23:38:09.044 62463 INFO tempest.lib.common.dynamic_creds [-] Acquired dynamic creds: credentials: Credentials: {'domain_id': 'default', 'domain_name': 'Default', 'username': 'tempest-SecurityGroupsTestAdminJSON-1674025623-project-admin', 'project_domain_id': 'default', 'project_domain_name': 'Default', 'project_id': 'bb29db5543dd433abbe3ac669d22a897', 'project_name': 'tempest-SecurityGroupsTestAdminJSON-1674025623', 'tenant_id': 'bb29db5543dd433abbe3ac669d22a897', 'tenant_name': 'tempest-SecurityGroupsTestAdminJSON-1674025623', 'user_domain_id': 'default', 'user_domain_name': 'Default', 'user_id': '9af5b492deb04489be9e885852416eee', 'system': None}, Network: None, Subnet: None, Router: None
2024-10-08 23:38:09.044 62463 INFO tempest.lib.common.dynamic_creds [-] Created isolated network resources for: credentials: Credentials: {'domain_id': 'default', 'domain_name': 'Default', 'username': 'tempest-SecurityGroupsTestAdminJSON-1674025623-project-admin', 'project_domain_id': 'default', 'project_domain_name': 'Default', 'project_id': 'bb29db5543dd433abbe3ac669d22a897', 'project_name': 'tempest-SecurityGroupsTestAdminJSON-1674025623', 'tenant_id': 'bb29db5543dd433abbe3ac669d22a897', 'tenant_name': 'tempest-SecurityGroupsTestAdminJSON-1674025623', 'user_domain_id': 'default', 'user_domain_name': 'Default', 'user_id': '9af5b492deb04489be9e885852416eee', 'system': None}, Network: None, Subnet: None, Router: None
2024-10-08 23:38:09.075 62453 INFO tempest.lib.common.rest_client [req-861456e5-c240-4ddc-b123-4d80a2a796aa req-861456e5-c240-4ddc-b123-4d80a2a796aa ] Request (AttachInterfacesUnderV243Test:test_add_remove_fixed_ip): 200 GET http://10.180.1.21/compute/v2.1/servers/47409cd0-db33-4a94-b806-1799a6f7e98f 0.203s
2024-10-08 23:38:09.108 62491 INFO tempest.lib.common.rest_client [req-c6b2b785-a846-4dfb-8586-90236e3b0c91 req-c6b2b785-a846-4dfb-8586-90236e3b0c91 ] Request (MigrationsAdminTest:test_resize_server_revert_deleted_flavor): 200 GET http://10.180.1.21/compute/v2.1/servers/d52bfb49-beb0-4bfe-b3bb-45132c210065 0.165s
2024-10-08 23:38:09.117 62463 INFO tempest.lib.common.rest_client [req-9ed03130-0ec6-423d-a7e4-5ea9defb8793 req-9ed03130-0ec6-423d-a7e4-5ea9defb8793 ] Request (SecurityGroupsTestAdminJSON:setUpClass): 201 POST http://10.180.1.21/identity/v3/auth/tokens 0.070s
2024-10-08 23:38:09.130 62445 INFO tempest.lib.common.rest_client [req-9e8bd0ab-b0f5-4112-af4b-091ac0cd7a1b req-9e8bd0ab-b0f5-4112-af4b-091ac0cd7a1b ] Request (ImagesTestJSON:test_create_image_from_stopped_server): 200 GET http://10.180.1.21/compute/v2.1/servers/5e264b99-8025-471a-bc6b-238f1bca054c 0.150s
2024-10-08 23:38:09.160 62435 INFO tempest.lib.common.rest_client [req-9d6f0da6-0f8f-464e-ba75-22291630f10e req-9d6f0da6-0f8f-464e-ba75-22291630f10e ] Request (ServerShowV254Test:test_rebuild_server): 200 GET http://10.180.1.21/compute/v2.1/servers/bcb11a72-4394-42a2-9a9f-295adc1abcd0 0.159s
2024-10-08 23:38:09.182 62477 INFO tempest.lib.common.rest_client [req-b56c96ac-cf56-4a3f-9e1d-2c1864534c96 req-b56c96ac-cf56-4a3f-9e1d-2c1864534c96 ] Request (SecurityGroupRulesNegativeTestJSON:test_create_security_group_rule_with_non_existent_id): 404 POST http://10.180.1.21/compute/v2.1/os-security-group-rules 0.142s
2024-10-08 23:38:09.183 62493 INFO tempest.lib.common.rest_client [req-6ff519cc-5f0f-4423-aceb-fb0c80f06d07 req-6ff519cc-5f0f-4423-aceb-fb0c80f06d07 ] Request (ServerAddressesNegativeTestJSON:setUpClass): 200 GET http://10.180.1.21/compute/v2.1/servers/7cbaf88d-f7fb-4fbe-bca0-2e83a3341463 0.151s
2024-10-08 23:38:09.216 62459 INFO tempest.lib.common.rest_client [req-1a715915-6707-495b-b889-e35a561d115e req-1a715915-6707-495b-b889-e35a561d115e ] Request (ServerActionsV293TestJSON:setUpClass): 200 GET http://10.180.1.21/volume/v3/53d52da8765c4d69b803b4f18d0d9bc2/volumes/e1a1d343-79bf-455c-8446-09fa8e9f2035 0.025s
2024-10-08 23:38:09.234 62473 INFO tempest.lib.common.rest_client [req-7f3ee97c-a456-489a-8dae-ca20885a3b1c req-7f3ee97c-a456-489a-8dae-ca20885a3b1c ] Request (ServersTestBootFromVolume:setUpClass): 200 GET http://10.180.1.21/compute/v2.1/servers/6c675e27-0de4-46bc-8017-5ee43e2efa5c 0.155s
2024-10-08 23:38:09.281 62480 INFO tempest.lib.common.rest_client [req-74e06541-b123-4825-abf8-4a67bacb0deb req-74e06541-b123-4825-abf8-4a67bacb0deb ] Request (ServerShowV247Test:test_update_rebuild_list_server): 200 GET http://10.180.1.21/compute/v2.1/servers/ce74983e-8347-425c-967a-6a78a7daa701 0.146s
2024-10-08 23:38:09.303 62477 INFO tempest.lib.common.rest_client [req-2922cc3b-a35b-49a2-a41f-4801b06e41dc req-2922cc3b-a35b-49a2-a41f-4801b06e41dc ] Request (SecurityGroupRulesNegativeTestJSON:test_delete_security_group_rule_with_non_existent_id): 404 DELETE http://10.180.1.21/compute/v2.1/os-security-group-rules/fdd790ad-e3c4-494c-a8a0-59aef2c15ac5 0.118s
2024-10-08 23:38:09.353 62495 INFO tempest.lib.common.rest_client [req-33b46b85-6dae-4aa1-bb04-7d2072978f39 req-33b46b85-6dae-4aa1-bb04-7d2072978f39 ] Request (AttachInterfacesV270Test:test_create_get_list_interfaces): 200 GET http://10.180.1.21/compute/v2.1/servers/7cccaaf2-f17d-426d-9340-e33260235706 0.163s
2024-10-08 23:38:09.401 62433 INFO tempest.lib.common.rest_client [req-942421dd-680f-47db-a7d1-019199cf0782 req-942421dd-680f-47db-a7d1-019199cf0782 ] Request (MultipleCreateTestJSON:test_multiple_create): 200 GET http://10.180.1.21/compute/v2.1/servers/0b090f00-8eb5-435f-a1ca-05fa5acdeaaf 0.123s
2024-10-08 23:38:09.471 62463 INFO tempest.lib.common.rest_client [req-e2074807-714f-451c-9886-90187cc876f4 req-e2074807-714f-451c-9886-90187cc876f4 ] Request (SecurityGroupsTestAdminJSON:test_list_security_groups_list_all_tenants_filter): 200 POST http://10.180.1.21/compute/v2.1/os-security-groups 0.352s
2024-10-08 23:38:09.531 62485 INFO tempest.lib.common.rest_client [req-7a23631c-ff80-47d6-8ac8-a88dcc8b6c39 req-7a23631c-ff80-47d6-8ac8-a88dcc8b6c39 ] Request (ServerDiagnosticsTest:test_get_server_diagnostics): 200 GET http://10.180.1.21/compute/v2.1/servers/571b574b-27f2-4e95-9309-fd3097fb4f64 0.198s
2024-10-08 23:38:09.585 62477 INFO tempest.lib.common.rest_client [req-2ab215d1-4340-49f1-8592-b7869841db91 req-2ab215d1-4340-49f1-8592-b7869841db91 ] Request (SecurityGroupRulesNegativeTestJSON:tearDownClass): 202 DELETE http://10.180.1.21/compute/v2.1/os-security-groups/d8c11dbd-c0ff-4d10-9966-8b11c82812c2 0.280s
2024-10-08 23:38:09.588 62455 INFO tempest.lib.common.rest_client [req-3494a5c5-7ff0-4976-b284-b185d3148b9c req-3494a5c5-7ff0-4976-b284-b185d3148b9c ] Request (ServerActionsTestOtherA:setUpClass): 200 GET http://10.180.1.21/compute/v2.1/servers/72514005-1023-4db6-9e51-9b0855083411 0.194s
2024-10-08 23:38:09.640 62439 INFO tempest.lib.common.rest_client [req-a67981ec-a14e-407a-b77b-8fb4c716a572 req-a67981ec-a14e-407a-b77b-8fb4c716a572 ] Request (ServerActionsTestOtherB:setUpClass): 200 GET http://10.180.1.21/compute/v2.1/servers/0a4a432d-a71a-4da7-be90-25dcec5a64c6 0.190s
2024-10-08 23:38:09.642 62449 INFO tempest.lib.common.rest_client [req-218b73cc-1185-4027-a5c9-c6f86e85eae4 req-218b73cc-1185-4027-a5c9-c6f86e85eae4 ] Request (ImagesNegativeTestJSON:test_create_image_from_deleted_server): 200 GET http://10.180.1.21/compute/v2.1/servers/186a2de8-2b9e-4c84-8502-cb0ed3b43123 0.185s
2024-10-08 23:38:09.698 62462 INFO tempest.lib.common.rest_client [req-489b181c-62b1-48fc-aa76-9629d4aa8752 req-489b181c-62b1-48fc-aa76-9629d4aa8752 ] Request (ServersTestMultiNic:test_verify_duplicate_network_nics): 200 GET http://10.180.1.21/compute/v2.1/servers/b0180c2b-8edf-4d15-8d12-c754b73f6030 0.183s
2024-10-08 23:38:09.749 62457 INFO tempest.lib.common.rest_client [req-bc046a38-f9e9-4beb-baae-dadbbce50409 req-bc046a38-f9e9-4beb-baae-dadbbce50409 ] Request (ServerDiagnosticsNegativeTest:test_get_server_diagnostics_by_non_admin): 200 GET http://10.180.1.21/compute/v2.1/servers/258ec37d-c791-4c43-8725-0f4b4bbf9b5b 0.181s
2024-10-08 23:38:09.763 62463 INFO tempest.lib.common.rest_client [req-6800dada-d361-4578-8124-6a3b87eda150 req-6800dada-d361-4578-8124-6a3b87eda150 ] Request (SecurityGroupsTestAdminJSON:test_list_security_groups_list_all_tenants_filter): 200 POST http://10.180.1.21/compute/v2.1/os-security-groups 0.288s
2024-10-08 23:38:09.822 62467 INFO tempest.lib.common.rest_client [req-6e3fbf70-9707-4058-8ea0-a06126db654b req-6e3fbf70-9707-4058-8ea0-a06126db654b ] Request (ServersTestFqdnHostnames:test_create_server_with_fqdn_name): 200 GET http://10.180.1.21/compute/v2.1/servers/9e573093-6434-452d-8025-4688d9f78c53 0.234s
2024-10-08 23:38:09.865 62447 INFO tempest.lib.common.rest_client [req-862cf0ee-e8cf-4547-9550-7462b43869ad req-862cf0ee-e8cf-4547-9550-7462b43869ad ] Request (ListServerFiltersTestJSON:setUpClass): 200 GET http://10.180.1.21/compute/v2.1/servers/48fe8f43-4ab9-41de-9b81-35b4438585ea 0.253s
2024-10-08 23:38:09.872 62477 INFO tempest.lib.common.rest_client [req-c3d631e7-5e45-4537-af20-c3e254ca5c1e req-c3d631e7-5e45-4537-af20-c3e254ca5c1e ] Request (SecurityGroupRulesNegativeTestJSON:tearDownClass): 202 DELETE http://10.180.1.21/compute/v2.1/os-security-groups/570d91f1-7437-4741-8106-6fc25cc8cd4d 0.286s
2024-10-08 23:38:09.906 62443 INFO tempest.lib.common.rest_client [req-5a7a5532-eeb4-44c8-adb6-08224582cfd1 req-5a7a5532-eeb4-44c8-adb6-08224582cfd1 ] Request (ImagesOneServerTestJSON:setUpClass): 200 GET http://10.180.1.21/compute/v2.1/servers/25e4a40e-c5a6-47f5-9e53-00d3073252fc 0.263s
2024-10-08 23:38:09.916 62469 INFO tempest.lib.common.rest_client [req-d0b8a422-4744-4fef-8920-d322ed00d1cd req-d0b8a422-4744-4fef-8920-d322ed00d1cd ] Request (ServerDiskConfigTestJSON:test_rebuild_server_with_auto_disk_config): 200 GET http://10.180.1.21/compute/v2.1/servers/63ed8992-0e8f-41ca-8b28-c0b2538ff61c 0.218s
2024-10-08 23:38:09.965 62451 INFO tempest.lib.common.rest_client [req-f7f01830-2d03-4300-b99b-30e4bfb9b45e req-f7f01830-2d03-4300-b99b-30e4bfb9b45e ] Request (InstanceActionsNegativeTestJSON:setUpClass): 200 GET http://10.180.1.21/compute/v2.1/servers/12656a79-a836-452c-8f94-c8e142c9ec2f 0.195s
2024-10-08 23:38:10.010 62465 INFO tempest.lib.common.rest_client [req-f4091f5c-2e77-448c-8a32-acc1a893e4f3 req-f4091f5c-2e77-448c-8a32-acc1a893e4f3 ] Request (VolumesAdminNegativeTest:test_update_attached_volume_with_nonexistent_volume_in_body): 200 GET http://10.180.1.21/compute/v2.1/servers/f5a11b74-e1fe-44c0-bccb-5817bc582608 0.172s
2024-10-08 23:38:10.152 62463 INFO tempest.lib.common.rest_client [req-98703fda-89b3-4d4f-8cf1-93f5cb6dbc08 req-98703fda-89b3-4d4f-8cf1-93f5cb6dbc08 ] Request (SecurityGroupsTestAdminJSON:test_list_security_groups_list_all_tenants_filter): 200 POST http://10.180.1.21/compute/v2.1/os-security-groups 0.386s
2024-10-08 23:38:10.166 62477 INFO tempest.lib.common.rest_client [req-e244562c-5090-4587-84e8-4285dac9c1c4 req-e244562c-5090-4587-84e8-4285dac9c1c4 ] Request (SecurityGroupRulesNegativeTestJSON:tearDownClass): 202 DELETE http://10.180.1.21/compute/v2.1/os-security-groups/c670c483-c4aa-4310-988e-172a8cab99d9 0.294s
2024-10-08 23:38:10.202 62481 INFO tempest.lib.common.rest_client [req-ce2ddeb4-b591-42cf-85f5-cbd612b9ba96 req-ce2ddeb4-b591-42cf-85f5-cbd612b9ba96 ] Request (AttachInterfacesTestJSON:test_create_list_show_delete_interfaces_by_network_port): 200 GET http://10.180.1.21/compute/v2.1/servers/a71fd192-f3b6-4f0f-900d-887d15f44d7a 0.311s
2024-10-08 23:38:10.209 62441 INFO tempest.lib.common.rest_client [req-5a649836-ec37-48df-8d0b-6a835a980cf5 req-5a649836-ec37-48df-8d0b-6a835a980cf5 ] Request (ServerMetadataNegativeTestJSON:setUpClass): 200 GET http://10.180.1.21/compute/v2.1/servers/19326d9f-5f3a-4756-874f-d4d3ce25f8e8 0.311s
2024-10-08 23:38:10.247 62459 INFO tempest.lib.common.rest_client [req-e3672e49-a6b4-474b-8a74-d0bc11fe4c2b req-e3672e49-a6b4-474b-8a74-d0bc11fe4c2b ] Request (ServerActionsV293TestJSON:setUpClass): 200 GET http://10.180.1.21/volume/v3/53d52da8765c4d69b803b4f18d0d9bc2/volumes/e1a1d343-79bf-455c-8446-09fa8e9f2035 0.024s
2024-10-08 23:38:10.255 62489 INFO tempest.lib.common.rest_client [req-fa5fa671-80a9-4170-b179-985a003b5c5c req-fa5fa671-80a9-4170-b179-985a003b5c5c ] Request (FloatingIPsAssociationTestJSON:setUpClass): 200 GET http://10.180.1.21/compute/v2.1/servers/4a2b5dbe-ed48-40b6-ba72-a06b14e31696 0.298s
2024-10-08 23:38:10.263 62471 INFO tempest.lib.common.rest_client [req-f8cf2608-fc8b-43a4-9e67-1fbc2d566e69 req-f8cf2608-fc8b-43a4-9e67-1fbc2d566e69 ] Request (ServerTagsTestJSON:setUpClass): 200 GET http://10.180.1.21/compute/v2.1/servers/0ab619ea-755b-4d71-9c12-0eeda0b42a39 0.302s
2024-10-08 23:38:10.307 62487 INFO tempest.lib.common.rest_client [req-f4356a17-0381-4d80-96b1-13daf2c374bc req-f4356a17-0381-4d80-96b1-13daf2c374bc ] Request (ServersTestJSON:setUpClass): 200 GET http://10.180.1.21/compute/v2.1/servers/39d5f95c-7c98-4263-a46e-948d2e3d31ce 0.279s
2024-10-08 23:38:10.311 62453 INFO tempest.lib.common.rest_client [req-48dc2a79-a8b8-4d22-9b4d-dae140ad3fc5 req-48dc2a79-a8b8-4d22-9b4d-dae140ad3fc5 ] Request (AttachInterfacesUnderV243Test:test_add_remove_fixed_ip): 200 GET http://10.180.1.21/compute/v2.1/servers/47409cd0-db33-4a94-b806-1799a6f7e98f 0.229s
2024-10-08 23:38:10.354 62491 INFO tempest.lib.common.rest_client [req-5b132127-dd80-46ed-af4d-a8cf26c33e3b req-5b132127-dd80-46ed-af4d-a8cf26c33e3b ] Request (MigrationsAdminTest:test_resize_server_revert_deleted_flavor): 200 GET http://10.180.1.21/compute/v2.1/servers/d52bfb49-beb0-4bfe-b3bb-45132c210065 0.237s
2024-10-08 23:38:10.358 62445 INFO tempest.lib.common.rest_client [req-5b0d2f1f-b42d-48b0-8f3d-a0869366f3be req-5b0d2f1f-b42d-48b0-8f3d-a0869366f3be ] Request (ImagesTestJSON:test_create_image_from_stopped_server): 200 GET http://10.180.1.21/compute/v2.1/servers/5e264b99-8025-471a-bc6b-238f1bca054c 0.219s
2024-10-08 23:38:10.508 62463 INFO tempest.lib.common.rest_client [req-d3e2f9e3-b0c4-479b-b4b8-5165cb790e21 req-d3e2f9e3-b0c4-479b-b4b8-5165cb790e21 ] Request (SecurityGroupsTestAdminJSON:test_list_security_groups_list_all_tenants_filter): 200 POST http://10.180.1.21/compute/v2.1/os-security-groups 0.353s
2024-10-08 23:38:10.517 62477 INFO tempest.lib.common.rest_client [req-40ce411a-5727-40f1-92ce-3f0fb4d6552e req-40ce411a-5727-40f1-92ce-3f0fb4d6552e ] Request (SecurityGroupRulesNegativeTestJSON:tearDownClass): 202 DELETE http://10.180.1.21/compute/v2.1/os-security-groups/edac41f6-d592-4a41-89ff-a4f1a8a7c75d 0.350s
2024-10-08 23:38:10.559 62435 INFO tempest.lib.common.rest_client [req-ce3c8225-1e56-4ea6-be18-359d83c0d951 req-ce3c8225-1e56-4ea6-be18-359d83c0d951 ] Request (ServerShowV254Test:test_rebuild_server): 200 GET http://10.180.1.21/compute/v2.1/servers/bcb11a72-4394-42a2-9a9f-295adc1abcd0 0.391s
2024-10-08 23:38:10.563 62493 INFO tempest.lib.common.rest_client [req-1efbf1e5-362a-4489-b9a0-15be005b12a4 req-1efbf1e5-362a-4489-b9a0-15be005b12a4 ] Request (ServerAddressesNegativeTestJSON:setUpClass): 200 GET http://10.180.1.21/compute/v2.1/servers/7cbaf88d-f7fb-4fbe-bca0-2e83a3341463 0.370s
2024-10-08 23:38:10.608 62473 INFO tempest.lib.common.rest_client [req-4f3fe70b-cf9f-453b-b109-4907172ad933 req-4f3fe70b-cf9f-453b-b109-4907172ad933 ] Request (ServersTestBootFromVolume:setUpClass): 200 GET http://10.180.1.21/compute/v2.1/servers/6c675e27-0de4-46bc-8017-5ee43e2efa5c 0.367s
2024-10-08 23:38:10.610 62480 INFO tempest.lib.common.rest_client [req-8fb30818-57d9-4048-ba51-311af7ccb51a req-8fb30818-57d9-4048-ba51-311af7ccb51a ] Request (ServerShowV247Test:test_update_rebuild_list_server): 200 GET http://10.180.1.21/compute/v2.1/servers/ce74983e-8347-425c-967a-6a78a7daa701 0.321s
2024-10-08 23:38:10.671 62433 INFO tempest.lib.common.rest_client [req-1ad1dfd3-6566-4823-a241-45d91540f13a req-1ad1dfd3-6566-4823-a241-45d91540f13a ] Request (MultipleCreateTestJSON:test_multiple_create): 200 GET http://10.180.1.21/compute/v2.1/servers/0b090f00-8eb5-435f-a1ca-05fa5acdeaaf 0.263s
2024-10-08 23:38:10.671 62495 INFO tempest.lib.common.rest_client [req-30a43ff1-608d-40ad-b99c-92c541f6e153 req-30a43ff1-608d-40ad-b99c-92c541f6e153 ] Request (AttachInterfacesV270Test:test_create_get_list_interfaces): 200 GET http://10.180.1.21/compute/v2.1/servers/7cccaaf2-f17d-426d-9340-e33260235706 0.310s
2024-10-08 23:38:11.074 62477 INFO tempest.lib.common.rest_client [req-9cae16a0-9f8e-4c4d-a698-e23d2d441bb0 req-9cae16a0-9f8e-4c4d-a698-e23d2d441bb0 ] Request (SecurityGroupRulesNegativeTestJSON:tearDownClass): 202 DELETE http://10.180.1.21/compute/v2.1/os-security-groups/820a7ae9-c852-4753-93d5-a4071054bb38 0.556s
2024-10-08 23:38:11.148 62485 INFO tempest.lib.common.rest_client [req-e1abb7f0-66c5-4a39-a4e2-41ef3c0c28e6 req-e1abb7f0-66c5-4a39-a4e2-41ef3c0c28e6 ] Request (ServerDiagnosticsTest:test_get_server_diagnostics): 200 GET http://10.180.1.21/compute/v2.1/servers/571b574b-27f2-4e95-9309-fd3097fb4f64 0.610s
2024-10-08 23:38:11.201 62455 INFO tempest.lib.common.rest_client [req-9757cad1-4357-4acb-a14b-c9fc0c8f5846 req-9757cad1-4357-4acb-a14b-c9fc0c8f5846 ] Request (ServerActionsTestOtherA:setUpClass): 200 GET http://10.180.1.21/compute/v2.1/servers/72514005-1023-4db6-9e51-9b0855083411 0.607s
2024-10-08 23:38:11.251 62439 INFO tempest.lib.common.rest_client [req-ba4b0919-4b0c-41d4-904b-44160f1e3f42 req-ba4b0919-4b0c-41d4-904b-44160f1e3f42 ] Request (ServerActionsTestOtherB:setUpClass): 200 GET http://10.180.1.21/compute/v2.1/servers/0a4a432d-a71a-4da7-be90-25dcec5a64c6 0.603s
2024-10-08 23:38:11.284 62459 INFO tempest.lib.common.rest_client [req-fbd8a396-679f-42c3-8e75-f7cf14f8bd92 req-fbd8a396-679f-42c3-8e75-f7cf14f8bd92 ] Request (ServerActionsV293TestJSON:setUpClass): 200 GET http://10.180.1.21/volume/v3/53d52da8765c4d69b803b4f18d0d9bc2/volumes/e1a1d343-79bf-455c-8446-09fa8e9f2035 0.029s
2024-10-08 23:38:11.291 62459 INFO tempest.common.waiters [-] volume e1a1d343-79bf-455c-8446-09fa8e9f2035 reached available after waiting for 18.291090 seconds
2024-10-08 23:38:11.301 62449 INFO tempest.lib.common.rest_client [req-572050ce-389e-4996-9e4f-4fdd985b7495 req-572050ce-389e-4996-9e4f-4fdd985b7495 ] Request (ImagesNegativeTestJSON:test_create_image_from_deleted_server): 200 GET http://10.180.1.21/compute/v2.1/servers/186a2de8-2b9e-4c84-8502-cb0ed3b43123 0.652s
2024-10-08 23:38:11.350 62462 INFO tempest.lib.common.rest_client [req-c221cea3-4986-462b-8861-8c6cdad617b4 req-c221cea3-4986-462b-8861-8c6cdad617b4 ] Request (ServersTestMultiNic:test_verify_duplicate_network_nics): 200 GET http://10.180.1.21/compute/v2.1/servers/b0180c2b-8edf-4d15-8d12-c754b73f6030 0.645s
2024-10-08 23:38:11.397 62457 INFO tempest.lib.common.rest_client [req-b59dae64-2e4f-4cc5-8fc6-8221c37ff62a req-b59dae64-2e4f-4cc5-8fc6-8221c37ff62a ] Request (ServerDiagnosticsNegativeTest:test_get_server_diagnostics_by_non_admin): 200 GET http://10.180.1.21/compute/v2.1/servers/258ec37d-c791-4c43-8725-0f4b4bbf9b5b 0.640s
2024-10-08 23:38:11.465 62467 INFO tempest.lib.common.rest_client [req-b7cacf93-2dd2-4be3-b7ad-899b3c92ffbb req-b7cacf93-2dd2-4be3-b7ad-899b3c92ffbb ] Request (ServersTestFqdnHostnames:test_create_server_with_fqdn_name): 200 GET http://10.180.1.21/compute/v2.1/servers/9e573093-6434-452d-8025-4688d9f78c53 0.636s
2024-10-08 23:38:11.525 62447 INFO tempest.lib.common.rest_client [req-623cd5db-d002-4820-a749-a8c2aeeb3770 req-623cd5db-d002-4820-a749-a8c2aeeb3770 ] Request (ListServerFiltersTestJSON:setUpClass): 200 GET http://10.180.1.21/compute/v2.1/servers/48fe8f43-4ab9-41de-9b81-35b4438585ea 0.653s
2024-10-08 23:38:11.576 62443 INFO tempest.lib.common.rest_client [req-a0a38dd7-4e02-41ec-9fcb-f86542e9f31e req-a0a38dd7-4e02-41ec-9fcb-f86542e9f31e ] Request (ImagesOneServerTestJSON:setUpClass): 200 GET http://10.180.1.21/compute/v2.1/servers/25e4a40e-c5a6-47f5-9e53-00d3073252fc 0.662s
2024-10-08 23:38:11.623 62469 INFO tempest.lib.common.rest_client [req-603623af-18b6-4070-9863-a2195f5483bc req-603623af-18b6-4070-9863-a2195f5483bc ] Request (ServerDiskConfigTestJSON:test_rebuild_server_with_auto_disk_config): 200 GET http://10.180.1.21/compute/v2.1/servers/63ed8992-0e8f-41ca-8b28-c0b2538ff61c 0.700s
2024-10-08 23:38:11.700 62451 INFO tempest.lib.common.rest_client [req-8139b052-1c65-441b-aa35-9d696df65154 req-8139b052-1c65-441b-aa35-9d696df65154 ] Request (InstanceActionsNegativeTestJSON:setUpClass): 200 GET http://10.180.1.21/compute/v2.1/servers/12656a79-a836-452c-8f94-c8e142c9ec2f 0.726s
2024-10-08 23:38:11.773 62465 INFO tempest.lib.common.rest_client [req-8721d80c-a8b5-47e8-9af5-21e4a1b12cb2 req-8721d80c-a8b5-47e8-9af5-21e4a1b12cb2 ] Request (VolumesAdminNegativeTest:test_update_attached_volume_with_nonexistent_volume_in_body): 200 GET http://10.180.1.21/compute/v2.1/servers/f5a11b74-e1fe-44c0-bccb-5817bc582608 0.756s
2024-10-08 23:38:11.827 62481 INFO tempest.lib.common.rest_client [req-fb212725-2260-49b0-8de1-50951ce08ee1 req-fb212725-2260-49b0-8de1-50951ce08ee1 ] Request (AttachInterfacesTestJSON:test_create_list_show_delete_interfaces_by_network_port): 200 GET http://10.180.1.21/compute/v2.1/servers/a71fd192-f3b6-4f0f-900d-887d15f44d7a 0.618s
2024-10-08 23:38:11.869 62477 INFO tempest.lib.common.rest_client [req-a9fd7623-92f7-4ef8-b408-569d1ac23643 req-a9fd7623-92f7-4ef8-b408-569d1ac23643 ] Request (SecurityGroupRulesNegativeTestJSON:tearDownClass): 200 PUT http://10.180.1.21:9696/networking/v2.0/routers/b7f8692c-a6e1-4651-b846-01a13242adae/remove_router_interface 0.794s
2024-10-08 23:38:11.879 62441 INFO tempest.lib.common.rest_client [req-17e104db-0b1f-4315-85ad-f27511724ae3 req-17e104db-0b1f-4315-85ad-f27511724ae3 ] Request (ServerMetadataNegativeTestJSON:setUpClass): 200 GET http://10.180.1.21/compute/v2.1/servers/19326d9f-5f3a-4756-874f-d4d3ce25f8e8 0.662s
2024-10-08 23:38:11.939 62489 INFO tempest.lib.common.rest_client [req-8b073ffb-613a-479e-8c61-3cc8fa8210e0 req-8b073ffb-613a-479e-8c61-3cc8fa8210e0 ] Request (FloatingIPsAssociationTestJSON:setUpClass): 200 GET http://10.180.1.21/compute/v2.1/servers/4a2b5dbe-ed48-40b6-ba72-a06b14e31696 0.677s
2024-10-08 23:38:11.991 62471 INFO tempest.lib.common.rest_client [req-2d1db0a8-e3d2-4732-a2b0-e3dca40849d8 req-2d1db0a8-e3d2-4732-a2b0-e3dca40849d8 ] Request (ServerTagsTestJSON:setUpClass): 200 GET http://10.180.1.21/compute/v2.1/servers/0ab619ea-755b-4d71-9c12-0eeda0b42a39 0.719s
2024-10-08 23:38:12.205 62477 INFO tempest.lib.common.rest_client [req-bd8d6f93-6ed9-45ee-9741-df1b3bfc3157 req-bd8d6f93-6ed9-45ee-9741-df1b3bfc3157 ] Request (SecurityGroupRulesNegativeTestJSON:tearDownClass): 204 DELETE http://10.180.1.21:9696/networking/v2.0/routers/b7f8692c-a6e1-4651-b846-01a13242adae 0.335s
2024-10-08 23:38:12.301 62477 INFO tempest.lib.common.rest_client [req-40f26390-109b-410b-ba77-8a636d0a2e94 req-40f26390-109b-410b-ba77-8a636d0a2e94 ] Request (SecurityGroupRulesNegativeTestJSON:tearDownClass): 204 DELETE http://10.180.1.21:9696/networking/v2.0/subnets/6baf0110-5bf2-459c-9543-abaea600de7f 0.096s
2024-10-08 23:38:12.524 62477 INFO tempest.lib.common.rest_client [req-6c1832f0-b8f4-4df9-b454-8d32e8334650 req-6c1832f0-b8f4-4df9-b454-8d32e8334650 ] Request (SecurityGroupRulesNegativeTestJSON:tearDownClass): 204 DELETE http://10.180.1.21:9696/networking/v2.0/networks/fca4c83e-0a6e-4d86-b193-f86d72d1057f 0.222s
2024-10-08 23:38:12.545 62459 INFO tempest.lib.common.rest_client [req-fda08738-2af5-42a6-8b20-b437e9405d40 req-fda08738-2af5-42a6-8b20-b437e9405d40 ] Request (ServerActionsV293TestJSON:setUpClass): 202 POST http://10.180.1.21/compute/v2.1/servers 1.254s
2024-10-08 23:38:12.629 62487 INFO tempest.lib.common.rest_client [req-5851f006-9699-4f37-a972-bc1fb61a0b74 req-5851f006-9699-4f37-a972-bc1fb61a0b74 ] Request (ServersTestJSON:setUpClass): 200 GET http://10.180.1.21/compute/v2.1/servers/39d5f95c-7c98-4263-a46e-948d2e3d31ce 1.315s
2024-10-08 23:38:12.659 62477 INFO tempest.lib.common.rest_client [req-a134d340-55b4-4608-a19b-0ca5277cc32b req-a134d340-55b4-4608-a19b-0ca5277cc32b ] Request (SecurityGroupRulesNegativeTestJSON:tearDownClass): 204 DELETE http://10.180.1.21/identity/v3/users/d3402506d4ae4abdb56e6aea4e221b17 0.135s
2024-10-08 23:38:12.659 62477 INFO tempest.lib.common.dynamic_creds [-] Deleting project and security group for project: 6d74582ccb6f44998d11702f4d239083
2024-10-08 23:38:12.694 62453 INFO tempest.lib.common.rest_client [req-6fbdc473-a600-492a-8ddc-04b67a79bd38 req-6fbdc473-a600-492a-8ddc-04b67a79bd38 ] Request (AttachInterfacesUnderV243Test:test_add_remove_fixed_ip): 200 GET http://10.180.1.21/compute/v2.1/servers/47409cd0-db33-4a94-b806-1799a6f7e98f 1.376s
2024-10-08 23:38:12.700 62477 INFO tempest.lib.common.rest_client [req-37bf5854-5cda-4d1f-9560-7f33162c9811 req-37bf5854-5cda-4d1f-9560-7f33162c9811 ] Request (SecurityGroupRulesNegativeTestJSON:tearDownClass): 200 GET http://10.180.1.21:9696/networking/v2.0/security-groups?tenant_id=6d74582ccb6f44998d11702f4d239083&name=default 0.040s
2024-10-08 23:38:12.761 62491 INFO tempest.lib.common.rest_client [req-893a192c-fb21-4b15-b7b0-65698a9929ae req-893a192c-fb21-4b15-b7b0-65698a9929ae ] Request (MigrationsAdminTest:test_resize_server_revert_deleted_flavor): 200 GET http://10.180.1.21/compute/v2.1/servers/d52bfb49-beb0-4bfe-b3bb-45132c210065 1.401s
2024-10-08 23:38:12.814 62445 INFO tempest.lib.common.rest_client [req-b27b27a1-a033-4afa-a643-95c0c6602527 req-b27b27a1-a033-4afa-a643-95c0c6602527 ] Request (ImagesTestJSON:test_create_image_from_stopped_server): 200 GET http://10.180.1.21/compute/v2.1/servers/5e264b99-8025-471a-bc6b-238f1bca054c 1.449s
2024-10-08 23:38:12.819 62477 INFO tempest.lib.common.rest_client [req-679f5539-2622-42c4-a0ed-58e1b27f441b req-679f5539-2622-42c4-a0ed-58e1b27f441b ] Request (SecurityGroupRulesNegativeTestJSON:tearDownClass): 204 DELETE http://10.180.1.21:9696/networking/v2.0/security-groups/b8961230-e77a-4a28-aaf0-649d6aa3ea1a 0.119s
2024-10-08 23:38:12.823 62445 INFO tempest.common.waiters [-] State transition "BUILD/scheduling" ==> "BUILD/None" after 70 second wait
2024-10-08 23:38:12.864 62435 INFO tempest.lib.common.rest_client [req-7d20feb0-8d22-492c-8471-41c1e7116083 req-7d20feb0-8d22-492c-8471-41c1e7116083 ] Request (ServerShowV254Test:test_rebuild_server): 200 GET http://10.180.1.21/compute/v2.1/servers/bcb11a72-4394-42a2-9a9f-295adc1abcd0 1.297s
2024-10-08 23:38:12.907 62477 INFO tempest.lib.common.rest_client [req-97cf83e8-d2ec-40a0-b958-f035c751f8ad req-97cf83e8-d2ec-40a0-b958-f035c751f8ad ] Request (SecurityGroupRulesNegativeTestJSON:tearDownClass): 204 DELETE http://10.180.1.21/identity/v3/projects/6d74582ccb6f44998d11702f4d239083 0.088s
2024-10-08 23:38:12.912 62493 INFO tempest.lib.common.rest_client [req-b0ce9dba-e51c-42ad-a7ed-80800bfa386c req-b0ce9dba-e51c-42ad-a7ed-80800bfa386c ] Request (ServerAddressesNegativeTestJSON:setUpClass): 200 GET http://10.180.1.21/compute/v2.1/servers/7cbaf88d-f7fb-4fbe-bca0-2e83a3341463 1.341s
2024-10-08 23:38:12.964 62477 INFO tempest.lib.common.rest_client [req-9a187707-0564-4543-bed5-ed7950aba02c req-9a187707-0564-4543-bed5-ed7950aba02c ] Request (SecurityGroupsTestJSON:setUpClass): 201 POST http://10.180.1.21/identity/v3/auth/tokens 0.055s
2024-10-08 23:38:12.970 62473 INFO tempest.lib.common.rest_client [req-ed1d0c88-964d-47e0-b283-69c859b005ee req-ed1d0c88-964d-47e0-b283-69c859b005ee ] Request (ServersTestBootFromVolume:setUpClass): 200 GET http://10.180.1.21/compute/v2.1/servers/6c675e27-0de4-46bc-8017-5ee43e2efa5c 1.355s
2024-10-08 23:38:12.976 62473 INFO tempest.common.waiters [-] State transition "BUILD/spawning" ==> "ERROR/None" after 91 second wait
2024-10-08 23:38:12.992 62477 INFO tempest.lib.common.rest_client [req-9e02a1c2-42f8-4784-977d-8d18c89edbeb req-9e02a1c2-42f8-4784-977d-8d18c89edbeb ] Request (SecurityGroupsTestJSON:setUpClass): 201 POST http://10.180.1.21/identity/v3/auth/tokens 0.025s
2024-10-08 23:38:13.022 62477 INFO tempest.lib.common.rest_client [req-b5582ef2-a6c0-492d-81d0-c7a0999beef3 req-b5582ef2-a6c0-492d-81d0-c7a0999beef3 ] Request (SecurityGroupsTestJSON:setUpClass): 200 GET http://10.180.1.21/identity/v3/domains?name=Default 0.029s
2024-10-08 23:38:13.024 62480 INFO tempest.lib.common.rest_client [req-8294b781-635a-4f4b-b740-1a0cf47d24f4 req-8294b781-635a-4f4b-b740-1a0cf47d24f4 ] Request (ServerShowV247Test:test_update_rebuild_list_server): 200 GET http://10.180.1.21/compute/v2.1/servers/ce74983e-8347-425c-967a-6a78a7daa701 1.405s
2024-10-08 23:38:13.054 62477 INFO tempest.lib.common.rest_client [req-37ea0779-7b6b-4407-a271-1d615cdd41c6 req-37ea0779-7b6b-4407-a271-1d615cdd41c6 ] Request (SecurityGroupsTestJSON:setUpClass): 201 POST http://10.180.1.21/identity/v3/projects 0.031s
2024-10-08 23:38:13.077 62433 INFO tempest.lib.common.rest_client [req-fbbcef92-dac3-4339-9c6b-5ce1684229ae req-fbbcef92-dac3-4339-9c6b-5ce1684229ae ] Request (MultipleCreateTestJSON:test_multiple_create): 200 GET http://10.180.1.21/compute/v2.1/servers/0b090f00-8eb5-435f-a1ca-05fa5acdeaaf 1.397s
2024-10-08 23:38:13.107 62477 INFO tempest.lib.common.rest_client [req-ffbe3438-502a-4980-bd35-138a23818143 req-ffbe3438-502a-4980-bd35-138a23818143 ] Request (SecurityGroupsTestJSON:setUpClass): 201 POST http://10.180.1.21/identity/v3/users 0.052s
2024-10-08 23:38:13.132 62495 INFO tempest.lib.common.rest_client [req-64b8380f-1b77-4b4d-9ff4-3f40d15fffa8 req-64b8380f-1b77-4b4d-9ff4-3f40d15fffa8 ] Request (AttachInterfacesV270Test:test_create_get_list_interfaces): 200 GET http://10.180.1.21/compute/v2.1/servers/7cccaaf2-f17d-426d-9340-e33260235706 1.451s
2024-10-08 23:38:13.136 62477 INFO tempest.lib.common.rest_client [req-8161f7bf-c19f-4b60-bc51-334e459abbf9 req-8161f7bf-c19f-4b60-bc51-334e459abbf9 ] Request (SecurityGroupsTestJSON:setUpClass): 200 GET http://10.180.1.21/identity/v3/roles 0.029s
2024-10-08 23:38:13.176 62477 INFO tempest.lib.common.rest_client [req-5a529398-2f8d-464d-95d5-e2a89fd2386d req-5a529398-2f8d-464d-95d5-e2a89fd2386d ] Request (SecurityGroupsTestJSON:setUpClass): 204 PUT http://10.180.1.21/identity/v3/projects/286b300e98e244eb8693bb0f3174c121/users/53cab7fd384749deb5c7f6e3faa03b1b/roles/54d0a4310c29440494b9ad45ea3e4514 0.039s
2024-10-08 23:38:13.176 62477 INFO tempest.lib.common.dynamic_creds [-] Dynamic test user 53cab7fd384749deb5c7f6e3faa03b1b is created with scope project and roles: ['member']
