2024-10-08 23:36:13.499 62441 INFO tempest.lib.common.rest_client [req-f03931f8-9a2d-4897-b6f8-fbd8bc30d4d9 req-f03931f8-9a2d-4897-b6f8-fbd8bc30d4d9 ] Request (ServersTestManualDisk:setUpClass): 201 POST http://10.180.1.21/identity/v3/projects 0.134s
2024-10-08 23:36:13.519 62463 INFO tempest.lib.common.rest_client [req-c52c67ed-a46f-4c4c-8265-69a6bc10129c req-c52c67ed-a46f-4c4c-8265-69a6bc10129c ] Request (ServersWithSpecificFlavorTestJSON:setUpClass): 201 POST http://10.180.1.21:9696/networking/v2.0/routers 1.589s
2024-10-08 23:36:13.632 62447 INFO tempest.lib.common.rest_client [req-2c78ea60-c066-44a7-aef6-b46e5b067a7c req-2c78ea60-c066-44a7-aef6-b46e5b067a7c ] Request (InstanceUsageAuditLogNegativeTestJSON:test_get_instance_usage_audit_logs_with_invalid_time): 400 GET http://10.180.1.21/compute/v2.1/os-instance_usage_audit_log/invalid_time 2.039s
2024-10-08 23:36:13.645 62467 INFO tempest.lib.common.rest_client [req-5086bae4-73f7-41f9-8777-99777b4ee09a req-5086bae4-73f7-41f9-8777-99777b4ee09a ] Request (ServerExternalEventsTest:test_create_server_external_events): 202 POST http://10.180.1.21/compute/v2.1/servers 2.548s
2024-10-08 23:36:13.647 62493 INFO tempest.lib.common.rest_client [req-a34cda9f-7533-495f-aa2d-e48d14408e31 req-a34cda9f-7533-495f-aa2d-e48d14408e31 ] Request (AZAdminV2TestJSON:tearDownClass): 204 DELETE http://10.180.1.21/identity/v3/users/a5baad484d244d2c82cd8a5313f43d4d 0.252s
2024-10-08 23:36:13.673 62435 INFO tempest.lib.common.rest_client [req-65cea7bf-34ea-4a17-b972-99829b553cff req-65cea7bf-34ea-4a17-b972-99829b553cff ] Request (QuotasAdminTestJSON:setUpClass): 200 GET http://10.180.1.21/identity/v3/roles 0.234s
2024-10-08 23:36:13.721 62495 INFO tempest.lib.common.rest_client [req-ced29c20-1a4e-40fd-8f06-c467ebcc77ac req-ced29c20-1a4e-40fd-8f06-c467ebcc77ac ] Request (ServersAdminNegativeTestJSON:setUpClass): 201 POST http://10.180.1.21/identity/v3/auth/tokens 0.279s
2024-10-08 23:36:13.736 62437 INFO tempest.lib.common.rest_client [req-649a2dd5-e137-47c1-8384-86cf4002a329 req-649a2dd5-e137-47c1-8384-86cf4002a329 ] Request (ServersListShow296Test:setUpClass): 204 PUT http://10.180.1.21/identity/v3/projects/bf7b20110cbf4b8fa73dc61c1de55daa/users/bc513f0e72b346ad9e1aaed7b0474d26/roles/54d0a4310c29440494b9ad45ea3e4514 0.255s
2024-10-08 23:36:13.736 62437 INFO tempest.lib.common.dynamic_creds [-] Dynamic test user bc513f0e72b346ad9e1aaed7b0474d26 is created with scope project and roles: ['member']
2024-10-08 23:36:13.736 62437 INFO tempest.lib.common.dynamic_creds [-] Acquired dynamic creds: credentials: Credentials: {'domain_id': 'default', 'domain_name': 'Default', 'username': 'tempest-ServersListShow296Test-1648664135-project-member', 'project_domain_id': 'default', 'project_domain_name': 'Default', 'project_id': 'bf7b20110cbf4b8fa73dc61c1de55daa', 'project_name': 'tempest-ServersListShow296Test-1648664135', 'tenant_id': 'bf7b20110cbf4b8fa73dc61c1de55daa', 'tenant_name': 'tempest-ServersListShow296Test-1648664135', 'user_domain_id': 'default', 'user_domain_name': 'Default', 'user_id': 'bc513f0e72b346ad9e1aaed7b0474d26', 'system': None}, Network: None, Subnet: None, Router: None
2024-10-08 23:36:13.737 62437 INFO tempest.lib.common.dynamic_creds [-] Created isolated network resources for: credentials: Credentials: {'domain_id': 'default', 'domain_name': 'Default', 'username': 'tempest-ServersListShow296Test-1648664135-project-member', 'project_domain_id': 'default', 'project_domain_name': 'Default', 'project_id': 'bf7b20110cbf4b8fa73dc61c1de55daa', 'project_name': 'tempest-ServersListShow296Test-1648664135', 'tenant_id': 'bf7b20110cbf4b8fa73dc61c1de55daa', 'tenant_name': 'tempest-ServersListShow296Test-1648664135', 'user_domain_id': 'default', 'user_domain_name': 'Default', 'user_id': 'bc513f0e72b346ad9e1aaed7b0474d26', 'system': None}, Network: None, Subnet: None, Router: None
2024-10-08 23:36:13.746 62439 INFO tempest.lib.common.rest_client [req-b7598fbe-8e84-4569-bcd9-e8b7aa099ad6 req-b7598fbe-8e84-4569-bcd9-e8b7aa099ad6 ] Request (ServersAdminTestJSON:setUpClass): 204 PUT http://10.180.1.21/identity/v3/projects/792ea2ce3bb84477a98f0dbf3b6a9608/users/9f61a5ad3f134ba39ca786d255b0e7df/roles/6994445279344e22bcc307a53ed937fa 0.254s
2024-10-08 23:36:13.747 62439 INFO tempest.lib.common.dynamic_creds [-] Dynamic test user 9f61a5ad3f134ba39ca786d255b0e7df is created with scope project and roles: ['admin']
2024-10-08 23:36:13.747 62439 INFO tempest.lib.common.dynamic_creds [-] Acquired dynamic creds: credentials: Credentials: {'domain_id': 'default', 'domain_name': 'Default', 'username': 'tempest-ServersAdminTestJSON-287546750-project-admin', 'project_domain_id': 'default', 'project_domain_name': 'Default', 'project_id': '792ea2ce3bb84477a98f0dbf3b6a9608', 'project_name': 'tempest-ServersAdminTestJSON-287546750', 'tenant_id': '792ea2ce3bb84477a98f0dbf3b6a9608', 'tenant_name': 'tempest-ServersAdminTestJSON-287546750', 'user_domain_id': 'default', 'user_domain_name': 'Default', 'user_id': '9f61a5ad3f134ba39ca786d255b0e7df', 'system': None}, Network: None, Subnet: None, Router: None
2024-10-08 23:36:13.830 62441 INFO tempest.lib.common.rest_client [req-545d1b2a-b77a-492c-ae9b-7a7f929c75c1 req-545d1b2a-b77a-492c-ae9b-7a7f929c75c1 ] Request (ServersTestManualDisk:setUpClass): 201 POST http://10.180.1.21/identity/v3/users 0.331s
2024-10-08 23:36:13.923 62493 INFO tempest.lib.common.rest_client [req-baa15335-ca18-4416-b892-01d6b9a18cd0 req-baa15335-ca18-4416-b892-01d6b9a18cd0 ] Request (AZAdminV2TestJSON:tearDownClass): 204 DELETE http://10.180.1.21/identity/v3/users/f46c5d232ea0465883d224f54b071b93 0.275s
2024-10-08 23:36:13.923 62493 INFO tempest.lib.common.dynamic_creds [-] Deleting project and security group for project: 13349a2190994e2ba09b1bf4ea53c7ff
2024-10-08 23:36:13.928 62473 INFO tempest.lib.common.rest_client [req-30c9d2bc-e671-4dde-a8e0-ec10cd11e2fb req-30c9d2bc-e671-4dde-a8e0-ec10cd11e2fb ] Request (ServersTestBootFromVolume:setUpClass): 200 POST http://10.180.1.21/compute/v2.1/os-keypairs 2.060s
2024-10-08 23:36:13.936 62435 INFO tempest.lib.common.rest_client [req-835f22df-84b6-4f7a-a132-94064f7f8564 req-835f22df-84b6-4f7a-a132-94064f7f8564 ] Request (QuotasAdminTestJSON:setUpClass): 204 PUT http://10.180.1.21/identity/v3/projects/4ff5738e2865412dadef9b3ccce52fda/users/14d22f0dee794f03a316567553223837/roles/6994445279344e22bcc307a53ed937fa 0.263s
2024-10-08 23:36:13.936 62435 INFO tempest.lib.common.dynamic_creds [-] Dynamic test user 14d22f0dee794f03a316567553223837 is created with scope project and roles: ['admin']
2024-10-08 23:36:13.936 62435 INFO tempest.lib.common.dynamic_creds [-] Acquired dynamic creds: credentials: Credentials: {'domain_id': 'default', 'domain_name': 'Default', 'username': 'tempest-QuotasAdminTestJSON-1117700398-project-admin', 'project_domain_id': 'default', 'project_domain_name': 'Default', 'project_id': '4ff5738e2865412dadef9b3ccce52fda', 'project_name': 'tempest-QuotasAdminTestJSON-1117700398', 'tenant_id': '4ff5738e2865412dadef9b3ccce52fda', 'tenant_name': 'tempest-QuotasAdminTestJSON-1117700398', 'user_domain_id': 'default', 'user_domain_name': 'Default', 'user_id': '14d22f0dee794f03a316567553223837', 'system': None}, Network: None, Subnet: None, Router: None
2024-10-08 23:36:13.936 62435 INFO tempest.lib.common.dynamic_creds [-] Created isolated network resources for: credentials: Credentials: {'domain_id': 'default', 'domain_name': 'Default', 'username': 'tempest-QuotasAdminTestJSON-1117700398-project-admin', 'project_domain_id': 'default', 'project_domain_name': 'Default', 'project_id': '4ff5738e2865412dadef9b3ccce52fda', 'project_name': 'tempest-QuotasAdminTestJSON-1117700398', 'tenant_id': '4ff5738e2865412dadef9b3ccce52fda', 'tenant_name': 'tempest-QuotasAdminTestJSON-1117700398', 'user_domain_id': 'default', 'user_domain_name': 'Default', 'user_id': '14d22f0dee794f03a316567553223837', 'system': None}, Network: None, Subnet: None, Router: None
2024-10-08 23:36:13.947 62469 INFO tempest.lib.common.rest_client [req-927c30e8-001b-4c5b-be53-d13292127b8c req-927c30e8-001b-4c5b-be53-d13292127b8c ] Request (FlavorsV2TestJSON:test_list_flavors_filter_by_min_ram): 200 GET http://10.180.1.21/compute/v2.1/flavors/42 2.045s
2024-10-08 23:36:13.958 62455 INFO tempest.lib.common.rest_client [req-bb3d7c06-0512-4717-94ed-ea10407bdd2c req-bb3d7c06-0512-4717-94ed-ea10407bdd2c ] Request (KeyPairsV22TestJSON:_run_cleanups): 204 DELETE http://10.180.1.21/compute/v2.1/os-keypairs/tempest-KeyPairsV22TestJSON-keypair-604842018 2.047s
2024-10-08 23:36:13.979 62433 INFO tempest.lib.common.rest_client [req-4ce32ca8-0076-470d-990b-20ee00d938d9 req-4ce32ca8-0076-470d-990b-20ee00d938d9 ] Request (FlavorsExtraSpecsTestJSON:test_flavor_non_admin_get_specific_key): 200 POST http://10.180.1.21/compute/v2.1/flavors/1977748412/os-extra_specs 2.049s
2024-10-08 23:36:14.004 62489 INFO tempest.lib.common.rest_client [req-4a089962-4a48-492f-bbff-7918d472fc55 req-4a089962-4a48-492f-bbff-7918d472fc55 ] Request (HostsAdminTestJSON:test_list_hosts_with_nonexistent_zone): 200 GET http://10.180.1.21/compute/v2.1/os-hosts?zone=xxx 2.060s
2024-10-08 23:36:14.012 62437 INFO tempest.lib.common.rest_client [req-29537151-59ef-4339-b455-efaf3867bc1f req-29537151-59ef-4339-b455-efaf3867bc1f ] Request (ServersListShow296Test:setUpClass): 201 POST http://10.180.1.21/identity/v3/auth/tokens 0.229s
2024-10-08 23:36:14.023 62495 INFO tempest.lib.common.rest_client [req-bb18abf8-50a8-4ceb-8e06-6cea1edce87a req-bb18abf8-50a8-4ceb-8e06-6cea1edce87a ] Request (ServersAdminNegativeTestJSON:setUpClass): 201 POST http://10.180.1.21/identity/v3/projects 0.301s
2024-10-08 23:36:14.064 62441 INFO tempest.lib.common.rest_client [req-dc7f433c-61f8-474a-a2a7-b5142bf1acc5 req-dc7f433c-61f8-474a-a2a7-b5142bf1acc5 ] Request (ServersTestManualDisk:setUpClass): 200 GET http://10.180.1.21/identity/v3/roles 0.233s
2024-10-08 23:36:14.076 62493 INFO tempest.lib.common.rest_client [req-58d1f487-6efb-4f16-a083-5e8672e7b58f req-58d1f487-6efb-4f16-a083-5e8672e7b58f ] Request (AZAdminV2TestJSON:tearDownClass): 201 POST http://10.180.1.21/identity/v3/auth/tokens 0.152s
2024-10-08 23:36:14.133 62435 INFO tempest.lib.common.rest_client [req-490d3a55-6e91-4b0c-ba9a-ac5517ead11e req-490d3a55-6e91-4b0c-ba9a-ac5517ead11e ] Request (QuotasAdminTestJSON:setUpClass): 201 POST http://10.180.1.21/identity/v3/auth/tokens 0.193s
2024-10-08 23:36:14.134 62435 WARNING tempest.lib.common.rest_client [-] Deprecated: "tenant_id" property is deprecated for removal, use "project_id" instead
2024-10-08 23:36:14.175 62495 INFO tempest.lib.common.rest_client [req-73a13ef5-a1c7-4875-81f4-81a1c63afa48 req-73a13ef5-a1c7-4875-81f4-81a1c63afa48 ] Request (ServersAdminNegativeTestJSON:setUpClass): 201 POST http://10.180.1.21/identity/v3/users 0.151s
2024-10-08 23:36:14.198 62437 INFO tempest.lib.common.rest_client [req-10f89288-fedb-43f3-951c-86e7003aab7f req-10f89288-fedb-43f3-951c-86e7003aab7f ] Request (ServersListShow296Test:test_list_show_server_296): 201 POST http://10.180.1.21/identity/v3/auth/tokens 0.182s
2024-10-08 23:36:14.198 62437 INFO tempest.lib.common.fixed_network [-] (ServersListShow296Test:test_list_show_server_296) Found network None available for tenant
2024-10-08 23:36:14.206 62441 INFO tempest.lib.common.rest_client [req-ffa86a9c-532e-489a-9dd9-77c6efe23d69 req-ffa86a9c-532e-489a-9dd9-77c6efe23d69 ] Request (ServersTestManualDisk:setUpClass): 204 PUT http://10.180.1.21/identity/v3/projects/d2c9a16c9e034bfe940de3c83f7462b7/users/62a3822ba1f8458da3f69319712759eb/roles/54d0a4310c29440494b9ad45ea3e4514 0.141s
2024-10-08 23:36:14.206 62441 INFO tempest.lib.common.dynamic_creds [-] Dynamic test user 62a3822ba1f8458da3f69319712759eb is created with scope project and roles: ['member']
2024-10-08 23:36:14.206 62441 INFO tempest.lib.common.dynamic_creds [-] Acquired dynamic creds: credentials: Credentials: {'domain_id': 'default', 'domain_name': 'Default', 'username': 'tempest-ServersTestManualDisk-462903361-project-member', 'project_domain_id': 'default', 'project_domain_name': 'Default', 'project_id': 'd2c9a16c9e034bfe940de3c83f7462b7', 'project_name': 'tempest-ServersTestManualDisk-462903361', 'tenant_id': 'd2c9a16c9e034bfe940de3c83f7462b7', 'tenant_name': 'tempest-ServersTestManualDisk-462903361', 'user_domain_id': 'default', 'user_domain_name': 'Default', 'user_id': '62a3822ba1f8458da3f69319712759eb', 'system': None}, Network: None, Subnet: None, Router: None
2024-10-08 23:36:14.212 62473 INFO tempest.lib.common.rest_client [req-9216bc81-f6cb-45a7-989f-ba530e9711b7 req-9216bc81-f6cb-45a7-989f-ba530e9711b7 ] Request (ServersTestBootFromVolume:setUpClass): 201 POST http://10.180.1.21:9696/networking/v2.0/security-groups 0.282s
2024-10-08 23:36:14.252 62495 INFO tempest.lib.common.rest_client [req-7de81fa9-3855-462e-b0dd-c363497ddc38 req-7de81fa9-3855-462e-b0dd-c363497ddc38 ] Request (ServersAdminNegativeTestJSON:setUpClass): 200 GET http://10.180.1.21/identity/v3/roles 0.076s
2024-10-08 23:36:14.280 62441 INFO tempest.lib.common.rest_client [req-4a04f04d-2d93-4607-9720-006ffa4f4072 req-4a04f04d-2d93-4607-9720-006ffa4f4072 ] Request (ServersTestManualDisk:setUpClass): 201 POST http://10.180.1.21/identity/v3/auth/tokens 0.073s
2024-10-08 23:36:14.310 62495 INFO tempest.lib.common.rest_client [req-b4e6ebfd-1b13-4f62-9cd2-00dc6cc07756 req-b4e6ebfd-1b13-4f62-9cd2-00dc6cc07756 ] Request (ServersAdminNegativeTestJSON:setUpClass): 204 PUT http://10.180.1.21/identity/v3/projects/9de5929901c7447b995fa2f700fba068/users/b76d60acb37545f6a9e1c0a67eeb1671/roles/6994445279344e22bcc307a53ed937fa 0.057s
2024-10-08 23:36:14.335 62439 INFO tempest.lib.common.rest_client [req-08213a14-107c-4394-8e3d-982347847614 req-08213a14-107c-4394-8e3d-982347847614 ] Request (ServersAdminTestJSON:setUpClass): 201 POST http://10.180.1.21:9696/networking/v2.0/networks 0.584s
2024-10-08 23:36:14.367 62491 INFO tempest.lib.common.rest_client [req-d630e941-cc8c-4b9a-9f3a-3fe56f1bf92d req-d630e941-cc8c-4b9a-9f3a-3fe56f1bf92d ] Request (MigrationsAdminTest:test_list_migrations_in_flavor_resize_situation): 202 POST http://10.180.1.21/compute/v2.1/servers 2.562s
2024-10-08 23:36:14.372 62495 INFO tempest.lib.common.rest_client [req-65a5a8ce-17be-4132-b1ac-98a464f5de20 req-65a5a8ce-17be-4132-b1ac-98a464f5de20 ] Request (ServersAdminNegativeTestJSON:setUpClass): 200 GET http://10.180.1.21/identity/v3/roles 0.062s
2024-10-08 23:36:14.398 62495 INFO tempest.lib.common.rest_client [req-17c722d6-917c-41e2-aaad-79de4800d19c req-17c722d6-917c-41e2-aaad-79de4800d19c ] Request (ServersAdminNegativeTestJSON:setUpClass): 204 PUT http://10.180.1.21/identity/v3/projects/9de5929901c7447b995fa2f700fba068/users/b76d60acb37545f6a9e1c0a67eeb1671/roles/6994445279344e22bcc307a53ed937fa 0.026s
2024-10-08 23:36:14.398 62495 INFO tempest.lib.common.dynamic_creds [-] Dynamic test user b76d60acb37545f6a9e1c0a67eeb1671 is created with scope project and roles: ['admin']
2024-10-08 23:36:14.398 62495 INFO tempest.lib.common.dynamic_creds [-] Acquired dynamic creds: credentials: Credentials: {'domain_id': 'default', 'domain_name': 'Default', 'username': 'tempest-ServersAdminNegativeTestJSON-1013635751-project-admin', 'project_domain_id': 'default', 'project_domain_name': 'Default', 'project_id': '9de5929901c7447b995fa2f700fba068', 'project_name': 'tempest-ServersAdminNegativeTestJSON-1013635751', 'tenant_id': '9de5929901c7447b995fa2f700fba068', 'tenant_name': 'tempest-ServersAdminNegativeTestJSON-1013635751', 'user_domain_id': 'default', 'user_domain_name': 'Default', 'user_id': 'b76d60acb37545f6a9e1c0a67eeb1671', 'system': None}, Network: None, Subnet: None, Router: None
2024-10-08 23:36:14.398 62495 INFO tempest.lib.common.dynamic_creds [-] Created isolated network resources for: credentials: Credentials: {'domain_id': 'default', 'domain_name': 'Default', 'username': 'tempest-ServersAdminNegativeTestJSON-1013635751-project-admin', 'project_domain_id': 'default', 'project_domain_name': 'Default', 'project_id': '9de5929901c7447b995fa2f700fba068', 'project_name': 'tempest-ServersAdminNegativeTestJSON-1013635751', 'tenant_id': '9de5929901c7447b995fa2f700fba068', 'tenant_name': 'tempest-ServersAdminNegativeTestJSON-1013635751', 'user_domain_id': 'default', 'user_domain_name': 'Default', 'user_id': 'b76d60acb37545f6a9e1c0a67eeb1671', 'system': None}, Network: None, Subnet: None, Router: None
2024-10-08 23:36:14.493 62495 INFO tempest.lib.common.rest_client [req-7c1f2c71-cd6b-452b-8ea6-a4118959dfab req-7c1f2c71-cd6b-452b-8ea6-a4118959dfab ] Request (ServersAdminNegativeTestJSON:setUpClass): 201 POST http://10.180.1.21/identity/v3/auth/tokens 0.091s
2024-10-08 23:36:14.553 62495 INFO tempest.lib.common.rest_client [req-bad2e066-5bef-4094-8e22-07040a1c30ee req-bad2e066-5bef-4094-8e22-07040a1c30ee ] Request (ServersAdminNegativeTestJSON:setUpClass): 201 POST http://10.180.1.21/identity/v3/auth/tokens 0.055s
2024-10-08 23:36:14.553 62495 INFO tempest.lib.common.fixed_network [-] (ServersAdminNegativeTestJSON:setUpClass) Found network None available for tenant
2024-10-08 23:36:14.567 62443 INFO tempest.lib.common.rest_client [req-d1b4d565-6242-4bbb-98dc-9cd85f4f5a95 req-d1b4d565-6242-4bbb-98dc-9cd85f4f5a95 ] Request (NetworksTest:test_list_all_networks): 200 GET http://10.180.1.21/compute/v2.1/os-networks 2.326s
2024-10-08 23:36:14.602 62481 INFO tempest.lib.common.rest_client [req-52bd5101-112f-4940-91f9-ccc3794aa8f0 req-52bd5101-112f-4940-91f9-ccc3794aa8f0 ] Request (FlavorsV261TestJSON:test_crud_flavor): 200 PUT http://10.180.1.21/compute/v2.1/flavors/1754134567 1.990s
2024-10-08 23:36:14.608 62475 INFO tempest.lib.common.rest_client [req-65db0a5d-8d57-4b99-a77c-560690b3e83c req-65db0a5d-8d57-4b99-a77c-560690b3e83c ] Request (HostsAdminNegativeTestJSON:test_show_host_detail_with_non_admin_user): 403 GET http://10.180.1.21/compute/v2.1/os-hosts/devstack 1.987s
2024-10-08 23:36:14.638 62451 INFO tempest.lib.common.rest_client [req-d22797d3-77c2-45c1-a63d-cfb8aab389a8 req-d22797d3-77c2-45c1-a63d-cfb8aab389a8 ] Request (FlavorMetadataValidation:_run_cleanups): 202 DELETE http://10.180.1.21/compute/v2.1/flavors/975376806 1.923s
2024-10-08 23:36:14.690 62443 INFO tempest.lib.common.rest_client [req-3828d0fa-3ae6-4c55-9133-2f7c6fdcd11a req-3828d0fa-3ae6-4c55-9133-2f7c6fdcd11a ] Request (NetworksTest:tearDownClass): 204 DELETE http://10.180.1.21/identity/v3/users/2758b178640e4be998c5b89fbe6eafd6 0.121s
2024-10-08 23:36:14.741 62449 INFO tempest.lib.common.rest_client [req-b9b6d92e-99f8-4103-8e3f-87668fffa651 req-b9b6d92e-99f8-4103-8e3f-87668fffa651 ] Request (VolumesAssistedSnapshotsTest:setUpClass): 201 POST http://10.180.1.21:9696/networking/v2.0/routers 1.685s
2024-10-08 23:36:14.789 62473 INFO tempest.lib.common.rest_client [req-26738e98-96f1-4dc4-8335-f7f8be688334 req-26738e98-96f1-4dc4-8335-f7f8be688334 ] Request (ServersTestBootFromVolume:setUpClass): 201 POST http://10.180.1.21:9696/networking/v2.0/security-group-rules 0.576s
2024-10-08 23:36:14.790 62443 INFO tempest.lib.common.rest_client [req-75a458d7-72c3-4499-8fcc-18f326f5ad3a req-75a458d7-72c3-4499-8fcc-18f326f5ad3a ] Request (NetworksTest:tearDownClass): 204 DELETE http://10.180.1.21/identity/v3/users/203df35a4cb34b87868fa7a68e41f773 0.099s
2024-10-08 23:36:14.790 62443 INFO tempest.lib.common.dynamic_creds [-] Deleting project and security group for project: 914add8fbaac481489d77daea221eac9
2024-10-08 23:36:14.848 62443 INFO tempest.lib.common.rest_client [req-139e323a-0d9b-42c5-8071-85b2f4dc836a req-139e323a-0d9b-42c5-8071-85b2f4dc836a ] Request (NetworksTest:tearDownClass): 201 POST http://10.180.1.21/identity/v3/auth/tokens 0.057s
2024-10-08 23:36:14.858 62493 INFO tempest.lib.common.rest_client [req-8abdfc72-7fd9-4747-b696-1421be7e2ccf req-8abdfc72-7fd9-4747-b696-1421be7e2ccf ] Request (AZAdminV2TestJSON:tearDownClass): 200 GET http://10.180.1.21:9696/networking/v2.0/security-groups?tenant_id=13349a2190994e2ba09b1bf4ea53c7ff&name=default 0.782s
2024-10-08 23:36:14.872 62453 INFO tempest.lib.common.rest_client [req-ae101803-cac5-4ed5-ae84-be3dd1534e4c req-ae101803-cac5-4ed5-ae84-be3dd1534e4c ] Request (SecurityGroupsNegativeTestJSON:setUpClass): 201 POST http://10.180.1.21:9696/networking/v2.0/routers 1.638s
2024-10-08 23:36:15.023 62471 INFO tempest.lib.common.rest_client [req-2c914e17-d32b-41a3-b190-c0265169720e req-2c914e17-d32b-41a3-b190-c0265169720e ] Request (AggregatesAdminNegativeTestJSON:test_aggregate_add_existent_host): 200 POST http://10.180.1.21/compute/v2.1/os-aggregates/1/action 2.272s
2024-10-08 23:36:15.151 62439 INFO tempest.lib.common.rest_client [req-6a1c78d1-d4ab-4c5f-8677-a8c7e5c41091 req-6a1c78d1-d4ab-4c5f-8677-a8c7e5c41091 ] Request (ServersAdminTestJSON:setUpClass): 201 POST http://10.180.1.21:9696/networking/v2.0/subnets 0.816s
2024-10-08 23:36:15.186 62480 INFO tempest.lib.common.rest_client [req-d163cd04-eaed-4c43-a383-2640dc10940c req-d163cd04-eaed-4c43-a383-2640dc10940c ] Request (ServerRescueTestJSONUnderV235:setUpClass): 202 POST http://10.180.1.21/compute/v2.1/servers 3.031s
2024-10-08 23:36:15.195 62441 INFO tempest.lib.common.rest_client [req-9679d639-4e62-4b49-aa3f-511f719810ab req-9679d639-4e62-4b49-aa3f-511f719810ab ] Request (ServersTestManualDisk:setUpClass): 201 POST http://10.180.1.21:9696/networking/v2.0/networks 0.915s
2024-10-08 23:36:15.285 62473 INFO tempest.lib.common.rest_client [req-2f9b2afb-e3cd-454d-a20e-f9a3dfb8e08e req-2f9b2afb-e3cd-454d-a20e-f9a3dfb8e08e ] Request (ServersTestBootFromVolume:setUpClass): 201 POST http://10.180.1.21:9696/networking/v2.0/security-group-rules 0.496s
2024-10-08 23:36:15.454 62493 INFO tempest.lib.common.rest_client [req-b9d77a22-f52f-4077-9894-573c6164510c req-b9d77a22-f52f-4077-9894-573c6164510c ] Request (AZAdminV2TestJSON:tearDownClass): 204 DELETE http://10.180.1.21:9696/networking/v2.0/security-groups/f43005f3-6b64-4153-bcf3-c494d464c693 0.595s
2024-10-08 23:36:15.505 62443 INFO tempest.lib.common.rest_client [req-ee699e57-0114-4935-a0e2-fe772c616925 req-ee699e57-0114-4935-a0e2-fe772c616925 ] Request (NetworksTest:tearDownClass): 200 GET http://10.180.1.21:9696/networking/v2.0/security-groups?tenant_id=914add8fbaac481489d77daea221eac9&name=default 0.657s
2024-10-08 23:36:15.556 62487 INFO tempest.lib.common.rest_client [req-7f9c1db3-8be8-41d6-af2e-3e92f6c3de8d req-7f9c1db3-8be8-41d6-af2e-3e92f6c3de8d ] Request (ImagesMetadataTestJSON:setUp): 200 PUT http://10.180.1.21/compute/v2.1/images/3018e7b7-cd70-4328-a003-278bd927c2ac/metadata 2.537s
2024-10-08 23:36:15.559 62493 INFO tempest.lib.common.rest_client [req-0ff29056-0880-44a7-9d63-6d9af0ba6366 req-0ff29056-0880-44a7-9d63-6d9af0ba6366 ] Request (AZAdminV2TestJSON:tearDownClass): 204 DELETE http://10.180.1.21/identity/v3/projects/13349a2190994e2ba09b1bf4ea53c7ff 0.104s
2024-10-08 23:36:15.559 62493 INFO tempest.lib.common.dynamic_creds [-] Deleting project and security group for project: 4a85cde3f90647daa5e309af1051ddd0
2024-10-08 23:36:15.884 62443 INFO tempest.lib.common.rest_client [req-ca1147e4-4352-40e8-80ef-7f77a4c7acf2 req-ca1147e4-4352-40e8-80ef-7f77a4c7acf2 ] Request (NetworksTest:tearDownClass): 204 DELETE http://10.180.1.21:9696/networking/v2.0/security-groups/af281a4d-c1f7-4d2c-bfa1-b2dd82784606 0.378s
2024-10-08 23:36:15.903 62463 INFO tempest.lib.common.rest_client [req-e77a39fd-489a-4a13-b435-64d56698dafe req-e77a39fd-489a-4a13-b435-64d56698dafe ] Request (ServersWithSpecificFlavorTestJSON:setUpClass): 200 PUT http://10.180.1.21:9696/networking/v2.0/routers/19e2caac-d486-4929-b190-271d60923e44/add_router_interface 2.383s
2024-10-08 23:36:15.903 62463 INFO tempest.lib.common.dynamic_creds [-] Created isolated network resources for: credentials: Credentials: {'domain_id': 'default', 'domain_name': 'Default', 'username': 'tempest-ServersWithSpecificFlavorTestJSON-266623840-project-member', 'project_domain_id': 'default', 'project_domain_name': 'Default', 'project_id': 'ec9d5ea9fca1457f9de28a37e9a224ca', 'project_name': 'tempest-ServersWithSpecificFlavorTestJSON-266623840', 'tenant_id': 'ec9d5ea9fca1457f9de28a37e9a224ca', 'tenant_name': 'tempest-ServersWithSpecificFlavorTestJSON-266623840', 'user_domain_id': 'default', 'user_domain_name': 'Default', 'user_id': '038338b521164eb983aa9ef21f5e8280', 'system': None}, Network: {'id': '1067819f-e669-4239-a47e-12c181b13e75', 'name': 'tempest-ServersWithSpecificFlavorTestJSON-1364105303-network', 'tenant_id': 'ec9d5ea9fca1457f9de28a37e9a224ca', 'admin_state_up': True, 'mtu': 8950, 'status': 'ACTIVE', 'subnets': [], 'shared': False, 'project_id': 'ec9d5ea9fca1457f9de28a37e9a224ca', 'port_security_enabled': True, 'router:external': False, 'provider:network_type': 'vlan', 'provider:physical_network': 'default', 'provider:segmentation_id': 799, 'is_default': False, 'availability_zone_hints': [], 'availability_zones': [], 'ipv4_address_scope': None, 'ipv6_address_scope': None, 'description': '', 'tags': [], 'created_at': '2024-10-08T23:36:11Z', 'updated_at': '2024-10-08T23:36:11Z', 'revision_number': 1}, Subnet: {'id': '4d77f916-0c17-442d-a08c-6adfc6d03580', 'name': 'tempest-ServersWithSpecificFlavorTestJSON-1364105303-subnet', 'tenant_id': 'ec9d5ea9fca1457f9de28a37e9a224ca', 'network_id': '1067819f-e669-4239-a47e-12c181b13e75', 'ip_version': 4, 'subnetpool_id': None, 'enable_dhcp': True, 'ipv6_ra_mode': None, 'ipv6_address_mode': None, 'gateway_ip': '192.168.128.1', 'cidr': '192.168.128.0/28', 'allocation_pools': [{'start': '192.168.128.2', 'end': '192.168.128.14'}], 'host_routes': [], 'dns_nameservers': [], 'description': '', 'router:external': False, 'service_types': [], 'tags': [], 'created_at': '2024-10-08T23:36:11Z', 'updated_at': '2024-10-08T23:36:11Z', 'revision_number': 0, 'project_id': 'ec9d5ea9fca1457f9de28a37e9a224ca'}, Router: {'id': '19e2caac-d486-4929-b190-271d60923e44', 'name': 'tempest-ServersWithSpecificFlavorTestJSON-1364105303-router', 'tenant_id': 'ec9d5ea9fca1457f9de28a37e9a224ca', 'admin_state_up': True, 'status': 'ACTIVE', 'external_gateway_info': {'network_id': '40b60e96-24f0-469a-9b9b-1da4bcb9f08c', 'external_fixed_ips': [{'subnet_id': '41531f14-27f7-4b80-8300-118d91a899d0', 'ip_address': '10.180.180.214'}], 'enable_snat': True}, 'description': '', 'availability_zones': [], 'distributed': False, 'ha': False, 'availability_zone_hints': [], 'routes': [], 'flavor_id': None, 'tags': [], 'created_at': '2024-10-08T23:36:12Z', 'updated_at': '2024-10-08T23:36:12Z', 'revision_number': 2, 'project_id': 'ec9d5ea9fca1457f9de28a37e9a224ca'}
2024-10-08 23:36:16.010 62443 INFO tempest.lib.common.rest_client [req-112100cd-60fb-486e-91d2-603d0ed25698 req-112100cd-60fb-486e-91d2-603d0ed25698 ] Request (NetworksTest:tearDownClass): 204 DELETE http://10.180.1.21/identity/v3/projects/914add8fbaac481489d77daea221eac9 0.126s
2024-10-08 23:36:16.011 62443 INFO tempest.lib.common.dynamic_creds [-] Deleting project and security group for project: 0ace9650aa554f0baba7829ad2387f09
2024-10-08 23:36:16.081 62463 INFO tempest.lib.common.rest_client [req-52da3d05-5c9f-49dd-8fb4-a4d7da462e90 req-52da3d05-5c9f-49dd-8fb4-a4d7da462e90 ] Request (ServersWithSpecificFlavorTestJSON:setUpClass): 201 POST http://10.180.1.21/identity/v3/auth/tokens 0.174s
2024-10-08 23:36:16.147 62463 INFO tempest.lib.common.rest_client [req-ef5d1e19-eda1-4d4c-9139-f8d0c46a8118 req-ef5d1e19-eda1-4d4c-9139-f8d0c46a8118 ] Request (ServersWithSpecificFlavorTestJSON:setUpClass): 201 POST http://10.180.1.21/identity/v3/projects 0.065s
2024-10-08 23:36:16.221 62463 INFO tempest.lib.common.rest_client [req-11d22a66-f406-4088-8575-40e212bd3836 req-11d22a66-f406-4088-8575-40e212bd3836 ] Request (ServersWithSpecificFlavorTestJSON:setUpClass): 201 POST http://10.180.1.21/identity/v3/users 0.074s
2024-10-08 23:36:16.228 62443 INFO tempest.lib.common.rest_client [req-65c0d3ea-bade-4fb1-88d5-3afdde7baebc req-65c0d3ea-bade-4fb1-88d5-3afdde7baebc ] Request (NetworksTest:tearDownClass): 200 GET http://10.180.1.21:9696/networking/v2.0/security-groups?tenant_id=0ace9650aa554f0baba7829ad2387f09&name=default 0.217s
2024-10-08 23:36:16.244 62463 INFO tempest.lib.common.rest_client [req-34f4b073-4a09-4bdf-b456-c0909300e589 req-34f4b073-4a09-4bdf-b456-c0909300e589 ] Request (ServersWithSpecificFlavorTestJSON:setUpClass): 200 GET http://10.180.1.21/identity/v3/roles 0.022s
2024-10-08 23:36:16.274 62463 INFO tempest.lib.common.rest_client [req-6d464476-af31-4979-ba8e-c9a46783a408 req-6d464476-af31-4979-ba8e-c9a46783a408 ] Request (ServersWithSpecificFlavorTestJSON:setUpClass): 204 PUT http://10.180.1.21/identity/v3/projects/10b50e1c46fe45e9ac2bbd824a417123/users/a3ad4ddbab494b149b1fd35c0dc05a8e/roles/6994445279344e22bcc307a53ed937fa 0.029s
2024-10-08 23:36:16.334 62463 INFO tempest.lib.common.rest_client [req-cf8eb3bd-6b3f-48da-be69-42fbf9fec1a7 req-cf8eb3bd-6b3f-48da-be69-42fbf9fec1a7 ] Request (ServersWithSpecificFlavorTestJSON:setUpClass): 200 GET http://10.180.1.21/identity/v3/roles 0.060s
2024-10-08 23:36:16.353 62463 INFO tempest.lib.common.rest_client [req-8f001659-baf2-4fc7-aca2-8e3c0c2ca1c6 req-8f001659-baf2-4fc7-aca2-8e3c0c2ca1c6 ] Request (ServersWithSpecificFlavorTestJSON:setUpClass): 204 PUT http://10.180.1.21/identity/v3/projects/10b50e1c46fe45e9ac2bbd824a417123/users/a3ad4ddbab494b149b1fd35c0dc05a8e/roles/6994445279344e22bcc307a53ed937fa 0.018s
2024-10-08 23:36:16.353 62463 INFO tempest.lib.common.dynamic_creds [-] Dynamic test user a3ad4ddbab494b149b1fd35c0dc05a8e is created with scope project and roles: ['admin']
2024-10-08 23:36:16.354 62463 INFO tempest.lib.common.dynamic_creds [-] Acquired dynamic creds: credentials: Credentials: {'domain_id': 'default', 'domain_name': 'Default', 'username': 'tempest-ServersWithSpecificFlavorTestJSON-64383968-project-admin', 'project_domain_id': 'default', 'project_domain_name': 'Default', 'project_id': '10b50e1c46fe45e9ac2bbd824a417123', 'project_name': 'tempest-ServersWithSpecificFlavorTestJSON-64383968', 'tenant_id': '10b50e1c46fe45e9ac2bbd824a417123', 'tenant_name': 'tempest-ServersWithSpecificFlavorTestJSON-64383968', 'user_domain_id': 'default', 'user_domain_name': 'Default', 'user_id': 'a3ad4ddbab494b149b1fd35c0dc05a8e', 'system': None}, Network: None, Subnet: None, Router: None
2024-10-08 23:36:16.365 62493 INFO tempest.lib.common.rest_client [req-10ab1bc5-8863-452b-a700-62ff5a6be421 req-10ab1bc5-8863-452b-a700-62ff5a6be421 ] Request (AZAdminV2TestJSON:tearDownClass): 200 GET http://10.180.1.21:9696/networking/v2.0/security-groups?tenant_id=4a85cde3f90647daa5e309af1051ddd0&name=default 0.805s
2024-10-08 23:36:16.371 62477 INFO tempest.lib.common.rest_client [req-58b77fb5-ad58-45b4-a351-f85e4c917777 req-58b77fb5-ad58-45b4-a351-f85e4c917777 ] Request (DeleteServersAdminTestJSON:test_admin_delete_servers_of_others): 200 GET http://10.180.1.21/compute/v2.1/servers/91eacc12-5026-4f59-bf2c-babff6c8d42f 3.256s
2024-10-08 23:36:16.420 62441 INFO tempest.lib.common.rest_client [req-0eeea62b-6086-4b41-8add-261167761662 req-0eeea62b-6086-4b41-8add-261167761662 ] Request (ServersTestManualDisk:setUpClass): 201 POST http://10.180.1.21:9696/networking/v2.0/subnets 1.224s
2024-10-08 23:36:16.496 62443 INFO tempest.lib.common.rest_client [req-ef48c4c2-df21-4c4e-aa31-c70b8ee45a37 req-ef48c4c2-df21-4c4e-aa31-c70b8ee45a37 ] Request (NetworksTest:tearDownClass): 204 DELETE http://10.180.1.21:9696/networking/v2.0/security-groups/035fa34e-8480-4308-91ff-bf7ab6101744 0.267s
2024-10-08 23:36:16.562 62462 INFO tempest.lib.common.rest_client [req-127d07f7-c671-4798-8014-299e06228415 req-127d07f7-c671-4798-8014-299e06228415 ] Request (QuotasAdminTestV236:test_get_updated_quotas): 200 PUT http://10.180.1.21/compute/v2.1/os-quota-sets/79f496ba26044cc9906d417f4401f6ad?user_id=e51747ca981646e1a5ec44602abba9cf 3.443s
2024-10-08 23:36:16.649 62465 INFO tempest.lib.common.rest_client [req-968943e5-f17f-46c9-ac6f-f0cf2048c92d req-968943e5-f17f-46c9-ac6f-f0cf2048c92d ] Request (FlavorsAccessTestJSON:test_flavor_access_add_remove): 200 GET http://10.180.1.21/compute/v2.1/flavors/detail 3.441s
2024-10-08 23:36:16.658 62443 INFO tempest.lib.common.rest_client [req-3e5fa711-a4bc-4aa3-8c64-fdad85cbadc0 req-3e5fa711-a4bc-4aa3-8c64-fdad85cbadc0 ] Request (NetworksTest:tearDownClass): 204 DELETE http://10.180.1.21/identity/v3/projects/0ace9650aa554f0baba7829ad2387f09 0.161s
2024-10-08 23:36:16.677 62493 INFO tempest.lib.common.rest_client [req-25cf4480-3196-457b-b1a2-ac9973cef6b6 req-25cf4480-3196-457b-b1a2-ac9973cef6b6 ] Request (AZAdminV2TestJSON:tearDownClass): 204 DELETE http://10.180.1.21:9696/networking/v2.0/security-groups/14256491-3c32-4e88-bd54-aae059cc3123 0.311s
2024-10-08 23:36:16.681 62485 INFO tempest.lib.common.rest_client [req-ec60ff9f-5f25-4d80-898f-7ecd80c40815 req-ec60ff9f-5f25-4d80-898f-7ecd80c40815 ] Request (FlavorsV255TestJSON:test_crud_flavor): 200 PUT http://10.180.1.21/compute/v2.1/flavors/1326050562 3.346s
2024-10-08 23:36:16.690 62445 INFO tempest.lib.common.rest_client [req-d11de02c-bc89-4e8b-b8a7-9467669493b3 req-d11de02c-bc89-4e8b-b8a7-9467669493b3 ] Request (HypervisorAdminNegativeTestJSON:test_get_hypervisor_stats_with_non_admin_user): 403 GET http://10.180.1.21/compute/v2.1/os-hypervisors/statistics 3.343s
2024-10-08 23:36:16.712 62459 INFO tempest.lib.common.rest_client [req-b78b3b2e-fe58-4022-aafc-838f8772aab6 req-b78b3b2e-fe58-4022-aafc-838f8772aab6 ] Request (HypervisorAdminUnderV252Test:test_search_hypervisor): 200 GET http://10.180.1.21/compute/v2.1/os-hypervisors/domain-c8.fc996f14-c53b-4953-92e3-bdfa48f5cc28/search 3.345s
2024-10-08 23:36:16.739 62443 INFO tempest.lib.common.rest_client [req-56fafb74-5b0b-41f9-9259-fc6b09cc18b8 req-56fafb74-5b0b-41f9-9259-fc6b09cc18b8 ] Request (QuotasAdminNegativeTest:setUpClass): 201 POST http://10.180.1.21/identity/v3/auth/tokens 0.079s
2024-10-08 23:36:16.782 62493 INFO tempest.lib.common.rest_client [req-2a2cacaf-f0e5-4510-aef2-c2c614868c0d req-2a2cacaf-f0e5-4510-aef2-c2c614868c0d ] Request (AZAdminV2TestJSON:tearDownClass): 204 DELETE http://10.180.1.21/identity/v3/projects/4a85cde3f90647daa5e309af1051ddd0 0.105s
2024-10-08 23:36:16.857 62447 INFO tempest.lib.common.rest_client [req-b39924dc-440e-417b-8d53-5a7646f59fb0 req-b39924dc-440e-417b-8d53-5a7646f59fb0 ] Request (InstanceUsageAuditLogNegativeTestJSON:test_instance_usage_audit_logs_with_nonadmin_user): 403 GET http://10.180.1.21/compute/v2.1/os-instance_usage_audit_log 3.222s
2024-10-08 23:36:16.871 62459 INFO tempest.lib.common.rest_client [req-98023f3b-f5fb-4738-84e8-ecfa3b7406bc req-98023f3b-f5fb-4738-84e8-ecfa3b7406bc ] Request (HypervisorAdminUnderV252Test:tearDownClass): 204 DELETE http://10.180.1.21/identity/v3/users/405df6a4dbe54df2a25a4b86e830c338 0.155s
2024-10-08 23:36:16.882 62439 INFO tempest.lib.common.rest_client [req-21e6b627-a61c-41e5-a4e5-25416c0c4e3d req-21e6b627-a61c-41e5-a4e5-25416c0c4e3d ] Request (ServersAdminTestJSON:setUpClass): 201 POST http://10.180.1.21:9696/networking/v2.0/routers 1.730s
2024-10-08 23:36:16.912 62443 INFO tempest.lib.common.rest_client [req-385fcb22-722b-4d0e-aad7-82df9e4ec3f5 req-385fcb22-722b-4d0e-aad7-82df9e4ec3f5 ] Request (QuotasAdminNegativeTest:setUpClass): 201 POST http://10.180.1.21/identity/v3/auth/tokens 0.170s
2024-10-08 23:36:16.946 62493 INFO tempest.lib.common.rest_client [req-a125c138-c973-40fb-86a3-ee1239bfe1d2 req-a125c138-c973-40fb-86a3-ee1239bfe1d2 ] Request (FlavorsAccessNegativeTestJSON:setUpClass): 201 POST http://10.180.1.21/identity/v3/auth/tokens 0.162s
2024-10-08 23:36:16.977 62459 INFO tempest.lib.common.rest_client [req-128ee2b8-9541-4b38-ac7e-47ff18e44670 req-128ee2b8-9541-4b38-ac7e-47ff18e44670 ] Request (HypervisorAdminUnderV252Test:tearDownClass): 204 DELETE http://10.180.1.21/identity/v3/users/05473a3210254fcb920ea990ad324162 0.106s
2024-10-08 23:36:16.977 62459 INFO tempest.lib.common.dynamic_creds [-] Deleting project and security group for project: ff4a65558b4b4bafbd67e7675c03b03d
2024-10-08 23:36:17.001 62443 INFO tempest.lib.common.rest_client [req-cde9cf78-741e-4c6f-bc78-0ec0bd8085af req-cde9cf78-741e-4c6f-bc78-0ec0bd8085af ] Request (QuotasAdminNegativeTest:setUpClass): 200 GET http://10.180.1.21/identity/v3/domains?name=Default 0.089s
2024-10-08 23:36:17.011 62467 INFO tempest.lib.common.rest_client [req-17dfcbf7-cdd1-4622-b79f-f71b98c5fcf6 req-17dfcbf7-cdd1-4622-b79f-f71b98c5fcf6 ] Request (ServerExternalEventsTest:test_create_server_external_events): 200 GET http://10.180.1.21/compute/v2.1/servers/8b6abe21-275f-474d-801d-b94627e8e832 3.362s
2024-10-08 23:36:17.034 62469 INFO tempest.lib.common.rest_client [req-51a86fbf-cbbe-4f69-b755-6ebcd11732b3 req-51a86fbf-cbbe-4f69-b755-6ebcd11732b3 ] Request (FlavorsV2TestJSON:test_list_flavors_filter_by_min_ram): 200 GET http://10.180.1.21/compute/v2.1/flavors?minRam=193 3.085s
2024-10-08 23:36:17.044 62493 INFO tempest.lib.common.rest_client [req-e97c038f-392e-4129-88e0-96a3bfbe84df req-e97c038f-392e-4129-88e0-96a3bfbe84df ] Request (FlavorsAccessNegativeTestJSON:setUpClass): 201 POST http://10.180.1.21/identity/v3/auth/tokens 0.094s
2024-10-08 23:36:17.049 62455 INFO tempest.lib.common.rest_client [req-29d0a123-ece0-4c4f-b002-a935bdc12530 req-29d0a123-ece0-4c4f-b002-a935bdc12530 ] Request (KeyPairsV22TestJSON:_run_cleanups): 204 DELETE http://10.180.1.21/compute/v2.1/os-keypairs/tempest-KeyPairsV22TestJSON-keypair-2098820347 3.091s
2024-10-08 23:36:17.057 62459 INFO tempest.lib.common.rest_client [req-22b3105d-03d4-4e88-9406-d1db10cdbae2 req-22b3105d-03d4-4e88-9406-d1db10cdbae2 ] Request (HypervisorAdminUnderV252Test:tearDownClass): 201 POST http://10.180.1.21/identity/v3/auth/tokens 0.080s
2024-10-08 23:36:17.064 62433 INFO tempest.lib.common.rest_client [req-64b422ab-415b-4fa4-b616-1c720b3a6750 req-64b422ab-415b-4fa4-b616-1c720b3a6750 ] Request (FlavorsExtraSpecsTestJSON:test_flavor_non_admin_get_specific_key): 200 GET http://10.180.1.21/compute/v2.1/flavors/1977748412/os-extra_specs/hw:numa_nodes 3.083s
2024-10-08 23:36:17.074 62493 INFO tempest.lib.common.rest_client [req-948b7400-cc37-4ff3-bc71-186c6bf128f0 req-948b7400-cc37-4ff3-bc71-186c6bf128f0 ] Request (FlavorsAccessNegativeTestJSON:setUpClass): 200 GET http://10.180.1.21/identity/v3/domains?name=Default 0.029s
2024-10-08 23:36:17.080 62443 INFO tempest.lib.common.rest_client [req-6405548a-cc6a-409c-aabe-f125d045c423 req-6405548a-cc6a-409c-aabe-f125d045c423 ] Request (QuotasAdminNegativeTest:setUpClass): 201 POST http://10.180.1.21/identity/v3/projects 0.077s
2024-10-08 23:36:17.130 62453 INFO tempest.lib.common.rest_client [req-fc3b75b2-20d9-40f5-9263-6879605d9509 req-fc3b75b2-20d9-40f5-9263-6879605d9509 ] Request (SecurityGroupsNegativeTestJSON:setUpClass): 200 PUT http://10.180.1.21:9696/networking/v2.0/routers/7b214592-2ac9-4ce4-adff-d090dcc3e523/add_router_interface 2.258s
2024-10-08 23:36:17.131 62453 INFO tempest.lib.common.dynamic_creds [-] Created isolated network resources for: credentials: Credentials: {'domain_id': 'default', 'domain_name': 'Default', 'username': 'tempest-SecurityGroupsNegativeTestJSON-2087915613-project-member', 'project_domain_id': 'default', 'project_domain_name': 'Default', 'project_id': '54ce5064a2794d8cb73060ebec905cd4', 'project_name': 'tempest-SecurityGroupsNegativeTestJSON-2087915613', 'tenant_id': '54ce5064a2794d8cb73060ebec905cd4', 'tenant_name': 'tempest-SecurityGroupsNegativeTestJSON-2087915613', 'user_domain_id': 'default', 'user_domain_name': 'Default', 'user_id': '3d386cba41f845aa90f9c99f9a0e4c05', 'system': None}, Network: {'id': '1079c4c1-4102-43af-9f51-925b7c82a1a0', 'name': 'tempest-SecurityGroupsNegativeTestJSON-1786866458-network', 'tenant_id': '54ce5064a2794d8cb73060ebec905cd4', 'admin_state_up': True, 'mtu': 8950, 'status': 'ACTIVE', 'subnets': [], 'shared': False, 'project_id': '54ce5064a2794d8cb73060ebec905cd4', 'port_security_enabled': True, 'router:external': False, 'provider:network_type': 'vlan', 'provider:physical_network': 'default', 'provider:segmentation_id': 704, 'is_default': False, 'availability_zone_hints': [], 'availability_zones': [], 'ipv4_address_scope': None, 'ipv6_address_scope': None, 'description': '', 'tags': [], 'created_at': '2024-10-08T23:36:12Z', 'updated_at': '2024-10-08T23:36:12Z', 'revision_number': 1}, Subnet: {'id': '5a1faa97-3cfc-4bda-a374-fce9745cd192', 'name': 'tempest-SecurityGroupsNegativeTestJSON-1786866458-subnet', 'tenant_id': '54ce5064a2794d8cb73060ebec905cd4', 'network_id': '1079c4c1-4102-43af-9f51-925b7c82a1a0', 'ip_version': 4, 'subnetpool_id': None, 'enable_dhcp': True, 'ipv6_ra_mode': None, 'ipv6_address_mode': None, 'gateway_ip': '192.168.128.1', 'cidr': '192.168.128.0/28', 'allocation_pools': [{'start': '192.168.128.2', 'end': '192.168.128.14'}], 'host_routes': [], 'dns_nameservers': [], 'description': '', 'router:external': False, 'service_types': [], 'tags': [], 'created_at': '2024-10-08T23:36:12Z', 'updated_at': '2024-10-08T23:36:12Z', 'revision_number': 0, 'project_id': '54ce5064a2794d8cb73060ebec905cd4'}, Router: {'id': '7b214592-2ac9-4ce4-adff-d090dcc3e523', 'name': 'tempest-SecurityGroupsNegativeTestJSON-1786866458-router', 'tenant_id': '54ce5064a2794d8cb73060ebec905cd4', 'admin_state_up': True, 'status': 'ACTIVE', 'external_gateway_info': {'network_id': '40b60e96-24f0-469a-9b9b-1da4bcb9f08c', 'external_fixed_ips': [{'subnet_id': '41531f14-27f7-4b80-8300-118d91a899d0', 'ip_address': '10.180.180.173'}], 'enable_snat': True}, 'description': '', 'availability_zones': [], 'distributed': False, 'ha': False, 'availability_zone_hints': [], 'routes': [], 'flavor_id': None, 'tags': [], 'created_at': '2024-10-08T23:36:13Z', 'updated_at': '2024-10-08T23:36:13Z', 'revision_number': 2, 'project_id': '54ce5064a2794d8cb73060ebec905cd4'}
2024-10-08 23:36:17.193 62443 INFO tempest.lib.common.rest_client [req-641d8206-0651-4b12-bebe-0cd236fcfa87 req-641d8206-0651-4b12-bebe-0cd236fcfa87 ] Request (QuotasAdminNegativeTest:setUpClass): 201 POST http://10.180.1.21/identity/v3/users 0.112s
2024-10-08 23:36:17.231 62493 INFO tempest.lib.common.rest_client [req-c259f7e5-31e3-4292-807b-afe40615f43f req-c259f7e5-31e3-4292-807b-afe40615f43f ] Request (FlavorsAccessNegativeTestJSON:setUpClass): 201 POST http://10.180.1.21/identity/v3/projects 0.156s
2024-10-08 23:36:17.259 62453 INFO tempest.lib.common.rest_client [req-608c0267-e9be-4ab8-a3dd-2f91b4f89a72 req-608c0267-e9be-4ab8-a3dd-2f91b4f89a72 ] Request (SecurityGroupsNegativeTestJSON:setUpClass): 201 POST http://10.180.1.21/identity/v3/auth/tokens 0.124s
2024-10-08 23:36:17.259 62463 INFO tempest.lib.common.rest_client [req-72074d96-8ce0-40c4-98a5-5258522f6fc6 req-72074d96-8ce0-40c4-98a5-5258522f6fc6 ] Request (ServersWithSpecificFlavorTestJSON:setUpClass): 201 POST http://10.180.1.21:9696/networking/v2.0/networks 0.905s
2024-10-08 23:36:17.270 62443 INFO tempest.lib.common.rest_client [req-a6325e85-2509-4ae3-abd6-71b1f655173a req-a6325e85-2509-4ae3-abd6-71b1f655173a ] Request (QuotasAdminNegativeTest:setUpClass): 200 GET http://10.180.1.21/identity/v3/roles 0.077s
2024-10-08 23:36:17.283 62437 INFO tempest.lib.common.rest_client [req-2f38be0f-effa-4d10-a694-9cea78fe7415 req-2f38be0f-effa-4d10-a694-9cea78fe7415 ] Request (ServersListShow296Test:test_list_show_server_296): 202 POST http://10.180.1.21/compute/v2.1/servers 3.084s
2024-10-08 23:36:17.287 62493 INFO tempest.lib.common.rest_client [req-a3bbe7c7-ed99-410d-a05b-fc4139337e7a req-a3bbe7c7-ed99-410d-a05b-fc4139337e7a ] Request (FlavorsAccessNegativeTestJSON:setUpClass): 201 POST http://10.180.1.21/identity/v3/users 0.055s
2024-10-08 23:36:17.301 62443 INFO tempest.lib.common.rest_client [req-792fab78-7458-46f1-a430-33c968bac44e req-792fab78-7458-46f1-a430-33c968bac44e ] Request (QuotasAdminNegativeTest:setUpClass): 204 PUT http://10.180.1.21/identity/v3/projects/0dd6ad0c21eb44b2b6b3a20d1d536d41/users/5115a0934bb443a3ad98b5979aba3385/roles/54d0a4310c29440494b9ad45ea3e4514 0.030s
2024-10-08 23:36:17.301 62443 INFO tempest.lib.common.dynamic_creds [-] Dynamic test user 5115a0934bb443a3ad98b5979aba3385 is created with scope project and roles: ['member']
2024-10-08 23:36:17.301 62443 INFO tempest.lib.common.dynamic_creds [-] Acquired dynamic creds: credentials: Credentials: {'domain_id': 'default', 'domain_name': 'Default', 'username': 'tempest-QuotasAdminNegativeTest-281604493-project-member', 'project_domain_id': 'default', 'project_domain_name': 'Default', 'project_id': '0dd6ad0c21eb44b2b6b3a20d1d536d41', 'project_name': 'tempest-QuotasAdminNegativeTest-281604493', 'tenant_id': '0dd6ad0c21eb44b2b6b3a20d1d536d41', 'tenant_name': 'tempest-QuotasAdminNegativeTest-281604493', 'user_domain_id': 'default', 'user_domain_name': 'Default', 'user_id': '5115a0934bb443a3ad98b5979aba3385', 'system': None}, Network: None, Subnet: None, Router: None
2024-10-08 23:36:17.302 62443 INFO tempest.lib.common.dynamic_creds [-] Created isolated network resources for: credentials: Credentials: {'domain_id': 'default', 'domain_name': 'Default', 'username': 'tempest-QuotasAdminNegativeTest-281604493-project-member', 'project_domain_id': 'default', 'project_domain_name': 'Default', 'project_id': '0dd6ad0c21eb44b2b6b3a20d1d536d41', 'project_name': 'tempest-QuotasAdminNegativeTest-281604493', 'tenant_id': '0dd6ad0c21eb44b2b6b3a20d1d536d41', 'tenant_name': 'tempest-QuotasAdminNegativeTest-281604493', 'user_domain_id': 'default', 'user_domain_name': 'Default', 'user_id': '5115a0934bb443a3ad98b5979aba3385', 'system': None}, Network: None, Subnet: None, Router: None
2024-10-08 23:36:17.306 62493 INFO tempest.lib.common.rest_client [req-807a7e58-51d9-4395-a5c6-5a3e6d0157eb req-807a7e58-51d9-4395-a5c6-5a3e6d0157eb ] Request (FlavorsAccessNegativeTestJSON:setUpClass): 200 GET http://10.180.1.21/identity/v3/roles 0.018s
2024-10-08 23:36:17.371 62491 INFO tempest.lib.common.rest_client [req-8ce1ffd4-12e3-4d3c-bad3-c1328783c163 req-8ce1ffd4-12e3-4d3c-bad3-c1328783c163 ] Request (MigrationsAdminTest:test_list_migrations_in_flavor_resize_situation): 200 GET http://10.180.1.21/compute/v2.1/servers/319eed10-3985-45c3-b864-7c984a8b9819 3.002s
2024-10-08 23:36:17.399 62493 INFO tempest.lib.common.rest_client [req-43d6a06b-b1f8-415f-8518-acb09d03ccf6 req-43d6a06b-b1f8-415f-8518-acb09d03ccf6 ] Request (FlavorsAccessNegativeTestJSON:setUpClass): 204 PUT http://10.180.1.21/identity/v3/projects/84186765c54940ffb2d6f7ccdc07efdf/users/6ce3e91e4475478a91737b797b724495/roles/54d0a4310c29440494b9ad45ea3e4514 0.092s
2024-10-08 23:36:17.400 62493 INFO tempest.lib.common.dynamic_creds [-] Dynamic test user 6ce3e91e4475478a91737b797b724495 is created with scope project and roles: ['member']
2024-10-08 23:36:17.400 62493 INFO tempest.lib.common.dynamic_creds [-] Acquired dynamic creds: credentials: Credentials: {'domain_id': 'default', 'domain_name': 'Default', 'username': 'tempest-FlavorsAccessNegativeTestJSON-2073679597-project-member', 'project_domain_id': 'default', 'project_domain_name': 'Default', 'project_id': '84186765c54940ffb2d6f7ccdc07efdf', 'project_name': 'tempest-FlavorsAccessNegativeTestJSON-2073679597', 'tenant_id': '84186765c54940ffb2d6f7ccdc07efdf', 'tenant_name': 'tempest-FlavorsAccessNegativeTestJSON-2073679597', 'user_domain_id': 'default', 'user_domain_name': 'Default', 'user_id': '6ce3e91e4475478a91737b797b724495', 'system': None}, Network: None, Subnet: None, Router: None
2024-10-08 23:36:17.400 62493 INFO tempest.lib.common.dynamic_creds [-] Created isolated network resources for: credentials: Credentials: {'domain_id': 'default', 'domain_name': 'Default', 'username': 'tempest-FlavorsAccessNegativeTestJSON-2073679597-project-member', 'project_domain_id': 'default', 'project_domain_name': 'Default', 'project_id': '84186765c54940ffb2d6f7ccdc07efdf', 'project_name': 'tempest-FlavorsAccessNegativeTestJSON-2073679597', 'tenant_id': '84186765c54940ffb2d6f7ccdc07efdf', 'tenant_name': 'tempest-FlavorsAccessNegativeTestJSON-2073679597', 'user_domain_id': 'default', 'user_domain_name': 'Default', 'user_id': '6ce3e91e4475478a91737b797b724495', 'system': None}, Network: None, Subnet: None, Router: None
2024-10-08 23:36:17.407 62443 INFO tempest.lib.common.rest_client [req-1c21b69a-7182-4b40-aa26-f2b1afdf7ddd req-1c21b69a-7182-4b40-aa26-f2b1afdf7ddd ] Request (QuotasAdminNegativeTest:setUpClass): 201 POST http://10.180.1.21/identity/v3/auth/tokens 0.100s
2024-10-08 23:36:17.463 62459 INFO tempest.lib.common.rest_client [req-a91108d7-b488-43bd-ab0f-843a4f827c0d req-a91108d7-b488-43bd-ab0f-843a4f827c0d ] Request (HypervisorAdminUnderV252Test:tearDownClass): 200 GET http://10.180.1.21:9696/networking/v2.0/security-groups?tenant_id=ff4a65558b4b4bafbd67e7675c03b03d&name=default 0.405s
2024-10-08 23:36:17.469 62493 INFO tempest.lib.common.rest_client [req-db1b2201-4d36-43dd-9fd7-396aac5d57b1 req-db1b2201-4d36-43dd-9fd7-396aac5d57b1 ] Request (FlavorsAccessNegativeTestJSON:setUpClass): 201 POST http://10.180.1.21/identity/v3/auth/tokens 0.065s
2024-10-08 23:36:17.476 62473 INFO tempest.lib.common.rest_client [req-f5c58883-f205-42ba-8398-d16482847ed8 req-f5c58883-f205-42ba-8398-d16482847ed8 ] Request (ServersTestBootFromVolume:setUpClass): 201 POST http://10.180.1.21:9696/networking/v2.0/floatingips 2.190s
2024-10-08 23:36:17.534 62443 INFO tempest.lib.common.rest_client [req-6a3cb60d-c40d-4453-9805-56de139b9fcc req-6a3cb60d-c40d-4453-9805-56de139b9fcc ] Request (QuotasAdminNegativeTest:setUpClass): 201 POST http://10.180.1.21/identity/v3/projects 0.126s
2024-10-08 23:36:17.551 62493 INFO tempest.lib.common.rest_client [req-8b7f369c-dc66-4933-89fc-a0d6529da22c req-8b7f369c-dc66-4933-89fc-a0d6529da22c ] Request (FlavorsAccessNegativeTestJSON:setUpClass): 201 POST http://10.180.1.21/identity/v3/projects 0.080s
2024-10-08 23:36:17.605 62473 INFO tempest.lib.common.rest_client [req-56ff8a31-dbc7-4b73-88f4-feaf14a72b2e req-56ff8a31-dbc7-4b73-88f4-feaf14a72b2e ] Request (ServersTestBootFromVolume:setUpClass): 201 POST http://10.180.1.21/identity/v3/auth/tokens 0.125s
