2024-10-08 23:37:59.428 62477 INFO tempest.lib.common.dynamic_creds [-] Acquired dynamic creds: credentials: Credentials: {'domain_id': 'default', 'domain_name': 'Default', 'username': 'tempest-FlavorsAdminTestJSON-1705884617-project-member', 'project_domain_id': 'default', 'project_domain_name': 'Default', 'project_id': '1f047690abfb4247baf1682e7087654c', 'project_name': 'tempest-FlavorsAdminTestJSON-1705884617', 'tenant_id': '1f047690abfb4247baf1682e7087654c', 'tenant_name': 'tempest-FlavorsAdminTestJSON-1705884617', 'user_domain_id': 'default', 'user_domain_name': 'Default', 'user_id': '31b99dfae42a4c109b0c894f96c46104', 'system': None}, Network: None, Subnet: None, Router: None
2024-10-08 23:37:59.428 62477 INFO tempest.lib.common.dynamic_creds [-] Created isolated network resources for: credentials: Credentials: {'domain_id': 'default', 'domain_name': 'Default', 'username': 'tempest-FlavorsAdminTestJSON-1705884617-project-member', 'project_domain_id': 'default', 'project_domain_name': 'Default', 'project_id': '1f047690abfb4247baf1682e7087654c', 'project_name': 'tempest-FlavorsAdminTestJSON-1705884617', 'tenant_id': '1f047690abfb4247baf1682e7087654c', 'tenant_name': 'tempest-FlavorsAdminTestJSON-1705884617', 'user_domain_id': 'default', 'user_domain_name': 'Default', 'user_id': '31b99dfae42a4c109b0c894f96c46104', 'system': None}, Network: None, Subnet: None, Router: None
2024-10-08 23:37:59.430 62457 INFO tempest.lib.common.rest_client [req-307173af-3c61-4e8a-8e96-4fadcc60620a req-307173af-3c61-4e8a-8e96-4fadcc60620a ] Request (ServerDiagnosticsNegativeTest:test_get_server_diagnostics_by_non_admin): 200 GET http://10.180.1.21/compute/v2.1/servers/258ec37d-c791-4c43-8725-0f4b4bbf9b5b 0.048s
2024-10-08 23:37:59.471 62467 INFO tempest.lib.common.rest_client [req-ca46044d-ba92-4cbe-91f5-6c3aa8bcb8a5 req-ca46044d-ba92-4cbe-91f5-6c3aa8bcb8a5 ] Request (ServersTestFqdnHostnames:test_create_server_with_fqdn_name): 200 GET http://10.180.1.21/compute/v2.1/servers/9e573093-6434-452d-8025-4688d9f78c53 0.049s
2024-10-08 23:37:59.487 62477 INFO tempest.lib.common.rest_client [req-3419ebe8-fc74-46bd-9c36-44afedf65232 req-3419ebe8-fc74-46bd-9c36-44afedf65232 ] Request (FlavorsAdminTestJSON:setUpClass): 201 POST http://10.180.1.21/identity/v3/auth/tokens 0.057s
2024-10-08 23:37:59.496 62447 INFO tempest.lib.common.rest_client [req-df67aaa0-507c-41e3-9443-91231277c55e req-df67aaa0-507c-41e3-9443-91231277c55e ] Request (ListServerFiltersTestJSON:setUpClass): 200 GET http://10.180.1.21/compute/v2.1/servers/48fe8f43-4ab9-41de-9b81-35b4438585ea 0.046s
2024-10-08 23:37:59.513 62443 INFO tempest.lib.common.rest_client [req-ae09f908-af2f-4ef4-9bb2-d2718231c2a6 req-ae09f908-af2f-4ef4-9bb2-d2718231c2a6 ] Request (ImagesOneServerTestJSON:setUpClass): 200 GET http://10.180.1.21/compute/v2.1/servers/25e4a40e-c5a6-47f5-9e53-00d3073252fc 0.045s
2024-10-08 23:37:59.541 62477 INFO tempest.lib.common.rest_client [req-e1cc29c6-72b9-4512-ba3b-b113acf9ae49 req-e1cc29c6-72b9-4512-ba3b-b113acf9ae49 ] Request (FlavorsAdminTestJSON:setUpClass): 201 POST http://10.180.1.21/identity/v3/projects 0.053s
2024-10-08 23:37:59.579 62451 INFO tempest.lib.common.rest_client [req-dec45684-dc6b-4bb9-9d09-8155281f8563 req-dec45684-dc6b-4bb9-9d09-8155281f8563 ] Request (InstanceActionsNegativeTestJSON:setUpClass): 200 GET http://10.180.1.21/compute/v2.1/servers/12656a79-a836-452c-8f94-c8e142c9ec2f 0.057s
2024-10-08 23:37:59.579 62469 INFO tempest.lib.common.rest_client [req-4571430d-e50c-419b-a3dd-d08b2cb64bef req-4571430d-e50c-419b-a3dd-d08b2cb64bef ] Request (ServerDiskConfigTestJSON:test_rebuild_server_with_auto_disk_config): 200 GET http://10.180.1.21/compute/v2.1/servers/63ed8992-0e8f-41ca-8b28-c0b2538ff61c 0.051s
2024-10-08 23:37:59.595 62477 INFO tempest.lib.common.rest_client [req-4a6af4e5-adf1-4694-9e4f-6243fd6be38c req-4a6af4e5-adf1-4694-9e4f-6243fd6be38c ] Request (FlavorsAdminTestJSON:setUpClass): 201 POST http://10.180.1.21/identity/v3/users 0.054s
2024-10-08 23:37:59.610 62477 INFO tempest.lib.common.rest_client [req-db0c308b-3d8a-49c3-9bcc-3f51c12e17c8 req-db0c308b-3d8a-49c3-9bcc-3f51c12e17c8 ] Request (FlavorsAdminTestJSON:setUpClass): 200 GET http://10.180.1.21/identity/v3/roles 0.015s
2024-10-08 23:37:59.631 62481 INFO tempest.lib.common.rest_client [req-e5dd1855-77ab-4895-90a2-95c1179f05e7 req-e5dd1855-77ab-4895-90a2-95c1179f05e7 ] Request (AttachInterfacesTestJSON:test_create_list_show_delete_interfaces_by_network_port): 200 GET http://10.180.1.21/compute/v2.1/servers/a71fd192-f3b6-4f0f-900d-887d15f44d7a 0.058s
2024-10-08 23:37:59.641 62463 INFO tempest.lib.common.rest_client [req-f0cb1f6c-7fe6-491e-ab51-5dd6a2875c09 req-f0cb1f6c-7fe6-491e-ab51-5dd6a2875c09 ] Request (ServersWithSpecificFlavorTestJSON:test_verify_created_server_ephemeral_disk): 200 GET http://10.180.1.21/compute/v2.1/servers/111c0b93-2f02-4f30-9389-0b7f9b041ee8 0.056s
2024-10-08 23:37:59.643 62477 INFO tempest.lib.common.rest_client [req-40425246-efb0-4bb0-8614-a40fbdc1190c req-40425246-efb0-4bb0-8614-a40fbdc1190c ] Request (FlavorsAdminTestJSON:setUpClass): 204 PUT http://10.180.1.21/identity/v3/projects/06c77ab6018a4bc1b51aa9be968e960b/users/57819ce1a4c14354980426897915b73c/roles/6994445279344e22bcc307a53ed937fa 0.032s
2024-10-08 23:37:59.706 62477 INFO tempest.lib.common.rest_client [req-abaf5e14-3e3d-451d-a49b-9f78149a051a req-abaf5e14-3e3d-451d-a49b-9f78149a051a ] Request (FlavorsAdminTestJSON:setUpClass): 200 GET http://10.180.1.21/identity/v3/roles 0.062s
2024-10-08 23:37:59.707 62465 INFO tempest.lib.common.rest_client [req-d18f0147-5099-4142-8cdd-4ddbced0bbbf req-d18f0147-5099-4142-8cdd-4ddbced0bbbf ] Request (VolumesAdminNegativeTest:test_update_attached_volume_with_nonexistent_volume_in_body): 200 GET http://10.180.1.21/compute/v2.1/servers/f5a11b74-e1fe-44c0-bccb-5817bc582608 0.062s
2024-10-08 23:37:59.712 62441 INFO tempest.lib.common.rest_client [req-7181c7fb-1e92-46ae-bdea-6c1c3ad1f50f req-7181c7fb-1e92-46ae-bdea-6c1c3ad1f50f ] Request (ServerMetadataNegativeTestJSON:setUpClass): 200 GET http://10.180.1.21/compute/v2.1/servers/19326d9f-5f3a-4756-874f-d4d3ce25f8e8 0.064s
2024-10-08 23:37:59.731 62477 INFO tempest.lib.common.rest_client [req-3b6823d0-2d8f-4381-98c9-8ea07d43ac30 req-3b6823d0-2d8f-4381-98c9-8ea07d43ac30 ] Request (FlavorsAdminTestJSON:setUpClass): 204 PUT http://10.180.1.21/identity/v3/projects/06c77ab6018a4bc1b51aa9be968e960b/users/57819ce1a4c14354980426897915b73c/roles/6994445279344e22bcc307a53ed937fa 0.024s
2024-10-08 23:37:59.731 62477 INFO tempest.lib.common.dynamic_creds [-] Dynamic test user 57819ce1a4c14354980426897915b73c is created with scope project and roles: ['admin']
2024-10-08 23:37:59.731 62477 INFO tempest.lib.common.dynamic_creds [-] Acquired dynamic creds: credentials: Credentials: {'domain_id': 'default', 'domain_name': 'Default', 'username': 'tempest-FlavorsAdminTestJSON-1915576747-project-admin', 'project_domain_id': 'default', 'project_domain_name': 'Default', 'project_id': '06c77ab6018a4bc1b51aa9be968e960b', 'project_name': 'tempest-FlavorsAdminTestJSON-1915576747', 'tenant_id': '06c77ab6018a4bc1b51aa9be968e960b', 'tenant_name': 'tempest-FlavorsAdminTestJSON-1915576747', 'user_domain_id': 'default', 'user_domain_name': 'Default', 'user_id': '57819ce1a4c14354980426897915b73c', 'system': None}, Network: None, Subnet: None, Router: None
2024-10-08 23:37:59.731 62477 INFO tempest.lib.common.dynamic_creds [-] Created isolated network resources for: credentials: Credentials: {'domain_id': 'default', 'domain_name': 'Default', 'username': 'tempest-FlavorsAdminTestJSON-1915576747-project-admin', 'project_domain_id': 'default', 'project_domain_name': 'Default', 'project_id': '06c77ab6018a4bc1b51aa9be968e960b', 'project_name': 'tempest-FlavorsAdminTestJSON-1915576747', 'tenant_id': '06c77ab6018a4bc1b51aa9be968e960b', 'tenant_name': 'tempest-FlavorsAdminTestJSON-1915576747', 'user_domain_id': 'default', 'user_domain_name': 'Default', 'user_id': '57819ce1a4c14354980426897915b73c', 'system': None}, Network: None, Subnet: None, Router: None
2024-10-08 23:37:59.776 62471 INFO tempest.lib.common.rest_client [req-aaf4145b-6ada-4810-a2bf-cac8e14a726e req-aaf4145b-6ada-4810-a2bf-cac8e14a726e ] Request (ServerTagsTestJSON:setUpClass): 200 GET http://10.180.1.21/compute/v2.1/servers/0ab619ea-755b-4d71-9c12-0eeda0b42a39 0.058s
2024-10-08 23:37:59.780 62491 INFO tempest.lib.common.rest_client [req-e1dff710-fca4-4661-a787-a48f61ae5179 req-e1dff710-fca4-4661-a787-a48f61ae5179 ] Request (MigrationsAdminTest:test_resize_server_revert_deleted_flavor): 200 GET http://10.180.1.21/compute/v2.1/servers/d52bfb49-beb0-4bfe-b3bb-45132c210065 0.061s
2024-10-08 23:37:59.803 62477 INFO tempest.lib.common.rest_client [req-5135455b-ae25-4bf3-b0d3-962f8f792687 req-5135455b-ae25-4bf3-b0d3-962f8f792687 ] Request (FlavorsAdminTestJSON:setUpClass): 201 POST http://10.180.1.21/identity/v3/auth/tokens 0.068s
2024-10-08 23:37:59.840 62459 INFO tempest.lib.common.rest_client [req-1243b33d-27ec-4f00-ad65-28f6ef238bfa req-1243b33d-27ec-4f00-ad65-28f6ef238bfa ] Request (ServerActionsV293TestJSON:setUpClass): 200 GET http://10.180.1.21/volume/v3/53d52da8765c4d69b803b4f18d0d9bc2/volumes/e1a1d343-79bf-455c-8446-09fa8e9f2035 0.025s
2024-10-08 23:37:59.840 62489 INFO tempest.lib.common.rest_client [req-a03f0eea-b2d4-4464-a294-5a52c2de2aa4 req-a03f0eea-b2d4-4464-a294-5a52c2de2aa4 ] Request (FloatingIPsAssociationTestJSON:setUpClass): 200 GET http://10.180.1.21/compute/v2.1/servers/4a2b5dbe-ed48-40b6-ba72-a06b14e31696 0.055s
2024-10-08 23:37:59.846 62453 INFO tempest.lib.common.rest_client [req-216e6cc3-4279-4b31-a56f-cbca262ad398 req-216e6cc3-4279-4b31-a56f-cbca262ad398 ] Request (AttachInterfacesUnderV243Test:test_add_remove_fixed_ip): 200 GET http://10.180.1.21/compute/v2.1/servers/47409cd0-db33-4a94-b806-1799a6f7e98f 0.054s
2024-10-08 23:37:59.909 62487 INFO tempest.lib.common.rest_client [req-0a9d82c2-9174-41d0-a700-babe6cd763e4 req-0a9d82c2-9174-41d0-a700-babe6cd763e4 ] Request (ServersTestJSON:setUpClass): 200 GET http://10.180.1.21/compute/v2.1/servers/39d5f95c-7c98-4263-a46e-948d2e3d31ce 0.048s
2024-10-08 23:37:59.912 62477 INFO tempest.lib.common.rest_client [req-842e8389-1e80-4540-9cb1-17e5e2297623 req-842e8389-1e80-4540-9cb1-17e5e2297623 ] Request (FlavorsAdminTestJSON:test_create_flavor_using_string_ram): 200 POST http://10.180.1.21/compute/v2.1/flavors 0.108s
2024-10-08 23:37:59.964 62435 INFO tempest.lib.common.rest_client [req-ff324f0b-e364-41a6-a6ae-309402ff7128 req-ff324f0b-e364-41a6-a6ae-309402ff7128 ] Request (ServerShowV254Test:test_rebuild_server): 200 GET http://10.180.1.21/compute/v2.1/servers/bcb11a72-4394-42a2-9a9f-295adc1abcd0 0.093s
2024-10-08 23:37:59.966 62445 INFO tempest.lib.common.rest_client [req-dfd5ef12-9b89-4f24-9043-05458bd85421 req-dfd5ef12-9b89-4f24-9043-05458bd85421 ] Request (ImagesTestJSON:test_create_image_from_stopped_server): 200 GET http://10.180.1.21/compute/v2.1/servers/5e264b99-8025-471a-bc6b-238f1bca054c 0.055s
2024-10-08 23:37:59.976 62477 INFO tempest.lib.common.rest_client [req-be9f41d0-7a75-4d27-9409-bb698f70d422 req-be9f41d0-7a75-4d27-9409-bb698f70d422 ] Request (FlavorsAdminTestJSON:_run_cleanups): 202 DELETE http://10.180.1.21/compute/v2.1/flavors/88341088 0.062s
2024-10-08 23:38:00.020 62433 INFO tempest.lib.common.rest_client [req-043a3ab0-4ec1-4c49-ae12-26a5efaadf12 req-043a3ab0-4ec1-4c49-ae12-26a5efaadf12 ] Request (MultipleCreateTestJSON:test_multiple_create): 200 GET http://10.180.1.21/compute/v2.1/servers/0b090f00-8eb5-435f-a1ca-05fa5acdeaaf 0.099s
2024-10-08 23:38:00.027 62493 INFO tempest.lib.common.rest_client [req-c99ba287-7497-4cef-bd9c-475db67e48a1 req-c99ba287-7497-4cef-bd9c-475db67e48a1 ] Request (ServerAddressesNegativeTestJSON:setUpClass): 200 GET http://10.180.1.21/compute/v2.1/servers/7cbaf88d-f7fb-4fbe-bca0-2e83a3341463 0.070s
2024-10-08 23:38:00.034 62477 INFO tempest.lib.common.rest_client [req-0e34c49f-85f0-4ddb-b2cb-8d257a387d02 req-0e34c49f-85f0-4ddb-b2cb-8d257a387d02 ] Request (FlavorsAdminTestJSON:_run_cleanups): 200 GET http://10.180.1.21/compute/v2.1/flavors/detail 0.058s
2024-10-08 23:38:00.080 62480 INFO tempest.lib.common.rest_client [req-a0feb9e0-6241-4a62-8533-7b3f167efd13 req-a0feb9e0-6241-4a62-8533-7b3f167efd13 ] Request (ServerShowV247Test:test_update_rebuild_list_server): 200 GET http://10.180.1.21/compute/v2.1/servers/ce74983e-8347-425c-967a-6a78a7daa701 0.102s
2024-10-08 23:38:00.083 62473 INFO tempest.lib.common.rest_client [req-93a35e3e-45cd-4135-9702-14a2b34cd3f2 req-93a35e3e-45cd-4135-9702-14a2b34cd3f2 ] Request (ServersTestBootFromVolume:setUpClass): 200 GET http://10.180.1.21/compute/v2.1/servers/6c675e27-0de4-46bc-8017-5ee43e2efa5c 0.082s
2024-10-08 23:38:00.095 62477 INFO tempest.lib.common.rest_client [req-445f537f-7ccb-42bd-b8a6-bda22b5ab2c6 req-445f537f-7ccb-42bd-b8a6-bda22b5ab2c6 ] Request (FlavorsAdminTestJSON:test_create_flavor_verify_entry_in_list_details): 200 POST http://10.180.1.21/compute/v2.1/flavors 0.055s
2024-10-08 23:38:00.110 62477 INFO tempest.lib.common.rest_client [req-bc900191-42c1-47c6-9741-e1f40a958849 req-bc900191-42c1-47c6-9741-e1f40a958849 ] Request (FlavorsAdminTestJSON:test_create_flavor_verify_entry_in_list_details): 200 GET http://10.180.1.21/compute/v2.1/flavors/detail 0.014s
2024-10-08 23:38:00.124 62495 INFO tempest.lib.common.rest_client [req-8682aaf6-4f1a-4146-b556-5f7128ef48b3 req-8682aaf6-4f1a-4146-b556-5f7128ef48b3 ] Request (AttachInterfacesV270Test:test_create_get_list_interfaces): 200 GET http://10.180.1.21/compute/v2.1/servers/7cccaaf2-f17d-426d-9340-e33260235706 0.090s
2024-10-08 23:38:00.127 62477 INFO tempest.lib.common.rest_client [req-d29c8407-de40-45e7-be4c-a61fd525f3c2 req-d29c8407-de40-45e7-be4c-a61fd525f3c2 ] Request (FlavorsAdminTestJSON:_run_cleanups): 202 DELETE http://10.180.1.21/compute/v2.1/flavors/1655410779 0.012s
2024-10-08 23:38:00.143 62477 INFO tempest.lib.common.rest_client [req-027d0e38-3e29-4756-b483-a9a8eb2f0672 req-027d0e38-3e29-4756-b483-a9a8eb2f0672 ] Request (FlavorsAdminTestJSON:_run_cleanups): 200 GET http://10.180.1.21/compute/v2.1/flavors/detail 0.015s
2024-10-08 23:38:00.160 62477 INFO tempest.lib.common.rest_client [req-73779f3b-9cee-4eac-a15b-6e9ee0658980 req-73779f3b-9cee-4eac-a15b-6e9ee0658980 ] Request (FlavorsAdminTestJSON:test_create_flavor_with_int_id): 200 POST http://10.180.1.21/compute/v2.1/flavors 0.012s
2024-10-08 23:38:00.174 62477 INFO tempest.lib.common.rest_client [req-6142694c-84b9-4dcb-8ab9-eacec77f15a6 req-6142694c-84b9-4dcb-8ab9-eacec77f15a6 ] Request (FlavorsAdminTestJSON:_run_cleanups): 202 DELETE http://10.180.1.21/compute/v2.1/flavors/1190695453 0.012s
2024-10-08 23:38:00.188 62485 INFO tempest.lib.common.rest_client [req-04fdec74-d4f5-4149-a84b-9959a1661725 req-04fdec74-d4f5-4149-a84b-9959a1661725 ] Request (ServerDiagnosticsTest:test_get_server_diagnostics): 200 GET http://10.180.1.21/compute/v2.1/servers/571b574b-27f2-4e95-9309-fd3097fb4f64 0.045s
2024-10-08 23:38:00.188 62477 INFO tempest.lib.common.rest_client [req-b16466b6-31b0-42ff-b9cf-3070bd0c0a9a req-b16466b6-31b0-42ff-b9cf-3070bd0c0a9a ] Request (FlavorsAdminTestJSON:_run_cleanups): 200 GET http://10.180.1.21/compute/v2.1/flavors/detail 0.014s
2024-10-08 23:38:00.206 62477 INFO tempest.lib.common.rest_client [req-8a033761-c0f1-402c-a9b4-66b864fb8763 req-8a033761-c0f1-402c-a9b4-66b864fb8763 ] Request (FlavorsAdminTestJSON:test_create_flavor_with_none_id): 200 POST http://10.180.1.21/compute/v2.1/flavors 0.013s
2024-10-08 23:38:00.221 62477 INFO tempest.lib.common.rest_client [req-1e086210-5a5f-4c2d-8a61-8ee528dc832a req-1e086210-5a5f-4c2d-8a61-8ee528dc832a ] Request (FlavorsAdminTestJSON:_run_cleanups): 202 DELETE http://10.180.1.21/compute/v2.1/flavors/32d55b37-d83c-448a-97e4-aa2fb04fd231 0.013s
2024-10-08 23:38:00.253 62439 INFO tempest.lib.common.rest_client [req-0f0f93e4-7369-467b-9c8a-27ed2c47ccb3 req-0f0f93e4-7369-467b-9c8a-27ed2c47ccb3 ] Request (ServerActionsTestOtherB:setUpClass): 200 GET http://10.180.1.21/compute/v2.1/servers/0a4a432d-a71a-4da7-be90-25dcec5a64c6 0.044s
2024-10-08 23:38:00.264 62455 INFO tempest.lib.common.rest_client [req-23b39807-4ef5-456b-8d07-c78ef14e2886 req-23b39807-4ef5-456b-8d07-c78ef14e2886 ] Request (ServerActionsTestOtherA:setUpClass): 200 GET http://10.180.1.21/compute/v2.1/servers/72514005-1023-4db6-9e51-9b0855083411 0.048s
2024-10-08 23:38:00.265 62477 INFO tempest.lib.common.rest_client [req-0b2bdf82-6f20-42e6-a731-7f920c00bfd4 req-0b2bdf82-6f20-42e6-a731-7f920c00bfd4 ] Request (FlavorsAdminTestJSON:_run_cleanups): 200 GET http://10.180.1.21/compute/v2.1/flavors/detail 0.044s
2024-10-08 23:38:00.284 62477 INFO tempest.lib.common.rest_client [req-32438a8c-3f4e-4716-8c5d-934047c06e5a req-32438a8c-3f4e-4716-8c5d-934047c06e5a ] Request (FlavorsAdminTestJSON:test_create_flavor_with_uuid_id): 200 POST http://10.180.1.21/compute/v2.1/flavors 0.013s
2024-10-08 23:38:00.297 62477 INFO tempest.lib.common.rest_client [req-3ff3bf97-d4d3-46a7-acd7-9c984d248c3a req-3ff3bf97-d4d3-46a7-acd7-9c984d248c3a ] Request (FlavorsAdminTestJSON:_run_cleanups): 202 DELETE http://10.180.1.21/compute/v2.1/flavors/32eea903-fb96-4b5e-bbb5-58d5f20c4517 0.012s
2024-10-08 23:38:00.311 62477 INFO tempest.lib.common.rest_client [req-a197f7b9-4ab5-4b7e-a9af-c7378055221d req-a197f7b9-4ab5-4b7e-a9af-c7378055221d ] Request (FlavorsAdminTestJSON:_run_cleanups): 200 GET http://10.180.1.21/compute/v2.1/flavors/detail 0.014s
2024-10-08 23:38:00.331 62477 INFO tempest.lib.common.rest_client [req-162332b6-b7a8-4c08-b8c6-eb7d50003ac0 req-162332b6-b7a8-4c08-b8c6-eb7d50003ac0 ] Request (FlavorsAdminTestJSON:test_create_list_flavor_without_extra_data): 200 POST http://10.180.1.21/compute/v2.1/flavors 0.014s
2024-10-08 23:38:00.341 62477 INFO tempest.lib.common.rest_client [req-c809f449-3f5c-43f8-882a-175c849f6418 req-c809f449-3f5c-43f8-882a-175c849f6418 ] Request (FlavorsAdminTestJSON:test_create_list_flavor_without_extra_data): 200 GET http://10.180.1.21/compute/v2.1/flavors/645784365 0.009s
2024-10-08 23:38:00.387 62449 INFO tempest.lib.common.rest_client [req-b0d98f1e-b676-4985-a919-dd64f6413233 req-b0d98f1e-b676-4985-a919-dd64f6413233 ] Request (ImagesNegativeTestJSON:test_create_image_from_deleted_server): 200 GET http://10.180.1.21/compute/v2.1/servers/186a2de8-2b9e-4c84-8502-cb0ed3b43123 0.045s
2024-10-08 23:38:00.412 62477 INFO tempest.lib.common.rest_client [req-15b3c3ec-153f-4dd7-953d-ffacd0a9c53e req-15b3c3ec-153f-4dd7-953d-ffacd0a9c53e ] Request (FlavorsAdminTestJSON:test_create_list_flavor_without_extra_data): 200 GET http://10.180.1.21/compute/v2.1/flavors/detail 0.069s
2024-10-08 23:38:00.429 62477 INFO tempest.lib.common.rest_client [req-734a09d3-9ba0-4969-bb78-b3d4fcccaeed req-734a09d3-9ba0-4969-bb78-b3d4fcccaeed ] Request (FlavorsAdminTestJSON:_run_cleanups): 202 DELETE http://10.180.1.21/compute/v2.1/flavors/645784365 0.013s
2024-10-08 23:38:00.440 62462 INFO tempest.lib.common.rest_client [req-91fd0998-26ba-4b5a-ba66-e4c60070679a req-91fd0998-26ba-4b5a-ba66-e4c60070679a ] Request (ServersTestMultiNic:test_verify_duplicate_network_nics): 200 GET http://10.180.1.21/compute/v2.1/servers/b0180c2b-8edf-4d15-8d12-c754b73f6030 0.064s
2024-10-08 23:38:00.444 62477 INFO tempest.lib.common.rest_client [req-023c5a82-bfe9-4784-b44e-46f1f90b68ae req-023c5a82-bfe9-4784-b44e-46f1f90b68ae ] Request (FlavorsAdminTestJSON:_run_cleanups): 200 GET http://10.180.1.21/compute/v2.1/flavors/detail 0.014s
2024-10-08 23:38:00.461 62477 INFO tempest.lib.common.rest_client [req-30b5b675-2620-4f68-b42e-3f1ce012a055 req-30b5b675-2620-4f68-b42e-3f1ce012a055 ] Request (FlavorsAdminTestJSON:test_create_server_with_non_public_flavor): 200 POST http://10.180.1.21/compute/v2.1/flavors 0.012s
2024-10-08 23:38:00.474 62477 INFO tempest.lib.common.rest_client [req-c6f03808-c240-4c3e-8c84-8835bdb9a98a req-c6f03808-c240-4c3e-8c84-8835bdb9a98a ] Request (FlavorsAdminTestJSON:test_create_server_with_non_public_flavor): 400 POST http://10.180.1.21/compute/v2.1/servers 0.011s
2024-10-08 23:38:00.484 62457 INFO tempest.lib.common.rest_client [req-cc40ab2a-8ef4-4ab9-9a52-9631ee634b9b req-cc40ab2a-8ef4-4ab9-9a52-9631ee634b9b ] Request (ServerDiagnosticsNegativeTest:test_get_server_diagnostics_by_non_admin): 200 GET http://10.180.1.21/compute/v2.1/servers/258ec37d-c791-4c43-8725-0f4b4bbf9b5b 0.047s
2024-10-08 23:38:00.487 62477 INFO tempest.lib.common.rest_client [req-1e48e46f-5d12-407c-b927-6362c15d73fc req-1e48e46f-5d12-407c-b927-6362c15d73fc ] Request (FlavorsAdminTestJSON:_run_cleanups): 202 DELETE http://10.180.1.21/compute/v2.1/flavors/1576366464 0.012s
2024-10-08 23:38:00.501 62477 INFO tempest.lib.common.rest_client [req-fe5b8a7e-9a8b-4ecf-9c9c-b07ead4fe5aa req-fe5b8a7e-9a8b-4ecf-9c9c-b07ead4fe5aa ] Request (FlavorsAdminTestJSON:_run_cleanups): 200 GET http://10.180.1.21/compute/v2.1/flavors/detail 0.014s
2024-10-08 23:38:00.532 62467 INFO tempest.lib.common.rest_client [req-27566dbf-4911-4321-a40d-4927030c529b req-27566dbf-4911-4321-a40d-4927030c529b ] Request (ServersTestFqdnHostnames:test_create_server_with_fqdn_name): 200 GET http://10.180.1.21/compute/v2.1/servers/9e573093-6434-452d-8025-4688d9f78c53 0.054s
2024-10-08 23:38:00.545 62477 INFO tempest.lib.common.rest_client [req-43f3c1ea-f72c-4334-8a3a-ac949901db1e req-43f3c1ea-f72c-4334-8a3a-ac949901db1e ] Request (FlavorsAdminTestJSON:test_is_public_string_variations): 200 POST http://10.180.1.21/compute/v2.1/flavors 0.039s
2024-10-08 23:38:00.551 62447 INFO tempest.lib.common.rest_client [req-025947e4-dafe-444c-b746-e4608dad2e2c req-025947e4-dafe-444c-b746-e4608dad2e2c ] Request (ListServerFiltersTestJSON:setUpClass): 200 GET http://10.180.1.21/compute/v2.1/servers/48fe8f43-4ab9-41de-9b81-35b4438585ea 0.047s
2024-10-08 23:38:00.562 62477 INFO tempest.lib.common.rest_client [req-32d60b7f-7b0d-4f7e-87c1-884aa3d19fbe req-32d60b7f-7b0d-4f7e-87c1-884aa3d19fbe ] Request (FlavorsAdminTestJSON:test_is_public_string_variations): 200 POST http://10.180.1.21/compute/v2.1/flavors 0.015s
2024-10-08 23:38:00.577 62477 INFO tempest.lib.common.rest_client [req-ae215fb5-3aa9-46df-92bf-3c1784afbe71 req-ae215fb5-3aa9-46df-92bf-3c1784afbe71 ] Request (FlavorsAdminTestJSON:test_is_public_string_variations): 200 GET http://10.180.1.21/compute/v2.1/flavors/detail?is_public=f 0.013s
2024-10-08 23:38:00.585 62443 INFO tempest.lib.common.rest_client [req-de3cbf05-030f-43ee-bde5-edc1aabe3861 req-de3cbf05-030f-43ee-bde5-edc1aabe3861 ] Request (ImagesOneServerTestJSON:setUpClass): 200 GET http://10.180.1.21/compute/v2.1/servers/25e4a40e-c5a6-47f5-9e53-00d3073252fc 0.065s
2024-10-08 23:38:00.589 62477 INFO tempest.lib.common.rest_client [req-e7ca17fa-ad26-47f4-b271-36f9ee24d5a7 req-e7ca17fa-ad26-47f4-b271-36f9ee24d5a7 ] Request (FlavorsAdminTestJSON:test_is_public_string_variations): 200 GET http://10.180.1.21/compute/v2.1/flavors/detail?is_public=false 0.009s
2024-10-08 23:38:00.634 62469 INFO tempest.lib.common.rest_client [req-eb44d07a-feec-41a9-8301-50a7289106a8 req-eb44d07a-feec-41a9-8301-50a7289106a8 ] Request (ServerDiskConfigTestJSON:test_rebuild_server_with_auto_disk_config): 200 GET http://10.180.1.21/compute/v2.1/servers/63ed8992-0e8f-41ca-8b28-c0b2538ff61c 0.048s
2024-10-08 23:38:00.640 62451 INFO tempest.lib.common.rest_client [req-47d7688f-9a38-4430-a76c-3ccf4bc3aa90 req-47d7688f-9a38-4430-a76c-3ccf4bc3aa90 ] Request (InstanceActionsNegativeTestJSON:setUpClass): 200 GET http://10.180.1.21/compute/v2.1/servers/12656a79-a836-452c-8f94-c8e142c9ec2f 0.053s
2024-10-08 23:38:00.643 62477 INFO tempest.lib.common.rest_client [req-31b7b46c-3e87-499a-a161-993b1b74817e req-31b7b46c-3e87-499a-a161-993b1b74817e ] Request (FlavorsAdminTestJSON:test_is_public_string_variations): 200 GET http://10.180.1.21/compute/v2.1/flavors/detail?is_public=no 0.052s
2024-10-08 23:38:00.656 62477 INFO tempest.lib.common.rest_client [req-4981f13d-19f8-47c1-bcc4-e4eeb41cc5e8 req-4981f13d-19f8-47c1-bcc4-e4eeb41cc5e8 ] Request (FlavorsAdminTestJSON:test_is_public_string_variations): 200 GET http://10.180.1.21/compute/v2.1/flavors/detail?is_public=0 0.010s
2024-10-08 23:38:00.697 62481 INFO tempest.lib.common.rest_client [req-6644b125-3a1f-477d-95c8-7daee8517486 req-6644b125-3a1f-477d-95c8-7daee8517486 ] Request (AttachInterfacesTestJSON:test_create_list_show_delete_interfaces_by_network_port): 200 GET http://10.180.1.21/compute/v2.1/servers/a71fd192-f3b6-4f0f-900d-887d15f44d7a 0.053s
2024-10-08 23:38:00.703 62463 INFO tempest.lib.common.rest_client [req-3084e963-372c-41ef-8002-ce4ce5c52e61 req-3084e963-372c-41ef-8002-ce4ce5c52e61 ] Request (ServersWithSpecificFlavorTestJSON:test_verify_created_server_ephemeral_disk): 200 GET http://10.180.1.21/compute/v2.1/servers/111c0b93-2f02-4f30-9389-0b7f9b041ee8 0.053s
2024-10-08 23:38:00.710 62477 INFO tempest.lib.common.rest_client [req-811c442a-d423-4315-b024-c313c78536ad req-811c442a-d423-4315-b024-c313c78536ad ] Request (FlavorsAdminTestJSON:test_is_public_string_variations): 200 GET http://10.180.1.21/compute/v2.1/flavors/detail?is_public=t 0.052s
2024-10-08 23:38:00.730 62477 INFO tempest.lib.common.rest_client [req-04d9dd04-bf33-4d5b-8759-aee9baaa867f req-04d9dd04-bf33-4d5b-8759-aee9baaa867f ] Request (FlavorsAdminTestJSON:test_is_public_string_variations): 200 GET http://10.180.1.21/compute/v2.1/flavors/detail?is_public=true 0.016s
2024-10-08 23:38:00.764 62465 INFO tempest.lib.common.rest_client [req-6264698d-b02e-4aba-aab8-619cf3dd1a7b req-6264698d-b02e-4aba-aab8-619cf3dd1a7b ] Request (VolumesAdminNegativeTest:test_update_attached_volume_with_nonexistent_volume_in_body): 200 GET http://10.180.1.21/compute/v2.1/servers/f5a11b74-e1fe-44c0-bccb-5817bc582608 0.049s
2024-10-08 23:38:00.775 62441 INFO tempest.lib.common.rest_client [req-551e1b70-9c26-4d8b-b3ef-60512a8f2866 req-551e1b70-9c26-4d8b-b3ef-60512a8f2866 ] Request (ServerMetadataNegativeTestJSON:setUpClass): 200 GET http://10.180.1.21/compute/v2.1/servers/19326d9f-5f3a-4756-874f-d4d3ce25f8e8 0.053s
2024-10-08 23:38:00.778 62477 INFO tempest.lib.common.rest_client [req-e434295a-44f7-4d04-9366-f10af1a9db08 req-e434295a-44f7-4d04-9366-f10af1a9db08 ] Request (FlavorsAdminTestJSON:test_is_public_string_variations): 200 GET http://10.180.1.21/compute/v2.1/flavors/detail?is_public=yes 0.043s
2024-10-08 23:38:00.799 62477 INFO tempest.lib.common.rest_client [req-98635766-507f-453d-b1cf-c8363b547a4b req-98635766-507f-453d-b1cf-c8363b547a4b ] Request (FlavorsAdminTestJSON:test_is_public_string_variations): 200 GET http://10.180.1.21/compute/v2.1/flavors/detail?is_public=1 0.016s
2024-10-08 23:38:00.836 62471 INFO tempest.lib.common.rest_client [req-4adb8bdb-daac-4f1c-b7d9-643b6bebb9c2 req-4adb8bdb-daac-4f1c-b7d9-643b6bebb9c2 ] Request (ServerTagsTestJSON:setUpClass): 200 GET http://10.180.1.21/compute/v2.1/servers/0ab619ea-755b-4d71-9c12-0eeda0b42a39 0.053s
2024-10-08 23:38:00.842 62491 INFO tempest.lib.common.rest_client [req-a2a488bb-dae1-4da9-9ba1-bbb900deeeaf req-a2a488bb-dae1-4da9-9ba1-bbb900deeeaf ] Request (MigrationsAdminTest:test_resize_server_revert_deleted_flavor): 200 GET http://10.180.1.21/compute/v2.1/servers/d52bfb49-beb0-4bfe-b3bb-45132c210065 0.055s
2024-10-08 23:38:00.854 62477 INFO tempest.lib.common.rest_client [req-e47d904f-f901-4d72-9cce-f6a6553a0cce req-e47d904f-f901-4d72-9cce-f6a6553a0cce ] Request (FlavorsAdminTestJSON:_run_cleanups): 202 DELETE http://10.180.1.21/compute/v2.1/flavors/303909017 0.050s
2024-10-08 23:38:00.873 62459 INFO tempest.lib.common.rest_client [req-ed8588a8-0d49-41d6-888d-5a9607115df9 req-ed8588a8-0d49-41d6-888d-5a9607115df9 ] Request (ServerActionsV293TestJSON:setUpClass): 200 GET http://10.180.1.21/volume/v3/53d52da8765c4d69b803b4f18d0d9bc2/volumes/e1a1d343-79bf-455c-8446-09fa8e9f2035 0.026s
2024-10-08 23:38:00.909 62453 INFO tempest.lib.common.rest_client [req-a231de86-6754-4a75-a3af-e8ac69796dfe req-a231de86-6754-4a75-a3af-e8ac69796dfe ] Request (AttachInterfacesUnderV243Test:test_add_remove_fixed_ip): 200 GET http://10.180.1.21/compute/v2.1/servers/47409cd0-db33-4a94-b806-1799a6f7e98f 0.056s
2024-10-08 23:38:00.914 62489 INFO tempest.lib.common.rest_client [req-9a67c8ec-c117-4930-9e01-623393045c70 req-9a67c8ec-c117-4930-9e01-623393045c70 ] Request (FloatingIPsAssociationTestJSON:setUpClass): 200 GET http://10.180.1.21/compute/v2.1/servers/4a2b5dbe-ed48-40b6-ba72-a06b14e31696 0.068s
2024-10-08 23:38:00.924 62477 INFO tempest.lib.common.rest_client [req-8197c03d-9650-4640-9370-0cdecb89ce36 req-8197c03d-9650-4640-9370-0cdecb89ce36 ] Request (FlavorsAdminTestJSON:_run_cleanups): 200 GET http://10.180.1.21/compute/v2.1/flavors/detail 0.070s
2024-10-08 23:38:00.943 62477 INFO tempest.lib.common.rest_client [req-4f81ef61-b4e6-43a5-aad4-1c1d611ffbc6 req-4f81ef61-b4e6-43a5-aad4-1c1d611ffbc6 ] Request (FlavorsAdminTestJSON:_run_cleanups): 202 DELETE http://10.180.1.21/compute/v2.1/flavors/1404068664 0.015s
2024-10-08 23:38:00.958 62477 INFO tempest.lib.common.rest_client [req-ac7cc3c8-f228-4eeb-ad22-24114e620762 req-ac7cc3c8-f228-4eeb-ad22-24114e620762 ] Request (FlavorsAdminTestJSON:_run_cleanups): 200 GET http://10.180.1.21/compute/v2.1/flavors/detail 0.014s
2024-10-08 23:38:00.963 62487 INFO tempest.lib.common.rest_client [req-5d7643a9-a19a-436f-89ed-14aa0cfb7918 req-5d7643a9-a19a-436f-89ed-14aa0cfb7918 ] Request (ServersTestJSON:setUpClass): 200 GET http://10.180.1.21/compute/v2.1/servers/39d5f95c-7c98-4263-a46e-948d2e3d31ce 0.048s
2024-10-08 23:38:00.976 62477 INFO tempest.lib.common.rest_client [req-72d379a1-1b0e-4213-92f0-8019ef61ad27 req-72d379a1-1b0e-4213-92f0-8019ef61ad27 ] Request (FlavorsAdminTestJSON:test_list_non_public_flavor): 200 POST http://10.180.1.21/compute/v2.1/flavors 0.013s
2024-10-08 23:38:01.026 62445 INFO tempest.lib.common.rest_client [req-b6f4787c-b7aa-4101-8e29-9a90c52741cb req-b6f4787c-b7aa-4101-8e29-9a90c52741cb ] Request (ImagesTestJSON:test_create_image_from_stopped_server): 200 GET http://10.180.1.21/compute/v2.1/servers/5e264b99-8025-471a-bc6b-238f1bca054c 0.053s
2024-10-08 23:38:01.027 62435 INFO tempest.lib.common.rest_client [req-dad188e9-7059-44c6-879f-e68f65149f34 req-dad188e9-7059-44c6-879f-e68f65149f34 ] Request (ServerShowV254Test:test_rebuild_server): 200 GET http://10.180.1.21/compute/v2.1/servers/bcb11a72-4394-42a2-9a9f-295adc1abcd0 0.054s
2024-10-08 23:38:01.040 62477 INFO tempest.lib.common.rest_client [req-9d6a4105-f746-494d-b65c-3757c3aaace3 req-9d6a4105-f746-494d-b65c-3757c3aaace3 ] Request (FlavorsAdminTestJSON:test_list_non_public_flavor): 200 GET http://10.180.1.21/compute/v2.1/flavors/detail 0.061s
2024-10-08 23:38:01.072 62433 INFO tempest.lib.common.rest_client [req-cb77e35a-ca6a-477b-b73f-4f98a3bb254e req-cb77e35a-ca6a-477b-b73f-4f98a3bb254e ] Request (MultipleCreateTestJSON:test_multiple_create): 200 GET http://10.180.1.21/compute/v2.1/servers/0b090f00-8eb5-435f-a1ca-05fa5acdeaaf 0.045s
2024-10-08 23:38:01.083 62493 INFO tempest.lib.common.rest_client [req-186dd86d-94ea-4002-963d-9c26f0a3d81b req-186dd86d-94ea-4002-963d-9c26f0a3d81b ] Request (ServerAddressesNegativeTestJSON:setUpClass): 200 GET http://10.180.1.21/compute/v2.1/servers/7cbaf88d-f7fb-4fbe-bca0-2e83a3341463 0.050s
2024-10-08 23:38:01.086 62477 INFO tempest.lib.common.rest_client [req-cff215ac-8cf1-4c03-9082-4adbd8941333 req-cff215ac-8cf1-4c03-9082-4adbd8941333 ] Request (FlavorsAdminTestJSON:test_list_non_public_flavor): 200 GET http://10.180.1.21/compute/v2.1/flavors/detail 0.042s
2024-10-08 23:38:01.141 62473 INFO tempest.lib.common.rest_client [req-cf263af0-0e3d-4432-9bd6-b58f6066d729 req-cf263af0-0e3d-4432-9bd6-b58f6066d729 ] Request (ServersTestBootFromVolume:setUpClass): 200 GET http://10.180.1.21/compute/v2.1/servers/6c675e27-0de4-46bc-8017-5ee43e2efa5c 0.051s
2024-10-08 23:38:01.143 62480 INFO tempest.lib.common.rest_client [req-68f56ec9-9868-4aad-bb0a-86c2705b0060 req-68f56ec9-9868-4aad-bb0a-86c2705b0060 ] Request (ServerShowV247Test:test_update_rebuild_list_server): 200 GET http://10.180.1.21/compute/v2.1/servers/ce74983e-8347-425c-967a-6a78a7daa701 0.055s
2024-10-08 23:38:01.152 62477 INFO tempest.lib.common.rest_client [req-7f649028-d49e-4269-815d-039e29aacd9c req-7f649028-d49e-4269-815d-039e29aacd9c ] Request (FlavorsAdminTestJSON:_run_cleanups): 202 DELETE http://10.180.1.21/compute/v2.1/flavors/1113585147 0.062s
2024-10-08 23:38:01.167 62477 INFO tempest.lib.common.rest_client [req-08d79570-7c5a-455c-b762-4ba0a1788e28 req-08d79570-7c5a-455c-b762-4ba0a1788e28 ] Request (FlavorsAdminTestJSON:_run_cleanups): 200 GET http://10.180.1.21/compute/v2.1/flavors/detail 0.014s
2024-10-08 23:38:01.184 62477 INFO tempest.lib.common.rest_client [req-ef8cfee3-d01a-4dd2-85a6-02eb00518bab req-ef8cfee3-d01a-4dd2-85a6-02eb00518bab ] Request (FlavorsAdminTestJSON:test_list_public_flavor_with_other_user): 200 POST http://10.180.1.21/compute/v2.1/flavors 0.013s
2024-10-08 23:38:01.189 62495 INFO tempest.lib.common.rest_client [req-6f3d7040-0cd6-4de8-9a61-dd9935f3e7e6 req-6f3d7040-0cd6-4de8-9a61-dd9935f3e7e6 ] Request (AttachInterfacesV270Test:test_create_get_list_interfaces): 200 GET http://10.180.1.21/compute/v2.1/servers/7cccaaf2-f17d-426d-9340-e33260235706 0.054s
2024-10-08 23:38:01.201 62477 INFO tempest.lib.common.rest_client [req-ed11cb7f-428a-4e82-bcb8-f77e49bb0e2b req-ed11cb7f-428a-4e82-bcb8-f77e49bb0e2b ] Request (FlavorsAdminTestJSON:test_list_public_flavor_with_other_user): 200 GET http://10.180.1.21/compute/v2.1/flavors/detail 0.015s
2024-10-08 23:38:01.218 62477 INFO tempest.lib.common.rest_client [req-58af747d-b2f9-49cf-8c3e-1d6694f5ddf2 req-58af747d-b2f9-49cf-8c3e-1d6694f5ddf2 ] Request (FlavorsAdminTestJSON:_run_cleanups): 202 DELETE http://10.180.1.21/compute/v2.1/flavors/1551987092 0.012s
2024-10-08 23:38:01.232 62477 INFO tempest.lib.common.rest_client [req-2c8ff01c-ef7a-4eb0-82bb-b067a50dc572 req-2c8ff01c-ef7a-4eb0-82bb-b067a50dc572 ] Request (FlavorsAdminTestJSON:_run_cleanups): 200 GET http://10.180.1.21/compute/v2.1/flavors/detail 0.014s
2024-10-08 23:38:01.241 62485 INFO tempest.lib.common.rest_client [req-46ccbeb2-b791-4bd5-865a-4d4ad8553a44 req-46ccbeb2-b791-4bd5-865a-4d4ad8553a44 ] Request (ServerDiagnosticsTest:test_get_server_diagnostics): 200 GET http://10.180.1.21/compute/v2.1/servers/571b574b-27f2-4e95-9309-fd3097fb4f64 0.046s
2024-10-08 23:38:01.306 62439 INFO tempest.lib.common.rest_client [req-c1a82411-1187-4d61-ad10-ba059282fd2b req-c1a82411-1187-4d61-ad10-ba059282fd2b ] Request (ServerActionsTestOtherB:setUpClass): 200 GET http://10.180.1.21/compute/v2.1/servers/0a4a432d-a71a-4da7-be90-25dcec5a64c6 0.046s
2024-10-08 23:38:01.317 62455 INFO tempest.lib.common.rest_client [req-8f2c6da1-d8e8-4577-8ba7-2c6b0c5b4bd5 req-8f2c6da1-d8e8-4577-8ba7-2c6b0c5b4bd5 ] Request (ServerActionsTestOtherA:setUpClass): 200 GET http://10.180.1.21/compute/v2.1/servers/72514005-1023-4db6-9e51-9b0855083411 0.046s
2024-10-08 23:38:01.323 62477 INFO tempest.lib.common.rest_client [req-f6724187-877e-4d07-851f-c31b7788da64 req-f6724187-877e-4d07-851f-c31b7788da64 ] Request (FlavorsAdminTestJSON:tearDownClass): 204 DELETE http://10.180.1.21/identity/v3/users/31b99dfae42a4c109b0c894f96c46104 0.085s
2024-10-08 23:38:01.403 62477 INFO tempest.lib.common.rest_client [req-232cbdc3-7a0e-4057-8aaa-decd54774d25 req-232cbdc3-7a0e-4057-8aaa-decd54774d25 ] Request (FlavorsAdminTestJSON:tearDownClass): 204 DELETE http://10.180.1.21/identity/v3/users/57819ce1a4c14354980426897915b73c 0.079s
2024-10-08 23:38:01.403 62477 INFO tempest.lib.common.dynamic_creds [-] Deleting project and security group for project: 1f047690abfb4247baf1682e7087654c
2024-10-08 23:38:01.459 62477 INFO tempest.lib.common.rest_client [req-309d474c-a675-4735-a542-dc872a38860a req-309d474c-a675-4735-a542-dc872a38860a ] Request (FlavorsAdminTestJSON:tearDownClass): 201 POST http://10.180.1.21/identity/v3/auth/tokens 0.056s
2024-10-08 23:38:01.602 62449 INFO tempest.lib.common.rest_client [req-a301fe57-1ad2-406a-84d4-aa92a40da641 req-a301fe57-1ad2-406a-84d4-aa92a40da641 ] Request (ImagesNegativeTestJSON:test_create_image_from_deleted_server): 200 GET http://10.180.1.21/compute/v2.1/servers/186a2de8-2b9e-4c84-8502-cb0ed3b43123 0.208s
2024-10-08 23:38:01.615 62462 INFO tempest.lib.common.rest_client [req-e8d29a62-8832-468a-8014-6b76e2671777 req-e8d29a62-8832-468a-8014-6b76e2671777 ] Request (ServersTestMultiNic:test_verify_duplicate_network_nics): 200 GET http://10.180.1.21/compute/v2.1/servers/b0180c2b-8edf-4d15-8d12-c754b73f6030 0.168s
2024-10-08 23:38:01.623 62477 INFO tempest.lib.common.rest_client [req-b082b1aa-e829-4b2e-8cbe-c5d417153be4 req-b082b1aa-e829-4b2e-8cbe-c5d417153be4 ] Request (FlavorsAdminTestJSON:tearDownClass): 200 GET http://10.180.1.21:9696/networking/v2.0/security-groups?tenant_id=1f047690abfb4247baf1682e7087654c&name=default 0.163s
2024-10-08 23:38:01.670 62457 INFO tempest.lib.common.rest_client [req-8bfe3cde-da1c-4a12-a45f-8067439d32c3 req-8bfe3cde-da1c-4a12-a45f-8067439d32c3 ] Request (ServerDiagnosticsNegativeTest:test_get_server_diagnostics_by_non_admin): 200 GET http://10.180.1.21/compute/v2.1/servers/258ec37d-c791-4c43-8725-0f4b4bbf9b5b 0.179s
2024-10-08 23:38:01.675 62467 INFO tempest.lib.common.rest_client [req-2344ecb0-f99c-40b6-9181-2806bd277644 req-2344ecb0-f99c-40b6-9181-2806bd277644 ] Request (ServersTestFqdnHostnames:test_create_server_with_fqdn_name): 200 GET http://10.180.1.21/compute/v2.1/servers/9e573093-6434-452d-8025-4688d9f78c53 0.136s
2024-10-08 23:38:01.738 62447 INFO tempest.lib.common.rest_client [req-54c57fe0-df44-43de-887e-a367b1b5e2bc req-54c57fe0-df44-43de-887e-a367b1b5e2bc ] Request (ListServerFiltersTestJSON:setUpClass): 200 GET http://10.180.1.21/compute/v2.1/servers/48fe8f43-4ab9-41de-9b81-35b4438585ea 0.181s
2024-10-08 23:38:01.740 62443 INFO tempest.lib.common.rest_client [req-5b63d9b3-37a6-4504-9c6b-0e81b366504d req-5b63d9b3-37a6-4504-9c6b-0e81b366504d ] Request (ImagesOneServerTestJSON:setUpClass): 200 GET http://10.180.1.21/compute/v2.1/servers/25e4a40e-c5a6-47f5-9e53-00d3073252fc 0.148s
2024-10-08 23:38:01.746 62477 INFO tempest.lib.common.rest_client [req-b065920a-69d8-446e-96f8-e4948f869c35 req-b065920a-69d8-446e-96f8-e4948f869c35 ] Request (FlavorsAdminTestJSON:tearDownClass): 204 DELETE http://10.180.1.21:9696/networking/v2.0/security-groups/393e2111-87a6-41eb-bc06-c34c59f01fce 0.122s
2024-10-08 23:38:01.800 62469 INFO tempest.lib.common.rest_client [req-e5051c0f-47df-45ad-8897-9f941282c1e3 req-e5051c0f-47df-45ad-8897-9f941282c1e3 ] Request (ServerDiskConfigTestJSON:test_rebuild_server_with_auto_disk_config): 200 GET http://10.180.1.21/compute/v2.1/servers/63ed8992-0e8f-41ca-8b28-c0b2538ff61c 0.158s
2024-10-08 23:38:01.800 62451 INFO tempest.lib.common.rest_client [req-0e829d84-cb65-4286-8762-db659e99f2de req-0e829d84-cb65-4286-8762-db659e99f2de ] Request (InstanceActionsNegativeTestJSON:setUpClass): 200 GET http://10.180.1.21/compute/v2.1/servers/12656a79-a836-452c-8f94-c8e142c9ec2f 0.152s
2024-10-08 23:38:01.814 62477 INFO tempest.lib.common.rest_client [req-cd5eb51b-443c-4c65-ba35-07851b7e08e5 req-cd5eb51b-443c-4c65-ba35-07851b7e08e5 ] Request (FlavorsAdminTestJSON:tearDownClass): 204 DELETE http://10.180.1.21/identity/v3/projects/1f047690abfb4247baf1682e7087654c 0.067s
2024-10-08 23:38:01.814 62477 INFO tempest.lib.common.dynamic_creds [-] Deleting project and security group for project: 06c77ab6018a4bc1b51aa9be968e960b
2024-10-08 23:38:01.849 62481 INFO tempest.lib.common.rest_client [req-a7c05598-037c-4358-a737-e6795978c74b req-a7c05598-037c-4358-a737-e6795978c74b ] Request (AttachInterfacesTestJSON:test_create_list_show_delete_interfaces_by_network_port): 200 GET http://10.180.1.21/compute/v2.1/servers/a71fd192-f3b6-4f0f-900d-887d15f44d7a 0.145s
2024-10-08 23:38:01.863 62463 INFO tempest.lib.common.rest_client [req-f0c59959-498f-4ff0-81c0-6451cfc938ad req-f0c59959-498f-4ff0-81c0-6451cfc938ad ] Request (ServersWithSpecificFlavorTestJSON:test_verify_created_server_ephemeral_disk): 200 GET http://10.180.1.21/compute/v2.1/servers/111c0b93-2f02-4f30-9389-0b7f9b041ee8 0.153s
2024-10-08 23:38:01.869 62463 INFO tempest.common.waiters [-] State transition "BUILD/spawning" ==> "ERROR/None" after 82 second wait
2024-10-08 23:38:01.897 62465 INFO tempest.lib.common.rest_client [req-155d8106-868b-406f-8f20-dcc827fa5e3e req-155d8106-868b-406f-8f20-dcc827fa5e3e ] Request (VolumesAdminNegativeTest:test_update_attached_volume_with_nonexistent_volume_in_body): 200 GET http://10.180.1.21/compute/v2.1/servers/f5a11b74-e1fe-44c0-bccb-5817bc582608 0.126s
2024-10-08 23:38:01.908 62459 INFO tempest.lib.common.rest_client [req-836612aa-8db6-4ba9-b39e-4efe39f3ffce req-836612aa-8db6-4ba9-b39e-4efe39f3ffce ] Request (ServerActionsV293TestJSON:setUpClass): 200 GET http://10.180.1.21/volume/v3/53d52da8765c4d69b803b4f18d0d9bc2/volumes/e1a1d343-79bf-455c-8446-09fa8e9f2035 0.028s
2024-10-08 23:38:01.919 62477 INFO tempest.lib.common.rest_client [req-8cf406be-c1bf-42e8-a631-c6866f5248ee req-8cf406be-c1bf-42e8-a631-c6866f5248ee ] Request (FlavorsAdminTestJSON:tearDownClass): 200 GET http://10.180.1.21:9696/networking/v2.0/security-groups?tenant_id=06c77ab6018a4bc1b51aa9be968e960b&name=default 0.104s
2024-10-08 23:38:01.919 62441 INFO tempest.lib.common.rest_client [req-e6a79539-1a6e-4219-ba71-7edce4160791 req-e6a79539-1a6e-4219-ba71-7edce4160791 ] Request (ServerMetadataNegativeTestJSON:setUpClass): 200 GET http://10.180.1.21/compute/v2.1/servers/19326d9f-5f3a-4756-874f-d4d3ce25f8e8 0.137s
2024-10-08 23:38:01.948 62471 INFO tempest.lib.common.rest_client [req-54b08b56-dc43-4b09-95de-1bfc34865e29 req-54b08b56-dc43-4b09-95de-1bfc34865e29 ] Request (ServerTagsTestJSON:setUpClass): 200 GET http://10.180.1.21/compute/v2.1/servers/0ab619ea-755b-4d71-9c12-0eeda0b42a39 0.103s
2024-10-08 23:38:01.970 62491 INFO tempest.lib.common.rest_client [req-6b85a00b-03af-44ab-be80-2e3e4fc54645 req-6b85a00b-03af-44ab-be80-2e3e4fc54645 ] Request (MigrationsAdminTest:test_resize_server_revert_deleted_flavor): 200 GET http://10.180.1.21/compute/v2.1/servers/d52bfb49-beb0-4bfe-b3bb-45132c210065 0.120s
2024-10-08 23:38:02.001 62477 INFO tempest.lib.common.rest_client [req-d4cf34f9-1603-4071-9479-e42c15639142 req-d4cf34f9-1603-4071-9479-e42c15639142 ] Request (FlavorsAdminTestJSON:tearDownClass): 204 DELETE http://10.180.1.21:9696/networking/v2.0/security-groups/e6a5ddd0-74ba-4ffe-8dc4-7ea18325b305 0.082s
2024-10-08 23:38:02.026 62453 INFO tempest.lib.common.rest_client [req-49071ebb-5b48-4719-abf8-cd4ecae4ee71 req-49071ebb-5b48-4719-abf8-cd4ecae4ee71 ] Request (AttachInterfacesUnderV243Test:test_add_remove_fixed_ip): 200 GET http://10.180.1.21/compute/v2.1/servers/47409cd0-db33-4a94-b806-1799a6f7e98f 0.110s
2024-10-08 23:38:02.033 62453 INFO tempest.common.waiters [-] State transition "BUILD/None" ==> "BUILD/networking" after 76 second wait
2024-10-08 23:38:02.076 62489 INFO tempest.lib.common.rest_client [req-b4c4ccef-9fa3-4463-9b89-b5a7526b1987 req-b4c4ccef-9fa3-4463-9b89-b5a7526b1987 ] Request (FloatingIPsAssociationTestJSON:setUpClass): 200 GET http://10.180.1.21/compute/v2.1/servers/4a2b5dbe-ed48-40b6-ba72-a06b14e31696 0.154s
2024-10-08 23:38:02.099 62477 INFO tempest.lib.common.rest_client [req-54a6d13e-055a-4994-bd03-10dc6a427beb req-54a6d13e-055a-4994-bd03-10dc6a427beb ] Request (FlavorsAdminTestJSON:tearDownClass): 204 DELETE http://10.180.1.21/identity/v3/projects/06c77ab6018a4bc1b51aa9be968e960b 0.098s
2024-10-08 23:38:02.128 62487 INFO tempest.lib.common.rest_client [req-65d449a3-1e2c-41e6-ad39-a64f672ce6ec req-65d449a3-1e2c-41e6-ad39-a64f672ce6ec ] Request (ServersTestJSON:setUpClass): 200 GET http://10.180.1.21/compute/v2.1/servers/39d5f95c-7c98-4263-a46e-948d2e3d31ce 0.156s
2024-10-08 23:38:02.140 62463 INFO tempest.lib.common.rest_client [req-4f4c73ca-0af4-4e83-a3d9-a590a2af1d2f req-4f4c73ca-0af4-4e83-a3d9-a590a2af1d2f ] Request (ServersWithSpecificFlavorTestJSON:test_verify_created_server_ephemeral_disk): 204 DELETE http://10.180.1.21/compute/v2.1/servers/111c0b93-2f02-4f30-9389-0b7f9b041ee8 0.271s
2024-10-08 23:38:02.155 62477 INFO tempest.lib.common.rest_client [req-ef07919f-9c9d-4eef-8fa2-be942fc3f2a5 req-ef07919f-9c9d-4eef-8fa2-be942fc3f2a5 ] Request (SecurityGroupRulesNegativeTestJSON:setUpClass): 201 POST http://10.180.1.21/identity/v3/auth/tokens 0.053s
2024-10-08 23:38:02.185 62477 INFO tempest.lib.common.rest_client [req-a455793a-efc6-46fe-a4eb-d8fed715b23f req-a455793a-efc6-46fe-a4eb-d8fed715b23f ] Request (SecurityGroupRulesNegativeTestJSON:setUpClass): 201 POST http://10.180.1.21/identity/v3/auth/tokens 0.027s
2024-10-08 23:38:02.199 62445 INFO tempest.lib.common.rest_client [req-1719a439-70fc-4191-832b-20e41a3ef963 req-1719a439-70fc-4191-832b-20e41a3ef963 ] Request (ImagesTestJSON:test_create_image_from_stopped_server): 200 GET http://10.180.1.21/compute/v2.1/servers/5e264b99-8025-471a-bc6b-238f1bca054c 0.166s
2024-10-08 23:38:02.200 62435 INFO tempest.lib.common.rest_client [req-f87367e5-dd5b-4e16-be5b-8e31766fa0d7 req-f87367e5-dd5b-4e16-be5b-8e31766fa0d7 ] Request (ServerShowV254Test:test_rebuild_server): 200 GET http://10.180.1.21/compute/v2.1/servers/bcb11a72-4394-42a2-9a9f-295adc1abcd0 0.166s
2024-10-08 23:38:02.204 62477 INFO tempest.lib.common.rest_client [req-5a9d3d4f-b236-4cb5-a852-eebd1a778d86 req-5a9d3d4f-b236-4cb5-a852-eebd1a778d86 ] Request (SecurityGroupRulesNegativeTestJSON:setUpClass): 200 GET http://10.180.1.21/identity/v3/domains?name=Default 0.019s
2024-10-08 23:38:02.233 62477 INFO tempest.lib.common.rest_client [req-71195c53-9f5f-4891-8a43-d9b804f62d9d req-71195c53-9f5f-4891-8a43-d9b804f62d9d ] Request (SecurityGroupRulesNegativeTestJSON:setUpClass): 201 POST http://10.180.1.21/identity/v3/projects 0.028s
2024-10-08 23:38:02.252 62493 INFO tempest.lib.common.rest_client [req-b14ad97f-88c3-4654-b8fa-d1290fb58736 req-b14ad97f-88c3-4654-b8fa-d1290fb58736 ] Request (ServerAddressesNegativeTestJSON:setUpClass): 200 GET http://10.180.1.21/compute/v2.1/servers/7cbaf88d-f7fb-4fbe-bca0-2e83a3341463 0.161s
2024-10-08 23:38:02.265 62433 INFO tempest.lib.common.rest_client [req-474c9264-80ec-4dbc-bcba-78cb97d1b092 req-474c9264-80ec-4dbc-bcba-78cb97d1b092 ] Request (MultipleCreateTestJSON:test_multiple_create): 200 GET http://10.180.1.21/compute/v2.1/servers/0b090f00-8eb5-435f-a1ca-05fa5acdeaaf 0.187s
2024-10-08 23:38:02.274 62463 INFO tempest.lib.common.rest_client [req-981d3186-fc57-4422-b743-5fc4adaeaff0 req-981d3186-fc57-4422-b743-5fc4adaeaff0 ] Request (ServersWithSpecificFlavorTestJSON:test_verify_created_server_ephemeral_disk): 404 GET http://10.180.1.21/compute/v2.1/servers/111c0b93-2f02-4f30-9389-0b7f9b041ee8 0.133s
2024-10-08 23:38:02.323 62473 INFO tempest.lib.common.rest_client [req-2e08af74-7e2c-41de-851f-643e271a011c req-2e08af74-7e2c-41de-851f-643e271a011c ] Request (ServersTestBootFromVolume:setUpClass): 200 GET http://10.180.1.21/compute/v2.1/servers/6c675e27-0de4-46bc-8017-5ee43e2efa5c 0.176s
2024-10-08 23:38:02.337 62480 INFO tempest.lib.common.rest_client [req-8e1a9571-3f46-43ca-91f9-f792639c0ee6 req-8e1a9571-3f46-43ca-91f9-f792639c0ee6 ] Request (ServerShowV247Test:test_update_rebuild_list_server): 200 GET http://10.180.1.21/compute/v2.1/servers/ce74983e-8347-425c-967a-6a78a7daa701 0.184s
2024-10-08 23:38:02.376 62495 INFO tempest.lib.common.rest_client [req-e43a42fb-9643-48df-87cf-a7618c6b4e41 req-e43a42fb-9643-48df-87cf-a7618c6b4e41 ] Request (AttachInterfacesV270Test:test_create_get_list_interfaces): 200 GET http://10.180.1.21/compute/v2.1/servers/7cccaaf2-f17d-426d-9340-e33260235706 0.178s
2024-10-08 23:38:02.388 62485 INFO tempest.lib.common.rest_client [req-7f402528-9095-446e-913d-0c7426f627fb req-7f402528-9095-446e-913d-0c7426f627fb ] Request (ServerDiagnosticsTest:test_get_server_diagnostics): 200 GET http://10.180.1.21/compute/v2.1/servers/571b574b-27f2-4e95-9309-fd3097fb4f64 0.139s
2024-10-08 23:38:02.390 62463 INFO tempest.lib.common.rest_client [req-8745b7a0-70ad-4000-bea3-be68f46ece32 req-8745b7a0-70ad-4000-bea3-be68f46ece32 ] Request (ServersWithSpecificFlavorTestJSON:_run_cleanups): 202 DELETE http://10.180.1.21/compute/v2.1/os-keypairs/tempest-keypair-959787895 0.115s
2024-10-08 23:38:02.423 62477 INFO tempest.lib.common.rest_client [req-17ec2cbf-70b5-48c1-a003-2e526783a1eb req-17ec2cbf-70b5-48c1-a003-2e526783a1eb ] Request (SecurityGroupRulesNegativeTestJSON:setUpClass): 201 POST http://10.180.1.21/identity/v3/users 0.189s
2024-10-08 23:38:02.441 62477 INFO tempest.lib.common.rest_client [req-b56cf859-2c1c-43c4-bbbc-3938ac5e3d1a req-b56cf859-2c1c-43c4-bbbc-3938ac5e3d1a ] Request (SecurityGroupRulesNegativeTestJSON:setUpClass): 200 GET http://10.180.1.21/identity/v3/roles 0.017s
2024-10-08 23:38:02.463 62439 INFO tempest.lib.common.rest_client [req-494694bd-880d-48fc-b453-4f089357a2de req-494694bd-880d-48fc-b453-4f089357a2de ] Request (ServerActionsTestOtherB:setUpClass): 200 GET http://10.180.1.21/compute/v2.1/servers/0a4a432d-a71a-4da7-be90-25dcec5a64c6 0.150s
2024-10-08 23:38:02.466 62477 INFO tempest.lib.common.rest_client [req-65022f27-898d-49c5-a0d0-586876492bd2 req-65022f27-898d-49c5-a0d0-586876492bd2 ] Request (SecurityGroupRulesNegativeTestJSON:setUpClass): 204 PUT http://10.180.1.21/identity/v3/projects/6d74582ccb6f44998d11702f4d239083/users/d3402506d4ae4abdb56e6aea4e221b17/roles/54d0a4310c29440494b9ad45ea3e4514 0.024s
2024-10-08 23:38:02.466 62477 INFO tempest.lib.common.dynamic_creds [-] Dynamic test user d3402506d4ae4abdb56e6aea4e221b17 is created with scope project and roles: ['member']
