2024-10-08 23:38:26.195 62463 INFO tempest.lib.common.dynamic_creds [-] Acquired dynamic creds: credentials: Credentials: {'domain_id': 'default', 'domain_name': 'Default', 'username': 'tempest-AttachVolumeTestJSON-1660270746-project-member', 'project_domain_id': 'default', 'project_domain_name': 'Default', 'project_id': '56643ee7896c48bf9be3dd1cb1c9fc80', 'project_name': 'tempest-AttachVolumeTestJSON-1660270746', 'tenant_id': '56643ee7896c48bf9be3dd1cb1c9fc80', 'tenant_name': 'tempest-AttachVolumeTestJSON-1660270746', 'user_domain_id': 'default', 'user_domain_name': 'Default', 'user_id': '052e8b58b8554c02a492ef696d6057bc', 'system': None}, Network: None, Subnet: None, Router: None
2024-10-08 23:38:26.226 62491 INFO tempest.lib.common.rest_client [req-c6a89768-8e07-4558-b53d-ab17e7855451 req-c6a89768-8e07-4558-b53d-ab17e7855451 ] Request (MigrationsAdminTest:test_resize_server_revert_deleted_flavor): 200 GET http://10.180.1.21/compute/v2.1/servers/d52bfb49-beb0-4bfe-b3bb-45132c210065 0.062s
2024-10-08 23:38:26.226 62493 INFO tempest.lib.common.rest_client [req-0a2f0024-dd62-4dfb-8e5d-a16c15d90258 req-0a2f0024-dd62-4dfb-8e5d-a16c15d90258 ] Request (ServerAddressesNegativeTestJSON:setUpClass): 200 GET http://10.180.1.21/compute/v2.1/servers/7cbaf88d-f7fb-4fbe-bca0-2e83a3341463 0.055s
2024-10-08 23:38:26.249 62463 INFO tempest.lib.common.rest_client [req-4d056da0-d173-4a09-a957-1dbbc212824f req-4d056da0-d173-4a09-a957-1dbbc212824f ] Request (AttachVolumeTestJSON:setUpClass): 201 POST http://10.180.1.21/identity/v3/auth/tokens 0.054s
2024-10-08 23:38:26.292 62435 INFO tempest.lib.common.rest_client [req-085337fe-d0d9-4c7c-81d1-660a4d866a73 req-085337fe-d0d9-4c7c-81d1-660a4d866a73 ] Request (ServerShowV254Test:test_rebuild_server): 200 GET http://10.180.1.21/compute/v2.1/servers/bcb11a72-4394-42a2-9a9f-295adc1abcd0 0.052s
2024-10-08 23:38:26.309 62489 INFO tempest.lib.common.rest_client [req-5d1be793-08d0-4853-baba-7546b5925940 req-5d1be793-08d0-4853-baba-7546b5925940 ] Request (ValidationResourcesFixture:setUp): 201 POST http://10.180.1.21:9696/networking/v2.0/security-group-rules 0.175s
2024-10-08 23:38:26.316 62445 INFO tempest.lib.common.rest_client [req-eb3c7a97-9e31-4a60-836c-056acee9f527 req-eb3c7a97-9e31-4a60-836c-056acee9f527 ] Request (ImagesTestJSON:test_create_image_from_stopped_server): 200 GET http://10.180.1.21/compute/v2.1/servers/5e264b99-8025-471a-bc6b-238f1bca054c 0.064s
2024-10-08 23:38:26.374 62480 INFO tempest.lib.common.rest_client [req-c7684876-4db6-414d-8f3f-566aafcc5f9a req-c7684876-4db6-414d-8f3f-566aafcc5f9a ] Request (ServerShowV247Test:test_update_rebuild_list_server): 200 GET http://10.180.1.21/compute/v2.1/servers/ce74983e-8347-425c-967a-6a78a7daa701 0.070s
2024-10-08 23:38:26.381 62477 INFO tempest.lib.common.rest_client [req-fb696a8f-a697-4807-8522-f7cf6bed8ec8 req-fb696a8f-a697-4807-8522-f7cf6bed8ec8 ] Request (SecurityGroupsTestJSON:test_list_security_groups_by_server): 200 GET http://10.180.1.21/compute/v2.1/servers/51c9e353-f2cf-41b4-b37e-1cfd5dca0518 0.067s
2024-10-08 23:38:26.468 62433 INFO tempest.lib.common.rest_client [req-62580f5e-5fdc-4c55-860c-4fc43527004a req-62580f5e-5fdc-4c55-860c-4fc43527004a ] Request (MultipleCreateTestJSON:test_multiple_create): 200 GET http://10.180.1.21/compute/v2.1/servers/0b090f00-8eb5-435f-a1ca-05fa5acdeaaf 0.081s
2024-10-08 23:38:26.481 62495 INFO tempest.lib.common.rest_client [req-002c3a70-cb8f-4a99-9945-e25d14e26a29 req-002c3a70-cb8f-4a99-9945-e25d14e26a29 ] Request (AttachInterfacesV270Test:test_create_get_list_interfaces): 200 GET http://10.180.1.21/compute/v2.1/servers/7cccaaf2-f17d-426d-9340-e33260235706 0.074s
2024-10-08 23:38:26.560 62439 INFO tempest.lib.common.rest_client [req-3ddc7acb-3063-4af5-a149-7a0e57e524ed req-3ddc7acb-3063-4af5-a149-7a0e57e524ed ] Request (ServerActionsTestOtherB:setUpClass): 200 GET http://10.180.1.21/compute/v2.1/servers/0a4a432d-a71a-4da7-be90-25dcec5a64c6 0.110s
2024-10-08 23:38:26.574 62449 INFO tempest.lib.common.rest_client [req-d213fce2-5372-4e4b-afe0-d091b1882203 req-d213fce2-5372-4e4b-afe0-d091b1882203 ] Request (ImagesNegativeTestJSON:test_create_image_from_deleted_server): 200 GET http://10.180.1.21/compute/v2.1/servers/186a2de8-2b9e-4c84-8502-cb0ed3b43123 0.109s
2024-10-08 23:38:26.589 62489 INFO tempest.lib.common.rest_client [req-07121d88-284e-4868-a82a-de40510ea962 req-07121d88-284e-4868-a82a-de40510ea962 ] Request (ValidationResourcesFixture:setUp): 201 POST http://10.180.1.21:9696/networking/v2.0/security-group-rules 0.279s
2024-10-08 23:38:26.639 62462 INFO tempest.lib.common.rest_client [req-8f9c3d99-2fe7-4da5-8139-510a16a78e88 req-8f9c3d99-2fe7-4da5-8139-510a16a78e88 ] Request (ServersTestMultiNic:test_verify_duplicate_network_nics): 200 GET http://10.180.1.21/compute/v2.1/servers/b0180c2b-8edf-4d15-8d12-c754b73f6030 0.114s
2024-10-08 23:38:26.649 62457 INFO tempest.lib.common.rest_client [req-b908a28e-27bf-4339-aba6-bf6a3bf64f9b req-b908a28e-27bf-4339-aba6-bf6a3bf64f9b ] Request (ServerDiagnosticsNegativeTest:test_get_server_diagnostics_by_non_admin): 200 GET http://10.180.1.21/compute/v2.1/servers/258ec37d-c791-4c43-8725-0f4b4bbf9b5b 0.119s
2024-10-08 23:38:26.715 62463 INFO tempest.lib.common.rest_client [req-5a8e4eb0-38da-400c-9021-915167c8f6d3 req-5a8e4eb0-38da-400c-9021-915167c8f6d3 ] Request (AttachVolumeTestJSON:setUpClass): 201 POST http://10.180.1.21:9696/networking/v2.0/networks 0.466s
2024-10-08 23:38:26.717 62447 INFO tempest.lib.common.rest_client [req-fb850f19-da11-4407-b471-2ec586acb297 req-fb850f19-da11-4407-b471-2ec586acb297 ] Request (ListServerFiltersTestJSON:setUpClass): 200 GET http://10.180.1.21/compute/v2.1/servers/48fe8f43-4ab9-41de-9b81-35b4438585ea 0.118s
2024-10-08 23:38:26.724 62473 INFO tempest.lib.common.rest_client [req-8613341f-0f3e-4549-830f-a6001207fc1e req-8613341f-0f3e-4549-830f-a6001207fc1e ] Request (InstanceActionsV221TestJSON:test_get_list_deleted_instance_actions): 200 GET http://10.180.1.21/compute/v2.1/servers/eca3ea4c-e212-4c3d-8dbe-a02c0d7dc948 0.121s
2024-10-08 23:38:26.793 62467 INFO tempest.lib.common.rest_client [req-379cc3e0-e1e6-431c-b57e-65a9dc743a21 req-379cc3e0-e1e6-431c-b57e-65a9dc743a21 ] Request (ServersTestFqdnHostnames:test_create_server_with_fqdn_name): 200 GET http://10.180.1.21/compute/v2.1/servers/9e573093-6434-452d-8025-4688d9f78c53 0.139s
2024-10-08 23:38:26.795 62469 INFO tempest.lib.common.rest_client [req-d5900f23-3de7-472d-91bf-98b66380d1b8 req-d5900f23-3de7-472d-91bf-98b66380d1b8 ] Request (ServerDiskConfigTestJSON:test_rebuild_server_with_auto_disk_config): 200 GET http://10.180.1.21/compute/v2.1/servers/63ed8992-0e8f-41ca-8b28-c0b2538ff61c 0.101s
2024-10-08 23:38:26.854 62451 INFO tempest.lib.common.rest_client [req-c6a75ffb-c9a8-45ed-b01c-40293f24dce9 req-c6a75ffb-c9a8-45ed-b01c-40293f24dce9 ] Request (InstanceActionsNegativeTestJSON:setUpClass): 200 GET http://10.180.1.21/compute/v2.1/servers/12656a79-a836-452c-8f94-c8e142c9ec2f 0.098s
2024-10-08 23:38:26.866 62459 INFO tempest.lib.common.rest_client [req-fb60ce6c-5618-4ae3-a9f9-94f6bd4497ad req-fb60ce6c-5618-4ae3-a9f9-94f6bd4497ad ] Request (ServerActionsV293TestJSON:setUpClass): 200 GET http://10.180.1.21/compute/v2.1/servers/69604167-6a61-4723-bf7d-7ba168837839 0.113s
2024-10-08 23:38:26.918 62463 INFO tempest.lib.common.rest_client [req-cee6a70b-c761-473d-acd5-4f81b3d97b84 req-cee6a70b-c761-473d-acd5-4f81b3d97b84 ] Request (AttachVolumeTestJSON:setUpClass): 201 POST http://10.180.1.21:9696/networking/v2.0/subnets 0.203s
2024-10-08 23:38:26.992 62465 INFO tempest.lib.common.rest_client [req-01e1fb73-df84-45e2-a8a7-fc05f98768df req-01e1fb73-df84-45e2-a8a7-fc05f98768df ] Request (VolumesAdminNegativeTest:test_update_attached_volume_with_nonexistent_volume_in_body): 200 GET http://10.180.1.21/compute/v2.1/servers/f5a11b74-e1fe-44c0-bccb-5817bc582608 0.065s
2024-10-08 23:38:26.995 62455 INFO tempest.lib.common.rest_client [req-92592bd1-25e3-4fc1-9a36-b8b5610b136f req-92592bd1-25e3-4fc1-9a36-b8b5610b136f ] Request (ServerActionsTestOtherA:tearDownClass): 200 PUT http://10.180.1.21:9696/networking/v2.0/routers/b33b1220-516f-47c8-84c9-6639af3366bb/remove_router_interface 0.963s
2024-10-08 23:38:27.053 62481 INFO tempest.lib.common.rest_client [req-a6ae88e7-12e1-4de4-aef7-4fcb11fef7b8 req-a6ae88e7-12e1-4de4-aef7-4fcb11fef7b8 ] Request (AttachInterfacesTestJSON:test_create_list_show_delete_interfaces_by_network_port): 200 GET http://10.180.1.21/compute/v2.1/servers/a71fd192-f3b6-4f0f-900d-887d15f44d7a 0.075s
2024-10-08 23:38:27.098 62443 INFO tempest.lib.common.rest_client [req-ffdb87d3-ce48-4472-80c4-1879b3537034 req-ffdb87d3-ce48-4472-80c4-1879b3537034 ] Request (ImagesOneServerTestJSON:setUpClass): 200 GET http://10.180.1.21/compute/v2.1/servers/25e4a40e-c5a6-47f5-9e53-00d3073252fc 0.078s
2024-10-08 23:38:27.123 62471 INFO tempest.lib.common.rest_client [req-ef2183f6-df85-4073-8144-90a217d31794 req-ef2183f6-df85-4073-8144-90a217d31794 ] Request (ServerTagsTestJSON:setUpClass): 200 GET http://10.180.1.21/compute/v2.1/servers/0ab619ea-755b-4d71-9c12-0eeda0b42a39 0.071s
2024-10-08 23:38:27.178 62487 INFO tempest.lib.common.rest_client [req-6e3a634a-3807-46a2-829a-e3bbe987159f req-6e3a634a-3807-46a2-829a-e3bbe987159f ] Request (ServersTestJSON:setUpClass): 200 GET http://10.180.1.21/compute/v2.1/servers/39d5f95c-7c98-4263-a46e-948d2e3d31ce 0.079s
2024-10-08 23:38:27.266 62453 INFO tempest.lib.common.rest_client [req-6a3e3682-e1ce-477a-b67f-8c6749871ad5 req-6a3e3682-e1ce-477a-b67f-8c6749871ad5 ] Request (AttachInterfacesUnderV243Test:test_add_remove_fixed_ip): 200 GET http://10.180.1.21/compute/v2.1/servers/47409cd0-db33-4a94-b806-1799a6f7e98f 0.108s
2024-10-08 23:38:27.270 62441 INFO tempest.lib.common.rest_client [req-2029d83a-9b7c-4ced-9c2d-62f48d3eb270 req-2029d83a-9b7c-4ced-9c2d-62f48d3eb270 ] Request (ServerMetadataNegativeTestJSON:setUpClass): 200 GET http://10.180.1.21/compute/v2.1/servers/19326d9f-5f3a-4756-874f-d4d3ce25f8e8 0.087s
2024-10-08 23:38:27.272 62453 INFO tempest.common.waiters [-] State transition "BUILD/spawning" ==> "BUILD/scheduling" after 101 second wait
2024-10-08 23:38:27.324 62493 INFO tempest.lib.common.rest_client [req-084ce282-a9c3-45ab-a447-b2a8fe2224b5 req-084ce282-a9c3-45ab-a447-b2a8fe2224b5 ] Request (ServerAddressesNegativeTestJSON:setUpClass): 200 GET http://10.180.1.21/compute/v2.1/servers/7cbaf88d-f7fb-4fbe-bca0-2e83a3341463 0.091s
2024-10-08 23:38:27.332 62491 INFO tempest.lib.common.rest_client [req-219ef522-bef2-4df4-9bb0-b4a412bc5190 req-219ef522-bef2-4df4-9bb0-b4a412bc5190 ] Request (MigrationsAdminTest:test_resize_server_revert_deleted_flavor): 200 GET http://10.180.1.21/compute/v2.1/servers/d52bfb49-beb0-4bfe-b3bb-45132c210065 0.099s
2024-10-08 23:38:27.393 62445 INFO tempest.lib.common.rest_client [req-f235618b-c852-4077-90ba-6f4bdd1f0082 req-f235618b-c852-4077-90ba-6f4bdd1f0082 ] Request (ImagesTestJSON:test_create_image_from_stopped_server): 200 GET http://10.180.1.21/compute/v2.1/servers/5e264b99-8025-471a-bc6b-238f1bca054c 0.064s
2024-10-08 23:38:27.395 62435 INFO tempest.lib.common.rest_client [req-16dbd8a4-6c70-44ba-b911-010552507e6e req-16dbd8a4-6c70-44ba-b911-010552507e6e ] Request (ServerShowV254Test:test_rebuild_server): 200 GET http://10.180.1.21/compute/v2.1/servers/bcb11a72-4394-42a2-9a9f-295adc1abcd0 0.095s
2024-10-08 23:38:27.401 62489 INFO tempest.lib.common.rest_client [req-11cbc623-258e-42b3-b1e4-c23ea8eb54e8 req-11cbc623-258e-42b3-b1e4-c23ea8eb54e8 ] Request (ValidationResourcesFixture:setUp): 201 POST http://10.180.1.21:9696/networking/v2.0/floatingips 0.811s
2024-10-08 23:38:27.492 62477 INFO tempest.lib.common.rest_client [req-0c5864f4-7c00-49df-a844-232c5da58b33 req-0c5864f4-7c00-49df-a844-232c5da58b33 ] Request (SecurityGroupsTestJSON:test_list_security_groups_by_server): 200 GET http://10.180.1.21/compute/v2.1/servers/51c9e353-f2cf-41b4-b37e-1cfd5dca0518 0.104s
2024-10-08 23:38:27.506 62489 INFO tempest.lib.common.rest_client [req-548da718-4a26-4546-a2d5-169b6b58e17f req-548da718-4a26-4546-a2d5-169b6b58e17f ] Request (AttachVolumeShelveTestJSON:test_attach_volume_shelved_or_offload_server): 201 POST http://10.180.1.21/identity/v3/auth/tokens 0.098s
2024-10-08 23:38:27.507 62489 INFO tempest.lib.common.fixed_network [-] (AttachVolumeShelveTestJSON:test_attach_volume_shelved_or_offload_server) Found network {'id': '27e9ef71-ed38-4d09-a2f5-f94e65383cfd', 'name': 'tempest-AttachVolumeShelveTestJSON-1358621948-network', 'tenant_id': '8108a8f6b5e04832aab188333bad1e0e', 'admin_state_up': True, 'mtu': 8950, 'status': 'ACTIVE', 'subnets': [], 'shared': False, 'project_id': '8108a8f6b5e04832aab188333bad1e0e', 'port_security_enabled': True, 'router:external': False, 'provider:network_type': 'vlan', 'provider:physical_network': 'default', 'provider:segmentation_id': 446, 'is_default': False, 'availability_zone_hints': [], 'availability_zones': [], 'ipv4_address_scope': None, 'ipv6_address_scope': None, 'description': '', 'tags': [], 'created_at': '2024-10-08T23:38:21Z', 'updated_at': '2024-10-08T23:38:21Z', 'revision_number': 1} available for tenant
2024-10-08 23:38:27.509 62480 INFO tempest.lib.common.rest_client [req-aae89b3c-140f-4ee4-ba4f-b108dc52e1e4 req-aae89b3c-140f-4ee4-ba4f-b108dc52e1e4 ] Request (ServerShowV247Test:test_update_rebuild_list_server): 200 GET http://10.180.1.21/compute/v2.1/servers/ce74983e-8347-425c-967a-6a78a7daa701 0.124s
2024-10-08 23:38:27.559 62455 INFO tempest.lib.common.rest_client [req-6e7f56a9-c86d-4382-a589-db24c6ba7fc6 req-6e7f56a9-c86d-4382-a589-db24c6ba7fc6 ] Request (ServerActionsTestOtherA:tearDownClass): 204 DELETE http://10.180.1.21:9696/networking/v2.0/routers/b33b1220-516f-47c8-84c9-6639af3366bb 0.564s
2024-10-08 23:38:27.572 62433 INFO tempest.lib.common.rest_client [req-42eaf3e8-7859-40b9-ab69-2a0899536278 req-42eaf3e8-7859-40b9-ab69-2a0899536278 ] Request (MultipleCreateTestJSON:test_multiple_create): 200 GET http://10.180.1.21/compute/v2.1/servers/0b090f00-8eb5-435f-a1ca-05fa5acdeaaf 0.092s
2024-10-08 23:38:27.589 62495 INFO tempest.lib.common.rest_client [req-731cd8f9-119c-46dc-b829-8c12f94b26a9 req-731cd8f9-119c-46dc-b829-8c12f94b26a9 ] Request (AttachInterfacesV270Test:test_create_get_list_interfaces): 200 GET http://10.180.1.21/compute/v2.1/servers/7cccaaf2-f17d-426d-9340-e33260235706 0.098s
2024-10-08 23:38:27.697 62439 INFO tempest.lib.common.rest_client [req-2c3ebeba-b14e-4bac-8fd2-3bf37ec6d12f req-2c3ebeba-b14e-4bac-8fd2-3bf37ec6d12f ] Request (ServerActionsTestOtherB:setUpClass): 200 GET http://10.180.1.21/compute/v2.1/servers/0a4a432d-a71a-4da7-be90-25dcec5a64c6 0.127s
2024-10-08 23:38:27.722 62455 INFO tempest.lib.common.rest_client [req-f141be51-f94a-4c2c-b7bf-af4537a3afbd req-f141be51-f94a-4c2c-b7bf-af4537a3afbd ] Request (ServerActionsTestOtherA:tearDownClass): 204 DELETE http://10.180.1.21:9696/networking/v2.0/subnets/e8a7afd1-f05d-4067-9c44-0fc38e9a5804 0.162s
2024-10-08 23:38:27.779 62449 INFO tempest.lib.common.rest_client [req-3a3dae24-d814-4121-8796-74c650049602 req-3a3dae24-d814-4121-8796-74c650049602 ] Request (ImagesNegativeTestJSON:test_create_image_from_deleted_server): 200 GET http://10.180.1.21/compute/v2.1/servers/186a2de8-2b9e-4c84-8502-cb0ed3b43123 0.194s
2024-10-08 23:38:27.865 62462 INFO tempest.lib.common.rest_client [req-2293ac4a-a0ba-472a-ad3d-4e17b6480177 req-2293ac4a-a0ba-472a-ad3d-4e17b6480177 ] Request (ServersTestMultiNic:test_verify_duplicate_network_nics): 200 GET http://10.180.1.21/compute/v2.1/servers/b0180c2b-8edf-4d15-8d12-c754b73f6030 0.218s
2024-10-08 23:38:27.930 62457 INFO tempest.lib.common.rest_client [req-2a3d45bd-7346-4bf9-9fc6-6529e6376595 req-2a3d45bd-7346-4bf9-9fc6-6529e6376595 ] Request (ServerDiagnosticsNegativeTest:test_get_server_diagnostics_by_non_admin): 200 GET http://10.180.1.21/compute/v2.1/servers/258ec37d-c791-4c43-8725-0f4b4bbf9b5b 0.267s
2024-10-08 23:38:27.963 62455 INFO tempest.lib.common.rest_client [req-557bde92-7579-4989-aacd-444fbaad144f req-557bde92-7579-4989-aacd-444fbaad144f ] Request (ServerActionsTestOtherA:tearDownClass): 204 DELETE http://10.180.1.21:9696/networking/v2.0/networks/cff1b4e1-14b1-4694-bf71-f022714529fa 0.240s
2024-10-08 23:38:27.992 62447 INFO tempest.lib.common.rest_client [req-8351fec2-3870-4b8c-b01a-b0ef6b0b7d22 req-8351fec2-3870-4b8c-b01a-b0ef6b0b7d22 ] Request (ListServerFiltersTestJSON:setUpClass): 200 GET http://10.180.1.21/compute/v2.1/servers/48fe8f43-4ab9-41de-9b81-35b4438585ea 0.261s
2024-10-08 23:38:28.046 62455 INFO tempest.lib.common.rest_client [req-3c0bf4ec-fbb4-4f60-a0f8-c307feba851e req-3c0bf4ec-fbb4-4f60-a0f8-c307feba851e ] Request (ServerActionsTestOtherA:tearDownClass): 204 DELETE http://10.180.1.21/identity/v3/users/3f4472d9f7b24320922d1f26be172f0b 0.082s
2024-10-08 23:38:28.046 62455 INFO tempest.lib.common.dynamic_creds [-] Deleting project and security group for project: faf01fc0710e4ed1aaffaab23bed469d
2024-10-08 23:38:28.111 62455 INFO tempest.lib.common.rest_client [req-c345a29e-cb7a-4ced-a2f5-f8f4835d177a req-c345a29e-cb7a-4ced-a2f5-f8f4835d177a ] Request (ServerActionsTestOtherA:tearDownClass): 200 GET http://10.180.1.21:9696/networking/v2.0/security-groups?tenant_id=faf01fc0710e4ed1aaffaab23bed469d&name=default 0.065s
2024-10-08 23:38:28.202 62455 INFO tempest.lib.common.rest_client [req-b38fc21d-cccf-44f6-975c-06b151f1a55d req-b38fc21d-cccf-44f6-975c-06b151f1a55d ] Request (ServerActionsTestOtherA:tearDownClass): 204 DELETE http://10.180.1.21:9696/networking/v2.0/security-groups/c89c54c4-0377-4280-9d47-bcf6d39afb51 0.090s
2024-10-08 23:38:28.214 62473 INFO tempest.lib.common.rest_client [req-5ec26916-6c82-499c-9dc0-047eeda4b348 req-5ec26916-6c82-499c-9dc0-047eeda4b348 ] Request (InstanceActionsV221TestJSON:test_get_list_deleted_instance_actions): 200 GET http://10.180.1.21/compute/v2.1/servers/eca3ea4c-e212-4c3d-8dbe-a02c0d7dc948 0.476s
2024-10-08 23:38:28.266 62469 INFO tempest.lib.common.rest_client [req-14c399c3-28ff-4de5-a530-d8ec8ec1bb4a req-14c399c3-28ff-4de5-a530-d8ec8ec1bb4a ] Request (ServerDiskConfigTestJSON:test_rebuild_server_with_auto_disk_config): 200 GET http://10.180.1.21/compute/v2.1/servers/63ed8992-0e8f-41ca-8b28-c0b2538ff61c 0.464s
2024-10-08 23:38:28.298 62455 INFO tempest.lib.common.rest_client [req-c90055b7-6e35-404d-a541-27e492f11f62 req-c90055b7-6e35-404d-a541-27e492f11f62 ] Request (ServerActionsTestOtherA:tearDownClass): 204 DELETE http://10.180.1.21/identity/v3/projects/faf01fc0710e4ed1aaffaab23bed469d 0.095s
2024-10-08 23:38:28.323 62467 INFO tempest.lib.common.rest_client [req-62afe1f6-ccc9-45d8-b6ae-b1993aa507b3 req-62afe1f6-ccc9-45d8-b6ae-b1993aa507b3 ] Request (ServersTestFqdnHostnames:test_create_server_with_fqdn_name): 200 GET http://10.180.1.21/compute/v2.1/servers/9e573093-6434-452d-8025-4688d9f78c53 0.519s
2024-10-08 23:38:28.359 62455 INFO tempest.lib.common.rest_client [req-a2f15798-d470-42d5-9132-1ec79b72a581 req-a2f15798-d470-42d5-9132-1ec79b72a581 ] Request (ServerAddressesTestJSON:setUpClass): 201 POST http://10.180.1.21/identity/v3/auth/tokens 0.057s
2024-10-08 23:38:28.379 62451 INFO tempest.lib.common.rest_client [req-4215c028-218d-49c5-b72d-05e0000b2d70 req-4215c028-218d-49c5-b72d-05e0000b2d70 ] Request (InstanceActionsNegativeTestJSON:setUpClass): 200 GET http://10.180.1.21/compute/v2.1/servers/12656a79-a836-452c-8f94-c8e142c9ec2f 0.514s
2024-10-08 23:38:28.391 62463 INFO tempest.lib.common.rest_client [req-be10af88-a911-44e0-8f67-c703aefb34d1 req-be10af88-a911-44e0-8f67-c703aefb34d1 ] Request (AttachVolumeTestJSON:setUpClass): 201 POST http://10.180.1.21:9696/networking/v2.0/routers 1.472s
2024-10-08 23:38:28.392 62455 INFO tempest.lib.common.rest_client [req-143069f2-0236-4dd7-a428-4082bdcbd2a2 req-143069f2-0236-4dd7-a428-4082bdcbd2a2 ] Request (ServerAddressesTestJSON:setUpClass): 201 POST http://10.180.1.21/identity/v3/auth/tokens 0.030s
2024-10-08 23:38:28.410 62455 INFO tempest.lib.common.rest_client [req-6c2a2d42-cfd6-40dd-ad7f-71761eeafc61 req-6c2a2d42-cfd6-40dd-ad7f-71761eeafc61 ] Request (ServerAddressesTestJSON:setUpClass): 200 GET http://10.180.1.21/identity/v3/domains?name=Default 0.018s
2024-10-08 23:38:28.441 62455 INFO tempest.lib.common.rest_client [req-c793050e-d175-47b2-8632-1ce347e90195 req-c793050e-d175-47b2-8632-1ce347e90195 ] Request (ServerAddressesTestJSON:setUpClass): 201 POST http://10.180.1.21/identity/v3/projects 0.030s
2024-10-08 23:38:28.457 62459 INFO tempest.lib.common.rest_client [req-ee5deb18-a94f-4815-9cc8-f454b363e84b req-ee5deb18-a94f-4815-9cc8-f454b363e84b ] Request (ServerActionsV293TestJSON:setUpClass): 200 GET http://10.180.1.21/compute/v2.1/servers/69604167-6a61-4723-bf7d-7ba168837839 0.581s
2024-10-08 23:38:28.510 62455 INFO tempest.lib.common.rest_client [req-ae9522d2-5c09-4753-ac11-6795aafc7ff4 req-ae9522d2-5c09-4753-ac11-6795aafc7ff4 ] Request (ServerAddressesTestJSON:setUpClass): 201 POST http://10.180.1.21/identity/v3/users 0.068s
2024-10-08 23:38:28.520 62489 INFO tempest.lib.common.rest_client [req-ef7d60e8-83db-4195-bc92-dd1cea56f6c6 req-ef7d60e8-83db-4195-bc92-dd1cea56f6c6 ] Request (AttachVolumeShelveTestJSON:test_attach_volume_shelved_or_offload_server): 202 POST http://10.180.1.21/compute/v2.1/servers 1.012s
2024-10-08 23:38:28.533 62455 INFO tempest.lib.common.rest_client [req-5bc50125-bd48-4af9-b781-a5992aa2f5e5 req-5bc50125-bd48-4af9-b781-a5992aa2f5e5 ] Request (ServerAddressesTestJSON:setUpClass): 200 GET http://10.180.1.21/identity/v3/roles 0.023s
2024-10-08 23:38:28.559 62465 INFO tempest.lib.common.rest_client [req-86fef999-7bef-4529-899a-72785bde3c41 req-86fef999-7bef-4529-899a-72785bde3c41 ] Request (VolumesAdminNegativeTest:test_update_attached_volume_with_nonexistent_volume_in_body): 200 GET http://10.180.1.21/compute/v2.1/servers/f5a11b74-e1fe-44c0-bccb-5817bc582608 0.553s
2024-10-08 23:38:28.577 62455 INFO tempest.lib.common.rest_client [req-294a2f82-491f-43db-b527-2d3340d793eb req-294a2f82-491f-43db-b527-2d3340d793eb ] Request (ServerAddressesTestJSON:setUpClass): 204 PUT http://10.180.1.21/identity/v3/projects/64447421900e4b709582ce52efcb7a68/users/2d744cd3a45e4a6da81f4b09a62836d7/roles/54d0a4310c29440494b9ad45ea3e4514 0.043s
2024-10-08 23:38:28.578 62455 INFO tempest.lib.common.dynamic_creds [-] Dynamic test user 2d744cd3a45e4a6da81f4b09a62836d7 is created with scope project and roles: ['member']
2024-10-08 23:38:28.578 62455 INFO tempest.lib.common.dynamic_creds [-] Acquired dynamic creds: credentials: Credentials: {'domain_id': 'default', 'domain_name': 'Default', 'username': 'tempest-ServerAddressesTestJSON-766158484-project-member', 'project_domain_id': 'default', 'project_domain_name': 'Default', 'project_id': '64447421900e4b709582ce52efcb7a68', 'project_name': 'tempest-ServerAddressesTestJSON-766158484', 'tenant_id': '64447421900e4b709582ce52efcb7a68', 'tenant_name': 'tempest-ServerAddressesTestJSON-766158484', 'user_domain_id': 'default', 'user_domain_name': 'Default', 'user_id': '2d744cd3a45e4a6da81f4b09a62836d7', 'system': None}, Network: None, Subnet: None, Router: None
2024-10-08 23:38:28.595 62481 INFO tempest.lib.common.rest_client [req-446ff7bf-0967-4f75-83e6-d41c1be89c7c req-446ff7bf-0967-4f75-83e6-d41c1be89c7c ] Request (AttachInterfacesTestJSON:test_create_list_show_delete_interfaces_by_network_port): 200 GET http://10.180.1.21/compute/v2.1/servers/a71fd192-f3b6-4f0f-900d-887d15f44d7a 0.530s
2024-10-08 23:38:28.618 62443 INFO tempest.lib.common.rest_client [req-763e3ad6-95d6-4be9-aa16-843fa02330f0 req-763e3ad6-95d6-4be9-aa16-843fa02330f0 ] Request (ImagesOneServerTestJSON:setUpClass): 200 GET http://10.180.1.21/compute/v2.1/servers/25e4a40e-c5a6-47f5-9e53-00d3073252fc 0.512s
2024-10-08 23:38:28.655 62471 INFO tempest.lib.common.rest_client [req-a75011be-fae4-40ec-8452-bdd633adfc8e req-a75011be-fae4-40ec-8452-bdd633adfc8e ] Request (ServerTagsTestJSON:setUpClass): 200 GET http://10.180.1.21/compute/v2.1/servers/0ab619ea-755b-4d71-9c12-0eeda0b42a39 0.516s
2024-10-08 23:38:28.669 62455 INFO tempest.lib.common.rest_client [req-c404cb45-26d0-4923-aa31-8bb9ee45360c req-c404cb45-26d0-4923-aa31-8bb9ee45360c ] Request (ServerAddressesTestJSON:setUpClass): 201 POST http://10.180.1.21/identity/v3/auth/tokens 0.090s
2024-10-08 23:38:28.679 62487 INFO tempest.lib.common.rest_client [req-0d6fb1a3-79cf-4597-bb03-923da78ab46c req-0d6fb1a3-79cf-4597-bb03-923da78ab46c ] Request (ServersTestJSON:setUpClass): 200 GET http://10.180.1.21/compute/v2.1/servers/39d5f95c-7c98-4263-a46e-948d2e3d31ce 0.492s
2024-10-08 23:38:28.734 62453 INFO tempest.lib.common.rest_client [req-c6a786e7-1be0-4e9d-9fc1-3ce80b9eab10 req-c6a786e7-1be0-4e9d-9fc1-3ce80b9eab10 ] Request (AttachInterfacesUnderV243Test:test_add_remove_fixed_ip): 200 GET http://10.180.1.21/compute/v2.1/servers/47409cd0-db33-4a94-b806-1799a6f7e98f 0.460s
2024-10-08 23:38:28.740 62453 INFO tempest.common.waiters [-] State transition "BUILD/scheduling" ==> "ERROR/None" after 102 second wait
2024-10-08 23:38:28.742 62441 INFO tempest.lib.common.rest_client [req-91e2741a-d4d8-4f1f-9b66-cd639b805b96 req-91e2741a-d4d8-4f1f-9b66-cd639b805b96 ] Request (ServerMetadataNegativeTestJSON:setUpClass): 200 GET http://10.180.1.21/compute/v2.1/servers/19326d9f-5f3a-4756-874f-d4d3ce25f8e8 0.466s
2024-10-08 23:38:28.806 62493 INFO tempest.lib.common.rest_client [req-d638447a-3c69-48b7-83e3-4d3cb1019375 req-d638447a-3c69-48b7-83e3-4d3cb1019375 ] Request (ServerAddressesNegativeTestJSON:setUpClass): 200 GET http://10.180.1.21/compute/v2.1/servers/7cbaf88d-f7fb-4fbe-bca0-2e83a3341463 0.476s
2024-10-08 23:38:28.821 62491 INFO tempest.lib.common.rest_client [req-6f3d8ce6-5814-44d5-b668-052db8281549 req-6f3d8ce6-5814-44d5-b668-052db8281549 ] Request (MigrationsAdminTest:test_resize_server_revert_deleted_flavor): 200 GET http://10.180.1.21/compute/v2.1/servers/d52bfb49-beb0-4bfe-b3bb-45132c210065 0.480s
2024-10-08 23:38:28.883 62435 INFO tempest.lib.common.rest_client [req-93be1dcf-4490-43a4-adf1-41dbade9182f req-93be1dcf-4490-43a4-adf1-41dbade9182f ] Request (ServerShowV254Test:test_rebuild_server): 200 GET http://10.180.1.21/compute/v2.1/servers/bcb11a72-4394-42a2-9a9f-295adc1abcd0 0.473s
2024-10-08 23:38:28.883 62445 INFO tempest.lib.common.rest_client [req-a7e20b08-d13f-459a-a39f-76432e87ffe9 req-a7e20b08-d13f-459a-a39f-76432e87ffe9 ] Request (ImagesTestJSON:test_create_image_from_stopped_server): 200 GET http://10.180.1.21/compute/v2.1/servers/5e264b99-8025-471a-bc6b-238f1bca054c 0.479s
2024-10-08 23:38:28.938 62477 INFO tempest.lib.common.rest_client [req-e5f28d25-bfb8-41c5-8e1d-d2bb7e1614f8 req-e5f28d25-bfb8-41c5-8e1d-d2bb7e1614f8 ] Request (SecurityGroupsTestJSON:test_list_security_groups_by_server): 200 GET http://10.180.1.21/compute/v2.1/servers/51c9e353-f2cf-41b4-b37e-1cfd5dca0518 0.437s
2024-10-08 23:38:28.943 62480 INFO tempest.lib.common.rest_client [req-2d5f510f-01f6-420c-9016-61d393728b7b req-2d5f510f-01f6-420c-9016-61d393728b7b ] Request (ServerShowV247Test:test_update_rebuild_list_server): 200 GET http://10.180.1.21/compute/v2.1/servers/ce74983e-8347-425c-967a-6a78a7daa701 0.424s
2024-10-08 23:38:28.947 62455 INFO tempest.lib.common.rest_client [req-5ed7b931-1227-4486-a60e-0c2f17b244c0 req-5ed7b931-1227-4486-a60e-0c2f17b244c0 ] Request (ServerAddressesTestJSON:setUpClass): 201 POST http://10.180.1.21:9696/networking/v2.0/networks 0.278s
2024-10-08 23:38:29.005 62489 INFO tempest.lib.common.rest_client [req-ddc31df8-0b78-46e4-8a8e-b46ce47cd92b req-ddc31df8-0b78-46e4-8a8e-b46ce47cd92b ] Request (AttachVolumeShelveTestJSON:test_attach_volume_shelved_or_offload_server): 200 GET http://10.180.1.21/compute/v2.1/servers/2727dc46-98ed-435d-89ef-41bc20cda776 0.483s
2024-10-08 23:38:29.012 62433 INFO tempest.lib.common.rest_client [req-7b6ae1f4-cd47-45dd-a1d5-3fbd6e2be2ee req-7b6ae1f4-cd47-45dd-a1d5-3fbd6e2be2ee ] Request (MultipleCreateTestJSON:test_multiple_create): 200 GET http://10.180.1.21/compute/v2.1/servers/0b090f00-8eb5-435f-a1ca-05fa5acdeaaf 0.425s
2024-10-08 23:38:29.089 62439 INFO tempest.lib.common.rest_client [req-56566650-1286-4a15-bbf8-8afa1bb14d23 req-56566650-1286-4a15-bbf8-8afa1bb14d23 ] Request (ServerActionsTestOtherB:setUpClass): 200 GET http://10.180.1.21/compute/v2.1/servers/0a4a432d-a71a-4da7-be90-25dcec5a64c6 0.381s
2024-10-08 23:38:29.095 62455 INFO tempest.lib.common.rest_client [req-d8b730d2-36d3-4eca-a9cc-d2411ba7483d req-d8b730d2-36d3-4eca-a9cc-d2411ba7483d ] Request (ServerAddressesTestJSON:setUpClass): 201 POST http://10.180.1.21:9696/networking/v2.0/subnets 0.147s
2024-10-08 23:38:29.098 62495 INFO tempest.lib.common.rest_client [req-29280f39-571f-4bc7-a9d7-649e9e526e59 req-29280f39-571f-4bc7-a9d7-649e9e526e59 ] Request (AttachInterfacesV270Test:test_create_get_list_interfaces): 200 GET http://10.180.1.21/compute/v2.1/servers/7cccaaf2-f17d-426d-9340-e33260235706 0.499s
2024-10-08 23:38:29.164 62449 INFO tempest.lib.common.rest_client [req-a493325f-20ab-416e-9a7e-7c844f66daf6 req-a493325f-20ab-416e-9a7e-7c844f66daf6 ] Request (ImagesNegativeTestJSON:test_create_image_from_deleted_server): 200 GET http://10.180.1.21/compute/v2.1/servers/186a2de8-2b9e-4c84-8502-cb0ed3b43123 0.378s
2024-10-08 23:38:29.229 62462 INFO tempest.lib.common.rest_client [req-8685d18d-9b76-4a13-aed7-29ec4dc3e16c req-8685d18d-9b76-4a13-aed7-29ec4dc3e16c ] Request (ServersTestMultiNic:test_verify_duplicate_network_nics): 200 GET http://10.180.1.21/compute/v2.1/servers/b0180c2b-8edf-4d15-8d12-c754b73f6030 0.354s
2024-10-08 23:38:29.281 62457 INFO tempest.lib.common.rest_client [req-d5ec8060-e904-447d-803a-7fda64ebefc5 req-d5ec8060-e904-447d-803a-7fda64ebefc5 ] Request (ServerDiagnosticsNegativeTest:test_get_server_diagnostics_by_non_admin): 200 GET http://10.180.1.21/compute/v2.1/servers/258ec37d-c791-4c43-8725-0f4b4bbf9b5b 0.343s
2024-10-08 23:38:29.319 62453 INFO tempest.lib.common.rest_client [req-9094bfa7-faca-4e84-9f52-5eeb3cd67662 req-9094bfa7-faca-4e84-9f52-5eeb3cd67662 ] Request (AttachInterfacesUnderV243Test:test_add_remove_fixed_ip): 204 DELETE http://10.180.1.21/compute/v2.1/servers/47409cd0-db33-4a94-b806-1799a6f7e98f 0.578s
2024-10-08 23:38:29.332 62447 INFO tempest.lib.common.rest_client [req-2dee9a4e-088e-4e3d-bff3-b60b3a66754c req-2dee9a4e-088e-4e3d-bff3-b60b3a66754c ] Request (ListServerFiltersTestJSON:setUpClass): 200 GET http://10.180.1.21/compute/v2.1/servers/48fe8f43-4ab9-41de-9b81-35b4438585ea 0.333s
2024-10-08 23:38:29.378 62473 INFO tempest.lib.common.rest_client [req-95c5224a-7031-4e0b-ae39-16f588a02f3e req-95c5224a-7031-4e0b-ae39-16f588a02f3e ] Request (InstanceActionsV221TestJSON:test_get_list_deleted_instance_actions): 200 GET http://10.180.1.21/compute/v2.1/servers/eca3ea4c-e212-4c3d-8dbe-a02c0d7dc948 0.153s
2024-10-08 23:38:29.395 62469 INFO tempest.lib.common.rest_client [req-6e1ae0e2-2299-46ab-99d1-5cec8c685d71 req-6e1ae0e2-2299-46ab-99d1-5cec8c685d71 ] Request (ServerDiskConfigTestJSON:test_rebuild_server_with_auto_disk_config): 200 GET http://10.180.1.21/compute/v2.1/servers/63ed8992-0e8f-41ca-8b28-c0b2538ff61c 0.121s
2024-10-08 23:38:29.396 62453 INFO tempest.lib.common.rest_client [req-406a7795-8b2c-41aa-9cec-375a4a7def8a req-406a7795-8b2c-41aa-9cec-375a4a7def8a ] Request (AttachInterfacesUnderV243Test:test_add_remove_fixed_ip): 404 GET http://10.180.1.21/compute/v2.1/servers/47409cd0-db33-4a94-b806-1799a6f7e98f 0.077s
2024-10-08 23:38:29.456 62467 INFO tempest.lib.common.rest_client [req-bc202dcf-fcac-4fae-9a32-3fd82ce49996 req-bc202dcf-fcac-4fae-9a32-3fd82ce49996 ] Request (ServersTestFqdnHostnames:test_create_server_with_fqdn_name): 200 GET http://10.180.1.21/compute/v2.1/servers/9e573093-6434-452d-8025-4688d9f78c53 0.126s
2024-10-08 23:38:29.456 62451 INFO tempest.lib.common.rest_client [req-e97f1788-6596-4399-9722-86c5776e960c req-e97f1788-6596-4399-9722-86c5776e960c ] Request (InstanceActionsNegativeTestJSON:setUpClass): 200 GET http://10.180.1.21/compute/v2.1/servers/12656a79-a836-452c-8f94-c8e142c9ec2f 0.070s
2024-10-08 23:38:29.478 62453 INFO tempest.lib.common.rest_client [req-d5a92b4b-f14f-4aa2-851e-26086d49087c req-d5a92b4b-f14f-4aa2-851e-26086d49087c ] Request (AttachInterfacesUnderV243Test:_run_cleanups): 202 DELETE http://10.180.1.21/compute/v2.1/os-keypairs/tempest-keypair-2126445025 0.080s
2024-10-08 23:38:29.537 62459 INFO tempest.lib.common.rest_client [req-829bdf51-4e8e-4e2a-a1a5-9e91faeea2a3 req-829bdf51-4e8e-4e2a-a1a5-9e91faeea2a3 ] Request (ServerActionsV293TestJSON:setUpClass): 200 GET http://10.180.1.21/compute/v2.1/servers/69604167-6a61-4723-bf7d-7ba168837839 0.067s
2024-10-08 23:38:29.630 62465 INFO tempest.lib.common.rest_client [req-de188c19-0966-4f5a-b88c-5bddbe1cbe06 req-de188c19-0966-4f5a-b88c-5bddbe1cbe06 ] Request (VolumesAdminNegativeTest:test_update_attached_volume_with_nonexistent_volume_in_body): 200 GET http://10.180.1.21/compute/v2.1/servers/f5a11b74-e1fe-44c0-bccb-5817bc582608 0.062s
2024-10-08 23:38:29.659 62481 INFO tempest.lib.common.rest_client [req-86ebb4ad-1391-481f-84ce-8f1f7505e82c req-86ebb4ad-1391-481f-84ce-8f1f7505e82c ] Request (AttachInterfacesTestJSON:test_create_list_show_delete_interfaces_by_network_port): 200 GET http://10.180.1.21/compute/v2.1/servers/a71fd192-f3b6-4f0f-900d-887d15f44d7a 0.056s
2024-10-08 23:38:29.701 62453 INFO tempest.lib.common.rest_client [req-f613b8db-571b-415a-b9e6-1679320fffea req-f613b8db-571b-415a-b9e6-1679320fffea ] Request (AttachInterfacesUnderV243Test:_run_cleanups): 204 DELETE http://10.180.1.21:9696/networking/v2.0/security-groups/bc6d6caa-d8a4-4afa-a4cb-8fa9077a2c3c 0.222s
2024-10-08 23:38:29.718 62463 INFO tempest.lib.common.rest_client [req-048b499e-5ab8-4772-b8e3-2c9bb6fb4e88 req-048b499e-5ab8-4772-b8e3-2c9bb6fb4e88 ] Request (AttachVolumeTestJSON:setUpClass): 200 PUT http://10.180.1.21:9696/networking/v2.0/routers/66972a1c-851e-4ba5-b289-04f71a219b76/add_router_interface 1.326s
2024-10-08 23:38:29.718 62463 INFO tempest.lib.common.dynamic_creds [-] Created isolated network resources for: credentials: Credentials: {'domain_id': 'default', 'domain_name': 'Default', 'username': 'tempest-AttachVolumeTestJSON-1660270746-project-member', 'project_domain_id': 'default', 'project_domain_name': 'Default', 'project_id': '56643ee7896c48bf9be3dd1cb1c9fc80', 'project_name': 'tempest-AttachVolumeTestJSON-1660270746', 'tenant_id': '56643ee7896c48bf9be3dd1cb1c9fc80', 'tenant_name': 'tempest-AttachVolumeTestJSON-1660270746', 'user_domain_id': 'default', 'user_domain_name': 'Default', 'user_id': '052e8b58b8554c02a492ef696d6057bc', 'system': None}, Network: {'id': '2aef21dd-040b-4126-a4d0-e8adef0348c9', 'name': 'tempest-AttachVolumeTestJSON-1172091454-network', 'tenant_id': '56643ee7896c48bf9be3dd1cb1c9fc80', 'admin_state_up': True, 'mtu': 8950, 'status': 'ACTIVE', 'subnets': [], 'shared': False, 'project_id': '56643ee7896c48bf9be3dd1cb1c9fc80', 'port_security_enabled': True, 'router:external': False, 'provider:network_type': 'vlan', 'provider:physical_network': 'default', 'provider:segmentation_id': 538, 'is_default': False, 'availability_zone_hints': [], 'availability_zones': [], 'ipv4_address_scope': None, 'ipv6_address_scope': None, 'description': '', 'tags': [], 'created_at': '2024-10-08T23:38:26Z', 'updated_at': '2024-10-08T23:38:26Z', 'revision_number': 1}, Subnet: {'id': '1c3ea4e8-5c45-47e5-b6dc-8c88eaa2bf1f', 'name': 'tempest-AttachVolumeTestJSON-1172091454-subnet', 'tenant_id': '56643ee7896c48bf9be3dd1cb1c9fc80', 'network_id': '2aef21dd-040b-4126-a4d0-e8adef0348c9', 'ip_version': 4, 'subnetpool_id': None, 'enable_dhcp': True, 'ipv6_ra_mode': None, 'ipv6_address_mode': None, 'gateway_ip': '192.168.128.1', 'cidr': '192.168.128.0/28', 'allocation_pools': [{'start': '192.168.128.2', 'end': '192.168.128.14'}], 'host_routes': [], 'dns_nameservers': [], 'description': '', 'router:external': False, 'service_types': [], 'tags': [], 'created_at': '2024-10-08T23:38:26Z', 'updated_at': '2024-10-08T23:38:26Z', 'revision_number': 0, 'project_id': '56643ee7896c48bf9be3dd1cb1c9fc80'}, Router: {'id': '66972a1c-851e-4ba5-b289-04f71a219b76', 'name': 'tempest-AttachVolumeTestJSON-1172091454-router', 'tenant_id': '56643ee7896c48bf9be3dd1cb1c9fc80', 'admin_state_up': True, 'status': 'ACTIVE', 'external_gateway_info': {'network_id': '40b60e96-24f0-469a-9b9b-1da4bcb9f08c', 'external_fixed_ips': [{'subnet_id': '41531f14-27f7-4b80-8300-118d91a899d0', 'ip_address': '10.180.180.181'}], 'enable_snat': True}, 'description': '', 'availability_zones': [], 'distributed': False, 'ha': False, 'availability_zone_hints': [], 'routes': [], 'flavor_id': None, 'tags': [], 'created_at': '2024-10-08T23:38:26Z', 'updated_at': '2024-10-08T23:38:27Z', 'revision_number': 2, 'project_id': '56643ee7896c48bf9be3dd1cb1c9fc80'}
2024-10-08 23:38:29.724 62453 INFO tempest.lib.common.rest_client [req-23610d67-6768-4082-a36a-6460f392a717 req-23610d67-6768-4082-a36a-6460f392a717 ] Request (AttachInterfacesUnderV243Test:_run_cleanups): 404 GET http://10.180.1.21:9696/networking/v2.0/security-groups/bc6d6caa-d8a4-4afa-a4cb-8fa9077a2c3c 0.023s
2024-10-08 23:38:29.772 62471 INFO tempest.lib.common.rest_client [req-850b29fa-10e2-4b84-a732-4f4752ce8b18 req-850b29fa-10e2-4b84-a732-4f4752ce8b18 ] Request (ServerTagsTestJSON:setUpClass): 200 GET http://10.180.1.21/compute/v2.1/servers/0ab619ea-755b-4d71-9c12-0eeda0b42a39 0.103s
2024-10-08 23:38:29.844 62463 INFO tempest.lib.common.rest_client [req-de7e9648-bb5a-46cc-8674-49b352fc10f4 req-de7e9648-bb5a-46cc-8674-49b352fc10f4 ] Request (AttachVolumeTestJSON:setUpClass): 201 POST http://10.180.1.21/identity/v3/auth/tokens 0.118s
2024-10-08 23:38:29.852 62487 INFO tempest.lib.common.rest_client [req-e8960737-8cd1-4b09-91e6-a75e3e9210f7 req-e8960737-8cd1-4b09-91e6-a75e3e9210f7 ] Request (ServersTestJSON:setUpClass): 200 GET http://10.180.1.21/compute/v2.1/servers/39d5f95c-7c98-4263-a46e-948d2e3d31ce 0.164s
2024-10-08 23:38:29.859 62487 INFO tempest.common.waiters [-] State transition "BUILD/scheduling" ==> "BUILD/None" after 85 second wait
2024-10-08 23:38:29.914 62441 INFO tempest.lib.common.rest_client [req-7ea6ed58-de12-4d9c-ac7c-a45367ecbb3c req-7ea6ed58-de12-4d9c-ac7c-a45367ecbb3c ] Request (ServerMetadataNegativeTestJSON:setUpClass): 200 GET http://10.180.1.21/compute/v2.1/servers/19326d9f-5f3a-4756-874f-d4d3ce25f8e8 0.160s
2024-10-08 23:38:29.930 62443 INFO tempest.lib.common.rest_client [req-1089b46b-c7e4-40e4-8209-052c7b1eda24 req-1089b46b-c7e4-40e4-8209-052c7b1eda24 ] Request (ImagesOneServerTestJSON:setUpClass): 200 GET http://10.180.1.21/compute/v2.1/servers/25e4a40e-c5a6-47f5-9e53-00d3073252fc 0.306s
2024-10-08 23:38:29.985 62493 INFO tempest.lib.common.rest_client [req-bce89d2f-b71f-4708-934d-52e12e58b3af req-bce89d2f-b71f-4708-934d-52e12e58b3af ] Request (ServerAddressesNegativeTestJSON:setUpClass): 200 GET http://10.180.1.21/compute/v2.1/servers/7cbaf88d-f7fb-4fbe-bca0-2e83a3341463 0.170s
2024-10-08 23:38:29.987 62491 INFO tempest.lib.common.rest_client [req-d1e17941-8f70-4328-96b3-0be0cbd6488f req-d1e17941-8f70-4328-96b3-0be0cbd6488f ] Request (MigrationsAdminTest:test_resize_server_revert_deleted_flavor): 200 GET http://10.180.1.21/compute/v2.1/servers/d52bfb49-beb0-4bfe-b3bb-45132c210065 0.159s
2024-10-08 23:38:29.994 62491 INFO tempest.common.waiters [-] State transition "BUILD/spawning" ==> "ERROR/None" after 99 second wait
2024-10-08 23:38:30.027 62455 INFO tempest.lib.common.rest_client [req-dda980db-fd2e-4533-b644-8bdb0f9a65c6 req-dda980db-fd2e-4533-b644-8bdb0f9a65c6 ] Request (ServerAddressesTestJSON:setUpClass): 201 POST http://10.180.1.21:9696/networking/v2.0/routers 0.931s
2024-10-08 23:38:30.039 62435 INFO tempest.lib.common.rest_client [req-b3bc109b-a4c5-4971-bd13-99ffa8544607 req-b3bc109b-a4c5-4971-bd13-99ffa8544607 ] Request (ServerShowV254Test:test_rebuild_server): 200 GET http://10.180.1.21/compute/v2.1/servers/bcb11a72-4394-42a2-9a9f-295adc1abcd0 0.149s
2024-10-08 23:38:30.051 62453 INFO tempest.lib.common.rest_client [req-40db511a-6a9d-450a-acd4-b447b10ffee0 req-40db511a-6a9d-450a-acd4-b447b10ffee0 ] Request (AttachInterfacesUnderV243Test:_run_cleanups): 204 DELETE http://10.180.1.21:9696/networking/v2.0/floatingips/66b01758-a628-4f0a-8dd8-2ad198421867 0.326s
2024-10-08 23:38:30.099 62445 INFO tempest.lib.common.rest_client [req-e9a3111a-0481-4779-98c8-c4e0c7e65fec req-e9a3111a-0481-4779-98c8-c4e0c7e65fec ] Request (ImagesTestJSON:test_create_image_from_stopped_server): 200 GET http://10.180.1.21/compute/v2.1/servers/5e264b99-8025-471a-bc6b-238f1bca054c 0.207s
2024-10-08 23:38:30.136 62463 INFO tempest.lib.common.rest_client [req-e04f2bc8-73bb-4315-ad24-00407b44d7f3 req-e04f2bc8-73bb-4315-ad24-00407b44d7f3 ] Request (ValidationResourcesFixture:setUp): 200 POST http://10.180.1.21/compute/v2.1/os-keypairs 0.290s
2024-10-08 23:38:30.164 62480 INFO tempest.lib.common.rest_client [req-3fc242c9-d1e1-46a8-b182-167e41106dd7 req-3fc242c9-d1e1-46a8-b182-167e41106dd7 ] Request (ServerShowV247Test:test_update_rebuild_list_server): 200 GET http://10.180.1.21/compute/v2.1/servers/ce74983e-8347-425c-967a-6a78a7daa701 0.212s
2024-10-08 23:38:30.196 62477 INFO tempest.lib.common.rest_client [req-c47bc5c2-fd38-4ef7-9ae3-520037a9dea4 req-c47bc5c2-fd38-4ef7-9ae3-520037a9dea4 ] Request (SecurityGroupsTestJSON:test_list_security_groups_by_server): 200 GET http://10.180.1.21/compute/v2.1/servers/51c9e353-f2cf-41b4-b37e-1cfd5dca0518 0.243s
2024-10-08 23:38:30.258 62433 INFO tempest.lib.common.rest_client [req-5e28009c-f782-4281-b43f-ebe9351504f8 req-5e28009c-f782-4281-b43f-ebe9351504f8 ] Request (MultipleCreateTestJSON:test_multiple_create): 200 GET http://10.180.1.21/compute/v2.1/servers/0b090f00-8eb5-435f-a1ca-05fa5acdeaaf 0.239s
2024-10-08 23:38:30.313 62489 INFO tempest.lib.common.rest_client [req-8f637586-a13f-4877-b576-d09fae39c910 req-8f637586-a13f-4877-b576-d09fae39c910 ] Request (AttachVolumeShelveTestJSON:test_attach_volume_shelved_or_offload_server): 200 GET http://10.180.1.21/compute/v2.1/servers/2727dc46-98ed-435d-89ef-41bc20cda776 0.294s
2024-10-08 23:38:30.337 62463 INFO tempest.lib.common.rest_client [req-9fa524ae-7e2d-47f0-9731-d81f9261f564 req-9fa524ae-7e2d-47f0-9731-d81f9261f564 ] Request (ValidationResourcesFixture:setUp): 201 POST http://10.180.1.21:9696/networking/v2.0/security-groups 0.200s
2024-10-08 23:38:30.381 62491 INFO tempest.lib.common.rest_client [req-da920f22-35b8-49d4-aa0d-42eb27ff8fbd req-da920f22-35b8-49d4-aa0d-42eb27ff8fbd ] Request (MigrationsAdminTest:test_resize_server_revert_deleted_flavor): 204 DELETE http://10.180.1.21/compute/v2.1/servers/d52bfb49-beb0-4bfe-b3bb-45132c210065 0.386s
2024-10-08 23:38:30.385 62439 INFO tempest.lib.common.rest_client [req-c3a2b48f-e085-4341-ad4b-675519d3346a req-c3a2b48f-e085-4341-ad4b-675519d3346a ] Request (ServerActionsTestOtherB:setUpClass): 200 GET http://10.180.1.21/compute/v2.1/servers/0a4a432d-a71a-4da7-be90-25dcec5a64c6 0.287s
2024-10-08 23:38:30.439 62495 INFO tempest.lib.common.rest_client [req-eb44737a-6a46-4219-bd83-06b3ce2928d4 req-eb44737a-6a46-4219-bd83-06b3ce2928d4 ] Request (AttachInterfacesV270Test:test_create_get_list_interfaces): 200 GET http://10.180.1.21/compute/v2.1/servers/7cccaaf2-f17d-426d-9340-e33260235706 0.331s
2024-10-08 23:38:30.450 62449 INFO tempest.lib.common.rest_client [req-011ad86f-e89a-4daa-9563-b6e556c459e0 req-011ad86f-e89a-4daa-9563-b6e556c459e0 ] Request (ImagesNegativeTestJSON:test_create_image_from_deleted_server): 200 GET http://10.180.1.21/compute/v2.1/servers/186a2de8-2b9e-4c84-8502-cb0ed3b43123 0.277s
2024-10-08 23:38:30.482 62463 INFO tempest.lib.common.rest_client [req-03ccd716-4a24-424f-b971-04ff4c1c71ca req-03ccd716-4a24-424f-b971-04ff4c1c71ca ] Request (ValidationResourcesFixture:setUp): 201 POST http://10.180.1.21:9696/networking/v2.0/security-group-rules 0.144s
2024-10-08 23:38:30.510 62457 INFO tempest.lib.common.rest_client [req-6e513680-d865-4dd2-b565-6f997fcc9e98 req-6e513680-d865-4dd2-b565-6f997fcc9e98 ] Request (ServerDiagnosticsNegativeTest:test_get_server_diagnostics_by_non_admin): 200 GET http://10.180.1.21/compute/v2.1/servers/258ec37d-c791-4c43-8725-0f4b4bbf9b5b 0.221s
2024-10-08 23:38:30.512 62462 INFO tempest.lib.common.rest_client [req-cbe12e5f-7735-40a7-8114-84ecd7ece714 req-cbe12e5f-7735-40a7-8114-84ecd7ece714 ] Request (ServersTestMultiNic:test_verify_duplicate_network_nics): 200 GET http://10.180.1.21/compute/v2.1/servers/b0180c2b-8edf-4d15-8d12-c754b73f6030 0.276s
2024-10-08 23:38:30.534 62491 INFO tempest.lib.common.rest_client [req-9d732c7d-88f5-4edb-8f98-39b160092a6f req-9d732c7d-88f5-4edb-8f98-39b160092a6f ] Request (MigrationsAdminTest:test_resize_server_revert_deleted_flavor): 404 GET http://10.180.1.21/compute/v2.1/servers/d52bfb49-beb0-4bfe-b3bb-45132c210065 0.153s
2024-10-08 23:38:30.569 62447 INFO tempest.lib.common.rest_client [req-6b250a6a-8069-4aab-acd5-b21910340d43 req-6b250a6a-8069-4aab-acd5-b21910340d43 ] Request (ListServerFiltersTestJSON:setUpClass): 200 GET http://10.180.1.21/compute/v2.1/servers/48fe8f43-4ab9-41de-9b81-35b4438585ea 0.226s
2024-10-08 23:38:30.588 62473 INFO tempest.lib.common.rest_client [req-d9dfc15b-e413-425f-ac37-5f7d4e7383aa req-d9dfc15b-e413-425f-ac37-5f7d4e7383aa ] Request (InstanceActionsV221TestJSON:test_get_list_deleted_instance_actions): 200 GET http://10.180.1.21/compute/v2.1/servers/eca3ea4c-e212-4c3d-8dbe-a02c0d7dc948 0.202s
2024-10-08 23:38:30.640 62469 INFO tempest.lib.common.rest_client [req-4f533b71-2a09-4d02-a4a8-0e9fafaa1d87 req-4f533b71-2a09-4d02-a4a8-0e9fafaa1d87 ] Request (ServerDiskConfigTestJSON:test_rebuild_server_with_auto_disk_config): 200 GET http://10.180.1.21/compute/v2.1/servers/63ed8992-0e8f-41ca-8b28-c0b2538ff61c 0.239s
2024-10-08 23:38:30.648 62451 INFO tempest.lib.common.rest_client [req-55ede3bf-25c8-4f47-8be9-af96f783ca06 req-55ede3bf-25c8-4f47-8be9-af96f783ca06 ] Request (InstanceActionsNegativeTestJSON:setUpClass): 200 GET http://10.180.1.21/compute/v2.1/servers/12656a79-a836-452c-8f94-c8e142c9ec2f 0.184s
2024-10-08 23:38:30.673 62491 INFO tempest.lib.common.rest_client [req-ee7adc19-f7bb-49c2-bb97-d76b2b102ca8 req-ee7adc19-f7bb-49c2-bb97-d76b2b102ca8 ] Request (MigrationsAdminTest:_run_cleanups): 202 DELETE http://10.180.1.21/compute/v2.1/flavors/afe299ef-8b06-4863-b211-7496a07e7adf 0.138s
2024-10-08 23:38:30.710 62467 INFO tempest.lib.common.rest_client [req-0578e85e-c564-4b4c-b3cd-ba46e745fec4 req-0578e85e-c564-4b4c-b3cd-ba46e745fec4 ] Request (ServersTestFqdnHostnames:test_create_server_with_fqdn_name): 200 GET http://10.180.1.21/compute/v2.1/servers/9e573093-6434-452d-8025-4688d9f78c53 0.247s
2024-10-08 23:38:30.749 62459 INFO tempest.lib.common.rest_client [req-e114e7bb-de9d-4cb4-bfa4-262baa53f759 req-e114e7bb-de9d-4cb4-bfa4-262baa53f759 ] Request (ServerActionsV293TestJSON:setUpClass): 200 GET http://10.180.1.21/compute/v2.1/servers/69604167-6a61-4723-bf7d-7ba168837839 0.196s
2024-10-08 23:38:30.819 62465 INFO tempest.lib.common.rest_client [req-3477f0ed-5ab8-4814-a006-a8eb27b29cce req-3477f0ed-5ab8-4814-a006-a8eb27b29cce ] Request (VolumesAdminNegativeTest:test_update_attached_volume_with_nonexistent_volume_in_body): 200 GET http://10.180.1.21/compute/v2.1/servers/f5a11b74-e1fe-44c0-bccb-5817bc582608 0.183s
2024-10-08 23:38:30.826 62481 INFO tempest.lib.common.rest_client [req-005a3c68-5e7b-490b-b454-b1bb1e8f4f1c req-005a3c68-5e7b-490b-b454-b1bb1e8f4f1c ] Request (AttachInterfacesTestJSON:test_create_list_show_delete_interfaces_by_network_port): 200 GET http://10.180.1.21/compute/v2.1/servers/a71fd192-f3b6-4f0f-900d-887d15f44d7a 0.157s
2024-10-08 23:38:30.830 62463 INFO tempest.lib.common.rest_client [req-236327e8-f426-4104-b62d-783a479ab63f req-236327e8-f426-4104-b62d-783a479ab63f ] Request (ValidationResourcesFixture:setUp): 201 POST http://10.180.1.21:9696/networking/v2.0/security-group-rules 0.347s
2024-10-08 23:38:30.837 62491 INFO tempest.lib.common.rest_client [req-41bdd3dd-3c59-4753-a706-fa2890913733 req-41bdd3dd-3c59-4753-a706-fa2890913733 ] Request (MigrationsAdminTest:_run_cleanups): 200 GET http://10.180.1.21/compute/v2.1/flavors/detail 0.164s
2024-10-08 23:38:30.903 62471 INFO tempest.lib.common.rest_client [req-20a6ed4d-1a20-478a-b107-702811433512 req-20a6ed4d-1a20-478a-b107-702811433512 ] Request (ServerTagsTestJSON:setUpClass): 200 GET http://10.180.1.21/compute/v2.1/servers/0ab619ea-755b-4d71-9c12-0eeda0b42a39 0.121s
2024-10-08 23:38:30.936 62487 INFO tempest.lib.common.rest_client [req-7791da6f-415c-4233-b348-67f348febbf1 req-7791da6f-415c-4233-b348-67f348febbf1 ] Request (ServersTestJSON:setUpClass): 200 GET http://10.180.1.21/compute/v2.1/servers/39d5f95c-7c98-4263-a46e-948d2e3d31ce 0.075s
2024-10-08 23:38:30.964 62491 INFO tempest.lib.common.rest_client [req-23179860-1ea7-4a58-8193-fa9ee74cea40 req-23179860-1ea7-4a58-8193-fa9ee74cea40 ] Request (MigrationsAdminTest:tearDownClass): 204 DELETE http://10.180.1.21/identity/v3/users/83f18922c806425294f40068c35058a5 0.120s
2024-10-08 23:38:30.991 62441 INFO tempest.lib.common.rest_client [req-002d8bc3-e234-444d-8145-33e36c9baac7 req-002d8bc3-e234-444d-8145-33e36c9baac7 ] Request (ServerMetadataNegativeTestJSON:setUpClass): 200 GET http://10.180.1.21/compute/v2.1/servers/19326d9f-5f3a-4756-874f-d4d3ce25f8e8 0.069s
2024-10-08 23:38:31.011 62443 INFO tempest.lib.common.rest_client [req-2bb6113b-907c-49c0-acca-5417c2cf84cd req-2bb6113b-907c-49c0-acca-5417c2cf84cd ] Request (ImagesOneServerTestJSON:setUpClass): 200 GET http://10.180.1.21/compute/v2.1/servers/25e4a40e-c5a6-47f5-9e53-00d3073252fc 0.073s
2024-10-08 23:38:31.061 62493 INFO tempest.lib.common.rest_client [req-1551a60f-298d-451b-85c5-344012b8162f req-1551a60f-298d-451b-85c5-344012b8162f ] Request (ServerAddressesNegativeTestJSON:setUpClass): 200 GET http://10.180.1.21/compute/v2.1/servers/7cbaf88d-f7fb-4fbe-bca0-2e83a3341463 0.068s
2024-10-08 23:38:31.069 62493 INFO tempest.common.waiters [-] State transition "BUILD/scheduling" ==> "BUILD/None" after 87 second wait
