2024-10-22 06:20:38.559 62146 INFO tempest.lib.common.rest_client [req-47529ec8-ee9a-4aaf-a3e0-3b829bc04bee req-47529ec8-ee9a-4aaf-a3e0-3b829bc04bee ] Request (ServerShowV254Test:setUpClass): 201 POST http://10.180.1.21/identity/v3/projects 0.154s
2024-10-22 06:20:38.565 62144 INFO tempest.lib.common.rest_client [req-c3174715-ea60-48ac-b541-6e1997cdf2b4 req-c3174715-ea60-48ac-b541-6e1997cdf2b4 ] Request (FlavorsAdminTestJSON:test_list_public_flavor_with_other_user): 200 POST http://10.180.1.21/compute/v2.1/flavors 0.016s
2024-10-22 06:20:38.583 62144 INFO tempest.lib.common.rest_client [req-1800597d-c415-428f-8cf5-e4f86dad65b4 req-1800597d-c415-428f-8cf5-e4f86dad65b4 ] Request (FlavorsAdminTestJSON:test_list_public_flavor_with_other_user): 200 GET http://10.180.1.21/compute/v2.1/flavors/detail 0.016s
2024-10-22 06:20:38.609 62132 INFO tempest.lib.common.rest_client [req-91506201-ae4f-4e99-b042-7768fc22b015 req-91506201-ae4f-4e99-b042-7768fc22b015 ] Request (ServerExternalEventsTest:tearDownClass): 204 DELETE http://10.180.1.21:9696/networking/v2.0/security-groups/1b64ad60-d7d1-4ca3-ae78-46d5aaedd159 0.104s
2024-10-22 06:20:38.611 62138 INFO tempest.lib.common.rest_client [req-8d5e38db-fe91-4676-975d-4f4e6b343b7e req-8d5e38db-fe91-4676-975d-4f4e6b343b7e ] Request (ServicesAdminNegativeV253TestJSON:tearDownClass): 204 DELETE http://10.180.1.21/identity/v3/users/b2983ddee516423189aab5250e98987e 0.247s
2024-10-22 06:20:38.611 62138 INFO tempest.lib.common.dynamic_creds [-] Deleting project and security group for project: 11dc66e5fbae4a16aa571ef50883a363
2024-10-22 06:20:38.633 62108 INFO tempest.lib.common.rest_client [req-4b3703e6-8eff-45f4-87b5-21ff91887cfe req-4b3703e6-8eff-45f4-87b5-21ff91887cfe ] Request (DeleteServersAdminTestJSON:test_delete_server_while_in_error_state): 200 GET http://10.180.1.21/compute/v2.1/servers/3595e6c6-10f3-46ba-85c4-90e25de78c1b 0.065s
2024-10-22 06:20:38.649 62144 INFO tempest.lib.common.rest_client [req-27917678-cf50-4e39-b5a7-94cccab55f84 req-27917678-cf50-4e39-b5a7-94cccab55f84 ] Request (FlavorsAdminTestJSON:_run_cleanups): 202 DELETE http://10.180.1.21/compute/v2.1/flavors/791067731 0.061s
2024-10-22 06:20:38.659 62122 INFO tempest.lib.common.rest_client [req-e7ce7c4a-73fa-40d3-a14f-1317f97fad4b req-e7ce7c4a-73fa-40d3-a14f-1317f97fad4b ] Request (InstanceActionsV221TestJSON:setUpClass): 204 PUT http://10.180.1.21/identity/v3/projects/2ff2b69fe6514278a3c293c26432fb8b/users/45881b6e365f4ae8a0516916d4a89529/roles/21f0ca53c13e43e7a2f0aa9d22a741aa 0.234s
2024-10-22 06:20:38.659 62122 INFO tempest.lib.common.dynamic_creds [-] Dynamic test user 45881b6e365f4ae8a0516916d4a89529 is created with scope project and roles: ['member']
2024-10-22 06:20:38.660 62122 INFO tempest.lib.common.dynamic_creds [-] Acquired dynamic creds: credentials: Credentials: {'domain_id': 'default', 'domain_name': 'Default', 'username': 'tempest-InstanceActionsV221TestJSON-1606556463-project-member', 'project_domain_id': 'default', 'project_domain_name': 'Default', 'project_id': '2ff2b69fe6514278a3c293c26432fb8b', 'project_name': 'tempest-InstanceActionsV221TestJSON-1606556463', 'tenant_id': '2ff2b69fe6514278a3c293c26432fb8b', 'tenant_name': 'tempest-InstanceActionsV221TestJSON-1606556463', 'user_domain_id': 'default', 'user_domain_name': 'Default', 'user_id': '45881b6e365f4ae8a0516916d4a89529', 'system': None}, Network: None, Subnet: None, Router: None
2024-10-22 06:20:38.695 62112 INFO tempest.lib.common.rest_client [req-4980beaf-9739-44ef-a93c-da30bb10ceee req-4980beaf-9739-44ef-a93c-da30bb10ceee ] Request (AggregatesAdminNegativeTestJSON:tearDownClass): 204 DELETE http://10.180.1.21/identity/v3/users/aa65a3325aef46fe8234c4791edf16b6 0.200s
2024-10-22 06:20:38.695 62112 INFO tempest.lib.common.dynamic_creds [-] Deleting project and security group for project: 17d8c166986f4ad99b3ee307cf0c177e
2024-10-22 06:20:38.703 62126 INFO tempest.lib.common.rest_client [req-d25763c9-9e51-47fd-bd5a-a0e971326641 req-d25763c9-9e51-47fd-bd5a-a0e971326641 ] Request (ServersAdmin275Test:test_rebuild_update_server_275): 200 GET http://10.180.1.21/compute/v2.1/servers/318a3224-a156-4354-a73b-460168c0eb9c 0.094s
2024-10-22 06:20:38.716 62144 INFO tempest.lib.common.rest_client [req-6755984e-0a96-4e11-b2a5-24deade0811e req-6755984e-0a96-4e11-b2a5-24deade0811e ] Request (FlavorsAdminTestJSON:_run_cleanups): 200 GET http://10.180.1.21/compute/v2.1/flavors/detail 0.067s
2024-10-22 06:20:38.744 62152 INFO tempest.lib.common.rest_client [req-12428e51-d4cb-4702-a913-c510189ba830 req-12428e51-d4cb-4702-a913-c510189ba830 ] Request (TenantUsagesTestJSON:setUpClass): 200 GET http://10.180.1.21/compute/v2.1/servers/9fe29bcd-a682-4973-9bb8-069adc204086 0.231s
2024-10-22 06:20:38.796 62104 INFO tempest.lib.common.rest_client [req-67defe10-5ac5-4dfc-ab0e-946b0b8abfe4 req-67defe10-5ac5-4dfc-ab0e-946b0b8abfe4 ] Request (SecurityGroupsTestAdminJSON:tearDownClass): 204 DELETE http://10.180.1.21/identity/v3/projects/43a5aa197232485ea7cc0080b22af932 0.286s
2024-10-22 06:20:38.832 62146 INFO tempest.lib.common.rest_client [req-b8287749-7201-4ca9-a951-e0faac07b187 req-b8287749-7201-4ca9-a951-e0faac07b187 ] Request (ServerShowV254Test:setUpClass): 201 POST http://10.180.1.21/identity/v3/users 0.272s
2024-10-22 06:20:38.860 62118 INFO tempest.lib.common.rest_client [req-d99b746f-ecc9-483a-a962-b4c209d831af req-d99b746f-ecc9-483a-a962-b4c209d831af ] Request (ListImageFiltersTestJSON:setUpClass): 200 GET http://10.180.1.21/compute/v2.1/servers/1fa06c5a-8ecb-4e52-9eba-cbcf63dd9121 0.082s
2024-10-22 06:20:38.867 62138 INFO tempest.lib.common.rest_client [req-32b23633-1ffe-43b5-a882-f9e3e23b8e53 req-32b23633-1ffe-43b5-a882-f9e3e23b8e53 ] Request (ServicesAdminNegativeV253TestJSON:tearDownClass): 201 POST http://10.180.1.21/identity/v3/auth/tokens 0.256s
2024-10-22 06:20:38.905 62132 INFO tempest.lib.common.rest_client [req-2d5b9437-a8ce-4faf-b2f8-2607c2222b4e req-2d5b9437-a8ce-4faf-b2f8-2607c2222b4e ] Request (ServerExternalEventsTest:tearDownClass): 204 DELETE http://10.180.1.21/identity/v3/projects/c68f920129ff4360ada19bceca971110 0.296s
2024-10-22 06:20:38.905 62132 INFO tempest.lib.common.dynamic_creds [-] Deleting project and security group for project: 6102e1059fd147fd841a7c4428a3d856
2024-10-22 06:20:38.912 62136 INFO tempest.lib.common.rest_client [req-26e6d3e9-30dc-4877-8eef-1e9766f00886 req-26e6d3e9-30dc-4877-8eef-1e9766f00886 ] Request (ServerActionsV293TestJSON:setUpClass): 200 GET http://10.180.1.21/volume/v3/volumes/9e2bcfa1-0cda-4425-bb2c-8cb98dc2313a 0.036s
2024-10-22 06:20:38.916 62160 INFO tempest.lib.common.rest_client [req-b686fdb8-061b-4050-8678-40c7e8861460 req-b686fdb8-061b-4050-8678-40c7e8861460 ] Request (InstanceActionsTestJSON:setUpClass): 200 GET http://10.180.1.21/compute/v2.1/servers/59887ef7-b2fc-486c-a368-cebde3313113 0.203s
2024-10-22 06:20:38.939 62162 INFO tempest.lib.common.rest_client [req-65674204-abea-4a25-a5be-b2f5576cdcbf req-65674204-abea-4a25-a5be-b2f5576cdcbf ] Request (ServersTestFqdnHostnames:test_create_server_with_fqdn_name): 200 GET http://10.180.1.21/compute/v2.1/servers/b6f46e45-742b-4801-86f0-fd8eea3611da 0.153s
2024-10-22 06:20:38.939 62122 INFO tempest.lib.common.rest_client [req-83bece74-76b2-4e79-a33e-0e6bec8ebaaf req-83bece74-76b2-4e79-a33e-0e6bec8ebaaf ] Request (InstanceActionsV221TestJSON:setUpClass): 201 POST http://10.180.1.21/identity/v3/auth/tokens 0.279s
2024-10-22 06:20:38.963 62112 INFO tempest.lib.common.rest_client [req-e7e1d59e-32a0-4d16-973f-7d8a79663375 req-e7e1d59e-32a0-4d16-973f-7d8a79663375 ] Request (AggregatesAdminNegativeTestJSON:tearDownClass): 201 POST http://10.180.1.21/identity/v3/auth/tokens 0.268s
2024-10-22 06:20:38.987 62154 INFO tempest.lib.common.rest_client [req-e4e060d9-d770-4ae4-8669-b1ae11b5e50a req-e4e060d9-d770-4ae4-8669-b1ae11b5e50a ] Request (ServersAdminTestJSON:setUpClass): 200 GET http://10.180.1.21/compute/v2.1/servers/ff6fa10c-c1cc-4e85-af43-c52f06e35974 0.132s
2024-10-22 06:20:38.993 62104 INFO tempest.lib.common.rest_client [req-eebcd0f1-f019-4649-a15d-f5d0bf0b7e27 req-eebcd0f1-f019-4649-a15d-f5d0bf0b7e27 ] Request (ServerPasswordTestJSON:setUpClass): 201 POST http://10.180.1.21/identity/v3/auth/tokens 0.196s
2024-10-22 06:20:39.013 62144 INFO tempest.lib.common.rest_client [req-1240f6ee-317c-4c93-8cad-12d80ec4ebbd req-1240f6ee-317c-4c93-8cad-12d80ec4ebbd ] Request (FlavorsAdminTestJSON:tearDownClass): 204 DELETE http://10.180.1.21/identity/v3/users/17d7ffa59a2849d29dcb4677f0f26635 0.291s
2024-10-22 06:20:39.013 62116 INFO tempest.lib.common.rest_client [req-d37a560b-866d-48bb-96d5-b889a6f78d05 req-d37a560b-866d-48bb-96d5-b889a6f78d05 ] Request (ServersWithSpecificFlavorTestJSON:test_verify_created_server_ephemeral_disk): 200 GET http://10.180.1.21/compute/v2.1/servers/75124494-73f0-4188-817b-1c7b4a85c8de 0.139s
2024-10-22 06:20:39.057 62149 INFO tempest.lib.common.rest_client [req-84988cc2-cafb-4f78-b685-ef8cd18c3212 req-84988cc2-cafb-4f78-b685-ef8cd18c3212 ] Request (DeleteServersTestJSON:test_delete_active_server): 200 GET http://10.180.1.21/compute/v2.1/servers/7044fd5f-a202-45a4-a4fb-73d20ef87cb5 0.148s
2024-10-22 06:20:39.064 62146 INFO tempest.lib.common.rest_client [req-7dcbc1cc-49ab-427e-9938-f3fbe3c10503 req-7dcbc1cc-49ab-427e-9938-f3fbe3c10503 ] Request (ServerShowV254Test:setUpClass): 200 GET http://10.180.1.21/identity/v3/roles 0.231s
2024-10-22 06:20:39.096 62110 INFO tempest.lib.common.rest_client [req-a268c66b-bf2c-4b25-a7c5-3cacb710a053 req-a268c66b-bf2c-4b25-a7c5-3cacb710a053 ] Request (ServerDiagnosticsTest:test_get_server_diagnostics): 200 GET http://10.180.1.21/compute/v2.1/servers/7ed5b09c-5ba1-479c-96b4-75924df84e75 0.163s
2024-10-22 06:20:39.127 62106 INFO tempest.lib.common.rest_client [req-c520d83a-7dde-4db4-a001-4f85fed95c6a req-c520d83a-7dde-4db4-a001-4f85fed95c6a ] Request (ServerTagsTestJSON:setUpClass): 200 GET http://10.180.1.21/compute/v2.1/servers/bf480958-27a3-4450-b09c-cba96375712b 0.154s
2024-10-22 06:20:39.130 62142 INFO tempest.lib.common.rest_client [req-588c5b71-c056-4b6b-b495-da4676960410 req-588c5b71-c056-4b6b-b495-da4676960410 ] Request (FloatingIPDetailsTestJSON:tearDownClass): 200 PUT http://10.180.1.21:9696/networking/v2.0/routers/5dde0d9d-d668-4225-a3b7-b1b77af6822a/remove_router_interface 1.675s
2024-10-22 06:20:39.143 62132 INFO tempest.lib.common.rest_client [req-0c738e7b-be3e-4a43-9748-e1f5c44d02e8 req-0c738e7b-be3e-4a43-9748-e1f5c44d02e8 ] Request (ServerExternalEventsTest:tearDownClass): 200 GET http://10.180.1.21:9696/networking/v2.0/security-groups?tenant_id=6102e1059fd147fd841a7c4428a3d856&name=default 0.237s
2024-10-22 06:20:39.145 62104 INFO tempest.lib.common.rest_client [req-ef89ab2d-957d-401e-8435-b1ab7e718c8b req-ef89ab2d-957d-401e-8435-b1ab7e718c8b ] Request (ServerPasswordTestJSON:setUpClass): 201 POST http://10.180.1.21/identity/v3/auth/tokens 0.149s
2024-10-22 06:20:39.174 62144 INFO tempest.lib.common.rest_client [req-5386ad75-84f1-48b4-9b0e-ea131687a499 req-5386ad75-84f1-48b4-9b0e-ea131687a499 ] Request (FlavorsAdminTestJSON:tearDownClass): 204 DELETE http://10.180.1.21/identity/v3/users/7680cd5e23c649f39e15bfaa63fe39f0 0.161s
2024-10-22 06:20:39.174 62144 INFO tempest.lib.common.dynamic_creds [-] Deleting project and security group for project: 3856bc7f7b8840368465becd035370d9
2024-10-22 06:20:39.203 62146 INFO tempest.lib.common.rest_client [req-9bad4d27-a7b6-4e63-b26b-6cb5308efe81 req-9bad4d27-a7b6-4e63-b26b-6cb5308efe81 ] Request (ServerShowV254Test:setUpClass): 204 PUT http://10.180.1.21/identity/v3/projects/295f9e2cf3a74df4803f73483b0c55d8/users/92783b6f3e2e489eba2d18d92d8324bc/roles/21f0ca53c13e43e7a2f0aa9d22a741aa 0.139s
2024-10-22 06:20:39.203 62146 INFO tempest.lib.common.dynamic_creds [-] Dynamic test user 92783b6f3e2e489eba2d18d92d8324bc is created with scope project and roles: ['member']
2024-10-22 06:20:39.203 62146 INFO tempest.lib.common.dynamic_creds [-] Acquired dynamic creds: credentials: Credentials: {'domain_id': 'default', 'domain_name': 'Default', 'username': 'tempest-ServerShowV254Test-998596363-project-member', 'project_domain_id': 'default', 'project_domain_name': 'Default', 'project_id': '295f9e2cf3a74df4803f73483b0c55d8', 'project_name': 'tempest-ServerShowV254Test-998596363', 'tenant_id': '295f9e2cf3a74df4803f73483b0c55d8', 'tenant_name': 'tempest-ServerShowV254Test-998596363', 'user_domain_id': 'default', 'user_domain_name': 'Default', 'user_id': '92783b6f3e2e489eba2d18d92d8324bc', 'system': None}, Network: None, Subnet: None, Router: None
2024-10-22 06:20:39.203 62146 INFO tempest.lib.common.dynamic_creds [-] Created isolated network resources for: credentials: Credentials: {'domain_id': 'default', 'domain_name': 'Default', 'username': 'tempest-ServerShowV254Test-998596363-project-member', 'project_domain_id': 'default', 'project_domain_name': 'Default', 'project_id': '295f9e2cf3a74df4803f73483b0c55d8', 'project_name': 'tempest-ServerShowV254Test-998596363', 'tenant_id': '295f9e2cf3a74df4803f73483b0c55d8', 'tenant_name': 'tempest-ServerShowV254Test-998596363', 'user_domain_id': 'default', 'user_domain_name': 'Default', 'user_id': '92783b6f3e2e489eba2d18d92d8324bc', 'system': None}, Network: None, Subnet: None, Router: None
2024-10-22 06:20:39.204 62164 INFO tempest.lib.common.rest_client [req-8112327d-fd64-4c2b-9324-97d45f5e186a req-8112327d-fd64-4c2b-9324-97d45f5e186a ] Request (ServersTestManualDisk:setUpClass): 200 GET http://10.180.1.21/compute/v2.1/servers/a9249055-f6bf-4693-b0f7-5d8b63510a35 0.156s
2024-10-22 06:20:39.220 62114 INFO tempest.lib.common.rest_client [req-75bef146-3086-4a39-8e87-86c023843b29 req-75bef146-3086-4a39-8e87-86c023843b29 ] Request (ServerDiagnosticsV248Test:test_get_server_diagnostics): 200 GET http://10.180.1.21/compute/v2.1/servers/eb4cac2e-85d8-46b6-a4d4-ff12ee70e435 0.109s
2024-10-22 06:20:39.234 62114 INFO tempest.common.waiters [-] State transition "BUILD/None" ==> "BUILD/networking" after 21 second wait
2024-10-22 06:20:39.256 62104 INFO tempest.lib.common.rest_client [req-821ee54d-dbea-4537-952b-6c20bcd63a02 req-821ee54d-dbea-4537-952b-6c20bcd63a02 ] Request (ServerPasswordTestJSON:setUpClass): 200 GET http://10.180.1.21/identity/v3/domains?name=Default 0.111s
2024-10-22 06:20:39.263 62144 INFO tempest.lib.common.rest_client [req-90fa3536-4700-4b59-a583-d44156988c09 req-90fa3536-4700-4b59-a583-d44156988c09 ] Request (FlavorsAdminTestJSON:tearDownClass): 201 POST http://10.180.1.21/identity/v3/auth/tokens 0.088s
2024-10-22 06:20:39.272 62156 INFO tempest.lib.common.rest_client [req-83e73bf8-a563-4eeb-bab9-302609a2e2b0 req-83e73bf8-a563-4eeb-bab9-302609a2e2b0 ] Request (ImagesOneServerNegativeTestJSON:setUpClass): 200 GET http://10.180.1.21/compute/v2.1/servers/739af291-794c-491d-b579-2c50c5a14785 0.083s
2024-10-22 06:20:39.294 62104 INFO tempest.lib.common.rest_client [req-e1d3fbce-8bcf-48d7-a837-16c733849f32 req-e1d3fbce-8bcf-48d7-a837-16c733849f32 ] Request (ServerPasswordTestJSON:setUpClass): 201 POST http://10.180.1.21/identity/v3/projects 0.037s
2024-10-22 06:20:39.306 62140 INFO tempest.lib.common.rest_client [req-13c776ee-5371-4d44-b967-2d168adfe513 req-13c776ee-5371-4d44-b967-2d168adfe513 ] Request (VolumesAssistedSnapshotsTest:test_volume_assisted_snapshot_create_delete): 200 GET http://10.180.1.21/compute/v2.1/servers/263da5ea-892b-4142-b487-96444abc97be 0.085s
2024-10-22 06:20:39.317 62146 INFO tempest.lib.common.rest_client [req-f6304817-f2b5-4888-bd39-dee1075d615b req-f6304817-f2b5-4888-bd39-dee1075d615b ] Request (ServerShowV254Test:setUpClass): 201 POST http://10.180.1.21/identity/v3/auth/tokens 0.110s
2024-10-22 06:20:39.355 62120 INFO tempest.lib.common.rest_client [req-27925b59-f88a-452b-a3b9-cbdc0c54e3f8 req-27925b59-f88a-452b-a3b9-cbdc0c54e3f8 ] Request (AttachInterfacesV270Test:test_create_get_list_interfaces): 200 GET http://10.180.1.21/compute/v2.1/servers/b4df3af4-f60d-4875-af62-d9c162e4a5c8 0.097s
2024-10-22 06:20:39.366 62104 INFO tempest.lib.common.rest_client [req-ea298200-ae36-475a-b1d4-fb139cc7c4e0 req-ea298200-ae36-475a-b1d4-fb139cc7c4e0 ] Request (ServerPasswordTestJSON:setUpClass): 201 POST http://10.180.1.21/identity/v3/users 0.071s
2024-10-22 06:20:39.369 62166 INFO tempest.lib.common.rest_client [req-cd7e1d59-ca39-4fd7-85e1-3269141d3dbb req-cd7e1d59-ca39-4fd7-85e1-3269141d3dbb ] Request (ServersTestMultiNic:setUpClass): 201 POST http://10.180.1.21:9696/networking/v2.0/networks 0.877s
2024-10-22 06:20:39.386 62130 INFO tempest.lib.common.rest_client [req-a44d08bd-fe61-4cd2-a185-58a611543fa5 req-a44d08bd-fe61-4cd2-a185-58a611543fa5 ] Request (VolumesAdminNegativeTest:test_update_attached_volume_with_nonexistent_volume_in_body): 200 GET http://10.180.1.21/compute/v2.1/servers/75ea63d7-6fc7-4a9f-b3df-05c6d12fe913 0.106s
2024-10-22 06:20:39.393 62104 INFO tempest.lib.common.rest_client [req-c3b1e912-848d-4147-bb5b-34846b09ac2f req-c3b1e912-848d-4147-bb5b-34846b09ac2f ] Request (ServerPasswordTestJSON:setUpClass): 200 GET http://10.180.1.21/identity/v3/roles 0.026s
2024-10-22 06:20:39.398 62132 INFO tempest.lib.common.rest_client [req-5141d9cf-342d-4099-a488-d4a714c35eb4 req-5141d9cf-342d-4099-a488-d4a714c35eb4 ] Request (ServerExternalEventsTest:tearDownClass): 204 DELETE http://10.180.1.21:9696/networking/v2.0/security-groups/8ea4dec6-1228-4b05-a8cb-1a8fb35c336c 0.254s
2024-10-22 06:20:39.414 62138 INFO tempest.lib.common.rest_client [req-b87883cb-969e-4244-bbc7-15fdada41074 req-b87883cb-969e-4244-bbc7-15fdada41074 ] Request (ServicesAdminNegativeV253TestJSON:tearDownClass): 200 GET http://10.180.1.21:9696/networking/v2.0/security-groups?tenant_id=11dc66e5fbae4a16aa571ef50883a363&name=default 0.546s
2024-10-22 06:20:39.416 62146 INFO tempest.lib.common.rest_client [req-9f342a07-6535-4fc8-a597-d9c76d268933 req-9f342a07-6535-4fc8-a597-d9c76d268933 ] Request (ServerShowV254Test:test_rebuild_server): 201 POST http://10.180.1.21/identity/v3/auth/tokens 0.092s
2024-10-22 06:20:39.417 62146 INFO tempest.lib.common.fixed_network [-] (ServerShowV254Test:test_rebuild_server) Found network None available for tenant
2024-10-22 06:20:39.421 62104 INFO tempest.lib.common.rest_client [req-c30fedf9-9122-4c1f-8236-c87529dac7bd req-c30fedf9-9122-4c1f-8236-c87529dac7bd ] Request (ServerPasswordTestJSON:setUpClass): 204 PUT http://10.180.1.21/identity/v3/projects/f2265e8dba0647238f355f1e98008150/users/e785986dfcfc4f4f91bc786138fcfcc9/roles/21f0ca53c13e43e7a2f0aa9d22a741aa 0.027s
2024-10-22 06:20:39.421 62104 INFO tempest.lib.common.dynamic_creds [-] Dynamic test user e785986dfcfc4f4f91bc786138fcfcc9 is created with scope project and roles: ['member']
2024-10-22 06:20:39.421 62104 INFO tempest.lib.common.dynamic_creds [-] Acquired dynamic creds: credentials: Credentials: {'domain_id': 'default', 'domain_name': 'Default', 'username': 'tempest-ServerPasswordTestJSON-1642087198-project-member', 'project_domain_id': 'default', 'project_domain_name': 'Default', 'project_id': 'f2265e8dba0647238f355f1e98008150', 'project_name': 'tempest-ServerPasswordTestJSON-1642087198', 'tenant_id': 'f2265e8dba0647238f355f1e98008150', 'tenant_name': 'tempest-ServerPasswordTestJSON-1642087198', 'user_domain_id': 'default', 'user_domain_name': 'Default', 'user_id': 'e785986dfcfc4f4f91bc786138fcfcc9', 'system': None}, Network: None, Subnet: None, Router: None
2024-10-22 06:20:39.429 62112 INFO tempest.lib.common.rest_client [req-655ba656-1a34-4f23-9d4e-ebf317d10145 req-655ba656-1a34-4f23-9d4e-ebf317d10145 ] Request (AggregatesAdminNegativeTestJSON:tearDownClass): 200 GET http://10.180.1.21:9696/networking/v2.0/security-groups?tenant_id=17d8c166986f4ad99b3ee307cf0c177e&name=default 0.466s
2024-10-22 06:20:39.462 62150 INFO tempest.lib.common.rest_client [req-96620a76-37e1-48a5-bfe6-e61ec67618ed req-96620a76-37e1-48a5-bfe6-e61ec67618ed ] Request (ListServersNegativeTestJSON:setUpClass): 200 GET http://10.180.1.21/compute/v2.1/servers/5b5e9435-ab0c-493a-8ddf-a480960a3818 0.116s
2024-10-22 06:20:39.471 62124 INFO tempest.lib.common.rest_client [req-7fae00ba-2b1e-483c-afe5-e3dc9d59b123 req-7fae00ba-2b1e-483c-afe5-e3dc9d59b123 ] Request (MigrationsAdminTest:test_list_migrations_in_flavor_resize_situation): 200 GET http://10.180.1.21/compute/v2.1/servers/bff5e099-f6ad-41bd-a55a-6987310c37cf 0.093s
2024-10-22 06:20:39.494 62104 INFO tempest.lib.common.rest_client [req-0dee3a14-6f39-461c-ad55-08a2c8877bd3 req-0dee3a14-6f39-461c-ad55-08a2c8877bd3 ] Request (ServerPasswordTestJSON:setUpClass): 201 POST http://10.180.1.21/identity/v3/auth/tokens 0.072s
2024-10-22 06:20:39.513 62134 INFO tempest.lib.common.rest_client [req-a142ab20-155c-457d-b1d1-04d8f4694347 req-a142ab20-155c-457d-b1d1-04d8f4694347 ] Request (FloatingIPsNegativeTestJSON:tearDownClass): 200 PUT http://10.180.1.21:9696/networking/v2.0/routers/c946d06e-7295-4d63-b826-a6a111d6acd9/remove_router_interface 1.883s
2024-10-22 06:20:39.524 62132 INFO tempest.lib.common.rest_client [req-2338f80e-6dea-4686-b007-79ebeb031aff req-2338f80e-6dea-4686-b007-79ebeb031aff ] Request (ServerExternalEventsTest:tearDownClass): 204 DELETE http://10.180.1.21/identity/v3/projects/6102e1059fd147fd841a7c4428a3d856 0.126s
2024-10-22 06:20:39.524 62132 INFO tempest.lib.common.dynamic_creds [-] Deleting project and security group for project: de0603a051d2447aadbfbe91a343fda8
2024-10-22 06:20:39.560 62158 INFO tempest.lib.common.rest_client [req-f80a0eb8-139f-40db-9d40-2784bb3b5f25 req-f80a0eb8-139f-40db-9d40-2784bb3b5f25 ] Request (ServersTestJSON:setUpClass): 200 GET http://10.180.1.21/compute/v2.1/servers/32e2f482-9ceb-44bc-8933-115876374b1c 0.136s
2024-10-22 06:20:39.657 62128 INFO tempest.lib.common.rest_client [req-209631b2-509a-42e6-a6db-585897a95ac2 req-209631b2-509a-42e6-a6db-585897a95ac2 ] Request (AttachInterfacesUnderV243Test:test_add_remove_fixed_ip): 200 GET http://10.180.1.21/compute/v2.1/servers/e64791e3-7269-4953-bfe1-fe776744f493 0.125s
2024-10-22 06:20:39.665 62132 INFO tempest.lib.common.rest_client [req-2d06f81e-be42-4e79-8720-6166fa791c34 req-2d06f81e-be42-4e79-8720-6166fa791c34 ] Request (ServerExternalEventsTest:tearDownClass): 200 GET http://10.180.1.21:9696/networking/v2.0/security-groups?tenant_id=de0603a051d2447aadbfbe91a343fda8&name=default 0.140s
2024-10-22 06:20:39.760 62108 INFO tempest.lib.common.rest_client [req-dc859cdf-1e33-4bcb-a834-1dddb2842fb8 req-dc859cdf-1e33-4bcb-a834-1dddb2842fb8 ] Request (DeleteServersAdminTestJSON:test_delete_server_while_in_error_state): 200 GET http://10.180.1.21/compute/v2.1/servers/3595e6c6-10f3-46ba-85c4-90e25de78c1b 0.118s
2024-10-22 06:20:39.762 62112 INFO tempest.lib.common.rest_client [req-5e4e6cba-f836-4d60-8af9-cdcf4ed6004f req-5e4e6cba-f836-4d60-8af9-cdcf4ed6004f ] Request (AggregatesAdminNegativeTestJSON:tearDownClass): 204 DELETE http://10.180.1.21:9696/networking/v2.0/security-groups/c3516e99-87cd-4750-9adc-64c4f0d62d50 0.332s
2024-10-22 06:20:39.767 62144 INFO tempest.lib.common.rest_client [req-7f6d9943-b3dd-4a1b-9448-16c1d1b4ccf5 req-7f6d9943-b3dd-4a1b-9448-16c1d1b4ccf5 ] Request (FlavorsAdminTestJSON:tearDownClass): 200 GET http://10.180.1.21:9696/networking/v2.0/security-groups?tenant_id=3856bc7f7b8840368465becd035370d9&name=default 0.504s
2024-10-22 06:20:39.768 62146 INFO tempest.lib.common.rest_client [req-acaea767-0406-4d6f-b420-50fe3e8783b9 req-acaea767-0406-4d6f-b420-50fe3e8783b9 ] Request (ServerShowV254Test:test_rebuild_server): 202 POST http://10.180.1.21/compute/v2.1/servers 0.351s
2024-10-22 06:20:39.768 62122 INFO tempest.lib.common.rest_client [req-d3acbcf2-d5b6-412d-85c8-3016e95fb01f req-d3acbcf2-d5b6-412d-85c8-3016e95fb01f ] Request (InstanceActionsV221TestJSON:setUpClass): 201 POST http://10.180.1.21:9696/networking/v2.0/networks 0.828s
2024-10-22 06:20:39.773 62138 INFO tempest.lib.common.rest_client [req-04a41a7d-3a7f-4ac1-ba19-8089533854ec req-04a41a7d-3a7f-4ac1-ba19-8089533854ec ] Request (ServicesAdminNegativeV253TestJSON:tearDownClass): 204 DELETE http://10.180.1.21:9696/networking/v2.0/security-groups/c13652ae-da8b-4c4c-9d5e-a0f4d550a852 0.359s
2024-10-22 06:20:39.883 62126 INFO tempest.lib.common.rest_client [req-0eb657d4-eddd-4efc-b0f1-662dd5e518d2 req-0eb657d4-eddd-4efc-b0f1-662dd5e518d2 ] Request (ServersAdmin275Test:test_rebuild_update_server_275): 200 GET http://10.180.1.21/compute/v2.1/servers/318a3224-a156-4354-a73b-460168c0eb9c 0.170s
2024-10-22 06:20:39.893 62112 INFO tempest.lib.common.rest_client [req-8d402e16-6ee5-40fa-b2aa-3c0e8f57a5ea req-8d402e16-6ee5-40fa-b2aa-3c0e8f57a5ea ] Request (AggregatesAdminNegativeTestJSON:tearDownClass): 204 DELETE http://10.180.1.21/identity/v3/projects/17d8c166986f4ad99b3ee307cf0c177e 0.130s
2024-10-22 06:20:39.893 62112 INFO tempest.lib.common.dynamic_creds [-] Deleting project and security group for project: 458e35c2d7f04def8aa9ccc40312bb57
2024-10-22 06:20:39.897 62138 INFO tempest.lib.common.rest_client [req-e3e2cd87-99ce-43be-ac2e-5bf6fc937afc req-e3e2cd87-99ce-43be-ac2e-5bf6fc937afc ] Request (ServicesAdminNegativeV253TestJSON:tearDownClass): 204 DELETE http://10.180.1.21/identity/v3/projects/11dc66e5fbae4a16aa571ef50883a363 0.123s
2024-10-22 06:20:39.897 62138 INFO tempest.lib.common.dynamic_creds [-] Deleting project and security group for project: 08bc94f9399e43228655ab13fb30c987
2024-10-22 06:20:39.909 62152 INFO tempest.lib.common.rest_client [req-09890075-080e-40f7-91ed-9a03a80ac560 req-09890075-080e-40f7-91ed-9a03a80ac560 ] Request (TenantUsagesTestJSON:setUpClass): 200 GET http://10.180.1.21/compute/v2.1/servers/9fe29bcd-a682-4973-9bb8-069adc204086 0.153s
2024-10-22 06:20:39.930 62132 INFO tempest.lib.common.rest_client [req-28f911f9-ae72-4373-ab07-084a02f7aa1b req-28f911f9-ae72-4373-ab07-084a02f7aa1b ] Request (ServerExternalEventsTest:tearDownClass): 204 DELETE http://10.180.1.21:9696/networking/v2.0/security-groups/4dcbfd29-e488-421a-8f7a-bf033e21e588 0.263s
2024-10-22 06:20:39.958 62146 INFO tempest.lib.common.rest_client [req-e80d904f-8b36-40f5-b20d-3085e8d33969 req-e80d904f-8b36-40f5-b20d-3085e8d33969 ] Request (ServerShowV254Test:test_rebuild_server): 200 GET http://10.180.1.21/compute/v2.1/servers/410b0308-1dca-4d11-91ab-f6d89bd565e3 0.188s
2024-10-22 06:20:39.959 62136 INFO tempest.lib.common.rest_client [req-02cc6190-49c3-43ff-96f9-fb562bc6f5d4 req-02cc6190-49c3-43ff-96f9-fb562bc6f5d4 ] Request (ServerActionsV293TestJSON:setUpClass): 200 GET http://10.180.1.21/volume/v3/volumes/9e2bcfa1-0cda-4425-bb2c-8cb98dc2313a 0.039s
2024-10-22 06:20:39.971 62136 INFO tempest.common.waiters [-] volume 9e2bcfa1-0cda-4425-bb2c-8cb98dc2313a reached available after waiting for 18.971731 seconds
2024-10-22 06:20:40.000 62118 INFO tempest.lib.common.rest_client [req-35724445-ef52-4b6a-882d-edb61fe27372 req-35724445-ef52-4b6a-882d-edb61fe27372 ] Request (ListImageFiltersTestJSON:setUpClass): 200 GET http://10.180.1.21/compute/v2.1/servers/1fa06c5a-8ecb-4e52-9eba-cbcf63dd9121 0.128s
2024-10-22 06:20:40.045 62160 INFO tempest.lib.common.rest_client [req-adc49b7e-5d22-4662-b4bc-380234e5b0d6 req-adc49b7e-5d22-4662-b4bc-380234e5b0d6 ] Request (InstanceActionsTestJSON:setUpClass): 200 GET http://10.180.1.21/compute/v2.1/servers/59887ef7-b2fc-486c-a368-cebde3313113 0.119s
2024-10-22 06:20:40.119 62132 INFO tempest.lib.common.rest_client [req-35210286-3aee-4961-8099-c27bc06322bd req-35210286-3aee-4961-8099-c27bc06322bd ] Request (ServerExternalEventsTest:tearDownClass): 204 DELETE http://10.180.1.21/identity/v3/projects/de0603a051d2447aadbfbe91a343fda8 0.188s
2024-10-22 06:20:40.120 62132 INFO tempest.test [-] raised in TestVolumeSwap.setUpClass. Invoking tearDownClass.
2024-10-22 06:20:40.121 62166 INFO tempest.lib.common.rest_client [req-5a72a625-2e62-462b-80a8-7b719cea531f req-5a72a625-2e62-462b-80a8-7b719cea531f ] Request (ServersTestMultiNic:setUpClass): 201 POST http://10.180.1.21:9696/networking/v2.0/subnets 0.751s
2024-10-22 06:20:40.129 62144 INFO tempest.lib.common.rest_client [req-9ce2eb25-1bfc-401d-ae81-75bb948039fd req-9ce2eb25-1bfc-401d-ae81-75bb948039fd ] Request (FlavorsAdminTestJSON:tearDownClass): 204 DELETE http://10.180.1.21:9696/networking/v2.0/security-groups/535c8544-5da9-408f-be35-15fff9f86aba 0.361s
2024-10-22 06:20:40.129 62162 INFO tempest.lib.common.rest_client [req-2c0b3258-1d7d-4356-937a-98ad6d462f54 req-2c0b3258-1d7d-4356-937a-98ad6d462f54 ] Request (ServersTestFqdnHostnames:test_create_server_with_fqdn_name): 200 GET http://10.180.1.21/compute/v2.1/servers/b6f46e45-742b-4801-86f0-fd8eea3611da 0.178s
2024-10-22 06:20:40.177 62112 INFO tempest.lib.common.rest_client [req-ed2af625-451f-42bf-ba0e-8ead271f7193 req-ed2af625-451f-42bf-ba0e-8ead271f7193 ] Request (AggregatesAdminNegativeTestJSON:tearDownClass): 200 GET http://10.180.1.21:9696/networking/v2.0/security-groups?tenant_id=458e35c2d7f04def8aa9ccc40312bb57&name=default 0.284s
2024-10-22 06:20:40.196 62104 INFO tempest.lib.common.rest_client [req-a13f13a8-aefb-4c89-92ce-95b91145c14c req-a13f13a8-aefb-4c89-92ce-95b91145c14c ] Request (ServerPasswordTestJSON:setUpClass): 201 POST http://10.180.1.21:9696/networking/v2.0/networks 0.702s
2024-10-22 06:20:40.214 62132 INFO tempest.lib.common.rest_client [req-70b354e9-b007-4676-9688-987b29bff6ba req-70b354e9-b007-4676-9688-987b29bff6ba ] Request (SecurityGroupsTestJSON:setUpClass): 201 POST http://10.180.1.21/identity/v3/auth/tokens 0.090s
2024-10-22 06:20:40.223 62154 INFO tempest.lib.common.rest_client [req-4e256c24-ae5d-4bbe-8fc9-253fa37a547d req-4e256c24-ae5d-4bbe-8fc9-253fa37a547d ] Request (ServersAdminTestJSON:setUpClass): 200 GET http://10.180.1.21/compute/v2.1/servers/ff6fa10c-c1cc-4e85-af43-c52f06e35974 0.225s
2024-10-22 06:20:40.249 62138 INFO tempest.lib.common.rest_client [req-86ed0bda-7f86-4218-bed6-44f582c633d5 req-86ed0bda-7f86-4218-bed6-44f582c633d5 ] Request (ServicesAdminNegativeV253TestJSON:tearDownClass): 200 GET http://10.180.1.21:9696/networking/v2.0/security-groups?tenant_id=08bc94f9399e43228655ab13fb30c987&name=default 0.352s
2024-10-22 06:20:40.276 62144 INFO tempest.lib.common.rest_client [req-e95de188-334e-4c28-8676-d56e79603bb2 req-e95de188-334e-4c28-8676-d56e79603bb2 ] Request (FlavorsAdminTestJSON:tearDownClass): 204 DELETE http://10.180.1.21/identity/v3/projects/3856bc7f7b8840368465becd035370d9 0.146s
2024-10-22 06:20:40.276 62144 INFO tempest.lib.common.dynamic_creds [-] Deleting project and security group for project: d36c05f30be5474da44e2b521c962d3d
2024-10-22 06:20:40.282 62132 INFO tempest.lib.common.rest_client [req-22510f72-722e-43e9-8a58-8d7bfa93c979 req-22510f72-722e-43e9-8a58-8d7bfa93c979 ] Request (SecurityGroupsTestJSON:setUpClass): 201 POST http://10.180.1.21/identity/v3/auth/tokens 0.064s
2024-10-22 06:20:40.306 62116 INFO tempest.lib.common.rest_client [req-9d67605d-f48a-414c-8705-aedc7cc0a9e8 req-9d67605d-f48a-414c-8705-aedc7cc0a9e8 ] Request (ServersWithSpecificFlavorTestJSON:test_verify_created_server_ephemeral_disk): 200 GET http://10.180.1.21/compute/v2.1/servers/75124494-73f0-4188-817b-1c7b4a85c8de 0.281s
2024-10-22 06:20:40.311 62132 INFO tempest.lib.common.rest_client [req-c6481a77-780c-4532-96f3-c62d1b630418 req-c6481a77-780c-4532-96f3-c62d1b630418 ] Request (SecurityGroupsTestJSON:setUpClass): 200 GET http://10.180.1.21/identity/v3/domains?name=Default 0.028s
2024-10-22 06:20:40.342 62132 INFO tempest.lib.common.rest_client [req-f946eb2f-2ba3-4c5d-91e6-065a880a7b14 req-f946eb2f-2ba3-4c5d-91e6-065a880a7b14 ] Request (SecurityGroupsTestJSON:setUpClass): 201 POST http://10.180.1.21/identity/v3/projects 0.030s
2024-10-22 06:20:40.350 62142 INFO tempest.lib.common.rest_client [req-2b3fe001-fbcf-417a-b4ad-fdd8b93ebc8c req-2b3fe001-fbcf-417a-b4ad-fdd8b93ebc8c ] Request (FloatingIPDetailsTestJSON:tearDownClass): 204 DELETE http://10.180.1.21:9696/networking/v2.0/routers/5dde0d9d-d668-4225-a3b7-b1b77af6822a 1.220s
2024-10-22 06:20:40.403 62149 INFO tempest.lib.common.rest_client [req-b5f5be90-9df8-4dd5-9f29-b864de654e8b req-b5f5be90-9df8-4dd5-9f29-b864de654e8b ] Request (DeleteServersTestJSON:test_delete_active_server): 200 GET http://10.180.1.21/compute/v2.1/servers/7044fd5f-a202-45a4-a4fb-73d20ef87cb5 0.338s
2024-10-22 06:20:40.411 62149 INFO tempest.common.waiters [-] State transition "BUILD/spawning" ==> "ERROR/None" after 37 second wait
2024-10-22 06:20:40.420 62132 INFO tempest.lib.common.rest_client [req-8b96496a-e9cb-4fac-813f-f334b04d785e req-8b96496a-e9cb-4fac-813f-f334b04d785e ] Request (SecurityGroupsTestJSON:setUpClass): 201 POST http://10.180.1.21/identity/v3/users 0.078s
2024-10-22 06:20:40.441 62132 INFO tempest.lib.common.rest_client [req-7db10900-eac9-4a80-9761-3ea30b3e717c req-7db10900-eac9-4a80-9761-3ea30b3e717c ] Request (SecurityGroupsTestJSON:setUpClass): 200 GET http://10.180.1.21/identity/v3/roles 0.020s
2024-10-22 06:20:40.472 62132 INFO tempest.lib.common.rest_client [req-af113dca-c63f-4037-95e7-e547cd81ad00 req-af113dca-c63f-4037-95e7-e547cd81ad00 ] Request (SecurityGroupsTestJSON:setUpClass): 204 PUT http://10.180.1.21/identity/v3/projects/ac8ee7432c4a414d9d6d7ce5f60ced7a/users/f33ae649c28a45688c8662d4b3a29c9a/roles/21f0ca53c13e43e7a2f0aa9d22a741aa 0.030s
2024-10-22 06:20:40.472 62132 INFO tempest.lib.common.dynamic_creds [-] Dynamic test user f33ae649c28a45688c8662d4b3a29c9a is created with scope project and roles: ['member']
2024-10-22 06:20:40.473 62132 INFO tempest.lib.common.dynamic_creds [-] Acquired dynamic creds: credentials: Credentials: {'domain_id': 'default', 'domain_name': 'Default', 'username': 'tempest-SecurityGroupsTestJSON-1707852659-project-member', 'project_domain_id': 'default', 'project_domain_name': 'Default', 'project_id': 'ac8ee7432c4a414d9d6d7ce5f60ced7a', 'project_name': 'tempest-SecurityGroupsTestJSON-1707852659', 'tenant_id': 'ac8ee7432c4a414d9d6d7ce5f60ced7a', 'tenant_name': 'tempest-SecurityGroupsTestJSON-1707852659', 'user_domain_id': 'default', 'user_domain_name': 'Default', 'user_id': 'f33ae649c28a45688c8662d4b3a29c9a', 'system': None}, Network: None, Subnet: None, Router: None
2024-10-22 06:20:40.535 62132 INFO tempest.lib.common.rest_client [req-6b571e3c-6c7c-4112-b9b6-16990d4c5d7f req-6b571e3c-6c7c-4112-b9b6-16990d4c5d7f ] Request (SecurityGroupsTestJSON:setUpClass): 201 POST http://10.180.1.21/identity/v3/auth/tokens 0.062s
2024-10-22 06:20:40.545 62112 INFO tempest.lib.common.rest_client [req-49bffef2-d108-4b06-baec-efce6b3c9467 req-49bffef2-d108-4b06-baec-efce6b3c9467 ] Request (AggregatesAdminNegativeTestJSON:tearDownClass): 204 DELETE http://10.180.1.21:9696/networking/v2.0/security-groups/0b3602f8-50df-4f8f-9356-73031e6f2b27 0.367s
2024-10-22 06:20:40.604 62112 INFO tempest.lib.common.rest_client [req-f37e30b6-02b3-4691-89f9-0b2d9c079d21 req-f37e30b6-02b3-4691-89f9-0b2d9c079d21 ] Request (AggregatesAdminNegativeTestJSON:tearDownClass): 204 DELETE http://10.180.1.21/identity/v3/projects/458e35c2d7f04def8aa9ccc40312bb57 0.059s
2024-10-22 06:20:40.621 62110 INFO tempest.lib.common.rest_client [req-507072ad-2bbe-462f-bf43-93a924744452 req-507072ad-2bbe-462f-bf43-93a924744452 ] Request (ServerDiagnosticsTest:test_get_server_diagnostics): 200 GET http://10.180.1.21/compute/v2.1/servers/7ed5b09c-5ba1-479c-96b4-75924df84e75 0.515s
2024-10-22 06:20:40.649 62144 INFO tempest.lib.common.rest_client [req-d694fa7c-a3cb-4c4b-ae0b-09310a8fa787 req-d694fa7c-a3cb-4c4b-ae0b-09310a8fa787 ] Request (FlavorsAdminTestJSON:tearDownClass): 200 GET http://10.180.1.21:9696/networking/v2.0/security-groups?tenant_id=d36c05f30be5474da44e2b521c962d3d&name=default 0.373s
2024-10-22 06:20:40.667 62122 INFO tempest.lib.common.rest_client [req-8f735b86-ec3d-47b5-8eba-32aeaaaea7f0 req-8f735b86-ec3d-47b5-8eba-32aeaaaea7f0 ] Request (InstanceActionsV221TestJSON:setUpClass): 201 POST http://10.180.1.21:9696/networking/v2.0/subnets 0.898s
2024-10-22 06:20:40.670 62112 INFO tempest.lib.common.rest_client [req-b0a9da50-802a-4531-8525-99d6115ed379 req-b0a9da50-802a-4531-8525-99d6115ed379 ] Request (FlavorsExtraSpecsTestJSON:setUpClass): 201 POST http://10.180.1.21/identity/v3/auth/tokens 0.064s
2024-10-22 06:20:40.704 62106 INFO tempest.lib.common.rest_client [req-de8d12af-bf7f-4ac4-add2-7db551c0e0e5 req-de8d12af-bf7f-4ac4-add2-7db551c0e0e5 ] Request (ServerTagsTestJSON:setUpClass): 200 GET http://10.180.1.21/compute/v2.1/servers/bf480958-27a3-4450-b09c-cba96375712b 0.561s
2024-10-22 06:20:40.707 62112 INFO tempest.lib.common.rest_client [req-291fc01d-8118-45e0-b3b1-d5413f8be2f6 req-291fc01d-8118-45e0-b3b1-d5413f8be2f6 ] Request (FlavorsExtraSpecsTestJSON:setUpClass): 201 POST http://10.180.1.21/identity/v3/auth/tokens 0.034s
2024-10-22 06:20:40.717 62138 INFO tempest.lib.common.rest_client [req-61898a98-2204-4026-9a42-8102b4452ab1 req-61898a98-2204-4026-9a42-8102b4452ab1 ] Request (ServicesAdminNegativeV253TestJSON:tearDownClass): 204 DELETE http://10.180.1.21:9696/networking/v2.0/security-groups/b9eb012c-cdcc-47f9-9ad8-a2c41904c9a1 0.468s
2024-10-22 06:20:40.741 62112 INFO tempest.lib.common.rest_client [req-fbe91538-db39-4291-adf6-5c34e0c4fd82 req-fbe91538-db39-4291-adf6-5c34e0c4fd82 ] Request (FlavorsExtraSpecsTestJSON:setUpClass): 200 GET http://10.180.1.21/identity/v3/domains?name=Default 0.034s
2024-10-22 06:20:40.774 62112 INFO tempest.lib.common.rest_client [req-f4d5edac-cf7e-442c-9a32-b023a4790e21 req-f4d5edac-cf7e-442c-9a32-b023a4790e21 ] Request (FlavorsExtraSpecsTestJSON:setUpClass): 201 POST http://10.180.1.21/identity/v3/projects 0.032s
2024-10-22 06:20:40.787 62164 INFO tempest.lib.common.rest_client [req-c6d5a883-1bfa-42f3-948b-fc5bbf3ac23a req-c6d5a883-1bfa-42f3-948b-fc5bbf3ac23a ] Request (ServersTestManualDisk:setUpClass): 200 GET http://10.180.1.21/compute/v2.1/servers/a9249055-f6bf-4693-b0f7-5d8b63510a35 0.574s
2024-10-22 06:20:40.814 62138 INFO tempest.lib.common.rest_client [req-facf3269-9286-4cce-93c0-00129201cb18 req-facf3269-9286-4cce-93c0-00129201cb18 ] Request (ServicesAdminNegativeV253TestJSON:tearDownClass): 204 DELETE http://10.180.1.21/identity/v3/projects/08bc94f9399e43228655ab13fb30c987 0.096s
2024-10-22 06:20:40.841 62112 INFO tempest.lib.common.rest_client [req-43f24055-a7ad-418f-a485-46ccd625de0c req-43f24055-a7ad-418f-a485-46ccd625de0c ] Request (FlavorsExtraSpecsTestJSON:setUpClass): 201 POST http://10.180.1.21/identity/v3/users 0.066s
2024-10-22 06:20:40.845 62138 INFO tempest.lib.common.rest_client [req-4d316398-655e-4ae1-ae93-47db2991e8d6 req-4d316398-655e-4ae1-ae93-47db2991e8d6 ] Request (AttachInterfacesTestJSON:setUpClass): 201 POST http://10.180.1.21/identity/v3/auth/tokens 0.030s
2024-10-22 06:20:40.865 62112 INFO tempest.lib.common.rest_client [req-9a53ae0d-7adb-430d-9cef-d8eaa881c44e req-9a53ae0d-7adb-430d-9cef-d8eaa881c44e ] Request (FlavorsExtraSpecsTestJSON:setUpClass): 200 GET http://10.180.1.21/identity/v3/roles 0.023s
2024-10-22 06:20:40.885 62114 INFO tempest.lib.common.rest_client [req-c7dca1a9-120f-4aa1-a44d-e31e0f6f3054 req-c7dca1a9-120f-4aa1-a44d-e31e0f6f3054 ] Request (ServerDiagnosticsV248Test:test_get_server_diagnostics): 200 GET http://10.180.1.21/compute/v2.1/servers/eb4cac2e-85d8-46b6-a4d4-ff12ee70e435 0.650s
2024-10-22 06:20:40.887 62138 INFO tempest.lib.common.rest_client [req-14bb3225-3cc6-42fa-9264-417e55bc1690 req-14bb3225-3cc6-42fa-9264-417e55bc1690 ] Request (AttachInterfacesTestJSON:setUpClass): 201 POST http://10.180.1.21/identity/v3/auth/tokens 0.039s
2024-10-22 06:20:40.895 62114 INFO tempest.common.waiters [-] State transition "BUILD/networking" ==> "BUILD/spawning" after 22 second wait
2024-10-22 06:20:40.901 62112 INFO tempest.lib.common.rest_client [req-eced89b4-06b7-4054-a4cb-d3b482774e0e req-eced89b4-06b7-4054-a4cb-d3b482774e0e ] Request (FlavorsExtraSpecsTestJSON:setUpClass): 204 PUT http://10.180.1.21/identity/v3/projects/3485fbe7efaa4612992fecb9c65d174b/users/a1b9716b89974278b4cabeffbb83ac81/roles/21f0ca53c13e43e7a2f0aa9d22a741aa 0.036s
2024-10-22 06:20:40.901 62112 INFO tempest.lib.common.dynamic_creds [-] Dynamic test user a1b9716b89974278b4cabeffbb83ac81 is created with scope project and roles: ['member']
2024-10-22 06:20:40.902 62112 INFO tempest.lib.common.dynamic_creds [-] Acquired dynamic creds: credentials: Credentials: {'domain_id': 'default', 'domain_name': 'Default', 'username': 'tempest-FlavorsExtraSpecsTestJSON-1586767900-project-member', 'project_domain_id': 'default', 'project_domain_name': 'Default', 'project_id': '3485fbe7efaa4612992fecb9c65d174b', 'project_name': 'tempest-FlavorsExtraSpecsTestJSON-1586767900', 'tenant_id': '3485fbe7efaa4612992fecb9c65d174b', 'tenant_name': 'tempest-FlavorsExtraSpecsTestJSON-1586767900', 'user_domain_id': 'default', 'user_domain_name': 'Default', 'user_id': 'a1b9716b89974278b4cabeffbb83ac81', 'system': None}, Network: None, Subnet: None, Router: None
2024-10-22 06:20:40.902 62112 INFO tempest.lib.common.dynamic_creds [-] Created isolated network resources for: credentials: Credentials: {'domain_id': 'default', 'domain_name': 'Default', 'username': 'tempest-FlavorsExtraSpecsTestJSON-1586767900-project-member', 'project_domain_id': 'default', 'project_domain_name': 'Default', 'project_id': '3485fbe7efaa4612992fecb9c65d174b', 'project_name': 'tempest-FlavorsExtraSpecsTestJSON-1586767900', 'tenant_id': '3485fbe7efaa4612992fecb9c65d174b', 'tenant_name': 'tempest-FlavorsExtraSpecsTestJSON-1586767900', 'user_domain_id': 'default', 'user_domain_name': 'Default', 'user_id': 'a1b9716b89974278b4cabeffbb83ac81', 'system': None}, Network: None, Subnet: None, Router: None
2024-10-22 06:20:40.908 62142 INFO tempest.lib.common.rest_client [req-8164a738-a5aa-44b9-a3fb-96e3fe84e90b req-8164a738-a5aa-44b9-a3fb-96e3fe84e90b ] Request (FloatingIPDetailsTestJSON:tearDownClass): 204 DELETE http://10.180.1.21:9696/networking/v2.0/subnets/002dfa8a-b769-404e-b778-38b6c7d5937d 0.556s
2024-10-22 06:20:40.927 62134 INFO tempest.lib.common.rest_client [req-d09f0b79-2776-43e4-b155-1a293a3caef7 req-d09f0b79-2776-43e4-b155-1a293a3caef7 ] Request (FloatingIPsNegativeTestJSON:tearDownClass): 204 DELETE http://10.180.1.21:9696/networking/v2.0/routers/c946d06e-7295-4d63-b826-a6a111d6acd9 1.413s
2024-10-22 06:20:40.934 62144 INFO tempest.lib.common.rest_client [req-2739250b-4ca0-4cbd-b616-c36adf231e06 req-2739250b-4ca0-4cbd-b616-c36adf231e06 ] Request (FlavorsAdminTestJSON:tearDownClass): 204 DELETE http://10.180.1.21:9696/networking/v2.0/security-groups/f7ec8668-bc08-4572-b7f6-561ce0bd8ef5 0.284s
2024-10-22 06:20:40.958 62138 INFO tempest.lib.common.rest_client [req-708f0066-b15b-4bf3-8e7e-cba913dd7d44 req-708f0066-b15b-4bf3-8e7e-cba913dd7d44 ] Request (AttachInterfacesTestJSON:setUpClass): 200 GET http://10.180.1.21/identity/v3/domains?name=Default 0.070s
2024-10-22 06:20:40.964 62104 INFO tempest.lib.common.rest_client [req-865c1a1d-1ea5-4e26-a420-12433b86855c req-865c1a1d-1ea5-4e26-a420-12433b86855c ] Request (ServerPasswordTestJSON:setUpClass): 201 POST http://10.180.1.21:9696/networking/v2.0/subnets 0.767s
2024-10-22 06:20:40.978 62156 INFO tempest.lib.common.rest_client [req-088a2f85-c13b-4aec-a94f-2f1f02d7ec38 req-088a2f85-c13b-4aec-a94f-2f1f02d7ec38 ] Request (ImagesOneServerNegativeTestJSON:setUpClass): 200 GET http://10.180.1.21/compute/v2.1/servers/739af291-794c-491d-b579-2c50c5a14785 0.696s
2024-10-22 06:20:40.989 62112 INFO tempest.lib.common.rest_client [req-ab10b716-bb38-4283-a2b4-fdd962134c6f req-ab10b716-bb38-4283-a2b4-fdd962134c6f ] Request (FlavorsExtraSpecsTestJSON:setUpClass): 201 POST http://10.180.1.21/identity/v3/auth/tokens 0.081s
2024-10-22 06:20:41.049 62138 INFO tempest.lib.common.rest_client [req-fda1dc8c-23ae-4268-8369-df29ff577d13 req-fda1dc8c-23ae-4268-8369-df29ff577d13 ] Request (AttachInterfacesTestJSON:setUpClass): 201 POST http://10.180.1.21/identity/v3/projects 0.091s
2024-10-22 06:20:41.050 62144 INFO tempest.lib.common.rest_client [req-d383444b-110a-45e0-b794-7b18c7b69ff3 req-d383444b-110a-45e0-b794-7b18c7b69ff3 ] Request (FlavorsAdminTestJSON:tearDownClass): 204 DELETE http://10.180.1.21/identity/v3/projects/d36c05f30be5474da44e2b521c962d3d 0.116s
2024-10-22 06:20:41.058 62140 INFO tempest.lib.common.rest_client [req-8102cdae-d8fe-4fa6-87d4-cac55d3b62ed req-8102cdae-d8fe-4fa6-87d4-cac55d3b62ed ] Request (VolumesAssistedSnapshotsTest:test_volume_assisted_snapshot_create_delete): 200 GET http://10.180.1.21/compute/v2.1/servers/263da5ea-892b-4142-b487-96444abc97be 0.745s
2024-10-22 06:20:41.141 62120 INFO tempest.lib.common.rest_client [req-0a3f7c2c-b4b6-443a-8a1f-8d1cbd3e8d92 req-0a3f7c2c-b4b6-443a-8a1f-8d1cbd3e8d92 ] Request (AttachInterfacesV270Test:test_create_get_list_interfaces): 200 GET http://10.180.1.21/compute/v2.1/servers/b4df3af4-f60d-4875-af62-d9c162e4a5c8 0.777s
2024-10-22 06:20:41.142 62138 INFO tempest.lib.common.rest_client [req-6d4b745b-a0c8-4537-8555-89120d9ce81c req-6d4b745b-a0c8-4537-8555-89120d9ce81c ] Request (AttachInterfacesTestJSON:setUpClass): 201 POST http://10.180.1.21/identity/v3/users 0.091s
2024-10-22 06:20:41.151 62112 INFO tempest.lib.common.rest_client [req-3ee8ade3-3bf0-48a0-afc6-07a60653b36b req-3ee8ade3-3bf0-48a0-afc6-07a60653b36b ] Request (FlavorsExtraSpecsTestJSON:setUpClass): 201 POST http://10.180.1.21/identity/v3/projects 0.161s
2024-10-22 06:20:41.199 62144 INFO tempest.lib.common.rest_client [req-2e38535e-0b98-402c-8b55-9478af4f69d5 req-2e38535e-0b98-402c-8b55-9478af4f69d5 ] Request (FloatingIPsAssociationNegativeTestJSON:setUpClass): 201 POST http://10.180.1.21/identity/v3/auth/tokens 0.147s
2024-10-22 06:20:41.224 62130 INFO tempest.lib.common.rest_client [req-7b30a7e3-5e78-45bc-85dd-85d21eeef9e2 req-7b30a7e3-5e78-45bc-85dd-85d21eeef9e2 ] Request (VolumesAdminNegativeTest:test_update_attached_volume_with_nonexistent_volume_in_body): 200 GET http://10.180.1.21/compute/v2.1/servers/75ea63d7-6fc7-4a9f-b3df-05c6d12fe913 0.829s
2024-10-22 06:20:41.227 62112 INFO tempest.lib.common.rest_client [req-df9208e5-a944-4464-9f38-ca6c461bd051 req-df9208e5-a944-4464-9f38-ca6c461bd051 ] Request (FlavorsExtraSpecsTestJSON:setUpClass): 201 POST http://10.180.1.21/identity/v3/users 0.075s
2024-10-22 06:20:41.234 62134 INFO tempest.lib.common.rest_client [req-fc750ebd-7774-4c4f-ac6e-cbe2bc2c9822 req-fc750ebd-7774-4c4f-ac6e-cbe2bc2c9822 ] Request (FloatingIPsNegativeTestJSON:tearDownClass): 204 DELETE http://10.180.1.21:9696/networking/v2.0/subnets/3fdca8cf-c65f-4c7a-ab00-311a71ea9955 0.306s
2024-10-22 06:20:41.241 62138 INFO tempest.lib.common.rest_client [req-7a16a450-9918-4830-8e4b-b9aeec3bf1aa req-7a16a450-9918-4830-8e4b-b9aeec3bf1aa ] Request (AttachInterfacesTestJSON:setUpClass): 200 GET http://10.180.1.21/identity/v3/roles 0.099s
2024-10-22 06:20:41.248 62136 INFO tempest.lib.common.rest_client [req-4f8267c0-8cbe-4b68-8e70-e78e7a76e7dd req-4f8267c0-8cbe-4b68-8e70-e78e7a76e7dd ] Request (ServerActionsV293TestJSON:setUpClass): 202 POST http://10.180.1.21/compute/v2.1/servers 1.276s
2024-10-22 06:20:41.262 62144 INFO tempest.lib.common.rest_client [req-cfedb263-943f-43d0-a1c6-ab037bb7aecc req-cfedb263-943f-43d0-a1c6-ab037bb7aecc ] Request (FloatingIPsAssociationNegativeTestJSON:setUpClass): 201 POST http://10.180.1.21/identity/v3/auth/tokens 0.060s
2024-10-22 06:20:41.277 62112 INFO tempest.lib.common.rest_client [req-595dfd51-843b-4534-a3d1-42d33baa61bb req-595dfd51-843b-4534-a3d1-42d33baa61bb ] Request (FlavorsExtraSpecsTestJSON:setUpClass): 200 GET http://10.180.1.21/identity/v3/roles 0.050s
2024-10-22 06:20:41.288 62138 INFO tempest.lib.common.rest_client [req-416a5a9e-4cad-4f9c-86cc-91adf8146e19 req-416a5a9e-4cad-4f9c-86cc-91adf8146e19 ] Request (AttachInterfacesTestJSON:setUpClass): 204 PUT http://10.180.1.21/identity/v3/projects/e36ff7a500ef444cbf5a168c5a48208b/users/0de9abfd085f4a43a878da8448615bc4/roles/21f0ca53c13e43e7a2f0aa9d22a741aa 0.046s
2024-10-22 06:20:41.288 62132 INFO tempest.lib.common.rest_client [req-b4edad4f-98b3-4aa2-b4f9-7f4a360bb81d req-b4edad4f-98b3-4aa2-b4f9-7f4a360bb81d ] Request (SecurityGroupsTestJSON:setUpClass): 201 POST http://10.180.1.21:9696/networking/v2.0/networks 0.752s
2024-10-22 06:20:41.288 62138 INFO tempest.lib.common.dynamic_creds [-] Dynamic test user 0de9abfd085f4a43a878da8448615bc4 is created with scope project and roles: ['member']
2024-10-22 06:20:41.288 62138 INFO tempest.lib.common.dynamic_creds [-] Acquired dynamic creds: credentials: Credentials: {'domain_id': 'default', 'domain_name': 'Default', 'username': 'tempest-AttachInterfacesTestJSON-344553253-project-member', 'project_domain_id': 'default', 'project_domain_name': 'Default', 'project_id': 'e36ff7a500ef444cbf5a168c5a48208b', 'project_name': 'tempest-AttachInterfacesTestJSON-344553253', 'tenant_id': 'e36ff7a500ef444cbf5a168c5a48208b', 'tenant_name': 'tempest-AttachInterfacesTestJSON-344553253', 'user_domain_id': 'default', 'user_domain_name': 'Default', 'user_id': '0de9abfd085f4a43a878da8448615bc4', 'system': None}, Network: None, Subnet: None, Router: None
2024-10-22 06:20:41.328 62144 INFO tempest.lib.common.rest_client [req-65db9fc7-73fb-41b0-9103-cd96934b6dd8 req-65db9fc7-73fb-41b0-9103-cd96934b6dd8 ] Request (FloatingIPsAssociationNegativeTestJSON:setUpClass): 200 GET http://10.180.1.21/identity/v3/domains?name=Default 0.066s
2024-10-22 06:20:41.352 62112 INFO tempest.lib.common.rest_client [req-547ab4bb-1173-4e2c-8172-0b738f5b42c9 req-547ab4bb-1173-4e2c-8172-0b738f5b42c9 ] Request (FlavorsExtraSpecsTestJSON:setUpClass): 204 PUT http://10.180.1.21/identity/v3/projects/eb60e737edda4475aec36514ddf5ef96/users/81ec2e223a694910a87afc10fc7e86b0/roles/0b452c710978408cb4343b3aaf75b5f4 0.074s
2024-10-22 06:20:41.356 62150 INFO tempest.lib.common.rest_client [req-2f872123-972a-4066-8744-0a88a94c5c94 req-2f872123-972a-4066-8744-0a88a94c5c94 ] Request (ListServersNegativeTestJSON:setUpClass): 200 GET http://10.180.1.21/compute/v2.1/servers/5b5e9435-ab0c-493a-8ddf-a480960a3818 0.879s
2024-10-22 06:20:41.391 62138 INFO tempest.lib.common.rest_client [req-1cbe14fa-85c3-412e-bfd3-3fbf0c8c0246 req-1cbe14fa-85c3-412e-bfd3-3fbf0c8c0246 ] Request (AttachInterfacesTestJSON:setUpClass): 201 POST http://10.180.1.21/identity/v3/auth/tokens 0.102s
