2024-10-22 06:22:14.944 62108 INFO tempest.lib.common.rest_client [req-27bfc839-8941-4110-b83b-1d8976064805 req-27bfc839-8941-4110-b83b-1d8976064805 ] Request (QuotaClassesAdmin257Test:tearDownClass): 204 DELETE http://10.180.1.21/identity/v3/users/68d454cd899d440c9951e05730b33fad 0.089s
2024-10-22 06:22:15.001 62114 INFO tempest.lib.common.rest_client [req-638d294d-805c-4d88-9815-70c4e77f418d req-638d294d-805c-4d88-9815-70c4e77f418d ] Request (ServersV294TestFqdnHostnames:setUpClass): 200 GET http://10.180.1.21/compute/v2.1/servers/7ad136a2-d850-4b68-af0f-73badf65426c 0.050s
2024-10-22 06:22:15.022 62108 INFO tempest.lib.common.rest_client [req-4aa5534b-129f-4c9c-823b-d8b8421a6120 req-4aa5534b-129f-4c9c-823b-d8b8421a6120 ] Request (QuotaClassesAdmin257Test:tearDownClass): 204 DELETE http://10.180.1.21/identity/v3/users/707e418b4c1a4bbaba2dfe05a89c4407 0.077s
2024-10-22 06:22:15.022 62108 INFO tempest.lib.common.dynamic_creds [-] Deleting project and security group for project: 4d7d5cfa5019441899cea4734a855128
2024-10-22 06:22:15.032 62104 INFO tempest.lib.common.rest_client [req-db4ae101-bf27-4db1-9779-3872a6558fec req-db4ae101-bf27-4db1-9779-3872a6558fec ] Request (ServerPasswordTestJSON:setUpClass): 200 GET http://10.180.1.21/compute/v2.1/servers/fe14efda-3b92-4045-8eef-0e5e92a9c538 0.047s
2024-10-22 06:22:15.073 62156 INFO tempest.lib.common.rest_client [req-ea28adf8-a441-435f-a8e9-659cb656e98e req-ea28adf8-a441-435f-a8e9-659cb656e98e ] Request (InstanceActionsNegativeTestJSON:setUpClass): 200 GET http://10.180.1.21/compute/v2.1/servers/58b454d7-5370-499a-93dc-8613ee997b4d 0.048s
2024-10-22 06:22:15.076 62108 INFO tempest.lib.common.rest_client [req-04d0f4e2-fe02-45b1-a34d-be3b85256fe9 req-04d0f4e2-fe02-45b1-a34d-be3b85256fe9 ] Request (QuotaClassesAdmin257Test:tearDownClass): 201 POST http://10.180.1.21/identity/v3/auth/tokens 0.053s
2024-10-22 06:22:15.099 62149 INFO tempest.lib.common.rest_client [req-469b233a-16a4-4b3a-bef0-17b879af37dd req-469b233a-16a4-4b3a-bef0-17b879af37dd ] Request (DeleteServersTestJSON:test_delete_server_while_in_attached_volume): 200 GET http://10.180.1.21/compute/v2.1/servers/fd30cb23-f30f-4e20-ae67-36956b78e6ac 0.048s
2024-10-22 06:22:15.149 62128 INFO tempest.lib.common.rest_client [req-d8342968-8bc6-444d-a1d6-36da4da8d875 req-d8342968-8bc6-444d-a1d6-36da4da8d875 ] Request (ServerShowV257Test:test_rebuild_server): 200 GET http://10.180.1.21/compute/v2.1/servers/7e452659-0a5e-4740-b7ed-1fd7b1917dac 0.051s
2024-10-22 06:22:15.150 62138 INFO tempest.lib.common.rest_client [req-4c15c1c8-509d-42d5-99d3-069373fefc04 req-4c15c1c8-509d-42d5-99d3-069373fefc04 ] Request (AttachInterfacesTestJSON:test_create_list_show_delete_interfaces_by_fixed_ip): 200 GET http://10.180.1.21/compute/v2.1/servers/adcd5674-ce1e-4b73-85bd-4344b5633c94 0.047s
2024-10-22 06:22:15.195 62130 INFO tempest.lib.common.rest_client [req-33888e76-9ca0-4098-b5ea-11ce5b0b600f req-33888e76-9ca0-4098-b5ea-11ce5b0b600f ] Request (VolumesAdminNegativeTest:test_update_attached_volume_with_nonexistent_volume_in_uri): 200 GET http://10.180.1.21/compute/v2.1/servers/c15bc75b-87dc-4602-81ea-dbebce1b7763 0.046s
2024-10-22 06:22:15.200 62160 INFO tempest.lib.common.rest_client [req-e6fd08f1-69c6-4b4d-8bd1-1ebcdd1f409d req-e6fd08f1-69c6-4b4d-8bd1-1ebcdd1f409d ] Request (InstanceActionsTestJSON:setUpClass): 200 GET http://10.180.1.21/compute/v2.1/servers/59887ef7-b2fc-486c-a368-cebde3313113 0.057s
2024-10-22 06:22:15.246 62108 INFO tempest.lib.common.rest_client [req-b0f39d85-3cc5-4df1-a014-c9d621bd77a6 req-b0f39d85-3cc5-4df1-a014-c9d621bd77a6 ] Request (QuotaClassesAdmin257Test:tearDownClass): 200 GET http://10.180.1.21:9696/networking/v2.0/security-groups?tenant_id=4d7d5cfa5019441899cea4734a855128&name=default 0.170s
2024-10-22 06:22:15.248 62124 INFO tempest.lib.common.rest_client [req-deb951f5-4175-415e-8c18-6af1cc097e62 req-deb951f5-4175-415e-8c18-6af1cc097e62 ] Request (MigrationsAdminTest:test_resize_server_revert_deleted_flavor): 200 GET http://10.180.1.21/compute/v2.1/servers/5ab321ec-655b-4f68-91aa-9b3db8c692f4 0.052s
2024-10-22 06:22:15.252 62158 INFO tempest.lib.common.rest_client [req-658426e5-ae7b-4cff-bb51-6a7e7779a78a req-658426e5-ae7b-4cff-bb51-6a7e7779a78a ] Request (ServersTestJSON:setUpClass): 200 GET http://10.180.1.21/compute/v2.1/servers/32e2f482-9ceb-44bc-8933-115876374b1c 0.058s
2024-10-22 06:22:15.291 62122 INFO tempest.lib.common.rest_client [req-0cefa2d2-2a9f-4ede-8b46-d7603ea40767 req-0cefa2d2-2a9f-4ede-8b46-d7603ea40767 ] Request (InstanceActionsV221TestJSON:test_get_list_deleted_instance_actions): 200 GET http://10.180.1.21/compute/v2.1/servers/9e665b58-69e7-4ab9-b109-ab27725e66cc 0.046s
2024-10-22 06:22:15.334 62108 INFO tempest.lib.common.rest_client [req-868129b3-dc2f-446d-b6cb-d601eca4a8a7 req-868129b3-dc2f-446d-b6cb-d601eca4a8a7 ] Request (QuotaClassesAdmin257Test:tearDownClass): 204 DELETE http://10.180.1.21:9696/networking/v2.0/security-groups/c6e8d268-0bd7-45be-a94b-1845e0077300 0.087s
2024-10-22 06:22:15.341 62152 INFO tempest.lib.common.rest_client [req-9d33c498-3e47-4a02-9a0c-9f2c39185cc2 req-9d33c498-3e47-4a02-9a0c-9f2c39185cc2 ] Request (ServerRescueTestJSON:setUpClass): 200 GET http://10.180.1.21/compute/v2.1/servers/b935c7ba-7716-443b-b5da-9ee03cef793a 0.051s
2024-10-22 06:22:15.386 62108 INFO tempest.lib.common.rest_client [req-0648b1b4-64dc-4942-b851-dc8c1e4764a9 req-0648b1b4-64dc-4942-b851-dc8c1e4764a9 ] Request (QuotaClassesAdmin257Test:tearDownClass): 204 DELETE http://10.180.1.21/identity/v3/projects/4d7d5cfa5019441899cea4734a855128 0.052s
2024-10-22 06:22:15.386 62108 INFO tempest.lib.common.dynamic_creds [-] Deleting project and security group for project: fc287bd921984f5c894660173241a9f9
2024-10-22 06:22:15.397 62132 INFO tempest.lib.common.rest_client [req-41afc169-2eaa-45e6-bb6b-7dbc079f6878 req-41afc169-2eaa-45e6-bb6b-7dbc079f6878 ] Request (SecurityGroupsTestJSON:test_list_security_groups_by_server): 200 GET http://10.180.1.21/compute/v2.1/servers/c4b41c42-e01f-464a-9423-1c0fcca75586 0.043s
2024-10-22 06:22:15.455 62166 INFO tempest.lib.common.rest_client [req-ffb8ffe0-0462-4afd-8fcd-7ceace3c332d req-ffb8ffe0-0462-4afd-8fcd-7ceace3c332d ] Request (ServersTestMultiNic:test_verify_duplicate_network_nics): 200 GET http://10.180.1.21/compute/v2.1/servers/7b4a9ebc-47fb-4078-969a-07642284b916 0.050s
2024-10-22 06:22:15.475 62108 INFO tempest.lib.common.rest_client [req-0970a84f-c634-4b83-bd25-dd7de954296d req-0970a84f-c634-4b83-bd25-dd7de954296d ] Request (QuotaClassesAdmin257Test:tearDownClass): 200 GET http://10.180.1.21:9696/networking/v2.0/security-groups?tenant_id=fc287bd921984f5c894660173241a9f9&name=default 0.089s
2024-10-22 06:22:15.520 62116 INFO tempest.lib.common.rest_client [req-6494fb3a-988f-4fb3-be08-a61ef41b57c4 req-6494fb3a-988f-4fb3-be08-a61ef41b57c4 ] Request (FloatingIPsAssociationTestJSON:setUpClass): 200 GET http://10.180.1.21/compute/v2.1/servers/a048328a-d4a8-420e-9cc8-047254d7d1bf 0.043s
2024-10-22 06:22:15.540 62108 INFO tempest.lib.common.rest_client [req-89c71a0a-5681-4124-8f9d-b3b9456d1244 req-89c71a0a-5681-4124-8f9d-b3b9456d1244 ] Request (QuotaClassesAdmin257Test:tearDownClass): 204 DELETE http://10.180.1.21:9696/networking/v2.0/security-groups/f3e9231f-f009-427d-8ea4-16fb826bdff0 0.064s
2024-10-22 06:22:15.571 62140 INFO tempest.lib.common.rest_client [req-35387eb8-7177-4c58-9896-c722ea8a80b7 req-35387eb8-7177-4c58-9896-c722ea8a80b7 ] Request (ServerDiagnosticsNegativeTest:test_get_server_diagnostics_by_non_admin): 200 GET http://10.180.1.21/compute/v2.1/servers/830e7d50-5870-4e1f-8f2f-26840ba06d33 0.043s
2024-10-22 06:22:15.616 62108 INFO tempest.lib.common.rest_client [req-1178d2d2-ba26-47af-9c35-32c23be11c16 req-1178d2d2-ba26-47af-9c35-32c23be11c16 ] Request (QuotaClassesAdmin257Test:tearDownClass): 204 DELETE http://10.180.1.21/identity/v3/projects/fc287bd921984f5c894660173241a9f9 0.076s
2024-10-22 06:22:15.643 62144 INFO tempest.lib.common.rest_client [req-8a5409e4-4a45-4dff-b971-a169c56cb78f req-8a5409e4-4a45-4dff-b971-a169c56cb78f ] Request (FloatingIPsAssociationNegativeTestJSON:setUpClass): 200 GET http://10.180.1.21/compute/v2.1/servers/8d2459c0-279c-4ea4-8cbc-6c69cfa35b27 0.046s
2024-10-22 06:22:15.669 62108 INFO tempest.lib.common.rest_client [req-e8e8d374-97a9-4e4d-9b88-f7ed39da7bb2 req-e8e8d374-97a9-4e4d-9b88-f7ed39da7bb2 ] Request (ServerActionsTestOtherA:setUpClass): 201 POST http://10.180.1.21/identity/v3/auth/tokens 0.051s
2024-10-22 06:22:15.685 62118 INFO tempest.lib.common.rest_client [req-2a6a8b05-d0a0-469d-b964-e512a823bcf6 req-2a6a8b05-d0a0-469d-b964-e512a823bcf6 ] Request (ServerGroupTestJSON:test_create_server_with_scheduler_hint_group): 200 GET http://10.180.1.21/compute/v2.1/servers/1b289a3d-7958-492b-ab9d-4ba8d3ffdae8 0.044s
2024-10-22 06:22:15.695 62108 INFO tempest.lib.common.rest_client [req-9f6014aa-c914-4250-962a-e6e09b9baa32 req-9f6014aa-c914-4250-962a-e6e09b9baa32 ] Request (ServerActionsTestOtherA:setUpClass): 201 POST http://10.180.1.21/identity/v3/auth/tokens 0.024s
2024-10-22 06:22:15.712 62108 INFO tempest.lib.common.rest_client [req-427e018f-0e0c-4d25-92a1-d103452260e4 req-427e018f-0e0c-4d25-92a1-d103452260e4 ] Request (ServerActionsTestOtherA:setUpClass): 200 GET http://10.180.1.21/identity/v3/domains?name=Default 0.017s
2024-10-22 06:22:15.727 62106 INFO tempest.lib.common.rest_client [req-81e6e148-2ac7-40cc-b4e5-b82818549660 req-81e6e148-2ac7-40cc-b4e5-b82818549660 ] Request (ServersTestJSON:test_create_server_specify_multibyte_character_name): 200 GET http://10.180.1.21/compute/v2.1/servers/3df44b70-ee72-40d7-9129-b5e94e121b0a 0.043s
2024-10-22 06:22:15.736 62108 INFO tempest.lib.common.rest_client [req-2339c12f-cf00-42fc-8c8d-2d66b04fd376 req-2339c12f-cf00-42fc-8c8d-2d66b04fd376 ] Request (ServerActionsTestOtherA:setUpClass): 201 POST http://10.180.1.21/identity/v3/projects 0.023s
2024-10-22 06:22:15.769 62142 INFO tempest.lib.common.rest_client [req-e7c46b3f-3287-4ae7-aabb-0449c7584d18 req-e7c46b3f-3287-4ae7-aabb-0449c7584d18 ] Request (ServerDiskConfigTestJSON:test_rebuild_server_with_auto_disk_config): 200 GET http://10.180.1.21/compute/v2.1/servers/7c389914-47a6-4ed4-aad6-e8aeeefbed7c 0.042s
2024-10-22 06:22:15.782 62108 INFO tempest.lib.common.rest_client [req-c27d3574-13db-47e2-ab1f-8908ef9cd3b9 req-c27d3574-13db-47e2-ab1f-8908ef9cd3b9 ] Request (ServerActionsTestOtherA:setUpClass): 201 POST http://10.180.1.21/identity/v3/users 0.046s
2024-10-22 06:22:15.799 62108 INFO tempest.lib.common.rest_client [req-ef8fa8a2-a4d2-4f82-b4bb-064e482813e3 req-ef8fa8a2-a4d2-4f82-b4bb-064e482813e3 ] Request (ServerActionsTestOtherA:setUpClass): 200 GET http://10.180.1.21/identity/v3/roles 0.016s
2024-10-22 06:22:15.814 62162 INFO tempest.lib.common.rest_client [req-c91d82f0-60e2-4361-a292-0147d8a8c6f6 req-c91d82f0-60e2-4361-a292-0147d8a8c6f6 ] Request (ServersTestFqdnHostnames:test_create_server_with_fqdn_name): 200 GET http://10.180.1.21/compute/v2.1/servers/b6f46e45-742b-4801-86f0-fd8eea3611da 0.047s
2024-10-22 06:22:15.831 62108 INFO tempest.lib.common.rest_client [req-d54b38ec-150e-4e7b-bb1a-d0077048ff99 req-d54b38ec-150e-4e7b-bb1a-d0077048ff99 ] Request (ServerActionsTestOtherA:setUpClass): 204 PUT http://10.180.1.21/identity/v3/projects/94ad46a8089a446181abde0f6361b343/users/f1b4e2421d4a40e399670e550bf5f011/roles/21f0ca53c13e43e7a2f0aa9d22a741aa 0.032s
2024-10-22 06:22:15.831 62108 INFO tempest.lib.common.dynamic_creds [-] Dynamic test user f1b4e2421d4a40e399670e550bf5f011 is created with scope project and roles: ['member']
2024-10-22 06:22:15.832 62108 INFO tempest.lib.common.dynamic_creds [-] Acquired dynamic creds: credentials: Credentials: {'domain_id': 'default', 'domain_name': 'Default', 'username': 'tempest-ServerActionsTestOtherA-1069435418-project-member', 'project_domain_id': 'default', 'project_domain_name': 'Default', 'project_id': '94ad46a8089a446181abde0f6361b343', 'project_name': 'tempest-ServerActionsTestOtherA-1069435418', 'tenant_id': '94ad46a8089a446181abde0f6361b343', 'tenant_name': 'tempest-ServerActionsTestOtherA-1069435418', 'user_domain_id': 'default', 'user_domain_name': 'Default', 'user_id': 'f1b4e2421d4a40e399670e550bf5f011', 'system': None}, Network: None, Subnet: None, Router: None
2024-10-22 06:22:15.879 62120 INFO tempest.lib.common.rest_client [req-39ae0d60-09ae-4d4b-8e72-235a1ba9dca7 req-39ae0d60-09ae-4d4b-8e72-235a1ba9dca7 ] Request (ServerActionsTestOtherB:setUpClass): 200 GET http://10.180.1.21/compute/v2.1/servers/3923d04e-5b50-4cfc-b3da-4b4eada4c8e3 0.047s
2024-10-22 06:22:15.880 62146 INFO tempest.lib.common.rest_client [req-f5a646fc-3bc8-4224-9354-47cb501a77c2 req-f5a646fc-3bc8-4224-9354-47cb501a77c2 ] Request (ServerShowV254Test:test_rebuild_server): 200 GET http://10.180.1.21/compute/v2.1/servers/410b0308-1dca-4d11-91ab-f6d89bd565e3 0.055s
2024-10-22 06:22:15.885 62108 INFO tempest.lib.common.rest_client [req-66017473-91da-4540-87a7-714c5600025c req-66017473-91da-4540-87a7-714c5600025c ] Request (ServerActionsTestOtherA:setUpClass): 201 POST http://10.180.1.21/identity/v3/auth/tokens 0.053s
2024-10-22 06:22:15.922 62154 INFO tempest.lib.common.rest_client [req-4837701f-4842-4ecf-8d9c-66ebe69cf13f req-4837701f-4842-4ecf-8d9c-66ebe69cf13f ] Request (ServersAdminTestJSON:setUpClass): 200 GET http://10.180.1.21/compute/v2.1/servers/ff6fa10c-c1cc-4e85-af43-c52f06e35974 0.045s
2024-10-22 06:22:15.961 62136 INFO tempest.lib.common.rest_client [req-d8ac8420-fb6c-402b-913f-c43ad891ee10 req-d8ac8420-fb6c-402b-913f-c43ad891ee10 ] Request (ServerActionsV293TestJSON:setUpClass): 200 GET http://10.180.1.21/compute/v2.1/servers/2e8d82fd-5f70-408e-9d3b-74f3d81232d3 0.051s
2024-10-22 06:22:15.972 62112 INFO tempest.lib.common.rest_client [req-bda30acb-7738-47bb-9996-90d27aaebd10 req-bda30acb-7738-47bb-9996-90d27aaebd10 ] Request (ListServerFiltersTestJSON:setUpClass): 200 GET http://10.180.1.21/compute/v2.1/servers/a07e49a5-e20a-49df-9326-a2e819934d15 0.048s
2024-10-22 06:22:16.003 62134 INFO tempest.lib.common.rest_client [req-76c58570-4d21-4228-b457-9d67870a78d2 req-76c58570-4d21-4228-b457-9d67870a78d2 ] Request (ImagesNegativeTestJSON:test_create_image_from_deleted_server): 200 GET http://10.180.1.21/compute/v2.1/servers/bf056a94-9e9b-4296-b621-7e8a7338330b 0.052s
2024-10-22 06:22:16.074 62114 INFO tempest.lib.common.rest_client [req-b4e1b437-15cc-4d88-bccb-7211ac59086f req-b4e1b437-15cc-4d88-bccb-7211ac59086f ] Request (ServersV294TestFqdnHostnames:setUpClass): 200 GET http://10.180.1.21/compute/v2.1/servers/7ad136a2-d850-4b68-af0f-73badf65426c 0.064s
2024-10-22 06:22:16.094 62104 INFO tempest.lib.common.rest_client [req-f5257dd4-27a1-44f0-86cf-4971f3609457 req-f5257dd4-27a1-44f0-86cf-4971f3609457 ] Request (ServerPasswordTestJSON:setUpClass): 200 GET http://10.180.1.21/compute/v2.1/servers/fe14efda-3b92-4045-8eef-0e5e92a9c538 0.055s
2024-10-22 06:22:16.138 62108 INFO tempest.lib.common.rest_client [req-5005d944-d364-40d5-a6e0-abf819a35bda req-5005d944-d364-40d5-a6e0-abf819a35bda ] Request (ServerActionsTestOtherA:setUpClass): 201 POST http://10.180.1.21:9696/networking/v2.0/networks 0.252s
2024-10-22 06:22:16.143 62156 INFO tempest.lib.common.rest_client [req-8aa0fa18-7586-4ddb-8eab-228c17ac790a req-8aa0fa18-7586-4ddb-8eab-228c17ac790a ] Request (InstanceActionsNegativeTestJSON:setUpClass): 200 GET http://10.180.1.21/compute/v2.1/servers/58b454d7-5370-499a-93dc-8613ee997b4d 0.064s
2024-10-22 06:22:16.167 62149 INFO tempest.lib.common.rest_client [req-711da479-5978-4ad8-ad99-1e9f8be9c733 req-711da479-5978-4ad8-ad99-1e9f8be9c733 ] Request (DeleteServersTestJSON:test_delete_server_while_in_attached_volume): 200 GET http://10.180.1.21/compute/v2.1/servers/fd30cb23-f30f-4e20-ae67-36956b78e6ac 0.061s
2024-10-22 06:22:16.217 62138 INFO tempest.lib.common.rest_client [req-5c5febee-5d03-4e4e-829c-0229e8f6701a req-5c5febee-5d03-4e4e-829c-0229e8f6701a ] Request (AttachInterfacesTestJSON:test_create_list_show_delete_interfaces_by_fixed_ip): 200 GET http://10.180.1.21/compute/v2.1/servers/adcd5674-ce1e-4b73-85bd-4344b5633c94 0.060s
2024-10-22 06:22:16.222 62128 INFO tempest.lib.common.rest_client [req-aa057c6c-00c0-4957-813e-7e2b9f40202f req-aa057c6c-00c0-4957-813e-7e2b9f40202f ] Request (ServerShowV257Test:test_rebuild_server): 200 GET http://10.180.1.21/compute/v2.1/servers/7e452659-0a5e-4740-b7ed-1fd7b1917dac 0.064s
2024-10-22 06:22:16.273 62160 INFO tempest.lib.common.rest_client [req-36b5dfa6-e2b5-4bc9-b406-c02b473bdbe6 req-36b5dfa6-e2b5-4bc9-b406-c02b473bdbe6 ] Request (InstanceActionsTestJSON:setUpClass): 200 GET http://10.180.1.21/compute/v2.1/servers/59887ef7-b2fc-486c-a368-cebde3313113 0.063s
2024-10-22 06:22:16.273 62130 INFO tempest.lib.common.rest_client [req-ee878ad9-e58c-417d-8ac7-b80f6832ed9b req-ee878ad9-e58c-417d-8ac7-b80f6832ed9b ] Request (VolumesAdminNegativeTest:test_update_attached_volume_with_nonexistent_volume_in_uri): 200 GET http://10.180.1.21/compute/v2.1/servers/c15bc75b-87dc-4602-81ea-dbebce1b7763 0.067s
2024-10-22 06:22:16.332 62124 INFO tempest.lib.common.rest_client [req-8e17e39d-1113-441a-91ab-539d4e25f5a5 req-8e17e39d-1113-441a-91ab-539d4e25f5a5 ] Request (MigrationsAdminTest:test_resize_server_revert_deleted_flavor): 200 GET http://10.180.1.21/compute/v2.1/servers/5ab321ec-655b-4f68-91aa-9b3db8c692f4 0.076s
2024-10-22 06:22:16.337 62158 INFO tempest.lib.common.rest_client [req-84b86eb9-0689-4f3e-8ecd-852ebb3edf9b req-84b86eb9-0689-4f3e-8ecd-852ebb3edf9b ] Request (ServersTestJSON:setUpClass): 200 GET http://10.180.1.21/compute/v2.1/servers/32e2f482-9ceb-44bc-8933-115876374b1c 0.078s
2024-10-22 06:22:16.354 62108 INFO tempest.lib.common.rest_client [req-ff77d613-e4a4-4e98-961e-184e78866eec req-ff77d613-e4a4-4e98-961e-184e78866eec ] Request (ServerActionsTestOtherA:setUpClass): 201 POST http://10.180.1.21:9696/networking/v2.0/subnets 0.216s
2024-10-22 06:22:16.382 62122 INFO tempest.lib.common.rest_client [req-24d05b42-694c-4939-8054-65f6080ecfe0 req-24d05b42-694c-4939-8054-65f6080ecfe0 ] Request (InstanceActionsV221TestJSON:test_get_list_deleted_instance_actions): 200 GET http://10.180.1.21/compute/v2.1/servers/9e665b58-69e7-4ab9-b109-ab27725e66cc 0.083s
2024-10-22 06:22:16.404 62152 INFO tempest.lib.common.rest_client [req-7e5895d5-9c41-448e-b3d9-f2de3605c17c req-7e5895d5-9c41-448e-b3d9-f2de3605c17c ] Request (ServerRescueTestJSON:setUpClass): 200 GET http://10.180.1.21/compute/v2.1/servers/b935c7ba-7716-443b-b5da-9ee03cef793a 0.056s
2024-10-22 06:22:16.450 62132 INFO tempest.lib.common.rest_client [req-deb613e5-8651-48b0-abda-2320b3d01609 req-deb613e5-8651-48b0-abda-2320b3d01609 ] Request (SecurityGroupsTestJSON:test_list_security_groups_by_server): 200 GET http://10.180.1.21/compute/v2.1/servers/c4b41c42-e01f-464a-9423-1c0fcca75586 0.045s
2024-10-22 06:22:16.521 62166 INFO tempest.lib.common.rest_client [req-b5db59cf-624c-440a-a874-828fe4b79df0 req-b5db59cf-624c-440a-a874-828fe4b79df0 ] Request (ServersTestMultiNic:test_verify_duplicate_network_nics): 200 GET http://10.180.1.21/compute/v2.1/servers/7b4a9ebc-47fb-4078-969a-07642284b916 0.058s
2024-10-22 06:22:16.572 62116 INFO tempest.lib.common.rest_client [req-a8ede909-ccc8-41ca-bef4-f7b1de7e53eb req-a8ede909-ccc8-41ca-bef4-f7b1de7e53eb ] Request (FloatingIPsAssociationTestJSON:setUpClass): 200 GET http://10.180.1.21/compute/v2.1/servers/a048328a-d4a8-420e-9cc8-047254d7d1bf 0.045s
2024-10-22 06:22:16.628 62140 INFO tempest.lib.common.rest_client [req-89847eb3-85da-4afc-a3ae-835ce40e27b3 req-89847eb3-85da-4afc-a3ae-835ce40e27b3 ] Request (ServerDiagnosticsNegativeTest:test_get_server_diagnostics_by_non_admin): 200 GET http://10.180.1.21/compute/v2.1/servers/830e7d50-5870-4e1f-8f2f-26840ba06d33 0.049s
2024-10-22 06:22:16.694 62144 INFO tempest.lib.common.rest_client [req-bf4ad973-c409-4663-b065-71624370651e req-bf4ad973-c409-4663-b065-71624370651e ] Request (FloatingIPsAssociationNegativeTestJSON:setUpClass): 200 GET http://10.180.1.21/compute/v2.1/servers/8d2459c0-279c-4ea4-8cbc-6c69cfa35b27 0.044s
2024-10-22 06:22:16.735 62118 INFO tempest.lib.common.rest_client [req-1b9b9f5b-0d88-464e-ae2d-b824716b5bde req-1b9b9f5b-0d88-464e-ae2d-b824716b5bde ] Request (ServerGroupTestJSON:test_create_server_with_scheduler_hint_group): 200 GET http://10.180.1.21/compute/v2.1/servers/1b289a3d-7958-492b-ab9d-4ba8d3ffdae8 0.044s
2024-10-22 06:22:16.781 62106 INFO tempest.lib.common.rest_client [req-fcb21b83-a303-4f9d-82ce-453875a9b8cf req-fcb21b83-a303-4f9d-82ce-453875a9b8cf ] Request (ServersTestJSON:test_create_server_specify_multibyte_character_name): 200 GET http://10.180.1.21/compute/v2.1/servers/3df44b70-ee72-40d7-9129-b5e94e121b0a 0.048s
2024-10-22 06:22:16.830 62142 INFO tempest.lib.common.rest_client [req-2f81db30-c91c-4b56-92f6-f1612b6ed3a3 req-2f81db30-c91c-4b56-92f6-f1612b6ed3a3 ] Request (ServerDiskConfigTestJSON:test_rebuild_server_with_auto_disk_config): 200 GET http://10.180.1.21/compute/v2.1/servers/7c389914-47a6-4ed4-aad6-e8aeeefbed7c 0.054s
2024-10-22 06:22:16.874 62162 INFO tempest.lib.common.rest_client [req-80c8f657-6b83-486d-984e-62a88edb7e4a req-80c8f657-6b83-486d-984e-62a88edb7e4a ] Request (ServersTestFqdnHostnames:test_create_server_with_fqdn_name): 200 GET http://10.180.1.21/compute/v2.1/servers/b6f46e45-742b-4801-86f0-fd8eea3611da 0.053s
2024-10-22 06:22:16.939 62146 INFO tempest.lib.common.rest_client [req-17283efc-70ac-4d20-ae93-39521f3e9b13 req-17283efc-70ac-4d20-ae93-39521f3e9b13 ] Request (ServerShowV254Test:test_rebuild_server): 200 GET http://10.180.1.21/compute/v2.1/servers/410b0308-1dca-4d11-91ab-f6d89bd565e3 0.051s
2024-10-22 06:22:16.944 62120 INFO tempest.lib.common.rest_client [req-69e945a6-9810-4330-90d8-cf76ce6fc794 req-69e945a6-9810-4330-90d8-cf76ce6fc794 ] Request (ServerActionsTestOtherB:setUpClass): 200 GET http://10.180.1.21/compute/v2.1/servers/3923d04e-5b50-4cfc-b3da-4b4eada4c8e3 0.058s
2024-10-22 06:22:16.983 62154 INFO tempest.lib.common.rest_client [req-756159cd-e5ee-4534-a79a-9fa01bccd342 req-756159cd-e5ee-4534-a79a-9fa01bccd342 ] Request (ServersAdminTestJSON:setUpClass): 200 GET http://10.180.1.21/compute/v2.1/servers/ff6fa10c-c1cc-4e85-af43-c52f06e35974 0.054s
2024-10-22 06:22:17.016 62108 INFO tempest.lib.common.rest_client [req-74ccf436-6577-404a-b9b8-136223af08ac req-74ccf436-6577-404a-b9b8-136223af08ac ] Request (ServerActionsTestOtherA:setUpClass): 201 POST http://10.180.1.21:9696/networking/v2.0/routers 0.661s
2024-10-22 06:22:17.023 62136 INFO tempest.lib.common.rest_client [req-56a0ba28-cb2b-4e45-b0fc-f6c33f1d5bfa req-56a0ba28-cb2b-4e45-b0fc-f6c33f1d5bfa ] Request (ServerActionsV293TestJSON:setUpClass): 200 GET http://10.180.1.21/compute/v2.1/servers/2e8d82fd-5f70-408e-9d3b-74f3d81232d3 0.054s
2024-10-22 06:22:17.029 62112 INFO tempest.lib.common.rest_client [req-c94a6c96-da1f-4593-9af4-66c9aa5b4a23 req-c94a6c96-da1f-4593-9af4-66c9aa5b4a23 ] Request (ListServerFiltersTestJSON:setUpClass): 200 GET http://10.180.1.21/compute/v2.1/servers/a07e49a5-e20a-49df-9326-a2e819934d15 0.050s
2024-10-22 06:22:17.069 62134 INFO tempest.lib.common.rest_client [req-78bc7d14-872e-409b-a74d-d0e9250c71b6 req-78bc7d14-872e-409b-a74d-d0e9250c71b6 ] Request (ImagesNegativeTestJSON:test_create_image_from_deleted_server): 200 GET http://10.180.1.21/compute/v2.1/servers/bf056a94-9e9b-4296-b621-7e8a7338330b 0.054s
2024-10-22 06:22:17.135 62114 INFO tempest.lib.common.rest_client [req-52dfad4a-7c4e-4a42-85fa-9f32db624b9b req-52dfad4a-7c4e-4a42-85fa-9f32db624b9b ] Request (ServersV294TestFqdnHostnames:setUpClass): 200 GET http://10.180.1.21/compute/v2.1/servers/7ad136a2-d850-4b68-af0f-73badf65426c 0.052s
2024-10-22 06:22:17.156 62104 INFO tempest.lib.common.rest_client [req-56d43aad-e673-4792-9af6-d6299e26d1b6 req-56d43aad-e673-4792-9af6-d6299e26d1b6 ] Request (ServerPasswordTestJSON:setUpClass): 200 GET http://10.180.1.21/compute/v2.1/servers/fe14efda-3b92-4045-8eef-0e5e92a9c538 0.051s
2024-10-22 06:22:17.201 62156 INFO tempest.lib.common.rest_client [req-b21d2d94-2a87-424e-95b2-f97052f7faac req-b21d2d94-2a87-424e-95b2-f97052f7faac ] Request (InstanceActionsNegativeTestJSON:setUpClass): 200 GET http://10.180.1.21/compute/v2.1/servers/58b454d7-5370-499a-93dc-8613ee997b4d 0.049s
2024-10-22 06:22:17.225 62149 INFO tempest.lib.common.rest_client [req-b3566e15-8b2a-4e6f-a5a6-d118eca0d78c req-b3566e15-8b2a-4e6f-a5a6-d118eca0d78c ] Request (DeleteServersTestJSON:test_delete_server_while_in_attached_volume): 200 GET http://10.180.1.21/compute/v2.1/servers/fd30cb23-f30f-4e20-ae67-36956b78e6ac 0.048s
2024-10-22 06:22:17.270 62138 INFO tempest.lib.common.rest_client [req-8aec1acb-23a5-48dd-b14e-0ab58727b281 req-8aec1acb-23a5-48dd-b14e-0ab58727b281 ] Request (AttachInterfacesTestJSON:test_create_list_show_delete_interfaces_by_fixed_ip): 200 GET http://10.180.1.21/compute/v2.1/servers/adcd5674-ce1e-4b73-85bd-4344b5633c94 0.045s
2024-10-22 06:22:17.281 62128 INFO tempest.lib.common.rest_client [req-07bdde0a-723e-46f2-92f5-e477d1852652 req-07bdde0a-723e-46f2-92f5-e477d1852652 ] Request (ServerShowV257Test:test_rebuild_server): 200 GET http://10.180.1.21/compute/v2.1/servers/7e452659-0a5e-4740-b7ed-1fd7b1917dac 0.050s
2024-10-22 06:22:17.337 62130 INFO tempest.lib.common.rest_client [req-157850c0-1d24-4f1c-9ac8-98ad17f193ce req-157850c0-1d24-4f1c-9ac8-98ad17f193ce ] Request (VolumesAdminNegativeTest:test_update_attached_volume_with_nonexistent_volume_in_uri): 200 GET http://10.180.1.21/compute/v2.1/servers/c15bc75b-87dc-4602-81ea-dbebce1b7763 0.052s
2024-10-22 06:22:17.343 62160 INFO tempest.lib.common.rest_client [req-7a58e745-c575-4fd1-9bc6-862a3ef5c8c1 req-7a58e745-c575-4fd1-9bc6-862a3ef5c8c1 ] Request (InstanceActionsTestJSON:setUpClass): 200 GET http://10.180.1.21/compute/v2.1/servers/59887ef7-b2fc-486c-a368-cebde3313113 0.063s
2024-10-22 06:22:17.389 62124 INFO tempest.lib.common.rest_client [req-19885756-9fb9-4967-9c92-0bcf8379acc7 req-19885756-9fb9-4967-9c92-0bcf8379acc7 ] Request (MigrationsAdminTest:test_resize_server_revert_deleted_flavor): 200 GET http://10.180.1.21/compute/v2.1/servers/5ab321ec-655b-4f68-91aa-9b3db8c692f4 0.051s
2024-10-22 06:22:17.395 62158 INFO tempest.lib.common.rest_client [req-8546a137-581e-4af0-a220-6cdb88306afa req-8546a137-581e-4af0-a220-6cdb88306afa ] Request (ServersTestJSON:setUpClass): 200 GET http://10.180.1.21/compute/v2.1/servers/32e2f482-9ceb-44bc-8933-115876374b1c 0.050s
2024-10-22 06:22:17.451 62122 INFO tempest.lib.common.rest_client [req-c61ba836-82fa-4318-b06c-34bc146ab662 req-c61ba836-82fa-4318-b06c-34bc146ab662 ] Request (InstanceActionsV221TestJSON:test_get_list_deleted_instance_actions): 200 GET http://10.180.1.21/compute/v2.1/servers/9e665b58-69e7-4ab9-b109-ab27725e66cc 0.060s
2024-10-22 06:22:17.458 62152 INFO tempest.lib.common.rest_client [req-fe97ec82-1e36-462a-8f00-62ac9dc2ed3f req-fe97ec82-1e36-462a-8f00-62ac9dc2ed3f ] Request (ServerRescueTestJSON:setUpClass): 200 GET http://10.180.1.21/compute/v2.1/servers/b935c7ba-7716-443b-b5da-9ee03cef793a 0.047s
2024-10-22 06:22:17.504 62132 INFO tempest.lib.common.rest_client [req-4457b504-ae5d-4890-8a4c-01296fb4c085 req-4457b504-ae5d-4890-8a4c-01296fb4c085 ] Request (SecurityGroupsTestJSON:test_list_security_groups_by_server): 200 GET http://10.180.1.21/compute/v2.1/servers/c4b41c42-e01f-464a-9423-1c0fcca75586 0.045s
2024-10-22 06:22:17.576 62166 INFO tempest.lib.common.rest_client [req-0eec2011-24f4-4f03-bcd7-0e913472ab8e req-0eec2011-24f4-4f03-bcd7-0e913472ab8e ] Request (ServersTestMultiNic:test_verify_duplicate_network_nics): 200 GET http://10.180.1.21/compute/v2.1/servers/7b4a9ebc-47fb-4078-969a-07642284b916 0.048s
2024-10-22 06:22:17.632 62116 INFO tempest.lib.common.rest_client [req-489c100b-fb56-4456-9677-898ee2b53f11 req-489c100b-fb56-4456-9677-898ee2b53f11 ] Request (FloatingIPsAssociationTestJSON:setUpClass): 200 GET http://10.180.1.21/compute/v2.1/servers/a048328a-d4a8-420e-9cc8-047254d7d1bf 0.052s
2024-10-22 06:22:17.685 62140 INFO tempest.lib.common.rest_client [req-3daaa4fc-5a39-4fbd-87bc-3cc9d408f7d3 req-3daaa4fc-5a39-4fbd-87bc-3cc9d408f7d3 ] Request (ServerDiagnosticsNegativeTest:test_get_server_diagnostics_by_non_admin): 200 GET http://10.180.1.21/compute/v2.1/servers/830e7d50-5870-4e1f-8f2f-26840ba06d33 0.049s
2024-10-22 06:22:17.749 62144 INFO tempest.lib.common.rest_client [req-18baf03a-26cd-4dfb-ab93-9d56f24b9d13 req-18baf03a-26cd-4dfb-ab93-9d56f24b9d13 ] Request (FloatingIPsAssociationNegativeTestJSON:setUpClass): 200 GET http://10.180.1.21/compute/v2.1/servers/8d2459c0-279c-4ea4-8cbc-6c69cfa35b27 0.047s
2024-10-22 06:22:17.787 62118 INFO tempest.lib.common.rest_client [req-0f155fc8-2ae3-4251-9234-ee1f3d49c9d0 req-0f155fc8-2ae3-4251-9234-ee1f3d49c9d0 ] Request (ServerGroupTestJSON:test_create_server_with_scheduler_hint_group): 200 GET http://10.180.1.21/compute/v2.1/servers/1b289a3d-7958-492b-ab9d-4ba8d3ffdae8 0.045s
2024-10-22 06:22:17.822 62108 INFO tempest.lib.common.rest_client [req-334abf49-3f14-4e35-9b75-ddfab23a19f4 req-334abf49-3f14-4e35-9b75-ddfab23a19f4 ] Request (ServerActionsTestOtherA:setUpClass): 200 PUT http://10.180.1.21:9696/networking/v2.0/routers/aab0840f-c94a-477a-8ea7-b6cd5972c780/add_router_interface 0.806s
2024-10-22 06:22:17.823 62108 INFO tempest.lib.common.dynamic_creds [-] Created isolated network resources for: credentials: Credentials: {'domain_id': 'default', 'domain_name': 'Default', 'username': 'tempest-ServerActionsTestOtherA-1069435418-project-member', 'project_domain_id': 'default', 'project_domain_name': 'Default', 'project_id': '94ad46a8089a446181abde0f6361b343', 'project_name': 'tempest-ServerActionsTestOtherA-1069435418', 'tenant_id': '94ad46a8089a446181abde0f6361b343', 'tenant_name': 'tempest-ServerActionsTestOtherA-1069435418', 'user_domain_id': 'default', 'user_domain_name': 'Default', 'user_id': 'f1b4e2421d4a40e399670e550bf5f011', 'system': None}, Network: {'id': '5ea1755d-a7e0-4ca3-bd6b-695c837da16b', 'name': 'tempest-ServerActionsTestOtherA-890422471-network', 'tenant_id': '94ad46a8089a446181abde0f6361b343', 'admin_state_up': True, 'mtu': 8950, 'status': 'ACTIVE', 'subnets': [], 'shared': False, 'project_id': '94ad46a8089a446181abde0f6361b343', 'port_security_enabled': True, 'router:external': False, 'provider:network_type': 'vlan', 'provider:physical_network': 'default', 'provider:segmentation_id': 417, 'is_default': False, 'availability_zone_hints': [], 'availability_zones': [], 'ipv4_address_scope': None, 'ipv6_address_scope': None, 'description': '', 'tags': [], 'created_at': '2024-10-22T06:22:16Z', 'updated_at': '2024-10-22T06:22:16Z', 'revision_number': 1}, Subnet: {'id': '1d2b4ef2-b5a7-4ff6-b66d-a73ab7938b5c', 'name': 'tempest-ServerActionsTestOtherA-890422471-subnet', 'tenant_id': '94ad46a8089a446181abde0f6361b343', 'network_id': '5ea1755d-a7e0-4ca3-bd6b-695c837da16b', 'ip_version': 4, 'subnetpool_id': None, 'enable_dhcp': True, 'ipv6_ra_mode': None, 'ipv6_address_mode': None, 'gateway_ip': '192.168.128.1', 'cidr': '192.168.128.0/28', 'allocation_pools': [{'start': '192.168.128.2', 'end': '192.168.128.14'}], 'host_routes': [], 'dns_nameservers': [], 'description': '', 'router:external': False, 'service_types': [], 'tags': [], 'created_at': '2024-10-22T06:22:16Z', 'updated_at': '2024-10-22T06:22:16Z', 'revision_number': 0, 'project_id': '94ad46a8089a446181abde0f6361b343'}, Router: {'id': 'aab0840f-c94a-477a-8ea7-b6cd5972c780', 'name': 'tempest-ServerActionsTestOtherA-890422471-router', 'tenant_id': '94ad46a8089a446181abde0f6361b343', 'admin_state_up': True, 'status': 'ACTIVE', 'external_gateway_info': {'network_id': '6fec145f-d931-4fac-a0aa-306b84d087dd', 'external_fixed_ips': [{'subnet_id': '781f45b2-972a-445c-bc65-ec034b52f013', 'ip_address': '10.180.180.224'}], 'enable_snat': True}, 'description': '', 'availability_zones': [], 'distributed': False, 'ha': False, 'availability_zone_hints': [], 'routes': [], 'flavor_id': None, 'tags': [], 'created_at': '2024-10-22T06:22:16Z', 'updated_at': '2024-10-22T06:22:16Z', 'revision_number': 2, 'project_id': '94ad46a8089a446181abde0f6361b343'}
2024-10-22 06:22:17.849 62106 INFO tempest.lib.common.rest_client [req-8454dfc3-6a74-4963-9e61-1044c4b8c0bb req-8454dfc3-6a74-4963-9e61-1044c4b8c0bb ] Request (ServersTestJSON:test_create_server_specify_multibyte_character_name): 200 GET http://10.180.1.21/compute/v2.1/servers/3df44b70-ee72-40d7-9129-b5e94e121b0a 0.055s
2024-10-22 06:22:17.882 62142 INFO tempest.lib.common.rest_client [req-d1938251-4a4a-432d-a75d-d03095bc31cf req-d1938251-4a4a-432d-a75d-d03095bc31cf ] Request (ServerDiskConfigTestJSON:test_rebuild_server_with_auto_disk_config): 200 GET http://10.180.1.21/compute/v2.1/servers/7c389914-47a6-4ed4-aad6-e8aeeefbed7c 0.045s
2024-10-22 06:22:17.889 62108 INFO tempest.lib.common.rest_client [req-ed341d1e-627e-4180-a66b-1735d80b2984 req-ed341d1e-627e-4180-a66b-1735d80b2984 ] Request (ServerActionsTestOtherA:setUpClass): 201 POST http://10.180.1.21/identity/v3/auth/tokens 0.063s
2024-10-22 06:22:17.930 62162 INFO tempest.lib.common.rest_client [req-96899730-dca6-4332-962b-f2198f3e482a req-96899730-dca6-4332-962b-f2198f3e482a ] Request (ServersTestFqdnHostnames:test_create_server_with_fqdn_name): 200 GET http://10.180.1.21/compute/v2.1/servers/b6f46e45-742b-4801-86f0-fd8eea3611da 0.049s
2024-10-22 06:22:17.979 62108 INFO tempest.lib.common.rest_client [req-d9df96af-6fbb-4765-80c3-50418300248c req-d9df96af-6fbb-4765-80c3-50418300248c ] Request (ServerActionsTestOtherA:setUpClass): 200 POST http://10.180.1.21/compute/v2.1/os-keypairs 0.089s
2024-10-22 06:22:17.997 62146 INFO tempest.lib.common.rest_client [req-fd9bc4a2-1145-498d-995b-da8b17e24df2 req-fd9bc4a2-1145-498d-995b-da8b17e24df2 ] Request (ServerShowV254Test:test_rebuild_server): 200 GET http://10.180.1.21/compute/v2.1/servers/410b0308-1dca-4d11-91ab-f6d89bd565e3 0.050s
2024-10-22 06:22:18.031 62120 INFO tempest.lib.common.rest_client [req-67e2af54-8f45-43e5-9970-6c8c3b98c0c5 req-67e2af54-8f45-43e5-9970-6c8c3b98c0c5 ] Request (ServerActionsTestOtherB:setUpClass): 200 GET http://10.180.1.21/compute/v2.1/servers/3923d04e-5b50-4cfc-b3da-4b4eada4c8e3 0.079s
2024-10-22 06:22:18.040 62154 INFO tempest.lib.common.rest_client [req-46e86737-d846-4466-af2c-408af9121065 req-46e86737-d846-4466-af2c-408af9121065 ] Request (ServersAdminTestJSON:setUpClass): 200 GET http://10.180.1.21/compute/v2.1/servers/ff6fa10c-c1cc-4e85-af43-c52f06e35974 0.048s
2024-10-22 06:22:18.090 62112 INFO tempest.lib.common.rest_client [req-bb2ee6c7-8039-4350-bbf2-d1c23d692325 req-bb2ee6c7-8039-4350-bbf2-d1c23d692325 ] Request (ListServerFiltersTestJSON:setUpClass): 200 GET http://10.180.1.21/compute/v2.1/servers/a07e49a5-e20a-49df-9326-a2e819934d15 0.054s
2024-10-22 06:22:18.098 62136 INFO tempest.lib.common.rest_client [req-953256fd-8508-4e6f-8a66-929f6fedf9bd req-953256fd-8508-4e6f-8a66-929f6fedf9bd ] Request (ServerActionsV293TestJSON:setUpClass): 200 GET http://10.180.1.21/compute/v2.1/servers/2e8d82fd-5f70-408e-9d3b-74f3d81232d3 0.065s
2024-10-22 06:22:18.099 62108 INFO tempest.lib.common.rest_client [req-ca11e48a-841d-4bda-af53-73dd16187e90 req-ca11e48a-841d-4bda-af53-73dd16187e90 ] Request (ServerActionsTestOtherA:setUpClass): 201 POST http://10.180.1.21:9696/networking/v2.0/security-groups 0.117s
2024-10-22 06:22:18.138 62134 INFO tempest.lib.common.rest_client [req-e1898ffa-2501-4bdf-8e16-e2aa870b9356 req-e1898ffa-2501-4bdf-8e16-e2aa870b9356 ] Request (ImagesNegativeTestJSON:test_create_image_from_deleted_server): 200 GET http://10.180.1.21/compute/v2.1/servers/bf056a94-9e9b-4296-b621-7e8a7338330b 0.060s
2024-10-22 06:22:18.191 62108 INFO tempest.lib.common.rest_client [req-1c2315ee-50f8-4ca0-a845-86fc0b1c8c04 req-1c2315ee-50f8-4ca0-a845-86fc0b1c8c04 ] Request (ServerActionsTestOtherA:setUpClass): 201 POST http://10.180.1.21:9696/networking/v2.0/security-group-rules 0.092s
2024-10-22 06:22:18.203 62114 INFO tempest.lib.common.rest_client [req-e55a12e7-b27e-41de-a064-2b4f240426ce req-e55a12e7-b27e-41de-a064-2b4f240426ce ] Request (ServersV294TestFqdnHostnames:setUpClass): 200 GET http://10.180.1.21/compute/v2.1/servers/7ad136a2-d850-4b68-af0f-73badf65426c 0.059s
2024-10-22 06:22:18.216 62104 INFO tempest.lib.common.rest_client [req-2eb47cbf-24d6-4472-afae-b771530cb5b4 req-2eb47cbf-24d6-4472-afae-b771530cb5b4 ] Request (ServerPasswordTestJSON:setUpClass): 200 GET http://10.180.1.21/compute/v2.1/servers/fe14efda-3b92-4045-8eef-0e5e92a9c538 0.052s
2024-10-22 06:22:18.273 62156 INFO tempest.lib.common.rest_client [req-19b2c1a4-a9ef-420e-af46-613845f24c8f req-19b2c1a4-a9ef-420e-af46-613845f24c8f ] Request (InstanceActionsNegativeTestJSON:setUpClass): 200 GET http://10.180.1.21/compute/v2.1/servers/58b454d7-5370-499a-93dc-8613ee997b4d 0.064s
2024-10-22 06:22:18.286 62149 INFO tempest.lib.common.rest_client [req-54123be5-7d60-4263-92ea-248abb46468a req-54123be5-7d60-4263-92ea-248abb46468a ] Request (DeleteServersTestJSON:test_delete_server_while_in_attached_volume): 200 GET http://10.180.1.21/compute/v2.1/servers/fd30cb23-f30f-4e20-ae67-36956b78e6ac 0.054s
2024-10-22 06:22:18.292 62108 INFO tempest.lib.common.rest_client [req-e891c6c9-a893-4c37-929c-00354b4d5068 req-e891c6c9-a893-4c37-929c-00354b4d5068 ] Request (ServerActionsTestOtherA:setUpClass): 201 POST http://10.180.1.21:9696/networking/v2.0/security-group-rules 0.100s
2024-10-22 06:22:18.334 62138 INFO tempest.lib.common.rest_client [req-cbb82171-3f25-4675-bd38-0245d649955f req-cbb82171-3f25-4675-bd38-0245d649955f ] Request (AttachInterfacesTestJSON:test_create_list_show_delete_interfaces_by_fixed_ip): 200 GET http://10.180.1.21/compute/v2.1/servers/adcd5674-ce1e-4b73-85bd-4344b5633c94 0.055s
2024-10-22 06:22:18.350 62128 INFO tempest.lib.common.rest_client [req-7fdb06a0-a447-4e2d-bdd2-563ca9a397e0 req-7fdb06a0-a447-4e2d-bdd2-563ca9a397e0 ] Request (ServerShowV257Test:test_rebuild_server): 200 GET http://10.180.1.21/compute/v2.1/servers/7e452659-0a5e-4740-b7ed-1fd7b1917dac 0.059s
2024-10-22 06:22:18.403 62130 INFO tempest.lib.common.rest_client [req-087d11a5-6bdf-467a-9857-6b9ab50689bc req-087d11a5-6bdf-467a-9857-6b9ab50689bc ] Request (VolumesAdminNegativeTest:test_update_attached_volume_with_nonexistent_volume_in_uri): 200 GET http://10.180.1.21/compute/v2.1/servers/c15bc75b-87dc-4602-81ea-dbebce1b7763 0.056s
2024-10-22 06:22:18.403 62160 INFO tempest.lib.common.rest_client [req-483b70bb-f450-4007-8225-78aa25a2341b req-483b70bb-f450-4007-8225-78aa25a2341b ] Request (InstanceActionsTestJSON:setUpClass): 200 GET http://10.180.1.21/compute/v2.1/servers/59887ef7-b2fc-486c-a368-cebde3313113 0.049s
2024-10-22 06:22:18.456 62124 INFO tempest.lib.common.rest_client [req-ec53b94f-84db-4b6c-b43e-299d61fdbf18 req-ec53b94f-84db-4b6c-b43e-299d61fdbf18 ] Request (MigrationsAdminTest:test_resize_server_revert_deleted_flavor): 200 GET http://10.180.1.21/compute/v2.1/servers/5ab321ec-655b-4f68-91aa-9b3db8c692f4 0.060s
2024-10-22 06:22:18.467 62158 INFO tempest.lib.common.rest_client [req-fa390c60-80c1-4b48-b0f8-d1363ef8135b req-fa390c60-80c1-4b48-b0f8-d1363ef8135b ] Request (ServersTestJSON:setUpClass): 200 GET http://10.180.1.21/compute/v2.1/servers/32e2f482-9ceb-44bc-8933-115876374b1c 0.062s
2024-10-22 06:22:18.518 62122 INFO tempest.lib.common.rest_client [req-b369a3cd-9503-4411-ab5b-adf31bf7c941 req-b369a3cd-9503-4411-ab5b-adf31bf7c941 ] Request (InstanceActionsV221TestJSON:test_get_list_deleted_instance_actions): 200 GET http://10.180.1.21/compute/v2.1/servers/9e665b58-69e7-4ab9-b109-ab27725e66cc 0.058s
2024-10-22 06:22:18.520 62152 INFO tempest.lib.common.rest_client [req-f9bfe44e-ea3d-4108-8251-b9391adeeae9 req-f9bfe44e-ea3d-4108-8251-b9391adeeae9 ] Request (ServerRescueTestJSON:setUpClass): 200 GET http://10.180.1.21/compute/v2.1/servers/b935c7ba-7716-443b-b5da-9ee03cef793a 0.054s
2024-10-22 06:22:18.566 62132 INFO tempest.lib.common.rest_client [req-87fdc498-f6e7-45c0-a5fb-46455ab410f6 req-87fdc498-f6e7-45c0-a5fb-46455ab410f6 ] Request (SecurityGroupsTestJSON:test_list_security_groups_by_server): 200 GET http://10.180.1.21/compute/v2.1/servers/c4b41c42-e01f-464a-9423-1c0fcca75586 0.054s
2024-10-22 06:22:18.637 62166 INFO tempest.lib.common.rest_client [req-a948292e-8008-4b09-944b-3ba7aa1c45a4 req-a948292e-8008-4b09-944b-3ba7aa1c45a4 ] Request (ServersTestMultiNic:test_verify_duplicate_network_nics): 200 GET http://10.180.1.21/compute/v2.1/servers/7b4a9ebc-47fb-4078-969a-07642284b916 0.054s
2024-10-22 06:22:18.692 62116 INFO tempest.lib.common.rest_client [req-57159bee-6672-4ad5-be39-339e37909604 req-57159bee-6672-4ad5-be39-339e37909604 ] Request (FloatingIPsAssociationTestJSON:setUpClass): 200 GET http://10.180.1.21/compute/v2.1/servers/a048328a-d4a8-420e-9cc8-047254d7d1bf 0.052s
2024-10-22 06:22:18.738 62140 INFO tempest.lib.common.rest_client [req-228a9e98-02bb-4cc4-9a78-7e207f215bd2 req-228a9e98-02bb-4cc4-9a78-7e207f215bd2 ] Request (ServerDiagnosticsNegativeTest:test_get_server_diagnostics_by_non_admin): 200 GET http://10.180.1.21/compute/v2.1/servers/830e7d50-5870-4e1f-8f2f-26840ba06d33 0.047s
2024-10-22 06:22:18.752 62108 INFO tempest.lib.common.rest_client [req-cc356ea0-d6ff-44f0-8053-79f34d242d08 req-cc356ea0-d6ff-44f0-8053-79f34d242d08 ] Request (ServerActionsTestOtherA:setUpClass): 201 POST http://10.180.1.21:9696/networking/v2.0/floatingips 0.459s
2024-10-22 06:22:18.781 62108 INFO tempest.lib.common.rest_client [req-68c59317-e303-4856-adf8-b26826f23dc8 req-68c59317-e303-4856-adf8-b26826f23dc8 ] Request (ServerActionsTestOtherA:setUpClass): 201 POST http://10.180.1.21/identity/v3/auth/tokens 0.025s
2024-10-22 06:22:18.781 62108 INFO tempest.lib.common.fixed_network [-] (ServerActionsTestOtherA:setUpClass) Found network {'id': '5ea1755d-a7e0-4ca3-bd6b-695c837da16b', 'name': 'tempest-ServerActionsTestOtherA-890422471-network', 'tenant_id': '94ad46a8089a446181abde0f6361b343', 'admin_state_up': True, 'mtu': 8950, 'status': 'ACTIVE', 'subnets': [], 'shared': False, 'project_id': '94ad46a8089a446181abde0f6361b343', 'port_security_enabled': True, 'router:external': False, 'provider:network_type': 'vlan', 'provider:physical_network': 'default', 'provider:segmentation_id': 417, 'is_default': False, 'availability_zone_hints': [], 'availability_zones': [], 'ipv4_address_scope': None, 'ipv6_address_scope': None, 'description': '', 'tags': [], 'created_at': '2024-10-22T06:22:16Z', 'updated_at': '2024-10-22T06:22:16Z', 'revision_number': 1} available for tenant
2024-10-22 06:22:18.806 62144 INFO tempest.lib.common.rest_client [req-d8f9e217-ef47-4757-9175-0b9ce0428ed1 req-d8f9e217-ef47-4757-9175-0b9ce0428ed1 ] Request (FloatingIPsAssociationNegativeTestJSON:setUpClass): 200 GET http://10.180.1.21/compute/v2.1/servers/8d2459c0-279c-4ea4-8cbc-6c69cfa35b27 0.050s
2024-10-22 06:22:18.857 62118 INFO tempest.lib.common.rest_client [req-485744f0-0278-4694-a955-62fce5ddea37 req-485744f0-0278-4694-a955-62fce5ddea37 ] Request (ServerGroupTestJSON:test_create_server_with_scheduler_hint_group): 200 GET http://10.180.1.21/compute/v2.1/servers/1b289a3d-7958-492b-ab9d-4ba8d3ffdae8 0.062s
2024-10-22 06:22:18.904 62106 INFO tempest.lib.common.rest_client [req-b228131f-0795-485d-b2b1-0d4226cad322 req-b228131f-0795-485d-b2b1-0d4226cad322 ] Request (ServersTestJSON:test_create_server_specify_multibyte_character_name): 200 GET http://10.180.1.21/compute/v2.1/servers/3df44b70-ee72-40d7-9129-b5e94e121b0a 0.049s
2024-10-22 06:22:18.953 62142 INFO tempest.lib.common.rest_client [req-66321afa-8020-450f-bf52-b48faa95151d req-66321afa-8020-450f-bf52-b48faa95151d ] Request (ServerDiskConfigTestJSON:test_rebuild_server_with_auto_disk_config): 200 GET http://10.180.1.21/compute/v2.1/servers/7c389914-47a6-4ed4-aad6-e8aeeefbed7c 0.064s
2024-10-22 06:22:19.001 62162 INFO tempest.lib.common.rest_client [req-69bbd7b6-ab02-420c-9693-71de46f4076c req-69bbd7b6-ab02-420c-9693-71de46f4076c ] Request (ServersTestFqdnHostnames:test_create_server_with_fqdn_name): 200 GET http://10.180.1.21/compute/v2.1/servers/b6f46e45-742b-4801-86f0-fd8eea3611da 0.064s
2024-10-22 06:22:19.053 62146 INFO tempest.lib.common.rest_client [req-d5a261db-8fe6-4109-b3c1-1b68acd360f3 req-d5a261db-8fe6-4109-b3c1-1b68acd360f3 ] Request (ServerShowV254Test:test_rebuild_server): 200 GET http://10.180.1.21/compute/v2.1/servers/410b0308-1dca-4d11-91ab-f6d89bd565e3 0.048s
2024-10-22 06:22:19.062 62146 INFO tempest.common.waiters [-] State transition "BUILD/spawning" ==> "ACTIVE/None" after 100 second wait
2024-10-22 06:22:19.096 62120 INFO tempest.lib.common.rest_client [req-1467f8cf-b062-42d0-b46c-090da8d262e1 req-1467f8cf-b062-42d0-b46c-090da8d262e1 ] Request (ServerActionsTestOtherB:setUpClass): 200 GET http://10.180.1.21/compute/v2.1/servers/3923d04e-5b50-4cfc-b3da-4b4eada4c8e3 0.057s
2024-10-22 06:22:19.141 62154 INFO tempest.lib.common.rest_client [req-bb2b59aa-31cf-4918-92e8-d41c8bc63c8a req-bb2b59aa-31cf-4918-92e8-d41c8bc63c8a ] Request (ServersAdminTestJSON:setUpClass): 200 GET http://10.180.1.21/compute/v2.1/servers/ff6fa10c-c1cc-4e85-af43-c52f06e35974 0.093s
2024-10-22 06:22:19.151 62108 INFO tempest.lib.common.rest_client [req-555d17b9-d5e8-40a8-88d1-7729b7eb862d req-555d17b9-d5e8-40a8-88d1-7729b7eb862d ] Request (ServerActionsTestOtherA:setUpClass): 202 POST http://10.180.1.21/compute/v2.1/servers 0.369s
2024-10-22 06:22:19.167 62146 INFO tempest.lib.common.rest_client [req-33963c59-cc6a-4cde-a783-376e6738a53a req-33963c59-cc6a-4cde-a783-376e6738a53a ] Request (ServerShowV254Test:test_rebuild_server): 201 POST http://10.180.1.21/compute/v2.1/os-keypairs 0.104s
2024-10-22 06:22:19.198 62112 INFO tempest.lib.common.rest_client [req-08a460a9-06b0-4895-8106-b74988880b72 req-08a460a9-06b0-4895-8106-b74988880b72 ] Request (ListServerFiltersTestJSON:setUpClass): 200 GET http://10.180.1.21/compute/v2.1/servers/a07e49a5-e20a-49df-9326-a2e819934d15 0.098s
2024-10-22 06:22:19.218 62136 INFO tempest.lib.common.rest_client [req-ecb36278-f9a9-413c-92a8-681da465ddec req-ecb36278-f9a9-413c-92a8-681da465ddec ] Request (ServerActionsV293TestJSON:setUpClass): 200 GET http://10.180.1.21/compute/v2.1/servers/2e8d82fd-5f70-408e-9d3b-74f3d81232d3 0.110s
2024-10-22 06:22:19.252 62134 INFO tempest.lib.common.rest_client [req-f0572184-fd3f-4be6-bda8-f29eb1fb69b7 req-f0572184-fd3f-4be6-bda8-f29eb1fb69b7 ] Request (ImagesNegativeTestJSON:test_create_image_from_deleted_server): 200 GET http://10.180.1.21/compute/v2.1/servers/bf056a94-9e9b-4296-b621-7e8a7338330b 0.105s
2024-10-22 06:22:19.254 62108 INFO tempest.lib.common.rest_client [req-393eaa4e-fa77-4029-9138-93cb22cea30d req-393eaa4e-fa77-4029-9138-93cb22cea30d ] Request (ServerActionsTestOtherA:setUpClass): 200 GET http://10.180.1.21/compute/v2.1/servers/df9c9d62-8dc5-452c-85ed-846dcbd76014 0.102s
2024-10-22 06:22:19.302 62114 INFO tempest.lib.common.rest_client [req-86aa5296-51e0-4ac3-87cc-738610dc0b54 req-86aa5296-51e0-4ac3-87cc-738610dc0b54 ] Request (ServersV294TestFqdnHostnames:setUpClass): 200 GET http://10.180.1.21/compute/v2.1/servers/7ad136a2-d850-4b68-af0f-73badf65426c 0.089s
2024-10-22 06:22:19.350 62104 INFO tempest.lib.common.rest_client [req-ac140842-f953-4db4-b699-a9df9c6242b2 req-ac140842-f953-4db4-b699-a9df9c6242b2 ] Request (ServerPasswordTestJSON:setUpClass): 200 GET http://10.180.1.21/compute/v2.1/servers/fe14efda-3b92-4045-8eef-0e5e92a9c538 0.126s
2024-10-22 06:22:19.397 62156 INFO tempest.lib.common.rest_client [req-1f427781-cbd1-4c33-a459-9f39e2a0f949 req-1f427781-cbd1-4c33-a459-9f39e2a0f949 ] Request (InstanceActionsNegativeTestJSON:setUpClass): 200 GET http://10.180.1.21/compute/v2.1/servers/58b454d7-5370-499a-93dc-8613ee997b4d 0.117s
2024-10-22 06:22:19.410 62146 INFO tempest.lib.common.rest_client [req-00855ed1-8071-4cea-99ce-75f830935bbd req-00855ed1-8071-4cea-99ce-75f830935bbd ] Request (ServerShowV254Test:test_rebuild_server): 202 POST http://10.180.1.21/compute/v2.1/servers/410b0308-1dca-4d11-91ab-f6d89bd565e3/action 0.241s
2024-10-22 06:22:19.445 62149 INFO tempest.lib.common.rest_client [req-dca3f9b2-79c3-40f0-9165-8ed7ead1e5ee req-dca3f9b2-79c3-40f0-9165-8ed7ead1e5ee ] Request (DeleteServersTestJSON:test_delete_server_while_in_attached_volume): 200 GET http://10.180.1.21/compute/v2.1/servers/fd30cb23-f30f-4e20-ae67-36956b78e6ac 0.149s
2024-10-22 06:22:19.454 62138 INFO tempest.lib.common.rest_client [req-58684139-37da-47a7-931f-b741132cf62b req-58684139-37da-47a7-931f-b741132cf62b ] Request (AttachInterfacesTestJSON:test_create_list_show_delete_interfaces_by_fixed_ip): 200 GET http://10.180.1.21/compute/v2.1/servers/adcd5674-ce1e-4b73-85bd-4344b5633c94 0.112s
2024-10-22 06:22:19.493 62128 INFO tempest.lib.common.rest_client [req-cb023b9c-f60e-4b4e-989b-d50564101781 req-cb023b9c-f60e-4b4e-989b-d50564101781 ] Request (ServerShowV257Test:test_rebuild_server): 200 GET http://10.180.1.21/compute/v2.1/servers/7e452659-0a5e-4740-b7ed-1fd7b1917dac 0.133s
2024-10-22 06:22:19.502 62160 INFO tempest.lib.common.rest_client [req-7ac4e6ad-1d59-4e4b-9303-d452bf7156a4 req-7ac4e6ad-1d59-4e4b-9303-d452bf7156a4 ] Request (InstanceActionsTestJSON:setUpClass): 200 GET http://10.180.1.21/compute/v2.1/servers/59887ef7-b2fc-486c-a368-cebde3313113 0.089s
2024-10-22 06:22:19.536 62130 INFO tempest.lib.common.rest_client [req-52209f69-46b3-4053-ab54-338ca8f24d0a req-52209f69-46b3-4053-ab54-338ca8f24d0a ] Request (VolumesAdminNegativeTest:test_update_attached_volume_with_nonexistent_volume_in_uri): 200 GET http://10.180.1.21/compute/v2.1/servers/c15bc75b-87dc-4602-81ea-dbebce1b7763 0.123s
2024-10-22 06:22:19.548 62146 INFO tempest.lib.common.rest_client [req-1134fbfb-daa6-4ba7-8550-e14bf7f329fd req-1134fbfb-daa6-4ba7-8550-e14bf7f329fd ] Request (ServerShowV254Test:test_rebuild_server): 200 GET http://10.180.1.21/compute/v2.1/servers/410b0308-1dca-4d11-91ab-f6d89bd565e3 0.128s
2024-10-22 06:22:19.580 62124 INFO tempest.lib.common.rest_client [req-0d63229a-bc1c-42a2-aff2-e24e221f9ca7 req-0d63229a-bc1c-42a2-aff2-e24e221f9ca7 ] Request (MigrationsAdminTest:test_resize_server_revert_deleted_flavor): 200 GET http://10.180.1.21/compute/v2.1/servers/5ab321ec-655b-4f68-91aa-9b3db8c692f4 0.112s
