2024-10-22 06:21:33.165 62149 INFO tempest.lib.common.rest_client [req-1f36dc0b-48ce-4964-ad1d-66b6d12d634c req-1f36dc0b-48ce-4964-ad1d-66b6d12d634c ] Request (DeleteServersTestJSON:test_delete_server_while_in_attached_volume): 200 GET http://10.180.1.21/compute/v2.1/servers/fd30cb23-f30f-4e20-ae67-36956b78e6ac 0.058s
2024-10-22 06:21:33.198 62104 INFO tempest.lib.common.rest_client [req-e48a236c-6536-424f-8272-5043b0c0697c req-e48a236c-6536-424f-8272-5043b0c0697c ] Request (ServerPasswordTestJSON:setUpClass): 200 GET http://10.180.1.21/compute/v2.1/servers/fe14efda-3b92-4045-8eef-0e5e92a9c538 0.068s
2024-10-22 06:21:33.226 62138 INFO tempest.lib.common.rest_client [req-c457599d-7527-4c57-9174-ecdf9a364f04 req-c457599d-7527-4c57-9174-ecdf9a364f04 ] Request (AttachInterfacesTestJSON:test_create_list_show_delete_interfaces_by_fixed_ip): 200 GET http://10.180.1.21/compute/v2.1/servers/adcd5674-ce1e-4b73-85bd-4344b5633c94 0.055s
2024-10-22 06:21:33.230 62140 INFO tempest.lib.common.rest_client [req-5909e56a-34c0-4038-8e71-fe28be7521fd req-5909e56a-34c0-4038-8e71-fe28be7521fd ] Request (ServerDiagnosticsNegativeTest:test_get_server_diagnostics_by_non_admin): 201 POST http://10.180.1.21/identity/v3/auth/tokens 0.058s
2024-10-22 06:21:33.230 62140 INFO tempest.lib.common.fixed_network [-] (ServerDiagnosticsNegativeTest:test_get_server_diagnostics_by_non_admin) Found network None available for tenant
2024-10-22 06:21:33.257 62158 INFO tempest.lib.common.rest_client [req-924347e2-52bb-49bc-a83e-61bbdecc874e req-924347e2-52bb-49bc-a83e-61bbdecc874e ] Request (ServersTestJSON:setUpClass): 200 GET http://10.180.1.21/compute/v2.1/servers/32e2f482-9ceb-44bc-8933-115876374b1c 0.080s
2024-10-22 06:21:33.281 62156 INFO tempest.lib.common.rest_client [req-b330b6ea-4425-46d7-98cb-adf60361f412 req-b330b6ea-4425-46d7-98cb-adf60361f412 ] Request (InstanceActionsNegativeTestJSON:setUpClass): 200 GET http://10.180.1.21/compute/v2.1/servers/58b454d7-5370-499a-93dc-8613ee997b4d 0.054s
2024-10-22 06:21:33.332 62120 INFO tempest.lib.common.rest_client [req-10d96b73-5322-4883-ac36-27104ee601e3 req-10d96b73-5322-4883-ac36-27104ee601e3 ] Request (AttachInterfacesV270Test:test_create_get_list_interfaces): 200 GET http://10.180.1.21/compute/v2.1/servers/b4df3af4-f60d-4875-af62-d9c162e4a5c8 0.099s
2024-10-22 06:21:33.371 62114 INFO tempest.lib.common.rest_client [req-88fb91fa-b492-467b-a329-28d3dfc7b8bd req-88fb91fa-b492-467b-a329-28d3dfc7b8bd ] Request (ServerDiagnosticsV248Test:tearDownClass): 200 GET http://10.180.1.21:9696/networking/v2.0/security-groups?tenant_id=bc8d018a57644b329d7efbf10d077206&name=default 0.222s
2024-10-22 06:21:33.385 62150 INFO tempest.lib.common.rest_client [req-58bca435-95a1-4990-87c1-91f46d58a9f7 req-58bca435-95a1-4990-87c1-91f46d58a9f7 ] Request (ListServersNegativeTestJSON:setUpClass): 200 GET http://10.180.1.21/compute/v2.1/servers/5b5e9435-ab0c-493a-8ddf-a480960a3818 0.106s
2024-10-22 06:21:33.434 62124 INFO tempest.lib.common.rest_client [req-f144e929-dae8-45fc-b58a-31cbd0330e53 req-f144e929-dae8-45fc-b58a-31cbd0330e53 ] Request (MigrationsAdminTest:test_list_migrations_in_flavor_resize_situation): 200 GET http://10.180.1.21/compute/v2.1/servers/bff5e099-f6ad-41bd-a55a-6987310c37cf 0.151s
2024-10-22 06:21:33.441 62124 INFO tempest.common.waiters [-] State transition "BUILD/spawning" ==> "BUILD/scheduling" after 70 second wait
2024-10-22 06:21:33.476 62130 INFO tempest.lib.common.rest_client [req-3bf6138f-270a-4c33-8a2f-572899f6df68 req-3bf6138f-270a-4c33-8a2f-572899f6df68 ] Request (VolumesAdminNegativeTest:test_update_attached_volume_with_nonexistent_volume_in_uri): 200 GET http://10.180.1.21/compute/v2.1/servers/c15bc75b-87dc-4602-81ea-dbebce1b7763 0.143s
2024-10-22 06:21:33.524 62108 INFO tempest.lib.common.rest_client [req-1d1c68d0-5406-4628-b9e9-1285331673ac req-1d1c68d0-5406-4628-b9e9-1285331673ac ] Request (DeleteServersAdminTestJSON:test_delete_server_while_in_error_state): 200 GET http://10.180.1.21/compute/v2.1/servers/3595e6c6-10f3-46ba-85c4-90e25de78c1b 0.190s
2024-10-22 06:21:33.584 62122 INFO tempest.lib.common.rest_client [req-19be2a93-9dc4-4644-ae7f-ae951bdebdd5 req-19be2a93-9dc4-4644-ae7f-ae951bdebdd5 ] Request (InstanceActionsV221TestJSON:test_get_list_deleted_instance_actions): 200 GET http://10.180.1.21/compute/v2.1/servers/9e665b58-69e7-4ab9-b109-ab27725e66cc 0.195s
2024-10-22 06:21:33.602 62114 INFO tempest.lib.common.rest_client [req-c3b7fea1-1805-4cff-9ad4-c13dd5b50778 req-c3b7fea1-1805-4cff-9ad4-c13dd5b50778 ] Request (ServerDiagnosticsV248Test:tearDownClass): 204 DELETE http://10.180.1.21:9696/networking/v2.0/security-groups/087bcd19-0956-4d13-b80b-090aa0d2e687 0.230s
2024-10-22 06:21:33.617 62140 INFO tempest.lib.common.rest_client [req-f9a19fcb-589e-4c00-ab3b-effaaaebf1cf req-f9a19fcb-589e-4c00-ab3b-effaaaebf1cf ] Request (ServerDiagnosticsNegativeTest:test_get_server_diagnostics_by_non_admin): 202 POST http://10.180.1.21/compute/v2.1/servers 0.385s
2024-10-22 06:21:33.649 62126 INFO tempest.lib.common.rest_client [req-0c9f7558-8bf8-4b38-9542-f08ffe3fd974 req-0c9f7558-8bf8-4b38-9542-f08ffe3fd974 ] Request (ServersAdmin275Test:tearDownClass): 200 GET http://10.180.1.21/compute/v2.1/servers/318a3224-a156-4354-a73b-460168c0eb9c 0.243s
2024-10-22 06:21:33.671 62114 INFO tempest.lib.common.rest_client [req-9803a865-3270-41e2-8b06-6f713b40e617 req-9803a865-3270-41e2-8b06-6f713b40e617 ] Request (ServerDiagnosticsV248Test:tearDownClass): 204 DELETE http://10.180.1.21/identity/v3/projects/bc8d018a57644b329d7efbf10d077206 0.069s
2024-10-22 06:21:33.671 62114 INFO tempest.lib.common.dynamic_creds [-] Deleting project and security group for project: 64078ea1d4d44c60861a7a97cf194b61
2024-10-22 06:21:33.673 62132 INFO tempest.lib.common.rest_client [req-3e47f24b-194d-48be-8748-f622d5284c79 req-3e47f24b-194d-48be-8748-f622d5284c79 ] Request (SecurityGroupsTestJSON:test_list_security_groups_by_server): 200 GET http://10.180.1.21/compute/v2.1/servers/c4b41c42-e01f-464a-9423-1c0fcca75586 0.231s
2024-10-22 06:21:33.697 62144 INFO tempest.lib.common.rest_client [req-21058a4b-f2c7-4f1a-bdc0-52ebdbefeb1d req-21058a4b-f2c7-4f1a-bdc0-52ebdbefeb1d ] Request (FloatingIPsAssociationNegativeTestJSON:setUpClass): 200 GET http://10.180.1.21/compute/v2.1/servers/8d2459c0-279c-4ea4-8cbc-6c69cfa35b27 0.250s
2024-10-22 06:21:33.722 62116 INFO tempest.lib.common.rest_client [req-2b37c8c7-4c86-49ca-b227-0e621c1b47af req-2b37c8c7-4c86-49ca-b227-0e621c1b47af ] Request (FloatingIPsAssociationTestJSON:setUpClass): 200 GET http://10.180.1.21/compute/v2.1/servers/a048328a-d4a8-420e-9cc8-047254d7d1bf 0.220s
2024-10-22 06:21:33.746 62152 INFO tempest.lib.common.rest_client [req-18d9c775-95c5-4ef1-a6ce-80d8d23adf95 req-18d9c775-95c5-4ef1-a6ce-80d8d23adf95 ] Request (TenantUsagesTestJSON:setUpClass): 200 GET http://10.180.1.21/compute/v2.1/servers/9fe29bcd-a682-4973-9bb8-069adc204086 0.210s
2024-10-22 06:21:33.775 62166 INFO tempest.lib.common.rest_client [req-ca562708-ab6d-4027-b663-9589f52006d9 req-ca562708-ab6d-4027-b663-9589f52006d9 ] Request (ServersTestMultiNic:test_verify_duplicate_network_nics): 200 GET http://10.180.1.21/compute/v2.1/servers/7b4a9ebc-47fb-4078-969a-07642284b916 0.201s
2024-10-22 06:21:33.804 62146 INFO tempest.lib.common.rest_client [req-60f551e0-c985-4f28-9644-2f2814594efc req-60f551e0-c985-4f28-9644-2f2814594efc ] Request (ServerShowV254Test:test_rebuild_server): 200 GET http://10.180.1.21/compute/v2.1/servers/410b0308-1dca-4d11-91ab-f6d89bd565e3 0.203s
2024-10-22 06:21:33.810 62114 INFO tempest.lib.common.rest_client [req-822a2b92-e545-4e9e-8a67-398020a2b76b req-822a2b92-e545-4e9e-8a67-398020a2b76b ] Request (ServerDiagnosticsV248Test:tearDownClass): 200 GET http://10.180.1.21:9696/networking/v2.0/security-groups?tenant_id=64078ea1d4d44c60861a7a97cf194b61&name=default 0.138s
2024-10-22 06:21:33.824 62140 INFO tempest.lib.common.rest_client [req-f371a9b9-9b02-46a0-9701-4bc8385b05ec req-f371a9b9-9b02-46a0-9701-4bc8385b05ec ] Request (ServerDiagnosticsNegativeTest:test_get_server_diagnostics_by_non_admin): 200 GET http://10.180.1.21/compute/v2.1/servers/830e7d50-5870-4e1f-8f2f-26840ba06d33 0.206s
2024-10-22 06:21:33.863 62128 INFO tempest.lib.common.rest_client [req-763f2b44-b4bc-431a-a77c-71ee6a088e0b req-763f2b44-b4bc-431a-a77c-71ee6a088e0b ] Request (AttachInterfacesUnderV243Test:test_add_remove_fixed_ip): 200 GET http://10.180.1.21/compute/v2.1/servers/e64791e3-7269-4953-bfe1-fe776744f493 0.231s
2024-10-22 06:21:33.883 62106 INFO tempest.lib.common.rest_client [req-606ee3f2-ef2d-4a39-b22a-d058b6fa99bb req-606ee3f2-ef2d-4a39-b22a-d058b6fa99bb ] Request (ServersTestJSON:test_create_server_specify_multibyte_character_name): 200 GET http://10.180.1.21/compute/v2.1/servers/3df44b70-ee72-40d7-9129-b5e94e121b0a 0.211s
2024-10-22 06:21:33.914 62154 INFO tempest.lib.common.rest_client [req-7a50ff61-9371-4cb6-be0b-408b34fe8751 req-7a50ff61-9371-4cb6-be0b-408b34fe8751 ] Request (ServersAdminTestJSON:setUpClass): 200 GET http://10.180.1.21/compute/v2.1/servers/ff6fa10c-c1cc-4e85-af43-c52f06e35974 0.229s
2024-10-22 06:21:33.919 62114 INFO tempest.lib.common.rest_client [req-74abbbfb-7f1c-4eb0-a4b0-e660f42674e8 req-74abbbfb-7f1c-4eb0-a4b0-e660f42674e8 ] Request (ServerDiagnosticsV248Test:tearDownClass): 204 DELETE http://10.180.1.21:9696/networking/v2.0/security-groups/ec6fcf9e-bacd-40aa-892e-da91b9828cf3 0.107s
2024-10-22 06:21:33.920 62110 INFO tempest.lib.common.rest_client [req-a014b320-6e75-4890-a9c2-b1e3a4c4c83a req-a014b320-6e75-4890-a9c2-b1e3a4c4c83a ] Request (SecurityGroupsNegativeTestJSON:setUpClass): 201 POST http://10.180.1.21:9696/networking/v2.0/routers 0.978s
2024-10-22 06:21:33.939 62118 INFO tempest.lib.common.rest_client [req-4d0df690-36bd-48cc-a551-e61f82881861 req-4d0df690-36bd-48cc-a551-e61f82881861 ] Request (ServerGroupTestJSON:test_create_server_with_scheduler_hint_group): 200 GET http://10.180.1.21/compute/v2.1/servers/1b289a3d-7958-492b-ab9d-4ba8d3ffdae8 0.150s
2024-10-22 06:21:33.974 62162 INFO tempest.lib.common.rest_client [req-b46f5ddb-13e2-4279-95ed-d67cf432fc85 req-b46f5ddb-13e2-4279-95ed-d67cf432fc85 ] Request (ServersTestFqdnHostnames:test_create_server_with_fqdn_name): 200 GET http://10.180.1.21/compute/v2.1/servers/b6f46e45-742b-4801-86f0-fd8eea3611da 0.142s
2024-10-22 06:21:34.029 62114 INFO tempest.lib.common.rest_client [req-8145c130-1e45-42d0-8408-0db5a8f1bfe5 req-8145c130-1e45-42d0-8408-0db5a8f1bfe5 ] Request (ServerDiagnosticsV248Test:tearDownClass): 204 DELETE http://10.180.1.21/identity/v3/projects/64078ea1d4d44c60861a7a97cf194b61 0.110s
2024-10-22 06:21:34.086 62136 INFO tempest.lib.common.rest_client [req-2b3fb5ce-5215-439e-9d38-3857c7a228cc req-2b3fb5ce-5215-439e-9d38-3857c7a228cc ] Request (ServerActionsV293TestJSON:setUpClass): 200 GET http://10.180.1.21/compute/v2.1/servers/2e8d82fd-5f70-408e-9d3b-74f3d81232d3 0.057s
2024-10-22 06:21:34.090 62114 INFO tempest.lib.common.rest_client [req-1a4e1612-b135-43da-b6eb-4591e2adfc72 req-1a4e1612-b135-43da-b6eb-4591e2adfc72 ] Request (ServersV294TestFqdnHostnames:setUpClass): 201 POST http://10.180.1.21/identity/v3/auth/tokens 0.059s
2024-10-22 06:21:34.120 62114 INFO tempest.lib.common.rest_client [req-44b69e28-f155-4bd1-a048-160cf2018667 req-44b69e28-f155-4bd1-a048-160cf2018667 ] Request (ServersV294TestFqdnHostnames:setUpClass): 201 POST http://10.180.1.21/identity/v3/auth/tokens 0.027s
2024-10-22 06:21:34.122 62142 INFO tempest.lib.common.rest_client [req-dd62e077-5dfe-4275-8ad8-5981dd032672 req-dd62e077-5dfe-4275-8ad8-5981dd032672 ] Request (ServerDiskConfigTestJSON:test_rebuild_server_with_auto_disk_config): 200 GET http://10.180.1.21/compute/v2.1/servers/7c389914-47a6-4ed4-aad6-e8aeeefbed7c 0.054s
2024-10-22 06:21:34.147 62114 INFO tempest.lib.common.rest_client [req-8821b3c4-b061-4609-9116-700e4e356d18 req-8821b3c4-b061-4609-9116-700e4e356d18 ] Request (ServersV294TestFqdnHostnames:setUpClass): 200 GET http://10.180.1.21/identity/v3/domains?name=Default 0.027s
2024-10-22 06:21:34.158 62160 INFO tempest.lib.common.rest_client [req-1671c894-bf64-4b27-99a2-677be0d9b651 req-1671c894-bf64-4b27-99a2-677be0d9b651 ] Request (InstanceActionsTestJSON:setUpClass): 200 GET http://10.180.1.21/compute/v2.1/servers/59887ef7-b2fc-486c-a368-cebde3313113 0.058s
2024-10-22 06:21:34.177 62114 INFO tempest.lib.common.rest_client [req-e441d575-764e-4f5f-9d05-38e469ed9d97 req-e441d575-764e-4f5f-9d05-38e469ed9d97 ] Request (ServersV294TestFqdnHostnames:setUpClass): 201 POST http://10.180.1.21/identity/v3/projects 0.029s
2024-10-22 06:21:34.188 62112 INFO tempest.lib.common.rest_client [req-78a4187c-c4db-4d69-9e45-4c354a3d78e9 req-78a4187c-c4db-4d69-9e45-4c354a3d78e9 ] Request (ListServerFiltersTestJSON:setUpClass): 200 GET http://10.180.1.21/compute/v2.1/servers/a07e49a5-e20a-49df-9326-a2e819934d15 0.073s
2024-10-22 06:21:34.214 62134 INFO tempest.lib.common.rest_client [req-c73f9cec-8be8-494b-9dcf-85250bd66d4e req-c73f9cec-8be8-494b-9dcf-85250bd66d4e ] Request (ImagesNegativeTestJSON:test_create_image_from_deleted_server): 200 GET http://10.180.1.21/compute/v2.1/servers/bf056a94-9e9b-4296-b621-7e8a7338330b 0.066s
2024-10-22 06:21:34.237 62114 INFO tempest.lib.common.rest_client [req-1c849acf-31f5-40dd-bc8a-263371245fc3 req-1c849acf-31f5-40dd-bc8a-263371245fc3 ] Request (ServersV294TestFqdnHostnames:setUpClass): 201 POST http://10.180.1.21/identity/v3/users 0.059s
2024-10-22 06:21:34.237 62149 INFO tempest.lib.common.rest_client [req-239504d7-27b0-499b-8e37-a45194ced76d req-239504d7-27b0-499b-8e37-a45194ced76d ] Request (DeleteServersTestJSON:test_delete_server_while_in_attached_volume): 200 GET http://10.180.1.21/compute/v2.1/servers/fd30cb23-f30f-4e20-ae67-36956b78e6ac 0.065s
2024-10-22 06:21:34.256 62114 INFO tempest.lib.common.rest_client [req-0f8335b0-e12c-44cb-84f9-4492c18e7588 req-0f8335b0-e12c-44cb-84f9-4492c18e7588 ] Request (ServersV294TestFqdnHostnames:setUpClass): 200 GET http://10.180.1.21/identity/v3/roles 0.018s
2024-10-22 06:21:34.264 62104 INFO tempest.lib.common.rest_client [req-77e6970b-16b3-440d-800a-550c0c3ff823 req-77e6970b-16b3-440d-800a-550c0c3ff823 ] Request (ServerPasswordTestJSON:setUpClass): 200 GET http://10.180.1.21/compute/v2.1/servers/fe14efda-3b92-4045-8eef-0e5e92a9c538 0.055s
2024-10-22 06:21:34.288 62114 INFO tempest.lib.common.rest_client [req-ba890a1c-5d8c-4ce3-a83e-406fe6be0440 req-ba890a1c-5d8c-4ce3-a83e-406fe6be0440 ] Request (ServersV294TestFqdnHostnames:setUpClass): 204 PUT http://10.180.1.21/identity/v3/projects/b22155abe44c460e8eac297a8a460486/users/1e40725b4b5043f09d5ea8401a6697d1/roles/21f0ca53c13e43e7a2f0aa9d22a741aa 0.031s
2024-10-22 06:21:34.288 62114 INFO tempest.lib.common.dynamic_creds [-] Dynamic test user 1e40725b4b5043f09d5ea8401a6697d1 is created with scope project and roles: ['member']
2024-10-22 06:21:34.288 62114 INFO tempest.lib.common.dynamic_creds [-] Acquired dynamic creds: credentials: Credentials: {'domain_id': 'default', 'domain_name': 'Default', 'username': 'tempest-ServersV294TestFqdnHostnames-1041166524-project-member', 'project_domain_id': 'default', 'project_domain_name': 'Default', 'project_id': 'b22155abe44c460e8eac297a8a460486', 'project_name': 'tempest-ServersV294TestFqdnHostnames-1041166524', 'tenant_id': 'b22155abe44c460e8eac297a8a460486', 'tenant_name': 'tempest-ServersV294TestFqdnHostnames-1041166524', 'user_domain_id': 'default', 'user_domain_name': 'Default', 'user_id': '1e40725b4b5043f09d5ea8401a6697d1', 'system': None}, Network: None, Subnet: None, Router: None
2024-10-22 06:21:34.290 62138 INFO tempest.lib.common.rest_client [req-8eadc47e-09ac-44fa-938b-79b69aa5c470 req-8eadc47e-09ac-44fa-938b-79b69aa5c470 ] Request (AttachInterfacesTestJSON:test_create_list_show_delete_interfaces_by_fixed_ip): 200 GET http://10.180.1.21/compute/v2.1/servers/adcd5674-ce1e-4b73-85bd-4344b5633c94 0.055s
2024-10-22 06:21:34.315 62158 INFO tempest.lib.common.rest_client [req-70251ffb-ac9d-4bca-a291-09e0075bac9a req-70251ffb-ac9d-4bca-a291-09e0075bac9a ] Request (ServersTestJSON:setUpClass): 200 GET http://10.180.1.21/compute/v2.1/servers/32e2f482-9ceb-44bc-8933-115876374b1c 0.047s
2024-10-22 06:21:34.354 62114 INFO tempest.lib.common.rest_client [req-fdd7266f-9152-454d-a78b-12fa22a0118d req-fdd7266f-9152-454d-a78b-12fa22a0118d ] Request (ServersV294TestFqdnHostnames:setUpClass): 201 POST http://10.180.1.21/identity/v3/auth/tokens 0.066s
2024-10-22 06:21:34.357 62156 INFO tempest.lib.common.rest_client [req-70934fca-d975-49dc-8e22-f9e83cc6d80c req-70934fca-d975-49dc-8e22-f9e83cc6d80c ] Request (InstanceActionsNegativeTestJSON:setUpClass): 200 GET http://10.180.1.21/compute/v2.1/servers/58b454d7-5370-499a-93dc-8613ee997b4d 0.068s
2024-10-22 06:21:34.407 62120 INFO tempest.lib.common.rest_client [req-e8efedf2-caa6-47e9-8da3-f9d8ba0214d5 req-e8efedf2-caa6-47e9-8da3-f9d8ba0214d5 ] Request (AttachInterfacesV270Test:test_create_get_list_interfaces): 200 GET http://10.180.1.21/compute/v2.1/servers/b4df3af4-f60d-4875-af62-d9c162e4a5c8 0.064s
2024-10-22 06:21:34.449 62150 INFO tempest.lib.common.rest_client [req-ab213676-7231-44ca-bf6b-9c897fc6bb2a req-ab213676-7231-44ca-bf6b-9c897fc6bb2a ] Request (ListServersNegativeTestJSON:setUpClass): 200 GET http://10.180.1.21/compute/v2.1/servers/5b5e9435-ab0c-493a-8ddf-a480960a3818 0.057s
2024-10-22 06:21:34.507 62124 INFO tempest.lib.common.rest_client [req-a565915a-e517-4d9d-a95f-63c58adb1fe4 req-a565915a-e517-4d9d-a95f-63c58adb1fe4 ] Request (MigrationsAdminTest:test_list_migrations_in_flavor_resize_situation): 200 GET http://10.180.1.21/compute/v2.1/servers/bff5e099-f6ad-41bd-a55a-6987310c37cf 0.063s
2024-10-22 06:21:34.521 62124 INFO tempest.common.waiters [-] State transition "BUILD/scheduling" ==> "ERROR/None" after 71 second wait
2024-10-22 06:21:34.562 62130 INFO tempest.lib.common.rest_client [req-22d6e10b-585a-4cb8-a728-bdc935a4a03f req-22d6e10b-585a-4cb8-a728-bdc935a4a03f ] Request (VolumesAdminNegativeTest:test_update_attached_volume_with_nonexistent_volume_in_uri): 200 GET http://10.180.1.21/compute/v2.1/servers/c15bc75b-87dc-4602-81ea-dbebce1b7763 0.074s
2024-10-22 06:21:34.620 62108 INFO tempest.lib.common.rest_client [req-f8b01691-20cb-46ec-b01b-09bf424b7394 req-f8b01691-20cb-46ec-b01b-09bf424b7394 ] Request (DeleteServersAdminTestJSON:test_delete_server_while_in_error_state): 200 GET http://10.180.1.21/compute/v2.1/servers/3595e6c6-10f3-46ba-85c4-90e25de78c1b 0.087s
2024-10-22 06:21:34.629 62114 INFO tempest.lib.common.rest_client [req-1b9dba48-bca9-4bff-9bc4-6f07c87f3c2e req-1b9dba48-bca9-4bff-9bc4-6f07c87f3c2e ] Request (ServersV294TestFqdnHostnames:setUpClass): 201 POST http://10.180.1.21:9696/networking/v2.0/networks 0.274s
2024-10-22 06:21:34.673 62122 INFO tempest.lib.common.rest_client [req-d2c2516b-fd46-4517-bc00-d19de0de8719 req-d2c2516b-fd46-4517-bc00-d19de0de8719 ] Request (InstanceActionsV221TestJSON:test_get_list_deleted_instance_actions): 200 GET http://10.180.1.21/compute/v2.1/servers/9e665b58-69e7-4ab9-b109-ab27725e66cc 0.081s
2024-10-22 06:21:34.728 62124 INFO tempest.lib.common.rest_client [req-05f780b0-4b0e-4c74-b902-5f2fc583d137 req-05f780b0-4b0e-4c74-b902-5f2fc583d137 ] Request (MigrationsAdminTest:test_list_migrations_in_flavor_resize_situation): 204 DELETE http://10.180.1.21/compute/v2.1/servers/bff5e099-f6ad-41bd-a55a-6987310c37cf 0.207s
2024-10-22 06:21:34.739 62126 INFO tempest.lib.common.rest_client [req-ade17f1c-671d-4f5f-b589-8acb5edbcfea req-ade17f1c-671d-4f5f-b589-8acb5edbcfea ] Request (ServersAdmin275Test:tearDownClass): 200 GET http://10.180.1.21/compute/v2.1/servers/318a3224-a156-4354-a73b-460168c0eb9c 0.079s
2024-10-22 06:21:34.782 62132 INFO tempest.lib.common.rest_client [req-45eda6e9-3cf2-4120-a4c9-4002130fe17c req-45eda6e9-3cf2-4120-a4c9-4002130fe17c ] Request (SecurityGroupsTestJSON:test_list_security_groups_by_server): 200 GET http://10.180.1.21/compute/v2.1/servers/c4b41c42-e01f-464a-9423-1c0fcca75586 0.101s
2024-10-22 06:21:34.796 62144 INFO tempest.lib.common.rest_client [req-4d9bc87e-9a09-4a43-84c7-87113ba33048 req-4d9bc87e-9a09-4a43-84c7-87113ba33048 ] Request (FloatingIPsAssociationNegativeTestJSON:setUpClass): 200 GET http://10.180.1.21/compute/v2.1/servers/8d2459c0-279c-4ea4-8cbc-6c69cfa35b27 0.087s
2024-10-22 06:21:34.800 62114 INFO tempest.lib.common.rest_client [req-ba33a2af-e48f-4508-a076-b2bc12a7e61b req-ba33a2af-e48f-4508-a076-b2bc12a7e61b ] Request (ServersV294TestFqdnHostnames:setUpClass): 201 POST http://10.180.1.21:9696/networking/v2.0/subnets 0.170s
2024-10-22 06:21:34.806 62124 INFO tempest.lib.common.rest_client [req-d070565e-706a-43a7-a949-8a98adc200a6 req-d070565e-706a-43a7-a949-8a98adc200a6 ] Request (MigrationsAdminTest:test_list_migrations_in_flavor_resize_situation): 404 GET http://10.180.1.21/compute/v2.1/servers/bff5e099-f6ad-41bd-a55a-6987310c37cf 0.078s
2024-10-22 06:21:34.846 62110 INFO tempest.lib.common.rest_client [req-e562a2ef-07b1-4e92-a508-cc952d14e000 req-e562a2ef-07b1-4e92-a508-cc952d14e000 ] Request (SecurityGroupsNegativeTestJSON:setUpClass): 200 PUT http://10.180.1.21:9696/networking/v2.0/routers/f3b45ea0-0fa5-482f-b5b7-f12f6b8494f9/add_router_interface 0.926s
2024-10-22 06:21:34.847 62110 INFO tempest.lib.common.dynamic_creds [-] Created isolated network resources for: credentials: Credentials: {'domain_id': 'default', 'domain_name': 'Default', 'username': 'tempest-SecurityGroupsNegativeTestJSON-1473892475-project-member', 'project_domain_id': 'default', 'project_domain_name': 'Default', 'project_id': '78f25ebd90df4f4394948d0a4199f113', 'project_name': 'tempest-SecurityGroupsNegativeTestJSON-1473892475', 'tenant_id': '78f25ebd90df4f4394948d0a4199f113', 'tenant_name': 'tempest-SecurityGroupsNegativeTestJSON-1473892475', 'user_domain_id': 'default', 'user_domain_name': 'Default', 'user_id': '48ef5887f14f4251a47cbb0a08f8184a', 'system': None}, Network: {'id': '4d2dbbfd-ccb5-4f40-8a48-15308e47ceea', 'name': 'tempest-SecurityGroupsNegativeTestJSON-1977324569-network', 'tenant_id': '78f25ebd90df4f4394948d0a4199f113', 'admin_state_up': True, 'mtu': 8950, 'status': 'ACTIVE', 'subnets': [], 'shared': False, 'project_id': '78f25ebd90df4f4394948d0a4199f113', 'port_security_enabled': True, 'router:external': False, 'provider:network_type': 'vlan', 'provider:physical_network': 'default', 'provider:segmentation_id': 546, 'is_default': False, 'availability_zone_hints': [], 'availability_zones': [], 'ipv4_address_scope': None, 'ipv6_address_scope': None, 'description': '', 'tags': [], 'created_at': '2024-10-22T06:21:32Z', 'updated_at': '2024-10-22T06:21:32Z', 'revision_number': 1}, Subnet: {'id': '300b08ba-146b-411e-abf2-20e21b40b1ea', 'name': 'tempest-SecurityGroupsNegativeTestJSON-1977324569-subnet', 'tenant_id': '78f25ebd90df4f4394948d0a4199f113', 'network_id': '4d2dbbfd-ccb5-4f40-8a48-15308e47ceea', 'ip_version': 4, 'subnetpool_id': None, 'enable_dhcp': True, 'ipv6_ra_mode': None, 'ipv6_address_mode': None, 'gateway_ip': '192.168.128.1', 'cidr': '192.168.128.0/28', 'allocation_pools': [{'start': '192.168.128.2', 'end': '192.168.128.14'}], 'host_routes': [], 'dns_nameservers': [], 'description': '', 'router:external': False, 'service_types': [], 'tags': [], 'created_at': '2024-10-22T06:21:32Z', 'updated_at': '2024-10-22T06:21:32Z', 'revision_number': 0, 'project_id': '78f25ebd90df4f4394948d0a4199f113'}, Router: {'id': 'f3b45ea0-0fa5-482f-b5b7-f12f6b8494f9', 'name': 'tempest-SecurityGroupsNegativeTestJSON-1977324569-router', 'tenant_id': '78f25ebd90df4f4394948d0a4199f113', 'admin_state_up': True, 'status': 'ACTIVE', 'external_gateway_info': {'network_id': '6fec145f-d931-4fac-a0aa-306b84d087dd', 'external_fixed_ips': [{'subnet_id': '781f45b2-972a-445c-bc65-ec034b52f013', 'ip_address': '10.180.180.148'}], 'enable_snat': True}, 'description': '', 'availability_zones': [], 'distributed': False, 'ha': False, 'availability_zone_hints': [], 'routes': [], 'flavor_id': None, 'tags': [], 'created_at': '2024-10-22T06:21:32Z', 'updated_at': '2024-10-22T06:21:33Z', 'revision_number': 2, 'project_id': '78f25ebd90df4f4394948d0a4199f113'}
2024-10-22 06:21:34.849 62116 INFO tempest.lib.common.rest_client [req-a0003ccf-24f4-492e-a7e6-432dbb2865ac req-a0003ccf-24f4-492e-a7e6-432dbb2865ac ] Request (FloatingIPsAssociationTestJSON:setUpClass): 200 GET http://10.180.1.21/compute/v2.1/servers/a048328a-d4a8-420e-9cc8-047254d7d1bf 0.120s
2024-10-22 06:21:34.867 62152 INFO tempest.lib.common.rest_client [req-bebd6543-240c-4e6f-a0cf-8d27903bc5e5 req-bebd6543-240c-4e6f-a0cf-8d27903bc5e5 ] Request (TenantUsagesTestJSON:setUpClass): 200 GET http://10.180.1.21/compute/v2.1/servers/9fe29bcd-a682-4973-9bb8-069adc204086 0.114s
2024-10-22 06:21:34.879 62124 INFO tempest.lib.common.rest_client [req-d717c74c-cdb3-4389-96a4-e1b215019e2d req-d717c74c-cdb3-4389-96a4-e1b215019e2d ] Request (MigrationsAdminTest:test_resize_server_revert_deleted_flavor): 200 GET http://10.180.1.21/compute/v2.1/flavors/42 0.070s
2024-10-22 06:21:34.910 62166 INFO tempest.lib.common.rest_client [req-277f53ec-590c-4584-9b95-feed694f6655 req-277f53ec-590c-4584-9b95-feed694f6655 ] Request (ServersTestMultiNic:test_verify_duplicate_network_nics): 200 GET http://10.180.1.21/compute/v2.1/servers/7b4a9ebc-47fb-4078-969a-07642284b916 0.127s
2024-10-22 06:21:34.933 62110 INFO tempest.lib.common.rest_client [req-5b59b98d-291b-42b5-badd-90eee3ed4db8 req-5b59b98d-291b-42b5-badd-90eee3ed4db8 ] Request (SecurityGroupsNegativeTestJSON:setUpClass): 201 POST http://10.180.1.21/identity/v3/auth/tokens 0.083s
2024-10-22 06:21:34.941 62146 INFO tempest.lib.common.rest_client [req-aa2c358a-b3c2-4b86-a544-4915128c491d req-aa2c358a-b3c2-4b86-a544-4915128c491d ] Request (ServerShowV254Test:test_rebuild_server): 200 GET http://10.180.1.21/compute/v2.1/servers/410b0308-1dca-4d11-91ab-f6d89bd565e3 0.128s
2024-10-22 06:21:34.966 62140 INFO tempest.lib.common.rest_client [req-455aaf8a-fb38-4666-9a1f-87f1e84d4612 req-455aaf8a-fb38-4666-9a1f-87f1e84d4612 ] Request (ServerDiagnosticsNegativeTest:test_get_server_diagnostics_by_non_admin): 200 GET http://10.180.1.21/compute/v2.1/servers/830e7d50-5870-4e1f-8f2f-26840ba06d33 0.132s
2024-10-22 06:21:34.987 62124 INFO tempest.lib.common.rest_client [req-c4762997-ffd4-4e5f-aeb6-eced4f0cc742 req-c4762997-ffd4-4e5f-aeb6-eced4f0cc742 ] Request (MigrationsAdminTest:test_resize_server_revert_deleted_flavor): 200 POST http://10.180.1.21/compute/v2.1/flavors 0.106s
2024-10-22 06:21:34.994 62128 INFO tempest.lib.common.rest_client [req-876b0f32-f4ed-41f1-9a1b-0653f87ef6c4 req-876b0f32-f4ed-41f1-9a1b-0653f87ef6c4 ] Request (AttachInterfacesUnderV243Test:test_add_remove_fixed_ip): 200 GET http://10.180.1.21/compute/v2.1/servers/e64791e3-7269-4953-bfe1-fe776744f493 0.124s
2024-10-22 06:21:35.034 62106 INFO tempest.lib.common.rest_client [req-20a26292-bbd9-4eb6-b3e1-88ec20a362fe req-20a26292-bbd9-4eb6-b3e1-88ec20a362fe ] Request (ServersTestJSON:test_create_server_specify_multibyte_character_name): 200 GET http://10.180.1.21/compute/v2.1/servers/3df44b70-ee72-40d7-9129-b5e94e121b0a 0.141s
2024-10-22 06:21:35.048 62154 INFO tempest.lib.common.rest_client [req-9f5a4088-4833-405f-9d15-7b22af006eed req-9f5a4088-4833-405f-9d15-7b22af006eed ] Request (ServersAdminTestJSON:setUpClass): 200 GET http://10.180.1.21/compute/v2.1/servers/ff6fa10c-c1cc-4e85-af43-c52f06e35974 0.127s
2024-10-22 06:21:35.114 62118 INFO tempest.lib.common.rest_client [req-5b2830bd-5b96-4df8-8981-d3ebb3cb0e25 req-5b2830bd-5b96-4df8-8981-d3ebb3cb0e25 ] Request (ServerGroupTestJSON:test_create_server_with_scheduler_hint_group): 200 GET http://10.180.1.21/compute/v2.1/servers/1b289a3d-7958-492b-ab9d-4ba8d3ffdae8 0.168s
2024-10-22 06:21:35.129 62110 INFO tempest.lib.common.rest_client [req-8f8288a3-382c-4f1a-b569-afe8f3770c80 req-8f8288a3-382c-4f1a-b569-afe8f3770c80 ] Request (SecurityGroupsNegativeTestJSON:test_delete_nonexistent_security_group): 404 DELETE http://10.180.1.21/compute/v2.1/os-security-groups/5f86dc58-a1cf-4520-b837-2e6ccee72a86 0.194s
2024-10-22 06:21:35.138 62124 INFO tempest.lib.common.rest_client [req-fbbb3b60-04e2-4cf1-9a5f-e37bdd9c54e6 req-fbbb3b60-04e2-4cf1-9a5f-e37bdd9c54e6 ] Request (MigrationsAdminTest:test_resize_server_revert_deleted_flavor): 200 GET http://10.180.1.21/compute/v2.1/flavors/42/os-extra_specs 0.149s
2024-10-22 06:21:35.172 62162 INFO tempest.lib.common.rest_client [req-1c8d2d67-1420-468e-859a-33f3902549d1 req-1c8d2d67-1420-468e-859a-33f3902549d1 ] Request (ServersTestFqdnHostnames:test_create_server_with_fqdn_name): 200 GET http://10.180.1.21/compute/v2.1/servers/b6f46e45-742b-4801-86f0-fd8eea3611da 0.189s
2024-10-22 06:21:35.174 62110 INFO tempest.lib.common.rest_client [req-7f5543f6-2786-4b5c-a1dd-156f18a004cd req-7f5543f6-2786-4b5c-a1dd-156f18a004cd ] Request (SecurityGroupsNegativeTestJSON:test_delete_security_group_without_passing_id): 404 DELETE http://10.180.1.21/compute/v2.1/os-security-groups/ 0.043s
2024-10-22 06:21:35.197 62136 INFO tempest.lib.common.rest_client [req-9f559538-406e-4ea2-a3e7-783b429207bd req-9f559538-406e-4ea2-a3e7-783b429207bd ] Request (ServerActionsV293TestJSON:setUpClass): 200 GET http://10.180.1.21/compute/v2.1/servers/2e8d82fd-5f70-408e-9d3b-74f3d81232d3 0.099s
2024-10-22 06:21:35.215 62124 INFO tempest.lib.common.rest_client [req-4ecc9546-9c28-4ba5-98a7-528ec7170f09 req-4ecc9546-9c28-4ba5-98a7-528ec7170f09 ] Request (MigrationsAdminTest:test_resize_server_revert_deleted_flavor): 200 POST http://10.180.1.21/compute/v2.1/flavors/75820dea-f9b9-4f26-815d-e6531c7a0c81/os-extra_specs 0.076s
2024-10-22 06:21:35.231 62142 INFO tempest.lib.common.rest_client [req-69b7c2df-4b62-49ef-9204-b9f142ccda32 req-69b7c2df-4b62-49ef-9204-b9f142ccda32 ] Request (ServerDiskConfigTestJSON:test_rebuild_server_with_auto_disk_config): 200 GET http://10.180.1.21/compute/v2.1/servers/7c389914-47a6-4ed4-aad6-e8aeeefbed7c 0.098s
2024-10-22 06:21:35.269 62160 INFO tempest.lib.common.rest_client [req-033783d9-bcd0-42f2-b4ae-38bc6f98ffba req-033783d9-bcd0-42f2-b4ae-38bc6f98ffba ] Request (InstanceActionsTestJSON:setUpClass): 200 GET http://10.180.1.21/compute/v2.1/servers/59887ef7-b2fc-486c-a368-cebde3313113 0.103s
2024-10-22 06:21:35.276 62124 INFO tempest.lib.common.rest_client [req-034cdd0e-5fc2-40ee-9497-687b5e6f1544 req-034cdd0e-5fc2-40ee-9497-687b5e6f1544 ] Request (MigrationsAdminTest:test_resize_server_revert_deleted_flavor): 201 POST http://10.180.1.21/identity/v3/auth/tokens 0.057s
2024-10-22 06:21:35.277 62124 INFO tempest.lib.common.fixed_network [-] (MigrationsAdminTest:test_resize_server_revert_deleted_flavor) Found network None available for tenant
2024-10-22 06:21:35.324 62112 INFO tempest.lib.common.rest_client [req-69f19da1-04f2-4846-a7d6-43045436cebe req-69f19da1-04f2-4846-a7d6-43045436cebe ] Request (ListServerFiltersTestJSON:setUpClass): 200 GET http://10.180.1.21/compute/v2.1/servers/a07e49a5-e20a-49df-9326-a2e819934d15 0.128s
2024-10-22 06:21:35.371 62134 INFO tempest.lib.common.rest_client [req-be49c5ee-194e-45c6-8b8b-237e4e027d22 req-be49c5ee-194e-45c6-8b8b-237e4e027d22 ] Request (ImagesNegativeTestJSON:test_create_image_from_deleted_server): 200 GET http://10.180.1.21/compute/v2.1/servers/bf056a94-9e9b-4296-b621-7e8a7338330b 0.150s
2024-10-22 06:21:35.386 62110 INFO tempest.lib.common.rest_client [req-f5234414-59c4-453d-be57-6ae35557a31b req-f5234414-59c4-453d-be57-6ae35557a31b ] Request (SecurityGroupsNegativeTestJSON:test_delete_the_default_security_group): 200 GET http://10.180.1.21/compute/v2.1/os-security-groups 0.210s
2024-10-22 06:21:35.415 62149 INFO tempest.lib.common.rest_client [req-157abac8-c43b-442d-aec5-a23bb03ba411 req-157abac8-c43b-442d-aec5-a23bb03ba411 ] Request (DeleteServersTestJSON:test_delete_server_while_in_attached_volume): 200 GET http://10.180.1.21/compute/v2.1/servers/fd30cb23-f30f-4e20-ae67-36956b78e6ac 0.169s
2024-10-22 06:21:35.430 62104 INFO tempest.lib.common.rest_client [req-c87129e4-7967-405d-81a0-5ff9ff28461b req-c87129e4-7967-405d-81a0-5ff9ff28461b ] Request (ServerPasswordTestJSON:setUpClass): 200 GET http://10.180.1.21/compute/v2.1/servers/fe14efda-3b92-4045-8eef-0e5e92a9c538 0.155s
2024-10-22 06:21:35.489 62138 INFO tempest.lib.common.rest_client [req-d5991dfb-0dfb-49cf-a612-2cbb1b745905 req-d5991dfb-0dfb-49cf-a612-2cbb1b745905 ] Request (AttachInterfacesTestJSON:test_create_list_show_delete_interfaces_by_fixed_ip): 200 GET http://10.180.1.21/compute/v2.1/servers/adcd5674-ce1e-4b73-85bd-4344b5633c94 0.185s
2024-10-22 06:21:35.631 62124 INFO tempest.lib.common.rest_client [req-6e9ff132-a335-4e3d-9d03-c211240f69d0 req-6e9ff132-a335-4e3d-9d03-c211240f69d0 ] Request (MigrationsAdminTest:test_resize_server_revert_deleted_flavor): 202 POST http://10.180.1.21/compute/v2.1/servers 0.354s
2024-10-22 06:21:35.682 62156 INFO tempest.lib.common.rest_client [req-976ad646-a80e-40a1-bb63-29939235a622 req-976ad646-a80e-40a1-bb63-29939235a622 ] Request (InstanceActionsNegativeTestJSON:setUpClass): 200 GET http://10.180.1.21/compute/v2.1/servers/58b454d7-5370-499a-93dc-8613ee997b4d 0.314s
2024-10-22 06:21:35.684 62158 INFO tempest.lib.common.rest_client [req-81808427-0ca9-4df8-9116-ebb2776409d4 req-81808427-0ca9-4df8-9116-ebb2776409d4 ] Request (ServersTestJSON:setUpClass): 200 GET http://10.180.1.21/compute/v2.1/servers/32e2f482-9ceb-44bc-8933-115876374b1c 0.358s
2024-10-22 06:21:35.740 62120 INFO tempest.lib.common.rest_client [req-dc0200d5-3471-4748-ad3c-f68699b9a950 req-dc0200d5-3471-4748-ad3c-f68699b9a950 ] Request (AttachInterfacesV270Test:test_create_get_list_interfaces): 200 GET http://10.180.1.21/compute/v2.1/servers/b4df3af4-f60d-4875-af62-d9c162e4a5c8 0.320s
2024-10-22 06:21:35.752 62110 INFO tempest.lib.common.rest_client [req-504f284e-2c47-40d3-b476-bf7f3ec58dfb req-504f284e-2c47-40d3-b476-bf7f3ec58dfb ] Request (SecurityGroupsNegativeTestJSON:test_delete_the_default_security_group): 400 DELETE http://10.180.1.21/compute/v2.1/os-security-groups/789ce583-b8b0-4384-a87a-0b6aa08286c9 0.362s
2024-10-22 06:21:35.805 62150 INFO tempest.lib.common.rest_client [req-75996c76-38ba-4691-a729-ab953aadb102 req-75996c76-38ba-4691-a729-ab953aadb102 ] Request (ListServersNegativeTestJSON:setUpClass): 200 GET http://10.180.1.21/compute/v2.1/servers/5b5e9435-ab0c-493a-8ddf-a480960a3818 0.348s
2024-10-22 06:21:35.817 62130 INFO tempest.lib.common.rest_client [req-0d35e5f0-3033-4e66-b069-fa8362866ff8 req-0d35e5f0-3033-4e66-b069-fa8362866ff8 ] Request (VolumesAdminNegativeTest:test_update_attached_volume_with_nonexistent_volume_in_uri): 200 GET http://10.180.1.21/compute/v2.1/servers/c15bc75b-87dc-4602-81ea-dbebce1b7763 0.245s
2024-10-22 06:21:35.853 62124 INFO tempest.lib.common.rest_client [req-44ef3990-b3c0-4bf1-a55d-0260db83f9d7 req-44ef3990-b3c0-4bf1-a55d-0260db83f9d7 ] Request (MigrationsAdminTest:test_resize_server_revert_deleted_flavor): 200 GET http://10.180.1.21/compute/v2.1/servers/5ab321ec-655b-4f68-91aa-9b3db8c692f4 0.220s
2024-10-22 06:21:35.864 62108 INFO tempest.lib.common.rest_client [req-96cffd3a-2369-4e91-a8de-8c25fc406e75 req-96cffd3a-2369-4e91-a8de-8c25fc406e75 ] Request (DeleteServersAdminTestJSON:test_delete_server_while_in_error_state): 200 GET http://10.180.1.21/compute/v2.1/servers/3595e6c6-10f3-46ba-85c4-90e25de78c1b 0.234s
2024-10-22 06:21:35.906 62122 INFO tempest.lib.common.rest_client [req-1ab7af27-92dd-4b2f-8d90-c758a8920570 req-1ab7af27-92dd-4b2f-8d90-c758a8920570 ] Request (InstanceActionsV221TestJSON:test_get_list_deleted_instance_actions): 200 GET http://10.180.1.21/compute/v2.1/servers/9e665b58-69e7-4ab9-b109-ab27725e66cc 0.224s
2024-10-22 06:21:35.908 62114 INFO tempest.lib.common.rest_client [req-6178e71a-db3b-4696-b35a-df98aed0aa31 req-6178e71a-db3b-4696-b35a-df98aed0aa31 ] Request (ServersV294TestFqdnHostnames:setUpClass): 201 POST http://10.180.1.21:9696/networking/v2.0/routers 1.107s
2024-10-22 06:21:35.934 62126 INFO tempest.lib.common.rest_client [req-0b17b7e1-36f8-4b54-9c34-6c1f46368af9 req-0b17b7e1-36f8-4b54-9c34-6c1f46368af9 ] Request (ServersAdmin275Test:tearDownClass): 200 GET http://10.180.1.21/compute/v2.1/servers/318a3224-a156-4354-a73b-460168c0eb9c 0.186s
2024-10-22 06:21:35.939 62110 INFO tempest.lib.common.rest_client [req-d9f7ddf0-638a-43bb-8606-2b1d319d3ccf req-d9f7ddf0-638a-43bb-8606-2b1d319d3ccf ] Request (SecurityGroupsNegativeTestJSON:test_security_group_get_nonexistent_group): 404 GET http://10.180.1.21/compute/v2.1/os-security-groups/db15c9b2-5302-4a4f-9b0d-57a80b2c57b1 0.180s
2024-10-22 06:21:35.987 62132 INFO tempest.lib.common.rest_client [req-11b61c1c-b706-4c47-b49e-27c108c684f5 req-11b61c1c-b706-4c47-b49e-27c108c684f5 ] Request (SecurityGroupsTestJSON:test_list_security_groups_by_server): 200 GET http://10.180.1.21/compute/v2.1/servers/c4b41c42-e01f-464a-9423-1c0fcca75586 0.189s
2024-10-22 06:21:35.989 62144 INFO tempest.lib.common.rest_client [req-85e3f1d5-5b98-4ac9-9e25-cbd8c5d43241 req-85e3f1d5-5b98-4ac9-9e25-cbd8c5d43241 ] Request (FloatingIPsAssociationNegativeTestJSON:setUpClass): 200 GET http://10.180.1.21/compute/v2.1/servers/8d2459c0-279c-4ea4-8cbc-6c69cfa35b27 0.182s
2024-10-22 06:21:36.038 62116 INFO tempest.lib.common.rest_client [req-6571181e-df7d-444e-82c9-37d5fd97b7f3 req-6571181e-df7d-444e-82c9-37d5fd97b7f3 ] Request (FloatingIPsAssociationTestJSON:setUpClass): 200 GET http://10.180.1.21/compute/v2.1/servers/a048328a-d4a8-420e-9cc8-047254d7d1bf 0.179s
2024-10-22 06:21:36.044 62152 INFO tempest.lib.common.rest_client [req-132dc076-73d8-4541-a233-96018fe2e563 req-132dc076-73d8-4541-a233-96018fe2e563 ] Request (TenantUsagesTestJSON:setUpClass): 200 GET http://10.180.1.21/compute/v2.1/servers/9fe29bcd-a682-4973-9bb8-069adc204086 0.164s
2024-10-22 06:21:36.070 62110 INFO tempest.lib.common.rest_client [req-bd4df369-4036-4340-a492-96da17d537a9 req-bd4df369-4036-4340-a492-96da17d537a9 ] Request (SecurityGroupsNegativeTestJSON:test_update_non_existent_security_group): 404 PUT http://10.180.1.21/compute/v2.1/os-security-groups/70bfc33a-09f5-4a1d-97ab-b834b02bd8d1 0.127s
2024-10-22 06:21:36.099 62166 INFO tempest.lib.common.rest_client [req-f9d4c48a-a2ba-404c-8935-0c8bb0d1b741 req-f9d4c48a-a2ba-404c-8935-0c8bb0d1b741 ] Request (ServersTestMultiNic:test_verify_duplicate_network_nics): 200 GET http://10.180.1.21/compute/v2.1/servers/7b4a9ebc-47fb-4078-969a-07642284b916 0.183s
2024-10-22 06:21:36.137 62146 INFO tempest.lib.common.rest_client [req-ea3563f6-505a-4bda-8412-99f70f857718 req-ea3563f6-505a-4bda-8412-99f70f857718 ] Request (ServerShowV254Test:test_rebuild_server): 200 GET http://10.180.1.21/compute/v2.1/servers/410b0308-1dca-4d11-91ab-f6d89bd565e3 0.184s
2024-10-22 06:21:36.154 62140 INFO tempest.lib.common.rest_client [req-0e3e541f-7c42-4bed-80d2-84e6eba85eb9 req-0e3e541f-7c42-4bed-80d2-84e6eba85eb9 ] Request (ServerDiagnosticsNegativeTest:test_get_server_diagnostics_by_non_admin): 200 GET http://10.180.1.21/compute/v2.1/servers/830e7d50-5870-4e1f-8f2f-26840ba06d33 0.179s
2024-10-22 06:21:36.187 62128 INFO tempest.lib.common.rest_client [req-8b213703-5cab-48f3-ab37-9a6a11f57c83 req-8b213703-5cab-48f3-ab37-9a6a11f57c83 ] Request (AttachInterfacesUnderV243Test:test_add_remove_fixed_ip): 200 GET http://10.180.1.21/compute/v2.1/servers/e64791e3-7269-4953-bfe1-fe776744f493 0.184s
2024-10-22 06:21:36.222 62106 INFO tempest.lib.common.rest_client [req-bd8cf622-691d-4bb6-9c31-2e3ff66f1a11 req-bd8cf622-691d-4bb6-9c31-2e3ff66f1a11 ] Request (ServersTestJSON:test_create_server_specify_multibyte_character_name): 200 GET http://10.180.1.21/compute/v2.1/servers/3df44b70-ee72-40d7-9129-b5e94e121b0a 0.176s
2024-10-22 06:21:36.247 62154 INFO tempest.lib.common.rest_client [req-206c01cd-ac9c-4d2e-a1b3-8ca134231517 req-206c01cd-ac9c-4d2e-a1b3-8ca134231517 ] Request (ServersAdminTestJSON:setUpClass): 200 GET http://10.180.1.21/compute/v2.1/servers/ff6fa10c-c1cc-4e85-af43-c52f06e35974 0.183s
2024-10-22 06:21:36.302 62118 INFO tempest.lib.common.rest_client [req-565a2bc7-2ae8-4f9e-b402-1b16958cf2db req-565a2bc7-2ae8-4f9e-b402-1b16958cf2db ] Request (ServerGroupTestJSON:test_create_server_with_scheduler_hint_group): 200 GET http://10.180.1.21/compute/v2.1/servers/1b289a3d-7958-492b-ab9d-4ba8d3ffdae8 0.179s
2024-10-22 06:21:36.309 62162 INFO tempest.lib.common.rest_client [req-80f4ebd8-5a49-4f12-8fc7-345359caafc7 req-80f4ebd8-5a49-4f12-8fc7-345359caafc7 ] Request (ServersTestFqdnHostnames:test_create_server_with_fqdn_name): 200 GET http://10.180.1.21/compute/v2.1/servers/b6f46e45-742b-4801-86f0-fd8eea3611da 0.127s
2024-10-22 06:21:36.367 62142 INFO tempest.lib.common.rest_client [req-65a4f8e5-1c03-4b9d-85ec-52b5ae4addd0 req-65a4f8e5-1c03-4b9d-85ec-52b5ae4addd0 ] Request (ServerDiskConfigTestJSON:test_rebuild_server_with_auto_disk_config): 200 GET http://10.180.1.21/compute/v2.1/servers/7c389914-47a6-4ed4-aad6-e8aeeefbed7c 0.126s
2024-10-22 06:21:36.368 62136 INFO tempest.lib.common.rest_client [req-e3221533-c270-48f0-a86c-1dbee20eb533 req-e3221533-c270-48f0-a86c-1dbee20eb533 ] Request (ServerActionsV293TestJSON:setUpClass): 200 GET http://10.180.1.21/compute/v2.1/servers/2e8d82fd-5f70-408e-9d3b-74f3d81232d3 0.160s
2024-10-22 06:21:36.428 62112 INFO tempest.lib.common.rest_client [req-12acd43e-365d-4950-a2de-2949a705b2b3 req-12acd43e-365d-4950-a2de-2949a705b2b3 ] Request (ListServerFiltersTestJSON:setUpClass): 200 GET http://10.180.1.21/compute/v2.1/servers/a07e49a5-e20a-49df-9326-a2e819934d15 0.096s
2024-10-22 06:21:36.483 62134 INFO tempest.lib.common.rest_client [req-c30de968-b50b-483e-950a-412e099f5d8c req-c30de968-b50b-483e-950a-412e099f5d8c ] Request (ImagesNegativeTestJSON:test_create_image_from_deleted_server): 200 GET http://10.180.1.21/compute/v2.1/servers/bf056a94-9e9b-4296-b621-7e8a7338330b 0.105s
2024-10-22 06:21:36.541 62149 INFO tempest.lib.common.rest_client [req-a8e70004-f833-4a9a-87cf-e8363df3fcb9 req-a8e70004-f833-4a9a-87cf-e8363df3fcb9 ] Request (DeleteServersTestJSON:test_delete_server_while_in_attached_volume): 200 GET http://10.180.1.21/compute/v2.1/servers/fd30cb23-f30f-4e20-ae67-36956b78e6ac 0.115s
2024-10-22 06:21:36.605 62104 INFO tempest.lib.common.rest_client [req-240aeedf-61e0-4a3d-9d8c-d392bdfebc98 req-240aeedf-61e0-4a3d-9d8c-d392bdfebc98 ] Request (ServerPasswordTestJSON:setUpClass): 200 GET http://10.180.1.21/compute/v2.1/servers/fe14efda-3b92-4045-8eef-0e5e92a9c538 0.167s
2024-10-22 06:21:36.623 62160 INFO tempest.lib.common.rest_client [req-227dced6-fdcc-4c27-ac89-e17a110e088b req-227dced6-fdcc-4c27-ac89-e17a110e088b ] Request (InstanceActionsTestJSON:setUpClass): 200 GET http://10.180.1.21/compute/v2.1/servers/59887ef7-b2fc-486c-a368-cebde3313113 0.346s
2024-10-22 06:21:36.654 62138 INFO tempest.lib.common.rest_client [req-f5d9e9e7-b8cd-43e8-a850-7c05cf695114 req-f5d9e9e7-b8cd-43e8-a850-7c05cf695114 ] Request (AttachInterfacesTestJSON:test_create_list_show_delete_interfaces_by_fixed_ip): 200 GET http://10.180.1.21/compute/v2.1/servers/adcd5674-ce1e-4b73-85bd-4344b5633c94 0.155s
2024-10-22 06:21:36.748 62158 INFO tempest.lib.common.rest_client [req-c83a46e0-9f4f-46e0-aea9-8d7a32606e90 req-c83a46e0-9f4f-46e0-aea9-8d7a32606e90 ] Request (ServersTestJSON:setUpClass): 200 GET http://10.180.1.21/compute/v2.1/servers/32e2f482-9ceb-44bc-8933-115876374b1c 0.056s
2024-10-22 06:21:36.758 62156 INFO tempest.lib.common.rest_client [req-2af41660-c4be-4447-8aa1-e77743ea432d req-2af41660-c4be-4447-8aa1-e77743ea432d ] Request (InstanceActionsNegativeTestJSON:setUpClass): 200 GET http://10.180.1.21/compute/v2.1/servers/58b454d7-5370-499a-93dc-8613ee997b4d 0.064s
2024-10-22 06:21:36.810 62120 INFO tempest.lib.common.rest_client [req-ee345650-9754-43d5-9819-50bfd80760a1 req-ee345650-9754-43d5-9819-50bfd80760a1 ] Request (AttachInterfacesV270Test:test_create_get_list_interfaces): 200 GET http://10.180.1.21/compute/v2.1/servers/b4df3af4-f60d-4875-af62-d9c162e4a5c8 0.060s
2024-10-22 06:21:36.824 62110 INFO tempest.lib.common.rest_client [req-33c9bc33-1b47-4b68-82c1-728bde75ac32 req-33c9bc33-1b47-4b68-82c1-728bde75ac32 ] Request (SecurityGroupsNegativeTestJSON:tearDownClass): 200 PUT http://10.180.1.21:9696/networking/v2.0/routers/f3b45ea0-0fa5-482f-b5b7-f12f6b8494f9/remove_router_interface 0.743s
2024-10-22 06:21:36.871 62150 INFO tempest.lib.common.rest_client [req-dca4e91a-2c69-467f-a3d4-cbf8952a7cff req-dca4e91a-2c69-467f-a3d4-cbf8952a7cff ] Request (ListServersNegativeTestJSON:setUpClass): 200 GET http://10.180.1.21/compute/v2.1/servers/5b5e9435-ab0c-493a-8ddf-a480960a3818 0.058s
2024-10-22 06:21:36.885 62130 INFO tempest.lib.common.rest_client [req-1e8fa8b3-7d00-4de1-b73e-7b2ae233813f req-1e8fa8b3-7d00-4de1-b73e-7b2ae233813f ] Request (VolumesAdminNegativeTest:test_update_attached_volume_with_nonexistent_volume_in_uri): 200 GET http://10.180.1.21/compute/v2.1/servers/c15bc75b-87dc-4602-81ea-dbebce1b7763 0.061s
2024-10-22 06:21:36.931 62124 INFO tempest.lib.common.rest_client [req-6a6b8e9f-aa9a-4018-9493-149203420476 req-6a6b8e9f-aa9a-4018-9493-149203420476 ] Request (MigrationsAdminTest:test_resize_server_revert_deleted_flavor): 200 GET http://10.180.1.21/compute/v2.1/servers/5ab321ec-655b-4f68-91aa-9b3db8c692f4 0.071s
2024-10-22 06:21:36.939 62108 INFO tempest.lib.common.rest_client [req-5485fd02-3575-435f-9818-15960dfbddf6 req-5485fd02-3575-435f-9818-15960dfbddf6 ] Request (DeleteServersAdminTestJSON:test_delete_server_while_in_error_state): 200 GET http://10.180.1.21/compute/v2.1/servers/3595e6c6-10f3-46ba-85c4-90e25de78c1b 0.060s
2024-10-22 06:21:36.989 62122 INFO tempest.lib.common.rest_client [req-576ac056-3fa8-4555-bb8e-4cbca3518893 req-576ac056-3fa8-4555-bb8e-4cbca3518893 ] Request (InstanceActionsV221TestJSON:test_get_list_deleted_instance_actions): 200 GET http://10.180.1.21/compute/v2.1/servers/9e665b58-69e7-4ab9-b109-ab27725e66cc 0.070s
2024-10-22 06:21:37.018 62126 INFO tempest.lib.common.rest_client [req-1dd66fb1-3ed0-4eb0-b498-173c0c76c046 req-1dd66fb1-3ed0-4eb0-b498-173c0c76c046 ] Request (ServersAdmin275Test:tearDownClass): 200 GET http://10.180.1.21/compute/v2.1/servers/318a3224-a156-4354-a73b-460168c0eb9c 0.070s
2024-10-22 06:21:37.052 62114 INFO tempest.lib.common.rest_client [req-148e97c3-b09f-4910-9db0-32db6b65d45b req-148e97c3-b09f-4910-9db0-32db6b65d45b ] Request (ServersV294TestFqdnHostnames:setUpClass): 200 PUT http://10.180.1.21:9696/networking/v2.0/routers/43d939d1-6690-4f00-bc30-dbe6ec17bf56/add_router_interface 1.143s
2024-10-22 06:21:37.052 62114 INFO tempest.lib.common.dynamic_creds [-] Created isolated network resources for: credentials: Credentials: {'domain_id': 'default', 'domain_name': 'Default', 'username': 'tempest-ServersV294TestFqdnHostnames-1041166524-project-member', 'project_domain_id': 'default', 'project_domain_name': 'Default', 'project_id': 'b22155abe44c460e8eac297a8a460486', 'project_name': 'tempest-ServersV294TestFqdnHostnames-1041166524', 'tenant_id': 'b22155abe44c460e8eac297a8a460486', 'tenant_name': 'tempest-ServersV294TestFqdnHostnames-1041166524', 'user_domain_id': 'default', 'user_domain_name': 'Default', 'user_id': '1e40725b4b5043f09d5ea8401a6697d1', 'system': None}, Network: {'id': '26bcd6d7-b92a-4579-b084-e8024bab9bd1', 'name': 'tempest-ServersV294TestFqdnHostnames-1287903931-network', 'tenant_id': 'b22155abe44c460e8eac297a8a460486', 'admin_state_up': True, 'mtu': 8950, 'status': 'ACTIVE', 'subnets': [], 'shared': False, 'project_id': 'b22155abe44c460e8eac297a8a460486', 'port_security_enabled': True, 'router:external': False, 'provider:network_type': 'vlan', 'provider:physical_network': 'default', 'provider:segmentation_id': 823, 'is_default': False, 'availability_zone_hints': [], 'availability_zones': [], 'ipv4_address_scope': None, 'ipv6_address_scope': None, 'description': '', 'tags': [], 'created_at': '2024-10-22T06:21:34Z', 'updated_at': '2024-10-22T06:21:34Z', 'revision_number': 1}, Subnet: {'id': '83489f3d-4fe2-4d30-b03d-ab2497d948f7', 'name': 'tempest-ServersV294TestFqdnHostnames-1287903931-subnet', 'tenant_id': 'b22155abe44c460e8eac297a8a460486', 'network_id': '26bcd6d7-b92a-4579-b084-e8024bab9bd1', 'ip_version': 4, 'subnetpool_id': None, 'enable_dhcp': True, 'ipv6_ra_mode': None, 'ipv6_address_mode': None, 'gateway_ip': '192.168.128.1', 'cidr': '192.168.128.0/28', 'allocation_pools': [{'start': '192.168.128.2', 'end': '192.168.128.14'}], 'host_routes': [], 'dns_nameservers': [], 'description': '', 'router:external': False, 'service_types': [], 'tags': [], 'created_at': '2024-10-22T06:21:34Z', 'updated_at': '2024-10-22T06:21:34Z', 'revision_number': 0, 'project_id': 'b22155abe44c460e8eac297a8a460486'}, Router: {'id': '43d939d1-6690-4f00-bc30-dbe6ec17bf56', 'name': 'tempest-ServersV294TestFqdnHostnames-1287903931-router', 'tenant_id': 'b22155abe44c460e8eac297a8a460486', 'admin_state_up': True, 'status': 'ACTIVE', 'external_gateway_info': {'network_id': '6fec145f-d931-4fac-a0aa-306b84d087dd', 'external_fixed_ips': [{'subnet_id': '781f45b2-972a-445c-bc65-ec034b52f013', 'ip_address': '10.180.180.142'}], 'enable_snat': True}, 'description': '', 'availability_zones': [], 'distributed': False, 'ha': False, 'availability_zone_hints': [], 'routes': [], 'flavor_id': None, 'tags': [], 'created_at': '2024-10-22T06:21:34Z', 'updated_at': '2024-10-22T06:21:35Z', 'revision_number': 2, 'project_id': 'b22155abe44c460e8eac297a8a460486'}
2024-10-22 06:21:37.066 62132 INFO tempest.lib.common.rest_client [req-647d533e-8579-48d8-b137-838d113a299a req-647d533e-8579-48d8-b137-838d113a299a ] Request (SecurityGroupsTestJSON:test_list_security_groups_by_server): 200 GET http://10.180.1.21/compute/v2.1/servers/c4b41c42-e01f-464a-9423-1c0fcca75586 0.071s
2024-10-22 06:21:37.076 62144 INFO tempest.lib.common.rest_client [req-a1e1ca67-90c9-4bcd-bd54-02dd35a41f14 req-a1e1ca67-90c9-4bcd-bd54-02dd35a41f14 ] Request (FloatingIPsAssociationNegativeTestJSON:setUpClass): 200 GET http://10.180.1.21/compute/v2.1/servers/8d2459c0-279c-4ea4-8cbc-6c69cfa35b27 0.076s
