2024-10-09 02:17:48.743 62683 INFO tempest.lib.common.dynamic_creds [-] Dynamic test user 61123fec4f3f45bf8596d07717c2aa11 is created with scope project and roles: ['member']
2024-10-09 02:17:48.744 62683 INFO tempest.lib.common.dynamic_creds [-] Acquired dynamic creds: credentials: Credentials: {'domain_id': 'default', 'domain_name': 'Default', 'username': 'tempest-QuotasAdminTestJSON-1465195018-project-member', 'project_domain_id': 'default', 'project_domain_name': 'Default', 'project_id': '9a5253b89acd4cd598b3616f9680b404', 'project_name': 'tempest-QuotasAdminTestJSON-1465195018', 'tenant_id': '9a5253b89acd4cd598b3616f9680b404', 'tenant_name': 'tempest-QuotasAdminTestJSON-1465195018', 'user_domain_id': 'default', 'user_domain_name': 'Default', 'user_id': '61123fec4f3f45bf8596d07717c2aa11', 'system': None}, Network: None, Subnet: None, Router: None
2024-10-09 02:17:48.744 62683 INFO tempest.lib.common.dynamic_creds [-] Created isolated network resources for: credentials: Credentials: {'domain_id': 'default', 'domain_name': 'Default', 'username': 'tempest-QuotasAdminTestJSON-1465195018-project-member', 'project_domain_id': 'default', 'project_domain_name': 'Default', 'project_id': '9a5253b89acd4cd598b3616f9680b404', 'project_name': 'tempest-QuotasAdminTestJSON-1465195018', 'tenant_id': '9a5253b89acd4cd598b3616f9680b404', 'tenant_name': 'tempest-QuotasAdminTestJSON-1465195018', 'user_domain_id': 'default', 'user_domain_name': 'Default', 'user_id': '61123fec4f3f45bf8596d07717c2aa11', 'system': None}, Network: None, Subnet: None, Router: None
2024-10-09 02:17:48.766 62638 INFO tempest.lib.common.rest_client [req-23a7218d-5df8-4e04-910a-e9bb02d04098 req-23a7218d-5df8-4e04-910a-e9bb02d04098 ] Request (TenantUsagesTestJSON:setUpClass): 200 GET http://10.180.1.21/compute/v2.1/servers/adb14669-5f0b-4d3a-9cbf-293117a1d1cd 2.735s
2024-10-09 02:17:48.788 62645 INFO tempest.lib.common.rest_client [req-63a6eff3-aa59-416c-8b28-9dfaa3f21ef1 req-63a6eff3-aa59-416c-8b28-9dfaa3f21ef1 ] Request (MultipleCreateTestJSON:setUpClass): 201 POST http://10.180.1.21/identity/v3/auth/tokens 0.125s
2024-10-09 02:17:48.799 62673 INFO tempest.lib.common.rest_client [req-b3bdf30f-b75d-4de6-8fb9-d345614c57cb req-b3bdf30f-b75d-4de6-8fb9-d345614c57cb ] Request (ServerRescueNegativeTestJSON:setUpClass): 204 PUT http://10.180.1.21/identity/v3/projects/66d888fe9de54ee1b7c2c5947816694a/users/5069827c870c4d0fa08acc5a619a6892/roles/6a018f2a908f431a8f76f072ca998fe7 0.071s
2024-10-09 02:17:48.799 62673 INFO tempest.lib.common.dynamic_creds [-] Dynamic test user 5069827c870c4d0fa08acc5a619a6892 is created with scope project and roles: ['member']
2024-10-09 02:17:48.800 62673 INFO tempest.lib.common.dynamic_creds [-] Acquired dynamic creds: credentials: Credentials: {'domain_id': 'default', 'domain_name': 'Default', 'username': 'tempest-ServerRescueNegativeTestJSON-1015148898-project-member', 'project_domain_id': 'default', 'project_domain_name': 'Default', 'project_id': '66d888fe9de54ee1b7c2c5947816694a', 'project_name': 'tempest-ServerRescueNegativeTestJSON-1015148898', 'tenant_id': '66d888fe9de54ee1b7c2c5947816694a', 'tenant_name': 'tempest-ServerRescueNegativeTestJSON-1015148898', 'user_domain_id': 'default', 'user_domain_name': 'Default', 'user_id': '5069827c870c4d0fa08acc5a619a6892', 'system': None}, Network: None, Subnet: None, Router: None
2024-10-09 02:17:48.866 62683 INFO tempest.lib.common.rest_client [req-9bbe5c02-ad00-4a69-abb8-13151dac894b req-9bbe5c02-ad00-4a69-abb8-13151dac894b ] Request (QuotasAdminTestJSON:setUpClass): 201 POST http://10.180.1.21/identity/v3/auth/tokens 0.118s
2024-10-09 02:17:48.920 62677 INFO tempest.lib.common.rest_client [req-a92f360f-753b-4718-9865-cd850f1ce301 req-a92f360f-753b-4718-9865-cd850f1ce301 ] Request (ServersTestJSON:setUpClass): 201 POST http://10.180.1.21:9696/networking/v2.0/routers 3.174s
2024-10-09 02:17:48.986 62679 INFO tempest.lib.common.rest_client [req-87415f74-dcea-4c5f-a82c-0d52b2ff1d8e req-87415f74-dcea-4c5f-a82c-0d52b2ff1d8e ] Request (QuotasAdminTestV236:test_get_updated_quotas): 200 PUT http://10.180.1.21/compute/v2.1/os-quota-sets/283d182b998d4215828464a5961d68e5?user_id=bf3c3b7f6cc8498897aa7945ccbd4f8f 2.976s
2024-10-09 02:17:49.009 62673 INFO tempest.lib.common.rest_client [req-5b5fabc3-9907-464e-a168-3b245cbc922e req-5b5fabc3-9907-464e-a168-3b245cbc922e ] Request (ServerRescueNegativeTestJSON:setUpClass): 201 POST http://10.180.1.21/identity/v3/auth/tokens 0.209s
2024-10-09 02:17:49.036 62683 INFO tempest.lib.common.rest_client [req-4b153ede-31c6-4d78-869c-5c9954641fbf req-4b153ede-31c6-4d78-869c-5c9954641fbf ] Request (QuotasAdminTestJSON:setUpClass): 201 POST http://10.180.1.21/identity/v3/projects 0.170s
2024-10-09 02:17:49.090 62659 INFO tempest.lib.common.rest_client [req-6da702af-fb39-48bf-8fe4-210faf687ccf req-6da702af-fb39-48bf-8fe4-210faf687ccf ] Request (MigrationsAdminTest:test_list_migrations_in_flavor_resize_situation): 200 GET http://10.180.1.21/compute/v2.1/servers/b28550f5-4f8e-43ac-a020-c025586c6688 2.363s
2024-10-09 02:17:49.094 62639 INFO tempest.lib.common.rest_client [req-3bfded8a-3443-424d-85e4-3a639d2d24dd req-3bfded8a-3443-424d-85e4-3a639d2d24dd ] Request (ServersV294TestFqdnHostnames:setUpClass): 201 POST http://10.180.1.21:9696/networking/v2.0/security-group-rules 0.522s
2024-10-09 02:17:49.165 62683 INFO tempest.lib.common.rest_client [req-6410928a-9473-4f95-8853-f61da913e286 req-6410928a-9473-4f95-8853-f61da913e286 ] Request (QuotasAdminTestJSON:setUpClass): 201 POST http://10.180.1.21/identity/v3/users 0.128s
2024-10-09 02:17:49.187 62683 INFO tempest.lib.common.rest_client [req-3a1b89f5-fcba-4176-bfe1-cc469b4c482c req-3a1b89f5-fcba-4176-bfe1-cc469b4c482c ] Request (QuotasAdminTestJSON:setUpClass): 200 GET http://10.180.1.21/identity/v3/roles 0.021s
2024-10-09 02:17:49.202 62625 INFO tempest.lib.common.rest_client [req-79c1c2ed-e7fa-4222-abfe-68597e64d2c0 req-79c1c2ed-e7fa-4222-abfe-68597e64d2c0 ] Request (TenantUsagesNegativeTestJSON:test_get_usage_tenant_with_empty_tenant_id): 404 GET http://10.180.1.21/compute/v2.1/os-simple-tenant-usage/?start=2024-10-08T02%3A17%3A46.987095&end=2024-10-10T02%3A17%3A46.987095 2.214s
2024-10-09 02:17:49.203 62625 WARNING tempest.lib.common.rest_client [-] Deprecated: "tenant_id" property is deprecated for removal, use "project_id" instead
2024-10-09 02:17:49.230 62683 INFO tempest.lib.common.rest_client [req-5c9de316-37e8-4127-b8f6-5d11467e1cef req-5c9de316-37e8-4127-b8f6-5d11467e1cef ] Request (QuotasAdminTestJSON:setUpClass): 204 PUT http://10.180.1.21/identity/v3/projects/0e671fb67b3445b09a684612a9637def/users/308643f2f4fe4eecb4050d0622637bc7/roles/dcf0240d7f4845af93f34b04b2f56487 0.042s
2024-10-09 02:17:49.284 62683 INFO tempest.lib.common.rest_client [req-a1870fa1-30dd-47db-9308-5eb4556f6282 req-a1870fa1-30dd-47db-9308-5eb4556f6282 ] Request (QuotasAdminTestJSON:setUpClass): 200 GET http://10.180.1.21/identity/v3/roles 0.053s
2024-10-09 02:17:49.293 62672 INFO tempest.lib.common.rest_client [req-b0f9c174-9657-46f3-8eeb-6d137a7ae686 req-b0f9c174-9657-46f3-8eeb-6d137a7ae686 ] Request (ServersTestBootFromVolume:setUpClass): 200 GET http://10.180.1.21/volume/v3/a1524cc8cfd444e98436b96763444c8e/volumes/98319c2e-aa8a-40a2-8fd5-b1bd600c85f1 0.039s
2024-10-09 02:17:49.309 62683 INFO tempest.lib.common.rest_client [req-f07dabe0-3dfa-4722-8ee5-271919173ca2 req-f07dabe0-3dfa-4722-8ee5-271919173ca2 ] Request (QuotasAdminTestJSON:setUpClass): 204 PUT http://10.180.1.21/identity/v3/projects/0e671fb67b3445b09a684612a9637def/users/308643f2f4fe4eecb4050d0622637bc7/roles/dcf0240d7f4845af93f34b04b2f56487 0.024s
2024-10-09 02:17:49.309 62683 INFO tempest.lib.common.dynamic_creds [-] Dynamic test user 308643f2f4fe4eecb4050d0622637bc7 is created with scope project and roles: ['admin']
2024-10-09 02:17:49.310 62683 INFO tempest.lib.common.dynamic_creds [-] Acquired dynamic creds: credentials: Credentials: {'domain_id': 'default', 'domain_name': 'Default', 'username': 'tempest-QuotasAdminTestJSON-1486471-project-admin', 'project_domain_id': 'default', 'project_domain_name': 'Default', 'project_id': '0e671fb67b3445b09a684612a9637def', 'project_name': 'tempest-QuotasAdminTestJSON-1486471', 'tenant_id': '0e671fb67b3445b09a684612a9637def', 'tenant_name': 'tempest-QuotasAdminTestJSON-1486471', 'user_domain_id': 'default', 'user_domain_name': 'Default', 'user_id': '308643f2f4fe4eecb4050d0622637bc7', 'system': None}, Network: None, Subnet: None, Router: None
2024-10-09 02:17:49.310 62683 INFO tempest.lib.common.dynamic_creds [-] Created isolated network resources for: credentials: Credentials: {'domain_id': 'default', 'domain_name': 'Default', 'username': 'tempest-QuotasAdminTestJSON-1486471-project-admin', 'project_domain_id': 'default', 'project_domain_name': 'Default', 'project_id': '0e671fb67b3445b09a684612a9637def', 'project_name': 'tempest-QuotasAdminTestJSON-1486471', 'tenant_id': '0e671fb67b3445b09a684612a9637def', 'tenant_name': 'tempest-QuotasAdminTestJSON-1486471', 'user_domain_id': 'default', 'user_domain_name': 'Default', 'user_id': '308643f2f4fe4eecb4050d0622637bc7', 'system': None}, Network: None, Subnet: None, Router: None
2024-10-09 02:17:49.388 62683 INFO tempest.lib.common.rest_client [req-b06b5a9c-721f-441b-8016-5a29dc764ce6 req-b06b5a9c-721f-441b-8016-5a29dc764ce6 ] Request (QuotasAdminTestJSON:setUpClass): 201 POST http://10.180.1.21/identity/v3/auth/tokens 0.073s
2024-10-09 02:17:49.389 62683 WARNING tempest.lib.common.rest_client [-] Deprecated: "tenant_id" property is deprecated for removal, use "project_id" instead
2024-10-09 02:17:49.705 62649 INFO tempest.lib.common.rest_client [req-6febfada-a911-4ea4-a8c8-bfab8282bfca req-6febfada-a911-4ea4-a8c8-bfab8282bfca ] Request (ServersAdminNegativeTestJSON:setUpClass): 202 POST http://10.180.1.21/compute/v2.1/servers 3.094s
2024-10-09 02:17:49.816 62642 INFO tempest.lib.common.rest_client [req-e6776174-057b-40f6-882d-957ed60acbb2 req-e6776174-057b-40f6-882d-957ed60acbb2 ] Request (VolumesAssistedSnapshotsTest:setUpClass): 200 PUT http://10.180.1.21:9696/networking/v2.0/routers/51f447cc-c4ae-4cb7-ae28-aef165608877/add_router_interface 2.744s
2024-10-09 02:17:49.817 62642 INFO tempest.lib.common.dynamic_creds [-] Created isolated network resources for: credentials: Credentials: {'domain_id': 'default', 'domain_name': 'Default', 'username': 'tempest-VolumesAssistedSnapshotsTest-744340001-project', 'project_domain_id': 'default', 'project_domain_name': 'Default', 'project_id': '069add1b19974f708cd034dc4a380dd5', 'project_name': 'tempest-VolumesAssistedSnapshotsTest-744340001', 'tenant_id': '069add1b19974f708cd034dc4a380dd5', 'tenant_name': 'tempest-VolumesAssistedSnapshotsTest-744340001', 'user_domain_id': 'default', 'user_domain_name': 'Default', 'user_id': 'a1f769409d9a4dafa6569f6f1b4f55ba', 'system': None}, Network: {'id': '0bf84f0d-87db-4b56-a29b-24c0731aece7', 'name': 'tempest-VolumesAssistedSnapshotsTest-421117221-network', 'tenant_id': '069add1b19974f708cd034dc4a380dd5', 'admin_state_up': True, 'mtu': 8950, 'status': 'ACTIVE', 'subnets': [], 'shared': False, 'project_id': '069add1b19974f708cd034dc4a380dd5', 'port_security_enabled': True, 'router:external': False, 'provider:network_type': 'vlan', 'provider:physical_network': 'default', 'provider:segmentation_id': 36, 'is_default': False, 'availability_zone_hints': [], 'availability_zones': [], 'ipv4_address_scope': None, 'ipv6_address_scope': None, 'description': '', 'tags': [], 'created_at': '2024-10-09T02:17:43Z', 'updated_at': '2024-10-09T02:17:43Z', 'revision_number': 1}, Subnet: {'id': '7681916f-ae78-46d2-af3e-addc30d494ec', 'name': 'tempest-VolumesAssistedSnapshotsTest-421117221-subnet', 'tenant_id': '069add1b19974f708cd034dc4a380dd5', 'network_id': '0bf84f0d-87db-4b56-a29b-24c0731aece7', 'ip_version': 4, 'subnetpool_id': None, 'enable_dhcp': True, 'ipv6_ra_mode': None, 'ipv6_address_mode': None, 'gateway_ip': '192.168.128.1', 'cidr': '192.168.128.0/28', 'allocation_pools': [{'start': '192.168.128.2', 'end': '192.168.128.14'}], 'host_routes': [], 'dns_nameservers': [], 'description': '', 'router:external': False, 'service_types': [], 'tags': [], 'created_at': '2024-10-09T02:17:43Z', 'updated_at': '2024-10-09T02:17:43Z', 'revision_number': 0, 'project_id': '069add1b19974f708cd034dc4a380dd5'}, Router: {'id': '51f447cc-c4ae-4cb7-ae28-aef165608877', 'name': 'tempest-VolumesAssistedSnapshotsTest-421117221-router', 'tenant_id': '069add1b19974f708cd034dc4a380dd5', 'admin_state_up': True, 'status': 'ACTIVE', 'external_gateway_info': {'network_id': '02d218e0-d072-4c8e-a031-ecf371e81983', 'external_fixed_ips': [{'subnet_id': '06b7ffd8-4f93-4913-8bcb-a0b3b0df9bee', 'ip_address': '10.180.180.186'}], 'enable_snat': True}, 'description': '', 'availability_zones': [], 'distributed': False, 'ha': False, 'availability_zone_hints': [], 'routes': [], 'flavor_id': None, 'tags': [], 'created_at': '2024-10-09T02:17:44Z', 'updated_at': '2024-10-09T02:17:46Z', 'revision_number': 2, 'project_id': '069add1b19974f708cd034dc4a380dd5'}
2024-10-09 02:17:49.842 62651 INFO tempest.lib.common.rest_client [req-8ad6bd9d-cc62-49b9-92e4-03bb2992f730 req-8ad6bd9d-cc62-49b9-92e4-03bb2992f730 ] Request (DeleteServersTestJSON:test_delete_active_server): 200 GET http://10.180.1.21/compute/v2.1/servers/ca158bd7-98e3-4ce0-9873-02571f3d9497 2.611s
2024-10-09 02:17:49.881 62675 INFO tempest.lib.common.rest_client [req-1b70f809-2ff7-46e8-9788-162ef5ae5283 req-1b70f809-2ff7-46e8-9788-162ef5ae5283 ] Request (KeyPairsNegativeTestJSON:test_keypair_create_with_invalid_pub_key): 400 POST http://10.180.1.21/compute/v2.1/os-keypairs 2.610s
2024-10-09 02:17:49.898 62647 INFO tempest.lib.common.rest_client [req-7ce0c159-2c6d-4113-9f2d-a0e42b7851bc req-7ce0c159-2c6d-4113-9f2d-a0e42b7851bc ] Request (FlavorsAdminTestJSON:test_create_flavor_with_int_id): 200 POST http://10.180.1.21/compute/v2.1/flavors 2.598s
2024-10-09 02:17:49.914 62627 INFO tempest.lib.common.rest_client [req-ce59d60f-d2e4-4fe3-8603-d532fb5284ac req-ce59d60f-d2e4-4fe3-8603-d532fb5284ac ] Request (FlavorsAccessTestJSON:test_flavor_access_list_with_private_flavor): 200 POST http://10.180.1.21/compute/v2.1/flavors 2.566s
2024-10-09 02:17:49.959 62629 INFO tempest.lib.common.rest_client [req-315cab5b-f00a-40c1-9585-5ff848c5b206 req-315cab5b-f00a-40c1-9585-5ff848c5b206 ] Request (ServerDiagnosticsTest:test_get_server_diagnostics): 202 POST http://10.180.1.21/compute/v2.1/servers 2.960s
2024-10-09 02:17:49.962 62639 INFO tempest.lib.common.rest_client [req-fe8532f3-bf13-4810-a454-f6eb47504a51 req-fe8532f3-bf13-4810-a454-f6eb47504a51 ] Request (ServersV294TestFqdnHostnames:setUpClass): 201 POST http://10.180.1.21:9696/networking/v2.0/floatingips 0.866s
2024-10-09 02:17:49.974 62642 INFO tempest.lib.common.rest_client [req-c54ff045-c560-470e-88d6-1d6b81438295 req-c54ff045-c560-470e-88d6-1d6b81438295 ] Request (VolumesAssistedSnapshotsTest:setUpClass): 201 POST http://10.180.1.21/identity/v3/auth/tokens 0.102s
2024-10-09 02:17:50.036 62669 INFO tempest.lib.common.rest_client [req-d104d56d-4493-4794-8cd2-e0d54cb8d732 req-d104d56d-4493-4794-8cd2-e0d54cb8d732 ] Request (HypervisorAdminNegativeTestJSON:test_get_hypervisor_list_details_with_non_admin_user): 403 GET http://10.180.1.21/compute/v2.1/os-hypervisors/detail 2.523s
2024-10-09 02:17:50.052 62665 INFO tempest.lib.common.rest_client [req-ebb36645-c3cf-4d73-a08b-02b4373b1413 req-ebb36645-c3cf-4d73-a08b-02b4373b1413 ] Request (AggregatesAdminNegativeTestJSON:test_aggregate_add_host_as_user): 403 POST http://10.180.1.21/compute/v2.1/os-aggregates/2/action 2.505s
2024-10-09 02:17:50.061 62661 INFO tempest.lib.common.rest_client [req-0cf89ab2-9880-4c49-976c-5f9811ee5dcc req-0cf89ab2-9880-4c49-976c-5f9811ee5dcc ] Request (HostsAdminTestJSON:test_list_hosts_with_zone): 200 GET http://10.180.1.21/compute/v2.1/os-hosts?zone=internal 2.494s
2024-10-09 02:17:50.065 62645 INFO tempest.lib.common.rest_client [req-7fc4dfed-29e4-424d-99b8-28112e8f9514 req-7fc4dfed-29e4-424d-99b8-28112e8f9514 ] Request (MultipleCreateTestJSON:setUpClass): 201 POST http://10.180.1.21:9696/networking/v2.0/networks 1.277s
2024-10-09 02:17:50.079 62663 INFO tempest.lib.common.rest_client [req-77b36b6a-5778-475e-8ea0-80c5fab1c62e req-77b36b6a-5778-475e-8ea0-80c5fab1c62e ] Request (FlavorsAccessNegativeTestJSON:test_flavor_access_list_with_public_flavor): 404 GET http://10.180.1.21/compute/v2.1/flavors/676722125/os-flavor-access 2.259s
2024-10-09 02:17:50.079 62633 INFO tempest.lib.common.rest_client [req-fd618868-0171-4250-8276-62ee27981318 req-fd618868-0171-4250-8276-62ee27981318 ] Request (ServersWithSpecificFlavorTestJSON:test_verify_created_server_ephemeral_disk): 200 POST http://10.180.1.21/compute/v2.1/flavors/521734051/os-extra_specs 2.278s
2024-10-09 02:17:50.085 62639 INFO tempest.lib.common.rest_client [req-edbd0040-f984-462b-83c3-d51f0b17018e req-edbd0040-f984-462b-83c3-d51f0b17018e ] Request (ServersV294TestFqdnHostnames:setUpClass): 201 POST http://10.180.1.21/identity/v3/auth/tokens 0.117s
2024-10-09 02:17:50.086 62639 INFO tempest.lib.common.fixed_network [-] (ServersV294TestFqdnHostnames:setUpClass) Found network {'id': 'cb113882-810b-470c-a0f9-88234dbb4592', 'name': 'tempest-ServersV294TestFqdnHostnames-1132559460-network', 'tenant_id': '3b5c6f7083c14a67967eaaa4b4ef5640', 'admin_state_up': True, 'mtu': 8950, 'status': 'ACTIVE', 'subnets': [], 'shared': False, 'project_id': '3b5c6f7083c14a67967eaaa4b4ef5640', 'port_security_enabled': True, 'router:external': False, 'provider:network_type': 'vlan', 'provider:physical_network': 'default', 'provider:segmentation_id': 390, 'is_default': False, 'availability_zone_hints': [], 'availability_zones': [], 'ipv4_address_scope': None, 'ipv6_address_scope': None, 'description': '', 'tags': [], 'created_at': '2024-10-09T02:17:37Z', 'updated_at': '2024-10-09T02:17:37Z', 'revision_number': 1} available for tenant
2024-10-09 02:17:50.086 62635 INFO tempest.lib.common.rest_client [req-f994021d-ea1a-419f-95f2-1100e17a81ee req-f994021d-ea1a-419f-95f2-1100e17a81ee ] Request (HostsAdminNegativeTestJSON:test_startup_host_with_non_admin_user): 403 GET http://10.180.1.21/compute/v2.1/os-hosts/devstack/startup 2.141s
2024-10-09 02:17:50.118 62685 INFO tempest.lib.common.rest_client [req-cfc40af9-4387-4980-95a1-660747fc5dc8 req-cfc40af9-4387-4980-95a1-660747fc5dc8 ] Request (ImagesMetadataTestJSON:test_list_image_metadata): 200 GET http://10.180.1.21/compute/v2.1/images/6bab50a7-78b7-4404-aec9-f5655142cbba/metadata 1.956s
2024-10-09 02:17:50.164 62682 INFO tempest.lib.common.rest_client [req-a7074bf2-33ff-4c5f-99cf-6ad69e67a00c req-a7074bf2-33ff-4c5f-99cf-6ad69e67a00c ] Request (FloatingIPsAssociationNegativeTestJSON:setUpClass): 200 GET http://10.180.1.21/compute/v2.1/servers/e5fddcfc-df93-4c2b-ad5d-0d2f52b10aca 2.236s
2024-10-09 02:17:50.215 62673 INFO tempest.lib.common.rest_client [req-847f6547-dc0a-451a-8b1a-2d6821c8946f req-847f6547-dc0a-451a-8b1a-2d6821c8946f ] Request (ServerRescueNegativeTestJSON:setUpClass): 201 POST http://10.180.1.21:9696/networking/v2.0/networks 1.205s
2024-10-09 02:17:50.269 62657 INFO tempest.lib.common.rest_client [req-5a33d6a9-a264-45d9-a189-830957151d86 req-5a33d6a9-a264-45d9-a189-830957151d86 ] Request (AttachInterfacesV270Test:test_create_get_list_interfaces): 200 GET http://10.180.1.21/compute/v2.1/servers/ad6baae6-3925-41d7-9b95-0a5fe8add72d 1.830s
2024-10-09 02:17:50.355 62672 INFO tempest.lib.common.rest_client [req-de622da1-bb16-479a-99a6-85b3067eb306 req-de622da1-bb16-479a-99a6-85b3067eb306 ] Request (ServersTestBootFromVolume:setUpClass): 200 GET http://10.180.1.21/volume/v3/a1524cc8cfd444e98436b96763444c8e/volumes/98319c2e-aa8a-40a2-8fd5-b1bd600c85f1 0.052s
2024-10-09 02:17:50.430 62667 INFO tempest.lib.common.rest_client [req-21efca0c-2bfc-4290-846e-cc6d99d5ca0a req-21efca0c-2bfc-4290-846e-cc6d99d5ca0a ] Request (QuotasAdminNegativeTest:_run_cleanups): 200 PUT http://10.180.1.21/compute/v2.1/os-quota-sets/37ae09366a094cd89c6c68fb2e1a51e3 1.781s
2024-10-09 02:17:50.489 62645 INFO tempest.lib.common.rest_client [req-11f9464e-6b4f-4741-9262-519b6486fa83 req-11f9464e-6b4f-4741-9262-519b6486fa83 ] Request (MultipleCreateTestJSON:setUpClass): 201 POST http://10.180.1.21:9696/networking/v2.0/subnets 0.420s
2024-10-09 02:17:50.531 62642 INFO tempest.lib.common.rest_client [req-c5134d6a-9dbe-4971-b3f6-ae490be24847 req-c5134d6a-9dbe-4971-b3f6-ae490be24847 ] Request (VolumesAssistedSnapshotsTest:test_volume_assisted_snapshot_create_delete): 202 POST http://10.180.1.21/volume/v3/1cba92d0857a4aad97f20ae7d71caf50/volumes 0.556s
2024-10-09 02:17:50.552 62687 INFO tempest.lib.common.rest_client [req-2436ad9b-d734-4362-85d1-e8182a7ee8f3 req-2436ad9b-d734-4362-85d1-e8182a7ee8f3 ] Request (FloatingIPsTestJSON:setUpClass): 200 PUT http://10.180.1.21:9696/networking/v2.0/routers/d7c38429-6bf4-4c51-af00-3b2c05eb3ee4/add_router_interface 2.123s
2024-10-09 02:17:50.552 62687 INFO tempest.lib.common.dynamic_creds [-] Created isolated network resources for: credentials: Credentials: {'domain_id': 'default', 'domain_name': 'Default', 'username': 'tempest-FloatingIPsTestJSON-620807640-project-member', 'project_domain_id': 'default', 'project_domain_name': 'Default', 'project_id': 'a69a9a8fa71a4f19a7a2bb24b29c5012', 'project_name': 'tempest-FloatingIPsTestJSON-620807640', 'tenant_id': 'a69a9a8fa71a4f19a7a2bb24b29c5012', 'tenant_name': 'tempest-FloatingIPsTestJSON-620807640', 'user_domain_id': 'default', 'user_domain_name': 'Default', 'user_id': 'fafebe6a8dd84853aac8083e0b055dbc', 'system': None}, Network: {'id': '746f7103-3213-4150-9616-1ba2f97ecdc8', 'name': 'tempest-FloatingIPsTestJSON-301387116-network', 'tenant_id': 'a69a9a8fa71a4f19a7a2bb24b29c5012', 'admin_state_up': True, 'mtu': 8950, 'status': 'ACTIVE', 'subnets': [], 'shared': False, 'project_id': 'a69a9a8fa71a4f19a7a2bb24b29c5012', 'port_security_enabled': True, 'router:external': False, 'provider:network_type': 'vlan', 'provider:physical_network': 'default', 'provider:segmentation_id': 700, 'is_default': False, 'availability_zone_hints': [], 'availability_zones': [], 'ipv4_address_scope': None, 'ipv6_address_scope': None, 'description': '', 'tags': [], 'created_at': '2024-10-09T02:17:44Z', 'updated_at': '2024-10-09T02:17:44Z', 'revision_number': 1}, Subnet: {'id': '4f4fc3f2-dae7-44cf-b352-d75c7d0cdd9d', 'name': 'tempest-FloatingIPsTestJSON-301387116-subnet', 'tenant_id': 'a69a9a8fa71a4f19a7a2bb24b29c5012', 'network_id': '746f7103-3213-4150-9616-1ba2f97ecdc8', 'ip_version': 4, 'subnetpool_id': None, 'enable_dhcp': True, 'ipv6_ra_mode': None, 'ipv6_address_mode': None, 'gateway_ip': '192.168.128.1', 'cidr': '192.168.128.0/28', 'allocation_pools': [{'start': '192.168.128.2', 'end': '192.168.128.14'}], 'host_routes': [], 'dns_nameservers': [], 'description': '', 'router:external': False, 'service_types': [], 'tags': [], 'created_at': '2024-10-09T02:17:44Z', 'updated_at': '2024-10-09T02:17:44Z', 'revision_number': 0, 'project_id': 'a69a9a8fa71a4f19a7a2bb24b29c5012'}, Router: {'id': 'd7c38429-6bf4-4c51-af00-3b2c05eb3ee4', 'name': 'tempest-FloatingIPsTestJSON-301387116-router', 'tenant_id': 'a69a9a8fa71a4f19a7a2bb24b29c5012', 'admin_state_up': True, 'status': 'ACTIVE', 'external_gateway_info': {'network_id': '02d218e0-d072-4c8e-a031-ecf371e81983', 'external_fixed_ips': [{'subnet_id': '06b7ffd8-4f93-4913-8bcb-a0b3b0df9bee', 'ip_address': '10.180.180.216'}], 'enable_snat': True}, 'description': '', 'availability_zones': [], 'distributed': False, 'ha': False, 'availability_zone_hints': [], 'routes': [], 'flavor_id': None, 'tags': [], 'created_at': '2024-10-09T02:17:45Z', 'updated_at': '2024-10-09T02:17:46Z', 'revision_number': 2, 'project_id': 'a69a9a8fa71a4f19a7a2bb24b29c5012'}
2024-10-09 02:17:50.592 62673 INFO tempest.lib.common.rest_client [req-778ff467-d5d1-4dc9-a708-d7b302abb1a8 req-778ff467-d5d1-4dc9-a708-d7b302abb1a8 ] Request (ServerRescueNegativeTestJSON:setUpClass): 201 POST http://10.180.1.21:9696/networking/v2.0/subnets 0.377s
2024-10-09 02:17:50.596 62642 INFO tempest.lib.common.rest_client [req-61563fca-bf73-48fe-9a88-9f1c0aa83e18 req-61563fca-bf73-48fe-9a88-9f1c0aa83e18 ] Request (VolumesAssistedSnapshotsTest:test_volume_assisted_snapshot_create_delete): 200 GET http://10.180.1.21/volume/v3/1cba92d0857a4aad97f20ae7d71caf50/volumes/a7228b9a-a0cd-413e-813f-8753dcc270ed 0.059s
2024-10-09 02:17:50.670 62687 INFO tempest.lib.common.rest_client [req-2ae5d76a-cdf3-4602-a564-e601b563133e req-2ae5d76a-cdf3-4602-a564-e601b563133e ] Request (FloatingIPsTestJSON:setUpClass): 201 POST http://10.180.1.21/identity/v3/auth/tokens 0.111s
2024-10-09 02:17:50.796 62603 INFO tempest.lib.common.rest_client [req-2cc0a774-b232-4aaa-bc05-d543d0defb63 req-2cc0a774-b232-4aaa-bc05-d543d0defb63 ] Request (ServerDiagnosticsNegativeTest:test_get_server_diagnostics_by_non_admin): 200 GET http://10.180.1.21/compute/v2.1/servers/d4f4eb24-ea78-4ab1-9786-818ea7769342 2.274s
2024-10-09 02:17:50.875 62631 INFO tempest.lib.common.rest_client [req-58342845-2a27-49c4-bccc-68f167d163a0 req-58342845-2a27-49c4-bccc-68f167d163a0 ] Request (DeleteServersAdminTestJSON:test_admin_delete_servers_of_others): 200 GET http://10.180.1.21/compute/v2.1/servers/077b25b0-3586-4c56-81fa-526ff9c0ed1f 2.202s
2024-10-09 02:17:50.887 62631 INFO tempest.common.waiters [-] State transition "BUILD/networking" ==> "BUILD/spawning" after 11 second wait
2024-10-09 02:17:50.979 62679 INFO tempest.lib.common.rest_client [req-86236dbf-e030-42d7-a586-9030a8992546 req-86236dbf-e030-42d7-a586-9030a8992546 ] Request (QuotasAdminTestV236:test_get_updated_quotas): 200 GET http://10.180.1.21/compute/v2.1/os-quota-sets/283d182b998d4215828464a5961d68e5?user_id=bf3c3b7f6cc8498897aa7945ccbd4f8f 1.991s
2024-10-09 02:17:50.990 62625 INFO tempest.lib.common.rest_client [req-a5c84e70-439d-43d4-bdbd-dd97818e34b5 req-a5c84e70-439d-43d4-bdbd-dd97818e34b5 ] Request (TenantUsagesNegativeTestJSON:test_get_usage_tenant_with_invalid_date): 400 GET http://10.180.1.21/compute/v2.1/os-simple-tenant-usage/d07d64cbf5d740abbc7224e6e0b37455?start=2024-10-10T02%3A17%3A46.987095&end=2024-10-08T02%3A17%3A46.987095 1.787s
2024-10-09 02:17:51.081 62679 INFO tempest.lib.common.rest_client [req-4c24ef11-b8db-4e49-a159-142fd79c11a7 req-4c24ef11-b8db-4e49-a159-142fd79c11a7 ] Request (QuotasAdminTestV236:_run_cleanups): 204 DELETE http://10.180.1.21/identity/v3/users/bf3c3b7f6cc8498897aa7945ccbd4f8f 0.101s
2024-10-09 02:17:51.082 62649 INFO tempest.lib.common.rest_client [req-54a6d421-1934-4114-a76d-ed119bd3224c req-54a6d421-1934-4114-a76d-ed119bd3224c ] Request (ServersAdminNegativeTestJSON:setUpClass): 200 GET http://10.180.1.21/compute/v2.1/servers/b434e59a-d9ed-4aa1-a5ac-212e3d3e9c0a 1.375s
2024-10-09 02:17:51.180 62638 INFO tempest.lib.common.rest_client [req-eeaa199b-063b-4185-8385-909ec3770f47 req-eeaa199b-063b-4185-8385-909ec3770f47 ] Request (TenantUsagesTestJSON:setUpClass): 200 GET http://10.180.1.21/compute/v2.1/servers/adb14669-5f0b-4d3a-9cbf-293117a1d1cd 1.405s
2024-10-09 02:17:51.193 62675 INFO tempest.lib.common.rest_client [req-a6e6c495-c76c-4a0c-90f6-833c10542267 req-a6e6c495-c76c-4a0c-90f6-833c10542267 ] Request (KeyPairsNegativeTestJSON:test_keypair_delete_nonexistent_key): 404 DELETE http://10.180.1.21/compute/v2.1/os-keypairs/tempest-keypair-non-existent-532994253 1.310s
2024-10-09 02:17:51.223 62647 INFO tempest.lib.common.rest_client [req-8313562f-41ca-4e93-96c4-1fac2bab7511 req-8313562f-41ca-4e93-96c4-1fac2bab7511 ] Request (FlavorsAdminTestJSON:_run_cleanups): 202 DELETE http://10.180.1.21/compute/v2.1/flavors/276600257 1.323s
2024-10-09 02:17:51.240 62627 INFO tempest.lib.common.rest_client [req-6d1a8609-97f9-4c29-9668-8bc8586f4fd4 req-6d1a8609-97f9-4c29-9668-8bc8586f4fd4 ] Request (FlavorsAccessTestJSON:test_flavor_access_list_with_private_flavor): 200 GET http://10.180.1.21/compute/v2.1/flavors/2123749175/os-flavor-access 1.324s
2024-10-09 02:17:51.258 62679 INFO tempest.lib.common.rest_client [req-141dca58-2b82-4452-beab-9e1329ba9d67 req-141dca58-2b82-4452-beab-9e1329ba9d67 ] Request (QuotasAdminTestV236:_run_cleanups): 204 DELETE http://10.180.1.21/identity/v3/projects/283d182b998d4215828464a5961d68e5 0.176s
2024-10-09 02:17:51.365 62629 INFO tempest.lib.common.rest_client [req-303f2e25-5dc9-4b9f-b168-044fb74ad3a6 req-303f2e25-5dc9-4b9f-b168-044fb74ad3a6 ] Request (ServerDiagnosticsTest:test_get_server_diagnostics): 200 GET http://10.180.1.21/compute/v2.1/servers/e075eece-534b-4d97-8c82-abb960ef1abe 1.403s
2024-10-09 02:17:51.372 62669 INFO tempest.lib.common.rest_client [req-1e3a7c13-be6e-42fc-a7a5-afe2154bf500 req-1e3a7c13-be6e-42fc-a7a5-afe2154bf500 ] Request (HypervisorAdminNegativeTestJSON:test_get_hypervisor_list_with_non_admin_user): 403 GET http://10.180.1.21/compute/v2.1/os-hypervisors 1.335s
2024-10-09 02:17:51.400 62665 INFO tempest.lib.common.rest_client [req-3ee94258-fb41-4074-9fac-b393b8d58f41 req-3ee94258-fb41-4074-9fac-b393b8d58f41 ] Request (AggregatesAdminNegativeTestJSON:_run_cleanups): 200 DELETE http://10.180.1.21/compute/v2.1/os-aggregates/2 1.347s
2024-10-09 02:17:51.416 62672 INFO tempest.lib.common.rest_client [req-00c88aea-7aaf-4c30-b823-36867d04f707 req-00c88aea-7aaf-4c30-b823-36867d04f707 ] Request (ServersTestBootFromVolume:setUpClass): 200 GET http://10.180.1.21/volume/v3/a1524cc8cfd444e98436b96763444c8e/volumes/98319c2e-aa8a-40a2-8fd5-b1bd600c85f1 0.054s
2024-10-09 02:17:51.440 62661 INFO tempest.lib.common.rest_client [req-16426c2a-c926-4105-8775-6fbc6e6b5d30 req-16426c2a-c926-4105-8775-6fbc6e6b5d30 ] Request (HostsAdminTestJSON:test_show_host_detail): 200 GET http://10.180.1.21/compute/v2.1/os-hosts 1.376s
2024-10-09 02:17:51.461 62675 INFO tempest.lib.common.rest_client [req-476dba3d-ae9e-44f0-8ce2-b08f52e8f993 req-476dba3d-ae9e-44f0-8ce2-b08f52e8f993 ] Request (KeyPairsNegativeTestJSON:tearDownClass): 204 DELETE http://10.180.1.21/identity/v3/users/b2122b079eb14e769259dbd402bb1c35 0.266s
2024-10-09 02:17:51.461 62675 INFO tempest.lib.common.dynamic_creds [-] Deleting project and security group for project: 711bbeff6802406e931c6846d1649779
2024-10-09 02:17:51.466 62663 INFO tempest.lib.common.rest_client [req-5f3374df-17fe-48d2-ad33-354b8b852dc2 req-5f3374df-17fe-48d2-ad33-354b8b852dc2 ] Request (FlavorsAccessNegativeTestJSON:_run_cleanups): 202 DELETE http://10.180.1.21/compute/v2.1/flavors/676722125 1.386s
2024-10-09 02:17:51.479 62643 INFO tempest.lib.common.rest_client [req-63f744ea-54a4-4297-a582-d4b440ad6a4f req-63f744ea-54a4-4297-a582-d4b440ad6a4f ] Request (SecurityGroupsTestAdminJSON:test_list_security_groups_list_all_tenants_filter): 200 POST http://10.180.1.21/compute/v2.1/os-security-groups 2.808s
2024-10-09 02:17:51.481 62633 INFO tempest.lib.common.rest_client [req-31af67c7-4920-4746-8032-d2941d8c319d req-31af67c7-4920-4746-8032-d2941d8c319d ] Request (ServersWithSpecificFlavorTestJSON:test_verify_created_server_ephemeral_disk): 200 POST http://10.180.1.21/compute/v2.1/flavors 1.400s
2024-10-09 02:17:51.494 62635 INFO tempest.lib.common.rest_client [req-e297bb71-7ca4-4c67-90ba-4df23c184d69 req-e297bb71-7ca4-4c67-90ba-4df23c184d69 ] Request (HostsAdminNegativeTestJSON:test_startup_nonexistent_host): 404 GET http://10.180.1.21/compute/v2.1/os-hosts/nonexistent_hostname/startup 1.407s
2024-10-09 02:17:51.529 62675 INFO tempest.lib.common.rest_client [req-57e1a130-87b6-43f6-b741-08a71b11e9f6 req-57e1a130-87b6-43f6-b741-08a71b11e9f6 ] Request (KeyPairsNegativeTestJSON:tearDownClass): 201 POST http://10.180.1.21/identity/v3/auth/tokens 0.068s
2024-10-09 02:17:51.534 62679 INFO tempest.lib.common.rest_client [req-03cd6885-83e5-4a2c-b5c8-eddf24f581c9 req-03cd6885-83e5-4a2c-b5c8-eddf24f581c9 ] Request (QuotasAdminTestV236:tearDownClass): 204 DELETE http://10.180.1.21/identity/v3/users/b9acb7255401402bb7dc795c7e1cb5dd 0.207s
2024-10-09 02:17:51.541 62673 INFO tempest.lib.common.rest_client [req-cb7c52f4-057b-42ec-8c20-2fda754a2d56 req-cb7c52f4-057b-42ec-8c20-2fda754a2d56 ] Request (ServerRescueNegativeTestJSON:setUpClass): 201 POST http://10.180.1.21:9696/networking/v2.0/routers 0.948s
2024-10-09 02:17:51.608 62659 INFO tempest.lib.common.rest_client [req-3e7e87c6-4c72-46dc-bbe8-bc6235aea14f req-3e7e87c6-4c72-46dc-bbe8-bc6235aea14f ] Request (MigrationsAdminTest:test_list_migrations_in_flavor_resize_situation): 200 GET http://10.180.1.21/compute/v2.1/servers/b28550f5-4f8e-43ac-a020-c025586c6688 1.507s
2024-10-09 02:17:51.617 62659 INFO tempest.common.waiters [-] State transition "BUILD/None" ==> "BUILD/spawning" after 11 second wait
2024-10-09 02:17:51.642 62642 INFO tempest.lib.common.rest_client [req-637bb0a8-186a-4c19-bbac-fad5f6448dc6 req-637bb0a8-186a-4c19-bbac-fad5f6448dc6 ] Request (VolumesAssistedSnapshotsTest:test_volume_assisted_snapshot_create_delete): 200 GET http://10.180.1.21/volume/v3/1cba92d0857a4aad97f20ae7d71caf50/volumes/a7228b9a-a0cd-413e-813f-8753dcc270ed 0.036s
2024-10-09 02:17:51.655 62642 INFO tempest.common.waiters [-] volume a7228b9a-a0cd-413e-813f-8753dcc270ed reached available after waiting for 1.655220 seconds
2024-10-09 02:17:51.661 62679 INFO tempest.lib.common.rest_client [req-aa4ec832-9ea0-46a4-94b2-9ec20d8440fa req-aa4ec832-9ea0-46a4-94b2-9ec20d8440fa ] Request (QuotasAdminTestV236:tearDownClass): 204 DELETE http://10.180.1.21/identity/v3/users/e52cd9fa5d6147e0a76e0080541a3fea 0.127s
2024-10-09 02:17:51.662 62679 INFO tempest.lib.common.dynamic_creds [-] Deleting project and security group for project: 5c88ca658939433dbc3d83cf7e4079aa
2024-10-09 02:17:51.771 62679 INFO tempest.lib.common.rest_client [req-cc07eb46-f034-401c-9b6c-f7d5b3cb8acb req-cc07eb46-f034-401c-9b6c-f7d5b3cb8acb ] Request (QuotasAdminTestV236:tearDownClass): 201 POST http://10.180.1.21/identity/v3/auth/tokens 0.109s
2024-10-09 02:17:51.804 62685 INFO tempest.lib.common.rest_client [req-78c59e09-1f2a-4422-8b17-7813167d3686 req-78c59e09-1f2a-4422-8b17-7813167d3686 ] Request (ImagesMetadataTestJSON:setUp): 200 PUT http://10.180.1.21/compute/v2.1/images/6bab50a7-78b7-4404-aec9-f5655142cbba/metadata 1.684s
2024-10-09 02:17:51.817 62675 INFO tempest.lib.common.rest_client [req-66c0315f-624d-4493-87ad-365e2431e4bd req-66c0315f-624d-4493-87ad-365e2431e4bd ] Request (KeyPairsNegativeTestJSON:tearDownClass): 200 GET http://10.180.1.21:9696/networking/v2.0/security-groups?tenant_id=711bbeff6802406e931c6846d1649779&name=default 0.288s
2024-10-09 02:17:51.927 62667 INFO tempest.lib.common.rest_client [req-56f8b3a0-4ca5-4c2b-9757-f7cd6025f857 req-56f8b3a0-4ca5-4c2b-9757-f7cd6025f857 ] Request (QuotasAdminNegativeTest:test_create_server_when_memory_quota_is_full): 200 GET http://10.180.1.21/compute/v2.1/os-quota-sets/37ae09366a094cd89c6c68fb2e1a51e3 1.494s
2024-10-09 02:17:52.041 62675 INFO tempest.lib.common.rest_client [req-3b806d19-bef1-4340-bc71-e45b2850cc96 req-3b806d19-bef1-4340-bc71-e45b2850cc96 ] Request (KeyPairsNegativeTestJSON:tearDownClass): 204 DELETE http://10.180.1.21:9696/networking/v2.0/security-groups/6cc63f90-e920-48c0-bc9f-32affccf4a74 0.223s
2024-10-09 02:17:52.076 62679 INFO tempest.lib.common.rest_client [req-0a159491-34e4-401a-af67-6f200481093e req-0a159491-34e4-401a-af67-6f200481093e ] Request (QuotasAdminTestV236:tearDownClass): 200 GET http://10.180.1.21:9696/networking/v2.0/security-groups?tenant_id=5c88ca658939433dbc3d83cf7e4079aa&name=default 0.304s
2024-10-09 02:17:52.097 62675 INFO tempest.lib.common.rest_client [req-25ab2474-0fb4-4f59-8bd7-be7d46ee624b req-25ab2474-0fb4-4f59-8bd7-be7d46ee624b ] Request (KeyPairsNegativeTestJSON:tearDownClass): 204 DELETE http://10.180.1.21/identity/v3/projects/711bbeff6802406e931c6846d1649779 0.056s
2024-10-09 02:17:52.184 62675 INFO tempest.lib.common.rest_client [req-fc593993-4817-4e63-b7da-6a60c0b1e84c req-fc593993-4817-4e63-b7da-6a60c0b1e84c ] Request (ServerAddressesNegativeTestJSON:setUpClass): 201 POST http://10.180.1.21/identity/v3/auth/tokens 0.085s
2024-10-09 02:17:52.227 62675 INFO tempest.lib.common.rest_client [req-98cdc752-ef9c-4394-9cfe-f59fdab3c941 req-98cdc752-ef9c-4394-9cfe-f59fdab3c941 ] Request (ServerAddressesNegativeTestJSON:setUpClass): 201 POST http://10.180.1.21/identity/v3/auth/tokens 0.036s
2024-10-09 02:17:52.231 62679 INFO tempest.lib.common.rest_client [req-c5a6f74b-5805-4bbf-a84f-8cc2a38817a7 req-c5a6f74b-5805-4bbf-a84f-8cc2a38817a7 ] Request (QuotasAdminTestV236:tearDownClass): 204 DELETE http://10.180.1.21:9696/networking/v2.0/security-groups/c0d3b773-0a74-45ed-9b6e-02aa521991be 0.155s
2024-10-09 02:17:52.252 62675 INFO tempest.lib.common.rest_client [req-06730925-d1ae-4729-9c68-c9e53ae42f3f req-06730925-d1ae-4729-9c68-c9e53ae42f3f ] Request (ServerAddressesNegativeTestJSON:setUpClass): 200 GET http://10.180.1.21/identity/v3/domains?name=Default 0.024s
2024-10-09 02:17:52.288 62675 INFO tempest.lib.common.rest_client [req-5a44742c-c602-476b-b604-da9b74590726 req-5a44742c-c602-476b-b604-da9b74590726 ] Request (ServerAddressesNegativeTestJSON:setUpClass): 201 POST http://10.180.1.21/identity/v3/projects 0.035s
2024-10-09 02:17:52.304 62679 INFO tempest.lib.common.rest_client [req-04c05ba8-8b85-4841-ae4b-49290d7cfe44 req-04c05ba8-8b85-4841-ae4b-49290d7cfe44 ] Request (QuotasAdminTestV236:tearDownClass): 204 DELETE http://10.180.1.21/identity/v3/projects/5c88ca658939433dbc3d83cf7e4079aa 0.072s
2024-10-09 02:17:52.304 62679 INFO tempest.lib.common.dynamic_creds [-] Deleting project and security group for project: c60c8eb6d57d49868dab10480812834d
2024-10-09 02:17:52.358 62675 INFO tempest.lib.common.rest_client [req-992c7085-56a6-4445-8026-6226699e4fc4 req-992c7085-56a6-4445-8026-6226699e4fc4 ] Request (ServerAddressesNegativeTestJSON:setUpClass): 201 POST http://10.180.1.21/identity/v3/users 0.070s
2024-10-09 02:17:52.419 62675 INFO tempest.lib.common.rest_client [req-57e0dce1-ae04-41ec-9722-9efc55d48c6d req-57e0dce1-ae04-41ec-9722-9efc55d48c6d ] Request (ServerAddressesNegativeTestJSON:setUpClass): 200 GET http://10.180.1.21/identity/v3/roles 0.061s
2024-10-09 02:17:52.463 62675 INFO tempest.lib.common.rest_client [req-c1c9cbb1-222c-4ac8-b082-f139996b8b58 req-c1c9cbb1-222c-4ac8-b082-f139996b8b58 ] Request (ServerAddressesNegativeTestJSON:setUpClass): 204 PUT http://10.180.1.21/identity/v3/projects/ef9ad0e4cc924840870f50ac98ba9bd9/users/485e5b4d1ab94dfcb661d0df99c0d40e/roles/6a018f2a908f431a8f76f072ca998fe7 0.043s
2024-10-09 02:17:52.463 62675 INFO tempest.lib.common.dynamic_creds [-] Dynamic test user 485e5b4d1ab94dfcb661d0df99c0d40e is created with scope project and roles: ['member']
2024-10-09 02:17:52.463 62675 INFO tempest.lib.common.dynamic_creds [-] Acquired dynamic creds: credentials: Credentials: {'domain_id': 'default', 'domain_name': 'Default', 'username': 'tempest-ServerAddressesNegativeTestJSON-1282016917-project-member', 'project_domain_id': 'default', 'project_domain_name': 'Default', 'project_id': 'ef9ad0e4cc924840870f50ac98ba9bd9', 'project_name': 'tempest-ServerAddressesNegativeTestJSON-1282016917', 'tenant_id': 'ef9ad0e4cc924840870f50ac98ba9bd9', 'tenant_name': 'tempest-ServerAddressesNegativeTestJSON-1282016917', 'user_domain_id': 'default', 'user_domain_name': 'Default', 'user_id': '485e5b4d1ab94dfcb661d0df99c0d40e', 'system': None}, Network: None, Subnet: None, Router: None
2024-10-09 02:17:52.467 62672 INFO tempest.lib.common.rest_client [req-709ff51a-e26e-44a6-877c-c113583be73f req-709ff51a-e26e-44a6-877c-c113583be73f ] Request (ServersTestBootFromVolume:setUpClass): 200 GET http://10.180.1.21/volume/v3/a1524cc8cfd444e98436b96763444c8e/volumes/98319c2e-aa8a-40a2-8fd5-b1bd600c85f1 0.034s
2024-10-09 02:17:52.524 62675 INFO tempest.lib.common.rest_client [req-5ed1ed46-78a2-47b6-881f-e13e2008649a req-5ed1ed46-78a2-47b6-881f-e13e2008649a ] Request (ServerAddressesNegativeTestJSON:setUpClass): 201 POST http://10.180.1.21/identity/v3/auth/tokens 0.061s
2024-10-09 02:17:52.832 62673 INFO tempest.lib.common.rest_client [req-f620f065-00a5-4c97-a72c-ebc8040d7016 req-f620f065-00a5-4c97-a72c-ebc8040d7016 ] Request (ServerRescueNegativeTestJSON:setUpClass): 200 PUT http://10.180.1.21:9696/networking/v2.0/routers/39072d52-92ee-4622-808a-3e021f10b85b/add_router_interface 1.289s
2024-10-09 02:17:52.833 62673 INFO tempest.lib.common.dynamic_creds [-] Created isolated network resources for: credentials: Credentials: {'domain_id': 'default', 'domain_name': 'Default', 'username': 'tempest-ServerRescueNegativeTestJSON-1015148898-project-member', 'project_domain_id': 'default', 'project_domain_name': 'Default', 'project_id': '66d888fe9de54ee1b7c2c5947816694a', 'project_name': 'tempest-ServerRescueNegativeTestJSON-1015148898', 'tenant_id': '66d888fe9de54ee1b7c2c5947816694a', 'tenant_name': 'tempest-ServerRescueNegativeTestJSON-1015148898', 'user_domain_id': 'default', 'user_domain_name': 'Default', 'user_id': '5069827c870c4d0fa08acc5a619a6892', 'system': None}, Network: {'id': '32e2420d-b54c-4ccb-af4f-c96ee136050a', 'name': 'tempest-ServerRescueNegativeTestJSON-1266244542-network', 'tenant_id': '66d888fe9de54ee1b7c2c5947816694a', 'admin_state_up': True, 'mtu': 8950, 'status': 'ACTIVE', 'subnets': [], 'shared': False, 'project_id': '66d888fe9de54ee1b7c2c5947816694a', 'port_security_enabled': True, 'router:external': False, 'provider:network_type': 'vlan', 'provider:physical_network': 'default', 'provider:segmentation_id': 147, 'is_default': False, 'availability_zone_hints': [], 'availability_zones': [], 'ipv4_address_scope': None, 'ipv6_address_scope': None, 'description': '', 'tags': [], 'created_at': '2024-10-09T02:17:49Z', 'updated_at': '2024-10-09T02:17:49Z', 'revision_number': 1}, Subnet: {'id': '56e97ca9-8ee8-4b8b-bc0d-0dd03b59fb7a', 'name': 'tempest-ServerRescueNegativeTestJSON-1266244542-subnet', 'tenant_id': '66d888fe9de54ee1b7c2c5947816694a', 'network_id': '32e2420d-b54c-4ccb-af4f-c96ee136050a', 'ip_version': 4, 'subnetpool_id': None, 'enable_dhcp': True, 'ipv6_ra_mode': None, 'ipv6_address_mode': None, 'gateway_ip': '192.168.128.1', 'cidr': '192.168.128.0/28', 'allocation_pools': [{'start': '192.168.128.2', 'end': '192.168.128.14'}], 'host_routes': [], 'dns_nameservers': [], 'description': '', 'router:external': False, 'service_types': [], 'tags': [], 'created_at': '2024-10-09T02:17:50Z', 'updated_at': '2024-10-09T02:17:50Z', 'revision_number': 0, 'project_id': '66d888fe9de54ee1b7c2c5947816694a'}, Router: {'id': '39072d52-92ee-4622-808a-3e021f10b85b', 'name': 'tempest-ServerRescueNegativeTestJSON-1266244542-router', 'tenant_id': '66d888fe9de54ee1b7c2c5947816694a', 'admin_state_up': True, 'status': 'ACTIVE', 'external_gateway_info': {'network_id': '02d218e0-d072-4c8e-a031-ecf371e81983', 'external_fixed_ips': [{'subnet_id': '06b7ffd8-4f93-4913-8bcb-a0b3b0df9bee', 'ip_address': '10.180.180.150'}], 'enable_snat': True}, 'description': '', 'availability_zones': [], 'distributed': False, 'ha': False, 'availability_zone_hints': [], 'routes': [], 'flavor_id': None, 'tags': [], 'created_at': '2024-10-09T02:17:50Z', 'updated_at': '2024-10-09T02:17:51Z', 'revision_number': 2, 'project_id': '66d888fe9de54ee1b7c2c5947816694a'}
2024-10-09 02:17:52.922 62673 INFO tempest.lib.common.rest_client [req-c1df5c76-b055-4e60-aef0-4fa94a699c7a req-c1df5c76-b055-4e60-aef0-4fa94a699c7a ] Request (ServerRescueNegativeTestJSON:setUpClass): 201 POST http://10.180.1.21/identity/v3/auth/tokens 0.086s
2024-10-09 02:17:52.947 62679 INFO tempest.lib.common.rest_client [req-28dcd0f4-a332-45a9-b725-d67d1fb14577 req-28dcd0f4-a332-45a9-b725-d67d1fb14577 ] Request (QuotasAdminTestV236:tearDownClass): 200 GET http://10.180.1.21:9696/networking/v2.0/security-groups?tenant_id=c60c8eb6d57d49868dab10480812834d&name=default 0.643s
2024-10-09 02:17:52.975 62673 INFO tempest.lib.common.rest_client [req-bef57f9d-73d3-4224-a061-afd89c52d7ee req-bef57f9d-73d3-4224-a061-afd89c52d7ee ] Request (ServerRescueNegativeTestJSON:setUpClass): 201 POST http://10.180.1.21/identity/v3/auth/tokens 0.048s
2024-10-09 02:17:52.976 62673 INFO tempest.lib.common.fixed_network [-] (ServerRescueNegativeTestJSON:setUpClass) Found network {'id': '32e2420d-b54c-4ccb-af4f-c96ee136050a', 'name': 'tempest-ServerRescueNegativeTestJSON-1266244542-network', 'tenant_id': '66d888fe9de54ee1b7c2c5947816694a', 'admin_state_up': True, 'mtu': 8950, 'status': 'ACTIVE', 'subnets': [], 'shared': False, 'project_id': '66d888fe9de54ee1b7c2c5947816694a', 'port_security_enabled': True, 'router:external': False, 'provider:network_type': 'vlan', 'provider:physical_network': 'default', 'provider:segmentation_id': 147, 'is_default': False, 'availability_zone_hints': [], 'availability_zones': [], 'ipv4_address_scope': None, 'ipv6_address_scope': None, 'description': '', 'tags': [], 'created_at': '2024-10-09T02:17:49Z', 'updated_at': '2024-10-09T02:17:49Z', 'revision_number': 1} available for tenant
2024-10-09 02:17:53.002 62675 INFO tempest.lib.common.rest_client [req-45fbefc1-41d2-4922-93fb-0e8a5c5f0c5f req-45fbefc1-41d2-4922-93fb-0e8a5c5f0c5f ] Request (ServerAddressesNegativeTestJSON:setUpClass): 201 POST http://10.180.1.21:9696/networking/v2.0/networks 0.477s
2024-10-09 02:17:53.138 62639 INFO tempest.lib.common.rest_client [req-f5ebdbc4-f6f7-43f3-bc1e-1bff6d152156 req-f5ebdbc4-f6f7-43f3-bc1e-1bff6d152156 ] Request (ServersV294TestFqdnHostnames:setUpClass): 202 POST http://10.180.1.21/compute/v2.1/servers 3.051s
2024-10-09 02:17:53.153 62679 INFO tempest.lib.common.rest_client [req-10309346-c313-4980-abea-53dc5b5c31ce req-10309346-c313-4980-abea-53dc5b5c31ce ] Request (QuotasAdminTestV236:tearDownClass): 204 DELETE http://10.180.1.21:9696/networking/v2.0/security-groups/3127cf61-191d-4a91-ba65-8ed959b438ad 0.205s
2024-10-09 02:17:53.244 62679 INFO tempest.lib.common.rest_client [req-ee597e3f-c9ab-4b4c-b101-a55ad5699621 req-ee597e3f-c9ab-4b4c-b101-a55ad5699621 ] Request (QuotasAdminTestV236:tearDownClass): 204 DELETE http://10.180.1.21/identity/v3/projects/c60c8eb6d57d49868dab10480812834d 0.091s
2024-10-09 02:17:53.336 62679 INFO tempest.lib.common.rest_client [req-b6b750d6-7b3f-4073-88e2-6028e9d979a1 req-b6b750d6-7b3f-4073-88e2-6028e9d979a1 ] Request (SecurityGroupsTestJSON:setUpClass): 201 POST http://10.180.1.21/identity/v3/auth/tokens 0.089s
2024-10-09 02:17:53.375 62679 INFO tempest.lib.common.rest_client [req-81c04e7f-b95f-4b71-858f-7d6c23ad08f5 req-81c04e7f-b95f-4b71-858f-7d6c23ad08f5 ] Request (SecurityGroupsTestJSON:setUpClass): 201 POST http://10.180.1.21/identity/v3/auth/tokens 0.034s
2024-10-09 02:17:53.412 62679 INFO tempest.lib.common.rest_client [req-67392fd9-a1d4-4c71-883d-ddab857bb570 req-67392fd9-a1d4-4c71-883d-ddab857bb570 ] Request (SecurityGroupsTestJSON:setUpClass): 200 GET http://10.180.1.21/identity/v3/domains?name=Default 0.036s
2024-10-09 02:17:53.447 62679 INFO tempest.lib.common.rest_client [req-aae5abfd-0c58-4c2e-9b86-b197d41902c7 req-aae5abfd-0c58-4c2e-9b86-b197d41902c7 ] Request (SecurityGroupsTestJSON:setUpClass): 201 POST http://10.180.1.21/identity/v3/projects 0.034s
2024-10-09 02:17:53.514 62672 INFO tempest.lib.common.rest_client [req-707b4fbc-8b28-4faf-a082-f108cde7952a req-707b4fbc-8b28-4faf-a082-f108cde7952a ] Request (ServersTestBootFromVolume:setUpClass): 200 GET http://10.180.1.21/volume/v3/a1524cc8cfd444e98436b96763444c8e/volumes/98319c2e-aa8a-40a2-8fd5-b1bd600c85f1 0.038s
2024-10-09 02:17:53.520 62679 INFO tempest.lib.common.rest_client [req-a77bdf7b-6818-43fb-a733-dd21d7a6366a req-a77bdf7b-6818-43fb-a733-dd21d7a6366a ] Request (SecurityGroupsTestJSON:setUpClass): 201 POST http://10.180.1.21/identity/v3/users 0.073s
2024-10-09 02:17:53.545 62679 INFO tempest.lib.common.rest_client [req-5f482e0b-db37-43b8-986c-f656d44ead8a req-5f482e0b-db37-43b8-986c-f656d44ead8a ] Request (SecurityGroupsTestJSON:setUpClass): 200 GET http://10.180.1.21/identity/v3/roles 0.025s
2024-10-09 02:17:53.576 62679 INFO tempest.lib.common.rest_client [req-01b7f953-0231-431f-92b2-95f8bf486790 req-01b7f953-0231-431f-92b2-95f8bf486790 ] Request (SecurityGroupsTestJSON:setUpClass): 204 PUT http://10.180.1.21/identity/v3/projects/2ebc1c1ed0bb404b89e59325535edecd/users/dfccdfd301334545aa0eaa796a955c43/roles/6a018f2a908f431a8f76f072ca998fe7 0.031s
2024-10-09 02:17:53.577 62679 INFO tempest.lib.common.dynamic_creds [-] Dynamic test user dfccdfd301334545aa0eaa796a955c43 is created with scope project and roles: ['member']
2024-10-09 02:17:53.577 62679 INFO tempest.lib.common.dynamic_creds [-] Acquired dynamic creds: credentials: Credentials: {'domain_id': 'default', 'domain_name': 'Default', 'username': 'tempest-SecurityGroupsTestJSON-827094486-project-member', 'project_domain_id': 'default', 'project_domain_name': 'Default', 'project_id': '2ebc1c1ed0bb404b89e59325535edecd', 'project_name': 'tempest-SecurityGroupsTestJSON-827094486', 'tenant_id': '2ebc1c1ed0bb404b89e59325535edecd', 'tenant_name': 'tempest-SecurityGroupsTestJSON-827094486', 'user_domain_id': 'default', 'user_domain_name': 'Default', 'user_id': 'dfccdfd301334545aa0eaa796a955c43', 'system': None}, Network: None, Subnet: None, Router: None
2024-10-09 02:17:53.652 62679 INFO tempest.lib.common.rest_client [req-976a04e1-f7ca-4e86-a414-e6e8bb3b76c8 req-976a04e1-f7ca-4e86-a414-e6e8bb3b76c8 ] Request (SecurityGroupsTestJSON:setUpClass): 201 POST http://10.180.1.21/identity/v3/auth/tokens 0.074s
2024-10-09 02:17:53.898 62651 INFO tempest.lib.common.rest_client [req-e8feaad6-fff7-4d84-8c36-531ac04f6f91 req-e8feaad6-fff7-4d84-8c36-531ac04f6f91 ] Request (DeleteServersTestJSON:test_delete_active_server): 200 GET http://10.180.1.21/compute/v2.1/servers/ca158bd7-98e3-4ce0-9873-02571f3d9497 3.040s
2024-10-09 02:17:53.905 62651 INFO tempest.common.waiters [-] State transition "BUILD/None" ==> "BUILD/networking" after 4 second wait
2024-10-09 02:17:54.010 62677 INFO tempest.lib.common.rest_client [req-1b87a4d0-a5bf-4484-9935-afbe949c6760 req-1b87a4d0-a5bf-4484-9935-afbe949c6760 ] Request (ServersTestJSON:setUpClass): 200 PUT http://10.180.1.21:9696/networking/v2.0/routers/8e0e1b73-1a68-4d21-94ee-26d5ade4eab1/add_router_interface 5.090s
