2024-10-09 02:18:10.526 62667 INFO tempest.lib.common.dynamic_creds [-] Created isolated network resources for: credentials: Credentials: {'domain_id': 'default', 'domain_name': 'Default', 'username': 'tempest-SecurityGroupsNegativeTestJSON-1591996947-project-member', 'project_domain_id': 'default', 'project_domain_name': 'Default', 'project_id': '3e01356f64124fa7b109ac3d8136519e', 'project_name': 'tempest-SecurityGroupsNegativeTestJSON-1591996947', 'tenant_id': '3e01356f64124fa7b109ac3d8136519e', 'tenant_name': 'tempest-SecurityGroupsNegativeTestJSON-1591996947', 'user_domain_id': 'default', 'user_domain_name': 'Default', 'user_id': '9a0316a8a5c343df8637e5304b573858', 'system': None}, Network: {'id': '2a4fd131-ece9-4b4f-99be-bc561b05811a', 'name': 'tempest-SecurityGroupsNegativeTestJSON-1144918873-network', 'tenant_id': '3e01356f64124fa7b109ac3d8136519e', 'admin_state_up': True, 'mtu': 8950, 'status': 'ACTIVE', 'subnets': [], 'shared': False, 'project_id': '3e01356f64124fa7b109ac3d8136519e', 'port_security_enabled': True, 'router:external': False, 'provider:network_type': 'vlan', 'provider:physical_network': 'default', 'provider:segmentation_id': 353, 'is_default': False, 'availability_zone_hints': [], 'availability_zones': [], 'ipv4_address_scope': None, 'ipv6_address_scope': None, 'description': '', 'tags': [], 'created_at': '2024-10-09T02:18:07Z', 'updated_at': '2024-10-09T02:18:07Z', 'revision_number': 1}, Subnet: {'id': 'd64823a3-6e9a-481f-8c28-ceb2ff20e7cb', 'name': 'tempest-SecurityGroupsNegativeTestJSON-1144918873-subnet', 'tenant_id': '3e01356f64124fa7b109ac3d8136519e', 'network_id': '2a4fd131-ece9-4b4f-99be-bc561b05811a', 'ip_version': 4, 'subnetpool_id': None, 'enable_dhcp': True, 'ipv6_ra_mode': None, 'ipv6_address_mode': None, 'gateway_ip': '192.168.128.1', 'cidr': '192.168.128.0/28', 'allocation_pools': [{'start': '192.168.128.2', 'end': '192.168.128.14'}], 'host_routes': [], 'dns_nameservers': [], 'description': '', 'router:external': False, 'service_types': [], 'tags': [], 'created_at': '2024-10-09T02:18:08Z', 'updated_at': '2024-10-09T02:18:08Z', 'revision_number': 0, 'project_id': '3e01356f64124fa7b109ac3d8136519e'}, Router: {'id': '7d690cee-bac8-4ca2-bf04-6a263619dbec', 'name': 'tempest-SecurityGroupsNegativeTestJSON-1144918873-router', 'tenant_id': '3e01356f64124fa7b109ac3d8136519e', 'admin_state_up': True, 'status': 'ACTIVE', 'external_gateway_info': {'network_id': '02d218e0-d072-4c8e-a031-ecf371e81983', 'external_fixed_ips': [{'subnet_id': '06b7ffd8-4f93-4913-8bcb-a0b3b0df9bee', 'ip_address': '10.180.180.146'}], 'enable_snat': True}, 'description': '', 'availability_zones': [], 'distributed': False, 'ha': False, 'availability_zone_hints': [], 'routes': [], 'flavor_id': None, 'tags': [], 'created_at': '2024-10-09T02:18:08Z', 'updated_at': '2024-10-09T02:18:09Z', 'revision_number': 2, 'project_id': '3e01356f64124fa7b109ac3d8136519e'}
2024-10-09 02:18:10.527 62638 INFO tempest.lib.common.rest_client [req-310e0ce6-19e7-4ac2-a513-646df873c378 req-310e0ce6-19e7-4ac2-a513-646df873c378 ] Request (TenantUsagesTestJSON:tearDownClass): 204 DELETE http://10.180.1.21/identity/v3/projects/f2ff7c9b2351466c817a5b0ac487d4c7 0.082s
2024-10-09 02:18:10.527 62638 INFO tempest.lib.common.dynamic_creds [-] Deleting project and security group for project: 3409987c5d8742d384727cce2ffef5b1
2024-10-09 02:18:10.532 62683 INFO tempest.lib.common.rest_client [req-a5f0a881-b1a7-4253-ba6e-bcc278c6aa28 req-a5f0a881-b1a7-4253-ba6e-bcc278c6aa28 ] Request (QuotasAdminTestJSON:test_delete_quota): 202 DELETE http://10.180.1.21/compute/v2.1/os-quota-sets/7300f82fbbc840c1b13cad006367d942 1.629s
2024-10-09 02:18:10.558 62665 INFO tempest.lib.common.rest_client [req-bf1ead37-7fb5-47a7-ba17-e6b95c93f727 req-bf1ead37-7fb5-47a7-ba17-e6b95c93f727 ] Request (AggregatesAdminNegativeTestJSON:test_aggregate_create_with_existent_aggregate_name): 200 POST http://10.180.1.21/compute/v2.1/os-aggregates 1.649s
2024-10-09 02:18:10.563 62638 INFO tempest.lib.common.rest_client [req-c76ded3d-6f0a-4d53-895d-7cacf765229f req-c76ded3d-6f0a-4d53-895d-7cacf765229f ] Request (TenantUsagesTestJSON:tearDownClass): 200 GET http://10.180.1.21:9696/networking/v2.0/security-groups?tenant_id=3409987c5d8742d384727cce2ffef5b1&name=default 0.036s
2024-10-09 02:18:10.613 62667 INFO tempest.lib.common.rest_client [req-05226e01-41c7-41e5-a8d2-4daf6ac76590 req-05226e01-41c7-41e5-a8d2-4daf6ac76590 ] Request (SecurityGroupsNegativeTestJSON:setUpClass): 201 POST http://10.180.1.21/identity/v3/auth/tokens 0.082s
2024-10-09 02:18:10.633 62669 INFO tempest.lib.common.rest_client [req-ba86cee0-f8ea-4d64-b863-0ed3689532f4 req-ba86cee0-f8ea-4d64-b863-0ed3689532f4 ] Request (HypervisorAdminNegativeTestJSON:tearDownClass): 204 DELETE http://10.180.1.21/identity/v3/users/1a5aee85010e462dbaf479457c1de24a 0.120s
2024-10-09 02:18:10.663 62638 INFO tempest.lib.common.rest_client [req-7b840657-d5e6-4230-abce-ac42b71a533a req-7b840657-d5e6-4230-abce-ac42b71a533a ] Request (TenantUsagesTestJSON:tearDownClass): 204 DELETE http://10.180.1.21:9696/networking/v2.0/security-groups/f1b4b5c0-9422-4a92-93d6-0c1e42c5238f 0.100s
2024-10-09 02:18:10.733 62669 INFO tempest.lib.common.rest_client [req-e80305b0-b20d-4bd4-a88a-549bdcf243b3 req-e80305b0-b20d-4bd4-a88a-549bdcf243b3 ] Request (HypervisorAdminNegativeTestJSON:tearDownClass): 204 DELETE http://10.180.1.21/identity/v3/users/5ce5413a7a654af6b05e9c0a86826b2d 0.099s
2024-10-09 02:18:10.733 62669 INFO tempest.lib.common.dynamic_creds [-] Deleting project and security group for project: c97265727ce04e8d97cc0ba844725010
2024-10-09 02:18:10.754 62663 INFO tempest.lib.common.rest_client [req-10494324-2191-4965-a7c3-5d1d74c34786 req-10494324-2191-4965-a7c3-5d1d74c34786 ] Request (FlavorsAccessNegativeTestJSON:test_flavor_non_admin_remove): 200 POST http://10.180.1.21/compute/v2.1/flavors/613207660/action 1.827s
2024-10-09 02:18:10.780 62625 INFO tempest.lib.common.rest_client [req-02c829a5-3647-4fb2-b0ce-52bbd4d78cec req-02c829a5-3647-4fb2-b0ce-52bbd4d78cec ] Request (ImagesDeleteNegativeTestJSON:test_delete_image_with_invalid_image_id): 404 DELETE http://10.180.1.21/compute/v2.1/images/tempest-invalid-724124401 1.835s
2024-10-09 02:18:10.782 62643 INFO tempest.lib.common.rest_client [req-b9cc27ab-d210-45cc-ac67-fc46d319a279 req-b9cc27ab-d210-45cc-ac67-fc46d319a279 ] Request (SecurityGroupsTestAdminJSON:_run_cleanups): 202 DELETE http://10.180.1.21/compute/v2.1/os-security-groups/c57f636f-44bb-4ccc-85a6-a3e401366259 1.950s
2024-10-09 02:18:10.826 62669 INFO tempest.lib.common.rest_client [req-c5ececeb-1059-4d8a-979a-b0ad948f05b5 req-c5ececeb-1059-4d8a-979a-b0ad948f05b5 ] Request (HypervisorAdminNegativeTestJSON:tearDownClass): 201 POST http://10.180.1.21/identity/v3/auth/tokens 0.092s
2024-10-09 02:18:10.852 62638 INFO tempest.lib.common.rest_client [req-b05b157a-561a-4f68-8e2e-1d6290561adc req-b05b157a-561a-4f68-8e2e-1d6290561adc ] Request (TenantUsagesTestJSON:tearDownClass): 204 DELETE http://10.180.1.21/identity/v3/projects/3409987c5d8742d384727cce2ffef5b1 0.188s
2024-10-09 02:18:10.878 62603 INFO tempest.lib.common.rest_client [req-dbecba9d-2225-4c55-8430-a86d4a07bf82 req-dbecba9d-2225-4c55-8430-a86d4a07bf82 ] Request (ServerDiagnosticsNegativeTest:test_get_server_diagnostics_by_non_admin): 200 GET http://10.180.1.21/compute/v2.1/servers/d4f4eb24-ea78-4ab1-9786-818ea7769342 1.561s
2024-10-09 02:18:10.902 62657 INFO tempest.lib.common.rest_client [req-c90dfd46-4977-488c-92e5-5d95fc61255f req-c90dfd46-4977-488c-92e5-5d95fc61255f ] Request (AttachInterfacesV270Test:tearDownClass): 200 PUT http://10.180.1.21:9696/networking/v2.0/routers/b780bd1d-3f48-4eb4-ba5e-eb6ade1a8935/remove_router_interface 1.323s
2024-10-09 02:18:10.934 62633 INFO tempest.lib.common.rest_client [req-8c346f2e-a8be-4d07-b188-816bbbb1dcf9 req-8c346f2e-a8be-4d07-b188-816bbbb1dcf9 ] Request (ServersWithSpecificFlavorTestJSON:test_verify_created_server_ephemeral_disk): 200 GET http://10.180.1.21/compute/v2.1/servers/be595c9e-703e-4246-ae1c-2c77b240cb19 1.550s
2024-10-09 02:18:10.975 62638 INFO tempest.lib.common.rest_client [req-bc411c6c-7a90-4704-868b-503ce637740d req-bc411c6c-7a90-4704-868b-503ce637740d ] Request (VolumesAdminNegativeTest:setUpClass): 201 POST http://10.180.1.21/identity/v3/auth/tokens 0.112s
2024-10-09 02:18:10.987 62635 INFO tempest.lib.common.rest_client [req-a09f95b8-d5dd-4cad-9685-64cd455b7cc9 req-a09f95b8-d5dd-4cad-9685-64cd455b7cc9 ] Request (ServicesAdminNegativeV253TestJSON:test_disable_log_reason_with_invalid_service_id): 404 PUT http://10.180.1.21/compute/v2.1/os-services/9a6281ee-346a-48eb-ad07-24de7dc339f5 1.823s
2024-10-09 02:18:10.999 62649 INFO tempest.lib.common.rest_client [req-57beb3fc-4881-4f0e-9a11-4629b1db9e41 req-57beb3fc-4881-4f0e-9a11-4629b1db9e41 ] Request (ServersAdminNegativeTestJSON:setUpClass): 200 GET http://10.180.1.21/compute/v2.1/servers/b434e59a-d9ed-4aa1-a5ac-212e3d3e9c0a 1.579s
2024-10-09 02:18:11.019 62638 INFO tempest.lib.common.rest_client [req-ef71e84f-5e96-42aa-b2c6-fa6c5c6d44ee req-ef71e84f-5e96-42aa-b2c6-fa6c5c6d44ee ] Request (VolumesAdminNegativeTest:setUpClass): 201 POST http://10.180.1.21/identity/v3/auth/tokens 0.041s
2024-10-09 02:18:11.050 62638 INFO tempest.lib.common.rest_client [req-b5c91267-d6b2-4e20-a176-d3ba4bd8e1ff req-b5c91267-d6b2-4e20-a176-d3ba4bd8e1ff ] Request (VolumesAdminNegativeTest:setUpClass): 200 GET http://10.180.1.21/identity/v3/domains?name=Default 0.031s
2024-10-09 02:18:11.066 62679 INFO tempest.lib.common.rest_client [req-c1b86fa2-3098-4fa8-a47d-df74f6bb4b4e req-c1b86fa2-3098-4fa8-a47d-df74f6bb4b4e ] Request (SecurityGroupsTestJSON:test_list_security_groups_by_server): 200 GET http://10.180.1.21/compute/v2.1/servers/4a99d2e8-7795-4016-ad6e-39a816c7fae1 1.516s
2024-10-09 02:18:11.072 62631 INFO tempest.lib.common.rest_client [req-85dad237-9325-4127-b759-c1ee012ec996 req-85dad237-9325-4127-b759-c1ee012ec996 ] Request (DeleteServersAdminTestJSON:test_admin_delete_servers_of_others): 200 GET http://10.180.1.21/compute/v2.1/servers/077b25b0-3586-4c56-81fa-526ff9c0ed1f 1.620s
2024-10-09 02:18:11.082 62638 INFO tempest.lib.common.rest_client [req-4e2eaa69-7f3c-4b26-a283-e8687571e45a req-4e2eaa69-7f3c-4b26-a283-e8687571e45a ] Request (VolumesAdminNegativeTest:setUpClass): 201 POST http://10.180.1.21/identity/v3/projects 0.031s
2024-10-09 02:18:11.137 62638 INFO tempest.lib.common.rest_client [req-c190503f-c18c-4737-a8e8-38be666c96ee req-c190503f-c18c-4737-a8e8-38be666c96ee ] Request (VolumesAdminNegativeTest:setUpClass): 201 POST http://10.180.1.21/identity/v3/users 0.054s
2024-10-09 02:18:11.137 62672 INFO tempest.lib.common.rest_client [req-65eab6fa-281d-4d13-ab56-844a48b8f77b req-65eab6fa-281d-4d13-ab56-844a48b8f77b ] Request (ServersTestBootFromVolume:setUpClass): 200 GET http://10.180.1.21/compute/v2.1/servers/317e7e7c-7c6f-4855-a433-e55ea5571b92 1.457s
2024-10-09 02:18:11.142 62627 INFO tempest.lib.common.rest_client [req-151b964f-460e-4297-9165-ed6639bc82fa req-151b964f-460e-4297-9165-ed6639bc82fa ] Request (ServerDiagnosticsV248Test:test_get_server_diagnostics): 200 GET http://10.180.1.21/compute/v2.1/servers/e514a72d-6b4d-46f9-935b-3535bed4afc2 1.449s
2024-10-09 02:18:11.167 62638 INFO tempest.lib.common.rest_client [req-88ce5d82-59d8-4131-a27d-f0a56f80aae4 req-88ce5d82-59d8-4131-a27d-f0a56f80aae4 ] Request (VolumesAdminNegativeTest:setUpClass): 200 GET http://10.180.1.21/identity/v3/roles 0.030s
2024-10-09 02:18:11.173 62669 INFO tempest.lib.common.rest_client [req-762f4f40-242a-43ea-8b46-978838990088 req-762f4f40-242a-43ea-8b46-978838990088 ] Request (HypervisorAdminNegativeTestJSON:tearDownClass): 200 GET http://10.180.1.21:9696/networking/v2.0/security-groups?tenant_id=c97265727ce04e8d97cc0ba844725010&name=default 0.347s
2024-10-09 02:18:11.195 62638 INFO tempest.lib.common.rest_client [req-8e2e3fdf-cfdc-4ffd-90f8-476098b164e1 req-8e2e3fdf-cfdc-4ffd-90f8-476098b164e1 ] Request (VolumesAdminNegativeTest:setUpClass): 204 PUT http://10.180.1.21/identity/v3/projects/83d39da6eb0541fea18f25acc9df3eef/users/effe2cfd64d44e32a258588162812cba/roles/6a018f2a908f431a8f76f072ca998fe7 0.027s
2024-10-09 02:18:11.195 62638 INFO tempest.lib.common.dynamic_creds [-] Dynamic test user effe2cfd64d44e32a258588162812cba is created with scope project and roles: ['member']
2024-10-09 02:18:11.195 62638 INFO tempest.lib.common.dynamic_creds [-] Acquired dynamic creds: credentials: Credentials: {'domain_id': 'default', 'domain_name': 'Default', 'username': 'tempest-VolumesAdminNegativeTest-1179907164-project-member', 'project_domain_id': 'default', 'project_domain_name': 'Default', 'project_id': '83d39da6eb0541fea18f25acc9df3eef', 'project_name': 'tempest-VolumesAdminNegativeTest-1179907164', 'tenant_id': '83d39da6eb0541fea18f25acc9df3eef', 'tenant_name': 'tempest-VolumesAdminNegativeTest-1179907164', 'user_domain_id': 'default', 'user_domain_name': 'Default', 'user_id': 'effe2cfd64d44e32a258588162812cba', 'system': None}, Network: None, Subnet: None, Router: None
2024-10-09 02:18:11.199 62645 INFO tempest.lib.common.rest_client [req-cdf354d8-27c5-4628-b76a-9b82f4ce3786 req-cdf354d8-27c5-4628-b76a-9b82f4ce3786 ] Request (MultipleCreateTestJSON:test_multiple_create): 200 GET http://10.180.1.21/compute/v2.1/servers/2abff399-f03d-4c62-ac0b-440ba54bec29 1.307s
2024-10-09 02:18:11.213 62629 INFO tempest.lib.common.rest_client [req-eb885827-8991-41e6-9708-eaf7efa0d921 req-eb885827-8991-41e6-9708-eaf7efa0d921 ] Request (ServerDiagnosticsTest:test_get_server_diagnostics): 200 GET http://10.180.1.21/compute/v2.1/servers/e075eece-534b-4d97-8c82-abb960ef1abe 1.270s
2024-10-09 02:18:11.261 62687 INFO tempest.lib.common.rest_client [req-c4d60b3f-13b9-4204-86b3-8ffbd4c19417 req-c4d60b3f-13b9-4204-86b3-8ffbd4c19417 ] Request (FloatingIPsTestJSON:test_delete_floating_ip): 404 GET http://10.180.1.21/compute/v2.1/os-floating-ips/33d1ba80-dbc9-4f70-a0a9-8dd9ceb7517a 0.762s
2024-10-09 02:18:11.268 62675 INFO tempest.lib.common.rest_client [req-f56d3231-b34b-4838-bebc-a73fa657f125 req-f56d3231-b34b-4838-bebc-a73fa657f125 ] Request (ServerAddressesNegativeTestJSON:setUpClass): 200 GET http://10.180.1.21/compute/v2.1/servers/0f1d83e7-bb40-4344-a344-2fc98efe8528 1.275s
2024-10-09 02:18:11.273 62638 INFO tempest.lib.common.rest_client [req-76b64bc3-1262-4c5c-96b4-e694ff281a67 req-76b64bc3-1262-4c5c-96b4-e694ff281a67 ] Request (VolumesAdminNegativeTest:setUpClass): 201 POST http://10.180.1.21/identity/v3/auth/tokens 0.077s
2024-10-09 02:18:11.298 62647 INFO tempest.lib.common.rest_client [req-b810ffa6-5118-48ec-860d-940275210c64 req-b810ffa6-5118-48ec-860d-940275210c64 ] Request (FlavorsAdminTestJSON:test_create_list_flavor_without_extra_data): 200 POST http://10.180.1.21/compute/v2.1/flavors 0.772s
2024-10-09 02:18:11.343 62669 INFO tempest.lib.common.rest_client [req-725534dd-dd05-4bb7-a276-3b0fd1899688 req-725534dd-dd05-4bb7-a276-3b0fd1899688 ] Request (HypervisorAdminNegativeTestJSON:tearDownClass): 204 DELETE http://10.180.1.21:9696/networking/v2.0/security-groups/b96b545c-e7ec-48da-be78-80f11f753ef7 0.169s
2024-10-09 02:18:11.469 62669 INFO tempest.lib.common.rest_client [req-2948b900-e5d6-4c03-85c3-3dfc80bb397c req-2948b900-e5d6-4c03-85c3-3dfc80bb397c ] Request (HypervisorAdminNegativeTestJSON:tearDownClass): 204 DELETE http://10.180.1.21/identity/v3/projects/c97265727ce04e8d97cc0ba844725010 0.125s
2024-10-09 02:18:11.469 62669 INFO tempest.lib.common.dynamic_creds [-] Deleting project and security group for project: fc307eb437b24b69ab27e97fbec77ee0
2024-10-09 02:18:11.485 62683 INFO tempest.lib.common.rest_client [req-2f62ca60-b93d-4420-8e75-a6c1b1b0bfdc req-2f62ca60-b93d-4420-8e75-a6c1b1b0bfdc ] Request (QuotasAdminTestJSON:test_delete_quota): 200 GET http://10.180.1.21/compute/v2.1/os-quota-sets/7300f82fbbc840c1b13cad006367d942 0.952s
2024-10-09 02:18:11.501 62657 INFO tempest.lib.common.rest_client [req-1852e821-1f96-49f6-8883-cd067a2771d4 req-1852e821-1f96-49f6-8883-cd067a2771d4 ] Request (AttachInterfacesV270Test:tearDownClass): 204 DELETE http://10.180.1.21:9696/networking/v2.0/routers/b780bd1d-3f48-4eb4-ba5e-eb6ade1a8935 0.599s
2024-10-09 02:18:11.506 62665 INFO tempest.lib.common.rest_client [req-9bc615d4-97f8-4829-9ff9-8d43884949f0 req-9bc615d4-97f8-4829-9ff9-8d43884949f0 ] Request (AggregatesAdminNegativeTestJSON:test_aggregate_create_with_existent_aggregate_name): 409 POST http://10.180.1.21/compute/v2.1/os-aggregates 0.945s
2024-10-09 02:18:11.561 62685 INFO tempest.lib.common.rest_client [req-2e790868-f5ff-44cc-8ed9-53526b38646d req-2e790868-f5ff-44cc-8ed9-53526b38646d ] Request (ImagesMetadataTestJSON:test_update_image_metadata): 200 POST http://10.180.1.21/compute/v2.1/images/6bab50a7-78b7-4404-aec9-f5655142cbba/metadata 1.056s
2024-10-09 02:18:11.601 62683 INFO tempest.lib.common.rest_client [req-c6d340aa-ec60-4c0a-ac5c-e99030327bfe req-c6d340aa-ec60-4c0a-ac5c-e99030327bfe ] Request (QuotasAdminTestJSON:_run_cleanups): 204 DELETE http://10.180.1.21/identity/v3/projects/7300f82fbbc840c1b13cad006367d942 0.114s
2024-10-09 02:18:11.636 62642 INFO tempest.lib.common.rest_client [req-36779445-4d00-40d8-b1d9-668ef7bf8338 req-36779445-4d00-40d8-b1d9-668ef7bf8338 ] Request (VolumesAssistedSnapshotsTest:test_volume_assisted_snapshot_create_delete): 200 GET http://10.180.1.21/compute/v2.1/servers/d0f3ba00-5eee-4ff6-8999-3a318c9f0121 0.986s
2024-10-09 02:18:11.653 62638 INFO tempest.lib.common.rest_client [req-dda021f3-76ee-4061-971b-b4dd56a20f53 req-dda021f3-76ee-4061-971b-b4dd56a20f53 ] Request (VolumesAdminNegativeTest:setUpClass): 201 POST http://10.180.1.21:9696/networking/v2.0/networks 0.380s
2024-10-09 02:18:11.686 62669 INFO tempest.lib.common.rest_client [req-12b38d03-e4ec-44a4-aae9-a5037f253297 req-12b38d03-e4ec-44a4-aae9-a5037f253297 ] Request (HypervisorAdminNegativeTestJSON:tearDownClass): 200 GET http://10.180.1.21:9696/networking/v2.0/security-groups?tenant_id=fc307eb437b24b69ab27e97fbec77ee0&name=default 0.216s
2024-10-09 02:18:11.703 62659 INFO tempest.lib.common.rest_client [req-59a389b7-3b6b-437d-bd10-7ff80aa3febb req-59a389b7-3b6b-437d-bd10-7ff80aa3febb ] Request (MigrationsAdminTest:test_list_migrations_in_flavor_resize_situation): 200 GET http://10.180.1.21/compute/v2.1/servers/b28550f5-4f8e-43ac-a020-c025586c6688 0.996s
2024-10-09 02:18:11.708 62657 INFO tempest.lib.common.rest_client [req-3adf0bf7-71d6-429e-9c87-9c5bee94b7cd req-3adf0bf7-71d6-429e-9c87-9c5bee94b7cd ] Request (AttachInterfacesV270Test:tearDownClass): 204 DELETE http://10.180.1.21:9696/networking/v2.0/subnets/050eed80-5ab9-48b5-a1b1-d5d2a341bbda 0.207s
2024-10-09 02:18:11.717 62667 INFO tempest.lib.common.rest_client [req-413295e2-540b-4c35-81d4-46eb8e1e768c req-413295e2-540b-4c35-81d4-46eb8e1e768c ] Request (SecurityGroupsNegativeTestJSON:test_delete_nonexistent_security_group): 404 DELETE http://10.180.1.21/compute/v2.1/os-security-groups/0f31ed67-6b8c-416a-bf63-25c4c2f0b703 1.103s
2024-10-09 02:18:11.726 62663 INFO tempest.lib.common.rest_client [req-c58fb69c-3408-4cee-8c70-f34abfc41b09 req-c58fb69c-3408-4cee-8c70-f34abfc41b09 ] Request (FlavorsAccessNegativeTestJSON:test_flavor_non_admin_remove): 403 POST http://10.180.1.21/compute/v2.1/flavors/613207660/action 0.970s
2024-10-09 02:18:11.743 62625 INFO tempest.lib.common.rest_client [req-3df8744c-23f4-4c4a-ac3b-5f982364ef41 req-3df8744c-23f4-4c4a-ac3b-5f982364ef41 ] Request (ImagesDeleteNegativeTestJSON:test_delete_non_existent_image): 404 DELETE http://10.180.1.21/compute/v2.1/images/ccb106ec-315a-46d7-870f-793d6aa55635 0.962s
2024-10-09 02:18:11.776 62661 INFO tempest.lib.common.rest_client [req-e7d925c9-9130-438c-af90-00eaa4d4837b req-e7d925c9-9130-438c-af90-00eaa4d4837b ] Request (FloatingIPsAssociationTestJSON:setUpClass): 200 GET http://10.180.1.21/compute/v2.1/servers/0a21307b-74e7-4c5d-95a3-0800915c51ff 1.034s
2024-10-09 02:18:11.865 62639 INFO tempest.lib.common.rest_client [req-abb68bb2-1f9d-4ee8-b511-7ae02c6e583c req-abb68bb2-1f9d-4ee8-b511-7ae02c6e583c ] Request (ServersV294TestFqdnHostnames:setUpClass): 200 GET http://10.180.1.21/compute/v2.1/servers/15703806-9f67-424d-aadb-634634810993 1.075s
2024-10-09 02:18:11.875 62639 INFO tempest.common.waiters [-] State transition "BUILD/None" ==> "BUILD/networking" after 15 second wait
2024-10-09 02:18:11.883 62625 INFO tempest.lib.common.rest_client [req-75773f50-5669-4555-bc60-1d0339b32e65 req-75773f50-5669-4555-bc60-1d0339b32e65 ] Request (ImagesDeleteNegativeTestJSON:tearDownClass): 204 DELETE http://10.180.1.21/identity/v3/users/9f279672bdc341f68631c68184963b39 0.138s
2024-10-09 02:18:11.883 62625 INFO tempest.lib.common.dynamic_creds [-] Deleting project and security group for project: ac1cd60f619343b8b7d3dca1673eaa85
2024-10-09 02:18:11.947 62625 INFO tempest.lib.common.rest_client [req-c3354281-8e0b-4b0a-a177-dbed47db7186 req-c3354281-8e0b-4b0a-a177-dbed47db7186 ] Request (ImagesDeleteNegativeTestJSON:tearDownClass): 201 POST http://10.180.1.21/identity/v3/auth/tokens 0.061s
2024-10-09 02:18:11.951 62655 INFO tempest.lib.common.rest_client [req-acdedc6f-de17-4933-ad38-83504d3dc858 req-acdedc6f-de17-4933-ad38-83504d3dc858 ] Request (ServersTestJSON:test_create_server_specify_multibyte_character_name): 200 GET http://10.180.1.21/compute/v2.1/servers/ce6b8f31-afee-4062-b860-d054c4d37be0 1.104s
2024-10-09 02:18:12.002 62657 INFO tempest.lib.common.rest_client [req-caff2850-85cd-4bd3-8fd9-f8a09bdd631a req-caff2850-85cd-4bd3-8fd9-f8a09bdd631a ] Request (AttachInterfacesV270Test:tearDownClass): 204 DELETE http://10.180.1.21:9696/networking/v2.0/networks/e4e0c22b-fb2e-4aca-9ed6-ae5ea7365a5a 0.294s
2024-10-09 02:18:12.023 62651 INFO tempest.lib.common.rest_client [req-4c33be73-dada-48bf-891e-b5280b53ac5b req-4c33be73-dada-48bf-891e-b5280b53ac5b ] Request (DeleteServersTestJSON:test_delete_active_server): 200 GET http://10.180.1.21/compute/v2.1/servers/ca158bd7-98e3-4ce0-9873-02571f3d9497 1.110s
2024-10-09 02:18:12.032 62669 INFO tempest.lib.common.rest_client [req-9b88f7f8-cac9-4c97-863a-21c861a51d64 req-9b88f7f8-cac9-4c97-863a-21c861a51d64 ] Request (HypervisorAdminNegativeTestJSON:tearDownClass): 204 DELETE http://10.180.1.21:9696/networking/v2.0/security-groups/5bb95a57-1f8d-443e-bfe5-0714d95ad208 0.345s
2024-10-09 02:18:12.091 62657 INFO tempest.lib.common.rest_client [req-c4b6d712-8ab8-4269-80e8-fda42e74d14a req-c4b6d712-8ab8-4269-80e8-fda42e74d14a ] Request (AttachInterfacesV270Test:tearDownClass): 204 DELETE http://10.180.1.21/identity/v3/users/974da90b66294f06b79136241cc3cfd8 0.087s
2024-10-09 02:18:12.091 62657 INFO tempest.lib.common.dynamic_creds [-] Deleting project and security group for project: ad9b1ba20af94ec6ae8819c24bb3f5a4
2024-10-09 02:18:12.092 62669 INFO tempest.lib.common.rest_client [req-3da413c9-e201-40e5-811a-2cb4fb00ba29 req-3da413c9-e201-40e5-811a-2cb4fb00ba29 ] Request (HypervisorAdminNegativeTestJSON:tearDownClass): 204 DELETE http://10.180.1.21/identity/v3/projects/fc307eb437b24b69ab27e97fbec77ee0 0.060s
2024-10-09 02:18:12.100 62673 INFO tempest.lib.common.rest_client [req-4757a24a-07c9-4d46-bb17-1db522e14554 req-4757a24a-07c9-4d46-bb17-1db522e14554 ] Request (ServerRescueNegativeTestJSON:setUpClass): 200 GET http://10.180.1.21/compute/v2.1/servers/9ddab157-12cf-4225-bc6f-e03ef9455d79 1.111s
2024-10-09 02:18:12.119 62635 INFO tempest.lib.common.rest_client [req-e32ffbb3-6c11-4036-9db8-41dac912df1e req-e32ffbb3-6c11-4036-9db8-41dac912df1e ] Request (ServicesAdminNegativeV253TestJSON:test_disable_service_with_invalid_service_id): 404 PUT http://10.180.1.21/compute/v2.1/os-services/9a6281ee-346a-48eb-ad07-24de7dc339f5 1.128s
2024-10-09 02:18:12.135 62643 INFO tempest.lib.common.rest_client [req-88ede3a1-cf75-418f-b4c0-ecf63998f684 req-88ede3a1-cf75-418f-b4c0-ecf63998f684 ] Request (SecurityGroupsTestAdminJSON:_run_cleanups): 202 DELETE http://10.180.1.21/compute/v2.1/os-security-groups/e54b799f-aaaa-4c51-8e2c-112ba61742c3 1.352s
2024-10-09 02:18:12.149 62657 INFO tempest.lib.common.rest_client [req-f99f2e4b-4a8b-4177-b116-2e08d490b093 req-f99f2e4b-4a8b-4177-b116-2e08d490b093 ] Request (AttachInterfacesV270Test:tearDownClass): 200 GET http://10.180.1.21:9696/networking/v2.0/security-groups?tenant_id=ad9b1ba20af94ec6ae8819c24bb3f5a4&name=default 0.057s
2024-10-09 02:18:12.150 62669 INFO tempest.lib.common.rest_client [req-e1901355-cb92-4260-98a2-7a76bad2dbe6 req-e1901355-cb92-4260-98a2-7a76bad2dbe6 ] Request (ServerShowV247Test:setUpClass): 201 POST http://10.180.1.21/identity/v3/auth/tokens 0.056s
2024-10-09 02:18:12.153 62625 INFO tempest.lib.common.rest_client [req-42158e1a-336b-4327-a54d-7eda1e286627 req-42158e1a-336b-4327-a54d-7eda1e286627 ] Request (ImagesDeleteNegativeTestJSON:tearDownClass): 200 GET http://10.180.1.21:9696/networking/v2.0/security-groups?tenant_id=ac1cd60f619343b8b7d3dca1673eaa85&name=default 0.205s
2024-10-09 02:18:12.178 62669 INFO tempest.lib.common.rest_client [req-be2b2977-3544-4560-bfa2-70b706562495 req-be2b2977-3544-4560-bfa2-70b706562495 ] Request (ServerShowV247Test:setUpClass): 201 POST http://10.180.1.21/identity/v3/auth/tokens 0.025s
2024-10-09 02:18:12.182 62687 INFO tempest.lib.common.rest_client [req-e7e40667-4609-4403-8719-3dbc7e85b92d req-e7e40667-4609-4403-8719-3dbc7e85b92d ] Request (FloatingIPsTestJSON:_run_cleanups): 404 DELETE http://10.180.1.21/compute/v2.1/os-floating-ips/33d1ba80-dbc9-4f70-a0a9-8dd9ceb7517a 0.921s
2024-10-09 02:18:12.199 62647 INFO tempest.lib.common.rest_client [req-c36e3a75-494e-41e4-b371-2a28101b286a req-c36e3a75-494e-41e4-b371-2a28101b286a ] Request (FlavorsAdminTestJSON:test_create_list_flavor_without_extra_data): 200 GET http://10.180.1.21/compute/v2.1/flavors/120630529 0.899s
2024-10-09 02:18:12.204 62638 INFO tempest.lib.common.rest_client [req-db4428f2-7371-43c7-9724-7c1f811ce5ec req-db4428f2-7371-43c7-9724-7c1f811ce5ec ] Request (VolumesAdminNegativeTest:setUpClass): 201 POST http://10.180.1.21:9696/networking/v2.0/subnets 0.550s
2024-10-09 02:18:12.205 62669 INFO tempest.lib.common.rest_client [req-d61c0d2d-136d-4a72-b7cd-a1fec19ca8cd req-d61c0d2d-136d-4a72-b7cd-a1fec19ca8cd ] Request (ServerShowV247Test:setUpClass): 200 GET http://10.180.1.21/identity/v3/domains?name=Default 0.026s
2024-10-09 02:18:12.212 62682 INFO tempest.lib.common.rest_client [req-ef9def68-38a5-4bc8-aea6-19cb284e9870 req-ef9def68-38a5-4bc8-aea6-19cb284e9870 ] Request (FloatingIPsAssociationNegativeTestJSON:setUpClass): 200 GET http://10.180.1.21/compute/v2.1/servers/e5fddcfc-df93-4c2b-ad5d-0d2f52b10aca 0.963s
2024-10-09 02:18:12.250 62665 INFO tempest.lib.common.rest_client [req-97e29adc-b9b9-401e-a8fd-2b5507fa3895 req-97e29adc-b9b9-401e-a8fd-2b5507fa3895 ] Request (AggregatesAdminNegativeTestJSON:_run_cleanups): 200 DELETE http://10.180.1.21/compute/v2.1/os-aggregates/4 0.743s
2024-10-09 02:18:12.251 62669 INFO tempest.lib.common.rest_client [req-3590dcbe-5c3d-4eaf-b3c2-1cff476a3c17 req-3590dcbe-5c3d-4eaf-b3c2-1cff476a3c17 ] Request (ServerShowV247Test:setUpClass): 201 POST http://10.180.1.21/identity/v3/projects 0.046s
2024-10-09 02:18:12.284 62677 INFO tempest.lib.common.rest_client [req-bfec4d13-fb28-46b3-b7d4-3cc641525e81 req-bfec4d13-fb28-46b3-b7d4-3cc641525e81 ] Request (ServersTestJSON:setUpClass): 200 GET http://10.180.1.21/compute/v2.1/servers/759d9575-84bf-4dec-846a-e63126dae49c 0.973s
2024-10-09 02:18:12.300 62685 INFO tempest.lib.common.rest_client [req-35e4778d-3829-461b-bff9-f714b386e60e req-35e4778d-3829-461b-bff9-f714b386e60e ] Request (ImagesMetadataTestJSON:test_update_image_metadata): 200 GET http://10.180.1.21/compute/v2.1/images/6bab50a7-78b7-4404-aec9-f5655142cbba/metadata 0.738s
2024-10-09 02:18:12.303 62667 INFO tempest.lib.common.rest_client [req-81b3e8ba-9775-41b6-a399-04002321c2c3 req-81b3e8ba-9775-41b6-a399-04002321c2c3 ] Request (SecurityGroupsNegativeTestJSON:test_delete_security_group_without_passing_id): 404 DELETE http://10.180.1.21/compute/v2.1/os-security-groups/ 0.583s
2024-10-09 02:18:12.318 62669 INFO tempest.lib.common.rest_client [req-d3e2aa3c-5ade-4f9c-a62d-fead74392dd5 req-d3e2aa3c-5ade-4f9c-a62d-fead74392dd5 ] Request (ServerShowV247Test:setUpClass): 201 POST http://10.180.1.21/identity/v3/users 0.066s
2024-10-09 02:18:12.340 62669 INFO tempest.lib.common.rest_client [req-6b6905c7-ffe9-445e-bdb6-051e8a1eea67 req-6b6905c7-ffe9-445e-bdb6-051e8a1eea67 ] Request (ServerShowV247Test:setUpClass): 200 GET http://10.180.1.21/identity/v3/roles 0.022s
2024-10-09 02:18:12.382 62685 INFO tempest.lib.common.rest_client [req-a728c961-c657-4c18-88d0-81a043adafcb req-a728c961-c657-4c18-88d0-81a043adafcb ] Request (ImagesMetadataTestJSON:tearDownClass): 204 DELETE http://10.180.1.21/image/v2/images/6bab50a7-78b7-4404-aec9-f5655142cbba 0.079s
2024-10-09 02:18:12.417 62683 INFO tempest.lib.common.rest_client [req-13272184-0d3c-47fb-8d69-b3c59ab2de38 req-13272184-0d3c-47fb-8d69-b3c59ab2de38 ] Request (QuotasAdminTestJSON:test_get_default_quotas): 200 GET http://10.180.1.21/compute/v2.1/os-quota-sets/9a5253b89acd4cd598b3616f9680b404/defaults 0.814s
2024-10-09 02:18:12.432 62669 INFO tempest.lib.common.rest_client [req-e61a704e-9ad7-4e9f-9cb1-8b8a6e60b660 req-e61a704e-9ad7-4e9f-9cb1-8b8a6e60b660 ] Request (ServerShowV247Test:setUpClass): 204 PUT http://10.180.1.21/identity/v3/projects/c9ccdcaa831a4817be52284d9faeec76/users/d9cff070c98c40dea7e30cee8e5e0069/roles/6a018f2a908f431a8f76f072ca998fe7 0.091s
2024-10-09 02:18:12.432 62669 INFO tempest.lib.common.dynamic_creds [-] Dynamic test user d9cff070c98c40dea7e30cee8e5e0069 is created with scope project and roles: ['member']
2024-10-09 02:18:12.432 62669 INFO tempest.lib.common.dynamic_creds [-] Acquired dynamic creds: credentials: Credentials: {'domain_id': 'default', 'domain_name': 'Default', 'username': 'tempest-ServerShowV247Test-1343836024-project-member', 'project_domain_id': 'default', 'project_domain_name': 'Default', 'project_id': 'c9ccdcaa831a4817be52284d9faeec76', 'project_name': 'tempest-ServerShowV247Test-1343836024', 'tenant_id': 'c9ccdcaa831a4817be52284d9faeec76', 'tenant_name': 'tempest-ServerShowV247Test-1343836024', 'user_domain_id': 'default', 'user_domain_name': 'Default', 'user_id': 'd9cff070c98c40dea7e30cee8e5e0069', 'system': None}, Network: None, Subnet: None, Router: None
2024-10-09 02:18:12.432 62669 INFO tempest.lib.common.dynamic_creds [-] Created isolated network resources for: credentials: Credentials: {'domain_id': 'default', 'domain_name': 'Default', 'username': 'tempest-ServerShowV247Test-1343836024-project-member', 'project_domain_id': 'default', 'project_domain_name': 'Default', 'project_id': 'c9ccdcaa831a4817be52284d9faeec76', 'project_name': 'tempest-ServerShowV247Test-1343836024', 'tenant_id': 'c9ccdcaa831a4817be52284d9faeec76', 'tenant_name': 'tempest-ServerShowV247Test-1343836024', 'user_domain_id': 'default', 'user_domain_name': 'Default', 'user_id': 'd9cff070c98c40dea7e30cee8e5e0069', 'system': None}, Network: None, Subnet: None, Router: None
2024-10-09 02:18:12.490 62603 INFO tempest.lib.common.rest_client [req-72183bf3-d6a7-44ef-ba81-f6305cd77689 req-72183bf3-d6a7-44ef-ba81-f6305cd77689 ] Request (ServerDiagnosticsNegativeTest:test_get_server_diagnostics_by_non_admin): 200 GET http://10.180.1.21/compute/v2.1/servers/d4f4eb24-ea78-4ab1-9786-818ea7769342 0.604s
2024-10-09 02:18:12.504 62663 INFO tempest.lib.common.rest_client [req-44987baf-aeee-4a63-8342-ec60ba2a1562 req-44987baf-aeee-4a63-8342-ec60ba2a1562 ] Request (FlavorsAccessNegativeTestJSON:_run_cleanups): 200 POST http://10.180.1.21/compute/v2.1/flavors/613207660/action 0.777s
2024-10-09 02:18:12.543 62685 INFO tempest.lib.common.rest_client [req-7f84d262-69e4-48b5-8998-1e268eed43f1 req-7f84d262-69e4-48b5-8998-1e268eed43f1 ] Request (ImagesMetadataTestJSON:tearDownClass): 204 DELETE http://10.180.1.21/identity/v3/users/9d8b5b45dfa04059ad6a74e103a195b4 0.160s
2024-10-09 02:18:12.543 62685 INFO tempest.lib.common.dynamic_creds [-] Deleting project and security group for project: e8d9dadcc224425f9f863d75da647b0e
2024-10-09 02:18:12.567 62683 INFO tempest.lib.common.rest_client [req-9192195a-bc6b-4586-ba1e-2cd11c2fb8b4 req-9192195a-bc6b-4586-ba1e-2cd11c2fb8b4 ] Request (QuotasAdminTestJSON:test_get_updated_quotas): 200 GET http://10.180.1.21/identity/v3/domains?name=Default 0.146s
2024-10-09 02:18:12.569 62625 INFO tempest.lib.common.rest_client [req-bf01585d-3aaa-4588-ac86-4ed6ab88fe91 req-bf01585d-3aaa-4588-ac86-4ed6ab88fe91 ] Request (ImagesDeleteNegativeTestJSON:tearDownClass): 204 DELETE http://10.180.1.21:9696/networking/v2.0/security-groups/bc602e5b-5f00-42b8-a742-e72f60b16e98 0.416s
2024-10-09 02:18:12.569 62633 INFO tempest.lib.common.rest_client [req-46fac049-9f38-46c5-9578-eb7646a2b005 req-46fac049-9f38-46c5-9578-eb7646a2b005 ] Request (ServersWithSpecificFlavorTestJSON:test_verify_created_server_ephemeral_disk): 200 GET http://10.180.1.21/compute/v2.1/servers/be595c9e-703e-4246-ae1c-2c77b240cb19 0.629s
2024-10-09 02:18:12.573 62657 INFO tempest.lib.common.rest_client [req-190d1653-c1dd-4ccf-8d6b-e43e03d39bf7 req-190d1653-c1dd-4ccf-8d6b-e43e03d39bf7 ] Request (AttachInterfacesV270Test:tearDownClass): 204 DELETE http://10.180.1.21:9696/networking/v2.0/security-groups/c89eb287-9fa1-42fb-9b97-acffb231f771 0.423s
2024-10-09 02:18:12.595 62649 INFO tempest.lib.common.rest_client [req-39aec879-0ba5-4564-88f0-d7b21152243d req-39aec879-0ba5-4564-88f0-d7b21152243d ] Request (ServersAdminNegativeTestJSON:setUpClass): 200 GET http://10.180.1.21/compute/v2.1/servers/b434e59a-d9ed-4aa1-a5ac-212e3d3e9c0a 0.584s
2024-10-09 02:18:12.613 62669 INFO tempest.lib.common.rest_client [req-c94ce7b3-13b2-4cbf-b5ce-857549c6ac14 req-c94ce7b3-13b2-4cbf-b5ce-857549c6ac14 ] Request (ServerShowV247Test:setUpClass): 201 POST http://10.180.1.21/identity/v3/auth/tokens 0.175s
2024-10-09 02:18:12.627 62685 INFO tempest.lib.common.rest_client [req-cd5299a9-8ba1-47a2-96d7-911a1dd0ad4b req-cd5299a9-8ba1-47a2-96d7-911a1dd0ad4b ] Request (ImagesMetadataTestJSON:tearDownClass): 201 POST http://10.180.1.21/identity/v3/auth/tokens 0.083s
2024-10-09 02:18:12.648 62679 INFO tempest.lib.common.rest_client [req-f9697f53-d64c-45f3-9782-d508dbc5feb5 req-f9697f53-d64c-45f3-9782-d508dbc5feb5 ] Request (SecurityGroupsTestJSON:test_list_security_groups_by_server): 200 GET http://10.180.1.21/compute/v2.1/servers/4a99d2e8-7795-4016-ad6e-39a816c7fae1 0.574s
2024-10-09 02:18:12.662 62631 INFO tempest.lib.common.rest_client [req-53788d6f-5f0f-4654-ad1b-628d2669730b req-53788d6f-5f0f-4654-ad1b-628d2669730b ] Request (DeleteServersAdminTestJSON:test_admin_delete_servers_of_others): 200 GET http://10.180.1.21/compute/v2.1/servers/077b25b0-3586-4c56-81fa-526ff9c0ed1f 0.580s
2024-10-09 02:18:12.672 62635 INFO tempest.lib.common.rest_client [req-dd43f6ce-47e0-46ea-8c9c-7ccaf3d3505a req-dd43f6ce-47e0-46ea-8c9c-7ccaf3d3505a ] Request (ServicesAdminNegativeV253TestJSON:test_enable_service_with_invalid_service_id): 404 PUT http://10.180.1.21/compute/v2.1/os-services/9a6281ee-346a-48eb-ad07-24de7dc339f5 0.551s
2024-10-09 02:18:12.694 62683 INFO tempest.lib.common.rest_client [req-e4c2a869-12c2-4e25-9a04-acfe95c9be3b req-e4c2a869-12c2-4e25-9a04-acfe95c9be3b ] Request (QuotasAdminTestJSON:test_get_updated_quotas): 201 POST http://10.180.1.21/identity/v3/projects 0.126s
2024-10-09 02:18:12.698 62625 INFO tempest.lib.common.rest_client [req-efa04709-128a-4946-8cde-e0fc0e17f935 req-efa04709-128a-4946-8cde-e0fc0e17f935 ] Request (ImagesDeleteNegativeTestJSON:tearDownClass): 204 DELETE http://10.180.1.21/identity/v3/projects/ac1cd60f619343b8b7d3dca1673eaa85 0.128s
2024-10-09 02:18:12.738 62672 INFO tempest.lib.common.rest_client [req-e55b473b-6784-4960-a2fc-88cfe7649939 req-e55b473b-6784-4960-a2fc-88cfe7649939 ] Request (ServersTestBootFromVolume:setUpClass): 200 GET http://10.180.1.21/compute/v2.1/servers/317e7e7c-7c6f-4855-a433-e55ea5571b92 0.591s
2024-10-09 02:18:12.740 62669 INFO tempest.lib.common.rest_client [req-b3453332-0bb1-4abe-b4fd-c343c3c9f215 req-b3453332-0bb1-4abe-b4fd-c343c3c9f215 ] Request (ServerShowV247Test:setUpClass): 200 GET http://10.180.1.21/identity/v3/projects/c9ccdcaa831a4817be52284d9faeec76 0.126s
2024-10-09 02:18:12.740 62669 INFO tempest.lib.common.dynamic_creds [-] Using the existing project c9ccdcaa831a4817be52284d9faeec76 for scope project and roles: ['reader']
2024-10-09 02:18:12.782 62657 INFO tempest.lib.common.rest_client [req-3b1eb5b4-901d-4e22-81a5-c045b00b5c48 req-3b1eb5b4-901d-4e22-81a5-c045b00b5c48 ] Request (AttachInterfacesV270Test:tearDownClass): 204 DELETE http://10.180.1.21/identity/v3/projects/ad9b1ba20af94ec6ae8819c24bb3f5a4 0.209s
2024-10-09 02:18:12.831 62683 INFO tempest.lib.common.rest_client [req-7f8aa406-bb5e-4afb-a5c2-688f8c7a5a12 req-7f8aa406-bb5e-4afb-a5c2-688f8c7a5a12 ] Request (QuotasAdminTestJSON:test_get_updated_quotas): 200 GET http://10.180.1.21/identity/v3/domains?name=Default 0.137s
2024-10-09 02:18:12.842 62627 INFO tempest.lib.common.rest_client [req-10863a54-cf7c-4d00-a521-d46107c13913 req-10863a54-cf7c-4d00-a521-d46107c13913 ] Request (ServerDiagnosticsV248Test:test_get_server_diagnostics): 200 GET http://10.180.1.21/compute/v2.1/servers/e514a72d-6b4d-46f9-935b-3535bed4afc2 0.690s
2024-10-09 02:18:12.860 62625 INFO tempest.lib.common.rest_client [req-b06286a8-76d2-48b9-8b2a-269f26c23645 req-b06286a8-76d2-48b9-8b2a-269f26c23645 ] Request (ServerActionsTestOtherB:setUpClass): 201 POST http://10.180.1.21/identity/v3/auth/tokens 0.161s
2024-10-09 02:18:12.886 62669 INFO tempest.lib.common.rest_client [req-825525b0-bed7-4a37-b885-485dddc6e94a req-825525b0-bed7-4a37-b885-485dddc6e94a ] Request (ServerShowV247Test:setUpClass): 201 POST http://10.180.1.21/identity/v3/users 0.144s
2024-10-09 02:18:12.892 62657 INFO tempest.lib.common.rest_client [req-9e321f8c-cf93-4928-bac7-14e043a22774 req-9e321f8c-cf93-4928-bac7-14e043a22774 ] Request (ServersTestManualDisk:setUpClass): 201 POST http://10.180.1.21/identity/v3/auth/tokens 0.107s
2024-10-09 02:18:12.917 62625 INFO tempest.lib.common.rest_client [req-7a57cb98-87da-49a4-ad06-3ab5111f4d12 req-7a57cb98-87da-49a4-ad06-3ab5111f4d12 ] Request (ServerActionsTestOtherB:setUpClass): 201 POST http://10.180.1.21/identity/v3/auth/tokens 0.053s
2024-10-09 02:18:12.931 62669 INFO tempest.lib.common.rest_client [req-b1686b72-2a1a-47f5-b060-c38dc0ddf855 req-b1686b72-2a1a-47f5-b060-c38dc0ddf855 ] Request (ServerShowV247Test:setUpClass): 200 GET http://10.180.1.21/identity/v3/roles 0.045s
2024-10-09 02:18:12.956 62657 INFO tempest.lib.common.rest_client [req-b7432ebf-63dd-45d5-a6ac-bea91d4c0b2d req-b7432ebf-63dd-45d5-a6ac-bea91d4c0b2d ] Request (ServersTestManualDisk:setUpClass): 201 POST http://10.180.1.21/identity/v3/auth/tokens 0.062s
2024-10-09 02:18:12.977 62625 INFO tempest.lib.common.rest_client [req-6e4def25-9f25-4f82-b914-0f25bb3e3266 req-6e4def25-9f25-4f82-b914-0f25bb3e3266 ] Request (ServerActionsTestOtherB:setUpClass): 200 GET http://10.180.1.21/identity/v3/domains?name=Default 0.056s
2024-10-09 02:18:12.979 62643 INFO tempest.lib.common.rest_client [req-f47e8ee6-6827-4023-97be-32310f5b469f req-f47e8ee6-6827-4023-97be-32310f5b469f ] Request (SecurityGroupsTestAdminJSON:_run_cleanups): 202 DELETE http://10.180.1.21/compute/v2.1/os-security-groups/2171f499-3b6f-4eb6-a137-ced862eee8dc 0.843s
2024-10-09 02:18:12.992 62657 INFO tempest.lib.common.rest_client [req-c4b33b5d-5d92-4891-aa8e-740944e1998f req-c4b33b5d-5d92-4891-aa8e-740944e1998f ] Request (ServersTestManualDisk:setUpClass): 200 GET http://10.180.1.21/identity/v3/domains?name=Default 0.036s
2024-10-09 02:18:12.999 62669 INFO tempest.lib.common.rest_client [req-9d6a114d-27c2-4d53-9a99-eccc3dd73d5d req-9d6a114d-27c2-4d53-9a99-eccc3dd73d5d ] Request (ServerShowV247Test:setUpClass): 204 PUT http://10.180.1.21/identity/v3/projects/c9ccdcaa831a4817be52284d9faeec76/users/4b5b05c19e3e4e0cb592228a9be1967a/roles/fdce35e7527a48119bbd10dcd9700dfd 0.067s
2024-10-09 02:18:12.999 62669 INFO tempest.lib.common.dynamic_creds [-] Dynamic test user 4b5b05c19e3e4e0cb592228a9be1967a is created with scope project and roles: ['reader']
2024-10-09 02:18:12.999 62669 INFO tempest.lib.common.dynamic_creds [-] Acquired dynamic creds: credentials: Credentials: {'domain_id': 'default', 'domain_name': 'Default', 'username': 'tempest-ServerShowV247Test-1343836024-project-reader', 'project_domain_id': 'default', 'project_domain_name': 'Default', 'project_id': 'c9ccdcaa831a4817be52284d9faeec76', 'project_name': 'tempest-ServerShowV247Test-1343836024', 'tenant_id': 'c9ccdcaa831a4817be52284d9faeec76', 'tenant_name': 'tempest-ServerShowV247Test-1343836024', 'user_domain_id': 'default', 'user_domain_name': 'Default', 'user_id': '4b5b05c19e3e4e0cb592228a9be1967a', 'system': None}, Network: None, Subnet: None, Router: None
2024-10-09 02:18:12.999 62669 INFO tempest.lib.common.dynamic_creds [-] Network resources are not created for requested scope: project and credentials: Credentials: {'domain_id': 'default', 'domain_name': 'Default', 'username': 'tempest-ServerShowV247Test-1343836024-project-reader', 'project_domain_id': 'default', 'project_domain_name': 'Default', 'project_id': 'c9ccdcaa831a4817be52284d9faeec76', 'project_name': 'tempest-ServerShowV247Test-1343836024', 'tenant_id': 'c9ccdcaa831a4817be52284d9faeec76', 'tenant_name': 'tempest-ServerShowV247Test-1343836024', 'user_domain_id': 'default', 'user_domain_name': 'Default', 'user_id': '4b5b05c19e3e4e0cb592228a9be1967a', 'system': None}, Network: None, Subnet: None, Router: None
2024-10-09 02:18:13.008 62647 INFO tempest.lib.common.rest_client [req-490744cd-bcea-48e5-86dd-9474eae850bd req-490744cd-bcea-48e5-86dd-9474eae850bd ] Request (FlavorsAdminTestJSON:test_create_list_flavor_without_extra_data): 200 GET http://10.180.1.21/compute/v2.1/flavors/detail 0.807s
2024-10-09 02:18:13.023 62625 INFO tempest.lib.common.rest_client [req-a189580a-0578-43e6-bd80-692fb6599812 req-a189580a-0578-43e6-bd80-692fb6599812 ] Request (ServerActionsTestOtherB:setUpClass): 201 POST http://10.180.1.21/identity/v3/projects 0.046s
2024-10-09 02:18:13.027 62685 INFO tempest.lib.common.rest_client [req-8f2b6a78-4561-41ee-a4e3-60b803d8c694 req-8f2b6a78-4561-41ee-a4e3-60b803d8c694 ] Request (ImagesMetadataTestJSON:tearDownClass): 200 GET http://10.180.1.21:9696/networking/v2.0/security-groups?tenant_id=e8d9dadcc224425f9f863d75da647b0e&name=default 0.400s
2024-10-09 02:18:13.079 62669 INFO tempest.lib.common.rest_client [req-c8bdf6b4-f931-4eed-b438-971a597602b1 req-c8bdf6b4-f931-4eed-b438-971a597602b1 ] Request (ServerShowV247Test:setUpClass): 201 POST http://10.180.1.21/identity/v3/auth/tokens 0.072s
2024-10-09 02:18:13.094 62657 INFO tempest.lib.common.rest_client [req-89d6fa62-f8c8-46a4-a130-6a2133fe6fa9 req-89d6fa62-f8c8-46a4-a130-6a2133fe6fa9 ] Request (ServersTestManualDisk:setUpClass): 201 POST http://10.180.1.21/identity/v3/projects 0.102s
2024-10-09 02:18:13.101 62625 INFO tempest.lib.common.rest_client [req-68fda9db-3101-4743-89da-0ffbb8dfe2d7 req-68fda9db-3101-4743-89da-0ffbb8dfe2d7 ] Request (ServerActionsTestOtherB:setUpClass): 201 POST http://10.180.1.21/identity/v3/users 0.077s
2024-10-09 02:18:13.141 62669 INFO tempest.lib.common.rest_client [req-0db8ba17-2a22-4ec1-ab1a-9a471bdead0d req-0db8ba17-2a22-4ec1-ab1a-9a471bdead0d ] Request (ServerShowV247Test:test_show_server): 201 POST http://10.180.1.21/identity/v3/auth/tokens 0.055s
2024-10-09 02:18:13.142 62669 INFO tempest.lib.common.fixed_network [-] (ServerShowV247Test:test_show_server) Found network None available for tenant
2024-10-09 02:18:13.151 62657 INFO tempest.lib.common.rest_client [req-6e725078-5e1e-459f-9818-43f85656ec16 req-6e725078-5e1e-459f-9818-43f85656ec16 ] Request (ServersTestManualDisk:setUpClass): 201 POST http://10.180.1.21/identity/v3/users 0.056s
2024-10-09 02:18:13.158 62625 INFO tempest.lib.common.rest_client [req-09f52ef8-52e0-4eb1-b668-e43046901ad3 req-09f52ef8-52e0-4eb1-b668-e43046901ad3 ] Request (ServerActionsTestOtherB:setUpClass): 200 GET http://10.180.1.21/identity/v3/roles 0.056s
2024-10-09 02:18:13.166 62657 INFO tempest.lib.common.rest_client [req-d00fc79f-653e-4f1c-a092-d47ab4e26ad0 req-d00fc79f-653e-4f1c-a092-d47ab4e26ad0 ] Request (ServersTestManualDisk:setUpClass): 200 GET http://10.180.1.21/identity/v3/roles 0.014s
2024-10-09 02:18:13.186 62625 INFO tempest.lib.common.rest_client [req-63f9c95a-fdd7-4fde-a1c8-1c94357e3365 req-63f9c95a-fdd7-4fde-a1c8-1c94357e3365 ] Request (ServerActionsTestOtherB:setUpClass): 204 PUT http://10.180.1.21/identity/v3/projects/0730f863135b4f819b381e385dc30e56/users/bc2a16eb9c544ccdb7df43bdd542e416/roles/6a018f2a908f431a8f76f072ca998fe7 0.027s
2024-10-09 02:18:13.186 62625 INFO tempest.lib.common.dynamic_creds [-] Dynamic test user bc2a16eb9c544ccdb7df43bdd542e416 is created with scope project and roles: ['member']
2024-10-09 02:18:13.187 62625 INFO tempest.lib.common.dynamic_creds [-] Acquired dynamic creds: credentials: Credentials: {'domain_id': 'default', 'domain_name': 'Default', 'username': 'tempest-ServerActionsTestOtherB-1036312694-project-member', 'project_domain_id': 'default', 'project_domain_name': 'Default', 'project_id': '0730f863135b4f819b381e385dc30e56', 'project_name': 'tempest-ServerActionsTestOtherB-1036312694', 'tenant_id': '0730f863135b4f819b381e385dc30e56', 'tenant_name': 'tempest-ServerActionsTestOtherB-1036312694', 'user_domain_id': 'default', 'user_domain_name': 'Default', 'user_id': 'bc2a16eb9c544ccdb7df43bdd542e416', 'system': None}, Network: None, Subnet: None, Router: None
2024-10-09 02:18:13.193 62657 INFO tempest.lib.common.rest_client [req-4611f466-f069-4fcd-a701-5c56b6d6a2ff req-4611f466-f069-4fcd-a701-5c56b6d6a2ff ] Request (ServersTestManualDisk:setUpClass): 204 PUT http://10.180.1.21/identity/v3/projects/079d069fcb7446bfafc1fdcf283b27ab/users/e85ad9e3f4d14f80a246bdb1069b652b/roles/6a018f2a908f431a8f76f072ca998fe7 0.026s
2024-10-09 02:18:13.193 62657 INFO tempest.lib.common.dynamic_creds [-] Dynamic test user e85ad9e3f4d14f80a246bdb1069b652b is created with scope project and roles: ['member']
2024-10-09 02:18:13.193 62657 INFO tempest.lib.common.dynamic_creds [-] Acquired dynamic creds: credentials: Credentials: {'domain_id': 'default', 'domain_name': 'Default', 'username': 'tempest-ServersTestManualDisk-899014057-project-member', 'project_domain_id': 'default', 'project_domain_name': 'Default', 'project_id': '079d069fcb7446bfafc1fdcf283b27ab', 'project_name': 'tempest-ServersTestManualDisk-899014057', 'tenant_id': '079d069fcb7446bfafc1fdcf283b27ab', 'tenant_name': 'tempest-ServersTestManualDisk-899014057', 'user_domain_id': 'default', 'user_domain_name': 'Default', 'user_id': 'e85ad9e3f4d14f80a246bdb1069b652b', 'system': None}, Network: None, Subnet: None, Router: None
2024-10-09 02:18:13.199 62685 INFO tempest.lib.common.rest_client [req-d51ec0b5-2bbb-48d9-aca1-7c8bdfb380e4 req-d51ec0b5-2bbb-48d9-aca1-7c8bdfb380e4 ] Request (ImagesMetadataTestJSON:tearDownClass): 204 DELETE http://10.180.1.21:9696/networking/v2.0/security-groups/8342174d-64d1-4888-92fe-985ff135b53d 0.171s
2024-10-09 02:18:13.219 62645 INFO tempest.lib.common.rest_client [req-fd41d1bd-881d-450d-bc12-ce0e594a7926 req-fd41d1bd-881d-450d-bc12-ce0e594a7926 ] Request (MultipleCreateTestJSON:test_multiple_create): 200 GET http://10.180.1.21/compute/v2.1/servers/2abff399-f03d-4c62-ac0b-440ba54bec29 1.012s
2024-10-09 02:18:13.243 62665 INFO tempest.lib.common.rest_client [req-070a1631-eeb4-444e-85c5-f94bfa267d20 req-070a1631-eeb4-444e-85c5-f94bfa267d20 ] Request (AggregatesAdminNegativeTestJSON:test_aggregate_delete_as_user): 200 POST http://10.180.1.21/compute/v2.1/os-aggregates 0.991s
2024-10-09 02:18:13.253 62625 INFO tempest.lib.common.rest_client [req-424c6953-21c2-410d-8224-dfe09626014d req-424c6953-21c2-410d-8224-dfe09626014d ] Request (ServerActionsTestOtherB:setUpClass): 201 POST http://10.180.1.21/identity/v3/auth/tokens 0.066s
2024-10-09 02:18:13.258 62629 INFO tempest.lib.common.rest_client [req-a38d67ff-03bd-4b51-8da8-a1cf639341df req-a38d67ff-03bd-4b51-8da8-a1cf639341df ] Request (ServerDiagnosticsTest:test_get_server_diagnostics): 200 GET http://10.180.1.21/compute/v2.1/servers/e075eece-534b-4d97-8c82-abb960ef1abe 1.035s
2024-10-09 02:18:13.272 62657 INFO tempest.lib.common.rest_client [req-a4528d76-bf0b-47c5-bdff-1b54d2301359 req-a4528d76-bf0b-47c5-bdff-1b54d2301359 ] Request (ServersTestManualDisk:setUpClass): 201 POST http://10.180.1.21/identity/v3/auth/tokens 0.078s
2024-10-09 02:18:13.316 62685 INFO tempest.lib.common.rest_client [req-903eb8b5-8764-4634-a28e-53dbd49af13d req-903eb8b5-8764-4634-a28e-53dbd49af13d ] Request (ImagesMetadataTestJSON:tearDownClass): 204 DELETE http://10.180.1.21/identity/v3/projects/e8d9dadcc224425f9f863d75da647b0e 0.117s
2024-10-09 02:18:13.345 62687 INFO tempest.lib.common.rest_client [req-4aeff823-9e00-4c86-9aa6-394ea1a24909 req-4aeff823-9e00-4c86-9aa6-394ea1a24909 ] Request (FloatingIPsTestJSON:tearDownClass): 200 PUT http://10.180.1.21:9696/networking/v2.0/routers/d7c38429-6bf4-4c51-af00-3b2c05eb3ee4/remove_router_interface 1.162s
2024-10-09 02:18:13.351 62675 INFO tempest.lib.common.rest_client [req-9c5851ee-23ea-4570-8826-039d9c0390dd req-9c5851ee-23ea-4570-8826-039d9c0390dd ] Request (ServerAddressesNegativeTestJSON:setUpClass): 200 GET http://10.180.1.21/compute/v2.1/servers/0f1d83e7-bb40-4344-a344-2fc98efe8528 1.073s
2024-10-09 02:18:13.373 62663 INFO tempest.lib.common.rest_client [req-5bfa50fb-9a61-45e6-aaae-ce06a2d7058d req-5bfa50fb-9a61-45e6-aaae-ce06a2d7058d ] Request (FlavorsAccessNegativeTestJSON:_run_cleanups): 202 DELETE http://10.180.1.21/compute/v2.1/flavors/613207660 0.868s
2024-10-09 02:18:13.430 62685 INFO tempest.lib.common.rest_client [req-369eb6c8-3164-4652-9f8f-ab425c561523 req-369eb6c8-3164-4652-9f8f-ab425c561523 ] Request (AbsoluteLimitsNegativeTestJSON:setUpClass): 201 POST http://10.180.1.21/identity/v3/auth/tokens 0.112s
