2024-10-09 02:17:45.834 62649 INFO tempest.lib.common.rest_client [req-79649f44-c6c2-4492-b157-a03c99f9a5cd req-79649f44-c6c2-4492-b157-a03c99f9a5cd ] Request (ServersAdminNegativeTestJSON:setUpClass): 200 GET http://10.180.1.21/identity/v3/roles 0.380s
2024-10-09 02:17:45.877 62625 INFO tempest.lib.common.rest_client [req-e8dbc39b-306c-4547-87ee-2a95b0915bea req-e8dbc39b-306c-4547-87ee-2a95b0915bea ] Request (TenantUsagesNegativeTestJSON:setUpClass): 200 GET http://10.180.1.21/identity/v3/roles 0.407s
2024-10-09 02:17:45.880 62672 INFO tempest.lib.common.rest_client [req-59c49874-a66b-4cb7-bfcb-1912c527bd37 req-59c49874-a66b-4cb7-bfcb-1912c527bd37 ] Request (ServersTestBootFromVolume:setUpClass): 201 POST http://10.180.1.21:9696/networking/v2.0/security-group-rules 0.418s
2024-10-09 02:17:45.888 62655 INFO tempest.lib.common.rest_client [req-9f38a3c2-1ed2-4c3b-aa48-7e6d899db763 req-9f38a3c2-1ed2-4c3b-aa48-7e6d899db763 ] Request (QuotaClassesAdminTestJSON:setUpClass): 200 GET http://10.180.1.21/identity/v3/domains?name=Default 0.303s
2024-10-09 02:17:45.901 62669 INFO tempest.lib.common.rest_client [req-21f7aad7-aeca-4743-8706-5d9ed4695710 req-21f7aad7-aeca-4743-8706-5d9ed4695710 ] Request (HypervisorAdminNegativeTestJSON:setUpClass): 201 POST http://10.180.1.21/identity/v3/auth/tokens 0.230s
2024-10-09 02:17:45.955 62667 INFO tempest.lib.common.rest_client [req-7839fb55-97f9-45a8-ae23-fd265ad0e525 req-7839fb55-97f9-45a8-ae23-fd265ad0e525 ] Request (QuotasAdminNegativeTest:test_create_server_when_instances_quota_is_full): 201 POST http://10.180.1.21/identity/v3/auth/tokens 0.241s
2024-10-09 02:17:45.956 62667 INFO tempest.lib.common.fixed_network [-] (QuotasAdminNegativeTest:test_create_server_when_instances_quota_is_full) Found network None available for tenant
2024-10-09 02:17:46.009 62679 INFO tempest.lib.common.rest_client [req-bf9582c9-b407-4eda-978d-35672496a810 req-bf9582c9-b407-4eda-978d-35672496a810 ] Request (QuotasAdminTestV236:test_get_updated_quotas): 200 GET http://10.180.1.21/identity/v3/domains?name=Default 0.284s
2024-10-09 02:17:46.032 62645 INFO tempest.lib.common.rest_client [req-37594c73-9ef2-44c3-80fc-a806ed73722c req-37594c73-9ef2-44c3-80fc-a806ed73722c ] Request (ServicesAdminNegativeTestJSON:tearDownClass): 201 POST http://10.180.1.21/identity/v3/auth/tokens 0.277s
2024-10-09 02:17:46.092 62649 INFO tempest.lib.common.rest_client [req-151a7458-7c33-4682-80d6-0fc9948c2015 req-151a7458-7c33-4682-80d6-0fc9948c2015 ] Request (ServersAdminNegativeTestJSON:setUpClass): 204 PUT http://10.180.1.21/identity/v3/projects/08155aa7d3464fc3a7064e584bc48bd7/users/5ed308249e7b483aac8ce2541782eedd/roles/dcf0240d7f4845af93f34b04b2f56487 0.258s
2024-10-09 02:17:46.127 62629 INFO tempest.lib.common.rest_client [req-f5ed30f5-ec2f-4cea-8b64-959d48738ef4 req-f5ed30f5-ec2f-4cea-8b64-959d48738ef4 ] Request (ServerDiagnosticsTest:setUpClass): 201 POST http://10.180.1.21/identity/v3/auth/tokens 0.298s
2024-10-09 02:17:46.145 62625 INFO tempest.lib.common.rest_client [req-b1cd6e39-0e32-4a62-8dc1-6892e8c31633 req-b1cd6e39-0e32-4a62-8dc1-6892e8c31633 ] Request (TenantUsagesNegativeTestJSON:setUpClass): 204 PUT http://10.180.1.21/identity/v3/projects/d07d64cbf5d740abbc7224e6e0b37455/users/5301142df422448bb3871bbd9b7a8d21/roles/6a018f2a908f431a8f76f072ca998fe7 0.268s
2024-10-09 02:17:46.146 62625 INFO tempest.lib.common.dynamic_creds [-] Dynamic test user 5301142df422448bb3871bbd9b7a8d21 is created with scope project and roles: ['member']
2024-10-09 02:17:46.146 62625 INFO tempest.lib.common.dynamic_creds [-] Acquired dynamic creds: credentials: Credentials: {'domain_id': 'default', 'domain_name': 'Default', 'username': 'tempest-TenantUsagesNegativeTestJSON-937066319-project-member', 'project_domain_id': 'default', 'project_domain_name': 'Default', 'project_id': 'd07d64cbf5d740abbc7224e6e0b37455', 'project_name': 'tempest-TenantUsagesNegativeTestJSON-937066319', 'tenant_id': 'd07d64cbf5d740abbc7224e6e0b37455', 'tenant_name': 'tempest-TenantUsagesNegativeTestJSON-937066319', 'user_domain_id': 'default', 'user_domain_name': 'Default', 'user_id': '5301142df422448bb3871bbd9b7a8d21', 'system': None}, Network: None, Subnet: None, Router: None
2024-10-09 02:17:46.146 62625 INFO tempest.lib.common.dynamic_creds [-] Created isolated network resources for: credentials: Credentials: {'domain_id': 'default', 'domain_name': 'Default', 'username': 'tempest-TenantUsagesNegativeTestJSON-937066319-project-member', 'project_domain_id': 'default', 'project_domain_name': 'Default', 'project_id': 'd07d64cbf5d740abbc7224e6e0b37455', 'project_name': 'tempest-TenantUsagesNegativeTestJSON-937066319', 'tenant_id': 'd07d64cbf5d740abbc7224e6e0b37455', 'tenant_name': 'tempest-TenantUsagesNegativeTestJSON-937066319', 'user_domain_id': 'default', 'user_domain_name': 'Default', 'user_id': '5301142df422448bb3871bbd9b7a8d21', 'system': None}, Network: None, Subnet: None, Router: None
2024-10-09 02:17:46.149 62655 INFO tempest.lib.common.rest_client [req-3d518a89-c0d2-4bec-bb67-daade7048ef4 req-3d518a89-c0d2-4bec-bb67-daade7048ef4 ] Request (QuotaClassesAdminTestJSON:setUpClass): 201 POST http://10.180.1.21/identity/v3/projects 0.260s
2024-10-09 02:17:46.223 62669 INFO tempest.lib.common.rest_client [req-3dd2dc41-5de2-4974-862b-f793abc8d406 req-3dd2dc41-5de2-4974-862b-f793abc8d406 ] Request (HypervisorAdminNegativeTestJSON:setUpClass): 200 GET http://10.180.1.21/identity/v3/domains?name=Default 0.321s
2024-10-09 02:17:46.237 62649 INFO tempest.lib.common.rest_client [req-89d00693-5a7e-4d14-b0e6-df04b04457e7 req-89d00693-5a7e-4d14-b0e6-df04b04457e7 ] Request (ServersAdminNegativeTestJSON:setUpClass): 200 GET http://10.180.1.21/identity/v3/roles 0.144s
2024-10-09 02:17:46.260 62629 INFO tempest.lib.common.rest_client [req-9a2f61d7-1ae6-4226-bd7a-a81366aa375b req-9a2f61d7-1ae6-4226-bd7a-a81366aa375b ] Request (ServerDiagnosticsTest:setUpClass): 201 POST http://10.180.1.21/identity/v3/projects 0.133s
2024-10-09 02:17:46.263 62655 INFO tempest.lib.common.rest_client [req-66aad7af-4025-4bb5-817c-53118fdf0a2d req-66aad7af-4025-4bb5-817c-53118fdf0a2d ] Request (QuotaClassesAdminTestJSON:setUpClass): 201 POST http://10.180.1.21/identity/v3/users 0.114s
2024-10-09 02:17:46.321 62669 INFO tempest.lib.common.rest_client [req-112e7ae5-d636-4f26-8e59-5e35b8d2ce47 req-112e7ae5-d636-4f26-8e59-5e35b8d2ce47 ] Request (HypervisorAdminNegativeTestJSON:setUpClass): 201 POST http://10.180.1.21/identity/v3/projects 0.097s
2024-10-09 02:17:46.325 62625 INFO tempest.lib.common.rest_client [req-92378578-8bca-44d4-8f67-7c3e497e88f1 req-92378578-8bca-44d4-8f67-7c3e497e88f1 ] Request (TenantUsagesNegativeTestJSON:setUpClass): 201 POST http://10.180.1.21/identity/v3/auth/tokens 0.175s
2024-10-09 02:17:46.377 62649 INFO tempest.lib.common.rest_client [req-34262d8f-386c-47d8-8df7-81a5d2dc562f req-34262d8f-386c-47d8-8df7-81a5d2dc562f ] Request (ServersAdminNegativeTestJSON:setUpClass): 204 PUT http://10.180.1.21/identity/v3/projects/08155aa7d3464fc3a7064e584bc48bd7/users/5ed308249e7b483aac8ce2541782eedd/roles/dcf0240d7f4845af93f34b04b2f56487 0.140s
2024-10-09 02:17:46.377 62649 INFO tempest.lib.common.dynamic_creds [-] Dynamic test user 5ed308249e7b483aac8ce2541782eedd is created with scope project and roles: ['admin']
2024-10-09 02:17:46.378 62649 INFO tempest.lib.common.dynamic_creds [-] Acquired dynamic creds: credentials: Credentials: {'domain_id': 'default', 'domain_name': 'Default', 'username': 'tempest-ServersAdminNegativeTestJSON-828355221-project-admin', 'project_domain_id': 'default', 'project_domain_name': 'Default', 'project_id': '08155aa7d3464fc3a7064e584bc48bd7', 'project_name': 'tempest-ServersAdminNegativeTestJSON-828355221', 'tenant_id': '08155aa7d3464fc3a7064e584bc48bd7', 'tenant_name': 'tempest-ServersAdminNegativeTestJSON-828355221', 'user_domain_id': 'default', 'user_domain_name': 'Default', 'user_id': '5ed308249e7b483aac8ce2541782eedd', 'system': None}, Network: None, Subnet: None, Router: None
2024-10-09 02:17:46.378 62649 INFO tempest.lib.common.dynamic_creds [-] Created isolated network resources for: credentials: Credentials: {'domain_id': 'default', 'domain_name': 'Default', 'username': 'tempest-ServersAdminNegativeTestJSON-828355221-project-admin', 'project_domain_id': 'default', 'project_domain_name': 'Default', 'project_id': '08155aa7d3464fc3a7064e584bc48bd7', 'project_name': 'tempest-ServersAdminNegativeTestJSON-828355221', 'tenant_id': '08155aa7d3464fc3a7064e584bc48bd7', 'tenant_name': 'tempest-ServersAdminNegativeTestJSON-828355221', 'user_domain_id': 'default', 'user_domain_name': 'Default', 'user_id': '5ed308249e7b483aac8ce2541782eedd', 'system': None}, Network: None, Subnet: None, Router: None
2024-10-09 02:17:46.384 62629 INFO tempest.lib.common.rest_client [req-1ee38ee6-5082-4484-8ab0-5ac69219128f req-1ee38ee6-5082-4484-8ab0-5ac69219128f ] Request (ServerDiagnosticsTest:setUpClass): 201 POST http://10.180.1.21/identity/v3/users 0.123s
2024-10-09 02:17:46.415 62683 INFO tempest.lib.common.rest_client [req-1f0bf315-0dcd-4391-ba8b-90cc4d6d782b req-1f0bf315-0dcd-4391-ba8b-90cc4d6d782b ] Request (FlavorsV261TestJSON:tearDownClass): 200 GET http://10.180.1.21:9696/networking/v2.0/security-groups?tenant_id=9de320b4f0b04f40af97e3bcc85fd144&name=default 0.635s
2024-10-09 02:17:46.423 62655 INFO tempest.lib.common.rest_client [req-0c6d7441-4f6c-464c-8c9a-720e22b1b65d req-0c6d7441-4f6c-464c-8c9a-720e22b1b65d ] Request (QuotaClassesAdminTestJSON:setUpClass): 200 GET http://10.180.1.21/identity/v3/roles 0.159s
2024-10-09 02:17:46.433 62669 INFO tempest.lib.common.rest_client [req-dc8ce816-af03-4761-a0d1-d3e40e36c71d req-dc8ce816-af03-4761-a0d1-d3e40e36c71d ] Request (HypervisorAdminNegativeTestJSON:setUpClass): 201 POST http://10.180.1.21/identity/v3/users 0.111s
2024-10-09 02:17:46.446 62625 INFO tempest.lib.common.rest_client [req-132aaa10-dfc5-414b-a3b9-6591ff17d264 req-132aaa10-dfc5-414b-a3b9-6591ff17d264 ] Request (TenantUsagesNegativeTestJSON:setUpClass): 201 POST http://10.180.1.21/identity/v3/projects 0.120s
2024-10-09 02:17:46.485 62629 INFO tempest.lib.common.rest_client [req-64dcc43c-98ef-496e-85cb-8d39f968ef5b req-64dcc43c-98ef-496e-85cb-8d39f968ef5b ] Request (ServerDiagnosticsTest:setUpClass): 200 GET http://10.180.1.21/identity/v3/roles 0.101s
2024-10-09 02:17:46.496 62649 INFO tempest.lib.common.rest_client [req-dfffeff7-5496-4835-a8e3-1f6653587dd6 req-dfffeff7-5496-4835-a8e3-1f6653587dd6 ] Request (ServersAdminNegativeTestJSON:setUpClass): 201 POST http://10.180.1.21/identity/v3/auth/tokens 0.113s
2024-10-09 02:17:46.497 62649 WARNING tempest.lib.common.rest_client [-] Deprecated: "tenant_id" property is deprecated for removal, use "project_id" instead
2024-10-09 02:17:46.509 62669 INFO tempest.lib.common.rest_client [req-3c61a5c9-46b3-45a1-b638-ad56a2d54bc7 req-3c61a5c9-46b3-45a1-b638-ad56a2d54bc7 ] Request (HypervisorAdminNegativeTestJSON:setUpClass): 200 GET http://10.180.1.21/identity/v3/roles 0.075s
2024-10-09 02:17:46.513 62655 INFO tempest.lib.common.rest_client [req-3fc07b91-071f-4886-89da-fbdb5ca6ce99 req-3fc07b91-071f-4886-89da-fbdb5ca6ce99 ] Request (QuotaClassesAdminTestJSON:setUpClass): 204 PUT http://10.180.1.21/identity/v3/projects/4f69f1e1ec4449d4b888589747cc4865/users/deb1ea293a31469f99dfb95cb7d9bf51/roles/6a018f2a908f431a8f76f072ca998fe7 0.089s
2024-10-09 02:17:46.514 62655 INFO tempest.lib.common.dynamic_creds [-] Dynamic test user deb1ea293a31469f99dfb95cb7d9bf51 is created with scope project and roles: ['member']
2024-10-09 02:17:46.514 62655 INFO tempest.lib.common.dynamic_creds [-] Acquired dynamic creds: credentials: Credentials: {'domain_id': 'default', 'domain_name': 'Default', 'username': 'tempest-QuotaClassesAdminTestJSON-49683306-project-member', 'project_domain_id': 'default', 'project_domain_name': 'Default', 'project_id': '4f69f1e1ec4449d4b888589747cc4865', 'project_name': 'tempest-QuotaClassesAdminTestJSON-49683306', 'tenant_id': '4f69f1e1ec4449d4b888589747cc4865', 'tenant_name': 'tempest-QuotaClassesAdminTestJSON-49683306', 'user_domain_id': 'default', 'user_domain_name': 'Default', 'user_id': 'deb1ea293a31469f99dfb95cb7d9bf51', 'system': None}, Network: None, Subnet: None, Router: None
2024-10-09 02:17:46.514 62655 INFO tempest.lib.common.dynamic_creds [-] Created isolated network resources for: credentials: Credentials: {'domain_id': 'default', 'domain_name': 'Default', 'username': 'tempest-QuotaClassesAdminTestJSON-49683306-project-member', 'project_domain_id': 'default', 'project_domain_name': 'Default', 'project_id': '4f69f1e1ec4449d4b888589747cc4865', 'project_name': 'tempest-QuotaClassesAdminTestJSON-49683306', 'tenant_id': '4f69f1e1ec4449d4b888589747cc4865', 'tenant_name': 'tempest-QuotaClassesAdminTestJSON-49683306', 'user_domain_id': 'default', 'user_domain_name': 'Default', 'user_id': 'deb1ea293a31469f99dfb95cb7d9bf51', 'system': None}, Network: None, Subnet: None, Router: None
2024-10-09 02:17:46.531 62673 INFO tempest.lib.common.rest_client [req-5c2fa6af-cfca-4ce1-9046-8900a495e00b req-5c2fa6af-cfca-4ce1-9046-8900a495e00b ] Request (FlavorsV255TestJSON:tearDownClass): 200 GET http://10.180.1.21:9696/networking/v2.0/security-groups?tenant_id=b7fa30e8e0414892a476974dd853224f&name=default 0.841s
2024-10-09 02:17:46.559 62625 INFO tempest.lib.common.rest_client [req-f0d65d18-7ea0-41dd-af80-29cb20185b66 req-f0d65d18-7ea0-41dd-af80-29cb20185b66 ] Request (TenantUsagesNegativeTestJSON:setUpClass): 201 POST http://10.180.1.21/identity/v3/users 0.112s
2024-10-09 02:17:46.565 62629 INFO tempest.lib.common.rest_client [req-38f7dde7-2f61-4d7c-a4b4-471cc6eb3db4 req-38f7dde7-2f61-4d7c-a4b4-471cc6eb3db4 ] Request (ServerDiagnosticsTest:setUpClass): 204 PUT http://10.180.1.21/identity/v3/projects/0ecda7eb40c74f2d9a39d9d12591bc60/users/af44c14138574138879c026cc05dec88/roles/dcf0240d7f4845af93f34b04b2f56487 0.079s
2024-10-09 02:17:46.592 62645 INFO tempest.lib.common.rest_client [req-f615a874-e904-4c5e-801f-5798e8cbbcac req-f615a874-e904-4c5e-801f-5798e8cbbcac ] Request (ServicesAdminNegativeTestJSON:tearDownClass): 200 GET http://10.180.1.21:9696/networking/v2.0/security-groups?tenant_id=5c50ed594c9a42b48ab43d03ca658345&name=default 0.560s
2024-10-09 02:17:46.609 62649 INFO tempest.lib.common.rest_client [req-00a369b2-34ac-49a2-9b1d-8cad5b1f0c76 req-00a369b2-34ac-49a2-9b1d-8cad5b1f0c76 ] Request (ServersAdminNegativeTestJSON:setUpClass): 201 POST http://10.180.1.21/identity/v3/auth/tokens 0.105s
2024-10-09 02:17:46.610 62649 INFO tempest.lib.common.fixed_network [-] (ServersAdminNegativeTestJSON:setUpClass) Found network None available for tenant
2024-10-09 02:17:46.621 62669 INFO tempest.lib.common.rest_client [req-10e0a58e-8af8-4ce4-a329-f5f1a5774d09 req-10e0a58e-8af8-4ce4-a329-f5f1a5774d09 ] Request (HypervisorAdminNegativeTestJSON:setUpClass): 204 PUT http://10.180.1.21/identity/v3/projects/c97265727ce04e8d97cc0ba844725010/users/1a5aee85010e462dbaf479457c1de24a/roles/6a018f2a908f431a8f76f072ca998fe7 0.112s
2024-10-09 02:17:46.621 62669 INFO tempest.lib.common.dynamic_creds [-] Dynamic test user 1a5aee85010e462dbaf479457c1de24a is created with scope project and roles: ['member']
2024-10-09 02:17:46.622 62669 INFO tempest.lib.common.dynamic_creds [-] Acquired dynamic creds: credentials: Credentials: {'domain_id': 'default', 'domain_name': 'Default', 'username': 'tempest-HypervisorAdminNegativeTestJSON-1176404998-project-member', 'project_domain_id': 'default', 'project_domain_name': 'Default', 'project_id': 'c97265727ce04e8d97cc0ba844725010', 'project_name': 'tempest-HypervisorAdminNegativeTestJSON-1176404998', 'tenant_id': 'c97265727ce04e8d97cc0ba844725010', 'tenant_name': 'tempest-HypervisorAdminNegativeTestJSON-1176404998', 'user_domain_id': 'default', 'user_domain_name': 'Default', 'user_id': '1a5aee85010e462dbaf479457c1de24a', 'system': None}, Network: None, Subnet: None, Router: None
2024-10-09 02:17:46.622 62669 INFO tempest.lib.common.dynamic_creds [-] Created isolated network resources for: credentials: Credentials: {'domain_id': 'default', 'domain_name': 'Default', 'username': 'tempest-HypervisorAdminNegativeTestJSON-1176404998-project-member', 'project_domain_id': 'default', 'project_domain_name': 'Default', 'project_id': 'c97265727ce04e8d97cc0ba844725010', 'project_name': 'tempest-HypervisorAdminNegativeTestJSON-1176404998', 'tenant_id': 'c97265727ce04e8d97cc0ba844725010', 'tenant_name': 'tempest-HypervisorAdminNegativeTestJSON-1176404998', 'user_domain_id': 'default', 'user_domain_name': 'Default', 'user_id': '1a5aee85010e462dbaf479457c1de24a', 'system': None}, Network: None, Subnet: None, Router: None
2024-10-09 02:17:46.659 62625 INFO tempest.lib.common.rest_client [req-a27c8f75-30b4-44fc-b0d5-7fb4ee822217 req-a27c8f75-30b4-44fc-b0d5-7fb4ee822217 ] Request (TenantUsagesNegativeTestJSON:setUpClass): 200 GET http://10.180.1.21/identity/v3/roles 0.100s
2024-10-09 02:17:46.672 62629 INFO tempest.lib.common.rest_client [req-8d9c41a7-45fb-481a-aa1e-5448b1a01ed9 req-8d9c41a7-45fb-481a-aa1e-5448b1a01ed9 ] Request (ServerDiagnosticsTest:setUpClass): 200 GET http://10.180.1.21/identity/v3/roles 0.107s
2024-10-09 02:17:46.674 62655 INFO tempest.lib.common.rest_client [req-ab1177c9-c87a-4f28-a785-faf2bd5457f1 req-ab1177c9-c87a-4f28-a785-faf2bd5457f1 ] Request (QuotaClassesAdminTestJSON:setUpClass): 201 POST http://10.180.1.21/identity/v3/auth/tokens 0.157s
2024-10-09 02:17:46.698 62625 INFO tempest.lib.common.rest_client [req-0bc23735-d384-44b4-9302-b650d6455537 req-0bc23735-d384-44b4-9302-b650d6455537 ] Request (TenantUsagesNegativeTestJSON:setUpClass): 204 PUT http://10.180.1.21/identity/v3/projects/ac2f679c6fd548f38b9989460ccda7ec/users/f1570d020d564fa2828a9c6b6a68f4e9/roles/dcf0240d7f4845af93f34b04b2f56487 0.038s
2024-10-09 02:17:46.730 62669 INFO tempest.lib.common.rest_client [req-c5b0eb00-861f-4f6f-8fb9-94fce9222b3e req-c5b0eb00-861f-4f6f-8fb9-94fce9222b3e ] Request (HypervisorAdminNegativeTestJSON:setUpClass): 201 POST http://10.180.1.21/identity/v3/auth/tokens 0.105s
2024-10-09 02:17:46.746 62629 INFO tempest.lib.common.rest_client [req-38d40900-cb3b-44ab-98c6-2f7c99228479 req-38d40900-cb3b-44ab-98c6-2f7c99228479 ] Request (ServerDiagnosticsTest:setUpClass): 204 PUT http://10.180.1.21/identity/v3/projects/0ecda7eb40c74f2d9a39d9d12591bc60/users/af44c14138574138879c026cc05dec88/roles/dcf0240d7f4845af93f34b04b2f56487 0.073s
2024-10-09 02:17:46.746 62629 INFO tempest.lib.common.dynamic_creds [-] Dynamic test user af44c14138574138879c026cc05dec88 is created with scope project and roles: ['admin']
2024-10-09 02:17:46.746 62629 INFO tempest.lib.common.dynamic_creds [-] Acquired dynamic creds: credentials: Credentials: {'domain_id': 'default', 'domain_name': 'Default', 'username': 'tempest-ServerDiagnosticsTest-1903629271-project-admin', 'project_domain_id': 'default', 'project_domain_name': 'Default', 'project_id': '0ecda7eb40c74f2d9a39d9d12591bc60', 'project_name': 'tempest-ServerDiagnosticsTest-1903629271', 'tenant_id': '0ecda7eb40c74f2d9a39d9d12591bc60', 'tenant_name': 'tempest-ServerDiagnosticsTest-1903629271', 'user_domain_id': 'default', 'user_domain_name': 'Default', 'user_id': 'af44c14138574138879c026cc05dec88', 'system': None}, Network: None, Subnet: None, Router: None
2024-10-09 02:17:46.746 62629 INFO tempest.lib.common.dynamic_creds [-] Created isolated network resources for: credentials: Credentials: {'domain_id': 'default', 'domain_name': 'Default', 'username': 'tempest-ServerDiagnosticsTest-1903629271-project-admin', 'project_domain_id': 'default', 'project_domain_name': 'Default', 'project_id': '0ecda7eb40c74f2d9a39d9d12591bc60', 'project_name': 'tempest-ServerDiagnosticsTest-1903629271', 'tenant_id': '0ecda7eb40c74f2d9a39d9d12591bc60', 'tenant_name': 'tempest-ServerDiagnosticsTest-1903629271', 'user_domain_id': 'default', 'user_domain_name': 'Default', 'user_id': 'af44c14138574138879c026cc05dec88', 'system': None}, Network: None, Subnet: None, Router: None
2024-10-09 02:17:46.785 62625 INFO tempest.lib.common.rest_client [req-a431026d-6d5a-46ec-aa19-3be7cd993711 req-a431026d-6d5a-46ec-aa19-3be7cd993711 ] Request (TenantUsagesNegativeTestJSON:setUpClass): 200 GET http://10.180.1.21/identity/v3/roles 0.086s
2024-10-09 02:17:46.810 62669 INFO tempest.lib.common.rest_client [req-8de79217-02d2-4b0a-a9f0-c82a49db36c1 req-8de79217-02d2-4b0a-a9f0-c82a49db36c1 ] Request (HypervisorAdminNegativeTestJSON:setUpClass): 201 POST http://10.180.1.21/identity/v3/projects 0.080s
2024-10-09 02:17:46.813 62655 INFO tempest.lib.common.rest_client [req-c0b30d96-1acf-4806-aa16-75cd1baa187c req-c0b30d96-1acf-4806-aa16-75cd1baa187c ] Request (QuotaClassesAdminTestJSON:setUpClass): 201 POST http://10.180.1.21/identity/v3/projects 0.138s
2024-10-09 02:17:46.868 62625 INFO tempest.lib.common.rest_client [req-4259f1be-0dcc-423b-8b59-ea54bdaaf4c3 req-4259f1be-0dcc-423b-8b59-ea54bdaaf4c3 ] Request (TenantUsagesNegativeTestJSON:setUpClass): 204 PUT http://10.180.1.21/identity/v3/projects/ac2f679c6fd548f38b9989460ccda7ec/users/f1570d020d564fa2828a9c6b6a68f4e9/roles/dcf0240d7f4845af93f34b04b2f56487 0.083s
2024-10-09 02:17:46.869 62625 INFO tempest.lib.common.dynamic_creds [-] Dynamic test user f1570d020d564fa2828a9c6b6a68f4e9 is created with scope project and roles: ['admin']
2024-10-09 02:17:46.869 62625 INFO tempest.lib.common.dynamic_creds [-] Acquired dynamic creds: credentials: Credentials: {'domain_id': 'default', 'domain_name': 'Default', 'username': 'tempest-TenantUsagesNegativeTestJSON-1283159570-project-admin', 'project_domain_id': 'default', 'project_domain_name': 'Default', 'project_id': 'ac2f679c6fd548f38b9989460ccda7ec', 'project_name': 'tempest-TenantUsagesNegativeTestJSON-1283159570', 'tenant_id': 'ac2f679c6fd548f38b9989460ccda7ec', 'tenant_name': 'tempest-TenantUsagesNegativeTestJSON-1283159570', 'user_domain_id': 'default', 'user_domain_name': 'Default', 'user_id': 'f1570d020d564fa2828a9c6b6a68f4e9', 'system': None}, Network: None, Subnet: None, Router: None
2024-10-09 02:17:46.869 62625 INFO tempest.lib.common.dynamic_creds [-] Created isolated network resources for: credentials: Credentials: {'domain_id': 'default', 'domain_name': 'Default', 'username': 'tempest-TenantUsagesNegativeTestJSON-1283159570-project-admin', 'project_domain_id': 'default', 'project_domain_name': 'Default', 'project_id': 'ac2f679c6fd548f38b9989460ccda7ec', 'project_name': 'tempest-TenantUsagesNegativeTestJSON-1283159570', 'tenant_id': 'ac2f679c6fd548f38b9989460ccda7ec', 'tenant_name': 'tempest-TenantUsagesNegativeTestJSON-1283159570', 'user_domain_id': 'default', 'user_domain_name': 'Default', 'user_id': 'f1570d020d564fa2828a9c6b6a68f4e9', 'system': None}, Network: None, Subnet: None, Router: None
2024-10-09 02:17:46.882 62629 INFO tempest.lib.common.rest_client [req-90c0cb4c-4585-48ca-964b-74797981315c req-90c0cb4c-4585-48ca-964b-74797981315c ] Request (ServerDiagnosticsTest:setUpClass): 201 POST http://10.180.1.21/identity/v3/auth/tokens 0.132s
2024-10-09 02:17:46.920 62669 INFO tempest.lib.common.rest_client [req-29b3b09a-f099-42d1-ac41-46a21d491d93 req-29b3b09a-f099-42d1-ac41-46a21d491d93 ] Request (HypervisorAdminNegativeTestJSON:setUpClass): 201 POST http://10.180.1.21/identity/v3/users 0.110s
2024-10-09 02:17:46.943 62655 INFO tempest.lib.common.rest_client [req-42ce7d53-b1b7-4e76-b1ae-f992c950114d req-42ce7d53-b1b7-4e76-b1ae-f992c950114d ] Request (QuotaClassesAdminTestJSON:setUpClass): 201 POST http://10.180.1.21/identity/v3/users 0.130s
2024-10-09 02:17:46.986 62625 INFO tempest.lib.common.rest_client [req-719fef96-2343-4cb9-9085-f24c6970cb57 req-719fef96-2343-4cb9-9085-f24c6970cb57 ] Request (TenantUsagesNegativeTestJSON:setUpClass): 201 POST http://10.180.1.21/identity/v3/auth/tokens 0.113s
2024-10-09 02:17:46.993 62683 INFO tempest.lib.common.rest_client [req-eb2b5433-4fb1-4e6a-bdd9-83194f46ec46 req-eb2b5433-4fb1-4e6a-bdd9-83194f46ec46 ] Request (FlavorsV261TestJSON:tearDownClass): 204 DELETE http://10.180.1.21:9696/networking/v2.0/security-groups/3a071543-c7be-4378-8a54-b5fddcfb4410 0.578s
2024-10-09 02:17:46.998 62629 INFO tempest.lib.common.rest_client [req-36db54ed-9584-4ed1-87c4-73479a146ab1 req-36db54ed-9584-4ed1-87c4-73479a146ab1 ] Request (ServerDiagnosticsTest:test_get_server_diagnostics): 201 POST http://10.180.1.21/identity/v3/auth/tokens 0.112s
2024-10-09 02:17:46.998 62629 INFO tempest.lib.common.fixed_network [-] (ServerDiagnosticsTest:test_get_server_diagnostics) Found network None available for tenant
2024-10-09 02:17:47.007 62645 INFO tempest.lib.common.rest_client [req-aaf4bb07-6b08-494b-9e73-5710304951d0 req-aaf4bb07-6b08-494b-9e73-5710304951d0 ] Request (ServicesAdminNegativeTestJSON:tearDownClass): 204 DELETE http://10.180.1.21:9696/networking/v2.0/security-groups/786ada90-c4f3-4496-b6e3-02e3f23bcabd 0.414s
2024-10-09 02:17:47.017 62669 INFO tempest.lib.common.rest_client [req-f2f1b13d-2fb6-46f3-ad04-36f03b259b33 req-f2f1b13d-2fb6-46f3-ad04-36f03b259b33 ] Request (HypervisorAdminNegativeTestJSON:setUpClass): 200 GET http://10.180.1.21/identity/v3/roles 0.096s
2024-10-09 02:17:47.031 62655 INFO tempest.lib.common.rest_client [req-6d46c00a-683d-48b2-a5b8-1224d3b62147 req-6d46c00a-683d-48b2-a5b8-1224d3b62147 ] Request (QuotaClassesAdminTestJSON:setUpClass): 200 GET http://10.180.1.21/identity/v3/roles 0.087s
2024-10-09 02:17:47.050 62673 INFO tempest.lib.common.rest_client [req-3f826ce7-24eb-4c35-bf2a-bf40f3b27b1b req-3f826ce7-24eb-4c35-bf2a-bf40f3b27b1b ] Request (FlavorsV255TestJSON:tearDownClass): 204 DELETE http://10.180.1.21:9696/networking/v2.0/security-groups/81109a49-d95a-4367-9ff6-dc5f073cf1a7 0.518s
2024-10-09 02:17:47.072 62642 INFO tempest.lib.common.rest_client [req-3935dbce-e888-4d1a-affb-42e5b1890b02 req-3935dbce-e888-4d1a-affb-42e5b1890b02 ] Request (VolumesAssistedSnapshotsTest:setUpClass): 201 POST http://10.180.1.21:9696/networking/v2.0/routers 2.365s
2024-10-09 02:17:47.090 62683 INFO tempest.lib.common.rest_client [req-a96e8354-7bc6-46f6-bb29-2b90ca0c351e req-a96e8354-7bc6-46f6-bb29-2b90ca0c351e ] Request (FlavorsV261TestJSON:tearDownClass): 204 DELETE http://10.180.1.21/identity/v3/projects/9de320b4f0b04f40af97e3bcc85fd144 0.097s
2024-10-09 02:17:47.090 62683 INFO tempest.lib.common.dynamic_creds [-] Deleting project and security group for project: 19424f7201eb4ad3bb74197a5f2fdf42
2024-10-09 02:17:47.092 62645 INFO tempest.lib.common.rest_client [req-03d86c37-64b2-4656-b620-60bcc106a190 req-03d86c37-64b2-4656-b620-60bcc106a190 ] Request (ServicesAdminNegativeTestJSON:tearDownClass): 204 DELETE http://10.180.1.21/identity/v3/projects/5c50ed594c9a42b48ab43d03ca658345 0.085s
2024-10-09 02:17:47.093 62645 INFO tempest.lib.common.dynamic_creds [-] Deleting project and security group for project: 8308975f8ce1428ba0760cd32ced10a0
2024-10-09 02:17:47.140 62672 INFO tempest.lib.common.rest_client [req-0db30d45-fa1f-421e-be90-1b25c4f3b89a req-0db30d45-fa1f-421e-be90-1b25c4f3b89a ] Request (ServersTestBootFromVolume:setUpClass): 201 POST http://10.180.1.21:9696/networking/v2.0/floatingips 1.259s
2024-10-09 02:17:47.145 62655 INFO tempest.lib.common.rest_client [req-7539665e-18a7-4472-b30d-7fdc2db09643 req-7539665e-18a7-4472-b30d-7fdc2db09643 ] Request (QuotaClassesAdminTestJSON:setUpClass): 204 PUT http://10.180.1.21/identity/v3/projects/132a872be5be447c80bb78d8a3ac440c/users/6347c3a1b2684bcc9b6eda9eae14551b/roles/dcf0240d7f4845af93f34b04b2f56487 0.114s
2024-10-09 02:17:47.147 62669 INFO tempest.lib.common.rest_client [req-da8885d7-eb4d-49ce-b98c-c95c17f35f58 req-da8885d7-eb4d-49ce-b98c-c95c17f35f58 ] Request (HypervisorAdminNegativeTestJSON:setUpClass): 204 PUT http://10.180.1.21/identity/v3/projects/fc307eb437b24b69ab27e97fbec77ee0/users/5ce5413a7a654af6b05e9c0a86826b2d/roles/dcf0240d7f4845af93f34b04b2f56487 0.129s
2024-10-09 02:17:47.229 62651 INFO tempest.lib.common.rest_client [req-acb4756d-8119-4c31-af17-e86b057fff54 req-acb4756d-8119-4c31-af17-e86b057fff54 ] Request (DeleteServersTestJSON:test_delete_active_server): 202 POST http://10.180.1.21/compute/v2.1/servers 3.146s
2024-10-09 02:17:47.262 62627 INFO tempest.lib.common.rest_client [req-0968ba27-5834-41e5-86f8-214f28c1a285 req-0968ba27-5834-41e5-86f8-214f28c1a285 ] Request (FlavorsAccessTestJSON:_run_cleanups): 200 GET http://10.180.1.21/compute/v2.1/flavors/detail 2.846s
2024-10-09 02:17:47.270 62675 INFO tempest.lib.common.rest_client [req-eb0b1d6d-18e0-41b3-bfce-98d639ec2c8f req-eb0b1d6d-18e0-41b3-bfce-98d639ec2c8f ] Request (KeyPairsNegativeTestJSON:test_create_keypair_with_long_keynames): 400 POST http://10.180.1.21/compute/v2.1/os-keypairs 2.767s
2024-10-09 02:17:47.283 62672 INFO tempest.lib.common.rest_client [req-180624a7-2a47-47f7-b47a-5cb7602efa70 req-180624a7-2a47-47f7-b47a-5cb7602efa70 ] Request (ServersTestBootFromVolume:setUpClass): 201 POST http://10.180.1.21/identity/v3/auth/tokens 0.140s
2024-10-09 02:17:47.284 62672 INFO tempest.lib.common.fixed_network [-] (ServersTestBootFromVolume:setUpClass) Found network {'id': 'fce32045-e864-4451-8450-141c1432dcd5', 'name': 'tempest-ServersTestBootFromVolume-340576783-network', 'tenant_id': 'a1524cc8cfd444e98436b96763444c8e', 'admin_state_up': True, 'mtu': 8950, 'status': 'ACTIVE', 'subnets': [], 'shared': False, 'project_id': 'a1524cc8cfd444e98436b96763444c8e', 'port_security_enabled': True, 'router:external': False, 'provider:network_type': 'vlan', 'provider:physical_network': 'default', 'provider:segmentation_id': 636, 'is_default': False, 'availability_zone_hints': [], 'availability_zones': [], 'ipv4_address_scope': None, 'ipv6_address_scope': None, 'description': '', 'tags': [], 'created_at': '2024-10-09T02:17:37Z', 'updated_at': '2024-10-09T02:17:37Z', 'revision_number': 1} available for tenant
2024-10-09 02:17:47.284 62673 INFO tempest.lib.common.rest_client [req-8b263f5c-38b1-448e-bc36-ad7ae1dd77f6 req-8b263f5c-38b1-448e-bc36-ad7ae1dd77f6 ] Request (FlavorsV255TestJSON:tearDownClass): 204 DELETE http://10.180.1.21/identity/v3/projects/b7fa30e8e0414892a476974dd853224f 0.233s
2024-10-09 02:17:47.284 62673 INFO tempest.lib.common.dynamic_creds [-] Deleting project and security group for project: 4850e24976a54ca58639a29717221ccd
2024-10-09 02:17:47.284 62647 INFO tempest.lib.common.rest_client [req-177ec2af-aeee-4829-ba52-a12eb6745b4a req-177ec2af-aeee-4829-ba52-a12eb6745b4a ] Request (FlavorsAdminTestJSON:_run_cleanups): 200 GET http://10.180.1.21/compute/v2.1/flavors/detail 2.496s
2024-10-09 02:17:47.353 62669 INFO tempest.lib.common.rest_client [req-6c24f09f-e8a6-48fb-b111-0fba244ed571 req-6c24f09f-e8a6-48fb-b111-0fba244ed571 ] Request (HypervisorAdminNegativeTestJSON:setUpClass): 200 GET http://10.180.1.21/identity/v3/roles 0.206s
2024-10-09 02:17:47.377 62655 INFO tempest.lib.common.rest_client [req-7758a219-8c0f-4a59-bc57-42098edced8c req-7758a219-8c0f-4a59-bc57-42098edced8c ] Request (QuotaClassesAdminTestJSON:setUpClass): 200 GET http://10.180.1.21/identity/v3/roles 0.231s
2024-10-09 02:17:47.380 62669 INFO tempest.lib.common.rest_client [req-d9390faf-ee4b-4bb7-8a0c-56503211065d req-d9390faf-ee4b-4bb7-8a0c-56503211065d ] Request (HypervisorAdminNegativeTestJSON:setUpClass): 204 PUT http://10.180.1.21/identity/v3/projects/fc307eb437b24b69ab27e97fbec77ee0/users/5ce5413a7a654af6b05e9c0a86826b2d/roles/dcf0240d7f4845af93f34b04b2f56487 0.026s
2024-10-09 02:17:47.380 62669 INFO tempest.lib.common.dynamic_creds [-] Dynamic test user 5ce5413a7a654af6b05e9c0a86826b2d is created with scope project and roles: ['admin']
2024-10-09 02:17:47.380 62669 INFO tempest.lib.common.dynamic_creds [-] Acquired dynamic creds: credentials: Credentials: {'domain_id': 'default', 'domain_name': 'Default', 'username': 'tempest-HypervisorAdminNegativeTestJSON-2025191962-project-admin', 'project_domain_id': 'default', 'project_domain_name': 'Default', 'project_id': 'fc307eb437b24b69ab27e97fbec77ee0', 'project_name': 'tempest-HypervisorAdminNegativeTestJSON-2025191962', 'tenant_id': 'fc307eb437b24b69ab27e97fbec77ee0', 'tenant_name': 'tempest-HypervisorAdminNegativeTestJSON-2025191962', 'user_domain_id': 'default', 'user_domain_name': 'Default', 'user_id': '5ce5413a7a654af6b05e9c0a86826b2d', 'system': None}, Network: None, Subnet: None, Router: None
2024-10-09 02:17:47.380 62669 INFO tempest.lib.common.dynamic_creds [-] Created isolated network resources for: credentials: Credentials: {'domain_id': 'default', 'domain_name': 'Default', 'username': 'tempest-HypervisorAdminNegativeTestJSON-2025191962-project-admin', 'project_domain_id': 'default', 'project_domain_name': 'Default', 'project_id': 'fc307eb437b24b69ab27e97fbec77ee0', 'project_name': 'tempest-HypervisorAdminNegativeTestJSON-2025191962', 'tenant_id': 'fc307eb437b24b69ab27e97fbec77ee0', 'tenant_name': 'tempest-HypervisorAdminNegativeTestJSON-2025191962', 'user_domain_id': 'default', 'user_domain_name': 'Default', 'user_id': '5ce5413a7a654af6b05e9c0a86826b2d', 'system': None}, Network: None, Subnet: None, Router: None
2024-10-09 02:17:47.417 62657 INFO tempest.lib.common.rest_client [req-3e68a139-c229-4c14-a7bd-a641e66adfa9 req-3e68a139-c229-4c14-a7bd-a641e66adfa9 ] Request (AttachInterfacesV270Test:test_create_get_list_interfaces): 200 GET http://10.180.1.21/compute/v2.1/servers/ad6baae6-3925-41d7-9b95-0a5fe8add72d 2.502s
2024-10-09 02:17:47.431 62655 INFO tempest.lib.common.rest_client [req-c0b50ea1-9ef6-4b41-b67a-755bb917cac4 req-c0b50ea1-9ef6-4b41-b67a-755bb917cac4 ] Request (QuotaClassesAdminTestJSON:setUpClass): 204 PUT http://10.180.1.21/identity/v3/projects/132a872be5be447c80bb78d8a3ac440c/users/6347c3a1b2684bcc9b6eda9eae14551b/roles/dcf0240d7f4845af93f34b04b2f56487 0.054s
2024-10-09 02:17:47.432 62655 INFO tempest.lib.common.dynamic_creds [-] Dynamic test user 6347c3a1b2684bcc9b6eda9eae14551b is created with scope project and roles: ['admin']
2024-10-09 02:17:47.433 62655 INFO tempest.lib.common.dynamic_creds [-] Acquired dynamic creds: credentials: Credentials: {'domain_id': 'default', 'domain_name': 'Default', 'username': 'tempest-QuotaClassesAdminTestJSON-907049379-project-admin', 'project_domain_id': 'default', 'project_domain_name': 'Default', 'project_id': '132a872be5be447c80bb78d8a3ac440c', 'project_name': 'tempest-QuotaClassesAdminTestJSON-907049379', 'tenant_id': '132a872be5be447c80bb78d8a3ac440c', 'tenant_name': 'tempest-QuotaClassesAdminTestJSON-907049379', 'user_domain_id': 'default', 'user_domain_name': 'Default', 'user_id': '6347c3a1b2684bcc9b6eda9eae14551b', 'system': None}, Network: None, Subnet: None, Router: None
2024-10-09 02:17:47.433 62655 INFO tempest.lib.common.dynamic_creds [-] Created isolated network resources for: credentials: Credentials: {'domain_id': 'default', 'domain_name': 'Default', 'username': 'tempest-QuotaClassesAdminTestJSON-907049379-project-admin', 'project_domain_id': 'default', 'project_domain_name': 'Default', 'project_id': '132a872be5be447c80bb78d8a3ac440c', 'project_name': 'tempest-QuotaClassesAdminTestJSON-907049379', 'tenant_id': '132a872be5be447c80bb78d8a3ac440c', 'tenant_name': 'tempest-QuotaClassesAdminTestJSON-907049379', 'user_domain_id': 'default', 'user_domain_name': 'Default', 'user_id': '6347c3a1b2684bcc9b6eda9eae14551b', 'system': None}, Network: None, Subnet: None, Router: None
2024-10-09 02:17:47.481 62645 INFO tempest.lib.common.rest_client [req-b7a70601-19f6-4041-82c8-8d2276197598 req-b7a70601-19f6-4041-82c8-8d2276197598 ] Request (ServicesAdminNegativeTestJSON:tearDownClass): 200 GET http://10.180.1.21:9696/networking/v2.0/security-groups?tenant_id=8308975f8ce1428ba0760cd32ced10a0&name=default 0.388s
2024-10-09 02:17:47.498 62683 INFO tempest.lib.common.rest_client [req-5995f598-9a65-4e32-abee-9ae1a5f8c352 req-5995f598-9a65-4e32-abee-9ae1a5f8c352 ] Request (FlavorsV261TestJSON:tearDownClass): 200 GET http://10.180.1.21:9696/networking/v2.0/security-groups?tenant_id=19424f7201eb4ad3bb74197a5f2fdf42&name=default 0.407s
2024-10-09 02:17:47.511 62669 INFO tempest.lib.common.rest_client [req-c672dddc-1f5f-46cc-9e47-388cd5443ffd req-c672dddc-1f5f-46cc-9e47-388cd5443ffd ] Request (HypervisorAdminNegativeTestJSON:setUpClass): 201 POST http://10.180.1.21/identity/v3/auth/tokens 0.126s
2024-10-09 02:17:47.511 62603 INFO tempest.lib.common.rest_client [req-b3814754-a1b8-4e6a-8b79-7279242e14ea req-b3814754-a1b8-4e6a-8b79-7279242e14ea ] Request (ServerDiagnosticsNegativeTest:test_get_server_diagnostics_by_non_admin): 200 GET http://10.180.1.21/compute/v2.1/servers/d4f4eb24-ea78-4ab1-9786-818ea7769342 2.550s
2024-10-09 02:17:47.521 62603 INFO tempest.common.waiters [-] State transition "BUILD/None" ==> "BUILD/spawning" after 9 second wait
2024-10-09 02:17:47.525 62655 INFO tempest.lib.common.rest_client [req-d9e85b06-02d3-442d-8e97-ed17185fac64 req-d9e85b06-02d3-442d-8e97-ed17185fac64 ] Request (QuotaClassesAdminTestJSON:setUpClass): 201 POST http://10.180.1.21/identity/v3/auth/tokens 0.085s
2024-10-09 02:17:47.543 62665 INFO tempest.lib.common.rest_client [req-717cd917-96be-431a-9c97-9534caf14604 req-717cd917-96be-431a-9c97-9534caf14604 ] Request (AggregatesAdminNegativeTestJSON:test_aggregate_add_host_as_user): 200 POST http://10.180.1.21/compute/v2.1/os-aggregates 2.552s
2024-10-09 02:17:47.566 62661 INFO tempest.lib.common.rest_client [req-4a2bf58b-991e-45cb-9ad2-cc2daaea969d req-4a2bf58b-991e-45cb-9ad2-cc2daaea969d ] Request (HostsAdminTestJSON:test_list_hosts_with_zone): 200 GET http://10.180.1.21/compute/v2.1/os-hosts 2.551s
2024-10-09 02:17:47.662 62631 INFO tempest.lib.common.rest_client [req-9d7127d2-58e1-4382-a643-062bb9a2e29f req-9d7127d2-58e1-4382-a643-062bb9a2e29f ] Request (DeleteServersAdminTestJSON:test_admin_delete_servers_of_others): 200 GET http://10.180.1.21/compute/v2.1/servers/077b25b0-3586-4c56-81fa-526ff9c0ed1f 2.572s
2024-10-09 02:17:47.671 62631 INFO tempest.common.waiters [-] State transition "BUILD/None" ==> "BUILD/networking" after 8 second wait
2024-10-09 02:17:47.710 62673 INFO tempest.lib.common.rest_client [req-6d387e78-333b-4d41-93ea-18295005e709 req-6d387e78-333b-4d41-93ea-18295005e709 ] Request (FlavorsV255TestJSON:tearDownClass): 200 GET http://10.180.1.21:9696/networking/v2.0/security-groups?tenant_id=4850e24976a54ca58639a29717221ccd&name=default 0.425s
2024-10-09 02:17:47.786 62639 INFO tempest.lib.common.rest_client [req-d78cce3f-f0fe-4f6e-8c26-a64d45170221 req-d78cce3f-f0fe-4f6e-8c26-a64d45170221 ] Request (ServersV294TestFqdnHostnames:setUpClass): 201 POST http://10.180.1.21/compute/v2.1/os-keypairs 2.233s
2024-10-09 02:17:47.800 62633 INFO tempest.lib.common.rest_client [req-fac214fe-065d-401f-b506-f4faa147152b req-fac214fe-065d-401f-b506-f4faa147152b ] Request (ServersWithSpecificFlavorTestJSON:test_verify_created_server_ephemeral_disk): 200 GET http://10.180.1.21/compute/v2.1/flavors/42/os-extra_specs 2.206s
2024-10-09 02:17:47.818 62663 INFO tempest.lib.common.rest_client [req-c873ef29-0017-4b94-b590-c9b03c5ee606 req-c873ef29-0017-4b94-b590-c9b03c5ee606 ] Request (FlavorsAccessNegativeTestJSON:test_flavor_access_list_with_public_flavor): 200 POST http://10.180.1.21/compute/v2.1/flavors 2.192s
2024-10-09 02:17:47.883 62645 INFO tempest.lib.common.rest_client [req-13d1e84c-afcb-461d-adbe-7ad9c1bf7751 req-13d1e84c-afcb-461d-adbe-7ad9c1bf7751 ] Request (ServicesAdminNegativeTestJSON:tearDownClass): 204 DELETE http://10.180.1.21:9696/networking/v2.0/security-groups/034b6bf9-45c5-451c-8fd4-cc1182c9e127 0.401s
2024-10-09 02:17:47.916 62683 INFO tempest.lib.common.rest_client [req-dd66bcf8-71ef-4736-a6a3-4e3580f69bdb req-dd66bcf8-71ef-4736-a6a3-4e3580f69bdb ] Request (FlavorsV261TestJSON:tearDownClass): 204 DELETE http://10.180.1.21:9696/networking/v2.0/security-groups/fdb51b0f-81b3-4c50-a5e6-ba2c5515762b 0.417s
2024-10-09 02:17:47.927 62682 INFO tempest.lib.common.rest_client [req-debb350d-79c4-4532-9df3-021f71520245 req-debb350d-79c4-4532-9df3-021f71520245 ] Request (FloatingIPsAssociationNegativeTestJSON:setUpClass): 202 POST http://10.180.1.21/compute/v2.1/servers 3.671s
2024-10-09 02:17:47.944 62635 INFO tempest.lib.common.rest_client [req-4989a3a2-1fc6-4b27-adc5-1230caf24242 req-4989a3a2-1fc6-4b27-adc5-1230caf24242 ] Request (HostsAdminNegativeTestJSON:test_shutdown_nonexistent_host): 404 GET http://10.180.1.21/compute/v2.1/os-hosts/nonexistent_hostname/shutdown 2.222s
2024-10-09 02:17:48.019 62645 INFO tempest.lib.common.rest_client [req-e8428e58-8275-4eae-bd5c-56fcf1e824b3 req-e8428e58-8275-4eae-bd5c-56fcf1e824b3 ] Request (ServicesAdminNegativeTestJSON:tearDownClass): 204 DELETE http://10.180.1.21/identity/v3/projects/8308975f8ce1428ba0760cd32ced10a0 0.135s
2024-10-09 02:17:48.042 62683 INFO tempest.lib.common.rest_client [req-33710709-3819-45bf-88ed-19152e016e67 req-33710709-3819-45bf-88ed-19152e016e67 ] Request (FlavorsV261TestJSON:tearDownClass): 204 DELETE http://10.180.1.21/identity/v3/projects/19424f7201eb4ad3bb74197a5f2fdf42 0.125s
2024-10-09 02:17:48.053 62673 INFO tempest.lib.common.rest_client [req-6cd8df14-ff8a-4866-84fa-2897e7eafa9a req-6cd8df14-ff8a-4866-84fa-2897e7eafa9a ] Request (FlavorsV255TestJSON:tearDownClass): 204 DELETE http://10.180.1.21:9696/networking/v2.0/security-groups/f1ddf236-ffe5-40e3-af0b-29bf02130aa9 0.342s
2024-10-09 02:17:48.103 62645 INFO tempest.lib.common.rest_client [req-3d042adf-1363-4bed-8de7-937ab323f9ea req-3d042adf-1363-4bed-8de7-937ab323f9ea ] Request (MultipleCreateTestJSON:setUpClass): 201 POST http://10.180.1.21/identity/v3/auth/tokens 0.082s
2024-10-09 02:17:48.142 62683 INFO tempest.lib.common.rest_client [req-56b75b16-f3d0-49b5-843a-13e87740073a req-56b75b16-f3d0-49b5-843a-13e87740073a ] Request (QuotasAdminTestJSON:setUpClass): 201 POST http://10.180.1.21/identity/v3/auth/tokens 0.098s
2024-10-09 02:17:48.146 62672 INFO tempest.lib.common.rest_client [req-c2d22669-268b-41e3-aed2-b0f4356bd38b req-c2d22669-268b-41e3-aed2-b0f4356bd38b ] Request (ServersTestBootFromVolume:setUpClass): 202 POST http://10.180.1.21/volume/v3/a1524cc8cfd444e98436b96763444c8e/volumes 0.861s
2024-10-09 02:17:48.161 62685 INFO tempest.lib.common.rest_client [req-577854b9-5b00-4f6d-976d-7c07c9c009cf req-577854b9-5b00-4f6d-976d-7c07c9c009cf ] Request (ImagesMetadataTestJSON:setUp): 200 PUT http://10.180.1.21/compute/v2.1/images/6bab50a7-78b7-4404-aec9-f5655142cbba/metadata 2.397s
2024-10-09 02:17:48.182 62673 INFO tempest.lib.common.rest_client [req-8b50efa7-7933-4b44-a77f-f6aa73aa25d4 req-8b50efa7-7933-4b44-a77f-f6aa73aa25d4 ] Request (FlavorsV255TestJSON:tearDownClass): 204 DELETE http://10.180.1.21/identity/v3/projects/4850e24976a54ca58639a29717221ccd 0.129s
2024-10-09 02:17:48.188 62639 INFO tempest.lib.common.rest_client [req-a02ae079-6d40-4bcf-ba27-404a87cc36e4 req-a02ae079-6d40-4bcf-ba27-404a87cc36e4 ] Request (ServersV294TestFqdnHostnames:setUpClass): 201 POST http://10.180.1.21:9696/networking/v2.0/security-groups 0.399s
2024-10-09 02:17:48.213 62645 INFO tempest.lib.common.rest_client [req-cbe7fbde-42b2-42ef-8e81-eceed2b8bbd7 req-cbe7fbde-42b2-42ef-8e81-eceed2b8bbd7 ] Request (MultipleCreateTestJSON:setUpClass): 201 POST http://10.180.1.21/identity/v3/auth/tokens 0.108s
2024-10-09 02:17:48.242 62672 INFO tempest.lib.common.rest_client [req-4f76245d-d461-4714-852c-aadaf7a73344 req-4f76245d-d461-4714-852c-aadaf7a73344 ] Request (ServersTestBootFromVolume:setUpClass): 200 GET http://10.180.1.21/volume/v3/a1524cc8cfd444e98436b96763444c8e/volumes/98319c2e-aa8a-40a2-8fd5-b1bd600c85f1 0.087s
2024-10-09 02:17:48.257 62673 INFO tempest.lib.common.rest_client [req-035da885-8dde-4fcd-b52f-f26508423bc1 req-035da885-8dde-4fcd-b52f-f26508423bc1 ] Request (ServerRescueNegativeTestJSON:setUpClass): 201 POST http://10.180.1.21/identity/v3/auth/tokens 0.074s
2024-10-09 02:17:48.266 62683 INFO tempest.lib.common.rest_client [req-1a418a7e-1323-41d7-ad3e-3e130eb924c7 req-1a418a7e-1323-41d7-ad3e-3e130eb924c7 ] Request (QuotasAdminTestJSON:setUpClass): 201 POST http://10.180.1.21/identity/v3/auth/tokens 0.121s
2024-10-09 02:17:48.285 62645 INFO tempest.lib.common.rest_client [req-6f7f363b-df04-471f-b1f1-3e9cd4e3625f req-6f7f363b-df04-471f-b1f1-3e9cd4e3625f ] Request (MultipleCreateTestJSON:setUpClass): 200 GET http://10.180.1.21/identity/v3/domains?name=Default 0.070s
2024-10-09 02:17:48.320 62673 INFO tempest.lib.common.rest_client [req-2cfa635c-4c55-4851-af7e-baf088fc9984 req-2cfa635c-4c55-4851-af7e-baf088fc9984 ] Request (ServerRescueNegativeTestJSON:setUpClass): 201 POST http://10.180.1.21/identity/v3/auth/tokens 0.058s
2024-10-09 02:17:48.344 62683 INFO tempest.lib.common.rest_client [req-2784ade5-f569-49ef-a743-6e45ad602181 req-2784ade5-f569-49ef-a743-6e45ad602181 ] Request (QuotasAdminTestJSON:setUpClass): 200 GET http://10.180.1.21/identity/v3/domains?name=Default 0.077s
2024-10-09 02:17:48.371 62645 INFO tempest.lib.common.rest_client [req-2b92041a-ab81-41c3-ae20-3220468c8306 req-2b92041a-ab81-41c3-ae20-3220468c8306 ] Request (MultipleCreateTestJSON:setUpClass): 201 POST http://10.180.1.21/identity/v3/projects 0.086s
2024-10-09 02:17:48.383 62673 INFO tempest.lib.common.rest_client [req-1161e924-5c10-47ea-af51-c79871606159 req-1161e924-5c10-47ea-af51-c79871606159 ] Request (ServerRescueNegativeTestJSON:setUpClass): 200 GET http://10.180.1.21/identity/v3/domains?name=Default 0.063s
2024-10-09 02:17:48.429 62687 INFO tempest.lib.common.rest_client [req-af319328-e390-4268-a0a3-d2ae74bec2f9 req-af319328-e390-4268-a0a3-d2ae74bec2f9 ] Request (FloatingIPsTestJSON:setUpClass): 201 POST http://10.180.1.21:9696/networking/v2.0/routers 3.237s
2024-10-09 02:17:48.444 62683 INFO tempest.lib.common.rest_client [req-7d5202b9-346d-44a6-bf35-5e52a2299a64 req-7d5202b9-346d-44a6-bf35-5e52a2299a64 ] Request (QuotasAdminTestJSON:setUpClass): 201 POST http://10.180.1.21/identity/v3/projects 0.100s
2024-10-09 02:17:48.454 62645 INFO tempest.lib.common.rest_client [req-32ccce56-e15a-4f89-8ecc-4c55ab64fb58 req-32ccce56-e15a-4f89-8ecc-4c55ab64fb58 ] Request (MultipleCreateTestJSON:setUpClass): 201 POST http://10.180.1.21/identity/v3/users 0.082s
2024-10-09 02:17:48.503 62673 INFO tempest.lib.common.rest_client [req-0d313aa7-4a76-4178-9a62-f695c2959356 req-0d313aa7-4a76-4178-9a62-f695c2959356 ] Request (ServerRescueNegativeTestJSON:setUpClass): 201 POST http://10.180.1.21/identity/v3/projects 0.119s
2024-10-09 02:17:48.567 62683 INFO tempest.lib.common.rest_client [req-de73b384-811f-415f-9962-9d1435de084d req-de73b384-811f-415f-9962-9d1435de084d ] Request (QuotasAdminTestJSON:setUpClass): 201 POST http://10.180.1.21/identity/v3/users 0.122s
2024-10-09 02:17:48.571 62639 INFO tempest.lib.common.rest_client [req-bd77c689-daaa-4958-b778-4f08b7b4acfb req-bd77c689-daaa-4958-b778-4f08b7b4acfb ] Request (ServersV294TestFqdnHostnames:setUpClass): 201 POST http://10.180.1.21:9696/networking/v2.0/security-group-rules 0.383s
2024-10-09 02:17:48.598 62645 INFO tempest.lib.common.rest_client [req-5a34d4cb-f966-4ad7-ae10-7d13e6d7a820 req-5a34d4cb-f966-4ad7-ae10-7d13e6d7a820 ] Request (MultipleCreateTestJSON:setUpClass): 200 GET http://10.180.1.21/identity/v3/roles 0.144s
2024-10-09 02:17:48.599 62673 INFO tempest.lib.common.rest_client [req-c5f45392-270d-475d-aac7-2a3dcc980acc req-c5f45392-270d-475d-aac7-2a3dcc980acc ] Request (ServerRescueNegativeTestJSON:setUpClass): 201 POST http://10.180.1.21/identity/v3/users 0.095s
2024-10-09 02:17:48.631 62683 INFO tempest.lib.common.rest_client [req-05eac2bc-c341-4c84-ab7f-5d431740f649 req-05eac2bc-c341-4c84-ab7f-5d431740f649 ] Request (QuotasAdminTestJSON:setUpClass): 200 GET http://10.180.1.21/identity/v3/roles 0.062s
2024-10-09 02:17:48.648 62667 INFO tempest.lib.common.rest_client [req-86935295-41ca-4d79-adbb-0a7a03d546ed req-86935295-41ca-4d79-adbb-0a7a03d546ed ] Request (QuotasAdminNegativeTest:test_create_server_when_instances_quota_is_full): 403 POST http://10.180.1.21/compute/v2.1/servers 2.692s
2024-10-09 02:17:48.662 62645 INFO tempest.lib.common.rest_client [req-234e7f0d-54cd-4c7a-b24a-e149cd337ca6 req-234e7f0d-54cd-4c7a-b24a-e149cd337ca6 ] Request (MultipleCreateTestJSON:setUpClass): 204 PUT http://10.180.1.21/identity/v3/projects/37c4f2d7d8c24049b1290ec8b0ad9618/users/4a800e72b9e5476fa0e44203f5c7b9ca/roles/6a018f2a908f431a8f76f072ca998fe7 0.063s
2024-10-09 02:17:48.662 62645 INFO tempest.lib.common.dynamic_creds [-] Dynamic test user 4a800e72b9e5476fa0e44203f5c7b9ca is created with scope project and roles: ['member']
2024-10-09 02:17:48.662 62645 INFO tempest.lib.common.dynamic_creds [-] Acquired dynamic creds: credentials: Credentials: {'domain_id': 'default', 'domain_name': 'Default', 'username': 'tempest-MultipleCreateTestJSON-1216687210-project-member', 'project_domain_id': 'default', 'project_domain_name': 'Default', 'project_id': '37c4f2d7d8c24049b1290ec8b0ad9618', 'project_name': 'tempest-MultipleCreateTestJSON-1216687210', 'tenant_id': '37c4f2d7d8c24049b1290ec8b0ad9618', 'tenant_name': 'tempest-MultipleCreateTestJSON-1216687210', 'user_domain_id': 'default', 'user_domain_name': 'Default', 'user_id': '4a800e72b9e5476fa0e44203f5c7b9ca', 'system': None}, Network: None, Subnet: None, Router: None
2024-10-09 02:17:48.668 62643 INFO tempest.lib.common.rest_client [req-004e37be-2423-46ee-b138-6a7245c3c007 req-004e37be-2423-46ee-b138-6a7245c3c007 ] Request (SecurityGroupsTestAdminJSON:test_list_security_groups_list_all_tenants_filter): 200 POST http://10.180.1.21/compute/v2.1/os-security-groups 3.031s
2024-10-09 02:17:48.726 62673 INFO tempest.lib.common.rest_client [req-4b842d3f-2a99-46db-9665-adaaf9037eb4 req-4b842d3f-2a99-46db-9665-adaaf9037eb4 ] Request (ServerRescueNegativeTestJSON:setUpClass): 200 GET http://10.180.1.21/identity/v3/roles 0.127s
2024-10-09 02:17:48.743 62683 INFO tempest.lib.common.rest_client [req-863518a8-ab87-4ea8-9936-fd3adfcb16af req-863518a8-ab87-4ea8-9936-fd3adfcb16af ] Request (QuotasAdminTestJSON:setUpClass): 204 PUT http://10.180.1.21/identity/v3/projects/9a5253b89acd4cd598b3616f9680b404/users/61123fec4f3f45bf8596d07717c2aa11/roles/6a018f2a908f431a8f76f072ca998fe7 0.110s
