2024-10-09 02:18:30.003 62685 INFO tempest.lib.common.rest_client [req-6e41b7fa-6dd0-44c6-98b0-7750e221555a req-6e41b7fa-6dd0-44c6-98b0-7750e221555a ] Request (ListServersNegativeTestJSON:setUpClass): 201 POST http://10.180.1.21/identity/v3/auth/tokens 0.087s
2024-10-09 02:18:30.031 62682 INFO tempest.lib.common.rest_client [req-83eace6d-03d1-4dd1-b4b2-3a117d7771e3 req-83eace6d-03d1-4dd1-b4b2-3a117d7771e3 ] Request (FloatingIPsAssociationNegativeTestJSON:setUpClass): 200 GET http://10.180.1.21/compute/v2.1/servers/e5fddcfc-df93-4c2b-ad5d-0d2f52b10aca 0.720s
2024-10-09 02:18:30.041 62639 INFO tempest.lib.common.rest_client [req-eea7e3d5-e91f-4822-b360-f70f5431d7af req-eea7e3d5-e91f-4822-b360-f70f5431d7af ] Request (ServersV294TestFqdnHostnames:setUpClass): 200 GET http://10.180.1.21/compute/v2.1/servers/15703806-9f67-424d-aadb-634634810993 0.742s
2024-10-09 02:18:30.042 62682 INFO tempest.common.waiters [-] State transition "BUILD/spawning" ==> "BUILD/scheduling" after 40 second wait
2024-10-09 02:18:30.052 62685 INFO tempest.lib.common.rest_client [req-dc0e2a9e-ce4d-48ed-a94a-c526e8a2f5e7 req-dc0e2a9e-ce4d-48ed-a94a-c526e8a2f5e7 ] Request (ListServersNegativeTestJSON:setUpClass): 201 POST http://10.180.1.21/identity/v3/auth/tokens 0.043s
2024-10-09 02:18:30.052 62685 INFO tempest.lib.common.fixed_network [-] (ListServersNegativeTestJSON:setUpClass) Found network {'id': '2591a713-6a13-4708-a9df-561e69ab44db', 'name': 'tempest-ListServersNegativeTestJSON-1701179477-network', 'tenant_id': 'f0965daa8a4e4ce8ab3ba0242ab77f74', 'admin_state_up': True, 'mtu': 8950, 'status': 'ACTIVE', 'subnets': [], 'shared': False, 'project_id': 'f0965daa8a4e4ce8ab3ba0242ab77f74', 'port_security_enabled': True, 'router:external': False, 'provider:network_type': 'vlan', 'provider:physical_network': 'default', 'provider:segmentation_id': 29, 'is_default': False, 'availability_zone_hints': [], 'availability_zones': [], 'ipv4_address_scope': None, 'ipv6_address_scope': None, 'description': '', 'tags': [], 'created_at': '2024-10-09T02:18:23Z', 'updated_at': '2024-10-09T02:18:23Z', 'revision_number': 1} available for tenant
2024-10-09 02:18:30.106 62649 INFO tempest.lib.common.rest_client [req-17a4c4eb-7416-4b49-a577-42f82a13610b req-17a4c4eb-7416-4b49-a577-42f82a13610b ] Request (ServersAdminNegativeTestJSON:setUpClass): 200 GET http://10.180.1.21/compute/v2.1/servers/b434e59a-d9ed-4aa1-a5ac-212e3d3e9c0a 0.675s
2024-10-09 02:18:30.142 62677 INFO tempest.lib.common.rest_client [req-2d8ed2ee-56c2-4ebb-b841-fd6aba1fa54d req-2d8ed2ee-56c2-4ebb-b841-fd6aba1fa54d ] Request (ServersTestJSON:setUpClass): 200 GET http://10.180.1.21/compute/v2.1/servers/759d9575-84bf-4dec-846a-e63126dae49c 0.660s
2024-10-09 02:18:30.180 62633 INFO tempest.lib.common.rest_client [req-a7b196a4-5c72-4054-860a-088a6a366110 req-a7b196a4-5c72-4054-860a-088a6a366110 ] Request (ServersWithSpecificFlavorTestJSON:test_verify_created_server_ephemeral_disk): 200 GET http://10.180.1.21/compute/v2.1/servers/be595c9e-703e-4246-ae1c-2c77b240cb19 0.658s
2024-10-09 02:18:30.221 62672 INFO tempest.lib.common.rest_client [req-a582caaf-67c2-4710-8b54-dba260f35be5 req-a582caaf-67c2-4710-8b54-dba260f35be5 ] Request (ServersTestBootFromVolume:setUpClass): 200 GET http://10.180.1.21/compute/v2.1/servers/317e7e7c-7c6f-4855-a433-e55ea5571b92 0.604s
2024-10-09 02:18:30.238 62647 INFO tempest.lib.common.rest_client [req-4cb0641d-9ad6-4642-9ca6-551edaef7aff req-4cb0641d-9ad6-4642-9ca6-551edaef7aff ] Request (FlavorsAdminTestJSON:test_list_non_public_flavor): 200 GET http://10.180.1.21/compute/v2.1/flavors/detail 0.602s
2024-10-09 02:18:30.304 62679 INFO tempest.lib.common.rest_client [req-cceb853c-d78c-4fb1-99f9-55b1cd672c50 req-cceb853c-d78c-4fb1-99f9-55b1cd672c50 ] Request (SecurityGroupsTestJSON:test_list_security_groups_by_server): 200 GET http://10.180.1.21/compute/v2.1/servers/4a99d2e8-7795-4016-ad6e-39a816c7fae1 0.593s
2024-10-09 02:18:30.330 62665 INFO tempest.lib.common.rest_client [req-1f4a8919-1176-489d-9948-cb50e461080c req-1f4a8919-1176-489d-9948-cb50e461080c ] Request (ComputeTenantNetworksTest:test_list_show_tenant_networks): 200 GET http://10.180.1.21/compute/v2.1/os-tenant-networks/c4def13e-d311-4c21-ad05-e3ecc2f4ee86 0.714s
2024-10-09 02:18:30.416 62627 INFO tempest.lib.common.rest_client [req-caffc11d-c30f-4d7c-93f5-a6d469fbe91a req-caffc11d-c30f-4d7c-93f5-a6d469fbe91a ] Request (ServerDiagnosticsV248Test:test_get_server_diagnostics): 200 GET http://10.180.1.21/compute/v2.1/servers/e514a72d-6b4d-46f9-935b-3535bed4afc2 0.611s
2024-10-09 02:18:30.418 62663 INFO tempest.lib.common.rest_client [req-d6d2cbd9-e26a-4fa9-b99c-e30327de33f5 req-d6d2cbd9-e26a-4fa9-b99c-e30327de33f5 ] Request (ServersTestFqdnHostnames:test_create_server_with_fqdn_name): 200 POST http://10.180.1.21/compute/v2.1/os-keypairs 0.560s
2024-10-09 02:18:30.526 62651 INFO tempest.lib.common.rest_client [req-e01a8a3e-3c8f-42e3-8cf5-3a1facf3cf65 req-e01a8a3e-3c8f-42e3-8cf5-3a1facf3cf65 ] Request (DeleteServersTestJSON:test_delete_server_while_in_attached_volume): 200 GET http://10.180.1.21/compute/v2.1/servers/01d010dc-6b5b-470b-a387-f95a17600e19 0.667s
2024-10-09 02:18:30.531 62657 INFO tempest.lib.common.rest_client [req-fc205a56-c1ec-4116-afaa-e51b726aebff req-fc205a56-c1ec-4116-afaa-e51b726aebff ] Request (ServersTestManualDisk:setUpClass): 200 GET http://10.180.1.21/compute/v2.1/servers/cc2bce8f-0c0c-4cbc-a31c-c8ec2992a76e 0.621s
2024-10-09 02:18:30.543 62659 INFO tempest.lib.common.rest_client [req-4ef70c9a-1214-44bf-83a9-7fc91bc6f9e9 req-4ef70c9a-1214-44bf-83a9-7fc91bc6f9e9 ] Request (MigrationsAdminTest:test_resize_server_revert_deleted_flavor): 200 POST http://10.180.1.21/compute/v2.1/flavors 0.614s
2024-10-09 02:18:30.625 62687 INFO tempest.lib.common.rest_client [req-c826c1b8-3edd-40d9-a18b-9668ffbc4503 req-c826c1b8-3edd-40d9-a18b-9668ffbc4503 ] Request (FloatingIPDetailsNegativeTestJSON:tearDownClass): 200 PUT http://10.180.1.21:9696/networking/v2.0/routers/b06705e7-91d4-4102-9255-72dcbbc8e8f1/remove_router_interface 3.575s
2024-10-09 02:18:30.630 62645 INFO tempest.lib.common.rest_client [req-ad2c8211-3d9a-4d85-8ac7-a4efba70322a req-ad2c8211-3d9a-4d85-8ac7-a4efba70322a ] Request (MultipleCreateTestJSON:test_multiple_create): 200 GET http://10.180.1.21/compute/v2.1/servers/2abff399-f03d-4c62-ac0b-440ba54bec29 0.663s
2024-10-09 02:18:30.642 62631 INFO tempest.lib.common.rest_client [req-df449add-8199-40cb-9cb8-0f88b5c84082 req-df449add-8199-40cb-9cb8-0f88b5c84082 ] Request (DeleteServersAdminTestJSON:test_delete_server_while_in_error_state): 200 GET http://10.180.1.21/compute/v2.1/servers/70abd86c-aa63-4ccb-b185-65bf4977dfdf 0.642s
2024-10-09 02:18:30.724 62629 INFO tempest.lib.common.rest_client [req-d5c10f49-25ee-40c8-8742-589109309b12 req-d5c10f49-25ee-40c8-8742-589109309b12 ] Request (ServerDiagnosticsTest:test_get_server_diagnostics): 200 GET http://10.180.1.21/compute/v2.1/servers/e075eece-534b-4d97-8c82-abb960ef1abe 0.660s
2024-10-09 02:18:30.798 62675 INFO tempest.lib.common.rest_client [req-93889520-cccf-40c3-ac43-9563afb8440c req-93889520-cccf-40c3-ac43-9563afb8440c ] Request (ServerAddressesNegativeTestJSON:setUpClass): 200 GET http://10.180.1.21/compute/v2.1/servers/0f1d83e7-bb40-4344-a344-2fc98efe8528 0.658s
2024-10-09 02:18:30.896 62661 INFO tempest.lib.common.rest_client [req-80df5ee5-9a30-4260-8aba-d74e72de5ba0 req-80df5ee5-9a30-4260-8aba-d74e72de5ba0 ] Request (FloatingIPsAssociationTestJSON:setUpClass): 200 GET http://10.180.1.21/compute/v2.1/servers/0a21307b-74e7-4c5d-95a3-0800915c51ff 0.657s
2024-10-09 02:18:30.912 62647 INFO tempest.lib.common.rest_client [req-5362c327-9c04-411f-8c40-78efc0a6fe56 req-5362c327-9c04-411f-8c40-78efc0a6fe56 ] Request (FlavorsAdminTestJSON:test_list_non_public_flavor): 200 GET http://10.180.1.21/compute/v2.1/flavors/detail 0.670s
2024-10-09 02:18:31.068 62663 INFO tempest.lib.common.rest_client [req-d359d730-7ee6-458e-93a7-19dbdaeeb733 req-d359d730-7ee6-458e-93a7-19dbdaeeb733 ] Request (ServersTestFqdnHostnames:test_create_server_with_fqdn_name): 201 POST http://10.180.1.21:9696/networking/v2.0/security-groups 0.648s
2024-10-09 02:18:31.091 62625 INFO tempest.lib.common.rest_client [req-5713d848-728e-41d5-89f3-7c4bc32d4f21 req-5713d848-728e-41d5-89f3-7c4bc32d4f21 ] Request (ServerActionsTestOtherB:setUpClass): 200 GET http://10.180.1.21/compute/v2.1/servers/c348ef22-abb0-48cf-98a6-3a4b217dd186 0.558s
2024-10-09 02:18:31.095 62665 INFO tempest.lib.common.rest_client [req-baa4bf6b-787f-4508-8535-b22968ee6192 req-baa4bf6b-787f-4508-8535-b22968ee6192 ] Request (ComputeTenantNetworksTest:tearDownClass): 204 DELETE http://10.180.1.21:9696/networking/v2.0/networks/c4def13e-d311-4c21-ad05-e3ecc2f4ee86 0.761s
2024-10-09 02:18:31.103 62659 INFO tempest.lib.common.rest_client [req-277cdae1-0bea-4880-a688-5be60bfe88a2 req-277cdae1-0bea-4880-a688-5be60bfe88a2 ] Request (MigrationsAdminTest:test_resize_server_revert_deleted_flavor): 200 GET http://10.180.1.21/compute/v2.1/flavors/42/os-extra_specs 0.557s
2024-10-09 02:18:31.105 62638 INFO tempest.lib.common.rest_client [req-9e13fd9b-b896-480f-8ebd-72f009e2e4fc req-9e13fd9b-b896-480f-8ebd-72f009e2e4fc ] Request (VolumesAdminNegativeTest:test_update_attached_volume_with_nonexistent_volume_in_body): 201 POST http://10.180.1.21:9696/networking/v2.0/floatingips 1.827s
2024-10-09 02:18:31.129 62603 INFO tempest.lib.common.rest_client [req-4365ae5e-90c2-4d5d-86c5-22ce85731165 req-4365ae5e-90c2-4d5d-86c5-22ce85731165 ] Request (ImagesNegativeTestJSON:setUpClass): 200 PUT http://10.180.1.21:9696/networking/v2.0/routers/2bb336a5-df4d-4033-881f-ee2746eabf26/add_router_interface 4.569s
2024-10-09 02:18:31.130 62603 INFO tempest.lib.common.dynamic_creds [-] Created isolated network resources for: credentials: Credentials: {'domain_id': 'default', 'domain_name': 'Default', 'username': 'tempest-ImagesNegativeTestJSON-446811681-project-member', 'project_domain_id': 'default', 'project_domain_name': 'Default', 'project_id': 'ddb3ad4762cc4027a207fcab3a5eed5b', 'project_name': 'tempest-ImagesNegativeTestJSON-446811681', 'tenant_id': 'ddb3ad4762cc4027a207fcab3a5eed5b', 'tenant_name': 'tempest-ImagesNegativeTestJSON-446811681', 'user_domain_id': 'default', 'user_domain_name': 'Default', 'user_id': '4f9a152126e44c72846fbf187e17e820', 'system': None}, Network: {'id': '611d7d4b-d722-43d5-9283-f55414169e47', 'name': 'tempest-ImagesNegativeTestJSON-589291184-network', 'tenant_id': 'ddb3ad4762cc4027a207fcab3a5eed5b', 'admin_state_up': True, 'mtu': 8950, 'status': 'ACTIVE', 'subnets': [], 'shared': False, 'project_id': 'ddb3ad4762cc4027a207fcab3a5eed5b', 'port_security_enabled': True, 'router:external': False, 'provider:network_type': 'vlan', 'provider:physical_network': 'default', 'provider:segmentation_id': 509, 'is_default': False, 'availability_zone_hints': [], 'availability_zones': [], 'ipv4_address_scope': None, 'ipv6_address_scope': None, 'description': '', 'tags': [], 'created_at': '2024-10-09T02:18:23Z', 'updated_at': '2024-10-09T02:18:23Z', 'revision_number': 1}, Subnet: {'id': '3a9b478e-3eaa-451a-b5d9-607cd94c47a9', 'name': 'tempest-ImagesNegativeTestJSON-589291184-subnet', 'tenant_id': 'ddb3ad4762cc4027a207fcab3a5eed5b', 'network_id': '611d7d4b-d722-43d5-9283-f55414169e47', 'ip_version': 4, 'subnetpool_id': None, 'enable_dhcp': True, 'ipv6_ra_mode': None, 'ipv6_address_mode': None, 'gateway_ip': '192.168.128.1', 'cidr': '192.168.128.0/28', 'allocation_pools': [{'start': '192.168.128.2', 'end': '192.168.128.14'}], 'host_routes': [], 'dns_nameservers': [], 'description': '', 'router:external': False, 'service_types': [], 'tags': [], 'created_at': '2024-10-09T02:18:23Z', 'updated_at': '2024-10-09T02:18:23Z', 'revision_number': 0, 'project_id': 'ddb3ad4762cc4027a207fcab3a5eed5b'}, Router: {'id': '2bb336a5-df4d-4033-881f-ee2746eabf26', 'name': 'tempest-ImagesNegativeTestJSON-589291184-router', 'tenant_id': 'ddb3ad4762cc4027a207fcab3a5eed5b', 'admin_state_up': True, 'status': 'ACTIVE', 'external_gateway_info': {'network_id': '02d218e0-d072-4c8e-a031-ecf371e81983', 'external_fixed_ips': [{'subnet_id': '06b7ffd8-4f93-4913-8bcb-a0b3b0df9bee', 'ip_address': '10.180.180.246'}], 'enable_snat': True}, 'description': '', 'availability_zones': [], 'distributed': False, 'ha': False, 'availability_zone_hints': [], 'routes': [], 'flavor_id': None, 'tags': [], 'created_at': '2024-10-09T02:18:24Z', 'updated_at': '2024-10-09T02:18:25Z', 'revision_number': 2, 'project_id': 'ddb3ad4762cc4027a207fcab3a5eed5b'}
2024-10-09 02:18:31.181 62683 INFO tempest.lib.common.rest_client [req-80e90c99-4e66-4a72-bc12-302ee0aa1120 req-80e90c99-4e66-4a72-bc12-302ee0aa1120 ] Request (ServerExternalEventsTest:test_create_server_external_events): 200 GET http://10.180.1.21/compute/v2.1/servers/ad12e5b0-6854-4281-9155-e1660393829c 0.540s
2024-10-09 02:18:31.181 62638 INFO tempest.lib.common.rest_client [req-4848b661-21df-4051-9768-eb6e6c23d726 req-4848b661-21df-4051-9768-eb6e6c23d726 ] Request (VolumesAdminNegativeTest:test_update_attached_volume_with_nonexistent_volume_in_body): 201 POST http://10.180.1.21/identity/v3/auth/tokens 0.071s
2024-10-09 02:18:31.182 62638 INFO tempest.lib.common.fixed_network [-] (VolumesAdminNegativeTest:test_update_attached_volume_with_nonexistent_volume_in_body) Found network {'id': 'ae13fe4b-9c18-45eb-8619-c58d283abd3f', 'name': 'tempest-VolumesAdminNegativeTest-432568731-network', 'tenant_id': '83d39da6eb0541fea18f25acc9df3eef', 'admin_state_up': True, 'mtu': 8950, 'status': 'ACTIVE', 'subnets': [], 'shared': False, 'project_id': '83d39da6eb0541fea18f25acc9df3eef', 'port_security_enabled': True, 'router:external': False, 'provider:network_type': 'vlan', 'provider:physical_network': 'default', 'provider:segmentation_id': 683, 'is_default': False, 'availability_zone_hints': [], 'availability_zones': [], 'ipv4_address_scope': None, 'ipv6_address_scope': None, 'description': '', 'tags': [], 'created_at': '2024-10-09T02:18:11Z', 'updated_at': '2024-10-09T02:18:11Z', 'revision_number': 1} available for tenant
2024-10-09 02:18:31.187 62665 INFO tempest.lib.common.rest_client [req-502a8843-092e-4a78-b43f-c961741f3dfe req-502a8843-092e-4a78-b43f-c961741f3dfe ] Request (ComputeTenantNetworksTest:tearDownClass): 204 DELETE http://10.180.1.21/identity/v3/users/c53fc824080b44abbfc5c80c00d2a6cb 0.090s
2024-10-09 02:18:31.187 62665 INFO tempest.lib.common.dynamic_creds [-] Deleting project and security group for project: 1344809e5c11469fb1184211e451f6b6
2024-10-09 02:18:31.251 62603 INFO tempest.lib.common.rest_client [req-ec6923cf-1b79-41ee-8520-fdc8f1af8ec1 req-ec6923cf-1b79-41ee-8520-fdc8f1af8ec1 ] Request (ImagesNegativeTestJSON:setUpClass): 201 POST http://10.180.1.21/identity/v3/auth/tokens 0.114s
2024-10-09 02:18:31.278 62655 INFO tempest.lib.common.rest_client [req-0d9dd10b-2007-45c2-a812-32e98d6bb1f4 req-0d9dd10b-2007-45c2-a812-32e98d6bb1f4 ] Request (ServersTestJSON:test_create_server_specify_multibyte_character_name): 200 GET http://10.180.1.21/compute/v2.1/servers/ce6b8f31-afee-4062-b860-d054c4d37be0 0.522s
2024-10-09 02:18:31.288 62603 INFO tempest.lib.common.rest_client [req-423472d1-a074-4414-bbf9-721942e80268 req-423472d1-a074-4414-bbf9-721942e80268 ] Request (ImagesNegativeTestJSON:test_create_image_from_deleted_server): 201 POST http://10.180.1.21/identity/v3/auth/tokens 0.032s
2024-10-09 02:18:31.288 62603 INFO tempest.lib.common.fixed_network [-] (ImagesNegativeTestJSON:test_create_image_from_deleted_server) Found network {'id': '611d7d4b-d722-43d5-9283-f55414169e47', 'name': 'tempest-ImagesNegativeTestJSON-589291184-network', 'tenant_id': 'ddb3ad4762cc4027a207fcab3a5eed5b', 'admin_state_up': True, 'mtu': 8950, 'status': 'ACTIVE', 'subnets': [], 'shared': False, 'project_id': 'ddb3ad4762cc4027a207fcab3a5eed5b', 'port_security_enabled': True, 'router:external': False, 'provider:network_type': 'vlan', 'provider:physical_network': 'default', 'provider:segmentation_id': 509, 'is_default': False, 'availability_zone_hints': [], 'availability_zones': [], 'ipv4_address_scope': None, 'ipv6_address_scope': None, 'description': '', 'tags': [], 'created_at': '2024-10-09T02:18:23Z', 'updated_at': '2024-10-09T02:18:23Z', 'revision_number': 1} available for tenant
2024-10-09 02:18:31.290 62667 INFO tempest.lib.common.rest_client [req-0c634fd9-58a7-47b9-b980-a8346a627b22 req-0c634fd9-58a7-47b9-b980-a8346a627b22 ] Request (InstanceActionsNegativeTestJSON:setUpClass): 200 PUT http://10.180.1.21:9696/networking/v2.0/routers/adb7153f-4786-4444-8fb2-0e4263be6c7e/add_router_interface 3.435s
2024-10-09 02:18:31.290 62667 INFO tempest.lib.common.dynamic_creds [-] Created isolated network resources for: credentials: Credentials: {'domain_id': 'default', 'domain_name': 'Default', 'username': 'tempest-InstanceActionsNegativeTestJSON-960405884-project-member', 'project_domain_id': 'default', 'project_domain_name': 'Default', 'project_id': '44b653c0620f489bbbc4d0dfac21c8e1', 'project_name': 'tempest-InstanceActionsNegativeTestJSON-960405884', 'tenant_id': '44b653c0620f489bbbc4d0dfac21c8e1', 'tenant_name': 'tempest-InstanceActionsNegativeTestJSON-960405884', 'user_domain_id': 'default', 'user_domain_name': 'Default', 'user_id': '2260fe8cb079468a8683a6c8b0a1d90e', 'system': None}, Network: {'id': '2fa8fbf6-4a0b-41b8-990b-0bb69792e73a', 'name': 'tempest-InstanceActionsNegativeTestJSON-810650457-network', 'tenant_id': '44b653c0620f489bbbc4d0dfac21c8e1', 'admin_state_up': True, 'mtu': 8950, 'status': 'ACTIVE', 'subnets': [], 'shared': False, 'project_id': '44b653c0620f489bbbc4d0dfac21c8e1', 'port_security_enabled': True, 'router:external': False, 'provider:network_type': 'vlan', 'provider:physical_network': 'default', 'provider:segmentation_id': 39, 'is_default': False, 'availability_zone_hints': [], 'availability_zones': [], 'ipv4_address_scope': None, 'ipv6_address_scope': None, 'description': '', 'tags': [], 'created_at': '2024-10-09T02:18:24Z', 'updated_at': '2024-10-09T02:18:24Z', 'revision_number': 1}, Subnet: {'id': 'a8957403-73e2-43be-8fc6-307b7d0a3310', 'name': 'tempest-InstanceActionsNegativeTestJSON-810650457-subnet', 'tenant_id': '44b653c0620f489bbbc4d0dfac21c8e1', 'network_id': '2fa8fbf6-4a0b-41b8-990b-0bb69792e73a', 'ip_version': 4, 'subnetpool_id': None, 'enable_dhcp': True, 'ipv6_ra_mode': None, 'ipv6_address_mode': None, 'gateway_ip': '192.168.128.1', 'cidr': '192.168.128.0/28', 'allocation_pools': [{'start': '192.168.128.2', 'end': '192.168.128.14'}], 'host_routes': [], 'dns_nameservers': [], 'description': '', 'router:external': False, 'service_types': [], 'tags': [], 'created_at': '2024-10-09T02:18:24Z', 'updated_at': '2024-10-09T02:18:24Z', 'revision_number': 0, 'project_id': '44b653c0620f489bbbc4d0dfac21c8e1'}, Router: {'id': 'adb7153f-4786-4444-8fb2-0e4263be6c7e', 'name': 'tempest-InstanceActionsNegativeTestJSON-810650457-router', 'tenant_id': '44b653c0620f489bbbc4d0dfac21c8e1', 'admin_state_up': True, 'status': 'ACTIVE', 'external_gateway_info': {'network_id': '02d218e0-d072-4c8e-a031-ecf371e81983', 'external_fixed_ips': [{'subnet_id': '06b7ffd8-4f93-4913-8bcb-a0b3b0df9bee', 'ip_address': '10.180.180.135'}], 'enable_snat': True}, 'description': '', 'availability_zones': [], 'distributed': False, 'ha': False, 'availability_zone_hints': [], 'routes': [], 'flavor_id': None, 'tags': [], 'created_at': '2024-10-09T02:18:25Z', 'updated_at': '2024-10-09T02:18:26Z', 'revision_number': 2, 'project_id': '44b653c0620f489bbbc4d0dfac21c8e1'}
2024-10-09 02:18:31.384 62667 INFO tempest.lib.common.rest_client [req-01248943-cde1-4db8-a2b6-51635136fd32 req-01248943-cde1-4db8-a2b6-51635136fd32 ] Request (InstanceActionsNegativeTestJSON:setUpClass): 201 POST http://10.180.1.21/identity/v3/auth/tokens 0.087s
2024-10-09 02:18:31.403 62669 INFO tempest.lib.common.rest_client [req-f431dfa4-77db-4b8a-953a-d763acdc338b req-f431dfa4-77db-4b8a-953a-d763acdc338b ] Request (ServerShowV247Test:test_update_rebuild_list_server): 200 GET http://10.180.1.21/compute/v2.1/servers/f0f0eed0-a76a-42bc-9cca-91b93d7ad64c 0.550s
2024-10-09 02:18:31.409 62665 INFO tempest.lib.common.rest_client [req-cc9b4d9c-edb6-436d-bb16-50ec9bb008ec req-cc9b4d9c-edb6-436d-bb16-50ec9bb008ec ] Request (ComputeTenantNetworksTest:tearDownClass): 200 GET http://10.180.1.21:9696/networking/v2.0/security-groups?tenant_id=1344809e5c11469fb1184211e451f6b6&name=default 0.221s
2024-10-09 02:18:31.427 62647 INFO tempest.lib.common.rest_client [req-5eb6e784-5369-48e6-8a33-29ced2e10517 req-5eb6e784-5369-48e6-8a33-29ced2e10517 ] Request (FlavorsAdminTestJSON:_run_cleanups): 202 DELETE http://10.180.1.21/compute/v2.1/flavors/182260049 0.511s
2024-10-09 02:18:31.430 62667 INFO tempest.lib.common.rest_client [req-28dc64a3-4f4f-46b6-b92b-3c777a3b2550 req-28dc64a3-4f4f-46b6-b92b-3c777a3b2550 ] Request (InstanceActionsNegativeTestJSON:setUpClass): 201 POST http://10.180.1.21/identity/v3/auth/tokens 0.041s
2024-10-09 02:18:31.431 62667 INFO tempest.lib.common.fixed_network [-] (InstanceActionsNegativeTestJSON:setUpClass) Found network {'id': '2fa8fbf6-4a0b-41b8-990b-0bb69792e73a', 'name': 'tempest-InstanceActionsNegativeTestJSON-810650457-network', 'tenant_id': '44b653c0620f489bbbc4d0dfac21c8e1', 'admin_state_up': True, 'mtu': 8950, 'status': 'ACTIVE', 'subnets': [], 'shared': False, 'project_id': '44b653c0620f489bbbc4d0dfac21c8e1', 'port_security_enabled': True, 'router:external': False, 'provider:network_type': 'vlan', 'provider:physical_network': 'default', 'provider:segmentation_id': 39, 'is_default': False, 'availability_zone_hints': [], 'availability_zones': [], 'ipv4_address_scope': None, 'ipv6_address_scope': None, 'description': '', 'tags': [], 'created_at': '2024-10-09T02:18:24Z', 'updated_at': '2024-10-09T02:18:24Z', 'revision_number': 1} available for tenant
2024-10-09 02:18:31.477 62663 INFO tempest.lib.common.rest_client [req-e87cdcac-1f73-40c4-8ebb-d4eda86b527c req-e87cdcac-1f73-40c4-8ebb-d4eda86b527c ] Request (ServersTestFqdnHostnames:test_create_server_with_fqdn_name): 201 POST http://10.180.1.21:9696/networking/v2.0/security-group-rules 0.409s
2024-10-09 02:18:31.518 62673 INFO tempest.lib.common.rest_client [req-7cfa7e9b-2aea-446c-9be1-41c39e330fce req-7cfa7e9b-2aea-446c-9be1-41c39e330fce ] Request (ServerRescueNegativeTestJSON:setUpClass): 200 GET http://10.180.1.21/compute/v2.1/servers/9ddab157-12cf-4225-bc6f-e03ef9455d79 0.600s
2024-10-09 02:18:31.614 62635 INFO tempest.lib.common.rest_client [req-5031c7ec-f48f-4944-a074-62342c43f294 req-5031c7ec-f48f-4944-a074-62342c43f294 ] Request (InstanceActionsTestJSON:setUpClass): 200 PUT http://10.180.1.21:9696/networking/v2.0/routers/552e3c39-a676-4e20-88e9-29d97b3f6a89/add_router_interface 3.443s
2024-10-09 02:18:31.614 62635 INFO tempest.lib.common.dynamic_creds [-] Created isolated network resources for: credentials: Credentials: {'domain_id': 'default', 'domain_name': 'Default', 'username': 'tempest-InstanceActionsTestJSON-791817975-project-member', 'project_domain_id': 'default', 'project_domain_name': 'Default', 'project_id': '0e705544b9134581b8611bf53c948578', 'project_name': 'tempest-InstanceActionsTestJSON-791817975', 'tenant_id': '0e705544b9134581b8611bf53c948578', 'tenant_name': 'tempest-InstanceActionsTestJSON-791817975', 'user_domain_id': 'default', 'user_domain_name': 'Default', 'user_id': 'de410965670c4db9a14c18fb998984cd', 'system': None}, Network: {'id': 'd6babbc4-e586-4319-8967-20bea326a799', 'name': 'tempest-InstanceActionsTestJSON-1231139856-network', 'tenant_id': '0e705544b9134581b8611bf53c948578', 'admin_state_up': True, 'mtu': 8950, 'status': 'ACTIVE', 'subnets': [], 'shared': False, 'project_id': '0e705544b9134581b8611bf53c948578', 'port_security_enabled': True, 'router:external': False, 'provider:network_type': 'vlan', 'provider:physical_network': 'default', 'provider:segmentation_id': 952, 'is_default': False, 'availability_zone_hints': [], 'availability_zones': [], 'ipv4_address_scope': None, 'ipv6_address_scope': None, 'description': '', 'tags': [], 'created_at': '2024-10-09T02:18:24Z', 'updated_at': '2024-10-09T02:18:24Z', 'revision_number': 1}, Subnet: {'id': '386b4fb2-75ad-4722-806e-2b56b590fcd8', 'name': 'tempest-InstanceActionsTestJSON-1231139856-subnet', 'tenant_id': '0e705544b9134581b8611bf53c948578', 'network_id': 'd6babbc4-e586-4319-8967-20bea326a799', 'ip_version': 4, 'subnetpool_id': None, 'enable_dhcp': True, 'ipv6_ra_mode': None, 'ipv6_address_mode': None, 'gateway_ip': '192.168.128.1', 'cidr': '192.168.128.0/28', 'allocation_pools': [{'start': '192.168.128.2', 'end': '192.168.128.14'}], 'host_routes': [], 'dns_nameservers': [], 'description': '', 'router:external': False, 'service_types': [], 'tags': [], 'created_at': '2024-10-09T02:18:24Z', 'updated_at': '2024-10-09T02:18:24Z', 'revision_number': 0, 'project_id': '0e705544b9134581b8611bf53c948578'}, Router: {'id': '552e3c39-a676-4e20-88e9-29d97b3f6a89', 'name': 'tempest-InstanceActionsTestJSON-1231139856-router', 'tenant_id': '0e705544b9134581b8611bf53c948578', 'admin_state_up': True, 'status': 'ACTIVE', 'external_gateway_info': {'network_id': '02d218e0-d072-4c8e-a031-ecf371e81983', 'external_fixed_ips': [{'subnet_id': '06b7ffd8-4f93-4913-8bcb-a0b3b0df9bee', 'ip_address': '10.180.180.154'}], 'enable_snat': True}, 'description': '', 'availability_zones': [], 'distributed': False, 'ha': False, 'availability_zone_hints': [], 'routes': [], 'flavor_id': None, 'tags': [], 'created_at': '2024-10-09T02:18:25Z', 'updated_at': '2024-10-09T02:18:27Z', 'revision_number': 2, 'project_id': '0e705544b9134581b8611bf53c948578'}
2024-10-09 02:18:31.705 62635 INFO tempest.lib.common.rest_client [req-587ecc52-b848-4794-ac19-2898228fdf1a req-587ecc52-b848-4794-ac19-2898228fdf1a ] Request (InstanceActionsTestJSON:setUpClass): 201 POST http://10.180.1.21/identity/v3/auth/tokens 0.087s
2024-10-09 02:18:31.705 62685 INFO tempest.lib.common.rest_client [req-70927004-fe9c-4ebc-b2ec-515a6ddda5eb req-70927004-fe9c-4ebc-b2ec-515a6ddda5eb ] Request (ListServersNegativeTestJSON:setUpClass): 202 POST http://10.180.1.21/compute/v2.1/servers 1.652s
2024-10-09 02:18:31.724 62665 INFO tempest.lib.common.rest_client [req-b29c5a28-3879-4fa3-8490-87f9a4a56bb8 req-b29c5a28-3879-4fa3-8490-87f9a4a56bb8 ] Request (ComputeTenantNetworksTest:tearDownClass): 204 DELETE http://10.180.1.21:9696/networking/v2.0/security-groups/5b6b74fd-a4c6-437f-aa7b-d10d90295d31 0.315s
2024-10-09 02:18:31.737 62642 INFO tempest.lib.common.rest_client [req-534fd136-3998-4de5-9d81-03297bbe260a req-534fd136-3998-4de5-9d81-03297bbe260a ] Request (VolumesAssistedSnapshotsTest:test_volume_assisted_snapshot_create_delete): 200 GET http://10.180.1.21/compute/v2.1/servers/d0f3ba00-5eee-4ff6-8999-3a318c9f0121 0.809s
2024-10-09 02:18:31.775 62635 INFO tempest.lib.common.rest_client [req-6c857e60-8d19-472b-a089-4e9f77502a33 req-6c857e60-8d19-472b-a089-4e9f77502a33 ] Request (InstanceActionsTestJSON:setUpClass): 201 POST http://10.180.1.21/identity/v3/auth/tokens 0.065s
2024-10-09 02:18:31.775 62635 INFO tempest.lib.common.fixed_network [-] (InstanceActionsTestJSON:setUpClass) Found network {'id': 'd6babbc4-e586-4319-8967-20bea326a799', 'name': 'tempest-InstanceActionsTestJSON-1231139856-network', 'tenant_id': '0e705544b9134581b8611bf53c948578', 'admin_state_up': True, 'mtu': 8950, 'status': 'ACTIVE', 'subnets': [], 'shared': False, 'project_id': '0e705544b9134581b8611bf53c948578', 'port_security_enabled': True, 'router:external': False, 'provider:network_type': 'vlan', 'provider:physical_network': 'default', 'provider:segmentation_id': 952, 'is_default': False, 'availability_zone_hints': [], 'availability_zones': [], 'ipv4_address_scope': None, 'ipv6_address_scope': None, 'description': '', 'tags': [], 'created_at': '2024-10-09T02:18:24Z', 'updated_at': '2024-10-09T02:18:24Z', 'revision_number': 1} available for tenant
2024-10-09 02:18:31.782 62682 INFO tempest.lib.common.rest_client [req-17a75642-95f3-4415-98d8-375ea5604b33 req-17a75642-95f3-4415-98d8-375ea5604b33 ] Request (FloatingIPsAssociationNegativeTestJSON:setUpClass): 200 GET http://10.180.1.21/compute/v2.1/servers/e5fddcfc-df93-4c2b-ad5d-0d2f52b10aca 0.739s
2024-10-09 02:18:31.793 62663 INFO tempest.lib.common.rest_client [req-dfd21ef4-e022-47c4-9806-0d86bdb61bcb req-dfd21ef4-e022-47c4-9806-0d86bdb61bcb ] Request (ServersTestFqdnHostnames:test_create_server_with_fqdn_name): 201 POST http://10.180.1.21:9696/networking/v2.0/security-group-rules 0.315s
2024-10-09 02:18:31.794 62682 INFO tempest.common.waiters [-] State transition "BUILD/scheduling" ==> "ERROR/None" after 41 second wait
2024-10-09 02:18:31.795 62643 INFO tempest.lib.common.rest_client [req-bba34db7-4a1b-42f7-98af-cd32c8f08ee0 req-bba34db7-4a1b-42f7-98af-cd32c8f08ee0 ] Request (FloatingIPsNegativeTestJSON:tearDownClass): 200 PUT http://10.180.1.21:9696/networking/v2.0/routers/ab0bedd7-ffc4-495c-8ee9-c63c744d7b69/remove_router_interface 2.627s
2024-10-09 02:18:31.816 62659 INFO tempest.lib.common.rest_client [req-cd21142e-cafc-49d7-af57-afba92e9196e req-cd21142e-cafc-49d7-af57-afba92e9196e ] Request (MigrationsAdminTest:test_resize_server_revert_deleted_flavor): 200 POST http://10.180.1.21/compute/v2.1/flavors/d3d3263a-e792-4189-a0dd-67b3c0f08e38/os-extra_specs 0.713s
2024-10-09 02:18:31.824 62639 INFO tempest.lib.common.rest_client [req-e69a8c11-e0de-401e-b351-c7c2f13bdb6e req-e69a8c11-e0de-401e-b351-c7c2f13bdb6e ] Request (ServersV294TestFqdnHostnames:setUpClass): 200 GET http://10.180.1.21/compute/v2.1/servers/15703806-9f67-424d-aadb-634634810993 0.772s
2024-10-09 02:18:31.862 62665 INFO tempest.lib.common.rest_client [req-d9b1e5b6-e6af-4b0d-b207-ad36e0ac9273 req-d9b1e5b6-e6af-4b0d-b207-ad36e0ac9273 ] Request (ComputeTenantNetworksTest:tearDownClass): 204 DELETE http://10.180.1.21/identity/v3/projects/1344809e5c11469fb1184211e451f6b6 0.138s
2024-10-09 02:18:31.906 62659 INFO tempest.lib.common.rest_client [req-2c09ea96-6bf1-493d-956f-00cc773c3aff req-2c09ea96-6bf1-493d-956f-00cc773c3aff ] Request (MigrationsAdminTest:test_resize_server_revert_deleted_flavor): 201 POST http://10.180.1.21/identity/v3/auth/tokens 0.085s
2024-10-09 02:18:31.906 62659 INFO tempest.lib.common.fixed_network [-] (MigrationsAdminTest:test_resize_server_revert_deleted_flavor) Found network None available for tenant
2024-10-09 02:18:31.942 62665 INFO tempest.lib.common.rest_client [req-0a728180-6e19-4185-bd34-d14e1c835403 req-0a728180-6e19-4185-bd34-d14e1c835403 ] Request (VolumesNegativeTest:setUpClass): 201 POST http://10.180.1.21/identity/v3/auth/tokens 0.078s
2024-10-09 02:18:31.943 62677 INFO tempest.lib.common.rest_client [req-f84020f0-fc2c-4821-b10d-f0ae2aed7f64 req-f84020f0-fc2c-4821-b10d-f0ae2aed7f64 ] Request (ServersTestJSON:setUpClass): 200 GET http://10.180.1.21/compute/v2.1/servers/759d9575-84bf-4dec-846a-e63126dae49c 0.789s
2024-10-09 02:18:31.958 62649 INFO tempest.lib.common.rest_client [req-1df30a41-23a7-4c4d-a6f6-e419d0e43643 req-1df30a41-23a7-4c4d-a6f6-e419d0e43643 ] Request (ServersAdminNegativeTestJSON:setUpClass): 200 GET http://10.180.1.21/compute/v2.1/servers/b434e59a-d9ed-4aa1-a5ac-212e3d3e9c0a 0.845s
2024-10-09 02:18:31.967 62649 INFO tempest.common.waiters [-] State transition "BUILD/spawning" ==> "BUILD/scheduling" after 40 second wait
2024-10-09 02:18:31.995 62665 INFO tempest.lib.common.rest_client [req-f00a44b2-de47-4e14-b3fb-ff3adfe809e3 req-f00a44b2-de47-4e14-b3fb-ff3adfe809e3 ] Request (VolumesNegativeTest:setUpClass): 201 POST http://10.180.1.21/identity/v3/auth/tokens 0.051s
2024-10-09 02:18:32.045 62665 INFO tempest.lib.common.rest_client [req-e135c6ee-3f81-4017-a92b-f476ff072aa7 req-e135c6ee-3f81-4017-a92b-f476ff072aa7 ] Request (VolumesNegativeTest:setUpClass): 200 GET http://10.180.1.21/identity/v3/domains?name=Default 0.049s
2024-10-09 02:18:32.055 62687 INFO tempest.lib.common.rest_client [req-2520bbc6-9753-4cc6-ba93-4ea748928cc7 req-2520bbc6-9753-4cc6-ba93-4ea748928cc7 ] Request (FloatingIPDetailsNegativeTestJSON:tearDownClass): 204 DELETE http://10.180.1.21:9696/networking/v2.0/routers/b06705e7-91d4-4102-9255-72dcbbc8e8f1 1.428s
2024-10-09 02:18:32.064 62633 INFO tempest.lib.common.rest_client [req-3fcf9b45-f549-49b7-9b52-04c7ec8cbc63 req-3fcf9b45-f549-49b7-9b52-04c7ec8cbc63 ] Request (ServersWithSpecificFlavorTestJSON:test_verify_created_server_ephemeral_disk): 200 GET http://10.180.1.21/compute/v2.1/servers/be595c9e-703e-4246-ae1c-2c77b240cb19 0.871s
2024-10-09 02:18:32.073 62633 INFO tempest.common.waiters [-] State transition "BUILD/scheduling" ==> "BUILD/None" after 24 second wait
2024-10-09 02:18:32.084 62665 INFO tempest.lib.common.rest_client [req-076d2caf-3e7a-4f8c-9ade-16dd1bfb7f49 req-076d2caf-3e7a-4f8c-9ade-16dd1bfb7f49 ] Request (VolumesNegativeTest:setUpClass): 201 POST http://10.180.1.21/identity/v3/projects 0.039s
2024-10-09 02:18:32.155 62672 INFO tempest.lib.common.rest_client [req-7cfcccaa-9a2f-4e94-a3ba-611d8ee84254 req-7cfcccaa-9a2f-4e94-a3ba-611d8ee84254 ] Request (ServersTestBootFromVolume:setUpClass): 200 GET http://10.180.1.21/compute/v2.1/servers/317e7e7c-7c6f-4855-a433-e55ea5571b92 0.926s
2024-10-09 02:18:32.177 62665 INFO tempest.lib.common.rest_client [req-0c2f462e-a5a6-46f3-b37f-00b9477dfdaf req-0c2f462e-a5a6-46f3-b37f-00b9477dfdaf ] Request (VolumesNegativeTest:setUpClass): 201 POST http://10.180.1.21/identity/v3/users 0.092s
2024-10-09 02:18:32.217 62665 INFO tempest.lib.common.rest_client [req-6001a13a-a601-4aa6-b938-aa7a61cfcd48 req-6001a13a-a601-4aa6-b938-aa7a61cfcd48 ] Request (VolumesNegativeTest:setUpClass): 200 GET http://10.180.1.21/identity/v3/roles 0.039s
2024-10-09 02:18:32.257 62665 INFO tempest.lib.common.rest_client [req-1674ae13-d2db-4848-ae33-48c8dc65ad87 req-1674ae13-d2db-4848-ae33-48c8dc65ad87 ] Request (VolumesNegativeTest:setUpClass): 204 PUT http://10.180.1.21/identity/v3/projects/e9911fbd05e8473ba2c41252dc007f7f/users/b623c176fc2940938ea73bb95d9a3f1d/roles/6a018f2a908f431a8f76f072ca998fe7 0.040s
2024-10-09 02:18:32.258 62665 INFO tempest.lib.common.dynamic_creds [-] Dynamic test user b623c176fc2940938ea73bb95d9a3f1d is created with scope project and roles: ['member']
2024-10-09 02:18:32.258 62665 INFO tempest.lib.common.dynamic_creds [-] Acquired dynamic creds: credentials: Credentials: {'domain_id': 'default', 'domain_name': 'Default', 'username': 'tempest-VolumesNegativeTest-1243706018-project-member', 'project_domain_id': 'default', 'project_domain_name': 'Default', 'project_id': 'e9911fbd05e8473ba2c41252dc007f7f', 'project_name': 'tempest-VolumesNegativeTest-1243706018', 'tenant_id': 'e9911fbd05e8473ba2c41252dc007f7f', 'tenant_name': 'tempest-VolumesNegativeTest-1243706018', 'user_domain_id': 'default', 'user_domain_name': 'Default', 'user_id': 'b623c176fc2940938ea73bb95d9a3f1d', 'system': None}, Network: None, Subnet: None, Router: None
2024-10-09 02:18:32.258 62665 INFO tempest.lib.common.dynamic_creds [-] Created isolated network resources for: credentials: Credentials: {'domain_id': 'default', 'domain_name': 'Default', 'username': 'tempest-VolumesNegativeTest-1243706018-project-member', 'project_domain_id': 'default', 'project_domain_name': 'Default', 'project_id': 'e9911fbd05e8473ba2c41252dc007f7f', 'project_name': 'tempest-VolumesNegativeTest-1243706018', 'tenant_id': 'e9911fbd05e8473ba2c41252dc007f7f', 'tenant_name': 'tempest-VolumesNegativeTest-1243706018', 'user_domain_id': 'default', 'user_domain_name': 'Default', 'user_id': 'b623c176fc2940938ea73bb95d9a3f1d', 'system': None}, Network: None, Subnet: None, Router: None
2024-10-09 02:18:32.338 62687 INFO tempest.lib.common.rest_client [req-2cf45e8d-7abd-44f9-afdf-90571648308f req-2cf45e8d-7abd-44f9-afdf-90571648308f ] Request (FloatingIPDetailsNegativeTestJSON:tearDownClass): 204 DELETE http://10.180.1.21:9696/networking/v2.0/subnets/9d03327e-2270-4211-bd42-127946272f26 0.282s
2024-10-09 02:18:32.374 62665 INFO tempest.lib.common.rest_client [req-92a857af-6a5e-44df-a606-a358af1097b1 req-92a857af-6a5e-44df-a606-a358af1097b1 ] Request (VolumesNegativeTest:setUpClass): 201 POST http://10.180.1.21/identity/v3/auth/tokens 0.111s
2024-10-09 02:18:32.582 62663 INFO tempest.lib.common.rest_client [req-02198353-2e96-4051-8e10-9eaf8ba78dc6 req-02198353-2e96-4051-8e10-9eaf8ba78dc6 ] Request (ServersTestFqdnHostnames:test_create_server_with_fqdn_name): 201 POST http://10.180.1.21:9696/networking/v2.0/floatingips 0.788s
2024-10-09 02:18:32.651 62663 INFO tempest.lib.common.rest_client [req-537caa45-5f65-4fab-8090-e3aff9349ded req-537caa45-5f65-4fab-8090-e3aff9349ded ] Request (ServersTestFqdnHostnames:test_create_server_with_fqdn_name): 201 POST http://10.180.1.21/identity/v3/auth/tokens 0.063s
2024-10-09 02:18:32.651 62663 INFO tempest.lib.common.fixed_network [-] (ServersTestFqdnHostnames:test_create_server_with_fqdn_name) Found network {'id': '50d61089-b032-4b82-94ad-3b162e1ea6b3', 'name': 'tempest-ServersTestFqdnHostnames-1219442943-network', 'tenant_id': 'edf2b9d9c6914a59bf8fe00247f35c4b', 'admin_state_up': True, 'mtu': 8950, 'status': 'ACTIVE', 'subnets': [], 'shared': False, 'project_id': 'edf2b9d9c6914a59bf8fe00247f35c4b', 'port_security_enabled': True, 'router:external': False, 'provider:network_type': 'vlan', 'provider:physical_network': 'default', 'provider:segmentation_id': 365, 'is_default': False, 'availability_zone_hints': [], 'availability_zones': [], 'ipv4_address_scope': None, 'ipv6_address_scope': None, 'description': '', 'tags': [], 'created_at': '2024-10-09T02:18:22Z', 'updated_at': '2024-10-09T02:18:22Z', 'revision_number': 1} available for tenant
2024-10-09 02:18:32.677 62687 INFO tempest.lib.common.rest_client [req-c5fdf534-62fa-4115-9494-30178e87be7d req-c5fdf534-62fa-4115-9494-30178e87be7d ] Request (FloatingIPDetailsNegativeTestJSON:tearDownClass): 204 DELETE http://10.180.1.21:9696/networking/v2.0/networks/7577166d-bc40-421c-86d9-a45710033a5d 0.339s
2024-10-09 02:18:32.747 62638 INFO tempest.lib.common.rest_client [req-28dab765-8817-4106-9769-ff03feff0fed req-28dab765-8817-4106-9769-ff03feff0fed ] Request (VolumesAdminNegativeTest:test_update_attached_volume_with_nonexistent_volume_in_body): 202 POST http://10.180.1.21/compute/v2.1/servers 1.564s
2024-10-09 02:18:32.781 62687 INFO tempest.lib.common.rest_client [req-2993d2f0-2b16-4024-9ae1-8f0d53870c50 req-2993d2f0-2b16-4024-9ae1-8f0d53870c50 ] Request (FloatingIPDetailsNegativeTestJSON:tearDownClass): 204 DELETE http://10.180.1.21/identity/v3/users/2ac02ff637fe41098df6667e8977c02b 0.103s
2024-10-09 02:18:32.781 62687 INFO tempest.lib.common.dynamic_creds [-] Deleting project and security group for project: 9519b680dd1344298841c7a7d52cd016
2024-10-09 02:18:32.782 62643 INFO tempest.lib.common.rest_client [req-dd822512-0796-4586-bfa1-4623eeb55f5e req-dd822512-0796-4586-bfa1-4623eeb55f5e ] Request (FloatingIPsNegativeTestJSON:tearDownClass): 204 DELETE http://10.180.1.21:9696/networking/v2.0/routers/ab0bedd7-ffc4-495c-8ee9-c63c744d7b69 0.986s
2024-10-09 02:18:32.813 62679 INFO tempest.lib.common.rest_client [req-4f24c843-552d-4d04-a92d-551b0f0f1eac req-4f24c843-552d-4d04-a92d-551b0f0f1eac ] Request (SecurityGroupsTestJSON:test_list_security_groups_by_server): 200 GET http://10.180.1.21/compute/v2.1/servers/4a99d2e8-7795-4016-ad6e-39a816c7fae1 1.499s
2024-10-09 02:18:32.874 62687 INFO tempest.lib.common.rest_client [req-eb4bc071-04d4-4de9-a1ce-e90faacfb93a req-eb4bc071-04d4-4de9-a1ce-e90faacfb93a ] Request (FloatingIPDetailsNegativeTestJSON:tearDownClass): 200 GET http://10.180.1.21:9696/networking/v2.0/security-groups?tenant_id=9519b680dd1344298841c7a7d52cd016&name=default 0.092s
2024-10-09 02:18:32.885 62627 INFO tempest.lib.common.rest_client [req-ba099566-3d8d-4e55-8202-55f86f45f920 req-ba099566-3d8d-4e55-8202-55f86f45f920 ] Request (ServerDiagnosticsV248Test:test_get_server_diagnostics): 200 GET http://10.180.1.21/compute/v2.1/servers/e514a72d-6b4d-46f9-935b-3535bed4afc2 1.459s
2024-10-09 02:18:32.910 62647 INFO tempest.lib.common.rest_client [req-10557e4d-f103-403c-b394-f1b82b41c4ec req-10557e4d-f103-403c-b394-f1b82b41c4ec ] Request (FlavorsAdminTestJSON:_run_cleanups): 200 GET http://10.180.1.21/compute/v2.1/flavors/detail 1.482s
2024-10-09 02:18:32.911 62603 INFO tempest.lib.common.rest_client [req-004c46c5-78dc-47f6-9a8a-dfce6dc95a30 req-004c46c5-78dc-47f6-9a8a-dfce6dc95a30 ] Request (ImagesNegativeTestJSON:test_create_image_from_deleted_server): 202 POST http://10.180.1.21/compute/v2.1/servers 1.622s
2024-10-09 02:18:32.943 62643 INFO tempest.lib.common.rest_client [req-592b8055-1a6c-4d96-a2c8-978199af01df req-592b8055-1a6c-4d96-a2c8-978199af01df ] Request (FloatingIPsNegativeTestJSON:tearDownClass): 204 DELETE http://10.180.1.21:9696/networking/v2.0/subnets/dd1a4c3d-ee79-4ff7-bc57-b109c170065d 0.160s
2024-10-09 02:18:32.996 62651 INFO tempest.lib.common.rest_client [req-726cf5d9-d2cc-4fd8-821d-4d635c68f070 req-726cf5d9-d2cc-4fd8-821d-4d635c68f070 ] Request (DeleteServersTestJSON:test_delete_server_while_in_attached_volume): 200 GET http://10.180.1.21/compute/v2.1/servers/01d010dc-6b5b-470b-a387-f95a17600e19 1.458s
2024-10-09 02:18:33.010 62687 INFO tempest.lib.common.rest_client [req-ca344cda-c9a4-4119-9fa4-8c36f334d648 req-ca344cda-c9a4-4119-9fa4-8c36f334d648 ] Request (FloatingIPDetailsNegativeTestJSON:tearDownClass): 204 DELETE http://10.180.1.21:9696/networking/v2.0/security-groups/03bce613-6e95-4221-aba1-e26ae7525b03 0.135s
2024-10-09 02:18:33.075 62657 INFO tempest.lib.common.rest_client [req-f76b5ea8-e5b1-447d-bf82-63a227ba2ed8 req-f76b5ea8-e5b1-447d-bf82-63a227ba2ed8 ] Request (ServersTestManualDisk:setUpClass): 200 GET http://10.180.1.21/compute/v2.1/servers/cc2bce8f-0c0c-4cbc-a31c-c8ec2992a76e 1.535s
2024-10-09 02:18:33.130 62645 INFO tempest.lib.common.rest_client [req-a11cb293-32df-4610-97c4-37d91c74f598 req-a11cb293-32df-4610-97c4-37d91c74f598 ] Request (MultipleCreateTestJSON:test_multiple_create): 200 GET http://10.180.1.21/compute/v2.1/servers/2abff399-f03d-4c62-ac0b-440ba54bec29 1.489s
2024-10-09 02:18:33.142 62687 INFO tempest.lib.common.rest_client [req-b2639409-dc02-4909-9442-1c718481917a req-b2639409-dc02-4909-9442-1c718481917a ] Request (FloatingIPDetailsNegativeTestJSON:tearDownClass): 204 DELETE http://10.180.1.21/identity/v3/projects/9519b680dd1344298841c7a7d52cd016 0.132s
2024-10-09 02:18:33.197 62631 INFO tempest.lib.common.rest_client [req-9201abe0-2e07-4eb8-bd13-548791ac697f req-9201abe0-2e07-4eb8-bd13-548791ac697f ] Request (DeleteServersAdminTestJSON:test_delete_server_while_in_error_state): 200 GET http://10.180.1.21/compute/v2.1/servers/70abd86c-aa63-4ccb-b185-65bf4977dfdf 1.545s
2024-10-09 02:18:33.203 62687 INFO tempest.lib.common.rest_client [req-067a8b30-e85b-450c-b211-d4815488c645 req-067a8b30-e85b-450c-b211-d4815488c645 ] Request (ImagesMetadataNegativeTestJSON:setUpClass): 201 POST http://10.180.1.21/identity/v3/auth/tokens 0.059s
2024-10-09 02:18:33.211 62643 INFO tempest.lib.common.rest_client [req-b51ea10a-c9e2-44ba-a509-f508d717beba req-b51ea10a-c9e2-44ba-a509-f508d717beba ] Request (FloatingIPsNegativeTestJSON:tearDownClass): 204 DELETE http://10.180.1.21:9696/networking/v2.0/networks/23ffe719-45ae-4af3-9040-d635c49fc99d 0.268s
2024-10-09 02:18:33.261 62687 INFO tempest.lib.common.rest_client [req-e0824397-8046-49e7-a420-abe6f50e7c01 req-e0824397-8046-49e7-a420-abe6f50e7c01 ] Request (ImagesMetadataNegativeTestJSON:setUpClass): 201 POST http://10.180.1.21/identity/v3/auth/tokens 0.055s
2024-10-09 02:18:33.290 62643 INFO tempest.lib.common.rest_client [req-064d166f-2b24-4b0d-b8b0-b0fab7e0feda req-064d166f-2b24-4b0d-b8b0-b0fab7e0feda ] Request (FloatingIPsNegativeTestJSON:tearDownClass): 204 DELETE http://10.180.1.21/identity/v3/users/0cc69575ae604f0ba75d3369b0fffd47 0.078s
2024-10-09 02:18:33.290 62643 INFO tempest.lib.common.dynamic_creds [-] Deleting project and security group for project: 0e3a7b0d195a468983d44f5a914942a0
2024-10-09 02:18:33.344 62685 INFO tempest.lib.common.rest_client [req-13a9badd-cc84-4023-814a-b211626d221e req-13a9badd-cc84-4023-814a-b211626d221e ] Request (ListServersNegativeTestJSON:setUpClass): 200 GET http://10.180.1.21/compute/v2.1/servers 1.636s
2024-10-09 02:18:33.344 62687 INFO tempest.lib.common.rest_client [req-7a044dd5-074a-43d8-88de-37c428c55ac0 req-7a044dd5-074a-43d8-88de-37c428c55ac0 ] Request (ImagesMetadataNegativeTestJSON:setUpClass): 200 GET http://10.180.1.21/identity/v3/domains?name=Default 0.083s
2024-10-09 02:18:33.363 62643 INFO tempest.lib.common.rest_client [req-c216d60e-6e22-4b44-911f-12b72aff96e1 req-c216d60e-6e22-4b44-911f-12b72aff96e1 ] Request (FloatingIPsNegativeTestJSON:tearDownClass): 200 GET http://10.180.1.21:9696/networking/v2.0/security-groups?tenant_id=0e3a7b0d195a468983d44f5a914942a0&name=default 0.073s
2024-10-09 02:18:33.424 62629 INFO tempest.lib.common.rest_client [req-6d4d8d1d-a6f0-43fa-b68a-702206397ed6 req-6d4d8d1d-a6f0-43fa-b68a-702206397ed6 ] Request (ServerDiagnosticsTest:test_get_server_diagnostics): 200 GET http://10.180.1.21/compute/v2.1/servers/e075eece-534b-4d97-8c82-abb960ef1abe 1.693s
2024-10-09 02:18:33.446 62687 INFO tempest.lib.common.rest_client [req-e4df636b-5690-4259-8bd9-d54c080c65f9 req-e4df636b-5690-4259-8bd9-d54c080c65f9 ] Request (ImagesMetadataNegativeTestJSON:setUpClass): 201 POST http://10.180.1.21/identity/v3/projects 0.100s
2024-10-09 02:18:33.520 62687 INFO tempest.lib.common.rest_client [req-8a70980a-a8c2-4825-9910-71294fbda3ca req-8a70980a-a8c2-4825-9910-71294fbda3ca ] Request (ImagesMetadataNegativeTestJSON:setUpClass): 201 POST http://10.180.1.21/identity/v3/users 0.074s
2024-10-09 02:18:33.536 62643 INFO tempest.lib.common.rest_client [req-a15ef36e-d513-4339-a74e-06216ef865e5 req-a15ef36e-d513-4339-a74e-06216ef865e5 ] Request (FloatingIPsNegativeTestJSON:tearDownClass): 204 DELETE http://10.180.1.21:9696/networking/v2.0/security-groups/f46c0726-830b-4a11-a53d-79aac1ae0606 0.172s
2024-10-09 02:18:33.553 62687 INFO tempest.lib.common.rest_client [req-d28eb412-45c3-4a02-ad6d-80cfe6bb3636 req-d28eb412-45c3-4a02-ad6d-80cfe6bb3636 ] Request (ImagesMetadataNegativeTestJSON:setUpClass): 200 GET http://10.180.1.21/identity/v3/roles 0.032s
2024-10-09 02:18:33.617 62667 INFO tempest.lib.common.rest_client [req-486f8d1e-c703-4430-bef7-f6ed048f29a3 req-486f8d1e-c703-4430-bef7-f6ed048f29a3 ] Request (InstanceActionsNegativeTestJSON:setUpClass): 202 POST http://10.180.1.21/compute/v2.1/servers 2.185s
2024-10-09 02:18:33.638 62643 INFO tempest.lib.common.rest_client [req-44ff183f-892f-4c32-82e6-f849c01b1d31 req-44ff183f-892f-4c32-82e6-f849c01b1d31 ] Request (FloatingIPsNegativeTestJSON:tearDownClass): 204 DELETE http://10.180.1.21/identity/v3/projects/0e3a7b0d195a468983d44f5a914942a0 0.101s
2024-10-09 02:18:33.640 62687 INFO tempest.lib.common.rest_client [req-b08eb0e0-5829-4d11-b231-2bd000a4539d req-b08eb0e0-5829-4d11-b231-2bd000a4539d ] Request (ImagesMetadataNegativeTestJSON:setUpClass): 204 PUT http://10.180.1.21/identity/v3/projects/231153696624423a992bb9383118dd61/users/0435045194cf4ca6a10cf10cf1d901dc/roles/6a018f2a908f431a8f76f072ca998fe7 0.086s
2024-10-09 02:18:33.640 62687 INFO tempest.lib.common.dynamic_creds [-] Dynamic test user 0435045194cf4ca6a10cf10cf1d901dc is created with scope project and roles: ['member']
2024-10-09 02:18:33.641 62687 INFO tempest.lib.common.dynamic_creds [-] Acquired dynamic creds: credentials: Credentials: {'domain_id': 'default', 'domain_name': 'Default', 'username': 'tempest-ImagesMetadataNegativeTestJSON-1402200780-project-member', 'project_domain_id': 'default', 'project_domain_name': 'Default', 'project_id': '231153696624423a992bb9383118dd61', 'project_name': 'tempest-ImagesMetadataNegativeTestJSON-1402200780', 'tenant_id': '231153696624423a992bb9383118dd61', 'tenant_name': 'tempest-ImagesMetadataNegativeTestJSON-1402200780', 'user_domain_id': 'default', 'user_domain_name': 'Default', 'user_id': '0435045194cf4ca6a10cf10cf1d901dc', 'system': None}, Network: None, Subnet: None, Router: None
2024-10-09 02:18:33.641 62687 INFO tempest.lib.common.dynamic_creds [-] Created isolated network resources for: credentials: Credentials: {'domain_id': 'default', 'domain_name': 'Default', 'username': 'tempest-ImagesMetadataNegativeTestJSON-1402200780-project-member', 'project_domain_id': 'default', 'project_domain_name': 'Default', 'project_id': '231153696624423a992bb9383118dd61', 'project_name': 'tempest-ImagesMetadataNegativeTestJSON-1402200780', 'tenant_id': '231153696624423a992bb9383118dd61', 'tenant_name': 'tempest-ImagesMetadataNegativeTestJSON-1402200780', 'user_domain_id': 'default', 'user_domain_name': 'Default', 'user_id': '0435045194cf4ca6a10cf10cf1d901dc', 'system': None}, Network: None, Subnet: None, Router: None
2024-10-09 02:18:33.725 62643 INFO tempest.lib.common.rest_client [req-2f21be43-2a02-4fc4-b282-cfcf0ca6d3fa req-2f21be43-2a02-4fc4-b282-cfcf0ca6d3fa ] Request (ImagesTestJSON:setUpClass): 201 POST http://10.180.1.21/identity/v3/auth/tokens 0.085s
2024-10-09 02:18:33.734 62687 INFO tempest.lib.common.rest_client [req-6445f515-9557-4196-a268-c15eb77086cf req-6445f515-9557-4196-a268-c15eb77086cf ] Request (ImagesMetadataNegativeTestJSON:setUpClass): 201 POST http://10.180.1.21/identity/v3/auth/tokens 0.085s
2024-10-09 02:18:33.761 62643 INFO tempest.lib.common.rest_client [req-5f07c010-0727-43c5-91ac-b3189dcb22f1 req-5f07c010-0727-43c5-91ac-b3189dcb22f1 ] Request (ImagesTestJSON:setUpClass): 201 POST http://10.180.1.21/identity/v3/auth/tokens 0.033s
2024-10-09 02:18:33.789 62643 INFO tempest.lib.common.rest_client [req-e28a164b-b5db-4832-aef8-ca6ae8c7e4a0 req-e28a164b-b5db-4832-aef8-ca6ae8c7e4a0 ] Request (ImagesTestJSON:setUpClass): 200 GET http://10.180.1.21/identity/v3/domains?name=Default 0.028s
2024-10-09 02:18:33.827 62643 INFO tempest.lib.common.rest_client [req-b312e2c5-85ff-42b7-938f-a332b63a91f5 req-b312e2c5-85ff-42b7-938f-a332b63a91f5 ] Request (ImagesTestJSON:setUpClass): 201 POST http://10.180.1.21/identity/v3/projects 0.038s
