2024-10-09 02:17:43.266 62655 INFO tempest.lib.common.rest_client [req-5395a10a-8dfd-4966-8aea-bbb1a2f3509f req-5395a10a-8dfd-4966-8aea-bbb1a2f3509f ] Request (FlavorMetadataValidation:tearDownClass): 204 DELETE http://10.180.1.21:9696/networking/v2.0/security-groups/0e24c9b5-97ec-47f7-8b39-254e03d1396f 0.264s
2024-10-09 02:17:43.266 62643 INFO tempest.lib.common.dynamic_creds [-] Dynamic test user 33ef90cdfa994cb39e21ab1339e18a63 is created with scope project and roles: ['member']
2024-10-09 02:17:43.266 62643 INFO tempest.lib.common.dynamic_creds [-] Acquired dynamic creds: credentials: Credentials: {'domain_id': 'default', 'domain_name': 'Default', 'username': 'tempest-SecurityGroupsTestAdminJSON-846935142-project-member', 'project_domain_id': 'default', 'project_domain_name': 'Default', 'project_id': '29611decc89449b2accb2c1ddba651fa', 'project_name': 'tempest-SecurityGroupsTestAdminJSON-846935142', 'tenant_id': '29611decc89449b2accb2c1ddba651fa', 'tenant_name': 'tempest-SecurityGroupsTestAdminJSON-846935142', 'user_domain_id': 'default', 'user_domain_name': 'Default', 'user_id': '33ef90cdfa994cb39e21ab1339e18a63', 'system': None}, Network: None, Subnet: None, Router: None
2024-10-09 02:17:43.266 62643 INFO tempest.lib.common.dynamic_creds [-] Created isolated network resources for: credentials: Credentials: {'domain_id': 'default', 'domain_name': 'Default', 'username': 'tempest-SecurityGroupsTestAdminJSON-846935142-project-member', 'project_domain_id': 'default', 'project_domain_name': 'Default', 'project_id': '29611decc89449b2accb2c1ddba651fa', 'project_name': 'tempest-SecurityGroupsTestAdminJSON-846935142', 'tenant_id': '29611decc89449b2accb2c1ddba651fa', 'tenant_name': 'tempest-SecurityGroupsTestAdminJSON-846935142', 'user_domain_id': 'default', 'user_domain_name': 'Default', 'user_id': '33ef90cdfa994cb39e21ab1339e18a63', 'system': None}, Network: None, Subnet: None, Router: None
2024-10-09 02:17:43.287 62687 INFO tempest.lib.common.rest_client [req-74697412-05ed-47f0-ac7b-eda243f9874c req-74697412-05ed-47f0-ac7b-eda243f9874c ] Request (FloatingIPsTestJSON:setUpClass): 201 POST http://10.180.1.21/identity/v3/users 0.184s
2024-10-09 02:17:43.297 62629 INFO tempest.lib.common.rest_client [req-1f1bebe8-f582-415a-802d-2296010def29 req-1f1bebe8-f582-415a-802d-2296010def29 ] Request (QuotaClassesAdmin257Test:tearDownClass): 204 DELETE http://10.180.1.21:9696/networking/v2.0/security-groups/ab9ec32f-3587-43cd-a0be-e117b293ce89 0.176s
2024-10-09 02:17:43.326 62642 INFO tempest.lib.common.rest_client [req-b854f348-364d-41ed-a361-ac19ff81ae7b req-b854f348-364d-41ed-a361-ac19ff81ae7b ] Request (VolumesAssistedSnapshotsTest:setUpClass): 204 PUT http://10.180.1.21/identity/v3/projects/069add1b19974f708cd034dc4a380dd5/users/a1f769409d9a4dafa6569f6f1b4f55ba/roles/ee2633896c284f5fa1356710a4d7c2ea 0.216s
2024-10-09 02:17:43.326 62642 INFO tempest.lib.common.dynamic_creds [-] Dynamic test user a1f769409d9a4dafa6569f6f1b4f55ba is created with scope project and roles: ['admin', 'service']
2024-10-09 02:17:43.326 62642 INFO tempest.lib.common.dynamic_creds [-] Acquired dynamic creds: credentials: Credentials: {'domain_id': 'default', 'domain_name': 'Default', 'username': 'tempest-VolumesAssistedSnapshotsTest-744340001-project', 'project_domain_id': 'default', 'project_domain_name': 'Default', 'project_id': '069add1b19974f708cd034dc4a380dd5', 'project_name': 'tempest-VolumesAssistedSnapshotsTest-744340001', 'tenant_id': '069add1b19974f708cd034dc4a380dd5', 'tenant_name': 'tempest-VolumesAssistedSnapshotsTest-744340001', 'user_domain_id': 'default', 'user_domain_name': 'Default', 'user_id': 'a1f769409d9a4dafa6569f6f1b4f55ba', 'system': None}, Network: None, Subnet: None, Router: None
2024-10-09 02:17:43.368 62669 INFO tempest.lib.common.rest_client [req-747f7696-f225-414d-80ab-e71e4caeed4e req-747f7696-f225-414d-80ab-e71e4caeed4e ] Request (HypervisorAdminTestJSON:tearDownClass): 204 DELETE http://10.180.1.21:9696/networking/v2.0/security-groups/15a2ac13-32df-44db-b9a7-225b7a105005 0.158s
2024-10-09 02:17:43.430 62625 INFO tempest.lib.common.rest_client [req-5918604c-d966-4306-96b3-db2310ab5539 req-5918604c-d966-4306-96b3-db2310ab5539 ] Request (HypervisorAdminUnderV252Test:tearDownClass): 200 GET http://10.180.1.21:9696/networking/v2.0/security-groups?tenant_id=6c4bc9a0a3cc4d4cad71e664fb74b626&name=default 0.397s
2024-10-09 02:17:43.433 62667 INFO tempest.lib.common.rest_client [req-2877c3a1-2bc7-498d-ad6b-ef8e7d85aa98 req-2877c3a1-2bc7-498d-ad6b-ef8e7d85aa98 ] Request (QuotasAdminNegativeTest:test_create_server_when_instances_quota_is_full): 200 GET http://10.180.1.21/compute/v2.1/os-quota-sets/37ae09366a094cd89c6c68fb2e1a51e3 1.815s
2024-10-09 02:17:43.482 62665 INFO tempest.lib.common.rest_client [req-8537bb2d-9678-4fb9-b572-2d473ed0e818 req-8537bb2d-9678-4fb9-b572-2d473ed0e818 ] Request (AggregatesAdminNegativeTestJSON:_run_cleanups): 200 POST http://10.180.1.21/compute/v2.1/os-aggregates/1/action 2.348s
2024-10-09 02:17:43.487 62677 INFO tempest.lib.common.rest_client [req-f8e21e77-2b79-4571-9808-b54c2ef98934 req-f8e21e77-2b79-4571-9808-b54c2ef98934 ] Request (ServersTestJSON:setUpClass): 204 PUT http://10.180.1.21/identity/v3/projects/1739dec97e714e29a50309dc207de27f/users/eb3b765d27d149fb8d329bd7d525a0bb/roles/6a018f2a908f431a8f76f072ca998fe7 0.244s
2024-10-09 02:17:43.487 62677 INFO tempest.lib.common.dynamic_creds [-] Dynamic test user eb3b765d27d149fb8d329bd7d525a0bb is created with scope project and roles: ['member']
2024-10-09 02:17:43.488 62677 INFO tempest.lib.common.dynamic_creds [-] Acquired dynamic creds: credentials: Credentials: {'domain_id': 'default', 'domain_name': 'Default', 'username': 'tempest-ServersTestJSON-1364563416-project-member', 'project_domain_id': 'default', 'project_domain_name': 'Default', 'project_id': '1739dec97e714e29a50309dc207de27f', 'project_name': 'tempest-ServersTestJSON-1364563416', 'tenant_id': '1739dec97e714e29a50309dc207de27f', 'tenant_name': 'tempest-ServersTestJSON-1364563416', 'user_domain_id': 'default', 'user_domain_name': 'Default', 'user_id': 'eb3b765d27d149fb8d329bd7d525a0bb', 'system': None}, Network: None, Subnet: None, Router: None
2024-10-09 02:17:43.493 62651 INFO tempest.lib.common.rest_client [req-16552cd8-334c-4c31-9d23-b977a1055060 req-16552cd8-334c-4c31-9d23-b977a1055060 ] Request (DeleteServersTestJSON:setUpClass): 200 PUT http://10.180.1.21:9696/networking/v2.0/routers/8295a5e5-43fa-4064-abc4-e63e7854f620/add_router_interface 3.838s
2024-10-09 02:17:43.494 62651 INFO tempest.lib.common.dynamic_creds [-] Created isolated network resources for: credentials: Credentials: {'domain_id': 'default', 'domain_name': 'Default', 'username': 'tempest-DeleteServersTestJSON-45311166-project-member', 'project_domain_id': 'default', 'project_domain_name': 'Default', 'project_id': 'aea48968d4464ac0ab01c998c059107d', 'project_name': 'tempest-DeleteServersTestJSON-45311166', 'tenant_id': 'aea48968d4464ac0ab01c998c059107d', 'tenant_name': 'tempest-DeleteServersTestJSON-45311166', 'user_domain_id': 'default', 'user_domain_name': 'Default', 'user_id': 'e1200cdf75b04233b4c3f4626d4e27cf', 'system': None}, Network: {'id': 'ff21dd88-fa02-4bd6-8009-980ec6e72758', 'name': 'tempest-DeleteServersTestJSON-1065789169-network', 'tenant_id': 'aea48968d4464ac0ab01c998c059107d', 'admin_state_up': True, 'mtu': 8950, 'status': 'ACTIVE', 'subnets': [], 'shared': False, 'project_id': 'aea48968d4464ac0ab01c998c059107d', 'port_security_enabled': True, 'router:external': False, 'provider:network_type': 'vlan', 'provider:physical_network': 'default', 'provider:segmentation_id': 574, 'is_default': False, 'availability_zone_hints': [], 'availability_zones': [], 'ipv4_address_scope': None, 'ipv6_address_scope': None, 'description': '', 'tags': [], 'created_at': '2024-10-09T02:17:37Z', 'updated_at': '2024-10-09T02:17:37Z', 'revision_number': 1}, Subnet: {'id': '7ac07559-92f5-42c9-995b-5fce2f13b586', 'name': 'tempest-DeleteServersTestJSON-1065789169-subnet', 'tenant_id': 'aea48968d4464ac0ab01c998c059107d', 'network_id': 'ff21dd88-fa02-4bd6-8009-980ec6e72758', 'ip_version': 4, 'subnetpool_id': None, 'enable_dhcp': True, 'ipv6_ra_mode': None, 'ipv6_address_mode': None, 'gateway_ip': '192.168.128.1', 'cidr': '192.168.128.0/28', 'allocation_pools': [{'start': '192.168.128.2', 'end': '192.168.128.14'}], 'host_routes': [], 'dns_nameservers': [], 'description': '', 'router:external': False, 'service_types': [], 'tags': [], 'created_at': '2024-10-09T02:17:37Z', 'updated_at': '2024-10-09T02:17:37Z', 'revision_number': 0, 'project_id': 'aea48968d4464ac0ab01c998c059107d'}, Router: {'id': '8295a5e5-43fa-4064-abc4-e63e7854f620', 'name': 'tempest-DeleteServersTestJSON-1065789169-router', 'tenant_id': 'aea48968d4464ac0ab01c998c059107d', 'admin_state_up': True, 'status': 'ACTIVE', 'external_gateway_info': {'network_id': '02d218e0-d072-4c8e-a031-ecf371e81983', 'external_fixed_ips': [{'subnet_id': '06b7ffd8-4f93-4913-8bcb-a0b3b0df9bee', 'ip_address': '10.180.180.248'}], 'enable_snat': True}, 'description': '', 'availability_zones': [], 'distributed': False, 'ha': False, 'availability_zone_hints': [], 'routes': [], 'flavor_id': None, 'tags': [], 'created_at': '2024-10-09T02:17:37Z', 'updated_at': '2024-10-09T02:17:38Z', 'revision_number': 2, 'project_id': 'aea48968d4464ac0ab01c998c059107d'}
2024-10-09 02:17:43.546 62649 INFO tempest.lib.common.rest_client [req-201531fe-33f7-4451-9501-c9668ebfb15f req-201531fe-33f7-4451-9501-c9668ebfb15f ] Request (ServersAdminNegativeTestJSON:setUpClass): 201 POST http://10.180.1.21/identity/v3/projects 0.293s
2024-10-09 02:17:43.587 62655 INFO tempest.lib.common.rest_client [req-4c78b1d9-73ea-456f-996b-24c526ea5ba4 req-4c78b1d9-73ea-456f-996b-24c526ea5ba4 ] Request (FlavorMetadataValidation:tearDownClass): 204 DELETE http://10.180.1.21/identity/v3/projects/1d9b6d2469a54dff849ca969c9e15778 0.321s
2024-10-09 02:17:43.587 62655 INFO tempest.lib.common.dynamic_creds [-] Deleting project and security group for project: c0cd8201eb7c4dceb86187f726d0d74b
2024-10-09 02:17:43.610 62643 INFO tempest.lib.common.rest_client [req-743d8461-e78d-436a-a327-589e4b3040fd req-743d8461-e78d-436a-a327-589e4b3040fd ] Request (SecurityGroupsTestAdminJSON:setUpClass): 201 POST http://10.180.1.21/identity/v3/auth/tokens 0.338s
2024-10-09 02:17:43.636 62687 INFO tempest.lib.common.rest_client [req-9d6aee3b-493b-4e73-9a62-98fd17550375 req-9d6aee3b-493b-4e73-9a62-98fd17550375 ] Request (FloatingIPsTestJSON:setUpClass): 200 GET http://10.180.1.21/identity/v3/roles 0.349s
2024-10-09 02:17:43.689 62669 INFO tempest.lib.common.rest_client [req-4bbc437f-b31e-4329-8e7b-0713b223a256 req-4bbc437f-b31e-4329-8e7b-0713b223a256 ] Request (HypervisorAdminTestJSON:tearDownClass): 204 DELETE http://10.180.1.21/identity/v3/projects/4e3b3e6582fe4087bb8e5401e0846d73 0.321s
2024-10-09 02:17:43.690 62669 INFO tempest.lib.common.dynamic_creds [-] Deleting project and security group for project: 8ec4495834e546dfaab55d34fd718ea0
2024-10-09 02:17:43.691 62629 INFO tempest.lib.common.rest_client [req-5c1a9167-e799-453d-959e-04f6a6691f3c req-5c1a9167-e799-453d-959e-04f6a6691f3c ] Request (QuotaClassesAdmin257Test:tearDownClass): 204 DELETE http://10.180.1.21/identity/v3/projects/ef9e942b795f47818604b45ac9a6cace 0.394s
2024-10-09 02:17:43.754 62677 INFO tempest.lib.common.rest_client [req-3768f5d2-a9be-4ded-ad6a-a2555e5901a3 req-3768f5d2-a9be-4ded-ad6a-a2555e5901a3 ] Request (ServersTestJSON:setUpClass): 201 POST http://10.180.1.21/identity/v3/auth/tokens 0.265s
2024-10-09 02:17:43.783 62682 INFO tempest.lib.common.rest_client [req-a740c453-9ab9-4e0f-b1b8-48cecd069b48 req-a740c453-9ab9-4e0f-b1b8-48cecd069b48 ] Request (FloatingIPsAssociationNegativeTestJSON:setUpClass): 200 PUT http://10.180.1.21:9696/networking/v2.0/routers/60b4f29a-a0f0-45af-928e-1bfc112da6ac/add_router_interface 3.233s
2024-10-09 02:17:43.783 62682 INFO tempest.lib.common.dynamic_creds [-] Created isolated network resources for: credentials: Credentials: {'domain_id': 'default', 'domain_name': 'Default', 'username': 'tempest-FloatingIPsAssociationNegativeTestJSON-1694955737-project-member', 'project_domain_id': 'default', 'project_domain_name': 'Default', 'project_id': '52425be256114432a284c026d5d7abea', 'project_name': 'tempest-FloatingIPsAssociationNegativeTestJSON-1694955737', 'tenant_id': '52425be256114432a284c026d5d7abea', 'tenant_name': 'tempest-FloatingIPsAssociationNegativeTestJSON-1694955737', 'user_domain_id': 'default', 'user_domain_name': 'Default', 'user_id': '5c8863bf352a44deafb45b93259eb26c', 'system': None}, Network: {'id': '36829410-c34a-4065-8de4-27df666126c1', 'name': 'tempest-FloatingIPsAssociationNegativeTestJSON-1643728248-network', 'tenant_id': '52425be256114432a284c026d5d7abea', 'admin_state_up': True, 'mtu': 8950, 'status': 'ACTIVE', 'subnets': [], 'shared': False, 'project_id': '52425be256114432a284c026d5d7abea', 'port_security_enabled': True, 'router:external': False, 'provider:network_type': 'vlan', 'provider:physical_network': 'default', 'provider:segmentation_id': 433, 'is_default': False, 'availability_zone_hints': [], 'availability_zones': [], 'ipv4_address_scope': None, 'ipv6_address_scope': None, 'description': '', 'tags': [], 'created_at': '2024-10-09T02:17:37Z', 'updated_at': '2024-10-09T02:17:37Z', 'revision_number': 1}, Subnet: {'id': '07e89b6a-1bd5-4db5-9315-675456afa846', 'name': 'tempest-FloatingIPsAssociationNegativeTestJSON-1643728248-subnet', 'tenant_id': '52425be256114432a284c026d5d7abea', 'network_id': '36829410-c34a-4065-8de4-27df666126c1', 'ip_version': 4, 'subnetpool_id': None, 'enable_dhcp': True, 'ipv6_ra_mode': None, 'ipv6_address_mode': None, 'gateway_ip': '192.168.128.1', 'cidr': '192.168.128.0/28', 'allocation_pools': [{'start': '192.168.128.2', 'end': '192.168.128.14'}], 'host_routes': [], 'dns_nameservers': [], 'description': '', 'router:external': False, 'service_types': [], 'tags': [], 'created_at': '2024-10-09T02:17:37Z', 'updated_at': '2024-10-09T02:17:37Z', 'revision_number': 0, 'project_id': '52425be256114432a284c026d5d7abea'}, Router: {'id': '60b4f29a-a0f0-45af-928e-1bfc112da6ac', 'name': 'tempest-FloatingIPsAssociationNegativeTestJSON-1643728248-router', 'tenant_id': '52425be256114432a284c026d5d7abea', 'admin_state_up': True, 'status': 'ACTIVE', 'external_gateway_info': {'network_id': '02d218e0-d072-4c8e-a031-ecf371e81983', 'external_fixed_ips': [{'subnet_id': '06b7ffd8-4f93-4913-8bcb-a0b3b0df9bee', 'ip_address': '10.180.180.234'}], 'enable_snat': True}, 'description': '', 'availability_zones': [], 'distributed': False, 'ha': False, 'availability_zone_hints': [], 'routes': [], 'flavor_id': None, 'tags': [], 'created_at': '2024-10-09T02:17:38Z', 'updated_at': '2024-10-09T02:17:39Z', 'revision_number': 2, 'project_id': '52425be256114432a284c026d5d7abea'}
2024-10-09 02:17:43.809 62625 INFO tempest.lib.common.rest_client [req-eba397b7-2de6-4360-b5c1-6f16d4b9519c req-eba397b7-2de6-4360-b5c1-6f16d4b9519c ] Request (HypervisorAdminUnderV252Test:tearDownClass): 204 DELETE http://10.180.1.21:9696/networking/v2.0/security-groups/76d55d27-e9fa-45b1-bd18-46472219ff60 0.379s
2024-10-09 02:17:43.816 62642 INFO tempest.lib.common.rest_client [req-220f984c-7a9b-4d2c-8e0a-acd80acdb181 req-220f984c-7a9b-4d2c-8e0a-acd80acdb181 ] Request (VolumesAssistedSnapshotsTest:setUpClass): 201 POST http://10.180.1.21:9696/networking/v2.0/networks 0.489s
2024-10-09 02:17:43.831 62651 INFO tempest.lib.common.rest_client [req-ba071bd9-f224-41f6-bc76-0c796c6f65d9 req-ba071bd9-f224-41f6-bc76-0c796c6f65d9 ] Request (DeleteServersTestJSON:setUpClass): 201 POST http://10.180.1.21/identity/v3/auth/tokens 0.330s
2024-10-09 02:17:43.835 62633 INFO tempest.lib.common.rest_client [req-bada866d-84f2-41be-9f1f-0caf0b7e1867 req-bada866d-84f2-41be-9f1f-0caf0b7e1867 ] Request (ServersWithSpecificFlavorTestJSON:test_verify_created_server_ephemeral_disk): 200 GET http://10.180.1.21/compute/v2.1/flavors/42 2.053s
2024-10-09 02:17:43.849 62649 INFO tempest.lib.common.rest_client [req-41aa2bfc-957a-4fba-83d4-33c48e87d473 req-41aa2bfc-957a-4fba-83d4-33c48e87d473 ] Request (ServersAdminNegativeTestJSON:setUpClass): 201 POST http://10.180.1.21/identity/v3/users 0.302s
2024-10-09 02:17:43.868 62643 INFO tempest.lib.common.rest_client [req-1e310975-90a3-4baa-961e-f36d296da133 req-1e310975-90a3-4baa-961e-f36d296da133 ] Request (SecurityGroupsTestAdminJSON:setUpClass): 201 POST http://10.180.1.21/identity/v3/projects 0.257s
2024-10-09 02:17:43.879 62687 INFO tempest.lib.common.rest_client [req-e8999039-e3ee-49e1-bed0-88267bfac74b req-e8999039-e3ee-49e1-bed0-88267bfac74b ] Request (FloatingIPsTestJSON:setUpClass): 204 PUT http://10.180.1.21/identity/v3/projects/a69a9a8fa71a4f19a7a2bb24b29c5012/users/fafebe6a8dd84853aac8083e0b055dbc/roles/6a018f2a908f431a8f76f072ca998fe7 0.242s
2024-10-09 02:17:43.880 62687 INFO tempest.lib.common.dynamic_creds [-] Dynamic test user fafebe6a8dd84853aac8083e0b055dbc is created with scope project and roles: ['member']
2024-10-09 02:17:43.880 62687 INFO tempest.lib.common.dynamic_creds [-] Acquired dynamic creds: credentials: Credentials: {'domain_id': 'default', 'domain_name': 'Default', 'username': 'tempest-FloatingIPsTestJSON-620807640-project-member', 'project_domain_id': 'default', 'project_domain_name': 'Default', 'project_id': 'a69a9a8fa71a4f19a7a2bb24b29c5012', 'project_name': 'tempest-FloatingIPsTestJSON-620807640', 'tenant_id': 'a69a9a8fa71a4f19a7a2bb24b29c5012', 'tenant_name': 'tempest-FloatingIPsTestJSON-620807640', 'user_domain_id': 'default', 'user_domain_name': 'Default', 'user_id': 'fafebe6a8dd84853aac8083e0b055dbc', 'system': None}, Network: None, Subnet: None, Router: None
2024-10-09 02:17:43.902 62657 INFO tempest.lib.common.rest_client [req-2d78bd33-d110-4a0a-8486-23bcfa720b3c req-2d78bd33-d110-4a0a-8486-23bcfa720b3c ] Request (AttachInterfacesV270Test:test_create_get_list_interfaces): 200 GET http://10.180.1.21/compute/v2.1/servers/ad6baae6-3925-41d7-9b95-0a5fe8add72d 2.188s
2024-10-09 02:17:43.914 62657 INFO tempest.common.waiters [-] State transition "BUILD/None" ==> "BUILD/spawning" after 5 second wait
2024-10-09 02:17:43.917 62663 INFO tempest.lib.common.rest_client [req-c22b3af8-bb3f-4596-a8f4-04baf5866c79 req-c22b3af8-bb3f-4596-a8f4-04baf5866c79 ] Request (FlavorsAccessNegativeTestJSON:_run_cleanups): 202 DELETE http://10.180.1.21/compute/v2.1/flavors/1484634789 1.798s
2024-10-09 02:17:43.931 62629 INFO tempest.lib.common.rest_client [req-faba363c-c80c-4104-81d5-267b0b3af3b0 req-faba363c-c80c-4104-81d5-267b0b3af3b0 ] Request (ServerDiagnosticsTest:setUpClass): 201 POST http://10.180.1.21/identity/v3/auth/tokens 0.238s
2024-10-09 02:17:43.947 62603 INFO tempest.lib.common.rest_client [req-89f69ff2-166f-42d9-b141-3dcf6beb8315 req-89f69ff2-166f-42d9-b141-3dcf6beb8315 ] Request (ServerDiagnosticsNegativeTest:test_get_server_diagnostics_by_non_admin): 200 GET http://10.180.1.21/compute/v2.1/servers/d4f4eb24-ea78-4ab1-9786-818ea7769342 2.007s
2024-10-09 02:17:43.964 62635 INFO tempest.lib.common.rest_client [req-7a49209e-3ec0-41d9-8950-762b31600feb req-7a49209e-3ec0-41d9-8950-762b31600feb ] Request (HostsAdminNegativeTestJSON:test_show_host_detail_with_nonexistent_hostname): 404 GET http://10.180.1.21/compute/v2.1/os-hosts/nonexistent_hostname 1.786s
2024-10-09 02:17:44.024 62682 INFO tempest.lib.common.rest_client [req-6d02a352-ecfa-4872-a51b-89567fa134b7 req-6d02a352-ecfa-4872-a51b-89567fa134b7 ] Request (FloatingIPsAssociationNegativeTestJSON:setUpClass): 201 POST http://10.180.1.21/identity/v3/auth/tokens 0.237s
2024-10-09 02:17:44.067 62625 INFO tempest.lib.common.rest_client [req-7d9cdb88-3f5c-4906-b105-d3b570a1d083 req-7d9cdb88-3f5c-4906-b105-d3b570a1d083 ] Request (HypervisorAdminUnderV252Test:tearDownClass): 204 DELETE http://10.180.1.21/identity/v3/projects/6c4bc9a0a3cc4d4cad71e664fb74b626 0.257s
2024-10-09 02:17:44.081 62631 INFO tempest.lib.common.rest_client [req-e43ab006-a536-4e90-81a8-38a9cf0326f5 req-e43ab006-a536-4e90-81a8-38a9cf0326f5 ] Request (DeleteServersAdminTestJSON:test_admin_delete_servers_of_others): 200 GET http://10.180.1.21/compute/v2.1/servers/077b25b0-3586-4c56-81fa-526ff9c0ed1f 1.729s
2024-10-09 02:17:44.082 62651 INFO tempest.lib.common.rest_client [req-f991d5b1-306e-4a7b-bcd3-99a3975b81b9 req-f991d5b1-306e-4a7b-bcd3-99a3975b81b9 ] Request (DeleteServersTestJSON:test_delete_active_server): 201 POST http://10.180.1.21/identity/v3/auth/tokens 0.246s
2024-10-09 02:17:44.082 62651 INFO tempest.lib.common.fixed_network [-] (DeleteServersTestJSON:test_delete_active_server) Found network {'id': 'ff21dd88-fa02-4bd6-8009-980ec6e72758', 'name': 'tempest-DeleteServersTestJSON-1065789169-network', 'tenant_id': 'aea48968d4464ac0ab01c998c059107d', 'admin_state_up': True, 'mtu': 8950, 'status': 'ACTIVE', 'subnets': [], 'shared': False, 'project_id': 'aea48968d4464ac0ab01c998c059107d', 'port_security_enabled': True, 'router:external': False, 'provider:network_type': 'vlan', 'provider:physical_network': 'default', 'provider:segmentation_id': 574, 'is_default': False, 'availability_zone_hints': [], 'availability_zones': [], 'ipv4_address_scope': None, 'ipv6_address_scope': None, 'description': '', 'tags': [], 'created_at': '2024-10-09T02:17:37Z', 'updated_at': '2024-10-09T02:17:37Z', 'revision_number': 1} available for tenant
2024-10-09 02:17:44.156 62643 INFO tempest.lib.common.rest_client [req-9c63280a-da29-4719-b255-4402241ff066 req-9c63280a-da29-4719-b255-4402241ff066 ] Request (SecurityGroupsTestAdminJSON:setUpClass): 201 POST http://10.180.1.21/identity/v3/users 0.284s
2024-10-09 02:17:44.162 62649 INFO tempest.lib.common.rest_client [req-64621a74-f96b-415a-9651-b16fbd014edc req-64621a74-f96b-415a-9651-b16fbd014edc ] Request (ServersAdminNegativeTestJSON:setUpClass): 200 GET http://10.180.1.21/identity/v3/roles 0.312s
2024-10-09 02:17:44.166 62669 INFO tempest.lib.common.rest_client [req-36cff0f9-1a30-4abd-8cb7-bc1424c4dc0c req-36cff0f9-1a30-4abd-8cb7-bc1424c4dc0c ] Request (HypervisorAdminTestJSON:tearDownClass): 200 GET http://10.180.1.21:9696/networking/v2.0/security-groups?tenant_id=8ec4495834e546dfaab55d34fd718ea0&name=default 0.476s
2024-10-09 02:17:44.180 62655 INFO tempest.lib.common.rest_client [req-badeae25-74b7-462b-9ed2-274077674645 req-badeae25-74b7-462b-9ed2-274077674645 ] Request (FlavorMetadataValidation:tearDownClass): 200 GET http://10.180.1.21:9696/networking/v2.0/security-groups?tenant_id=c0cd8201eb7c4dceb86187f726d0d74b&name=default 0.592s
2024-10-09 02:17:44.190 62687 INFO tempest.lib.common.rest_client [req-c1ffe49f-da08-4750-9945-ff06f219a428 req-c1ffe49f-da08-4750-9945-ff06f219a428 ] Request (FloatingIPsTestJSON:setUpClass): 201 POST http://10.180.1.21/identity/v3/auth/tokens 0.310s
2024-10-09 02:17:44.194 62685 INFO tempest.lib.common.rest_client [req-e9e42ccc-231d-427f-9791-60966e5ef7fa req-e9e42ccc-231d-427f-9791-60966e5ef7fa ] Request (ImagesMetadataTestJSON:setUp): 200 PUT http://10.180.1.21/compute/v2.1/images/6bab50a7-78b7-4404-aec9-f5655142cbba/metadata 2.018s
2024-10-09 02:17:44.199 62629 INFO tempest.lib.common.rest_client [req-bbd27e05-7b72-45f7-bd90-f1473f0c465c req-bbd27e05-7b72-45f7-bd90-f1473f0c465c ] Request (ServerDiagnosticsTest:setUpClass): 201 POST http://10.180.1.21/identity/v3/auth/tokens 0.261s
2024-10-09 02:17:44.230 62625 INFO tempest.lib.common.rest_client [req-417e7f17-513a-4173-bd7c-bc0c33f8eadb req-417e7f17-513a-4173-bd7c-bc0c33f8eadb ] Request (TenantUsagesNegativeTestJSON:setUpClass): 201 POST http://10.180.1.21/identity/v3/auth/tokens 0.161s
2024-10-09 02:17:44.255 62682 INFO tempest.lib.common.rest_client [req-86c26386-8020-456f-8f42-62628c56a617 req-86c26386-8020-456f-8f42-62628c56a617 ] Request (FloatingIPsAssociationNegativeTestJSON:setUpClass): 201 POST http://10.180.1.21/identity/v3/auth/tokens 0.226s
2024-10-09 02:17:44.255 62682 INFO tempest.lib.common.fixed_network [-] (FloatingIPsAssociationNegativeTestJSON:setUpClass) Found network {'id': '36829410-c34a-4065-8de4-27df666126c1', 'name': 'tempest-FloatingIPsAssociationNegativeTestJSON-1643728248-network', 'tenant_id': '52425be256114432a284c026d5d7abea', 'admin_state_up': True, 'mtu': 8950, 'status': 'ACTIVE', 'subnets': [], 'shared': False, 'project_id': '52425be256114432a284c026d5d7abea', 'port_security_enabled': True, 'router:external': False, 'provider:network_type': 'vlan', 'provider:physical_network': 'default', 'provider:segmentation_id': 433, 'is_default': False, 'availability_zone_hints': [], 'availability_zones': [], 'ipv4_address_scope': None, 'ipv6_address_scope': None, 'description': '', 'tags': [], 'created_at': '2024-10-09T02:17:37Z', 'updated_at': '2024-10-09T02:17:37Z', 'revision_number': 1} available for tenant
2024-10-09 02:17:44.269 62643 INFO tempest.lib.common.rest_client [req-ff66e040-de9c-4309-bce6-4bd6f65ec610 req-ff66e040-de9c-4309-bce6-4bd6f65ec610 ] Request (SecurityGroupsTestAdminJSON:setUpClass): 200 GET http://10.180.1.21/identity/v3/roles 0.113s
2024-10-09 02:17:44.294 62649 INFO tempest.lib.common.rest_client [req-be67a54c-5ab3-48bb-97f6-483d738f04ea req-be67a54c-5ab3-48bb-97f6-483d738f04ea ] Request (ServersAdminNegativeTestJSON:setUpClass): 204 PUT http://10.180.1.21/identity/v3/projects/4b1d85ab72464eb08fae1909daddb452/users/9cd532e0e12b4b5b8d939a3ce388146c/roles/6a018f2a908f431a8f76f072ca998fe7 0.131s
2024-10-09 02:17:44.294 62649 INFO tempest.lib.common.dynamic_creds [-] Dynamic test user 9cd532e0e12b4b5b8d939a3ce388146c is created with scope project and roles: ['member']
2024-10-09 02:17:44.294 62649 INFO tempest.lib.common.dynamic_creds [-] Acquired dynamic creds: credentials: Credentials: {'domain_id': 'default', 'domain_name': 'Default', 'username': 'tempest-ServersAdminNegativeTestJSON-1947249881-project-member', 'project_domain_id': 'default', 'project_domain_name': 'Default', 'project_id': '4b1d85ab72464eb08fae1909daddb452', 'project_name': 'tempest-ServersAdminNegativeTestJSON-1947249881', 'tenant_id': '4b1d85ab72464eb08fae1909daddb452', 'tenant_name': 'tempest-ServersAdminNegativeTestJSON-1947249881', 'user_domain_id': 'default', 'user_domain_name': 'Default', 'user_id': '9cd532e0e12b4b5b8d939a3ce388146c', 'system': None}, Network: None, Subnet: None, Router: None
2024-10-09 02:17:44.298 62649 INFO tempest.lib.common.dynamic_creds [-] Created isolated network resources for: credentials: Credentials: {'domain_id': 'default', 'domain_name': 'Default', 'username': 'tempest-ServersAdminNegativeTestJSON-1947249881-project-member', 'project_domain_id': 'default', 'project_domain_name': 'Default', 'project_id': '4b1d85ab72464eb08fae1909daddb452', 'project_name': 'tempest-ServersAdminNegativeTestJSON-1947249881', 'tenant_id': '4b1d85ab72464eb08fae1909daddb452', 'tenant_name': 'tempest-ServersAdminNegativeTestJSON-1947249881', 'user_domain_id': 'default', 'user_domain_name': 'Default', 'user_id': '9cd532e0e12b4b5b8d939a3ce388146c', 'system': None}, Network: None, Subnet: None, Router: None
2024-10-09 02:17:44.361 62629 INFO tempest.lib.common.rest_client [req-32f01601-ef56-4310-9796-814a1042b4b7 req-32f01601-ef56-4310-9796-814a1042b4b7 ] Request (ServerDiagnosticsTest:setUpClass): 200 GET http://10.180.1.21/identity/v3/domains?name=Default 0.161s
2024-10-09 02:17:44.387 62672 INFO tempest.lib.common.rest_client [req-44cbb3d3-f95b-4254-921d-9037e9fd91ec req-44cbb3d3-f95b-4254-921d-9037e9fd91ec ] Request (ServersTestBootFromVolume:setUpClass): 200 POST http://10.180.1.21/compute/v2.1/os-keypairs 1.993s
2024-10-09 02:17:44.414 62625 INFO tempest.lib.common.rest_client [req-ad5e4dfc-bbea-443d-92e2-7d2761cb96af req-ad5e4dfc-bbea-443d-92e2-7d2761cb96af ] Request (TenantUsagesNegativeTestJSON:setUpClass): 201 POST http://10.180.1.21/identity/v3/auth/tokens 0.180s
2024-10-09 02:17:44.415 62627 INFO tempest.lib.common.rest_client [req-999007a5-1388-4fe9-ad9e-563122d57564 req-999007a5-1388-4fe9-ad9e-563122d57564 ] Request (FlavorsAccessTestJSON:_run_cleanups): 202 DELETE http://10.180.1.21/compute/v2.1/flavors/1789417085 1.595s
2024-10-09 02:17:44.427 62655 INFO tempest.lib.common.rest_client [req-45e749c9-8d36-45d3-9c88-808e2ff6fb12 req-45e749c9-8d36-45d3-9c88-808e2ff6fb12 ] Request (FlavorMetadataValidation:tearDownClass): 204 DELETE http://10.180.1.21:9696/networking/v2.0/security-groups/118104d9-3661-48bc-bd7a-10aed2107f50 0.246s
2024-10-09 02:17:44.430 62683 INFO tempest.lib.common.rest_client [req-2bff59ad-fc2f-430d-a281-2f0cf15fe8b8 req-2bff59ad-fc2f-430d-a281-2f0cf15fe8b8 ] Request (FlavorsV261TestJSON:_run_cleanups): 200 GET http://10.180.1.21/compute/v2.1/flavors/detail 1.599s
2024-10-09 02:17:44.448 62673 INFO tempest.lib.common.rest_client [req-259ec679-9ec7-4d43-835d-367e6b56f29b req-259ec679-9ec7-4d43-835d-367e6b56f29b ] Request (FlavorsV255TestJSON:_run_cleanups): 200 GET http://10.180.1.21/compute/v2.1/flavors/detail 1.597s
2024-10-09 02:17:44.479 62643 INFO tempest.lib.common.rest_client [req-809be7bf-b082-4764-ae37-13e1a9b696af req-809be7bf-b082-4764-ae37-13e1a9b696af ] Request (SecurityGroupsTestAdminJSON:setUpClass): 204 PUT http://10.180.1.21/identity/v3/projects/db8e9b1bfb9145908d6bd169c38c4885/users/79494d7b76c943ccbe0f15a4275b1681/roles/dcf0240d7f4845af93f34b04b2f56487 0.209s
2024-10-09 02:17:44.498 62675 INFO tempest.lib.common.rest_client [req-ffe90036-6bdc-44a5-a6c2-b19128ff96ac req-ffe90036-6bdc-44a5-a6c2-b19128ff96ac ] Request (KeyPairsNegativeTestJSON:test_create_keypair_with_empty_public_key): 400 POST http://10.180.1.21/compute/v2.1/os-keypairs 1.643s
2024-10-09 02:17:44.563 62629 INFO tempest.lib.common.rest_client [req-e319d37a-dcf4-4de7-8319-2c94d6abcbd3 req-e319d37a-dcf4-4de7-8319-2c94d6abcbd3 ] Request (ServerDiagnosticsTest:setUpClass): 201 POST http://10.180.1.21/identity/v3/projects 0.201s
2024-10-09 02:17:44.571 62649 INFO tempest.lib.common.rest_client [req-16519f45-67b8-4395-b2ee-8341a73a39bf req-16519f45-67b8-4395-b2ee-8341a73a39bf ] Request (ServersAdminNegativeTestJSON:setUpClass): 201 POST http://10.180.1.21/identity/v3/auth/tokens 0.270s
2024-10-09 02:17:44.624 62625 INFO tempest.lib.common.rest_client [req-37910b00-8e14-4479-b247-fa10ff82914a req-37910b00-8e14-4479-b247-fa10ff82914a ] Request (TenantUsagesNegativeTestJSON:setUpClass): 200 GET http://10.180.1.21/identity/v3/domains?name=Default 0.210s
2024-10-09 02:17:44.706 62642 INFO tempest.lib.common.rest_client [req-7603b3f1-8287-459a-9349-34a499481c8b req-7603b3f1-8287-459a-9349-34a499481c8b ] Request (VolumesAssistedSnapshotsTest:setUpClass): 201 POST http://10.180.1.21:9696/networking/v2.0/subnets 0.890s
2024-10-09 02:17:44.710 62655 INFO tempest.lib.common.rest_client [req-5efe8791-a1fd-4d47-8308-d99dd4163fc4 req-5efe8791-a1fd-4d47-8308-d99dd4163fc4 ] Request (FlavorMetadataValidation:tearDownClass): 204 DELETE http://10.180.1.21/identity/v3/projects/c0cd8201eb7c4dceb86187f726d0d74b 0.281s
2024-10-09 02:17:44.756 62669 INFO tempest.lib.common.rest_client [req-3aebc033-6c17-4e15-a81c-c37373ded161 req-3aebc033-6c17-4e15-a81c-c37373ded161 ] Request (HypervisorAdminTestJSON:tearDownClass): 204 DELETE http://10.180.1.21:9696/networking/v2.0/security-groups/5d743e3e-5fbc-42bb-b0a3-72ac88f3fc8c 0.589s
2024-10-09 02:17:44.767 62643 INFO tempest.lib.common.rest_client [req-65971a14-7ed9-4e32-b9b4-3344a6839f72 req-65971a14-7ed9-4e32-b9b4-3344a6839f72 ] Request (SecurityGroupsTestAdminJSON:setUpClass): 200 GET http://10.180.1.21/identity/v3/roles 0.288s
2024-10-09 02:17:44.769 62679 INFO tempest.lib.common.rest_client [req-7c64e8db-45cd-4a1d-8abe-2718db08b0b1 req-7c64e8db-45cd-4a1d-8abe-2718db08b0b1 ] Request (QuotasAdminTestV236:test_get_updated_quotas): 200 GET http://10.180.1.21/compute/v2.1/os-quota-sets/283d182b998d4215828464a5961d68e5/detail 2.054s
2024-10-09 02:17:44.787 62647 INFO tempest.lib.common.rest_client [req-186b637c-cb50-465a-a347-fcfcf65abcc4 req-186b637c-cb50-465a-a347-fcfcf65abcc4 ] Request (FlavorsAdminTestJSON:_run_cleanups): 202 DELETE http://10.180.1.21/compute/v2.1/flavors/835482214 1.886s
2024-10-09 02:17:44.835 62687 INFO tempest.lib.common.rest_client [req-eb14810a-2c34-4b6d-9de4-362035f73648 req-eb14810a-2c34-4b6d-9de4-362035f73648 ] Request (FloatingIPsTestJSON:setUpClass): 201 POST http://10.180.1.21:9696/networking/v2.0/networks 0.644s
2024-10-09 02:17:44.838 62673 INFO tempest.lib.common.rest_client [req-579c45ca-2a10-4324-a09e-526e974be0de req-579c45ca-2a10-4324-a09e-526e974be0de ] Request (FlavorsV255TestJSON:tearDownClass): 204 DELETE http://10.180.1.21/identity/v3/users/fef8af0ddb8d422f8dd94a57a624ee35 0.321s
2024-10-09 02:17:44.898 62645 INFO tempest.lib.common.rest_client [req-2502741a-0e60-45e4-946d-7d1fd735236a req-2502741a-0e60-45e4-946d-7d1fd735236a ] Request (ServicesAdminNegativeTestJSON:test_list_services_with_non_admin_user): 403 GET http://10.180.1.21/compute/v2.1/os-services 2.016s
2024-10-09 02:17:44.928 62665 INFO tempest.lib.common.rest_client [req-688918ec-231e-49ef-a08e-b59a022cae67 req-688918ec-231e-49ef-a08e-b59a022cae67 ] Request (AggregatesAdminNegativeTestJSON:_run_cleanups): 200 DELETE http://10.180.1.21/compute/v2.1/os-aggregates/1 1.444s
2024-10-09 02:17:44.944 62683 INFO tempest.lib.common.rest_client [req-dfeef427-045b-488c-a9c8-9da38728e49b req-dfeef427-045b-488c-a9c8-9da38728e49b ] Request (FlavorsV261TestJSON:tearDownClass): 204 DELETE http://10.180.1.21/identity/v3/users/84ac3b027d61487e8846bc9b01b0c8de 0.413s
2024-10-09 02:17:44.972 62629 INFO tempest.lib.common.rest_client [req-d70d6259-206d-40b3-b401-088639e13f1b req-d70d6259-206d-40b3-b401-088639e13f1b ] Request (ServerDiagnosticsTest:setUpClass): 201 POST http://10.180.1.21/identity/v3/users 0.408s
2024-10-09 02:17:44.998 62649 INFO tempest.lib.common.rest_client [req-d8b9bcec-c6dd-42a4-b409-2c17484c3278 req-d8b9bcec-c6dd-42a4-b409-2c17484c3278 ] Request (ServersAdminNegativeTestJSON:setUpClass): 201 POST http://10.180.1.21/identity/v3/projects 0.426s
2024-10-09 02:17:45.007 62625 INFO tempest.lib.common.rest_client [req-50b898bc-28c8-4535-97cb-44f422b91768 req-50b898bc-28c8-4535-97cb-44f422b91768 ] Request (TenantUsagesNegativeTestJSON:setUpClass): 201 POST http://10.180.1.21/identity/v3/projects 0.382s
2024-10-09 02:17:45.018 62638 INFO tempest.lib.common.rest_client [req-6d066a6c-7f41-4d2c-af30-298f249c6bd1 req-6d066a6c-7f41-4d2c-af30-298f249c6bd1 ] Request (TenantUsagesTestJSON:setUpClass): 200 GET http://10.180.1.21/compute/v2.1/servers/adb14669-5f0b-4d3a-9cbf-293117a1d1cd 1.217s
2024-10-09 02:17:45.030 62638 INFO tempest.common.waiters [-] State transition "BUILD/None" ==> "BUILD/spawning" after 7 second wait
2024-10-09 02:17:45.042 62639 INFO tempest.lib.common.rest_client [req-098f724c-4301-4a6d-b9ec-4b51627de50c req-098f724c-4301-4a6d-b9ec-4b51627de50c ] Request (ServersV294TestFqdnHostnames:setUpClass): 200 PUT http://10.180.1.21:9696/networking/v2.0/routers/c2969a4e-a451-454d-ae67-884e0416caf9/add_router_interface 3.961s
2024-10-09 02:17:45.042 62639 INFO tempest.lib.common.dynamic_creds [-] Created isolated network resources for: credentials: Credentials: {'domain_id': 'default', 'domain_name': 'Default', 'username': 'tempest-ServersV294TestFqdnHostnames-979026060-project-member', 'project_domain_id': 'default', 'project_domain_name': 'Default', 'project_id': '3b5c6f7083c14a67967eaaa4b4ef5640', 'project_name': 'tempest-ServersV294TestFqdnHostnames-979026060', 'tenant_id': '3b5c6f7083c14a67967eaaa4b4ef5640', 'tenant_name': 'tempest-ServersV294TestFqdnHostnames-979026060', 'user_domain_id': 'default', 'user_domain_name': 'Default', 'user_id': '8e4705092c3d470ca6f587f01d522e06', 'system': None}, Network: {'id': 'cb113882-810b-470c-a0f9-88234dbb4592', 'name': 'tempest-ServersV294TestFqdnHostnames-1132559460-network', 'tenant_id': '3b5c6f7083c14a67967eaaa4b4ef5640', 'admin_state_up': True, 'mtu': 8950, 'status': 'ACTIVE', 'subnets': [], 'shared': False, 'project_id': '3b5c6f7083c14a67967eaaa4b4ef5640', 'port_security_enabled': True, 'router:external': False, 'provider:network_type': 'vlan', 'provider:physical_network': 'default', 'provider:segmentation_id': 390, 'is_default': False, 'availability_zone_hints': [], 'availability_zones': [], 'ipv4_address_scope': None, 'ipv6_address_scope': None, 'description': '', 'tags': [], 'created_at': '2024-10-09T02:17:37Z', 'updated_at': '2024-10-09T02:17:37Z', 'revision_number': 1}, Subnet: {'id': 'ea2162ca-bf9b-49c8-a642-f728bb14cdf3', 'name': 'tempest-ServersV294TestFqdnHostnames-1132559460-subnet', 'tenant_id': '3b5c6f7083c14a67967eaaa4b4ef5640', 'network_id': 'cb113882-810b-470c-a0f9-88234dbb4592', 'ip_version': 4, 'subnetpool_id': None, 'enable_dhcp': True, 'ipv6_ra_mode': None, 'ipv6_address_mode': None, 'gateway_ip': '192.168.128.1', 'cidr': '192.168.128.0/28', 'allocation_pools': [{'start': '192.168.128.2', 'end': '192.168.128.14'}], 'host_routes': [], 'dns_nameservers': [], 'description': '', 'router:external': False, 'service_types': [], 'tags': [], 'created_at': '2024-10-09T02:17:38Z', 'updated_at': '2024-10-09T02:17:38Z', 'revision_number': 0, 'project_id': '3b5c6f7083c14a67967eaaa4b4ef5640'}, Router: {'id': 'c2969a4e-a451-454d-ae67-884e0416caf9', 'name': 'tempest-ServersV294TestFqdnHostnames-1132559460-router', 'tenant_id': '3b5c6f7083c14a67967eaaa4b4ef5640', 'admin_state_up': True, 'status': 'ACTIVE', 'external_gateway_info': {'network_id': '02d218e0-d072-4c8e-a031-ecf371e81983', 'external_fixed_ips': [{'subnet_id': '06b7ffd8-4f93-4913-8bcb-a0b3b0df9bee', 'ip_address': '10.180.180.231'}], 'enable_snat': True}, 'description': '', 'availability_zones': [], 'distributed': False, 'ha': False, 'availability_zone_hints': [], 'routes': [], 'flavor_id': None, 'tags': [], 'created_at': '2024-10-09T02:17:38Z', 'updated_at': '2024-10-09T02:17:39Z', 'revision_number': 2, 'project_id': '3b5c6f7083c14a67967eaaa4b4ef5640'}
2024-10-09 02:17:45.053 62655 INFO tempest.lib.common.rest_client [req-a8c7d81c-f18d-4276-bd83-2f36d8834d3a req-a8c7d81c-f18d-4276-bd83-2f36d8834d3a ] Request (QuotaClassesAdminTestJSON:setUpClass): 201 POST http://10.180.1.21/identity/v3/auth/tokens 0.339s
2024-10-09 02:17:45.072 62643 INFO tempest.lib.common.rest_client [req-d19b9d77-ce8d-4d1c-9ccc-f127958873e3 req-d19b9d77-ce8d-4d1c-9ccc-f127958873e3 ] Request (SecurityGroupsTestAdminJSON:setUpClass): 204 PUT http://10.180.1.21/identity/v3/projects/db8e9b1bfb9145908d6bd169c38c4885/users/79494d7b76c943ccbe0f15a4275b1681/roles/dcf0240d7f4845af93f34b04b2f56487 0.304s
2024-10-09 02:17:45.074 62643 INFO tempest.lib.common.dynamic_creds [-] Dynamic test user 79494d7b76c943ccbe0f15a4275b1681 is created with scope project and roles: ['admin']
2024-10-09 02:17:45.074 62643 INFO tempest.lib.common.dynamic_creds [-] Acquired dynamic creds: credentials: Credentials: {'domain_id': 'default', 'domain_name': 'Default', 'username': 'tempest-SecurityGroupsTestAdminJSON-702561185-project-admin', 'project_domain_id': 'default', 'project_domain_name': 'Default', 'project_id': 'db8e9b1bfb9145908d6bd169c38c4885', 'project_name': 'tempest-SecurityGroupsTestAdminJSON-702561185', 'tenant_id': 'db8e9b1bfb9145908d6bd169c38c4885', 'tenant_name': 'tempest-SecurityGroupsTestAdminJSON-702561185', 'user_domain_id': 'default', 'user_domain_name': 'Default', 'user_id': '79494d7b76c943ccbe0f15a4275b1681', 'system': None}, Network: None, Subnet: None, Router: None
2024-10-09 02:17:45.074 62643 INFO tempest.lib.common.dynamic_creds [-] Created isolated network resources for: credentials: Credentials: {'domain_id': 'default', 'domain_name': 'Default', 'username': 'tempest-SecurityGroupsTestAdminJSON-702561185-project-admin', 'project_domain_id': 'default', 'project_domain_name': 'Default', 'project_id': 'db8e9b1bfb9145908d6bd169c38c4885', 'project_name': 'tempest-SecurityGroupsTestAdminJSON-702561185', 'tenant_id': 'db8e9b1bfb9145908d6bd169c38c4885', 'tenant_name': 'tempest-SecurityGroupsTestAdminJSON-702561185', 'user_domain_id': 'default', 'user_domain_name': 'Default', 'user_id': '79494d7b76c943ccbe0f15a4275b1681', 'system': None}, Network: None, Subnet: None, Router: None
2024-10-09 02:17:45.088 62672 INFO tempest.lib.common.rest_client [req-1a0f4381-217d-48b2-a581-fdc8bfe7b8ba req-1a0f4381-217d-48b2-a581-fdc8bfe7b8ba ] Request (ServersTestBootFromVolume:setUpClass): 201 POST http://10.180.1.21:9696/networking/v2.0/security-groups 0.699s
2024-10-09 02:17:45.093 62677 INFO tempest.lib.common.rest_client [req-15c0f265-6bf3-4faa-aa1d-a6b37a44388f req-15c0f265-6bf3-4faa-aa1d-a6b37a44388f ] Request (ServersTestJSON:setUpClass): 201 POST http://10.180.1.21:9696/networking/v2.0/networks 1.338s
2024-10-09 02:17:45.130 62669 INFO tempest.lib.common.rest_client [req-cedf9d34-98d4-4264-92cf-38b053ac0b87 req-cedf9d34-98d4-4264-92cf-38b053ac0b87 ] Request (HypervisorAdminTestJSON:tearDownClass): 204 DELETE http://10.180.1.21/identity/v3/projects/8ec4495834e546dfaab55d34fd718ea0 0.373s
2024-10-09 02:17:45.152 62679 INFO tempest.lib.common.rest_client [req-565507a5-f5ed-4a06-9d33-7171c4c3f4e7 req-565507a5-f5ed-4a06-9d33-7171c4c3f4e7 ] Request (QuotasAdminTestV236:test_get_updated_quotas): 200 GET http://10.180.1.21/identity/v3/domains?name=Default 0.376s
2024-10-09 02:17:45.191 62687 INFO tempest.lib.common.rest_client [req-202e15f2-47cf-4e98-bfe0-37aca85ec799 req-202e15f2-47cf-4e98-bfe0-37aca85ec799 ] Request (FloatingIPsTestJSON:setUpClass): 201 POST http://10.180.1.21:9696/networking/v2.0/subnets 0.356s
2024-10-09 02:17:45.228 62673 INFO tempest.lib.common.rest_client [req-a7ef6491-59aa-4789-baa6-0db2e9020cae req-a7ef6491-59aa-4789-baa6-0db2e9020cae ] Request (FlavorsV255TestJSON:tearDownClass): 204 DELETE http://10.180.1.21/identity/v3/users/9205793c40534ea4859c8205354f2bed 0.389s
2024-10-09 02:17:45.228 62673 INFO tempest.lib.common.dynamic_creds [-] Deleting project and security group for project: b7fa30e8e0414892a476974dd853224f
2024-10-09 02:17:45.319 62645 INFO tempest.lib.common.rest_client [req-a89c13cc-01e9-45d4-9765-fb55c4e395ad req-a89c13cc-01e9-45d4-9765-fb55c4e395ad ] Request (ServicesAdminNegativeTestJSON:tearDownClass): 204 DELETE http://10.180.1.21/identity/v3/users/945c3944e9aa4bd6af0e0f8bee390fb2 0.419s
2024-10-09 02:17:45.381 62683 INFO tempest.lib.common.rest_client [req-f22fed88-4fcd-4196-92ea-56fc5d7d4512 req-f22fed88-4fcd-4196-92ea-56fc5d7d4512 ] Request (FlavorsV261TestJSON:tearDownClass): 204 DELETE http://10.180.1.21/identity/v3/users/df9ea2de01e44d6b9f2261f57065e022 0.436s
2024-10-09 02:17:45.381 62683 INFO tempest.lib.common.dynamic_creds [-] Deleting project and security group for project: 9de320b4f0b04f40af97e3bcc85fd144
2024-10-09 02:17:45.428 62629 INFO tempest.lib.common.rest_client [req-1b5b5953-bcb0-4ac0-a12a-18e90c9526f4 req-1b5b5953-bcb0-4ac0-a12a-18e90c9526f4 ] Request (ServerDiagnosticsTest:setUpClass): 200 GET http://10.180.1.21/identity/v3/roles 0.455s
2024-10-09 02:17:45.453 62649 INFO tempest.lib.common.rest_client [req-a8fad393-53fd-47d4-9915-1a489fc12593 req-a8fad393-53fd-47d4-9915-1a489fc12593 ] Request (ServersAdminNegativeTestJSON:setUpClass): 201 POST http://10.180.1.21/identity/v3/users 0.453s
2024-10-09 02:17:45.462 62672 INFO tempest.lib.common.rest_client [req-a130e61a-f915-4349-a1af-165b11288b97 req-a130e61a-f915-4349-a1af-165b11288b97 ] Request (ServersTestBootFromVolume:setUpClass): 201 POST http://10.180.1.21:9696/networking/v2.0/security-group-rules 0.373s
2024-10-09 02:17:45.469 62625 INFO tempest.lib.common.rest_client [req-2a41de42-1103-4b6d-8833-d7700f818790 req-2a41de42-1103-4b6d-8833-d7700f818790 ] Request (TenantUsagesNegativeTestJSON:setUpClass): 201 POST http://10.180.1.21/identity/v3/users 0.462s
2024-10-09 02:17:45.552 62639 INFO tempest.lib.common.rest_client [req-5e3d5f98-d788-40fe-a503-a43691cd2d10 req-5e3d5f98-d788-40fe-a503-a43691cd2d10 ] Request (ServersV294TestFqdnHostnames:setUpClass): 201 POST http://10.180.1.21/identity/v3/auth/tokens 0.506s
2024-10-09 02:17:45.585 62655 INFO tempest.lib.common.rest_client [req-d7d58d5e-9161-43df-9f3a-83fe17ff65da req-d7d58d5e-9161-43df-9f3a-83fe17ff65da ] Request (QuotaClassesAdminTestJSON:setUpClass): 201 POST http://10.180.1.21/identity/v3/auth/tokens 0.530s
2024-10-09 02:17:45.592 62633 INFO tempest.lib.common.rest_client [req-a0430b3b-1e2d-41e0-a8c0-f5dd0fdc9316 req-a0430b3b-1e2d-41e0-a8c0-f5dd0fdc9316 ] Request (ServersWithSpecificFlavorTestJSON:test_verify_created_server_ephemeral_disk): 200 POST http://10.180.1.21/compute/v2.1/flavors 1.754s
2024-10-09 02:17:45.610 62663 INFO tempest.lib.common.rest_client [req-098d112c-b9c3-4c6f-849a-418a5e2a26c5 req-098d112c-b9c3-4c6f-849a-418a5e2a26c5 ] Request (FlavorsAccessNegativeTestJSON:_run_cleanups): 200 GET http://10.180.1.21/compute/v2.1/flavors/detail 1.692s
2024-10-09 02:17:45.635 62643 INFO tempest.lib.common.rest_client [req-e452a920-37fd-4bcb-b390-f15d954d84e2 req-e452a920-37fd-4bcb-b390-f15d954d84e2 ] Request (SecurityGroupsTestAdminJSON:setUpClass): 201 POST http://10.180.1.21/identity/v3/auth/tokens 0.552s
2024-10-09 02:17:45.667 62669 INFO tempest.lib.common.rest_client [req-00b1c605-c54e-4830-8ae7-5bff3a74ee46 req-00b1c605-c54e-4830-8ae7-5bff3a74ee46 ] Request (HypervisorAdminNegativeTestJSON:setUpClass): 201 POST http://10.180.1.21/identity/v3/auth/tokens 0.535s
2024-10-09 02:17:45.690 62673 INFO tempest.lib.common.rest_client [req-61e5b896-6466-4e3f-b7cc-172fe716caa8 req-61e5b896-6466-4e3f-b7cc-172fe716caa8 ] Request (FlavorsV255TestJSON:tearDownClass): 201 POST http://10.180.1.21/identity/v3/auth/tokens 0.462s
2024-10-09 02:17:45.707 62667 INFO tempest.lib.common.rest_client [req-2927519a-d9d0-42a9-987a-553771e1e0af req-2927519a-d9d0-42a9-987a-553771e1e0af ] Request (QuotasAdminNegativeTest:test_create_server_when_instances_quota_is_full): 200 PUT http://10.180.1.21/compute/v2.1/os-quota-sets/37ae09366a094cd89c6c68fb2e1a51e3 2.268s
2024-10-09 02:17:45.711 62659 INFO tempest.lib.common.rest_client [req-a05c05df-9a28-4626-b49d-d3c2827c586a req-a05c05df-9a28-4626-b49d-d3c2827c586a ] Request (MigrationsAdminTest:test_list_migrations_in_flavor_resize_situation): 200 GET http://10.180.1.21/compute/v2.1/servers/b28550f5-4f8e-43ac-a020-c025586c6688 1.755s
2024-10-09 02:17:45.716 62635 INFO tempest.lib.common.rest_client [req-14598d64-2f3f-4596-bce3-7ae82c159a90 req-14598d64-2f3f-4596-bce3-7ae82c159a90 ] Request (HostsAdminNegativeTestJSON:test_shutdown_host_with_non_admin_user): 403 GET http://10.180.1.21/compute/v2.1/os-hosts/devstack/shutdown 1.750s
2024-10-09 02:17:45.724 62679 INFO tempest.lib.common.rest_client [req-3905cab5-1941-4d85-83f5-39896f0bbaec req-3905cab5-1941-4d85-83f5-39896f0bbaec ] Request (QuotasAdminTestV236:test_get_updated_quotas): 201 POST http://10.180.1.21/identity/v3/users 0.572s
2024-10-09 02:17:45.745 62677 INFO tempest.lib.common.rest_client [req-a3a48a3f-7edf-4cbe-87bb-9e18eac9f9c8 req-a3a48a3f-7edf-4cbe-87bb-9e18eac9f9c8 ] Request (ServersTestJSON:setUpClass): 201 POST http://10.180.1.21:9696/networking/v2.0/subnets 0.652s
2024-10-09 02:17:45.754 62645 INFO tempest.lib.common.rest_client [req-751905dd-885a-49f8-be09-02c305efba99 req-751905dd-885a-49f8-be09-02c305efba99 ] Request (ServicesAdminNegativeTestJSON:tearDownClass): 204 DELETE http://10.180.1.21/identity/v3/users/b48b477a11c6485ab1486d7c20d67073 0.434s
2024-10-09 02:17:45.754 62645 INFO tempest.lib.common.dynamic_creds [-] Deleting project and security group for project: 5c50ed594c9a42b48ab43d03ca658345
2024-10-09 02:17:45.760 62685 INFO tempest.lib.common.rest_client [req-64c8df8c-d7b8-441d-876a-2003c356da9e req-64c8df8c-d7b8-441d-876a-2003c356da9e ] Request (ImagesMetadataTestJSON:test_get_image_metadata_item): 200 GET http://10.180.1.21/compute/v2.1/images/6bab50a7-78b7-4404-aec9-f5655142cbba/metadata/os_distro 1.564s
2024-10-09 02:17:45.779 62683 INFO tempest.lib.common.rest_client [req-1e4c3e05-4be7-48f1-a318-22935fc0b823 req-1e4c3e05-4be7-48f1-a318-22935fc0b823 ] Request (FlavorsV261TestJSON:tearDownClass): 201 POST http://10.180.1.21/identity/v3/auth/tokens 0.398s
2024-10-09 02:17:45.823 62629 INFO tempest.lib.common.rest_client [req-6138ed03-6310-48ed-893d-28ec4b85a6ae req-6138ed03-6310-48ed-893d-28ec4b85a6ae ] Request (ServerDiagnosticsTest:setUpClass): 204 PUT http://10.180.1.21/identity/v3/projects/5433efa61cab42d2b9b012acc01ca237/users/ef9e3e55fd5d46a49afd247e7fb4f3db/roles/6a018f2a908f431a8f76f072ca998fe7 0.395s
2024-10-09 02:17:45.824 62629 INFO tempest.lib.common.dynamic_creds [-] Dynamic test user ef9e3e55fd5d46a49afd247e7fb4f3db is created with scope project and roles: ['member']
2024-10-09 02:17:45.824 62629 INFO tempest.lib.common.dynamic_creds [-] Acquired dynamic creds: credentials: Credentials: {'domain_id': 'default', 'domain_name': 'Default', 'username': 'tempest-ServerDiagnosticsTest-1143893318-project-member', 'project_domain_id': 'default', 'project_domain_name': 'Default', 'project_id': '5433efa61cab42d2b9b012acc01ca237', 'project_name': 'tempest-ServerDiagnosticsTest-1143893318', 'tenant_id': '5433efa61cab42d2b9b012acc01ca237', 'tenant_name': 'tempest-ServerDiagnosticsTest-1143893318', 'user_domain_id': 'default', 'user_domain_name': 'Default', 'user_id': 'ef9e3e55fd5d46a49afd247e7fb4f3db', 'system': None}, Network: None, Subnet: None, Router: None
2024-10-09 02:17:45.824 62629 INFO tempest.lib.common.dynamic_creds [-] Created isolated network resources for: credentials: Credentials: {'domain_id': 'default', 'domain_name': 'Default', 'username': 'tempest-ServerDiagnosticsTest-1143893318-project-member', 'project_domain_id': 'default', 'project_domain_name': 'Default', 'project_id': '5433efa61cab42d2b9b012acc01ca237', 'project_name': 'tempest-ServerDiagnosticsTest-1143893318', 'tenant_id': '5433efa61cab42d2b9b012acc01ca237', 'tenant_name': 'tempest-ServerDiagnosticsTest-1143893318', 'user_domain_id': 'default', 'user_domain_name': 'Default', 'user_id': 'ef9e3e55fd5d46a49afd247e7fb4f3db', 'system': None}, Network: None, Subnet: None, Router: None
