2024-10-09 02:20:06.383 62638 INFO tempest.lib.common.rest_client [req-de485c9f-f43b-482d-9fce-75c2fe2e93b7 req-de485c9f-f43b-482d-9fce-75c2fe2e93b7 ] Request (VolumesAdminNegativeTest:test_update_attached_volume_with_nonexistent_volume_in_body): 200 GET http://10.180.1.21/compute/v2.1/servers/6e0dd86b-d557-4e7a-8520-9ffbd291128b 0.049s
2024-10-09 02:20:06.388 62631 INFO tempest.lib.common.rest_client [req-a7ec7d56-5358-4f33-9250-0ee231181542 req-a7ec7d56-5358-4f33-9250-0ee231181542 ] Request (DeleteServersAdminTestJSON:test_delete_server_while_in_error_state): 200 GET http://10.180.1.21/compute/v2.1/servers/70abd86c-aa63-4ccb-b185-65bf4977dfdf 0.049s
2024-10-09 02:20:06.446 62643 INFO tempest.lib.common.rest_client [req-fbb76158-6f7b-4441-895f-fa6ddef03260 req-fbb76158-6f7b-4441-895f-fa6ddef03260 ] Request (ImagesTestJSON:test_create_image_from_stopped_server): 200 GET http://10.180.1.21/compute/v2.1/servers/866451cc-96c5-433a-a903-9faa1eed538a 0.052s
2024-10-09 02:20:06.447 62629 INFO tempest.lib.common.rest_client [req-1d3fb7b0-1e95-4f9b-927d-8627d71ec5ee req-1d3fb7b0-1e95-4f9b-927d-8627d71ec5ee ] Request (ServersAdminTestJSON:setUpClass): 200 GET http://10.180.1.21/compute/v2.1/servers/f1d33401-35f5-4d79-abb4-26dc6faa784e 0.053s
2024-10-09 02:20:06.503 62603 INFO tempest.lib.common.rest_client [req-c89818af-db4a-4b83-b315-89818f996427 req-c89818af-db4a-4b83-b315-89818f996427 ] Request (ImagesNegativeTestJSON:test_create_image_from_deleted_server): 200 GET http://10.180.1.21/compute/v2.1/servers/ea0b59fe-8dd9-4893-87ff-54706eb64479 0.042s
2024-10-09 02:20:06.513 62683 INFO tempest.lib.common.rest_client [req-6333d97f-486a-4e5f-ae2d-40067fafb0de req-6333d97f-486a-4e5f-ae2d-40067fafb0de ] Request (ServerExternalEventsTest:test_create_server_external_events): 200 GET http://10.180.1.21/compute/v2.1/servers/ad12e5b0-6854-4281-9155-e1660393829c 0.046s
2024-10-09 02:20:06.554 62672 INFO tempest.lib.common.rest_client [req-4aa78186-83e1-443e-a4ec-7d38429414dc req-4aa78186-83e1-443e-a4ec-7d38429414dc ] Request (ServerRescueTestJSONUnderV235:setUpClass): 200 GET http://10.180.1.21/compute/v2.1/servers/65bb1d14-84b2-4e75-acdc-dc674a035101 0.041s
2024-10-09 02:20:06.569 62685 INFO tempest.lib.common.rest_client [req-bb13127a-027a-49fa-a4bd-570552789b36 req-bb13127a-027a-49fa-a4bd-570552789b36 ] Request (ListServersNegativeTestJSON:setUpClass): 200 GET http://10.180.1.21/compute/v2.1/servers/608c13da-6625-417d-a7b3-10821ae638d8 0.040s
2024-10-09 02:20:06.783 62649 INFO tempest.lib.common.rest_client [req-30155a33-47d7-48f2-bfeb-feb16090cac0 req-30155a33-47d7-48f2-bfeb-feb16090cac0 ] Request (ServerDiskConfigTestJSON:test_rebuild_server_with_auto_disk_config): 200 GET http://10.180.1.21/compute/v2.1/servers/caca5304-0ad7-427c-812e-de925de63f2c 0.051s
2024-10-09 02:20:06.785 62667 INFO tempest.lib.common.rest_client [req-3387c301-7207-42ce-8937-70785b64a7b1 req-3387c301-7207-42ce-8937-70785b64a7b1 ] Request (InstanceActionsNegativeTestJSON:setUpClass): 200 GET http://10.180.1.21/compute/v2.1/servers/7251e6e6-4cfe-444d-9dfb-ee0ad3a4c427 0.058s
2024-10-09 02:20:06.835 62655 INFO tempest.lib.common.rest_client [req-72fe4349-af84-4c7f-8909-5b2e953e9789 req-72fe4349-af84-4c7f-8909-5b2e953e9789 ] Request (ServersTestJSON:test_create_server_with_ipv6_addr_only): 200 GET http://10.180.1.21/compute/v2.1/servers/42ecf594-dff7-4af3-ac56-5bbc45b7a192 0.067s
2024-10-09 02:20:06.843 62627 INFO tempest.lib.common.rest_client [req-b1b4674b-8cd3-460d-8c40-d9bdd02e5529 req-b1b4674b-8cd3-460d-8c40-d9bdd02e5529 ] Request (ImagesOneServerTestJSON:setUpClass): 200 GET http://10.180.1.21/compute/v2.1/servers/a5c4afc6-38a6-4815-8ec4-cc01c24489bf 0.064s
2024-10-09 02:20:06.891 62651 INFO tempest.lib.common.rest_client [req-779f941b-eb7f-4533-b2e3-e74dc53fbde8 req-779f941b-eb7f-4533-b2e3-e74dc53fbde8 ] Request (DeleteServersTestJSON:test_delete_server_while_in_attached_volume): 200 GET http://10.180.1.21/compute/v2.1/servers/01d010dc-6b5b-470b-a387-f95a17600e19 0.077s
2024-10-09 02:20:06.898 62659 INFO tempest.lib.common.rest_client [req-d4b3e104-3fed-448f-8008-35692d6661ce req-d4b3e104-3fed-448f-8008-35692d6661ce ] Request (MigrationsAdminTest:test_resize_server_revert_deleted_flavor): 200 GET http://10.180.1.21/compute/v2.1/servers/d3224596-4e38-4c9c-abd9-59a34bbf59c7 0.078s
2024-10-09 02:20:06.902 62651 INFO tempest.common.waiters [-] State transition "BUILD/spawning" ==> "BUILD/scheduling" after 100 second wait
2024-10-09 02:20:06.955 62635 INFO tempest.lib.common.rest_client [req-fabf1b5b-3898-4e13-a581-866351b3a509 req-fabf1b5b-3898-4e13-a581-866351b3a509 ] Request (InstanceActionsTestJSON:setUpClass): 200 GET http://10.180.1.21/compute/v2.1/servers/1b459bac-e27d-4af5-bfc2-49898f5ced25 0.092s
2024-10-09 02:20:06.959 62625 INFO tempest.lib.common.rest_client [req-525aa00f-d2b4-4f97-8d26-3132d7ab12a0 req-525aa00f-d2b4-4f97-8d26-3132d7ab12a0 ] Request (ServerActionsTestOtherB:setUpClass): 200 GET http://10.180.1.21/compute/v2.1/servers/c348ef22-abb0-48cf-98a6-3a4b217dd186 0.096s
2024-10-09 02:20:07.024 62647 INFO tempest.lib.common.rest_client [req-c0ba9569-c70f-4468-b5d2-d64aead14504 req-c0ba9569-c70f-4468-b5d2-d64aead14504 ] Request (ListServerFiltersTestJSON:setUpClass): 200 GET http://10.180.1.21/compute/v2.1/servers/3e184125-28af-469b-83cc-4ab8859e0e2f 0.109s
2024-10-09 02:20:07.039 62639 INFO tempest.lib.common.rest_client [req-ba8077c1-3d76-4adb-bb29-3f02c1b744d3 req-ba8077c1-3d76-4adb-bb29-3f02c1b744d3 ] Request (ServerPasswordTestJSON:setUpClass): 200 GET http://10.180.1.21/compute/v2.1/servers/8a099f6e-b5e6-4e3f-a8ab-abdae59d73ee 0.124s
2024-10-09 02:20:07.079 62682 INFO tempest.lib.common.rest_client [req-890db080-b26e-4699-a18e-5a47f92289af req-890db080-b26e-4699-a18e-5a47f92289af ] Request (AttachInterfacesUnderV243Test:test_add_remove_fixed_ip): 200 GET http://10.180.1.21/compute/v2.1/servers/f50ddafe-f5a9-422b-b0f4-46c1b111dfbe 0.117s
2024-10-09 02:20:07.106 62679 INFO tempest.lib.common.rest_client [req-80e04f3c-8965-465b-99e8-007b5dab9756 req-80e04f3c-8965-465b-99e8-007b5dab9756 ] Request (SecurityGroupsTestJSON:test_server_security_groups): 200 GET http://10.180.1.21/compute/v2.1/servers/e73ecefc-fed3-4ccd-88d3-399a4b72bb4b 0.142s
2024-10-09 02:20:07.145 62669 INFO tempest.lib.common.rest_client [req-2f98020e-88f8-4db2-a0e7-ab1e4942a3d9 req-2f98020e-88f8-4db2-a0e7-ab1e4942a3d9 ] Request (ServerShowV247Test:tearDownClass): 200 GET http://10.180.1.21/compute/v2.1/servers/f0f0eed0-a76a-42bc-9cca-91b93d7ad64c 0.133s
2024-10-09 02:20:07.223 62642 INFO tempest.lib.common.rest_client [req-39632906-db9a-4c36-baf1-cf6d68151c63 req-39632906-db9a-4c36-baf1-cf6d68151c63 ] Request (ImagesOneServerNegativeTestJSON:setUpClass): 200 GET http://10.180.1.21/compute/v2.1/servers/92057af7-28a3-4643-9cda-d3d868d0cfc9 0.057s
2024-10-09 02:20:07.231 62645 INFO tempest.lib.common.rest_client [req-1717d1e7-6b2a-40cf-8187-59a9c0f64e5a req-1717d1e7-6b2a-40cf-8187-59a9c0f64e5a ] Request (MultipleCreateTestJSON:test_multiple_create_with_reservation_return): 200 GET http://10.180.1.21/compute/v2.1/servers/749e0976-2e2b-4764-865c-2e630f2edbd1 0.054s
2024-10-09 02:20:07.379 62663 INFO tempest.lib.common.rest_client [req-ca00c60b-e96d-4067-8ff1-f140a0d95340 req-ca00c60b-e96d-4067-8ff1-f140a0d95340 ] Request (ServersTestFqdnHostnames:test_create_server_with_fqdn_name): 200 GET http://10.180.1.21/compute/v2.1/servers/4c96b9c6-40b9-4dea-8dd3-5e8e6372c261 0.060s
2024-10-09 02:20:07.385 62657 INFO tempest.lib.common.rest_client [req-f38e96b8-fe4f-4259-8ff8-d38b73f8a74e req-f38e96b8-fe4f-4259-8ff8-d38b73f8a74e ] Request (ServersTestManualDisk:setUpClass): 200 GET http://10.180.1.21/compute/v2.1/servers/cc2bce8f-0c0c-4cbc-a31c-c8ec2992a76e 0.059s
2024-10-09 02:20:07.466 62638 INFO tempest.lib.common.rest_client [req-dcee6c1d-e728-403b-a160-932e4fa79c17 req-dcee6c1d-e728-403b-a160-932e4fa79c17 ] Request (VolumesAdminNegativeTest:test_update_attached_volume_with_nonexistent_volume_in_body): 200 GET http://10.180.1.21/compute/v2.1/servers/6e0dd86b-d557-4e7a-8520-9ffbd291128b 0.075s
2024-10-09 02:20:07.467 62631 INFO tempest.lib.common.rest_client [req-14b9027c-631e-40ed-a465-d4c672322de8 req-14b9027c-631e-40ed-a465-d4c672322de8 ] Request (DeleteServersAdminTestJSON:test_delete_server_while_in_error_state): 200 GET http://10.180.1.21/compute/v2.1/servers/70abd86c-aa63-4ccb-b185-65bf4977dfdf 0.071s
2024-10-09 02:20:07.525 62629 INFO tempest.lib.common.rest_client [req-c495a919-0481-4c22-a106-73d911e743ea req-c495a919-0481-4c22-a106-73d911e743ea ] Request (ServersAdminTestJSON:setUpClass): 200 GET http://10.180.1.21/compute/v2.1/servers/f1d33401-35f5-4d79-abb4-26dc6faa784e 0.071s
2024-10-09 02:20:07.526 62643 INFO tempest.lib.common.rest_client [req-072c1d8b-f441-413f-884c-f56d0458b6ba req-072c1d8b-f441-413f-884c-f56d0458b6ba ] Request (ImagesTestJSON:test_create_image_from_stopped_server): 200 GET http://10.180.1.21/compute/v2.1/servers/866451cc-96c5-433a-a903-9faa1eed538a 0.073s
2024-10-09 02:20:07.575 62603 INFO tempest.lib.common.rest_client [req-8631ce6e-5380-4ae6-9706-4b6fc558d698 req-8631ce6e-5380-4ae6-9706-4b6fc558d698 ] Request (ImagesNegativeTestJSON:test_create_image_from_deleted_server): 200 GET http://10.180.1.21/compute/v2.1/servers/ea0b59fe-8dd9-4893-87ff-54706eb64479 0.065s
2024-10-09 02:20:07.591 62683 INFO tempest.lib.common.rest_client [req-837b1493-f181-4778-8741-b4a66e567832 req-837b1493-f181-4778-8741-b4a66e567832 ] Request (ServerExternalEventsTest:test_create_server_external_events): 200 GET http://10.180.1.21/compute/v2.1/servers/ad12e5b0-6854-4281-9155-e1660393829c 0.071s
2024-10-09 02:20:07.628 62672 INFO tempest.lib.common.rest_client [req-4fdcf51e-d9b4-4190-9e68-f6f2fb346ce9 req-4fdcf51e-d9b4-4190-9e68-f6f2fb346ce9 ] Request (ServerRescueTestJSONUnderV235:setUpClass): 200 GET http://10.180.1.21/compute/v2.1/servers/65bb1d14-84b2-4e75-acdc-dc674a035101 0.066s
2024-10-09 02:20:07.639 62685 INFO tempest.lib.common.rest_client [req-83c52e84-fde6-41cf-bede-7b3cf2804d0c req-83c52e84-fde6-41cf-bede-7b3cf2804d0c ] Request (ListServersNegativeTestJSON:setUpClass): 200 GET http://10.180.1.21/compute/v2.1/servers/608c13da-6625-417d-a7b3-10821ae638d8 0.061s
2024-10-09 02:20:07.852 62649 INFO tempest.lib.common.rest_client [req-8c0daceb-249e-4add-999b-52f9bde81476 req-8c0daceb-249e-4add-999b-52f9bde81476 ] Request (ServerDiskConfigTestJSON:test_rebuild_server_with_auto_disk_config): 200 GET http://10.180.1.21/compute/v2.1/servers/caca5304-0ad7-427c-812e-de925de63f2c 0.062s
2024-10-09 02:20:07.859 62667 INFO tempest.lib.common.rest_client [req-d5723f5e-73b9-4665-a65a-c7f9c0b83c29 req-d5723f5e-73b9-4665-a65a-c7f9c0b83c29 ] Request (InstanceActionsNegativeTestJSON:setUpClass): 200 GET http://10.180.1.21/compute/v2.1/servers/7251e6e6-4cfe-444d-9dfb-ee0ad3a4c427 0.067s
2024-10-09 02:20:07.897 62655 INFO tempest.lib.common.rest_client [req-26d04e78-550d-429f-8dfc-f7012ea64513 req-26d04e78-550d-429f-8dfc-f7012ea64513 ] Request (ServersTestJSON:test_create_server_with_ipv6_addr_only): 200 GET http://10.180.1.21/compute/v2.1/servers/42ecf594-dff7-4af3-ac56-5bbc45b7a192 0.055s
2024-10-09 02:20:07.914 62627 INFO tempest.lib.common.rest_client [req-7a8b1f9c-5823-48ce-9ddc-ce66c8274238 req-7a8b1f9c-5823-48ce-9ddc-ce66c8274238 ] Request (ImagesOneServerTestJSON:setUpClass): 200 GET http://10.180.1.21/compute/v2.1/servers/a5c4afc6-38a6-4815-8ec4-cc01c24489bf 0.064s
2024-10-09 02:20:07.967 62651 INFO tempest.lib.common.rest_client [req-da85f488-01c6-4634-b7f2-e217999dd827 req-da85f488-01c6-4634-b7f2-e217999dd827 ] Request (DeleteServersTestJSON:test_delete_server_while_in_attached_volume): 200 GET http://10.180.1.21/compute/v2.1/servers/01d010dc-6b5b-470b-a387-f95a17600e19 0.064s
2024-10-09 02:20:07.971 62659 INFO tempest.lib.common.rest_client [req-cb8e4fe2-a91d-41c5-ac92-324a4a725025 req-cb8e4fe2-a91d-41c5-ac92-324a4a725025 ] Request (MigrationsAdminTest:test_resize_server_revert_deleted_flavor): 200 GET http://10.180.1.21/compute/v2.1/servers/d3224596-4e38-4c9c-abd9-59a34bbf59c7 0.066s
2024-10-09 02:20:07.977 62651 INFO tempest.common.waiters [-] State transition "BUILD/scheduling" ==> "ERROR/None" after 101 second wait
2024-10-09 02:20:08.023 62635 INFO tempest.lib.common.rest_client [req-fa39696f-8711-4fb6-99de-9be80ab4933e req-fa39696f-8711-4fb6-99de-9be80ab4933e ] Request (InstanceActionsTestJSON:setUpClass): 200 GET http://10.180.1.21/compute/v2.1/servers/1b459bac-e27d-4af5-bfc2-49898f5ced25 0.061s
2024-10-09 02:20:08.025 62625 INFO tempest.lib.common.rest_client [req-6aea51c5-bd54-4690-b69c-bf811b6c116f req-6aea51c5-bd54-4690-b69c-bf811b6c116f ] Request (ServerActionsTestOtherB:setUpClass): 200 GET http://10.180.1.21/compute/v2.1/servers/c348ef22-abb0-48cf-98a6-3a4b217dd186 0.060s
2024-10-09 02:20:08.089 62647 INFO tempest.lib.common.rest_client [req-131f038d-afc8-471f-9b23-56a5bb6ab864 req-131f038d-afc8-471f-9b23-56a5bb6ab864 ] Request (ListServerFiltersTestJSON:setUpClass): 200 GET http://10.180.1.21/compute/v2.1/servers/3e184125-28af-469b-83cc-4ab8859e0e2f 0.058s
2024-10-09 02:20:08.147 62639 INFO tempest.lib.common.rest_client [req-ced42e27-2d5f-406e-be52-31938ba1d9bd req-ced42e27-2d5f-406e-be52-31938ba1d9bd ] Request (ServerPasswordTestJSON:setUpClass): 200 GET http://10.180.1.21/compute/v2.1/servers/8a099f6e-b5e6-4e3f-a8ab-abdae59d73ee 0.099s
2024-10-09 02:20:08.191 62651 INFO tempest.lib.common.rest_client [req-8b561748-5f29-4874-8db2-166733f02820 req-8b561748-5f29-4874-8db2-166733f02820 ] Request (DeleteServersTestJSON:test_delete_server_while_in_attached_volume): 204 DELETE http://10.180.1.21/compute/v2.1/servers/01d010dc-6b5b-470b-a387-f95a17600e19 0.213s
2024-10-09 02:20:08.194 62682 INFO tempest.lib.common.rest_client [req-f2d732a2-a409-4547-a73c-b791c0796a10 req-f2d732a2-a409-4547-a73c-b791c0796a10 ] Request (AttachInterfacesUnderV243Test:test_add_remove_fixed_ip): 200 GET http://10.180.1.21/compute/v2.1/servers/f50ddafe-f5a9-422b-b0f4-46c1b111dfbe 0.106s
2024-10-09 02:20:08.242 62679 INFO tempest.lib.common.rest_client [req-5d97cab1-5bb2-47e2-8cbb-7fd2786955d7 req-5d97cab1-5bb2-47e2-8cbb-7fd2786955d7 ] Request (SecurityGroupsTestJSON:test_server_security_groups): 200 GET http://10.180.1.21/compute/v2.1/servers/e73ecefc-fed3-4ccd-88d3-399a4b72bb4b 0.128s
2024-10-09 02:20:08.261 62651 INFO tempest.lib.common.rest_client [req-157a437a-0bf8-4753-82ed-c57b1cf39320 req-157a437a-0bf8-4753-82ed-c57b1cf39320 ] Request (DeleteServersTestJSON:test_delete_server_while_in_attached_volume): 404 GET http://10.180.1.21/compute/v2.1/servers/01d010dc-6b5b-470b-a387-f95a17600e19 0.070s
2024-10-09 02:20:08.271 62669 INFO tempest.lib.common.rest_client [req-b67d044b-cd23-4010-95ab-310809618f21 req-b67d044b-cd23-4010-95ab-310809618f21 ] Request (ServerShowV247Test:tearDownClass): 200 GET http://10.180.1.21/compute/v2.1/servers/f0f0eed0-a76a-42bc-9cca-91b93d7ad64c 0.117s
2024-10-09 02:20:08.312 62642 INFO tempest.lib.common.rest_client [req-f08e9ef1-6f18-4f1a-a274-1c0938cc6df2 req-f08e9ef1-6f18-4f1a-a274-1c0938cc6df2 ] Request (ImagesOneServerNegativeTestJSON:setUpClass): 200 GET http://10.180.1.21/compute/v2.1/servers/92057af7-28a3-4643-9cda-d3d868d0cfc9 0.082s
2024-10-09 02:20:08.326 62645 INFO tempest.lib.common.rest_client [req-4fb978b5-3cf1-4480-9fb6-8294afc631f2 req-4fb978b5-3cf1-4480-9fb6-8294afc631f2 ] Request (MultipleCreateTestJSON:test_multiple_create_with_reservation_return): 200 GET http://10.180.1.21/compute/v2.1/servers/749e0976-2e2b-4764-865c-2e630f2edbd1 0.088s
2024-10-09 02:20:08.338 62651 INFO tempest.lib.common.rest_client [req-810929a9-acd8-4bd4-a6e2-64b755127926 req-810929a9-acd8-4bd4-a6e2-64b755127926 ] Request (DeleteServersTestJSON:test_delete_server_while_in_building_state): 201 POST http://10.180.1.21/identity/v3/auth/tokens 0.071s
2024-10-09 02:20:08.338 62651 INFO tempest.lib.common.fixed_network [-] (DeleteServersTestJSON:test_delete_server_while_in_building_state) Found network {'id': 'ff21dd88-fa02-4bd6-8009-980ec6e72758', 'name': 'tempest-DeleteServersTestJSON-1065789169-network', 'tenant_id': 'aea48968d4464ac0ab01c998c059107d', 'admin_state_up': True, 'mtu': 8950, 'status': 'ACTIVE', 'subnets': [], 'shared': False, 'project_id': 'aea48968d4464ac0ab01c998c059107d', 'port_security_enabled': True, 'router:external': False, 'provider:network_type': 'vlan', 'provider:physical_network': 'default', 'provider:segmentation_id': 574, 'is_default': False, 'availability_zone_hints': [], 'availability_zones': [], 'ipv4_address_scope': None, 'ipv6_address_scope': None, 'description': '', 'tags': [], 'created_at': '2024-10-09T02:17:37Z', 'updated_at': '2024-10-09T02:17:37Z', 'revision_number': 1} available for tenant
2024-10-09 02:20:08.446 62663 INFO tempest.lib.common.rest_client [req-5a84ed9c-f68a-43f9-8b67-15d36cc154a0 req-5a84ed9c-f68a-43f9-8b67-15d36cc154a0 ] Request (ServersTestFqdnHostnames:test_create_server_with_fqdn_name): 200 GET http://10.180.1.21/compute/v2.1/servers/4c96b9c6-40b9-4dea-8dd3-5e8e6372c261 0.058s
2024-10-09 02:20:08.494 62657 INFO tempest.lib.common.rest_client [req-68b6d441-6f75-40e1-a9e2-b34fbace557c req-68b6d441-6f75-40e1-a9e2-b34fbace557c ] Request (ServersTestManualDisk:setUpClass): 200 GET http://10.180.1.21/compute/v2.1/servers/cc2bce8f-0c0c-4cbc-a31c-c8ec2992a76e 0.103s
2024-10-09 02:20:08.536 62638 INFO tempest.lib.common.rest_client [req-253ca3c9-5b4e-41be-b1d6-4ac5e6d5acd8 req-253ca3c9-5b4e-41be-b1d6-4ac5e6d5acd8 ] Request (VolumesAdminNegativeTest:test_update_attached_volume_with_nonexistent_volume_in_body): 200 GET http://10.180.1.21/compute/v2.1/servers/6e0dd86b-d557-4e7a-8520-9ffbd291128b 0.063s
2024-10-09 02:20:08.578 62631 INFO tempest.lib.common.rest_client [req-9476ac16-8f7d-4d24-9ba6-5b12daa54d3f req-9476ac16-8f7d-4d24-9ba6-5b12daa54d3f ] Request (DeleteServersAdminTestJSON:test_delete_server_while_in_error_state): 200 GET http://10.180.1.21/compute/v2.1/servers/70abd86c-aa63-4ccb-b185-65bf4977dfdf 0.104s
2024-10-09 02:20:08.621 62629 INFO tempest.lib.common.rest_client [req-8088e7c9-c6c2-4af4-9f39-bbbe09b02bea req-8088e7c9-c6c2-4af4-9f39-bbbe09b02bea ] Request (ServersAdminTestJSON:setUpClass): 200 GET http://10.180.1.21/compute/v2.1/servers/f1d33401-35f5-4d79-abb4-26dc6faa784e 0.087s
2024-10-09 02:20:08.664 62643 INFO tempest.lib.common.rest_client [req-4d8c48b1-de2e-4c77-a3b5-faaac64bd81c req-4d8c48b1-de2e-4c77-a3b5-faaac64bd81c ] Request (ImagesTestJSON:test_create_image_from_stopped_server): 200 GET http://10.180.1.21/compute/v2.1/servers/866451cc-96c5-433a-a903-9faa1eed538a 0.128s
2024-10-09 02:20:08.681 62651 INFO tempest.lib.common.rest_client [req-ec0c65d4-8ac6-45a0-81eb-bdfd4cad3b55 req-ec0c65d4-8ac6-45a0-81eb-bdfd4cad3b55 ] Request (DeleteServersTestJSON:test_delete_server_while_in_building_state): 202 POST http://10.180.1.21/compute/v2.1/servers 0.342s
2024-10-09 02:20:08.708 62603 INFO tempest.lib.common.rest_client [req-2c1d1b86-4982-4b93-8815-e494493bf8a7 req-2c1d1b86-4982-4b93-8815-e494493bf8a7 ] Request (ImagesNegativeTestJSON:test_create_image_from_deleted_server): 200 GET http://10.180.1.21/compute/v2.1/servers/ea0b59fe-8dd9-4893-87ff-54706eb64479 0.125s
2024-10-09 02:20:08.725 62683 INFO tempest.lib.common.rest_client [req-c738976e-776a-4de7-ab16-c2f4f7b0887e req-c738976e-776a-4de7-ab16-c2f4f7b0887e ] Request (ServerExternalEventsTest:test_create_server_external_events): 200 GET http://10.180.1.21/compute/v2.1/servers/ad12e5b0-6854-4281-9155-e1660393829c 0.127s
2024-10-09 02:20:08.757 62672 INFO tempest.lib.common.rest_client [req-467a081b-40ed-4cf8-a84d-67065dee2723 req-467a081b-40ed-4cf8-a84d-67065dee2723 ] Request (ServerRescueTestJSONUnderV235:setUpClass): 200 GET http://10.180.1.21/compute/v2.1/servers/65bb1d14-84b2-4e75-acdc-dc674a035101 0.122s
2024-10-09 02:20:08.775 62685 INFO tempest.lib.common.rest_client [req-9386035c-de44-4018-9abd-250e83a52e37 req-9386035c-de44-4018-9abd-250e83a52e37 ] Request (ListServersNegativeTestJSON:setUpClass): 200 GET http://10.180.1.21/compute/v2.1/servers/608c13da-6625-417d-a7b3-10821ae638d8 0.129s
2024-10-09 02:20:08.805 62651 INFO tempest.lib.common.rest_client [req-ad4f3511-065f-466b-8ade-58c803f771ba req-ad4f3511-065f-466b-8ade-58c803f771ba ] Request (DeleteServersTestJSON:test_delete_server_while_in_building_state): 200 GET http://10.180.1.21/compute/v2.1/servers/fcdd9c53-957f-4dfe-a85c-75bad26d389b 0.122s
2024-10-09 02:20:08.865 62651 INFO tempest.lib.common.rest_client [req-6838ced3-5404-4017-b7ac-686a93dc8ead req-6838ced3-5404-4017-b7ac-686a93dc8ead ] Request (DeleteServersTestJSON:test_delete_server_while_in_building_state): 204 DELETE http://10.180.1.21/compute/v2.1/servers/fcdd9c53-957f-4dfe-a85c-75bad26d389b 0.053s
2024-10-09 02:20:08.879 62651 INFO tempest.lib.common.rest_client [req-4e46d19d-e3f3-4100-9a26-b781c7f3fa04 req-4e46d19d-e3f3-4100-9a26-b781c7f3fa04 ] Request (DeleteServersTestJSON:test_delete_server_while_in_building_state): 404 GET http://10.180.1.21/compute/v2.1/servers/fcdd9c53-957f-4dfe-a85c-75bad26d389b 0.013s
2024-10-09 02:20:08.908 62649 INFO tempest.lib.common.rest_client [req-288fdaa0-879f-4b50-8d17-08e1de11f532 req-288fdaa0-879f-4b50-8d17-08e1de11f532 ] Request (ServerDiskConfigTestJSON:test_rebuild_server_with_auto_disk_config): 200 GET http://10.180.1.21/compute/v2.1/servers/caca5304-0ad7-427c-812e-de925de63f2c 0.046s
2024-10-09 02:20:08.914 62651 INFO tempest.lib.common.rest_client [req-154183f1-b6e2-4c92-a92d-bcb386068e7c req-154183f1-b6e2-4c92-a92d-bcb386068e7c ] Request (DeleteServersTestJSON:test_delete_server_while_in_shelved_state): 201 POST http://10.180.1.21/identity/v3/auth/tokens 0.032s
2024-10-09 02:20:08.915 62651 INFO tempest.lib.common.fixed_network [-] (DeleteServersTestJSON:test_delete_server_while_in_shelved_state) Found network {'id': 'ff21dd88-fa02-4bd6-8009-980ec6e72758', 'name': 'tempest-DeleteServersTestJSON-1065789169-network', 'tenant_id': 'aea48968d4464ac0ab01c998c059107d', 'admin_state_up': True, 'mtu': 8950, 'status': 'ACTIVE', 'subnets': [], 'shared': False, 'project_id': 'aea48968d4464ac0ab01c998c059107d', 'port_security_enabled': True, 'router:external': False, 'provider:network_type': 'vlan', 'provider:physical_network': 'default', 'provider:segmentation_id': 574, 'is_default': False, 'availability_zone_hints': [], 'availability_zones': [], 'ipv4_address_scope': None, 'ipv6_address_scope': None, 'description': '', 'tags': [], 'created_at': '2024-10-09T02:17:37Z', 'updated_at': '2024-10-09T02:17:37Z', 'revision_number': 1} available for tenant
2024-10-09 02:20:08.919 62667 INFO tempest.lib.common.rest_client [req-905d115d-81a4-4c6c-aa2e-104965a9fdca req-905d115d-81a4-4c6c-aa2e-104965a9fdca ] Request (InstanceActionsNegativeTestJSON:setUpClass): 200 GET http://10.180.1.21/compute/v2.1/servers/7251e6e6-4cfe-444d-9dfb-ee0ad3a4c427 0.053s
2024-10-09 02:20:08.925 62667 INFO tempest.common.waiters [-] State transition "BUILD/scheduling" ==> "BUILD/None" after 93 second wait
2024-10-09 02:20:08.953 62655 INFO tempest.lib.common.rest_client [req-d9d18a35-aac4-4088-9e13-0b9830d85237 req-d9d18a35-aac4-4088-9e13-0b9830d85237 ] Request (ServersTestJSON:test_create_server_with_ipv6_addr_only): 200 GET http://10.180.1.21/compute/v2.1/servers/42ecf594-dff7-4af3-ac56-5bbc45b7a192 0.049s
2024-10-09 02:20:09.000 62627 INFO tempest.lib.common.rest_client [req-7f597835-e509-4c4c-9ca3-86522d4a6f5c req-7f597835-e509-4c4c-9ca3-86522d4a6f5c ] Request (ImagesOneServerTestJSON:setUpClass): 200 GET http://10.180.1.21/compute/v2.1/servers/a5c4afc6-38a6-4815-8ec4-cc01c24489bf 0.078s
2024-10-09 02:20:09.047 62659 INFO tempest.lib.common.rest_client [req-8c4a461f-7116-4bb4-b84f-b40f14c29890 req-8c4a461f-7116-4bb4-b84f-b40f14c29890 ] Request (MigrationsAdminTest:test_resize_server_revert_deleted_flavor): 200 GET http://10.180.1.21/compute/v2.1/servers/d3224596-4e38-4c9c-abd9-59a34bbf59c7 0.069s
2024-10-09 02:20:09.100 62635 INFO tempest.lib.common.rest_client [req-de1ff796-6b9a-4562-83a6-bd9cfd61c2e3 req-de1ff796-6b9a-4562-83a6-bd9cfd61c2e3 ] Request (InstanceActionsTestJSON:setUpClass): 200 GET http://10.180.1.21/compute/v2.1/servers/1b459bac-e27d-4af5-bfc2-49898f5ced25 0.070s
2024-10-09 02:20:09.142 62625 INFO tempest.lib.common.rest_client [req-43190020-4907-4eda-a052-dd77aa479b7a req-43190020-4907-4eda-a052-dd77aa479b7a ] Request (ServerActionsTestOtherB:setUpClass): 200 GET http://10.180.1.21/compute/v2.1/servers/c348ef22-abb0-48cf-98a6-3a4b217dd186 0.109s
2024-10-09 02:20:09.181 62647 INFO tempest.lib.common.rest_client [req-7509a54a-08bf-499a-bd5e-8e61b600a987 req-7509a54a-08bf-499a-bd5e-8e61b600a987 ] Request (ListServerFiltersTestJSON:setUpClass): 200 GET http://10.180.1.21/compute/v2.1/servers/3e184125-28af-469b-83cc-4ab8859e0e2f 0.086s
2024-10-09 02:20:09.183 62651 INFO tempest.lib.common.rest_client [req-12275953-4460-4b25-b23b-439197a51a3f req-12275953-4460-4b25-b23b-439197a51a3f ] Request (DeleteServersTestJSON:test_delete_server_while_in_shelved_state): 202 POST http://10.180.1.21/compute/v2.1/servers 0.267s
2024-10-09 02:20:09.226 62639 INFO tempest.lib.common.rest_client [req-b73fac58-bdad-40cc-93af-04195a9c17a0 req-b73fac58-bdad-40cc-93af-04195a9c17a0 ] Request (ServerPasswordTestJSON:setUpClass): 200 GET http://10.180.1.21/compute/v2.1/servers/8a099f6e-b5e6-4e3f-a8ab-abdae59d73ee 0.071s
2024-10-09 02:20:09.227 62651 INFO tempest.lib.common.rest_client [req-0800b367-fe19-48d8-90a6-57b34ea2763d req-0800b367-fe19-48d8-90a6-57b34ea2763d ] Request (DeleteServersTestJSON:test_delete_server_while_in_shelved_state): 200 GET http://10.180.1.21/compute/v2.1/servers/f8a98710-9d02-4aa3-b6a5-34b7060ad62d 0.043s
2024-10-09 02:20:09.270 62682 INFO tempest.lib.common.rest_client [req-0ec7add6-6d22-4d88-834e-91afa63e538c req-0ec7add6-6d22-4d88-834e-91afa63e538c ] Request (AttachInterfacesUnderV243Test:test_add_remove_fixed_ip): 200 GET http://10.180.1.21/compute/v2.1/servers/f50ddafe-f5a9-422b-b0f4-46c1b111dfbe 0.069s
2024-10-09 02:20:09.301 62679 INFO tempest.lib.common.rest_client [req-b32f37d6-4085-4460-8d44-36e17bb2c8b5 req-b32f37d6-4085-4460-8d44-36e17bb2c8b5 ] Request (SecurityGroupsTestJSON:test_server_security_groups): 200 GET http://10.180.1.21/compute/v2.1/servers/e73ecefc-fed3-4ccd-88d3-399a4b72bb4b 0.051s
2024-10-09 02:20:09.340 62669 INFO tempest.lib.common.rest_client [req-7ef99503-f7de-46d1-82de-e0cad3f4c465 req-7ef99503-f7de-46d1-82de-e0cad3f4c465 ] Request (ServerShowV247Test:tearDownClass): 200 GET http://10.180.1.21/compute/v2.1/servers/f0f0eed0-a76a-42bc-9cca-91b93d7ad64c 0.060s
2024-10-09 02:20:09.373 62642 INFO tempest.lib.common.rest_client [req-b702c8ac-fb27-4aae-9763-000b64f102bb req-b702c8ac-fb27-4aae-9763-000b64f102bb ] Request (ImagesOneServerNegativeTestJSON:setUpClass): 200 GET http://10.180.1.21/compute/v2.1/servers/92057af7-28a3-4643-9cda-d3d868d0cfc9 0.052s
2024-10-09 02:20:09.385 62645 INFO tempest.lib.common.rest_client [req-8aba6dcb-22fd-44ab-aa92-3f0295c4fc44 req-8aba6dcb-22fd-44ab-aa92-3f0295c4fc44 ] Request (MultipleCreateTestJSON:test_multiple_create_with_reservation_return): 200 GET http://10.180.1.21/compute/v2.1/servers/749e0976-2e2b-4764-865c-2e630f2edbd1 0.050s
2024-10-09 02:20:09.508 62663 INFO tempest.lib.common.rest_client [req-9ba2e3b3-051f-4782-91e5-6208ed9d6160 req-9ba2e3b3-051f-4782-91e5-6208ed9d6160 ] Request (ServersTestFqdnHostnames:test_create_server_with_fqdn_name): 200 GET http://10.180.1.21/compute/v2.1/servers/4c96b9c6-40b9-4dea-8dd3-5e8e6372c261 0.054s
2024-10-09 02:20:09.558 62657 INFO tempest.lib.common.rest_client [req-59118b57-69ae-401f-96d1-0d0b1611a519 req-59118b57-69ae-401f-96d1-0d0b1611a519 ] Request (ServersTestManualDisk:setUpClass): 200 GET http://10.180.1.21/compute/v2.1/servers/cc2bce8f-0c0c-4cbc-a31c-c8ec2992a76e 0.056s
2024-10-09 02:20:09.592 62638 INFO tempest.lib.common.rest_client [req-205e6082-5aed-4f89-b939-54c76ffd62ff req-205e6082-5aed-4f89-b939-54c76ffd62ff ] Request (VolumesAdminNegativeTest:test_update_attached_volume_with_nonexistent_volume_in_body): 200 GET http://10.180.1.21/compute/v2.1/servers/6e0dd86b-d557-4e7a-8520-9ffbd291128b 0.050s
2024-10-09 02:20:09.634 62631 INFO tempest.lib.common.rest_client [req-9291ee8c-b619-460a-8d00-74fd91a7dc04 req-9291ee8c-b619-460a-8d00-74fd91a7dc04 ] Request (DeleteServersAdminTestJSON:test_delete_server_while_in_error_state): 200 GET http://10.180.1.21/compute/v2.1/servers/70abd86c-aa63-4ccb-b185-65bf4977dfdf 0.048s
2024-10-09 02:20:09.683 62629 INFO tempest.lib.common.rest_client [req-18aa70cd-1ea4-466e-9254-4f207069f5f8 req-18aa70cd-1ea4-466e-9254-4f207069f5f8 ] Request (ServersAdminTestJSON:setUpClass): 200 GET http://10.180.1.21/compute/v2.1/servers/f1d33401-35f5-4d79-abb4-26dc6faa784e 0.055s
2024-10-09 02:20:09.722 62643 INFO tempest.lib.common.rest_client [req-15807d41-28b9-4945-a416-c54ef6185d49 req-15807d41-28b9-4945-a416-c54ef6185d49 ] Request (ImagesTestJSON:test_create_image_from_stopped_server): 200 GET http://10.180.1.21/compute/v2.1/servers/866451cc-96c5-433a-a903-9faa1eed538a 0.051s
2024-10-09 02:20:09.775 62603 INFO tempest.lib.common.rest_client [req-1e28bfb8-97a9-4104-a24f-103ed6f32eda req-1e28bfb8-97a9-4104-a24f-103ed6f32eda ] Request (ImagesNegativeTestJSON:test_create_image_from_deleted_server): 200 GET http://10.180.1.21/compute/v2.1/servers/ea0b59fe-8dd9-4893-87ff-54706eb64479 0.059s
2024-10-09 02:20:09.786 62683 INFO tempest.lib.common.rest_client [req-701ae3e3-0896-4c92-a035-9ca6fc6d1977 req-701ae3e3-0896-4c92-a035-9ca6fc6d1977 ] Request (ServerExternalEventsTest:test_create_server_external_events): 200 GET http://10.180.1.21/compute/v2.1/servers/ad12e5b0-6854-4281-9155-e1660393829c 0.053s
2024-10-09 02:20:09.835 62672 INFO tempest.lib.common.rest_client [req-fb9d2709-3cc7-4027-aa1b-e05d68dabefd req-fb9d2709-3cc7-4027-aa1b-e05d68dabefd ] Request (ServerRescueTestJSONUnderV235:setUpClass): 200 GET http://10.180.1.21/compute/v2.1/servers/65bb1d14-84b2-4e75-acdc-dc674a035101 0.069s
2024-10-09 02:20:09.841 62685 INFO tempest.lib.common.rest_client [req-4726eba9-4310-4bf7-8ae6-88a903735c99 req-4726eba9-4310-4bf7-8ae6-88a903735c99 ] Request (ListServersNegativeTestJSON:setUpClass): 200 GET http://10.180.1.21/compute/v2.1/servers/608c13da-6625-417d-a7b3-10821ae638d8 0.059s
2024-10-09 02:20:09.974 62649 INFO tempest.lib.common.rest_client [req-7e92deda-0ca3-4e8e-8c00-8940a3f025f4 req-7e92deda-0ca3-4e8e-8c00-8940a3f025f4 ] Request (ServerDiskConfigTestJSON:test_rebuild_server_with_auto_disk_config): 200 GET http://10.180.1.21/compute/v2.1/servers/caca5304-0ad7-427c-812e-de925de63f2c 0.058s
2024-10-09 02:20:09.980 62667 INFO tempest.lib.common.rest_client [req-f9fb3e05-6b4a-4ee0-9e1b-1a79be8990a9 req-f9fb3e05-6b4a-4ee0-9e1b-1a79be8990a9 ] Request (InstanceActionsNegativeTestJSON:setUpClass): 200 GET http://10.180.1.21/compute/v2.1/servers/7251e6e6-4cfe-444d-9dfb-ee0ad3a4c427 0.053s
2024-10-09 02:20:10.022 62655 INFO tempest.lib.common.rest_client [req-65913e41-c13e-4d7c-be83-d6c20242c115 req-65913e41-c13e-4d7c-be83-d6c20242c115 ] Request (ServersTestJSON:test_create_server_with_ipv6_addr_only): 200 GET http://10.180.1.21/compute/v2.1/servers/42ecf594-dff7-4af3-ac56-5bbc45b7a192 0.062s
2024-10-09 02:20:10.057 62627 INFO tempest.lib.common.rest_client [req-8fa34472-2cd3-4106-9313-95c0db101c01 req-8fa34472-2cd3-4106-9313-95c0db101c01 ] Request (ImagesOneServerTestJSON:setUpClass): 200 GET http://10.180.1.21/compute/v2.1/servers/a5c4afc6-38a6-4815-8ec4-cc01c24489bf 0.050s
2024-10-09 02:20:10.100 62659 INFO tempest.lib.common.rest_client [req-c6a93b0e-ac3b-435a-9d4e-8c5bb6cc5ce5 req-c6a93b0e-ac3b-435a-9d4e-8c5bb6cc5ce5 ] Request (MigrationsAdminTest:test_resize_server_revert_deleted_flavor): 200 GET http://10.180.1.21/compute/v2.1/servers/d3224596-4e38-4c9c-abd9-59a34bbf59c7 0.046s
2024-10-09 02:20:10.158 62635 INFO tempest.lib.common.rest_client [req-d5fa5157-303e-4793-bf10-115aa92f05d5 req-d5fa5157-303e-4793-bf10-115aa92f05d5 ] Request (InstanceActionsTestJSON:setUpClass): 200 GET http://10.180.1.21/compute/v2.1/servers/1b459bac-e27d-4af5-bfc2-49898f5ced25 0.048s
2024-10-09 02:20:10.201 62625 INFO tempest.lib.common.rest_client [req-514d689a-41ce-4c20-b432-37649bc5f266 req-514d689a-41ce-4c20-b432-37649bc5f266 ] Request (ServerActionsTestOtherB:setUpClass): 200 GET http://10.180.1.21/compute/v2.1/servers/c348ef22-abb0-48cf-98a6-3a4b217dd186 0.053s
2024-10-09 02:20:10.237 62647 INFO tempest.lib.common.rest_client [req-7d11a43e-4572-46a8-8424-8890c877f0ad req-7d11a43e-4572-46a8-8424-8890c877f0ad ] Request (ListServerFiltersTestJSON:setUpClass): 200 GET http://10.180.1.21/compute/v2.1/servers/3e184125-28af-469b-83cc-4ab8859e0e2f 0.050s
2024-10-09 02:20:10.304 62651 INFO tempest.lib.common.rest_client [req-b38ab161-2f3e-40a4-9848-46a39adf1abe req-b38ab161-2f3e-40a4-9848-46a39adf1abe ] Request (DeleteServersTestJSON:test_delete_server_while_in_shelved_state): 200 GET http://10.180.1.21/compute/v2.1/servers/f8a98710-9d02-4aa3-b6a5-34b7060ad62d 0.070s
2024-10-09 02:20:10.305 62639 INFO tempest.lib.common.rest_client [req-c802a9c5-59e8-4b6d-b259-73c5a5f33c6f req-c802a9c5-59e8-4b6d-b259-73c5a5f33c6f ] Request (ServerPasswordTestJSON:setUpClass): 200 GET http://10.180.1.21/compute/v2.1/servers/8a099f6e-b5e6-4e3f-a8ab-abdae59d73ee 0.071s
2024-10-09 02:20:10.360 62679 INFO tempest.lib.common.rest_client [req-af547e89-ab1c-432d-9812-9f8fc2cdadf8 req-af547e89-ab1c-432d-9812-9f8fc2cdadf8 ] Request (SecurityGroupsTestJSON:test_server_security_groups): 200 GET http://10.180.1.21/compute/v2.1/servers/e73ecefc-fed3-4ccd-88d3-399a4b72bb4b 0.051s
2024-10-09 02:20:10.368 62682 INFO tempest.lib.common.rest_client [req-d83a7b59-52fb-4785-b07c-ccd6d4e25605 req-d83a7b59-52fb-4785-b07c-ccd6d4e25605 ] Request (AttachInterfacesUnderV243Test:test_add_remove_fixed_ip): 200 GET http://10.180.1.21/compute/v2.1/servers/f50ddafe-f5a9-422b-b0f4-46c1b111dfbe 0.091s
2024-10-09 02:20:10.425 62669 INFO tempest.lib.common.rest_client [req-f433b1aa-4dda-4871-a714-b2702ce889fe req-f433b1aa-4dda-4871-a714-b2702ce889fe ] Request (ServerShowV247Test:tearDownClass): 200 GET http://10.180.1.21/compute/v2.1/servers/f0f0eed0-a76a-42bc-9cca-91b93d7ad64c 0.075s
2024-10-09 02:20:10.439 62642 INFO tempest.lib.common.rest_client [req-ad6053d5-b174-4b03-ae11-4a8c75589448 req-ad6053d5-b174-4b03-ae11-4a8c75589448 ] Request (ImagesOneServerNegativeTestJSON:setUpClass): 200 GET http://10.180.1.21/compute/v2.1/servers/92057af7-28a3-4643-9cda-d3d868d0cfc9 0.059s
2024-10-09 02:20:10.476 62645 INFO tempest.lib.common.rest_client [req-b875c196-ec95-44b8-99d7-43f3d4834b5b req-b875c196-ec95-44b8-99d7-43f3d4834b5b ] Request (MultipleCreateTestJSON:test_multiple_create_with_reservation_return): 200 GET http://10.180.1.21/compute/v2.1/servers/749e0976-2e2b-4764-865c-2e630f2edbd1 0.083s
2024-10-09 02:20:10.570 62663 INFO tempest.lib.common.rest_client [req-6842becb-4d88-4ddc-a20a-3ecac575aaec req-6842becb-4d88-4ddc-a20a-3ecac575aaec ] Request (ServersTestFqdnHostnames:test_create_server_with_fqdn_name): 200 GET http://10.180.1.21/compute/v2.1/servers/4c96b9c6-40b9-4dea-8dd3-5e8e6372c261 0.055s
2024-10-09 02:20:10.624 62657 INFO tempest.lib.common.rest_client [req-4c01901b-bff2-402d-9108-806e662bc54d req-4c01901b-bff2-402d-9108-806e662bc54d ] Request (ServersTestManualDisk:setUpClass): 200 GET http://10.180.1.21/compute/v2.1/servers/cc2bce8f-0c0c-4cbc-a31c-c8ec2992a76e 0.059s
2024-10-09 02:20:10.650 62638 INFO tempest.lib.common.rest_client [req-01115960-82b0-4f0f-bb70-dddb70e3b10e req-01115960-82b0-4f0f-bb70-dddb70e3b10e ] Request (VolumesAdminNegativeTest:test_update_attached_volume_with_nonexistent_volume_in_body): 200 GET http://10.180.1.21/compute/v2.1/servers/6e0dd86b-d557-4e7a-8520-9ffbd291128b 0.050s
2024-10-09 02:20:10.687 62631 INFO tempest.lib.common.rest_client [req-2ebe69b6-4810-428a-ad51-21a7aaa0ab51 req-2ebe69b6-4810-428a-ad51-21a7aaa0ab51 ] Request (DeleteServersAdminTestJSON:test_delete_server_while_in_error_state): 200 GET http://10.180.1.21/compute/v2.1/servers/70abd86c-aa63-4ccb-b185-65bf4977dfdf 0.046s
2024-10-09 02:20:10.743 62629 INFO tempest.lib.common.rest_client [req-bba2c0d3-1af4-4719-a62e-53a23cbcb2cf req-bba2c0d3-1af4-4719-a62e-53a23cbcb2cf ] Request (ServersAdminTestJSON:setUpClass): 200 GET http://10.180.1.21/compute/v2.1/servers/f1d33401-35f5-4d79-abb4-26dc6faa784e 0.054s
2024-10-09 02:20:10.775 62643 INFO tempest.lib.common.rest_client [req-ebe6e8b2-0cbe-43a6-867d-7e5a05b247f9 req-ebe6e8b2-0cbe-43a6-867d-7e5a05b247f9 ] Request (ImagesTestJSON:test_create_image_from_stopped_server): 200 GET http://10.180.1.21/compute/v2.1/servers/866451cc-96c5-433a-a903-9faa1eed538a 0.044s
2024-10-09 02:20:10.845 62603 INFO tempest.lib.common.rest_client [req-d14d2b88-6521-42ea-83f9-24745adc272b req-d14d2b88-6521-42ea-83f9-24745adc272b ] Request (ImagesNegativeTestJSON:test_create_image_from_deleted_server): 200 GET http://10.180.1.21/compute/v2.1/servers/ea0b59fe-8dd9-4893-87ff-54706eb64479 0.062s
2024-10-09 02:20:10.855 62683 INFO tempest.lib.common.rest_client [req-7c51b3d3-13ed-40d3-b1c0-33346ce33a1b req-7c51b3d3-13ed-40d3-b1c0-33346ce33a1b ] Request (ServerExternalEventsTest:test_create_server_external_events): 200 GET http://10.180.1.21/compute/v2.1/servers/ad12e5b0-6854-4281-9155-e1660393829c 0.054s
2024-10-09 02:20:10.886 62672 INFO tempest.lib.common.rest_client [req-2703b2ef-010c-4c81-b98a-3a900c6aa543 req-2703b2ef-010c-4c81-b98a-3a900c6aa543 ] Request (ServerRescueTestJSONUnderV235:setUpClass): 200 GET http://10.180.1.21/compute/v2.1/servers/65bb1d14-84b2-4e75-acdc-dc674a035101 0.044s
2024-10-09 02:20:10.896 62685 INFO tempest.lib.common.rest_client [req-d01b08c2-87b5-48d4-b977-3b364e4550e3 req-d01b08c2-87b5-48d4-b977-3b364e4550e3 ] Request (ListServersNegativeTestJSON:setUpClass): 200 GET http://10.180.1.21/compute/v2.1/servers/608c13da-6625-417d-a7b3-10821ae638d8 0.048s
2024-10-09 02:20:11.038 62649 INFO tempest.lib.common.rest_client [req-f4016b25-40d5-4939-80d0-e5e4e3c249ca req-f4016b25-40d5-4939-80d0-e5e4e3c249ca ] Request (ServerDiskConfigTestJSON:test_rebuild_server_with_auto_disk_config): 200 GET http://10.180.1.21/compute/v2.1/servers/caca5304-0ad7-427c-812e-de925de63f2c 0.053s
2024-10-09 02:20:11.045 62667 INFO tempest.lib.common.rest_client [req-60a3b095-78e0-4611-b7b0-d755d626e44c req-60a3b095-78e0-4611-b7b0-d755d626e44c ] Request (InstanceActionsNegativeTestJSON:setUpClass): 200 GET http://10.180.1.21/compute/v2.1/servers/7251e6e6-4cfe-444d-9dfb-ee0ad3a4c427 0.057s
2024-10-09 02:20:11.082 62655 INFO tempest.lib.common.rest_client [req-8ba84c58-4d2c-481b-9d91-496af96cd2ed req-8ba84c58-4d2c-481b-9d91-496af96cd2ed ] Request (ServersTestJSON:test_create_server_with_ipv6_addr_only): 200 GET http://10.180.1.21/compute/v2.1/servers/42ecf594-dff7-4af3-ac56-5bbc45b7a192 0.054s
2024-10-09 02:20:11.105 62627 INFO tempest.lib.common.rest_client [req-59839fcb-4aa3-4f53-83ca-72d30b0f6c64 req-59839fcb-4aa3-4f53-83ca-72d30b0f6c64 ] Request (ImagesOneServerTestJSON:setUpClass): 200 GET http://10.180.1.21/compute/v2.1/servers/a5c4afc6-38a6-4815-8ec4-cc01c24489bf 0.043s
2024-10-09 02:20:11.151 62659 INFO tempest.lib.common.rest_client [req-f3880b66-5fc2-4cf1-ac72-2eb6df9e2909 req-f3880b66-5fc2-4cf1-ac72-2eb6df9e2909 ] Request (MigrationsAdminTest:test_resize_server_revert_deleted_flavor): 200 GET http://10.180.1.21/compute/v2.1/servers/d3224596-4e38-4c9c-abd9-59a34bbf59c7 0.043s
2024-10-09 02:20:11.209 62635 INFO tempest.lib.common.rest_client [req-6e4e9fd7-12c1-4c29-b4d2-10feb128d2a9 req-6e4e9fd7-12c1-4c29-b4d2-10feb128d2a9 ] Request (InstanceActionsTestJSON:setUpClass): 200 GET http://10.180.1.21/compute/v2.1/servers/1b459bac-e27d-4af5-bfc2-49898f5ced25 0.043s
2024-10-09 02:20:11.256 62625 INFO tempest.lib.common.rest_client [req-577f7234-8532-479e-851a-601826103d9e req-577f7234-8532-479e-851a-601826103d9e ] Request (ServerActionsTestOtherB:setUpClass): 200 GET http://10.180.1.21/compute/v2.1/servers/c348ef22-abb0-48cf-98a6-3a4b217dd186 0.046s
2024-10-09 02:20:11.295 62647 INFO tempest.lib.common.rest_client [req-c48b65e8-2dd8-4577-9977-7e2f90e4dd63 req-c48b65e8-2dd8-4577-9977-7e2f90e4dd63 ] Request (ListServerFiltersTestJSON:setUpClass): 200 GET http://10.180.1.21/compute/v2.1/servers/3e184125-28af-469b-83cc-4ab8859e0e2f 0.046s
2024-10-09 02:20:11.368 62651 INFO tempest.lib.common.rest_client [req-ad890853-d25e-4ed3-bba4-1af85d5a26b4 req-ad890853-d25e-4ed3-bba4-1af85d5a26b4 ] Request (DeleteServersTestJSON:test_delete_server_while_in_shelved_state): 200 GET http://10.180.1.21/compute/v2.1/servers/f8a98710-9d02-4aa3-b6a5-34b7060ad62d 0.055s
2024-10-09 02:20:11.370 62639 INFO tempest.lib.common.rest_client [req-655bd20b-2364-4553-b0f3-c433ef7dd82c req-655bd20b-2364-4553-b0f3-c433ef7dd82c ] Request (ServerPasswordTestJSON:setUpClass): 200 GET http://10.180.1.21/compute/v2.1/servers/8a099f6e-b5e6-4e3f-a8ab-abdae59d73ee 0.056s
2024-10-09 02:20:11.425 62679 INFO tempest.lib.common.rest_client [req-fe8c5c2f-adc7-43b4-9f98-da865ca37497 req-fe8c5c2f-adc7-43b4-9f98-da865ca37497 ] Request (SecurityGroupsTestJSON:test_server_security_groups): 200 GET http://10.180.1.21/compute/v2.1/servers/e73ecefc-fed3-4ccd-88d3-399a4b72bb4b 0.057s
2024-10-09 02:20:11.430 62682 INFO tempest.lib.common.rest_client [req-6eb8efa2-41f9-4850-aae7-61b85e8b03b5 req-6eb8efa2-41f9-4850-aae7-61b85e8b03b5 ] Request (AttachInterfacesUnderV243Test:test_add_remove_fixed_ip): 200 GET http://10.180.1.21/compute/v2.1/servers/f50ddafe-f5a9-422b-b0f4-46c1b111dfbe 0.055s
2024-10-09 02:20:11.495 62669 INFO tempest.lib.common.rest_client [req-4d9b53a1-089e-44aa-95b6-3091bd0c12b8 req-4d9b53a1-089e-44aa-95b6-3091bd0c12b8 ] Request (ServerShowV247Test:tearDownClass): 200 GET http://10.180.1.21/compute/v2.1/servers/f0f0eed0-a76a-42bc-9cca-91b93d7ad64c 0.060s
2024-10-09 02:20:11.499 62642 INFO tempest.lib.common.rest_client [req-e5f108f8-e64f-4704-8c7d-2a6f03f4ab7c req-e5f108f8-e64f-4704-8c7d-2a6f03f4ab7c ] Request (ImagesOneServerNegativeTestJSON:setUpClass): 200 GET http://10.180.1.21/compute/v2.1/servers/92057af7-28a3-4643-9cda-d3d868d0cfc9 0.053s
2024-10-09 02:20:11.535 62645 INFO tempest.lib.common.rest_client [req-cbf0926e-6407-451d-b081-37a3d6294b20 req-cbf0926e-6407-451d-b081-37a3d6294b20 ] Request (MultipleCreateTestJSON:test_multiple_create_with_reservation_return): 200 GET http://10.180.1.21/compute/v2.1/servers/749e0976-2e2b-4764-865c-2e630f2edbd1 0.052s
2024-10-09 02:20:11.625 62663 INFO tempest.lib.common.rest_client [req-d26ec13b-a602-4cdf-afd6-3c3efb864c08 req-d26ec13b-a602-4cdf-afd6-3c3efb864c08 ] Request (ServersTestFqdnHostnames:test_create_server_with_fqdn_name): 200 GET http://10.180.1.21/compute/v2.1/servers/4c96b9c6-40b9-4dea-8dd3-5e8e6372c261 0.047s
2024-10-09 02:20:11.677 62657 INFO tempest.lib.common.rest_client [req-6afb2142-fa14-47d2-99ed-86e26e686541 req-6afb2142-fa14-47d2-99ed-86e26e686541 ] Request (ServersTestManualDisk:setUpClass): 200 GET http://10.180.1.21/compute/v2.1/servers/cc2bce8f-0c0c-4cbc-a31c-c8ec2992a76e 0.046s
2024-10-09 02:20:11.704 62638 INFO tempest.lib.common.rest_client [req-9973bdbc-bab1-485d-bcfb-229aa4a48e6b req-9973bdbc-bab1-485d-bcfb-229aa4a48e6b ] Request (VolumesAdminNegativeTest:test_update_attached_volume_with_nonexistent_volume_in_body): 200 GET http://10.180.1.21/compute/v2.1/servers/6e0dd86b-d557-4e7a-8520-9ffbd291128b 0.047s
2024-10-09 02:20:11.738 62631 INFO tempest.lib.common.rest_client [req-b4e474fa-7e2d-4f0d-bd03-4fec4859ecc3 req-b4e474fa-7e2d-4f0d-bd03-4fec4859ecc3 ] Request (DeleteServersAdminTestJSON:test_delete_server_while_in_error_state): 200 GET http://10.180.1.21/compute/v2.1/servers/70abd86c-aa63-4ccb-b185-65bf4977dfdf 0.044s
2024-10-09 02:20:11.804 62629 INFO tempest.lib.common.rest_client [req-de3a4b32-3164-40e0-bd05-e57653f43b7c req-de3a4b32-3164-40e0-bd05-e57653f43b7c ] Request (ServersAdminTestJSON:setUpClass): 200 GET http://10.180.1.21/compute/v2.1/servers/f1d33401-35f5-4d79-abb4-26dc6faa784e 0.054s
2024-10-09 02:20:11.831 62643 INFO tempest.lib.common.rest_client [req-d59611ab-c19a-486b-9390-1c7e92c65b67 req-d59611ab-c19a-486b-9390-1c7e92c65b67 ] Request (ImagesTestJSON:test_create_image_from_stopped_server): 200 GET http://10.180.1.21/compute/v2.1/servers/866451cc-96c5-433a-a903-9faa1eed538a 0.049s
2024-10-09 02:20:12.048 62683 INFO tempest.lib.common.rest_client [req-bdf70b3a-e098-4724-83c0-afe8ead06318 req-bdf70b3a-e098-4724-83c0-afe8ead06318 ] Request (ServerExternalEventsTest:test_create_server_external_events): 200 GET http://10.180.1.21/compute/v2.1/servers/ad12e5b0-6854-4281-9155-e1660393829c 0.186s
2024-10-09 02:20:12.049 62603 INFO tempest.lib.common.rest_client [req-8c2f92b1-370e-43a1-935f-17c381183768 req-8c2f92b1-370e-43a1-935f-17c381183768 ] Request (ImagesNegativeTestJSON:test_create_image_from_deleted_server): 200 GET http://10.180.1.21/compute/v2.1/servers/ea0b59fe-8dd9-4893-87ff-54706eb64479 0.197s
2024-10-09 02:20:12.093 62672 INFO tempest.lib.common.rest_client [req-afc9d735-24f5-4b9d-b772-e4d5e9f1f071 req-afc9d735-24f5-4b9d-b772-e4d5e9f1f071 ] Request (ServerRescueTestJSONUnderV235:setUpClass): 200 GET http://10.180.1.21/compute/v2.1/servers/65bb1d14-84b2-4e75-acdc-dc674a035101 0.200s
2024-10-09 02:20:12.144 62649 INFO tempest.lib.common.rest_client [req-04b58ac9-693c-453d-8e98-234303b8efbb req-04b58ac9-693c-453d-8e98-234303b8efbb ] Request (ServerDiskConfigTestJSON:test_rebuild_server_with_auto_disk_config): 200 GET http://10.180.1.21/compute/v2.1/servers/caca5304-0ad7-427c-812e-de925de63f2c 0.099s
2024-10-09 02:20:12.198 62667 INFO tempest.lib.common.rest_client [req-0f8e5d9e-53a5-4c36-a766-29231539cee3 req-0f8e5d9e-53a5-4c36-a766-29231539cee3 ] Request (InstanceActionsNegativeTestJSON:setUpClass): 200 GET http://10.180.1.21/compute/v2.1/servers/7251e6e6-4cfe-444d-9dfb-ee0ad3a4c427 0.146s
2024-10-09 02:20:12.249 62655 INFO tempest.lib.common.rest_client [req-0998b85b-f6e3-4ddf-9e8b-283cd9651f61 req-0998b85b-f6e3-4ddf-9e8b-283cd9651f61 ] Request (ServersTestJSON:test_create_server_with_ipv6_addr_only): 200 GET http://10.180.1.21/compute/v2.1/servers/42ecf594-dff7-4af3-ac56-5bbc45b7a192 0.161s
2024-10-09 02:20:12.310 62627 INFO tempest.lib.common.rest_client [req-4e353049-7c4d-4869-97fc-87f5bce8be9c req-4e353049-7c4d-4869-97fc-87f5bce8be9c ] Request (ImagesOneServerTestJSON:setUpClass): 200 GET http://10.180.1.21/compute/v2.1/servers/a5c4afc6-38a6-4815-8ec4-cc01c24489bf 0.198s
2024-10-09 02:20:12.363 62659 INFO tempest.lib.common.rest_client [req-ac86f53d-9399-4572-8227-de3811075f27 req-ac86f53d-9399-4572-8227-de3811075f27 ] Request (MigrationsAdminTest:test_resize_server_revert_deleted_flavor): 200 GET http://10.180.1.21/compute/v2.1/servers/d3224596-4e38-4c9c-abd9-59a34bbf59c7 0.205s
2024-10-09 02:20:12.393 62685 INFO tempest.lib.common.rest_client [req-3d4b2fcf-aa01-42c5-8242-503891e952dd req-3d4b2fcf-aa01-42c5-8242-503891e952dd ] Request (ListServersNegativeTestJSON:setUpClass): 200 GET http://10.180.1.21/compute/v2.1/servers/608c13da-6625-417d-a7b3-10821ae638d8 0.490s
2024-10-09 02:20:12.399 62685 INFO tempest.common.waiters [-] State transition "BUILD/None" ==> "BUILD/networking" after 98 second wait
2024-10-09 02:20:12.412 62635 INFO tempest.lib.common.rest_client [req-2dc940a4-a540-422a-95a6-8ff63bac4270 req-2dc940a4-a540-422a-95a6-8ff63bac4270 ] Request (InstanceActionsTestJSON:setUpClass): 200 GET http://10.180.1.21/compute/v2.1/servers/1b459bac-e27d-4af5-bfc2-49898f5ced25 0.197s
2024-10-09 02:20:12.469 62647 INFO tempest.lib.common.rest_client [req-baf3a218-7840-4e21-8527-cb60f752e408 req-baf3a218-7840-4e21-8527-cb60f752e408 ] Request (ListServerFiltersTestJSON:setUpClass): 200 GET http://10.180.1.21/compute/v2.1/servers/3e184125-28af-469b-83cc-4ab8859e0e2f 0.167s
2024-10-09 02:20:12.473 62625 INFO tempest.lib.common.rest_client [req-2acc544b-157f-4314-a58b-386917180367 req-2acc544b-157f-4314-a58b-386917180367 ] Request (ServerActionsTestOtherB:setUpClass): 200 GET http://10.180.1.21/compute/v2.1/servers/c348ef22-abb0-48cf-98a6-3a4b217dd186 0.210s
2024-10-09 02:20:12.519 62651 INFO tempest.lib.common.rest_client [req-9ed9e80f-54d8-48cc-bbaf-8248c8fcdfa3 req-9ed9e80f-54d8-48cc-bbaf-8248c8fcdfa3 ] Request (DeleteServersTestJSON:test_delete_server_while_in_shelved_state): 200 GET http://10.180.1.21/compute/v2.1/servers/f8a98710-9d02-4aa3-b6a5-34b7060ad62d 0.144s
2024-10-09 02:20:12.530 62639 INFO tempest.lib.common.rest_client [req-3a9064a3-494c-4ea7-9a05-19c8f6bff8c2 req-3a9064a3-494c-4ea7-9a05-19c8f6bff8c2 ] Request (ServerPasswordTestJSON:setUpClass): 200 GET http://10.180.1.21/compute/v2.1/servers/8a099f6e-b5e6-4e3f-a8ab-abdae59d73ee 0.153s
2024-10-09 02:20:12.566 62679 INFO tempest.lib.common.rest_client [req-68dac362-23bd-4312-a746-14ffd269aed1 req-68dac362-23bd-4312-a746-14ffd269aed1 ] Request (SecurityGroupsTestJSON:test_server_security_groups): 200 GET http://10.180.1.21/compute/v2.1/servers/e73ecefc-fed3-4ccd-88d3-399a4b72bb4b 0.134s
2024-10-09 02:20:12.580 62682 INFO tempest.lib.common.rest_client [req-5626a5f5-418f-4f4c-9265-2565e0f7445c req-5626a5f5-418f-4f4c-9265-2565e0f7445c ] Request (AttachInterfacesUnderV243Test:test_add_remove_fixed_ip): 200 GET http://10.180.1.21/compute/v2.1/servers/f50ddafe-f5a9-422b-b0f4-46c1b111dfbe 0.143s
2024-10-09 02:20:12.631 62642 INFO tempest.lib.common.rest_client [req-157a3a84-70e9-4896-9a2e-a6f74cd6d221 req-157a3a84-70e9-4896-9a2e-a6f74cd6d221 ] Request (ImagesOneServerNegativeTestJSON:setUpClass): 200 GET http://10.180.1.21/compute/v2.1/servers/92057af7-28a3-4643-9cda-d3d868d0cfc9 0.125s
2024-10-09 02:20:12.634 62669 INFO tempest.lib.common.rest_client [req-140abd97-bad9-4081-a7b9-c57e2d10a809 req-140abd97-bad9-4081-a7b9-c57e2d10a809 ] Request (ServerShowV247Test:tearDownClass): 200 GET http://10.180.1.21/compute/v2.1/servers/f0f0eed0-a76a-42bc-9cca-91b93d7ad64c 0.131s
