2024-10-09 02:19:11.929 62603 INFO tempest.lib.common.rest_client [req-76dc434c-bc88-48d9-85a6-898906c20668 req-76dc434c-bc88-48d9-85a6-898906c20668 ] Request (ImagesNegativeTestJSON:test_create_image_from_deleted_server): 200 GET http://10.180.1.21/compute/v2.1/servers/ea0b59fe-8dd9-4893-87ff-54706eb64479 0.072s
2024-10-09 02:19:11.941 62669 INFO tempest.lib.common.rest_client [req-ef581bee-213a-42bd-81ec-e523cdbe9d1e req-ef581bee-213a-42bd-81ec-e523cdbe9d1e ] Request (ServerShowV247Test:test_update_rebuild_list_server): 200 GET http://10.180.1.21/compute/v2.1/servers/f0f0eed0-a76a-42bc-9cca-91b93d7ad64c 0.078s
2024-10-09 02:19:11.949 62673 INFO tempest.lib.common.rest_client [req-96b41513-7b69-4aa0-9020-0ccf2aa046ac req-96b41513-7b69-4aa0-9020-0ccf2aa046ac ] Request (ExtensionsTest:tearDownClass): 204 DELETE http://10.180.1.21/identity/v3/users/8cde286439f6447b9f053af64df42456 0.101s
2024-10-09 02:19:11.949 62673 INFO tempest.lib.common.dynamic_creds [-] Deleting project and security group for project: 89b1aebae3bf417aa8d38bcc5c97b49e
2024-10-09 02:19:12.009 62673 INFO tempest.lib.common.rest_client [req-2b198853-ffe5-4018-93fc-8e8247c9fa4a req-2b198853-ffe5-4018-93fc-8e8247c9fa4a ] Request (ExtensionsTest:tearDownClass): 201 POST http://10.180.1.21/identity/v3/auth/tokens 0.060s
2024-10-09 02:19:12.016 62643 INFO tempest.lib.common.rest_client [req-6aafcfb2-89a0-4934-84fc-be190b9c7b93 req-6aafcfb2-89a0-4934-84fc-be190b9c7b93 ] Request (ImagesTestJSON:test_create_image_from_stopped_server): 200 GET http://10.180.1.21/compute/v2.1/servers/866451cc-96c5-433a-a903-9faa1eed538a 0.089s
2024-10-09 02:19:12.026 62633 INFO tempest.lib.common.rest_client [req-401e10c5-7158-4d85-8d26-f6412b0c9d40 req-401e10c5-7158-4d85-8d26-f6412b0c9d40 ] Request (ServersWithSpecificFlavorTestJSON:test_verify_created_server_ephemeral_disk): 200 GET http://10.180.1.21/compute/v2.1/servers/be595c9e-703e-4246-ae1c-2c77b240cb19 0.094s
2024-10-09 02:19:12.196 62673 INFO tempest.lib.common.rest_client [req-4bd4018f-81b6-4623-9210-73352f5a76c1 req-4bd4018f-81b6-4623-9210-73352f5a76c1 ] Request (ExtensionsTest:tearDownClass): 200 GET http://10.180.1.21:9696/networking/v2.0/security-groups?tenant_id=89b1aebae3bf417aa8d38bcc5c97b49e&name=default 0.187s
2024-10-09 02:19:12.253 62667 INFO tempest.lib.common.rest_client [req-efb82bbb-f781-4881-a807-12edef12a2e6 req-efb82bbb-f781-4881-a807-12edef12a2e6 ] Request (InstanceActionsNegativeTestJSON:setUpClass): 200 GET http://10.180.1.21/compute/v2.1/servers/7251e6e6-4cfe-444d-9dfb-ee0ad3a4c427 0.263s
2024-10-09 02:19:12.255 62672 INFO tempest.lib.common.rest_client [req-3bb3f74c-28ce-4141-abc6-6e722df66d35 req-3bb3f74c-28ce-4141-abc6-6e722df66d35 ] Request (ServersTestBootFromVolume:setUpClass): 200 GET http://10.180.1.21/compute/v2.1/servers/317e7e7c-7c6f-4855-a433-e55ea5571b92 0.258s
2024-10-09 02:19:12.310 62673 INFO tempest.lib.common.rest_client [req-4186527b-4f97-4796-b3f4-4f88def3349d req-4186527b-4f97-4796-b3f4-4f88def3349d ] Request (ExtensionsTest:tearDownClass): 204 DELETE http://10.180.1.21:9696/networking/v2.0/security-groups/0df3b83f-2460-49a3-82b3-f40714225b54 0.114s
2024-10-09 02:19:12.312 62685 INFO tempest.lib.common.rest_client [req-01ae4818-1496-40f3-9c54-468b1ababa92 req-01ae4818-1496-40f3-9c54-468b1ababa92 ] Request (ListServersNegativeTestJSON:setUpClass): 200 GET http://10.180.1.21/compute/v2.1/servers/608c13da-6625-417d-a7b3-10821ae638d8 0.254s
2024-10-09 02:19:12.369 62649 INFO tempest.lib.common.rest_client [req-7db0d965-a919-4957-8e7b-b81c21a21962 req-7db0d965-a919-4957-8e7b-b81c21a21962 ] Request (ServerDiskConfigTestJSON:test_rebuild_server_with_auto_disk_config): 200 GET http://10.180.1.21/compute/v2.1/servers/caca5304-0ad7-427c-812e-de925de63f2c 0.308s
2024-10-09 02:19:12.374 62673 INFO tempest.lib.common.rest_client [req-1da870c0-39b7-46ca-952f-e18717af49c3 req-1da870c0-39b7-46ca-952f-e18717af49c3 ] Request (ExtensionsTest:tearDownClass): 204 DELETE http://10.180.1.21/identity/v3/projects/89b1aebae3bf417aa8d38bcc5c97b49e 0.063s
2024-10-09 02:19:12.557 62651 INFO tempest.lib.common.rest_client [req-f78ff803-95b4-4956-ade2-7033c04567c1 req-f78ff803-95b4-4956-ade2-7033c04567c1 ] Request (DeleteServersTestJSON:test_delete_server_while_in_attached_volume): 200 GET http://10.180.1.21/compute/v2.1/servers/01d010dc-6b5b-470b-a387-f95a17600e19 0.438s
2024-10-09 02:19:12.608 62679 INFO tempest.lib.common.rest_client [req-99bc215f-8aea-4e0e-9b2e-ca17bba6a3b2 req-99bc215f-8aea-4e0e-9b2e-ca17bba6a3b2 ] Request (SecurityGroupsTestJSON:test_list_security_groups_by_server): 200 GET http://10.180.1.21/compute/v2.1/servers/4a99d2e8-7795-4016-ad6e-39a816c7fae1 0.487s
2024-10-09 02:19:12.660 62635 INFO tempest.lib.common.rest_client [req-79166cd3-843c-4a21-986a-dfb49c310f54 req-79166cd3-843c-4a21-986a-dfb49c310f54 ] Request (InstanceActionsTestJSON:setUpClass): 200 GET http://10.180.1.21/compute/v2.1/servers/1b459bac-e27d-4af5-bfc2-49898f5ced25 0.482s
2024-10-09 02:19:12.711 62639 INFO tempest.lib.common.rest_client [req-029cfb6f-e7ac-4715-a341-82ca2baa6bdd req-029cfb6f-e7ac-4715-a341-82ca2baa6bdd ] Request (ServerPasswordTestJSON:setUpClass): 200 GET http://10.180.1.21/compute/v2.1/servers/8a099f6e-b5e6-4e3f-a8ab-abdae59d73ee 0.531s
2024-10-09 02:19:12.755 62659 INFO tempest.lib.common.rest_client [req-105c388e-f748-449e-8762-570d745f1d72 req-105c388e-f748-449e-8762-570d745f1d72 ] Request (MigrationsAdminTest:test_resize_server_revert_deleted_flavor): 200 GET http://10.180.1.21/compute/v2.1/servers/d3224596-4e38-4c9c-abd9-59a34bbf59c7 0.527s
2024-10-09 02:19:12.783 62627 INFO tempest.lib.common.rest_client [req-8ac56b00-37fa-46c8-9d21-d6e52a23ef2b req-8ac56b00-37fa-46c8-9d21-d6e52a23ef2b ] Request (ServerDiagnosticsV248Test:test_get_server_diagnostics): 200 GET http://10.180.1.21/compute/v2.1/servers/e514a72d-6b4d-46f9-935b-3535bed4afc2/diagnostics 0.767s
2024-10-09 02:19:12.806 62647 INFO tempest.lib.common.rest_client [req-45403943-a0af-4304-b1b4-d266d654a697 req-45403943-a0af-4304-b1b4-d266d654a697 ] Request (ListServerFiltersTestJSON:setUpClass): 200 GET http://10.180.1.21/compute/v2.1/servers/3e184125-28af-469b-83cc-4ab8859e0e2f 0.570s
2024-10-09 02:19:12.863 62677 INFO tempest.lib.common.rest_client [req-332d9bb3-f763-44cd-bcf0-b252eb7f5720 req-332d9bb3-f763-44cd-bcf0-b252eb7f5720 ] Request (ServersTestJSON:setUpClass): 200 GET http://10.180.1.21/compute/v2.1/servers/759d9575-84bf-4dec-846a-e63126dae49c 0.582s
2024-10-09 02:19:12.865 62657 INFO tempest.lib.common.rest_client [req-a900aeac-aafb-4a73-99a4-cb2a8a6b2258 req-a900aeac-aafb-4a73-99a4-cb2a8a6b2258 ] Request (ServersTestManualDisk:setUpClass): 200 GET http://10.180.1.21/compute/v2.1/servers/cc2bce8f-0c0c-4cbc-a31c-c8ec2992a76e 0.578s
2024-10-09 02:19:12.868 62677 INFO tempest.common.waiters [-] State transition "BUILD/spawning" ==> "ERROR/None" after 65 second wait
2024-10-09 02:19:12.923 62682 INFO tempest.lib.common.rest_client [req-8384b709-fc6d-43da-91ba-2f9feac1de98 req-8384b709-fc6d-43da-91ba-2f9feac1de98 ] Request (AttachInterfacesUnderV243Test:test_add_remove_fixed_ip): 200 GET http://10.180.1.21/compute/v2.1/servers/f50ddafe-f5a9-422b-b0f4-46c1b111dfbe 0.587s
2024-10-09 02:19:12.929 62631 INFO tempest.lib.common.rest_client [req-93d2b44b-bace-451f-9c21-aa4420422b40 req-93d2b44b-bace-451f-9c21-aa4420422b40 ] Request (DeleteServersAdminTestJSON:test_delete_server_while_in_error_state): 200 GET http://10.180.1.21/compute/v2.1/servers/70abd86c-aa63-4ccb-b185-65bf4977dfdf 0.577s
2024-10-09 02:19:12.972 62663 INFO tempest.lib.common.rest_client [req-86e9888a-866c-4931-bedd-81fa7bf8e226 req-86e9888a-866c-4931-bedd-81fa7bf8e226 ] Request (ServersTestFqdnHostnames:test_create_server_with_fqdn_name): 200 GET http://10.180.1.21/compute/v2.1/servers/4c96b9c6-40b9-4dea-8dd3-5e8e6372c261 0.458s
2024-10-09 02:19:12.994 62645 INFO tempest.lib.common.rest_client [req-2a97e6de-108a-4718-bb81-a3a8206ae7f6 req-2a97e6de-108a-4718-bb81-a3a8206ae7f6 ] Request (MultipleCreateTestJSON:test_multiple_create_with_reservation_return): 200 GET http://10.180.1.21/compute/v2.1/servers/749e0976-2e2b-4764-865c-2e630f2edbd1 0.477s
2024-10-09 02:19:13.050 62629 INFO tempest.lib.common.rest_client [req-78522b77-e77d-4a1e-b762-0c0e796a0bf2 req-78522b77-e77d-4a1e-b762-0c0e796a0bf2 ] Request (ServersAdminTestJSON:setUpClass): 200 GET http://10.180.1.21/compute/v2.1/servers/f1d33401-35f5-4d79-abb4-26dc6faa784e 0.468s
2024-10-09 02:19:13.050 62661 INFO tempest.lib.common.rest_client [req-7f3f8bdd-78fd-4c2e-b0d3-2cde9be5f66e req-7f3f8bdd-78fd-4c2e-b0d3-2cde9be5f66e ] Request (FloatingIPsAssociationTestJSON:setUpClass): 200 GET http://10.180.1.21/compute/v2.1/servers/0a21307b-74e7-4c5d-95a3-0800915c51ff 0.512s
2024-10-09 02:19:13.108 62683 INFO tempest.lib.common.rest_client [req-4021ab05-75e1-4704-b08b-65161c5478d3 req-4021ab05-75e1-4704-b08b-65161c5478d3 ] Request (ServerExternalEventsTest:test_create_server_external_events): 200 GET http://10.180.1.21/compute/v2.1/servers/ad12e5b0-6854-4281-9155-e1660393829c 0.476s
2024-10-09 02:19:13.118 62675 INFO tempest.lib.common.rest_client [req-2d592380-d2e5-4269-9f87-13677feea8f1 req-2d592380-d2e5-4269-9f87-13677feea8f1 ] Request (ServerAddressesNegativeTestJSON:setUpClass): 200 GET http://10.180.1.21/compute/v2.1/servers/0f1d83e7-bb40-4344-a344-2fc98efe8528 0.509s
2024-10-09 02:19:13.158 62625 INFO tempest.lib.common.rest_client [req-88045522-c2c8-4c27-957e-f67152103e20 req-88045522-c2c8-4c27-957e-f67152103e20 ] Request (ServerActionsTestOtherB:setUpClass): 200 GET http://10.180.1.21/compute/v2.1/servers/c348ef22-abb0-48cf-98a6-3a4b217dd186 0.495s
2024-10-09 02:19:13.207 62627 INFO tempest.lib.common.rest_client [req-3d83202f-9f92-4596-a521-3507c75c3596 req-3d83202f-9f92-4596-a521-3507c75c3596 ] Request (ServerDiagnosticsV248Test:tearDownClass): 204 DELETE http://10.180.1.21/compute/v2.1/servers/e514a72d-6b4d-46f9-935b-3535bed4afc2 0.418s
2024-10-09 02:19:13.215 62638 INFO tempest.lib.common.rest_client [req-42b77a35-541a-43f4-91b5-03c60965f296 req-42b77a35-541a-43f4-91b5-03c60965f296 ] Request (VolumesAdminNegativeTest:test_update_attached_volume_with_nonexistent_volume_in_body): 200 GET http://10.180.1.21/compute/v2.1/servers/6e0dd86b-d557-4e7a-8520-9ffbd291128b 0.379s
2024-10-09 02:19:13.225 62642 INFO tempest.lib.common.rest_client [req-ea9b1755-40c4-4141-bb8f-147c73a6ebfd req-ea9b1755-40c4-4141-bb8f-147c73a6ebfd ] Request (ImagesOneServerNegativeTestJSON:setUpClass): 200 PUT http://10.180.1.21:9696/networking/v2.0/routers/00cc10d4-5279-408e-b350-c6a5d6a0d520/add_router_interface 1.464s
2024-10-09 02:19:13.226 62642 INFO tempest.lib.common.dynamic_creds [-] Created isolated network resources for: credentials: Credentials: {'domain_id': 'default', 'domain_name': 'Default', 'username': 'tempest-ImagesOneServerNegativeTestJSON-1833813522-project-member', 'project_domain_id': 'default', 'project_domain_name': 'Default', 'project_id': '212a132650584a4d866dc95004faa391', 'project_name': 'tempest-ImagesOneServerNegativeTestJSON-1833813522', 'tenant_id': '212a132650584a4d866dc95004faa391', 'tenant_name': 'tempest-ImagesOneServerNegativeTestJSON-1833813522', 'user_domain_id': 'default', 'user_domain_name': 'Default', 'user_id': 'ed4236fea9984babaf0b48de23a3570d', 'system': None}, Network: {'id': '3325f6ee-8d27-49f8-8959-af54a4bb2230', 'name': 'tempest-ImagesOneServerNegativeTestJSON-1230956501-network', 'tenant_id': '212a132650584a4d866dc95004faa391', 'admin_state_up': True, 'mtu': 8950, 'status': 'ACTIVE', 'subnets': [], 'shared': False, 'project_id': '212a132650584a4d866dc95004faa391', 'port_security_enabled': True, 'router:external': False, 'provider:network_type': 'vlan', 'provider:physical_network': 'default', 'provider:segmentation_id': 590, 'is_default': False, 'availability_zone_hints': [], 'availability_zones': [], 'ipv4_address_scope': None, 'ipv6_address_scope': None, 'description': '', 'tags': [], 'created_at': '2024-10-09T02:19:10Z', 'updated_at': '2024-10-09T02:19:10Z', 'revision_number': 1}, Subnet: {'id': '31cea8d4-e375-4a17-bd28-94d30990b293', 'name': 'tempest-ImagesOneServerNegativeTestJSON-1230956501-subnet', 'tenant_id': '212a132650584a4d866dc95004faa391', 'network_id': '3325f6ee-8d27-49f8-8959-af54a4bb2230', 'ip_version': 4, 'subnetpool_id': None, 'enable_dhcp': True, 'ipv6_ra_mode': None, 'ipv6_address_mode': None, 'gateway_ip': '192.168.128.1', 'cidr': '192.168.128.0/28', 'allocation_pools': [{'start': '192.168.128.2', 'end': '192.168.128.14'}], 'host_routes': [], 'dns_nameservers': [], 'description': '', 'router:external': False, 'service_types': [], 'tags': [], 'created_at': '2024-10-09T02:19:10Z', 'updated_at': '2024-10-09T02:19:10Z', 'revision_number': 0, 'project_id': '212a132650584a4d866dc95004faa391'}, Router: {'id': '00cc10d4-5279-408e-b350-c6a5d6a0d520', 'name': 'tempest-ImagesOneServerNegativeTestJSON-1230956501-router', 'tenant_id': '212a132650584a4d866dc95004faa391', 'admin_state_up': True, 'status': 'ACTIVE', 'external_gateway_info': {'network_id': '02d218e0-d072-4c8e-a031-ecf371e81983', 'external_fixed_ips': [{'subnet_id': '06b7ffd8-4f93-4913-8bcb-a0b3b0df9bee', 'ip_address': '10.180.180.242'}], 'enable_snat': True}, 'description': '', 'availability_zones': [], 'distributed': False, 'ha': False, 'availability_zone_hints': [], 'routes': [], 'flavor_id': None, 'tags': [], 'created_at': '2024-10-09T02:19:10Z', 'updated_at': '2024-10-09T02:19:11Z', 'revision_number': 2, 'project_id': '212a132650584a4d866dc95004faa391'}
2024-10-09 02:19:13.264 62655 INFO tempest.lib.common.rest_client [req-0f932280-6abe-44de-a62b-b74ed3d52931 req-0f932280-6abe-44de-a62b-b74ed3d52931 ] Request (ServersTestJSON:test_create_server_specify_multibyte_character_name): 200 GET http://10.180.1.21/compute/v2.1/servers/ce6b8f31-afee-4062-b860-d054c4d37be0 0.374s
2024-10-09 02:19:13.309 62642 INFO tempest.lib.common.rest_client [req-422dbc24-f5a9-47c2-841e-d98019b7ff53 req-422dbc24-f5a9-47c2-841e-d98019b7ff53 ] Request (ImagesOneServerNegativeTestJSON:setUpClass): 201 POST http://10.180.1.21/identity/v3/auth/tokens 0.080s
2024-10-09 02:19:13.315 62603 INFO tempest.lib.common.rest_client [req-0fa4b1c4-fe82-4641-977b-ef9372646048 req-0fa4b1c4-fe82-4641-977b-ef9372646048 ] Request (ImagesNegativeTestJSON:test_create_image_from_deleted_server): 200 GET http://10.180.1.21/compute/v2.1/servers/ea0b59fe-8dd9-4893-87ff-54706eb64479 0.379s
2024-10-09 02:19:13.349 62642 INFO tempest.lib.common.rest_client [req-6ac71423-738c-4390-a3cd-da045dac6d01 req-6ac71423-738c-4390-a3cd-da045dac6d01 ] Request (ImagesOneServerNegativeTestJSON:setUpClass): 201 POST http://10.180.1.21/identity/v3/auth/tokens 0.034s
2024-10-09 02:19:13.350 62642 INFO tempest.lib.common.fixed_network [-] (ImagesOneServerNegativeTestJSON:setUpClass) Found network {'id': '3325f6ee-8d27-49f8-8959-af54a4bb2230', 'name': 'tempest-ImagesOneServerNegativeTestJSON-1230956501-network', 'tenant_id': '212a132650584a4d866dc95004faa391', 'admin_state_up': True, 'mtu': 8950, 'status': 'ACTIVE', 'subnets': [], 'shared': False, 'project_id': '212a132650584a4d866dc95004faa391', 'port_security_enabled': True, 'router:external': False, 'provider:network_type': 'vlan', 'provider:physical_network': 'default', 'provider:segmentation_id': 590, 'is_default': False, 'availability_zone_hints': [], 'availability_zones': [], 'ipv4_address_scope': None, 'ipv6_address_scope': None, 'description': '', 'tags': [], 'created_at': '2024-10-09T02:19:10Z', 'updated_at': '2024-10-09T02:19:10Z', 'revision_number': 1} available for tenant
2024-10-09 02:19:13.370 62669 INFO tempest.lib.common.rest_client [req-6567aceb-d227-40af-a312-0dd8464c5628 req-6567aceb-d227-40af-a312-0dd8464c5628 ] Request (ServerShowV247Test:test_update_rebuild_list_server): 200 GET http://10.180.1.21/compute/v2.1/servers/f0f0eed0-a76a-42bc-9cca-91b93d7ad64c 0.414s
2024-10-09 02:19:13.411 62677 INFO tempest.lib.common.rest_client [req-1d918459-de33-4eaa-bf34-75e0facc8e09 req-1d918459-de33-4eaa-bf34-75e0facc8e09 ] Request (ServersTestJSON:setUpClass): 204 DELETE http://10.180.1.21/compute/v2.1/servers/759d9575-84bf-4dec-846a-e63126dae49c 0.542s
2024-10-09 02:19:13.421 62643 INFO tempest.lib.common.rest_client [req-c49cef5b-39e7-4e24-acfc-0b1b3d99d852 req-c49cef5b-39e7-4e24-acfc-0b1b3d99d852 ] Request (ImagesTestJSON:test_create_image_from_stopped_server): 200 GET http://10.180.1.21/compute/v2.1/servers/866451cc-96c5-433a-a903-9faa1eed538a 0.394s
2024-10-09 02:19:13.461 62633 INFO tempest.lib.common.rest_client [req-beb7cfba-ef33-462e-9df4-0ea79685fbb6 req-beb7cfba-ef33-462e-9df4-0ea79685fbb6 ] Request (ServersWithSpecificFlavorTestJSON:test_verify_created_server_ephemeral_disk): 200 GET http://10.180.1.21/compute/v2.1/servers/be595c9e-703e-4246-ae1c-2c77b240cb19 0.422s
2024-10-09 02:19:13.468 62627 INFO tempest.lib.common.rest_client [req-9e6b3700-2ecc-4099-b5dc-8816f904fc82 req-9e6b3700-2ecc-4099-b5dc-8816f904fc82 ] Request (ServerDiagnosticsV248Test:tearDownClass): 200 GET http://10.180.1.21/compute/v2.1/servers/e514a72d-6b4d-46f9-935b-3535bed4afc2 0.260s
2024-10-09 02:19:13.516 62667 INFO tempest.lib.common.rest_client [req-4bde3619-0f02-411f-9411-11c4d040f364 req-4bde3619-0f02-411f-9411-11c4d040f364 ] Request (InstanceActionsNegativeTestJSON:setUpClass): 200 GET http://10.180.1.21/compute/v2.1/servers/7251e6e6-4cfe-444d-9dfb-ee0ad3a4c427 0.255s
2024-10-09 02:19:13.517 62672 INFO tempest.lib.common.rest_client [req-1598a8ee-58f6-454e-b61a-e09b4e2a313a req-1598a8ee-58f6-454e-b61a-e09b4e2a313a ] Request (ServersTestBootFromVolume:setUpClass): 200 GET http://10.180.1.21/compute/v2.1/servers/317e7e7c-7c6f-4855-a433-e55ea5571b92 0.251s
2024-10-09 02:19:13.565 62685 INFO tempest.lib.common.rest_client [req-d61f56bb-7c33-4eda-b8ca-a461e5dfa181 req-d61f56bb-7c33-4eda-b8ca-a461e5dfa181 ] Request (ListServersNegativeTestJSON:setUpClass): 200 GET http://10.180.1.21/compute/v2.1/servers/608c13da-6625-417d-a7b3-10821ae638d8 0.241s
2024-10-09 02:19:13.617 62649 INFO tempest.lib.common.rest_client [req-8b85e2bc-c708-4dbf-81b4-4a8bef436bf6 req-8b85e2bc-c708-4dbf-81b4-4a8bef436bf6 ] Request (ServerDiskConfigTestJSON:test_rebuild_server_with_auto_disk_config): 200 GET http://10.180.1.21/compute/v2.1/servers/caca5304-0ad7-427c-812e-de925de63f2c 0.235s
2024-10-09 02:19:13.636 62677 INFO tempest.lib.common.rest_client [req-7940c0bd-7782-4078-861f-e957cd8f71e4 req-7940c0bd-7782-4078-861f-e957cd8f71e4 ] Request (ServersTestJSON:setUpClass): 404 GET http://10.180.1.21/compute/v2.1/servers/759d9575-84bf-4dec-846a-e63126dae49c 0.225s
2024-10-09 02:19:13.637 62677 INFO tempest.test [-] raised in ServersTestJSON.setUpClass. Invoking tearDownClass.
2024-10-09 02:19:13.683 62651 INFO tempest.lib.common.rest_client [req-0af1700c-1c51-44d8-8436-2548ca1eeb19 req-0af1700c-1c51-44d8-8436-2548ca1eeb19 ] Request (DeleteServersTestJSON:test_delete_server_while_in_attached_volume): 200 GET http://10.180.1.21/compute/v2.1/servers/01d010dc-6b5b-470b-a387-f95a17600e19 0.115s
2024-10-09 02:19:13.726 62679 INFO tempest.lib.common.rest_client [req-e7a83158-ef6f-44f3-81f3-f6ef6fa1bff3 req-e7a83158-ef6f-44f3-81f3-f6ef6fa1bff3 ] Request (SecurityGroupsTestJSON:test_list_security_groups_by_server): 200 GET http://10.180.1.21/compute/v2.1/servers/4a99d2e8-7795-4016-ad6e-39a816c7fae1 0.111s
2024-10-09 02:19:13.732 62679 INFO tempest.common.waiters [-] State transition "BUILD/None" ==> "BUILD/networking" after 62 second wait
2024-10-09 02:19:13.739 62677 INFO tempest.lib.common.rest_client [req-6a20f6a0-370e-4700-b30c-16253c3b8b4e req-6a20f6a0-370e-4700-b30c-16253c3b8b4e ] Request (ServersTestJSON:tearDownClass): 202 DELETE http://10.180.1.21/compute/v2.1/os-keypairs/tempest-keypair-5762665 0.102s
2024-10-09 02:19:13.797 62635 INFO tempest.lib.common.rest_client [req-5db0a3d9-e4c0-4e2e-b887-5c24eaa75edf req-5db0a3d9-e4c0-4e2e-b887-5c24eaa75edf ] Request (InstanceActionsTestJSON:setUpClass): 200 GET http://10.180.1.21/compute/v2.1/servers/1b459bac-e27d-4af5-bfc2-49898f5ced25 0.131s
2024-10-09 02:19:13.850 62639 INFO tempest.lib.common.rest_client [req-95cf630e-509c-4e60-9dc3-ded76dc5d1b4 req-95cf630e-509c-4e60-9dc3-ded76dc5d1b4 ] Request (ServerPasswordTestJSON:setUpClass): 200 GET http://10.180.1.21/compute/v2.1/servers/8a099f6e-b5e6-4e3f-a8ab-abdae59d73ee 0.131s
2024-10-09 02:19:13.900 62659 INFO tempest.lib.common.rest_client [req-948a3f60-ea98-4b7d-a5a6-57ac0350fa39 req-948a3f60-ea98-4b7d-a5a6-57ac0350fa39 ] Request (MigrationsAdminTest:test_resize_server_revert_deleted_flavor): 200 GET http://10.180.1.21/compute/v2.1/servers/d3224596-4e38-4c9c-abd9-59a34bbf59c7 0.139s
2024-10-09 02:19:13.924 62677 INFO tempest.lib.common.rest_client [req-c945a5d1-0acf-4417-967f-af3b57219f2b req-c945a5d1-0acf-4417-967f-af3b57219f2b ] Request (ServersTestJSON:tearDownClass): 204 DELETE http://10.180.1.21:9696/networking/v2.0/security-groups/b1eba260-f269-4949-886d-cd50e46d105f 0.183s
2024-10-09 02:19:13.932 62677 INFO tempest.lib.common.rest_client [req-f10f31b7-5470-470b-b74c-624a87945876 req-f10f31b7-5470-470b-b74c-624a87945876 ] Request (ServersTestJSON:tearDownClass): 404 GET http://10.180.1.21:9696/networking/v2.0/security-groups/b1eba260-f269-4949-886d-cd50e46d105f 0.008s
2024-10-09 02:19:13.953 62647 INFO tempest.lib.common.rest_client [req-663ab3f1-57c8-4786-8515-486e00bf38a8 req-663ab3f1-57c8-4786-8515-486e00bf38a8 ] Request (ListServerFiltersTestJSON:setUpClass): 200 GET http://10.180.1.21/compute/v2.1/servers/3e184125-28af-469b-83cc-4ab8859e0e2f 0.139s
2024-10-09 02:19:13.989 62642 INFO tempest.lib.common.rest_client [req-67c0fcd4-749e-4176-9f4a-8e6387e43eac req-67c0fcd4-749e-4176-9f4a-8e6387e43eac ] Request (ImagesOneServerNegativeTestJSON:setUpClass): 202 POST http://10.180.1.21/compute/v2.1/servers 0.639s
2024-10-09 02:19:14.004 62657 INFO tempest.lib.common.rest_client [req-896aa06f-9738-42b6-9cae-afcd6b122ec4 req-896aa06f-9738-42b6-9cae-afcd6b122ec4 ] Request (ServersTestManualDisk:setUpClass): 200 GET http://10.180.1.21/compute/v2.1/servers/cc2bce8f-0c0c-4cbc-a31c-c8ec2992a76e 0.131s
2024-10-09 02:19:14.010 62657 INFO tempest.common.waiters [-] State transition "BUILD/scheduling" ==> "BUILD/None" after 48 second wait
2024-10-09 02:19:14.044 62682 INFO tempest.lib.common.rest_client [req-e2f26246-5c86-42ad-94f8-39fce6e62198 req-e2f26246-5c86-42ad-94f8-39fce6e62198 ] Request (AttachInterfacesUnderV243Test:test_add_remove_fixed_ip): 200 GET http://10.180.1.21/compute/v2.1/servers/f50ddafe-f5a9-422b-b0f4-46c1b111dfbe 0.114s
2024-10-09 02:19:14.057 62631 INFO tempest.lib.common.rest_client [req-039f1001-75f0-4b49-9435-f9bd358f0749 req-039f1001-75f0-4b49-9435-f9bd358f0749 ] Request (DeleteServersAdminTestJSON:test_delete_server_while_in_error_state): 200 GET http://10.180.1.21/compute/v2.1/servers/70abd86c-aa63-4ccb-b185-65bf4977dfdf 0.121s
2024-10-09 02:19:14.105 62642 INFO tempest.lib.common.rest_client [req-e9789800-5a39-4bb8-96d0-785e1db5b844 req-e9789800-5a39-4bb8-96d0-785e1db5b844 ] Request (ImagesOneServerNegativeTestJSON:setUpClass): 200 GET http://10.180.1.21/compute/v2.1/servers/92057af7-28a3-4643-9cda-d3d868d0cfc9 0.114s
2024-10-09 02:19:14.106 62663 INFO tempest.lib.common.rest_client [req-e32a2d82-5a2d-46ed-a790-a27f1ae3957f req-e32a2d82-5a2d-46ed-a790-a27f1ae3957f ] Request (ServersTestFqdnHostnames:test_create_server_with_fqdn_name): 200 GET http://10.180.1.21/compute/v2.1/servers/4c96b9c6-40b9-4dea-8dd3-5e8e6372c261 0.120s
2024-10-09 02:19:14.155 62645 INFO tempest.lib.common.rest_client [req-1633cd7b-946a-4ecb-bc15-6a034305b734 req-1633cd7b-946a-4ecb-bc15-6a034305b734 ] Request (MultipleCreateTestJSON:test_multiple_create_with_reservation_return): 200 GET http://10.180.1.21/compute/v2.1/servers/749e0976-2e2b-4764-865c-2e630f2edbd1 0.151s
2024-10-09 02:19:14.169 62629 INFO tempest.lib.common.rest_client [req-506e9d58-f562-4d62-a1b3-f20ca75baedc req-506e9d58-f562-4d62-a1b3-f20ca75baedc ] Request (ServersAdminTestJSON:setUpClass): 200 GET http://10.180.1.21/compute/v2.1/servers/f1d33401-35f5-4d79-abb4-26dc6faa784e 0.111s
2024-10-09 02:19:14.187 62677 INFO tempest.lib.common.rest_client [req-8bc9ee92-0a7f-47ff-8d37-530fe30ba02a req-8bc9ee92-0a7f-47ff-8d37-530fe30ba02a ] Request (ServersTestJSON:tearDownClass): 204 DELETE http://10.180.1.21:9696/networking/v2.0/floatingips/c3546e8e-9344-4793-aa51-2ec2ec8135ec 0.255s
2024-10-09 02:19:14.224 62683 INFO tempest.lib.common.rest_client [req-393e8482-294b-4dc4-a06f-91c1deae5cfd req-393e8482-294b-4dc4-a06f-91c1deae5cfd ] Request (ServerExternalEventsTest:test_create_server_external_events): 200 GET http://10.180.1.21/compute/v2.1/servers/ad12e5b0-6854-4281-9155-e1660393829c 0.108s
2024-10-09 02:19:14.227 62661 INFO tempest.lib.common.rest_client [req-12f6df75-ba56-4931-985f-fd15891d0329 req-12f6df75-ba56-4931-985f-fd15891d0329 ] Request (FloatingIPsAssociationTestJSON:setUpClass): 200 GET http://10.180.1.21/compute/v2.1/servers/0a21307b-74e7-4c5d-95a3-0800915c51ff 0.165s
2024-10-09 02:19:14.285 62625 INFO tempest.lib.common.rest_client [req-3c8d651f-73b0-4dd0-a6a7-a41d92fe6613 req-3c8d651f-73b0-4dd0-a6a7-a41d92fe6613 ] Request (ServerActionsTestOtherB:setUpClass): 200 GET http://10.180.1.21/compute/v2.1/servers/c348ef22-abb0-48cf-98a6-3a4b217dd186 0.119s
2024-10-09 02:19:14.310 62675 INFO tempest.lib.common.rest_client [req-9a5a0fc2-ef3b-4257-a69e-1984c0798e2f req-9a5a0fc2-ef3b-4257-a69e-1984c0798e2f ] Request (ServerAddressesNegativeTestJSON:setUpClass): 200 GET http://10.180.1.21/compute/v2.1/servers/0f1d83e7-bb40-4344-a344-2fc98efe8528 0.185s
2024-10-09 02:19:14.334 62638 INFO tempest.lib.common.rest_client [req-6dad9264-9bc3-4e38-8cf0-2c060efb5604 req-6dad9264-9bc3-4e38-8cf0-2c060efb5604 ] Request (VolumesAdminNegativeTest:test_update_attached_volume_with_nonexistent_volume_in_body): 200 GET http://10.180.1.21/compute/v2.1/servers/6e0dd86b-d557-4e7a-8520-9ffbd291128b 0.110s
2024-10-09 02:19:14.384 62655 INFO tempest.lib.common.rest_client [req-0133789f-53ba-4fa8-9fb1-09bd2eb9a454 req-0133789f-53ba-4fa8-9fb1-09bd2eb9a454 ] Request (ServersTestJSON:test_create_server_specify_multibyte_character_name): 200 GET http://10.180.1.21/compute/v2.1/servers/ce6b8f31-afee-4062-b860-d054c4d37be0 0.111s
2024-10-09 02:19:14.393 62603 INFO tempest.lib.common.rest_client [req-e6e7c6a0-72f2-4768-99cd-94638148895b req-e6e7c6a0-72f2-4768-99cd-94638148895b ] Request (ImagesNegativeTestJSON:test_create_image_from_deleted_server): 200 GET http://10.180.1.21/compute/v2.1/servers/ea0b59fe-8dd9-4893-87ff-54706eb64479 0.064s
2024-10-09 02:19:14.442 62669 INFO tempest.lib.common.rest_client [req-1f51e453-6642-4b15-be5d-9aba2281a4a2 req-1f51e453-6642-4b15-be5d-9aba2281a4a2 ] Request (ServerShowV247Test:test_update_rebuild_list_server): 200 GET http://10.180.1.21/compute/v2.1/servers/f0f0eed0-a76a-42bc-9cca-91b93d7ad64c 0.064s
2024-10-09 02:19:14.477 62643 INFO tempest.lib.common.rest_client [req-4f6e97f5-fb7e-40c7-8b90-3e0b38f09498 req-4f6e97f5-fb7e-40c7-8b90-3e0b38f09498 ] Request (ImagesTestJSON:test_create_image_from_stopped_server): 200 GET http://10.180.1.21/compute/v2.1/servers/866451cc-96c5-433a-a903-9faa1eed538a 0.049s
2024-10-09 02:19:14.543 62633 INFO tempest.lib.common.rest_client [req-c67bc081-74b0-4da9-8156-ab77dc0145b8 req-c67bc081-74b0-4da9-8156-ab77dc0145b8 ] Request (ServersWithSpecificFlavorTestJSON:test_verify_created_server_ephemeral_disk): 200 GET http://10.180.1.21/compute/v2.1/servers/be595c9e-703e-4246-ae1c-2c77b240cb19 0.073s
2024-10-09 02:19:14.550 62633 INFO tempest.common.waiters [-] State transition "BUILD/spawning" ==> "ERROR/None" after 66 second wait
2024-10-09 02:19:14.553 62627 INFO tempest.lib.common.rest_client [req-0edb2301-bf96-46b5-8074-e58a7cc7ba43 req-0edb2301-bf96-46b5-8074-e58a7cc7ba43 ] Request (ServerDiagnosticsV248Test:tearDownClass): 200 GET http://10.180.1.21/compute/v2.1/servers/e514a72d-6b4d-46f9-935b-3535bed4afc2 0.076s
2024-10-09 02:19:14.617 62667 INFO tempest.lib.common.rest_client [req-eb3836a6-206a-4374-8a13-27298c804d4d req-eb3836a6-206a-4374-8a13-27298c804d4d ] Request (InstanceActionsNegativeTestJSON:setUpClass): 200 GET http://10.180.1.21/compute/v2.1/servers/7251e6e6-4cfe-444d-9dfb-ee0ad3a4c427 0.092s
2024-10-09 02:19:14.635 62672 INFO tempest.lib.common.rest_client [req-b8b5f9c4-511c-4b0d-9e66-debcfd99ce39 req-b8b5f9c4-511c-4b0d-9e66-debcfd99ce39 ] Request (ServersTestBootFromVolume:setUpClass): 200 GET http://10.180.1.21/compute/v2.1/servers/317e7e7c-7c6f-4855-a433-e55ea5571b92 0.110s
2024-10-09 02:19:14.695 62685 INFO tempest.lib.common.rest_client [req-3793c13f-101a-4196-b013-74348a83cf59 req-3793c13f-101a-4196-b013-74348a83cf59 ] Request (ListServersNegativeTestJSON:setUpClass): 200 GET http://10.180.1.21/compute/v2.1/servers/608c13da-6625-417d-a7b3-10821ae638d8 0.122s
2024-10-09 02:19:14.747 62649 INFO tempest.lib.common.rest_client [req-6527f4b4-fb0f-4596-b08e-8bccd6a868c8 req-6527f4b4-fb0f-4596-b08e-8bccd6a868c8 ] Request (ServerDiskConfigTestJSON:test_rebuild_server_with_auto_disk_config): 200 GET http://10.180.1.21/compute/v2.1/servers/caca5304-0ad7-427c-812e-de925de63f2c 0.123s
2024-10-09 02:19:14.812 62651 INFO tempest.lib.common.rest_client [req-abefb4a6-c17c-41b9-8cbd-dd87f0af863e req-abefb4a6-c17c-41b9-8cbd-dd87f0af863e ] Request (DeleteServersTestJSON:test_delete_server_while_in_attached_volume): 200 GET http://10.180.1.21/compute/v2.1/servers/01d010dc-6b5b-470b-a387-f95a17600e19 0.120s
2024-10-09 02:19:14.828 62633 INFO tempest.lib.common.rest_client [req-78262482-a7f1-4308-a806-a3a0a6368d26 req-78262482-a7f1-4308-a806-a3a0a6368d26 ] Request (ServersWithSpecificFlavorTestJSON:test_verify_created_server_ephemeral_disk): 204 DELETE http://10.180.1.21/compute/v2.1/servers/be595c9e-703e-4246-ae1c-2c77b240cb19 0.277s
2024-10-09 02:19:14.889 62635 INFO tempest.lib.common.rest_client [req-80bf5b5e-4076-438e-9431-dcb9265d7bd8 req-80bf5b5e-4076-438e-9431-dcb9265d7bd8 ] Request (InstanceActionsTestJSON:setUpClass): 200 GET http://10.180.1.21/compute/v2.1/servers/1b459bac-e27d-4af5-bfc2-49898f5ced25 0.082s
2024-10-09 02:19:14.908 62633 INFO tempest.lib.common.rest_client [req-b9e3263e-aee9-46c3-b0ea-36933f0f1306 req-b9e3263e-aee9-46c3-b0ea-36933f0f1306 ] Request (ServersWithSpecificFlavorTestJSON:test_verify_created_server_ephemeral_disk): 404 GET http://10.180.1.21/compute/v2.1/servers/be595c9e-703e-4246-ae1c-2c77b240cb19 0.079s
2024-10-09 02:19:14.962 62639 INFO tempest.lib.common.rest_client [req-0ce735dd-4e6e-40db-9132-df997b7c6fd3 req-0ce735dd-4e6e-40db-9132-df997b7c6fd3 ] Request (ServerPasswordTestJSON:setUpClass): 200 GET http://10.180.1.21/compute/v2.1/servers/8a099f6e-b5e6-4e3f-a8ab-abdae59d73ee 0.105s
2024-10-09 02:19:15.015 62659 INFO tempest.lib.common.rest_client [req-8d95e5f8-4eca-472d-905c-930960ecc971 req-8d95e5f8-4eca-472d-905c-930960ecc971 ] Request (MigrationsAdminTest:test_resize_server_revert_deleted_flavor): 200 GET http://10.180.1.21/compute/v2.1/servers/d3224596-4e38-4c9c-abd9-59a34bbf59c7 0.105s
2024-10-09 02:19:15.032 62633 INFO tempest.lib.common.rest_client [req-f696192a-9765-4192-8e1b-e2fa6115ba55 req-f696192a-9765-4192-8e1b-e2fa6115ba55 ] Request (ServersWithSpecificFlavorTestJSON:_run_cleanups): 202 DELETE http://10.180.1.21/compute/v2.1/os-keypairs/tempest-keypair-679259569 0.122s
2024-10-09 02:19:15.043 62679 INFO tempest.lib.common.rest_client [req-8d0d2374-cb9e-4f59-85d1-78a9c73bfcfe req-8d0d2374-cb9e-4f59-85d1-78a9c73bfcfe ] Request (SecurityGroupsTestJSON:test_list_security_groups_by_server): 200 GET http://10.180.1.21/compute/v2.1/servers/4a99d2e8-7795-4016-ad6e-39a816c7fae1 0.310s
2024-10-09 02:19:15.051 62679 INFO tempest.common.waiters [-] State transition "BUILD/networking" ==> "BUILD/block_device_mapping" after 64 second wait
2024-10-09 02:19:15.077 62677 INFO tempest.lib.common.rest_client [req-904c943c-1b11-4bd3-9068-f560175637df req-904c943c-1b11-4bd3-9068-f560175637df ] Request (ServersTestJSON:tearDownClass): 200 PUT http://10.180.1.21:9696/networking/v2.0/routers/8e0e1b73-1a68-4d21-94ee-26d5ade4eab1/remove_router_interface 0.888s
2024-10-09 02:19:15.079 62647 INFO tempest.lib.common.rest_client [req-78e71799-9a41-4483-8284-11e75db7f7be req-78e71799-9a41-4483-8284-11e75db7f7be ] Request (ListServerFiltersTestJSON:setUpClass): 200 GET http://10.180.1.21/compute/v2.1/servers/3e184125-28af-469b-83cc-4ab8859e0e2f 0.119s
2024-10-09 02:19:15.102 62657 INFO tempest.lib.common.rest_client [req-621578da-7487-4581-921b-0460ed753a2b req-621578da-7487-4581-921b-0460ed753a2b ] Request (ServersTestManualDisk:setUpClass): 200 GET http://10.180.1.21/compute/v2.1/servers/cc2bce8f-0c0c-4cbc-a31c-c8ec2992a76e 0.091s
2024-10-09 02:19:15.130 62682 INFO tempest.lib.common.rest_client [req-31c2afc3-7e42-4d69-9d32-37414d359cc1 req-31c2afc3-7e42-4d69-9d32-37414d359cc1 ] Request (AttachInterfacesUnderV243Test:test_add_remove_fixed_ip): 200 GET http://10.180.1.21/compute/v2.1/servers/f50ddafe-f5a9-422b-b0f4-46c1b111dfbe 0.080s
2024-10-09 02:19:15.152 62631 INFO tempest.lib.common.rest_client [req-940e250c-e398-44a1-b8ae-59b014971536 req-940e250c-e398-44a1-b8ae-59b014971536 ] Request (DeleteServersAdminTestJSON:test_delete_server_while_in_error_state): 200 GET http://10.180.1.21/compute/v2.1/servers/70abd86c-aa63-4ccb-b185-65bf4977dfdf 0.087s
2024-10-09 02:19:15.179 62642 INFO tempest.lib.common.rest_client [req-70ee7d2f-6b79-49f6-a761-198dc67ab38b req-70ee7d2f-6b79-49f6-a761-198dc67ab38b ] Request (ImagesOneServerNegativeTestJSON:setUpClass): 200 GET http://10.180.1.21/compute/v2.1/servers/92057af7-28a3-4643-9cda-d3d868d0cfc9 0.066s
2024-10-09 02:19:15.207 62663 INFO tempest.lib.common.rest_client [req-52a63a77-d6c8-4449-8c12-cc2e109a6cf6 req-52a63a77-d6c8-4449-8c12-cc2e109a6cf6 ] Request (ServersTestFqdnHostnames:test_create_server_with_fqdn_name): 200 GET http://10.180.1.21/compute/v2.1/servers/4c96b9c6-40b9-4dea-8dd3-5e8e6372c261 0.092s
2024-10-09 02:19:15.216 62633 INFO tempest.lib.common.rest_client [req-54a0dc4e-e35e-440a-99f4-471a2e640453 req-54a0dc4e-e35e-440a-99f4-471a2e640453 ] Request (ServersWithSpecificFlavorTestJSON:_run_cleanups): 204 DELETE http://10.180.1.21:9696/networking/v2.0/security-groups/351b0d9c-8604-4e5f-a963-f44809ebb376 0.183s
2024-10-09 02:19:15.227 62633 INFO tempest.lib.common.rest_client [req-161cb781-f468-4ad4-8e2d-c47355fa767d req-161cb781-f468-4ad4-8e2d-c47355fa767d ] Request (ServersWithSpecificFlavorTestJSON:_run_cleanups): 404 GET http://10.180.1.21:9696/networking/v2.0/security-groups/351b0d9c-8604-4e5f-a963-f44809ebb376 0.011s
2024-10-09 02:19:15.227 62645 INFO tempest.lib.common.rest_client [req-a5614e4d-c6fd-49d9-b9fb-714e844fff58 req-a5614e4d-c6fd-49d9-b9fb-714e844fff58 ] Request (MultipleCreateTestJSON:test_multiple_create_with_reservation_return): 200 GET http://10.180.1.21/compute/v2.1/servers/749e0976-2e2b-4764-865c-2e630f2edbd1 0.060s
2024-10-09 02:19:15.285 62629 INFO tempest.lib.common.rest_client [req-46cf72b1-78ff-447a-8cde-014674309b9c req-46cf72b1-78ff-447a-8cde-014674309b9c ] Request (ServersAdminTestJSON:setUpClass): 200 GET http://10.180.1.21/compute/v2.1/servers/f1d33401-35f5-4d79-abb4-26dc6faa784e 0.103s
2024-10-09 02:19:15.300 62683 INFO tempest.lib.common.rest_client [req-b891ced8-f421-4c5a-b1d4-97060390e755 req-b891ced8-f421-4c5a-b1d4-97060390e755 ] Request (ServerExternalEventsTest:test_create_server_external_events): 200 GET http://10.180.1.21/compute/v2.1/servers/ad12e5b0-6854-4281-9155-e1660393829c 0.068s
2024-10-09 02:19:15.381 62661 INFO tempest.lib.common.rest_client [req-5997d49a-56eb-4cc1-a103-bd5112c6e161 req-5997d49a-56eb-4cc1-a103-bd5112c6e161 ] Request (FloatingIPsAssociationTestJSON:setUpClass): 200 GET http://10.180.1.21/compute/v2.1/servers/0a21307b-74e7-4c5d-95a3-0800915c51ff 0.142s
2024-10-09 02:19:15.393 62625 INFO tempest.lib.common.rest_client [req-cba4fc7b-c922-4412-8266-586d59ecb02f req-cba4fc7b-c922-4412-8266-586d59ecb02f ] Request (ServerActionsTestOtherB:setUpClass): 200 GET http://10.180.1.21/compute/v2.1/servers/c348ef22-abb0-48cf-98a6-3a4b217dd186 0.100s
2024-10-09 02:19:15.464 62675 INFO tempest.lib.common.rest_client [req-0005f63f-d2e5-4a5a-863e-91a1c6f43713 req-0005f63f-d2e5-4a5a-863e-91a1c6f43713 ] Request (ServerAddressesNegativeTestJSON:setUpClass): 200 GET http://10.180.1.21/compute/v2.1/servers/0f1d83e7-bb40-4344-a344-2fc98efe8528 0.146s
2024-10-09 02:19:15.469 62638 INFO tempest.lib.common.rest_client [req-c57f2da6-f2e0-4c53-b6ed-f0926cb8077f req-c57f2da6-f2e0-4c53-b6ed-f0926cb8077f ] Request (VolumesAdminNegativeTest:test_update_attached_volume_with_nonexistent_volume_in_body): 200 GET http://10.180.1.21/compute/v2.1/servers/6e0dd86b-d557-4e7a-8520-9ffbd291128b 0.128s
2024-10-09 02:19:15.498 62677 INFO tempest.lib.common.rest_client [req-c8d10d46-5ded-4768-ab21-3a0ad1672668 req-c8d10d46-5ded-4768-ab21-3a0ad1672668 ] Request (ServersTestJSON:tearDownClass): 204 DELETE http://10.180.1.21:9696/networking/v2.0/routers/8e0e1b73-1a68-4d21-94ee-26d5ade4eab1 0.420s
2024-10-09 02:19:15.540 62655 INFO tempest.lib.common.rest_client [req-f3612c86-076c-446e-b932-d949518b3795 req-f3612c86-076c-446e-b932-d949518b3795 ] Request (ServersTestJSON:test_create_server_specify_multibyte_character_name): 200 GET http://10.180.1.21/compute/v2.1/servers/ce6b8f31-afee-4062-b860-d054c4d37be0 0.149s
2024-10-09 02:19:15.548 62603 INFO tempest.lib.common.rest_client [req-5cf8f44f-08c6-4382-922e-421607ecb367 req-5cf8f44f-08c6-4382-922e-421607ecb367 ] Request (ImagesNegativeTestJSON:test_create_image_from_deleted_server): 200 GET http://10.180.1.21/compute/v2.1/servers/ea0b59fe-8dd9-4893-87ff-54706eb64479 0.147s
2024-10-09 02:19:15.602 62677 INFO tempest.lib.common.rest_client [req-9cb02204-56a8-4472-97f0-5cd9f1389f7b req-9cb02204-56a8-4472-97f0-5cd9f1389f7b ] Request (ServersTestJSON:tearDownClass): 204 DELETE http://10.180.1.21:9696/networking/v2.0/subnets/02b6c9eb-07f5-4ca3-bea6-10dcfecd6836 0.104s
2024-10-09 02:19:15.603 62669 INFO tempest.lib.common.rest_client [req-4013499c-e24a-4b04-b66b-4011cd4a3a2a req-4013499c-e24a-4b04-b66b-4011cd4a3a2a ] Request (ServerShowV247Test:test_update_rebuild_list_server): 200 GET http://10.180.1.21/compute/v2.1/servers/f0f0eed0-a76a-42bc-9cca-91b93d7ad64c 0.152s
2024-10-09 02:19:15.616 62643 INFO tempest.lib.common.rest_client [req-63aaa1c0-6108-44b5-ace8-77b52f15a390 req-63aaa1c0-6108-44b5-ace8-77b52f15a390 ] Request (ImagesTestJSON:test_create_image_from_stopped_server): 200 GET http://10.180.1.21/compute/v2.1/servers/866451cc-96c5-433a-a903-9faa1eed538a 0.132s
2024-10-09 02:19:15.661 62627 INFO tempest.lib.common.rest_client [req-44ef5988-57b6-40d8-bc34-08267a559a2b req-44ef5988-57b6-40d8-bc34-08267a559a2b ] Request (ServerDiagnosticsV248Test:tearDownClass): 200 GET http://10.180.1.21/compute/v2.1/servers/e514a72d-6b4d-46f9-935b-3535bed4afc2 0.098s
2024-10-09 02:19:15.667 62633 INFO tempest.lib.common.rest_client [req-e369eba1-90d0-4a54-898d-6e5a479c13d1 req-e369eba1-90d0-4a54-898d-6e5a479c13d1 ] Request (ServersWithSpecificFlavorTestJSON:_run_cleanups): 204 DELETE http://10.180.1.21:9696/networking/v2.0/floatingips/53398a58-b4d2-40e8-a9af-5f505295100b 0.440s
2024-10-09 02:19:15.698 62667 INFO tempest.lib.common.rest_client [req-70803e32-d26a-47b5-9798-5cef755b0d92 req-70803e32-d26a-47b5-9798-5cef755b0d92 ] Request (InstanceActionsNegativeTestJSON:setUpClass): 200 GET http://10.180.1.21/compute/v2.1/servers/7251e6e6-4cfe-444d-9dfb-ee0ad3a4c427 0.068s
2024-10-09 02:19:15.708 62633 INFO tempest.lib.common.rest_client [req-6401f227-c0c4-458f-8b29-82153de8d810 req-6401f227-c0c4-458f-8b29-82153de8d810 ] Request (ServersWithSpecificFlavorTestJSON:_run_cleanups): 202 DELETE http://10.180.1.21/compute/v2.1/flavors/432277714 0.041s
2024-10-09 02:19:15.715 62672 INFO tempest.lib.common.rest_client [req-9ea5c2e2-0ace-4a61-9c76-9464bc6415e1 req-9ea5c2e2-0ace-4a61-9c76-9464bc6415e1 ] Request (ServersTestBootFromVolume:setUpClass): 200 GET http://10.180.1.21/compute/v2.1/servers/317e7e7c-7c6f-4855-a433-e55ea5571b92 0.068s
2024-10-09 02:19:15.728 62633 INFO tempest.lib.common.rest_client [req-95fe0808-b523-4625-beb9-9b7fa9f29ac6 req-95fe0808-b523-4625-beb9-9b7fa9f29ac6 ] Request (ServersWithSpecificFlavorTestJSON:_run_cleanups): 200 GET http://10.180.1.21/compute/v2.1/flavors/detail 0.019s
2024-10-09 02:19:15.746 62633 INFO tempest.lib.common.rest_client [req-62f029f0-5810-4078-9444-e39b7e4151ac req-62f029f0-5810-4078-9444-e39b7e4151ac ] Request (ServersWithSpecificFlavorTestJSON:_run_cleanups): 202 DELETE http://10.180.1.21/compute/v2.1/flavors/521734051 0.014s
2024-10-09 02:19:15.760 62685 INFO tempest.lib.common.rest_client [req-3da3e16a-f5ad-4dc9-8692-7a34bc1d4866 req-3da3e16a-f5ad-4dc9-8692-7a34bc1d4866 ] Request (ListServersNegativeTestJSON:setUpClass): 200 GET http://10.180.1.21/compute/v2.1/servers/608c13da-6625-417d-a7b3-10821ae638d8 0.056s
2024-10-09 02:19:15.760 62633 INFO tempest.lib.common.rest_client [req-2a427e68-2e0b-42ed-a3b1-06601d5d16e9 req-2a427e68-2e0b-42ed-a3b1-06601d5d16e9 ] Request (ServersWithSpecificFlavorTestJSON:_run_cleanups): 200 GET http://10.180.1.21/compute/v2.1/flavors/detail 0.014s
2024-10-09 02:19:15.815 62649 INFO tempest.lib.common.rest_client [req-28ad9267-0b93-4704-b293-9db5ad2418c6 req-28ad9267-0b93-4704-b293-9db5ad2418c6 ] Request (ServerDiskConfigTestJSON:test_rebuild_server_with_auto_disk_config): 200 GET http://10.180.1.21/compute/v2.1/servers/caca5304-0ad7-427c-812e-de925de63f2c 0.059s
2024-10-09 02:19:15.840 62677 INFO tempest.lib.common.rest_client [req-828a95f8-1d4a-40fa-b809-4419807a2513 req-828a95f8-1d4a-40fa-b809-4419807a2513 ] Request (ServersTestJSON:tearDownClass): 204 DELETE http://10.180.1.21:9696/networking/v2.0/networks/f45c1c5b-adcf-4766-b86e-0de6022b9193 0.237s
2024-10-09 02:19:15.893 62651 INFO tempest.lib.common.rest_client [req-a00fb8e8-2233-49b8-8b0a-0b654015ed7d req-a00fb8e8-2233-49b8-8b0a-0b654015ed7d ] Request (DeleteServersTestJSON:test_delete_server_while_in_attached_volume): 200 GET http://10.180.1.21/compute/v2.1/servers/01d010dc-6b5b-470b-a387-f95a17600e19 0.073s
2024-10-09 02:19:15.967 62635 INFO tempest.lib.common.rest_client [req-3f135ba2-42ba-4c71-b56c-77e0d6f9ed96 req-3f135ba2-42ba-4c71-b56c-77e0d6f9ed96 ] Request (InstanceActionsTestJSON:setUpClass): 200 GET http://10.180.1.21/compute/v2.1/servers/1b459bac-e27d-4af5-bfc2-49898f5ced25 0.067s
2024-10-09 02:19:15.968 62677 INFO tempest.lib.common.rest_client [req-fbab8f02-5c58-4cfa-a50b-7a0ba92bc675 req-fbab8f02-5c58-4cfa-a50b-7a0ba92bc675 ] Request (ServersTestJSON:tearDownClass): 204 DELETE http://10.180.1.21/identity/v3/users/eb3b765d27d149fb8d329bd7d525a0bb 0.128s
2024-10-09 02:19:15.968 62677 INFO tempest.lib.common.dynamic_creds [-] Deleting project and security group for project: 1739dec97e714e29a50309dc207de27f
2024-10-09 02:19:16.006 62677 INFO tempest.lib.common.rest_client [req-4f7bd730-5b00-4191-bff2-461295c70c8b req-4f7bd730-5b00-4191-bff2-461295c70c8b ] Request (ServersTestJSON:tearDownClass): 200 GET http://10.180.1.21:9696/networking/v2.0/security-groups?tenant_id=1739dec97e714e29a50309dc207de27f&name=default 0.037s
2024-10-09 02:19:16.041 62639 INFO tempest.lib.common.rest_client [req-3c4a4f3f-fbf9-4600-af08-6b459d439da5 req-3c4a4f3f-fbf9-4600-af08-6b459d439da5 ] Request (ServerPasswordTestJSON:setUpClass): 200 GET http://10.180.1.21/compute/v2.1/servers/8a099f6e-b5e6-4e3f-a8ab-abdae59d73ee 0.071s
2024-10-09 02:19:16.077 62659 INFO tempest.lib.common.rest_client [req-e77a64fb-094b-4e85-af63-b5ba296de4e0 req-e77a64fb-094b-4e85-af63-b5ba296de4e0 ] Request (MigrationsAdminTest:test_resize_server_revert_deleted_flavor): 200 GET http://10.180.1.21/compute/v2.1/servers/d3224596-4e38-4c9c-abd9-59a34bbf59c7 0.054s
2024-10-09 02:19:16.096 62677 INFO tempest.lib.common.rest_client [req-97b4ecdf-8e5a-43ef-a0b2-4983ea5b2e90 req-97b4ecdf-8e5a-43ef-a0b2-4983ea5b2e90 ] Request (ServersTestJSON:tearDownClass): 204 DELETE http://10.180.1.21:9696/networking/v2.0/security-groups/dee7a6f0-5cb0-4147-badc-77d6f2295c59 0.089s
2024-10-09 02:19:16.157 62647 INFO tempest.lib.common.rest_client [req-f5c07f52-2046-4a51-b9ac-aeed796df27f req-f5c07f52-2046-4a51-b9ac-aeed796df27f ] Request (ListServerFiltersTestJSON:setUpClass): 200 GET http://10.180.1.21/compute/v2.1/servers/3e184125-28af-469b-83cc-4ab8859e0e2f 0.069s
2024-10-09 02:19:16.182 62677 INFO tempest.lib.common.rest_client [req-1e84a80f-df75-404f-a124-89348476e885 req-1e84a80f-df75-404f-a124-89348476e885 ] Request (ServersTestJSON:tearDownClass): 204 DELETE http://10.180.1.21/identity/v3/projects/1739dec97e714e29a50309dc207de27f 0.085s
2024-10-09 02:19:16.187 62677 INFO tempest.test [-] raised in AttachVolumeMultiAttachTest.setUpClass. Invoking tearDownClass.
2024-10-09 02:19:16.227 62657 INFO tempest.lib.common.rest_client [req-a3bfa5f2-dd58-4363-b91c-f959a75ff220 req-a3bfa5f2-dd58-4363-b91c-f959a75ff220 ] Request (ServersTestManualDisk:setUpClass): 200 GET http://10.180.1.21/compute/v2.1/servers/cc2bce8f-0c0c-4cbc-a31c-c8ec2992a76e 0.116s
2024-10-09 02:19:16.432 62679 INFO tempest.lib.common.rest_client [req-42d5eeee-e820-4ff7-acbb-89b0f8f028fa req-42d5eeee-e820-4ff7-acbb-89b0f8f028fa ] Request (SecurityGroupsTestJSON:test_list_security_groups_by_server): 200 GET http://10.180.1.21/compute/v2.1/servers/4a99d2e8-7795-4016-ad6e-39a816c7fae1 0.379s
2024-10-09 02:19:16.433 62682 INFO tempest.lib.common.rest_client [req-f95bc2a8-5d38-4a98-858a-f73d0ff51ba3 req-f95bc2a8-5d38-4a98-858a-f73d0ff51ba3 ] Request (AttachInterfacesUnderV243Test:test_add_remove_fixed_ip): 200 GET http://10.180.1.21/compute/v2.1/servers/f50ddafe-f5a9-422b-b0f4-46c1b111dfbe 0.296s
2024-10-09 02:19:16.441 62679 INFO tempest.common.waiters [-] State transition "BUILD/block_device_mapping" ==> "BUILD/spawning" after 65 second wait
2024-10-09 02:19:16.523 62642 INFO tempest.lib.common.rest_client [req-47bd8fd8-1d7b-40c1-ba9f-c20f09999240 req-47bd8fd8-1d7b-40c1-ba9f-c20f09999240 ] Request (ImagesOneServerNegativeTestJSON:setUpClass): 200 GET http://10.180.1.21/compute/v2.1/servers/92057af7-28a3-4643-9cda-d3d868d0cfc9 0.335s
2024-10-09 02:19:16.531 62631 INFO tempest.lib.common.rest_client [req-a7af5bf9-50a0-4e0c-84ab-cf1f45b14464 req-a7af5bf9-50a0-4e0c-84ab-cf1f45b14464 ] Request (DeleteServersAdminTestJSON:test_delete_server_while_in_error_state): 200 GET http://10.180.1.21/compute/v2.1/servers/70abd86c-aa63-4ccb-b185-65bf4977dfdf 0.370s
2024-10-09 02:19:16.541 62631 INFO tempest.common.waiters [-] State transition "BUILD/scheduling" ==> "BUILD/None" after 49 second wait
2024-10-09 02:19:16.602 62663 INFO tempest.lib.common.rest_client [req-71636fde-fad4-439b-b9f7-a3137d43ad2c req-71636fde-fad4-439b-b9f7-a3137d43ad2c ] Request (ServersTestFqdnHostnames:test_create_server_with_fqdn_name): 200 GET http://10.180.1.21/compute/v2.1/servers/4c96b9c6-40b9-4dea-8dd3-5e8e6372c261 0.381s
2024-10-09 02:19:16.602 62645 INFO tempest.lib.common.rest_client [req-294861a8-1190-4428-bfc6-faed81e70dc1 req-294861a8-1190-4428-bfc6-faed81e70dc1 ] Request (MultipleCreateTestJSON:test_multiple_create_with_reservation_return): 200 GET http://10.180.1.21/compute/v2.1/servers/749e0976-2e2b-4764-865c-2e630f2edbd1 0.367s
2024-10-09 02:19:16.662 62683 INFO tempest.lib.common.rest_client [req-65fbc3ca-06dd-4366-a037-a89cebfe9cd6 req-65fbc3ca-06dd-4366-a037-a89cebfe9cd6 ] Request (ServerExternalEventsTest:test_create_server_external_events): 200 GET http://10.180.1.21/compute/v2.1/servers/ad12e5b0-6854-4281-9155-e1660393829c 0.351s
2024-10-09 02:19:16.672 62629 INFO tempest.lib.common.rest_client [req-25f58ae0-6e2d-4cf7-8ba9-9e918e7b752c req-25f58ae0-6e2d-4cf7-8ba9-9e918e7b752c ] Request (ServersAdminTestJSON:setUpClass): 200 GET http://10.180.1.21/compute/v2.1/servers/f1d33401-35f5-4d79-abb4-26dc6faa784e 0.380s
2024-10-09 02:19:16.735 62661 INFO tempest.lib.common.rest_client [req-22af46d6-607d-4885-94a3-6f3ca5a50349 req-22af46d6-607d-4885-94a3-6f3ca5a50349 ] Request (FloatingIPsAssociationTestJSON:setUpClass): 200 GET http://10.180.1.21/compute/v2.1/servers/0a21307b-74e7-4c5d-95a3-0800915c51ff 0.345s
2024-10-09 02:19:16.741 62625 INFO tempest.lib.common.rest_client [req-cad40aaf-740f-45b9-9127-0ee9710d47c3 req-cad40aaf-740f-45b9-9127-0ee9710d47c3 ] Request (ServerActionsTestOtherB:setUpClass): 200 GET http://10.180.1.21/compute/v2.1/servers/c348ef22-abb0-48cf-98a6-3a4b217dd186 0.338s
2024-10-09 02:19:16.806 62675 INFO tempest.lib.common.rest_client [req-19912d1f-8b59-48ec-9e9d-98b2e546f486 req-19912d1f-8b59-48ec-9e9d-98b2e546f486 ] Request (ServerAddressesNegativeTestJSON:setUpClass): 200 GET http://10.180.1.21/compute/v2.1/servers/0f1d83e7-bb40-4344-a344-2fc98efe8528 0.335s
2024-10-09 02:19:16.808 62638 INFO tempest.lib.common.rest_client [req-7292dd0e-0ed4-4092-8302-b6ccf09dfd4f req-7292dd0e-0ed4-4092-8302-b6ccf09dfd4f ] Request (VolumesAdminNegativeTest:test_update_attached_volume_with_nonexistent_volume_in_body): 200 GET http://10.180.1.21/compute/v2.1/servers/6e0dd86b-d557-4e7a-8520-9ffbd291128b 0.331s
2024-10-09 02:19:16.859 62655 INFO tempest.lib.common.rest_client [req-45b94cbd-10be-4b49-841d-32db4bab20f0 req-45b94cbd-10be-4b49-841d-32db4bab20f0 ] Request (ServersTestJSON:test_create_server_specify_multibyte_character_name): 200 GET http://10.180.1.21/compute/v2.1/servers/ce6b8f31-afee-4062-b860-d054c4d37be0 0.311s
2024-10-09 02:19:16.872 62603 INFO tempest.lib.common.rest_client [req-3a2d0dd1-7bf1-47e6-b161-5267bdac4109 req-3a2d0dd1-7bf1-47e6-b161-5267bdac4109 ] Request (ImagesNegativeTestJSON:test_create_image_from_deleted_server): 200 GET http://10.180.1.21/compute/v2.1/servers/ea0b59fe-8dd9-4893-87ff-54706eb64479 0.314s
2024-10-09 02:19:16.940 62643 INFO tempest.lib.common.rest_client [req-0fcc4fd1-47bd-4360-9868-c18d8204ed49 req-0fcc4fd1-47bd-4360-9868-c18d8204ed49 ] Request (ImagesTestJSON:test_create_image_from_stopped_server): 200 GET http://10.180.1.21/compute/v2.1/servers/866451cc-96c5-433a-a903-9faa1eed538a 0.316s
