2024-10-09 02:19:21.824 62639 INFO tempest.lib.common.rest_client [req-f85c2ae5-330c-433b-a328-5acfe18ede3c req-f85c2ae5-330c-433b-a328-5acfe18ede3c ] Request (ServerPasswordTestJSON:setUpClass): 200 GET http://10.180.1.21/compute/v2.1/servers/8a099f6e-b5e6-4e3f-a8ab-abdae59d73ee 0.271s
2024-10-09 02:19:21.835 62633 INFO tempest.lib.common.rest_client [req-41c41f74-5dd0-480d-a189-52e6441fbe75 req-41c41f74-5dd0-480d-a189-52e6441fbe75 ] Request (NetworksTest:tearDownClass): 204 DELETE http://10.180.1.21/identity/v3/users/a2752737a7ac4e368db0220bbbb37b67 0.110s
2024-10-09 02:19:21.846 62659 INFO tempest.lib.common.rest_client [req-f4e271e2-490f-4a1a-ac43-da64907a7ab9 req-f4e271e2-490f-4a1a-ac43-da64907a7ab9 ] Request (MigrationsAdminTest:test_resize_server_revert_deleted_flavor): 200 GET http://10.180.1.21/compute/v2.1/servers/d3224596-4e38-4c9c-abd9-59a34bbf59c7 0.241s
2024-10-09 02:19:21.870 62647 INFO tempest.lib.common.rest_client [req-d895dee2-7989-4373-b09d-6d6f8c16d61b req-d895dee2-7989-4373-b09d-6d6f8c16d61b ] Request (ListServerFiltersTestJSON:setUpClass): 200 GET http://10.180.1.21/compute/v2.1/servers/3e184125-28af-469b-83cc-4ab8859e0e2f 0.263s
2024-10-09 02:19:21.888 62675 INFO tempest.lib.common.rest_client [req-6f9b4e6d-2846-4f71-82c9-9b41119f2074 req-6f9b4e6d-2846-4f71-82c9-9b41119f2074 ] Request (ServerAddressesNegativeTestJSON:tearDownClass): 204 DELETE http://10.180.1.21:9696/networking/v2.0/routers/cedc2a93-b518-4d9d-a78e-2848cfc66601 0.356s
2024-10-09 02:19:21.893 62657 INFO tempest.lib.common.rest_client [req-50ecbe4d-4eb8-47d8-91ed-8da13ab67f50 req-50ecbe4d-4eb8-47d8-91ed-8da13ab67f50 ] Request (ServersTestManualDisk:setUpClass): 200 GET http://10.180.1.21/compute/v2.1/servers/cc2bce8f-0c0c-4cbc-a31c-c8ec2992a76e 0.228s
2024-10-09 02:19:21.915 62633 INFO tempest.lib.common.rest_client [req-b730f965-37a2-4398-804c-ff33eab30dc9 req-b730f965-37a2-4398-804c-ff33eab30dc9 ] Request (NetworksTest:tearDownClass): 204 DELETE http://10.180.1.21/identity/v3/users/cad3b5cf89e6427a81f96c61c8f189ee 0.080s
2024-10-09 02:19:21.915 62633 INFO tempest.lib.common.dynamic_creds [-] Deleting project and security group for project: f854f2574666453087cf52717dbbd931
2024-10-09 02:19:21.920 62682 INFO tempest.lib.common.rest_client [req-2c42f69d-d137-4310-ac5c-d1b871a7ef5c req-2c42f69d-d137-4310-ac5c-d1b871a7ef5c ] Request (AttachInterfacesUnderV243Test:test_add_remove_fixed_ip): 200 GET http://10.180.1.21/compute/v2.1/servers/f50ddafe-f5a9-422b-b0f4-46c1b111dfbe 0.191s
2024-10-09 02:19:21.945 62679 INFO tempest.lib.common.rest_client [req-b267e767-a0a4-4c24-8dc8-d779b3143f31 req-b267e767-a0a4-4c24-8dc8-d779b3143f31 ] Request (SecurityGroupsTestJSON:test_list_security_groups_by_server): 200 GET http://10.180.1.21/compute/v2.1/servers/4a99d2e8-7795-4016-ad6e-39a816c7fae1 0.195s
2024-10-09 02:19:21.965 62633 INFO tempest.lib.common.rest_client [req-50b3ec8d-7447-4a5b-9e6d-cdefcf44ddd5 req-50b3ec8d-7447-4a5b-9e6d-cdefcf44ddd5 ] Request (NetworksTest:tearDownClass): 201 POST http://10.180.1.21/identity/v3/auth/tokens 0.049s
2024-10-09 02:19:21.966 62642 INFO tempest.lib.common.rest_client [req-659e05f7-9630-4bd2-8350-914c9bbd7689 req-659e05f7-9630-4bd2-8350-914c9bbd7689 ] Request (ImagesOneServerNegativeTestJSON:setUpClass): 200 GET http://10.180.1.21/compute/v2.1/servers/92057af7-28a3-4643-9cda-d3d868d0cfc9 0.151s
2024-10-09 02:19:21.992 62631 INFO tempest.lib.common.rest_client [req-da2bc79f-4781-47ed-beff-cf930a4ed153 req-da2bc79f-4781-47ed-beff-cf930a4ed153 ] Request (DeleteServersAdminTestJSON:test_delete_server_while_in_error_state): 200 GET http://10.180.1.21/compute/v2.1/servers/70abd86c-aa63-4ccb-b185-65bf4977dfdf 0.172s
2024-10-09 02:19:22.019 62663 INFO tempest.lib.common.rest_client [req-1d40edb4-4aaa-4a5a-9dcd-2f294bf5351b req-1d40edb4-4aaa-4a5a-9dcd-2f294bf5351b ] Request (ServersTestFqdnHostnames:test_create_server_with_fqdn_name): 200 GET http://10.180.1.21/compute/v2.1/servers/4c96b9c6-40b9-4dea-8dd3-5e8e6372c261 0.142s
2024-10-09 02:19:22.042 62645 INFO tempest.lib.common.rest_client [req-58c793c9-1e3f-4f62-a46c-432afaa69ab6 req-58c793c9-1e3f-4f62-a46c-432afaa69ab6 ] Request (MultipleCreateTestJSON:test_multiple_create_with_reservation_return): 200 GET http://10.180.1.21/compute/v2.1/servers/749e0976-2e2b-4764-865c-2e630f2edbd1 0.157s
2024-10-09 02:19:22.063 62629 INFO tempest.lib.common.rest_client [req-5a128968-8209-44fd-93b9-e1a60028a04e req-5a128968-8209-44fd-93b9-e1a60028a04e ] Request (ServersAdminTestJSON:setUpClass): 200 GET http://10.180.1.21/compute/v2.1/servers/f1d33401-35f5-4d79-abb4-26dc6faa784e 0.121s
2024-10-09 02:19:22.093 62675 INFO tempest.lib.common.rest_client [req-c17d0c56-5694-4fa7-bfbe-3ad84bb89465 req-c17d0c56-5694-4fa7-bfbe-3ad84bb89465 ] Request (ServerAddressesNegativeTestJSON:tearDownClass): 204 DELETE http://10.180.1.21:9696/networking/v2.0/subnets/ca95c62f-dfb6-47b7-8621-0b84904bd705 0.204s
2024-10-09 02:19:22.097 62683 INFO tempest.lib.common.rest_client [req-5710fb28-1873-4017-a9ce-b4338451ac73 req-5710fb28-1873-4017-a9ce-b4338451ac73 ] Request (ServerExternalEventsTest:test_create_server_external_events): 200 GET http://10.180.1.21/compute/v2.1/servers/ad12e5b0-6854-4281-9155-e1660393829c 0.150s
2024-10-09 02:19:22.111 62625 INFO tempest.lib.common.rest_client [req-f9b14a66-1aad-45f2-a686-e22a1df3f5dc req-f9b14a66-1aad-45f2-a686-e22a1df3f5dc ] Request (ServerActionsTestOtherB:setUpClass): 200 GET http://10.180.1.21/compute/v2.1/servers/c348ef22-abb0-48cf-98a6-3a4b217dd186 0.114s
2024-10-09 02:19:22.144 62661 INFO tempest.lib.common.rest_client [req-a165f71a-df32-44ab-9290-42ec1388c87e req-a165f71a-df32-44ab-9290-42ec1388c87e ] Request (FloatingIPsAssociationTestJSON:setUpClass): 200 GET http://10.180.1.21/compute/v2.1/servers/0a21307b-74e7-4c5d-95a3-0800915c51ff 0.135s
2024-10-09 02:19:22.159 62633 INFO tempest.lib.common.rest_client [req-ce838834-bfda-482c-9cce-0e7fbe4129bd req-ce838834-bfda-482c-9cce-0e7fbe4129bd ] Request (NetworksTest:tearDownClass): 200 GET http://10.180.1.21:9696/networking/v2.0/security-groups?tenant_id=f854f2574666453087cf52717dbbd931&name=default 0.194s
2024-10-09 02:19:22.162 62638 INFO tempest.lib.common.rest_client [req-19a0fea6-cfed-4e03-9c14-d439334a50ab req-19a0fea6-cfed-4e03-9c14-d439334a50ab ] Request (VolumesAdminNegativeTest:test_update_attached_volume_with_nonexistent_volume_in_body): 200 GET http://10.180.1.21/compute/v2.1/servers/6e0dd86b-d557-4e7a-8520-9ffbd291128b 0.078s
2024-10-09 02:19:22.213 62655 INFO tempest.lib.common.rest_client [req-b3ce4d2a-f876-4284-8518-8ff6351d9ff2 req-b3ce4d2a-f876-4284-8518-8ff6351d9ff2 ] Request (ServersTestJSON:test_create_server_specify_multibyte_character_name): 200 GET http://10.180.1.21/compute/v2.1/servers/ce6b8f31-afee-4062-b860-d054c4d37be0 0.070s
2024-10-09 02:19:22.275 62633 INFO tempest.lib.common.rest_client [req-b1191708-9411-4b96-b56f-786a90565ef0 req-b1191708-9411-4b96-b56f-786a90565ef0 ] Request (NetworksTest:tearDownClass): 204 DELETE http://10.180.1.21:9696/networking/v2.0/security-groups/c44b59b7-dc8b-4f08-b9c6-74a1ba4b63f1 0.115s
2024-10-09 02:19:22.279 62603 INFO tempest.lib.common.rest_client [req-5c217c1c-ff4c-472f-b46c-0b8886a618bb req-5c217c1c-ff4c-472f-b46c-0b8886a618bb ] Request (ImagesNegativeTestJSON:test_create_image_from_deleted_server): 200 GET http://10.180.1.21/compute/v2.1/servers/ea0b59fe-8dd9-4893-87ff-54706eb64479 0.063s
2024-10-09 02:19:22.346 62633 INFO tempest.lib.common.rest_client [req-f937aa72-bc49-4657-a9d5-78a952340773 req-f937aa72-bc49-4657-a9d5-78a952340773 ] Request (NetworksTest:tearDownClass): 204 DELETE http://10.180.1.21/identity/v3/projects/f854f2574666453087cf52717dbbd931 0.071s
2024-10-09 02:19:22.346 62633 INFO tempest.lib.common.dynamic_creds [-] Deleting project and security group for project: 8ff93fa1c18e46d99fb68bd3b1f6fb0a
2024-10-09 02:19:22.363 62675 INFO tempest.lib.common.rest_client [req-8e9a432f-1331-470c-9e78-6f9e4cea95b8 req-8e9a432f-1331-470c-9e78-6f9e4cea95b8 ] Request (ServerAddressesNegativeTestJSON:tearDownClass): 204 DELETE http://10.180.1.21:9696/networking/v2.0/networks/f90282f7-f981-48a1-a692-eef70dd71240 0.270s
2024-10-09 02:19:22.367 62643 INFO tempest.lib.common.rest_client [req-1b70d871-9fa9-4631-9319-56202af1ecf1 req-1b70d871-9fa9-4631-9319-56202af1ecf1 ] Request (ImagesTestJSON:test_create_image_from_stopped_server): 200 GET http://10.180.1.21/compute/v2.1/servers/866451cc-96c5-433a-a903-9faa1eed538a 0.054s
2024-10-09 02:19:22.424 62669 INFO tempest.lib.common.rest_client [req-0a899e28-7b5a-4798-8e00-f2344eda45d5 req-0a899e28-7b5a-4798-8e00-f2344eda45d5 ] Request (ServerShowV247Test:test_update_rebuild_list_server): 200 GET http://10.180.1.21/compute/v2.1/servers/f0f0eed0-a76a-42bc-9cca-91b93d7ad64c 0.061s
2024-10-09 02:19:22.451 62633 INFO tempest.lib.common.rest_client [req-d75bc5de-2b1b-45b1-886a-47719f04a4dd req-d75bc5de-2b1b-45b1-886a-47719f04a4dd ] Request (NetworksTest:tearDownClass): 200 GET http://10.180.1.21:9696/networking/v2.0/security-groups?tenant_id=8ff93fa1c18e46d99fb68bd3b1f6fb0a&name=default 0.104s
2024-10-09 02:19:22.480 62675 INFO tempest.lib.common.rest_client [req-4e5b1596-2b00-4d20-b609-efe886aafd72 req-4e5b1596-2b00-4d20-b609-efe886aafd72 ] Request (ServerAddressesNegativeTestJSON:tearDownClass): 204 DELETE http://10.180.1.21/identity/v3/users/485e5b4d1ab94dfcb661d0df99c0d40e 0.117s
2024-10-09 02:19:22.481 62675 INFO tempest.lib.common.dynamic_creds [-] Deleting project and security group for project: ef9ad0e4cc924840870f50ac98ba9bd9
2024-10-09 02:19:22.515 62675 INFO tempest.lib.common.rest_client [req-ee7ff068-35e0-464f-8b16-fb56b90589cb req-ee7ff068-35e0-464f-8b16-fb56b90589cb ] Request (ServerAddressesNegativeTestJSON:tearDownClass): 200 GET http://10.180.1.21:9696/networking/v2.0/security-groups?tenant_id=ef9ad0e4cc924840870f50ac98ba9bd9&name=default 0.034s
2024-10-09 02:19:22.547 62633 INFO tempest.lib.common.rest_client [req-de2a4042-eae2-4c44-bdb8-7ed2c87b27eb req-de2a4042-eae2-4c44-bdb8-7ed2c87b27eb ] Request (NetworksTest:tearDownClass): 204 DELETE http://10.180.1.21:9696/networking/v2.0/security-groups/7fce79f9-e94c-4ea8-bf8f-fe194166a148 0.096s
2024-10-09 02:19:22.616 62675 INFO tempest.lib.common.rest_client [req-6060c3b0-3971-4df2-95f6-63918fd4691b req-6060c3b0-3971-4df2-95f6-63918fd4691b ] Request (ServerAddressesNegativeTestJSON:tearDownClass): 204 DELETE http://10.180.1.21:9696/networking/v2.0/security-groups/ff2a012b-a54e-44aa-b327-78ca13d20765 0.100s
2024-10-09 02:19:22.619 62667 INFO tempest.lib.common.rest_client [req-a6b0dceb-e63d-408d-94dc-5d9bf25f13e8 req-a6b0dceb-e63d-408d-94dc-5d9bf25f13e8 ] Request (InstanceActionsNegativeTestJSON:setUpClass): 200 GET http://10.180.1.21/compute/v2.1/servers/7251e6e6-4cfe-444d-9dfb-ee0ad3a4c427 0.065s
2024-10-09 02:19:22.639 62627 INFO tempest.lib.common.rest_client [req-fea3d4cb-b522-426e-b529-d4ba0652a1b5 req-fea3d4cb-b522-426e-b529-d4ba0652a1b5 ] Request (ServerDiagnosticsV248Test:tearDownClass): 200 GET http://10.180.1.21/compute/v2.1/servers/e514a72d-6b4d-46f9-935b-3535bed4afc2 0.076s
2024-10-09 02:19:22.664 62633 INFO tempest.lib.common.rest_client [req-534a6297-bce1-4df6-b258-d0157d57ab56 req-534a6297-bce1-4df6-b258-d0157d57ab56 ] Request (NetworksTest:tearDownClass): 204 DELETE http://10.180.1.21/identity/v3/projects/8ff93fa1c18e46d99fb68bd3b1f6fb0a 0.117s
2024-10-09 02:19:22.671 62685 INFO tempest.lib.common.rest_client [req-a7325a9f-bf97-420c-bf10-0805cd9b8ee5 req-a7325a9f-bf97-420c-bf10-0805cd9b8ee5 ] Request (ListServersNegativeTestJSON:setUpClass): 200 GET http://10.180.1.21/compute/v2.1/servers/608c13da-6625-417d-a7b3-10821ae638d8 0.059s
2024-10-09 02:19:22.673 62675 INFO tempest.lib.common.rest_client [req-674407f3-48e3-4ac5-897a-69f8d3a29252 req-674407f3-48e3-4ac5-897a-69f8d3a29252 ] Request (ServerAddressesNegativeTestJSON:tearDownClass): 204 DELETE http://10.180.1.21/identity/v3/projects/ef9ad0e4cc924840870f50ac98ba9bd9 0.057s
2024-10-09 02:19:22.715 62633 INFO tempest.lib.common.rest_client [req-ab5fe17b-17b7-4df4-bdfb-4182c09981b7 req-ab5fe17b-17b7-4df4-bdfb-4182c09981b7 ] Request (QuotasAdminTestV257:setUpClass): 201 POST http://10.180.1.21/identity/v3/auth/tokens 0.050s
2024-10-09 02:19:22.745 62633 INFO tempest.lib.common.rest_client [req-cdea331b-df39-4103-9d60-6c12af61c425 req-cdea331b-df39-4103-9d60-6c12af61c425 ] Request (QuotasAdminTestV257:setUpClass): 201 POST http://10.180.1.21/identity/v3/auth/tokens 0.026s
2024-10-09 02:19:22.756 62649 INFO tempest.lib.common.rest_client [req-9485f947-78fc-4e15-adc1-4339137e8adf req-9485f947-78fc-4e15-adc1-4339137e8adf ] Request (ServerDiskConfigTestJSON:test_rebuild_server_with_auto_disk_config): 200 GET http://10.180.1.21/compute/v2.1/servers/caca5304-0ad7-427c-812e-de925de63f2c 0.048s
2024-10-09 02:19:22.769 62633 INFO tempest.lib.common.rest_client [req-8818a69b-d1f0-4d89-9c7a-a4550368f363 req-8818a69b-d1f0-4d89-9c7a-a4550368f363 ] Request (QuotasAdminTestV257:setUpClass): 200 GET http://10.180.1.21/identity/v3/domains?name=Default 0.024s
2024-10-09 02:19:22.796 62633 INFO tempest.lib.common.rest_client [req-ef6fb2fb-ea70-475f-a791-73ff2f03a400 req-ef6fb2fb-ea70-475f-a791-73ff2f03a400 ] Request (QuotasAdminTestV257:setUpClass): 201 POST http://10.180.1.21/identity/v3/projects 0.027s
2024-10-09 02:19:22.814 62651 INFO tempest.lib.common.rest_client [req-57f02936-0bfc-46ab-899c-5117eb50c8d2 req-57f02936-0bfc-46ab-899c-5117eb50c8d2 ] Request (DeleteServersTestJSON:test_delete_server_while_in_attached_volume): 200 GET http://10.180.1.21/compute/v2.1/servers/01d010dc-6b5b-470b-a387-f95a17600e19 0.058s
2024-10-09 02:19:22.836 62672 INFO tempest.lib.common.rest_client [req-2e00d11d-1ae0-4bbc-8a29-8b37ee5fdaef req-2e00d11d-1ae0-4bbc-8a29-8b37ee5fdaef ] Request (ServersTestBootFromVolume:setUpClass): 200 GET http://10.180.1.21/compute/v2.1/servers/317e7e7c-7c6f-4855-a433-e55ea5571b92 0.053s
2024-10-09 02:19:22.843 62672 INFO tempest.common.waiters [-] State transition "BUILD/block_device_mapping" ==> "BUILD/spawning" after 71 second wait
2024-10-09 02:19:22.858 62633 INFO tempest.lib.common.rest_client [req-3643bea8-e27b-4988-8554-ec5bd1ceb79d req-3643bea8-e27b-4988-8554-ec5bd1ceb79d ] Request (QuotasAdminTestV257:setUpClass): 201 POST http://10.180.1.21/identity/v3/users 0.061s
2024-10-09 02:19:22.870 62635 INFO tempest.lib.common.rest_client [req-5843f0d8-0314-43e5-b607-34aab0c34f3b req-5843f0d8-0314-43e5-b607-34aab0c34f3b ] Request (InstanceActionsTestJSON:setUpClass): 200 GET http://10.180.1.21/compute/v2.1/servers/1b459bac-e27d-4af5-bfc2-49898f5ced25 0.063s
2024-10-09 02:19:22.878 62633 INFO tempest.lib.common.rest_client [req-b7c54820-c5d9-4434-89f7-92c6350dd6e6 req-b7c54820-c5d9-4434-89f7-92c6350dd6e6 ] Request (QuotasAdminTestV257:setUpClass): 200 GET http://10.180.1.21/identity/v3/roles 0.019s
2024-10-09 02:19:22.903 62639 INFO tempest.lib.common.rest_client [req-98382512-55a9-4bd5-b60e-dac9948cab42 req-98382512-55a9-4bd5-b60e-dac9948cab42 ] Request (ServerPasswordTestJSON:setUpClass): 200 GET http://10.180.1.21/compute/v2.1/servers/8a099f6e-b5e6-4e3f-a8ab-abdae59d73ee 0.070s
2024-10-09 02:19:22.905 62633 INFO tempest.lib.common.rest_client [req-8344d3db-6493-4645-8460-1dc5e48b359b req-8344d3db-6493-4645-8460-1dc5e48b359b ] Request (QuotasAdminTestV257:setUpClass): 204 PUT http://10.180.1.21/identity/v3/projects/7b444d0c68fa4606a9208eb299cde6c5/users/a8c1d6a71d244ed494d4ed89b63b1df0/roles/6a018f2a908f431a8f76f072ca998fe7 0.027s
2024-10-09 02:19:22.905 62633 INFO tempest.lib.common.dynamic_creds [-] Dynamic test user a8c1d6a71d244ed494d4ed89b63b1df0 is created with scope project and roles: ['member']
2024-10-09 02:19:22.905 62633 INFO tempest.lib.common.dynamic_creds [-] Acquired dynamic creds: credentials: Credentials: {'domain_id': 'default', 'domain_name': 'Default', 'username': 'tempest-QuotasAdminTestV257-1809084866-project-member', 'project_domain_id': 'default', 'project_domain_name': 'Default', 'project_id': '7b444d0c68fa4606a9208eb299cde6c5', 'project_name': 'tempest-QuotasAdminTestV257-1809084866', 'tenant_id': '7b444d0c68fa4606a9208eb299cde6c5', 'tenant_name': 'tempest-QuotasAdminTestV257-1809084866', 'user_domain_id': 'default', 'user_domain_name': 'Default', 'user_id': 'a8c1d6a71d244ed494d4ed89b63b1df0', 'system': None}, Network: None, Subnet: None, Router: None
2024-10-09 02:19:22.906 62633 INFO tempest.lib.common.dynamic_creds [-] Created isolated network resources for: credentials: Credentials: {'domain_id': 'default', 'domain_name': 'Default', 'username': 'tempest-QuotasAdminTestV257-1809084866-project-member', 'project_domain_id': 'default', 'project_domain_name': 'Default', 'project_id': '7b444d0c68fa4606a9208eb299cde6c5', 'project_name': 'tempest-QuotasAdminTestV257-1809084866', 'tenant_id': '7b444d0c68fa4606a9208eb299cde6c5', 'tenant_name': 'tempest-QuotasAdminTestV257-1809084866', 'user_domain_id': 'default', 'user_domain_name': 'Default', 'user_id': 'a8c1d6a71d244ed494d4ed89b63b1df0', 'system': None}, Network: None, Subnet: None, Router: None
2024-10-09 02:19:22.921 62659 INFO tempest.lib.common.rest_client [req-d9fd39ca-1f18-4437-9996-43c2ed401c2c req-d9fd39ca-1f18-4437-9996-43c2ed401c2c ] Request (MigrationsAdminTest:test_resize_server_revert_deleted_flavor): 200 GET http://10.180.1.21/compute/v2.1/servers/d3224596-4e38-4c9c-abd9-59a34bbf59c7 0.069s
2024-10-09 02:19:22.947 62647 INFO tempest.lib.common.rest_client [req-17893366-724f-4619-812e-d4ddfe747312 req-17893366-724f-4619-812e-d4ddfe747312 ] Request (ListServerFiltersTestJSON:setUpClass): 200 GET http://10.180.1.21/compute/v2.1/servers/3e184125-28af-469b-83cc-4ab8859e0e2f 0.066s
2024-10-09 02:19:22.964 62657 INFO tempest.lib.common.rest_client [req-7402208d-957b-4d26-b597-6ca964fedc34 req-7402208d-957b-4d26-b597-6ca964fedc34 ] Request (ServersTestManualDisk:setUpClass): 200 GET http://10.180.1.21/compute/v2.1/servers/cc2bce8f-0c0c-4cbc-a31c-c8ec2992a76e 0.065s
2024-10-09 02:19:22.967 62633 INFO tempest.lib.common.rest_client [req-feaa2ba8-7a38-46ac-897d-75f173a906d4 req-feaa2ba8-7a38-46ac-897d-75f173a906d4 ] Request (QuotasAdminTestV257:setUpClass): 201 POST http://10.180.1.21/identity/v3/auth/tokens 0.058s
2024-10-09 02:19:22.989 62682 INFO tempest.lib.common.rest_client [req-a3f2b686-c6a6-463d-a2ae-05df55707190 req-a3f2b686-c6a6-463d-a2ae-05df55707190 ] Request (AttachInterfacesUnderV243Test:test_add_remove_fixed_ip): 200 GET http://10.180.1.21/compute/v2.1/servers/f50ddafe-f5a9-422b-b0f4-46c1b111dfbe 0.062s
2024-10-09 02:19:23.006 62679 INFO tempest.lib.common.rest_client [req-1ab2c3d7-1614-4e73-be17-ae8e9d454543 req-1ab2c3d7-1614-4e73-be17-ae8e9d454543 ] Request (SecurityGroupsTestJSON:test_list_security_groups_by_server): 200 GET http://10.180.1.21/compute/v2.1/servers/4a99d2e8-7795-4016-ad6e-39a816c7fae1 0.055s
2024-10-09 02:19:23.017 62633 INFO tempest.lib.common.rest_client [req-5d013d56-5306-43c4-833c-2f5640429d6b req-5d013d56-5306-43c4-833c-2f5640429d6b ] Request (QuotasAdminTestV257:setUpClass): 201 POST http://10.180.1.21/identity/v3/projects 0.049s
2024-10-09 02:19:23.031 62642 INFO tempest.lib.common.rest_client [req-38b9e7f2-ae64-41dc-8020-b2ddf6977697 req-38b9e7f2-ae64-41dc-8020-b2ddf6977697 ] Request (ImagesOneServerNegativeTestJSON:setUpClass): 200 GET http://10.180.1.21/compute/v2.1/servers/92057af7-28a3-4643-9cda-d3d868d0cfc9 0.056s
2024-10-09 02:19:23.049 62631 INFO tempest.lib.common.rest_client [req-8d2cef7a-3e8f-407e-8e8b-9fb67af36c61 req-8d2cef7a-3e8f-407e-8e8b-9fb67af36c61 ] Request (DeleteServersAdminTestJSON:test_delete_server_while_in_error_state): 200 GET http://10.180.1.21/compute/v2.1/servers/70abd86c-aa63-4ccb-b185-65bf4977dfdf 0.050s
2024-10-09 02:19:23.068 62633 INFO tempest.lib.common.rest_client [req-41ef4c6f-f55c-4785-9773-e2e7819cc4de req-41ef4c6f-f55c-4785-9773-e2e7819cc4de ] Request (QuotasAdminTestV257:setUpClass): 201 POST http://10.180.1.21/identity/v3/users 0.051s
2024-10-09 02:19:23.072 62663 INFO tempest.lib.common.rest_client [req-3b6c6f18-6cbe-47aa-939d-cf8999069e76 req-3b6c6f18-6cbe-47aa-939d-cf8999069e76 ] Request (ServersTestFqdnHostnames:test_create_server_with_fqdn_name): 200 GET http://10.180.1.21/compute/v2.1/servers/4c96b9c6-40b9-4dea-8dd3-5e8e6372c261 0.043s
2024-10-09 02:19:23.084 62633 INFO tempest.lib.common.rest_client [req-9b1be328-9e73-4b05-abe8-8a9670327c07 req-9b1be328-9e73-4b05-abe8-8a9670327c07 ] Request (QuotasAdminTestV257:setUpClass): 200 GET http://10.180.1.21/identity/v3/roles 0.015s
2024-10-09 02:19:23.097 62645 INFO tempest.lib.common.rest_client [req-8ba1cdf4-bbfd-43ba-a4ff-1f0cfca818e4 req-8ba1cdf4-bbfd-43ba-a4ff-1f0cfca818e4 ] Request (MultipleCreateTestJSON:test_multiple_create_with_reservation_return): 200 GET http://10.180.1.21/compute/v2.1/servers/749e0976-2e2b-4764-865c-2e630f2edbd1 0.047s
2024-10-09 02:19:23.109 62633 INFO tempest.lib.common.rest_client [req-4cf95793-4972-4a78-bb78-ffad54086c10 req-4cf95793-4972-4a78-bb78-ffad54086c10 ] Request (QuotasAdminTestV257:setUpClass): 204 PUT http://10.180.1.21/identity/v3/projects/249595ebf4814de7a29a7759c2ebe2fc/users/15be3108b4604d4c9d385fadeab1081d/roles/dcf0240d7f4845af93f34b04b2f56487 0.024s
2024-10-09 02:19:23.118 62629 INFO tempest.lib.common.rest_client [req-6692d9aa-f92d-4ca7-bded-16a5e0bfdf73 req-6692d9aa-f92d-4ca7-bded-16a5e0bfdf73 ] Request (ServersAdminTestJSON:setUpClass): 200 GET http://10.180.1.21/compute/v2.1/servers/f1d33401-35f5-4d79-abb4-26dc6faa784e 0.045s
2024-10-09 02:19:23.150 62683 INFO tempest.lib.common.rest_client [req-e503d055-b3f0-4723-b909-da4af4826b74 req-e503d055-b3f0-4723-b909-da4af4826b74 ] Request (ServerExternalEventsTest:test_create_server_external_events): 200 GET http://10.180.1.21/compute/v2.1/servers/ad12e5b0-6854-4281-9155-e1660393829c 0.046s
2024-10-09 02:19:23.152 62633 INFO tempest.lib.common.rest_client [req-b3913484-a240-4f23-aae9-6d127982b3f3 req-b3913484-a240-4f23-aae9-6d127982b3f3 ] Request (QuotasAdminTestV257:setUpClass): 200 GET http://10.180.1.21/identity/v3/roles 0.042s
2024-10-09 02:19:23.163 62625 INFO tempest.lib.common.rest_client [req-92b5d70a-1aa9-4e3e-a7c6-969075b0195f req-92b5d70a-1aa9-4e3e-a7c6-969075b0195f ] Request (ServerActionsTestOtherB:setUpClass): 200 GET http://10.180.1.21/compute/v2.1/servers/c348ef22-abb0-48cf-98a6-3a4b217dd186 0.044s
2024-10-09 02:19:23.167 62633 INFO tempest.lib.common.rest_client [req-d888e079-fcc3-44d4-abcc-e877afbac3c4 req-d888e079-fcc3-44d4-abcc-e877afbac3c4 ] Request (QuotasAdminTestV257:setUpClass): 204 PUT http://10.180.1.21/identity/v3/projects/249595ebf4814de7a29a7759c2ebe2fc/users/15be3108b4604d4c9d385fadeab1081d/roles/dcf0240d7f4845af93f34b04b2f56487 0.015s
2024-10-09 02:19:23.167 62633 INFO tempest.lib.common.dynamic_creds [-] Dynamic test user 15be3108b4604d4c9d385fadeab1081d is created with scope project and roles: ['admin']
2024-10-09 02:19:23.167 62633 INFO tempest.lib.common.dynamic_creds [-] Acquired dynamic creds: credentials: Credentials: {'domain_id': 'default', 'domain_name': 'Default', 'username': 'tempest-QuotasAdminTestV257-1382522687-project-admin', 'project_domain_id': 'default', 'project_domain_name': 'Default', 'project_id': '249595ebf4814de7a29a7759c2ebe2fc', 'project_name': 'tempest-QuotasAdminTestV257-1382522687', 'tenant_id': '249595ebf4814de7a29a7759c2ebe2fc', 'tenant_name': 'tempest-QuotasAdminTestV257-1382522687', 'user_domain_id': 'default', 'user_domain_name': 'Default', 'user_id': '15be3108b4604d4c9d385fadeab1081d', 'system': None}, Network: None, Subnet: None, Router: None
2024-10-09 02:19:23.167 62633 INFO tempest.lib.common.dynamic_creds [-] Created isolated network resources for: credentials: Credentials: {'domain_id': 'default', 'domain_name': 'Default', 'username': 'tempest-QuotasAdminTestV257-1382522687-project-admin', 'project_domain_id': 'default', 'project_domain_name': 'Default', 'project_id': '249595ebf4814de7a29a7759c2ebe2fc', 'project_name': 'tempest-QuotasAdminTestV257-1382522687', 'tenant_id': '249595ebf4814de7a29a7759c2ebe2fc', 'tenant_name': 'tempest-QuotasAdminTestV257-1382522687', 'user_domain_id': 'default', 'user_domain_name': 'Default', 'user_id': '15be3108b4604d4c9d385fadeab1081d', 'system': None}, Network: None, Subnet: None, Router: None
2024-10-09 02:19:23.199 62661 INFO tempest.lib.common.rest_client [req-790c1574-c8d2-4285-bc20-eb4b05f17cee req-790c1574-c8d2-4285-bc20-eb4b05f17cee ] Request (FloatingIPsAssociationTestJSON:setUpClass): 200 GET http://10.180.1.21/compute/v2.1/servers/0a21307b-74e7-4c5d-95a3-0800915c51ff 0.046s
2024-10-09 02:19:23.216 62638 INFO tempest.lib.common.rest_client [req-b96edebc-7876-4962-bfdc-2f509254e049 req-b96edebc-7876-4962-bfdc-2f509254e049 ] Request (VolumesAdminNegativeTest:test_update_attached_volume_with_nonexistent_volume_in_body): 200 GET http://10.180.1.21/compute/v2.1/servers/6e0dd86b-d557-4e7a-8520-9ffbd291128b 0.043s
2024-10-09 02:19:23.228 62633 INFO tempest.lib.common.rest_client [req-d270d2cd-20a7-42e1-aab8-6d3210545f87 req-d270d2cd-20a7-42e1-aab8-6d3210545f87 ] Request (QuotasAdminTestV257:setUpClass): 201 POST http://10.180.1.21/identity/v3/auth/tokens 0.058s
2024-10-09 02:19:23.229 62633 WARNING tempest.lib.common.rest_client [-] Deprecated: "tenant_id" property is deprecated for removal, use "project_id" instead
2024-10-09 02:19:23.249 62633 INFO tempest.lib.common.rest_client [req-46e6047c-e1fe-4a34-b8fc-e170a594227e req-46e6047c-e1fe-4a34-b8fc-e170a594227e ] Request (QuotasAdminTestV257:test_get_updated_quotas): 200 GET http://10.180.1.21/identity/v3/domains?name=Default 0.019s
2024-10-09 02:19:23.266 62655 INFO tempest.lib.common.rest_client [req-2a1c81bb-0338-409a-9e75-ea54160817d1 req-2a1c81bb-0338-409a-9e75-ea54160817d1 ] Request (ServersTestJSON:test_create_server_specify_multibyte_character_name): 200 GET http://10.180.1.21/compute/v2.1/servers/ce6b8f31-afee-4062-b860-d054c4d37be0 0.045s
2024-10-09 02:19:23.272 62633 INFO tempest.lib.common.rest_client [req-9d5c068f-7e6a-477c-a4d2-334558bc56ab req-9d5c068f-7e6a-477c-a4d2-334558bc56ab ] Request (QuotasAdminTestV257:test_get_updated_quotas): 201 POST http://10.180.1.21/identity/v3/projects 0.022s
2024-10-09 02:19:23.313 62633 INFO tempest.lib.common.rest_client [req-cfb95101-505c-4af6-82f2-475f02020e79 req-cfb95101-505c-4af6-82f2-475f02020e79 ] Request (QuotasAdminTestV257:test_get_updated_quotas): 200 GET http://10.180.1.21/identity/v3/domains?name=Default 0.041s
2024-10-09 02:19:23.337 62603 INFO tempest.lib.common.rest_client [req-88efed6f-bc2e-4f61-9a8d-6e8611923275 req-88efed6f-bc2e-4f61-9a8d-6e8611923275 ] Request (ImagesNegativeTestJSON:test_create_image_from_deleted_server): 200 GET http://10.180.1.21/compute/v2.1/servers/ea0b59fe-8dd9-4893-87ff-54706eb64479 0.048s
2024-10-09 02:19:23.428 62643 INFO tempest.lib.common.rest_client [req-83ae4575-f54f-4a09-9975-02649fedb6c8 req-83ae4575-f54f-4a09-9975-02649fedb6c8 ] Request (ImagesTestJSON:test_create_image_from_stopped_server): 200 GET http://10.180.1.21/compute/v2.1/servers/866451cc-96c5-433a-a903-9faa1eed538a 0.051s
2024-10-09 02:19:23.430 62633 INFO tempest.lib.common.rest_client [req-4288267d-e6af-40db-b035-90df368ac41b req-4288267d-e6af-40db-b035-90df368ac41b ] Request (QuotasAdminTestV257:test_get_updated_quotas): 200 PUT http://10.180.1.21/compute/v2.1/os-quota-sets/fb067e23b63a43b09156ec47e6ec2cb8 0.117s
2024-10-09 02:19:23.484 62633 INFO tempest.lib.common.rest_client [req-9c4bd4e8-7e96-4d09-aba7-8a255370b1a9 req-9c4bd4e8-7e96-4d09-aba7-8a255370b1a9 ] Request (QuotasAdminTestV257:test_get_updated_quotas): 200 GET http://10.180.1.21/compute/v2.1/os-quota-sets/fb067e23b63a43b09156ec47e6ec2cb8/detail 0.052s
2024-10-09 02:19:23.488 62669 INFO tempest.lib.common.rest_client [req-437afcf2-85b3-4b06-b72a-095da4d6c355 req-437afcf2-85b3-4b06-b72a-095da4d6c355 ] Request (ServerShowV247Test:test_update_rebuild_list_server): 200 GET http://10.180.1.21/compute/v2.1/servers/f0f0eed0-a76a-42bc-9cca-91b93d7ad64c 0.054s
2024-10-09 02:19:23.505 62633 INFO tempest.lib.common.rest_client [req-00fe72d4-590f-4f72-bf07-a24fd73808ad req-00fe72d4-590f-4f72-bf07-a24fd73808ad ] Request (QuotasAdminTestV257:test_get_updated_quotas): 200 GET http://10.180.1.21/identity/v3/domains?name=Default 0.018s
2024-10-09 02:19:23.528 62633 INFO tempest.lib.common.rest_client [req-da66f322-0747-4dd6-85f6-ba892b371a08 req-da66f322-0747-4dd6-85f6-ba892b371a08 ] Request (QuotasAdminTestV257:test_get_updated_quotas): 201 POST http://10.180.1.21/identity/v3/users 0.022s
2024-10-09 02:19:23.543 62633 INFO tempest.lib.common.rest_client [req-1cdfa6b5-26b6-4b84-8ebd-0caa9b35ae30 req-1cdfa6b5-26b6-4b84-8ebd-0caa9b35ae30 ] Request (QuotasAdminTestV257:test_get_updated_quotas): 200 GET http://10.180.1.21/identity/v3/domains?name=Default 0.014s
2024-10-09 02:19:23.617 62633 INFO tempest.lib.common.rest_client [req-e59af8f8-1477-45fa-88f0-63f990a6c138 req-e59af8f8-1477-45fa-88f0-63f990a6c138 ] Request (QuotasAdminTestV257:test_get_updated_quotas): 200 PUT http://10.180.1.21/compute/v2.1/os-quota-sets/fb067e23b63a43b09156ec47e6ec2cb8?user_id=de4e4e4c525648489b50e960694bcc0d 0.073s
2024-10-09 02:19:23.653 62633 INFO tempest.lib.common.rest_client [req-648b247c-b0f3-4cc3-85e5-e03112852665 req-648b247c-b0f3-4cc3-85e5-e03112852665 ] Request (QuotasAdminTestV257:test_get_updated_quotas): 200 GET http://10.180.1.21/compute/v2.1/os-quota-sets/fb067e23b63a43b09156ec47e6ec2cb8?user_id=de4e4e4c525648489b50e960694bcc0d 0.035s
2024-10-09 02:19:23.673 62667 INFO tempest.lib.common.rest_client [req-47a7d98b-86bb-4598-9d15-d8877fd2c4bd req-47a7d98b-86bb-4598-9d15-d8877fd2c4bd ] Request (InstanceActionsNegativeTestJSON:setUpClass): 200 GET http://10.180.1.21/compute/v2.1/servers/7251e6e6-4cfe-444d-9dfb-ee0ad3a4c427 0.045s
2024-10-09 02:19:23.710 62627 INFO tempest.lib.common.rest_client [req-c4b5d0d7-47c1-4a9f-a45a-ff0e1e88abb3 req-c4b5d0d7-47c1-4a9f-a45a-ff0e1e88abb3 ] Request (ServerDiagnosticsV248Test:tearDownClass): 200 GET http://10.180.1.21/compute/v2.1/servers/e514a72d-6b4d-46f9-935b-3535bed4afc2 0.057s
2024-10-09 02:19:23.721 62633 INFO tempest.lib.common.rest_client [req-04577208-d6fb-4857-a277-23c19c7f305b req-04577208-d6fb-4857-a277-23c19c7f305b ] Request (QuotasAdminTestV257:_run_cleanups): 204 DELETE http://10.180.1.21/identity/v3/users/de4e4e4c525648489b50e960694bcc0d 0.066s
2024-10-09 02:19:23.724 62685 INFO tempest.lib.common.rest_client [req-faf9947c-e35a-4a11-856c-02c19c6b6c9e req-faf9947c-e35a-4a11-856c-02c19c6b6c9e ] Request (ListServersNegativeTestJSON:setUpClass): 200 GET http://10.180.1.21/compute/v2.1/servers/608c13da-6625-417d-a7b3-10821ae638d8 0.046s
2024-10-09 02:19:23.805 62633 INFO tempest.lib.common.rest_client [req-ce9f7e6f-5bf2-4be3-bf27-497d8011932e req-ce9f7e6f-5bf2-4be3-bf27-497d8011932e ] Request (QuotasAdminTestV257:_run_cleanups): 204 DELETE http://10.180.1.21/identity/v3/projects/fb067e23b63a43b09156ec47e6ec2cb8 0.083s
2024-10-09 02:19:23.812 62649 INFO tempest.lib.common.rest_client [req-bbf4fff1-33c9-4913-896f-98620dafbc05 req-bbf4fff1-33c9-4913-896f-98620dafbc05 ] Request (ServerDiskConfigTestJSON:test_rebuild_server_with_auto_disk_config): 200 GET http://10.180.1.21/compute/v2.1/servers/caca5304-0ad7-427c-812e-de925de63f2c 0.048s
2024-10-09 02:19:23.867 62651 INFO tempest.lib.common.rest_client [req-ae0a353a-8e05-4d28-810a-e1098d7c270b req-ae0a353a-8e05-4d28-810a-e1098d7c270b ] Request (DeleteServersTestJSON:test_delete_server_while_in_attached_volume): 200 GET http://10.180.1.21/compute/v2.1/servers/01d010dc-6b5b-470b-a387-f95a17600e19 0.046s
2024-10-09 02:19:23.892 62672 INFO tempest.lib.common.rest_client [req-d506b95d-be1e-444c-90ca-80682d29ebcb req-d506b95d-be1e-444c-90ca-80682d29ebcb ] Request (ServersTestBootFromVolume:setUpClass): 200 GET http://10.180.1.21/compute/v2.1/servers/317e7e7c-7c6f-4855-a433-e55ea5571b92 0.048s
2024-10-09 02:19:23.921 62633 INFO tempest.lib.common.rest_client [req-be49865b-1387-45c1-ba94-dc5c3857dfde req-be49865b-1387-45c1-ba94-dc5c3857dfde ] Request (QuotasAdminTestV257:tearDownClass): 204 DELETE http://10.180.1.21/identity/v3/users/a8c1d6a71d244ed494d4ed89b63b1df0 0.115s
2024-10-09 02:19:23.931 62635 INFO tempest.lib.common.rest_client [req-50af2621-b56e-4e9e-9162-477842ae1710 req-50af2621-b56e-4e9e-9162-477842ae1710 ] Request (InstanceActionsTestJSON:setUpClass): 200 GET http://10.180.1.21/compute/v2.1/servers/1b459bac-e27d-4af5-bfc2-49898f5ced25 0.048s
2024-10-09 02:19:23.989 62659 INFO tempest.lib.common.rest_client [req-8c76a2c1-af02-4a9c-a9aa-346727da621e req-8c76a2c1-af02-4a9c-a9aa-346727da621e ] Request (MigrationsAdminTest:test_resize_server_revert_deleted_flavor): 200 GET http://10.180.1.21/compute/v2.1/servers/d3224596-4e38-4c9c-abd9-59a34bbf59c7 0.061s
2024-10-09 02:19:23.990 62639 INFO tempest.lib.common.rest_client [req-0885f6cb-334d-49ea-8d24-b2ba782f5705 req-0885f6cb-334d-49ea-8d24-b2ba782f5705 ] Request (ServerPasswordTestJSON:setUpClass): 200 GET http://10.180.1.21/compute/v2.1/servers/8a099f6e-b5e6-4e3f-a8ab-abdae59d73ee 0.078s
2024-10-09 02:19:24.020 62633 INFO tempest.lib.common.rest_client [req-3a4e18a2-d196-41a1-b987-223c8e6d09e1 req-3a4e18a2-d196-41a1-b987-223c8e6d09e1 ] Request (QuotasAdminTestV257:tearDownClass): 204 DELETE http://10.180.1.21/identity/v3/users/15be3108b4604d4c9d385fadeab1081d 0.098s
2024-10-09 02:19:24.020 62633 INFO tempest.lib.common.dynamic_creds [-] Deleting project and security group for project: 7b444d0c68fa4606a9208eb299cde6c5
2024-10-09 02:19:24.038 62647 INFO tempest.lib.common.rest_client [req-620b9e66-f845-40bd-a3c6-f719e896e9c9 req-620b9e66-f845-40bd-a3c6-f719e896e9c9 ] Request (ListServerFiltersTestJSON:setUpClass): 200 GET http://10.180.1.21/compute/v2.1/servers/3e184125-28af-469b-83cc-4ab8859e0e2f 0.084s
2024-10-09 02:19:24.044 62657 INFO tempest.lib.common.rest_client [req-da2684fd-c60e-4163-b876-59c2dc4115c8 req-da2684fd-c60e-4163-b876-59c2dc4115c8 ] Request (ServersTestManualDisk:setUpClass): 200 GET http://10.180.1.21/compute/v2.1/servers/cc2bce8f-0c0c-4cbc-a31c-c8ec2992a76e 0.072s
2024-10-09 02:19:24.072 62633 INFO tempest.lib.common.rest_client [req-9123d051-28cb-4ff4-a713-b8a4da2ceac6 req-9123d051-28cb-4ff4-a713-b8a4da2ceac6 ] Request (QuotasAdminTestV257:tearDownClass): 201 POST http://10.180.1.21/identity/v3/auth/tokens 0.051s
2024-10-09 02:19:24.091 62682 INFO tempest.lib.common.rest_client [req-65a74893-b70b-490a-a585-fb09a5595561 req-65a74893-b70b-490a-a585-fb09a5595561 ] Request (AttachInterfacesUnderV243Test:test_add_remove_fixed_ip): 200 GET http://10.180.1.21/compute/v2.1/servers/f50ddafe-f5a9-422b-b0f4-46c1b111dfbe 0.094s
2024-10-09 02:19:24.092 62679 INFO tempest.lib.common.rest_client [req-8ef50246-f00a-4a04-a809-5cf486371013 req-8ef50246-f00a-4a04-a809-5cf486371013 ] Request (SecurityGroupsTestJSON:test_list_security_groups_by_server): 200 GET http://10.180.1.21/compute/v2.1/servers/4a99d2e8-7795-4016-ad6e-39a816c7fae1 0.078s
2024-10-09 02:19:24.142 62631 INFO tempest.lib.common.rest_client [req-73563773-993f-4e29-ae0a-cc853a0c6fe4 req-73563773-993f-4e29-ae0a-cc853a0c6fe4 ] Request (DeleteServersAdminTestJSON:test_delete_server_while_in_error_state): 200 GET http://10.180.1.21/compute/v2.1/servers/70abd86c-aa63-4ccb-b185-65bf4977dfdf 0.086s
2024-10-09 02:19:24.144 62642 INFO tempest.lib.common.rest_client [req-a7253799-ebcb-4986-beb2-1eb4e51cf360 req-a7253799-ebcb-4986-beb2-1eb4e51cf360 ] Request (ImagesOneServerNegativeTestJSON:setUpClass): 200 GET http://10.180.1.21/compute/v2.1/servers/92057af7-28a3-4643-9cda-d3d868d0cfc9 0.106s
2024-10-09 02:19:24.188 62663 INFO tempest.lib.common.rest_client [req-a4d56e04-c606-4895-a087-7801c6955c25 req-a4d56e04-c606-4895-a087-7801c6955c25 ] Request (ServersTestFqdnHostnames:test_create_server_with_fqdn_name): 200 GET http://10.180.1.21/compute/v2.1/servers/4c96b9c6-40b9-4dea-8dd3-5e8e6372c261 0.109s
2024-10-09 02:19:24.196 62645 INFO tempest.lib.common.rest_client [req-7cfbd485-c837-41c7-b6c4-9c19f3b0211f req-7cfbd485-c837-41c7-b6c4-9c19f3b0211f ] Request (MultipleCreateTestJSON:test_multiple_create_with_reservation_return): 200 GET http://10.180.1.21/compute/v2.1/servers/749e0976-2e2b-4764-865c-2e630f2edbd1 0.092s
2024-10-09 02:19:24.232 62629 INFO tempest.lib.common.rest_client [req-26c1eff5-4890-4f3e-b585-a9c35ea43465 req-26c1eff5-4890-4f3e-b585-a9c35ea43465 ] Request (ServersAdminTestJSON:setUpClass): 200 GET http://10.180.1.21/compute/v2.1/servers/f1d33401-35f5-4d79-abb4-26dc6faa784e 0.107s
2024-10-09 02:19:24.245 62683 INFO tempest.lib.common.rest_client [req-cc3caf06-0f2e-4035-8f79-5e0cdd92fd09 req-cc3caf06-0f2e-4035-8f79-5e0cdd92fd09 ] Request (ServerExternalEventsTest:test_create_server_external_events): 200 GET http://10.180.1.21/compute/v2.1/servers/ad12e5b0-6854-4281-9155-e1660393829c 0.087s
2024-10-09 02:19:24.249 62633 INFO tempest.lib.common.rest_client [req-b727b2cb-968e-4d97-b9de-8bcd7282a080 req-b727b2cb-968e-4d97-b9de-8bcd7282a080 ] Request (QuotasAdminTestV257:tearDownClass): 200 GET http://10.180.1.21:9696/networking/v2.0/security-groups?tenant_id=7b444d0c68fa4606a9208eb299cde6c5&name=default 0.177s
2024-10-09 02:19:24.284 62625 INFO tempest.lib.common.rest_client [req-124b7e3b-f2cc-4257-93e9-1115207f42a2 req-124b7e3b-f2cc-4257-93e9-1115207f42a2 ] Request (ServerActionsTestOtherB:setUpClass): 200 GET http://10.180.1.21/compute/v2.1/servers/c348ef22-abb0-48cf-98a6-3a4b217dd186 0.114s
2024-10-09 02:19:24.301 62661 INFO tempest.lib.common.rest_client [req-ae8bcf57-b0dd-4abc-b353-0515f5457ab0 req-ae8bcf57-b0dd-4abc-b353-0515f5457ab0 ] Request (FloatingIPsAssociationTestJSON:setUpClass): 200 GET http://10.180.1.21/compute/v2.1/servers/0a21307b-74e7-4c5d-95a3-0800915c51ff 0.095s
2024-10-09 02:19:24.332 62638 INFO tempest.lib.common.rest_client [req-5e2bba84-0b82-4fc1-a97d-6703c7d4d1a1 req-5e2bba84-0b82-4fc1-a97d-6703c7d4d1a1 ] Request (VolumesAdminNegativeTest:test_update_attached_volume_with_nonexistent_volume_in_body): 200 GET http://10.180.1.21/compute/v2.1/servers/6e0dd86b-d557-4e7a-8520-9ffbd291128b 0.109s
2024-10-09 02:19:24.348 62655 INFO tempest.lib.common.rest_client [req-55be1d8b-0327-4825-9f5d-5b3290f2d047 req-55be1d8b-0327-4825-9f5d-5b3290f2d047 ] Request (ServersTestJSON:test_create_server_specify_multibyte_character_name): 200 GET http://10.180.1.21/compute/v2.1/servers/ce6b8f31-afee-4062-b860-d054c4d37be0 0.075s
2024-10-09 02:19:24.390 62603 INFO tempest.lib.common.rest_client [req-25cbb928-98e7-4c1e-9966-75aeac76b4d0 req-25cbb928-98e7-4c1e-9966-75aeac76b4d0 ] Request (ImagesNegativeTestJSON:test_create_image_from_deleted_server): 200 GET http://10.180.1.21/compute/v2.1/servers/ea0b59fe-8dd9-4893-87ff-54706eb64479 0.046s
2024-10-09 02:19:24.395 62633 INFO tempest.lib.common.rest_client [req-218bc808-02de-4c4e-8dfa-f7bb7523ff1e req-218bc808-02de-4c4e-8dfa-f7bb7523ff1e ] Request (QuotasAdminTestV257:tearDownClass): 204 DELETE http://10.180.1.21:9696/networking/v2.0/security-groups/1a87522c-d792-44e2-82af-b34c6511e224 0.145s
2024-10-09 02:19:24.448 62633 INFO tempest.lib.common.rest_client [req-5702c14b-a55d-4aef-9077-a1c96a040764 req-5702c14b-a55d-4aef-9077-a1c96a040764 ] Request (QuotasAdminTestV257:tearDownClass): 204 DELETE http://10.180.1.21/identity/v3/projects/7b444d0c68fa4606a9208eb299cde6c5 0.053s
2024-10-09 02:19:24.448 62633 INFO tempest.lib.common.dynamic_creds [-] Deleting project and security group for project: 249595ebf4814de7a29a7759c2ebe2fc
2024-10-09 02:19:24.481 62643 INFO tempest.lib.common.rest_client [req-b0538a3e-d18c-4065-b2f5-836ced0615cf req-b0538a3e-d18c-4065-b2f5-836ced0615cf ] Request (ImagesTestJSON:test_create_image_from_stopped_server): 200 GET http://10.180.1.21/compute/v2.1/servers/866451cc-96c5-433a-a903-9faa1eed538a 0.046s
2024-10-09 02:19:24.540 62633 INFO tempest.lib.common.rest_client [req-49635b77-05a9-4778-baed-8c9653120ca5 req-49635b77-05a9-4778-baed-8c9653120ca5 ] Request (QuotasAdminTestV257:tearDownClass): 200 GET http://10.180.1.21:9696/networking/v2.0/security-groups?tenant_id=249595ebf4814de7a29a7759c2ebe2fc&name=default 0.092s
2024-10-09 02:19:24.549 62669 INFO tempest.lib.common.rest_client [req-4162e3eb-74bd-40f5-b9f5-90cca06fc754 req-4162e3eb-74bd-40f5-b9f5-90cca06fc754 ] Request (ServerShowV247Test:test_update_rebuild_list_server): 200 GET http://10.180.1.21/compute/v2.1/servers/f0f0eed0-a76a-42bc-9cca-91b93d7ad64c 0.052s
2024-10-09 02:19:24.614 62633 INFO tempest.lib.common.rest_client [req-79594d22-6124-43a7-a7ce-1bf77c193843 req-79594d22-6124-43a7-a7ce-1bf77c193843 ] Request (QuotasAdminTestV257:tearDownClass): 204 DELETE http://10.180.1.21:9696/networking/v2.0/security-groups/77a47e65-6bd7-4473-b9d3-d956b50fbc75 0.074s
2024-10-09 02:19:24.685 62633 INFO tempest.lib.common.rest_client [req-07e32595-83e4-4587-8d6d-f8b77204a94d req-07e32595-83e4-4587-8d6d-f8b77204a94d ] Request (QuotasAdminTestV257:tearDownClass): 204 DELETE http://10.180.1.21/identity/v3/projects/249595ebf4814de7a29a7759c2ebe2fc 0.071s
2024-10-09 02:19:24.728 62667 INFO tempest.lib.common.rest_client [req-0d7ebf83-6c76-4c79-968f-0c0a27024e9b req-0d7ebf83-6c76-4c79-968f-0c0a27024e9b ] Request (InstanceActionsNegativeTestJSON:setUpClass): 200 GET http://10.180.1.21/compute/v2.1/servers/7251e6e6-4cfe-444d-9dfb-ee0ad3a4c427 0.047s
2024-10-09 02:19:24.740 62633 INFO tempest.lib.common.rest_client [req-4c3f6a5a-e7d6-45b1-9780-d9858f4fcb55 req-4c3f6a5a-e7d6-45b1-9780-d9858f4fcb55 ] Request (SecurityGroupRulesNegativeTestJSON:setUpClass): 201 POST http://10.180.1.21/identity/v3/auth/tokens 0.053s
2024-10-09 02:19:24.768 62633 INFO tempest.lib.common.rest_client [req-aac813ba-151c-4cd6-911f-5b29efad38f9 req-aac813ba-151c-4cd6-911f-5b29efad38f9 ] Request (SecurityGroupRulesNegativeTestJSON:setUpClass): 201 POST http://10.180.1.21/identity/v3/auth/tokens 0.025s
2024-10-09 02:19:24.782 62685 INFO tempest.lib.common.rest_client [req-652d4a6e-8047-4819-aa50-3388546e9901 req-652d4a6e-8047-4819-aa50-3388546e9901 ] Request (ListServersNegativeTestJSON:setUpClass): 200 GET http://10.180.1.21/compute/v2.1/servers/608c13da-6625-417d-a7b3-10821ae638d8 0.052s
2024-10-09 02:19:24.788 62633 INFO tempest.lib.common.rest_client [req-682eb12a-d85b-4df2-ba91-0bc0a0130de8 req-682eb12a-d85b-4df2-ba91-0bc0a0130de8 ] Request (SecurityGroupRulesNegativeTestJSON:setUpClass): 200 GET http://10.180.1.21/identity/v3/domains?name=Default 0.019s
2024-10-09 02:19:24.792 62627 INFO tempest.lib.common.rest_client [req-79337618-2529-400f-8bdd-a8ca5398c11a req-79337618-2529-400f-8bdd-a8ca5398c11a ] Request (ServerDiagnosticsV248Test:tearDownClass): 200 GET http://10.180.1.21/compute/v2.1/servers/e514a72d-6b4d-46f9-935b-3535bed4afc2 0.073s
2024-10-09 02:19:24.812 62633 INFO tempest.lib.common.rest_client [req-0f722a0a-4ac0-408c-88b7-c5469497afa7 req-0f722a0a-4ac0-408c-88b7-c5469497afa7 ] Request (SecurityGroupRulesNegativeTestJSON:setUpClass): 201 POST http://10.180.1.21/identity/v3/projects 0.024s
2024-10-09 02:19:24.862 62633 INFO tempest.lib.common.rest_client [req-7fe8f973-b1fe-4d92-9412-e46e71d7c24c req-7fe8f973-b1fe-4d92-9412-e46e71d7c24c ] Request (SecurityGroupRulesNegativeTestJSON:setUpClass): 201 POST http://10.180.1.21/identity/v3/users 0.049s
2024-10-09 02:19:24.867 62649 INFO tempest.lib.common.rest_client [req-a952e898-9760-4341-a3d3-19259b04c6dd req-a952e898-9760-4341-a3d3-19259b04c6dd ] Request (ServerDiskConfigTestJSON:test_rebuild_server_with_auto_disk_config): 200 GET http://10.180.1.21/compute/v2.1/servers/caca5304-0ad7-427c-812e-de925de63f2c 0.049s
2024-10-09 02:19:24.878 62633 INFO tempest.lib.common.rest_client [req-6a9845b6-9273-4b22-8830-ac6ac0d8e78a req-6a9845b6-9273-4b22-8830-ac6ac0d8e78a ] Request (SecurityGroupRulesNegativeTestJSON:setUpClass): 200 GET http://10.180.1.21/identity/v3/roles 0.015s
2024-10-09 02:19:24.903 62633 INFO tempest.lib.common.rest_client [req-8ce392cc-0914-4bb9-bc1c-fc291d48a41c req-8ce392cc-0914-4bb9-bc1c-fc291d48a41c ] Request (SecurityGroupRulesNegativeTestJSON:setUpClass): 204 PUT http://10.180.1.21/identity/v3/projects/ff8bada4c64c408982205552da91ddc2/users/5f6424f1246d4302a7cb747deb22713f/roles/6a018f2a908f431a8f76f072ca998fe7 0.024s
2024-10-09 02:19:24.903 62633 INFO tempest.lib.common.dynamic_creds [-] Dynamic test user 5f6424f1246d4302a7cb747deb22713f is created with scope project and roles: ['member']
2024-10-09 02:19:24.903 62633 INFO tempest.lib.common.dynamic_creds [-] Acquired dynamic creds: credentials: Credentials: {'domain_id': 'default', 'domain_name': 'Default', 'username': 'tempest-SecurityGroupRulesNegativeTestJSON-1437608633-project-member', 'project_domain_id': 'default', 'project_domain_name': 'Default', 'project_id': 'ff8bada4c64c408982205552da91ddc2', 'project_name': 'tempest-SecurityGroupRulesNegativeTestJSON-1437608633', 'tenant_id': 'ff8bada4c64c408982205552da91ddc2', 'tenant_name': 'tempest-SecurityGroupRulesNegativeTestJSON-1437608633', 'user_domain_id': 'default', 'user_domain_name': 'Default', 'user_id': '5f6424f1246d4302a7cb747deb22713f', 'system': None}, Network: None, Subnet: None, Router: None
2024-10-09 02:19:24.924 62651 INFO tempest.lib.common.rest_client [req-2509523f-6c7e-42db-979c-dbb167e02eb0 req-2509523f-6c7e-42db-979c-dbb167e02eb0 ] Request (DeleteServersTestJSON:test_delete_server_while_in_attached_volume): 200 GET http://10.180.1.21/compute/v2.1/servers/01d010dc-6b5b-470b-a387-f95a17600e19 0.048s
2024-10-09 02:19:24.945 62672 INFO tempest.lib.common.rest_client [req-d1eeb705-30f7-4025-8530-1ac59e40b453 req-d1eeb705-30f7-4025-8530-1ac59e40b453 ] Request (ServersTestBootFromVolume:setUpClass): 200 GET http://10.180.1.21/compute/v2.1/servers/317e7e7c-7c6f-4855-a433-e55ea5571b92 0.046s
2024-10-09 02:19:24.955 62633 INFO tempest.lib.common.rest_client [req-b33037c7-c0ff-4703-9771-7e919f9559d9 req-b33037c7-c0ff-4703-9771-7e919f9559d9 ] Request (SecurityGroupRulesNegativeTestJSON:setUpClass): 201 POST http://10.180.1.21/identity/v3/auth/tokens 0.051s
2024-10-09 02:19:24.985 62635 INFO tempest.lib.common.rest_client [req-fdd34d4d-84ee-48a4-a9e1-c6a60814f5f7 req-fdd34d4d-84ee-48a4-a9e1-c6a60814f5f7 ] Request (InstanceActionsTestJSON:setUpClass): 200 GET http://10.180.1.21/compute/v2.1/servers/1b459bac-e27d-4af5-bfc2-49898f5ced25 0.048s
2024-10-09 02:19:25.052 62639 INFO tempest.lib.common.rest_client [req-999845f2-80bd-4c83-a13b-64ad36cbbea7 req-999845f2-80bd-4c83-a13b-64ad36cbbea7 ] Request (ServerPasswordTestJSON:setUpClass): 200 GET http://10.180.1.21/compute/v2.1/servers/8a099f6e-b5e6-4e3f-a8ab-abdae59d73ee 0.054s
2024-10-09 02:19:25.056 62659 INFO tempest.lib.common.rest_client [req-cace0fe2-58c6-46dd-a6b4-e594e81eb390 req-cace0fe2-58c6-46dd-a6b4-e594e81eb390 ] Request (MigrationsAdminTest:test_resize_server_revert_deleted_flavor): 200 GET http://10.180.1.21/compute/v2.1/servers/d3224596-4e38-4c9c-abd9-59a34bbf59c7 0.058s
2024-10-09 02:19:25.097 62647 INFO tempest.lib.common.rest_client [req-70bf19e9-739e-4065-b405-5b1f54fbaebc req-70bf19e9-739e-4065-b405-5b1f54fbaebc ] Request (ListServerFiltersTestJSON:setUpClass): 200 GET http://10.180.1.21/compute/v2.1/servers/3e184125-28af-469b-83cc-4ab8859e0e2f 0.052s
2024-10-09 02:19:25.107 62657 INFO tempest.lib.common.rest_client [req-14a048cf-2f8b-47ec-be95-7922d931e29e req-14a048cf-2f8b-47ec-be95-7922d931e29e ] Request (ServersTestManualDisk:setUpClass): 200 GET http://10.180.1.21/compute/v2.1/servers/cc2bce8f-0c0c-4cbc-a31c-c8ec2992a76e 0.052s
2024-10-09 02:19:25.149 62682 INFO tempest.lib.common.rest_client [req-c25ef1a0-4b3a-4832-b68f-293c32167d77 req-c25ef1a0-4b3a-4832-b68f-293c32167d77 ] Request (AttachInterfacesUnderV243Test:test_add_remove_fixed_ip): 200 GET http://10.180.1.21/compute/v2.1/servers/f50ddafe-f5a9-422b-b0f4-46c1b111dfbe 0.052s
2024-10-09 02:19:25.157 62679 INFO tempest.lib.common.rest_client [req-a5579aae-3799-4a59-8ab1-624c4588b53e req-a5579aae-3799-4a59-8ab1-624c4588b53e ] Request (SecurityGroupsTestJSON:test_list_security_groups_by_server): 200 GET http://10.180.1.21/compute/v2.1/servers/4a99d2e8-7795-4016-ad6e-39a816c7fae1 0.057s
2024-10-09 02:19:25.174 62633 INFO tempest.lib.common.rest_client [req-98557a39-064e-4fa3-ac36-124b23cca8bb req-98557a39-064e-4fa3-ac36-124b23cca8bb ] Request (SecurityGroupRulesNegativeTestJSON:setUpClass): 201 POST http://10.180.1.21:9696/networking/v2.0/networks 0.218s
2024-10-09 02:19:25.201 62631 INFO tempest.lib.common.rest_client [req-25ef2866-0bf1-40e1-83ad-8f5b51da4887 req-25ef2866-0bf1-40e1-83ad-8f5b51da4887 ] Request (DeleteServersAdminTestJSON:test_delete_server_while_in_error_state): 200 GET http://10.180.1.21/compute/v2.1/servers/70abd86c-aa63-4ccb-b185-65bf4977dfdf 0.051s
2024-10-09 02:19:25.206 62642 INFO tempest.lib.common.rest_client [req-88f393ab-9c05-4470-9dd5-9d0931cdcc29 req-88f393ab-9c05-4470-9dd5-9d0931cdcc29 ] Request (ImagesOneServerNegativeTestJSON:setUpClass): 200 GET http://10.180.1.21/compute/v2.1/servers/92057af7-28a3-4643-9cda-d3d868d0cfc9 0.054s
2024-10-09 02:19:25.248 62663 INFO tempest.lib.common.rest_client [req-263787e9-b5b7-44d6-b117-b5fb276cf9a3 req-263787e9-b5b7-44d6-b117-b5fb276cf9a3 ] Request (ServersTestFqdnHostnames:test_create_server_with_fqdn_name): 200 GET http://10.180.1.21/compute/v2.1/servers/4c96b9c6-40b9-4dea-8dd3-5e8e6372c261 0.051s
2024-10-09 02:19:25.254 62645 INFO tempest.lib.common.rest_client [req-8ed6a2d4-43ba-485b-9de6-a7bdaca28932 req-8ed6a2d4-43ba-485b-9de6-a7bdaca28932 ] Request (MultipleCreateTestJSON:test_multiple_create_with_reservation_return): 200 GET http://10.180.1.21/compute/v2.1/servers/749e0976-2e2b-4764-865c-2e630f2edbd1 0.051s
2024-10-09 02:19:25.292 62629 INFO tempest.lib.common.rest_client [req-735f62b8-c23a-47f2-9cf0-733aca12f900 req-735f62b8-c23a-47f2-9cf0-733aca12f900 ] Request (ServersAdminTestJSON:setUpClass): 200 GET http://10.180.1.21/compute/v2.1/servers/f1d33401-35f5-4d79-abb4-26dc6faa784e 0.049s
