2024-10-09 12:02:14.366 62819 INFO tempest.lib.common.rest_client [req-c832bbfd-10be-4a4a-a081-68a67b9040c0 req-c832bbfd-10be-4a4a-a081-68a67b9040c0 ] Request (ServerRescueTestJSONUnderV235:setUpClass): 200 GET http://10.180.1.21/compute/v2.1/servers/15772d8e-98ce-47cf-9b61-e79c7ffc3a8b 0.052s
2024-10-09 12:02:14.370 62817 INFO tempest.lib.common.rest_client [req-9ffc0fb0-8865-4270-8f6b-7eeaf54ae000 req-9ffc0fb0-8865-4270-8f6b-7eeaf54ae000 ] Request (MigrationsAdminTest:test_resize_server_revert_deleted_flavor): 200 GET http://10.180.1.21/compute/v2.1/servers/de4f9304-3357-4eaa-9c94-fe28bc554086 0.046s
2024-10-09 12:02:14.431 62848 INFO tempest.lib.common.rest_client [req-538569e1-b28c-499e-b140-31156b450c4f req-538569e1-b28c-499e-b140-31156b450c4f ] Request (ServersTestMultiNic:test_verify_multiple_nics_order): 200 GET http://10.180.1.21/compute/v2.1/servers/68a3a4a5-ee3e-4234-8577-e5c1af6fbfb9 0.043s
2024-10-09 12:02:14.442 62811 INFO tempest.lib.common.rest_client [req-10e1095f-244f-4466-85dc-c519dd9640eb req-10e1095f-244f-4466-85dc-c519dd9640eb ] Request (ServersTestJSON:setUpClass): 200 GET http://10.180.1.21/compute/v2.1/servers/0a8840f1-7681-4aaa-9f3a-32b72c04c1c4 0.047s
2024-10-09 12:02:14.470 62823 INFO tempest.lib.common.rest_client [req-a2cc2f9e-95e0-406c-9f2d-07575636dcaa req-a2cc2f9e-95e0-406c-9f2d-07575636dcaa ] Request (ServerPasswordTestJSON:setUpClass): 200 GET http://10.180.1.21/compute/v2.1/servers/dcbe8e2d-6ae9-465f-8394-3978ee61a15b 0.040s
2024-10-09 12:02:14.497 62801 INFO tempest.lib.common.rest_client [req-73f60acb-fb22-4217-9868-e4ebb671d4a7 req-73f60acb-fb22-4217-9868-e4ebb671d4a7 ] Request (DeleteServersAdminTestJSON:test_delete_server_while_in_error_state): 200 GET http://10.180.1.21/compute/v2.1/servers/9fd421c6-d068-4a81-a042-2d1f23fb9e1a 0.043s
2024-10-09 12:02:14.607 62795 INFO tempest.lib.common.rest_client [req-728e550f-a9ef-48aa-a0b2-cbc698f4a39a req-728e550f-a9ef-48aa-a0b2-cbc698f4a39a ] Request (ServersTestManualDisk:setUpClass): 200 GET http://10.180.1.21/compute/v2.1/servers/20fab902-79cc-4f83-abaf-53a53c2521f4 0.051s
2024-10-09 12:02:14.609 62829 INFO tempest.lib.common.rest_client [req-de4b11e2-af2d-494c-8b95-d967e965f4ad req-de4b11e2-af2d-494c-8b95-d967e965f4ad ] Request (InstanceActionsTestJSON:setUpClass): 200 GET http://10.180.1.21/compute/v2.1/servers/60db0e43-692b-4449-9b44-badf3053429d 0.058s
2024-10-09 12:02:14.670 62807 INFO tempest.lib.common.rest_client [req-aa0b0984-1ccd-4ca4-9e94-e4be7690025d req-aa0b0984-1ccd-4ca4-9e94-e4be7690025d ] Request (ServersTestBootFromVolume:setUpClass): 200 GET http://10.180.1.21/compute/v2.1/servers/92cf1acb-b471-4add-a73f-7e9e94fbaaa4 0.053s
2024-10-09 12:02:14.672 62849 INFO tempest.lib.common.rest_client [req-cd84e69d-cb0f-4b89-a93e-367531df66fc req-cd84e69d-cb0f-4b89-a93e-367531df66fc ] Request (ServerActionsTestOtherB:setUpClass): 200 GET http://10.180.1.21/compute/v2.1/servers/877f5b67-68f8-48b0-8e12-622d9b50a390 0.053s
2024-10-09 12:02:14.712 62843 INFO tempest.lib.common.rest_client [req-bb31bdb5-ef5e-400b-95ad-2e5d7ebcd5fd req-bb31bdb5-ef5e-400b-95ad-2e5d7ebcd5fd ] Request (SecurityGroupsTestJSON:test_server_security_groups): 200 GET http://10.180.1.21/compute/v2.1/servers/92bd8b10-2034-49d4-bf38-0edc7e1e6f7d 0.053s
2024-10-09 12:02:14.750 62833 INFO tempest.lib.common.rest_client [req-802626a0-7138-4c04-8af3-2cf1c787d809 req-802626a0-7138-4c04-8af3-2cf1c787d809 ] Request (ServerShowV247Test:test_update_rebuild_list_server): 200 GET http://10.180.1.21/compute/v2.1/servers/d34c098d-a827-4dbd-96e4-e27d9d56b847 0.047s
2024-10-09 12:02:14.786 62859 INFO tempest.lib.common.rest_client [req-14efec17-8951-43b5-995a-a740b7d3bd8a req-14efec17-8951-43b5-995a-a740b7d3bd8a ] Request (ImagesTestJSON:test_create_image_from_suspended_server): 200 GET http://10.180.1.21/compute/v2.1/servers/d94d2c98-bbbb-4bdf-a4d4-603aa7635a7d 0.042s
2024-10-09 12:02:14.862 62815 INFO tempest.lib.common.rest_client [req-c9cd3960-1876-46a9-9960-cade5f5043b4 req-c9cd3960-1876-46a9-9960-cade5f5043b4 ] Request (ListServersNegativeTestJSON:setUpClass): 200 GET http://10.180.1.21/compute/v2.1/servers/81814471-a617-4364-a140-105252ca9c04 0.046s
2024-10-09 12:02:14.894 62803 INFO tempest.lib.common.rest_client [req-8fb8453e-0e81-44c5-99e9-f0c58a481018 req-8fb8453e-0e81-44c5-99e9-f0c58a481018 ] Request (ServerActionsV293TestJSON:setUpClass): 200 GET http://10.180.1.21/compute/v2.1/servers/014899cb-db4c-4444-abe1-b0129c0d7db9 0.052s
2024-10-09 12:02:14.916 62799 INFO tempest.lib.common.rest_client [req-0f759304-66d2-4534-8421-e9a3c484b360 req-0f759304-66d2-4534-8421-e9a3c484b360 ] Request (FloatingIPsAssociationNegativeTestJSON:setUpClass): 200 GET http://10.180.1.21/compute/v2.1/servers/4455c247-a707-4c3a-9323-0110a1290780 0.050s
2024-10-09 12:02:14.922 62799 INFO tempest.common.waiters [-] State transition "BUILD/scheduling" ==> "ERROR/None" after 112 second wait
2024-10-09 12:02:14.933 62845 INFO tempest.lib.common.rest_client [req-112069c9-f869-4d11-92ed-577a4f125001 req-112069c9-f869-4d11-92ed-577a4f125001 ] Request (ServerActionsTestJSON:setUpClass): 200 GET http://10.180.1.21/compute/v2.1/servers/e3416076-1d11-47e4-9f76-9a64d7259166 0.056s
2024-10-09 12:02:15.019 62827 INFO tempest.lib.common.rest_client [req-ddcc60c0-bc4b-49f9-8120-06ea03919c44 req-ddcc60c0-bc4b-49f9-8120-06ea03919c44 ] Request (ServersTestFqdnHostnames:test_create_server_with_fqdn_name): 200 GET http://10.180.1.21/compute/v2.1/servers/e25c631d-3d1b-40d2-9fb1-a65431f991a9 0.044s
2024-10-09 12:02:15.076 62799 INFO tempest.lib.common.rest_client [req-bad9cc6e-9247-461f-ab19-a3dab1c1b797 req-bad9cc6e-9247-461f-ab19-a3dab1c1b797 ] Request (FloatingIPsAssociationNegativeTestJSON:setUpClass): 204 DELETE http://10.180.1.21/compute/v2.1/servers/4455c247-a707-4c3a-9323-0110a1290780 0.153s
2024-10-09 12:02:15.096 62799 INFO tempest.lib.common.rest_client [req-91800e0f-35b5-4caf-b2fd-e9d7e179df9a req-91800e0f-35b5-4caf-b2fd-e9d7e179df9a ] Request (FloatingIPsAssociationNegativeTestJSON:setUpClass): 404 GET http://10.180.1.21/compute/v2.1/servers/4455c247-a707-4c3a-9323-0110a1290780 0.019s
2024-10-09 12:02:15.096 62799 INFO tempest.test [-] raised in FloatingIPsAssociationNegativeTestJSON.setUpClass. Invoking tearDownClass.
2024-10-09 12:02:15.148 62797 INFO tempest.lib.common.rest_client [req-1e920933-5fba-4e14-a471-339f8b9eb75a req-1e920933-5fba-4e14-a471-339f8b9eb75a ] Request (ServerActionsTestOtherA:setUpClass): 200 GET http://10.180.1.21/compute/v2.1/servers/e8cbb437-0ace-4af3-a1d9-f96eeeea8504 0.046s
2024-10-09 12:02:15.219 62855 INFO tempest.lib.common.rest_client [req-97e07ac3-6706-48b1-b989-726c29cab158 req-97e07ac3-6706-48b1-b989-726c29cab158 ] Request (AttachVolumeTestJSON:test_attach_detach_volume): 200 GET http://10.180.1.21/compute/v2.1/servers/6b19c327-9a80-498f-a350-8068ad250377 0.065s
2024-10-09 12:02:15.292 62805 INFO tempest.lib.common.rest_client [req-79111ffe-b303-49eb-9229-d5c9520e528a req-79111ffe-b303-49eb-9229-d5c9520e528a ] Request (ImagesOneServerNegativeTestJSON:setUpClass): 200 GET http://10.180.1.21/compute/v2.1/servers/3d19d349-e450-4307-a763-6269dcb06544 0.065s
2024-10-09 12:02:15.296 62837 INFO tempest.lib.common.rest_client [req-f5eb6d21-dd62-4eab-933b-5549d8c43a0c req-f5eb6d21-dd62-4eab-933b-5549d8c43a0c ] Request (ServersNegativeTestJSON:setUpClass): 200 GET http://10.180.1.21/compute/v2.1/servers/606becc8-ff43-469c-aca6-c35d67614960 0.063s
2024-10-09 12:02:15.356 62839 INFO tempest.lib.common.rest_client [req-24321bb5-42d2-467e-9912-f8d13091e9d6 req-24321bb5-42d2-467e-9912-f8d13091e9d6 ] Request (ListImageFiltersTestJSON:setUpClass): 200 GET http://10.180.1.21/compute/v2.1/servers/a358a3cb-deda-419a-aa3c-ce7aeb534240 0.078s
2024-10-09 12:02:15.364 62813 INFO tempest.lib.common.rest_client [req-438b72a8-3b20-4f3f-9552-6098fd6ac78a req-438b72a8-3b20-4f3f-9552-6098fd6ac78a ] Request (ServerAddressesNegativeTestJSON:setUpClass): 200 GET http://10.180.1.21/compute/v2.1/servers/932b7ac4-0a4b-4a39-a002-5a4ae3ce75f6 0.081s
2024-10-09 12:02:15.559 62857 INFO tempest.lib.common.rest_client [req-fddc3dae-a5d2-4aeb-9979-c4211a74739c req-fddc3dae-a5d2-4aeb-9979-c4211a74739c ] Request (DeleteServersTestJSON:test_delete_server_while_in_attached_volume): 200 GET http://10.180.1.21/compute/v2.1/servers/c93cb228-0adb-423c-854f-73354cdb7012 0.240s
2024-10-09 12:02:15.561 62826 INFO tempest.lib.common.rest_client [req-4820fdfc-65f3-4453-9657-5d4f22e86ee0 req-4820fdfc-65f3-4453-9657-5d4f22e86ee0 ] Request (ServerDiagnosticsNegativeTest:test_get_server_diagnostics_by_non_admin): 200 GET http://10.180.1.21/compute/v2.1/servers/09ccf23b-4763-47e1-afad-59e2b06b2d9e 0.231s
2024-10-09 12:02:15.565 62857 INFO tempest.common.waiters [-] State transition "BUILD/scheduling" ==> "BUILD/None" after 91 second wait
2024-10-09 12:02:15.618 62819 INFO tempest.lib.common.rest_client [req-37e36881-e19d-4604-ad81-574bee7cc1d5 req-37e36881-e19d-4604-ad81-574bee7cc1d5 ] Request (ServerRescueTestJSONUnderV235:setUpClass): 200 GET http://10.180.1.21/compute/v2.1/servers/15772d8e-98ce-47cf-9b61-e79c7ffc3a8b 0.246s
2024-10-09 12:02:15.628 62817 INFO tempest.lib.common.rest_client [req-5083d77f-98ec-466c-a720-f0d18e488e7d req-5083d77f-98ec-466c-a720-f0d18e488e7d ] Request (MigrationsAdminTest:test_resize_server_revert_deleted_flavor): 200 GET http://10.180.1.21/compute/v2.1/servers/de4f9304-3357-4eaa-9c94-fe28bc554086 0.252s
2024-10-09 12:02:15.683 62811 INFO tempest.lib.common.rest_client [req-79dc6baa-e419-4692-8264-278b96ad903f req-79dc6baa-e419-4692-8264-278b96ad903f ] Request (ServersTestJSON:setUpClass): 200 GET http://10.180.1.21/compute/v2.1/servers/0a8840f1-7681-4aaa-9f3a-32b72c04c1c4 0.235s
2024-10-09 12:02:15.684 62848 INFO tempest.lib.common.rest_client [req-83f2ad0d-575a-4d6f-b00e-b14f1900593e req-83f2ad0d-575a-4d6f-b00e-b14f1900593e ] Request (ServersTestMultiNic:test_verify_multiple_nics_order): 200 GET http://10.180.1.21/compute/v2.1/servers/68a3a4a5-ee3e-4234-8577-e5c1af6fbfb9 0.247s
2024-10-09 12:02:15.742 62823 INFO tempest.lib.common.rest_client [req-5e1e344a-b4c3-4306-8308-b49c668207dd req-5e1e344a-b4c3-4306-8308-b49c668207dd ] Request (ServerPasswordTestJSON:setUpClass): 200 GET http://10.180.1.21/compute/v2.1/servers/dcbe8e2d-6ae9-465f-8394-3978ee61a15b 0.265s
2024-10-09 12:02:15.752 62801 INFO tempest.lib.common.rest_client [req-7146b7db-8d2b-4726-a909-027b8b165f32 req-7146b7db-8d2b-4726-a909-027b8b165f32 ] Request (DeleteServersAdminTestJSON:test_delete_server_while_in_error_state): 200 GET http://10.180.1.21/compute/v2.1/servers/9fd421c6-d068-4a81-a042-2d1f23fb9e1a 0.248s
2024-10-09 12:02:15.790 62795 INFO tempest.lib.common.rest_client [req-d7b50c59-ee4a-4ff8-aba1-5a75daad3f5e req-d7b50c59-ee4a-4ff8-aba1-5a75daad3f5e ] Request (ServersTestManualDisk:setUpClass): 200 GET http://10.180.1.21/compute/v2.1/servers/20fab902-79cc-4f83-abaf-53a53c2521f4 0.176s
2024-10-09 12:02:15.805 62829 INFO tempest.lib.common.rest_client [req-b860a8cc-d41b-4bd9-ab11-900e061e9e2e req-b860a8cc-d41b-4bd9-ab11-900e061e9e2e ] Request (InstanceActionsTestJSON:setUpClass): 200 GET http://10.180.1.21/compute/v2.1/servers/60db0e43-692b-4449-9b44-badf3053429d 0.188s
2024-10-09 12:02:15.846 62807 INFO tempest.lib.common.rest_client [req-396a1b7a-37a2-4221-abf9-088c533adf51 req-396a1b7a-37a2-4221-abf9-088c533adf51 ] Request (ServersTestBootFromVolume:setUpClass): 200 GET http://10.180.1.21/compute/v2.1/servers/92cf1acb-b471-4add-a73f-7e9e94fbaaa4 0.169s
2024-10-09 12:02:15.860 62849 INFO tempest.lib.common.rest_client [req-04b1dc71-94f9-4a35-8940-967fa55d3227 req-04b1dc71-94f9-4a35-8940-967fa55d3227 ] Request (ServerActionsTestOtherB:setUpClass): 200 GET http://10.180.1.21/compute/v2.1/servers/877f5b67-68f8-48b0-8e12-622d9b50a390 0.181s
2024-10-09 12:02:15.901 62843 INFO tempest.lib.common.rest_client [req-260ae29f-d68e-4061-911d-07df6edc7d26 req-260ae29f-d68e-4061-911d-07df6edc7d26 ] Request (SecurityGroupsTestJSON:test_server_security_groups): 200 GET http://10.180.1.21/compute/v2.1/servers/92bd8b10-2034-49d4-bf38-0edc7e1e6f7d 0.182s
2024-10-09 12:02:15.912 62833 INFO tempest.lib.common.rest_client [req-18e8e1b2-8394-4f79-9cc4-358f6abb9bd1 req-18e8e1b2-8394-4f79-9cc4-358f6abb9bd1 ] Request (ServerShowV247Test:test_update_rebuild_list_server): 200 GET http://10.180.1.21/compute/v2.1/servers/d34c098d-a827-4dbd-96e4-e27d9d56b847 0.154s
2024-10-09 12:02:15.958 62859 INFO tempest.lib.common.rest_client [req-84ffcf2b-b5ed-4df7-904c-dc49c3578b58 req-84ffcf2b-b5ed-4df7-904c-dc49c3578b58 ] Request (ImagesTestJSON:test_create_image_from_suspended_server): 200 GET http://10.180.1.21/compute/v2.1/servers/d94d2c98-bbbb-4bdf-a4d4-603aa7635a7d 0.162s
2024-10-09 12:02:15.968 62815 INFO tempest.lib.common.rest_client [req-54ccdf75-2166-44ab-ad05-6a25877740c9 req-54ccdf75-2166-44ab-ad05-6a25877740c9 ] Request (ListServersNegativeTestJSON:setUpClass): 200 GET http://10.180.1.21/compute/v2.1/servers/81814471-a617-4364-a140-105252ca9c04 0.099s
2024-10-09 12:02:16.031 62803 INFO tempest.lib.common.rest_client [req-ee9bd6a4-336d-400d-affe-b63c445e9787 req-ee9bd6a4-336d-400d-affe-b63c445e9787 ] Request (ServerActionsV293TestJSON:setUpClass): 200 GET http://10.180.1.21/compute/v2.1/servers/014899cb-db4c-4444-abe1-b0129c0d7db9 0.127s
2024-10-09 12:02:16.037 62845 INFO tempest.lib.common.rest_client [req-0d609c92-2886-4982-9954-19a33636cb5b req-0d609c92-2886-4982-9954-19a33636cb5b ] Request (ServerActionsTestJSON:setUpClass): 200 GET http://10.180.1.21/compute/v2.1/servers/e3416076-1d11-47e4-9f76-9a64d7259166 0.098s
2024-10-09 12:02:16.083 62827 INFO tempest.lib.common.rest_client [req-d8aeda8b-8e2c-4191-a3d5-fb69f553054e req-d8aeda8b-8e2c-4191-a3d5-fb69f553054e ] Request (ServersTestFqdnHostnames:test_create_server_with_fqdn_name): 200 GET http://10.180.1.21/compute/v2.1/servers/e25c631d-3d1b-40d2-9fb1-a65431f991a9 0.056s
2024-10-09 12:02:16.158 62799 INFO tempest.lib.common.rest_client [req-1891d294-1229-4b31-ab88-22771aa9bef6 req-1891d294-1229-4b31-ab88-22771aa9bef6 ] Request (FloatingIPsAssociationNegativeTestJSON:tearDownClass): 200 PUT http://10.180.1.21:9696/networking/v2.0/routers/ca2c08bd-14ff-4a7b-87a5-a71628553a2d/remove_router_interface 1.062s
2024-10-09 12:02:16.203 62797 INFO tempest.lib.common.rest_client [req-14137161-6820-40c5-84cc-b25ddcc50cd1 req-14137161-6820-40c5-84cc-b25ddcc50cd1 ] Request (ServerActionsTestOtherA:setUpClass): 200 GET http://10.180.1.21/compute/v2.1/servers/e8cbb437-0ace-4af3-a1d9-f96eeeea8504 0.048s
2024-10-09 12:02:16.354 62855 INFO tempest.lib.common.rest_client [req-ba9b2795-717f-4911-94bf-f93f0d71c089 req-ba9b2795-717f-4911-94bf-f93f0d71c089 ] Request (AttachVolumeTestJSON:test_attach_detach_volume): 200 GET http://10.180.1.21/compute/v2.1/servers/6b19c327-9a80-498f-a350-8068ad250377 0.128s
2024-10-09 12:02:16.355 62805 INFO tempest.lib.common.rest_client [req-899faab1-a293-4f74-a03d-c1551345b720 req-899faab1-a293-4f74-a03d-c1551345b720 ] Request (ImagesOneServerNegativeTestJSON:setUpClass): 200 GET http://10.180.1.21/compute/v2.1/servers/3d19d349-e450-4307-a763-6269dcb06544 0.054s
2024-10-09 12:02:16.372 62855 INFO tempest.common.waiters [-] State transition "BUILD/None" ==> "BUILD/block_device_mapping" after 94 second wait
2024-10-09 12:02:16.410 62839 INFO tempest.lib.common.rest_client [req-ea549734-2244-4395-ab0a-d6f5e86ab3a9 req-ea549734-2244-4395-ab0a-d6f5e86ab3a9 ] Request (ListImageFiltersTestJSON:setUpClass): 200 GET http://10.180.1.21/compute/v2.1/servers/a358a3cb-deda-419a-aa3c-ce7aeb534240 0.046s
2024-10-09 12:02:16.429 62837 INFO tempest.lib.common.rest_client [req-f8e12fcc-55aa-4a2d-bb42-137eea1fe97a req-f8e12fcc-55aa-4a2d-bb42-137eea1fe97a ] Request (ServersNegativeTestJSON:setUpClass): 200 GET http://10.180.1.21/compute/v2.1/servers/606becc8-ff43-469c-aca6-c35d67614960 0.123s
2024-10-09 12:02:16.460 62813 INFO tempest.lib.common.rest_client [req-7dbb2ec6-98ba-41aa-bda4-cd283c37013e req-7dbb2ec6-98ba-41aa-bda4-cd283c37013e ] Request (ServerAddressesNegativeTestJSON:setUpClass): 200 GET http://10.180.1.21/compute/v2.1/servers/932b7ac4-0a4b-4a39-a002-5a4ae3ce75f6 0.087s
2024-10-09 12:02:16.637 62857 INFO tempest.lib.common.rest_client [req-7e9c0f20-edec-4d7f-81b7-982328fbefc3 req-7e9c0f20-edec-4d7f-81b7-982328fbefc3 ] Request (DeleteServersTestJSON:test_delete_server_while_in_attached_volume): 200 GET http://10.180.1.21/compute/v2.1/servers/c93cb228-0adb-423c-854f-73354cdb7012 0.070s
2024-10-09 12:02:16.651 62826 INFO tempest.lib.common.rest_client [req-8e563b30-28eb-4407-8eac-12a9be74e65f req-8e563b30-28eb-4407-8eac-12a9be74e65f ] Request (ServerDiagnosticsNegativeTest:test_get_server_diagnostics_by_non_admin): 200 GET http://10.180.1.21/compute/v2.1/servers/09ccf23b-4763-47e1-afad-59e2b06b2d9e 0.076s
2024-10-09 12:02:16.657 62826 INFO tempest.common.waiters [-] State transition "BUILD/spawning" ==> "ERROR/None" after 114 second wait
2024-10-09 12:02:16.660 62799 INFO tempest.lib.common.rest_client [req-90048a8e-2c06-434a-9587-5f073afc1464 req-90048a8e-2c06-434a-9587-5f073afc1464 ] Request (FloatingIPsAssociationNegativeTestJSON:tearDownClass): 204 DELETE http://10.180.1.21:9696/networking/v2.0/routers/ca2c08bd-14ff-4a7b-87a5-a71628553a2d 0.501s
2024-10-09 12:02:16.723 62819 INFO tempest.lib.common.rest_client [req-956ef33c-f73a-41e8-9ed0-f5089607395c req-956ef33c-f73a-41e8-9ed0-f5089607395c ] Request (ServerRescueTestJSONUnderV235:setUpClass): 200 GET http://10.180.1.21/compute/v2.1/servers/15772d8e-98ce-47cf-9b61-e79c7ffc3a8b 0.093s
2024-10-09 12:02:16.736 62817 INFO tempest.lib.common.rest_client [req-0eb978db-1e3c-4817-b11d-c4b7c80e6938 req-0eb978db-1e3c-4817-b11d-c4b7c80e6938 ] Request (MigrationsAdminTest:test_resize_server_revert_deleted_flavor): 200 GET http://10.180.1.21/compute/v2.1/servers/de4f9304-3357-4eaa-9c94-fe28bc554086 0.102s
2024-10-09 12:02:16.804 62848 INFO tempest.lib.common.rest_client [req-2d2b62bc-e07d-4efa-8fde-59629ffe2c35 req-2d2b62bc-e07d-4efa-8fde-59629ffe2c35 ] Request (ServersTestMultiNic:test_verify_multiple_nics_order): 200 GET http://10.180.1.21/compute/v2.1/servers/68a3a4a5-ee3e-4234-8577-e5c1af6fbfb9 0.111s
2024-10-09 12:02:16.827 62799 INFO tempest.lib.common.rest_client [req-ba791eaf-5fa2-4ed3-8716-ee8bf7cf3862 req-ba791eaf-5fa2-4ed3-8716-ee8bf7cf3862 ] Request (FloatingIPsAssociationNegativeTestJSON:tearDownClass): 204 DELETE http://10.180.1.21:9696/networking/v2.0/subnets/a5a9e0e9-95a8-4896-9a87-1abb10fac78c 0.167s
2024-10-09 12:02:16.873 62811 INFO tempest.lib.common.rest_client [req-3da03a6f-d4d8-4044-b5ee-bde413060f07 req-3da03a6f-d4d8-4044-b5ee-bde413060f07 ] Request (ServersTestJSON:setUpClass): 200 GET http://10.180.1.21/compute/v2.1/servers/0a8840f1-7681-4aaa-9f3a-32b72c04c1c4 0.179s
2024-10-09 12:02:16.907 62826 INFO tempest.lib.common.rest_client [req-acc35822-a076-4c44-8897-3d396f90ae2c req-acc35822-a076-4c44-8897-3d396f90ae2c ] Request (ServerDiagnosticsNegativeTest:test_get_server_diagnostics_by_non_admin): 204 DELETE http://10.180.1.21/compute/v2.1/servers/09ccf23b-4763-47e1-afad-59e2b06b2d9e 0.249s
2024-10-09 12:02:16.932 62823 INFO tempest.lib.common.rest_client [req-3b00a6b4-dba3-4b9c-855c-7a24dd580984 req-3b00a6b4-dba3-4b9c-855c-7a24dd580984 ] Request (ServerPasswordTestJSON:setUpClass): 200 GET http://10.180.1.21/compute/v2.1/servers/dcbe8e2d-6ae9-465f-8394-3978ee61a15b 0.184s
2024-10-09 12:02:16.962 62801 INFO tempest.lib.common.rest_client [req-98f1159e-d130-47fc-b675-55ce44108e2d req-98f1159e-d130-47fc-b675-55ce44108e2d ] Request (DeleteServersAdminTestJSON:test_delete_server_while_in_error_state): 200 GET http://10.180.1.21/compute/v2.1/servers/9fd421c6-d068-4a81-a042-2d1f23fb9e1a 0.201s
2024-10-09 12:02:16.980 62795 INFO tempest.lib.common.rest_client [req-15aeb727-6f54-4371-b63a-c0a9b4ec5f2f req-15aeb727-6f54-4371-b63a-c0a9b4ec5f2f ] Request (ServersTestManualDisk:setUpClass): 200 GET http://10.180.1.21/compute/v2.1/servers/20fab902-79cc-4f83-abaf-53a53c2521f4 0.181s
2024-10-09 12:02:17.017 62829 INFO tempest.lib.common.rest_client [req-469f7d91-070c-4753-9bee-529cd0b113dc req-469f7d91-070c-4753-9bee-529cd0b113dc ] Request (InstanceActionsTestJSON:setUpClass): 200 GET http://10.180.1.21/compute/v2.1/servers/60db0e43-692b-4449-9b44-badf3053429d 0.204s
2024-10-09 12:02:17.033 62807 INFO tempest.lib.common.rest_client [req-eb01e9b3-76e7-4402-b624-6f035ec33a79 req-eb01e9b3-76e7-4402-b624-6f035ec33a79 ] Request (ServersTestBootFromVolume:setUpClass): 200 GET http://10.180.1.21/compute/v2.1/servers/92cf1acb-b471-4add-a73f-7e9e94fbaaa4 0.175s
2024-10-09 12:02:17.049 62826 INFO tempest.lib.common.rest_client [req-3ead574c-a4c6-4c29-9175-e55cced90039 req-3ead574c-a4c6-4c29-9175-e55cced90039 ] Request (ServerDiagnosticsNegativeTest:test_get_server_diagnostics_by_non_admin): 404 GET http://10.180.1.21/compute/v2.1/servers/09ccf23b-4763-47e1-afad-59e2b06b2d9e 0.142s
2024-10-09 12:02:17.073 62849 INFO tempest.lib.common.rest_client [req-ea62fe60-3b88-499f-844a-e1a6f58b72d0 req-ea62fe60-3b88-499f-844a-e1a6f58b72d0 ] Request (ServerActionsTestOtherB:setUpClass): 200 GET http://10.180.1.21/compute/v2.1/servers/877f5b67-68f8-48b0-8e12-622d9b50a390 0.202s
2024-10-09 12:02:17.107 62843 INFO tempest.lib.common.rest_client [req-4fe1a624-7ab0-46a7-8154-95cf5a7a1d02 req-4fe1a624-7ab0-46a7-8154-95cf5a7a1d02 ] Request (SecurityGroupsTestJSON:test_server_security_groups): 200 GET http://10.180.1.21/compute/v2.1/servers/92bd8b10-2034-49d4-bf38-0edc7e1e6f7d 0.198s
2024-10-09 12:02:17.139 62833 INFO tempest.lib.common.rest_client [req-8ecc0773-a490-4435-b6db-443d14134f09 req-8ecc0773-a490-4435-b6db-443d14134f09 ] Request (ServerShowV247Test:test_update_rebuild_list_server): 200 GET http://10.180.1.21/compute/v2.1/servers/d34c098d-a827-4dbd-96e4-e27d9d56b847 0.214s
2024-10-09 12:02:17.164 62799 INFO tempest.lib.common.rest_client [req-7aa93a86-67eb-4cbd-b9a3-874fd6c73bfa req-7aa93a86-67eb-4cbd-b9a3-874fd6c73bfa ] Request (FloatingIPsAssociationNegativeTestJSON:tearDownClass): 204 DELETE http://10.180.1.21:9696/networking/v2.0/networks/09a50a1a-77b7-455e-908d-bbd868deba94 0.337s
2024-10-09 12:02:17.192 62826 INFO tempest.lib.common.rest_client [req-07c43365-0496-45d5-93ae-34e5790db4b8 req-07c43365-0496-45d5-93ae-34e5790db4b8 ] Request (ServerDiagnosticsNegativeTest:tearDownClass): 204 DELETE http://10.180.1.21/identity/v3/users/ad7c90a5d6744516bb01244ea7bc4854 0.140s
2024-10-09 12:02:17.208 62815 INFO tempest.lib.common.rest_client [req-9a27eedd-1c5c-4af4-bb25-42473fe8d6c7 req-9a27eedd-1c5c-4af4-bb25-42473fe8d6c7 ] Request (ListServersNegativeTestJSON:setUpClass): 200 GET http://10.180.1.21/compute/v2.1/servers/81814471-a617-4364-a140-105252ca9c04 0.230s
2024-10-09 12:02:17.209 62859 INFO tempest.lib.common.rest_client [req-885d9c65-5eec-46af-9e0c-913b5c9b3713 req-885d9c65-5eec-46af-9e0c-913b5c9b3713 ] Request (ImagesTestJSON:test_create_image_from_suspended_server): 200 GET http://10.180.1.21/compute/v2.1/servers/d94d2c98-bbbb-4bdf-a4d4-603aa7635a7d 0.245s
2024-10-09 12:02:17.263 62845 INFO tempest.lib.common.rest_client [req-ff41c966-8892-4a0e-ac2f-a698d0468e20 req-ff41c966-8892-4a0e-ac2f-a698d0468e20 ] Request (ServerActionsTestJSON:setUpClass): 200 GET http://10.180.1.21/compute/v2.1/servers/e3416076-1d11-47e4-9f76-9a64d7259166 0.220s
2024-10-09 12:02:17.267 62799 INFO tempest.lib.common.rest_client [req-3b68efea-1323-4f4c-9c89-2a89cf2aebbd req-3b68efea-1323-4f4c-9c89-2a89cf2aebbd ] Request (FloatingIPsAssociationNegativeTestJSON:tearDownClass): 204 DELETE http://10.180.1.21/identity/v3/users/d088efa40c4641159ec90432aabebdb8 0.102s
2024-10-09 12:02:17.267 62799 INFO tempest.lib.common.dynamic_creds [-] Deleting project and security group for project: ca9c66a916a5480ab1400c3c562fe447
2024-10-09 12:02:17.270 62845 INFO tempest.common.waiters [-] State transition "BUILD/scheduling" ==> "BUILD/None" after 89 second wait
2024-10-09 12:02:17.270 62803 INFO tempest.lib.common.rest_client [req-5449ebb8-d1c6-46af-8dc5-66a5a5bed2f9 req-5449ebb8-d1c6-46af-8dc5-66a5a5bed2f9 ] Request (ServerActionsV293TestJSON:setUpClass): 200 GET http://10.180.1.21/compute/v2.1/servers/014899cb-db4c-4444-abe1-b0129c0d7db9 0.225s
2024-10-09 12:02:17.296 62826 INFO tempest.lib.common.rest_client [req-92f3ead9-6621-4151-97a1-f9221a0c6116 req-92f3ead9-6621-4151-97a1-f9221a0c6116 ] Request (ServerDiagnosticsNegativeTest:tearDownClass): 204 DELETE http://10.180.1.21/identity/v3/users/bc688d78b8be44bca37743967edbf53d 0.104s
2024-10-09 12:02:17.296 62826 INFO tempest.lib.common.dynamic_creds [-] Deleting project and security group for project: 55d898a4a2c340fe86cf1ae3481d7f33
2024-10-09 12:02:17.324 62799 INFO tempest.lib.common.rest_client [req-a0609bcf-854e-4bbe-afb7-36e80f07d93c req-a0609bcf-854e-4bbe-afb7-36e80f07d93c ] Request (FloatingIPsAssociationNegativeTestJSON:tearDownClass): 200 GET http://10.180.1.21:9696/networking/v2.0/security-groups?tenant_id=ca9c66a916a5480ab1400c3c562fe447&name=default 0.057s
2024-10-09 12:02:17.327 62827 INFO tempest.lib.common.rest_client [req-505b1439-60f8-4ad4-a256-a89b7152c979 req-505b1439-60f8-4ad4-a256-a89b7152c979 ] Request (ServersTestFqdnHostnames:test_create_server_with_fqdn_name): 200 GET http://10.180.1.21/compute/v2.1/servers/e25c631d-3d1b-40d2-9fb1-a65431f991a9 0.237s
2024-10-09 12:02:17.331 62797 INFO tempest.lib.common.rest_client [req-f1f94f16-31d6-43f7-ad06-a2ce0b459733 req-f1f94f16-31d6-43f7-ad06-a2ce0b459733 ] Request (ServerActionsTestOtherA:setUpClass): 200 GET http://10.180.1.21/compute/v2.1/servers/e8cbb437-0ace-4af3-a1d9-f96eeeea8504 0.120s
2024-10-09 12:02:17.351 62826 INFO tempest.lib.common.rest_client [req-03f6a10f-173a-494f-ba72-d05de83332ce req-03f6a10f-173a-494f-ba72-d05de83332ce ] Request (ServerDiagnosticsNegativeTest:tearDownClass): 201 POST http://10.180.1.21/identity/v3/auth/tokens 0.055s
2024-10-09 12:02:17.416 62805 INFO tempest.lib.common.rest_client [req-ffc86eee-e0ba-4881-982a-c9f9aeb9b7c5 req-ffc86eee-e0ba-4881-982a-c9f9aeb9b7c5 ] Request (ImagesOneServerNegativeTestJSON:setUpClass): 200 GET http://10.180.1.21/compute/v2.1/servers/3d19d349-e450-4307-a763-6269dcb06544 0.054s
2024-10-09 12:02:17.424 62855 INFO tempest.lib.common.rest_client [req-6996be47-8c7d-4ab7-8347-7277ea2f491d req-6996be47-8c7d-4ab7-8347-7277ea2f491d ] Request (AttachVolumeTestJSON:test_attach_detach_volume): 200 GET http://10.180.1.21/compute/v2.1/servers/6b19c327-9a80-498f-a350-8068ad250377 0.051s
2024-10-09 12:02:17.430 62855 INFO tempest.common.waiters [-] State transition "BUILD/block_device_mapping" ==> "BUILD/spawning" after 95 second wait
2024-10-09 12:02:17.433 62799 INFO tempest.lib.common.rest_client [req-776c747e-3c9e-4273-9876-3c709d7fdc38 req-776c747e-3c9e-4273-9876-3c709d7fdc38 ] Request (FloatingIPsAssociationNegativeTestJSON:tearDownClass): 204 DELETE http://10.180.1.21:9696/networking/v2.0/security-groups/e48d08a2-9bad-4677-b109-9684934f5f0e 0.108s
2024-10-09 12:02:17.470 62839 INFO tempest.lib.common.rest_client [req-471173f8-6023-440a-beac-eef12eb7e2d2 req-471173f8-6023-440a-beac-eef12eb7e2d2 ] Request (ListImageFiltersTestJSON:setUpClass): 200 GET http://10.180.1.21/compute/v2.1/servers/a358a3cb-deda-419a-aa3c-ce7aeb534240 0.051s
2024-10-09 12:02:17.500 62837 INFO tempest.lib.common.rest_client [req-baabb8f6-02bc-4d29-8dc6-ac9e9e1bddbd req-baabb8f6-02bc-4d29-8dc6-ac9e9e1bddbd ] Request (ServersNegativeTestJSON:setUpClass): 200 GET http://10.180.1.21/compute/v2.1/servers/606becc8-ff43-469c-aca6-c35d67614960 0.064s
2024-10-09 12:02:17.509 62799 INFO tempest.lib.common.rest_client [req-a16ad934-0316-43f3-9e7a-8950c3deda26 req-a16ad934-0316-43f3-9e7a-8950c3deda26 ] Request (FloatingIPsAssociationNegativeTestJSON:tearDownClass): 204 DELETE http://10.180.1.21/identity/v3/projects/ca9c66a916a5480ab1400c3c562fe447 0.075s
2024-10-09 12:02:17.510 62826 INFO tempest.lib.common.rest_client [req-b7ff9167-7af7-4e6f-910b-9e259d3c4063 req-b7ff9167-7af7-4e6f-910b-9e259d3c4063 ] Request (ServerDiagnosticsNegativeTest:tearDownClass): 200 GET http://10.180.1.21:9696/networking/v2.0/security-groups?tenant_id=55d898a4a2c340fe86cf1ae3481d7f33&name=default 0.158s
2024-10-09 12:02:17.524 62813 INFO tempest.lib.common.rest_client [req-5c14b3a5-8683-425e-937b-9af3cd7a6a21 req-5c14b3a5-8683-425e-937b-9af3cd7a6a21 ] Request (ServerAddressesNegativeTestJSON:setUpClass): 200 GET http://10.180.1.21/compute/v2.1/servers/932b7ac4-0a4b-4a39-a002-5a4ae3ce75f6 0.055s
2024-10-09 12:02:17.565 62799 INFO tempest.lib.common.rest_client [req-8cd82331-bb14-43b9-ba97-db7100b094a7 req-8cd82331-bb14-43b9-ba97-db7100b094a7 ] Request (AttachInterfacesV270Test:setUpClass): 201 POST http://10.180.1.21/identity/v3/auth/tokens 0.053s
2024-10-09 12:02:17.593 62799 INFO tempest.lib.common.rest_client [req-c45c9f7a-b4ab-4d4c-b7e9-0d2fc2059e2b req-c45c9f7a-b4ab-4d4c-b7e9-0d2fc2059e2b ] Request (AttachInterfacesV270Test:setUpClass): 201 POST http://10.180.1.21/identity/v3/auth/tokens 0.025s
2024-10-09 12:02:17.597 62826 INFO tempest.lib.common.rest_client [req-680ea9c8-016c-4bbd-b4a1-20c00a5fbc50 req-680ea9c8-016c-4bbd-b4a1-20c00a5fbc50 ] Request (ServerDiagnosticsNegativeTest:tearDownClass): 204 DELETE http://10.180.1.21:9696/networking/v2.0/security-groups/4e3402a7-174c-46d1-8279-6a5e9fce8b56 0.087s
2024-10-09 12:02:17.614 62799 INFO tempest.lib.common.rest_client [req-f4538bda-18a8-4318-8264-b47874658e76 req-f4538bda-18a8-4318-8264-b47874658e76 ] Request (AttachInterfacesV270Test:setUpClass): 200 GET http://10.180.1.21/identity/v3/domains?name=Default 0.020s
2024-10-09 12:02:17.639 62799 INFO tempest.lib.common.rest_client [req-66872d3a-19ac-4fd5-9067-2f8afcb7d19d req-66872d3a-19ac-4fd5-9067-2f8afcb7d19d ] Request (AttachInterfacesV270Test:setUpClass): 201 POST http://10.180.1.21/identity/v3/projects 0.025s
2024-10-09 12:02:17.644 62826 INFO tempest.lib.common.rest_client [req-2893884d-7227-4b04-a684-fae8eb2c519a req-2893884d-7227-4b04-a684-fae8eb2c519a ] Request (ServerDiagnosticsNegativeTest:tearDownClass): 204 DELETE http://10.180.1.21/identity/v3/projects/55d898a4a2c340fe86cf1ae3481d7f33 0.047s
2024-10-09 12:02:17.645 62826 INFO tempest.lib.common.dynamic_creds [-] Deleting project and security group for project: cf883f207a8c48fa8dce3a2821dd8610
2024-10-09 12:02:17.689 62826 INFO tempest.lib.common.rest_client [req-8a87fea4-23e9-4537-b37f-0f5c283090a6 req-8a87fea4-23e9-4537-b37f-0f5c283090a6 ] Request (ServerDiagnosticsNegativeTest:tearDownClass): 200 GET http://10.180.1.21:9696/networking/v2.0/security-groups?tenant_id=cf883f207a8c48fa8dce3a2821dd8610&name=default 0.044s
2024-10-09 12:02:17.788 62799 INFO tempest.lib.common.rest_client [req-71417e36-544b-4c05-b7c5-af1cfd54bd8e req-71417e36-544b-4c05-b7c5-af1cfd54bd8e ] Request (AttachInterfacesV270Test:setUpClass): 201 POST http://10.180.1.21/identity/v3/users 0.148s
2024-10-09 12:02:17.815 62857 INFO tempest.lib.common.rest_client [req-aa1e36b5-e6db-4bf7-a07c-9c8a4b63c19a req-aa1e36b5-e6db-4bf7-a07c-9c8a4b63c19a ] Request (DeleteServersTestJSON:test_delete_server_while_in_attached_volume): 200 GET http://10.180.1.21/compute/v2.1/servers/c93cb228-0adb-423c-854f-73354cdb7012 0.167s
2024-10-09 12:02:17.824 62819 INFO tempest.lib.common.rest_client [req-83110bd7-42e4-47db-8146-2a005634760d req-83110bd7-42e4-47db-8146-2a005634760d ] Request (ServerRescueTestJSONUnderV235:setUpClass): 200 GET http://10.180.1.21/compute/v2.1/servers/15772d8e-98ce-47cf-9b61-e79c7ffc3a8b 0.090s
2024-10-09 12:02:17.838 62826 INFO tempest.lib.common.rest_client [req-a05a7cc6-235b-42cc-b4f9-3180df6557d3 req-a05a7cc6-235b-42cc-b4f9-3180df6557d3 ] Request (ServerDiagnosticsNegativeTest:tearDownClass): 204 DELETE http://10.180.1.21:9696/networking/v2.0/security-groups/273aa612-cfbe-4afb-9bbd-bf277a3cac41 0.148s
2024-10-09 12:02:17.866 62799 INFO tempest.lib.common.rest_client [req-56cdc862-08d3-4452-82b5-b3a9c60cf5e5 req-56cdc862-08d3-4452-82b5-b3a9c60cf5e5 ] Request (AttachInterfacesV270Test:setUpClass): 200 GET http://10.180.1.21/identity/v3/roles 0.078s
2024-10-09 12:02:17.874 62817 INFO tempest.lib.common.rest_client [req-196cebb3-fb89-40c6-a92f-e75388dc5a63 req-196cebb3-fb89-40c6-a92f-e75388dc5a63 ] Request (MigrationsAdminTest:test_resize_server_revert_deleted_flavor): 200 GET http://10.180.1.21/compute/v2.1/servers/de4f9304-3357-4eaa-9c94-fe28bc554086 0.128s
2024-10-09 12:02:17.886 62848 INFO tempest.lib.common.rest_client [req-1a55ec5e-638b-4879-af1a-00d73d8d6abf req-1a55ec5e-638b-4879-af1a-00d73d8d6abf ] Request (ServersTestMultiNic:test_verify_multiple_nics_order): 200 GET http://10.180.1.21/compute/v2.1/servers/68a3a4a5-ee3e-4234-8577-e5c1af6fbfb9 0.070s
2024-10-09 12:02:17.892 62799 INFO tempest.lib.common.rest_client [req-e1d12406-4a13-43c5-b6e5-7438381a3169 req-e1d12406-4a13-43c5-b6e5-7438381a3169 ] Request (AttachInterfacesV270Test:setUpClass): 204 PUT http://10.180.1.21/identity/v3/projects/03b37f47579d415384c4cd92bef5ca00/users/06fe44327feb4673a1489d4d040be8ad/roles/3afa60ce7d2f42688387c4631065256d 0.025s
2024-10-09 12:02:17.892 62799 INFO tempest.lib.common.dynamic_creds [-] Dynamic test user 06fe44327feb4673a1489d4d040be8ad is created with scope project and roles: ['member']
2024-10-09 12:02:17.892 62799 INFO tempest.lib.common.dynamic_creds [-] Acquired dynamic creds: credentials: Credentials: {'domain_id': 'default', 'domain_name': 'Default', 'username': 'tempest-AttachInterfacesV270Test-1184226025-project-member', 'project_domain_id': 'default', 'project_domain_name': 'Default', 'project_id': '03b37f47579d415384c4cd92bef5ca00', 'project_name': 'tempest-AttachInterfacesV270Test-1184226025', 'tenant_id': '03b37f47579d415384c4cd92bef5ca00', 'tenant_name': 'tempest-AttachInterfacesV270Test-1184226025', 'user_domain_id': 'default', 'user_domain_name': 'Default', 'user_id': '06fe44327feb4673a1489d4d040be8ad', 'system': None}, Network: None, Subnet: None, Router: None
2024-10-09 12:02:17.912 62826 INFO tempest.lib.common.rest_client [req-d7d3b1d5-21f7-41d2-8f5c-e000779ff1c7 req-d7d3b1d5-21f7-41d2-8f5c-e000779ff1c7 ] Request (ServerDiagnosticsNegativeTest:tearDownClass): 204 DELETE http://10.180.1.21/identity/v3/projects/cf883f207a8c48fa8dce3a2821dd8610 0.073s
2024-10-09 12:02:17.931 62811 INFO tempest.lib.common.rest_client [req-6b77c758-52ce-4c30-98f0-e5daa3ead740 req-6b77c758-52ce-4c30-98f0-e5daa3ead740 ] Request (ServersTestJSON:setUpClass): 200 GET http://10.180.1.21/compute/v2.1/servers/0a8840f1-7681-4aaa-9f3a-32b72c04c1c4 0.052s
2024-10-09 12:02:17.945 62799 INFO tempest.lib.common.rest_client [req-67fcb601-1a45-436f-90f8-c30f82954980 req-67fcb601-1a45-436f-90f8-c30f82954980 ] Request (AttachInterfacesV270Test:setUpClass): 201 POST http://10.180.1.21/identity/v3/auth/tokens 0.052s
2024-10-09 12:02:17.968 62826 INFO tempest.lib.common.rest_client [req-ae2be347-0734-4f68-8536-d4c000a5f4f7 req-ae2be347-0734-4f68-8536-d4c000a5f4f7 ] Request (ServicesAdminTestJSON:setUpClass): 201 POST http://10.180.1.21/identity/v3/auth/tokens 0.055s
2024-10-09 12:02:17.989 62823 INFO tempest.lib.common.rest_client [req-c36c7f18-abf8-4f06-968d-b53672b3cdb8 req-c36c7f18-abf8-4f06-968d-b53672b3cdb8 ] Request (ServerPasswordTestJSON:setUpClass): 200 GET http://10.180.1.21/compute/v2.1/servers/dcbe8e2d-6ae9-465f-8394-3978ee61a15b 0.047s
2024-10-09 12:02:17.999 62826 INFO tempest.lib.common.rest_client [req-591401a3-f3cc-4ccb-9d39-4ddca4e868d3 req-591401a3-f3cc-4ccb-9d39-4ddca4e868d3 ] Request (ServicesAdminTestJSON:setUpClass): 201 POST http://10.180.1.21/identity/v3/auth/tokens 0.028s
2024-10-09 12:02:18.022 62826 INFO tempest.lib.common.rest_client [req-6f0afcec-25d6-4af1-8821-ee885a7d7088 req-6f0afcec-25d6-4af1-8821-ee885a7d7088 ] Request (ServicesAdminTestJSON:setUpClass): 200 GET http://10.180.1.21/identity/v3/domains?name=Default 0.022s
2024-10-09 12:02:18.027 62801 INFO tempest.lib.common.rest_client [req-7bcb0519-6e98-43c6-a9c6-33bc78fc2186 req-7bcb0519-6e98-43c6-a9c6-33bc78fc2186 ] Request (DeleteServersAdminTestJSON:test_delete_server_while_in_error_state): 200 GET http://10.180.1.21/compute/v2.1/servers/9fd421c6-d068-4a81-a042-2d1f23fb9e1a 0.055s
2024-10-09 12:02:18.048 62795 INFO tempest.lib.common.rest_client [req-12e7273f-e33c-4c2a-90c7-f1a9403bc598 req-12e7273f-e33c-4c2a-90c7-f1a9403bc598 ] Request (ServersTestManualDisk:setUpClass): 200 GET http://10.180.1.21/compute/v2.1/servers/20fab902-79cc-4f83-abaf-53a53c2521f4 0.059s
2024-10-09 12:02:18.057 62826 INFO tempest.lib.common.rest_client [req-b2903a68-0e0c-45de-84cc-2021097f6ef1 req-b2903a68-0e0c-45de-84cc-2021097f6ef1 ] Request (ServicesAdminTestJSON:setUpClass): 201 POST http://10.180.1.21/identity/v3/projects 0.034s
2024-10-09 12:02:18.082 62829 INFO tempest.lib.common.rest_client [req-1b398d07-db08-4a67-9b9c-f8c947cb47b2 req-1b398d07-db08-4a67-9b9c-f8c947cb47b2 ] Request (InstanceActionsTestJSON:setUpClass): 200 GET http://10.180.1.21/compute/v2.1/servers/60db0e43-692b-4449-9b44-badf3053429d 0.054s
2024-10-09 12:02:18.107 62807 INFO tempest.lib.common.rest_client [req-7c55348e-b692-4101-bf4d-adef7662fbbd req-7c55348e-b692-4101-bf4d-adef7662fbbd ] Request (ServersTestBootFromVolume:setUpClass): 200 GET http://10.180.1.21/compute/v2.1/servers/92cf1acb-b471-4add-a73f-7e9e94fbaaa4 0.067s
2024-10-09 12:02:18.114 62826 INFO tempest.lib.common.rest_client [req-fed2ca2a-5950-468f-8989-83fe55369144 req-fed2ca2a-5950-468f-8989-83fe55369144 ] Request (ServicesAdminTestJSON:setUpClass): 201 POST http://10.180.1.21/identity/v3/users 0.056s
2024-10-09 12:02:18.129 62826 INFO tempest.lib.common.rest_client [req-4768bcc6-a101-4be6-9d5f-d2dd2443cb94 req-4768bcc6-a101-4be6-9d5f-d2dd2443cb94 ] Request (ServicesAdminTestJSON:setUpClass): 200 GET http://10.180.1.21/identity/v3/roles 0.015s
2024-10-09 12:02:18.132 62849 INFO tempest.lib.common.rest_client [req-087a37d0-2e0b-4cdd-941c-91402b7702eb req-087a37d0-2e0b-4cdd-941c-91402b7702eb ] Request (ServerActionsTestOtherB:setUpClass): 200 GET http://10.180.1.21/compute/v2.1/servers/877f5b67-68f8-48b0-8e12-622d9b50a390 0.052s
2024-10-09 12:02:18.152 62826 INFO tempest.lib.common.rest_client [req-d124ab21-a1ec-4fdd-83c3-e10e051ab156 req-d124ab21-a1ec-4fdd-83c3-e10e051ab156 ] Request (ServicesAdminTestJSON:setUpClass): 204 PUT http://10.180.1.21/identity/v3/projects/1a488eda88ca48d5a301a13028524840/users/06d8f003f8ce46ac96c09d7d855042cc/roles/3afa60ce7d2f42688387c4631065256d 0.022s
2024-10-09 12:02:18.152 62826 INFO tempest.lib.common.dynamic_creds [-] Dynamic test user 06d8f003f8ce46ac96c09d7d855042cc is created with scope project and roles: ['member']
2024-10-09 12:02:18.152 62826 INFO tempest.lib.common.dynamic_creds [-] Acquired dynamic creds: credentials: Credentials: {'domain_id': 'default', 'domain_name': 'Default', 'username': 'tempest-ServicesAdminTestJSON-1050809567-project-member', 'project_domain_id': 'default', 'project_domain_name': 'Default', 'project_id': '1a488eda88ca48d5a301a13028524840', 'project_name': 'tempest-ServicesAdminTestJSON-1050809567', 'tenant_id': '1a488eda88ca48d5a301a13028524840', 'tenant_name': 'tempest-ServicesAdminTestJSON-1050809567', 'user_domain_id': 'default', 'user_domain_name': 'Default', 'user_id': '06d8f003f8ce46ac96c09d7d855042cc', 'system': None}, Network: None, Subnet: None, Router: None
2024-10-09 12:02:18.152 62826 INFO tempest.lib.common.dynamic_creds [-] Created isolated network resources for: credentials: Credentials: {'domain_id': 'default', 'domain_name': 'Default', 'username': 'tempest-ServicesAdminTestJSON-1050809567-project-member', 'project_domain_id': 'default', 'project_domain_name': 'Default', 'project_id': '1a488eda88ca48d5a301a13028524840', 'project_name': 'tempest-ServicesAdminTestJSON-1050809567', 'tenant_id': '1a488eda88ca48d5a301a13028524840', 'tenant_name': 'tempest-ServicesAdminTestJSON-1050809567', 'user_domain_id': 'default', 'user_domain_name': 'Default', 'user_id': '06d8f003f8ce46ac96c09d7d855042cc', 'system': None}, Network: None, Subnet: None, Router: None
2024-10-09 12:02:18.181 62843 INFO tempest.lib.common.rest_client [req-94fe155b-db0b-44ee-b7ae-a78d6e6e5198 req-94fe155b-db0b-44ee-b7ae-a78d6e6e5198 ] Request (SecurityGroupsTestJSON:test_server_security_groups): 200 GET http://10.180.1.21/compute/v2.1/servers/92bd8b10-2034-49d4-bf38-0edc7e1e6f7d 0.059s
2024-10-09 12:02:18.211 62833 INFO tempest.lib.common.rest_client [req-af67fe46-1368-436c-9971-0d7e69f0a1fc req-af67fe46-1368-436c-9971-0d7e69f0a1fc ] Request (ServerShowV247Test:test_update_rebuild_list_server): 200 GET http://10.180.1.21/compute/v2.1/servers/d34c098d-a827-4dbd-96e4-e27d9d56b847 0.063s
2024-10-09 12:02:18.237 62826 INFO tempest.lib.common.rest_client [req-bc8800a0-c37a-429a-9915-d251645b1ab1 req-bc8800a0-c37a-429a-9915-d251645b1ab1 ] Request (ServicesAdminTestJSON:setUpClass): 201 POST http://10.180.1.21/identity/v3/auth/tokens 0.082s
2024-10-09 12:02:18.275 62815 INFO tempest.lib.common.rest_client [req-b86cae4d-c566-4fb1-9031-c0ee9a54e95f req-b86cae4d-c566-4fb1-9031-c0ee9a54e95f ] Request (ListServersNegativeTestJSON:setUpClass): 200 GET http://10.180.1.21/compute/v2.1/servers/81814471-a617-4364-a140-105252ca9c04 0.061s
2024-10-09 12:02:18.275 62799 INFO tempest.lib.common.rest_client [req-a2fed7fb-3be9-47e0-83e0-3426c2567f81 req-a2fed7fb-3be9-47e0-83e0-3426c2567f81 ] Request (AttachInterfacesV270Test:setUpClass): 201 POST http://10.180.1.21:9696/networking/v2.0/networks 0.330s
2024-10-09 12:02:18.283 62859 INFO tempest.lib.common.rest_client [req-aef8cd4f-67c5-4d9a-a82d-18c927bf436d req-aef8cd4f-67c5-4d9a-a82d-18c927bf436d ] Request (ImagesTestJSON:test_create_image_from_suspended_server): 200 GET http://10.180.1.21/compute/v2.1/servers/d94d2c98-bbbb-4bdf-a4d4-603aa7635a7d 0.064s
2024-10-09 12:02:18.290 62826 INFO tempest.lib.common.rest_client [req-5880ab27-7e66-4c57-aae5-4f4622f1202b req-5880ab27-7e66-4c57-aae5-4f4622f1202b ] Request (ServicesAdminTestJSON:setUpClass): 201 POST http://10.180.1.21/identity/v3/projects 0.052s
2024-10-09 12:02:18.322 62845 INFO tempest.lib.common.rest_client [req-3bd807d1-4041-48ee-8564-b80b294fa025 req-3bd807d1-4041-48ee-8564-b80b294fa025 ] Request (ServerActionsTestJSON:setUpClass): 200 GET http://10.180.1.21/compute/v2.1/servers/e3416076-1d11-47e4-9f76-9a64d7259166 0.050s
2024-10-09 12:02:18.343 62803 INFO tempest.lib.common.rest_client [req-a1e34ec0-4ddd-43c1-93d7-5afb7d7f9a3e req-a1e34ec0-4ddd-43c1-93d7-5afb7d7f9a3e ] Request (ServerActionsV293TestJSON:setUpClass): 200 GET http://10.180.1.21/compute/v2.1/servers/014899cb-db4c-4444-abe1-b0129c0d7db9 0.060s
2024-10-09 12:02:18.344 62826 INFO tempest.lib.common.rest_client [req-2fe1ffb0-6588-4ff3-95c0-4f86680e4c73 req-2fe1ffb0-6588-4ff3-95c0-4f86680e4c73 ] Request (ServicesAdminTestJSON:setUpClass): 201 POST http://10.180.1.21/identity/v3/users 0.053s
2024-10-09 12:02:18.373 62826 INFO tempest.lib.common.rest_client [req-37c9eadd-fc61-49e6-8aa3-8811d4d610ff req-37c9eadd-fc61-49e6-8aa3-8811d4d610ff ] Request (ServicesAdminTestJSON:setUpClass): 200 GET http://10.180.1.21/identity/v3/roles 0.029s
2024-10-09 12:02:18.397 62826 INFO tempest.lib.common.rest_client [req-414ac206-1aed-4227-9dd1-71a41f82c099 req-414ac206-1aed-4227-9dd1-71a41f82c099 ] Request (ServicesAdminTestJSON:setUpClass): 204 PUT http://10.180.1.21/identity/v3/projects/3cb35e3a7e594ff588518cc545c50776/users/e09e87e05b204c898d05a08b7edbe280/roles/c362f7efbc68460a8eb7251a301ca1c2 0.023s
2024-10-09 12:02:18.400 62827 INFO tempest.lib.common.rest_client [req-6341eb45-18f4-4d60-aa9f-e2300c2dccf4 req-6341eb45-18f4-4d60-aa9f-e2300c2dccf4 ] Request (ServersTestFqdnHostnames:test_create_server_with_fqdn_name): 200 GET http://10.180.1.21/compute/v2.1/servers/e25c631d-3d1b-40d2-9fb1-a65431f991a9 0.064s
2024-10-09 12:02:18.407 62797 INFO tempest.lib.common.rest_client [req-3608f828-131a-4b98-914a-1b9484dc915c req-3608f828-131a-4b98-914a-1b9484dc915c ] Request (ServerActionsTestOtherA:setUpClass): 200 GET http://10.180.1.21/compute/v2.1/servers/e8cbb437-0ace-4af3-a1d9-f96eeeea8504 0.069s
2024-10-09 12:02:18.453 62826 INFO tempest.lib.common.rest_client [req-1b3505db-ae7a-4426-b740-64605dbe7928 req-1b3505db-ae7a-4426-b740-64605dbe7928 ] Request (ServicesAdminTestJSON:setUpClass): 200 GET http://10.180.1.21/identity/v3/roles 0.056s
2024-10-09 12:02:18.479 62799 INFO tempest.lib.common.rest_client [req-660ac816-520c-4fe5-8362-a543df0e8b42 req-660ac816-520c-4fe5-8362-a543df0e8b42 ] Request (AttachInterfacesV270Test:setUpClass): 201 POST http://10.180.1.21:9696/networking/v2.0/subnets 0.203s
2024-10-09 12:02:18.486 62826 INFO tempest.lib.common.rest_client [req-45fc0faf-2d32-46de-a3d8-8833efbf9d3a req-45fc0faf-2d32-46de-a3d8-8833efbf9d3a ] Request (ServicesAdminTestJSON:setUpClass): 204 PUT http://10.180.1.21/identity/v3/projects/3cb35e3a7e594ff588518cc545c50776/users/e09e87e05b204c898d05a08b7edbe280/roles/c362f7efbc68460a8eb7251a301ca1c2 0.032s
2024-10-09 12:02:18.486 62826 INFO tempest.lib.common.dynamic_creds [-] Dynamic test user e09e87e05b204c898d05a08b7edbe280 is created with scope project and roles: ['admin']
2024-10-09 12:02:18.486 62826 INFO tempest.lib.common.dynamic_creds [-] Acquired dynamic creds: credentials: Credentials: {'domain_id': 'default', 'domain_name': 'Default', 'username': 'tempest-ServicesAdminTestJSON-1158490197-project-admin', 'project_domain_id': 'default', 'project_domain_name': 'Default', 'project_id': '3cb35e3a7e594ff588518cc545c50776', 'project_name': 'tempest-ServicesAdminTestJSON-1158490197', 'tenant_id': '3cb35e3a7e594ff588518cc545c50776', 'tenant_name': 'tempest-ServicesAdminTestJSON-1158490197', 'user_domain_id': 'default', 'user_domain_name': 'Default', 'user_id': 'e09e87e05b204c898d05a08b7edbe280', 'system': None}, Network: None, Subnet: None, Router: None
2024-10-09 12:02:18.486 62826 INFO tempest.lib.common.dynamic_creds [-] Created isolated network resources for: credentials: Credentials: {'domain_id': 'default', 'domain_name': 'Default', 'username': 'tempest-ServicesAdminTestJSON-1158490197-project-admin', 'project_domain_id': 'default', 'project_domain_name': 'Default', 'project_id': '3cb35e3a7e594ff588518cc545c50776', 'project_name': 'tempest-ServicesAdminTestJSON-1158490197', 'tenant_id': '3cb35e3a7e594ff588518cc545c50776', 'tenant_name': 'tempest-ServicesAdminTestJSON-1158490197', 'user_domain_id': 'default', 'user_domain_name': 'Default', 'user_id': 'e09e87e05b204c898d05a08b7edbe280', 'system': None}, Network: None, Subnet: None, Router: None
2024-10-09 12:02:18.489 62805 INFO tempest.lib.common.rest_client [req-1ebe8d3b-94ab-47a0-83e4-c404b2fce49d req-1ebe8d3b-94ab-47a0-83e4-c404b2fce49d ] Request (ImagesOneServerNegativeTestJSON:setUpClass): 200 GET http://10.180.1.21/compute/v2.1/servers/3d19d349-e450-4307-a763-6269dcb06544 0.065s
2024-10-09 12:02:18.493 62855 INFO tempest.lib.common.rest_client [req-81c0b8a9-dbe7-4339-a147-98d20a4e2c8c req-81c0b8a9-dbe7-4339-a147-98d20a4e2c8c ] Request (AttachVolumeTestJSON:test_attach_detach_volume): 200 GET http://10.180.1.21/compute/v2.1/servers/6b19c327-9a80-498f-a350-8068ad250377 0.062s
2024-10-09 12:02:18.537 62839 INFO tempest.lib.common.rest_client [req-cb8bb356-3e96-4bb7-a12a-7d65134a7bf8 req-cb8bb356-3e96-4bb7-a12a-7d65134a7bf8 ] Request (ListImageFiltersTestJSON:setUpClass): 200 GET http://10.180.1.21/compute/v2.1/servers/a358a3cb-deda-419a-aa3c-ce7aeb534240 0.059s
2024-10-09 12:02:18.560 62837 INFO tempest.lib.common.rest_client [req-c3b60eb3-85de-4800-a07e-9aa5114aa8cd req-c3b60eb3-85de-4800-a07e-9aa5114aa8cd ] Request (ServersNegativeTestJSON:setUpClass): 200 GET http://10.180.1.21/compute/v2.1/servers/606becc8-ff43-469c-aca6-c35d67614960 0.053s
2024-10-09 12:02:18.566 62826 INFO tempest.lib.common.rest_client [req-361abae1-f553-45d3-91b4-f23482c1982b req-361abae1-f553-45d3-91b4-f23482c1982b ] Request (ServicesAdminTestJSON:setUpClass): 201 POST http://10.180.1.21/identity/v3/auth/tokens 0.073s
2024-10-09 12:02:18.587 62813 INFO tempest.lib.common.rest_client [req-0da87e46-d752-44e0-b458-83c31773ef2d req-0da87e46-d752-44e0-b458-83c31773ef2d ] Request (ServerAddressesNegativeTestJSON:setUpClass): 200 GET http://10.180.1.21/compute/v2.1/servers/932b7ac4-0a4b-4a39-a002-5a4ae3ce75f6 0.055s
2024-10-09 12:02:18.650 62826 INFO tempest.lib.common.rest_client [req-c3a76688-fe91-42de-a764-fbfe6246c564 req-c3a76688-fe91-42de-a764-fbfe6246c564 ] Request (ServicesAdminTestJSON:test_get_service_by_host_name): 200 GET http://10.180.1.21/compute/v2.1/os-services 0.082s
2024-10-09 12:02:18.675 62826 INFO tempest.lib.common.rest_client [req-53dfd804-cf19-4f03-97a4-b1be8edf34f8 req-53dfd804-cf19-4f03-97a4-b1be8edf34f8 ] Request (ServicesAdminTestJSON:test_get_service_by_host_name): 200 GET http://10.180.1.21/compute/v2.1/os-services?host=devstack 0.023s
2024-10-09 12:02:18.702 62826 INFO tempest.lib.common.rest_client [req-28b4fa9d-edca-4d23-a60d-795142b65727 req-28b4fa9d-edca-4d23-a60d-795142b65727 ] Request (ServicesAdminTestJSON:test_get_service_by_service_binary_name): 200 GET http://10.180.1.21/compute/v2.1/os-services?binary=nova-compute 0.024s
2024-10-09 12:02:18.725 62826 INFO tempest.lib.common.rest_client [req-eec32d9d-2db1-4592-bbd6-056be954f124 req-eec32d9d-2db1-4592-bbd6-056be954f124 ] Request (ServicesAdminTestJSON:test_list_services): 200 GET http://10.180.1.21/compute/v2.1/os-services 0.020s
2024-10-09 12:02:18.811 62826 INFO tempest.lib.common.rest_client [req-19b0a08e-d2c7-45de-87e9-3ff7a2d48826 req-19b0a08e-d2c7-45de-87e9-3ff7a2d48826 ] Request (ServicesAdminTestJSON:tearDownClass): 204 DELETE http://10.180.1.21/identity/v3/users/06d8f003f8ce46ac96c09d7d855042cc 0.078s
2024-10-09 12:02:18.893 62826 INFO tempest.lib.common.rest_client [req-b95e4e48-8139-417a-b787-98f9024e86be req-b95e4e48-8139-417a-b787-98f9024e86be ] Request (ServicesAdminTestJSON:tearDownClass): 204 DELETE http://10.180.1.21/identity/v3/users/e09e87e05b204c898d05a08b7edbe280 0.081s
2024-10-09 12:02:18.893 62826 INFO tempest.lib.common.dynamic_creds [-] Deleting project and security group for project: 1a488eda88ca48d5a301a13028524840
