2024-10-09 12:01:27.941 62839 INFO tempest.lib.common.rest_client [req-2cd7864a-32b4-4e63-8cf7-abc357553b11 req-2cd7864a-32b4-4e63-8cf7-abc357553b11 ] Request (ImagesNegativeTestJSON:tearDownClass): 204 DELETE http://10.180.1.21:9696/networking/v2.0/routers/31f271d5-fe90-4c8f-9c88-6d77dcbf8f85 0.337s
2024-10-09 12:01:27.965 62807 INFO tempest.lib.common.rest_client [req-a112a2b1-16dd-4370-bc5e-a6b6ae98f435 req-a112a2b1-16dd-4370-bc5e-a6b6ae98f435 ] Request (ServersTestBootFromVolume:setUpClass): 200 GET http://10.180.1.21/compute/v2.1/servers/92cf1acb-b471-4add-a73f-7e9e94fbaaa4 0.050s
2024-10-09 12:01:28.013 62799 INFO tempest.lib.common.rest_client [req-3cba44f0-7dfc-4610-a649-f46c68f1f87c req-3cba44f0-7dfc-4610-a649-f46c68f1f87c ] Request (FloatingIPsAssociationNegativeTestJSON:setUpClass): 200 GET http://10.180.1.21/compute/v2.1/servers/4455c247-a707-4c3a-9323-0110a1290780 0.057s
2024-10-09 12:01:28.019 62799 INFO tempest.common.waiters [-] State transition "BUILD/scheduling" ==> "BUILD/None" after 66 second wait
2024-10-09 12:01:28.162 62843 INFO tempest.lib.common.rest_client [req-66189630-5595-4c44-ad05-467ea3bd7b93 req-66189630-5595-4c44-ad05-467ea3bd7b93 ] Request (SecurityGroupsTestJSON:test_list_security_groups_by_server): 200 GET http://10.180.1.21/compute/v2.1/servers/222a94b5-7841-490e-9b27-d3f703e6794f 0.061s
2024-10-09 12:01:28.180 62859 INFO tempest.lib.common.rest_client [req-17450cf4-94cc-42f3-b8b9-b7bd433ba37d req-17450cf4-94cc-42f3-b8b9-b7bd433ba37d ] Request (ImagesTestJSON:test_create_image_from_suspended_server): 200 GET http://10.180.1.21/compute/v2.1/servers/d94d2c98-bbbb-4bdf-a4d4-603aa7635a7d 0.068s
2024-10-09 12:01:28.219 62815 INFO tempest.lib.common.rest_client [req-eb5bfd4b-7501-496b-b8e8-71ec62f3b7a3 req-eb5bfd4b-7501-496b-b8e8-71ec62f3b7a3 ] Request (ListServersNegativeTestJSON:setUpClass): 200 GET http://10.180.1.21/compute/v2.1/servers/81814471-a617-4364-a140-105252ca9c04 0.065s
2024-10-09 12:01:28.246 62837 INFO tempest.lib.common.rest_client [req-af79b41d-dc88-404c-899f-bb6874a01861 req-af79b41d-dc88-404c-899f-bb6874a01861 ] Request (ServersNegativeTestJSON:setUpClass): 200 GET http://10.180.1.21/compute/v2.1/servers/606becc8-ff43-469c-aca6-c35d67614960 0.091s
2024-10-09 12:01:28.277 62805 INFO tempest.lib.common.rest_client [req-4e8620bf-0196-4d59-86f4-05a1f70bec4f req-4e8620bf-0196-4d59-86f4-05a1f70bec4f ] Request (ImagesOneServerNegativeTestJSON:setUpClass): 200 GET http://10.180.1.21/compute/v2.1/servers/3d19d349-e450-4307-a763-6269dcb06544 0.069s
2024-10-09 12:01:28.280 62839 INFO tempest.lib.common.rest_client [req-659d8aa8-4c5f-475b-82dd-111226069662 req-659d8aa8-4c5f-475b-82dd-111226069662 ] Request (ImagesNegativeTestJSON:tearDownClass): 204 DELETE http://10.180.1.21:9696/networking/v2.0/subnets/af0ee85f-8cb7-46e6-9190-327043d1b845 0.336s
2024-10-09 12:01:28.306 62845 INFO tempest.lib.common.rest_client [req-b67473c5-971e-474d-87ae-48a35791447c req-b67473c5-971e-474d-87ae-48a35791447c ] Request (ServerActionsTestJSON:setUpClass): 200 GET http://10.180.1.21/compute/v2.1/servers/e3416076-1d11-47e4-9f76-9a64d7259166 0.092s
2024-10-09 12:01:28.333 62797 INFO tempest.lib.common.rest_client [req-35e942c8-7509-48e8-8746-acdece429631 req-35e942c8-7509-48e8-8746-acdece429631 ] Request (ServerActionsTestOtherA:setUpClass): 200 GET http://10.180.1.21/compute/v2.1/servers/e8cbb437-0ace-4af3-a1d9-f96eeeea8504 0.074s
2024-10-09 12:01:28.358 62823 INFO tempest.lib.common.rest_client [req-4c9c8c6d-c624-43c0-960b-fbaff7278c9c req-4c9c8c6d-c624-43c0-960b-fbaff7278c9c ] Request (ListServerFiltersTestJSON:setUpClass): 200 GET http://10.180.1.21/compute/v2.1/servers/6467456c-db39-4fd6-b67e-a5be2b803bd3 0.091s
2024-10-09 12:01:28.396 62826 INFO tempest.lib.common.rest_client [req-d491fd5a-a2bd-42ba-815e-f6477dcd2d1c req-d491fd5a-a2bd-42ba-815e-f6477dcd2d1c ] Request (ServerDiagnosticsNegativeTest:test_get_server_diagnostics_by_non_admin): 200 GET http://10.180.1.21/compute/v2.1/servers/09ccf23b-4763-47e1-afad-59e2b06b2d9e 0.090s
2024-10-09 12:01:28.413 62827 INFO tempest.lib.common.rest_client [req-09b6bb4f-350e-4595-baff-bc0bef2007b3 req-09b6bb4f-350e-4595-baff-bc0bef2007b3 ] Request (ServersAdminTestJSON:setUpClass): 200 GET http://10.180.1.21/compute/v2.1/servers/b3cc82aa-be39-4e89-8972-b5596629961c 0.099s
2024-10-09 12:01:28.470 62813 INFO tempest.lib.common.rest_client [req-03a70ab2-a886-4dce-9498-bb707e7922a4 req-03a70ab2-a886-4dce-9498-bb707e7922a4 ] Request (ServerAddressesNegativeTestJSON:setUpClass): 200 GET http://10.180.1.21/compute/v2.1/servers/932b7ac4-0a4b-4a39-a002-5a4ae3ce75f6 0.109s
2024-10-09 12:01:28.477 62819 INFO tempest.lib.common.rest_client [req-646ea663-5dc5-4b5a-9ede-9ef55a60f2ec req-646ea663-5dc5-4b5a-9ede-9ef55a60f2ec ] Request (ServerRescueTestJSONUnderV235:setUpClass): 200 GET http://10.180.1.21/compute/v2.1/servers/15772d8e-98ce-47cf-9b61-e79c7ffc3a8b 0.115s
2024-10-09 12:01:28.536 62855 INFO tempest.lib.common.rest_client [req-da07d669-bcec-47ad-979a-4dd1bc1b8355 req-da07d669-bcec-47ad-979a-4dd1bc1b8355 ] Request (AttachVolumeTestJSON:test_attach_detach_volume): 200 GET http://10.180.1.21/compute/v2.1/servers/6b19c327-9a80-498f-a350-8068ad250377 0.119s
2024-10-09 12:01:28.551 62835 INFO tempest.lib.common.rest_client [req-0ec21114-e8b9-4767-aa04-dc2d7156359a req-0ec21114-e8b9-4767-aa04-dc2d7156359a ] Request (ServerDiagnosticsV248Test:tearDownClass): 200 GET http://10.180.1.21/compute/v2.1/servers/8c0e3a15-0cdd-422a-8a97-95d57621de88 0.117s
2024-10-09 12:01:28.590 62833 INFO tempest.lib.common.rest_client [req-50e1e880-7c31-4883-97d8-80667cf38d74 req-50e1e880-7c31-4883-97d8-80667cf38d74 ] Request (VolumesAssistedSnapshotsTest:test_volume_assisted_snapshot_create_delete): 200 GET http://10.180.1.21/compute/v2.1/servers/8e64b614-31e3-4830-b620-ff8409da8c37 0.127s
2024-10-09 12:01:28.605 62857 INFO tempest.lib.common.rest_client [req-aa6d4769-943e-4d72-a35f-1ff8211a73e8 req-aa6d4769-943e-4d72-a35f-1ff8211a73e8 ] Request (DeleteServersTestJSON:test_delete_server_while_in_attached_volume): 200 GET http://10.180.1.21/compute/v2.1/servers/c93cb228-0adb-423c-854f-73354cdb7012 0.127s
2024-10-09 12:01:28.645 62817 INFO tempest.lib.common.rest_client [req-a0a5a41a-6512-400a-9bde-2b72c1acf074 req-a0a5a41a-6512-400a-9bde-2b72c1acf074 ] Request (MigrationsAdminTest:test_resize_server_revert_deleted_flavor): 200 GET http://10.180.1.21/compute/v2.1/servers/de4f9304-3357-4eaa-9c94-fe28bc554086 0.128s
2024-10-09 12:01:28.661 62848 INFO tempest.lib.common.rest_client [req-649a8ddf-62a5-4710-8b3e-5f57e4709ce6 req-649a8ddf-62a5-4710-8b3e-5f57e4709ce6 ] Request (ServersTestMultiNic:test_verify_multiple_nics_order): 200 GET http://10.180.1.21/compute/v2.1/servers/68a3a4a5-ee3e-4234-8577-e5c1af6fbfb9 0.127s
2024-10-09 12:01:28.680 62839 INFO tempest.lib.common.rest_client [req-9c3f4c55-9a46-40d1-8401-0a384203f123 req-9c3f4c55-9a46-40d1-8401-0a384203f123 ] Request (ImagesNegativeTestJSON:tearDownClass): 204 DELETE http://10.180.1.21:9696/networking/v2.0/networks/455e594c-e2cc-4f14-85c0-a7eabef1f88b 0.400s
2024-10-09 12:01:28.694 62801 INFO tempest.lib.common.rest_client [req-2e5b62d1-7410-497d-aa54-ceab30940c25 req-2e5b62d1-7410-497d-aa54-ceab30940c25 ] Request (DeleteServersAdminTestJSON:test_delete_server_while_in_error_state): 200 GET http://10.180.1.21/compute/v2.1/servers/9fd421c6-d068-4a81-a042-2d1f23fb9e1a 0.128s
2024-10-09 12:01:28.710 62829 INFO tempest.lib.common.rest_client [req-d15bd22e-70a3-47f5-9a4e-5700955604af req-d15bd22e-70a3-47f5-9a4e-5700955604af ] Request (InstanceActionsTestJSON:setUpClass): 200 GET http://10.180.1.21/compute/v2.1/servers/60db0e43-692b-4449-9b44-badf3053429d 0.082s
2024-10-09 12:01:28.774 62839 INFO tempest.lib.common.rest_client [req-005f4ae4-3486-4714-9eaa-d6dde5f38700 req-005f4ae4-3486-4714-9eaa-d6dde5f38700 ] Request (ImagesNegativeTestJSON:tearDownClass): 204 DELETE http://10.180.1.21/identity/v3/users/4484efbbf22c44e9ac4b2e56310bceec 0.094s
2024-10-09 12:01:28.775 62839 INFO tempest.lib.common.dynamic_creds [-] Deleting project and security group for project: 52e0063fd8ef44a68a4cfee5f759920e
2024-10-09 12:01:28.811 62839 INFO tempest.lib.common.rest_client [req-54754831-36a6-4287-8948-bdc74074d784 req-54754831-36a6-4287-8948-bdc74074d784 ] Request (ImagesNegativeTestJSON:tearDownClass): 200 GET http://10.180.1.21:9696/networking/v2.0/security-groups?tenant_id=52e0063fd8ef44a68a4cfee5f759920e&name=default 0.036s
2024-10-09 12:01:28.854 62811 INFO tempest.lib.common.rest_client [req-00b42628-2890-41ed-a0d5-054a2c197e04 req-00b42628-2890-41ed-a0d5-054a2c197e04 ] Request (AttachInterfacesUnderV243Test:test_add_remove_fixed_ip): 200 GET http://10.180.1.21/compute/v2.1/servers/ba442811-2b0a-44e7-b036-572291aff648 0.073s
2024-10-09 12:01:28.868 62803 INFO tempest.lib.common.rest_client [req-e8037748-4701-4edf-84e2-bb2c614afa09 req-e8037748-4701-4edf-84e2-bb2c614afa09 ] Request (ServerActionsV293TestJSON:setUpClass): 200 GET http://10.180.1.21/compute/v2.1/servers/014899cb-db4c-4444-abe1-b0129c0d7db9 0.068s
2024-10-09 12:01:28.913 62795 INFO tempest.lib.common.rest_client [req-e135278c-cc11-42ae-95e6-dacaa799c0f4 req-e135278c-cc11-42ae-95e6-dacaa799c0f4 ] Request (ServersTestManualDisk:setUpClass): 200 GET http://10.180.1.21/compute/v2.1/servers/20fab902-79cc-4f83-abaf-53a53c2521f4 0.069s
2024-10-09 12:01:28.946 62839 INFO tempest.lib.common.rest_client [req-56e424f9-5336-4e81-aba2-12a7ae532689 req-56e424f9-5336-4e81-aba2-12a7ae532689 ] Request (ImagesNegativeTestJSON:tearDownClass): 204 DELETE http://10.180.1.21:9696/networking/v2.0/security-groups/baa5ee91-eb6c-41ec-a682-2ed93e020e5f 0.134s
2024-10-09 12:01:28.993 62849 INFO tempest.lib.common.rest_client [req-6b18894a-f5d4-40fb-9b1b-ab27db3de0fa req-6b18894a-f5d4-40fb-9b1b-ab27db3de0fa ] Request (ServerActionsTestOtherB:setUpClass): 200 GET http://10.180.1.21/compute/v2.1/servers/877f5b67-68f8-48b0-8e12-622d9b50a390 0.051s
2024-10-09 12:01:29.041 62839 INFO tempest.lib.common.rest_client [req-f8021679-095f-4e33-a3e7-723704bdb173 req-f8021679-095f-4e33-a3e7-723704bdb173 ] Request (ImagesNegativeTestJSON:tearDownClass): 204 DELETE http://10.180.1.21/identity/v3/projects/52e0063fd8ef44a68a4cfee5f759920e 0.094s
2024-10-09 12:01:29.051 62807 INFO tempest.lib.common.rest_client [req-27e5a33b-a51b-4acf-92b4-3edd8d07ed1a req-27e5a33b-a51b-4acf-92b4-3edd8d07ed1a ] Request (ServersTestBootFromVolume:setUpClass): 200 GET http://10.180.1.21/compute/v2.1/servers/92cf1acb-b471-4add-a73f-7e9e94fbaaa4 0.077s
2024-10-09 12:01:29.051 62821 INFO tempest.lib.common.rest_client [req-66786312-a351-440a-9115-cf5b2f641c92 req-66786312-a351-440a-9115-cf5b2f641c92 ] Request (ServersWithSpecificFlavorTestJSON:test_verify_created_server_ephemeral_disk): 200 GET http://10.180.1.21/compute/v2.1/servers/2e7bd3e1-6b34-4d3f-aff3-d83ffaf6317a 0.159s
2024-10-09 12:01:29.057 62821 INFO tempest.common.waiters [-] State transition "BUILD/networking" ==> "BUILD/block_device_mapping" after 78 second wait
2024-10-09 12:01:29.093 62799 INFO tempest.lib.common.rest_client [req-9bba0204-0e89-4405-ac1b-05c2b44bd0b3 req-9bba0204-0e89-4405-ac1b-05c2b44bd0b3 ] Request (FloatingIPsAssociationNegativeTestJSON:setUpClass): 200 GET http://10.180.1.21/compute/v2.1/servers/4455c247-a707-4c3a-9323-0110a1290780 0.072s
2024-10-09 12:01:29.098 62839 INFO tempest.lib.common.rest_client [req-a1952924-95ef-4074-af68-ad11f54db75c req-a1952924-95ef-4074-af68-ad11f54db75c ] Request (ListImageFiltersTestJSON:setUpClass): 201 POST http://10.180.1.21/identity/v3/auth/tokens 0.056s
2024-10-09 12:01:29.125 62839 INFO tempest.lib.common.rest_client [req-1fb65e6b-e4a9-4d25-96ab-064cefc93395 req-1fb65e6b-e4a9-4d25-96ab-064cefc93395 ] Request (ListImageFiltersTestJSON:setUpClass): 201 POST http://10.180.1.21/identity/v3/auth/tokens 0.025s
2024-10-09 12:01:29.144 62839 INFO tempest.lib.common.rest_client [req-990700c9-dfd0-48b8-9313-64f50dd77df5 req-990700c9-dfd0-48b8-9313-64f50dd77df5 ] Request (ListImageFiltersTestJSON:setUpClass): 200 GET http://10.180.1.21/identity/v3/domains?name=Default 0.018s
2024-10-09 12:01:29.170 62839 INFO tempest.lib.common.rest_client [req-570f7300-7264-45f3-9074-f2c47a94bf88 req-570f7300-7264-45f3-9074-f2c47a94bf88 ] Request (ListImageFiltersTestJSON:setUpClass): 201 POST http://10.180.1.21/identity/v3/projects 0.025s
2024-10-09 12:01:29.234 62843 INFO tempest.lib.common.rest_client [req-7e82ab1a-4974-4764-a9cd-547186191a8c req-7e82ab1a-4974-4764-a9cd-547186191a8c ] Request (SecurityGroupsTestJSON:test_list_security_groups_by_server): 200 GET http://10.180.1.21/compute/v2.1/servers/222a94b5-7841-490e-9b27-d3f703e6794f 0.059s
2024-10-09 12:01:29.237 62839 INFO tempest.lib.common.rest_client [req-5396ab22-2c86-4c12-a260-e6a3cce6639e req-5396ab22-2c86-4c12-a260-e6a3cce6639e ] Request (ListImageFiltersTestJSON:setUpClass): 201 POST http://10.180.1.21/identity/v3/users 0.066s
2024-10-09 12:01:29.250 62859 INFO tempest.lib.common.rest_client [req-c9431f0e-77e8-4ca1-ace4-dd71fa3e7fa4 req-c9431f0e-77e8-4ca1-ace4-dd71fa3e7fa4 ] Request (ImagesTestJSON:test_create_image_from_suspended_server): 200 GET http://10.180.1.21/compute/v2.1/servers/d94d2c98-bbbb-4bdf-a4d4-603aa7635a7d 0.057s
2024-10-09 12:01:29.254 62839 INFO tempest.lib.common.rest_client [req-ab4499b9-8343-4207-87db-d9b85ea12606 req-ab4499b9-8343-4207-87db-d9b85ea12606 ] Request (ListImageFiltersTestJSON:setUpClass): 200 GET http://10.180.1.21/identity/v3/roles 0.016s
2024-10-09 12:01:29.280 62815 INFO tempest.lib.common.rest_client [req-7391960c-8718-43ef-84f5-2e629c06acfa req-7391960c-8718-43ef-84f5-2e629c06acfa ] Request (ListServersNegativeTestJSON:setUpClass): 200 GET http://10.180.1.21/compute/v2.1/servers/81814471-a617-4364-a140-105252ca9c04 0.054s
2024-10-09 12:01:29.287 62839 INFO tempest.lib.common.rest_client [req-9b9d09c9-fbad-4f54-8e4d-bba8ceb7bf51 req-9b9d09c9-fbad-4f54-8e4d-bba8ceb7bf51 ] Request (ListImageFiltersTestJSON:setUpClass): 204 PUT http://10.180.1.21/identity/v3/projects/5ab0065aa6e94abfae3bbd5cd6415c3b/users/cd0443142c9543c88695e5cb99585f24/roles/3afa60ce7d2f42688387c4631065256d 0.033s
2024-10-09 12:01:29.287 62839 INFO tempest.lib.common.dynamic_creds [-] Dynamic test user cd0443142c9543c88695e5cb99585f24 is created with scope project and roles: ['member']
2024-10-09 12:01:29.287 62839 INFO tempest.lib.common.dynamic_creds [-] Acquired dynamic creds: credentials: Credentials: {'domain_id': 'default', 'domain_name': 'Default', 'username': 'tempest-ListImageFiltersTestJSON-90386634-project-member', 'project_domain_id': 'default', 'project_domain_name': 'Default', 'project_id': '5ab0065aa6e94abfae3bbd5cd6415c3b', 'project_name': 'tempest-ListImageFiltersTestJSON-90386634', 'tenant_id': '5ab0065aa6e94abfae3bbd5cd6415c3b', 'tenant_name': 'tempest-ListImageFiltersTestJSON-90386634', 'user_domain_id': 'default', 'user_domain_name': 'Default', 'user_id': 'cd0443142c9543c88695e5cb99585f24', 'system': None}, Network: None, Subnet: None, Router: None
2024-10-09 12:01:29.287 62839 INFO tempest.lib.common.dynamic_creds [-] Created isolated network resources for: credentials: Credentials: {'domain_id': 'default', 'domain_name': 'Default', 'username': 'tempest-ListImageFiltersTestJSON-90386634-project-member', 'project_domain_id': 'default', 'project_domain_name': 'Default', 'project_id': '5ab0065aa6e94abfae3bbd5cd6415c3b', 'project_name': 'tempest-ListImageFiltersTestJSON-90386634', 'tenant_id': '5ab0065aa6e94abfae3bbd5cd6415c3b', 'tenant_name': 'tempest-ListImageFiltersTestJSON-90386634', 'user_domain_id': 'default', 'user_domain_name': 'Default', 'user_id': 'cd0443142c9543c88695e5cb99585f24', 'system': None}, Network: None, Subnet: None, Router: None
2024-10-09 12:01:29.305 62837 INFO tempest.lib.common.rest_client [req-0d8a3f23-0eee-452b-9732-5bdfb787dd79 req-0d8a3f23-0eee-452b-9732-5bdfb787dd79 ] Request (ServersNegativeTestJSON:setUpClass): 200 GET http://10.180.1.21/compute/v2.1/servers/606becc8-ff43-469c-aca6-c35d67614960 0.050s
2024-10-09 12:01:29.335 62805 INFO tempest.lib.common.rest_client [req-35836a57-7ab3-4a96-b318-a5a3468f2f61 req-35836a57-7ab3-4a96-b318-a5a3468f2f61 ] Request (ImagesOneServerNegativeTestJSON:setUpClass): 200 GET http://10.180.1.21/compute/v2.1/servers/3d19d349-e450-4307-a763-6269dcb06544 0.051s
2024-10-09 12:01:29.359 62839 INFO tempest.lib.common.rest_client [req-c5bce1ea-db9e-491d-af31-98693f54d9f1 req-c5bce1ea-db9e-491d-af31-98693f54d9f1 ] Request (ListImageFiltersTestJSON:setUpClass): 201 POST http://10.180.1.21/identity/v3/auth/tokens 0.065s
2024-10-09 12:01:29.361 62845 INFO tempest.lib.common.rest_client [req-233c162f-4095-43bb-a15f-da451f9c54c0 req-233c162f-4095-43bb-a15f-da451f9c54c0 ] Request (ServerActionsTestJSON:setUpClass): 200 GET http://10.180.1.21/compute/v2.1/servers/e3416076-1d11-47e4-9f76-9a64d7259166 0.046s
2024-10-09 12:01:29.393 62797 INFO tempest.lib.common.rest_client [req-45a2cdfd-cb5b-4a25-8842-0927637631e0 req-45a2cdfd-cb5b-4a25-8842-0927637631e0 ] Request (ServerActionsTestOtherA:setUpClass): 200 GET http://10.180.1.21/compute/v2.1/servers/e8cbb437-0ace-4af3-a1d9-f96eeeea8504 0.047s
2024-10-09 12:01:29.417 62823 INFO tempest.lib.common.rest_client [req-2026bc17-3d6f-4466-92fd-c66236a53f8f req-2026bc17-3d6f-4466-92fd-c66236a53f8f ] Request (ListServerFiltersTestJSON:setUpClass): 200 GET http://10.180.1.21/compute/v2.1/servers/6467456c-db39-4fd6-b67e-a5be2b803bd3 0.050s
2024-10-09 12:01:29.460 62826 INFO tempest.lib.common.rest_client [req-cbf3e28d-63b2-4f04-b373-6794bff8541e req-cbf3e28d-63b2-4f04-b373-6794bff8541e ] Request (ServerDiagnosticsNegativeTest:test_get_server_diagnostics_by_non_admin): 200 GET http://10.180.1.21/compute/v2.1/servers/09ccf23b-4763-47e1-afad-59e2b06b2d9e 0.055s
2024-10-09 12:01:29.465 62826 INFO tempest.common.waiters [-] State transition "BUILD/scheduling" ==> "BUILD/None" after 67 second wait
2024-10-09 12:01:29.477 62827 INFO tempest.lib.common.rest_client [req-7bc4b32e-1ada-40bf-8410-c66d45a62865 req-7bc4b32e-1ada-40bf-8410-c66d45a62865 ] Request (ServersAdminTestJSON:setUpClass): 200 GET http://10.180.1.21/compute/v2.1/servers/b3cc82aa-be39-4e89-8972-b5596629961c 0.054s
2024-10-09 12:01:29.524 62813 INFO tempest.lib.common.rest_client [req-23bd1bae-612b-41b9-8bf2-ccd80d86dc05 req-23bd1bae-612b-41b9-8bf2-ccd80d86dc05 ] Request (ServerAddressesNegativeTestJSON:setUpClass): 200 GET http://10.180.1.21/compute/v2.1/servers/932b7ac4-0a4b-4a39-a002-5a4ae3ce75f6 0.048s
2024-10-09 12:01:29.602 62855 INFO tempest.lib.common.rest_client [req-1453b44d-671f-456c-89ed-fe807cc7d4de req-1453b44d-671f-456c-89ed-fe807cc7d4de ] Request (AttachVolumeTestJSON:test_attach_detach_volume): 200 GET http://10.180.1.21/compute/v2.1/servers/6b19c327-9a80-498f-a350-8068ad250377 0.055s
2024-10-09 12:01:29.665 62835 INFO tempest.lib.common.rest_client [req-6dcc9109-3fa0-45fb-a8b7-06806c3b15c9 req-6dcc9109-3fa0-45fb-a8b7-06806c3b15c9 ] Request (ServerDiagnosticsV248Test:tearDownClass): 200 GET http://10.180.1.21/compute/v2.1/servers/8c0e3a15-0cdd-422a-8a97-95d57621de88 0.106s
2024-10-09 12:01:29.710 62833 INFO tempest.lib.common.rest_client [req-ecb953ca-f550-48bb-8406-0cd126d02997 req-ecb953ca-f550-48bb-8406-0cd126d02997 ] Request (VolumesAssistedSnapshotsTest:test_volume_assisted_snapshot_create_delete): 200 GET http://10.180.1.21/compute/v2.1/servers/8e64b614-31e3-4830-b620-ff8409da8c37 0.114s
2024-10-09 12:01:29.720 62839 INFO tempest.lib.common.rest_client [req-6eee585b-b89a-465c-9ac4-1c594a187a45 req-6eee585b-b89a-465c-9ac4-1c594a187a45 ] Request (ListImageFiltersTestJSON:setUpClass): 201 POST http://10.180.1.21/image/v2/images 0.360s
2024-10-09 12:01:29.733 62819 INFO tempest.lib.common.rest_client [req-ac88cba6-be4c-4ca2-bcb8-580616e88188 req-ac88cba6-be4c-4ca2-bcb8-580616e88188 ] Request (ServerRescueTestJSONUnderV235:setUpClass): 200 GET http://10.180.1.21/compute/v2.1/servers/15772d8e-98ce-47cf-9b61-e79c7ffc3a8b 0.247s
2024-10-09 12:01:29.759 62857 INFO tempest.lib.common.rest_client [req-d02152d9-dc97-4f36-8cc0-c1d7af4405ed req-d02152d9-dc97-4f36-8cc0-c1d7af4405ed ] Request (DeleteServersTestJSON:test_delete_server_while_in_attached_volume): 200 GET http://10.180.1.21/compute/v2.1/servers/c93cb228-0adb-423c-854f-73354cdb7012 0.148s
2024-10-09 12:01:29.775 62817 INFO tempest.lib.common.rest_client [req-b6e4655c-8a23-4f6b-ba5d-682073258bc2 req-b6e4655c-8a23-4f6b-ba5d-682073258bc2 ] Request (MigrationsAdminTest:test_resize_server_revert_deleted_flavor): 200 GET http://10.180.1.21/compute/v2.1/servers/de4f9304-3357-4eaa-9c94-fe28bc554086 0.119s
2024-10-09 12:01:29.801 62848 INFO tempest.lib.common.rest_client [req-f2e56bc9-b45a-468a-8ed0-bc1d6df13d4a req-f2e56bc9-b45a-468a-8ed0-bc1d6df13d4a ] Request (ServersTestMultiNic:test_verify_multiple_nics_order): 200 GET http://10.180.1.21/compute/v2.1/servers/68a3a4a5-ee3e-4234-8577-e5c1af6fbfb9 0.132s
2024-10-09 12:01:29.816 62801 INFO tempest.lib.common.rest_client [req-b83d7270-7e6b-4e60-8fdf-09f645dbe386 req-b83d7270-7e6b-4e60-8fdf-09f645dbe386 ] Request (DeleteServersAdminTestJSON:test_delete_server_while_in_error_state): 200 GET http://10.180.1.21/compute/v2.1/servers/9fd421c6-d068-4a81-a042-2d1f23fb9e1a 0.115s
2024-10-09 12:01:29.843 62829 INFO tempest.lib.common.rest_client [req-10caf0d5-91c3-4017-96e7-80f27e74073d req-10caf0d5-91c3-4017-96e7-80f27e74073d ] Request (InstanceActionsTestJSON:setUpClass): 200 GET http://10.180.1.21/compute/v2.1/servers/60db0e43-692b-4449-9b44-badf3053429d 0.126s
2024-10-09 12:01:29.909 62811 INFO tempest.lib.common.rest_client [req-a09c7973-45ae-4618-9d18-928173c8e130 req-a09c7973-45ae-4618-9d18-928173c8e130 ] Request (AttachInterfacesUnderV243Test:test_add_remove_fixed_ip): 200 GET http://10.180.1.21/compute/v2.1/servers/ba442811-2b0a-44e7-b036-572291aff648 0.046s
2024-10-09 12:01:29.926 62803 INFO tempest.lib.common.rest_client [req-dcba3ffb-df5f-42e5-a3a3-6c08779d1122 req-dcba3ffb-df5f-42e5-a3a3-6c08779d1122 ] Request (ServerActionsV293TestJSON:setUpClass): 200 GET http://10.180.1.21/compute/v2.1/servers/014899cb-db4c-4444-abe1-b0129c0d7db9 0.049s
2024-10-09 12:01:29.967 62795 INFO tempest.lib.common.rest_client [req-84749ad7-785d-46cc-b6ce-ba9fe6a98815 req-84749ad7-785d-46cc-b6ce-ba9fe6a98815 ] Request (ServersTestManualDisk:setUpClass): 200 GET http://10.180.1.21/compute/v2.1/servers/20fab902-79cc-4f83-abaf-53a53c2521f4 0.044s
2024-10-09 12:01:30.050 62849 INFO tempest.lib.common.rest_client [req-471c5e83-28e7-4994-acca-2a5b65b84843 req-471c5e83-28e7-4994-acca-2a5b65b84843 ] Request (ServerActionsTestOtherB:setUpClass): 200 GET http://10.180.1.21/compute/v2.1/servers/877f5b67-68f8-48b0-8e12-622d9b50a390 0.046s
2024-10-09 12:01:30.114 62807 INFO tempest.lib.common.rest_client [req-7eee1419-1d29-4b61-a09b-2ea0d48bbba4 req-7eee1419-1d29-4b61-a09b-2ea0d48bbba4 ] Request (ServersTestBootFromVolume:setUpClass): 200 GET http://10.180.1.21/compute/v2.1/servers/92cf1acb-b471-4add-a73f-7e9e94fbaaa4 0.056s
2024-10-09 12:01:30.115 62821 INFO tempest.lib.common.rest_client [req-f48d9c60-fdb3-4c28-91a2-4a057e44adfc req-f48d9c60-fdb3-4c28-91a2-4a057e44adfc ] Request (ServersWithSpecificFlavorTestJSON:test_verify_created_server_ephemeral_disk): 200 GET http://10.180.1.21/compute/v2.1/servers/2e7bd3e1-6b34-4d3f-aff3-d83ffaf6317a 0.057s
2024-10-09 12:01:30.121 62821 INFO tempest.common.waiters [-] State transition "BUILD/block_device_mapping" ==> "BUILD/spawning" after 79 second wait
2024-10-09 12:01:30.155 62799 INFO tempest.lib.common.rest_client [req-4f3f8444-f2f0-4a61-b358-74dccfc62149 req-4f3f8444-f2f0-4a61-b358-74dccfc62149 ] Request (FloatingIPsAssociationNegativeTestJSON:setUpClass): 200 GET http://10.180.1.21/compute/v2.1/servers/4455c247-a707-4c3a-9323-0110a1290780 0.056s
2024-10-09 12:01:30.286 62843 INFO tempest.lib.common.rest_client [req-c937df1e-1f2f-49f6-80e7-30bcce1bfc69 req-c937df1e-1f2f-49f6-80e7-30bcce1bfc69 ] Request (SecurityGroupsTestJSON:test_list_security_groups_by_server): 200 GET http://10.180.1.21/compute/v2.1/servers/222a94b5-7841-490e-9b27-d3f703e6794f 0.046s
2024-10-09 12:01:30.303 62859 INFO tempest.lib.common.rest_client [req-002901b1-9cf0-4c34-972c-62d63a82250b req-002901b1-9cf0-4c34-972c-62d63a82250b ] Request (ImagesTestJSON:test_create_image_from_suspended_server): 200 GET http://10.180.1.21/compute/v2.1/servers/d94d2c98-bbbb-4bdf-a4d4-603aa7635a7d 0.046s
2024-10-09 12:01:30.330 62815 INFO tempest.lib.common.rest_client [req-41826b97-8b14-4890-98fb-fcc83362d5b8 req-41826b97-8b14-4890-98fb-fcc83362d5b8 ] Request (ListServersNegativeTestJSON:setUpClass): 200 GET http://10.180.1.21/compute/v2.1/servers/81814471-a617-4364-a140-105252ca9c04 0.043s
2024-10-09 12:01:30.359 62837 INFO tempest.lib.common.rest_client [req-847485fb-a67b-4d55-bd5a-c3f63269449b req-847485fb-a67b-4d55-bd5a-c3f63269449b ] Request (ServersNegativeTestJSON:setUpClass): 200 GET http://10.180.1.21/compute/v2.1/servers/606becc8-ff43-469c-aca6-c35d67614960 0.045s
2024-10-09 12:01:30.384 62805 INFO tempest.lib.common.rest_client [req-21ba03bd-63b0-489f-bb9f-ad0df1120603 req-21ba03bd-63b0-489f-bb9f-ad0df1120603 ] Request (ImagesOneServerNegativeTestJSON:setUpClass): 200 GET http://10.180.1.21/compute/v2.1/servers/3d19d349-e450-4307-a763-6269dcb06544 0.042s
2024-10-09 12:01:30.413 62845 INFO tempest.lib.common.rest_client [req-13176017-1712-4baf-9081-7a40022ac1e2 req-13176017-1712-4baf-9081-7a40022ac1e2 ] Request (ServerActionsTestJSON:setUpClass): 200 GET http://10.180.1.21/compute/v2.1/servers/e3416076-1d11-47e4-9f76-9a64d7259166 0.045s
2024-10-09 12:01:30.445 62797 INFO tempest.lib.common.rest_client [req-3eb1054e-1f97-4d62-85d9-918cc89841aa req-3eb1054e-1f97-4d62-85d9-918cc89841aa ] Request (ServerActionsTestOtherA:setUpClass): 200 GET http://10.180.1.21/compute/v2.1/servers/e8cbb437-0ace-4af3-a1d9-f96eeeea8504 0.046s
2024-10-09 12:01:30.469 62823 INFO tempest.lib.common.rest_client [req-488729a3-a780-4775-a413-573ac453e733 req-488729a3-a780-4775-a413-573ac453e733 ] Request (ListServerFiltersTestJSON:setUpClass): 200 GET http://10.180.1.21/compute/v2.1/servers/6467456c-db39-4fd6-b67e-a5be2b803bd3 0.044s
2024-10-09 12:01:30.508 62826 INFO tempest.lib.common.rest_client [req-9dfa6367-e7e0-4f4d-a8af-aced8516df9c req-9dfa6367-e7e0-4f4d-a8af-aced8516df9c ] Request (ServerDiagnosticsNegativeTest:test_get_server_diagnostics_by_non_admin): 200 GET http://10.180.1.21/compute/v2.1/servers/09ccf23b-4763-47e1-afad-59e2b06b2d9e 0.042s
2024-10-09 12:01:30.526 62827 INFO tempest.lib.common.rest_client [req-b5aff744-ef29-4d09-ae48-6aacd0a39558 req-b5aff744-ef29-4d09-ae48-6aacd0a39558 ] Request (ServersAdminTestJSON:setUpClass): 200 GET http://10.180.1.21/compute/v2.1/servers/b3cc82aa-be39-4e89-8972-b5596629961c 0.043s
2024-10-09 12:01:30.575 62813 INFO tempest.lib.common.rest_client [req-83e89e62-c82d-455f-8737-48881e5179ee req-83e89e62-c82d-455f-8737-48881e5179ee ] Request (ServerAddressesNegativeTestJSON:setUpClass): 200 GET http://10.180.1.21/compute/v2.1/servers/932b7ac4-0a4b-4a39-a002-5a4ae3ce75f6 0.042s
2024-10-09 12:01:30.653 62855 INFO tempest.lib.common.rest_client [req-11e16cb2-88bb-4896-8bef-e6821c159cf5 req-11e16cb2-88bb-4896-8bef-e6821c159cf5 ] Request (AttachVolumeTestJSON:test_attach_detach_volume): 200 GET http://10.180.1.21/compute/v2.1/servers/6b19c327-9a80-498f-a350-8068ad250377 0.044s
2024-10-09 12:01:30.737 62835 INFO tempest.lib.common.rest_client [req-0f4d9270-a011-4009-85dc-84527a57c5cd req-0f4d9270-a011-4009-85dc-84527a57c5cd ] Request (ServerDiagnosticsV248Test:tearDownClass): 200 GET http://10.180.1.21/compute/v2.1/servers/8c0e3a15-0cdd-422a-8a97-95d57621de88 0.055s
2024-10-09 12:01:30.764 62833 INFO tempest.lib.common.rest_client [req-66c1c86b-1fdc-4a59-9b78-88959e7e9b3d req-66c1c86b-1fdc-4a59-9b78-88959e7e9b3d ] Request (VolumesAssistedSnapshotsTest:test_volume_assisted_snapshot_create_delete): 200 GET http://10.180.1.21/compute/v2.1/servers/8e64b614-31e3-4830-b620-ff8409da8c37 0.046s
2024-10-09 12:01:30.790 62819 INFO tempest.lib.common.rest_client [req-78e16751-06d8-4368-8487-97453625306e req-78e16751-06d8-4368-8487-97453625306e ] Request (ServerRescueTestJSONUnderV235:setUpClass): 200 GET http://10.180.1.21/compute/v2.1/servers/15772d8e-98ce-47cf-9b61-e79c7ffc3a8b 0.044s
2024-10-09 12:01:30.815 62857 INFO tempest.lib.common.rest_client [req-1163c8c8-76ca-47d9-a28a-8a5f360788b4 req-1163c8c8-76ca-47d9-a28a-8a5f360788b4 ] Request (DeleteServersTestJSON:test_delete_server_while_in_attached_volume): 200 GET http://10.180.1.21/compute/v2.1/servers/c93cb228-0adb-423c-854f-73354cdb7012 0.048s
2024-10-09 12:01:30.833 62817 INFO tempest.lib.common.rest_client [req-3aad8553-5665-441f-9b50-d5a4f9499350 req-3aad8553-5665-441f-9b50-d5a4f9499350 ] Request (MigrationsAdminTest:test_resize_server_revert_deleted_flavor): 200 GET http://10.180.1.21/compute/v2.1/servers/de4f9304-3357-4eaa-9c94-fe28bc554086 0.051s
2024-10-09 12:01:30.861 62848 INFO tempest.lib.common.rest_client [req-79cb60a7-0c7d-4ade-b369-a56d82eb3d2a req-79cb60a7-0c7d-4ade-b369-a56d82eb3d2a ] Request (ServersTestMultiNic:test_verify_multiple_nics_order): 200 GET http://10.180.1.21/compute/v2.1/servers/68a3a4a5-ee3e-4234-8577-e5c1af6fbfb9 0.054s
2024-10-09 12:01:30.873 62801 INFO tempest.lib.common.rest_client [req-8533b912-2e80-4276-8737-4c6384e96a2b req-8533b912-2e80-4276-8737-4c6384e96a2b ] Request (DeleteServersAdminTestJSON:test_delete_server_while_in_error_state): 200 GET http://10.180.1.21/compute/v2.1/servers/9fd421c6-d068-4a81-a042-2d1f23fb9e1a 0.051s
2024-10-09 12:01:30.903 62829 INFO tempest.lib.common.rest_client [req-ee2ff117-089e-4c68-a1ef-8c22db81bcf6 req-ee2ff117-089e-4c68-a1ef-8c22db81bcf6 ] Request (InstanceActionsTestJSON:setUpClass): 200 GET http://10.180.1.21/compute/v2.1/servers/60db0e43-692b-4449-9b44-badf3053429d 0.054s
2024-10-09 12:01:30.959 62811 INFO tempest.lib.common.rest_client [req-b89d85ca-a67e-444b-8274-c043ca68e71d req-b89d85ca-a67e-444b-8274-c043ca68e71d ] Request (AttachInterfacesUnderV243Test:test_add_remove_fixed_ip): 200 GET http://10.180.1.21/compute/v2.1/servers/ba442811-2b0a-44e7-b036-572291aff648 0.044s
2024-10-09 12:01:30.986 62803 INFO tempest.lib.common.rest_client [req-f06a5550-23e4-4eae-a34a-fcd8462c0939 req-f06a5550-23e4-4eae-a34a-fcd8462c0939 ] Request (ServerActionsV293TestJSON:setUpClass): 200 GET http://10.180.1.21/compute/v2.1/servers/014899cb-db4c-4444-abe1-b0129c0d7db9 0.051s
2024-10-09 12:01:31.019 62795 INFO tempest.lib.common.rest_client [req-9fc809b6-47fb-4491-b6d2-09abf518da58 req-9fc809b6-47fb-4491-b6d2-09abf518da58 ] Request (ServersTestManualDisk:setUpClass): 200 GET http://10.180.1.21/compute/v2.1/servers/20fab902-79cc-4f83-abaf-53a53c2521f4 0.045s
2024-10-09 12:01:31.101 62849 INFO tempest.lib.common.rest_client [req-d3107ba8-878f-441d-8809-e9e2491cdbe3 req-d3107ba8-878f-441d-8809-e9e2491cdbe3 ] Request (ServerActionsTestOtherB:setUpClass): 200 GET http://10.180.1.21/compute/v2.1/servers/877f5b67-68f8-48b0-8e12-622d9b50a390 0.043s
2024-10-09 12:01:31.178 62807 INFO tempest.lib.common.rest_client [req-c43b2663-6c2d-4090-b80c-6a7e7211d631 req-c43b2663-6c2d-4090-b80c-6a7e7211d631 ] Request (ServersTestBootFromVolume:setUpClass): 200 GET http://10.180.1.21/compute/v2.1/servers/92cf1acb-b471-4add-a73f-7e9e94fbaaa4 0.055s
2024-10-09 12:01:31.178 62821 INFO tempest.lib.common.rest_client [req-b54ed417-a81c-4585-93b9-73ba54d028ab req-b54ed417-a81c-4585-93b9-73ba54d028ab ] Request (ServersWithSpecificFlavorTestJSON:test_verify_created_server_ephemeral_disk): 200 GET http://10.180.1.21/compute/v2.1/servers/2e7bd3e1-6b34-4d3f-aff3-d83ffaf6317a 0.056s
2024-10-09 12:01:31.201 62839 INFO tempest.lib.common.rest_client [req-cf34b295-6cc2-4fc7-8874-6b00153b06d4 req-cf34b295-6cc2-4fc7-8874-6b00153b06d4 ] Request (ListImageFiltersTestJSON:setUpClass): 204 PUT http://10.180.1.21/image/v2/images/2da129be-0092-49f9-a94d-ad3e2d581ced/file 0.481s
2024-10-09 12:01:31.221 62799 INFO tempest.lib.common.rest_client [req-a4d10b3c-e9ae-4269-ade1-6d98aa365f26 req-a4d10b3c-e9ae-4269-ade1-6d98aa365f26 ] Request (FloatingIPsAssociationNegativeTestJSON:setUpClass): 200 GET http://10.180.1.21/compute/v2.1/servers/4455c247-a707-4c3a-9323-0110a1290780 0.058s
2024-10-09 12:01:31.229 62839 INFO tempest.lib.common.rest_client [req-515749b8-c5d1-4557-82c3-677bb31dbb2c req-515749b8-c5d1-4557-82c3-677bb31dbb2c ] Request (ListImageFiltersTestJSON:setUpClass): 200 GET http://10.180.1.21/compute/v2.1/images/2da129be-0092-49f9-a94d-ad3e2d581ced 0.028s
2024-10-09 12:01:31.260 62839 INFO tempest.lib.common.rest_client [req-d89acadb-7097-4f71-9f3c-779d06b9dffd req-d89acadb-7097-4f71-9f3c-779d06b9dffd ] Request (ListImageFiltersTestJSON:setUpClass): 200 GET http://10.180.1.21/compute/v2.1/images/2da129be-0092-49f9-a94d-ad3e2d581ced 0.028s
2024-10-09 12:01:31.340 62843 INFO tempest.lib.common.rest_client [req-94967b33-b74d-4b52-8059-4046e39527e7 req-94967b33-b74d-4b52-8059-4046e39527e7 ] Request (SecurityGroupsTestJSON:test_list_security_groups_by_server): 200 GET http://10.180.1.21/compute/v2.1/servers/222a94b5-7841-490e-9b27-d3f703e6794f 0.046s
2024-10-09 12:01:31.353 62859 INFO tempest.lib.common.rest_client [req-f7d808d4-93cb-4086-a2db-3ecf04a9bbd3 req-f7d808d4-93cb-4086-a2db-3ecf04a9bbd3 ] Request (ImagesTestJSON:test_create_image_from_suspended_server): 200 GET http://10.180.1.21/compute/v2.1/servers/d94d2c98-bbbb-4bdf-a4d4-603aa7635a7d 0.043s
2024-10-09 12:01:31.380 62815 INFO tempest.lib.common.rest_client [req-7508a186-1e0f-4f76-9d31-9c7da3d851ab req-7508a186-1e0f-4f76-9d31-9c7da3d851ab ] Request (ListServersNegativeTestJSON:setUpClass): 200 GET http://10.180.1.21/compute/v2.1/servers/81814471-a617-4364-a140-105252ca9c04 0.044s
2024-10-09 12:01:31.410 62837 INFO tempest.lib.common.rest_client [req-63614908-bd6f-484a-a924-851d2691dfe2 req-63614908-bd6f-484a-a924-851d2691dfe2 ] Request (ServersNegativeTestJSON:setUpClass): 200 GET http://10.180.1.21/compute/v2.1/servers/606becc8-ff43-469c-aca6-c35d67614960 0.043s
2024-10-09 12:01:31.443 62805 INFO tempest.lib.common.rest_client [req-f8d84455-0148-4eb1-b8ea-802a35526d16 req-f8d84455-0148-4eb1-b8ea-802a35526d16 ] Request (ImagesOneServerNegativeTestJSON:setUpClass): 200 GET http://10.180.1.21/compute/v2.1/servers/3d19d349-e450-4307-a763-6269dcb06544 0.053s
2024-10-09 12:01:31.475 62845 INFO tempest.lib.common.rest_client [req-a6780652-ebd3-40f2-a26a-745877f37943 req-a6780652-ebd3-40f2-a26a-745877f37943 ] Request (ServerActionsTestJSON:setUpClass): 200 GET http://10.180.1.21/compute/v2.1/servers/e3416076-1d11-47e4-9f76-9a64d7259166 0.054s
2024-10-09 12:01:31.503 62797 INFO tempest.lib.common.rest_client [req-2d599309-72c7-42ae-9cc9-82da817c2fb7 req-2d599309-72c7-42ae-9cc9-82da817c2fb7 ] Request (ServerActionsTestOtherA:setUpClass): 200 GET http://10.180.1.21/compute/v2.1/servers/e8cbb437-0ace-4af3-a1d9-f96eeeea8504 0.050s
2024-10-09 12:01:31.513 62839 INFO tempest.lib.common.rest_client [req-1f8ae49d-3b69-48f8-985a-28d60f3de689 req-1f8ae49d-3b69-48f8-985a-28d60f3de689 ] Request (ListImageFiltersTestJSON:setUpClass): 201 POST http://10.180.1.21/image/v2/images 0.251s
2024-10-09 12:01:31.521 62823 INFO tempest.lib.common.rest_client [req-d3ae78bb-2d7e-4139-b9b5-e141de8bff54 req-d3ae78bb-2d7e-4139-b9b5-e141de8bff54 ] Request (ListServerFiltersTestJSON:setUpClass): 200 GET http://10.180.1.21/compute/v2.1/servers/6467456c-db39-4fd6-b67e-a5be2b803bd3 0.046s
2024-10-09 12:01:31.557 62826 INFO tempest.lib.common.rest_client [req-7d98e602-5439-4357-9759-33e163a1c74d req-7d98e602-5439-4357-9759-33e163a1c74d ] Request (ServerDiagnosticsNegativeTest:test_get_server_diagnostics_by_non_admin): 200 GET http://10.180.1.21/compute/v2.1/servers/09ccf23b-4763-47e1-afad-59e2b06b2d9e 0.041s
2024-10-09 12:01:31.575 62827 INFO tempest.lib.common.rest_client [req-d4c5eb9c-c708-4ae0-bbaf-5f1a7c06a813 req-d4c5eb9c-c708-4ae0-bbaf-5f1a7c06a813 ] Request (ServersAdminTestJSON:setUpClass): 200 GET http://10.180.1.21/compute/v2.1/servers/b3cc82aa-be39-4e89-8972-b5596629961c 0.042s
2024-10-09 12:01:31.624 62813 INFO tempest.lib.common.rest_client [req-475e9c25-c6a9-4b88-b788-7d3dcff14a8e req-475e9c25-c6a9-4b88-b788-7d3dcff14a8e ] Request (ServerAddressesNegativeTestJSON:setUpClass): 200 GET http://10.180.1.21/compute/v2.1/servers/932b7ac4-0a4b-4a39-a002-5a4ae3ce75f6 0.043s
2024-10-09 12:01:31.702 62855 INFO tempest.lib.common.rest_client [req-3b4dbaf4-758f-4fc2-b7d7-3655526eae72 req-3b4dbaf4-758f-4fc2-b7d7-3655526eae72 ] Request (AttachVolumeTestJSON:test_attach_detach_volume): 200 GET http://10.180.1.21/compute/v2.1/servers/6b19c327-9a80-498f-a350-8068ad250377 0.043s
2024-10-09 12:01:31.803 62835 INFO tempest.lib.common.rest_client [req-653c0f6f-993a-4cde-8801-897798777af9 req-653c0f6f-993a-4cde-8801-897798777af9 ] Request (ServerDiagnosticsV248Test:tearDownClass): 200 GET http://10.180.1.21/compute/v2.1/servers/8c0e3a15-0cdd-422a-8a97-95d57621de88 0.057s
2024-10-09 12:01:31.817 62833 INFO tempest.lib.common.rest_client [req-94285381-2e6b-4c11-85c1-3ab0c92baad3 req-94285381-2e6b-4c11-85c1-3ab0c92baad3 ] Request (VolumesAssistedSnapshotsTest:test_volume_assisted_snapshot_create_delete): 200 GET http://10.180.1.21/compute/v2.1/servers/8e64b614-31e3-4830-b620-ff8409da8c37 0.047s
2024-10-09 12:01:31.846 62819 INFO tempest.lib.common.rest_client [req-3921c6a4-a202-481e-810b-c0243b4e94b5 req-3921c6a4-a202-481e-810b-c0243b4e94b5 ] Request (ServerRescueTestJSONUnderV235:setUpClass): 200 GET http://10.180.1.21/compute/v2.1/servers/15772d8e-98ce-47cf-9b61-e79c7ffc3a8b 0.050s
2024-10-09 12:01:31.867 62857 INFO tempest.lib.common.rest_client [req-53908815-768a-4977-9951-e95fc21f49c8 req-53908815-768a-4977-9951-e95fc21f49c8 ] Request (DeleteServersTestJSON:test_delete_server_while_in_attached_volume): 200 GET http://10.180.1.21/compute/v2.1/servers/c93cb228-0adb-423c-854f-73354cdb7012 0.045s
2024-10-09 12:01:31.886 62817 INFO tempest.lib.common.rest_client [req-3e305dbc-f035-4825-a080-0890a3f29643 req-3e305dbc-f035-4825-a080-0890a3f29643 ] Request (MigrationsAdminTest:test_resize_server_revert_deleted_flavor): 200 GET http://10.180.1.21/compute/v2.1/servers/de4f9304-3357-4eaa-9c94-fe28bc554086 0.046s
2024-10-09 12:01:31.908 62848 INFO tempest.lib.common.rest_client [req-df14f62f-fed1-4ea8-927f-20422c745074 req-df14f62f-fed1-4ea8-927f-20422c745074 ] Request (ServersTestMultiNic:test_verify_multiple_nics_order): 200 GET http://10.180.1.21/compute/v2.1/servers/68a3a4a5-ee3e-4234-8577-e5c1af6fbfb9 0.041s
2024-10-09 12:01:31.930 62801 INFO tempest.lib.common.rest_client [req-218c692c-92b7-4d66-b6ba-e77dd4bc81a5 req-218c692c-92b7-4d66-b6ba-e77dd4bc81a5 ] Request (DeleteServersAdminTestJSON:test_delete_server_while_in_error_state): 200 GET http://10.180.1.21/compute/v2.1/servers/9fd421c6-d068-4a81-a042-2d1f23fb9e1a 0.051s
2024-10-09 12:01:31.953 62829 INFO tempest.lib.common.rest_client [req-be7ec0f7-18d4-4179-bf43-2b68428412ea req-be7ec0f7-18d4-4179-bf43-2b68428412ea ] Request (InstanceActionsTestJSON:setUpClass): 200 GET http://10.180.1.21/compute/v2.1/servers/60db0e43-692b-4449-9b44-badf3053429d 0.042s
2024-10-09 12:01:32.015 62811 INFO tempest.lib.common.rest_client [req-010ce95c-de07-4f0b-bfca-c40349484aed req-010ce95c-de07-4f0b-bfca-c40349484aed ] Request (AttachInterfacesUnderV243Test:test_add_remove_fixed_ip): 200 GET http://10.180.1.21/compute/v2.1/servers/ba442811-2b0a-44e7-b036-572291aff648 0.049s
2024-10-09 12:01:32.045 62803 INFO tempest.lib.common.rest_client [req-50f00da7-0f34-470b-887a-77e03507ab83 req-50f00da7-0f34-470b-887a-77e03507ab83 ] Request (ServerActionsV293TestJSON:setUpClass): 200 GET http://10.180.1.21/compute/v2.1/servers/014899cb-db4c-4444-abe1-b0129c0d7db9 0.050s
2024-10-09 12:01:32.072 62795 INFO tempest.lib.common.rest_client [req-982c9204-ff5d-4417-a410-f1e41f70b973 req-982c9204-ff5d-4417-a410-f1e41f70b973 ] Request (ServersTestManualDisk:setUpClass): 200 GET http://10.180.1.21/compute/v2.1/servers/20fab902-79cc-4f83-abaf-53a53c2521f4 0.046s
2024-10-09 12:01:32.153 62849 INFO tempest.lib.common.rest_client [req-994620db-2303-4c1c-9e87-6d954f20851f req-994620db-2303-4c1c-9e87-6d954f20851f ] Request (ServerActionsTestOtherB:setUpClass): 200 GET http://10.180.1.21/compute/v2.1/servers/877f5b67-68f8-48b0-8e12-622d9b50a390 0.045s
2024-10-09 12:01:32.233 62821 INFO tempest.lib.common.rest_client [req-a64a5e39-618a-4771-8b96-383b38d9ac2d req-a64a5e39-618a-4771-8b96-383b38d9ac2d ] Request (ServersWithSpecificFlavorTestJSON:test_verify_created_server_ephemeral_disk): 200 GET http://10.180.1.21/compute/v2.1/servers/2e7bd3e1-6b34-4d3f-aff3-d83ffaf6317a 0.048s
2024-10-09 12:01:32.238 62807 INFO tempest.lib.common.rest_client [req-fa7d9641-3cad-4f5d-88a1-6039167627b6 req-fa7d9641-3cad-4f5d-88a1-6039167627b6 ] Request (ServersTestBootFromVolume:setUpClass): 200 GET http://10.180.1.21/compute/v2.1/servers/92cf1acb-b471-4add-a73f-7e9e94fbaaa4 0.053s
2024-10-09 12:01:32.272 62799 INFO tempest.lib.common.rest_client [req-8ef6234b-de2d-43ff-b309-5ade4b8c0850 req-8ef6234b-de2d-43ff-b309-5ade4b8c0850 ] Request (FloatingIPsAssociationNegativeTestJSON:setUpClass): 200 GET http://10.180.1.21/compute/v2.1/servers/4455c247-a707-4c3a-9323-0110a1290780 0.043s
2024-10-09 12:01:32.410 62859 INFO tempest.lib.common.rest_client [req-ede7ae52-2a93-4fa0-96d6-300c5f3e2580 req-ede7ae52-2a93-4fa0-96d6-300c5f3e2580 ] Request (ImagesTestJSON:test_create_image_from_suspended_server): 200 GET http://10.180.1.21/compute/v2.1/servers/d94d2c98-bbbb-4bdf-a4d4-603aa7635a7d 0.050s
2024-10-09 12:01:32.419 62843 INFO tempest.lib.common.rest_client [req-0ad8ce1d-418f-4027-aa11-53de2faa6d61 req-0ad8ce1d-418f-4027-aa11-53de2faa6d61 ] Request (SecurityGroupsTestJSON:test_list_security_groups_by_server): 200 GET http://10.180.1.21/compute/v2.1/servers/222a94b5-7841-490e-9b27-d3f703e6794f 0.072s
2024-10-09 12:01:32.462 62815 INFO tempest.lib.common.rest_client [req-519c474c-4b41-4dd8-bf2d-d2ffff215abd req-519c474c-4b41-4dd8-bf2d-d2ffff215abd ] Request (ListServersNegativeTestJSON:setUpClass): 200 GET http://10.180.1.21/compute/v2.1/servers/81814471-a617-4364-a140-105252ca9c04 0.074s
2024-10-09 12:01:32.468 62837 INFO tempest.lib.common.rest_client [req-5d698796-482e-494b-a494-f6732ea61f7c req-5d698796-482e-494b-a494-f6732ea61f7c ] Request (ServersNegativeTestJSON:setUpClass): 200 GET http://10.180.1.21/compute/v2.1/servers/606becc8-ff43-469c-aca6-c35d67614960 0.052s
2024-10-09 12:01:32.532 62845 INFO tempest.lib.common.rest_client [req-95da6929-f9c7-4c54-b7e0-ebc965c967cf req-95da6929-f9c7-4c54-b7e0-ebc965c967cf ] Request (ServerActionsTestJSON:setUpClass): 200 GET http://10.180.1.21/compute/v2.1/servers/e3416076-1d11-47e4-9f76-9a64d7259166 0.050s
2024-10-09 12:01:32.581 62797 INFO tempest.lib.common.rest_client [req-f67c79d7-e3ab-44c5-b7d4-ea8b0b13f4da req-f67c79d7-e3ab-44c5-b7d4-ea8b0b13f4da ] Request (ServerActionsTestOtherA:setUpClass): 200 GET http://10.180.1.21/compute/v2.1/servers/e8cbb437-0ace-4af3-a1d9-f96eeeea8504 0.072s
2024-10-09 12:01:32.629 62823 INFO tempest.lib.common.rest_client [req-9a14c689-aa67-48a4-b1b2-216819647848 req-9a14c689-aa67-48a4-b1b2-216819647848 ] Request (ListServerFiltersTestJSON:setUpClass): 200 GET http://10.180.1.21/compute/v2.1/servers/6467456c-db39-4fd6-b67e-a5be2b803bd3 0.101s
2024-10-09 12:01:32.673 62826 INFO tempest.lib.common.rest_client [req-97ab1fd7-5544-49a5-8292-85154fb53a87 req-97ab1fd7-5544-49a5-8292-85154fb53a87 ] Request (ServerDiagnosticsNegativeTest:test_get_server_diagnostics_by_non_admin): 200 GET http://10.180.1.21/compute/v2.1/servers/09ccf23b-4763-47e1-afad-59e2b06b2d9e 0.110s
2024-10-09 12:01:32.711 62805 INFO tempest.lib.common.rest_client [req-a0d97f0a-7c9a-4b32-ae51-1553e37e722b req-a0d97f0a-7c9a-4b32-ae51-1553e37e722b ] Request (ImagesOneServerNegativeTestJSON:setUpClass): 200 GET http://10.180.1.21/compute/v2.1/servers/3d19d349-e450-4307-a763-6269dcb06544 0.262s
2024-10-09 12:01:32.725 62827 INFO tempest.lib.common.rest_client [req-82a1f6ca-062e-4b9b-ae80-6e72054c741a req-82a1f6ca-062e-4b9b-ae80-6e72054c741a ] Request (ServersAdminTestJSON:setUpClass): 200 GET http://10.180.1.21/compute/v2.1/servers/b3cc82aa-be39-4e89-8972-b5596629961c 0.143s
2024-10-09 12:01:32.730 62827 INFO tempest.common.waiters [-] State transition "BUILD/spawning" ==> "ERROR/None" after 92 second wait
2024-10-09 12:01:32.752 62813 INFO tempest.lib.common.rest_client [req-e3d6c4ec-8597-403e-8537-e936bf0a0575 req-e3d6c4ec-8597-403e-8537-e936bf0a0575 ] Request (ServerAddressesNegativeTestJSON:setUpClass): 200 GET http://10.180.1.21/compute/v2.1/servers/932b7ac4-0a4b-4a39-a002-5a4ae3ce75f6 0.122s
2024-10-09 12:01:32.768 62855 INFO tempest.lib.common.rest_client [req-a4c44c1c-ee3a-40ca-b191-f5c4f529f858 req-a4c44c1c-ee3a-40ca-b191-f5c4f529f858 ] Request (AttachVolumeTestJSON:test_attach_detach_volume): 200 GET http://10.180.1.21/compute/v2.1/servers/6b19c327-9a80-498f-a350-8068ad250377 0.058s
2024-10-09 12:01:32.870 62835 INFO tempest.lib.common.rest_client [req-47e62fa6-ec77-4a9d-9251-ea0c83e32ee0 req-47e62fa6-ec77-4a9d-9251-ea0c83e32ee0 ] Request (ServerDiagnosticsV248Test:tearDownClass): 200 GET http://10.180.1.21/compute/v2.1/servers/8c0e3a15-0cdd-422a-8a97-95d57621de88 0.059s
2024-10-09 12:01:32.905 62827 INFO tempest.lib.common.rest_client [req-ed2b6cc7-ae9c-41ab-920c-f7f710f8a5d5 req-ed2b6cc7-ae9c-41ab-920c-f7f710f8a5d5 ] Request (ServersAdminTestJSON:setUpClass): 204 DELETE http://10.180.1.21/compute/v2.1/servers/b3cc82aa-be39-4e89-8972-b5596629961c 0.174s
2024-10-09 12:01:32.921 62833 INFO tempest.lib.common.rest_client [req-0f91f2df-75e0-4ca2-97d8-7ef4d45b464d req-0f91f2df-75e0-4ca2-97d8-7ef4d45b464d ] Request (VolumesAssistedSnapshotsTest:test_volume_assisted_snapshot_create_delete): 200 GET http://10.180.1.21/compute/v2.1/servers/8e64b614-31e3-4830-b620-ff8409da8c37 0.096s
2024-10-09 12:01:32.949 62819 INFO tempest.lib.common.rest_client [req-10e1756d-164b-412f-b7cd-fe0961031323 req-10e1756d-164b-412f-b7cd-fe0961031323 ] Request (ServerRescueTestJSONUnderV235:setUpClass): 200 GET http://10.180.1.21/compute/v2.1/servers/15772d8e-98ce-47cf-9b61-e79c7ffc3a8b 0.095s
2024-10-09 12:01:32.963 62857 INFO tempest.lib.common.rest_client [req-7c552cc4-0e5c-4105-9f1a-7c178acedeb1 req-7c552cc4-0e5c-4105-9f1a-7c178acedeb1 ] Request (DeleteServersTestJSON:test_delete_server_while_in_attached_volume): 200 GET http://10.180.1.21/compute/v2.1/servers/c93cb228-0adb-423c-854f-73354cdb7012 0.088s
2024-10-09 12:01:32.980 62827 INFO tempest.lib.common.rest_client [req-122761dd-1f16-4700-94d2-fbf7bb187758 req-122761dd-1f16-4700-94d2-fbf7bb187758 ] Request (ServersAdminTestJSON:setUpClass): 404 GET http://10.180.1.21/compute/v2.1/servers/b3cc82aa-be39-4e89-8972-b5596629961c 0.074s
2024-10-09 12:01:32.981 62827 INFO tempest.test [-] raised in ServersAdminTestJSON.setUpClass. Invoking tearDownClass.
2024-10-09 12:01:32.995 62817 INFO tempest.lib.common.rest_client [req-39f26716-42bc-4288-a984-3d65af860f32 req-39f26716-42bc-4288-a984-3d65af860f32 ] Request (MigrationsAdminTest:test_resize_server_revert_deleted_flavor): 200 GET http://10.180.1.21/compute/v2.1/servers/de4f9304-3357-4eaa-9c94-fe28bc554086 0.102s
2024-10-09 12:01:33.022 62848 INFO tempest.lib.common.rest_client [req-7868b5e3-7bb7-4505-a001-468819cd2e31 req-7868b5e3-7bb7-4505-a001-468819cd2e31 ] Request (ServersTestMultiNic:test_verify_multiple_nics_order): 200 GET http://10.180.1.21/compute/v2.1/servers/68a3a4a5-ee3e-4234-8577-e5c1af6fbfb9 0.106s
2024-10-09 12:01:33.039 62801 INFO tempest.lib.common.rest_client [req-f89474e6-c03c-4acd-975e-f18307074774 req-f89474e6-c03c-4acd-975e-f18307074774 ] Request (DeleteServersAdminTestJSON:test_delete_server_while_in_error_state): 200 GET http://10.180.1.21/compute/v2.1/servers/9fd421c6-d068-4a81-a042-2d1f23fb9e1a 0.102s
2024-10-09 12:01:33.065 62829 INFO tempest.lib.common.rest_client [req-dc256fd7-03b1-44e1-8c6f-da403c703320 req-dc256fd7-03b1-44e1-8c6f-da403c703320 ] Request (InstanceActionsTestJSON:setUpClass): 200 GET http://10.180.1.21/compute/v2.1/servers/60db0e43-692b-4449-9b44-badf3053429d 0.106s
2024-10-09 12:01:33.070 62839 INFO tempest.lib.common.rest_client [req-56eac0c6-9ca4-4284-a33a-3a345d7a0e8b req-56eac0c6-9ca4-4284-a33a-3a345d7a0e8b ] Request (ListImageFiltersTestJSON:setUpClass): 204 PUT http://10.180.1.21/image/v2/images/9ff37e60-43b1-4c17-b34d-92537fc1aa3c/file 0.556s
2024-10-09 12:01:33.114 62811 INFO tempest.lib.common.rest_client [req-5782364c-0bdb-48dc-ab29-9dcbb56b5e57 req-5782364c-0bdb-48dc-ab29-9dcbb56b5e57 ] Request (AttachInterfacesUnderV243Test:test_add_remove_fixed_ip): 200 GET http://10.180.1.21/compute/v2.1/servers/ba442811-2b0a-44e7-b036-572291aff648 0.092s
2024-10-09 12:01:33.161 62803 INFO tempest.lib.common.rest_client [req-cf412d7b-1ac1-4ca5-af9f-601397815b01 req-cf412d7b-1ac1-4ca5-af9f-601397815b01 ] Request (ServerActionsV293TestJSON:setUpClass): 200 GET http://10.180.1.21/compute/v2.1/servers/014899cb-db4c-4444-abe1-b0129c0d7db9 0.107s
2024-10-09 12:01:33.187 62839 INFO tempest.lib.common.rest_client [req-3ff33cb5-b95b-4770-bdab-ff13b0d7bcd0 req-3ff33cb5-b95b-4770-bdab-ff13b0d7bcd0 ] Request (ListImageFiltersTestJSON:setUpClass): 200 GET http://10.180.1.21/compute/v2.1/images/9ff37e60-43b1-4c17-b34d-92537fc1aa3c 0.117s
2024-10-09 12:01:33.192 62827 INFO tempest.lib.common.rest_client [req-20316a64-bf2f-45ff-90a8-f68667884dfb req-20316a64-bf2f-45ff-90a8-f68667884dfb ] Request (ServersAdminTestJSON:tearDownClass): 204 DELETE http://10.180.1.21/compute/v2.1/servers/a934e86f-1a51-468e-915f-add473fc2bf6 0.211s
2024-10-09 12:01:33.238 62849 INFO tempest.lib.common.rest_client [req-841bce8c-4927-4094-b716-34cf794004f9 req-841bce8c-4927-4094-b716-34cf794004f9 ] Request (ServerActionsTestOtherB:setUpClass): 200 GET http://10.180.1.21/compute/v2.1/servers/877f5b67-68f8-48b0-8e12-622d9b50a390 0.079s
