2024-10-09 12:01:00.492 62843 INFO tempest.lib.common.rest_client [req-452b15f2-1b13-4cfd-a00f-67a5374c0487 req-452b15f2-1b13-4cfd-a00f-67a5374c0487 ] Request (SecurityGroupsTestJSON:test_list_security_groups_by_server): 200 GET http://10.180.1.21/compute/v2.1/servers/222a94b5-7841-490e-9b27-d3f703e6794f 0.177s
2024-10-09 12:01:00.523 62799 INFO tempest.lib.common.rest_client [req-80cc8ac0-e5e0-4a19-8e97-f3c64eef1f19 req-80cc8ac0-e5e0-4a19-8e97-f3c64eef1f19 ] Request (FloatingIPsAssociationNegativeTestJSON:setUpClass): 200 GET http://10.180.1.21/compute/v2.1/servers/4455c247-a707-4c3a-9323-0110a1290780 0.154s
2024-10-09 12:01:00.544 62815 INFO tempest.lib.common.rest_client [req-46c16a1d-f33b-47ea-b198-80c640583f04 req-46c16a1d-f33b-47ea-b198-80c640583f04 ] Request (ListServersNegativeTestJSON:setUpClass): 200 GET http://10.180.1.21/compute/v2.1/servers/81814471-a617-4364-a140-105252ca9c04 0.116s
2024-10-09 12:01:00.581 62859 INFO tempest.lib.common.rest_client [req-345ac203-ba73-4a97-b1ce-f61d2e2de584 req-345ac203-ba73-4a97-b1ce-f61d2e2de584 ] Request (ImagesTestJSON:test_create_image_from_suspended_server): 200 GET http://10.180.1.21/compute/v2.1/servers/d94d2c98-bbbb-4bdf-a4d4-603aa7635a7d 0.095s
2024-10-09 12:01:00.695 62823 INFO tempest.lib.common.rest_client [req-76599c68-60a8-490f-8451-dd702dee5b94 req-76599c68-60a8-490f-8451-dd702dee5b94 ] Request (ListServerFiltersTestJSON:setUpClass): 200 GET http://10.180.1.21/compute/v2.1/servers/6467456c-db39-4fd6-b67e-a5be2b803bd3 0.067s
2024-10-09 12:01:00.783 62853 INFO tempest.lib.common.rest_client [req-fe661daa-fa0e-4219-8f7e-4e435edb5edd req-fe661daa-fa0e-4219-8f7e-4e435edb5edd ] Request (ServersAdmin275Test:tearDownClass): 200 GET http://10.180.1.21/compute/v2.1/servers/98cbcc28-54e0-40de-9feb-6da917806423 0.084s
2024-10-09 12:01:00.800 62805 INFO tempest.lib.common.rest_client [req-e7b6e071-3764-4343-957f-90f449816dfe req-e7b6e071-3764-4343-957f-90f449816dfe ] Request (ImagesOneServerNegativeTestJSON:setUpClass): 200 GET http://10.180.1.21/compute/v2.1/servers/3d19d349-e450-4307-a763-6269dcb06544 0.055s
2024-10-09 12:01:00.852 62845 INFO tempest.lib.common.rest_client [req-3530ff69-2f83-444d-a516-6f9653ae39a5 req-3530ff69-2f83-444d-a516-6f9653ae39a5 ] Request (ServerActionsTestJSON:setUpClass): 200 GET http://10.180.1.21/compute/v2.1/servers/e3416076-1d11-47e4-9f76-9a64d7259166 0.049s
2024-10-09 12:01:00.924 62827 INFO tempest.lib.common.rest_client [req-5eed1f70-1db8-4551-8999-3321061c3e3d req-5eed1f70-1db8-4551-8999-3321061c3e3d ] Request (ServersAdminTestJSON:setUpClass): 200 GET http://10.180.1.21/compute/v2.1/servers/b3cc82aa-be39-4e89-8972-b5596629961c 0.048s
2024-10-09 12:01:00.951 62837 INFO tempest.lib.common.rest_client [req-8692735e-beb4-4b87-9d22-d2623ddc3f2b req-8692735e-beb4-4b87-9d22-d2623ddc3f2b ] Request (ServersNegativeTestJSON:setUpClass): 200 PUT http://10.180.1.21:9696/networking/v2.0/routers/0dd3c5dc-8e69-4f2a-bbdd-2d760ab77915/add_router_interface 0.874s
2024-10-09 12:01:00.952 62837 INFO tempest.lib.common.dynamic_creds [-] Created isolated network resources for: credentials: Credentials: {'domain_id': 'default', 'domain_name': 'Default', 'username': 'tempest-ServersNegativeTestJSON-2087328975-project-member', 'project_domain_id': 'default', 'project_domain_name': 'Default', 'project_id': '3c55b89b819d4fae9114fb120dccbed7', 'project_name': 'tempest-ServersNegativeTestJSON-2087328975', 'tenant_id': '3c55b89b819d4fae9114fb120dccbed7', 'tenant_name': 'tempest-ServersNegativeTestJSON-2087328975', 'user_domain_id': 'default', 'user_domain_name': 'Default', 'user_id': 'e7f1ac1631bf4033ae465a2a5e9aeef4', 'system': None}, Network: {'id': '1bcfbddf-f6a7-4ad4-9c22-1de6c5b80227', 'name': 'tempest-ServersNegativeTestJSON-1236973505-network', 'tenant_id': '3c55b89b819d4fae9114fb120dccbed7', 'admin_state_up': True, 'mtu': 8950, 'status': 'ACTIVE', 'subnets': [], 'shared': False, 'project_id': '3c55b89b819d4fae9114fb120dccbed7', 'port_security_enabled': True, 'router:external': False, 'provider:network_type': 'vlan', 'provider:physical_network': 'default', 'provider:segmentation_id': 198, 'is_default': False, 'availability_zone_hints': [], 'availability_zones': [], 'ipv4_address_scope': None, 'ipv6_address_scope': None, 'description': '', 'tags': [], 'created_at': '2024-10-09T12:00:58Z', 'updated_at': '2024-10-09T12:00:58Z', 'revision_number': 1}, Subnet: {'id': '1828989f-c42c-4dde-a3fe-9e36a4ab6f6d', 'name': 'tempest-ServersNegativeTestJSON-1236973505-subnet', 'tenant_id': '3c55b89b819d4fae9114fb120dccbed7', 'network_id': '1bcfbddf-f6a7-4ad4-9c22-1de6c5b80227', 'ip_version': 4, 'subnetpool_id': None, 'enable_dhcp': True, 'ipv6_ra_mode': None, 'ipv6_address_mode': None, 'gateway_ip': '192.168.128.1', 'cidr': '192.168.128.0/28', 'allocation_pools': [{'start': '192.168.128.2', 'end': '192.168.128.14'}], 'host_routes': [], 'dns_nameservers': [], 'description': '', 'router:external': False, 'service_types': [], 'tags': [], 'created_at': '2024-10-09T12:00:58Z', 'updated_at': '2024-10-09T12:00:58Z', 'revision_number': 0, 'project_id': '3c55b89b819d4fae9114fb120dccbed7'}, Router: {'id': '0dd3c5dc-8e69-4f2a-bbdd-2d760ab77915', 'name': 'tempest-ServersNegativeTestJSON-1236973505-router', 'tenant_id': '3c55b89b819d4fae9114fb120dccbed7', 'admin_state_up': True, 'status': 'ACTIVE', 'external_gateway_info': {'network_id': '05a7df4d-e5a3-44ce-bc56-242775d5c708', 'external_fixed_ips': [{'subnet_id': 'abd47df0-9322-4fce-a536-c3cf396d58e0', 'ip_address': '10.180.180.201'}], 'enable_snat': True}, 'description': '', 'availability_zones': [], 'distributed': False, 'ha': False, 'availability_zone_hints': [], 'routes': [], 'flavor_id': None, 'tags': [], 'created_at': '2024-10-09T12:00:59Z', 'updated_at': '2024-10-09T12:00:59Z', 'revision_number': 2, 'project_id': '3c55b89b819d4fae9114fb120dccbed7'}
2024-10-09 12:01:01.008 62797 INFO tempest.lib.common.rest_client [req-4a592f9e-270e-46b0-ad19-8b21e21fad10 req-4a592f9e-270e-46b0-ad19-8b21e21fad10 ] Request (ServerActionsTestOtherA:setUpClass): 200 GET http://10.180.1.21/compute/v2.1/servers/e8cbb437-0ace-4af3-a1d9-f96eeeea8504 0.057s
2024-10-09 12:01:01.041 62837 INFO tempest.lib.common.rest_client [req-f0c6385e-13ba-4f19-a8a0-06f867b78b93 req-f0c6385e-13ba-4f19-a8a0-06f867b78b93 ] Request (ServersNegativeTestJSON:setUpClass): 201 POST http://10.180.1.21/identity/v3/auth/tokens 0.087s
2024-10-09 12:01:01.076 62837 INFO tempest.lib.common.rest_client [req-8c18261c-382c-48e2-aaf5-4e0cab715f82 req-8c18261c-382c-48e2-aaf5-4e0cab715f82 ] Request (ServersNegativeTestJSON:setUpClass): 201 POST http://10.180.1.21/identity/v3/auth/tokens 0.031s
2024-10-09 12:01:01.076 62837 INFO tempest.lib.common.fixed_network [-] (ServersNegativeTestJSON:setUpClass) Found network {'id': '1bcfbddf-f6a7-4ad4-9c22-1de6c5b80227', 'name': 'tempest-ServersNegativeTestJSON-1236973505-network', 'tenant_id': '3c55b89b819d4fae9114fb120dccbed7', 'admin_state_up': True, 'mtu': 8950, 'status': 'ACTIVE', 'subnets': [], 'shared': False, 'project_id': '3c55b89b819d4fae9114fb120dccbed7', 'port_security_enabled': True, 'router:external': False, 'provider:network_type': 'vlan', 'provider:physical_network': 'default', 'provider:segmentation_id': 198, 'is_default': False, 'availability_zone_hints': [], 'availability_zones': [], 'ipv4_address_scope': None, 'ipv6_address_scope': None, 'description': '', 'tags': [], 'created_at': '2024-10-09T12:00:58Z', 'updated_at': '2024-10-09T12:00:58Z', 'revision_number': 1} available for tenant
2024-10-09 12:01:01.123 62813 INFO tempest.lib.common.rest_client [req-3b6d6727-2a88-4f84-affd-8c015859fac3 req-3b6d6727-2a88-4f84-affd-8c015859fac3 ] Request (ServerAddressesNegativeTestJSON:setUpClass): 200 GET http://10.180.1.21/compute/v2.1/servers/932b7ac4-0a4b-4a39-a002-5a4ae3ce75f6 0.073s
2024-10-09 12:01:01.137 62826 INFO tempest.lib.common.rest_client [req-dcd89642-e959-4706-b3bf-a5fc66d396f2 req-dcd89642-e959-4706-b3bf-a5fc66d396f2 ] Request (ServerDiagnosticsNegativeTest:test_get_server_diagnostics_by_non_admin): 200 GET http://10.180.1.21/compute/v2.1/servers/09ccf23b-4763-47e1-afad-59e2b06b2d9e 0.076s
2024-10-09 12:01:01.220 62833 INFO tempest.lib.common.rest_client [req-cbc26f16-76f6-46e9-b6c2-ece0bae1e1e1 req-cbc26f16-76f6-46e9-b6c2-ece0bae1e1e1 ] Request (VolumesAssistedSnapshotsTest:test_volume_assisted_snapshot_create_delete): 200 GET http://10.180.1.21/compute/v2.1/servers/8e64b614-31e3-4830-b620-ff8409da8c37 0.113s
2024-10-09 12:01:01.294 62857 INFO tempest.lib.common.rest_client [req-6efcc63d-d7fd-4d1a-b57f-22963b0f8a18 req-6efcc63d-d7fd-4d1a-b57f-22963b0f8a18 ] Request (DeleteServersTestJSON:test_delete_server_while_in_attached_volume): 200 GET http://10.180.1.21/compute/v2.1/servers/c93cb228-0adb-423c-854f-73354cdb7012 0.178s
2024-10-09 12:01:01.306 62807 INFO tempest.lib.common.rest_client [req-5686bb87-c594-416a-b3cd-651aa9b23ed4 req-5686bb87-c594-416a-b3cd-651aa9b23ed4 ] Request (ServersTestBootFromVolume:setUpClass): 200 GET http://10.180.1.21/volume/v3/49c5a7585f2a4d7888f3240992a68955/volumes/88d3934f-d0ae-4578-af24-9abb842074b3 0.032s
2024-10-09 12:01:01.367 62819 INFO tempest.lib.common.rest_client [req-f8b0d6fe-de8e-4be2-a014-e7564fb6d8e5 req-f8b0d6fe-de8e-4be2-a014-e7564fb6d8e5 ] Request (ServerRescueTestJSONUnderV235:setUpClass): 200 GET http://10.180.1.21/compute/v2.1/servers/15772d8e-98ce-47cf-9b61-e79c7ffc3a8b 0.213s
2024-10-09 12:01:01.428 62855 INFO tempest.lib.common.rest_client [req-21af0a35-5124-4209-b470-cba7279559e9 req-21af0a35-5124-4209-b470-cba7279559e9 ] Request (AttachVolumeTestJSON:test_attach_detach_volume): 200 GET http://10.180.1.21/compute/v2.1/servers/6b19c327-9a80-498f-a350-8068ad250377 0.262s
2024-10-09 12:01:01.478 62803 INFO tempest.lib.common.rest_client [req-ea031257-7abb-4db3-b34d-1790bf82d6d9 req-ea031257-7abb-4db3-b34d-1790bf82d6d9 ] Request (ServerActionsV293TestJSON:setUpClass): 200 GET http://10.180.1.21/volume/v3/529e31e208264cc7981374c676b4e7ab/volumes/a4d4a217-a37c-4a66-8b5e-80db1d36d524 0.051s
2024-10-09 12:01:01.485 62803 INFO tempest.common.waiters [-] volume a4d4a217-a37c-4a66-8b5e-80db1d36d524 reached available after waiting for 21.485165 seconds
2024-10-09 12:01:01.487 62848 INFO tempest.lib.common.rest_client [req-0feeab5e-5934-4f9b-8167-2e2db762bab4 req-0feeab5e-5934-4f9b-8167-2e2db762bab4 ] Request (ServersTestMultiNic:test_verify_multiple_nics_order): 200 GET http://10.180.1.21/compute/v2.1/servers/68a3a4a5-ee3e-4234-8577-e5c1af6fbfb9 0.279s
2024-10-09 12:01:01.567 62801 INFO tempest.lib.common.rest_client [req-1ca7b700-9912-4c1d-9d7f-907077b269a9 req-1ca7b700-9912-4c1d-9d7f-907077b269a9 ] Request (DeleteServersAdminTestJSON:test_delete_server_while_in_error_state): 200 GET http://10.180.1.21/compute/v2.1/servers/9fd421c6-d068-4a81-a042-2d1f23fb9e1a 0.353s
2024-10-09 12:01:01.634 62811 INFO tempest.lib.common.rest_client [req-4e4e408a-5c12-406b-bdf7-88f2d74ed312 req-4e4e408a-5c12-406b-bdf7-88f2d74ed312 ] Request (AttachInterfacesUnderV243Test:test_add_remove_fixed_ip): 200 GET http://10.180.1.21/compute/v2.1/servers/ba442811-2b0a-44e7-b036-572291aff648 0.368s
2024-10-09 12:01:01.677 62837 INFO tempest.lib.common.rest_client [req-556fed11-756a-4d85-ad44-394767c177ba req-556fed11-756a-4d85-ad44-394767c177ba ] Request (ServersNegativeTestJSON:setUpClass): 202 POST http://10.180.1.21/compute/v2.1/servers 0.600s
2024-10-09 12:01:01.687 62829 INFO tempest.lib.common.rest_client [req-e72cf4d2-46f6-46bd-a67f-779d073f77b8 req-e72cf4d2-46f6-46bd-a67f-779d073f77b8 ] Request (InstanceActionsTestJSON:setUpClass): 200 GET http://10.180.1.21/compute/v2.1/servers/60db0e43-692b-4449-9b44-badf3053429d 0.416s
2024-10-09 12:01:01.733 62839 INFO tempest.lib.common.rest_client [req-005ee312-59eb-4c49-8663-0a6d3d46a676 req-005ee312-59eb-4c49-8663-0a6d3d46a676 ] Request (ImagesNegativeTestJSON:test_create_image_from_deleted_server): 200 GET http://10.180.1.21/compute/v2.1/servers/ec99a26e-ee0a-44da-80b6-afd1205c7ea0 0.410s
2024-10-09 12:01:01.754 62817 INFO tempest.lib.common.rest_client [req-be17921b-f95b-4dde-ab11-f7b00dd554cc req-be17921b-f95b-4dde-ab11-f7b00dd554cc ] Request (MigrationsAdminTest:test_list_migrations_in_flavor_resize_situation): 200 GET http://10.180.1.21/compute/v2.1/servers/bd1e3e4d-c96d-46d0-89d9-7e5ab6e0f621 0.426s
2024-10-09 12:01:01.792 62795 INFO tempest.lib.common.rest_client [req-dc947532-8716-4713-943a-ac451745d545 req-dc947532-8716-4713-943a-ac451745d545 ] Request (ServersTestManualDisk:setUpClass): 200 GET http://10.180.1.21/compute/v2.1/servers/20fab902-79cc-4f83-abaf-53a53c2521f4 0.406s
2024-10-09 12:01:01.812 62821 INFO tempest.lib.common.rest_client [req-586ebc88-3541-40e0-9329-694bfddfce16 req-586ebc88-3541-40e0-9329-694bfddfce16 ] Request (ServersWithSpecificFlavorTestJSON:test_verify_created_server_ephemeral_disk): 200 GET http://10.180.1.21/compute/v2.1/servers/2e7bd3e1-6b34-4d3f-aff3-d83ffaf6317a 0.422s
2024-10-09 12:01:01.850 62849 INFO tempest.lib.common.rest_client [req-b5e8c402-6fff-4401-995d-8012ed509ac9 req-b5e8c402-6fff-4401-995d-8012ed509ac9 ] Request (ServerActionsTestOtherB:setUpClass): 200 GET http://10.180.1.21/compute/v2.1/servers/877f5b67-68f8-48b0-8e12-622d9b50a390 0.405s
2024-10-09 12:01:01.880 62835 INFO tempest.lib.common.rest_client [req-0c222d31-110e-4337-bc3c-f9ac34b7c8fb req-0c222d31-110e-4337-bc3c-f9ac34b7c8fb ] Request (ServerDiagnosticsV248Test:test_get_server_diagnostics): 200 GET http://10.180.1.21/compute/v2.1/servers/8c0e3a15-0cdd-422a-8a97-95d57621de88 0.420s
2024-10-09 12:01:01.939 62843 INFO tempest.lib.common.rest_client [req-d89f2ee9-dd75-429c-88f6-21296c10e5d9 req-d89f2ee9-dd75-429c-88f6-21296c10e5d9 ] Request (SecurityGroupsTestJSON:test_list_security_groups_by_server): 200 GET http://10.180.1.21/compute/v2.1/servers/222a94b5-7841-490e-9b27-d3f703e6794f 0.435s
2024-10-09 12:01:01.997 62799 INFO tempest.lib.common.rest_client [req-81eada0e-0a3b-4e3c-9d6d-03efd43b8c9e req-81eada0e-0a3b-4e3c-9d6d-03efd43b8c9e ] Request (FloatingIPsAssociationNegativeTestJSON:setUpClass): 200 GET http://10.180.1.21/compute/v2.1/servers/4455c247-a707-4c3a-9323-0110a1290780 0.461s
2024-10-09 12:01:02.057 62815 INFO tempest.lib.common.rest_client [req-e3b44f9e-8b0c-4361-ad70-6a16746e9653 req-e3b44f9e-8b0c-4361-ad70-6a16746e9653 ] Request (ListServersNegativeTestJSON:setUpClass): 200 GET http://10.180.1.21/compute/v2.1/servers/81814471-a617-4364-a140-105252ca9c04 0.499s
2024-10-09 12:01:02.110 62859 INFO tempest.lib.common.rest_client [req-6de448d7-151f-4ef1-9193-82342da3338c req-6de448d7-151f-4ef1-9193-82342da3338c ] Request (ImagesTestJSON:test_create_image_from_suspended_server): 200 GET http://10.180.1.21/compute/v2.1/servers/d94d2c98-bbbb-4bdf-a4d4-603aa7635a7d 0.519s
2024-10-09 12:01:02.314 62837 INFO tempest.lib.common.rest_client [req-037b81a2-0543-4440-997b-2251d90b6694 req-037b81a2-0543-4440-997b-2251d90b6694 ] Request (ServersNegativeTestJSON:setUpClass): 200 GET http://10.180.1.21/compute/v2.1/servers/606becc8-ff43-469c-aca6-c35d67614960 0.636s
2024-10-09 12:01:02.348 62807 INFO tempest.lib.common.rest_client [req-643d7459-3ce6-47a7-ba9c-7bbd4fbc1921 req-643d7459-3ce6-47a7-ba9c-7bbd4fbc1921 ] Request (ServersTestBootFromVolume:setUpClass): 200 GET http://10.180.1.21/volume/v3/49c5a7585f2a4d7888f3240992a68955/volumes/88d3934f-d0ae-4578-af24-9abb842074b3 0.034s
2024-10-09 12:01:02.365 62823 INFO tempest.lib.common.rest_client [req-fae389a3-ffe4-47c7-9dfe-398f2a795592 req-fae389a3-ffe4-47c7-9dfe-398f2a795592 ] Request (ListServerFiltersTestJSON:setUpClass): 200 GET http://10.180.1.21/compute/v2.1/servers/6467456c-db39-4fd6-b67e-a5be2b803bd3 0.662s
2024-10-09 12:01:02.429 62853 INFO tempest.lib.common.rest_client [req-a6bf08f6-c489-49eb-a7b9-46aa69366d03 req-a6bf08f6-c489-49eb-a7b9-46aa69366d03 ] Request (ServersAdmin275Test:tearDownClass): 200 GET http://10.180.1.21/compute/v2.1/servers/98cbcc28-54e0-40de-9feb-6da917806423 0.632s
2024-10-09 12:01:02.489 62805 INFO tempest.lib.common.rest_client [req-235c32e9-3278-413d-95d2-1acd022cd783 req-235c32e9-3278-413d-95d2-1acd022cd783 ] Request (ImagesOneServerNegativeTestJSON:setUpClass): 200 GET http://10.180.1.21/compute/v2.1/servers/3d19d349-e450-4307-a763-6269dcb06544 0.681s
2024-10-09 12:01:02.551 62845 INFO tempest.lib.common.rest_client [req-0feb940d-de87-4f1f-a2ed-678ad785b189 req-0feb940d-de87-4f1f-a2ed-678ad785b189 ] Request (ServerActionsTestJSON:setUpClass): 200 GET http://10.180.1.21/compute/v2.1/servers/e3416076-1d11-47e4-9f76-9a64d7259166 0.693s
2024-10-09 12:01:02.607 62827 INFO tempest.lib.common.rest_client [req-3ac0f814-77eb-4298-a08e-071bc229d996 req-3ac0f814-77eb-4298-a08e-071bc229d996 ] Request (ServersAdminTestJSON:setUpClass): 200 GET http://10.180.1.21/compute/v2.1/servers/b3cc82aa-be39-4e89-8972-b5596629961c 0.677s
2024-10-09 12:01:02.631 62803 INFO tempest.lib.common.rest_client [req-4578a914-94be-4955-9990-3b4c0882583a req-4578a914-94be-4955-9990-3b4c0882583a ] Request (ServerActionsV293TestJSON:setUpClass): 202 POST http://10.180.1.21/compute/v2.1/servers 1.146s
2024-10-09 12:01:02.667 62797 INFO tempest.lib.common.rest_client [req-4fcb157c-dca4-40cb-b793-8093999328ee req-4fcb157c-dca4-40cb-b793-8093999328ee ] Request (ServerActionsTestOtherA:setUpClass): 200 GET http://10.180.1.21/compute/v2.1/servers/e8cbb437-0ace-4af3-a1d9-f96eeeea8504 0.650s
2024-10-09 12:01:02.685 62813 INFO tempest.lib.common.rest_client [req-6df33068-e76c-46a6-93ba-ad1c9712fc38 req-6df33068-e76c-46a6-93ba-ad1c9712fc38 ] Request (ServerAddressesNegativeTestJSON:setUpClass): 200 GET http://10.180.1.21/compute/v2.1/servers/932b7ac4-0a4b-4a39-a002-5a4ae3ce75f6 0.554s
2024-10-09 12:01:02.716 62826 INFO tempest.lib.common.rest_client [req-252e46e9-0012-4ff6-84c0-d1b05d85dc26 req-252e46e9-0012-4ff6-84c0-d1b05d85dc26 ] Request (ServerDiagnosticsNegativeTest:test_get_server_diagnostics_by_non_admin): 200 GET http://10.180.1.21/compute/v2.1/servers/09ccf23b-4763-47e1-afad-59e2b06b2d9e 0.571s
2024-10-09 12:01:02.734 62833 INFO tempest.lib.common.rest_client [req-03c22025-80e6-473b-822f-5215e19d9387 req-03c22025-80e6-473b-822f-5215e19d9387 ] Request (VolumesAssistedSnapshotsTest:test_volume_assisted_snapshot_create_delete): 200 GET http://10.180.1.21/compute/v2.1/servers/8e64b614-31e3-4830-b620-ff8409da8c37 0.505s
2024-10-09 12:01:02.770 62857 INFO tempest.lib.common.rest_client [req-d23e2b8d-7b90-4a20-bc74-af0b3df4e77c req-d23e2b8d-7b90-4a20-bc74-af0b3df4e77c ] Request (DeleteServersTestJSON:test_delete_server_while_in_attached_volume): 200 GET http://10.180.1.21/compute/v2.1/servers/c93cb228-0adb-423c-854f-73354cdb7012 0.466s
2024-10-09 12:01:02.803 62819 INFO tempest.lib.common.rest_client [req-ac3f0bb7-e1f1-45a8-b639-1875f91bad74 req-ac3f0bb7-e1f1-45a8-b639-1875f91bad74 ] Request (ServerRescueTestJSONUnderV235:setUpClass): 200 GET http://10.180.1.21/compute/v2.1/servers/15772d8e-98ce-47cf-9b61-e79c7ffc3a8b 0.424s
2024-10-09 12:01:02.823 62855 INFO tempest.lib.common.rest_client [req-708bdd11-9fe4-4dd7-9053-327a97569c68 req-708bdd11-9fe4-4dd7-9053-327a97569c68 ] Request (AttachVolumeTestJSON:test_attach_detach_volume): 200 GET http://10.180.1.21/compute/v2.1/servers/6b19c327-9a80-498f-a350-8068ad250377 0.385s
2024-10-09 12:01:02.855 62848 INFO tempest.lib.common.rest_client [req-c17df744-546a-4337-abaf-e615a63e472d req-c17df744-546a-4337-abaf-e615a63e472d ] Request (ServersTestMultiNic:test_verify_multiple_nics_order): 200 GET http://10.180.1.21/compute/v2.1/servers/68a3a4a5-ee3e-4234-8577-e5c1af6fbfb9 0.359s
2024-10-09 12:01:02.869 62801 INFO tempest.lib.common.rest_client [req-3edf371a-c459-4a56-ae24-865c6b5cd896 req-3edf371a-c459-4a56-ae24-865c6b5cd896 ] Request (DeleteServersAdminTestJSON:test_delete_server_while_in_error_state): 200 GET http://10.180.1.21/compute/v2.1/servers/9fd421c6-d068-4a81-a042-2d1f23fb9e1a 0.291s
2024-10-09 12:01:02.892 62803 INFO tempest.lib.common.rest_client [req-35daa955-7c15-4b15-898b-0e018f62aea7 req-35daa955-7c15-4b15-898b-0e018f62aea7 ] Request (ServerActionsV293TestJSON:setUpClass): 200 GET http://10.180.1.21/compute/v2.1/servers/014899cb-db4c-4444-abe1-b0129c0d7db9 0.259s
2024-10-09 12:01:02.916 62811 INFO tempest.lib.common.rest_client [req-0bb054f4-f613-4d8c-b59d-eb10413333de req-0bb054f4-f613-4d8c-b59d-eb10413333de ] Request (AttachInterfacesUnderV243Test:test_add_remove_fixed_ip): 200 GET http://10.180.1.21/compute/v2.1/servers/ba442811-2b0a-44e7-b036-572291aff648 0.273s
2024-10-09 12:01:02.939 62829 INFO tempest.lib.common.rest_client [req-fbbc3679-f3b5-4298-b9c1-4f41dbef125a req-fbbc3679-f3b5-4298-b9c1-4f41dbef125a ] Request (InstanceActionsTestJSON:setUpClass): 200 GET http://10.180.1.21/compute/v2.1/servers/60db0e43-692b-4449-9b44-badf3053429d 0.243s
2024-10-09 12:01:02.963 62839 INFO tempest.lib.common.rest_client [req-8730e034-d5e8-4e9a-9f31-fd01dd8bff6e req-8730e034-d5e8-4e9a-9f31-fd01dd8bff6e ] Request (ImagesNegativeTestJSON:test_create_image_from_deleted_server): 200 GET http://10.180.1.21/compute/v2.1/servers/ec99a26e-ee0a-44da-80b6-afd1205c7ea0 0.224s
2024-10-09 12:01:02.985 62817 INFO tempest.lib.common.rest_client [req-bab38bd6-6d5f-42aa-8e21-ced89a192b0f req-bab38bd6-6d5f-42aa-8e21-ced89a192b0f ] Request (MigrationsAdminTest:test_list_migrations_in_flavor_resize_situation): 200 GET http://10.180.1.21/compute/v2.1/servers/bd1e3e4d-c96d-46d0-89d9-7e5ab6e0f621 0.223s
2024-10-09 12:01:03.018 62795 INFO tempest.lib.common.rest_client [req-1d42ebb6-b743-47e9-8f0b-0274b64479a3 req-1d42ebb6-b743-47e9-8f0b-0274b64479a3 ] Request (ServersTestManualDisk:setUpClass): 200 GET http://10.180.1.21/compute/v2.1/servers/20fab902-79cc-4f83-abaf-53a53c2521f4 0.209s
2024-10-09 12:01:03.026 62821 INFO tempest.lib.common.rest_client [req-7460d3a6-fecb-4628-ad66-ca64dce42b8b req-7460d3a6-fecb-4628-ad66-ca64dce42b8b ] Request (ServersWithSpecificFlavorTestJSON:test_verify_created_server_ephemeral_disk): 200 GET http://10.180.1.21/compute/v2.1/servers/2e7bd3e1-6b34-4d3f-aff3-d83ffaf6317a 0.202s
2024-10-09 12:01:03.083 62835 INFO tempest.lib.common.rest_client [req-10720fe6-c7c7-4d17-8fa4-8003eda22532 req-10720fe6-c7c7-4d17-8fa4-8003eda22532 ] Request (ServerDiagnosticsV248Test:test_get_server_diagnostics): 200 GET http://10.180.1.21/compute/v2.1/servers/8c0e3a15-0cdd-422a-8a97-95d57621de88 0.193s
2024-10-09 12:01:03.084 62849 INFO tempest.lib.common.rest_client [req-85138a44-67f0-4a1c-a7a5-0f00352569a8 req-85138a44-67f0-4a1c-a7a5-0f00352569a8 ] Request (ServerActionsTestOtherB:setUpClass): 200 GET http://10.180.1.21/compute/v2.1/servers/877f5b67-68f8-48b0-8e12-622d9b50a390 0.226s
2024-10-09 12:01:03.132 62799 INFO tempest.lib.common.rest_client [req-2fa87abc-85a8-44e6-b342-2ca7f76d8698 req-2fa87abc-85a8-44e6-b342-2ca7f76d8698 ] Request (FloatingIPsAssociationNegativeTestJSON:setUpClass): 200 GET http://10.180.1.21/compute/v2.1/servers/4455c247-a707-4c3a-9323-0110a1290780 0.128s
2024-10-09 12:01:03.150 62843 INFO tempest.lib.common.rest_client [req-565c0b52-abbe-4aaa-a9c1-97a970fe0634 req-565c0b52-abbe-4aaa-a9c1-97a970fe0634 ] Request (SecurityGroupsTestJSON:test_list_security_groups_by_server): 200 GET http://10.180.1.21/compute/v2.1/servers/222a94b5-7841-490e-9b27-d3f703e6794f 0.204s
2024-10-09 12:01:03.180 62815 INFO tempest.lib.common.rest_client [req-22db215d-0540-4f0f-9779-bebd07fa21b9 req-22db215d-0540-4f0f-9779-bebd07fa21b9 ] Request (ListServersNegativeTestJSON:setUpClass): 200 GET http://10.180.1.21/compute/v2.1/servers/81814471-a617-4364-a140-105252ca9c04 0.116s
2024-10-09 12:01:03.197 62859 INFO tempest.lib.common.rest_client [req-43d2fdca-4469-4bf0-b298-aa3f18b25831 req-43d2fdca-4469-4bf0-b298-aa3f18b25831 ] Request (ImagesTestJSON:test_create_image_from_suspended_server): 200 GET http://10.180.1.21/compute/v2.1/servers/d94d2c98-bbbb-4bdf-a4d4-603aa7635a7d 0.079s
2024-10-09 12:01:03.376 62837 INFO tempest.lib.common.rest_client [req-01cc99b3-1e48-4a46-a4cb-646fb2298f51 req-01cc99b3-1e48-4a46-a4cb-646fb2298f51 ] Request (ServersNegativeTestJSON:setUpClass): 200 GET http://10.180.1.21/compute/v2.1/servers/606becc8-ff43-469c-aca6-c35d67614960 0.050s
2024-10-09 12:01:03.380 62807 INFO tempest.lib.common.rest_client [req-c40a449d-c7c8-4c43-8557-c17fe1b27cb8 req-c40a449d-c7c8-4c43-8557-c17fe1b27cb8 ] Request (ServersTestBootFromVolume:setUpClass): 200 GET http://10.180.1.21/volume/v3/49c5a7585f2a4d7888f3240992a68955/volumes/88d3934f-d0ae-4578-af24-9abb842074b3 0.025s
2024-10-09 12:01:03.426 62823 INFO tempest.lib.common.rest_client [req-cfe93523-943f-4e51-b250-9858735352a7 req-cfe93523-943f-4e51-b250-9858735352a7 ] Request (ListServerFiltersTestJSON:setUpClass): 200 GET http://10.180.1.21/compute/v2.1/servers/6467456c-db39-4fd6-b67e-a5be2b803bd3 0.051s
2024-10-09 12:01:03.506 62853 INFO tempest.lib.common.rest_client [req-678c0c97-3480-41e7-9642-2b6f6ff25878 req-678c0c97-3480-41e7-9642-2b6f6ff25878 ] Request (ServersAdmin275Test:tearDownClass): 200 GET http://10.180.1.21/compute/v2.1/servers/98cbcc28-54e0-40de-9feb-6da917806423 0.067s
2024-10-09 12:01:03.550 62805 INFO tempest.lib.common.rest_client [req-cab4757a-30b1-4c56-8568-440d6821e607 req-cab4757a-30b1-4c56-8568-440d6821e607 ] Request (ImagesOneServerNegativeTestJSON:setUpClass): 200 GET http://10.180.1.21/compute/v2.1/servers/3d19d349-e450-4307-a763-6269dcb06544 0.048s
2024-10-09 12:01:03.622 62845 INFO tempest.lib.common.rest_client [req-6199f1f2-215b-4b23-8f78-6c119af74268 req-6199f1f2-215b-4b23-8f78-6c119af74268 ] Request (ServerActionsTestJSON:setUpClass): 200 GET http://10.180.1.21/compute/v2.1/servers/e3416076-1d11-47e4-9f76-9a64d7259166 0.056s
2024-10-09 12:01:03.661 62827 INFO tempest.lib.common.rest_client [req-e337d022-f8f7-478d-9a36-060e0201db69 req-e337d022-f8f7-478d-9a36-060e0201db69 ] Request (ServersAdminTestJSON:setUpClass): 200 GET http://10.180.1.21/compute/v2.1/servers/b3cc82aa-be39-4e89-8972-b5596629961c 0.047s
2024-10-09 12:01:03.723 62797 INFO tempest.lib.common.rest_client [req-c90a9aab-4e3b-483b-a459-cfafec9f9575 req-c90a9aab-4e3b-483b-a459-cfafec9f9575 ] Request (ServerActionsTestOtherA:setUpClass): 200 GET http://10.180.1.21/compute/v2.1/servers/e8cbb437-0ace-4af3-a1d9-f96eeeea8504 0.048s
2024-10-09 12:01:03.743 62813 INFO tempest.lib.common.rest_client [req-6e66dee1-b142-407e-a4aa-3e2a938f5fdf req-6e66dee1-b142-407e-a4aa-3e2a938f5fdf ] Request (ServerAddressesNegativeTestJSON:setUpClass): 200 GET http://10.180.1.21/compute/v2.1/servers/932b7ac4-0a4b-4a39-a002-5a4ae3ce75f6 0.048s
2024-10-09 12:01:03.780 62826 INFO tempest.lib.common.rest_client [req-eb9f4f1e-da30-4727-a14d-6fad46f70489 req-eb9f4f1e-da30-4727-a14d-6fad46f70489 ] Request (ServerDiagnosticsNegativeTest:test_get_server_diagnostics_by_non_admin): 200 GET http://10.180.1.21/compute/v2.1/servers/09ccf23b-4763-47e1-afad-59e2b06b2d9e 0.056s
2024-10-09 12:01:03.786 62833 INFO tempest.lib.common.rest_client [req-22059e30-657a-4e76-9905-1eb4518c0094 req-22059e30-657a-4e76-9905-1eb4518c0094 ] Request (VolumesAssistedSnapshotsTest:test_volume_assisted_snapshot_create_delete): 200 GET http://10.180.1.21/compute/v2.1/servers/8e64b614-31e3-4830-b620-ff8409da8c37 0.043s
2024-10-09 12:01:03.824 62857 INFO tempest.lib.common.rest_client [req-b72e4688-186b-4665-8165-565986e16ffa req-b72e4688-186b-4665-8165-565986e16ffa ] Request (DeleteServersTestJSON:test_delete_server_while_in_attached_volume): 200 GET http://10.180.1.21/compute/v2.1/servers/c93cb228-0adb-423c-854f-73354cdb7012 0.047s
2024-10-09 12:01:03.857 62819 INFO tempest.lib.common.rest_client [req-09afc7d8-f0b3-49fd-910f-3075cbff8057 req-09afc7d8-f0b3-49fd-910f-3075cbff8057 ] Request (ServerRescueTestJSONUnderV235:setUpClass): 200 GET http://10.180.1.21/compute/v2.1/servers/15772d8e-98ce-47cf-9b61-e79c7ffc3a8b 0.046s
2024-10-09 12:01:03.877 62855 INFO tempest.lib.common.rest_client [req-7cf9e3cc-b7ab-4d76-bd48-89e2d0e15a78 req-7cf9e3cc-b7ab-4d76-bd48-89e2d0e15a78 ] Request (AttachVolumeTestJSON:test_attach_detach_volume): 200 GET http://10.180.1.21/compute/v2.1/servers/6b19c327-9a80-498f-a350-8068ad250377 0.047s
2024-10-09 12:01:03.915 62848 INFO tempest.lib.common.rest_client [req-9473a9d1-8676-49a4-b63b-e90a931fcd64 req-9473a9d1-8676-49a4-b63b-e90a931fcd64 ] Request (ServersTestMultiNic:test_verify_multiple_nics_order): 200 GET http://10.180.1.21/compute/v2.1/servers/68a3a4a5-ee3e-4234-8577-e5c1af6fbfb9 0.052s
2024-10-09 12:01:03.921 62801 INFO tempest.lib.common.rest_client [req-f75b5f3a-c3f6-43d8-aae2-1a6f7df33524 req-f75b5f3a-c3f6-43d8-aae2-1a6f7df33524 ] Request (DeleteServersAdminTestJSON:test_delete_server_while_in_error_state): 200 GET http://10.180.1.21/compute/v2.1/servers/9fd421c6-d068-4a81-a042-2d1f23fb9e1a 0.045s
2024-10-09 12:01:03.970 62811 INFO tempest.lib.common.rest_client [req-cc01a31d-e7a4-472f-ab22-8813ab67b0b6 req-cc01a31d-e7a4-472f-ab22-8813ab67b0b6 ] Request (AttachInterfacesUnderV243Test:test_add_remove_fixed_ip): 200 GET http://10.180.1.21/compute/v2.1/servers/ba442811-2b0a-44e7-b036-572291aff648 0.046s
2024-10-09 12:01:03.972 62803 INFO tempest.lib.common.rest_client [req-e211dbf3-5f21-4121-9ece-a248bc1339c2 req-e211dbf3-5f21-4121-9ece-a248bc1339c2 ] Request (ServerActionsV293TestJSON:setUpClass): 200 GET http://10.180.1.21/compute/v2.1/servers/014899cb-db4c-4444-abe1-b0129c0d7db9 0.071s
2024-10-09 12:01:04.019 62829 INFO tempest.lib.common.rest_client [req-fe751ede-e584-418a-945a-153cfa94f1c0 req-fe751ede-e584-418a-945a-153cfa94f1c0 ] Request (InstanceActionsTestJSON:setUpClass): 200 GET http://10.180.1.21/compute/v2.1/servers/60db0e43-692b-4449-9b44-badf3053429d 0.073s
2024-10-09 12:01:04.021 62839 INFO tempest.lib.common.rest_client [req-06d55373-5406-47dc-a92c-5ed200e2849d req-06d55373-5406-47dc-a92c-5ed200e2849d ] Request (ImagesNegativeTestJSON:test_create_image_from_deleted_server): 200 GET http://10.180.1.21/compute/v2.1/servers/ec99a26e-ee0a-44da-80b6-afd1205c7ea0 0.051s
2024-10-09 12:01:04.073 62817 INFO tempest.lib.common.rest_client [req-b1f6c0b6-c592-440e-89a6-298716843fa8 req-b1f6c0b6-c592-440e-89a6-298716843fa8 ] Request (MigrationsAdminTest:test_list_migrations_in_flavor_resize_situation): 200 GET http://10.180.1.21/compute/v2.1/servers/bd1e3e4d-c96d-46d0-89d9-7e5ab6e0f621 0.080s
2024-10-09 12:01:04.078 62795 INFO tempest.lib.common.rest_client [req-48e5fdec-d78c-4e2c-a47a-ade8949419f4 req-48e5fdec-d78c-4e2c-a47a-ade8949419f4 ] Request (ServersTestManualDisk:setUpClass): 200 GET http://10.180.1.21/compute/v2.1/servers/20fab902-79cc-4f83-abaf-53a53c2521f4 0.053s
2024-10-09 12:01:04.126 62821 INFO tempest.lib.common.rest_client [req-f280220c-363e-4679-9cb8-9a28b30bf204 req-f280220c-363e-4679-9cb8-9a28b30bf204 ] Request (ServersWithSpecificFlavorTestJSON:test_verify_created_server_ephemeral_disk): 200 GET http://10.180.1.21/compute/v2.1/servers/2e7bd3e1-6b34-4d3f-aff3-d83ffaf6317a 0.092s
2024-10-09 12:01:04.145 62835 INFO tempest.lib.common.rest_client [req-558687be-3b0c-45f0-a3b6-e3ba2bd02c1d req-558687be-3b0c-45f0-a3b6-e3ba2bd02c1d ] Request (ServerDiagnosticsV248Test:test_get_server_diagnostics): 200 GET http://10.180.1.21/compute/v2.1/servers/8c0e3a15-0cdd-422a-8a97-95d57621de88 0.054s
2024-10-09 12:01:04.174 62849 INFO tempest.lib.common.rest_client [req-7546ca0b-4b94-49bd-baaa-60ac9f7b6919 req-7546ca0b-4b94-49bd-baaa-60ac9f7b6919 ] Request (ServerActionsTestOtherB:setUpClass): 200 GET http://10.180.1.21/compute/v2.1/servers/877f5b67-68f8-48b0-8e12-622d9b50a390 0.080s
2024-10-09 12:01:04.190 62799 INFO tempest.lib.common.rest_client [req-a7e7a671-0523-4297-b956-a395694907f2 req-a7e7a671-0523-4297-b956-a395694907f2 ] Request (FloatingIPsAssociationNegativeTestJSON:setUpClass): 200 GET http://10.180.1.21/compute/v2.1/servers/4455c247-a707-4c3a-9323-0110a1290780 0.051s
2024-10-09 12:01:04.219 62843 INFO tempest.lib.common.rest_client [req-1e319e27-91b6-41b6-b438-71ab608caf1e req-1e319e27-91b6-41b6-b438-71ab608caf1e ] Request (SecurityGroupsTestJSON:test_list_security_groups_by_server): 200 GET http://10.180.1.21/compute/v2.1/servers/222a94b5-7841-490e-9b27-d3f703e6794f 0.058s
2024-10-09 12:01:04.234 62815 INFO tempest.lib.common.rest_client [req-047b56fa-2174-4891-99a4-f48402b2d36b req-047b56fa-2174-4891-99a4-f48402b2d36b ] Request (ListServersNegativeTestJSON:setUpClass): 200 GET http://10.180.1.21/compute/v2.1/servers/81814471-a617-4364-a140-105252ca9c04 0.043s
2024-10-09 12:01:04.264 62859 INFO tempest.lib.common.rest_client [req-a5313ab1-f07b-4b20-aba8-9876c302e001 req-a5313ab1-f07b-4b20-aba8-9876c302e001 ] Request (ImagesTestJSON:test_create_image_from_suspended_server): 200 GET http://10.180.1.21/compute/v2.1/servers/d94d2c98-bbbb-4bdf-a4d4-603aa7635a7d 0.060s
2024-10-09 12:01:04.414 62807 INFO tempest.lib.common.rest_client [req-5a8bb42c-1527-48ff-b7ae-3e2dec3df7b9 req-5a8bb42c-1527-48ff-b7ae-3e2dec3df7b9 ] Request (ServersTestBootFromVolume:setUpClass): 200 GET http://10.180.1.21/volume/v3/49c5a7585f2a4d7888f3240992a68955/volumes/88d3934f-d0ae-4578-af24-9abb842074b3 0.027s
2024-10-09 12:01:04.434 62837 INFO tempest.lib.common.rest_client [req-c856362a-ba91-47f3-b6a9-5b3e41aa57e6 req-c856362a-ba91-47f3-b6a9-5b3e41aa57e6 ] Request (ServersNegativeTestJSON:setUpClass): 200 GET http://10.180.1.21/compute/v2.1/servers/606becc8-ff43-469c-aca6-c35d67614960 0.051s
2024-10-09 12:01:04.483 62823 INFO tempest.lib.common.rest_client [req-a678dc9f-657d-4b06-8324-8ee753b7183d req-a678dc9f-657d-4b06-8324-8ee753b7183d ] Request (ListServerFiltersTestJSON:setUpClass): 200 GET http://10.180.1.21/compute/v2.1/servers/6467456c-db39-4fd6-b67e-a5be2b803bd3 0.049s
2024-10-09 12:01:04.576 62853 INFO tempest.lib.common.rest_client [req-81a9e85d-e044-43bf-b876-7ec365734176 req-81a9e85d-e044-43bf-b876-7ec365734176 ] Request (ServersAdmin275Test:tearDownClass): 200 GET http://10.180.1.21/compute/v2.1/servers/98cbcc28-54e0-40de-9feb-6da917806423 0.058s
2024-10-09 12:01:04.603 62805 INFO tempest.lib.common.rest_client [req-63f308ec-c2ad-4fed-bd24-88bbe6630281 req-63f308ec-c2ad-4fed-bd24-88bbe6630281 ] Request (ImagesOneServerNegativeTestJSON:setUpClass): 200 GET http://10.180.1.21/compute/v2.1/servers/3d19d349-e450-4307-a763-6269dcb06544 0.046s
2024-10-09 12:01:04.676 62845 INFO tempest.lib.common.rest_client [req-d4df62f3-4781-4364-8dd4-48ce5e81a10c req-d4df62f3-4781-4364-8dd4-48ce5e81a10c ] Request (ServerActionsTestJSON:setUpClass): 200 GET http://10.180.1.21/compute/v2.1/servers/e3416076-1d11-47e4-9f76-9a64d7259166 0.047s
2024-10-09 12:01:04.720 62827 INFO tempest.lib.common.rest_client [req-678ec1d4-b57b-43f8-898c-c768530d9a23 req-678ec1d4-b57b-43f8-898c-c768530d9a23 ] Request (ServersAdminTestJSON:setUpClass): 200 GET http://10.180.1.21/compute/v2.1/servers/b3cc82aa-be39-4e89-8972-b5596629961c 0.051s
2024-10-09 12:01:04.726 62827 INFO tempest.common.waiters [-] State transition "BUILD/None" ==> "BUILD/networking" after 64 second wait
2024-10-09 12:01:04.775 62797 INFO tempest.lib.common.rest_client [req-d1803f7c-a6dd-4db2-badf-3fc3b6c02f6c req-d1803f7c-a6dd-4db2-badf-3fc3b6c02f6c ] Request (ServerActionsTestOtherA:setUpClass): 200 GET http://10.180.1.21/compute/v2.1/servers/e8cbb437-0ace-4af3-a1d9-f96eeeea8504 0.045s
2024-10-09 12:01:04.800 62813 INFO tempest.lib.common.rest_client [req-421f3acc-3495-4f92-8e39-80edfefa96ab req-421f3acc-3495-4f92-8e39-80edfefa96ab ] Request (ServerAddressesNegativeTestJSON:setUpClass): 200 GET http://10.180.1.21/compute/v2.1/servers/932b7ac4-0a4b-4a39-a002-5a4ae3ce75f6 0.049s
2024-10-09 12:01:04.846 62826 INFO tempest.lib.common.rest_client [req-c48a828e-f657-4546-90e2-de3d8c6bed5b req-c48a828e-f657-4546-90e2-de3d8c6bed5b ] Request (ServerDiagnosticsNegativeTest:test_get_server_diagnostics_by_non_admin): 200 GET http://10.180.1.21/compute/v2.1/servers/09ccf23b-4763-47e1-afad-59e2b06b2d9e 0.058s
2024-10-09 12:01:04.854 62833 INFO tempest.lib.common.rest_client [req-783749ef-404e-4fbf-a14c-0553d452a958 req-783749ef-404e-4fbf-a14c-0553d452a958 ] Request (VolumesAssistedSnapshotsTest:test_volume_assisted_snapshot_create_delete): 200 GET http://10.180.1.21/compute/v2.1/servers/8e64b614-31e3-4830-b620-ff8409da8c37 0.061s
2024-10-09 12:01:04.898 62857 INFO tempest.lib.common.rest_client [req-a5a0cbd9-a54e-4fec-b73d-cda387da7ce8 req-a5a0cbd9-a54e-4fec-b73d-cda387da7ce8 ] Request (DeleteServersTestJSON:test_delete_server_while_in_attached_volume): 200 GET http://10.180.1.21/compute/v2.1/servers/c93cb228-0adb-423c-854f-73354cdb7012 0.067s
2024-10-09 12:01:04.917 62819 INFO tempest.lib.common.rest_client [req-5d801521-ecdb-425b-938f-6f98ee25868d req-5d801521-ecdb-425b-938f-6f98ee25868d ] Request (ServerRescueTestJSONUnderV235:setUpClass): 200 GET http://10.180.1.21/compute/v2.1/servers/15772d8e-98ce-47cf-9b61-e79c7ffc3a8b 0.054s
2024-10-09 12:01:04.948 62855 INFO tempest.lib.common.rest_client [req-65a97bdf-6e1e-409f-8c61-2aa12f91f841 req-65a97bdf-6e1e-409f-8c61-2aa12f91f841 ] Request (AttachVolumeTestJSON:test_attach_detach_volume): 200 GET http://10.180.1.21/compute/v2.1/servers/6b19c327-9a80-498f-a350-8068ad250377 0.064s
2024-10-09 12:01:04.980 62848 INFO tempest.lib.common.rest_client [req-49f8ca9e-c9e1-45fb-92e4-6cd2011ee4b1 req-49f8ca9e-c9e1-45fb-92e4-6cd2011ee4b1 ] Request (ServersTestMultiNic:test_verify_multiple_nics_order): 200 GET http://10.180.1.21/compute/v2.1/servers/68a3a4a5-ee3e-4234-8577-e5c1af6fbfb9 0.057s
2024-10-09 12:01:05.005 62801 INFO tempest.lib.common.rest_client [req-1879742d-b76e-4701-9cfa-28ed93a24b30 req-1879742d-b76e-4701-9cfa-28ed93a24b30 ] Request (DeleteServersAdminTestJSON:test_delete_server_while_in_error_state): 200 GET http://10.180.1.21/compute/v2.1/servers/9fd421c6-d068-4a81-a042-2d1f23fb9e1a 0.076s
2024-10-09 12:01:05.034 62811 INFO tempest.lib.common.rest_client [req-dcf2cc24-774d-4947-bbce-5832bc2ff60e req-dcf2cc24-774d-4947-bbce-5832bc2ff60e ] Request (AttachInterfacesUnderV243Test:test_add_remove_fixed_ip): 200 GET http://10.180.1.21/compute/v2.1/servers/ba442811-2b0a-44e7-b036-572291aff648 0.053s
2024-10-09 12:01:05.062 62803 INFO tempest.lib.common.rest_client [req-a5ddefcb-ee86-48dc-b2f0-7ef136e20227 req-a5ddefcb-ee86-48dc-b2f0-7ef136e20227 ] Request (ServerActionsV293TestJSON:setUpClass): 200 GET http://10.180.1.21/compute/v2.1/servers/014899cb-db4c-4444-abe1-b0129c0d7db9 0.080s
2024-10-09 12:01:05.087 62829 INFO tempest.lib.common.rest_client [req-9a5e01e3-c199-43c8-bf97-61b4caa0b1d3 req-9a5e01e3-c199-43c8-bf97-61b4caa0b1d3 ] Request (InstanceActionsTestJSON:setUpClass): 200 GET http://10.180.1.21/compute/v2.1/servers/60db0e43-692b-4449-9b44-badf3053429d 0.060s
2024-10-09 12:01:05.115 62839 INFO tempest.lib.common.rest_client [req-0e3a0bad-a942-4dfc-895c-a7eff54a798a req-0e3a0bad-a942-4dfc-895c-a7eff54a798a ] Request (ImagesNegativeTestJSON:test_create_image_from_deleted_server): 200 GET http://10.180.1.21/compute/v2.1/servers/ec99a26e-ee0a-44da-80b6-afd1205c7ea0 0.087s
2024-10-09 12:01:05.141 62817 INFO tempest.lib.common.rest_client [req-e547fe24-c7a0-4611-8e96-d05e2f01cded req-e547fe24-c7a0-4611-8e96-d05e2f01cded ] Request (MigrationsAdminTest:test_list_migrations_in_flavor_resize_situation): 200 GET http://10.180.1.21/compute/v2.1/servers/bd1e3e4d-c96d-46d0-89d9-7e5ab6e0f621 0.060s
2024-10-09 12:01:05.163 62795 INFO tempest.lib.common.rest_client [req-9ce5ae56-3e9a-4cf8-895a-f5e6e149b892 req-9ce5ae56-3e9a-4cf8-895a-f5e6e149b892 ] Request (ServersTestManualDisk:setUpClass): 200 GET http://10.180.1.21/compute/v2.1/servers/20fab902-79cc-4f83-abaf-53a53c2521f4 0.077s
2024-10-09 12:01:05.186 62821 INFO tempest.lib.common.rest_client [req-97d56faf-2267-4ec1-a18d-6e08424351c9 req-97d56faf-2267-4ec1-a18d-6e08424351c9 ] Request (ServersWithSpecificFlavorTestJSON:test_verify_created_server_ephemeral_disk): 200 GET http://10.180.1.21/compute/v2.1/servers/2e7bd3e1-6b34-4d3f-aff3-d83ffaf6317a 0.054s
2024-10-09 12:01:05.210 62835 INFO tempest.lib.common.rest_client [req-2a025c20-d6e6-421d-9120-a1d2fd7ebe0f req-2a025c20-d6e6-421d-9120-a1d2fd7ebe0f ] Request (ServerDiagnosticsV248Test:test_get_server_diagnostics): 200 GET http://10.180.1.21/compute/v2.1/servers/8c0e3a15-0cdd-422a-8a97-95d57621de88 0.056s
2024-10-09 12:01:05.233 62849 INFO tempest.lib.common.rest_client [req-b6cef5ad-239b-4d35-bd0f-2d47f713e89b req-b6cef5ad-239b-4d35-bd0f-2d47f713e89b ] Request (ServerActionsTestOtherB:setUpClass): 200 GET http://10.180.1.21/compute/v2.1/servers/877f5b67-68f8-48b0-8e12-622d9b50a390 0.051s
2024-10-09 12:01:05.254 62799 INFO tempest.lib.common.rest_client [req-52d1cb2a-2a76-4393-8a99-900e2a2cb142 req-52d1cb2a-2a76-4393-8a99-900e2a2cb142 ] Request (FloatingIPsAssociationNegativeTestJSON:setUpClass): 200 GET http://10.180.1.21/compute/v2.1/servers/4455c247-a707-4c3a-9323-0110a1290780 0.056s
2024-10-09 12:01:05.279 62843 INFO tempest.lib.common.rest_client [req-681d3c0b-bdb0-48be-9d65-c6f2fea85b9f req-681d3c0b-bdb0-48be-9d65-c6f2fea85b9f ] Request (SecurityGroupsTestJSON:test_list_security_groups_by_server): 200 GET http://10.180.1.21/compute/v2.1/servers/222a94b5-7841-490e-9b27-d3f703e6794f 0.052s
2024-10-09 12:01:05.298 62815 INFO tempest.lib.common.rest_client [req-83edde3e-19ca-409c-88be-b82e5fe0e26f req-83edde3e-19ca-409c-88be-b82e5fe0e26f ] Request (ListServersNegativeTestJSON:setUpClass): 200 GET http://10.180.1.21/compute/v2.1/servers/81814471-a617-4364-a140-105252ca9c04 0.057s
2024-10-09 12:01:05.323 62859 INFO tempest.lib.common.rest_client [req-8f83f035-9864-40a5-a268-50f300468360 req-8f83f035-9864-40a5-a268-50f300468360 ] Request (ImagesTestJSON:test_create_image_from_suspended_server): 200 GET http://10.180.1.21/compute/v2.1/servers/d94d2c98-bbbb-4bdf-a4d4-603aa7635a7d 0.051s
2024-10-09 12:01:05.443 62807 INFO tempest.lib.common.rest_client [req-32437160-ad01-4583-b737-786a9089916b req-32437160-ad01-4583-b737-786a9089916b ] Request (ServersTestBootFromVolume:setUpClass): 200 GET http://10.180.1.21/volume/v3/49c5a7585f2a4d7888f3240992a68955/volumes/88d3934f-d0ae-4578-af24-9abb842074b3 0.023s
2024-10-09 12:01:05.524 62837 INFO tempest.lib.common.rest_client [req-6d8a35b3-87e7-4882-bf34-dc8a3bb9eb76 req-6d8a35b3-87e7-4882-bf34-dc8a3bb9eb76 ] Request (ServersNegativeTestJSON:setUpClass): 200 GET http://10.180.1.21/compute/v2.1/servers/606becc8-ff43-469c-aca6-c35d67614960 0.083s
2024-10-09 12:01:05.550 62823 INFO tempest.lib.common.rest_client [req-fc9d5f6c-8b61-4a3b-928f-3d414e3109d5 req-fc9d5f6c-8b61-4a3b-928f-3d414e3109d5 ] Request (ListServerFiltersTestJSON:setUpClass): 200 GET http://10.180.1.21/compute/v2.1/servers/6467456c-db39-4fd6-b67e-a5be2b803bd3 0.059s
2024-10-09 12:01:05.660 62853 INFO tempest.lib.common.rest_client [req-3845453e-09d2-47ee-b721-5ae178adf940 req-3845453e-09d2-47ee-b721-5ae178adf940 ] Request (ServersAdmin275Test:tearDownClass): 200 GET http://10.180.1.21/compute/v2.1/servers/98cbcc28-54e0-40de-9feb-6da917806423 0.075s
2024-10-09 12:01:05.672 62805 INFO tempest.lib.common.rest_client [req-3db460ee-ba6b-4197-8e4c-9078eccbdcbc req-3db460ee-ba6b-4197-8e4c-9078eccbdcbc ] Request (ImagesOneServerNegativeTestJSON:setUpClass): 200 GET http://10.180.1.21/compute/v2.1/servers/3d19d349-e450-4307-a763-6269dcb06544 0.061s
2024-10-09 12:01:05.737 62845 INFO tempest.lib.common.rest_client [req-56dcec40-2399-4fd0-bc30-392cd2b82700 req-56dcec40-2399-4fd0-bc30-392cd2b82700 ] Request (ServerActionsTestJSON:setUpClass): 200 GET http://10.180.1.21/compute/v2.1/servers/e3416076-1d11-47e4-9f76-9a64d7259166 0.053s
2024-10-09 12:01:05.839 62797 INFO tempest.lib.common.rest_client [req-49623d31-dfe1-40b4-94cd-a90e2e042684 req-49623d31-dfe1-40b4-94cd-a90e2e042684 ] Request (ServerActionsTestOtherA:setUpClass): 200 GET http://10.180.1.21/compute/v2.1/servers/e8cbb437-0ace-4af3-a1d9-f96eeeea8504 0.058s
2024-10-09 12:01:05.867 62827 INFO tempest.lib.common.rest_client [req-b1ce7057-8cab-4469-9602-3e384378ad84 req-b1ce7057-8cab-4469-9602-3e384378ad84 ] Request (ServersAdminTestJSON:setUpClass): 200 GET http://10.180.1.21/compute/v2.1/servers/b3cc82aa-be39-4e89-8972-b5596629961c 0.140s
2024-10-09 12:01:05.873 62827 INFO tempest.common.waiters [-] State transition "BUILD/networking" ==> "BUILD/spawning" after 65 second wait
2024-10-09 12:01:05.885 62813 INFO tempest.lib.common.rest_client [req-c7c3f10d-1462-4bfb-b78f-c082655bc03b req-c7c3f10d-1462-4bfb-b78f-c082655bc03b ] Request (ServerAddressesNegativeTestJSON:setUpClass): 200 GET http://10.180.1.21/compute/v2.1/servers/932b7ac4-0a4b-4a39-a002-5a4ae3ce75f6 0.078s
2024-10-09 12:01:05.924 62826 INFO tempest.lib.common.rest_client [req-1bfb5577-2e7b-414d-ad8b-26962429715e req-1bfb5577-2e7b-414d-ad8b-26962429715e ] Request (ServerDiagnosticsNegativeTest:test_get_server_diagnostics_by_non_admin): 200 GET http://10.180.1.21/compute/v2.1/servers/09ccf23b-4763-47e1-afad-59e2b06b2d9e 0.065s
2024-10-09 12:01:05.936 62833 INFO tempest.lib.common.rest_client [req-551a7c2c-0d7e-44ff-9d1c-a35e47425c84 req-551a7c2c-0d7e-44ff-9d1c-a35e47425c84 ] Request (VolumesAssistedSnapshotsTest:test_volume_assisted_snapshot_create_delete): 200 GET http://10.180.1.21/compute/v2.1/servers/8e64b614-31e3-4830-b620-ff8409da8c37 0.074s
2024-10-09 12:01:05.982 62819 INFO tempest.lib.common.rest_client [req-b6a7f4b5-ab5a-426a-9e64-664aaaae1aa0 req-b6a7f4b5-ab5a-426a-9e64-664aaaae1aa0 ] Request (ServerRescueTestJSONUnderV235:setUpClass): 200 GET http://10.180.1.21/compute/v2.1/servers/15772d8e-98ce-47cf-9b61-e79c7ffc3a8b 0.057s
2024-10-09 12:01:05.991 62857 INFO tempest.lib.common.rest_client [req-d06e0103-1da0-4615-8f86-4f097beb7a84 req-d06e0103-1da0-4615-8f86-4f097beb7a84 ] Request (DeleteServersTestJSON:test_delete_server_while_in_attached_volume): 200 GET http://10.180.1.21/compute/v2.1/servers/c93cb228-0adb-423c-854f-73354cdb7012 0.087s
2024-10-09 12:01:06.032 62855 INFO tempest.lib.common.rest_client [req-d4b16b95-b328-43ee-bfbd-c3205845e9ad req-d4b16b95-b328-43ee-bfbd-c3205845e9ad ] Request (AttachVolumeTestJSON:test_attach_detach_volume): 200 GET http://10.180.1.21/compute/v2.1/servers/6b19c327-9a80-498f-a350-8068ad250377 0.073s
2024-10-09 12:01:06.039 62848 INFO tempest.lib.common.rest_client [req-e66044df-f38c-4ba6-8f63-0447411e4fd7 req-e66044df-f38c-4ba6-8f63-0447411e4fd7 ] Request (ServersTestMultiNic:test_verify_multiple_nics_order): 200 GET http://10.180.1.21/compute/v2.1/servers/68a3a4a5-ee3e-4234-8577-e5c1af6fbfb9 0.051s
2024-10-09 12:01:06.080 62801 INFO tempest.lib.common.rest_client [req-e3534085-6e6b-4759-8834-fefc2f7c8eba req-e3534085-6e6b-4759-8834-fefc2f7c8eba ] Request (DeleteServersAdminTestJSON:test_delete_server_while_in_error_state): 200 GET http://10.180.1.21/compute/v2.1/servers/9fd421c6-d068-4a81-a042-2d1f23fb9e1a 0.065s
2024-10-09 12:01:06.086 62811 INFO tempest.lib.common.rest_client [req-273b7d20-1dfb-45bc-9c6b-3cccc29928af req-273b7d20-1dfb-45bc-9c6b-3cccc29928af ] Request (AttachInterfacesUnderV243Test:test_add_remove_fixed_ip): 200 GET http://10.180.1.21/compute/v2.1/servers/ba442811-2b0a-44e7-b036-572291aff648 0.046s
2024-10-09 12:01:06.140 62803 INFO tempest.lib.common.rest_client [req-c7dbd3ca-e6e9-4966-b071-584dbde6d93f req-c7dbd3ca-e6e9-4966-b071-584dbde6d93f ] Request (ServerActionsV293TestJSON:setUpClass): 200 GET http://10.180.1.21/compute/v2.1/servers/014899cb-db4c-4444-abe1-b0129c0d7db9 0.068s
2024-10-09 12:01:06.153 62829 INFO tempest.lib.common.rest_client [req-4c71b92e-bf49-470c-a206-7100de0185a3 req-4c71b92e-bf49-470c-a206-7100de0185a3 ] Request (InstanceActionsTestJSON:setUpClass): 200 GET http://10.180.1.21/compute/v2.1/servers/60db0e43-692b-4449-9b44-badf3053429d 0.055s
2024-10-09 12:01:06.190 62839 INFO tempest.lib.common.rest_client [req-58737c69-7e66-47bd-a809-bfe85724f536 req-58737c69-7e66-47bd-a809-bfe85724f536 ] Request (ImagesNegativeTestJSON:test_create_image_from_deleted_server): 200 GET http://10.180.1.21/compute/v2.1/servers/ec99a26e-ee0a-44da-80b6-afd1205c7ea0 0.068s
2024-10-09 12:01:06.206 62817 INFO tempest.lib.common.rest_client [req-5e18ea94-b205-4b28-9438-eec76edd3e4e req-5e18ea94-b205-4b28-9438-eec76edd3e4e ] Request (MigrationsAdminTest:test_list_migrations_in_flavor_resize_situation): 200 GET http://10.180.1.21/compute/v2.1/servers/bd1e3e4d-c96d-46d0-89d9-7e5ab6e0f621 0.058s
2024-10-09 12:01:06.236 62795 INFO tempest.lib.common.rest_client [req-e4ee827f-a401-4261-9757-29ef4a1f6d16 req-e4ee827f-a401-4261-9757-29ef4a1f6d16 ] Request (ServersTestManualDisk:setUpClass): 200 GET http://10.180.1.21/compute/v2.1/servers/20fab902-79cc-4f83-abaf-53a53c2521f4 0.063s
2024-10-09 12:01:06.250 62821 INFO tempest.lib.common.rest_client [req-fd0bd934-68bb-47ab-85da-e37e4ede0b29 req-fd0bd934-68bb-47ab-85da-e37e4ede0b29 ] Request (ServersWithSpecificFlavorTestJSON:test_verify_created_server_ephemeral_disk): 200 GET http://10.180.1.21/compute/v2.1/servers/2e7bd3e1-6b34-4d3f-aff3-d83ffaf6317a 0.056s
2024-10-09 12:01:06.287 62835 INFO tempest.lib.common.rest_client [req-08dc23ad-0e6a-46fa-b409-deb5309fd047 req-08dc23ad-0e6a-46fa-b409-deb5309fd047 ] Request (ServerDiagnosticsV248Test:test_get_server_diagnostics): 200 GET http://10.180.1.21/compute/v2.1/servers/8c0e3a15-0cdd-422a-8a97-95d57621de88 0.068s
2024-10-09 12:01:06.294 62835 INFO tempest.common.waiters [-] State transition "BUILD/spawning" ==> "ACTIVE/None" after 68 second wait
2024-10-09 12:01:06.296 62849 INFO tempest.lib.common.rest_client [req-64828f71-d0cf-4de1-aec5-661a5eb6db99 req-64828f71-d0cf-4de1-aec5-661a5eb6db99 ] Request (ServerActionsTestOtherB:setUpClass): 200 GET http://10.180.1.21/compute/v2.1/servers/877f5b67-68f8-48b0-8e12-622d9b50a390 0.056s
2024-10-09 12:01:06.330 62799 INFO tempest.lib.common.rest_client [req-5af789bc-1a4e-43dc-921e-4db00344d74e req-5af789bc-1a4e-43dc-921e-4db00344d74e ] Request (FloatingIPsAssociationNegativeTestJSON:setUpClass): 200 GET http://10.180.1.21/compute/v2.1/servers/4455c247-a707-4c3a-9323-0110a1290780 0.069s
2024-10-09 12:01:06.346 62843 INFO tempest.lib.common.rest_client [req-92e8e122-5905-4e4e-90c9-fe63d23ef482 req-92e8e122-5905-4e4e-90c9-fe63d23ef482 ] Request (SecurityGroupsTestJSON:test_list_security_groups_by_server): 200 GET http://10.180.1.21/compute/v2.1/servers/222a94b5-7841-490e-9b27-d3f703e6794f 0.061s
