2024-10-09 12:00:38.873 62848 INFO tempest.lib.common.rest_client [req-dc1fc205-ae13-47cb-92d0-29b32fe9cdb4 req-dc1fc205-ae13-47cb-92d0-29b32fe9cdb4 ] Request (ServersTestMultiNic:test_verify_duplicate_network_nics): 200 GET http://10.180.1.21/compute/v2.1/servers/c6cf703e-5b00-44b3-ae8b-b655105a073b 0.645s
2024-10-09 12:00:38.890 62831 INFO tempest.lib.common.rest_client [req-72613f98-e067-48a2-8d74-2ebac06d80b4 req-72613f98-e067-48a2-8d74-2ebac06d80b4 ] Request (ServerGroup264TestJSON:tearDownClass): 404 DELETE http://10.180.1.21/compute/v2.1/os-server-groups/f8a37bff-95ac-48ab-8fbb-d69240e9630b 0.623s
2024-10-09 12:00:38.942 62813 INFO tempest.lib.common.rest_client [req-7ea250e0-bdbc-4182-b3be-4dbedd35a2d3 req-7ea250e0-bdbc-4182-b3be-4dbedd35a2d3 ] Request (ServerAddressesNegativeTestJSON:setUpClass): 202 POST http://10.180.1.21/compute/v2.1/servers 1.653s
2024-10-09 12:00:38.971 62807 INFO tempest.lib.common.rest_client [req-55e9d05d-eddb-49e4-8e8a-c98957bfd991 req-55e9d05d-eddb-49e4-8e8a-c98957bfd991 ] Request (SecurityGroupsTestAdminJSON:setUpClass): 201 POST http://10.180.1.21/identity/v3/auth/tokens 0.161s
2024-10-09 12:00:39.020 62829 INFO tempest.lib.common.rest_client [req-2e30f2fd-2c1f-4b36-b420-e1c8baef1bde req-2e30f2fd-2c1f-4b36-b420-e1c8baef1bde ] Request (InstanceActionsTestJSON:setUpClass): 200 GET http://10.180.1.21/compute/v2.1/servers/60db0e43-692b-4449-9b44-badf3053429d 0.676s
2024-10-09 12:00:39.031 62821 INFO tempest.lib.common.rest_client [req-1c20c110-0b01-4916-921f-40a945530609 req-1c20c110-0b01-4916-921f-40a945530609 ] Request (ServersWithSpecificFlavorTestJSON:test_verify_created_server_ephemeral_disk): 200 GET http://10.180.1.21/compute/v2.1/servers/2e7bd3e1-6b34-4d3f-aff3-d83ffaf6317a 0.657s
2024-10-09 12:00:39.040 62809 INFO tempest.lib.common.rest_client [req-bc4c2ad9-9797-4822-b052-f8c684115dcc req-bc4c2ad9-9797-4822-b052-f8c684115dcc ] Request (FlavorsV2TestJSON:test_list_flavors_filter_by_min_disk): 200 GET http://10.180.1.21/compute/v2.1/flavors/42 0.650s
2024-10-09 12:00:39.052 62815 INFO tempest.lib.common.rest_client [req-ca081975-3cd4-4a94-9969-5a99f50d5d9e req-ca081975-3cd4-4a94-9969-5a99f50d5d9e ] Request (ServerExternalEventsTest:tearDownClass): 200 GET http://10.180.1.21:9696/networking/v2.0/security-groups?tenant_id=49e0b5040b294f8488559a049519940c&name=default 0.437s
2024-10-09 12:00:39.064 62841 INFO tempest.lib.common.rest_client [req-a1211b97-33e6-45eb-a057-e62834d07fd0 req-a1211b97-33e6-45eb-a057-e62834d07fd0 ] Request (HypervisorAdminNegativeUnderV252Test:test_show_servers_with_non_admin_user): 200 GET http://10.180.1.21/compute/v2.1/os-hypervisors 0.661s
2024-10-09 12:00:39.126 62817 INFO tempest.lib.common.rest_client [req-e814d20d-e28f-4988-acc3-5d7d50aae0b1 req-e814d20d-e28f-4988-acc3-5d7d50aae0b1 ] Request (MigrationsAdminTest:test_list_migrations_in_flavor_resize_situation): 200 GET http://10.180.1.21/compute/v2.1/servers/bd1e3e4d-c96d-46d0-89d9-7e5ab6e0f621 0.677s
2024-10-09 12:00:39.150 62835 INFO tempest.lib.common.rest_client [req-ae46f2e9-1c6a-4e0a-9caf-6efd240b521f req-ae46f2e9-1c6a-4e0a-9caf-6efd240b521f ] Request (ServerDiagnosticsV248Test:test_get_server_diagnostics): 200 GET http://10.180.1.21/compute/v2.1/servers/8c0e3a15-0cdd-422a-8a97-95d57621de88 0.692s
2024-10-09 12:00:39.194 62843 INFO tempest.lib.common.rest_client [req-3969f622-e870-4772-aa08-8e28a57add89 req-3969f622-e870-4772-aa08-8e28a57add89 ] Request (SecurityGroupsTestJSON:test_list_security_groups_by_server): 200 GET http://10.180.1.21/compute/v2.1/servers/222a94b5-7841-490e-9b27-d3f703e6794f 0.678s
2024-10-09 12:00:39.282 62857 INFO tempest.lib.common.rest_client [req-9112c201-4576-4993-b0d2-43804ffa1fbb req-9112c201-4576-4993-b0d2-43804ffa1fbb ] Request (DeleteServersTestJSON:test_delete_active_server): 200 GET http://10.180.1.21/compute/v2.1/servers/b74bf924-2d0b-4221-9c82-aa5b1ef903ef 0.648s
2024-10-09 12:00:39.290 62857 INFO tempest.common.waiters [-] State transition "BUILD/scheduling" ==> "ERROR/None" after 41 second wait
2024-10-09 12:00:39.371 62853 INFO tempest.lib.common.rest_client [req-a20f2d4a-c571-4b9b-a8c9-67e8a88fd981 req-a20f2d4a-c571-4b9b-a8c9-67e8a88fd981 ] Request (ServersAdmin275Test:tearDownClass): 200 GET http://10.180.1.21/compute/v2.1/servers/98cbcc28-54e0-40de-9feb-6da917806423 0.723s
2024-10-09 12:00:39.440 62799 INFO tempest.lib.common.rest_client [req-11b92733-0428-4a3b-ab65-f0eb03a30cd3 req-11b92733-0428-4a3b-ab65-f0eb03a30cd3 ] Request (FloatingIPsAssociationNegativeTestJSON:setUpClass): 200 GET http://10.180.1.21/compute/v2.1/servers/4455c247-a707-4c3a-9323-0110a1290780 0.728s
2024-10-09 12:00:39.456 62815 INFO tempest.lib.common.rest_client [req-e91d7084-688e-4f31-af36-2768a4059193 req-e91d7084-688e-4f31-af36-2768a4059193 ] Request (ServerExternalEventsTest:tearDownClass): 204 DELETE http://10.180.1.21:9696/networking/v2.0/security-groups/a0ba3c69-f143-46ea-935e-7795326cecc6 0.403s
2024-10-09 12:00:39.465 62845 INFO tempest.lib.common.rest_client [req-de09ff35-1dfe-444c-8143-275a72e5431d req-de09ff35-1dfe-444c-8143-275a72e5431d ] Request (ServerActionsTestJSON:setUpClass): 201 POST http://10.180.1.21:9696/networking/v2.0/routers 2.570s
2024-10-09 12:00:39.527 62823 INFO tempest.lib.common.rest_client [req-a76f7624-106d-4e4a-8225-9d122d05a08e req-a76f7624-106d-4e4a-8225-9d122d05a08e ] Request (ListServerFiltersTestJSON:setUpClass): 200 GET http://10.180.1.21/compute/v2.1/servers/6467456c-db39-4fd6-b67e-a5be2b803bd3 0.796s
2024-10-09 12:00:39.576 62855 INFO tempest.lib.common.rest_client [req-8f49f9e6-cb6e-4f82-85df-5cf7b7c0aefb req-8f49f9e6-cb6e-4f82-85df-5cf7b7c0aefb ] Request (ValidationResourcesFixture:setUp): 201 POST http://10.180.1.21:9696/networking/v2.0/floatingips 1.440s
2024-10-09 12:00:39.591 62805 INFO tempest.lib.common.rest_client [req-ace95573-36eb-4453-9802-19f551352765 req-ace95573-36eb-4453-9802-19f551352765 ] Request (ImagesOneServerNegativeTestJSON:setUpClass): 200 GET http://10.180.1.21/compute/v2.1/servers/3d19d349-e450-4307-a763-6269dcb06544 0.814s
2024-10-09 12:00:39.597 62815 INFO tempest.lib.common.rest_client [req-7e6beccf-1cc1-4b44-a444-bfcfe7dee7d1 req-7e6beccf-1cc1-4b44-a444-bfcfe7dee7d1 ] Request (ServerExternalEventsTest:tearDownClass): 204 DELETE http://10.180.1.21/identity/v3/projects/49e0b5040b294f8488559a049519940c 0.140s
2024-10-09 12:00:39.598 62815 INFO tempest.lib.common.dynamic_creds [-] Deleting project and security group for project: 6b3b457ada374fb09a2e718c252c4089
2024-10-09 12:00:39.641 62855 INFO tempest.lib.common.rest_client [req-a7fa5f49-319c-4a42-a141-832fd285449f req-a7fa5f49-319c-4a42-a141-832fd285449f ] Request (AttachVolumeTestJSON:test_attach_detach_volume): 201 POST http://10.180.1.21/identity/v3/auth/tokens 0.062s
2024-10-09 12:00:39.642 62855 INFO tempest.lib.common.fixed_network [-] (AttachVolumeTestJSON:test_attach_detach_volume) Found network {'id': '1a7b3797-0a3c-4aba-a9dd-6d560f45dc81', 'name': 'tempest-AttachVolumeTestJSON-76817883-network', 'tenant_id': '88985cba32da4faaa133d74ffa635292', 'admin_state_up': True, 'mtu': 8950, 'status': 'ACTIVE', 'subnets': [], 'shared': False, 'project_id': '88985cba32da4faaa133d74ffa635292', 'port_security_enabled': True, 'router:external': False, 'provider:network_type': 'vlan', 'provider:physical_network': 'default', 'provider:segmentation_id': 377, 'is_default': False, 'availability_zone_hints': [], 'availability_zones': [], 'ipv4_address_scope': None, 'ipv6_address_scope': None, 'description': '', 'tags': [], 'created_at': '2024-10-09T12:00:29Z', 'updated_at': '2024-10-09T12:00:29Z', 'revision_number': 1} available for tenant
2024-10-09 12:00:39.657 62803 INFO tempest.lib.common.rest_client [req-191893cb-1e6c-4f0d-9f56-63d02c942d73 req-191893cb-1e6c-4f0d-9f56-63d02c942d73 ] Request (ServerActionsV293TestJSON:setUpClass): 201 POST http://10.180.1.21:9696/networking/v2.0/floatingips 1.553s
2024-10-09 12:00:39.660 62797 INFO tempest.lib.common.rest_client [req-1cdd4a54-af4c-4419-bcf9-9c1ba6bd2335 req-1cdd4a54-af4c-4419-bcf9-9c1ba6bd2335 ] Request (ServerActionsTestOtherA:setUpClass): 200 GET http://10.180.1.21/compute/v2.1/servers/e8cbb437-0ace-4af3-a1d9-f96eeeea8504 0.849s
2024-10-09 12:00:39.728 62827 INFO tempest.lib.common.rest_client [req-bab6e304-8490-4025-8f9f-caf868c6a745 req-bab6e304-8490-4025-8f9f-caf868c6a745 ] Request (ServersAdminTestJSON:setUpClass): 200 GET http://10.180.1.21/compute/v2.1/servers/b3cc82aa-be39-4e89-8972-b5596629961c 0.899s
2024-10-09 12:00:39.735 62803 INFO tempest.lib.common.rest_client [req-f3ec1d01-b69e-4f23-8c6a-2baca7fd989d req-f3ec1d01-b69e-4f23-8c6a-2baca7fd989d ] Request (ServerActionsV293TestJSON:setUpClass): 201 POST http://10.180.1.21/identity/v3/auth/tokens 0.073s
2024-10-09 12:00:39.735 62803 INFO tempest.lib.common.fixed_network [-] (ServerActionsV293TestJSON:setUpClass) Found network {'id': '86b033e1-e45b-47f7-bd77-7b250a0bcdea', 'name': 'tempest-ServerActionsV293TestJSON-997582039-network', 'tenant_id': '529e31e208264cc7981374c676b4e7ab', 'admin_state_up': True, 'mtu': 8950, 'status': 'ACTIVE', 'subnets': [], 'shared': False, 'project_id': '529e31e208264cc7981374c676b4e7ab', 'port_security_enabled': True, 'router:external': False, 'provider:network_type': 'vlan', 'provider:physical_network': 'default', 'provider:segmentation_id': 470, 'is_default': False, 'availability_zone_hints': [], 'availability_zones': [], 'ipv4_address_scope': None, 'ipv6_address_scope': None, 'description': '', 'tags': [], 'created_at': '2024-10-09T12:00:28Z', 'updated_at': '2024-10-09T12:00:28Z', 'revision_number': 1} available for tenant
2024-10-09 12:00:39.807 62837 INFO tempest.lib.common.rest_client [req-b91ca3fe-dc95-4469-bb52-b6b04d7eca2c req-b91ca3fe-dc95-4469-bb52-b6b04d7eca2c ] Request (ServersAdminNegativeTestJSON:setUpClass): 200 GET http://10.180.1.21/compute/v2.1/servers/38e57696-33a8-49d8-b061-ae14155ed280 0.947s
2024-10-09 12:00:40.051 62815 INFO tempest.lib.common.rest_client [req-6c48c077-881b-42c6-aed6-1d06e39da43a req-6c48c077-881b-42c6-aed6-1d06e39da43a ] Request (ServerExternalEventsTest:tearDownClass): 200 GET http://10.180.1.21:9696/networking/v2.0/security-groups?tenant_id=6b3b457ada374fb09a2e718c252c4089&name=default 0.453s
2024-10-09 12:00:40.053 62826 INFO tempest.lib.common.rest_client [req-7241a1c6-df95-49ff-8f39-085f48917c19 req-7241a1c6-df95-49ff-8f39-085f48917c19 ] Request (ServerDiagnosticsNegativeTest:test_get_server_diagnostics_by_non_admin): 200 GET http://10.180.1.21/compute/v2.1/servers/09ccf23b-4763-47e1-afad-59e2b06b2d9e 1.139s
2024-10-09 12:00:40.131 62813 INFO tempest.lib.common.rest_client [req-2da521dd-ce9c-4c5a-affb-e98b261a5680 req-2da521dd-ce9c-4c5a-affb-e98b261a5680 ] Request (ServerAddressesNegativeTestJSON:setUpClass): 200 GET http://10.180.1.21/compute/v2.1/servers/932b7ac4-0a4b-4a39-a002-5a4ae3ce75f6 1.187s
2024-10-09 12:00:40.191 62795 INFO tempest.lib.common.rest_client [req-43c9eec5-0ae7-4eb9-872b-7ceecdabbd48 req-43c9eec5-0ae7-4eb9-872b-7ceecdabbd48 ] Request (ServersTestManualDisk:setUpClass): 202 POST http://10.180.1.21/compute/v2.1/servers 1.635s
2024-10-09 12:00:40.260 62833 INFO tempest.lib.common.rest_client [req-fbfdbd30-1b5f-4651-8630-150537454a19 req-fbfdbd30-1b5f-4651-8630-150537454a19 ] Request (VolumesAssistedSnapshotsTest:test_volume_assisted_snapshot_create_delete): 200 GET http://10.180.1.21/compute/v2.1/servers/8e64b614-31e3-4830-b620-ff8409da8c37 1.284s
2024-10-09 12:00:40.286 62815 INFO tempest.lib.common.rest_client [req-91cfbd50-b8a6-4c6d-958e-30404c7d40c2 req-91cfbd50-b8a6-4c6d-958e-30404c7d40c2 ] Request (ServerExternalEventsTest:tearDownClass): 204 DELETE http://10.180.1.21:9696/networking/v2.0/security-groups/82442a8b-cce8-4f5b-8549-07944a4bfdd5 0.235s
2024-10-09 12:00:40.295 62809 INFO tempest.lib.common.rest_client [req-346cbf6c-e28e-4273-9186-7d93630fdc29 req-346cbf6c-e28e-4273-9186-7d93630fdc29 ] Request (FlavorsV2TestJSON:test_list_flavors_filter_by_min_disk): 200 GET http://10.180.1.21/compute/v2.1/flavors?minDisk=2 1.253s
2024-10-09 12:00:40.308 62841 INFO tempest.lib.common.rest_client [req-69d3c5a0-5105-413e-a21c-aa06ab025afc req-69d3c5a0-5105-413e-a21c-aa06ab025afc ] Request (HypervisorAdminNegativeUnderV252Test:test_show_servers_with_non_admin_user): 403 GET http://10.180.1.21/compute/v2.1/os-hypervisors/1/servers 1.243s
2024-10-09 12:00:40.406 62815 INFO tempest.lib.common.rest_client [req-867f7138-a683-4e70-b1f7-a059ca03e13e req-867f7138-a683-4e70-b1f7-a059ca03e13e ] Request (ServerExternalEventsTest:tearDownClass): 204 DELETE http://10.180.1.21/identity/v3/projects/6b3b457ada374fb09a2e718c252c4089 0.119s
2024-10-09 12:00:40.443 62803 INFO tempest.lib.common.rest_client [req-35c8416b-2315-4439-b959-378a62dafe09 req-35c8416b-2315-4439-b959-378a62dafe09 ] Request (ServerActionsV293TestJSON:setUpClass): 202 POST http://10.180.1.21/volume/v3/529e31e208264cc7981374c676b4e7ab/volumes 0.707s
2024-10-09 12:00:40.496 62815 INFO tempest.lib.common.rest_client [req-12197ab2-148b-420d-8f20-81e70451f413 req-12197ab2-148b-420d-8f20-81e70451f413 ] Request (FloatingIPDetailsNegativeTestJSON:setUpClass): 201 POST http://10.180.1.21/identity/v3/auth/tokens 0.088s
2024-10-09 12:00:40.509 62803 INFO tempest.lib.common.rest_client [req-1857067a-257e-4b84-a8f9-8233732828da req-1857067a-257e-4b84-a8f9-8233732828da ] Request (ServerActionsV293TestJSON:setUpClass): 200 GET http://10.180.1.21/volume/v3/529e31e208264cc7981374c676b4e7ab/volumes/a4d4a217-a37c-4a66-8b5e-80db1d36d524 0.054s
2024-10-09 12:00:40.544 62815 INFO tempest.lib.common.rest_client [req-abb629a2-d462-4dbb-98dc-413d8ff35bad req-abb629a2-d462-4dbb-98dc-413d8ff35bad ] Request (FloatingIPDetailsNegativeTestJSON:setUpClass): 201 POST http://10.180.1.21/identity/v3/auth/tokens 0.043s
2024-10-09 12:00:40.573 62857 INFO tempest.lib.common.rest_client [req-97a26781-f3d5-490a-9de0-097dc05a6d61 req-97a26781-f3d5-490a-9de0-097dc05a6d61 ] Request (DeleteServersTestJSON:test_delete_active_server): 204 DELETE http://10.180.1.21/compute/v2.1/servers/b74bf924-2d0b-4221-9c82-aa5b1ef903ef 1.282s
2024-10-09 12:00:40.577 62815 INFO tempest.lib.common.rest_client [req-387e4d06-f120-4dc6-9b49-7572bd0d36e5 req-387e4d06-f120-4dc6-9b49-7572bd0d36e5 ] Request (FloatingIPDetailsNegativeTestJSON:setUpClass): 200 GET http://10.180.1.21/identity/v3/domains?name=Default 0.032s
2024-10-09 12:00:40.611 62815 INFO tempest.lib.common.rest_client [req-3dbfa39d-08e2-4f43-b382-bb786e769a0f req-3dbfa39d-08e2-4f43-b382-bb786e769a0f ] Request (FloatingIPDetailsNegativeTestJSON:setUpClass): 201 POST http://10.180.1.21/identity/v3/projects 0.033s
2024-10-09 12:00:40.646 62811 INFO tempest.lib.common.rest_client [req-2116482c-f6ad-413e-9155-0daa3e1022db req-2116482c-f6ad-413e-9155-0daa3e1022db ] Request (AttachInterfacesUnderV243Test:test_add_remove_fixed_ip): 200 GET http://10.180.1.21/compute/v2.1/servers/ba442811-2b0a-44e7-b036-572291aff648 1.297s
2024-10-09 12:00:40.666 62807 INFO tempest.lib.common.rest_client [req-51758494-277d-4092-b2a5-7fa44c629dbb req-51758494-277d-4092-b2a5-7fa44c629dbb ] Request (SecurityGroupsTestAdminJSON:test_list_security_groups_list_all_tenants_filter): 200 POST http://10.180.1.21/compute/v2.1/os-security-groups 1.693s
2024-10-09 12:00:40.684 62815 INFO tempest.lib.common.rest_client [req-9b2813e1-93db-48ee-b734-f6f10ad487b6 req-9b2813e1-93db-48ee-b734-f6f10ad487b6 ] Request (FloatingIPDetailsNegativeTestJSON:setUpClass): 201 POST http://10.180.1.21/identity/v3/users 0.072s
2024-10-09 12:00:40.700 62815 INFO tempest.lib.common.rest_client [req-2280a2e6-4c65-4171-bff6-a637ca8a3d83 req-2280a2e6-4c65-4171-bff6-a637ca8a3d83 ] Request (FloatingIPDetailsNegativeTestJSON:setUpClass): 200 GET http://10.180.1.21/identity/v3/roles 0.015s
2024-10-09 12:00:40.708 62801 INFO tempest.lib.common.rest_client [req-0138e6ba-3097-4f1d-8aed-80a17b4eaf94 req-0138e6ba-3097-4f1d-8aed-80a17b4eaf94 ] Request (DeleteServersAdminTestJSON:test_delete_server_while_in_error_state): 200 GET http://10.180.1.21/compute/v2.1/servers/9fd421c6-d068-4a81-a042-2d1f23fb9e1a 1.194s
2024-10-09 12:00:40.730 62859 INFO tempest.lib.common.rest_client [req-96951554-9ad1-4cfb-9622-2df6d6dee0c2 req-96951554-9ad1-4cfb-9622-2df6d6dee0c2 ] Request (ImagesTestJSON:test_create_image_from_stopped_server): 200 GET http://10.180.1.21/compute/v2.1/servers/a664416f-f9f6-4cdd-93b0-8dd63181562e 1.113s
2024-10-09 12:00:40.740 62815 INFO tempest.lib.common.rest_client [req-81aee698-f30f-41a5-a76d-c1361299825f req-81aee698-f30f-41a5-a76d-c1361299825f ] Request (FloatingIPDetailsNegativeTestJSON:setUpClass): 204 PUT http://10.180.1.21/identity/v3/projects/d9dd53ac8df446d4852c348571d41892/users/e0373ea325c14123a700fdb3cf96b6a1/roles/3afa60ce7d2f42688387c4631065256d 0.039s
2024-10-09 12:00:40.740 62815 INFO tempest.lib.common.dynamic_creds [-] Dynamic test user e0373ea325c14123a700fdb3cf96b6a1 is created with scope project and roles: ['member']
2024-10-09 12:00:40.741 62815 INFO tempest.lib.common.dynamic_creds [-] Acquired dynamic creds: credentials: Credentials: {'domain_id': 'default', 'domain_name': 'Default', 'username': 'tempest-FloatingIPDetailsNegativeTestJSON-238435998-project-member', 'project_domain_id': 'default', 'project_domain_name': 'Default', 'project_id': 'd9dd53ac8df446d4852c348571d41892', 'project_name': 'tempest-FloatingIPDetailsNegativeTestJSON-238435998', 'tenant_id': 'd9dd53ac8df446d4852c348571d41892', 'tenant_name': 'tempest-FloatingIPDetailsNegativeTestJSON-238435998', 'user_domain_id': 'default', 'user_domain_name': 'Default', 'user_id': 'e0373ea325c14123a700fdb3cf96b6a1', 'system': None}, Network: None, Subnet: None, Router: None
2024-10-09 12:00:40.792 62849 INFO tempest.lib.common.rest_client [req-63df3c0e-b1c2-4a6d-afe7-bbcefd80cd53 req-63df3c0e-b1c2-4a6d-afe7-bbcefd80cd53 ] Request (FloatingIPsAssociationTestJSON:tearDownClass): 200 PUT http://10.180.1.21:9696/networking/v2.0/routers/f56231d3-bc07-46d1-8938-e94aefe78bc9/remove_router_interface 2.038s
2024-10-09 12:00:40.800 62815 INFO tempest.lib.common.rest_client [req-9ba70239-fcc4-494a-b816-5527c84a8df0 req-9ba70239-fcc4-494a-b816-5527c84a8df0 ] Request (FloatingIPDetailsNegativeTestJSON:setUpClass): 201 POST http://10.180.1.21/identity/v3/auth/tokens 0.060s
2024-10-09 12:00:40.825 62839 INFO tempest.lib.common.rest_client [req-00a4b0cf-ea8a-40df-862f-6b2fe642cb9b req-00a4b0cf-ea8a-40df-862f-6b2fe642cb9b ] Request (ImagesNegativeTestJSON:test_create_image_from_deleted_server): 200 GET http://10.180.1.21/compute/v2.1/servers/ec99a26e-ee0a-44da-80b6-afd1205c7ea0 1.091s
2024-10-09 12:00:40.893 62848 INFO tempest.lib.common.rest_client [req-5c27dcf3-bfa3-442f-870d-ea91aa2abf27 req-5c27dcf3-bfa3-442f-870d-ea91aa2abf27 ] Request (ServersTestMultiNic:test_verify_duplicate_network_nics): 200 GET http://10.180.1.21/compute/v2.1/servers/c6cf703e-5b00-44b3-ae8b-b655105a073b 1.004s
2024-10-09 12:00:40.951 62831 INFO tempest.lib.common.rest_client [req-a3fd7d7c-a39c-4803-9ae4-5ae04a68bfbd req-a3fd7d7c-a39c-4803-9ae4-5ae04a68bfbd ] Request (ServerGroup264TestJSON:tearDownClass): 200 PUT http://10.180.1.21:9696/networking/v2.0/routers/461e7320-2aad-40e0-a770-39ea8a8aee8d/remove_router_interface 2.060s
2024-10-09 12:00:40.964 62829 INFO tempest.lib.common.rest_client [req-b7e27967-c9ce-428d-94cf-9d350238a250 req-b7e27967-c9ce-428d-94cf-9d350238a250 ] Request (InstanceActionsTestJSON:setUpClass): 200 GET http://10.180.1.21/compute/v2.1/servers/60db0e43-692b-4449-9b44-badf3053429d 0.931s
2024-10-09 12:00:41.021 62821 INFO tempest.lib.common.rest_client [req-6887e519-19bb-4623-aebe-ff4e877bedd8 req-6887e519-19bb-4623-aebe-ff4e877bedd8 ] Request (ServersWithSpecificFlavorTestJSON:test_verify_created_server_ephemeral_disk): 200 GET http://10.180.1.21/compute/v2.1/servers/2e7bd3e1-6b34-4d3f-aff3-d83ffaf6317a 0.982s
2024-10-09 12:00:41.091 62817 INFO tempest.lib.common.rest_client [req-e4234092-7824-47ce-933a-0f2822b7214e req-e4234092-7824-47ce-933a-0f2822b7214e ] Request (MigrationsAdminTest:test_list_migrations_in_flavor_resize_situation): 200 GET http://10.180.1.21/compute/v2.1/servers/bd1e3e4d-c96d-46d0-89d9-7e5ab6e0f621 0.957s
2024-10-09 12:00:41.158 62835 INFO tempest.lib.common.rest_client [req-f3e981d8-df7d-4d69-a078-cfe602581221 req-f3e981d8-df7d-4d69-a078-cfe602581221 ] Request (ServerDiagnosticsV248Test:test_get_server_diagnostics): 200 GET http://10.180.1.21/compute/v2.1/servers/8c0e3a15-0cdd-422a-8a97-95d57621de88 0.997s
2024-10-09 12:00:41.222 62795 INFO tempest.lib.common.rest_client [req-616529d2-4aef-46a9-89b6-b8fe48b6115a req-616529d2-4aef-46a9-89b6-b8fe48b6115a ] Request (ServersTestManualDisk:setUpClass): 200 GET http://10.180.1.21/compute/v2.1/servers/20fab902-79cc-4f83-abaf-53a53c2521f4 1.029s
2024-10-09 12:00:41.281 62843 INFO tempest.lib.common.rest_client [req-8d8496ed-6cbb-45ee-89e0-ecda62795779 req-8d8496ed-6cbb-45ee-89e0-ecda62795779 ] Request (SecurityGroupsTestJSON:test_list_security_groups_by_server): 200 GET http://10.180.1.21/compute/v2.1/servers/222a94b5-7841-490e-9b27-d3f703e6794f 1.079s
2024-10-09 12:00:41.294 62809 INFO tempest.lib.common.rest_client [req-c97c38b2-49d1-4cf2-8bd2-8c09a6dbddf9 req-c97c38b2-49d1-4cf2-8bd2-8c09a6dbddf9 ] Request (FlavorsV2TestJSON:test_list_flavors_filter_by_min_ram): 200 GET http://10.180.1.21/compute/v2.1/flavors/42 0.994s
2024-10-09 12:00:41.310 62841 INFO tempest.lib.common.rest_client [req-60acd3ae-57b2-48f6-8744-6e0cfb93dccf req-60acd3ae-57b2-48f6-8744-6e0cfb93dccf ] Request (HypervisorAdminNegativeUnderV252Test:test_show_servers_with_nonexistent_hypervisor): 404 GET http://10.180.1.21/compute/v2.1/os-hypervisors/2940b8e3-7abd-4a6b-8a27-4ab772661aa9/servers 0.999s
2024-10-09 12:00:41.354 62819 INFO tempest.lib.common.rest_client [req-9fdc7b0c-9aa2-4034-bed6-0ddab915ed95 req-9fdc7b0c-9aa2-4034-bed6-0ddab915ed95 ] Request (ServerRescueTestJSONUnderV235:setUpClass): 200 PUT http://10.180.1.21:9696/networking/v2.0/routers/3c8c10ca-db59-4a08-99ad-be08445a63eb/add_router_interface 3.056s
2024-10-09 12:00:41.355 62819 INFO tempest.lib.common.dynamic_creds [-] Created isolated network resources for: credentials: Credentials: {'domain_id': 'default', 'domain_name': 'Default', 'username': 'tempest-ServerRescueTestJSONUnderV235-1856965101-project-member', 'project_domain_id': 'default', 'project_domain_name': 'Default', 'project_id': 'b976c5b07a184e058b5b16530bdef27e', 'project_name': 'tempest-ServerRescueTestJSONUnderV235-1856965101', 'tenant_id': 'b976c5b07a184e058b5b16530bdef27e', 'tenant_name': 'tempest-ServerRescueTestJSONUnderV235-1856965101', 'user_domain_id': 'default', 'user_domain_name': 'Default', 'user_id': '213369dec97d4fac927ebd46f1201a64', 'system': None}, Network: {'id': 'c8396920-4c3d-4513-860d-66d1dc1235b1', 'name': 'tempest-ServerRescueTestJSONUnderV235-35599752-network', 'tenant_id': 'b976c5b07a184e058b5b16530bdef27e', 'admin_state_up': True, 'mtu': 8950, 'status': 'ACTIVE', 'subnets': [], 'shared': False, 'project_id': 'b976c5b07a184e058b5b16530bdef27e', 'port_security_enabled': True, 'router:external': False, 'provider:network_type': 'vlan', 'provider:physical_network': 'default', 'provider:segmentation_id': 417, 'is_default': False, 'availability_zone_hints': [], 'availability_zones': [], 'ipv4_address_scope': None, 'ipv6_address_scope': None, 'description': '', 'tags': [], 'created_at': '2024-10-09T12:00:35Z', 'updated_at': '2024-10-09T12:00:35Z', 'revision_number': 1}, Subnet: {'id': 'fc2b989b-7904-48eb-b2fb-dbd8e8d101a5', 'name': 'tempest-ServerRescueTestJSONUnderV235-35599752-subnet', 'tenant_id': 'b976c5b07a184e058b5b16530bdef27e', 'network_id': 'c8396920-4c3d-4513-860d-66d1dc1235b1', 'ip_version': 4, 'subnetpool_id': None, 'enable_dhcp': False, 'ipv6_ra_mode': None, 'ipv6_address_mode': None, 'gateway_ip': '192.168.128.1', 'cidr': '192.168.128.0/28', 'allocation_pools': [{'start': '192.168.128.2', 'end': '192.168.128.14'}], 'host_routes': [], 'dns_nameservers': [], 'description': '', 'router:external': False, 'service_types': [], 'tags': [], 'created_at': '2024-10-09T12:00:35Z', 'updated_at': '2024-10-09T12:00:35Z', 'revision_number': 0, 'project_id': 'b976c5b07a184e058b5b16530bdef27e'}, Router: {'id': '3c8c10ca-db59-4a08-99ad-be08445a63eb', 'name': 'tempest-ServerRescueTestJSONUnderV235-35599752-router', 'tenant_id': 'b976c5b07a184e058b5b16530bdef27e', 'admin_state_up': True, 'status': 'ACTIVE', 'external_gateway_info': {'network_id': '05a7df4d-e5a3-44ce-bc56-242775d5c708', 'external_fixed_ips': [{'subnet_id': 'abd47df0-9322-4fce-a536-c3cf396d58e0', 'ip_address': '10.180.180.237'}], 'enable_snat': True}, 'description': '', 'availability_zones': [], 'distributed': False, 'ha': False, 'availability_zone_hints': [], 'routes': [], 'flavor_id': None, 'tags': [], 'created_at': '2024-10-09T12:00:36Z', 'updated_at': '2024-10-09T12:00:37Z', 'revision_number': 2, 'project_id': 'b976c5b07a184e058b5b16530bdef27e'}
2024-10-09 12:00:41.374 62855 INFO tempest.lib.common.rest_client [req-164787c2-dc0d-4791-a7e5-9298ea4f1f44 req-164787c2-dc0d-4791-a7e5-9298ea4f1f44 ] Request (AttachVolumeTestJSON:test_attach_detach_volume): 202 POST http://10.180.1.21/compute/v2.1/servers 1.731s
2024-10-09 12:00:41.418 62853 INFO tempest.lib.common.rest_client [req-40ddea49-2648-46ad-b897-51d3debb8263 req-40ddea49-2648-46ad-b897-51d3debb8263 ] Request (ServersAdmin275Test:tearDownClass): 200 GET http://10.180.1.21/compute/v2.1/servers/98cbcc28-54e0-40de-9feb-6da917806423 1.036s
2024-10-09 12:00:41.467 62841 INFO tempest.lib.common.rest_client [req-c512e4ad-3486-49fd-99f4-a1cb8d702a5a req-c512e4ad-3486-49fd-99f4-a1cb8d702a5a ] Request (HypervisorAdminNegativeUnderV252Test:tearDownClass): 204 DELETE http://10.180.1.21/identity/v3/users/03eded8eb7e34ebb9a39c6bffc4a4039 0.156s
2024-10-09 12:00:41.497 62815 INFO tempest.lib.common.rest_client [req-a013ce56-0240-46aa-9901-74655a11a9f8 req-a013ce56-0240-46aa-9901-74655a11a9f8 ] Request (FloatingIPDetailsNegativeTestJSON:setUpClass): 201 POST http://10.180.1.21:9696/networking/v2.0/networks 0.696s
2024-10-09 12:00:41.514 62799 INFO tempest.lib.common.rest_client [req-c0220058-7f3a-4739-b37f-ccf2db1f2fa9 req-c0220058-7f3a-4739-b37f-ccf2db1f2fa9 ] Request (FloatingIPsAssociationNegativeTestJSON:setUpClass): 200 GET http://10.180.1.21/compute/v2.1/servers/4455c247-a707-4c3a-9323-0110a1290780 1.064s
2024-10-09 12:00:41.520 62819 INFO tempest.lib.common.rest_client [req-31113951-cd25-4c44-af76-0c125bfdd9ec req-31113951-cd25-4c44-af76-0c125bfdd9ec ] Request (ServerRescueTestJSONUnderV235:setUpClass): 201 POST http://10.180.1.21/identity/v3/auth/tokens 0.157s
2024-10-09 12:00:41.530 62823 INFO tempest.lib.common.rest_client [req-e42e03bd-2fe8-4ac4-9226-a7dae7f0b789 req-e42e03bd-2fe8-4ac4-9226-a7dae7f0b789 ] Request (ListServerFiltersTestJSON:setUpClass): 200 GET http://10.180.1.21/compute/v2.1/servers/6467456c-db39-4fd6-b67e-a5be2b803bd3 0.992s
2024-10-09 12:00:41.561 62857 INFO tempest.lib.common.rest_client [req-8d5b697c-d470-42df-9698-eae567b78748 req-8d5b697c-d470-42df-9698-eae567b78748 ] Request (DeleteServersTestJSON:test_delete_active_server): 404 GET http://10.180.1.21/compute/v2.1/servers/b74bf924-2d0b-4221-9c82-aa5b1ef903ef 0.988s
2024-10-09 12:00:41.566 62803 INFO tempest.lib.common.rest_client [req-e0fec42d-f329-44f2-b02c-60903488f2a9 req-e0fec42d-f329-44f2-b02c-60903488f2a9 ] Request (ServerActionsV293TestJSON:setUpClass): 200 GET http://10.180.1.21/volume/v3/529e31e208264cc7981374c676b4e7ab/volumes/a4d4a217-a37c-4a66-8b5e-80db1d36d524 0.049s
2024-10-09 12:00:41.574 62849 INFO tempest.lib.common.rest_client [req-db9af3ed-ebf5-4509-b8f8-bc4820f9c0d2 req-db9af3ed-ebf5-4509-b8f8-bc4820f9c0d2 ] Request (FloatingIPsAssociationTestJSON:tearDownClass): 204 DELETE http://10.180.1.21:9696/networking/v2.0/routers/f56231d3-bc07-46d1-8938-e94aefe78bc9 0.781s
2024-10-09 12:00:41.628 62841 INFO tempest.lib.common.rest_client [req-e9723484-23e9-46aa-b115-58e9778e355f req-e9723484-23e9-46aa-b115-58e9778e355f ] Request (HypervisorAdminNegativeUnderV252Test:tearDownClass): 204 DELETE http://10.180.1.21/identity/v3/users/72f3df4821c0456c9ec7c47552de0edc 0.160s
2024-10-09 12:00:41.629 62841 INFO tempest.lib.common.dynamic_creds [-] Deleting project and security group for project: 98cb388b029c4d95a2e97ffddffdba5e
2024-10-09 12:00:41.639 62819 INFO tempest.lib.common.rest_client [req-e8c4214c-f822-4e3c-831e-555f66210a29 req-e8c4214c-f822-4e3c-831e-555f66210a29 ] Request (ServerRescueTestJSONUnderV235:setUpClass): 201 POST http://10.180.1.21/identity/v3/auth/tokens 0.110s
2024-10-09 12:00:41.640 62819 INFO tempest.lib.common.fixed_network [-] (ServerRescueTestJSONUnderV235:setUpClass) Found network {'id': 'c8396920-4c3d-4513-860d-66d1dc1235b1', 'name': 'tempest-ServerRescueTestJSONUnderV235-35599752-network', 'tenant_id': 'b976c5b07a184e058b5b16530bdef27e', 'admin_state_up': True, 'mtu': 8950, 'status': 'ACTIVE', 'subnets': [], 'shared': False, 'project_id': 'b976c5b07a184e058b5b16530bdef27e', 'port_security_enabled': True, 'router:external': False, 'provider:network_type': 'vlan', 'provider:physical_network': 'default', 'provider:segmentation_id': 417, 'is_default': False, 'availability_zone_hints': [], 'availability_zones': [], 'ipv4_address_scope': None, 'ipv6_address_scope': None, 'description': '', 'tags': [], 'created_at': '2024-10-09T12:00:35Z', 'updated_at': '2024-10-09T12:00:35Z', 'revision_number': 1} available for tenant
2024-10-09 12:00:41.680 62805 INFO tempest.lib.common.rest_client [req-d17411fc-23e8-4a9a-996b-2152b0b07f3c req-d17411fc-23e8-4a9a-996b-2152b0b07f3c ] Request (ImagesOneServerNegativeTestJSON:setUpClass): 200 GET http://10.180.1.21/compute/v2.1/servers/3d19d349-e450-4307-a763-6269dcb06544 1.078s
2024-10-09 12:00:41.690 62797 INFO tempest.lib.common.rest_client [req-027bb745-ffe5-46b3-a648-110d89d16ce6 req-027bb745-ffe5-46b3-a648-110d89d16ce6 ] Request (ServerActionsTestOtherA:setUpClass): 200 GET http://10.180.1.21/compute/v2.1/servers/e8cbb437-0ace-4af3-a1d9-f96eeeea8504 1.021s
2024-10-09 12:00:41.696 62841 INFO tempest.lib.common.rest_client [req-65c7c0bb-bad3-4421-9eb5-49405d28640f req-65c7c0bb-bad3-4421-9eb5-49405d28640f ] Request (HypervisorAdminNegativeUnderV252Test:tearDownClass): 201 POST http://10.180.1.21/identity/v3/auth/tokens 0.067s
2024-10-09 12:00:41.703 62857 INFO tempest.lib.common.rest_client [req-316fb635-23a3-4ef6-a046-469ab32ec805 req-316fb635-23a3-4ef6-a046-469ab32ec805 ] Request (DeleteServersTestJSON:test_delete_server_while_in_attached_volume): 201 POST http://10.180.1.21/identity/v3/auth/tokens 0.127s
2024-10-09 12:00:41.704 62857 INFO tempest.lib.common.fixed_network [-] (DeleteServersTestJSON:test_delete_server_while_in_attached_volume) Found network {'id': '5ef67e8a-5613-4cdb-9f35-0a18720657ff', 'name': 'tempest-DeleteServersTestJSON-1644754500-network', 'tenant_id': 'bab74e3ae78248909dbcd483abbb8da2', 'admin_state_up': True, 'mtu': 8950, 'status': 'ACTIVE', 'subnets': [], 'shared': False, 'project_id': 'bab74e3ae78248909dbcd483abbb8da2', 'port_security_enabled': True, 'router:external': False, 'provider:network_type': 'vlan', 'provider:physical_network': 'default', 'provider:segmentation_id': 560, 'is_default': False, 'availability_zone_hints': [], 'availability_zones': [], 'ipv4_address_scope': None, 'ipv6_address_scope': None, 'description': '', 'tags': [], 'created_at': '2024-10-09T11:59:45Z', 'updated_at': '2024-10-09T11:59:45Z', 'revision_number': 1} available for tenant
2024-10-09 12:00:41.778 62827 INFO tempest.lib.common.rest_client [req-11e2b709-8b43-4b31-99f3-b99725ac09c5 req-11e2b709-8b43-4b31-99f3-b99725ac09c5 ] Request (ServersAdminTestJSON:setUpClass): 200 GET http://10.180.1.21/compute/v2.1/servers/b3cc82aa-be39-4e89-8972-b5596629961c 1.044s
2024-10-09 12:00:41.864 62837 INFO tempest.lib.common.rest_client [req-d7412331-5780-4918-adf0-ac4144bb9f35 req-d7412331-5780-4918-adf0-ac4144bb9f35 ] Request (ServersAdminNegativeTestJSON:setUpClass): 200 GET http://10.180.1.21/compute/v2.1/servers/38e57696-33a8-49d8-b061-ae14155ed280 1.045s
2024-10-09 12:00:41.937 62826 INFO tempest.lib.common.rest_client [req-a7de7428-77d6-4854-bb78-f38a2167adf5 req-a7de7428-77d6-4854-bb78-f38a2167adf5 ] Request (ServerDiagnosticsNegativeTest:test_get_server_diagnostics_by_non_admin): 200 GET http://10.180.1.21/compute/v2.1/servers/09ccf23b-4763-47e1-afad-59e2b06b2d9e 0.876s
2024-10-09 12:00:41.955 62849 INFO tempest.lib.common.rest_client [req-317cb031-39f8-4cec-82ed-cc78b38debda req-317cb031-39f8-4cec-82ed-cc78b38debda ] Request (FloatingIPsAssociationTestJSON:tearDownClass): 204 DELETE http://10.180.1.21:9696/networking/v2.0/subnets/9df992a3-4870-4ccb-80cc-912c1d8ddde2 0.381s
2024-10-09 12:00:41.962 62831 INFO tempest.lib.common.rest_client [req-aa8686cb-089f-486f-bc47-c8f766d80a7e req-aa8686cb-089f-486f-bc47-c8f766d80a7e ] Request (ServerGroup264TestJSON:tearDownClass): 204 DELETE http://10.180.1.21:9696/networking/v2.0/routers/461e7320-2aad-40e0-a770-39ea8a8aee8d 1.011s
2024-10-09 12:00:41.967 62845 INFO tempest.lib.common.rest_client [req-720a7b54-7715-4f67-bf3d-92d3fee4ff77 req-720a7b54-7715-4f67-bf3d-92d3fee4ff77 ] Request (ServerActionsTestJSON:setUpClass): 200 PUT http://10.180.1.21:9696/networking/v2.0/routers/f3996bc6-2111-42f3-ab2f-8b6e76b4d403/add_router_interface 2.501s
2024-10-09 12:00:41.967 62845 INFO tempest.lib.common.dynamic_creds [-] Created isolated network resources for: credentials: Credentials: {'domain_id': 'default', 'domain_name': 'Default', 'username': 'tempest-ServerActionsTestJSON-827359471-project-member', 'project_domain_id': 'default', 'project_domain_name': 'Default', 'project_id': '03da7a5233f4486b8e5b08ea12776f97', 'project_name': 'tempest-ServerActionsTestJSON-827359471', 'tenant_id': '03da7a5233f4486b8e5b08ea12776f97', 'tenant_name': 'tempest-ServerActionsTestJSON-827359471', 'user_domain_id': 'default', 'user_domain_name': 'Default', 'user_id': 'e815d597c84a4048920ba11bbac927ef', 'system': None}, Network: {'id': '488002aa-fba2-4dbd-9b04-9ca78a40f7f3', 'name': 'tempest-ServerActionsTestJSON-57489214-network', 'tenant_id': '03da7a5233f4486b8e5b08ea12776f97', 'admin_state_up': True, 'mtu': 8950, 'status': 'ACTIVE', 'subnets': [], 'shared': False, 'project_id': '03da7a5233f4486b8e5b08ea12776f97', 'port_security_enabled': True, 'router:external': False, 'provider:network_type': 'vlan', 'provider:physical_network': 'default', 'provider:segmentation_id': 290, 'is_default': False, 'availability_zone_hints': [], 'availability_zones': [], 'ipv4_address_scope': None, 'ipv6_address_scope': None, 'description': '', 'tags': [], 'created_at': '2024-10-09T12:00:36Z', 'updated_at': '2024-10-09T12:00:36Z', 'revision_number': 1}, Subnet: {'id': '30310091-8714-454a-955c-587a69ee7125', 'name': 'tempest-ServerActionsTestJSON-57489214-subnet', 'tenant_id': '03da7a5233f4486b8e5b08ea12776f97', 'network_id': '488002aa-fba2-4dbd-9b04-9ca78a40f7f3', 'ip_version': 4, 'subnetpool_id': None, 'enable_dhcp': True, 'ipv6_ra_mode': None, 'ipv6_address_mode': None, 'gateway_ip': '192.168.128.1', 'cidr': '192.168.128.0/28', 'allocation_pools': [{'start': '192.168.128.2', 'end': '192.168.128.14'}], 'host_routes': [], 'dns_nameservers': [], 'description': '', 'router:external': False, 'service_types': [], 'tags': [], 'created_at': '2024-10-09T12:00:36Z', 'updated_at': '2024-10-09T12:00:36Z', 'revision_number': 0, 'project_id': '03da7a5233f4486b8e5b08ea12776f97'}, Router: {'id': 'f3996bc6-2111-42f3-ab2f-8b6e76b4d403', 'name': 'tempest-ServerActionsTestJSON-57489214-router', 'tenant_id': '03da7a5233f4486b8e5b08ea12776f97', 'admin_state_up': True, 'status': 'ACTIVE', 'external_gateway_info': {'network_id': '05a7df4d-e5a3-44ce-bc56-242775d5c708', 'external_fixed_ips': [{'subnet_id': 'abd47df0-9322-4fce-a536-c3cf396d58e0', 'ip_address': '10.180.180.245'}], 'enable_snat': True}, 'description': '', 'availability_zones': [], 'distributed': False, 'ha': False, 'availability_zone_hints': [], 'routes': [], 'flavor_id': None, 'tags': [], 'created_at': '2024-10-09T12:00:36Z', 'updated_at': '2024-10-09T12:00:38Z', 'revision_number': 2, 'project_id': '03da7a5233f4486b8e5b08ea12776f97'}
2024-10-09 12:00:41.991 62807 INFO tempest.lib.common.rest_client [req-2f92c152-e09f-4af2-8106-a98058efbb01 req-2f92c152-e09f-4af2-8106-a98058efbb01 ] Request (SecurityGroupsTestAdminJSON:test_list_security_groups_list_all_tenants_filter): 200 POST http://10.180.1.21/compute/v2.1/os-security-groups 1.322s
2024-10-09 12:00:41.993 62841 INFO tempest.lib.common.rest_client [req-a03e67c4-8fdc-448b-af16-17583f8948a0 req-a03e67c4-8fdc-448b-af16-17583f8948a0 ] Request (HypervisorAdminNegativeUnderV252Test:tearDownClass): 200 GET http://10.180.1.21:9696/networking/v2.0/security-groups?tenant_id=98cb388b029c4d95a2e97ffddffdba5e&name=default 0.297s
2024-10-09 12:00:42.017 62813 INFO tempest.lib.common.rest_client [req-8ae36ef1-2ce7-4dcf-89b9-ec3ba96c8bf9 req-8ae36ef1-2ce7-4dcf-89b9-ec3ba96c8bf9 ] Request (ServerAddressesNegativeTestJSON:setUpClass): 200 GET http://10.180.1.21/compute/v2.1/servers/932b7ac4-0a4b-4a39-a002-5a4ae3ce75f6 0.872s
2024-10-09 12:00:42.037 62809 INFO tempest.lib.common.rest_client [req-09786f06-e161-4605-b15f-2a4e11d29510 req-09786f06-e161-4605-b15f-2a4e11d29510 ] Request (FlavorsV2TestJSON:test_list_flavors_filter_by_min_ram): 200 GET http://10.180.1.21/compute/v2.1/flavors?minRam=193 0.740s
2024-10-09 12:00:42.054 62815 INFO tempest.lib.common.rest_client [req-25271fc3-c7fc-4a61-a595-77736e9d2aae req-25271fc3-c7fc-4a61-a595-77736e9d2aae ] Request (FloatingIPDetailsNegativeTestJSON:setUpClass): 201 POST http://10.180.1.21:9696/networking/v2.0/subnets 0.555s
2024-10-09 12:00:42.068 62833 INFO tempest.lib.common.rest_client [req-387713a8-c3d1-4995-ba53-8662a4d30a09 req-387713a8-c3d1-4995-ba53-8662a4d30a09 ] Request (VolumesAssistedSnapshotsTest:test_volume_assisted_snapshot_create_delete): 200 GET http://10.180.1.21/compute/v2.1/servers/8e64b614-31e3-4830-b620-ff8409da8c37 0.797s
2024-10-09 12:00:42.072 62845 INFO tempest.lib.common.rest_client [req-3145e1ca-201b-4304-87e9-b16be586a32a req-3145e1ca-201b-4304-87e9-b16be586a32a ] Request (ServerActionsTestJSON:setUpClass): 201 POST http://10.180.1.21/identity/v3/auth/tokens 0.100s
2024-10-09 12:00:42.114 62855 INFO tempest.lib.common.rest_client [req-04607ef5-52ae-401f-97f4-6fe2be92558e req-04607ef5-52ae-401f-97f4-6fe2be92558e ] Request (AttachVolumeTestJSON:test_attach_detach_volume): 200 GET http://10.180.1.21/compute/v2.1/servers/6b19c327-9a80-498f-a350-8068ad250377 0.738s
2024-10-09 12:00:42.125 62841 INFO tempest.lib.common.rest_client [req-66f9fe75-e0cc-4a6b-8eb7-d1ef37a84d72 req-66f9fe75-e0cc-4a6b-8eb7-d1ef37a84d72 ] Request (HypervisorAdminNegativeUnderV252Test:tearDownClass): 204 DELETE http://10.180.1.21:9696/networking/v2.0/security-groups/b19f764e-ada7-4017-a87e-1fafd811ba07 0.132s
2024-10-09 12:00:42.185 62811 INFO tempest.lib.common.rest_client [req-a7f446d0-d78f-41ed-8f90-ccb6f258dbcd req-a7f446d0-d78f-41ed-8f90-ccb6f258dbcd ] Request (AttachInterfacesUnderV243Test:test_add_remove_fixed_ip): 200 GET http://10.180.1.21/compute/v2.1/servers/ba442811-2b0a-44e7-b036-572291aff648 0.529s
2024-10-09 12:00:42.207 62841 INFO tempest.lib.common.rest_client [req-6a99b70d-d26f-441d-bc72-27638ece03de req-6a99b70d-d26f-441d-bc72-27638ece03de ] Request (HypervisorAdminNegativeUnderV252Test:tearDownClass): 204 DELETE http://10.180.1.21/identity/v3/projects/98cb388b029c4d95a2e97ffddffdba5e 0.080s
2024-10-09 12:00:42.207 62841 INFO tempest.lib.common.dynamic_creds [-] Deleting project and security group for project: 29d7c271ddfe49e4ad0a268264a7b02e
2024-10-09 12:00:42.294 62831 INFO tempest.lib.common.rest_client [req-7122dd23-add4-4a5f-9c82-f4e093d8b85c req-7122dd23-add4-4a5f-9c82-f4e093d8b85c ] Request (ServerGroup264TestJSON:tearDownClass): 204 DELETE http://10.180.1.21:9696/networking/v2.0/subnets/cb678c66-8911-46b4-a52c-81455c6c380c 0.332s
2024-10-09 12:00:42.364 62841 INFO tempest.lib.common.rest_client [req-051017a1-d35a-4e67-8e90-bfc701cd4649 req-051017a1-d35a-4e67-8e90-bfc701cd4649 ] Request (HypervisorAdminNegativeUnderV252Test:tearDownClass): 200 GET http://10.180.1.21:9696/networking/v2.0/security-groups?tenant_id=29d7c271ddfe49e4ad0a268264a7b02e&name=default 0.157s
2024-10-09 12:00:42.521 62831 INFO tempest.lib.common.rest_client [req-06693f2a-7780-43f3-b21f-bf1b3fe61a81 req-06693f2a-7780-43f3-b21f-bf1b3fe61a81 ] Request (ServerGroup264TestJSON:tearDownClass): 204 DELETE http://10.180.1.21:9696/networking/v2.0/networks/e12ffe23-6dd8-427d-938a-dec08ddfaddf 0.226s
2024-10-09 12:00:42.525 62841 INFO tempest.lib.common.rest_client [req-b070bf50-652e-4a05-80a6-38f417707097 req-b070bf50-652e-4a05-80a6-38f417707097 ] Request (HypervisorAdminNegativeUnderV252Test:tearDownClass): 204 DELETE http://10.180.1.21:9696/networking/v2.0/security-groups/c0a626bb-8931-4c1c-80b5-308d1709a2da 0.160s
2024-10-09 12:00:42.612 62803 INFO tempest.lib.common.rest_client [req-1df24833-29ea-4b5c-a960-cf4e9fc15730 req-1df24833-29ea-4b5c-a960-cf4e9fc15730 ] Request (ServerActionsV293TestJSON:setUpClass): 200 GET http://10.180.1.21/volume/v3/529e31e208264cc7981374c676b4e7ab/volumes/a4d4a217-a37c-4a66-8b5e-80db1d36d524 0.032s
2024-10-09 12:00:42.643 62831 INFO tempest.lib.common.rest_client [req-7d61308b-3457-4f97-a46a-6eeb41614686 req-7d61308b-3457-4f97-a46a-6eeb41614686 ] Request (ServerGroup264TestJSON:tearDownClass): 204 DELETE http://10.180.1.21/identity/v3/users/418515da682b45d79c1b582fd4bb87af 0.120s
2024-10-09 12:00:42.643 62831 INFO tempest.lib.common.dynamic_creds [-] Deleting project and security group for project: 59f0e75859da45f580924a685a4e8b3f
2024-10-09 12:00:42.643 62841 INFO tempest.lib.common.rest_client [req-3728410f-fab3-43c9-9e49-2717ab28f04e req-3728410f-fab3-43c9-9e49-2717ab28f04e ] Request (HypervisorAdminNegativeUnderV252Test:tearDownClass): 204 DELETE http://10.180.1.21/identity/v3/projects/29d7c271ddfe49e4ad0a268264a7b02e 0.118s
2024-10-09 12:00:42.683 62831 INFO tempest.lib.common.rest_client [req-2799245f-99d7-48f9-90ad-8786305bad6f req-2799245f-99d7-48f9-90ad-8786305bad6f ] Request (ServerGroup264TestJSON:tearDownClass): 200 GET http://10.180.1.21:9696/networking/v2.0/security-groups?tenant_id=59f0e75859da45f580924a685a4e8b3f&name=default 0.040s
2024-10-09 12:00:42.698 62841 INFO tempest.lib.common.rest_client [req-4df0a241-c297-436d-b147-06a094cdb18b req-4df0a241-c297-436d-b147-06a094cdb18b ] Request (NetworksTest:setUpClass): 201 POST http://10.180.1.21/identity/v3/auth/tokens 0.053s
2024-10-09 12:00:42.739 62841 INFO tempest.lib.common.rest_client [req-0e6b0fa8-eff4-4279-9bc4-6c0201927ee3 req-0e6b0fa8-eff4-4279-9bc4-6c0201927ee3 ] Request (NetworksTest:setUpClass): 201 POST http://10.180.1.21/identity/v3/auth/tokens 0.037s
2024-10-09 12:00:42.767 62841 INFO tempest.lib.common.rest_client [req-65280ccb-6af3-4dde-86e0-acec20e0b418 req-65280ccb-6af3-4dde-86e0-acec20e0b418 ] Request (NetworksTest:setUpClass): 200 GET http://10.180.1.21/identity/v3/domains?name=Default 0.027s
2024-10-09 12:00:42.785 62831 INFO tempest.lib.common.rest_client [req-8dd5b773-f766-43f5-bc2f-1ddd8ee191ca req-8dd5b773-f766-43f5-bc2f-1ddd8ee191ca ] Request (ServerGroup264TestJSON:tearDownClass): 204 DELETE http://10.180.1.21:9696/networking/v2.0/security-groups/4aa5d43e-4f4f-4863-8864-91e2b2a6a177 0.101s
2024-10-09 12:00:42.795 62841 INFO tempest.lib.common.rest_client [req-8f271c98-0280-4080-85f4-6f8754f1c00f req-8f271c98-0280-4080-85f4-6f8754f1c00f ] Request (NetworksTest:setUpClass): 201 POST http://10.180.1.21/identity/v3/projects 0.027s
2024-10-09 12:00:42.844 62841 INFO tempest.lib.common.rest_client [req-c08f57d3-15d5-43ae-8e7d-e27b6cc9bde2 req-c08f57d3-15d5-43ae-8e7d-e27b6cc9bde2 ] Request (NetworksTest:setUpClass): 201 POST http://10.180.1.21/identity/v3/users 0.048s
2024-10-09 12:00:42.860 62849 INFO tempest.lib.common.rest_client [req-b493ea74-e83a-4594-a9de-39b47659ceeb req-b493ea74-e83a-4594-a9de-39b47659ceeb ] Request (FloatingIPsAssociationTestJSON:tearDownClass): 204 DELETE http://10.180.1.21:9696/networking/v2.0/networks/bdfb89bc-e8be-4400-a41a-24dd3d4e9058 0.904s
2024-10-09 12:00:42.865 62831 INFO tempest.lib.common.rest_client [req-803015e2-050f-4a29-8b8d-8567a6d49b7a req-803015e2-050f-4a29-8b8d-8567a6d49b7a ] Request (ServerGroup264TestJSON:tearDownClass): 204 DELETE http://10.180.1.21/identity/v3/projects/59f0e75859da45f580924a685a4e8b3f 0.078s
2024-10-09 12:00:42.902 62841 INFO tempest.lib.common.rest_client [req-d2421b90-76f6-43aa-8158-5c841ba00a0d req-d2421b90-76f6-43aa-8158-5c841ba00a0d ] Request (NetworksTest:setUpClass): 200 GET http://10.180.1.21/identity/v3/roles 0.057s
2024-10-09 12:00:42.953 62841 INFO tempest.lib.common.rest_client [req-200c014d-8edc-4632-a26b-9d94a1e6a232 req-200c014d-8edc-4632-a26b-9d94a1e6a232 ] Request (NetworksTest:setUpClass): 204 PUT http://10.180.1.21/identity/v3/projects/2c94365abfae4d7d99a26b2063f52390/users/cfb660f98423464e84a1591c7d38351d/roles/3afa60ce7d2f42688387c4631065256d 0.051s
2024-10-09 12:00:42.954 62841 INFO tempest.lib.common.dynamic_creds [-] Dynamic test user cfb660f98423464e84a1591c7d38351d is created with scope project and roles: ['member']
2024-10-09 12:00:42.954 62841 INFO tempest.lib.common.dynamic_creds [-] Acquired dynamic creds: credentials: Credentials: {'domain_id': 'default', 'domain_name': 'Default', 'username': 'tempest-NetworksTest-1062983784-project-member', 'project_domain_id': 'default', 'project_domain_name': 'Default', 'project_id': '2c94365abfae4d7d99a26b2063f52390', 'project_name': 'tempest-NetworksTest-1062983784', 'tenant_id': '2c94365abfae4d7d99a26b2063f52390', 'tenant_name': 'tempest-NetworksTest-1062983784', 'user_domain_id': 'default', 'user_domain_name': 'Default', 'user_id': 'cfb660f98423464e84a1591c7d38351d', 'system': None}, Network: None, Subnet: None, Router: None
2024-10-09 12:00:42.955 62841 INFO tempest.lib.common.dynamic_creds [-] Created isolated network resources for: credentials: Credentials: {'domain_id': 'default', 'domain_name': 'Default', 'username': 'tempest-NetworksTest-1062983784-project-member', 'project_domain_id': 'default', 'project_domain_name': 'Default', 'project_id': '2c94365abfae4d7d99a26b2063f52390', 'project_name': 'tempest-NetworksTest-1062983784', 'tenant_id': '2c94365abfae4d7d99a26b2063f52390', 'tenant_name': 'tempest-NetworksTest-1062983784', 'user_domain_id': 'default', 'user_domain_name': 'Default', 'user_id': 'cfb660f98423464e84a1591c7d38351d', 'system': None}, Network: None, Subnet: None, Router: None
2024-10-09 12:00:42.960 62849 INFO tempest.lib.common.rest_client [req-3a69a25a-b7bd-4879-98de-942a7973fe15 req-3a69a25a-b7bd-4879-98de-942a7973fe15 ] Request (FloatingIPsAssociationTestJSON:tearDownClass): 204 DELETE http://10.180.1.21/identity/v3/users/7c3484585a43467cb89bb169071ae657 0.100s
2024-10-09 12:00:42.961 62849 INFO tempest.lib.common.dynamic_creds [-] Deleting project and security group for project: 88c4dc2bccfd4d72bfaeb6916142b19f
2024-10-09 12:00:43.027 62849 INFO tempest.lib.common.rest_client [req-e3022ab3-2f1d-4ac0-84f1-de33abad9daf req-e3022ab3-2f1d-4ac0-84f1-de33abad9daf ] Request (FloatingIPsAssociationTestJSON:tearDownClass): 200 GET http://10.180.1.21:9696/networking/v2.0/security-groups?tenant_id=88c4dc2bccfd4d72bfaeb6916142b19f&name=default 0.066s
2024-10-09 12:00:43.043 62857 INFO tempest.lib.common.rest_client [req-84ee320b-9f23-4cf8-a52a-cf8ae29c44c6 req-84ee320b-9f23-4cf8-a52a-cf8ae29c44c6 ] Request (DeleteServersTestJSON:test_delete_server_while_in_attached_volume): 202 POST http://10.180.1.21/compute/v2.1/servers 1.339s
2024-10-09 12:00:43.046 62819 INFO tempest.lib.common.rest_client [req-955dfe43-7cbc-4c79-91e0-809d9e9c4faa req-955dfe43-7cbc-4c79-91e0-809d9e9c4faa ] Request (ServerRescueTestJSONUnderV235:setUpClass): 202 POST http://10.180.1.21/compute/v2.1/servers 1.405s
2024-10-09 12:00:43.057 62841 INFO tempest.lib.common.rest_client [req-e44db8fb-87ed-465c-a850-1a45bf711bc6 req-e44db8fb-87ed-465c-a850-1a45bf711bc6 ] Request (NetworksTest:setUpClass): 201 POST http://10.180.1.21/identity/v3/auth/tokens 0.098s
2024-10-09 12:00:43.131 62859 INFO tempest.lib.common.rest_client [req-bfdee005-4f62-4e90-9da8-3d909e0d2176 req-bfdee005-4f62-4e90-9da8-3d909e0d2176 ] Request (ImagesTestJSON:test_create_image_from_stopped_server): 200 GET http://10.180.1.21/compute/v2.1/servers/a664416f-f9f6-4cdd-93b0-8dd63181562e 1.390s
2024-10-09 12:00:43.135 62801 INFO tempest.lib.common.rest_client [req-d53345d9-6283-49c0-8f50-a45fdb1e6911 req-d53345d9-6283-49c0-8f50-a45fdb1e6911 ] Request (DeleteServersAdminTestJSON:test_delete_server_while_in_error_state): 200 GET http://10.180.1.21/compute/v2.1/servers/9fd421c6-d068-4a81-a042-2d1f23fb9e1a 1.418s
2024-10-09 12:00:43.152 62841 INFO tempest.lib.common.rest_client [req-7ab2d01c-fafb-4e7f-a683-43d55d046ecd req-7ab2d01c-fafb-4e7f-a683-43d55d046ecd ] Request (NetworksTest:setUpClass): 201 POST http://10.180.1.21/identity/v3/projects 0.095s
2024-10-09 12:00:43.158 62849 INFO tempest.lib.common.rest_client [req-fbeeb565-a8c4-4527-b790-e520a2c88cf2 req-fbeeb565-a8c4-4527-b790-e520a2c88cf2 ] Request (FloatingIPsAssociationTestJSON:tearDownClass): 204 DELETE http://10.180.1.21:9696/networking/v2.0/security-groups/910e36b4-14a2-4e84-a485-7fdee3cb14b9 0.129s
2024-10-09 12:00:43.208 62839 INFO tempest.lib.common.rest_client [req-8aa47f83-00b3-4fac-9dce-b6fa3cf5d336 req-8aa47f83-00b3-4fac-9dce-b6fa3cf5d336 ] Request (ImagesNegativeTestJSON:test_create_image_from_deleted_server): 200 GET http://10.180.1.21/compute/v2.1/servers/ec99a26e-ee0a-44da-80b6-afd1205c7ea0 1.373s
2024-10-09 12:00:43.209 62848 INFO tempest.lib.common.rest_client [req-b441bbba-eae1-4665-b70e-71e1856df584 req-b441bbba-eae1-4665-b70e-71e1856df584 ] Request (ServersTestMultiNic:test_verify_duplicate_network_nics): 200 GET http://10.180.1.21/compute/v2.1/servers/c6cf703e-5b00-44b3-ae8b-b655105a073b 1.309s
