2024-10-15 15:28:45.463 61833 INFO tempest.lib.common.rest_client [req-76dd74aa-aa59-4699-a8b3-638ec8376c91 req-76dd74aa-aa59-4699-a8b3-638ec8376c91 ] Request (ImagesOneServerNegativeTestJSON:setUpClass): 404 GET http://10.180.1.21/compute/v2.1/servers/e9f942ac-414f-4d15-9b7a-c26e6612a787 5.961s
2024-10-15 15:28:45.464 61833 INFO tempest.test [-] raised in ImagesOneServerNegativeTestJSON.setUpClass. Invoking tearDownClass.
2024-10-15 15:28:45.605 61813 INFO tempest.lib.common.rest_client [req-6510c148-1396-45f2-88a4-207222d44b06 req-6510c148-1396-45f2-88a4-207222d44b06 ] Request (ServerDiskConfigTestJSON:test_rebuild_server_with_manual_disk_config): 200 GET http://10.180.1.21/compute/v2.1/servers/f2b1637b-6a4b-43e7-bd5d-d6f33abd9867 4.153s
2024-10-15 15:28:45.621 61813 INFO tempest.common.waiters [-] State transition "BUILD/spawning" ==> "ERROR/None" after 15 second wait
2024-10-15 15:28:45.752 61805 INFO tempest.lib.common.rest_client [req-2e9586c3-e566-4705-9f2a-8713e75950eb req-2e9586c3-e566-4705-9f2a-8713e75950eb ] Request (ServerDiagnosticsV248Test:test_get_server_diagnostics): 200 GET http://10.180.1.21/compute/v2.1/servers/151fefe2-b70a-4ea5-8b50-08c7968b10fe 4.135s
2024-10-15 15:28:45.888 61801 INFO tempest.lib.common.rest_client [req-4470c124-ca06-4d17-bb5f-a30c80bcd4b5 req-4470c124-ca06-4d17-bb5f-a30c80bcd4b5 ] Request (AbsoluteLimitsNegativeTestJSON:test_max_metadata_exceed_limit): 403 POST http://10.180.1.21/compute/v2.1/servers 6.532s
2024-10-15 15:28:45.949 61839 INFO tempest.lib.common.rest_client [req-b710edec-13a2-4bce-a9c9-7c3a4a642837 req-b710edec-13a2-4bce-a9c9-7c3a4a642837 ] Request (VolumesAdminNegativeTest:tearDownClass): 200 PUT http://10.180.1.21:9696/networking/v2.0/routers/c0184e88-b47a-4bcb-957b-ab30f158229c/remove_router_interface 5.289s
2024-10-15 15:28:45.988 61821 INFO tempest.lib.common.rest_client [req-fd74f905-c421-4abd-8610-d200f68ea76c req-fd74f905-c421-4abd-8610-d200f68ea76c ] Request (VolumesAssistedSnapshotsTest:tearDownClass): 200 PUT http://10.180.1.21:9696/networking/v2.0/routers/b26d569b-8aa3-48b3-adba-57a39943f46c/remove_router_interface 6.913s
2024-10-15 15:28:45.990 61801 INFO tempest.lib.common.rest_client [req-cc2e4b67-3777-41a8-862c-d0a6dea57ab8 req-cc2e4b67-3777-41a8-862c-d0a6dea57ab8 ] Request (AbsoluteLimitsNegativeTestJSON:tearDownClass): 204 DELETE http://10.180.1.21/identity/v3/users/be0c5d5d15f54397ae7ea045ba328888 0.100s
2024-10-15 15:28:45.991 61801 INFO tempest.lib.common.dynamic_creds [-] Deleting project and security group for project: 5fb3af50125c44e8a3c94720864219e5
2024-10-15 15:28:46.059 61801 INFO tempest.lib.common.rest_client [req-db7024c9-5352-4a5b-9841-b943553a53ab req-db7024c9-5352-4a5b-9841-b943553a53ab ] Request (AbsoluteLimitsNegativeTestJSON:tearDownClass): 201 POST http://10.180.1.21/identity/v3/auth/tokens 0.067s
2024-10-15 15:28:46.778 61793 INFO tempest.lib.common.rest_client [req-c6fe4bc9-510a-4cf0-b12a-f0b9e34aaf6c req-c6fe4bc9-510a-4cf0-b12a-f0b9e34aaf6c ] Request (FloatingIPsAssociationTestJSON:tearDownClass): 204 DELETE http://10.180.1.21:9696/networking/v2.0/networks/fff01a34-3ad1-4999-a652-f4524f57590f 1.346s
2024-10-15 15:28:46.849 61793 INFO tempest.lib.common.rest_client [req-b7bd66b1-a885-428a-91db-bbd5e731af74 req-b7bd66b1-a885-428a-91db-bbd5e731af74 ] Request (FloatingIPsAssociationTestJSON:tearDownClass): 204 DELETE http://10.180.1.21/identity/v3/users/32cf35f7cdf54e61ba76eca15c5b6045 0.071s
2024-10-15 15:28:46.849 61793 INFO tempest.lib.common.dynamic_creds [-] Deleting project and security group for project: ada332ead1f5480191a0bd8bf9496847
2024-10-15 15:28:46.938 61785 INFO tempest.lib.common.rest_client [req-5d8eaa16-80d6-4a17-9227-55aa218b5c77 req-5d8eaa16-80d6-4a17-9227-55aa218b5c77 ] Request (ServersWithSpecificFlavorTestJSON:_run_cleanups): 204 DELETE http://10.180.1.21:9696/networking/v2.0/floatingips/e6de2f52-8f1a-4c3b-b0da-8fdacf8c598d 2.582s
2024-10-15 15:28:47.010 61811 INFO tempest.lib.common.rest_client [req-2a4a1caf-5377-42ba-8093-27016ca86717 req-2a4a1caf-5377-42ba-8093-27016ca86717 ] Request (ServersTestManualDisk:setUpClass): 201 POST http://10.180.1.21:9696/networking/v2.0/floatingips 3.871s
2024-10-15 15:28:47.068 61811 INFO tempest.lib.common.rest_client [req-e750c237-fdd8-439b-baaf-5ad14dede344 req-e750c237-fdd8-439b-baaf-5ad14dede344 ] Request (ServersTestManualDisk:setUpClass): 201 POST http://10.180.1.21/identity/v3/auth/tokens 0.056s
2024-10-15 15:28:47.069 61811 INFO tempest.lib.common.fixed_network [-] (ServersTestManualDisk:setUpClass) Found network {'id': '461f68af-c25c-43b3-b48a-964fbaf75a81', 'name': 'tempest-ServersTestManualDisk-438386789-network', 'tenant_id': 'b1a43347e40844d4a9c866aeabeb5470', 'admin_state_up': True, 'mtu': 8950, 'status': 'ACTIVE', 'subnets': [], 'shared': False, 'project_id': 'b1a43347e40844d4a9c866aeabeb5470', 'port_security_enabled': True, 'router:external': False, 'provider:network_type': 'vlan', 'provider:physical_network': 'default', 'provider:segmentation_id': 638, 'is_default': False, 'availability_zone_hints': [], 'availability_zones': [], 'ipv4_address_scope': None, 'ipv6_address_scope': None, 'description': '', 'tags': [], 'created_at': '2024-10-15T15:28:20Z', 'updated_at': '2024-10-15T15:28:20Z', 'revision_number': 1} available for tenant
2024-10-15 15:28:47.082 61793 INFO tempest.lib.common.rest_client [req-cdecbeaf-5249-4b4c-838c-8152c9b1e19b req-cdecbeaf-5249-4b4c-838c-8152c9b1e19b ] Request (FloatingIPsAssociationTestJSON:tearDownClass): 200 GET http://10.180.1.21:9696/networking/v2.0/security-groups?tenant_id=ada332ead1f5480191a0bd8bf9496847&name=default 0.232s
2024-10-15 15:28:47.210 61801 INFO tempest.lib.common.rest_client [req-99d96dd2-1cd4-47e4-ada2-b179445a430d req-99d96dd2-1cd4-47e4-ada2-b179445a430d ] Request (AbsoluteLimitsNegativeTestJSON:tearDownClass): 200 GET http://10.180.1.21:9696/networking/v2.0/security-groups?tenant_id=5fb3af50125c44e8a3c94720864219e5&name=default 1.150s
2024-10-15 15:28:47.788 61823 INFO tempest.lib.common.rest_client [req-275159c6-7483-4002-bad7-a4e413b94a52 req-275159c6-7483-4002-bad7-a4e413b94a52 ] Request (ServerRescueTestJSONUnderV235:setUpClass): 200 PUT http://10.180.1.21:9696/networking/v2.0/routers/4e1d4969-4125-47b2-9714-ce94450200ee/add_router_interface 7.169s
2024-10-15 15:28:47.789 61823 INFO tempest.lib.common.dynamic_creds [-] Created isolated network resources for: credentials: Credentials: {'domain_id': 'default', 'domain_name': 'Default', 'username': 'tempest-ServerRescueTestJSONUnderV235-863282302-project-member', 'project_domain_id': 'default', 'project_domain_name': 'Default', 'project_id': 'f01800739b6848ce82622704b8ab4b2a', 'project_name': 'tempest-ServerRescueTestJSONUnderV235-863282302', 'tenant_id': 'f01800739b6848ce82622704b8ab4b2a', 'tenant_name': 'tempest-ServerRescueTestJSONUnderV235-863282302', 'user_domain_id': 'default', 'user_domain_name': 'Default', 'user_id': '35d0551ce6c241a2b5db99a60c6ce94b', 'system': None}, Network: {'id': '77f4501e-67a2-4e36-ae4d-4c82e2dece44', 'name': 'tempest-ServerRescueTestJSONUnderV235-1459613943-network', 'tenant_id': 'f01800739b6848ce82622704b8ab4b2a', 'admin_state_up': True, 'mtu': 8950, 'status': 'ACTIVE', 'subnets': [], 'shared': False, 'project_id': 'f01800739b6848ce82622704b8ab4b2a', 'port_security_enabled': True, 'router:external': False, 'provider:network_type': 'vlan', 'provider:physical_network': 'default', 'provider:segmentation_id': 4, 'is_default': False, 'availability_zone_hints': [], 'availability_zones': [], 'ipv4_address_scope': None, 'ipv6_address_scope': None, 'description': '', 'tags': [], 'created_at': '2024-10-15T15:28:33Z', 'updated_at': '2024-10-15T15:28:33Z', 'revision_number': 1}, Subnet: {'id': '964c8208-6a72-4203-9b2f-49415cdaf07b', 'name': 'tempest-ServerRescueTestJSONUnderV235-1459613943-subnet', 'tenant_id': 'f01800739b6848ce82622704b8ab4b2a', 'network_id': '77f4501e-67a2-4e36-ae4d-4c82e2dece44', 'ip_version': 4, 'subnetpool_id': None, 'enable_dhcp': False, 'ipv6_ra_mode': None, 'ipv6_address_mode': None, 'gateway_ip': '192.168.128.1', 'cidr': '192.168.128.0/28', 'allocation_pools': [{'start': '192.168.128.2', 'end': '192.168.128.14'}], 'host_routes': [], 'dns_nameservers': [], 'description': '', 'service_types': [], 'tags': [], 'created_at': '2024-10-15T15:28:34Z', 'updated_at': '2024-10-15T15:28:34Z', 'revision_number': 0, 'project_id': 'f01800739b6848ce82622704b8ab4b2a'}, Router: {'id': '4e1d4969-4125-47b2-9714-ce94450200ee', 'name': 'tempest-ServerRescueTestJSONUnderV235-1459613943-router', 'tenant_id': 'f01800739b6848ce82622704b8ab4b2a', 'admin_state_up': True, 'status': 'ACTIVE', 'external_gateway_info': {'network_id': '2aa21069-f9ed-4b36-8983-b3e76909b41e', 'external_fixed_ips': [{'subnet_id': 'e277c743-bb91-4019-bb2b-b15a516f2444', 'ip_address': '10.180.180.153'}], 'enable_snat': True}, 'description': '', 'availability_zones': [], 'distributed': False, 'ha': False, 'availability_zone_hints': [], 'routes': [], 'flavor_id': None, 'tags': [], 'created_at': '2024-10-15T15:28:35Z', 'updated_at': '2024-10-15T15:28:38Z', 'revision_number': 2, 'project_id': 'f01800739b6848ce82622704b8ab4b2a'}
2024-10-15 15:28:47.885 61823 INFO tempest.lib.common.rest_client [req-d791ecc8-8485-432a-be5a-afe33680c393 req-d791ecc8-8485-432a-be5a-afe33680c393 ] Request (ServerRescueTestJSONUnderV235:setUpClass): 201 POST http://10.180.1.21/identity/v3/auth/tokens 0.092s
2024-10-15 15:28:47.935 61823 INFO tempest.lib.common.rest_client [req-f858eb7d-52fd-4367-84dc-2a00c334d49a req-f858eb7d-52fd-4367-84dc-2a00c334d49a ] Request (ServerRescueTestJSONUnderV235:setUpClass): 201 POST http://10.180.1.21/identity/v3/auth/tokens 0.045s
2024-10-15 15:28:47.936 61823 INFO tempest.lib.common.fixed_network [-] (ServerRescueTestJSONUnderV235:setUpClass) Found network {'id': '77f4501e-67a2-4e36-ae4d-4c82e2dece44', 'name': 'tempest-ServerRescueTestJSONUnderV235-1459613943-network', 'tenant_id': 'f01800739b6848ce82622704b8ab4b2a', 'admin_state_up': True, 'mtu': 8950, 'status': 'ACTIVE', 'subnets': [], 'shared': False, 'project_id': 'f01800739b6848ce82622704b8ab4b2a', 'port_security_enabled': True, 'router:external': False, 'provider:network_type': 'vlan', 'provider:physical_network': 'default', 'provider:segmentation_id': 4, 'is_default': False, 'availability_zone_hints': [], 'availability_zones': [], 'ipv4_address_scope': None, 'ipv6_address_scope': None, 'description': '', 'tags': [], 'created_at': '2024-10-15T15:28:33Z', 'updated_at': '2024-10-15T15:28:33Z', 'revision_number': 1} available for tenant
2024-10-15 15:28:47.971 61797 INFO tempest.lib.common.rest_client [req-efdb9b24-4111-43e6-8816-67259c4f218c req-efdb9b24-4111-43e6-8816-67259c4f218c ] Request (SecurityGroupsTestJSON:test_list_security_groups_by_server): 202 POST http://10.180.1.21/compute/v2.1/servers 5.966s
2024-10-15 15:28:47.998 61793 INFO tempest.lib.common.rest_client [req-c01348f8-8b91-43f1-9e8e-675008c14677 req-c01348f8-8b91-43f1-9e8e-675008c14677 ] Request (FloatingIPsAssociationTestJSON:tearDownClass): 204 DELETE http://10.180.1.21:9696/networking/v2.0/security-groups/475cc6cf-364d-46f5-a40c-613364320e59 0.915s
2024-10-15 15:28:48.116 61825 INFO tempest.lib.common.rest_client [req-a46ce3f8-f57d-469c-a545-bbe150e6a998 req-a46ce3f8-f57d-469c-a545-bbe150e6a998 ] Request (AttachVolumeShelveTestJSON:test_attach_volume_shelved_or_offload_server): 202 POST http://10.180.1.21/compute/v2.1/servers 6.178s
2024-10-15 15:28:48.152 61845 INFO tempest.lib.common.rest_client [req-1f343513-a6ca-4f40-8e23-69579be22c88 req-1f343513-a6ca-4f40-8e23-69579be22c88 ] Request (ListImageFiltersTestJSON:setUpClass): 200 GET http://10.180.1.21/compute/v2.1/images/8ee12f1b-bdb3-47b0-95e5-bccf0d39a6e6 5.442s
2024-10-15 15:28:48.156 61793 INFO tempest.lib.common.rest_client [req-4f321f56-0b00-4ae9-893c-9a5544d3c83e req-4f321f56-0b00-4ae9-893c-9a5544d3c83e ] Request (FloatingIPsAssociationTestJSON:tearDownClass): 204 DELETE http://10.180.1.21/identity/v3/projects/ada332ead1f5480191a0bd8bf9496847 0.157s
2024-10-15 15:28:48.222 61801 INFO tempest.lib.common.rest_client [req-e39f7d54-b2e9-4b7f-a688-8faefa1f8642 req-e39f7d54-b2e9-4b7f-a688-8faefa1f8642 ] Request (AbsoluteLimitsNegativeTestJSON:tearDownClass): 204 DELETE http://10.180.1.21:9696/networking/v2.0/security-groups/7178c4a7-40c7-47b0-a2bb-31fc8929ca2e 1.011s
2024-10-15 15:28:48.268 61793 INFO tempest.lib.common.rest_client [req-c767ff84-5848-4122-898d-2ba7c1df44ad req-c767ff84-5848-4122-898d-2ba7c1df44ad ] Request (ImagesNegativeTestJSON:setUpClass): 201 POST http://10.180.1.21/identity/v3/auth/tokens 0.106s
2024-10-15 15:28:48.324 61793 INFO tempest.lib.common.rest_client [req-c77a2251-c408-4a1b-b72f-abc12e593643 req-c77a2251-c408-4a1b-b72f-abc12e593643 ] Request (ImagesNegativeTestJSON:setUpClass): 201 POST http://10.180.1.21/identity/v3/auth/tokens 0.049s
2024-10-15 15:28:48.375 61801 INFO tempest.lib.common.rest_client [req-684abcb7-3019-4f61-a3ab-1ac5ad5c21b9 req-684abcb7-3019-4f61-a3ab-1ac5ad5c21b9 ] Request (AbsoluteLimitsNegativeTestJSON:tearDownClass): 204 DELETE http://10.180.1.21/identity/v3/projects/5fb3af50125c44e8a3c94720864219e5 0.153s
2024-10-15 15:28:48.401 61793 INFO tempest.lib.common.rest_client [req-5fff5eef-b6ef-4dba-95d7-85afd52462b9 req-5fff5eef-b6ef-4dba-95d7-85afd52462b9 ] Request (ImagesNegativeTestJSON:setUpClass): 200 GET http://10.180.1.21/identity/v3/domains?name=Default 0.077s
2024-10-15 15:28:48.413 61801 INFO tempest.lib.common.rest_client [req-8d9414ff-28bc-420e-a0ff-e73c13ff9dbb req-8d9414ff-28bc-420e-a0ff-e73c13ff9dbb ] Request (ServersNegativeTestJSON:setUpClass): 201 POST http://10.180.1.21/identity/v3/auth/tokens 0.034s
2024-10-15 15:28:48.453 61801 INFO tempest.lib.common.rest_client [req-090fe607-8002-4604-b925-8d85a7f2e7e9 req-090fe607-8002-4604-b925-8d85a7f2e7e9 ] Request (ServersNegativeTestJSON:setUpClass): 201 POST http://10.180.1.21/identity/v3/auth/tokens 0.037s
2024-10-15 15:28:48.461 61793 INFO tempest.lib.common.rest_client [req-fac0b923-c355-49bd-a1f0-8aea1140dbc1 req-fac0b923-c355-49bd-a1f0-8aea1140dbc1 ] Request (ImagesNegativeTestJSON:setUpClass): 201 POST http://10.180.1.21/identity/v3/projects 0.059s
2024-10-15 15:28:48.516 61801 INFO tempest.lib.common.rest_client [req-1347878f-0982-4b14-9da3-07e8ed23c63f req-1347878f-0982-4b14-9da3-07e8ed23c63f ] Request (ServersNegativeTestJSON:setUpClass): 200 GET http://10.180.1.21/identity/v3/domains?name=Default 0.063s
2024-10-15 15:28:48.530 61793 INFO tempest.lib.common.rest_client [req-254ab691-9240-4009-9c87-bdf89f742c6c req-254ab691-9240-4009-9c87-bdf89f742c6c ] Request (ImagesNegativeTestJSON:setUpClass): 201 POST http://10.180.1.21/identity/v3/users 0.068s
2024-10-15 15:28:48.547 61793 INFO tempest.lib.common.rest_client [req-6efed91a-47fe-4ad5-a9b8-0224221d5f30 req-6efed91a-47fe-4ad5-a9b8-0224221d5f30 ] Request (ImagesNegativeTestJSON:setUpClass): 200 GET http://10.180.1.21/identity/v3/roles 0.017s
2024-10-15 15:28:48.557 61801 INFO tempest.lib.common.rest_client [req-2986ccd5-ff66-4f9b-bcb7-1c3c9e4fa06f req-2986ccd5-ff66-4f9b-bcb7-1c3c9e4fa06f ] Request (ServersNegativeTestJSON:setUpClass): 201 POST http://10.180.1.21/identity/v3/projects 0.039s
2024-10-15 15:28:48.591 61793 INFO tempest.lib.common.rest_client [req-c89bdbc8-514f-40ac-a972-e14639d902a6 req-c89bdbc8-514f-40ac-a972-e14639d902a6 ] Request (ImagesNegativeTestJSON:setUpClass): 204 PUT http://10.180.1.21/identity/v3/projects/b239a909024e4ca698dab05075729b28/users/7b226f922a774dbba9acbc3b01ebaf3f/roles/af1a6b3b2d5348f4865155352011b218 0.044s
2024-10-15 15:28:48.592 61793 INFO tempest.lib.common.dynamic_creds [-] Dynamic test user 7b226f922a774dbba9acbc3b01ebaf3f is created with scope project and roles: ['member']
2024-10-15 15:28:48.592 61793 INFO tempest.lib.common.dynamic_creds [-] Acquired dynamic creds: credentials: Credentials: {'domain_id': 'default', 'domain_name': 'Default', 'username': 'tempest-ImagesNegativeTestJSON-484615250-project-member', 'project_domain_id': 'default', 'project_domain_name': 'Default', 'project_id': 'b239a909024e4ca698dab05075729b28', 'project_name': 'tempest-ImagesNegativeTestJSON-484615250', 'tenant_id': 'b239a909024e4ca698dab05075729b28', 'tenant_name': 'tempest-ImagesNegativeTestJSON-484615250', 'user_domain_id': 'default', 'user_domain_name': 'Default', 'user_id': '7b226f922a774dbba9acbc3b01ebaf3f', 'system': None}, Network: None, Subnet: None, Router: None
2024-10-15 15:28:48.662 61793 INFO tempest.lib.common.rest_client [req-883c563c-f850-42a3-b878-9b05c53cf4ba req-883c563c-f850-42a3-b878-9b05c53cf4ba ] Request (ImagesNegativeTestJSON:setUpClass): 201 POST http://10.180.1.21/identity/v3/auth/tokens 0.070s
2024-10-15 15:28:48.710 61801 INFO tempest.lib.common.rest_client [req-d5a06718-d588-4ef8-83c2-7578e0effa47 req-d5a06718-d588-4ef8-83c2-7578e0effa47 ] Request (ServersNegativeTestJSON:setUpClass): 201 POST http://10.180.1.21/identity/v3/users 0.152s
2024-10-15 15:28:48.731 61801 INFO tempest.lib.common.rest_client [req-00c3499f-8a39-40fa-bf29-7365e0609740 req-00c3499f-8a39-40fa-bf29-7365e0609740 ] Request (ServersNegativeTestJSON:setUpClass): 200 GET http://10.180.1.21/identity/v3/roles 0.021s
2024-10-15 15:28:48.757 61801 INFO tempest.lib.common.rest_client [req-a67e3da4-f570-425b-a273-d0a531bf3c68 req-a67e3da4-f570-425b-a273-d0a531bf3c68 ] Request (ServersNegativeTestJSON:setUpClass): 204 PUT http://10.180.1.21/identity/v3/projects/040cba7015c544f0a1dcc43e37b20351/users/50be22513aa7452db8ce44f19f0ba863/roles/af1a6b3b2d5348f4865155352011b218 0.026s
2024-10-15 15:28:48.758 61801 INFO tempest.lib.common.dynamic_creds [-] Dynamic test user 50be22513aa7452db8ce44f19f0ba863 is created with scope project and roles: ['member']
2024-10-15 15:28:48.758 61801 INFO tempest.lib.common.dynamic_creds [-] Acquired dynamic creds: credentials: Credentials: {'domain_id': 'default', 'domain_name': 'Default', 'username': 'tempest-ServersNegativeTestJSON-52319824-project-member', 'project_domain_id': 'default', 'project_domain_name': 'Default', 'project_id': '040cba7015c544f0a1dcc43e37b20351', 'project_name': 'tempest-ServersNegativeTestJSON-52319824', 'tenant_id': '040cba7015c544f0a1dcc43e37b20351', 'tenant_name': 'tempest-ServersNegativeTestJSON-52319824', 'user_domain_id': 'default', 'user_domain_name': 'Default', 'user_id': '50be22513aa7452db8ce44f19f0ba863', 'system': None}, Network: None, Subnet: None, Router: None
2024-10-15 15:28:48.893 61795 INFO tempest.lib.common.rest_client [req-5f7ca93d-ac37-4ffc-99f5-f4d2e6e864f6 req-5f7ca93d-ac37-4ffc-99f5-f4d2e6e864f6 ] Request (ServersTestJSON:test_create_server_specify_multibyte_character_name): 200 GET http://10.180.1.21/compute/v2.1/servers/ec1dcbbc-16df-4965-a61e-6c70e4c6c0ba 6.877s
2024-10-15 15:28:48.945 61801 INFO tempest.lib.common.rest_client [req-b36b5d16-00af-4539-977b-ef1ff25b4b61 req-b36b5d16-00af-4539-977b-ef1ff25b4b61 ] Request (ServersNegativeTestJSON:setUpClass): 201 POST http://10.180.1.21/identity/v3/auth/tokens 0.187s
2024-10-15 15:28:49.093 61791 INFO tempest.lib.common.rest_client [req-2ec41cb9-bc11-49e3-9db8-aec0d2482ce5 req-2ec41cb9-bc11-49e3-9db8-aec0d2482ce5 ] Request (ServerGroup264TestJSON:setUpClass): 201 POST http://10.180.1.21:9696/networking/v2.0/routers 6.495s
2024-10-15 15:28:49.152 61835 INFO tempest.lib.common.rest_client [req-faae2984-70ce-46c2-8f81-688dc85c6e95 req-faae2984-70ce-46c2-8f81-688dc85c6e95 ] Request (TenantUsagesTestJSON:setUpClass): 200 GET http://10.180.1.21/compute/v2.1/servers/bfa7d6f2-050a-4604-8f9c-250d89b091a5 6.050s
2024-10-15 15:28:49.165 61807 INFO tempest.lib.common.rest_client [req-fb3ce579-d10e-4109-87be-f38a50fb1e73 req-fb3ce579-d10e-4109-87be-f38a50fb1e73 ] Request (FlavorsAdminTestJSON:test_is_public_string_variations): 200 GET http://10.180.1.21/compute/v2.1/flavors/detail?is_public=no 5.942s
2024-10-15 15:28:49.171 61821 INFO tempest.lib.common.rest_client [req-cceb3e18-aabd-4cf6-aae0-9078659feb17 req-cceb3e18-aabd-4cf6-aae0-9078659feb17 ] Request (VolumesAssistedSnapshotsTest:tearDownClass): 204 DELETE http://10.180.1.21:9696/networking/v2.0/routers/b26d569b-8aa3-48b3-adba-57a39943f46c 3.182s
2024-10-15 15:28:49.177 61815 INFO tempest.lib.common.rest_client [req-e043b9dd-12e3-4e80-a829-82d048453c5c req-e043b9dd-12e3-4e80-a829-82d048453c5c ] Request (AggregatesAdminNegativeTestJSON:test_aggregate_remove_host_as_user): 403 POST http://10.180.1.21/compute/v2.1/os-aggregates/7/action 5.825s
2024-10-15 15:28:49.495 61809 INFO tempest.lib.common.rest_client [req-2a5a90ac-98ca-4969-80f5-b39e00fe2ac6 req-2a5a90ac-98ca-4969-80f5-b39e00fe2ac6 ] Request (ServersTestMultiNic:test_verify_multiple_nics_order): 204 DELETE http://10.180.1.21/compute/v2.1/servers/410d3c8b-9be0-4863-b121-c9acffae69e4 6.017s
2024-10-15 15:28:49.497 61839 INFO tempest.lib.common.rest_client [req-03727581-98c4-4a46-84bb-4c79913d1996 req-03727581-98c4-4a46-84bb-4c79913d1996 ] Request (VolumesAdminNegativeTest:tearDownClass): 204 DELETE http://10.180.1.21:9696/networking/v2.0/routers/c0184e88-b47a-4bcb-957b-ab30f158229c 3.547s
2024-10-15 15:28:49.705 61799 INFO tempest.lib.common.rest_client [req-2f46cd8a-181a-456e-8eb3-98c9fb4e035a req-2f46cd8a-181a-456e-8eb3-98c9fb4e035a ] Request (ServerExternalEventsTest:test_create_server_external_events): 200 GET http://10.180.1.21/compute/v2.1/servers/fc403a94-8ac7-4f73-a0a8-51539dcc47d4 6.542s
2024-10-15 15:28:49.733 61843 INFO tempest.lib.common.rest_client [req-b854adb6-e98d-48f2-85a8-cf2d37a30e6b req-b854adb6-e98d-48f2-85a8-cf2d37a30e6b ] Request (FlavorsExtraSpecsNegativeTestJSON:tearDownClass): 200 GET http://10.180.1.21/compute/v2.1/flavors/detail 4.945s
2024-10-15 15:28:49.827 61843 INFO tempest.lib.common.rest_client [req-b18fceb6-39cf-4c19-9b18-1961def95711 req-b18fceb6-39cf-4c19-9b18-1961def95711 ] Request (FlavorsExtraSpecsNegativeTestJSON:tearDownClass): 204 DELETE http://10.180.1.21/identity/v3/users/095715c70b484d458df78d8018de11dd 0.085s
2024-10-15 15:28:49.840 61837 INFO tempest.lib.common.rest_client [req-cd9564e4-3076-4ed9-9b77-2c358745d151 req-cd9564e4-3076-4ed9-9b77-2c358745d151 ] Request (ServerDiagnosticsNegativeTest:test_get_server_diagnostics_by_non_admin): 204 DELETE http://10.180.1.21/compute/v2.1/servers/996e9c89-dd9c-4c76-952d-9ff90dec38c1 6.186s
2024-10-15 15:28:49.934 61843 INFO tempest.lib.common.rest_client [req-606e9c79-30b9-40a6-971a-31d666eadd9f req-606e9c79-30b9-40a6-971a-31d666eadd9f ] Request (FlavorsExtraSpecsNegativeTestJSON:tearDownClass): 204 DELETE http://10.180.1.21/identity/v3/users/194902f931064859b4654c87b81f3a92 0.106s
2024-10-15 15:28:49.934 61843 INFO tempest.lib.common.dynamic_creds [-] Deleting project and security group for project: 4b04214349b945fda28a10cda8a24d44
2024-10-15 15:28:49.990 61843 INFO tempest.lib.common.rest_client [req-fe39aeb9-0f51-45e3-8639-5a79e3293b9c req-fe39aeb9-0f51-45e3-8639-5a79e3293b9c ] Request (FlavorsExtraSpecsNegativeTestJSON:tearDownClass): 201 POST http://10.180.1.21/identity/v3/auth/tokens 0.055s
2024-10-15 15:28:50.157 61793 INFO tempest.lib.common.rest_client [req-188d1f67-4198-4e53-809b-d98ac6c76b1a req-188d1f67-4198-4e53-809b-d98ac6c76b1a ] Request (ImagesNegativeTestJSON:setUpClass): 201 POST http://10.180.1.21:9696/networking/v2.0/networks 1.494s
2024-10-15 15:28:50.454 61839 INFO tempest.lib.common.rest_client [req-6918e814-0694-4cd4-acdf-a5ab81da49cb req-6918e814-0694-4cd4-acdf-a5ab81da49cb ] Request (VolumesAdminNegativeTest:tearDownClass): 204 DELETE http://10.180.1.21:9696/networking/v2.0/subnets/bb6aaedb-d5ba-4ed7-bde1-b989592a4c05 0.957s
2024-10-15 15:28:50.500 61801 INFO tempest.lib.common.rest_client [req-34eb6755-cd93-4007-b074-c5c7793de764 req-34eb6755-cd93-4007-b074-c5c7793de764 ] Request (ServersNegativeTestJSON:setUpClass): 201 POST http://10.180.1.21:9696/networking/v2.0/networks 1.555s
2024-10-15 15:28:50.509 61821 INFO tempest.lib.common.rest_client [req-44f3b27f-b0d8-4f05-b3fe-56c9f6381d48 req-44f3b27f-b0d8-4f05-b3fe-56c9f6381d48 ] Request (VolumesAssistedSnapshotsTest:tearDownClass): 204 DELETE http://10.180.1.21:9696/networking/v2.0/subnets/87732d8e-156b-4f96-b3e9-6114350b67f4 1.338s
2024-10-15 15:28:50.924 61827 INFO tempest.lib.common.rest_client [req-c1432618-d1e7-4884-8b13-4afc902871d3 req-c1432618-d1e7-4884-8b13-4afc902871d3 ] Request (ServerAddressesTestJSON:setUpClass): 200 GET http://10.180.1.21/compute/v2.1/servers/e42594f1-7bf7-4630-9ebf-950007812a14 5.781s
2024-10-15 15:28:50.941 61830 INFO tempest.lib.common.rest_client [req-6ff1abe8-9097-4989-a2de-3eeacc6dcba7 req-6ff1abe8-9097-4989-a2de-3eeacc6dcba7 ] Request (SecurityGroupRulesNegativeTestJSON:test_create_security_group_rule_with_invalid_port_range): 200 POST http://10.180.1.21/compute/v2.1/os-security-groups 5.717s
2024-10-15 15:28:51.003 61843 INFO tempest.lib.common.rest_client [req-72596131-9a93-416a-a574-19f91f9d6e2f req-72596131-9a93-416a-a574-19f91f9d6e2f ] Request (FlavorsExtraSpecsNegativeTestJSON:tearDownClass): 200 GET http://10.180.1.21:9696/networking/v2.0/security-groups?tenant_id=4b04214349b945fda28a10cda8a24d44&name=default 1.012s
2024-10-15 15:28:51.025 61783 INFO tempest.lib.common.rest_client [req-3009bfe3-d737-4d3e-a723-fd97a17aaab2 req-3009bfe3-d737-4d3e-a723-fd97a17aaab2 ] Request (ServersAdminTestJSON:tearDownClass): 200 PUT http://10.180.1.21:9696/networking/v2.0/routers/54fcdc32-8d17-4fc3-ac81-4b39c1943454/remove_router_interface 6.651s
2024-10-15 15:28:51.206 61831 INFO tempest.lib.common.rest_client [req-38d04da3-3339-4734-895e-9a9c76a31751 req-38d04da3-3339-4734-895e-9a9c76a31751 ] Request (InstanceActionsTestJSON:setUpClass): 201 POST http://10.180.1.21:9696/networking/v2.0/routers 6.790s
2024-10-15 15:28:51.257 61813 INFO tempest.lib.common.rest_client [req-35c337c7-2dd3-4713-9b9a-8b81f3da25fc req-35c337c7-2dd3-4713-9b9a-8b81f3da25fc ] Request (ServerDiskConfigTestJSON:test_rebuild_server_with_manual_disk_config): 204 DELETE http://10.180.1.21/compute/v2.1/servers/f2b1637b-6a4b-43e7-bd5d-d6f33abd9867 5.634s
2024-10-15 15:28:51.408 61841 INFO tempest.lib.common.rest_client [req-8c925f53-eb61-4456-ac1b-e5d5c17b0c6f req-8c925f53-eb61-4456-ac1b-e5d5c17b0c6f ] Request (ServerActionsTestOtherB:setUpClass): 200 GET http://10.180.1.21/compute/v2.1/servers/4858bdbd-3aa6-4ac6-ab02-cd2d6ff03ea2 5.627s
2024-10-15 15:28:51.420 61841 INFO tempest.common.waiters [-] State transition "BUILD/spawning" ==> "ERROR/None" after 13 second wait
2024-10-15 15:28:51.537 61821 INFO tempest.lib.common.rest_client [req-a98bc627-b746-45f9-a7ae-ff3c27cdbcbf req-a98bc627-b746-45f9-a7ae-ff3c27cdbcbf ] Request (VolumesAssistedSnapshotsTest:tearDownClass): 204 DELETE http://10.180.1.21:9696/networking/v2.0/networks/ad6ce5df-47ea-4ff8-8206-b68c9d4b2a18 1.027s
2024-10-15 15:28:51.547 61839 INFO tempest.lib.common.rest_client [req-1159b306-f90e-4915-954c-c5b1dd1f7afc req-1159b306-f90e-4915-954c-c5b1dd1f7afc ] Request (VolumesAdminNegativeTest:tearDownClass): 204 DELETE http://10.180.1.21:9696/networking/v2.0/networks/aeb2e386-44a4-4288-a87f-0745839f7e24 1.093s
2024-10-15 15:28:51.578 61805 INFO tempest.lib.common.rest_client [req-5d05b8ff-f228-4097-a800-91041c86313f req-5d05b8ff-f228-4097-a800-91041c86313f ] Request (ServerDiagnosticsV248Test:test_get_server_diagnostics): 200 GET http://10.180.1.21/compute/v2.1/servers/151fefe2-b70a-4ea5-8b50-08c7968b10fe 4.817s
2024-10-15 15:28:51.600 61785 INFO tempest.lib.common.rest_client [req-9cad244d-d010-433d-be73-8348148d0dc7 req-9cad244d-d010-433d-be73-8348148d0dc7 ] Request (ServersWithSpecificFlavorTestJSON:_run_cleanups): 202 DELETE http://10.180.1.21/compute/v2.1/flavors/1748289917 4.661s
2024-10-15 15:28:51.623 61793 INFO tempest.lib.common.rest_client [req-6dda32ef-c530-4927-9315-abb0fad6b8d2 req-6dda32ef-c530-4927-9315-abb0fad6b8d2 ] Request (ImagesNegativeTestJSON:setUpClass): 201 POST http://10.180.1.21:9696/networking/v2.0/subnets 1.465s
2024-10-15 15:28:51.634 61843 INFO tempest.lib.common.rest_client [req-4cabe0d5-64d7-482a-9578-8e4be34cb2ea req-4cabe0d5-64d7-482a-9578-8e4be34cb2ea ] Request (FlavorsExtraSpecsNegativeTestJSON:tearDownClass): 204 DELETE http://10.180.1.21:9696/networking/v2.0/security-groups/1278d66e-9386-4d50-b3b0-57e39e76bc1f 0.631s
2024-10-15 15:28:51.646 61821 INFO tempest.lib.common.rest_client [req-96089472-05b5-4817-9aac-bc7b4fe401fc req-96089472-05b5-4817-9aac-bc7b4fe401fc ] Request (VolumesAssistedSnapshotsTest:tearDownClass): 204 DELETE http://10.180.1.21/identity/v3/users/fec462edbe9546b587ce798c89d1cd3a 0.108s
2024-10-15 15:28:51.753 61843 INFO tempest.lib.common.rest_client [req-d17cf7c8-5391-4ec2-a432-d54822d8ea0d req-d17cf7c8-5391-4ec2-a432-d54822d8ea0d ] Request (FlavorsExtraSpecsNegativeTestJSON:tearDownClass): 204 DELETE http://10.180.1.21/identity/v3/projects/4b04214349b945fda28a10cda8a24d44 0.118s
2024-10-15 15:28:51.753 61843 INFO tempest.lib.common.dynamic_creds [-] Deleting project and security group for project: 893431dd49c14e6d970ff709c0659c5f
2024-10-15 15:28:51.759 61821 INFO tempest.lib.common.rest_client [req-80b1a0f2-c2aa-4ebb-aa9c-6bcd62b80273 req-80b1a0f2-c2aa-4ebb-aa9c-6bcd62b80273 ] Request (VolumesAssistedSnapshotsTest:tearDownClass): 204 DELETE http://10.180.1.21/identity/v3/users/e5487315947447149a354eabcabe2386 0.113s
2024-10-15 15:28:51.874 61821 INFO tempest.lib.common.rest_client [req-b4dc0065-b22b-418b-894c-213e37f76db3 req-b4dc0065-b22b-418b-894c-213e37f76db3 ] Request (VolumesAssistedSnapshotsTest:tearDownClass): 204 DELETE http://10.180.1.21/identity/v3/users/c96111eb65b744c08063a6fd0555d9a8 0.114s
2024-10-15 15:28:51.875 61821 INFO tempest.lib.common.dynamic_creds [-] Deleting project and security group for project: f9b82c0e6bec4b80aa3f9b493fe3ea5a
2024-10-15 15:28:52.089 61817 INFO tempest.lib.common.rest_client [req-4f262ffd-38a6-439b-a637-c70f4653584e req-4f262ffd-38a6-439b-a637-c70f4653584e ] Request (SecurityGroupRulesTestJSON:test_security_group_rules_create_with_optional_group_id): 200 POST http://10.180.1.21/compute/v2.1/os-security-groups 6.647s
2024-10-15 15:28:52.290 61843 INFO tempest.lib.common.rest_client [req-486b0c85-5686-4688-bcc7-5906cc116e30 req-486b0c85-5686-4688-bcc7-5906cc116e30 ] Request (FlavorsExtraSpecsNegativeTestJSON:tearDownClass): 200 GET http://10.180.1.21:9696/networking/v2.0/security-groups?tenant_id=893431dd49c14e6d970ff709c0659c5f&name=default 0.537s
2024-10-15 15:28:52.498 61821 INFO tempest.lib.common.rest_client [req-3ac817c3-0100-4cb3-9d55-e2449d76571c req-3ac817c3-0100-4cb3-9d55-e2449d76571c ] Request (VolumesAssistedSnapshotsTest:tearDownClass): 200 GET http://10.180.1.21:9696/networking/v2.0/security-groups?tenant_id=f9b82c0e6bec4b80aa3f9b493fe3ea5a&name=default 0.623s
2024-10-15 15:28:52.501 61789 INFO tempest.lib.common.rest_client [req-de99e95b-a2d2-4c2d-9cf6-0a723bbc7afd req-de99e95b-a2d2-4c2d-9cf6-0a723bbc7afd ] Request (FloatingIPDetailsNegativeTestJSON:setUpClass): 200 PUT http://10.180.1.21:9696/networking/v2.0/routers/222a0c55-9584-498c-9aeb-2c996d6b83b5/add_router_interface 9.008s
2024-10-15 15:28:52.501 61789 INFO tempest.lib.common.dynamic_creds [-] Created isolated network resources for: credentials: Credentials: {'domain_id': 'default', 'domain_name': 'Default', 'username': 'tempest-FloatingIPDetailsNegativeTestJSON-436133773-project-member', 'project_domain_id': 'default', 'project_domain_name': 'Default', 'project_id': '9540b60a258049e0824258239107fa03', 'project_name': 'tempest-FloatingIPDetailsNegativeTestJSON-436133773', 'tenant_id': '9540b60a258049e0824258239107fa03', 'tenant_name': 'tempest-FloatingIPDetailsNegativeTestJSON-436133773', 'user_domain_id': 'default', 'user_domain_name': 'Default', 'user_id': '04afef6e7be34dbeb3638169b62db410', 'system': None}, Network: {'id': '2cabff99-8e0a-4772-a560-23cfa0ce26e3', 'name': 'tempest-FloatingIPDetailsNegativeTestJSON-336908020-network', 'tenant_id': '9540b60a258049e0824258239107fa03', 'admin_state_up': True, 'mtu': 8950, 'status': 'ACTIVE', 'subnets': [], 'shared': False, 'project_id': '9540b60a258049e0824258239107fa03', 'port_security_enabled': True, 'router:external': False, 'provider:network_type': 'vlan', 'provider:physical_network': 'default', 'provider:segmentation_id': 65, 'is_default': False, 'availability_zone_hints': [], 'availability_zones': [], 'ipv4_address_scope': None, 'ipv6_address_scope': None, 'description': '', 'tags': [], 'created_at': '2024-10-15T15:28:34Z', 'updated_at': '2024-10-15T15:28:34Z', 'revision_number': 1}, Subnet: {'id': 'dfd7b4f7-d475-4afd-87dc-582408a143e3', 'name': 'tempest-FloatingIPDetailsNegativeTestJSON-336908020-subnet', 'tenant_id': '9540b60a258049e0824258239107fa03', 'network_id': '2cabff99-8e0a-4772-a560-23cfa0ce26e3', 'ip_version': 4, 'subnetpool_id': None, 'enable_dhcp': True, 'ipv6_ra_mode': None, 'ipv6_address_mode': None, 'gateway_ip': '192.168.128.1', 'cidr': '192.168.128.0/28', 'allocation_pools': [{'start': '192.168.128.2', 'end': '192.168.128.14'}], 'host_routes': [], 'dns_nameservers': [], 'description': '', 'service_types': [], 'tags': [], 'created_at': '2024-10-15T15:28:35Z', 'updated_at': '2024-10-15T15:28:35Z', 'revision_number': 0, 'project_id': '9540b60a258049e0824258239107fa03'}, Router: {'id': '222a0c55-9584-498c-9aeb-2c996d6b83b5', 'name': 'tempest-FloatingIPDetailsNegativeTestJSON-336908020-router', 'tenant_id': '9540b60a258049e0824258239107fa03', 'admin_state_up': True, 'status': 'ACTIVE', 'external_gateway_info': {'network_id': '2aa21069-f9ed-4b36-8983-b3e76909b41e', 'external_fixed_ips': [{'subnet_id': 'e277c743-bb91-4019-bb2b-b15a516f2444', 'ip_address': '10.180.180.182'}], 'enable_snat': True}, 'description': '', 'availability_zones': [], 'distributed': False, 'ha': False, 'availability_zone_hints': [], 'routes': [], 'flavor_id': None, 'tags': [], 'created_at': '2024-10-15T15:28:36Z', 'updated_at': '2024-10-15T15:28:40Z', 'revision_number': 2, 'project_id': '9540b60a258049e0824258239107fa03'}
2024-10-15 15:28:52.604 61789 INFO tempest.lib.common.rest_client [req-547be764-9d41-4a7d-8bd5-71ee95932cd4 req-547be764-9d41-4a7d-8bd5-71ee95932cd4 ] Request (FloatingIPDetailsNegativeTestJSON:setUpClass): 201 POST http://10.180.1.21/identity/v3/auth/tokens 0.096s
2024-10-15 15:28:52.655 61833 INFO tempest.lib.common.rest_client [req-7bbfd088-a850-4c70-b871-de14991ffa4b req-7bbfd088-a850-4c70-b871-de14991ffa4b ] Request (ImagesOneServerNegativeTestJSON:tearDownClass): 200 PUT http://10.180.1.21:9696/networking/v2.0/routers/9715447e-72b0-454c-bc93-f3d683ab7eba/remove_router_interface 7.190s
2024-10-15 15:28:52.794 61843 INFO tempest.lib.common.rest_client [req-cf217b9b-55d9-4ec9-bfea-2fb9f02da2b9 req-cf217b9b-55d9-4ec9-bfea-2fb9f02da2b9 ] Request (FlavorsExtraSpecsNegativeTestJSON:tearDownClass): 204 DELETE http://10.180.1.21:9696/networking/v2.0/security-groups/ce0954c7-ce4c-43d7-a9fc-67b5f6fd5210 0.503s
2024-10-15 15:28:52.912 61801 INFO tempest.lib.common.rest_client [req-e0d84df9-c0b7-4416-9fa0-6abf619fb318 req-e0d84df9-c0b7-4416-9fa0-6abf619fb318 ] Request (ServersNegativeTestJSON:setUpClass): 201 POST http://10.180.1.21:9696/networking/v2.0/subnets 2.411s
2024-10-15 15:28:52.937 61843 INFO tempest.lib.common.rest_client [req-26146bf2-a944-4b21-96b4-618d0a082c4c req-26146bf2-a944-4b21-96b4-618d0a082c4c ] Request (FlavorsExtraSpecsNegativeTestJSON:tearDownClass): 204 DELETE http://10.180.1.21/identity/v3/projects/893431dd49c14e6d970ff709c0659c5f 0.143s
2024-10-15 15:28:53.039 61843 INFO tempest.lib.common.rest_client [req-60c41292-1884-4c6a-9d71-4dc621bfc891 req-60c41292-1884-4c6a-9d71-4dc621bfc891 ] Request (MigrationsAdminTest:setUpClass): 201 POST http://10.180.1.21/identity/v3/auth/tokens 0.098s
2024-10-15 15:28:53.065 61821 INFO tempest.lib.common.rest_client [req-092a3330-4010-4690-97f5-540a5a753b9a req-092a3330-4010-4690-97f5-540a5a753b9a ] Request (VolumesAssistedSnapshotsTest:tearDownClass): 204 DELETE http://10.180.1.21:9696/networking/v2.0/security-groups/e48a13da-bbc9-4311-a03a-bdf8b9b07ba8 0.566s
2024-10-15 15:28:53.096 61843 INFO tempest.lib.common.rest_client [req-6baa77eb-016d-4d02-adad-6cb9a5fdd0f8 req-6baa77eb-016d-4d02-adad-6cb9a5fdd0f8 ] Request (MigrationsAdminTest:setUpClass): 201 POST http://10.180.1.21/identity/v3/auth/tokens 0.055s
2024-10-15 15:28:53.123 61843 INFO tempest.lib.common.rest_client [req-d5868bb8-2899-4a78-96e7-1be882e361ae req-d5868bb8-2899-4a78-96e7-1be882e361ae ] Request (MigrationsAdminTest:setUpClass): 200 GET http://10.180.1.21/identity/v3/domains?name=Default 0.026s
2024-10-15 15:28:53.152 61821 INFO tempest.lib.common.rest_client [req-42e00964-633b-42b6-828d-329acb6b828a req-42e00964-633b-42b6-828d-329acb6b828a ] Request (VolumesAssistedSnapshotsTest:tearDownClass): 204 DELETE http://10.180.1.21/identity/v3/projects/f9b82c0e6bec4b80aa3f9b493fe3ea5a 0.086s
2024-10-15 15:28:53.152 61821 INFO tempest.lib.common.dynamic_creds [-] Deleting project and security group for project: 2e2f2a89dde94e7ab986cfa80346c4e5
2024-10-15 15:28:53.182 61843 INFO tempest.lib.common.rest_client [req-111ced27-170b-48b3-9197-8c2ebf7ee57a req-111ced27-170b-48b3-9197-8c2ebf7ee57a ] Request (MigrationsAdminTest:setUpClass): 201 POST http://10.180.1.21/identity/v3/projects 0.058s
2024-10-15 15:28:53.256 61843 INFO tempest.lib.common.rest_client [req-0469141e-3505-4558-b177-23b76b24e607 req-0469141e-3505-4558-b177-23b76b24e607 ] Request (MigrationsAdminTest:setUpClass): 201 POST http://10.180.1.21/identity/v3/users 0.073s
2024-10-15 15:28:53.279 61843 INFO tempest.lib.common.rest_client [req-64b70451-d0b9-4f82-887c-96c53a8483ca req-64b70451-d0b9-4f82-887c-96c53a8483ca ] Request (MigrationsAdminTest:setUpClass): 200 GET http://10.180.1.21/identity/v3/roles 0.023s
2024-10-15 15:28:53.311 61843 INFO tempest.lib.common.rest_client [req-0a620322-225e-4f19-a07a-24d91a7503e6 req-0a620322-225e-4f19-a07a-24d91a7503e6 ] Request (MigrationsAdminTest:setUpClass): 204 PUT http://10.180.1.21/identity/v3/projects/05666a0abf0b433184c14ff43e6e82c1/users/bfb9e86398ee44b7b9e06dcdc29f8ff6/roles/af1a6b3b2d5348f4865155352011b218 0.031s
2024-10-15 15:28:53.311 61843 INFO tempest.lib.common.dynamic_creds [-] Dynamic test user bfb9e86398ee44b7b9e06dcdc29f8ff6 is created with scope project and roles: ['member']
2024-10-15 15:28:53.312 61843 INFO tempest.lib.common.dynamic_creds [-] Acquired dynamic creds: credentials: Credentials: {'domain_id': 'default', 'domain_name': 'Default', 'username': 'tempest-MigrationsAdminTest-1912133545-project-member', 'project_domain_id': 'default', 'project_domain_name': 'Default', 'project_id': '05666a0abf0b433184c14ff43e6e82c1', 'project_name': 'tempest-MigrationsAdminTest-1912133545', 'tenant_id': '05666a0abf0b433184c14ff43e6e82c1', 'tenant_name': 'tempest-MigrationsAdminTest-1912133545', 'user_domain_id': 'default', 'user_domain_name': 'Default', 'user_id': 'bfb9e86398ee44b7b9e06dcdc29f8ff6', 'system': None}, Network: None, Subnet: None, Router: None
2024-10-15 15:28:53.312 61843 INFO tempest.lib.common.dynamic_creds [-] Created isolated network resources for: credentials: Credentials: {'domain_id': 'default', 'domain_name': 'Default', 'username': 'tempest-MigrationsAdminTest-1912133545-project-member', 'project_domain_id': 'default', 'project_domain_name': 'Default', 'project_id': '05666a0abf0b433184c14ff43e6e82c1', 'project_name': 'tempest-MigrationsAdminTest-1912133545', 'tenant_id': '05666a0abf0b433184c14ff43e6e82c1', 'tenant_name': 'tempest-MigrationsAdminTest-1912133545', 'user_domain_id': 'default', 'user_domain_name': 'Default', 'user_id': 'bfb9e86398ee44b7b9e06dcdc29f8ff6', 'system': None}, Network: None, Subnet: None, Router: None
2024-10-15 15:28:53.418 61843 INFO tempest.lib.common.rest_client [req-fec92332-fd17-49a1-8527-e5e75aafdb8e req-fec92332-fd17-49a1-8527-e5e75aafdb8e ] Request (MigrationsAdminTest:setUpClass): 201 POST http://10.180.1.21/identity/v3/auth/tokens 0.103s
2024-10-15 15:28:53.511 61843 INFO tempest.lib.common.rest_client [req-05162dfa-0543-4d58-b1d3-1e6796f92af8 req-05162dfa-0543-4d58-b1d3-1e6796f92af8 ] Request (MigrationsAdminTest:setUpClass): 201 POST http://10.180.1.21/identity/v3/projects 0.092s
2024-10-15 15:28:53.604 61821 INFO tempest.lib.common.rest_client [req-308a11a5-06ba-4251-a6bb-0e0953e31f62 req-308a11a5-06ba-4251-a6bb-0e0953e31f62 ] Request (VolumesAssistedSnapshotsTest:tearDownClass): 200 GET http://10.180.1.21:9696/networking/v2.0/security-groups?tenant_id=2e2f2a89dde94e7ab986cfa80346c4e5&name=default 0.452s
2024-10-15 15:28:53.610 61843 INFO tempest.lib.common.rest_client [req-1ff1a4e4-c648-47a0-a897-d646d08bf511 req-1ff1a4e4-c648-47a0-a897-d646d08bf511 ] Request (MigrationsAdminTest:setUpClass): 201 POST http://10.180.1.21/identity/v3/users 0.097s
2024-10-15 15:28:53.630 61843 INFO tempest.lib.common.rest_client [req-8cef3693-d181-4ba5-8700-b8673d72e9c3 req-8cef3693-d181-4ba5-8700-b8673d72e9c3 ] Request (MigrationsAdminTest:setUpClass): 200 GET http://10.180.1.21/identity/v3/roles 0.019s
2024-10-15 15:28:53.676 61843 INFO tempest.lib.common.rest_client [req-7bf676ce-16a1-4592-8c68-18f066cd766d req-7bf676ce-16a1-4592-8c68-18f066cd766d ] Request (MigrationsAdminTest:setUpClass): 204 PUT http://10.180.1.21/identity/v3/projects/95f662a804b94127ae56065500647b26/users/99021c3a35a647b8ab557cd870a714a1/roles/294faaeccd444a2aa5fff72be2bdd274 0.045s
2024-10-15 15:28:53.746 61843 INFO tempest.lib.common.rest_client [req-1e7d1859-1d8a-4e49-a8f2-0b903e55f12b req-1e7d1859-1d8a-4e49-a8f2-0b903e55f12b ] Request (MigrationsAdminTest:setUpClass): 200 GET http://10.180.1.21/identity/v3/roles 0.070s
2024-10-15 15:28:53.768 61843 INFO tempest.lib.common.rest_client [req-edcc244c-506a-4c9f-a655-3f5ea472a7a4 req-edcc244c-506a-4c9f-a655-3f5ea472a7a4 ] Request (MigrationsAdminTest:setUpClass): 204 PUT http://10.180.1.21/identity/v3/projects/95f662a804b94127ae56065500647b26/users/99021c3a35a647b8ab557cd870a714a1/roles/294faaeccd444a2aa5fff72be2bdd274 0.021s
2024-10-15 15:28:53.768 61843 INFO tempest.lib.common.dynamic_creds [-] Dynamic test user 99021c3a35a647b8ab557cd870a714a1 is created with scope project and roles: ['admin']
2024-10-15 15:28:53.768 61843 INFO tempest.lib.common.dynamic_creds [-] Acquired dynamic creds: credentials: Credentials: {'domain_id': 'default', 'domain_name': 'Default', 'username': 'tempest-MigrationsAdminTest-871920781-project-admin', 'project_domain_id': 'default', 'project_domain_name': 'Default', 'project_id': '95f662a804b94127ae56065500647b26', 'project_name': 'tempest-MigrationsAdminTest-871920781', 'tenant_id': '95f662a804b94127ae56065500647b26', 'tenant_name': 'tempest-MigrationsAdminTest-871920781', 'user_domain_id': 'default', 'user_domain_name': 'Default', 'user_id': '99021c3a35a647b8ab557cd870a714a1', 'system': None}, Network: None, Subnet: None, Router: None
2024-10-15 15:28:53.768 61843 INFO tempest.lib.common.dynamic_creds [-] Created isolated network resources for: credentials: Credentials: {'domain_id': 'default', 'domain_name': 'Default', 'username': 'tempest-MigrationsAdminTest-871920781-project-admin', 'project_domain_id': 'default', 'project_domain_name': 'Default', 'project_id': '95f662a804b94127ae56065500647b26', 'project_name': 'tempest-MigrationsAdminTest-871920781', 'tenant_id': '95f662a804b94127ae56065500647b26', 'tenant_name': 'tempest-MigrationsAdminTest-871920781', 'user_domain_id': 'default', 'user_domain_name': 'Default', 'user_id': '99021c3a35a647b8ab557cd870a714a1', 'system': None}, Network: None, Subnet: None, Router: None
2024-10-15 15:28:53.873 61843 INFO tempest.lib.common.rest_client [req-e1d2377f-c19f-40a8-91a5-311c49e8246b req-e1d2377f-c19f-40a8-91a5-311c49e8246b ] Request (MigrationsAdminTest:setUpClass): 201 POST http://10.180.1.21/identity/v3/auth/tokens 0.100s
2024-10-15 15:28:54.167 61821 INFO tempest.lib.common.rest_client [req-c4e82c0b-458c-4c91-880d-f495291bdd09 req-c4e82c0b-458c-4c91-880d-f495291bdd09 ] Request (VolumesAssistedSnapshotsTest:tearDownClass): 204 DELETE http://10.180.1.21:9696/networking/v2.0/security-groups/a144f5c1-3a57-40f7-8892-9e488c63b04a 0.562s
2024-10-15 15:28:54.280 61821 INFO tempest.lib.common.rest_client [req-8fc434fb-1120-4149-811f-ec70f24ef3dc req-8fc434fb-1120-4149-811f-ec70f24ef3dc ] Request (VolumesAssistedSnapshotsTest:tearDownClass): 204 DELETE http://10.180.1.21/identity/v3/projects/2e2f2a89dde94e7ab986cfa80346c4e5 0.112s
2024-10-15 15:28:54.280 61821 INFO tempest.lib.common.dynamic_creds [-] Deleting project and security group for project: 8d154bbb3c314183b0baf0e007084f39
2024-10-15 15:28:54.704 61821 INFO tempest.lib.common.rest_client [req-c3b62a53-b885-4bc3-bf60-ffb5dcd729a9 req-c3b62a53-b885-4bc3-bf60-ffb5dcd729a9 ] Request (VolumesAssistedSnapshotsTest:tearDownClass): 200 GET http://10.180.1.21:9696/networking/v2.0/security-groups?tenant_id=8d154bbb3c314183b0baf0e007084f39&name=default 0.423s
2024-10-15 15:28:54.873 61833 INFO tempest.lib.common.rest_client [req-cc5fe6ea-7c65-4bad-8b35-a1537a8d9db2 req-cc5fe6ea-7c65-4bad-8b35-a1537a8d9db2 ] Request (ImagesOneServerNegativeTestJSON:tearDownClass): 204 DELETE http://10.180.1.21:9696/networking/v2.0/routers/9715447e-72b0-454c-bc93-f3d683ab7eba 2.217s
2024-10-15 15:28:55.236 61823 INFO tempest.lib.common.rest_client [req-b44752ba-6ef4-4792-b6dc-ca0cc2296584 req-b44752ba-6ef4-4792-b6dc-ca0cc2296584 ] Request (ServerRescueTestJSONUnderV235:setUpClass): 202 POST http://10.180.1.21/compute/v2.1/servers 7.299s
2024-10-15 15:28:55.327 61811 INFO tempest.lib.common.rest_client [req-64b5fb14-0080-49e2-98ce-dd286cdd12b6 req-64b5fb14-0080-49e2-98ce-dd286cdd12b6 ] Request (ServersTestManualDisk:setUpClass): 202 POST http://10.180.1.21/compute/v2.1/servers 8.257s
2024-10-15 15:28:55.336 61821 INFO tempest.lib.common.rest_client [req-b5fbd612-1446-4b9c-9dc6-2c11fe7cc4d9 req-b5fbd612-1446-4b9c-9dc6-2c11fe7cc4d9 ] Request (VolumesAssistedSnapshotsTest:tearDownClass): 204 DELETE http://10.180.1.21:9696/networking/v2.0/security-groups/745e37bd-0312-4950-9134-39acf74644a9 0.632s
2024-10-15 15:28:55.427 61839 INFO tempest.lib.common.rest_client [req-62f09434-8319-4ae8-8f52-115b1fca663c req-62f09434-8319-4ae8-8f52-115b1fca663c ] Request (VolumesAdminNegativeTest:tearDownClass): 200 PUT http://10.180.1.21:9696/networking/v2.0/routers/eefb173f-cc4e-49c7-a2de-cdb31c7e62ab/remove_router_interface 3.879s
2024-10-15 15:28:55.462 61821 INFO tempest.lib.common.rest_client [req-97864c66-06a4-4e1a-be78-daf56217ccb1 req-97864c66-06a4-4e1a-be78-daf56217ccb1 ] Request (VolumesAssistedSnapshotsTest:tearDownClass): 204 DELETE http://10.180.1.21/identity/v3/projects/8d154bbb3c314183b0baf0e007084f39 0.126s
2024-10-15 15:28:55.515 61833 INFO tempest.lib.common.rest_client [req-2030384f-3ece-4e39-a031-afad32b9b415 req-2030384f-3ece-4e39-a031-afad32b9b415 ] Request (ImagesOneServerNegativeTestJSON:tearDownClass): 204 DELETE http://10.180.1.21:9696/networking/v2.0/subnets/a61bfdb6-904f-4c34-822a-407512220410 0.642s
2024-10-15 15:28:55.529 61821 INFO tempest.lib.common.rest_client [req-f1dfafe4-9ce5-42aa-8d60-c14f546ddddd req-f1dfafe4-9ce5-42aa-8d60-c14f546ddddd ] Request (MultipleCreateNegativeTestJSON:setUpClass): 201 POST http://10.180.1.21/identity/v3/auth/tokens 0.064s
2024-10-15 15:28:55.563 61821 INFO tempest.lib.common.rest_client [req-d2219769-9056-4fb5-9259-b64d036c3cee req-d2219769-9056-4fb5-9259-b64d036c3cee ] Request (MultipleCreateNegativeTestJSON:setUpClass): 201 POST http://10.180.1.21/identity/v3/auth/tokens 0.031s
2024-10-15 15:28:55.593 61821 INFO tempest.lib.common.rest_client [req-c940b93e-a11b-4b1a-9b6a-57cb51774a59 req-c940b93e-a11b-4b1a-9b6a-57cb51774a59 ] Request (MultipleCreateNegativeTestJSON:setUpClass): 200 GET http://10.180.1.21/identity/v3/domains?name=Default 0.030s
2024-10-15 15:28:55.640 61821 INFO tempest.lib.common.rest_client [req-a7b315d7-a9da-455c-ab10-0da16754aeef req-a7b315d7-a9da-455c-ab10-0da16754aeef ] Request (MultipleCreateNegativeTestJSON:setUpClass): 201 POST http://10.180.1.21/identity/v3/projects 0.046s
2024-10-15 15:28:55.699 61783 INFO tempest.lib.common.rest_client [req-46752b2e-a593-4d45-bee5-093d7e3f77cd req-46752b2e-a593-4d45-bee5-093d7e3f77cd ] Request (ServersAdminTestJSON:tearDownClass): 204 DELETE http://10.180.1.21:9696/networking/v2.0/routers/54fcdc32-8d17-4fc3-ac81-4b39c1943454 4.673s
2024-10-15 15:28:55.745 61821 INFO tempest.lib.common.rest_client [req-e86c3f7b-5975-425d-8a74-0f45e9b879cd req-e86c3f7b-5975-425d-8a74-0f45e9b879cd ] Request (MultipleCreateNegativeTestJSON:setUpClass): 201 POST http://10.180.1.21/identity/v3/users 0.105s
2024-10-15 15:28:55.774 61821 INFO tempest.lib.common.rest_client [req-f32989a6-481e-4060-827b-a2032103e12c req-f32989a6-481e-4060-827b-a2032103e12c ] Request (MultipleCreateNegativeTestJSON:setUpClass): 200 GET http://10.180.1.21/identity/v3/roles 0.028s
2024-10-15 15:28:55.840 61821 INFO tempest.lib.common.rest_client [req-d1306ae1-2b42-4187-9cff-d1d311885bff req-d1306ae1-2b42-4187-9cff-d1d311885bff ] Request (MultipleCreateNegativeTestJSON:setUpClass): 204 PUT http://10.180.1.21/identity/v3/projects/2c69e4192cdc4b2e963c473771a8b0f8/users/db519f34540e44af84131b4c94ee5754/roles/af1a6b3b2d5348f4865155352011b218 0.065s
2024-10-15 15:28:55.840 61821 INFO tempest.lib.common.dynamic_creds [-] Dynamic test user db519f34540e44af84131b4c94ee5754 is created with scope project and roles: ['member']
2024-10-15 15:28:55.840 61821 INFO tempest.lib.common.dynamic_creds [-] Acquired dynamic creds: credentials: Credentials: {'domain_id': 'default', 'domain_name': 'Default', 'username': 'tempest-MultipleCreateNegativeTestJSON-506014038-project-member', 'project_domain_id': 'default', 'project_domain_name': 'Default', 'project_id': '2c69e4192cdc4b2e963c473771a8b0f8', 'project_name': 'tempest-MultipleCreateNegativeTestJSON-506014038', 'tenant_id': '2c69e4192cdc4b2e963c473771a8b0f8', 'tenant_name': 'tempest-MultipleCreateNegativeTestJSON-506014038', 'user_domain_id': 'default', 'user_domain_name': 'Default', 'user_id': 'db519f34540e44af84131b4c94ee5754', 'system': None}, Network: None, Subnet: None, Router: None
