2024-10-15 15:28:36.552 61835 INFO tempest.lib.common.rest_client [req-7123f91c-2ced-4d22-93d5-d9ebf7237fb8 req-7123f91c-2ced-4d22-93d5-d9ebf7237fb8 ] Request (TenantUsagesTestJSON:setUpClass): 200 GET http://10.180.1.21/identity/v3/roles 0.072s
2024-10-15 15:28:36.564 61799 INFO tempest.lib.common.rest_client [req-76befe0c-fd2a-4057-ba76-4c19e2ff11ba req-76befe0c-fd2a-4057-ba76-4c19e2ff11ba ] Request (ServerExternalEventsTest:setUpClass): 200 GET http://10.180.1.21/identity/v3/roles 0.019s
2024-10-15 15:28:36.590 61835 INFO tempest.lib.common.rest_client [req-590de4cd-9f77-42a6-a7ab-7d511670f20f req-590de4cd-9f77-42a6-a7ab-7d511670f20f ] Request (TenantUsagesTestJSON:setUpClass): 204 PUT http://10.180.1.21/identity/v3/projects/fc3d6b59e1fc476f83e4d63e858ca18c/users/4ee6f0e9339c48fa984086efe0bfde44/roles/af1a6b3b2d5348f4865155352011b218 0.037s
2024-10-15 15:28:36.590 61835 INFO tempest.lib.common.dynamic_creds [-] Dynamic test user 4ee6f0e9339c48fa984086efe0bfde44 is created with scope project and roles: ['member']
2024-10-15 15:28:36.591 61835 INFO tempest.lib.common.dynamic_creds [-] Acquired dynamic creds: credentials: Credentials: {'domain_id': 'default', 'domain_name': 'Default', 'username': 'tempest-TenantUsagesTestJSON-507762357-project-member', 'project_domain_id': 'default', 'project_domain_name': 'Default', 'project_id': 'fc3d6b59e1fc476f83e4d63e858ca18c', 'project_name': 'tempest-TenantUsagesTestJSON-507762357', 'tenant_id': 'fc3d6b59e1fc476f83e4d63e858ca18c', 'tenant_name': 'tempest-TenantUsagesTestJSON-507762357', 'user_domain_id': 'default', 'user_domain_name': 'Default', 'user_id': '4ee6f0e9339c48fa984086efe0bfde44', 'system': None}, Network: None, Subnet: None, Router: None
2024-10-15 15:28:36.591 61835 INFO tempest.lib.common.dynamic_creds [-] Created isolated network resources for: credentials: Credentials: {'domain_id': 'default', 'domain_name': 'Default', 'username': 'tempest-TenantUsagesTestJSON-507762357-project-member', 'project_domain_id': 'default', 'project_domain_name': 'Default', 'project_id': 'fc3d6b59e1fc476f83e4d63e858ca18c', 'project_name': 'tempest-TenantUsagesTestJSON-507762357', 'tenant_id': 'fc3d6b59e1fc476f83e4d63e858ca18c', 'tenant_name': 'tempest-TenantUsagesTestJSON-507762357', 'user_domain_id': 'default', 'user_domain_name': 'Default', 'user_id': '4ee6f0e9339c48fa984086efe0bfde44', 'system': None}, Network: None, Subnet: None, Router: None
2024-10-15 15:28:36.596 61799 INFO tempest.lib.common.rest_client [req-d44c5fb2-701c-47a9-8efc-d9c312d0f1c1 req-d44c5fb2-701c-47a9-8efc-d9c312d0f1c1 ] Request (ServerExternalEventsTest:setUpClass): 204 PUT http://10.180.1.21/identity/v3/projects/89e58fafb2ec42f3994bc80afe7ac161/users/c19c1243809e4eaaa8de699b2c305c36/roles/294faaeccd444a2aa5fff72be2bdd274 0.032s
2024-10-15 15:28:36.614 61791 INFO tempest.lib.common.rest_client [req-a78ed816-0f58-4662-9e46-83f6ecdc26cc req-a78ed816-0f58-4662-9e46-83f6ecdc26cc ] Request (ServerActionsTestJSON:tearDownClass): 204 DELETE http://10.180.1.21:9696/networking/v2.0/subnets/d59ab134-37bc-42d0-9ac3-f2f56df722e8 0.346s
2024-10-15 15:28:36.654 61825 INFO tempest.lib.common.rest_client [req-c88ee0ee-9711-4923-a470-02cf48a9a11f req-c88ee0ee-9711-4923-a470-02cf48a9a11f ] Request (ValidationResourcesFixture:setUp): 201 POST http://10.180.1.21:9696/networking/v2.0/security-group-rules 0.949s
2024-10-15 15:28:36.655 61799 INFO tempest.lib.common.rest_client [req-0a69d444-f079-4d5b-a383-171c7c0f56e9 req-0a69d444-f079-4d5b-a383-171c7c0f56e9 ] Request (ServerExternalEventsTest:setUpClass): 200 GET http://10.180.1.21/identity/v3/roles 0.059s
2024-10-15 15:28:36.683 61799 INFO tempest.lib.common.rest_client [req-244bc811-93e0-4e17-9b90-e2f5357044d0 req-244bc811-93e0-4e17-9b90-e2f5357044d0 ] Request (ServerExternalEventsTest:setUpClass): 204 PUT http://10.180.1.21/identity/v3/projects/89e58fafb2ec42f3994bc80afe7ac161/users/c19c1243809e4eaaa8de699b2c305c36/roles/294faaeccd444a2aa5fff72be2bdd274 0.027s
2024-10-15 15:28:36.683 61799 INFO tempest.lib.common.dynamic_creds [-] Dynamic test user c19c1243809e4eaaa8de699b2c305c36 is created with scope project and roles: ['admin']
2024-10-15 15:28:36.684 61799 INFO tempest.lib.common.dynamic_creds [-] Acquired dynamic creds: credentials: Credentials: {'domain_id': 'default', 'domain_name': 'Default', 'username': 'tempest-ServerExternalEventsTest-1699372628-project-admin', 'project_domain_id': 'default', 'project_domain_name': 'Default', 'project_id': '89e58fafb2ec42f3994bc80afe7ac161', 'project_name': 'tempest-ServerExternalEventsTest-1699372628', 'tenant_id': '89e58fafb2ec42f3994bc80afe7ac161', 'tenant_name': 'tempest-ServerExternalEventsTest-1699372628', 'user_domain_id': 'default', 'user_domain_name': 'Default', 'user_id': 'c19c1243809e4eaaa8de699b2c305c36', 'system': None}, Network: None, Subnet: None, Router: None
2024-10-15 15:28:36.684 61799 INFO tempest.lib.common.dynamic_creds [-] Created isolated network resources for: credentials: Credentials: {'domain_id': 'default', 'domain_name': 'Default', 'username': 'tempest-ServerExternalEventsTest-1699372628-project-admin', 'project_domain_id': 'default', 'project_domain_name': 'Default', 'project_id': '89e58fafb2ec42f3994bc80afe7ac161', 'project_name': 'tempest-ServerExternalEventsTest-1699372628', 'tenant_id': '89e58fafb2ec42f3994bc80afe7ac161', 'tenant_name': 'tempest-ServerExternalEventsTest-1699372628', 'user_domain_id': 'default', 'user_domain_name': 'Default', 'user_id': 'c19c1243809e4eaaa8de699b2c305c36', 'system': None}, Network: None, Subnet: None, Router: None
2024-10-15 15:28:36.692 61835 INFO tempest.lib.common.rest_client [req-59001d0e-bf47-4742-b617-03faa2f56852 req-59001d0e-bf47-4742-b617-03faa2f56852 ] Request (TenantUsagesTestJSON:setUpClass): 201 POST http://10.180.1.21/identity/v3/auth/tokens 0.097s
2024-10-15 15:28:36.718 61797 INFO tempest.lib.common.rest_client [req-717e76ca-1eb0-4790-9454-6ebf9f8962f7 req-717e76ca-1eb0-4790-9454-6ebf9f8962f7 ] Request (SecurityGroupsTestJSON:test_list_security_groups_by_server): 200 POST http://10.180.1.21/compute/v2.1/os-security-groups 3.631s
2024-10-15 15:28:36.780 61835 INFO tempest.lib.common.rest_client [req-bacb26eb-4fc4-4a50-ab97-df59bc46cd0a req-bacb26eb-4fc4-4a50-ab97-df59bc46cd0a ] Request (TenantUsagesTestJSON:setUpClass): 201 POST http://10.180.1.21/identity/v3/projects 0.087s
2024-10-15 15:28:36.782 61799 INFO tempest.lib.common.rest_client [req-12ddfd40-63fb-410d-ab28-be6e7ee75c75 req-12ddfd40-63fb-410d-ab28-be6e7ee75c75 ] Request (ServerExternalEventsTest:setUpClass): 201 POST http://10.180.1.21/identity/v3/auth/tokens 0.092s
2024-10-15 15:28:36.833 61789 INFO tempest.lib.common.rest_client [req-02d628f3-9bab-4f5a-8657-44aa4f88b1c9 req-02d628f3-9bab-4f5a-8657-44aa4f88b1c9 ] Request (FloatingIPDetailsNegativeTestJSON:setUpClass): 201 POST http://10.180.1.21:9696/networking/v2.0/subnets 1.680s
2024-10-15 15:28:36.860 61799 INFO tempest.lib.common.rest_client [req-6bc27fa0-494e-4cf1-b5f9-151699446efb req-6bc27fa0-494e-4cf1-b5f9-151699446efb ] Request (ServerExternalEventsTest:setUpClass): 201 POST http://10.180.1.21/identity/v3/projects 0.077s
2024-10-15 15:28:36.863 61835 INFO tempest.lib.common.rest_client [req-bfc9a29e-90d5-4cb7-8bd9-452e2543f3b0 req-bfc9a29e-90d5-4cb7-8bd9-452e2543f3b0 ] Request (TenantUsagesTestJSON:setUpClass): 201 POST http://10.180.1.21/identity/v3/users 0.083s
2024-10-15 15:28:36.908 61845 INFO tempest.lib.common.rest_client [req-9fb49047-d92e-4e5e-bd0b-820d424015ef req-9fb49047-d92e-4e5e-bd0b-820d424015ef ] Request (QuotasAdminTestJSON:tearDownClass): 200 GET http://10.180.1.21:9696/networking/v2.0/security-groups?tenant_id=db8e6a7fe0f64ffab0f51be3798836db&name=default 0.895s
2024-10-15 15:28:36.915 61835 INFO tempest.lib.common.rest_client [req-eb2d990e-3746-4057-8120-ef3d94fcf3f3 req-eb2d990e-3746-4057-8120-ef3d94fcf3f3 ] Request (TenantUsagesTestJSON:setUpClass): 200 GET http://10.180.1.21/identity/v3/roles 0.051s
2024-10-15 15:28:36.923 61799 INFO tempest.lib.common.rest_client [req-fde9196a-225c-4fd8-8ac7-57bc514d13d7 req-fde9196a-225c-4fd8-8ac7-57bc514d13d7 ] Request (ServerExternalEventsTest:setUpClass): 201 POST http://10.180.1.21/identity/v3/users 0.062s
2024-10-15 15:28:36.940 61799 INFO tempest.lib.common.rest_client [req-72c4b7ae-7e19-4f84-a766-658fccd6de2a req-72c4b7ae-7e19-4f84-a766-658fccd6de2a ] Request (ServerExternalEventsTest:setUpClass): 200 GET http://10.180.1.21/identity/v3/roles 0.016s
2024-10-15 15:28:36.949 61835 INFO tempest.lib.common.rest_client [req-677f4fe2-7f5e-4172-bacc-2e4a4f73ffbc req-677f4fe2-7f5e-4172-bacc-2e4a4f73ffbc ] Request (TenantUsagesTestJSON:setUpClass): 204 PUT http://10.180.1.21/identity/v3/projects/8ccf4b392f0e457da119705ac8f47525/users/84050b1e9b8d40209b8309700924d659/roles/294faaeccd444a2aa5fff72be2bdd274 0.033s
2024-10-15 15:28:37.003 61835 INFO tempest.lib.common.rest_client [req-17791cd9-d361-48d2-acfc-dffe61329010 req-17791cd9-d361-48d2-acfc-dffe61329010 ] Request (TenantUsagesTestJSON:setUpClass): 200 GET http://10.180.1.21/identity/v3/roles 0.049s
2024-10-15 15:28:37.006 61799 INFO tempest.lib.common.rest_client [req-25afa7cb-979e-46bd-a51f-9deab5d913db req-25afa7cb-979e-46bd-a51f-9deab5d913db ] Request (ServerExternalEventsTest:setUpClass): 204 PUT http://10.180.1.21/identity/v3/projects/7c4269091b9849c2acadb6e8224b1fdd/users/c9016b789fbf4793b918dbc4b25e8b20/roles/294faaeccd444a2aa5fff72be2bdd274 0.066s
2024-10-15 15:28:37.052 61835 INFO tempest.lib.common.rest_client [req-4859f9e3-4272-4866-b713-e84ea65f230e req-4859f9e3-4272-4866-b713-e84ea65f230e ] Request (TenantUsagesTestJSON:setUpClass): 204 PUT http://10.180.1.21/identity/v3/projects/8ccf4b392f0e457da119705ac8f47525/users/84050b1e9b8d40209b8309700924d659/roles/294faaeccd444a2aa5fff72be2bdd274 0.049s
2024-10-15 15:28:37.052 61835 INFO tempest.lib.common.dynamic_creds [-] Dynamic test user 84050b1e9b8d40209b8309700924d659 is created with scope project and roles: ['admin']
2024-10-15 15:28:37.052 61835 INFO tempest.lib.common.dynamic_creds [-] Acquired dynamic creds: credentials: Credentials: {'domain_id': 'default', 'domain_name': 'Default', 'username': 'tempest-TenantUsagesTestJSON-1029050538-project-admin', 'project_domain_id': 'default', 'project_domain_name': 'Default', 'project_id': '8ccf4b392f0e457da119705ac8f47525', 'project_name': 'tempest-TenantUsagesTestJSON-1029050538', 'tenant_id': '8ccf4b392f0e457da119705ac8f47525', 'tenant_name': 'tempest-TenantUsagesTestJSON-1029050538', 'user_domain_id': 'default', 'user_domain_name': 'Default', 'user_id': '84050b1e9b8d40209b8309700924d659', 'system': None}, Network: None, Subnet: None, Router: None
2024-10-15 15:28:37.052 61835 INFO tempest.lib.common.dynamic_creds [-] Created isolated network resources for: credentials: Credentials: {'domain_id': 'default', 'domain_name': 'Default', 'username': 'tempest-TenantUsagesTestJSON-1029050538-project-admin', 'project_domain_id': 'default', 'project_domain_name': 'Default', 'project_id': '8ccf4b392f0e457da119705ac8f47525', 'project_name': 'tempest-TenantUsagesTestJSON-1029050538', 'tenant_id': '8ccf4b392f0e457da119705ac8f47525', 'tenant_name': 'tempest-TenantUsagesTestJSON-1029050538', 'user_domain_id': 'default', 'user_domain_name': 'Default', 'user_id': '84050b1e9b8d40209b8309700924d659', 'system': None}, Network: None, Subnet: None, Router: None
2024-10-15 15:28:37.060 61799 INFO tempest.lib.common.rest_client [req-ded529a7-8190-42bc-a45d-d03aaef617a4 req-ded529a7-8190-42bc-a45d-d03aaef617a4 ] Request (ServerExternalEventsTest:setUpClass): 200 GET http://10.180.1.21/identity/v3/roles 0.053s
2024-10-15 15:28:37.123 61799 INFO tempest.lib.common.rest_client [req-663c5687-c081-4f8d-a627-ec2361dc2012 req-663c5687-c081-4f8d-a627-ec2361dc2012 ] Request (ServerExternalEventsTest:setUpClass): 204 PUT http://10.180.1.21/identity/v3/projects/7c4269091b9849c2acadb6e8224b1fdd/users/c9016b789fbf4793b918dbc4b25e8b20/roles/519e90ed1d014f4ba11b7e2d5d06754f 0.063s
2024-10-15 15:28:37.123 61799 INFO tempest.lib.common.dynamic_creds [-] Dynamic test user c9016b789fbf4793b918dbc4b25e8b20 is created with scope project and roles: ['admin', 'service']
2024-10-15 15:28:37.123 61799 INFO tempest.lib.common.dynamic_creds [-] Acquired dynamic creds: credentials: Credentials: {'domain_id': 'default', 'domain_name': 'Default', 'username': 'tempest-ServerExternalEventsTest-3943712-project', 'project_domain_id': 'default', 'project_domain_name': 'Default', 'project_id': '7c4269091b9849c2acadb6e8224b1fdd', 'project_name': 'tempest-ServerExternalEventsTest-3943712', 'tenant_id': '7c4269091b9849c2acadb6e8224b1fdd', 'tenant_name': 'tempest-ServerExternalEventsTest-3943712', 'user_domain_id': 'default', 'user_domain_name': 'Default', 'user_id': 'c9016b789fbf4793b918dbc4b25e8b20', 'system': None}, Network: None, Subnet: None, Router: None
2024-10-15 15:28:37.124 61799 INFO tempest.lib.common.dynamic_creds [-] Created isolated network resources for: credentials: Credentials: {'domain_id': 'default', 'domain_name': 'Default', 'username': 'tempest-ServerExternalEventsTest-3943712-project', 'project_domain_id': 'default', 'project_domain_name': 'Default', 'project_id': '7c4269091b9849c2acadb6e8224b1fdd', 'project_name': 'tempest-ServerExternalEventsTest-3943712', 'tenant_id': '7c4269091b9849c2acadb6e8224b1fdd', 'tenant_name': 'tempest-ServerExternalEventsTest-3943712', 'user_domain_id': 'default', 'user_domain_name': 'Default', 'user_id': 'c9016b789fbf4793b918dbc4b25e8b20', 'system': None}, Network: None, Subnet: None, Router: None
2024-10-15 15:28:37.141 61835 INFO tempest.lib.common.rest_client [req-867c23e6-a290-4e05-8b7c-da8079e9b641 req-867c23e6-a290-4e05-8b7c-da8079e9b641 ] Request (TenantUsagesTestJSON:setUpClass): 201 POST http://10.180.1.21/identity/v3/auth/tokens 0.078s
2024-10-15 15:28:37.160 61821 INFO tempest.lib.common.rest_client [req-327e8335-374e-41c0-bd40-d9ddbcd1f149 req-327e8335-374e-41c0-bd40-d9ddbcd1f149 ] Request (VolumesAssistedSnapshotsTest:tearDownClass): 204 DELETE http://10.180.1.21:9696/networking/v2.0/subnets/bfcbdf47-88dc-49c2-a3a0-d41806eb21ea 0.972s
2024-10-15 15:28:37.196 61835 INFO tempest.lib.common.rest_client [req-4af624f6-ed87-4439-865d-b46d93a49740 req-4af624f6-ed87-4439-865d-b46d93a49740 ] Request (TenantUsagesTestJSON:setUpClass): 201 POST http://10.180.1.21/identity/v3/auth/tokens 0.050s
2024-10-15 15:28:37.197 61835 INFO tempest.lib.common.fixed_network [-] (TenantUsagesTestJSON:setUpClass) Found network None available for tenant
2024-10-15 15:28:37.206 61799 INFO tempest.lib.common.rest_client [req-76df1b58-f889-4217-ace4-5efceda0f437 req-76df1b58-f889-4217-ace4-5efceda0f437 ] Request (ServerExternalEventsTest:setUpClass): 201 POST http://10.180.1.21/identity/v3/auth/tokens 0.078s
2024-10-15 15:28:37.265 61799 INFO tempest.lib.common.rest_client [req-bedc0774-0d01-4e11-a4ef-a40ebfccf5fb req-bedc0774-0d01-4e11-a4ef-a40ebfccf5fb ] Request (ServerExternalEventsTest:test_create_server_external_events): 201 POST http://10.180.1.21/identity/v3/auth/tokens 0.051s
2024-10-15 15:28:37.266 61799 INFO tempest.lib.common.fixed_network [-] (ServerExternalEventsTest:test_create_server_external_events) Found network None available for tenant
2024-10-15 15:28:37.570 61825 INFO tempest.lib.common.rest_client [req-c0775dde-b9b1-484f-9f55-ffc2058915b9 req-c0775dde-b9b1-484f-9f55-ffc2058915b9 ] Request (ValidationResourcesFixture:setUp): 201 POST http://10.180.1.21:9696/networking/v2.0/security-group-rules 0.915s
2024-10-15 15:28:37.826 61827 INFO tempest.lib.common.rest_client [req-c58d93f3-90fc-409d-9c3a-8bc529b434dd req-c58d93f3-90fc-409d-9c3a-8bc529b434dd ] Request (ServerAddressesTestJSON:setUpClass): 202 POST http://10.180.1.21/compute/v2.1/servers 4.712s
2024-10-15 15:28:37.844 61785 INFO tempest.lib.common.rest_client [req-c48d6720-1745-4a9e-9343-5c404714af77 req-c48d6720-1745-4a9e-9343-5c404714af77 ] Request (ServersWithSpecificFlavorTestJSON:test_verify_created_server_ephemeral_disk): 404 GET http://10.180.1.21/compute/v2.1/servers/467ba147-20b6-41eb-852f-4097cb45ba6b 4.128s
2024-10-15 15:28:37.862 61807 INFO tempest.lib.common.rest_client [req-129e8c7b-4c66-4c9a-9fc9-a0a8122913f5 req-129e8c7b-4c66-4c9a-9fc9-a0a8122913f5 ] Request (FlavorsAdminTestJSON:test_is_public_string_variations): 200 GET http://10.180.1.21/compute/v2.1/flavors/detail?is_public=f 4.128s
2024-10-15 15:28:37.886 61831 INFO tempest.lib.common.rest_client [req-aa81e394-9add-405b-bbcd-42efcea67f49 req-aa81e394-9add-405b-bbcd-42efcea67f49 ] Request (KeyPairsV22TestJSON:_run_cleanups): 204 DELETE http://10.180.1.21/compute/v2.1/os-keypairs/tempest-keypair-1066117452 4.136s
2024-10-15 15:28:37.910 61815 INFO tempest.lib.common.rest_client [req-56b4abe4-c33e-4ba9-971b-5b8dcd853257 req-56b4abe4-c33e-4ba9-971b-5b8dcd853257 ] Request (AggregatesAdminNegativeTestJSON:test_aggregate_remove_host_as_user): 200 POST http://10.180.1.21/compute/v2.1/os-aggregates 4.124s
2024-10-15 15:28:37.929 61845 INFO tempest.lib.common.rest_client [req-2d7495a0-7a43-49ea-93b5-5b9fa669bbf3 req-2d7495a0-7a43-49ea-93b5-5b9fa669bbf3 ] Request (QuotasAdminTestJSON:tearDownClass): 204 DELETE http://10.180.1.21:9696/networking/v2.0/security-groups/d9559b52-b9e9-4bc9-8633-d5ec2b5fdccd 1.020s
2024-10-15 15:28:37.940 61809 INFO tempest.lib.common.rest_client [req-11988e3d-4023-4df8-8b50-c0928b10f4a3 req-11988e3d-4023-4df8-8b50-c0928b10f4a3 ] Request (ServersTestMultiNic:test_verify_multiple_nics_order): 200 GET http://10.180.1.21/compute/v2.1/servers/410d3c8b-9be0-4863-b121-c9acffae69e4 4.406s
2024-10-15 15:28:38.047 61783 INFO tempest.lib.common.rest_client [req-d5f625b5-8e11-4328-acb0-6b63930c0686 req-d5f625b5-8e11-4328-acb0-6b63930c0686 ] Request (ServersAdminTestJSON:tearDownClass): 200 PUT http://10.180.1.21:9696/networking/v2.0/routers/666d3d62-2485-4831-bd52-0485c91e2c8f/remove_router_interface 5.486s
2024-10-15 15:28:38.057 61831 INFO tempest.lib.common.rest_client [req-90edabfc-4658-429a-9633-95eba9ae3abb req-90edabfc-4658-429a-9633-95eba9ae3abb ] Request (KeyPairsV22TestJSON:tearDownClass): 204 DELETE http://10.180.1.21/identity/v3/users/7c55ba382bf044dda2263368a7d5dcf3 0.169s
2024-10-15 15:28:38.057 61831 INFO tempest.lib.common.dynamic_creds [-] Deleting project and security group for project: ca693b6e262b499a8094ca50eaeefe8a
2024-10-15 15:28:38.059 61837 INFO tempest.lib.common.rest_client [req-7faa62ce-9d9b-458b-b097-c425e02457c1 req-7faa62ce-9d9b-458b-b097-c425e02457c1 ] Request (ServerDiagnosticsNegativeTest:test_get_server_diagnostics_by_non_admin): 200 GET http://10.180.1.21/compute/v2.1/servers/996e9c89-dd9c-4c76-952d-9ff90dec38c1 3.715s
2024-10-15 15:28:38.076 61841 INFO tempest.lib.common.rest_client [req-b2c1d9fd-d176-4be8-9d87-daaab174d5c7 req-b2c1d9fd-d176-4be8-9d87-daaab174d5c7 ] Request (ServerActionsTestOtherB:setUpClass): 200 GET http://10.180.1.21/compute/v2.1/servers/4858bdbd-3aa6-4ac6-ab02-cd2d6ff03ea2 3.155s
2024-10-15 15:28:38.090 61845 INFO tempest.lib.common.rest_client [req-9023d12b-5248-4b76-9935-9ab0cfa1edf5 req-9023d12b-5248-4b76-9935-9ab0cfa1edf5 ] Request (QuotasAdminTestJSON:tearDownClass): 204 DELETE http://10.180.1.21/identity/v3/projects/db8e6a7fe0f64ffab0f51be3798836db 0.161s
2024-10-15 15:28:38.090 61845 INFO tempest.lib.common.dynamic_creds [-] Deleting project and security group for project: 8370a2aa661f43b0b2cf818d2ad04982
2024-10-15 15:28:38.106 61839 INFO tempest.lib.common.rest_client [req-e8c3e7f3-cc04-4df8-8240-3fe73e8ea6d2 req-e8c3e7f3-cc04-4df8-8240-3fe73e8ea6d2 ] Request (VolumesAdminNegativeTest:tearDownClass): 202 DELETE http://10.180.1.21/compute/v2.1/os-keypairs/tempest-keypair-1344607050 3.139s
2024-10-15 15:28:38.137 61831 INFO tempest.lib.common.rest_client [req-76a75dfe-8bea-4843-939e-db3f02f00ec4 req-76a75dfe-8bea-4843-939e-db3f02f00ec4 ] Request (KeyPairsV22TestJSON:tearDownClass): 201 POST http://10.180.1.21/identity/v3/auth/tokens 0.079s
2024-10-15 15:28:38.300 61791 INFO tempest.lib.common.rest_client [req-2a71dfa4-4fa2-4c77-adc3-875b742b0857 req-2a71dfa4-4fa2-4c77-adc3-875b742b0857 ] Request (ServerActionsTestJSON:tearDownClass): 204 DELETE http://10.180.1.21:9696/networking/v2.0/networks/7510b094-f18f-4d0f-b5f4-d5cec1f6f05e 1.685s
2024-10-15 15:28:38.403 61791 INFO tempest.lib.common.rest_client [req-6e813848-335a-4573-b3e9-990e90e7f508 req-6e813848-335a-4573-b3e9-990e90e7f508 ] Request (ServerActionsTestJSON:tearDownClass): 204 DELETE http://10.180.1.21/identity/v3/users/3999c3b2af1f4bc089587acda9cbd4e9 0.103s
2024-10-15 15:28:38.403 61791 INFO tempest.lib.common.dynamic_creds [-] Deleting project and security group for project: fa911ec07ba14af1b645fa020802638c
2024-10-15 15:28:38.683 61791 INFO tempest.lib.common.rest_client [req-abcf4239-dd79-4ee4-8950-5cce93259912 req-abcf4239-dd79-4ee4-8950-5cce93259912 ] Request (ServerActionsTestJSON:tearDownClass): 200 GET http://10.180.1.21:9696/networking/v2.0/security-groups?tenant_id=fa911ec07ba14af1b645fa020802638c&name=default 0.279s
2024-10-15 15:28:38.947 61845 INFO tempest.lib.common.rest_client [req-19c53cab-e598-4687-b214-6a895270b7e8 req-19c53cab-e598-4687-b214-6a895270b7e8 ] Request (QuotasAdminTestJSON:tearDownClass): 200 GET http://10.180.1.21:9696/networking/v2.0/security-groups?tenant_id=8370a2aa661f43b0b2cf818d2ad04982&name=default 0.857s
2024-10-15 15:28:39.075 61821 INFO tempest.lib.common.rest_client [req-f3024d33-df09-49fb-b1ed-1ef9b220ebe8 req-f3024d33-df09-49fb-b1ed-1ef9b220ebe8 ] Request (VolumesAssistedSnapshotsTest:tearDownClass): 204 DELETE http://10.180.1.21:9696/networking/v2.0/networks/5451b424-d9dc-4664-aa0f-9e076ed188af 1.914s
2024-10-15 15:28:39.106 61817 INFO tempest.lib.common.rest_client [req-0446f9fe-0860-448c-b83c-7cb980535c6b req-0446f9fe-0860-448c-b83c-7cb980535c6b ] Request (SecurityGroupRulesTestJSON:test_security_group_rules_create_with_optional_cidr): 200 POST http://10.180.1.21/compute/v2.1/os-security-groups 4.158s
2024-10-15 15:28:39.111 61843 INFO tempest.lib.common.rest_client [req-144f1878-9072-4a43-9585-eca570ed23eb req-144f1878-9072-4a43-9585-eca570ed23eb ] Request (FlavorsExtraSpecsNegativeTestJSON:test_flavor_update_more_key): 400 PUT http://10.180.1.21/compute/v2.1/flavors/1891089845/os-extra_specs/hw:numa_nodes 3.913s
2024-10-15 15:28:39.134 61830 INFO tempest.lib.common.rest_client [req-8d0e3ff3-4eec-44dd-a7d1-298395f88bb4 req-8d0e3ff3-4eec-44dd-a7d1-298395f88bb4 ] Request (SecurityGroupRulesNegativeTestJSON:test_create_security_group_rule_with_invalid_ip_protocol): 200 POST http://10.180.1.21/compute/v2.1/os-security-groups 3.944s
2024-10-15 15:28:39.155 61831 INFO tempest.lib.common.rest_client [req-82c7a81e-48b4-4341-b7cf-4cfde2af4461 req-82c7a81e-48b4-4341-b7cf-4cfde2af4461 ] Request (KeyPairsV22TestJSON:tearDownClass): 200 GET http://10.180.1.21:9696/networking/v2.0/security-groups?tenant_id=ca693b6e262b499a8094ca50eaeefe8a&name=default 1.018s
2024-10-15 15:28:39.252 61839 INFO tempest.lib.common.rest_client [req-b292988a-f697-427a-a4c5-b69b83df08b8 req-b292988a-f697-427a-a4c5-b69b83df08b8 ] Request (VolumesAdminNegativeTest:tearDownClass): 204 DELETE http://10.180.1.21:9696/networking/v2.0/security-groups/8c88c936-6a2b-47e3-9525-1054f2b1fff9 1.146s
2024-10-15 15:28:39.307 61839 INFO tempest.lib.common.rest_client [req-181bbee7-b1a3-4d04-9c65-35002c1a5a5c req-181bbee7-b1a3-4d04-9c65-35002c1a5a5c ] Request (VolumesAdminNegativeTest:tearDownClass): 404 GET http://10.180.1.21:9696/networking/v2.0/security-groups/8c88c936-6a2b-47e3-9525-1054f2b1fff9 0.054s
2024-10-15 15:28:39.322 61801 INFO tempest.lib.common.rest_client [req-ed3e5753-4eed-4711-b608-87d1907b7353 req-ed3e5753-4eed-4711-b608-87d1907b7353 ] Request (AbsoluteLimitsNegativeTestJSON:test_max_metadata_exceed_limit): 200 GET http://10.180.1.21/compute/v2.1/limits 3.647s
2024-10-15 15:28:39.355 61801 INFO tempest.lib.common.rest_client [req-282ced21-6ddd-4bde-9209-d489167ed545 req-282ced21-6ddd-4bde-9209-d489167ed545 ] Request (AbsoluteLimitsNegativeTestJSON:test_max_metadata_exceed_limit): 201 POST http://10.180.1.21/identity/v3/auth/tokens 0.025s
2024-10-15 15:28:39.355 61801 INFO tempest.lib.common.fixed_network [-] (AbsoluteLimitsNegativeTestJSON:test_max_metadata_exceed_limit) Found network None available for tenant
2024-10-15 15:28:39.502 61833 INFO tempest.lib.common.rest_client [req-f0ed98b7-9094-46bc-9c87-f502c8d38cc8 req-f0ed98b7-9094-46bc-9c87-f502c8d38cc8 ] Request (ImagesOneServerNegativeTestJSON:setUpClass): 204 DELETE http://10.180.1.21/compute/v2.1/servers/e9f942ac-414f-4d15-9b7a-c26e6612a787 4.176s
2024-10-15 15:28:39.605 61811 INFO tempest.lib.common.rest_client [req-82a12131-d022-44b4-af7a-76ecc2067b94 req-82a12131-d022-44b4-af7a-76ecc2067b94 ] Request (ServersTestManualDisk:setUpClass): 200 POST http://10.180.1.21/compute/v2.1/os-keypairs 3.066s
2024-10-15 15:28:39.932 61791 INFO tempest.lib.common.rest_client [req-8475578a-c131-4ca9-9000-90ef016097a9 req-8475578a-c131-4ca9-9000-90ef016097a9 ] Request (ServerActionsTestJSON:tearDownClass): 204 DELETE http://10.180.1.21:9696/networking/v2.0/security-groups/feb75a19-218d-424a-912b-e3bb40a5a327 1.248s
2024-10-15 15:28:39.962 61845 INFO tempest.lib.common.rest_client [req-590573b8-b13a-42e7-a263-0cef929b633b req-590573b8-b13a-42e7-a263-0cef929b633b ] Request (QuotasAdminTestJSON:tearDownClass): 204 DELETE http://10.180.1.21:9696/networking/v2.0/security-groups/bb99634e-8e89-4017-ab3c-bb03b67e3ba2 1.014s
2024-10-15 15:28:40.051 61791 INFO tempest.lib.common.rest_client [req-8a64c971-96a4-4a7d-8e72-46b98f786847 req-8a64c971-96a4-4a7d-8e72-46b98f786847 ] Request (ServerActionsTestJSON:tearDownClass): 204 DELETE http://10.180.1.21/identity/v3/projects/fa911ec07ba14af1b645fa020802638c 0.119s
2024-10-15 15:28:40.086 61791 INFO tempest.lib.common.rest_client [req-13e87b4f-d08e-46a1-8eeb-09e9ec6446d8 req-13e87b4f-d08e-46a1-8eeb-09e9ec6446d8 ] Request (ServerGroup264TestJSON:setUpClass): 201 POST http://10.180.1.21/identity/v3/auth/tokens 0.029s
2024-10-15 15:28:40.119 61845 INFO tempest.lib.common.rest_client [req-2ba9ae0a-ec46-45b6-b4c6-c62e41e97e67 req-2ba9ae0a-ec46-45b6-b4c6-c62e41e97e67 ] Request (QuotasAdminTestJSON:tearDownClass): 204 DELETE http://10.180.1.21/identity/v3/projects/8370a2aa661f43b0b2cf818d2ad04982 0.157s
2024-10-15 15:28:40.158 61791 INFO tempest.lib.common.rest_client [req-803253bf-f1f3-4a39-b5bb-c4b0de4b3752 req-803253bf-f1f3-4a39-b5bb-c4b0de4b3752 ] Request (ServerGroup264TestJSON:setUpClass): 201 POST http://10.180.1.21/identity/v3/auth/tokens 0.069s
2024-10-15 15:28:40.184 61791 INFO tempest.lib.common.rest_client [req-2656185b-7a6e-4af4-8057-070182bdf0f8 req-2656185b-7a6e-4af4-8057-070182bdf0f8 ] Request (ServerGroup264TestJSON:setUpClass): 200 GET http://10.180.1.21/identity/v3/domains?name=Default 0.025s
2024-10-15 15:28:40.185 61845 INFO tempest.lib.common.rest_client [req-6c3aa91d-6223-4a00-9f00-a1f6dcd88f60 req-6c3aa91d-6223-4a00-9f00-a1f6dcd88f60 ] Request (ListImageFiltersTestJSON:setUpClass): 201 POST http://10.180.1.21/identity/v3/auth/tokens 0.064s
2024-10-15 15:28:40.223 61791 INFO tempest.lib.common.rest_client [req-c93d6da2-7b59-4572-a96c-b47851d0811e req-c93d6da2-7b59-4572-a96c-b47851d0811e ] Request (ServerGroup264TestJSON:setUpClass): 201 POST http://10.180.1.21/identity/v3/projects 0.038s
2024-10-15 15:28:40.288 61791 INFO tempest.lib.common.rest_client [req-2d9357eb-dddf-4777-b6c4-25537bf6fdac req-2d9357eb-dddf-4777-b6c4-25537bf6fdac ] Request (ServerGroup264TestJSON:setUpClass): 201 POST http://10.180.1.21/identity/v3/users 0.064s
2024-10-15 15:28:40.291 61845 INFO tempest.lib.common.rest_client [req-4a19c321-6041-4fdf-aa21-9519392637b4 req-4a19c321-6041-4fdf-aa21-9519392637b4 ] Request (ListImageFiltersTestJSON:setUpClass): 201 POST http://10.180.1.21/identity/v3/auth/tokens 0.058s
2024-10-15 15:28:40.309 61791 INFO tempest.lib.common.rest_client [req-e2a8f0e7-5d86-40f6-8176-a4184583a7c1 req-e2a8f0e7-5d86-40f6-8176-a4184583a7c1 ] Request (ServerGroup264TestJSON:setUpClass): 200 GET http://10.180.1.21/identity/v3/roles 0.020s
2024-10-15 15:28:40.313 61845 INFO tempest.lib.common.rest_client [req-a342339f-0371-4ece-a6ac-2bebdf92ce3a req-a342339f-0371-4ece-a6ac-2bebdf92ce3a ] Request (ListImageFiltersTestJSON:setUpClass): 200 GET http://10.180.1.21/identity/v3/domains?name=Default 0.021s
2024-10-15 15:28:40.339 61791 INFO tempest.lib.common.rest_client [req-2fe14f88-56ab-4214-a7d2-0f1ddb662ca6 req-2fe14f88-56ab-4214-a7d2-0f1ddb662ca6 ] Request (ServerGroup264TestJSON:setUpClass): 204 PUT http://10.180.1.21/identity/v3/projects/bb8742dab73b4e06b80cca0ce4536618/users/38930e685893414cace6af4dba5d7543/roles/af1a6b3b2d5348f4865155352011b218 0.029s
2024-10-15 15:28:40.339 61791 INFO tempest.lib.common.dynamic_creds [-] Dynamic test user 38930e685893414cace6af4dba5d7543 is created with scope project and roles: ['member']
2024-10-15 15:28:40.340 61791 INFO tempest.lib.common.dynamic_creds [-] Acquired dynamic creds: credentials: Credentials: {'domain_id': 'default', 'domain_name': 'Default', 'username': 'tempest-ServerGroup264TestJSON-2009717666-project-member', 'project_domain_id': 'default', 'project_domain_name': 'Default', 'project_id': 'bb8742dab73b4e06b80cca0ce4536618', 'project_name': 'tempest-ServerGroup264TestJSON-2009717666', 'tenant_id': 'bb8742dab73b4e06b80cca0ce4536618', 'tenant_name': 'tempest-ServerGroup264TestJSON-2009717666', 'user_domain_id': 'default', 'user_domain_name': 'Default', 'user_id': '38930e685893414cace6af4dba5d7543', 'system': None}, Network: None, Subnet: None, Router: None
2024-10-15 15:28:40.343 61845 INFO tempest.lib.common.rest_client [req-aba902ad-b2d7-4ea1-8fe3-1ab7d90b7f8b req-aba902ad-b2d7-4ea1-8fe3-1ab7d90b7f8b ] Request (ListImageFiltersTestJSON:setUpClass): 201 POST http://10.180.1.21/identity/v3/projects 0.030s
2024-10-15 15:28:40.373 61831 INFO tempest.lib.common.rest_client [req-9a530813-b7db-4e8e-91cc-f238a39eb497 req-9a530813-b7db-4e8e-91cc-f238a39eb497 ] Request (KeyPairsV22TestJSON:tearDownClass): 204 DELETE http://10.180.1.21:9696/networking/v2.0/security-groups/1ce1efea-f4d1-4c02-9cb6-f232ae3c2662 1.217s
2024-10-15 15:28:40.401 61791 INFO tempest.lib.common.rest_client [req-e65d83d8-a90e-4530-9e2a-6cafa83458d4 req-e65d83d8-a90e-4530-9e2a-6cafa83458d4 ] Request (ServerGroup264TestJSON:setUpClass): 201 POST http://10.180.1.21/identity/v3/auth/tokens 0.061s
2024-10-15 15:28:40.406 61845 INFO tempest.lib.common.rest_client [req-ddaee562-383c-4908-a94a-ccf84e3bdb36 req-ddaee562-383c-4908-a94a-ccf84e3bdb36 ] Request (ListImageFiltersTestJSON:setUpClass): 201 POST http://10.180.1.21/identity/v3/users 0.061s
2024-10-15 15:28:40.423 61845 INFO tempest.lib.common.rest_client [req-8eb5b3f5-5eea-40ac-9736-a1ef9c114b56 req-8eb5b3f5-5eea-40ac-9736-a1ef9c114b56 ] Request (ListImageFiltersTestJSON:setUpClass): 200 GET http://10.180.1.21/identity/v3/roles 0.016s
2024-10-15 15:28:40.445 61813 INFO tempest.lib.common.rest_client [req-0f18a94a-b9a0-406a-9808-f219b2b23520 req-0f18a94a-b9a0-406a-9808-f219b2b23520 ] Request (ServerDiskConfigTestJSON:test_rebuild_server_with_manual_disk_config): 200 GET http://10.180.1.21/compute/v2.1/servers/f2b1637b-6a4b-43e7-bd5d-d6f33abd9867 3.871s
2024-10-15 15:28:40.463 61831 INFO tempest.lib.common.rest_client [req-48d8671a-9c67-489d-b4f0-46c05a4a1fda req-48d8671a-9c67-489d-b4f0-46c05a4a1fda ] Request (KeyPairsV22TestJSON:tearDownClass): 204 DELETE http://10.180.1.21/identity/v3/projects/ca693b6e262b499a8094ca50eaeefe8a 0.089s
2024-10-15 15:28:40.532 61845 INFO tempest.lib.common.rest_client [req-112539d6-b3e4-4514-9bee-bc7df763e8c2 req-112539d6-b3e4-4514-9bee-bc7df763e8c2 ] Request (ListImageFiltersTestJSON:setUpClass): 204 PUT http://10.180.1.21/identity/v3/projects/7097bed89f7c4ec699866cb25bf49e47/users/6189f904167c4cfa9fe287573713f17b/roles/af1a6b3b2d5348f4865155352011b218 0.108s
2024-10-15 15:28:40.532 61845 INFO tempest.lib.common.dynamic_creds [-] Dynamic test user 6189f904167c4cfa9fe287573713f17b is created with scope project and roles: ['member']
2024-10-15 15:28:40.533 61845 INFO tempest.lib.common.dynamic_creds [-] Acquired dynamic creds: credentials: Credentials: {'domain_id': 'default', 'domain_name': 'Default', 'username': 'tempest-ListImageFiltersTestJSON-328745172-project-member', 'project_domain_id': 'default', 'project_domain_name': 'Default', 'project_id': '7097bed89f7c4ec699866cb25bf49e47', 'project_name': 'tempest-ListImageFiltersTestJSON-328745172', 'tenant_id': '7097bed89f7c4ec699866cb25bf49e47', 'tenant_name': 'tempest-ListImageFiltersTestJSON-328745172', 'user_domain_id': 'default', 'user_domain_name': 'Default', 'user_id': '6189f904167c4cfa9fe287573713f17b', 'system': None}, Network: None, Subnet: None, Router: None
2024-10-15 15:28:40.533 61845 INFO tempest.lib.common.dynamic_creds [-] Created isolated network resources for: credentials: Credentials: {'domain_id': 'default', 'domain_name': 'Default', 'username': 'tempest-ListImageFiltersTestJSON-328745172-project-member', 'project_domain_id': 'default', 'project_domain_name': 'Default', 'project_id': '7097bed89f7c4ec699866cb25bf49e47', 'project_name': 'tempest-ListImageFiltersTestJSON-328745172', 'tenant_id': '7097bed89f7c4ec699866cb25bf49e47', 'tenant_name': 'tempest-ListImageFiltersTestJSON-328745172', 'user_domain_id': 'default', 'user_domain_name': 'Default', 'user_id': '6189f904167c4cfa9fe287573713f17b', 'system': None}, Network: None, Subnet: None, Router: None
2024-10-15 15:28:40.569 61831 INFO tempest.lib.common.rest_client [req-e9410809-2421-445f-a136-f1f8e7bc6299 req-e9410809-2421-445f-a136-f1f8e7bc6299 ] Request (InstanceActionsTestJSON:setUpClass): 201 POST http://10.180.1.21/identity/v3/auth/tokens 0.103s
2024-10-15 15:28:40.603 61831 INFO tempest.lib.common.rest_client [req-4b934ac7-e796-4411-a8fc-a1fed08ae8dc req-4b934ac7-e796-4411-a8fc-a1fed08ae8dc ] Request (InstanceActionsTestJSON:setUpClass): 201 POST http://10.180.1.21/identity/v3/auth/tokens 0.032s
2024-10-15 15:28:40.605 61805 INFO tempest.lib.common.rest_client [req-7faa5682-8ba3-4ff6-87ec-9f8bd089476b req-7faa5682-8ba3-4ff6-87ec-9f8bd089476b ] Request (ServerDiagnosticsV248Test:test_get_server_diagnostics): 200 GET http://10.180.1.21/compute/v2.1/servers/151fefe2-b70a-4ea5-8b50-08c7968b10fe 3.906s
2024-10-15 15:28:40.619 61823 INFO tempest.lib.common.rest_client [req-e040e97a-2147-4a75-ac4d-90a16f670dd8 req-e040e97a-2147-4a75-ac4d-90a16f670dd8 ] Request (ServerRescueTestJSONUnderV235:setUpClass): 201 POST http://10.180.1.21:9696/networking/v2.0/routers 5.546s
2024-10-15 15:28:40.630 61845 INFO tempest.lib.common.rest_client [req-bca3476a-e005-432a-a024-4ee33bc0f5f5 req-bca3476a-e005-432a-a024-4ee33bc0f5f5 ] Request (ListImageFiltersTestJSON:setUpClass): 201 POST http://10.180.1.21/identity/v3/auth/tokens 0.093s
2024-10-15 15:28:40.633 61831 INFO tempest.lib.common.rest_client [req-beb06b0a-2cff-4e4d-988c-d4534896d0a9 req-beb06b0a-2cff-4e4d-988c-d4534896d0a9 ] Request (InstanceActionsTestJSON:setUpClass): 200 GET http://10.180.1.21/identity/v3/domains?name=Default 0.029s
2024-10-15 15:28:40.659 61839 INFO tempest.lib.common.rest_client [req-b1e85c26-60c6-423a-ae3c-93f12065fe67 req-b1e85c26-60c6-423a-ae3c-93f12065fe67 ] Request (VolumesAdminNegativeTest:tearDownClass): 204 DELETE http://10.180.1.21:9696/networking/v2.0/floatingips/1e37f1da-40a3-463a-ab27-fe5c593978ff 1.351s
2024-10-15 15:28:40.670 61793 INFO tempest.lib.common.rest_client [req-45544c53-31be-406c-a44a-190add64fc6a req-45544c53-31be-406c-a44a-190add64fc6a ] Request (FloatingIPsAssociationTestJSON:tearDownClass): 200 PUT http://10.180.1.21:9696/networking/v2.0/routers/b21fe92a-70b4-404e-a1ec-9f9bd4673b35/remove_router_interface 5.484s
2024-10-15 15:28:40.673 61831 INFO tempest.lib.common.rest_client [req-4ffdbe58-a7ff-4339-bc59-028c97c0d576 req-4ffdbe58-a7ff-4339-bc59-028c97c0d576 ] Request (InstanceActionsTestJSON:setUpClass): 201 POST http://10.180.1.21/identity/v3/projects 0.039s
2024-10-15 15:28:40.736 61831 INFO tempest.lib.common.rest_client [req-7a59ce5b-4ad4-4f20-99ee-3dc0a7a2db08 req-7a59ce5b-4ad4-4f20-99ee-3dc0a7a2db08 ] Request (InstanceActionsTestJSON:setUpClass): 201 POST http://10.180.1.21/identity/v3/users 0.062s
2024-10-15 15:28:40.755 61831 INFO tempest.lib.common.rest_client [req-050b208a-ecb5-4e8b-a25e-a8de846ce134 req-050b208a-ecb5-4e8b-a25e-a8de846ce134 ] Request (InstanceActionsTestJSON:setUpClass): 200 GET http://10.180.1.21/identity/v3/roles 0.019s
2024-10-15 15:28:40.772 61811 INFO tempest.lib.common.rest_client [req-c1a70347-5243-4f19-9080-641d5f7afa10 req-c1a70347-5243-4f19-9080-641d5f7afa10 ] Request (ServersTestManualDisk:setUpClass): 201 POST http://10.180.1.21:9696/networking/v2.0/security-groups 1.165s
2024-10-15 15:28:40.780 61831 INFO tempest.lib.common.rest_client [req-368e4e3d-191f-4cb3-818f-fc6b050f88cd req-368e4e3d-191f-4cb3-818f-fc6b050f88cd ] Request (InstanceActionsTestJSON:setUpClass): 204 PUT http://10.180.1.21/identity/v3/projects/8816e27bfe9140da98937bc2501fca42/users/59cf18f84b8c41fbb06db5e1e948ae80/roles/af1a6b3b2d5348f4865155352011b218 0.025s
2024-10-15 15:28:40.781 61831 INFO tempest.lib.common.dynamic_creds [-] Dynamic test user 59cf18f84b8c41fbb06db5e1e948ae80 is created with scope project and roles: ['member']
2024-10-15 15:28:40.781 61831 INFO tempest.lib.common.dynamic_creds [-] Acquired dynamic creds: credentials: Credentials: {'domain_id': 'default', 'domain_name': 'Default', 'username': 'tempest-InstanceActionsTestJSON-1806126258-project-member', 'project_domain_id': 'default', 'project_domain_name': 'Default', 'project_id': '8816e27bfe9140da98937bc2501fca42', 'project_name': 'tempest-InstanceActionsTestJSON-1806126258', 'tenant_id': '8816e27bfe9140da98937bc2501fca42', 'tenant_name': 'tempest-InstanceActionsTestJSON-1806126258', 'user_domain_id': 'default', 'user_domain_name': 'Default', 'user_id': '59cf18f84b8c41fbb06db5e1e948ae80', 'system': None}, Network: None, Subnet: None, Router: None
2024-10-15 15:28:40.837 61831 INFO tempest.lib.common.rest_client [req-ac0e06d8-55be-478b-bcc5-49fcf29534c0 req-ac0e06d8-55be-478b-bcc5-49fcf29534c0 ] Request (InstanceActionsTestJSON:setUpClass): 201 POST http://10.180.1.21/identity/v3/auth/tokens 0.056s
2024-10-15 15:28:41.063 61845 INFO tempest.lib.common.rest_client [req-355e9909-a268-4067-9dfa-44daa5ff991c req-355e9909-a268-4067-9dfa-44daa5ff991c ] Request (ListImageFiltersTestJSON:setUpClass): 201 POST http://10.180.1.21/image/v2/images 0.431s
2024-10-15 15:28:41.516 61791 INFO tempest.lib.common.rest_client [req-1224360e-8066-4697-aa25-eb65e9ffa08e req-1224360e-8066-4697-aa25-eb65e9ffa08e ] Request (ServerGroup264TestJSON:setUpClass): 201 POST http://10.180.1.21:9696/networking/v2.0/networks 1.115s
2024-10-15 15:28:41.853 61825 INFO tempest.lib.common.rest_client [req-9b35caa7-e231-4853-ac30-cb00df105994 req-9b35caa7-e231-4853-ac30-cb00df105994 ] Request (ValidationResourcesFixture:setUp): 201 POST http://10.180.1.21:9696/networking/v2.0/floatingips 4.282s
2024-10-15 15:28:41.879 61797 INFO tempest.lib.common.rest_client [req-a67df1e3-cde9-4579-86bb-eccdc53b0b3f req-a67df1e3-cde9-4579-86bb-eccdc53b0b3f ] Request (SecurityGroupsTestJSON:test_list_security_groups_by_server): 200 POST http://10.180.1.21/compute/v2.1/os-security-groups 5.149s
2024-10-15 15:28:41.930 61783 INFO tempest.lib.common.rest_client [req-338aca28-bf45-40cf-85c0-8d8341472d9a req-338aca28-bf45-40cf-85c0-8d8341472d9a ] Request (ServersAdminTestJSON:tearDownClass): 204 DELETE http://10.180.1.21:9696/networking/v2.0/routers/666d3d62-2485-4831-bd52-0485c91e2c8f 3.882s
2024-10-15 15:28:41.936 61825 INFO tempest.lib.common.rest_client [req-d004351d-87d4-4ea7-9265-8f5a3b62ddbb req-d004351d-87d4-4ea7-9265-8f5a3b62ddbb ] Request (AttachVolumeShelveTestJSON:test_attach_volume_shelved_or_offload_server): 201 POST http://10.180.1.21/identity/v3/auth/tokens 0.079s
2024-10-15 15:28:41.936 61825 INFO tempest.lib.common.fixed_network [-] (AttachVolumeShelveTestJSON:test_attach_volume_shelved_or_offload_server) Found network {'id': '621407ae-a40e-4b24-afbb-69592fc06ea1', 'name': 'tempest-AttachVolumeShelveTestJSON-508335297-network', 'tenant_id': '19b2170b4bde4207b5a774f1cd266796', 'admin_state_up': True, 'mtu': 8950, 'status': 'ACTIVE', 'subnets': [], 'shared': False, 'project_id': '19b2170b4bde4207b5a774f1cd266796', 'port_security_enabled': True, 'router:external': False, 'provider:network_type': 'vlan', 'provider:physical_network': 'default', 'provider:segmentation_id': 725, 'is_default': False, 'availability_zone_hints': [], 'availability_zones': [], 'ipv4_address_scope': None, 'ipv6_address_scope': None, 'description': '', 'tags': [], 'created_at': '2024-10-15T15:28:15Z', 'updated_at': '2024-10-15T15:28:16Z', 'revision_number': 1} available for tenant
2024-10-15 15:28:42.003 61797 INFO tempest.lib.common.rest_client [req-e3f0e019-1408-4e15-b74d-8dd9a884ee46 req-e3f0e019-1408-4e15-b74d-8dd9a884ee46 ] Request (SecurityGroupsTestJSON:test_list_security_groups_by_server): 201 POST http://10.180.1.21/identity/v3/auth/tokens 0.119s
2024-10-15 15:28:42.004 61797 INFO tempest.lib.common.fixed_network [-] (SecurityGroupsTestJSON:test_list_security_groups_by_server) Found network {'id': 'bd1ca55a-7245-4250-92df-765420c893fa', 'name': 'tempest-SecurityGroupsTestJSON-1464464144-network', 'tenant_id': '1a71ad350ba241b5a3f933887cb0e8a4', 'admin_state_up': True, 'mtu': 8950, 'status': 'ACTIVE', 'subnets': [], 'shared': False, 'project_id': '1a71ad350ba241b5a3f933887cb0e8a4', 'port_security_enabled': True, 'router:external': False, 'provider:network_type': 'vlan', 'provider:physical_network': 'default', 'provider:segmentation_id': 925, 'is_default': False, 'availability_zone_hints': [], 'availability_zones': [], 'ipv4_address_scope': None, 'ipv6_address_scope': None, 'description': '', 'tags': [], 'created_at': '2024-10-15T15:28:16Z', 'updated_at': '2024-10-15T15:28:16Z', 'revision_number': 1} available for tenant
2024-10-15 15:28:42.012 61795 INFO tempest.lib.common.rest_client [req-1ee23a03-1461-4cd6-ac45-deb0dcdb6386 req-1ee23a03-1461-4cd6-ac45-deb0dcdb6386 ] Request (ServersTestJSON:test_create_server_specify_multibyte_character_name): 202 POST http://10.180.1.21/compute/v2.1/servers 5.719s
2024-10-15 15:28:42.077 61811 INFO tempest.lib.common.rest_client [req-28e04b39-b539-484e-855d-5a774ea21ee3 req-28e04b39-b539-484e-855d-5a774ea21ee3 ] Request (ServersTestManualDisk:setUpClass): 201 POST http://10.180.1.21:9696/networking/v2.0/security-group-rules 1.304s
2024-10-15 15:28:42.596 61791 INFO tempest.lib.common.rest_client [req-a3b0a0af-eb85-4af1-b328-8928400dde4a req-a3b0a0af-eb85-4af1-b328-8928400dde4a ] Request (ServerGroup264TestJSON:setUpClass): 201 POST http://10.180.1.21:9696/networking/v2.0/subnets 1.079s
2024-10-15 15:28:42.709 61845 INFO tempest.lib.common.rest_client [req-f2f72b10-181b-4c4e-9940-ad2436a81fc4 req-f2f72b10-181b-4c4e-9940-ad2436a81fc4 ] Request (ListImageFiltersTestJSON:setUpClass): 204 PUT http://10.180.1.21/image/v2/images/8ee12f1b-bdb3-47b0-95e5-bccf0d39a6e6/file 0.644s
2024-10-15 15:28:42.738 61783 INFO tempest.lib.common.rest_client [req-a9ae9c71-e93d-4e4a-bb1f-91fbffbc560c req-a9ae9c71-e93d-4e4a-bb1f-91fbffbc560c ] Request (ServersAdminTestJSON:tearDownClass): 204 DELETE http://10.180.1.21:9696/networking/v2.0/subnets/41e14299-564b-4e96-8c56-35e305875e05 0.807s
2024-10-15 15:28:42.875 61831 INFO tempest.lib.common.rest_client [req-d4dcc5cf-b789-43ec-85f3-b518b8298452 req-d4dcc5cf-b789-43ec-85f3-b518b8298452 ] Request (InstanceActionsTestJSON:setUpClass): 201 POST http://10.180.1.21:9696/networking/v2.0/networks 2.037s
2024-10-15 15:28:43.100 61835 INFO tempest.lib.common.rest_client [req-708a8604-ec99-4065-8bc7-e241f7063359 req-708a8604-ec99-4065-8bc7-e241f7063359 ] Request (TenantUsagesTestJSON:setUpClass): 202 POST http://10.180.1.21/compute/v2.1/servers 5.903s
2024-10-15 15:28:43.138 61811 INFO tempest.lib.common.rest_client [req-ed512aaa-063e-42c5-926d-28196aecf53a req-ed512aaa-063e-42c5-926d-28196aecf53a ] Request (ServersTestManualDisk:setUpClass): 201 POST http://10.180.1.21:9696/networking/v2.0/security-group-rules 1.061s
2024-10-15 15:28:43.161 61799 INFO tempest.lib.common.rest_client [req-6a1c52e1-25c8-4ed4-ba72-ee6743bfc1d9 req-6a1c52e1-25c8-4ed4-ba72-ee6743bfc1d9 ] Request (ServerExternalEventsTest:test_create_server_external_events): 202 POST http://10.180.1.21/compute/v2.1/servers 5.893s
2024-10-15 15:28:43.193 61785 INFO tempest.lib.common.rest_client [req-5b204c78-4af6-4feb-b349-931b0b096e83 req-5b204c78-4af6-4feb-b349-931b0b096e83 ] Request (ServersWithSpecificFlavorTestJSON:_run_cleanups): 202 DELETE http://10.180.1.21/compute/v2.1/os-keypairs/tempest-keypair-965477278 5.347s
2024-10-15 15:28:43.218 61807 INFO tempest.lib.common.rest_client [req-7b4537b7-c8e6-4a08-a88d-3152315876a8 req-7b4537b7-c8e6-4a08-a88d-3152315876a8 ] Request (FlavorsAdminTestJSON:test_is_public_string_variations): 200 GET http://10.180.1.21/compute/v2.1/flavors/detail?is_public=false 5.353s
2024-10-15 15:28:43.350 61815 INFO tempest.lib.common.rest_client [req-a3c03835-3ce4-4979-b878-4b64f7397648 req-a3c03835-3ce4-4979-b878-4b64f7397648 ] Request (AggregatesAdminNegativeTestJSON:test_aggregate_remove_host_as_user): 200 POST http://10.180.1.21/compute/v2.1/os-aggregates/7/action 5.438s
2024-10-15 15:28:43.468 61809 INFO tempest.lib.common.rest_client [req-f29c7fae-f52b-417c-a9b0-6919d410fdb1 req-f29c7fae-f52b-417c-a9b0-6919d410fdb1 ] Request (ServersTestMultiNic:test_verify_multiple_nics_order): 200 GET http://10.180.1.21/compute/v2.1/servers/410d3c8b-9be0-4863-b121-c9acffae69e4 4.519s
2024-10-15 15:28:43.478 61809 INFO tempest.common.waiters [-] State transition "BUILD/spawning" ==> "ERROR/None" after 20 second wait
2024-10-15 15:28:43.492 61789 INFO tempest.lib.common.rest_client [req-80974979-4a65-4fb2-bcd2-10a360eb4258 req-80974979-4a65-4fb2-bcd2-10a360eb4258 ] Request (FloatingIPDetailsNegativeTestJSON:setUpClass): 201 POST http://10.180.1.21:9696/networking/v2.0/routers 6.659s
2024-10-15 15:28:43.645 61837 INFO tempest.lib.common.rest_client [req-b0ccfe12-4182-493c-ba97-0dfa836b55bc req-b0ccfe12-4182-493c-ba97-0dfa836b55bc ] Request (ServerDiagnosticsNegativeTest:test_get_server_diagnostics_by_non_admin): 200 GET http://10.180.1.21/compute/v2.1/servers/996e9c89-dd9c-4c76-952d-9ff90dec38c1 4.573s
2024-10-15 15:28:43.654 61837 INFO tempest.common.waiters [-] State transition "BUILD/spawning" ==> "ERROR/None" after 19 second wait
2024-10-15 15:28:44.135 61827 INFO tempest.lib.common.rest_client [req-87a0e67c-6d30-4c68-b29f-d3e1eb429ae1 req-87a0e67c-6d30-4c68-b29f-d3e1eb429ae1 ] Request (ServerAddressesTestJSON:setUpClass): 200 GET http://10.180.1.21/compute/v2.1/servers/e42594f1-7bf7-4630-9ebf-950007812a14 6.307s
2024-10-15 15:28:44.248 61785 INFO tempest.lib.common.rest_client [req-c1f5313d-9776-4703-8039-ba40e0777b29 req-c1f5313d-9776-4703-8039-ba40e0777b29 ] Request (ServersWithSpecificFlavorTestJSON:_run_cleanups): 204 DELETE http://10.180.1.21:9696/networking/v2.0/security-groups/8acb9597-15b5-4328-99db-9e8a3eaf36d6 1.054s
2024-10-15 15:28:44.273 61793 INFO tempest.lib.common.rest_client [req-e90b64e4-0114-46c0-89ff-f7d1491e25b1 req-e90b64e4-0114-46c0-89ff-f7d1491e25b1 ] Request (FloatingIPsAssociationTestJSON:tearDownClass): 204 DELETE http://10.180.1.21:9696/networking/v2.0/routers/b21fe92a-70b4-404e-a1ec-9f9bd4673b35 3.603s
2024-10-15 15:28:44.356 61785 INFO tempest.lib.common.rest_client [req-f808b9ac-7adb-4172-8891-833995988451 req-f808b9ac-7adb-4172-8891-833995988451 ] Request (ServersWithSpecificFlavorTestJSON:_run_cleanups): 404 GET http://10.180.1.21:9696/networking/v2.0/security-groups/8acb9597-15b5-4328-99db-9e8a3eaf36d6 0.108s
2024-10-15 15:28:44.373 61783 INFO tempest.lib.common.rest_client [req-7a4cebeb-9664-48dd-891c-4bd39d8b9ca9 req-7a4cebeb-9664-48dd-891c-4bd39d8b9ca9 ] Request (ServersAdminTestJSON:tearDownClass): 204 DELETE http://10.180.1.21:9696/networking/v2.0/networks/ab5d00de-c9c1-478e-b41e-b15c83833807 1.635s
2024-10-15 15:28:44.415 61831 INFO tempest.lib.common.rest_client [req-c65adc43-2504-437b-ae01-0efaf1ba2e20 req-c65adc43-2504-437b-ae01-0efaf1ba2e20 ] Request (InstanceActionsTestJSON:setUpClass): 201 POST http://10.180.1.21:9696/networking/v2.0/subnets 1.540s
2024-10-15 15:28:44.767 61841 INFO tempest.lib.common.rest_client [req-9bfc7518-02c6-4700-a51b-c916629b67c8 req-9bfc7518-02c6-4700-a51b-c916629b67c8 ] Request (ServerActionsTestOtherB:setUpClass): 200 GET http://10.180.1.21/compute/v2.1/servers/4858bdbd-3aa6-4ac6-ab02-cd2d6ff03ea2 5.673s
2024-10-15 15:28:44.787 61843 INFO tempest.lib.common.rest_client [req-14323188-7f31-4e9b-a03e-88dc1ab8fc03 req-14323188-7f31-4e9b-a03e-88dc1ab8fc03 ] Request (FlavorsExtraSpecsNegativeTestJSON:tearDownClass): 202 DELETE http://10.180.1.21/compute/v2.1/flavors/1891089845 5.675s
2024-10-15 15:28:45.223 61830 INFO tempest.lib.common.rest_client [req-934be134-0922-46cb-be09-f3923569ee2e req-934be134-0922-46cb-be09-f3923569ee2e ] Request (SecurityGroupRulesNegativeTestJSON:test_create_security_group_rule_with_invalid_ip_protocol): 400 POST http://10.180.1.21/compute/v2.1/os-security-group-rules 6.086s
2024-10-15 15:28:45.431 61793 INFO tempest.lib.common.rest_client [req-ad906379-1740-4d1f-879e-762dc5c6849d req-ad906379-1740-4d1f-879e-762dc5c6849d ] Request (FloatingIPsAssociationTestJSON:tearDownClass): 204 DELETE http://10.180.1.21:9696/networking/v2.0/subnets/2d0f618c-7bf4-4278-8dcb-02733ded12ca 1.158s
2024-10-15 15:28:45.439 61817 INFO tempest.lib.common.rest_client [req-72cfa832-dccb-45b5-9567-81b3139e8c18 req-72cfa832-dccb-45b5-9567-81b3139e8c18 ] Request (SecurityGroupRulesTestJSON:test_security_group_rules_create_with_optional_cidr): 200 POST http://10.180.1.21/compute/v2.1/os-security-group-rules 6.328s
