2024-10-15 15:27:37.457 61783 INFO tempest.lib.common.rest_client [req-fca522cf-5530-40b0-b011-41e21b17da5e req-fca522cf-5530-40b0-b011-41e21b17da5e ] Request (HypervisorAdminTestJSON:tearDownClass): 200 GET http://10.180.1.21:9696/networking/v2.0/security-groups?tenant_id=b12802f0a23a436cb440495b9f91cfa8&name=default 0.778s
2024-10-15 15:27:37.633 61805 INFO tempest.lib.common.rest_client [req-573cc642-9354-49ea-8033-f5044093c26e req-573cc642-9354-49ea-8033-f5044093c26e ] Request (ServerDiagnosticsV248Test:test_get_server_diagnostics): 202 POST http://10.180.1.21/compute/v2.1/servers 4.092s
2024-10-15 15:27:37.730 61803 INFO tempest.lib.common.rest_client [req-f70f1437-9bd0-4994-9c55-7b22b110f939 req-f70f1437-9bd0-4994-9c55-7b22b110f939 ] Request (FlavorsV2NegativeTest:tearDownClass): 200 GET http://10.180.1.21:9696/networking/v2.0/security-groups?tenant_id=cc5852178b254f6fb670543eddb50fd4&name=default 0.733s
2024-10-15 15:27:37.976 61809 INFO tempest.lib.common.rest_client [req-da345fab-6147-49e2-9722-22cdc0dc9b84 req-da345fab-6147-49e2-9722-22cdc0dc9b84 ] Request (ServersTestMultiNic:test_verify_duplicate_network_nics): 201 POST http://10.180.1.21:9696/networking/v2.0/subnets 1.300s
2024-10-15 15:27:38.057 61783 INFO tempest.lib.common.rest_client [req-501ac55b-6244-42ed-bcc9-befa32268fdb req-501ac55b-6244-42ed-bcc9-befa32268fdb ] Request (HypervisorAdminTestJSON:tearDownClass): 204 DELETE http://10.180.1.21:9696/networking/v2.0/security-groups/7e7a0e07-23ea-485e-9c14-4dd150da4612 0.600s
2024-10-15 15:27:38.158 61783 INFO tempest.lib.common.rest_client [req-aa00510f-a2c8-4279-8f2b-712ff23c2579 req-aa00510f-a2c8-4279-8f2b-712ff23c2579 ] Request (HypervisorAdminTestJSON:tearDownClass): 204 DELETE http://10.180.1.21/identity/v3/projects/b12802f0a23a436cb440495b9f91cfa8 0.101s
2024-10-15 15:27:38.159 61783 INFO tempest.lib.common.dynamic_creds [-] Deleting project and security group for project: 1856f0b6deaa46a4bf8a5bfe175e5151
2024-10-15 15:27:38.229 61803 INFO tempest.lib.common.rest_client [req-e61dbdb7-97ff-429a-a4e7-10834c1013ea req-e61dbdb7-97ff-429a-a4e7-10834c1013ea ] Request (FlavorsV2NegativeTest:tearDownClass): 204 DELETE http://10.180.1.21:9696/networking/v2.0/security-groups/15934026-6ce8-4e95-a1d5-2e2c54041771 0.498s
2024-10-15 15:27:38.364 61803 INFO tempest.lib.common.rest_client [req-dbd81644-8c7e-490a-ad1a-d4b29fbe2f10 req-dbd81644-8c7e-490a-ad1a-d4b29fbe2f10 ] Request (FlavorsV2NegativeTest:tearDownClass): 204 DELETE http://10.180.1.21/identity/v3/projects/cc5852178b254f6fb670543eddb50fd4 0.135s
2024-10-15 15:27:38.445 61803 INFO tempest.lib.common.rest_client [req-1cace2a6-6b6d-4c06-a50e-f6a3b0288835 req-1cace2a6-6b6d-4c06-a50e-f6a3b0288835 ] Request (AbsoluteLimitsTestJSON:setUpClass): 201 POST http://10.180.1.21/identity/v3/auth/tokens 0.079s
2024-10-15 15:27:38.490 61803 INFO tempest.lib.common.rest_client [req-f4b9a53a-9979-4221-81d5-814f8e3d02dd req-f4b9a53a-9979-4221-81d5-814f8e3d02dd ] Request (AbsoluteLimitsTestJSON:setUpClass): 201 POST http://10.180.1.21/identity/v3/auth/tokens 0.040s
2024-10-15 15:27:38.517 61791 INFO tempest.lib.common.rest_client [req-788c4086-d7a8-440f-8fcb-559fd0d1c77b req-788c4086-d7a8-440f-8fcb-559fd0d1c77b ] Request (FloatingIPsNegativeTestJSON:tearDownClass): 204 DELETE http://10.180.1.21:9696/networking/v2.0/networks/5f7bbc77-cd86-426a-91aa-dd95f9fa647b 1.203s
2024-10-15 15:27:38.519 61809 INFO tempest.lib.common.rest_client [req-7e9e3338-d9b2-4249-97c5-aaf50f98680f req-7e9e3338-d9b2-4249-97c5-aaf50f98680f ] Request (ServersTestMultiNic:test_verify_duplicate_network_nics): 201 POST http://10.180.1.21:9696/networking/v2.0/networks 0.543s
2024-10-15 15:27:38.529 61803 INFO tempest.lib.common.rest_client [req-102ea460-7e89-497a-acda-9c95ef71574e req-102ea460-7e89-497a-acda-9c95ef71574e ] Request (AbsoluteLimitsTestJSON:setUpClass): 200 GET http://10.180.1.21/identity/v3/domains?name=Default 0.039s
2024-10-15 15:27:38.576 61803 INFO tempest.lib.common.rest_client [req-2bac8a08-6243-4f2f-80a9-c6070227d9dc req-2bac8a08-6243-4f2f-80a9-c6070227d9dc ] Request (AbsoluteLimitsTestJSON:setUpClass): 201 POST http://10.180.1.21/identity/v3/projects 0.043s
2024-10-15 15:27:38.594 61783 INFO tempest.lib.common.rest_client [req-9ba54019-b221-4db5-a071-7ec803320fdf req-9ba54019-b221-4db5-a071-7ec803320fdf ] Request (HypervisorAdminTestJSON:tearDownClass): 200 GET http://10.180.1.21:9696/networking/v2.0/security-groups?tenant_id=1856f0b6deaa46a4bf8a5bfe175e5151&name=default 0.435s
2024-10-15 15:27:38.672 61791 INFO tempest.lib.common.rest_client [req-5909625f-3c6f-43ed-981a-fbe73351a87f req-5909625f-3c6f-43ed-981a-fbe73351a87f ] Request (FloatingIPsNegativeTestJSON:tearDownClass): 204 DELETE http://10.180.1.21/identity/v3/users/a0902230818249938272d60deeb5c590 0.155s
2024-10-15 15:27:38.672 61791 INFO tempest.lib.common.dynamic_creds [-] Deleting project and security group for project: 43992f602c334b57a57f59786e61760e
2024-10-15 15:27:38.804 61803 INFO tempest.lib.common.rest_client [req-d749e556-22f5-4aa2-bbf1-8e266042d3c7 req-d749e556-22f5-4aa2-bbf1-8e266042d3c7 ] Request (AbsoluteLimitsTestJSON:setUpClass): 201 POST http://10.180.1.21/identity/v3/users 0.228s
2024-10-15 15:27:38.813 61791 INFO tempest.lib.common.rest_client [req-dbf1dd86-b823-49fc-bf27-04e270d8d26b req-dbf1dd86-b823-49fc-bf27-04e270d8d26b ] Request (FloatingIPsNegativeTestJSON:tearDownClass): 200 GET http://10.180.1.21:9696/networking/v2.0/security-groups?tenant_id=43992f602c334b57a57f59786e61760e&name=default 0.140s
2024-10-15 15:27:38.832 61803 INFO tempest.lib.common.rest_client [req-62f744c5-1223-463a-a095-f88a7f696803 req-62f744c5-1223-463a-a095-f88a7f696803 ] Request (AbsoluteLimitsTestJSON:setUpClass): 200 GET http://10.180.1.21/identity/v3/roles 0.027s
2024-10-15 15:27:38.880 61803 INFO tempest.lib.common.rest_client [req-9b74e972-659a-4e88-be9e-343ea3e4e330 req-9b74e972-659a-4e88-be9e-343ea3e4e330 ] Request (AbsoluteLimitsTestJSON:setUpClass): 204 PUT http://10.180.1.21/identity/v3/projects/5aac1b32849a41f591b6788c5313e44b/users/b62d02339b0e4ea3ade89ce1ad9797f9/roles/af1a6b3b2d5348f4865155352011b218 0.047s
2024-10-15 15:27:38.880 61803 INFO tempest.lib.common.dynamic_creds [-] Dynamic test user b62d02339b0e4ea3ade89ce1ad9797f9 is created with scope project and roles: ['member']
2024-10-15 15:27:38.880 61803 INFO tempest.lib.common.dynamic_creds [-] Acquired dynamic creds: credentials: Credentials: {'domain_id': 'default', 'domain_name': 'Default', 'username': 'tempest-AbsoluteLimitsTestJSON-658870036-project-member', 'project_domain_id': 'default', 'project_domain_name': 'Default', 'project_id': '5aac1b32849a41f591b6788c5313e44b', 'project_name': 'tempest-AbsoluteLimitsTestJSON-658870036', 'tenant_id': '5aac1b32849a41f591b6788c5313e44b', 'tenant_name': 'tempest-AbsoluteLimitsTestJSON-658870036', 'user_domain_id': 'default', 'user_domain_name': 'Default', 'user_id': 'b62d02339b0e4ea3ade89ce1ad9797f9', 'system': None}, Network: None, Subnet: None, Router: None
2024-10-15 15:27:38.880 61803 INFO tempest.lib.common.dynamic_creds [-] Created isolated network resources for: credentials: Credentials: {'domain_id': 'default', 'domain_name': 'Default', 'username': 'tempest-AbsoluteLimitsTestJSON-658870036-project-member', 'project_domain_id': 'default', 'project_domain_name': 'Default', 'project_id': '5aac1b32849a41f591b6788c5313e44b', 'project_name': 'tempest-AbsoluteLimitsTestJSON-658870036', 'tenant_id': '5aac1b32849a41f591b6788c5313e44b', 'tenant_name': 'tempest-AbsoluteLimitsTestJSON-658870036', 'user_domain_id': 'default', 'user_domain_name': 'Default', 'user_id': 'b62d02339b0e4ea3ade89ce1ad9797f9', 'system': None}, Network: None, Subnet: None, Router: None
2024-10-15 15:27:38.896 61783 INFO tempest.lib.common.rest_client [req-49ac7be9-ddab-4540-b6f8-df466b0c20f3 req-49ac7be9-ddab-4540-b6f8-df466b0c20f3 ] Request (HypervisorAdminTestJSON:tearDownClass): 204 DELETE http://10.180.1.21:9696/networking/v2.0/security-groups/ff42defc-b889-4b93-b9eb-59b9bb2139ea 0.301s
2024-10-15 15:27:38.918 61821 INFO tempest.lib.common.rest_client [req-3b97902f-e86a-470a-8d07-fe0db9b6bbf5 req-3b97902f-e86a-470a-8d07-fe0db9b6bbf5 ] Request (VolumesAssistedSnapshotsTest:setUpClass): 201 POST http://10.180.1.21:9696/networking/v2.0/routers 3.465s
2024-10-15 15:27:38.961 61803 INFO tempest.lib.common.rest_client [req-ca7c3052-cb7c-46ca-921c-afc64f8758d0 req-ca7c3052-cb7c-46ca-921c-afc64f8758d0 ] Request (AbsoluteLimitsTestJSON:setUpClass): 201 POST http://10.180.1.21/identity/v3/auth/tokens 0.076s
2024-10-15 15:27:39.031 61783 INFO tempest.lib.common.rest_client [req-6d46c340-8346-40cc-9849-0faae742a04c req-6d46c340-8346-40cc-9849-0faae742a04c ] Request (HypervisorAdminTestJSON:tearDownClass): 204 DELETE http://10.180.1.21/identity/v3/projects/1856f0b6deaa46a4bf8a5bfe175e5151 0.134s
2024-10-15 15:27:39.093 61783 INFO tempest.lib.common.rest_client [req-5d4c059d-4522-4f35-acfe-50c19106a953 req-5d4c059d-4522-4f35-acfe-50c19106a953 ] Request (ServersAdminTestJSON:setUpClass): 201 POST http://10.180.1.21/identity/v3/auth/tokens 0.060s
2024-10-15 15:27:39.166 61783 INFO tempest.lib.common.rest_client [req-db59c001-51d4-47e2-827d-5ea064f9f9a0 req-db59c001-51d4-47e2-827d-5ea064f9f9a0 ] Request (ServersAdminTestJSON:setUpClass): 201 POST http://10.180.1.21/identity/v3/auth/tokens 0.030s
2024-10-15 15:27:39.188 61783 INFO tempest.lib.common.rest_client [req-ecab3fea-aa45-4483-9d89-15ad16bcdf6c req-ecab3fea-aa45-4483-9d89-15ad16bcdf6c ] Request (ServersAdminTestJSON:setUpClass): 200 GET http://10.180.1.21/identity/v3/domains?name=Default 0.022s
2024-10-15 15:27:39.215 61783 INFO tempest.lib.common.rest_client [req-fadccb72-a8bd-4ed2-bb4d-45236b0badbe req-fadccb72-a8bd-4ed2-bb4d-45236b0badbe ] Request (ServersAdminTestJSON:setUpClass): 201 POST http://10.180.1.21/identity/v3/projects 0.026s
2024-10-15 15:27:39.284 61783 INFO tempest.lib.common.rest_client [req-bb894fc1-7200-4342-b41f-4dd4303b594c req-bb894fc1-7200-4342-b41f-4dd4303b594c ] Request (ServersAdminTestJSON:setUpClass): 201 POST http://10.180.1.21/identity/v3/users 0.069s
2024-10-15 15:27:39.303 61783 INFO tempest.lib.common.rest_client [req-74032ba8-c457-4588-991c-62581d8bca80 req-74032ba8-c457-4588-991c-62581d8bca80 ] Request (ServersAdminTestJSON:setUpClass): 200 GET http://10.180.1.21/identity/v3/roles 0.018s
2024-10-15 15:27:39.350 61783 INFO tempest.lib.common.rest_client [req-14238b54-9674-4695-8439-1be20a1a889e req-14238b54-9674-4695-8439-1be20a1a889e ] Request (ServersAdminTestJSON:setUpClass): 204 PUT http://10.180.1.21/identity/v3/projects/751185c006ea414ea0ce2117380f13f9/users/2b7538aa389a419f9928928eb07ee622/roles/af1a6b3b2d5348f4865155352011b218 0.047s
2024-10-15 15:27:39.350 61783 INFO tempest.lib.common.dynamic_creds [-] Dynamic test user 2b7538aa389a419f9928928eb07ee622 is created with scope project and roles: ['member']
2024-10-15 15:27:39.350 61783 INFO tempest.lib.common.dynamic_creds [-] Acquired dynamic creds: credentials: Credentials: {'domain_id': 'default', 'domain_name': 'Default', 'username': 'tempest-ServersAdminTestJSON-1599288174-project-member', 'project_domain_id': 'default', 'project_domain_name': 'Default', 'project_id': '751185c006ea414ea0ce2117380f13f9', 'project_name': 'tempest-ServersAdminTestJSON-1599288174', 'tenant_id': '751185c006ea414ea0ce2117380f13f9', 'tenant_name': 'tempest-ServersAdminTestJSON-1599288174', 'user_domain_id': 'default', 'user_domain_name': 'Default', 'user_id': '2b7538aa389a419f9928928eb07ee622', 'system': None}, Network: None, Subnet: None, Router: None
2024-10-15 15:27:39.395 61791 INFO tempest.lib.common.rest_client [req-a19fbb92-e2ee-4469-8a7b-7c938d4f951b req-a19fbb92-e2ee-4469-8a7b-7c938d4f951b ] Request (FloatingIPsNegativeTestJSON:tearDownClass): 204 DELETE http://10.180.1.21:9696/networking/v2.0/security-groups/646f3246-3715-406c-9171-931c9d5a8e45 0.581s
2024-10-15 15:27:39.432 61783 INFO tempest.lib.common.rest_client [req-42cfcbb1-2cec-441f-9d44-acf531e45e90 req-42cfcbb1-2cec-441f-9d44-acf531e45e90 ] Request (ServersAdminTestJSON:setUpClass): 201 POST http://10.180.1.21/identity/v3/auth/tokens 0.081s
2024-10-15 15:27:39.521 61791 INFO tempest.lib.common.rest_client [req-bb7457f5-9d0a-47ce-ba85-09250e57adfb req-bb7457f5-9d0a-47ce-ba85-09250e57adfb ] Request (FloatingIPsNegativeTestJSON:tearDownClass): 204 DELETE http://10.180.1.21/identity/v3/projects/43992f602c334b57a57f59786e61760e 0.125s
2024-10-15 15:27:39.549 61809 INFO tempest.lib.common.rest_client [req-63e83ab1-5db1-4a03-bbd5-fdbf05331a99 req-63e83ab1-5db1-4a03-bbd5-fdbf05331a99 ] Request (ServersTestMultiNic:test_verify_duplicate_network_nics): 201 POST http://10.180.1.21:9696/networking/v2.0/subnets 1.029s
2024-10-15 15:27:39.592 61791 INFO tempest.lib.common.rest_client [req-f612e853-040f-40a9-b9d0-2fe5551d3baa req-f612e853-040f-40a9-b9d0-2fe5551d3baa ] Request (ServerActionsTestJSON:setUpClass): 201 POST http://10.180.1.21/identity/v3/auth/tokens 0.069s
2024-10-15 15:27:39.630 61791 INFO tempest.lib.common.rest_client [req-af91a94b-ff54-4862-88c6-0c160ad48f66 req-af91a94b-ff54-4862-88c6-0c160ad48f66 ] Request (ServerActionsTestJSON:setUpClass): 201 POST http://10.180.1.21/identity/v3/auth/tokens 0.034s
2024-10-15 15:27:39.658 61791 INFO tempest.lib.common.rest_client [req-e768e0c8-6545-43ba-a6e8-e84da9efee09 req-e768e0c8-6545-43ba-a6e8-e84da9efee09 ] Request (ServerActionsTestJSON:setUpClass): 200 GET http://10.180.1.21/identity/v3/domains?name=Default 0.026s
2024-10-15 15:27:39.663 61809 INFO tempest.lib.common.rest_client [req-e333da88-3a4d-4213-adeb-8dac9fbe8963 req-e333da88-3a4d-4213-adeb-8dac9fbe8963 ] Request (ServersTestMultiNic:test_verify_duplicate_network_nics): 201 POST http://10.180.1.21/identity/v3/auth/tokens 0.106s
2024-10-15 15:27:39.663 61809 INFO tempest.lib.common.fixed_network [-] (ServersTestMultiNic:test_verify_duplicate_network_nics) Found network {'id': 'b96f7270-1015-4afe-8839-e92063770beb', 'name': 'tempest-ServersTestMultiNic-135809479-network', 'tenant_id': 'd3952a0eb9b246b3981a76df98b855f0', 'admin_state_up': True, 'mtu': 8950, 'status': 'ACTIVE', 'subnets': [], 'shared': False, 'project_id': 'd3952a0eb9b246b3981a76df98b855f0', 'port_security_enabled': True, 'router:external': False, 'provider:network_type': 'vlan', 'provider:physical_network': 'default', 'provider:segmentation_id': 699, 'is_default': False, 'availability_zone_hints': [], 'availability_zones': [], 'ipv4_address_scope': None, 'ipv6_address_scope': None, 'description': '', 'tags': [], 'created_at': '2024-10-15T15:27:27Z', 'updated_at': '2024-10-15T15:27:27Z', 'revision_number': 1} available for tenant
2024-10-15 15:27:39.686 61791 INFO tempest.lib.common.rest_client [req-f41f7959-ad82-4625-96a9-e5e24cdda683 req-f41f7959-ad82-4625-96a9-e5e24cdda683 ] Request (ServerActionsTestJSON:setUpClass): 201 POST http://10.180.1.21/identity/v3/projects 0.028s
2024-10-15 15:27:39.753 61791 INFO tempest.lib.common.rest_client [req-89201f28-c7ac-4a76-acb6-712ed8232eb6 req-89201f28-c7ac-4a76-acb6-712ed8232eb6 ] Request (ServerActionsTestJSON:setUpClass): 201 POST http://10.180.1.21/identity/v3/users 0.066s
2024-10-15 15:27:39.776 61791 INFO tempest.lib.common.rest_client [req-a76d1629-76f1-4e13-868b-3fd3d03b190c req-a76d1629-76f1-4e13-868b-3fd3d03b190c ] Request (ServerActionsTestJSON:setUpClass): 200 GET http://10.180.1.21/identity/v3/roles 0.021s
2024-10-15 15:27:39.788 61811 INFO tempest.lib.common.rest_client [req-073f23a3-d231-449c-9aac-ea5ec018db14 req-073f23a3-d231-449c-9aac-ea5ec018db14 ] Request (FloatingIPDetailsTestJSON:setUpClass): 200 POST http://10.180.1.21/compute/v2.1/os-floating-ips 6.148s
2024-10-15 15:27:39.811 61823 INFO tempest.lib.common.rest_client [req-22c900a8-30c9-4ac6-aab7-28f76608d073 req-22c900a8-30c9-4ac6-aab7-28f76608d073 ] Request (FlavorsV261TestJSON:_run_cleanups): 202 DELETE http://10.180.1.21/compute/v2.1/flavors/1388080240 6.138s
2024-10-15 15:27:39.815 61791 INFO tempest.lib.common.rest_client [req-1cee98a3-41a3-42e7-acb1-12cee78d76be req-1cee98a3-41a3-42e7-acb1-12cee78d76be ] Request (ServerActionsTestJSON:setUpClass): 204 PUT http://10.180.1.21/identity/v3/projects/fa911ec07ba14af1b645fa020802638c/users/3999c3b2af1f4bc089587acda9cbd4e9/roles/af1a6b3b2d5348f4865155352011b218 0.039s
2024-10-15 15:27:39.815 61791 INFO tempest.lib.common.dynamic_creds [-] Dynamic test user 3999c3b2af1f4bc089587acda9cbd4e9 is created with scope project and roles: ['member']
2024-10-15 15:27:39.816 61791 INFO tempest.lib.common.dynamic_creds [-] Acquired dynamic creds: credentials: Credentials: {'domain_id': 'default', 'domain_name': 'Default', 'username': 'tempest-ServerActionsTestJSON-1372202196-project-member', 'project_domain_id': 'default', 'project_domain_name': 'Default', 'project_id': 'fa911ec07ba14af1b645fa020802638c', 'project_name': 'tempest-ServerActionsTestJSON-1372202196', 'tenant_id': 'fa911ec07ba14af1b645fa020802638c', 'tenant_name': 'tempest-ServerActionsTestJSON-1372202196', 'user_domain_id': 'default', 'user_domain_name': 'Default', 'user_id': '3999c3b2af1f4bc089587acda9cbd4e9', 'system': None}, Network: None, Subnet: None, Router: None
2024-10-15 15:27:39.941 61785 INFO tempest.lib.common.rest_client [req-1e0715d2-0ed8-4832-9cab-e0619bbb3e45 req-1e0715d2-0ed8-4832-9cab-e0619bbb3e45 ] Request (ServersWithSpecificFlavorTestJSON:test_verify_created_server_ephemeral_disk): 200 GET http://10.180.1.21/compute/v2.1/flavors/42 6.179s
2024-10-15 15:27:39.951 61791 INFO tempest.lib.common.rest_client [req-bc101714-de65-4070-8f95-2156351918e1 req-bc101714-de65-4070-8f95-2156351918e1 ] Request (ServerActionsTestJSON:setUpClass): 201 POST http://10.180.1.21/identity/v3/auth/tokens 0.135s
2024-10-15 15:27:39.966 61783 INFO tempest.lib.common.rest_client [req-b8715e3c-aa66-416d-9a30-a3aed3897965 req-b8715e3c-aa66-416d-9a30-a3aed3897965 ] Request (ServersAdminTestJSON:setUpClass): 201 POST http://10.180.1.21:9696/networking/v2.0/networks 0.533s
2024-10-15 15:27:40.058 61839 INFO tempest.lib.common.rest_client [req-67505ba3-147f-4548-9ee7-9669383dddd0 req-67505ba3-147f-4548-9ee7-9669383dddd0 ] Request (VolumesAdminNegativeTest:test_update_attached_volume_with_nonexistent_volume_in_body): 200 POST http://10.180.1.21/compute/v2.1/os-keypairs 6.130s
2024-10-15 15:27:40.314 61839 INFO tempest.lib.common.rest_client [req-760b1cbc-3ad9-4791-bc87-41346e08e237 req-760b1cbc-3ad9-4791-bc87-41346e08e237 ] Request (VolumesAdminNegativeTest:test_update_attached_volume_with_nonexistent_volume_in_body): 201 POST http://10.180.1.21:9696/networking/v2.0/security-groups 0.254s
2024-10-15 15:27:40.496 61791 INFO tempest.lib.common.rest_client [req-862cadba-578b-4d20-9378-80fc13b1c7d1 req-862cadba-578b-4d20-9378-80fc13b1c7d1 ] Request (ServerActionsTestJSON:setUpClass): 201 POST http://10.180.1.21:9696/networking/v2.0/networks 0.545s
2024-10-15 15:27:40.535 61839 INFO tempest.lib.common.rest_client [req-c8f055a9-e42f-42b1-bc1e-7979def1a5af req-c8f055a9-e42f-42b1-bc1e-7979def1a5af ] Request (VolumesAdminNegativeTest:test_update_attached_volume_with_nonexistent_volume_in_body): 201 POST http://10.180.1.21:9696/networking/v2.0/security-group-rules 0.220s
2024-10-15 15:27:40.601 61783 INFO tempest.lib.common.rest_client [req-db0d3e0f-f2a2-4241-b646-cc989c6bb614 req-db0d3e0f-f2a2-4241-b646-cc989c6bb614 ] Request (ServersAdminTestJSON:setUpClass): 201 POST http://10.180.1.21:9696/networking/v2.0/subnets 0.634s
2024-10-15 15:27:41.061 61839 INFO tempest.lib.common.rest_client [req-c5cee803-8f4f-48a5-9db5-a471279021f3 req-c5cee803-8f4f-48a5-9db5-a471279021f3 ] Request (VolumesAdminNegativeTest:test_update_attached_volume_with_nonexistent_volume_in_body): 201 POST http://10.180.1.21:9696/networking/v2.0/security-group-rules 0.525s
2024-10-15 15:27:41.222 61787 INFO tempest.lib.common.rest_client [req-1b45b4e9-2700-41dc-a982-68d4e2d91040 req-1b45b4e9-2700-41dc-a982-68d4e2d91040 ] Request (ListServerFiltersTestJSON:setUpClass): 202 POST http://10.180.1.21/compute/v2.1/servers 6.610s
2024-10-15 15:27:41.290 61791 INFO tempest.lib.common.rest_client [req-5a48fbf1-c0d5-413b-8b34-2b0be8d8fa2d req-5a48fbf1-c0d5-413b-8b34-2b0be8d8fa2d ] Request (ServerActionsTestJSON:setUpClass): 201 POST http://10.180.1.21:9696/networking/v2.0/subnets 0.793s
2024-10-15 15:27:41.314 61801 INFO tempest.lib.common.rest_client [req-d05a900f-ab3d-407d-9e37-31f747b08d1e req-d05a900f-ab3d-407d-9e37-31f747b08d1e ] Request (ServersAdmin275Test:test_rebuild_update_server_275): 200 GET http://10.180.1.21/compute/v2.1/servers/04fd7039-c2c8-4b78-8c3d-37eb66fe2115 6.699s
2024-10-15 15:27:41.406 61833 INFO tempest.lib.common.rest_client [req-2379a835-1f68-41aa-9fe2-b6339182afd2 req-2379a835-1f68-41aa-9fe2-b6339182afd2 ] Request (FlavorsV255TestJSON:test_crud_flavor): 200 GET http://10.180.1.21/compute/v2.1/flavors/468772544 6.309s
2024-10-15 15:27:41.484 61821 INFO tempest.lib.common.rest_client [req-2040c782-61b2-438c-9b0a-e39f18d132e6 req-2040c782-61b2-438c-9b0a-e39f18d132e6 ] Request (VolumesAssistedSnapshotsTest:setUpClass): 200 PUT http://10.180.1.21:9696/networking/v2.0/routers/b26d569b-8aa3-48b3-adba-57a39943f46c/add_router_interface 2.565s
2024-10-15 15:27:41.484 61821 INFO tempest.lib.common.dynamic_creds [-] Created isolated network resources for: credentials: Credentials: {'domain_id': 'default', 'domain_name': 'Default', 'username': 'tempest-VolumesAssistedSnapshotsTest-497802921-project', 'project_domain_id': 'default', 'project_domain_name': 'Default', 'project_id': '8d154bbb3c314183b0baf0e007084f39', 'project_name': 'tempest-VolumesAssistedSnapshotsTest-497802921', 'tenant_id': '8d154bbb3c314183b0baf0e007084f39', 'tenant_name': 'tempest-VolumesAssistedSnapshotsTest-497802921', 'user_domain_id': 'default', 'user_domain_name': 'Default', 'user_id': 'c96111eb65b744c08063a6fd0555d9a8', 'system': None}, Network: {'id': 'ad6ce5df-47ea-4ff8-8206-b68c9d4b2a18', 'name': 'tempest-VolumesAssistedSnapshotsTest-2143196097-network', 'tenant_id': '8d154bbb3c314183b0baf0e007084f39', 'admin_state_up': True, 'mtu': 8950, 'status': 'ACTIVE', 'subnets': [], 'shared': False, 'project_id': '8d154bbb3c314183b0baf0e007084f39', 'port_security_enabled': True, 'router:external': False, 'provider:network_type': 'vlan', 'provider:physical_network': 'default', 'provider:segmentation_id': 953, 'is_default': False, 'availability_zone_hints': [], 'availability_zones': [], 'ipv4_address_scope': None, 'ipv6_address_scope': None, 'description': '', 'tags': [], 'created_at': '2024-10-15T15:27:34Z', 'updated_at': '2024-10-15T15:27:34Z', 'revision_number': 1}, Subnet: {'id': '87732d8e-156b-4f96-b3e9-6114350b67f4', 'name': 'tempest-VolumesAssistedSnapshotsTest-2143196097-subnet', 'tenant_id': '8d154bbb3c314183b0baf0e007084f39', 'network_id': 'ad6ce5df-47ea-4ff8-8206-b68c9d4b2a18', 'ip_version': 4, 'subnetpool_id': None, 'enable_dhcp': True, 'ipv6_ra_mode': None, 'ipv6_address_mode': None, 'gateway_ip': '192.168.128.1', 'cidr': '192.168.128.0/28', 'allocation_pools': [{'start': '192.168.128.2', 'end': '192.168.128.14'}], 'host_routes': [], 'dns_nameservers': [], 'description': '', 'service_types': [], 'tags': [], 'created_at': '2024-10-15T15:27:34Z', 'updated_at': '2024-10-15T15:27:34Z', 'revision_number': 0, 'project_id': '8d154bbb3c314183b0baf0e007084f39'}, Router: {'id': 'b26d569b-8aa3-48b3-adba-57a39943f46c', 'name': 'tempest-VolumesAssistedSnapshotsTest-2143196097-router', 'tenant_id': '8d154bbb3c314183b0baf0e007084f39', 'admin_state_up': True, 'status': 'ACTIVE', 'external_gateway_info': {'network_id': '2aa21069-f9ed-4b36-8983-b3e76909b41e', 'external_fixed_ips': [{'subnet_id': 'e277c743-bb91-4019-bb2b-b15a516f2444', 'ip_address': '10.180.180.234'}], 'enable_snat': True}, 'description': '', 'availability_zones': [], 'distributed': False, 'ha': False, 'availability_zone_hints': [], 'routes': [], 'flavor_id': None, 'tags': [], 'created_at': '2024-10-15T15:27:35Z', 'updated_at': '2024-10-15T15:27:37Z', 'revision_number': 2, 'project_id': '8d154bbb3c314183b0baf0e007084f39'}
2024-10-15 15:27:41.505 61830 INFO tempest.lib.common.rest_client [req-e1e67504-ea87-4570-bf03-f2ba2d249362 req-e1e67504-ea87-4570-bf03-f2ba2d249362 ] Request (SecurityGroupsTestAdminJSON:test_list_security_groups_list_all_tenants_filter): 200 GET http://10.180.1.21/compute/v2.1/os-security-groups?all_tenants=true 9.596s
2024-10-15 15:27:41.519 61831 INFO tempest.lib.common.rest_client [req-b1ac2359-d18c-4c9c-b7bb-7a7de7328f23 req-b1ac2359-d18c-4c9c-b7bb-7a7de7328f23 ] Request (KeyPairsV22TestJSON:test_get_keypair_detail): 201 POST http://10.180.1.21/compute/v2.1/os-keypairs 6.063s
2024-10-15 15:27:41.657 61827 INFO tempest.lib.common.rest_client [req-465cbd33-d3a7-42cd-94b1-ff8e09746b27 req-465cbd33-d3a7-42cd-94b1-ff8e09746b27 ] Request (DeleteServersAdminTestJSON:test_admin_delete_servers_of_others): 200 GET http://10.180.1.21/compute/v2.1/servers/ef6e717f-c8b2-4536-8425-89f218d49f1a 5.698s
2024-10-15 15:27:41.663 61821 INFO tempest.lib.common.rest_client [req-4806ed82-882b-41fd-97c9-e16253bbbebb req-4806ed82-882b-41fd-97c9-e16253bbbebb ] Request (VolumesAssistedSnapshotsTest:setUpClass): 201 POST http://10.180.1.21/identity/v3/auth/tokens 0.120s
2024-10-15 15:27:41.663 61827 INFO tempest.common.waiters [-] State transition "BUILD/spawning" ==> "ERROR/None" after 14 second wait
2024-10-15 15:27:41.676 61789 INFO tempest.lib.common.rest_client [req-82d216f5-4956-4650-abae-e4895a6d3d73 req-82d216f5-4956-4650-abae-e4895a6d3d73 ] Request (HypervisorAdminNegativeUnderV252Test:test_show_servers_with_nonexistent_hypervisor): 404 GET http://10.180.1.21/compute/v2.1/os-hypervisors/a0c4aea1-9176-4f79-ba5e-7a716da27b18/servers 5.379s
2024-10-15 15:27:41.719 61815 INFO tempest.lib.common.rest_client [req-1996f147-d3b6-481a-aab6-1083b764e688 req-1996f147-d3b6-481a-aab6-1083b764e688 ] Request (AggregatesAdminNegativeTestJSON:test_aggregate_add_host_as_user): 200 POST http://10.180.1.21/compute/v2.1/os-aggregates 5.417s
2024-10-15 15:27:41.730 61825 INFO tempest.lib.common.rest_client [req-d1f9ddb4-0691-4904-8558-6de923a33074 req-d1f9ddb4-0691-4904-8558-6de923a33074 ] Request (HostsAdminNegativeTestJSON:test_show_host_detail_with_nonexistent_hostname): 404 GET http://10.180.1.21/compute/v2.1/os-hosts/nonexistent_hostname 5.406s
2024-10-15 15:27:41.758 61807 INFO tempest.lib.common.rest_client [req-5a067d6b-1221-4c26-a3e9-bcaa26575a8b req-5a067d6b-1221-4c26-a3e9-bcaa26575a8b ] Request (FlavorsAdminTestJSON:_run_cleanups): 200 GET http://10.180.1.21/compute/v2.1/flavors/detail 5.413s
2024-10-15 15:27:41.785 61843 INFO tempest.lib.common.rest_client [req-4288425d-3c9c-4679-9a05-375929170e07 req-4288425d-3c9c-4679-9a05-375929170e07 ] Request (FlavorsExtraSpecsTestJSON:test_flavor_set_get_update_show_unset_keys): 200 POST http://10.180.1.21/compute/v2.1/flavors/1083499299/os-extra_specs 5.434s
2024-10-15 15:27:41.805 61837 INFO tempest.lib.common.rest_client [req-a51abb8c-71b1-4533-aad7-47c7828ad8d0 req-a51abb8c-71b1-4533-aad7-47c7828ad8d0 ] Request (HostsAdminTestJSON:test_list_hosts_with_zone): 200 GET http://10.180.1.21/compute/v2.1/os-hosts 5.449s
2024-10-15 15:27:41.818 61789 INFO tempest.lib.common.rest_client [req-38fa5dbb-625b-4c59-bb5b-46b14dc554b7 req-38fa5dbb-625b-4c59-bb5b-46b14dc554b7 ] Request (HypervisorAdminNegativeUnderV252Test:tearDownClass): 204 DELETE http://10.180.1.21/identity/v3/users/ea8df391345443bf9818e35dcaa8a5d4 0.140s
2024-10-15 15:27:41.867 61839 INFO tempest.lib.common.rest_client [req-0faf3aeb-4ae3-4e38-b9d5-48b0025ff400 req-0faf3aeb-4ae3-4e38-b9d5-48b0025ff400 ] Request (VolumesAdminNegativeTest:test_update_attached_volume_with_nonexistent_volume_in_body): 201 POST http://10.180.1.21:9696/networking/v2.0/floatingips 0.805s
2024-10-15 15:27:41.905 61819 INFO tempest.lib.common.rest_client [req-cabad534-6170-4de4-af89-bbc624a3c1c2 req-cabad534-6170-4de4-af89-bbc624a3c1c2 ] Request (FloatingIPsTestJSON:test_allocate_floating_ip): 200 GET http://10.180.1.21/compute/v2.1/os-floating-ips/dfc1fea4-58bb-4243-8935-bab92646757b 5.636s
2024-10-15 15:27:41.933 61841 INFO tempest.lib.common.rest_client [req-0e3526b9-c533-480a-af17-f4591c1997a8 req-0e3526b9-c533-480a-af17-f4591c1997a8 ] Request (FlavorsAccessTestJSON:test_flavor_access_list_with_private_flavor): 200 POST http://10.180.1.21/compute/v2.1/flavors 4.987s
2024-10-15 15:27:42.012 61789 INFO tempest.lib.common.rest_client [req-b26b4dbb-df2f-4624-9094-2f33949f9cc9 req-b26b4dbb-df2f-4624-9094-2f33949f9cc9 ] Request (HypervisorAdminNegativeUnderV252Test:tearDownClass): 204 DELETE http://10.180.1.21/identity/v3/users/5368ddf993c24e3589c6de57c9b9ec78 0.194s
2024-10-15 15:27:42.012 61789 INFO tempest.lib.common.dynamic_creds [-] Deleting project and security group for project: c6767a7cd01b4d81b4d099b2246601a1
2024-10-15 15:27:42.093 61795 INFO tempest.lib.common.rest_client [req-9e23bbf1-b54f-4076-9f86-c7cfa5d865e2 req-9e23bbf1-b54f-4076-9f86-c7cfa5d865e2 ] Request (QuotaClassesAdmin257Test:test_update_default_quotas): 200 PUT http://10.180.1.21/compute/v2.1/os-quota-class-sets/default 5.030s
2024-10-15 15:27:42.117 61799 INFO tempest.lib.common.rest_client [req-6c2b6e19-74df-4392-b582-565163c62e9b req-6c2b6e19-74df-4392-b582-565163c62e9b ] Request (FlavorsAccessNegativeTestJSON:_run_cleanups): 200 GET http://10.180.1.21/compute/v2.1/flavors/detail 5.037s
2024-10-15 15:27:42.121 61839 INFO tempest.lib.common.rest_client [req-32b3fcb3-8e75-438d-ba99-ef4ebaafa434 req-32b3fcb3-8e75-438d-ba99-ef4ebaafa434 ] Request (VolumesAdminNegativeTest:test_update_attached_volume_with_nonexistent_volume_in_body): 201 POST http://10.180.1.21/identity/v3/auth/tokens 0.201s
2024-10-15 15:27:42.122 61839 INFO tempest.lib.common.fixed_network [-] (VolumesAdminNegativeTest:test_update_attached_volume_with_nonexistent_volume_in_body) Found network {'id': 'aeb2e386-44a4-4288-a87f-0745839f7e24', 'name': 'tempest-VolumesAdminNegativeTest-2030290229-network', 'tenant_id': 'b410a9b0a0a54c00bbbaa088cd81b957', 'admin_state_up': True, 'mtu': 8950, 'status': 'ACTIVE', 'subnets': [], 'shared': False, 'project_id': 'b410a9b0a0a54c00bbbaa088cd81b957', 'port_security_enabled': True, 'router:external': False, 'provider:network_type': 'vlan', 'provider:physical_network': 'default', 'provider:segmentation_id': 172, 'is_default': False, 'availability_zone_hints': [], 'availability_zones': [], 'ipv4_address_scope': None, 'ipv6_address_scope': None, 'description': '', 'tags': [], 'created_at': '2024-10-15T15:27:18Z', 'updated_at': '2024-10-15T15:27:18Z', 'revision_number': 1} available for tenant
2024-10-15 15:27:42.136 61813 INFO tempest.lib.common.rest_client [req-d2f8670f-e4d8-40d7-9e86-125e530a1ff8 req-d2f8670f-e4d8-40d7-9e86-125e530a1ff8 ] Request (KeyPairsV210TestJSON:_run_cleanups): 204 DELETE http://10.180.1.21/compute/v2.1/os-keypairs/tempest-keypair-1359349835?user_id=1327e0192ad3498c99e29b2953f8d192 5.031s
2024-10-15 15:27:42.155 61793 INFO tempest.lib.common.rest_client [req-b68898ef-5f74-42cd-ac03-3a6dbaae7188 req-b68898ef-5f74-42cd-ac03-3a6dbaae7188 ] Request (QuotasAdminNegativeTest:test_create_server_when_memory_quota_is_full): 200 GET http://10.180.1.21/compute/v2.1/os-quota-sets/cfe0e24afeba4c13a41db84c472fad6b 5.238s
2024-10-15 15:27:42.181 61817 INFO tempest.lib.common.rest_client [req-363ab78b-45e6-4afe-a430-7e719460f12b req-363ab78b-45e6-4afe-a430-7e719460f12b ] Request (FlavorMetadataValidation:_run_cleanups): 200 GET http://10.180.1.21/compute/v2.1/flavors/detail 4.791s
2024-10-15 15:27:42.182 61797 INFO tempest.lib.common.rest_client [req-a3a79162-0056-479a-980a-c03c58871234 req-a3a79162-0056-479a-980a-c03c58871234 ] Request (ImagesMetadataTestJSON:test_get_image_metadata_item): 200 GET http://10.180.1.21/compute/v2.1/images/d17f51a3-6a6f-4818-aadf-6f9ed4559937/metadata/os_distro 4.810s
2024-10-15 15:27:42.207 61821 INFO tempest.lib.common.rest_client [req-9c3566ce-9fb2-4f78-8f37-e789cebbf9dc req-9c3566ce-9fb2-4f78-8f37-e789cebbf9dc ] Request (VolumesAssistedSnapshotsTest:test_volume_assisted_snapshot_create_delete): 202 POST http://10.180.1.21/volume/v3/f9b82c0e6bec4b80aa3f9b493fe3ea5a/volumes 0.542s
2024-10-15 15:27:42.232 61789 INFO tempest.lib.common.rest_client [req-d69ff2bf-235d-4044-8656-0ce9bec1229a req-d69ff2bf-235d-4044-8656-0ce9bec1229a ] Request (HypervisorAdminNegativeUnderV252Test:tearDownClass): 201 POST http://10.180.1.21/identity/v3/auth/tokens 0.219s
2024-10-15 15:27:42.277 61821 INFO tempest.lib.common.rest_client [req-1440b2fa-5dfe-4b06-ad28-696b7a45e92b req-1440b2fa-5dfe-4b06-ad28-696b7a45e92b ] Request (VolumesAssistedSnapshotsTest:test_volume_assisted_snapshot_create_delete): 200 GET http://10.180.1.21/volume/v3/f9b82c0e6bec4b80aa3f9b493fe3ea5a/volumes/b8949db1-91f0-46bf-aeac-551dedee84cc 0.057s
2024-10-15 15:27:42.336 61817 INFO tempest.lib.common.rest_client [req-5e0a69d2-6d08-4a2b-aafb-4fcd0f043d2b req-5e0a69d2-6d08-4a2b-aafb-4fcd0f043d2b ] Request (FlavorMetadataValidation:tearDownClass): 204 DELETE http://10.180.1.21/identity/v3/users/f3a3c34c95384edd83cb09d897fefcb2 0.142s
2024-10-15 15:27:42.361 61803 INFO tempest.lib.common.rest_client [req-41491f28-9906-4615-9880-e5653c7ac993 req-41491f28-9906-4615-9880-e5653c7ac993 ] Request (AbsoluteLimitsTestJSON:test_absLimits_get): 200 GET http://10.180.1.21/compute/v2.1/limits 3.398s
2024-10-15 15:27:42.394 61805 INFO tempest.lib.common.rest_client [req-6e055cc2-fa1b-493a-a64f-e6d8f094d58e req-6e055cc2-fa1b-493a-a64f-e6d8f094d58e ] Request (ServerDiagnosticsV248Test:test_get_server_diagnostics): 200 GET http://10.180.1.21/compute/v2.1/servers/151fefe2-b70a-4ea5-8b50-08c7968b10fe 4.760s
2024-10-15 15:27:42.461 61817 INFO tempest.lib.common.rest_client [req-27fee75a-c844-4d15-bff8-c8d62359b315 req-27fee75a-c844-4d15-bff8-c8d62359b315 ] Request (FlavorMetadataValidation:tearDownClass): 204 DELETE http://10.180.1.21/identity/v3/users/054121cfee764996b02e9495f296342b 0.125s
2024-10-15 15:27:42.462 61817 INFO tempest.lib.common.dynamic_creds [-] Deleting project and security group for project: 762792cb54cd462f87bfbce524cf14a0
2024-10-15 15:27:42.516 61803 INFO tempest.lib.common.rest_client [req-1c90f6e8-7214-4657-8af6-2012e7af21d1 req-1c90f6e8-7214-4657-8af6-2012e7af21d1 ] Request (AbsoluteLimitsTestJSON:tearDownClass): 204 DELETE http://10.180.1.21/identity/v3/users/b62d02339b0e4ea3ade89ce1ad9797f9 0.147s
2024-10-15 15:27:42.516 61803 INFO tempest.lib.common.dynamic_creds [-] Deleting project and security group for project: 5aac1b32849a41f591b6788c5313e44b
2024-10-15 15:27:42.533 61817 INFO tempest.lib.common.rest_client [req-82406823-a86d-47d0-b154-9edede5a91a8 req-82406823-a86d-47d0-b154-9edede5a91a8 ] Request (FlavorMetadataValidation:tearDownClass): 201 POST http://10.180.1.21/identity/v3/auth/tokens 0.071s
2024-10-15 15:27:42.582 61803 INFO tempest.lib.common.rest_client [req-4343520a-c2e6-4ac3-a6d7-df159cea4c63 req-4343520a-c2e6-4ac3-a6d7-df159cea4c63 ] Request (AbsoluteLimitsTestJSON:tearDownClass): 201 POST http://10.180.1.21/identity/v3/auth/tokens 0.066s
2024-10-15 15:27:42.595 61789 INFO tempest.lib.common.rest_client [req-1014a1ce-5b55-4501-ae84-d358ddf11750 req-1014a1ce-5b55-4501-ae84-d358ddf11750 ] Request (HypervisorAdminNegativeUnderV252Test:tearDownClass): 200 GET http://10.180.1.21:9696/networking/v2.0/security-groups?tenant_id=c6767a7cd01b4d81b4d099b2246601a1&name=default 0.362s
2024-10-15 15:27:42.865 61817 INFO tempest.lib.common.rest_client [req-28a45591-f8ae-4f11-a5a1-f62f91e32c07 req-28a45591-f8ae-4f11-a5a1-f62f91e32c07 ] Request (FlavorMetadataValidation:tearDownClass): 200 GET http://10.180.1.21:9696/networking/v2.0/security-groups?tenant_id=762792cb54cd462f87bfbce524cf14a0&name=default 0.331s
2024-10-15 15:27:42.878 61803 INFO tempest.lib.common.rest_client [req-dedcc284-2cc1-4a19-9e85-44fedb0c64dd req-dedcc284-2cc1-4a19-9e85-44fedb0c64dd ] Request (AbsoluteLimitsTestJSON:tearDownClass): 200 GET http://10.180.1.21:9696/networking/v2.0/security-groups?tenant_id=5aac1b32849a41f591b6788c5313e44b&name=default 0.295s
2024-10-15 15:27:43.088 61803 INFO tempest.lib.common.rest_client [req-acd0688c-e356-48e2-b10e-62c12d410078 req-acd0688c-e356-48e2-b10e-62c12d410078 ] Request (AbsoluteLimitsTestJSON:tearDownClass): 204 DELETE http://10.180.1.21:9696/networking/v2.0/security-groups/90efe91b-4b38-4c9e-862e-697589db5e35 0.209s
2024-10-15 15:27:43.153 61789 INFO tempest.lib.common.rest_client [req-db93dcb6-d738-4400-b48c-4ead01b9031b req-db93dcb6-d738-4400-b48c-4ead01b9031b ] Request (HypervisorAdminNegativeUnderV252Test:tearDownClass): 204 DELETE http://10.180.1.21:9696/networking/v2.0/security-groups/a1ed5e84-3bdc-4705-b2bb-bd09b4a40b15 0.558s
2024-10-15 15:27:43.164 61803 INFO tempest.lib.common.rest_client [req-eb413216-f3bb-4bc8-bf6b-beeaa95c470a req-eb413216-f3bb-4bc8-bf6b-beeaa95c470a ] Request (AbsoluteLimitsTestJSON:tearDownClass): 204 DELETE http://10.180.1.21/identity/v3/projects/5aac1b32849a41f591b6788c5313e44b 0.075s
2024-10-15 15:27:43.190 61783 INFO tempest.lib.common.rest_client [req-208823e8-2617-4c2b-9401-7b0859418185 req-208823e8-2617-4c2b-9401-7b0859418185 ] Request (ServersAdminTestJSON:setUpClass): 201 POST http://10.180.1.21:9696/networking/v2.0/routers 2.589s
2024-10-15 15:27:43.231 61803 INFO tempest.lib.common.rest_client [req-b0a1fd97-6ba8-457c-99a9-7a236cb2e7e5 req-b0a1fd97-6ba8-457c-99a9-7a236cb2e7e5 ] Request (ComputeTenantNetworksTest:setUpClass): 201 POST http://10.180.1.21/identity/v3/auth/tokens 0.066s
2024-10-15 15:27:43.269 61789 INFO tempest.lib.common.rest_client [req-e0826916-4f09-424e-806c-ae6239b6f436 req-e0826916-4f09-424e-806c-ae6239b6f436 ] Request (HypervisorAdminNegativeUnderV252Test:tearDownClass): 204 DELETE http://10.180.1.21/identity/v3/projects/c6767a7cd01b4d81b4d099b2246601a1 0.115s
2024-10-15 15:27:43.269 61789 INFO tempest.lib.common.dynamic_creds [-] Deleting project and security group for project: 23f6b7cc11a84797818e40bfcb806b2c
2024-10-15 15:27:43.300 61803 INFO tempest.lib.common.rest_client [req-3e432d69-450a-49cf-903b-15ff217fd3ab req-3e432d69-450a-49cf-903b-15ff217fd3ab ] Request (ComputeTenantNetworksTest:setUpClass): 201 POST http://10.180.1.21/identity/v3/auth/tokens 0.066s
2024-10-15 15:27:43.322 61821 INFO tempest.lib.common.rest_client [req-c5596bc6-0bfa-407a-b785-847bdf036f2f req-c5596bc6-0bfa-407a-b785-847bdf036f2f ] Request (VolumesAssistedSnapshotsTest:test_volume_assisted_snapshot_create_delete): 200 GET http://10.180.1.21/volume/v3/f9b82c0e6bec4b80aa3f9b493fe3ea5a/volumes/b8949db1-91f0-46bf-aeac-551dedee84cc 0.037s
2024-10-15 15:27:43.322 61803 INFO tempest.lib.common.rest_client [req-2bc52010-1233-485f-8482-e2a3ff31c3e3 req-2bc52010-1233-485f-8482-e2a3ff31c3e3 ] Request (ComputeTenantNetworksTest:setUpClass): 200 GET http://10.180.1.21/identity/v3/domains?name=Default 0.022s
2024-10-15 15:27:43.335 61821 INFO tempest.common.waiters [-] volume b8949db1-91f0-46bf-aeac-551dedee84cc reached available after waiting for 1.335220 seconds
2024-10-15 15:27:43.348 61803 INFO tempest.lib.common.rest_client [req-7259c73f-9b04-4dc3-89d7-390142453341 req-7259c73f-9b04-4dc3-89d7-390142453341 ] Request (ComputeTenantNetworksTest:setUpClass): 201 POST http://10.180.1.21/identity/v3/projects 0.025s
2024-10-15 15:27:43.403 61803 INFO tempest.lib.common.rest_client [req-a4f3e415-df2b-4454-9bb7-4cdccfe57ca2 req-a4f3e415-df2b-4454-9bb7-4cdccfe57ca2 ] Request (ComputeTenantNetworksTest:setUpClass): 201 POST http://10.180.1.21/identity/v3/users 0.055s
2024-10-15 15:27:43.422 61803 INFO tempest.lib.common.rest_client [req-39066917-a14f-4720-942b-29d37d5f691b req-39066917-a14f-4720-942b-29d37d5f691b ] Request (ComputeTenantNetworksTest:setUpClass): 200 GET http://10.180.1.21/identity/v3/roles 0.018s
2024-10-15 15:27:43.450 61803 INFO tempest.lib.common.rest_client [req-54940ea1-b97c-4ea7-8ab2-5a756a6ffa28 req-54940ea1-b97c-4ea7-8ab2-5a756a6ffa28 ] Request (ComputeTenantNetworksTest:setUpClass): 204 PUT http://10.180.1.21/identity/v3/projects/9eaf60288b9c49fa9e804e1824aef672/users/649d3219096d4049b666c22294097af1/roles/af1a6b3b2d5348f4865155352011b218 0.027s
2024-10-15 15:27:43.450 61803 INFO tempest.lib.common.dynamic_creds [-] Dynamic test user 649d3219096d4049b666c22294097af1 is created with scope project and roles: ['member']
2024-10-15 15:27:43.450 61803 INFO tempest.lib.common.dynamic_creds [-] Acquired dynamic creds: credentials: Credentials: {'domain_id': 'default', 'domain_name': 'Default', 'username': 'tempest-ComputeTenantNetworksTest-71604418-project-member', 'project_domain_id': 'default', 'project_domain_name': 'Default', 'project_id': '9eaf60288b9c49fa9e804e1824aef672', 'project_name': 'tempest-ComputeTenantNetworksTest-71604418', 'tenant_id': '9eaf60288b9c49fa9e804e1824aef672', 'tenant_name': 'tempest-ComputeTenantNetworksTest-71604418', 'user_domain_id': 'default', 'user_domain_name': 'Default', 'user_id': '649d3219096d4049b666c22294097af1', 'system': None}, Network: None, Subnet: None, Router: None
2024-10-15 15:27:43.529 61803 INFO tempest.lib.common.rest_client [req-75cc7274-b151-4b61-8dab-199f810402f0 req-75cc7274-b151-4b61-8dab-199f810402f0 ] Request (ComputeTenantNetworksTest:setUpClass): 201 POST http://10.180.1.21/identity/v3/auth/tokens 0.078s
2024-10-15 15:27:43.632 61817 INFO tempest.lib.common.rest_client [req-1313ca9c-cc26-4503-9414-3129db5a1402 req-1313ca9c-cc26-4503-9414-3129db5a1402 ] Request (FlavorMetadataValidation:tearDownClass): 204 DELETE http://10.180.1.21:9696/networking/v2.0/security-groups/a8c51156-57c9-471e-b521-76d26ddb7da1 0.767s
2024-10-15 15:27:43.727 61817 INFO tempest.lib.common.rest_client [req-da7fa82c-83f6-4f6d-961f-2e4d6463c238 req-da7fa82c-83f6-4f6d-961f-2e4d6463c238 ] Request (FlavorMetadataValidation:tearDownClass): 204 DELETE http://10.180.1.21/identity/v3/projects/762792cb54cd462f87bfbce524cf14a0 0.094s
2024-10-15 15:27:43.727 61817 INFO tempest.lib.common.dynamic_creds [-] Deleting project and security group for project: b1186df834d04966a50203a2a6f21aa9
2024-10-15 15:27:43.926 61789 INFO tempest.lib.common.rest_client [req-26e0d342-55e4-481f-a05b-f37518d92e45 req-26e0d342-55e4-481f-a05b-f37518d92e45 ] Request (HypervisorAdminNegativeUnderV252Test:tearDownClass): 200 GET http://10.180.1.21:9696/networking/v2.0/security-groups?tenant_id=23f6b7cc11a84797818e40bfcb806b2c&name=default 0.657s
2024-10-15 15:27:43.972 61817 INFO tempest.lib.common.rest_client [req-ab22b584-2089-400a-b5a0-aeff9a392723 req-ab22b584-2089-400a-b5a0-aeff9a392723 ] Request (FlavorMetadataValidation:tearDownClass): 200 GET http://10.180.1.21:9696/networking/v2.0/security-groups?tenant_id=b1186df834d04966a50203a2a6f21aa9&name=default 0.244s
2024-10-15 15:27:44.045 61803 INFO tempest.lib.common.rest_client [req-e2c9e417-f9a1-4124-b018-657ad49e87a0 req-e2c9e417-f9a1-4124-b018-657ad49e87a0 ] Request (ComputeTenantNetworksTest:setUpClass): 201 POST http://10.180.1.21:9696/networking/v2.0/networks 0.516s
2024-10-15 15:27:44.046 61803 INFO tempest.lib.common.dynamic_creds [-] Created isolated network resources for: credentials: Credentials: {'domain_id': 'default', 'domain_name': 'Default', 'username': 'tempest-ComputeTenantNetworksTest-71604418-project-member', 'project_domain_id': 'default', 'project_domain_name': 'Default', 'project_id': '9eaf60288b9c49fa9e804e1824aef672', 'project_name': 'tempest-ComputeTenantNetworksTest-71604418', 'tenant_id': '9eaf60288b9c49fa9e804e1824aef672', 'tenant_name': 'tempest-ComputeTenantNetworksTest-71604418', 'user_domain_id': 'default', 'user_domain_name': 'Default', 'user_id': '649d3219096d4049b666c22294097af1', 'system': None}, Network: {'id': 'bb8f155c-ab7f-45eb-ae4a-def42264de68', 'name': 'tempest-ComputeTenantNetworksTest-1257837111-network', 'tenant_id': '9eaf60288b9c49fa9e804e1824aef672', 'admin_state_up': True, 'mtu': 8950, 'status': 'ACTIVE', 'subnets': [], 'shared': False, 'project_id': '9eaf60288b9c49fa9e804e1824aef672', 'port_security_enabled': True, 'router:external': False, 'provider:network_type': 'vlan', 'provider:physical_network': 'default', 'provider:segmentation_id': 653, 'is_default': False, 'availability_zone_hints': [], 'availability_zones': [], 'ipv4_address_scope': None, 'ipv6_address_scope': None, 'description': '', 'tags': [], 'created_at': '2024-10-15T15:27:43Z', 'updated_at': '2024-10-15T15:27:43Z', 'revision_number': 1}, Subnet: None, Router: None
2024-10-15 15:27:44.130 61803 INFO tempest.lib.common.rest_client [req-eae08611-c1ec-4e5b-8bef-5d9a20a61305 req-eae08611-c1ec-4e5b-8bef-5d9a20a61305 ] Request (ComputeTenantNetworksTest:setUpClass): 201 POST http://10.180.1.21/identity/v3/auth/tokens 0.080s
2024-10-15 15:27:44.160 61803 INFO tempest.lib.common.rest_client [req-383a2433-41c8-445f-92ea-8bd4f04c9326 req-383a2433-41c8-445f-92ea-8bd4f04c9326 ] Request (ComputeTenantNetworksTest:setUpClass): 201 POST http://10.180.1.21/identity/v3/auth/tokens 0.027s
2024-10-15 15:27:44.161 61803 INFO tempest.lib.common.fixed_network [-] (ComputeTenantNetworksTest:setUpClass) Found network {'id': 'bb8f155c-ab7f-45eb-ae4a-def42264de68', 'name': 'tempest-ComputeTenantNetworksTest-1257837111-network', 'tenant_id': '9eaf60288b9c49fa9e804e1824aef672', 'admin_state_up': True, 'mtu': 8950, 'status': 'ACTIVE', 'subnets': [], 'shared': False, 'project_id': '9eaf60288b9c49fa9e804e1824aef672', 'port_security_enabled': True, 'router:external': False, 'provider:network_type': 'vlan', 'provider:physical_network': 'default', 'provider:segmentation_id': 653, 'is_default': False, 'availability_zone_hints': [], 'availability_zones': [], 'ipv4_address_scope': None, 'ipv6_address_scope': None, 'description': '', 'tags': [], 'created_at': '2024-10-15T15:27:43Z', 'updated_at': '2024-10-15T15:27:43Z', 'revision_number': 1} available for tenant
2024-10-15 15:27:44.177 61789 INFO tempest.lib.common.rest_client [req-b04b5ecc-84f4-43fc-91ba-1dcbbb87df2e req-b04b5ecc-84f4-43fc-91ba-1dcbbb87df2e ] Request (HypervisorAdminNegativeUnderV252Test:tearDownClass): 204 DELETE http://10.180.1.21:9696/networking/v2.0/security-groups/97e61540-e191-4d49-826d-fbad65b38007 0.251s
2024-10-15 15:27:44.268 61789 INFO tempest.lib.common.rest_client [req-4a8ce585-66d9-44b2-b09c-036c7a61a059 req-4a8ce585-66d9-44b2-b09c-036c7a61a059 ] Request (HypervisorAdminNegativeUnderV252Test:tearDownClass): 204 DELETE http://10.180.1.21/identity/v3/projects/23f6b7cc11a84797818e40bfcb806b2c 0.090s
2024-10-15 15:27:44.325 61789 INFO tempest.lib.common.rest_client [req-88766f1a-c816-4f57-8424-ee599d2fc5bb req-88766f1a-c816-4f57-8424-ee599d2fc5bb ] Request (FlavorsV2TestJSON:setUpClass): 201 POST http://10.180.1.21/identity/v3/auth/tokens 0.055s
2024-10-15 15:27:44.385 61817 INFO tempest.lib.common.rest_client [req-022ff843-9881-4869-878c-9402986f17b7 req-022ff843-9881-4869-878c-9402986f17b7 ] Request (FlavorMetadataValidation:tearDownClass): 204 DELETE http://10.180.1.21:9696/networking/v2.0/security-groups/2a1a062f-65aa-4bd0-97c8-dfd53ab16eb6 0.412s
2024-10-15 15:27:44.398 61789 INFO tempest.lib.common.rest_client [req-f542f455-81f9-4c27-8c14-1281f7931cdc req-f542f455-81f9-4c27-8c14-1281f7931cdc ] Request (FlavorsV2TestJSON:setUpClass): 201 POST http://10.180.1.21/identity/v3/auth/tokens 0.026s
2024-10-15 15:27:44.418 61789 INFO tempest.lib.common.rest_client [req-c1a2498f-f600-46ad-91bd-9f81c39239d5 req-c1a2498f-f600-46ad-91bd-9f81c39239d5 ] Request (FlavorsV2TestJSON:setUpClass): 200 GET http://10.180.1.21/identity/v3/domains?name=Default 0.019s
2024-10-15 15:27:44.443 61789 INFO tempest.lib.common.rest_client [req-d2536d27-1248-47b5-8a18-76e3b63f76a2 req-d2536d27-1248-47b5-8a18-76e3b63f76a2 ] Request (FlavorsV2TestJSON:setUpClass): 201 POST http://10.180.1.21/identity/v3/projects 0.024s
2024-10-15 15:27:44.455 61817 INFO tempest.lib.common.rest_client [req-4d3a5c29-f45a-4374-810c-9b1c192a1b56 req-4d3a5c29-f45a-4374-810c-9b1c192a1b56 ] Request (FlavorMetadataValidation:tearDownClass): 204 DELETE http://10.180.1.21/identity/v3/projects/b1186df834d04966a50203a2a6f21aa9 0.070s
2024-10-15 15:27:44.507 61789 INFO tempest.lib.common.rest_client [req-23a633ac-8316-46cc-8f6c-ce34918832e3 req-23a633ac-8316-46cc-8f6c-ce34918832e3 ] Request (FlavorsV2TestJSON:setUpClass): 201 POST http://10.180.1.21/identity/v3/users 0.063s
2024-10-15 15:27:44.525 61817 INFO tempest.lib.common.rest_client [req-5e9a103a-cf64-4c3f-bcbc-54d31cce55a7 req-5e9a103a-cf64-4c3f-bcbc-54d31cce55a7 ] Request (ServersAdminNegativeTestJSON:setUpClass): 201 POST http://10.180.1.21/identity/v3/auth/tokens 0.069s
2024-10-15 15:27:44.534 61789 INFO tempest.lib.common.rest_client [req-bbccbb75-5492-47ff-afaf-6b0fb0b2a1a6 req-bbccbb75-5492-47ff-afaf-6b0fb0b2a1a6 ] Request (FlavorsV2TestJSON:setUpClass): 200 GET http://10.180.1.21/identity/v3/roles 0.026s
2024-10-15 15:27:44.560 61817 INFO tempest.lib.common.rest_client [req-d004ceac-37ef-432c-a820-e49d948b5470 req-d004ceac-37ef-432c-a820-e49d948b5470 ] Request (ServersAdminNegativeTestJSON:setUpClass): 201 POST http://10.180.1.21/identity/v3/auth/tokens 0.032s
2024-10-15 15:27:44.571 61789 INFO tempest.lib.common.rest_client [req-b685f498-8f06-4bdf-bc57-ae91f3db8be0 req-b685f498-8f06-4bdf-bc57-ae91f3db8be0 ] Request (FlavorsV2TestJSON:setUpClass): 204 PUT http://10.180.1.21/identity/v3/projects/cdb2b826a9ff48019df77b640261573b/users/bf6a724fc5df44d1b12bfeba59363c92/roles/af1a6b3b2d5348f4865155352011b218 0.037s
2024-10-15 15:27:44.571 61789 INFO tempest.lib.common.dynamic_creds [-] Dynamic test user bf6a724fc5df44d1b12bfeba59363c92 is created with scope project and roles: ['member']
