2024-10-15 15:30:39.232 61845 INFO tempest.lib.common.rest_client [req-b8dcdf27-898d-40bb-aaf4-195cf2e3fa67 req-b8dcdf27-898d-40bb-aaf4-195cf2e3fa67 ] Request (KeyPairsV2TestJSON:_run_cleanups): 202 DELETE http://10.180.1.21/compute/v2.1/os-keypairs/tempest-KeyPairsV2TestJSON-keypair-946977172 2.047s
2024-10-15 15:30:39.335 61845 INFO tempest.lib.common.rest_client [req-5258d920-7e09-4da2-a5f4-32aa4dc312b2 req-5258d920-7e09-4da2-a5f4-32aa4dc312b2 ] Request (KeyPairsV2TestJSON:tearDownClass): 204 DELETE http://10.180.1.21/identity/v3/users/abe0e620f73843cab8b9ea668f34040d 0.100s
2024-10-15 15:30:39.336 61845 INFO tempest.lib.common.dynamic_creds [-] Deleting project and security group for project: 9a88be9bf08145c99671de06c196ea13
2024-10-15 15:30:39.413 61845 INFO tempest.lib.common.rest_client [req-fdfd19e8-39ed-4c95-bcc5-98a5ef123804 req-fdfd19e8-39ed-4c95-bcc5-98a5ef123804 ] Request (KeyPairsV2TestJSON:tearDownClass): 201 POST http://10.180.1.21/identity/v3/auth/tokens 0.077s
2024-10-15 15:30:39.433 61821 INFO tempest.lib.common.rest_client [req-64a2689b-400b-44ee-81ca-e28266d7ab15 req-64a2689b-400b-44ee-81ca-e28266d7ab15 ] Request (ServerShowV254Test:test_rebuild_server): 200 GET http://10.180.1.21/compute/v2.1/servers/28bcec42-4fb0-4ef1-b882-6224fdbcec16 2.380s
2024-10-15 15:30:39.476 61830 INFO tempest.lib.common.rest_client [req-5e8e4ba3-28a1-48de-b243-63c21b0352d3 req-5e8e4ba3-28a1-48de-b243-63c21b0352d3 ] Request (ServersListShow296Test:tearDownClass): 200 GET http://10.180.1.21/compute/v2.1/servers/07d2f1e7-c08e-434c-aea7-941ef75f16ba 2.275s
2024-10-15 15:30:39.605 61815 INFO tempest.lib.common.rest_client [req-214fcf41-426e-411a-8879-1dbfb666a45d req-214fcf41-426e-411a-8879-1dbfb666a45d ] Request (AttachVolumeTestJSON:test_attach_detach_volume): 200 GET http://10.180.1.21/compute/v2.1/servers/f7d0db3d-9247-409a-bf1e-4b53c2368ddc 2.076s
2024-10-15 15:30:39.613 61815 INFO tempest.common.waiters [-] State transition "BUILD/scheduling" ==> "BUILD/spawning" after 3 second wait
2024-10-15 15:30:39.751 61839 INFO tempest.lib.common.rest_client [req-540020d3-a497-4e67-b2c9-0a1c1c4f34b0 req-540020d3-a497-4e67-b2c9-0a1c1c4f34b0 ] Request (ImagesTestJSON:test_create_server_from_snapshot): 200 GET http://10.180.1.21/compute/v2.1/servers/72c150cd-b1f2-451d-bb6b-6b8b668e97a1 1.617s
2024-10-15 15:30:39.759 61839 INFO tempest.common.waiters [-] State transition "BUILD/spawning" ==> "ERROR/None" after 13 second wait
2024-10-15 15:30:40.109 61845 INFO tempest.lib.common.rest_client [req-25498f11-f7a7-4e35-bff1-0cef7caddf24 req-25498f11-f7a7-4e35-bff1-0cef7caddf24 ] Request (KeyPairsV2TestJSON:tearDownClass): 200 GET http://10.180.1.21:9696/networking/v2.0/security-groups?tenant_id=9a88be9bf08145c99671de06c196ea13&name=default 0.696s
2024-10-15 15:30:40.158 61799 INFO tempest.lib.common.rest_client [req-0274080d-7d57-4908-8967-90fbbd8abf3d req-0274080d-7d57-4908-8967-90fbbd8abf3d ] Request (ServerPasswordTestJSON:setUpClass): 200 GET http://10.180.1.21/compute/v2.1/servers/500259b0-a57d-43ff-9c88-46190b6a3a10 2.955s
2024-10-15 15:30:40.166 61799 INFO tempest.common.waiters [-] State transition "BUILD/scheduling" ==> "BUILD/spawning" after 4 second wait
2024-10-15 15:30:40.206 61785 INFO tempest.lib.common.rest_client [req-483a28db-6112-4cbe-bc9a-63644a428d80 req-483a28db-6112-4cbe-bc9a-63644a428d80 ] Request (VolumesTestJSON:setUpClass): 200 GET http://10.180.1.21/compute/v2.1/os-volumes/e68d3260-c58a-4bfa-bbb2-176ec7e29eb7 1.771s
2024-10-15 15:30:40.230 61783 INFO tempest.lib.common.rest_client [req-4efaf4b4-5d92-46d0-9394-bffba9d74675 req-4efaf4b4-5d92-46d0-9394-bffba9d74675 ] Request (MultipleCreateTestJSON:test_multiple_create): 200 GET http://10.180.1.21/compute/v2.1/servers/4ad1a310-5786-4bb6-87ff-72069f692eff 2.064s
2024-10-15 15:30:41.069 61845 INFO tempest.lib.common.rest_client [req-0ca803be-d62b-4693-9b21-f18b4b72bd3e req-0ca803be-d62b-4693-9b21-f18b4b72bd3e ] Request (KeyPairsV2TestJSON:tearDownClass): 204 DELETE http://10.180.1.21:9696/networking/v2.0/security-groups/facd63c4-d2ac-479e-a33e-de97cf981474 0.958s
2024-10-15 15:30:41.157 61845 INFO tempest.lib.common.rest_client [req-db00fbf3-51a8-4c37-9a80-43132763a02c req-db00fbf3-51a8-4c37-9a80-43132763a02c ] Request (KeyPairsV2TestJSON:tearDownClass): 204 DELETE http://10.180.1.21/identity/v3/projects/9a88be9bf08145c99671de06c196ea13 0.088s
2024-10-15 15:30:41.244 61845 INFO tempest.lib.common.rest_client [req-3d8facf8-8d86-454f-8b51-9bd887d65daf req-3d8facf8-8d86-454f-8b51-9bd887d65daf ] Request (ServersTestBootFromVolume:setUpClass): 201 POST http://10.180.1.21/identity/v3/auth/tokens 0.083s
2024-10-15 15:30:41.281 61845 INFO tempest.lib.common.rest_client [req-dc0335d7-d7ab-4179-b63c-a2a7b0561409 req-dc0335d7-d7ab-4179-b63c-a2a7b0561409 ] Request (ServersTestBootFromVolume:setUpClass): 201 POST http://10.180.1.21/identity/v3/auth/tokens 0.035s
2024-10-15 15:30:41.307 61845 INFO tempest.lib.common.rest_client [req-b124d432-1641-4466-b5a4-f325a7531ea9 req-b124d432-1641-4466-b5a4-f325a7531ea9 ] Request (ServersTestBootFromVolume:setUpClass): 200 GET http://10.180.1.21/identity/v3/domains?name=Default 0.024s
2024-10-15 15:30:41.341 61845 INFO tempest.lib.common.rest_client [req-ba38c695-59f5-4193-a8da-e23886ce4480 req-ba38c695-59f5-4193-a8da-e23886ce4480 ] Request (ServersTestBootFromVolume:setUpClass): 201 POST http://10.180.1.21/identity/v3/projects 0.033s
2024-10-15 15:30:41.375 61805 INFO tempest.lib.common.rest_client [req-93ce5082-137e-4e78-bf04-c1bb2dd3fb0e req-93ce5082-137e-4e78-bf04-c1bb2dd3fb0e ] Request (SecurityGroupsNegativeTestJSON:test_delete_the_default_security_group): 200 GET http://10.180.1.21/compute/v2.1/os-security-groups 2.703s
2024-10-15 15:30:41.421 61845 INFO tempest.lib.common.rest_client [req-3516edc9-548b-413f-bc0c-b15d53fa6823 req-3516edc9-548b-413f-bc0c-b15d53fa6823 ] Request (ServersTestBootFromVolume:setUpClass): 201 POST http://10.180.1.21/identity/v3/users 0.079s
2024-10-15 15:30:41.424 61837 INFO tempest.lib.common.rest_client [req-2aecf60f-71d2-4637-8694-316a04043a02 req-2aecf60f-71d2-4637-8694-316a04043a02 ] Request (ValidationResourcesFixture:setUp): 200 POST http://10.180.1.21/compute/v2.1/os-keypairs 2.665s
2024-10-15 15:30:41.452 61845 INFO tempest.lib.common.rest_client [req-0e70ce5f-adae-4a39-853b-ffab03498aed req-0e70ce5f-adae-4a39-853b-ffab03498aed ] Request (ServersTestBootFromVolume:setUpClass): 200 GET http://10.180.1.21/identity/v3/roles 0.031s
2024-10-15 15:30:41.493 61845 INFO tempest.lib.common.rest_client [req-910f45a2-0658-441f-85a2-c526e7a95e4d req-910f45a2-0658-441f-85a2-c526e7a95e4d ] Request (ServersTestBootFromVolume:setUpClass): 204 PUT http://10.180.1.21/identity/v3/projects/5a6790faf73648b89498c2305f6aea85/users/2d301f3e5574407e9b13ce81a785466c/roles/af1a6b3b2d5348f4865155352011b218 0.041s
2024-10-15 15:30:41.494 61845 INFO tempest.lib.common.dynamic_creds [-] Dynamic test user 2d301f3e5574407e9b13ce81a785466c is created with scope project and roles: ['member']
2024-10-15 15:30:41.494 61845 INFO tempest.lib.common.dynamic_creds [-] Acquired dynamic creds: credentials: Credentials: {'domain_id': 'default', 'domain_name': 'Default', 'username': 'tempest-ServersTestBootFromVolume-630008723-project-member', 'project_domain_id': 'default', 'project_domain_name': 'Default', 'project_id': '5a6790faf73648b89498c2305f6aea85', 'project_name': 'tempest-ServersTestBootFromVolume-630008723', 'tenant_id': '5a6790faf73648b89498c2305f6aea85', 'tenant_name': 'tempest-ServersTestBootFromVolume-630008723', 'user_domain_id': 'default', 'user_domain_name': 'Default', 'user_id': '2d301f3e5574407e9b13ce81a785466c', 'system': None}, Network: None, Subnet: None, Router: None
2024-10-15 15:30:41.559 61845 INFO tempest.lib.common.rest_client [req-b368eed8-ebd3-4be2-961f-2869daf14c9e req-b368eed8-ebd3-4be2-961f-2869daf14c9e ] Request (ServersTestBootFromVolume:setUpClass): 201 POST http://10.180.1.21/identity/v3/auth/tokens 0.064s
2024-10-15 15:30:41.582 61795 INFO tempest.lib.common.rest_client [req-13027415-59a3-49d2-90c9-feeed5f96374 req-13027415-59a3-49d2-90c9-feeed5f96374 ] Request (ServersTestJSON:test_create_with_existing_server_name): 200 GET http://10.180.1.21/compute/v2.1/servers/8bf9e7dc-659d-46a3-8016-c09d0c3c0f5a 2.634s
2024-10-15 15:30:42.006 61813 INFO tempest.lib.common.rest_client [req-772ab8a1-d47d-4ea7-9b41-0c9e97f24979 req-772ab8a1-d47d-4ea7-9b41-0c9e97f24979 ] Request (ServerGroupTestJSON:setUpClass): 201 POST http://10.180.1.21:9696/networking/v2.0/routers 4.469s
2024-10-15 15:30:42.100 61797 INFO tempest.lib.common.rest_client [req-84884256-023d-4871-99b3-6f60f9fb191c req-84884256-023d-4871-99b3-6f60f9fb191c ] Request (SecurityGroupsTestJSON:test_server_security_groups): 204 DELETE http://10.180.1.21/compute/v2.1/servers/af3ae6a1-44e4-49f7-905c-1480ec3ad0a9 2.963s
2024-10-15 15:30:42.399 61837 INFO tempest.lib.common.rest_client [req-35f28117-4d93-49e3-84c9-7465cd997494 req-35f28117-4d93-49e3-84c9-7465cd997494 ] Request (ValidationResourcesFixture:setUp): 201 POST http://10.180.1.21:9696/networking/v2.0/security-groups 0.973s
2024-10-15 15:30:42.676 61789 INFO tempest.lib.common.rest_client [req-604e9287-9bb1-43fc-976a-96f46dd10c4c req-604e9287-9bb1-43fc-976a-96f46dd10c4c ] Request (ServersTestFqdnHostnames:test_create_server_with_fqdn_name): 202 POST http://10.180.1.21/compute/v2.1/servers 4.159s
2024-10-15 15:30:42.700 61835 INFO tempest.lib.common.rest_client [req-07bcbc8d-2955-4e9c-a696-0b018f36fa6b req-07bcbc8d-2955-4e9c-a696-0b018f36fa6b ] Request (AttachVolumeNegativeTest:test_attach_attached_volume_to_same_server): 404 GET http://10.180.1.21/compute/v2.1/servers/11ca01d2-83e3-42c4-bef5-87459148e858 3.482s
2024-10-15 15:30:42.744 61809 INFO tempest.lib.common.rest_client [req-1b4a97e5-63b8-433c-bc88-ebe72a67db56 req-1b4a97e5-63b8-433c-bc88-ebe72a67db56 ] Request (DeleteServersTestJSON:test_delete_server_while_in_building_state): 200 GET http://10.180.1.21/compute/v2.1/servers/7cf10fb8-e3db-44fb-b9c3-4b9bb92d18e3 3.535s
2024-10-15 15:30:43.099 61811 INFO tempest.lib.common.rest_client [req-3e9894fb-23a7-4014-9950-90e9e48c5148 req-3e9894fb-23a7-4014-9950-90e9e48c5148 ] Request (ServerActionsV293TestJSON:setUpClass): 200 GET http://10.180.1.21/compute/v2.1/servers/48b27adc-0bc7-44dd-9330-d0b30593f95f 3.421s
2024-10-15 15:30:43.112 61811 INFO tempest.common.waiters [-] State transition "BUILD/spawning" ==> "ERROR/None" after 13 second wait
2024-10-15 15:30:43.277 61793 INFO tempest.lib.common.rest_client [req-8038828d-94f4-4e1f-9848-438c255f7763 req-8038828d-94f4-4e1f-9848-438c255f7763 ] Request (ServersV294TestFqdnHostnames:setUpClass): 200 GET http://10.180.1.21/compute/v2.1/servers/93ecfc04-23c5-41fc-babf-1a5bd02769b8 3.228s
2024-10-15 15:30:43.347 61785 INFO tempest.lib.common.rest_client [req-1ceacf6b-ec86-455e-999a-5d5d04cb9b22 req-1ceacf6b-ec86-455e-999a-5d5d04cb9b22 ] Request (VolumesTestJSON:test_volume_list): 200 GET http://10.180.1.21/compute/v2.1/os-volumes 3.138s
2024-10-15 15:30:43.347 61839 INFO tempest.lib.common.rest_client [req-6c93355d-852e-4902-9f59-be77ac584ae4 req-6c93355d-852e-4902-9f59-be77ac584ae4 ] Request (ImagesTestJSON:test_create_server_from_snapshot): 204 DELETE http://10.180.1.21/compute/v2.1/servers/72c150cd-b1f2-451d-bb6b-6b8b668e97a1 3.588s
2024-10-15 15:30:43.501 61821 INFO tempest.lib.common.rest_client [req-c137ec6f-3a4c-431d-a4cd-62ecbccd4b56 req-c137ec6f-3a4c-431d-a4cd-62ecbccd4b56 ] Request (ServerShowV254Test:test_rebuild_server): 200 GET http://10.180.1.21/compute/v2.1/servers/28bcec42-4fb0-4ef1-b882-6224fdbcec16 3.056s
2024-10-15 15:30:43.519 61830 INFO tempest.lib.common.rest_client [req-08b4d98b-e4dc-416c-b435-6c6e36e7d003 req-08b4d98b-e4dc-416c-b435-6c6e36e7d003 ] Request (ServersListShow296Test:tearDownClass): 200 GET http://10.180.1.21/compute/v2.1/servers/07d2f1e7-c08e-434c-aea7-941ef75f16ba 3.034s
2024-10-15 15:30:43.582 61837 INFO tempest.lib.common.rest_client [req-c3c84fc6-e8a2-4861-9740-3914389cfaaa req-c3c84fc6-e8a2-4861-9740-3914389cfaaa ] Request (ValidationResourcesFixture:setUp): 201 POST http://10.180.1.21:9696/networking/v2.0/security-group-rules 1.183s
2024-10-15 15:30:43.584 61845 INFO tempest.lib.common.rest_client [req-4ad1ffbd-a164-4908-8671-e8208f0053af req-4ad1ffbd-a164-4908-8671-e8208f0053af ] Request (ServersTestBootFromVolume:setUpClass): 201 POST http://10.180.1.21:9696/networking/v2.0/networks 2.024s
2024-10-15 15:30:44.251 61799 INFO tempest.lib.common.rest_client [req-baf49db7-5430-4eef-96dc-8a3c98b41e76 req-baf49db7-5430-4eef-96dc-8a3c98b41e76 ] Request (ServerPasswordTestJSON:setUpClass): 200 GET http://10.180.1.21/compute/v2.1/servers/500259b0-a57d-43ff-9c88-46190b6a3a10 3.081s
2024-10-15 15:30:44.527 61815 INFO tempest.lib.common.rest_client [req-3213c38b-8b02-4b5e-a66e-9c391f11a0cf req-3213c38b-8b02-4b5e-a66e-9c391f11a0cf ] Request (AttachVolumeTestJSON:test_attach_detach_volume): 200 GET http://10.180.1.21/compute/v2.1/servers/f7d0db3d-9247-409a-bf1e-4b53c2368ddc 3.911s
2024-10-15 15:30:44.661 61837 INFO tempest.lib.common.rest_client [req-7b796770-ae2a-43bb-9b7f-c5fb8996812d req-7b796770-ae2a-43bb-9b7f-c5fb8996812d ] Request (ValidationResourcesFixture:setUp): 201 POST http://10.180.1.21:9696/networking/v2.0/security-group-rules 1.078s
2024-10-15 15:30:44.795 61783 INFO tempest.lib.common.rest_client [req-1c69f027-323e-46fb-83fa-beed343d3955 req-1c69f027-323e-46fb-83fa-beed343d3955 ] Request (MultipleCreateTestJSON:test_multiple_create): 200 GET http://10.180.1.21/compute/v2.1/servers/4ad1a310-5786-4bb6-87ff-72069f692eff 3.550s
2024-10-15 15:30:44.858 61797 INFO tempest.lib.common.rest_client [req-30323f0c-c1d3-420e-8136-fa06783132ed req-30323f0c-c1d3-420e-8136-fa06783132ed ] Request (SecurityGroupsTestJSON:test_server_security_groups): 404 GET http://10.180.1.21/compute/v2.1/servers/af3ae6a1-44e4-49f7-905c-1480ec3ad0a9 2.758s
2024-10-15 15:30:45.076 61807 INFO tempest.lib.common.rest_client [req-8377d6ed-f120-440b-bbd8-ff18740a8cb3 req-8377d6ed-f120-440b-bbd8-ff18740a8cb3 ] Request (InstanceActionsNegativeTestJSON:setUpClass): 201 POST http://10.180.1.21:9696/networking/v2.0/routers 6.009s
2024-10-15 15:30:45.276 61791 INFO tempest.lib.common.rest_client [req-4131fe21-a35e-4fa7-b724-c454f2547dcd req-4131fe21-a35e-4fa7-b724-c454f2547dcd ] Request (ServersNegativeTestMultiTenantJSON:setUpClass): 201 POST http://10.180.1.21:9696/networking/v2.0/routers 6.127s
2024-10-15 15:30:45.319 61845 INFO tempest.lib.common.rest_client [req-f78df87e-7a26-4e28-8bba-52a5d68d300f req-f78df87e-7a26-4e28-8bba-52a5d68d300f ] Request (ServersTestBootFromVolume:setUpClass): 201 POST http://10.180.1.21:9696/networking/v2.0/subnets 1.735s
2024-10-15 15:30:45.644 61805 INFO tempest.lib.common.rest_client [req-1076d0d5-8226-4827-a032-a1c88abe67e5 req-1076d0d5-8226-4827-a032-a1c88abe67e5 ] Request (SecurityGroupsNegativeTestJSON:test_delete_the_default_security_group): 400 DELETE http://10.180.1.21/compute/v2.1/os-security-groups/204ed3c7-1b52-4ab7-88c7-470577a3abc9 4.262s
2024-10-15 15:30:45.763 61795 INFO tempest.lib.common.rest_client [req-e2dcf2d1-f37f-4ed0-87fe-e0951cbf1fdf req-e2dcf2d1-f37f-4ed0-87fe-e0951cbf1fdf ] Request (ServersTestJSON:test_create_with_existing_server_name): 200 GET http://10.180.1.21/compute/v2.1/servers/8bf9e7dc-659d-46a3-8016-c09d0c3c0f5a 3.169s
2024-10-15 15:30:45.789 61835 INFO tempest.lib.common.rest_client [req-ffbb04d2-7224-4896-b4d7-688b0a795425 req-ffbb04d2-7224-4896-b4d7-688b0a795425 ] Request (AttachVolumeNegativeTest:_run_cleanups): 202 DELETE http://10.180.1.21/compute/v2.1/os-keypairs/tempest-keypair-14193003 3.087s
2024-10-15 15:30:46.121 61789 INFO tempest.lib.common.rest_client [req-a9918238-6fef-484c-b161-1e0a90c9f028 req-a9918238-6fef-484c-b161-1e0a90c9f028 ] Request (ServersTestFqdnHostnames:test_create_server_with_fqdn_name): 200 GET http://10.180.1.21/compute/v2.1/servers/362c5924-06e1-4385-a1f8-6b0556f7ba8b 3.443s
2024-10-15 15:30:46.147 61839 INFO tempest.lib.common.rest_client [req-43b25999-f15e-4765-82e8-f193e1535c32 req-43b25999-f15e-4765-82e8-f193e1535c32 ] Request (ImagesTestJSON:test_create_server_from_snapshot): 404 GET http://10.180.1.21/compute/v2.1/servers/72c150cd-b1f2-451d-bb6b-6b8b668e97a1 2.799s
2024-10-15 15:30:46.202 61811 INFO tempest.lib.common.rest_client [req-a863d6f4-6008-43b4-a096-e7db0f0a0f9a req-a863d6f4-6008-43b4-a096-e7db0f0a0f9a ] Request (ServerActionsV293TestJSON:setUpClass): 204 DELETE http://10.180.1.21/compute/v2.1/servers/48b27adc-0bc7-44dd-9330-d0b30593f95f 3.088s
2024-10-15 15:30:46.235 61839 INFO tempest.lib.common.rest_client [req-befd0b45-4280-429a-8cac-1a175b8f9814 req-befd0b45-4280-429a-8cac-1a175b8f9814 ] Request (ImagesTestJSON:test_delete_saving_image): 201 POST http://10.180.1.21/identity/v3/auth/tokens 0.079s
2024-10-15 15:30:46.235 61839 INFO tempest.lib.common.fixed_network [-] (ImagesTestJSON:test_delete_saving_image) Found network {'id': '093a5e9f-115d-45c4-bf5c-957352787b0b', 'name': 'tempest-ImagesTestJSON-302313958-network', 'tenant_id': '9dbc2efe50ed4ae5a5f0cf6f492a20bf', 'admin_state_up': True, 'mtu': 8950, 'status': 'ACTIVE', 'subnets': [], 'shared': False, 'project_id': '9dbc2efe50ed4ae5a5f0cf6f492a20bf', 'port_security_enabled': True, 'router:external': False, 'provider:network_type': 'vlan', 'provider:physical_network': 'default', 'provider:segmentation_id': 109, 'is_default': False, 'availability_zone_hints': [], 'availability_zones': [], 'ipv4_address_scope': None, 'ipv6_address_scope': None, 'description': '', 'tags': [], 'created_at': '2024-10-15T15:29:02Z', 'updated_at': '2024-10-15T15:29:02Z', 'revision_number': 1} available for tenant
2024-10-15 15:30:46.238 61785 INFO tempest.lib.common.rest_client [req-3fb8645a-4f2f-4362-8432-de49311caf96 req-3fb8645a-4f2f-4362-8432-de49311caf96 ] Request (VolumesTestJSON:test_volume_list_param_limit): 200 GET http://10.180.1.21/compute/v2.1/os-volumes?limit=2 2.887s
2024-10-15 15:30:46.344 61809 INFO tempest.lib.common.rest_client [req-ae113794-7c86-4545-81b1-30e9f62aba8c req-ae113794-7c86-4545-81b1-30e9f62aba8c ] Request (DeleteServersTestJSON:test_delete_server_while_in_building_state): 200 GET http://10.180.1.21/compute/v2.1/servers/7cf10fb8-e3db-44fb-b9c3-4b9bb92d18e3 2.591s
2024-10-15 15:30:46.353 61809 INFO tempest.common.waiters [-] State transition "BUILD/deleting" ==> "ERROR/None" after 8 second wait
2024-10-15 15:30:46.382 61793 INFO tempest.lib.common.rest_client [req-41ddb48c-69d1-4c45-b52b-7ca05ffda42f req-41ddb48c-69d1-4c45-b52b-7ca05ffda42f ] Request (ServersV294TestFqdnHostnames:setUpClass): 200 GET http://10.180.1.21/compute/v2.1/servers/93ecfc04-23c5-41fc-babf-1a5bd02769b8 2.088s
2024-10-15 15:30:46.392 61793 INFO tempest.common.waiters [-] State transition "BUILD/spawning" ==> "ERROR/None" after 14 second wait
2024-10-15 15:30:46.406 61830 INFO tempest.lib.common.rest_client [req-19f237cb-a3dd-4cc2-b254-4a7478af4b7a req-19f237cb-a3dd-4cc2-b254-4a7478af4b7a ] Request (ServersListShow296Test:tearDownClass): 404 GET http://10.180.1.21/compute/v2.1/servers/07d2f1e7-c08e-434c-aea7-941ef75f16ba 1.876s
2024-10-15 15:30:46.437 61809 INFO tempest.lib.common.rest_client [req-436ab98c-8b88-4721-a010-dbdd9a465034 req-436ab98c-8b88-4721-a010-dbdd9a465034 ] Request (DeleteServersTestJSON:test_delete_server_while_in_shelved_state): 201 POST http://10.180.1.21/identity/v3/auth/tokens 0.080s
2024-10-15 15:30:46.438 61809 INFO tempest.lib.common.fixed_network [-] (DeleteServersTestJSON:test_delete_server_while_in_shelved_state) Found network {'id': 'b41fa3e8-1dd6-475e-9ab1-23d255f92245', 'name': 'tempest-DeleteServersTestJSON-2116299796-network', 'tenant_id': 'bff3be1976444e58a2b7be93d47f50ef', 'admin_state_up': True, 'mtu': 8950, 'status': 'ACTIVE', 'subnets': [], 'shared': False, 'project_id': 'bff3be1976444e58a2b7be93d47f50ef', 'port_security_enabled': True, 'router:external': False, 'provider:network_type': 'vlan', 'provider:physical_network': 'default', 'provider:segmentation_id': 827, 'is_default': False, 'availability_zone_hints': [], 'availability_zones': [], 'ipv4_address_scope': None, 'ipv6_address_scope': None, 'description': '', 'tags': [], 'created_at': '2024-10-15T15:29:15Z', 'updated_at': '2024-10-15T15:29:16Z', 'revision_number': 1} available for tenant
2024-10-15 15:30:46.485 61821 INFO tempest.lib.common.rest_client [req-a0945600-ae46-4441-838a-efa2bd9db232 req-a0945600-ae46-4441-838a-efa2bd9db232 ] Request (ServerShowV254Test:test_rebuild_server): 200 GET http://10.180.1.21/compute/v2.1/servers/28bcec42-4fb0-4ef1-b882-6224fdbcec16 1.966s
2024-10-15 15:30:46.514 61830 INFO tempest.lib.common.rest_client [req-035d6462-ebad-418d-bc7e-d54b400a960a req-035d6462-ebad-418d-bc7e-d54b400a960a ] Request (ServersListShow296Test:tearDownClass): 204 DELETE http://10.180.1.21/identity/v3/users/993b0efa2a084cd7936b7aff0fd5f2fd 0.108s
2024-10-15 15:30:46.514 61830 INFO tempest.lib.common.dynamic_creds [-] Deleting project and security group for project: fae9b11612ad41c39f02b336b91bfb37
2024-10-15 15:30:46.530 61835 INFO tempest.lib.common.rest_client [req-a63fadd7-cc63-4f5f-8b11-4c84b27b1ded req-a63fadd7-cc63-4f5f-8b11-4c84b27b1ded ] Request (AttachVolumeNegativeTest:_run_cleanups): 204 DELETE http://10.180.1.21:9696/networking/v2.0/security-groups/d628ffc3-66e7-4162-8939-a9719db9ecaf 0.740s
2024-10-15 15:30:46.565 61835 INFO tempest.lib.common.rest_client [req-e4043a36-2af9-4534-abd1-0b118aa74f08 req-e4043a36-2af9-4534-abd1-0b118aa74f08 ] Request (AttachVolumeNegativeTest:_run_cleanups): 404 GET http://10.180.1.21:9696/networking/v2.0/security-groups/d628ffc3-66e7-4162-8939-a9719db9ecaf 0.034s
2024-10-15 15:30:46.598 61830 INFO tempest.lib.common.rest_client [req-ae6f527f-5870-40c5-b04d-8149f29737ed req-ae6f527f-5870-40c5-b04d-8149f29737ed ] Request (ServersListShow296Test:tearDownClass): 201 POST http://10.180.1.21/identity/v3/auth/tokens 0.084s
2024-10-15 15:30:46.606 61799 INFO tempest.lib.common.rest_client [req-f389c1f9-c05b-4fb9-82d6-4ba439e158d3 req-f389c1f9-c05b-4fb9-82d6-4ba439e158d3 ] Request (ServerPasswordTestJSON:setUpClass): 200 GET http://10.180.1.21/compute/v2.1/servers/500259b0-a57d-43ff-9c88-46190b6a3a10 1.348s
2024-10-15 15:30:46.965 61815 INFO tempest.lib.common.rest_client [req-6b886a63-1478-4962-8f77-39b983134c28 req-6b886a63-1478-4962-8f77-39b983134c28 ] Request (AttachVolumeTestJSON:test_attach_detach_volume): 200 GET http://10.180.1.21/compute/v2.1/servers/f7d0db3d-9247-409a-bf1e-4b53c2368ddc 1.429s
2024-10-15 15:30:47.094 61805 INFO tempest.lib.common.rest_client [req-1935b931-aa9e-4b39-8acc-5ebb3a3ea05a req-1935b931-aa9e-4b39-8acc-5ebb3a3ea05a ] Request (SecurityGroupsNegativeTestJSON:test_security_group_get_nonexistent_group): 404 GET http://10.180.1.21/compute/v2.1/os-security-groups/adc6f819-065e-4b54-837b-c3c447e21eb9 1.446s
2024-10-15 15:30:47.242 61783 INFO tempest.lib.common.rest_client [req-c62030d9-3ce2-45ef-abba-7be765d08fdd req-c62030d9-3ce2-45ef-abba-7be765d08fdd ] Request (MultipleCreateTestJSON:test_multiple_create): 200 GET http://10.180.1.21/compute/v2.1/servers/4ad1a310-5786-4bb6-87ff-72069f692eff 1.436s
2024-10-15 15:30:47.252 61783 INFO tempest.common.waiters [-] State transition "BUILD/spawning" ==> "ERROR/None" after 10 second wait
2024-10-15 15:30:47.262 61811 INFO tempest.lib.common.rest_client [req-e0ebd2bf-046d-4256-a51d-dc9a31fc8bd3 req-e0ebd2bf-046d-4256-a51d-dc9a31fc8bd3 ] Request (ServerActionsV293TestJSON:setUpClass): 404 GET http://10.180.1.21/compute/v2.1/servers/48b27adc-0bc7-44dd-9330-d0b30593f95f 1.060s
2024-10-15 15:30:47.263 61811 INFO tempest.test [-] raised in ServerActionsV293TestJSON.setUpClass. Invoking tearDownClass.
2024-10-15 15:30:47.274 61830 INFO tempest.lib.common.rest_client [req-8a6d3ac2-cf79-447f-b7d7-3800f5a542b1 req-8a6d3ac2-cf79-447f-b7d7-3800f5a542b1 ] Request (ServersListShow296Test:tearDownClass): 200 GET http://10.180.1.21:9696/networking/v2.0/security-groups?tenant_id=fae9b11612ad41c39f02b336b91bfb37&name=default 0.675s
2024-10-15 15:30:47.473 61797 INFO tempest.lib.common.rest_client [req-52e9e546-6b9d-43aa-89dc-5c02c971931e req-52e9e546-6b9d-43aa-89dc-5c02c971931e ] Request (SecurityGroupsTestJSON:test_update_security_groups): 200 POST http://10.180.1.21/compute/v2.1/os-security-groups 2.612s
2024-10-15 15:30:47.521 61785 INFO tempest.lib.common.rest_client [req-7fdcac6d-5612-4dc3-9d85-cfd85d457251 req-7fdcac6d-5612-4dc3-9d85-cfd85d457251 ] Request (VolumesTestJSON:test_volume_list_param_offset_and_limit): 200 GET http://10.180.1.21/compute/v2.1/os-volumes 1.279s
2024-10-15 15:30:47.674 61830 INFO tempest.lib.common.rest_client [req-eb679297-11c6-4aad-88d8-d7e2f31fab6c req-eb679297-11c6-4aad-88d8-d7e2f31fab6c ] Request (ServersListShow296Test:tearDownClass): 204 DELETE http://10.180.1.21:9696/networking/v2.0/security-groups/f24d3149-5a3a-4591-b948-01afc9989e7c 0.399s
2024-10-15 15:30:47.760 61830 INFO tempest.lib.common.rest_client [req-30724f42-84a8-4d24-8592-be33e98b7207 req-30724f42-84a8-4d24-8592-be33e98b7207 ] Request (ServersListShow296Test:tearDownClass): 204 DELETE http://10.180.1.21/identity/v3/projects/fae9b11612ad41c39f02b336b91bfb37 0.086s
2024-10-15 15:30:47.815 61793 INFO tempest.lib.common.rest_client [req-ef972075-fd22-482f-b6fe-e08fc6b1710e req-ef972075-fd22-482f-b6fe-e08fc6b1710e ] Request (ServersV294TestFqdnHostnames:setUpClass): 204 DELETE http://10.180.1.21/compute/v2.1/servers/93ecfc04-23c5-41fc-babf-1a5bd02769b8 1.423s
2024-10-15 15:30:47.866 61830 INFO tempest.lib.common.rest_client [req-15b16d32-a4fc-45f0-ae09-e4c721ef3755 req-15b16d32-a4fc-45f0-ae09-e4c721ef3755 ] Request (ExtensionsTest:setUpClass): 201 POST http://10.180.1.21/identity/v3/auth/tokens 0.104s
2024-10-15 15:30:47.900 61830 INFO tempest.lib.common.rest_client [req-5a59a4f3-5f74-4f80-9b3e-43c1ab6d204f req-5a59a4f3-5f74-4f80-9b3e-43c1ab6d204f ] Request (ExtensionsTest:setUpClass): 201 POST http://10.180.1.21/identity/v3/auth/tokens 0.029s
2024-10-15 15:30:47.936 61830 INFO tempest.lib.common.rest_client [req-80ca27f5-0c73-485d-93c0-42dd8e7d0b96 req-80ca27f5-0c73-485d-93c0-42dd8e7d0b96 ] Request (ExtensionsTest:setUpClass): 200 GET http://10.180.1.21/identity/v3/domains?name=Default 0.035s
2024-10-15 15:30:47.972 61830 INFO tempest.lib.common.rest_client [req-93363886-f3f4-4224-aa7a-f738d5cc8cff req-93363886-f3f4-4224-aa7a-f738d5cc8cff ] Request (ExtensionsTest:setUpClass): 201 POST http://10.180.1.21/identity/v3/projects 0.036s
2024-10-15 15:30:48.043 61830 INFO tempest.lib.common.rest_client [req-6df6f7be-fa9f-4069-ba47-9df0aa75d22c req-6df6f7be-fa9f-4069-ba47-9df0aa75d22c ] Request (ExtensionsTest:setUpClass): 201 POST http://10.180.1.21/identity/v3/users 0.070s
2024-10-15 15:30:48.060 61830 INFO tempest.lib.common.rest_client [req-364b0ab6-9cd1-432d-b039-c4597037b80c req-364b0ab6-9cd1-432d-b039-c4597037b80c ] Request (ExtensionsTest:setUpClass): 200 GET http://10.180.1.21/identity/v3/roles 0.016s
2024-10-15 15:30:48.086 61830 INFO tempest.lib.common.rest_client [req-c17d731f-b00a-4273-adc7-ad3a5374db3a req-c17d731f-b00a-4273-adc7-ad3a5374db3a ] Request (ExtensionsTest:setUpClass): 204 PUT http://10.180.1.21/identity/v3/projects/a1f14ffdf7844e319d941f6b9b82cc44/users/f2477dfe566e4765a6024e4f86e4d1e6/roles/af1a6b3b2d5348f4865155352011b218 0.025s
2024-10-15 15:30:48.086 61830 INFO tempest.lib.common.dynamic_creds [-] Dynamic test user f2477dfe566e4765a6024e4f86e4d1e6 is created with scope project and roles: ['member']
2024-10-15 15:30:48.086 61830 INFO tempest.lib.common.dynamic_creds [-] Acquired dynamic creds: credentials: Credentials: {'domain_id': 'default', 'domain_name': 'Default', 'username': 'tempest-ExtensionsTest-1101607580-project-member', 'project_domain_id': 'default', 'project_domain_name': 'Default', 'project_id': 'a1f14ffdf7844e319d941f6b9b82cc44', 'project_name': 'tempest-ExtensionsTest-1101607580', 'tenant_id': 'a1f14ffdf7844e319d941f6b9b82cc44', 'tenant_name': 'tempest-ExtensionsTest-1101607580', 'user_domain_id': 'default', 'user_domain_name': 'Default', 'user_id': 'f2477dfe566e4765a6024e4f86e4d1e6', 'system': None}, Network: None, Subnet: None, Router: None
2024-10-15 15:30:48.087 61830 INFO tempest.lib.common.dynamic_creds [-] Created isolated network resources for: credentials: Credentials: {'domain_id': 'default', 'domain_name': 'Default', 'username': 'tempest-ExtensionsTest-1101607580-project-member', 'project_domain_id': 'default', 'project_domain_name': 'Default', 'project_id': 'a1f14ffdf7844e319d941f6b9b82cc44', 'project_name': 'tempest-ExtensionsTest-1101607580', 'tenant_id': 'a1f14ffdf7844e319d941f6b9b82cc44', 'tenant_name': 'tempest-ExtensionsTest-1101607580', 'user_domain_id': 'default', 'user_domain_name': 'Default', 'user_id': 'f2477dfe566e4765a6024e4f86e4d1e6', 'system': None}, Network: None, Subnet: None, Router: None
2024-10-15 15:30:48.154 61830 INFO tempest.lib.common.rest_client [req-a843fea3-a49f-49cd-b175-71849cc289ae req-a843fea3-a49f-49cd-b175-71849cc289ae ] Request (ExtensionsTest:setUpClass): 201 POST http://10.180.1.21/identity/v3/auth/tokens 0.065s
2024-10-15 15:30:48.240 61837 INFO tempest.lib.common.rest_client [req-e2f287b9-c197-414e-b767-4340d0cd78b2 req-e2f287b9-c197-414e-b767-4340d0cd78b2 ] Request (ValidationResourcesFixture:setUp): 201 POST http://10.180.1.21:9696/networking/v2.0/floatingips 3.578s
2024-10-15 15:30:48.486 61835 INFO tempest.lib.common.rest_client [req-ec4014a5-2544-42c5-8f5c-b5a42e4043ff req-ec4014a5-2544-42c5-8f5c-b5a42e4043ff ] Request (AttachVolumeNegativeTest:_run_cleanups): 204 DELETE http://10.180.1.21:9696/networking/v2.0/floatingips/c415aa2f-76b4-4e2a-ae89-cb844bb418a7 1.920s
2024-10-15 15:30:48.803 61807 INFO tempest.lib.common.rest_client [req-a4653eed-20fa-46f4-b5d9-060e025d5be4 req-a4653eed-20fa-46f4-b5d9-060e025d5be4 ] Request (InstanceActionsNegativeTestJSON:setUpClass): 200 PUT http://10.180.1.21:9696/networking/v2.0/routers/66ae302a-ed4d-4f12-be72-7fbbe74026b6/add_router_interface 3.726s
2024-10-15 15:30:48.803 61807 INFO tempest.lib.common.dynamic_creds [-] Created isolated network resources for: credentials: Credentials: {'domain_id': 'default', 'domain_name': 'Default', 'username': 'tempest-InstanceActionsNegativeTestJSON-168004218-project-member', 'project_domain_id': 'default', 'project_domain_name': 'Default', 'project_id': 'ae1347959e924d97b351fdd7c40c4777', 'project_name': 'tempest-InstanceActionsNegativeTestJSON-168004218', 'tenant_id': 'ae1347959e924d97b351fdd7c40c4777', 'tenant_name': 'tempest-InstanceActionsNegativeTestJSON-168004218', 'user_domain_id': 'default', 'user_domain_name': 'Default', 'user_id': 'e5a10b199013411d80830a41a0abb711', 'system': None}, Network: {'id': '7b64681b-f09d-4ae1-8df7-c987bba9098f', 'name': 'tempest-InstanceActionsNegativeTestJSON-1786007136-network', 'tenant_id': 'ae1347959e924d97b351fdd7c40c4777', 'admin_state_up': True, 'mtu': 8950, 'status': 'ACTIVE', 'subnets': [], 'shared': False, 'project_id': 'ae1347959e924d97b351fdd7c40c4777', 'port_security_enabled': True, 'router:external': False, 'provider:network_type': 'vlan', 'provider:physical_network': 'default', 'provider:segmentation_id': 880, 'is_default': False, 'availability_zone_hints': [], 'availability_zones': [], 'ipv4_address_scope': None, 'ipv6_address_scope': None, 'description': '', 'tags': [], 'created_at': '2024-10-15T15:30:37Z', 'updated_at': '2024-10-15T15:30:37Z', 'revision_number': 1}, Subnet: {'id': 'f5e547ab-9b8c-4a91-8889-03a7de813b78', 'name': 'tempest-InstanceActionsNegativeTestJSON-1786007136-subnet', 'tenant_id': 'ae1347959e924d97b351fdd7c40c4777', 'network_id': '7b64681b-f09d-4ae1-8df7-c987bba9098f', 'ip_version': 4, 'subnetpool_id': None, 'enable_dhcp': True, 'ipv6_ra_mode': None, 'ipv6_address_mode': None, 'gateway_ip': '192.168.128.1', 'cidr': '192.168.128.0/28', 'allocation_pools': [{'start': '192.168.128.2', 'end': '192.168.128.14'}], 'host_routes': [], 'dns_nameservers': [], 'description': '', 'service_types': [], 'tags': [], 'created_at': '2024-10-15T15:30:38Z', 'updated_at': '2024-10-15T15:30:38Z', 'revision_number': 0, 'project_id': 'ae1347959e924d97b351fdd7c40c4777'}, Router: {'id': '66ae302a-ed4d-4f12-be72-7fbbe74026b6', 'name': 'tempest-InstanceActionsNegativeTestJSON-1786007136-router', 'tenant_id': 'ae1347959e924d97b351fdd7c40c4777', 'admin_state_up': True, 'status': 'ACTIVE', 'external_gateway_info': {'network_id': '2aa21069-f9ed-4b36-8983-b3e76909b41e', 'external_fixed_ips': [{'subnet_id': 'e277c743-bb91-4019-bb2b-b15a516f2444', 'ip_address': '10.180.180.246'}], 'enable_snat': True}, 'description': '', 'availability_zones': [], 'distributed': False, 'ha': False, 'availability_zone_hints': [], 'routes': [], 'flavor_id': None, 'tags': [], 'created_at': '2024-10-15T15:30:39Z', 'updated_at': '2024-10-15T15:30:41Z', 'revision_number': 2, 'project_id': 'ae1347959e924d97b351fdd7c40c4777'}
2024-10-15 15:30:48.864 61839 INFO tempest.lib.common.rest_client [req-bc4e3c3b-6f00-4137-aa0a-06075495cf98 req-bc4e3c3b-6f00-4137-aa0a-06075495cf98 ] Request (ImagesTestJSON:test_delete_saving_image): 202 POST http://10.180.1.21/compute/v2.1/servers 2.628s
2024-10-15 15:30:48.902 61807 INFO tempest.lib.common.rest_client [req-0e1e8dc9-e26d-4e83-8e3a-7d28bac03708 req-0e1e8dc9-e26d-4e83-8e3a-7d28bac03708 ] Request (InstanceActionsNegativeTestJSON:setUpClass): 201 POST http://10.180.1.21/identity/v3/auth/tokens 0.095s
2024-10-15 15:30:48.917 61791 INFO tempest.lib.common.rest_client [req-205a4e05-7af7-457c-9467-2fce8a066b34 req-205a4e05-7af7-457c-9467-2fce8a066b34 ] Request (ServersNegativeTestMultiTenantJSON:setUpClass): 200 PUT http://10.180.1.21:9696/networking/v2.0/routers/d36774b4-d3b9-436e-9058-a23a42a3facc/add_router_interface 3.641s
2024-10-15 15:30:48.917 61791 INFO tempest.lib.common.dynamic_creds [-] Created isolated network resources for: credentials: Credentials: {'domain_id': 'default', 'domain_name': 'Default', 'username': 'tempest-ServersNegativeTestMultiTenantJSON-1155338673-project-member', 'project_domain_id': 'default', 'project_domain_name': 'Default', 'project_id': '63bee6818d034676b755bb90af6015a2', 'project_name': 'tempest-ServersNegativeTestMultiTenantJSON-1155338673', 'tenant_id': '63bee6818d034676b755bb90af6015a2', 'tenant_name': 'tempest-ServersNegativeTestMultiTenantJSON-1155338673', 'user_domain_id': 'default', 'user_domain_name': 'Default', 'user_id': 'fcdf7d6ebc814fc0b579eb2b98ef5a92', 'system': None}, Network: {'id': '9b9e8b59-13ad-4bea-838d-69cbead8c5d9', 'name': 'tempest-ServersNegativeTestMultiTenantJSON-1075843456-network', 'tenant_id': '63bee6818d034676b755bb90af6015a2', 'admin_state_up': True, 'mtu': 8950, 'status': 'ACTIVE', 'subnets': [], 'shared': False, 'project_id': '63bee6818d034676b755bb90af6015a2', 'port_security_enabled': True, 'router:external': False, 'provider:network_type': 'vlan', 'provider:physical_network': 'default', 'provider:segmentation_id': 690, 'is_default': False, 'availability_zone_hints': [], 'availability_zones': [], 'ipv4_address_scope': None, 'ipv6_address_scope': None, 'description': '', 'tags': [], 'created_at': '2024-10-15T15:30:37Z', 'updated_at': '2024-10-15T15:30:37Z', 'revision_number': 1}, Subnet: {'id': '5b9c9cfa-d7e1-4582-a72e-76c3e57d9286', 'name': 'tempest-ServersNegativeTestMultiTenantJSON-1075843456-subnet', 'tenant_id': '63bee6818d034676b755bb90af6015a2', 'network_id': '9b9e8b59-13ad-4bea-838d-69cbead8c5d9', 'ip_version': 4, 'subnetpool_id': None, 'enable_dhcp': True, 'ipv6_ra_mode': None, 'ipv6_address_mode': None, 'gateway_ip': '192.168.128.1', 'cidr': '192.168.128.0/28', 'allocation_pools': [{'start': '192.168.128.2', 'end': '192.168.128.14'}], 'host_routes': [], 'dns_nameservers': [], 'description': '', 'service_types': [], 'tags': [], 'created_at': '2024-10-15T15:30:38Z', 'updated_at': '2024-10-15T15:30:38Z', 'revision_number': 0, 'project_id': '63bee6818d034676b755bb90af6015a2'}, Router: {'id': 'd36774b4-d3b9-436e-9058-a23a42a3facc', 'name': 'tempest-ServersNegativeTestMultiTenantJSON-1075843456-router', 'tenant_id': '63bee6818d034676b755bb90af6015a2', 'admin_state_up': True, 'status': 'ACTIVE', 'external_gateway_info': {'network_id': '2aa21069-f9ed-4b36-8983-b3e76909b41e', 'external_fixed_ips': [{'subnet_id': 'e277c743-bb91-4019-bb2b-b15a516f2444', 'ip_address': '10.180.180.181'}], 'enable_snat': True}, 'description': '', 'availability_zones': [], 'distributed': False, 'ha': False, 'availability_zone_hints': [], 'routes': [], 'flavor_id': None, 'tags': [], 'created_at': '2024-10-15T15:30:39Z', 'updated_at': '2024-10-15T15:30:42Z', 'revision_number': 2, 'project_id': '63bee6818d034676b755bb90af6015a2'}
2024-10-15 15:30:48.936 61807 INFO tempest.lib.common.rest_client [req-149029b0-c463-4586-9589-6e83596cf0c4 req-149029b0-c463-4586-9589-6e83596cf0c4 ] Request (InstanceActionsNegativeTestJSON:setUpClass): 201 POST http://10.180.1.21/identity/v3/auth/tokens 0.030s
2024-10-15 15:30:48.937 61807 INFO tempest.lib.common.fixed_network [-] (InstanceActionsNegativeTestJSON:setUpClass) Found network {'id': '7b64681b-f09d-4ae1-8df7-c987bba9098f', 'name': 'tempest-InstanceActionsNegativeTestJSON-1786007136-network', 'tenant_id': 'ae1347959e924d97b351fdd7c40c4777', 'admin_state_up': True, 'mtu': 8950, 'status': 'ACTIVE', 'subnets': [], 'shared': False, 'project_id': 'ae1347959e924d97b351fdd7c40c4777', 'port_security_enabled': True, 'router:external': False, 'provider:network_type': 'vlan', 'provider:physical_network': 'default', 'provider:segmentation_id': 880, 'is_default': False, 'availability_zone_hints': [], 'availability_zones': [], 'ipv4_address_scope': None, 'ipv6_address_scope': None, 'description': '', 'tags': [], 'created_at': '2024-10-15T15:30:37Z', 'updated_at': '2024-10-15T15:30:37Z', 'revision_number': 1} available for tenant
2024-10-15 15:30:49.002 61791 INFO tempest.lib.common.rest_client [req-376b6b93-f6fd-4454-9ee9-c61db0843b98 req-376b6b93-f6fd-4454-9ee9-c61db0843b98 ] Request (ServersNegativeTestMultiTenantJSON:setUpClass): 201 POST http://10.180.1.21/identity/v3/auth/tokens 0.077s
2024-10-15 15:30:49.094 61791 INFO tempest.lib.common.rest_client [req-d4afd11b-a40a-482c-87e9-7cfa4aef5229 req-d4afd11b-a40a-482c-87e9-7cfa4aef5229 ] Request (ServersNegativeTestMultiTenantJSON:setUpClass): 201 POST http://10.180.1.21/identity/v3/projects 0.090s
2024-10-15 15:30:49.171 61791 INFO tempest.lib.common.rest_client [req-02aa3485-c22b-427d-86b9-f577fe90d02f req-02aa3485-c22b-427d-86b9-f577fe90d02f ] Request (ServersNegativeTestMultiTenantJSON:setUpClass): 201 POST http://10.180.1.21/identity/v3/users 0.077s
2024-10-15 15:30:49.194 61791 INFO tempest.lib.common.rest_client [req-528220e9-6955-4357-b1ce-1881a570e731 req-528220e9-6955-4357-b1ce-1881a570e731 ] Request (ServersNegativeTestMultiTenantJSON:setUpClass): 200 GET http://10.180.1.21/identity/v3/roles 0.022s
2024-10-15 15:30:49.248 61791 INFO tempest.lib.common.rest_client [req-48ca3bba-a2b4-40d9-9547-fdd354bed03b req-48ca3bba-a2b4-40d9-9547-fdd354bed03b ] Request (ServersNegativeTestMultiTenantJSON:setUpClass): 204 PUT http://10.180.1.21/identity/v3/projects/95c765a61d734b91a8ca35539e4d7cbe/users/92020fb4731c4f28be937763534cba44/roles/af1a6b3b2d5348f4865155352011b218 0.054s
2024-10-15 15:30:49.248 61791 INFO tempest.lib.common.dynamic_creds [-] Dynamic test user 92020fb4731c4f28be937763534cba44 is created with scope project and roles: ['member']
2024-10-15 15:30:49.249 61791 INFO tempest.lib.common.dynamic_creds [-] Acquired dynamic creds: credentials: Credentials: {'domain_id': 'default', 'domain_name': 'Default', 'username': 'tempest-ServersNegativeTestMultiTenantJSON-166467-project-member', 'project_domain_id': 'default', 'project_domain_name': 'Default', 'project_id': '95c765a61d734b91a8ca35539e4d7cbe', 'project_name': 'tempest-ServersNegativeTestMultiTenantJSON-166467', 'tenant_id': '95c765a61d734b91a8ca35539e4d7cbe', 'tenant_name': 'tempest-ServersNegativeTestMultiTenantJSON-166467', 'user_domain_id': 'default', 'user_domain_name': 'Default', 'user_id': '92020fb4731c4f28be937763534cba44', 'system': None}, Network: None, Subnet: None, Router: None
2024-10-15 15:30:49.422 61795 INFO tempest.lib.common.rest_client [req-aa0b605a-9aa2-4b48-b100-c538aa75df05 req-aa0b605a-9aa2-4b48-b100-c538aa75df05 ] Request (ServersTestJSON:test_create_with_existing_server_name): 200 GET http://10.180.1.21/compute/v2.1/servers/8bf9e7dc-659d-46a3-8016-c09d0c3c0f5a 2.650s
2024-10-15 15:30:49.440 61813 INFO tempest.lib.common.rest_client [req-c86bc08f-6c91-4ed9-a27e-9179abef6399 req-c86bc08f-6c91-4ed9-a27e-9179abef6399 ] Request (ServerGroupTestJSON:setUpClass): 200 PUT http://10.180.1.21:9696/networking/v2.0/routers/29888c98-b346-493b-b0cd-2057e68d4507/add_router_interface 7.434s
2024-10-15 15:30:49.440 61813 INFO tempest.lib.common.dynamic_creds [-] Created isolated network resources for: credentials: Credentials: {'domain_id': 'default', 'domain_name': 'Default', 'username': 'tempest-ServerGroupTestJSON-928422351-project-member', 'project_domain_id': 'default', 'project_domain_name': 'Default', 'project_id': '628c7ec13bef4d04b411f7ef6e39ef0f', 'project_name': 'tempest-ServerGroupTestJSON-928422351', 'tenant_id': '628c7ec13bef4d04b411f7ef6e39ef0f', 'tenant_name': 'tempest-ServerGroupTestJSON-928422351', 'user_domain_id': 'default', 'user_domain_name': 'Default', 'user_id': 'f29927aa10404757aeb7596fc8ea9597', 'system': None}, Network: {'id': '98a00714-a186-4852-9256-14c947810936', 'name': 'tempest-ServerGroupTestJSON-1381669503-network', 'tenant_id': '628c7ec13bef4d04b411f7ef6e39ef0f', 'admin_state_up': True, 'mtu': 8950, 'status': 'ACTIVE', 'subnets': [], 'shared': False, 'project_id': '628c7ec13bef4d04b411f7ef6e39ef0f', 'port_security_enabled': True, 'router:external': False, 'provider:network_type': 'vlan', 'provider:physical_network': 'default', 'provider:segmentation_id': 480, 'is_default': False, 'availability_zone_hints': [], 'availability_zones': [], 'ipv4_address_scope': None, 'ipv6_address_scope': None, 'description': '', 'tags': [], 'created_at': '2024-10-15T15:30:35Z', 'updated_at': '2024-10-15T15:30:36Z', 'revision_number': 1}, Subnet: {'id': 'c98ab6df-66c9-4bc3-bb62-2b9dced48c64', 'name': 'tempest-ServerGroupTestJSON-1381669503-subnet', 'tenant_id': '628c7ec13bef4d04b411f7ef6e39ef0f', 'network_id': '98a00714-a186-4852-9256-14c947810936', 'ip_version': 4, 'subnetpool_id': None, 'enable_dhcp': True, 'ipv6_ra_mode': None, 'ipv6_address_mode': None, 'gateway_ip': '192.168.128.1', 'cidr': '192.168.128.0/28', 'allocation_pools': [{'start': '192.168.128.2', 'end': '192.168.128.14'}], 'host_routes': [], 'dns_nameservers': [], 'description': '', 'service_types': [], 'tags': [], 'created_at': '2024-10-15T15:30:36Z', 'updated_at': '2024-10-15T15:30:36Z', 'revision_number': 0, 'project_id': '628c7ec13bef4d04b411f7ef6e39ef0f'}, Router: {'id': '29888c98-b346-493b-b0cd-2057e68d4507', 'name': 'tempest-ServerGroupTestJSON-1381669503-router', 'tenant_id': '628c7ec13bef4d04b411f7ef6e39ef0f', 'admin_state_up': True, 'status': 'ACTIVE', 'external_gateway_info': {'network_id': '2aa21069-f9ed-4b36-8983-b3e76909b41e', 'external_fixed_ips': [{'subnet_id': 'e277c743-bb91-4019-bb2b-b15a516f2444', 'ip_address': '10.180.180.182'}], 'enable_snat': True}, 'description': '', 'availability_zones': [], 'distributed': False, 'ha': False, 'availability_zone_hints': [], 'routes': [], 'flavor_id': None, 'tags': [], 'created_at': '2024-10-15T15:30:37Z', 'updated_at': '2024-10-15T15:30:40Z', 'revision_number': 2, 'project_id': '628c7ec13bef4d04b411f7ef6e39ef0f'}
2024-10-15 15:30:49.474 61809 INFO tempest.lib.common.rest_client [req-e4e8ec04-7676-499a-bfd8-d29b512d5166 req-e4e8ec04-7676-499a-bfd8-d29b512d5166 ] Request (DeleteServersTestJSON:test_delete_server_while_in_shelved_state): 202 POST http://10.180.1.21/compute/v2.1/servers 3.036s
2024-10-15 15:30:49.519 61805 INFO tempest.lib.common.rest_client [req-5593bec0-3ebf-4ac6-bdc1-798aa5ec644d req-5593bec0-3ebf-4ac6-bdc1-798aa5ec644d ] Request (SecurityGroupsNegativeTestJSON:test_update_non_existent_security_group): 404 PUT http://10.180.1.21/compute/v2.1/os-security-groups/a1befb2e-f4f5-470c-8b48-65042a7a7c76 2.424s
2024-10-15 15:30:49.549 61791 INFO tempest.lib.common.rest_client [req-913a35fe-5213-41b2-9ce8-bc7c23f440ee req-913a35fe-5213-41b2-9ce8-bc7c23f440ee ] Request (ServersNegativeTestMultiTenantJSON:setUpClass): 201 POST http://10.180.1.21:9696/networking/v2.0/networks 0.300s
2024-10-15 15:30:49.559 61813 INFO tempest.lib.common.rest_client [req-ce4271c7-261c-4b0a-96dc-595f241d4633 req-ce4271c7-261c-4b0a-96dc-595f241d4633 ] Request (ServerGroupTestJSON:setUpClass): 201 POST http://10.180.1.21/identity/v3/auth/tokens 0.114s
2024-10-15 15:30:49.593 61789 INFO tempest.lib.common.rest_client [req-6e72c9e7-a516-4549-a986-7fa8026036dc req-6e72c9e7-a516-4549-a986-7fa8026036dc ] Request (ServersTestFqdnHostnames:test_create_server_with_fqdn_name): 200 GET http://10.180.1.21/compute/v2.1/servers/362c5924-06e1-4385-a1f8-6b0556f7ba8b 2.461s
2024-10-15 15:30:49.616 61811 INFO tempest.lib.common.rest_client [req-d61e90cc-c725-4747-9ef6-de5f3a04aa7a req-d61e90cc-c725-4747-9ef6-de5f3a04aa7a ] Request (ServerActionsV293TestJSON:tearDownClass): 204 DELETE http://10.180.1.21/compute/v2.1/os-keypairs/tempest-keypair-1716752780 2.353s
2024-10-15 15:30:49.826 61783 INFO tempest.lib.common.rest_client [req-9e8b81b0-520c-452d-bacc-acd337451446 req-9e8b81b0-520c-452d-bacc-acd337451446 ] Request (MultipleCreateTestJSON:test_multiple_create): 204 DELETE http://10.180.1.21/compute/v2.1/servers/4ad1a310-5786-4bb6-87ff-72069f692eff 2.574s
2024-10-15 15:30:49.922 61821 INFO tempest.lib.common.rest_client [req-ae2c9d3d-5198-43ab-987e-522d767cb7a2 req-ae2c9d3d-5198-43ab-987e-522d767cb7a2 ] Request (ServerShowV254Test:test_rebuild_server): 200 GET http://10.180.1.21/compute/v2.1/servers/28bcec42-4fb0-4ef1-b882-6224fdbcec16 2.423s
2024-10-15 15:30:49.926 61811 INFO tempest.lib.common.rest_client [req-2fc3cd85-0b5b-4eba-bde8-42573f1a16dc req-2fc3cd85-0b5b-4eba-bde8-42573f1a16dc ] Request (ServerActionsV293TestJSON:tearDownClass): 204 DELETE http://10.180.1.21:9696/networking/v2.0/security-groups/25e1724c-f115-48e6-a979-b775886e2235 0.309s
2024-10-15 15:30:49.942 61811 INFO tempest.lib.common.rest_client [req-10cea20f-624d-461c-bc7b-9575d065993a req-10cea20f-624d-461c-bc7b-9575d065993a ] Request (ServerActionsV293TestJSON:tearDownClass): 404 GET http://10.180.1.21:9696/networking/v2.0/security-groups/25e1724c-f115-48e6-a979-b775886e2235 0.015s
2024-10-15 15:30:49.969 61785 INFO tempest.lib.common.rest_client [req-b145d211-a08d-487e-a5d8-fa48c62f0bef req-b145d211-a08d-487e-a5d8-fa48c62f0bef ] Request (VolumesTestJSON:test_volume_list_param_offset_and_limit): 200 GET http://10.180.1.21/compute/v2.1/os-volumes?offset=1&limit=1 2.445s
2024-10-15 15:30:50.015 61791 INFO tempest.lib.common.rest_client [req-19d2f44b-34b7-415c-938d-e623555320cf req-19d2f44b-34b7-415c-938d-e623555320cf ] Request (ServersNegativeTestMultiTenantJSON:setUpClass): 201 POST http://10.180.1.21:9696/networking/v2.0/subnets 0.465s
2024-10-15 15:30:50.100 61797 INFO tempest.lib.common.rest_client [req-4696d69e-1564-4c19-b56b-b180a95989cd req-4696d69e-1564-4c19-b56b-b180a95989cd ] Request (SecurityGroupsTestJSON:test_update_security_groups): 200 PUT http://10.180.1.21/compute/v2.1/os-security-groups/5880a16f-3668-4d09-9c8e-2addaac48b21 2.625s
2024-10-15 15:30:50.132 61793 INFO tempest.lib.common.rest_client [req-276a6ced-4feb-4269-887e-0760e69b49a1 req-276a6ced-4feb-4269-887e-0760e69b49a1 ] Request (ServersV294TestFqdnHostnames:setUpClass): 404 GET http://10.180.1.21/compute/v2.1/servers/93ecfc04-23c5-41fc-babf-1a5bd02769b8 2.316s
2024-10-15 15:30:50.132 61793 INFO tempest.test [-] raised in ServersV294TestFqdnHostnames.setUpClass. Invoking tearDownClass.
2024-10-15 15:30:50.168 61799 INFO tempest.lib.common.rest_client [req-92190176-f1c1-482b-85c3-eb87420ed5ed req-92190176-f1c1-482b-85c3-eb87420ed5ed ] Request (ServerPasswordTestJSON:setUpClass): 200 GET http://10.180.1.21/compute/v2.1/servers/500259b0-a57d-43ff-9c88-46190b6a3a10 2.553s
2024-10-15 15:30:50.170 61845 INFO tempest.lib.common.rest_client [req-7f093049-9f9d-488a-8e2e-ad83463b56b8 req-7f093049-9f9d-488a-8e2e-ad83463b56b8 ] Request (ServersTestBootFromVolume:setUpClass): 201 POST http://10.180.1.21:9696/networking/v2.0/routers 4.850s
2024-10-15 15:30:50.175 61799 INFO tempest.common.waiters [-] State transition "BUILD/spawning" ==> "ERROR/None" after 14 second wait
2024-10-15 15:30:50.260 61815 INFO tempest.lib.common.rest_client [req-b31e0778-15a7-4eaf-9378-0e2e595b9d24 req-b31e0778-15a7-4eaf-9378-0e2e595b9d24 ] Request (AttachVolumeTestJSON:test_attach_detach_volume): 200 GET http://10.180.1.21/compute/v2.1/servers/f7d0db3d-9247-409a-bf1e-4b53c2368ddc 2.287s
2024-10-15 15:30:50.269 61815 INFO tempest.common.waiters [-] State transition "BUILD/spawning" ==> "ERROR/None" after 14 second wait
2024-10-15 15:30:50.311 61830 INFO tempest.lib.common.rest_client [req-83e93982-3cf1-4b7d-8eb8-8a52e18ceca6 req-83e93982-3cf1-4b7d-8eb8-8a52e18ceca6 ] Request (ExtensionsTest:test_get_extension): 200 GET http://10.180.1.21/compute/v2.1/extensions/os-consoles 2.155s
2024-10-15 15:30:50.351 61835 INFO tempest.lib.common.rest_client [req-cba8cc29-9557-4b0c-9e6e-2def9b5a62d3 req-cba8cc29-9557-4b0c-9e6e-2def9b5a62d3 ] Request (ValidationResourcesFixture:setUp): 200 POST http://10.180.1.21/compute/v2.1/os-keypairs 1.863s
2024-10-15 15:30:50.687 61839 INFO tempest.lib.common.rest_client [req-2eb9be46-1392-4e4f-a843-eeac323422d2 req-2eb9be46-1392-4e4f-a843-eeac323422d2 ] Request (ImagesTestJSON:test_delete_saving_image): 200 GET http://10.180.1.21/compute/v2.1/servers/9c6c9639-614f-4ffa-a6db-e70ef37b9954 1.821s
