2024-10-10 21:02:52.007 63645 INFO tempest.lib.common.dynamic_creds [-] Acquired dynamic creds: credentials: Credentials: {'domain_id': 'default', 'domain_name': 'Default', 'username': 'tempest-ServersListShow296Test-1313120778-project-member', 'project_domain_id': 'default', 'project_domain_name': 'Default', 'project_id': '1a97923772e14318a741240770fd2670', 'project_name': 'tempest-ServersListShow296Test-1313120778', 'tenant_id': '1a97923772e14318a741240770fd2670', 'tenant_name': 'tempest-ServersListShow296Test-1313120778', 'user_domain_id': 'default', 'user_domain_name': 'Default', 'user_id': '3f05994976ac41cda91790364b859114', 'system': None}, Network: None, Subnet: None, Router: None
2024-10-10 21:02:52.008 63645 INFO tempest.lib.common.dynamic_creds [-] Created isolated network resources for: credentials: Credentials: {'domain_id': 'default', 'domain_name': 'Default', 'username': 'tempest-ServersListShow296Test-1313120778-project-member', 'project_domain_id': 'default', 'project_domain_name': 'Default', 'project_id': '1a97923772e14318a741240770fd2670', 'project_name': 'tempest-ServersListShow296Test-1313120778', 'tenant_id': '1a97923772e14318a741240770fd2670', 'tenant_name': 'tempest-ServersListShow296Test-1313120778', 'user_domain_id': 'default', 'user_domain_name': 'Default', 'user_id': '3f05994976ac41cda91790364b859114', 'system': None}, Network: None, Subnet: None, Router: None
2024-10-10 21:02:52.014 63629 INFO tempest.lib.common.rest_client [req-2b3db7b6-e0dc-4397-9dcb-dffc937fcc48 req-2b3db7b6-e0dc-4397-9dcb-dffc937fcc48 ] Request (VolumesTestJSON:tearDownClass): 404 GET http://10.180.1.21/volume/v3/3cfbd90ffa3f481ebd385d2fc3a04357/volumes/5fa2bb7d-e087-4358-9c08-91a172090373 0.022s
2024-10-10 21:02:52.071 63629 INFO tempest.lib.common.rest_client [req-1ccc4e0d-716e-467b-b325-217d65931529 req-1ccc4e0d-716e-467b-b325-217d65931529 ] Request (VolumesTestJSON:tearDownClass): 202 DELETE http://10.180.1.21/volume/v3/3cfbd90ffa3f481ebd385d2fc3a04357/volumes/4dac1c63-41da-4ad8-bcf0-97b53a157200 0.057s
2024-10-10 21:02:52.099 63629 INFO tempest.lib.common.rest_client [req-f6ea9140-e4b9-40b5-8588-cd3e8d8a798c req-f6ea9140-e4b9-40b5-8588-cd3e8d8a798c ] Request (VolumesTestJSON:tearDownClass): 200 GET http://10.180.1.21/volume/v3/3cfbd90ffa3f481ebd385d2fc3a04357/volumes/4dac1c63-41da-4ad8-bcf0-97b53a157200 0.027s
2024-10-10 21:02:52.106 63645 INFO tempest.lib.common.rest_client [req-5bd763c3-985d-465f-9deb-6fbc47283889 req-5bd763c3-985d-465f-9deb-6fbc47283889 ] Request (ServersListShow296Test:setUpClass): 201 POST http://10.180.1.21/identity/v3/auth/tokens 0.091s
2024-10-10 21:02:52.136 63645 INFO tempest.lib.common.rest_client [req-22861597-a745-4b1b-bd97-0246a625a353 req-22861597-a745-4b1b-bd97-0246a625a353 ] Request (ServersListShow296Test:test_list_show_server_296): 201 POST http://10.180.1.21/identity/v3/auth/tokens 0.026s
2024-10-10 21:02:52.137 63645 INFO tempest.lib.common.fixed_network [-] (ServersListShow296Test:test_list_show_server_296) Found network None available for tenant
2024-10-10 21:02:52.170 63653 INFO tempest.lib.common.rest_client [req-f197493e-c651-4d99-bda5-9e3786e235ab req-f197493e-c651-4d99-bda5-9e3786e235ab ] Request (MultipleCreateTestJSON:test_multiple_create_with_reservation_return): 200 GET http://10.180.1.21/compute/v2.1/servers/3e73eec6-49a5-42ab-bf7b-f46ad91292a9 3.479s
2024-10-10 21:02:52.287 63679 INFO tempest.lib.common.rest_client [req-5a6d10a7-f65d-4bef-9e15-008a8f99dd46 req-5a6d10a7-f65d-4bef-9e15-008a8f99dd46 ] Request (ServerRescueTestJSON:tearDownClass): 200 GET http://10.180.1.21:9696/networking/v2.0/security-groups?tenant_id=a6bb8263c2d441c888584f7cd70d0f09&name=default 0.637s
2024-10-10 21:02:52.300 63647 INFO tempest.lib.common.rest_client [req-614f23a4-4814-42ec-a63f-36ac737eb782 req-614f23a4-4814-42ec-a63f-36ac737eb782 ] Request (ServerActionsTestOtherA:tearDownClass): 404 GET http://10.180.1.21:9696/networking/v2.0/security-groups/3d159018-7778-4e87-99bd-afa78478669d 0.313s
2024-10-10 21:02:52.335 63649 INFO tempest.lib.common.rest_client [req-3bba157a-16e5-4840-b669-9a6ac348bc0c req-3bba157a-16e5-4840-b669-9a6ac348bc0c ] Request (ImagesOneServerNegativeTestJSON:tearDownClass): 204 DELETE http://10.180.1.21:9696/networking/v2.0/networks/db2a158e-3250-4aa0-b91e-712aec8ea608 1.887s
2024-10-10 21:02:52.337 63635 INFO tempest.lib.common.rest_client [req-9662b446-b6e9-4aff-ba15-4d4989af3cec req-9662b446-b6e9-4aff-ba15-4d4989af3cec ] Request (ListServerFiltersTestJSON:setUpClass): 201 POST http://10.180.1.21:9696/networking/v2.0/subnets 1.641s
2024-10-10 21:02:52.338 63635 INFO tempest.lib.common.dynamic_creds [-] Created isolated network resources for: credentials: Credentials: {'domain_id': 'default', 'domain_name': 'Default', 'username': 'tempest-ListServerFiltersTestJSON-1589649773-project-member', 'project_domain_id': 'default', 'project_domain_name': 'Default', 'project_id': '9bec59e1cdc9499bbee2ed961c4b63f8', 'project_name': 'tempest-ListServerFiltersTestJSON-1589649773', 'tenant_id': '9bec59e1cdc9499bbee2ed961c4b63f8', 'tenant_name': 'tempest-ListServerFiltersTestJSON-1589649773', 'user_domain_id': 'default', 'user_domain_name': 'Default', 'user_id': '3e37baca42c34d99abf800ff7d7fa8c5', 'system': None}, Network: {'id': '0c7d5b3a-da29-43f6-a6ec-7a75af728f36', 'name': 'tempest-ListServerFiltersTestJSON-1367729675-network', 'tenant_id': '9bec59e1cdc9499bbee2ed961c4b63f8', 'admin_state_up': True, 'mtu': 8950, 'status': 'ACTIVE', 'subnets': [], 'shared': False, 'project_id': '9bec59e1cdc9499bbee2ed961c4b63f8', 'port_security_enabled': True, 'router:external': False, 'provider:network_type': 'vlan', 'provider:physical_network': 'default', 'provider:segmentation_id': 868, 'is_default': False, 'availability_zone_hints': [], 'availability_zones': [], 'ipv4_address_scope': None, 'ipv6_address_scope': None, 'description': '', 'tags': [], 'created_at': '2024-10-10T21:02:50Z', 'updated_at': '2024-10-10T21:02:50Z', 'revision_number': 1}, Subnet: {'id': 'ba1cf539-bc95-4702-88f4-77e79199b024', 'name': 'tempest-ListServerFiltersTestJSON-1367729675-subnet', 'tenant_id': '9bec59e1cdc9499bbee2ed961c4b63f8', 'network_id': '0c7d5b3a-da29-43f6-a6ec-7a75af728f36', 'ip_version': 4, 'subnetpool_id': None, 'enable_dhcp': True, 'ipv6_ra_mode': None, 'ipv6_address_mode': None, 'gateway_ip': '192.168.128.1', 'cidr': '192.168.128.0/28', 'allocation_pools': [{'start': '192.168.128.2', 'end': '192.168.128.14'}], 'host_routes': [], 'dns_nameservers': [], 'description': '', 'service_types': [], 'tags': [], 'created_at': '2024-10-10T21:02:50Z', 'updated_at': '2024-10-10T21:02:50Z', 'revision_number': 0, 'project_id': '9bec59e1cdc9499bbee2ed961c4b63f8'}, Router: None
2024-10-10 21:02:52.415 63635 INFO tempest.lib.common.rest_client [req-f839717c-d4b6-4a79-b7b6-19c0c7a56667 req-f839717c-d4b6-4a79-b7b6-19c0c7a56667 ] Request (ListServerFiltersTestJSON:setUpClass): 201 POST http://10.180.1.21/identity/v3/auth/tokens 0.075s
2024-10-10 21:02:52.424 63633 INFO tempest.lib.common.rest_client [req-4c572664-23b7-4787-96f9-cb827363b1b7 req-4c572664-23b7-4787-96f9-cb827363b1b7 ] Request (ServersNegativeTestMultiTenantJSON:tearDownClass): 204 DELETE http://10.180.1.21:9696/networking/v2.0/subnets/f5e2d6c3-c8b7-4b02-bebd-d6dacc4f1af3 1.243s
2024-10-10 21:02:52.455 63649 INFO tempest.lib.common.rest_client [req-80fc6956-f4e4-444c-8387-d8ed30c73eea req-80fc6956-f4e4-444c-8387-d8ed30c73eea ] Request (ImagesOneServerNegativeTestJSON:tearDownClass): 204 DELETE http://10.180.1.21/identity/v3/users/aedc19a5c09a4c3a877441383212e2e2 0.119s
2024-10-10 21:02:52.455 63649 INFO tempest.lib.common.dynamic_creds [-] Deleting project and security group for project: 911790f1effa480784b21dc539d49c4e
2024-10-10 21:02:52.482 63635 INFO tempest.lib.common.rest_client [req-cd305565-170c-4b59-9423-1b43c559ded9 req-cd305565-170c-4b59-9423-1b43c559ded9 ] Request (ListServerFiltersTestJSON:setUpClass): 201 POST http://10.180.1.21/identity/v3/auth/tokens 0.062s
2024-10-10 21:02:52.482 63635 INFO tempest.lib.common.fixed_network [-] (ListServerFiltersTestJSON:setUpClass) Found network {'id': '0c7d5b3a-da29-43f6-a6ec-7a75af728f36', 'name': 'tempest-ListServerFiltersTestJSON-1367729675-network', 'tenant_id': '9bec59e1cdc9499bbee2ed961c4b63f8', 'admin_state_up': True, 'mtu': 8950, 'status': 'ACTIVE', 'subnets': [], 'shared': False, 'project_id': '9bec59e1cdc9499bbee2ed961c4b63f8', 'port_security_enabled': True, 'router:external': False, 'provider:network_type': 'vlan', 'provider:physical_network': 'default', 'provider:segmentation_id': 868, 'is_default': False, 'availability_zone_hints': [], 'availability_zones': [], 'ipv4_address_scope': None, 'ipv6_address_scope': None, 'description': '', 'tags': [], 'created_at': '2024-10-10T21:02:50Z', 'updated_at': '2024-10-10T21:02:50Z', 'revision_number': 1} available for tenant
2024-10-10 21:02:52.539 63635 INFO tempest.lib.common.rest_client [req-d1bc1c30-ec21-406e-926f-6dd5e630cb66 req-d1bc1c30-ec21-406e-926f-6dd5e630cb66 ] Request (ListServerFiltersTestJSON:setUpClass): 201 POST http://10.180.1.21/identity/v3/auth/tokens 0.054s
2024-10-10 21:02:52.539 63635 INFO tempest.lib.common.fixed_network [-] (ListServerFiltersTestJSON:setUpClass) Found network {'id': '0c7d5b3a-da29-43f6-a6ec-7a75af728f36', 'name': 'tempest-ListServerFiltersTestJSON-1367729675-network', 'tenant_id': '9bec59e1cdc9499bbee2ed961c4b63f8', 'admin_state_up': True, 'mtu': 8950, 'status': 'ACTIVE', 'subnets': [], 'shared': False, 'project_id': '9bec59e1cdc9499bbee2ed961c4b63f8', 'port_security_enabled': True, 'router:external': False, 'provider:network_type': 'vlan', 'provider:physical_network': 'default', 'provider:segmentation_id': 868, 'is_default': False, 'availability_zone_hints': [], 'availability_zones': [], 'ipv4_address_scope': None, 'ipv6_address_scope': None, 'description': '', 'tags': [], 'created_at': '2024-10-10T21:02:50Z', 'updated_at': '2024-10-10T21:02:50Z', 'revision_number': 1} available for tenant
2024-10-10 21:02:52.603 63675 INFO tempest.lib.common.rest_client [req-f629740f-9e56-4d3e-ab3a-8374bc0225d2 req-f629740f-9e56-4d3e-ab3a-8374bc0225d2 ] Request (AttachVolumeNegativeTest:test_attach_attached_volume_to_different_server): 200 GET http://10.180.1.21/compute/v2.1/servers/58650755-93f3-40d4-948e-1f97374c308c 4.088s
2024-10-10 21:02:52.672 63661 INFO tempest.lib.common.rest_client [req-b0c5dbf2-b4e7-4d06-8a2c-3a1f40262605 req-b0c5dbf2-b4e7-4d06-8a2c-3a1f40262605 ] Request (ServerRescueNegativeTestJSON:tearDownClass): 204 DELETE http://10.180.1.21:9696/networking/v2.0/networks/ff0f27f7-b6ac-481e-a41e-76a1b46ea9f9 1.545s
2024-10-10 21:02:52.741 63673 INFO tempest.lib.common.rest_client [req-153abb10-1c87-49dd-8ccb-023da689e097 req-153abb10-1c87-49dd-8ccb-023da689e097 ] Request (ImagesTestJSON:test_delete_saving_image): 200 GET http://10.180.1.21/compute/v2.1/servers/b2538ae4-00ee-41cb-8330-a9f4ba820620 2.569s
2024-10-10 21:02:52.800 63661 INFO tempest.lib.common.rest_client [req-bcd24510-cb5f-40cf-bd23-0ab8a81c9fba req-bcd24510-cb5f-40cf-bd23-0ab8a81c9fba ] Request (ServerRescueNegativeTestJSON:tearDownClass): 204 DELETE http://10.180.1.21/identity/v3/users/cdca22cc1de341cdb5f434368f8bf448 0.127s
2024-10-10 21:02:52.800 63661 INFO tempest.lib.common.dynamic_creds [-] Deleting project and security group for project: 6b5338d7eafe4f50b57e0dcbfe4cabb9
2024-10-10 21:02:52.890 63623 INFO tempest.lib.common.rest_client [req-efa104d5-819b-424a-9d07-13bf2ed639e7 req-efa104d5-819b-424a-9d07-13bf2ed639e7 ] Request (SecurityGroupsTestJSON:test_list_security_groups_by_server): 200 GET http://10.180.1.21/compute/v2.1/servers/22f5af58-37f6-4bd6-b75e-94f27e650385 2.469s
2024-10-10 21:02:53.020 63649 INFO tempest.lib.common.rest_client [req-d9ae6d3c-1f4a-4a94-b3ac-889dd34e4c3f req-d9ae6d3c-1f4a-4a94-b3ac-889dd34e4c3f ] Request (ImagesOneServerNegativeTestJSON:tearDownClass): 200 GET http://10.180.1.21:9696/networking/v2.0/security-groups?tenant_id=911790f1effa480784b21dc539d49c4e&name=default 0.564s
2024-10-10 21:02:53.028 63621 INFO tempest.lib.common.rest_client [req-1e1c3bfa-cf9b-4a9b-bf3a-4588d7f0be94 req-1e1c3bfa-cf9b-4a9b-bf3a-4588d7f0be94 ] Request (QuotasTestJSON:test_get_default_quotas): 200 GET http://10.180.1.21/compute/v2.1/os-quota-sets/332b104558074d5b9d4e5670d1ce51fe/defaults 2.175s
2024-10-10 21:02:53.062 63637 INFO tempest.lib.common.rest_client [req-8423d52d-bfd7-4e57-bd5d-d7f34b0c8bb3 req-8423d52d-bfd7-4e57-bd5d-d7f34b0c8bb3 ] Request (InstanceActionsV221TestJSON:tearDownClass): 204 DELETE http://10.180.1.21:9696/networking/v2.0/subnets/4be8ac52-bd8e-4c05-bf3c-33f60c565e09 1.240s
2024-10-10 21:02:53.071 63661 INFO tempest.lib.common.rest_client [req-9e2a13e6-5c7d-4253-8388-840e45b8c1ba req-9e2a13e6-5c7d-4253-8388-840e45b8c1ba ] Request (ServerRescueNegativeTestJSON:tearDownClass): 200 GET http://10.180.1.21:9696/networking/v2.0/security-groups?tenant_id=6b5338d7eafe4f50b57e0dcbfe4cabb9&name=default 0.270s
2024-10-10 21:02:53.078 63643 INFO tempest.lib.common.rest_client [req-5c061cc2-6391-4a26-bd78-9f155bf9510a req-5c061cc2-6391-4a26-bd78-9f155bf9510a ] Request (ServersTestJSON:_run_cleanups): 200 GET http://10.180.1.21/compute/v2.1/servers/28dd2a45-5706-4d54-8310-01074ef2ad17 3.788s
2024-10-10 21:02:53.128 63656 INFO tempest.lib.common.rest_client [req-e46de300-9999-42b8-bda7-6daf6316794d req-e46de300-9999-42b8-bda7-6daf6316794d ] Request (SecurityGroupRulesNegativeTestJSON:test_delete_security_group_rule_with_non_existent_id): 404 DELETE http://10.180.1.21/compute/v2.1/os-security-group-rules/58bed7ad-f6b2-441a-ad1c-4df8fd0a0823 2.158s
2024-10-10 21:02:53.134 63629 INFO tempest.lib.common.rest_client [req-f1fa1089-690f-4d54-9f11-b0f3c2165354 req-f1fa1089-690f-4d54-9f11-b0f3c2165354 ] Request (VolumesTestJSON:tearDownClass): 404 GET http://10.180.1.21/volume/v3/3cfbd90ffa3f481ebd385d2fc3a04357/volumes/4dac1c63-41da-4ad8-bcf0-97b53a157200 0.021s
2024-10-10 21:02:53.194 63629 INFO tempest.lib.common.rest_client [req-d1d6336f-483e-4b71-9ca8-b8039ec0c9dd req-d1d6336f-483e-4b71-9ca8-b8039ec0c9dd ] Request (VolumesTestJSON:tearDownClass): 202 DELETE http://10.180.1.21/volume/v3/3cfbd90ffa3f481ebd385d2fc3a04357/volumes/a465feb4-3977-49c1-946f-0a36bb2b003b 0.059s
2024-10-10 21:02:53.225 63617 INFO tempest.lib.common.rest_client [req-b5db77b6-6566-4f35-a7dc-cfdf1f04b3d8 req-b5db77b6-6566-4f35-a7dc-cfdf1f04b3d8 ] Request (ServersAaction247Test:test_create_backup): 200 GET http://10.180.1.21/compute/v2.1/servers/78890aa3-db6e-4e24-9612-2103f6881a34 2.000s
2024-10-10 21:02:53.242 63629 INFO tempest.lib.common.rest_client [req-5524a9c3-38c9-4c82-a80f-9116b73dfe2f req-5524a9c3-38c9-4c82-a80f-9116b73dfe2f ] Request (VolumesTestJSON:tearDownClass): 200 GET http://10.180.1.21/volume/v3/3cfbd90ffa3f481ebd385d2fc3a04357/volumes/a465feb4-3977-49c1-946f-0a36bb2b003b 0.047s
2024-10-10 21:02:53.268 63631 INFO tempest.lib.common.rest_client [req-5c5a6979-fab4-46ad-a3d7-52e578a301f5 req-5c5a6979-fab4-46ad-a3d7-52e578a301f5 ] Request (ServerShowV254Test:test_rebuild_server): 200 GET http://10.180.1.21/compute/v2.1/servers/68c66211-2c18-4d65-a895-b7e814cfff2b 1.940s
2024-10-10 21:02:53.360 63677 INFO tempest.lib.common.rest_client [req-ec56355e-610b-4772-96ab-0ea5da78ba5d req-ec56355e-610b-4772-96ab-0ea5da78ba5d ] Request (ValidationResourcesFixture:setUp): 201 POST http://10.180.1.21:9696/networking/v2.0/floatingips 3.770s
2024-10-10 21:02:53.394 63659 INFO tempest.lib.common.rest_client [req-2b26f946-fa35-445e-a7d8-01fc1de7c514 req-2b26f946-fa35-445e-a7d8-01fc1de7c514 ] Request (ServerShowV257Test:test_rebuild_server): 200 GET http://10.180.1.21/compute/v2.1/servers/6d1b11e8-f15d-4939-af4b-4c921f19e27b 1.846s
2024-10-10 21:02:53.413 63679 INFO tempest.lib.common.rest_client [req-b12933ab-b8dd-45b0-b7d0-3802d7d17683 req-b12933ab-b8dd-45b0-b7d0-3802d7d17683 ] Request (ServerRescueTestJSON:tearDownClass): 204 DELETE http://10.180.1.21:9696/networking/v2.0/security-groups/c72041bf-c55b-47a8-af71-0fac457f638d 1.125s
2024-10-10 21:02:53.470 63677 INFO tempest.lib.common.rest_client [req-7c912699-236f-44de-8811-1064b1d36ce5 req-7c912699-236f-44de-8811-1064b1d36ce5 ] Request (AttachVolumeTestJSON:test_attach_detach_volume): 201 POST http://10.180.1.21/identity/v3/auth/tokens 0.103s
2024-10-10 21:02:53.471 63677 INFO tempest.lib.common.fixed_network [-] (AttachVolumeTestJSON:test_attach_detach_volume) Found network {'id': '5a8b03ad-445e-4bdb-a1ed-798c4cd10f51', 'name': 'tempest-AttachVolumeTestJSON-1112502685-network', 'tenant_id': 'ceee28abf4dd4478a53455717b858f2e', 'admin_state_up': True, 'mtu': 8950, 'status': 'ACTIVE', 'subnets': [], 'shared': False, 'project_id': 'ceee28abf4dd4478a53455717b858f2e', 'port_security_enabled': True, 'router:external': False, 'provider:network_type': 'vlan', 'provider:physical_network': 'default', 'provider:segmentation_id': 578, 'is_default': False, 'availability_zone_hints': [], 'availability_zones': [], 'ipv4_address_scope': None, 'ipv6_address_scope': None, 'description': '', 'tags': [], 'created_at': '2024-10-10T21:02:29Z', 'updated_at': '2024-10-10T21:02:29Z', 'revision_number': 1} available for tenant
2024-10-10 21:02:53.551 63639 INFO tempest.lib.common.rest_client [req-8bfe0784-5e62-4d5a-9444-d5ec66e4053e req-8bfe0784-5e62-4d5a-9444-d5ec66e4053e ] Request (ServerDiagnosticsV248Test:test_get_server_diagnostics): 200 GET http://10.180.1.21/compute/v2.1/servers/c8b80604-93f2-4109-bbf0-dff56d7c8687 1.875s
2024-10-10 21:02:53.552 63679 INFO tempest.lib.common.rest_client [req-b34bb17e-5b16-4f0c-b6d4-b2217e73fea3 req-b34bb17e-5b16-4f0c-b6d4-b2217e73fea3 ] Request (ServerRescueTestJSON:tearDownClass): 204 DELETE http://10.180.1.21/identity/v3/projects/a6bb8263c2d441c888584f7cd70d0f09 0.138s
2024-10-10 21:02:53.657 63671 INFO tempest.lib.common.rest_client [req-12d5d595-8ce0-4deb-831e-38403b11ea35 req-12d5d595-8ce0-4deb-831e-38403b11ea35 ] Request (ServersTestJSON:setUpClass): 200 GET http://10.180.1.21/compute/v2.1/servers/ed6b743e-158b-4b1b-86b2-cbf8bc7a7976 2.048s
2024-10-10 21:02:53.665 63671 INFO tempest.common.waiters [-] State transition "BUILD/spawning" ==> "ERROR/None" after 19 second wait
2024-10-10 21:02:53.666 63633 INFO tempest.lib.common.rest_client [req-0b94638e-0214-4fe1-9374-036116e998cf req-0b94638e-0214-4fe1-9374-036116e998cf ] Request (ServersNegativeTestMultiTenantJSON:tearDownClass): 204 DELETE http://10.180.1.21:9696/networking/v2.0/networks/f728f5a1-eb43-4a8e-afe2-0845ebf54bc5 1.242s
2024-10-10 21:02:53.780 63633 INFO tempest.lib.common.rest_client [req-70d3f4a0-321b-4723-bb5d-8f0ca66a421a req-70d3f4a0-321b-4723-bb5d-8f0ca66a421a ] Request (ServersNegativeTestMultiTenantJSON:tearDownClass): 204 DELETE http://10.180.1.21/identity/v3/users/31858b87a28540d5af150536b4721c57 0.113s
2024-10-10 21:02:53.836 63645 INFO tempest.lib.common.rest_client [req-ead747b6-7a86-4f84-b0c9-8d9a41ca025a req-ead747b6-7a86-4f84-b0c9-8d9a41ca025a ] Request (ServersListShow296Test:test_list_show_server_296): 202 POST http://10.180.1.21/compute/v2.1/servers 1.698s
2024-10-10 21:02:53.922 63633 INFO tempest.lib.common.rest_client [req-c4c91447-a898-4b8f-a628-bc5924ee7b2b req-c4c91447-a898-4b8f-a628-bc5924ee7b2b ] Request (ServersNegativeTestMultiTenantJSON:tearDownClass): 204 DELETE http://10.180.1.21/identity/v3/users/dfbc9c1c703546ef950f0dae6582e04e 0.142s
2024-10-10 21:02:53.922 63633 INFO tempest.lib.common.dynamic_creds [-] Deleting project and security group for project: b7603903a088455493249fff8a43bb80
2024-10-10 21:02:53.935 63669 INFO tempest.lib.common.rest_client [req-1739702b-17fa-4f35-a5e6-ef4ee215fbf7 req-1739702b-17fa-4f35-a5e6-ef4ee215fbf7 ] Request (ServersTestMultiNic:test_verify_multiple_nics_order): 201 POST http://10.180.1.21:9696/networking/v2.0/subnets 1.935s
2024-10-10 21:02:53.968 63641 INFO tempest.lib.common.rest_client [req-2aa57608-46a2-4f2c-9ed1-6a46cf907442 req-2aa57608-46a2-4f2c-9ed1-6a46cf907442 ] Request (DeleteServersTestJSON:test_delete_server_while_in_attached_volume): 200 GET http://10.180.1.21/compute/v2.1/servers/28572185-e25e-4fee-98f7-6f5935684e67 0.972s
2024-10-10 21:02:54.044 63661 INFO tempest.lib.common.rest_client [req-0a8146ce-8de5-4d92-a03a-bab97b4d61b2 req-0a8146ce-8de5-4d92-a03a-bab97b4d61b2 ] Request (ServerRescueNegativeTestJSON:tearDownClass): 204 DELETE http://10.180.1.21:9696/networking/v2.0/security-groups/a1d84c70-e68e-463e-b4b1-90aa60fa06d1 0.972s
2024-10-10 21:02:54.046 63649 INFO tempest.lib.common.rest_client [req-327f78b1-fbeb-4f54-a8aa-33baecb018ce req-327f78b1-fbeb-4f54-a8aa-33baecb018ce ] Request (ImagesOneServerNegativeTestJSON:tearDownClass): 204 DELETE http://10.180.1.21:9696/networking/v2.0/security-groups/ec871f2c-6647-46f9-978a-79e1ab7ac3f2 1.026s
2024-10-10 21:02:54.083 63647 INFO tempest.lib.common.rest_client [req-d6d0de42-2a7a-46a3-9dc6-a7fb7c3023c4 req-d6d0de42-2a7a-46a3-9dc6-a7fb7c3023c4 ] Request (ServerActionsTestOtherA:tearDownClass): 204 DELETE http://10.180.1.21:9696/networking/v2.0/floatingips/de3f5ffc-001b-4184-9d34-7d50c69a326f 1.782s
2024-10-10 21:02:54.158 63621 INFO tempest.lib.common.rest_client [req-b73eaad7-d665-4031-a9a3-6de2fc9fec89 req-b73eaad7-d665-4031-a9a3-6de2fc9fec89 ] Request (QuotasTestJSON:test_get_quotas): 200 GET http://10.180.1.21/compute/v2.1/os-quota-sets/332b104558074d5b9d4e5670d1ce51fe 1.125s
2024-10-10 21:02:54.194 63661 INFO tempest.lib.common.rest_client [req-6c9d90d2-eebd-42b6-b410-00622fc10456 req-6c9d90d2-eebd-42b6-b410-00622fc10456 ] Request (ServerRescueNegativeTestJSON:tearDownClass): 204 DELETE http://10.180.1.21/identity/v3/projects/6b5338d7eafe4f50b57e0dcbfe4cabb9 0.149s
2024-10-10 21:02:54.274 63629 INFO tempest.lib.common.rest_client [req-2d58baee-165d-4828-9a9d-1b687ed69954 req-2d58baee-165d-4828-9a9d-1b687ed69954 ] Request (VolumesTestJSON:tearDownClass): 404 GET http://10.180.1.21/volume/v3/3cfbd90ffa3f481ebd385d2fc3a04357/volumes/a465feb4-3977-49c1-946f-0a36bb2b003b 0.024s
2024-10-10 21:02:54.285 63649 INFO tempest.lib.common.rest_client [req-3c594396-e459-484d-aa57-d765190b4805 req-3c594396-e459-484d-aa57-d765190b4805 ] Request (ImagesOneServerNegativeTestJSON:tearDownClass): 204 DELETE http://10.180.1.21/identity/v3/projects/911790f1effa480784b21dc539d49c4e 0.238s
2024-10-10 21:02:54.432 63633 INFO tempest.lib.common.rest_client [req-ef741b43-7f4d-43a3-a792-d88932fd0f4f req-ef741b43-7f4d-43a3-a792-d88932fd0f4f ] Request (ServersNegativeTestMultiTenantJSON:tearDownClass): 200 GET http://10.180.1.21:9696/networking/v2.0/security-groups?tenant_id=b7603903a088455493249fff8a43bb80&name=default 0.510s
2024-10-10 21:02:54.439 63629 INFO tempest.lib.common.rest_client [req-15c3e106-1ef9-494c-b3e2-a5f5f8f4f2d5 req-15c3e106-1ef9-494c-b3e2-a5f5f8f4f2d5 ] Request (VolumesTestJSON:tearDownClass): 204 DELETE http://10.180.1.21/identity/v3/users/0d0e97fa0537402586a43abd8a3cda41 0.164s
2024-10-10 21:02:54.439 63629 INFO tempest.lib.common.dynamic_creds [-] Deleting project and security group for project: 3cfbd90ffa3f481ebd385d2fc3a04357
2024-10-10 21:02:54.518 63629 INFO tempest.lib.common.rest_client [req-3947588c-d6dc-44d3-90b6-ffe5a4885f2e req-3947588c-d6dc-44d3-90b6-ffe5a4885f2e ] Request (VolumesTestJSON:tearDownClass): 201 POST http://10.180.1.21/identity/v3/auth/tokens 0.078s
2024-10-10 21:02:54.742 63625 INFO tempest.lib.common.rest_client [req-979b2ca0-e1ff-413a-9404-86f9f2f6f9f8 req-979b2ca0-e1ff-413a-9404-86f9f2f6f9f8 ] Request (ServerDiskConfigTestJSON:setUpClass): 201 POST http://10.180.1.21:9696/networking/v2.0/routers 5.674s
2024-10-10 21:02:54.810 63669 INFO tempest.lib.common.rest_client [req-96785b4e-51d9-4c6b-a71f-cf3ad101ebc2 req-96785b4e-51d9-4c6b-a71f-cf3ad101ebc2 ] Request (ServersTestMultiNic:test_verify_multiple_nics_order): 201 POST http://10.180.1.21:9696/networking/v2.0/networks 0.875s
2024-10-10 21:02:54.880 63637 INFO tempest.lib.common.rest_client [req-ecb71c02-bb5e-4411-ad73-cb01b23675fc req-ecb71c02-bb5e-4411-ad73-cb01b23675fc ] Request (InstanceActionsV221TestJSON:tearDownClass): 204 DELETE http://10.180.1.21:9696/networking/v2.0/networks/a05c9228-8895-48e7-8508-5bae9c8366cd 1.818s
2024-10-10 21:02:55.002 63637 INFO tempest.lib.common.rest_client [req-23189301-7b3c-4371-a54a-465fd3c390bc req-23189301-7b3c-4371-a54a-465fd3c390bc ] Request (InstanceActionsV221TestJSON:tearDownClass): 204 DELETE http://10.180.1.21/identity/v3/users/7189bb20f4524ddcaa4e84d7fead9930 0.121s
2024-10-10 21:02:55.002 63637 INFO tempest.lib.common.dynamic_creds [-] Deleting project and security group for project: 01f5ea2330a84cc78d0e002a6e963f98
2024-10-10 21:02:55.015 63633 INFO tempest.lib.common.rest_client [req-f4433ff8-f539-472c-9f7e-dad40bb7505d req-f4433ff8-f539-472c-9f7e-dad40bb7505d ] Request (ServersNegativeTestMultiTenantJSON:tearDownClass): 204 DELETE http://10.180.1.21:9696/networking/v2.0/security-groups/3495b916-25cf-4819-aae1-1cd4130a0054 0.582s
2024-10-10 21:02:55.031 63656 INFO tempest.lib.common.rest_client [req-112f6427-69bb-409c-b2db-bb93c90e1620 req-112f6427-69bb-409c-b2db-bb93c90e1620 ] Request (SecurityGroupRulesNegativeTestJSON:tearDownClass): 202 DELETE http://10.180.1.21/compute/v2.1/os-security-groups/2e095e11-5803-4ac6-a519-6b1edf1e27bf 1.901s
2024-10-10 21:02:55.148 63633 INFO tempest.lib.common.rest_client [req-5a341c74-47fa-4949-b0ac-f1f6f8ff188e req-5a341c74-47fa-4949-b0ac-f1f6f8ff188e ] Request (ServersNegativeTestMultiTenantJSON:tearDownClass): 204 DELETE http://10.180.1.21/identity/v3/projects/b7603903a088455493249fff8a43bb80 0.133s
2024-10-10 21:02:55.148 63633 INFO tempest.lib.common.dynamic_creds [-] Deleting project and security group for project: 8d19e4dae18848e89b94d1b55d7655c0
2024-10-10 21:02:55.187 63653 INFO tempest.lib.common.rest_client [req-22306e5a-fac2-4ff3-8d4f-3d520a356b26 req-22306e5a-fac2-4ff3-8d4f-3d520a356b26 ] Request (MultipleCreateTestJSON:test_multiple_create_with_reservation_return): 200 GET http://10.180.1.21/compute/v2.1/servers/3e73eec6-49a5-42ab-bf7b-f46ad91292a9 2.009s
2024-10-10 21:02:55.193 63653 INFO tempest.common.waiters [-] State transition "BUILD/spawning" ==> "ERROR/None" after 19 second wait
2024-10-10 21:02:55.285 63637 INFO tempest.lib.common.rest_client [req-f8a1bad6-dd06-4ea9-97d3-a8286d5114f7 req-f8a1bad6-dd06-4ea9-97d3-a8286d5114f7 ] Request (InstanceActionsV221TestJSON:tearDownClass): 200 GET http://10.180.1.21:9696/networking/v2.0/security-groups?tenant_id=01f5ea2330a84cc78d0e002a6e963f98&name=default 0.282s
2024-10-10 21:02:55.439 63633 INFO tempest.lib.common.rest_client [req-e6fb61a5-2bfd-4798-be52-021222758905 req-e6fb61a5-2bfd-4798-be52-021222758905 ] Request (ServersNegativeTestMultiTenantJSON:tearDownClass): 200 GET http://10.180.1.21:9696/networking/v2.0/security-groups?tenant_id=8d19e4dae18848e89b94d1b55d7655c0&name=default 0.290s
2024-10-10 21:02:55.479 63629 INFO tempest.lib.common.rest_client [req-3643db3a-c5af-49d8-8833-82db15d18fb4 req-3643db3a-c5af-49d8-8833-82db15d18fb4 ] Request (VolumesTestJSON:tearDownClass): 200 GET http://10.180.1.21:9696/networking/v2.0/security-groups?tenant_id=3cfbd90ffa3f481ebd385d2fc3a04357&name=default 0.961s
2024-10-10 21:02:55.704 63635 INFO tempest.lib.common.rest_client [req-87c7f256-6368-4aae-9607-420857c3467c req-87c7f256-6368-4aae-9607-420857c3467c ] Request (ListServerFiltersTestJSON:setUpClass): 202 POST http://10.180.1.21/compute/v2.1/servers 3.165s
2024-10-10 21:02:55.810 63635 INFO tempest.lib.common.rest_client [req-b7822cd4-edf2-4ba0-a58a-04dba34e3798 req-b7822cd4-edf2-4ba0-a58a-04dba34e3798 ] Request (ListServerFiltersTestJSON:setUpClass): 201 POST http://10.180.1.21/identity/v3/auth/tokens 0.100s
2024-10-10 21:02:55.811 63635 INFO tempest.lib.common.fixed_network [-] (ListServerFiltersTestJSON:setUpClass) Found network {'id': '0c7d5b3a-da29-43f6-a6ec-7a75af728f36', 'name': 'tempest-ListServerFiltersTestJSON-1367729675-network', 'tenant_id': '9bec59e1cdc9499bbee2ed961c4b63f8', 'admin_state_up': True, 'mtu': 8950, 'status': 'ACTIVE', 'subnets': [], 'shared': False, 'project_id': '9bec59e1cdc9499bbee2ed961c4b63f8', 'port_security_enabled': True, 'router:external': False, 'provider:network_type': 'vlan', 'provider:physical_network': 'default', 'provider:segmentation_id': 868, 'is_default': False, 'availability_zone_hints': [], 'availability_zones': [], 'ipv4_address_scope': None, 'ipv6_address_scope': None, 'description': '', 'tags': [], 'created_at': '2024-10-10T21:02:50Z', 'updated_at': '2024-10-10T21:02:50Z', 'revision_number': 1} available for tenant
2024-10-10 21:02:55.942 63637 INFO tempest.lib.common.rest_client [req-a5415a0e-48a2-49d9-9332-8d3f8cd55927 req-a5415a0e-48a2-49d9-9332-8d3f8cd55927 ] Request (InstanceActionsV221TestJSON:tearDownClass): 204 DELETE http://10.180.1.21:9696/networking/v2.0/security-groups/1df101d2-9cc2-4663-96e9-800e528138b9 0.657s
2024-10-10 21:02:56.063 63637 INFO tempest.lib.common.rest_client [req-105d906a-032a-42ad-a7ce-7e52213b9651 req-105d906a-032a-42ad-a7ce-7e52213b9651 ] Request (InstanceActionsV221TestJSON:tearDownClass): 204 DELETE http://10.180.1.21/identity/v3/projects/01f5ea2330a84cc78d0e002a6e963f98 0.120s
2024-10-10 21:02:56.094 63675 INFO tempest.lib.common.rest_client [req-eb4609ab-98e4-4c0d-ad59-c0dde143682d req-eb4609ab-98e4-4c0d-ad59-c0dde143682d ] Request (AttachVolumeNegativeTest:test_attach_attached_volume_to_different_server): 200 GET http://10.180.1.21/compute/v2.1/servers/58650755-93f3-40d4-948e-1f97374c308c 2.480s
2024-10-10 21:02:56.144 63637 INFO tempest.lib.common.rest_client [req-c72b21a2-b719-4b07-a3a4-f0f5fc48c9ff req-c72b21a2-b719-4b07-a3a4-f0f5fc48c9ff ] Request (ServerAddressesTestJSON:setUpClass): 201 POST http://10.180.1.21/identity/v3/auth/tokens 0.079s
2024-10-10 21:02:56.179 63637 INFO tempest.lib.common.rest_client [req-e922ab53-e593-4aee-9019-df2c4f75ddb6 req-e922ab53-e593-4aee-9019-df2c4f75ddb6 ] Request (ServerAddressesTestJSON:setUpClass): 201 POST http://10.180.1.21/identity/v3/auth/tokens 0.031s
2024-10-10 21:02:56.220 63637 INFO tempest.lib.common.rest_client [req-f2d6c323-92d4-408a-ba69-2ec7f88417df req-f2d6c323-92d4-408a-ba69-2ec7f88417df ] Request (ServerAddressesTestJSON:setUpClass): 200 GET http://10.180.1.21/identity/v3/domains?name=Default 0.040s
2024-10-10 21:02:56.249 63637 INFO tempest.lib.common.rest_client [req-b708e089-d8bb-43f5-81b4-64c74c55fae6 req-b708e089-d8bb-43f5-81b4-64c74c55fae6 ] Request (ServerAddressesTestJSON:setUpClass): 201 POST http://10.180.1.21/identity/v3/projects 0.029s
2024-10-10 21:02:56.320 63637 INFO tempest.lib.common.rest_client [req-1e77dcb6-cfbd-4ca2-b8dd-49f7c03ddf0c req-1e77dcb6-cfbd-4ca2-b8dd-49f7c03ddf0c ] Request (ServerAddressesTestJSON:setUpClass): 201 POST http://10.180.1.21/identity/v3/users 0.070s
2024-10-10 21:02:56.344 63637 INFO tempest.lib.common.rest_client [req-8b17bc67-46b2-4470-8287-7c32e0e29e19 req-8b17bc67-46b2-4470-8287-7c32e0e29e19 ] Request (ServerAddressesTestJSON:setUpClass): 200 GET http://10.180.1.21/identity/v3/roles 0.021s
2024-10-10 21:02:56.366 63671 INFO tempest.lib.common.rest_client [req-e661f1d8-41a3-47a1-9f92-1046cd73d231 req-e661f1d8-41a3-47a1-9f92-1046cd73d231 ] Request (ServersTestJSON:setUpClass): 204 DELETE http://10.180.1.21/compute/v2.1/servers/ed6b743e-158b-4b1b-86b2-cbf8bc7a7976 2.701s
2024-10-10 21:02:56.394 63633 INFO tempest.lib.common.rest_client [req-d0722142-b7a4-4683-9853-b9d43a5f3626 req-d0722142-b7a4-4683-9853-b9d43a5f3626 ] Request (ServersNegativeTestMultiTenantJSON:tearDownClass): 204 DELETE http://10.180.1.21:9696/networking/v2.0/security-groups/fb28dfe7-f3d2-4531-a864-a79c0c14f029 0.955s
2024-10-10 21:02:56.403 63637 INFO tempest.lib.common.rest_client [req-7e37248b-88fa-4071-a29b-f0dea8a3cca1 req-7e37248b-88fa-4071-a29b-f0dea8a3cca1 ] Request (ServerAddressesTestJSON:setUpClass): 204 PUT http://10.180.1.21/identity/v3/projects/5c45c0c72fd843a19215fc91649d7245/users/05e63401af374c708b8b13854b3abb0b/roles/35d84aa92ed5416a991c45f489ef6d91 0.059s
2024-10-10 21:02:56.404 63637 INFO tempest.lib.common.dynamic_creds [-] Dynamic test user 05e63401af374c708b8b13854b3abb0b is created with scope project and roles: ['member']
2024-10-10 21:02:56.404 63637 INFO tempest.lib.common.dynamic_creds [-] Acquired dynamic creds: credentials: Credentials: {'domain_id': 'default', 'domain_name': 'Default', 'username': 'tempest-ServerAddressesTestJSON-1694586789-project-member', 'project_domain_id': 'default', 'project_domain_name': 'Default', 'project_id': '5c45c0c72fd843a19215fc91649d7245', 'project_name': 'tempest-ServerAddressesTestJSON-1694586789', 'tenant_id': '5c45c0c72fd843a19215fc91649d7245', 'tenant_name': 'tempest-ServerAddressesTestJSON-1694586789', 'user_domain_id': 'default', 'user_domain_name': 'Default', 'user_id': '05e63401af374c708b8b13854b3abb0b', 'system': None}, Network: None, Subnet: None, Router: None
2024-10-10 21:02:56.456 63629 INFO tempest.lib.common.rest_client [req-421ecfc9-63fe-4b9b-9bcb-e7c5e1e764d0 req-421ecfc9-63fe-4b9b-9bcb-e7c5e1e764d0 ] Request (VolumesTestJSON:tearDownClass): 204 DELETE http://10.180.1.21:9696/networking/v2.0/security-groups/5bd554a9-33a7-4db7-a975-b084769c72b1 0.977s
2024-10-10 21:02:56.480 63637 INFO tempest.lib.common.rest_client [req-dc6bff76-0bcb-436b-9219-64e065f38ac1 req-dc6bff76-0bcb-436b-9219-64e065f38ac1 ] Request (ServerAddressesTestJSON:setUpClass): 201 POST http://10.180.1.21/identity/v3/auth/tokens 0.075s
2024-10-10 21:02:56.541 63633 INFO tempest.lib.common.rest_client [req-16dbfe70-7001-459b-8b1d-d7d1a34a6ba6 req-16dbfe70-7001-459b-8b1d-d7d1a34a6ba6 ] Request (ServersNegativeTestMultiTenantJSON:tearDownClass): 204 DELETE http://10.180.1.21/identity/v3/projects/8d19e4dae18848e89b94d1b55d7655c0 0.145s
2024-10-10 21:02:56.553 63629 INFO tempest.lib.common.rest_client [req-0004220d-d21d-4a33-ba0f-75450c012b16 req-0004220d-d21d-4a33-ba0f-75450c012b16 ] Request (VolumesTestJSON:tearDownClass): 204 DELETE http://10.180.1.21/identity/v3/projects/3cfbd90ffa3f481ebd385d2fc3a04357 0.096s
2024-10-10 21:02:56.683 63669 INFO tempest.lib.common.rest_client [req-5da74d45-35c6-43b4-a325-478b04a635a6 req-5da74d45-35c6-43b4-a325-478b04a635a6 ] Request (ServersTestMultiNic:test_verify_multiple_nics_order): 201 POST http://10.180.1.21:9696/networking/v2.0/subnets 1.872s
2024-10-10 21:02:56.770 63669 INFO tempest.lib.common.rest_client [req-c6664c04-c3e1-4692-b2a3-6e948602d196 req-c6664c04-c3e1-4692-b2a3-6e948602d196 ] Request (ServersTestMultiNic:test_verify_multiple_nics_order): 201 POST http://10.180.1.21/identity/v3/auth/tokens 0.083s
2024-10-10 21:02:56.770 63669 INFO tempest.lib.common.fixed_network [-] (ServersTestMultiNic:test_verify_multiple_nics_order) Found network {'id': '81c3b147-bf63-4c7d-bbb5-5892a1279bbb', 'name': 'tempest-ServersTestMultiNic-1597094001-network', 'tenant_id': '24481c6ffe9a4eae85eb61ded75652fd', 'admin_state_up': True, 'mtu': 8950, 'status': 'ACTIVE', 'subnets': [], 'shared': False, 'project_id': '24481c6ffe9a4eae85eb61ded75652fd', 'port_security_enabled': True, 'router:external': False, 'provider:network_type': 'vlan', 'provider:physical_network': 'default', 'provider:segmentation_id': 120, 'is_default': False, 'availability_zone_hints': [], 'availability_zones': [], 'ipv4_address_scope': None, 'ipv6_address_scope': None, 'description': '', 'tags': [], 'created_at': '2024-10-10T21:01:24Z', 'updated_at': '2024-10-10T21:01:24Z', 'revision_number': 1} available for tenant
2024-10-10 21:02:57.027 63673 INFO tempest.lib.common.rest_client [req-619c2b93-ce5d-44aa-ab94-37d213e4a273 req-619c2b93-ce5d-44aa-ab94-37d213e4a273 ] Request (ImagesTestJSON:test_delete_saving_image): 200 GET http://10.180.1.21/compute/v2.1/servers/b2538ae4-00ee-41cb-8330-a9f4ba820620 3.278s
2024-10-10 21:02:57.044 63677 INFO tempest.lib.common.rest_client [req-d59d0dc2-356d-420f-9bb9-ac3c6765a4b4 req-d59d0dc2-356d-420f-9bb9-ac3c6765a4b4 ] Request (AttachVolumeTestJSON:test_attach_detach_volume): 202 POST http://10.180.1.21/compute/v2.1/servers 3.572s
2024-10-10 21:02:57.287 63645 INFO tempest.lib.common.rest_client [req-aa86ce0c-a8d7-432e-a456-3d3d2a630a8f req-aa86ce0c-a8d7-432e-a456-3d3d2a630a8f ] Request (ServersListShow296Test:test_list_show_server_296): 200 GET http://10.180.1.21/compute/v2.1/servers/detail 3.444s
2024-10-10 21:02:57.370 63643 INFO tempest.lib.common.rest_client [req-575b48be-be87-476d-ab48-f771084fd60b req-575b48be-be87-476d-ab48-f771084fd60b ] Request (ServersTestJSON:_run_cleanups): 200 GET http://10.180.1.21/compute/v2.1/servers/28dd2a45-5706-4d54-8310-01074ef2ad17 3.280s
2024-10-10 21:02:57.488 63637 INFO tempest.lib.common.rest_client [req-243b0e27-ed1e-4572-ba49-3ed3f06afb3a req-243b0e27-ed1e-4572-ba49-3ed3f06afb3a ] Request (ServerAddressesTestJSON:setUpClass): 201 POST http://10.180.1.21:9696/networking/v2.0/networks 1.007s
2024-10-10 21:02:57.512 63621 INFO tempest.lib.common.rest_client [req-cf80fd8e-0d97-435e-b296-9894fab2c2e9 req-cf80fd8e-0d97-435e-b296-9894fab2c2e9 ] Request (QuotasTestJSON:test_get_quotas): 200 GET http://10.180.1.21/compute/v2.1/os-quota-sets/332b104558074d5b9d4e5670d1ce51fe?user_id=c6ee868d37364d38ae94f452d979d9d9 3.352s
2024-10-10 21:02:57.594 63617 INFO tempest.lib.common.rest_client [req-e36341e8-de0a-4ac6-8dd5-b38442920d15 req-e36341e8-de0a-4ac6-8dd5-b38442920d15 ] Request (ServersAaction247Test:test_create_backup): 200 GET http://10.180.1.21/compute/v2.1/servers/78890aa3-db6e-4e24-9612-2103f6881a34 3.354s
2024-10-10 21:02:57.602 63621 INFO tempest.lib.common.rest_client [req-692e8448-35c1-4b34-b469-3be4444102be req-692e8448-35c1-4b34-b469-3be4444102be ] Request (QuotasTestJSON:tearDownClass): 204 DELETE http://10.180.1.21/identity/v3/users/c6ee868d37364d38ae94f452d979d9d9 0.087s
2024-10-10 21:02:57.602 63621 INFO tempest.lib.common.dynamic_creds [-] Deleting project and security group for project: 332b104558074d5b9d4e5670d1ce51fe
2024-10-10 21:02:57.607 63617 INFO tempest.common.waiters [-] State transition "BUILD/scheduling" ==> "BUILD/spawning" after 4 second wait
2024-10-10 21:02:57.665 63621 INFO tempest.lib.common.rest_client [req-e0b6c7aa-0f60-40aa-836b-10cdf4cdbdb6 req-e0b6c7aa-0f60-40aa-836b-10cdf4cdbdb6 ] Request (QuotasTestJSON:tearDownClass): 201 POST http://10.180.1.21/identity/v3/auth/tokens 0.062s
2024-10-10 21:02:57.719 63623 INFO tempest.lib.common.rest_client [req-fe081f20-718c-4855-8364-62b1a8303b28 req-fe081f20-718c-4855-8364-62b1a8303b28 ] Request (SecurityGroupsTestJSON:test_list_security_groups_by_server): 200 GET http://10.180.1.21/compute/v2.1/servers/22f5af58-37f6-4bd6-b75e-94f27e650385 3.821s
2024-10-10 21:02:57.732 63631 INFO tempest.lib.common.rest_client [req-7ecb20d0-2e66-49e0-87f0-51357486e387 req-7ecb20d0-2e66-49e0-87f0-51357486e387 ] Request (ServerShowV254Test:test_rebuild_server): 200 GET http://10.180.1.21/compute/v2.1/servers/68c66211-2c18-4d65-a895-b7e814cfff2b 3.445s
2024-10-10 21:02:57.739 63647 INFO tempest.lib.common.rest_client [req-ede65087-7176-40e8-b64d-077a143cc008 req-ede65087-7176-40e8-b64d-077a143cc008 ] Request (ServerActionsTestOtherA:tearDownClass): 200 PUT http://10.180.1.21:9696/networking/v2.0/routers/eef43db4-ff42-4c4c-b270-13dbb1115298/remove_router_interface 3.655s
2024-10-10 21:02:57.860 63639 INFO tempest.lib.common.rest_client [req-32e847fd-87f8-4135-a12f-6a3f2c2f81f8 req-32e847fd-87f8-4135-a12f-6a3f2c2f81f8 ] Request (ServerDiagnosticsV248Test:test_get_server_diagnostics): 200 GET http://10.180.1.21/compute/v2.1/servers/c8b80604-93f2-4109-bbf0-dff56d7c8687 3.298s
2024-10-10 21:02:57.880 63659 INFO tempest.lib.common.rest_client [req-583aa3e7-534f-4aed-9dc4-d8c4e66e83f4 req-583aa3e7-534f-4aed-9dc4-d8c4e66e83f4 ] Request (ServerShowV257Test:test_rebuild_server): 200 GET http://10.180.1.21/compute/v2.1/servers/6d1b11e8-f15d-4939-af4b-4c921f19e27b 3.475s
2024-10-10 21:02:57.962 63641 INFO tempest.lib.common.rest_client [req-6b529c3f-461a-4b7b-9564-0904ac414e81 req-6b529c3f-461a-4b7b-9564-0904ac414e81 ] Request (DeleteServersTestJSON:test_delete_server_while_in_attached_volume): 200 GET http://10.180.1.21/compute/v2.1/servers/28572185-e25e-4fee-98f7-6f5935684e67 2.985s
2024-10-10 21:02:57.969 63641 INFO tempest.common.waiters [-] State transition "BUILD/spawning" ==> "ERROR/None" after 21 second wait
2024-10-10 21:02:58.177 63621 INFO tempest.lib.common.rest_client [req-9a805e5e-0998-4395-a497-919a8519bf01 req-9a805e5e-0998-4395-a497-919a8519bf01 ] Request (QuotasTestJSON:tearDownClass): 200 GET http://10.180.1.21:9696/networking/v2.0/security-groups?tenant_id=332b104558074d5b9d4e5670d1ce51fe&name=default 0.512s
2024-10-10 21:02:58.213 63653 INFO tempest.lib.common.rest_client [req-fa11300a-942e-40ee-aaac-b032eab3bdf4 req-fa11300a-942e-40ee-aaac-b032eab3bdf4 ] Request (MultipleCreateTestJSON:test_multiple_create_with_reservation_return): 204 DELETE http://10.180.1.21/compute/v2.1/servers/3e73eec6-49a5-42ab-bf7b-f46ad91292a9 3.019s
2024-10-10 21:02:58.343 63637 INFO tempest.lib.common.rest_client [req-b73f7c25-2f45-41a2-b8d1-a13f6d30ca23 req-b73f7c25-2f45-41a2-b8d1-a13f6d30ca23 ] Request (ServerAddressesTestJSON:setUpClass): 201 POST http://10.180.1.21:9696/networking/v2.0/subnets 0.855s
2024-10-10 21:02:58.422 63656 INFO tempest.lib.common.rest_client [req-b4f00a7d-0a4f-449e-a1d5-0150505f6218 req-b4f00a7d-0a4f-449e-a1d5-0150505f6218 ] Request (SecurityGroupRulesNegativeTestJSON:tearDownClass): 202 DELETE http://10.180.1.21/compute/v2.1/os-security-groups/da768cae-b410-4079-b167-6145eea2f911 3.390s
2024-10-10 21:02:58.445 63671 INFO tempest.lib.common.rest_client [req-cd54f6f3-0752-4903-b74e-f9fdcc3a8956 req-cd54f6f3-0752-4903-b74e-f9fdcc3a8956 ] Request (ServersTestJSON:setUpClass): 404 GET http://10.180.1.21/compute/v2.1/servers/ed6b743e-158b-4b1b-86b2-cbf8bc7a7976 2.078s
2024-10-10 21:02:58.445 63671 INFO tempest.test [-] raised in ServersTestJSON.setUpClass. Invoking tearDownClass.
2024-10-10 21:02:58.994 63621 INFO tempest.lib.common.rest_client [req-6a7afe94-f4f1-49ac-b064-2327e23692c9 req-6a7afe94-f4f1-49ac-b064-2327e23692c9 ] Request (QuotasTestJSON:tearDownClass): 204 DELETE http://10.180.1.21:9696/networking/v2.0/security-groups/692fc462-55a9-4396-9661-4c2b73888b19 0.816s
2024-10-10 21:02:59.096 63621 INFO tempest.lib.common.rest_client [req-b113b7b0-38e5-4379-9e30-b6a0c08edcef req-b113b7b0-38e5-4379-9e30-b6a0c08edcef ] Request (QuotasTestJSON:tearDownClass): 204 DELETE http://10.180.1.21/identity/v3/projects/332b104558074d5b9d4e5670d1ce51fe 0.102s
2024-10-10 21:02:59.191 63621 INFO tempest.lib.common.rest_client [req-737f53df-2204-41f8-a28d-5fe0cf57e38f req-737f53df-2204-41f8-a28d-5fe0cf57e38f ] Request (ComputeTenantNetworksTest:setUpClass): 201 POST http://10.180.1.21/identity/v3/auth/tokens 0.092s
2024-10-10 21:02:59.235 63621 INFO tempest.lib.common.rest_client [req-046561b3-74b4-437c-b939-d3de055a1072 req-046561b3-74b4-437c-b939-d3de055a1072 ] Request (ComputeTenantNetworksTest:setUpClass): 201 POST http://10.180.1.21/identity/v3/auth/tokens 0.042s
2024-10-10 21:02:59.269 63621 INFO tempest.lib.common.rest_client [req-cd986d9c-0df9-4283-97fb-68fcb08b144e req-cd986d9c-0df9-4283-97fb-68fcb08b144e ] Request (ComputeTenantNetworksTest:setUpClass): 200 GET http://10.180.1.21/identity/v3/domains?name=Default 0.034s
2024-10-10 21:02:59.302 63621 INFO tempest.lib.common.rest_client [req-02678588-8421-45fd-a1d5-549d23bd870a req-02678588-8421-45fd-a1d5-549d23bd870a ] Request (ComputeTenantNetworksTest:setUpClass): 201 POST http://10.180.1.21/identity/v3/projects 0.032s
2024-10-10 21:02:59.378 63621 INFO tempest.lib.common.rest_client [req-6dfaa9b1-e548-42c0-80dd-b114edc3c30a req-6dfaa9b1-e548-42c0-80dd-b114edc3c30a ] Request (ComputeTenantNetworksTest:setUpClass): 201 POST http://10.180.1.21/identity/v3/users 0.075s
2024-10-10 21:02:59.396 63621 INFO tempest.lib.common.rest_client [req-5e3b2295-d92a-4761-a92d-154ad087d5b2 req-5e3b2295-d92a-4761-a92d-154ad087d5b2 ] Request (ComputeTenantNetworksTest:setUpClass): 200 GET http://10.180.1.21/identity/v3/roles 0.018s
2024-10-10 21:02:59.429 63621 INFO tempest.lib.common.rest_client [req-5fc7d71b-8640-403e-bce5-93dd97d3123b req-5fc7d71b-8640-403e-bce5-93dd97d3123b ] Request (ComputeTenantNetworksTest:setUpClass): 204 PUT http://10.180.1.21/identity/v3/projects/89d5b3d02c8143d7b671e8f1cd4ff277/users/827b55ab70df4b99b753efe67c2a3aa8/roles/35d84aa92ed5416a991c45f489ef6d91 0.033s
2024-10-10 21:02:59.430 63621 INFO tempest.lib.common.dynamic_creds [-] Dynamic test user 827b55ab70df4b99b753efe67c2a3aa8 is created with scope project and roles: ['member']
2024-10-10 21:02:59.430 63621 INFO tempest.lib.common.dynamic_creds [-] Acquired dynamic creds: credentials: Credentials: {'domain_id': 'default', 'domain_name': 'Default', 'username': 'tempest-ComputeTenantNetworksTest-735674355-project-member', 'project_domain_id': 'default', 'project_domain_name': 'Default', 'project_id': '89d5b3d02c8143d7b671e8f1cd4ff277', 'project_name': 'tempest-ComputeTenantNetworksTest-735674355', 'tenant_id': '89d5b3d02c8143d7b671e8f1cd4ff277', 'tenant_name': 'tempest-ComputeTenantNetworksTest-735674355', 'user_domain_id': 'default', 'user_domain_name': 'Default', 'user_id': '827b55ab70df4b99b753efe67c2a3aa8', 'system': None}, Network: None, Subnet: None, Router: None
2024-10-10 21:02:59.493 63621 INFO tempest.lib.common.rest_client [req-3df61126-5a7d-4528-b8e8-2b658ac9b7e2 req-3df61126-5a7d-4528-b8e8-2b658ac9b7e2 ] Request (ComputeTenantNetworksTest:setUpClass): 201 POST http://10.180.1.21/identity/v3/auth/tokens 0.063s
2024-10-10 21:02:59.551 63635 INFO tempest.lib.common.rest_client [req-789ec55d-dc74-4179-8e17-94b07bb391a4 req-789ec55d-dc74-4179-8e17-94b07bb391a4 ] Request (ListServerFiltersTestJSON:setUpClass): 202 POST http://10.180.1.21/compute/v2.1/servers 3.740s
2024-10-10 21:02:59.565 63647 INFO tempest.lib.common.rest_client [req-c1e761ba-5055-46f8-89ca-4ffe8c595aca req-c1e761ba-5055-46f8-89ca-4ffe8c595aca ] Request (ServerActionsTestOtherA:tearDownClass): 204 DELETE http://10.180.1.21:9696/networking/v2.0/routers/eef43db4-ff42-4c4c-b270-13dbb1115298 1.825s
2024-10-10 21:02:59.660 63635 INFO tempest.lib.common.rest_client [req-8b46b367-03a9-4c04-bc4d-8f5d16fb2dd0 req-8b46b367-03a9-4c04-bc4d-8f5d16fb2dd0 ] Request (ListServerFiltersTestJSON:setUpClass): 201 POST http://10.180.1.21/identity/v3/auth/tokens 0.099s
2024-10-10 21:02:59.660 63635 INFO tempest.lib.common.fixed_network [-] (ListServerFiltersTestJSON:setUpClass) Found network {'id': '0c7d5b3a-da29-43f6-a6ec-7a75af728f36', 'name': 'tempest-ListServerFiltersTestJSON-1367729675-network', 'tenant_id': '9bec59e1cdc9499bbee2ed961c4b63f8', 'admin_state_up': True, 'mtu': 8950, 'status': 'ACTIVE', 'subnets': [], 'shared': False, 'project_id': '9bec59e1cdc9499bbee2ed961c4b63f8', 'port_security_enabled': True, 'router:external': False, 'provider:network_type': 'vlan', 'provider:physical_network': 'default', 'provider:segmentation_id': 868, 'is_default': False, 'availability_zone_hints': [], 'availability_zones': [], 'ipv4_address_scope': None, 'ipv6_address_scope': None, 'description': '', 'tags': [], 'created_at': '2024-10-10T21:02:50Z', 'updated_at': '2024-10-10T21:02:50Z', 'revision_number': 1} available for tenant
2024-10-10 21:02:59.889 63677 INFO tempest.lib.common.rest_client [req-97e80615-3e31-4918-ba61-605e2c372789 req-97e80615-3e31-4918-ba61-605e2c372789 ] Request (AttachVolumeTestJSON:test_attach_detach_volume): 200 GET http://10.180.1.21/compute/v2.1/servers/1902f260-13c6-48de-9884-9769d7f1414c 2.843s
2024-10-10 21:02:59.995 63675 INFO tempest.lib.common.rest_client [req-d4d18b97-aa6e-41d1-b0fc-b52a040686f7 req-d4d18b97-aa6e-41d1-b0fc-b52a040686f7 ] Request (AttachVolumeNegativeTest:test_attach_attached_volume_to_different_server): 200 GET http://10.180.1.21/compute/v2.1/servers/58650755-93f3-40d4-948e-1f97374c308c 2.891s
2024-10-10 21:03:00.004 63675 INFO tempest.common.waiters [-] State transition "BUILD/spawning" ==> "ERROR/None" after 13 second wait
2024-10-10 21:03:00.028 63625 INFO tempest.lib.common.rest_client [req-fcd4bc60-8b8a-4205-9208-92a750ef5e55 req-fcd4bc60-8b8a-4205-9208-92a750ef5e55 ] Request (ServerDiskConfigTestJSON:setUpClass): 200 PUT http://10.180.1.21:9696/networking/v2.0/routers/02bfb9a8-2227-40ec-a69f-9c522b4d11ba/add_router_interface 5.286s
