2024-10-10 21:00:43.442 63645 INFO tempest.lib.common.rest_client [req-df1d5709-4716-423b-be3b-ef5a08441829 req-df1d5709-4716-423b-be3b-ef5a08441829 ] Request (VolumesAdminNegativeTest:tearDownClass): 404 GET http://10.180.1.21:9696/networking/v2.0/security-groups/d97feb67-1550-4f5b-8c8f-d238ee5d83da 0.040s
2024-10-10 21:00:43.503 63647 INFO tempest.lib.common.rest_client [req-474c6e0c-c4b5-4cef-83d5-52944ae72d55 req-474c6e0c-c4b5-4cef-83d5-52944ae72d55 ] Request (ServersTestFqdnHostnames:test_create_server_with_fqdn_name): 200 POST http://10.180.1.21/compute/v2.1/os-keypairs 2.771s
2024-10-10 21:00:43.522 63663 INFO tempest.lib.common.rest_client [req-0d9e59c0-9106-48b0-8fa3-28465939c388 req-0d9e59c0-9106-48b0-8fa3-28465939c388 ] Request (VolumesAssistedSnapshotsTest:test_volume_assisted_snapshot_create_delete): 404 GET http://10.180.1.21/compute/v2.1/servers/b3ac732d-ba4b-4194-8ca7-d8a41a87a919 2.663s
2024-10-10 21:00:43.543 63627 INFO tempest.lib.common.rest_client [req-58edbf6c-b153-44c3-b36e-a50b96ddd816 req-58edbf6c-b153-44c3-b36e-a50b96ddd816 ] Request (ServersAdmin275Test:tearDownClass): 404 GET http://10.180.1.21/compute/v2.1/servers/69e0ee1b-9f98-4686-a405-e0a0d288a899 2.680s
2024-10-10 21:00:43.581 63663 INFO tempest.lib.common.rest_client [req-3608e1fc-1c3f-4050-95e9-9bba4c1e7ac5 req-3608e1fc-1c3f-4050-95e9-9bba4c1e7ac5 ] Request (VolumesAssistedSnapshotsTest:_run_cleanups): 202 DELETE http://10.180.1.21/volume/v3/ab3be790a7d943bda0f39244c8db5cee/volumes/7deb9f38-30dc-4ed7-a7ac-2bbd4f76b24a 0.058s
2024-10-10 21:00:43.612 63663 INFO tempest.lib.common.rest_client [req-02659d24-9b22-4738-b306-61d9061dc4cb req-02659d24-9b22-4738-b306-61d9061dc4cb ] Request (VolumesAssistedSnapshotsTest:_run_cleanups): 200 GET http://10.180.1.21/volume/v3/ab3be790a7d943bda0f39244c8db5cee/volumes/7deb9f38-30dc-4ed7-a7ac-2bbd4f76b24a 0.030s
2024-10-10 21:00:43.616 63629 INFO tempest.lib.common.rest_client [req-b3050b62-6a13-4daa-b594-bff621a9477d req-b3050b62-6a13-4daa-b594-bff621a9477d ] Request (ListImageFiltersTestJSON:tearDownClass): 204 DELETE http://10.180.1.21/compute/v2.1/images/b24feed4-5618-485e-b81c-424de1b807e4 2.727s
2024-10-10 21:00:43.681 63627 INFO tempest.lib.common.rest_client [req-8e5344f1-1306-4935-957f-fcc5036ddc2f req-8e5344f1-1306-4935-957f-fcc5036ddc2f ] Request (ServersAdmin275Test:tearDownClass): 204 DELETE http://10.180.1.21/identity/v3/users/060f24a809a24d7492561837a71e7fde 0.137s
2024-10-10 21:00:43.735 63633 INFO tempest.lib.common.rest_client [req-f9ac8fca-04e5-4818-a506-f3bf142b6815 req-f9ac8fca-04e5-4818-a506-f3bf142b6815 ] Request (ServersTestManualDisk:tearDownClass): 204 DELETE http://10.180.1.21:9696/networking/v2.0/floatingips/e325f6af-d614-48d2-b004-e3e83160babc 1.441s
2024-10-10 21:00:43.747 63659 INFO tempest.lib.common.rest_client [req-f1e8a63d-c98a-45a5-a764-60cb3850d786 req-f1e8a63d-c98a-45a5-a764-60cb3850d786 ] Request (ServerShowV257Test:test_rebuild_server): 200 GET http://10.180.1.21/compute/v2.1/servers/6d1b11e8-f15d-4939-af4b-4c921f19e27b 2.612s
2024-10-10 21:00:43.769 63671 INFO tempest.lib.common.rest_client [req-43094351-ea83-408e-ad7b-72cd56336d8a req-43094351-ea83-408e-ad7b-72cd56336d8a ] Request (ServersWithSpecificFlavorTestJSON:test_verify_created_server_ephemeral_disk): 404 GET http://10.180.1.21/compute/v2.1/servers/834d1c05-cfe0-4938-952c-d1dd73a544cb 2.590s
2024-10-10 21:00:43.788 63617 INFO tempest.lib.common.rest_client [req-1db19286-c694-4666-bc0e-237ad9259d76 req-1db19286-c694-4666-bc0e-237ad9259d76 ] Request (FlavorsAdminTestJSON:test_create_list_flavor_without_extra_data): 200 POST http://10.180.1.21/compute/v2.1/flavors 2.577s
2024-10-10 21:00:43.821 63627 INFO tempest.lib.common.rest_client [req-a21cfbd8-bc2e-4c33-b2d5-e34880770f86 req-a21cfbd8-bc2e-4c33-b2d5-e34880770f86 ] Request (ServersAdmin275Test:tearDownClass): 204 DELETE http://10.180.1.21/identity/v3/users/9e4937e8a65e46788d06b033e71071b9 0.140s
2024-10-10 21:00:43.821 63627 INFO tempest.lib.common.dynamic_creds [-] Deleting project and security group for project: 2f514cb2b81f49968995d51b46b96747
2024-10-10 21:00:43.889 63627 INFO tempest.lib.common.rest_client [req-9b2c20a6-19aa-4603-9302-374c88ab33c7 req-9b2c20a6-19aa-4603-9302-374c88ab33c7 ] Request (ServersAdmin275Test:tearDownClass): 201 POST http://10.180.1.21/identity/v3/auth/tokens 0.067s
2024-10-10 21:00:44.039 63647 INFO tempest.lib.common.rest_client [req-d8769ff2-43c7-41ca-a171-0c07a0c5ca00 req-d8769ff2-43c7-41ca-a171-0c07a0c5ca00 ] Request (ServersTestFqdnHostnames:test_create_server_with_fqdn_name): 201 POST http://10.180.1.21:9696/networking/v2.0/security-groups 0.534s
2024-10-10 21:00:44.184 63657 INFO tempest.lib.common.rest_client [req-a12242d5-2656-4486-b4ab-ccc15a899956 req-a12242d5-2656-4486-b4ab-ccc15a899956 ] Request (InstanceActionsNegativeTestJSON:setUpClass): 200 GET http://10.180.1.21/compute/v2.1/servers/547beb78-404e-4a6f-b394-12ea18112394 2.925s
2024-10-10 21:00:44.455 63635 INFO tempest.lib.common.rest_client [req-7cf0407a-0fc7-44d4-bca8-90a59819f954 req-7cf0407a-0fc7-44d4-bca8-90a59819f954 ] Request (ServersV294TestFqdnHostnames:setUpClass): 201 POST http://10.180.1.21:9696/networking/v2.0/floatingips 2.453s
2024-10-10 21:00:44.511 63635 INFO tempest.lib.common.rest_client [req-a96e20a0-f30b-458b-a33d-8b41ca97db16 req-a96e20a0-f30b-458b-a33d-8b41ca97db16 ] Request (ServersV294TestFqdnHostnames:setUpClass): 201 POST http://10.180.1.21/identity/v3/auth/tokens 0.051s
2024-10-10 21:00:44.511 63635 INFO tempest.lib.common.fixed_network [-] (ServersV294TestFqdnHostnames:setUpClass) Found network {'id': '105abb31-1c16-408a-84db-fb540492b03e', 'name': 'tempest-ServersV294TestFqdnHostnames-422387051-network', 'tenant_id': '620b88ad09c64c42a0b1cbff48a0a5ad', 'admin_state_up': True, 'mtu': 8950, 'status': 'ACTIVE', 'subnets': [], 'shared': False, 'project_id': '620b88ad09c64c42a0b1cbff48a0a5ad', 'port_security_enabled': True, 'router:external': False, 'provider:network_type': 'vlan', 'provider:physical_network': 'default', 'provider:segmentation_id': 11, 'is_default': False, 'availability_zone_hints': [], 'availability_zones': [], 'ipv4_address_scope': None, 'ipv6_address_scope': None, 'description': '', 'tags': [], 'created_at': '2024-10-10T21:00:19Z', 'updated_at': '2024-10-10T21:00:19Z', 'revision_number': 1} available for tenant
2024-10-10 21:00:44.660 63663 INFO tempest.lib.common.rest_client [req-ca5831d1-f005-4911-9495-456b76f3e38a req-ca5831d1-f005-4911-9495-456b76f3e38a ] Request (VolumesAssistedSnapshotsTest:_run_cleanups): 404 GET http://10.180.1.21/volume/v3/ab3be790a7d943bda0f39244c8db5cee/volumes/7deb9f38-30dc-4ed7-a7ac-2bbd4f76b24a 0.036s
2024-10-10 21:00:44.886 63621 INFO tempest.lib.common.rest_client [req-47aaaa28-11f7-4e42-8ad4-40b6e780801c req-47aaaa28-11f7-4e42-8ad4-40b6e780801c ] Request (FloatingIPsAssociationNegativeTestJSON:setUpClass): 200 GET http://10.180.1.21/compute/v2.1/servers/fa0cfb16-25e3-49d1-89bb-d29ab345df12 3.492s
2024-10-10 21:00:44.909 63637 INFO tempest.lib.common.rest_client [req-d9f5c274-dcfc-421f-a855-033de930566f req-d9f5c274-dcfc-421f-a855-033de930566f ] Request (FloatingIPsAssociationTestJSON:setUpClass): 201 POST http://10.180.1.21:9696/networking/v2.0/routers 4.156s
2024-10-10 21:00:44.985 63627 INFO tempest.lib.common.rest_client [req-f8268a9b-563f-4def-b543-73d6a0243587 req-f8268a9b-563f-4def-b543-73d6a0243587 ] Request (ServersAdmin275Test:tearDownClass): 200 GET http://10.180.1.21:9696/networking/v2.0/security-groups?tenant_id=2f514cb2b81f49968995d51b46b96747&name=default 1.095s
2024-10-10 21:00:45.143 63647 INFO tempest.lib.common.rest_client [req-7ee4c9f5-f33a-474d-affd-f8a1b8a60f11 req-7ee4c9f5-f33a-474d-affd-f8a1b8a60f11 ] Request (ServersTestFqdnHostnames:test_create_server_with_fqdn_name): 201 POST http://10.180.1.21:9696/networking/v2.0/security-group-rules 1.104s
2024-10-10 21:00:45.195 63645 INFO tempest.lib.common.rest_client [req-52934a05-ea24-480b-86c1-8b9f7ef0fca6 req-52934a05-ea24-480b-86c1-8b9f7ef0fca6 ] Request (VolumesAdminNegativeTest:tearDownClass): 204 DELETE http://10.180.1.21:9696/networking/v2.0/floatingips/eb3ebdf2-f39b-4639-ad1e-e5119d72e172 1.752s
2024-10-10 21:00:45.367 63651 INFO tempest.lib.common.rest_client [req-fefc85c5-5a67-432a-a3e8-d2a532b6eaa1 req-fefc85c5-5a67-432a-a3e8-d2a532b6eaa1 ] Request (ServerActionsTestOtherB:setUpClass): 200 GET http://10.180.1.21/compute/v2.1/servers/eddfac1b-aa90-4da2-bffd-3968b42bf187 3.865s
2024-10-10 21:00:45.468 63661 INFO tempest.lib.common.rest_client [req-7e373df9-631a-443a-b6f8-fab1c547a45c req-7e373df9-631a-443a-b6f8-fab1c547a45c ] Request (ImagesNegativeTestJSON:test_create_image_from_deleted_server): 200 GET http://10.180.1.21/compute/v2.1/servers/bc2a4e5f-3ee0-4b80-b4ed-96e3972174e1 3.951s
2024-10-10 21:00:45.475 63661 INFO tempest.common.waiters [-] State transition "BUILD/spawning" ==> "ERROR/None" after 10 second wait
2024-10-10 21:00:45.592 63668 INFO tempest.lib.common.rest_client [req-aa4800d9-c66e-49c6-899d-719d50bed111 req-aa4800d9-c66e-49c6-899d-719d50bed111 ] Request (ListImageFiltersNegativeTestJSON:test_get_nonexistent_image): 404 GET http://10.180.1.21/compute/v2.1/images/b79bbbfb-5499-4eaa-9a34-fb68cf3c034d 3.930s
2024-10-10 21:00:45.609 63656 INFO tempest.lib.common.rest_client [req-104235f8-52bf-4f23-9998-46d4ff673a25 req-104235f8-52bf-4f23-9998-46d4ff673a25 ] Request (FlavorsAccessNegativeTestJSON:_run_cleanups): 202 DELETE http://10.180.1.21/compute/v2.1/flavors/1533056955 3.934s
2024-10-10 21:00:45.624 63673 INFO tempest.lib.common.rest_client [req-7116db03-fbc2-43d3-b01d-2acdf2665cff req-7116db03-fbc2-43d3-b01d-2acdf2665cff ] Request (FlavorsV255TestJSON:_run_cleanups): 200 GET http://10.180.1.21/compute/v2.1/flavors/detail 3.930s
2024-10-10 21:00:45.629 63677 INFO tempest.lib.common.rest_client [req-0c5d9cbe-5a4d-40c8-8eb3-743d2f84b54a req-0c5d9cbe-5a4d-40c8-8eb3-743d2f84b54a ] Request (AggregatesAdminNegativeTestJSON:test_aggregate_delete_as_user): 403 DELETE http://10.180.1.21/compute/v2.1/os-aggregates/5 3.897s
2024-10-10 21:00:45.690 63668 INFO tempest.lib.common.rest_client [req-a5f925ca-7fc0-45f3-8dcd-8f1d84d3fdad req-a5f925ca-7fc0-45f3-8dcd-8f1d84d3fdad ] Request (ListImageFiltersNegativeTestJSON:tearDownClass): 204 DELETE http://10.180.1.21/identity/v3/users/9b1b8def11174fe381b0d3bffef4a373 0.096s
2024-10-10 21:00:45.690 63668 INFO tempest.lib.common.dynamic_creds [-] Deleting project and security group for project: fe1548fe2ea44931af0d33ba6ca085d0
2024-10-10 21:00:45.743 63673 INFO tempest.lib.common.rest_client [req-c1797009-4531-4b1c-ae29-557dc965b042 req-c1797009-4531-4b1c-ae29-557dc965b042 ] Request (FlavorsV255TestJSON:tearDownClass): 204 DELETE http://10.180.1.21/identity/v3/users/f53d194654d64ec6b961ad6dc4621223 0.111s
2024-10-10 21:00:45.770 63668 INFO tempest.lib.common.rest_client [req-ad95730b-a1d4-49be-b30a-db45023d4082 req-ad95730b-a1d4-49be-b30a-db45023d4082 ] Request (ListImageFiltersNegativeTestJSON:tearDownClass): 201 POST http://10.180.1.21/identity/v3/auth/tokens 0.080s
2024-10-10 21:00:45.851 63673 INFO tempest.lib.common.rest_client [req-8e454b4a-02e1-4cb4-80a0-6ea3d4a13467 req-8e454b4a-02e1-4cb4-80a0-6ea3d4a13467 ] Request (FlavorsV255TestJSON:tearDownClass): 204 DELETE http://10.180.1.21/identity/v3/users/df2ec41b44614a9e99b83b8bb03dfb7e 0.108s
2024-10-10 21:00:45.852 63673 INFO tempest.lib.common.dynamic_creds [-] Deleting project and security group for project: def0bc1e4ce34f2a9c101e1fdd07cf90
2024-10-10 21:00:45.927 63673 INFO tempest.lib.common.rest_client [req-6dd1d6c7-2eae-4974-9894-2f6a9ca0cd45 req-6dd1d6c7-2eae-4974-9894-2f6a9ca0cd45 ] Request (FlavorsV255TestJSON:tearDownClass): 201 POST http://10.180.1.21/identity/v3/auth/tokens 0.075s
2024-10-10 21:00:46.003 63627 INFO tempest.lib.common.rest_client [req-4a89a303-e78b-44bb-a04f-16c0d94405f1 req-4a89a303-e78b-44bb-a04f-16c0d94405f1 ] Request (ServersAdmin275Test:tearDownClass): 204 DELETE http://10.180.1.21:9696/networking/v2.0/security-groups/ac0bf3fb-fef4-436c-a33e-14d1dfc006e1 1.018s
2024-10-10 21:00:46.025 63619 INFO tempest.lib.common.rest_client [req-4fbc81b4-152d-4e7f-8514-4a7ce94576a0 req-4fbc81b4-152d-4e7f-8514-4a7ce94576a0 ] Request (ServerMetadataNegativeTestJSON:setUpClass): 204 DELETE http://10.180.1.21/compute/v2.1/servers/ae003d51-6717-4bc1-8f41-0d4bff5b6667 4.134s
2024-10-10 21:00:46.043 63639 INFO tempest.lib.common.rest_client [req-10eab703-eac8-4abb-a4e3-1c557ecca45a req-10eab703-eac8-4abb-a4e3-1c557ecca45a ] Request (KeyPairsV210TestJSON:_run_cleanups): 204 DELETE http://10.180.1.21/compute/v2.1/os-keypairs/tempest-KeyPairsV210TestJSON-keypair-855653609 4.144s
2024-10-10 21:00:46.055 63669 INFO tempest.lib.common.rest_client [req-6b842230-3d74-4e40-b74b-feee2bf15c8f req-6b842230-3d74-4e40-b74b-feee2bf15c8f ] Request (QuotasAdminTestJSON:test_delete_quota): 202 DELETE http://10.180.1.21/compute/v2.1/os-quota-sets/a503f40ffea543408a175cd4046da0be 3.987s
2024-10-10 21:00:46.060 63641 INFO tempest.lib.common.rest_client [req-f33d870a-1b50-4f95-8497-4b8489239a7b req-f33d870a-1b50-4f95-8497-4b8489239a7b ] Request (HostsAdminNegativeTestJSON:test_show_host_detail_with_non_admin_user): 403 GET http://10.180.1.21/compute/v2.1/os-hosts/devstack 3.975s
2024-10-10 21:00:46.088 63627 INFO tempest.lib.common.rest_client [req-92daebe1-8720-4bb2-ad03-c9ab983032eb req-92daebe1-8720-4bb2-ad03-c9ab983032eb ] Request (ServersAdmin275Test:tearDownClass): 204 DELETE http://10.180.1.21/identity/v3/projects/2f514cb2b81f49968995d51b46b96747 0.084s
2024-10-10 21:00:46.088 63627 INFO tempest.lib.common.dynamic_creds [-] Deleting project and security group for project: 875d43b47a7f4fada7daa740f1aaaed8
2024-10-10 21:00:46.202 63647 INFO tempest.lib.common.rest_client [req-b8304eb8-875a-4792-95cf-37849e21a2ba req-b8304eb8-875a-4792-95cf-37849e21a2ba ] Request (ServersTestFqdnHostnames:test_create_server_with_fqdn_name): 201 POST http://10.180.1.21:9696/networking/v2.0/security-group-rules 1.058s
2024-10-10 21:00:46.283 63623 INFO tempest.lib.common.rest_client [req-a1f7fd2d-9ede-41a6-9efa-9966ee34cead req-a1f7fd2d-9ede-41a6-9efa-9966ee34cead ] Request (SecurityGroupRulesTestJSON:setUpClass): 200 PUT http://10.180.1.21:9696/networking/v2.0/routers/c502355a-6da9-46c8-878a-d74a2ac76d6a/add_router_interface 6.319s
2024-10-10 21:00:46.284 63623 INFO tempest.lib.common.dynamic_creds [-] Created isolated network resources for: credentials: Credentials: {'domain_id': 'default', 'domain_name': 'Default', 'username': 'tempest-SecurityGroupRulesTestJSON-1614447726-project-member', 'project_domain_id': 'default', 'project_domain_name': 'Default', 'project_id': 'a366d670c6e341bd9902086253d7be08', 'project_name': 'tempest-SecurityGroupRulesTestJSON-1614447726', 'tenant_id': 'a366d670c6e341bd9902086253d7be08', 'tenant_name': 'tempest-SecurityGroupRulesTestJSON-1614447726', 'user_domain_id': 'default', 'user_domain_name': 'Default', 'user_id': '6c3c40873e154c749600fb4ddc5c6bea', 'system': None}, Network: {'id': 'a803cd2a-80dd-4ccc-ad70-cb524a26aed8', 'name': 'tempest-SecurityGroupRulesTestJSON-1312961961-network', 'tenant_id': 'a366d670c6e341bd9902086253d7be08', 'admin_state_up': True, 'mtu': 8950, 'status': 'ACTIVE', 'subnets': [], 'shared': False, 'project_id': 'a366d670c6e341bd9902086253d7be08', 'port_security_enabled': True, 'router:external': False, 'provider:network_type': 'vlan', 'provider:physical_network': 'default', 'provider:segmentation_id': 212, 'is_default': False, 'availability_zone_hints': [], 'availability_zones': [], 'ipv4_address_scope': None, 'ipv6_address_scope': None, 'description': '', 'tags': [], 'created_at': '2024-10-10T21:00:33Z', 'updated_at': '2024-10-10T21:00:33Z', 'revision_number': 1}, Subnet: {'id': 'e6af036c-4505-4773-8b7d-7677e6f1625f', 'name': 'tempest-SecurityGroupRulesTestJSON-1312961961-subnet', 'tenant_id': 'a366d670c6e341bd9902086253d7be08', 'network_id': 'a803cd2a-80dd-4ccc-ad70-cb524a26aed8', 'ip_version': 4, 'subnetpool_id': None, 'enable_dhcp': True, 'ipv6_ra_mode': None, 'ipv6_address_mode': None, 'gateway_ip': '192.168.128.1', 'cidr': '192.168.128.0/28', 'allocation_pools': [{'start': '192.168.128.2', 'end': '192.168.128.14'}], 'host_routes': [], 'dns_nameservers': [], 'description': '', 'service_types': [], 'tags': [], 'created_at': '2024-10-10T21:00:34Z', 'updated_at': '2024-10-10T21:00:34Z', 'revision_number': 0, 'project_id': 'a366d670c6e341bd9902086253d7be08'}, Router: {'id': 'c502355a-6da9-46c8-878a-d74a2ac76d6a', 'name': 'tempest-SecurityGroupRulesTestJSON-1312961961-router', 'tenant_id': 'a366d670c6e341bd9902086253d7be08', 'admin_state_up': True, 'status': 'ACTIVE', 'external_gateway_info': {'network_id': '0596d49d-fe77-4597-ad4e-52494eb2f7fb', 'external_fixed_ips': [{'subnet_id': '534481ec-6b9e-4776-aaf9-dee559034aa2', 'ip_address': '10.180.180.166'}], 'enable_snat': True}, 'description': '', 'availability_zones': [], 'distributed': False, 'ha': False, 'availability_zone_hints': [], 'routes': [], 'flavor_id': None, 'tags': [], 'created_at': '2024-10-10T21:00:35Z', 'updated_at': '2024-10-10T21:00:37Z', 'revision_number': 2, 'project_id': 'a366d670c6e341bd9902086253d7be08'}
2024-10-10 21:00:46.301 63675 INFO tempest.lib.common.rest_client [req-1599b067-29ce-4008-a22c-a63b87af01ac req-1599b067-29ce-4008-a22c-a63b87af01ac ] Request (AttachInterfacesTestJSON:test_create_list_show_delete_interfaces_by_network_port): 204 DELETE http://10.180.1.21/compute/v2.1/servers/84bc2e2f-453d-4db5-8dfb-9849c3deda63 4.090s
2024-10-10 21:00:46.320 63643 INFO tempest.lib.common.rest_client [req-e6f62cf0-709b-4a71-b251-12a3e8f7ef23 req-e6f62cf0-709b-4a71-b251-12a3e8f7ef23 ] Request (ServersAdminNegativeTestJSON:setUpClass): 404 GET http://10.180.1.21/compute/v2.1/servers/5748d3ba-a326-4fa2-9643-ed52d0f9e981 3.839s
2024-10-10 21:00:46.321 63643 INFO tempest.test [-] raised in ServersAdminNegativeTestJSON.setUpClass. Invoking tearDownClass.
2024-10-10 21:00:46.389 63623 INFO tempest.lib.common.rest_client [req-11416bb9-e793-4211-b76e-c2cd601715ba req-11416bb9-e793-4211-b76e-c2cd601715ba ] Request (SecurityGroupRulesTestJSON:setUpClass): 201 POST http://10.180.1.21/identity/v3/auth/tokens 0.101s
2024-10-10 21:00:46.446 63643 INFO tempest.lib.common.rest_client [req-fd575f86-9ff3-494a-880f-b05209dcc8f1 req-fd575f86-9ff3-494a-880f-b05209dcc8f1 ] Request (ServersAdminNegativeTestJSON:tearDownClass): 204 DELETE http://10.180.1.21/identity/v3/users/6a291b2e445d421d8d5f1951b1dea449 0.124s
2024-10-10 21:00:46.542 63643 INFO tempest.lib.common.rest_client [req-ead125f6-542b-4dbb-88b8-a6aac8fae656 req-ead125f6-542b-4dbb-88b8-a6aac8fae656 ] Request (ServersAdminNegativeTestJSON:tearDownClass): 204 DELETE http://10.180.1.21/identity/v3/users/3860f6f027b34f7592ce53bba714ca7e 0.096s
2024-10-10 21:00:46.543 63643 INFO tempest.lib.common.dynamic_creds [-] Deleting project and security group for project: 7a655aa1962b4524bc23e5a76a279982
2024-10-10 21:00:46.567 63627 INFO tempest.lib.common.rest_client [req-7838dc07-7829-4f87-bd9f-b9631e64b6c6 req-7838dc07-7829-4f87-bd9f-b9631e64b6c6 ] Request (ServersAdmin275Test:tearDownClass): 200 GET http://10.180.1.21:9696/networking/v2.0/security-groups?tenant_id=875d43b47a7f4fada7daa740f1aaaed8&name=default 0.478s
2024-10-10 21:00:46.617 63643 INFO tempest.lib.common.rest_client [req-274ee978-6396-4736-8aa9-3e983ab8787e req-274ee978-6396-4736-8aa9-3e983ab8787e ] Request (ServersAdminNegativeTestJSON:tearDownClass): 201 POST http://10.180.1.21/identity/v3/auth/tokens 0.074s
2024-10-10 21:00:46.658 63668 INFO tempest.lib.common.rest_client [req-35e0dd84-421f-492e-a118-14b9fcbaaf3a req-35e0dd84-421f-492e-a118-14b9fcbaaf3a ] Request (ListImageFiltersNegativeTestJSON:tearDownClass): 200 GET http://10.180.1.21:9696/networking/v2.0/security-groups?tenant_id=fe1548fe2ea44931af0d33ba6ca085d0&name=default 0.887s
2024-10-10 21:00:46.754 63673 INFO tempest.lib.common.rest_client [req-92532ece-3a23-4fbb-85ea-3986e1d3957b req-92532ece-3a23-4fbb-85ea-3986e1d3957b ] Request (FlavorsV255TestJSON:tearDownClass): 200 GET http://10.180.1.21:9696/networking/v2.0/security-groups?tenant_id=def0bc1e4ce34f2a9c101e1fdd07cf90&name=default 0.826s
2024-10-10 21:00:47.177 63679 INFO tempest.lib.common.rest_client [req-d3770083-65bc-420c-bcef-63682e2c5c64 req-d3770083-65bc-420c-bcef-63682e2c5c64 ] Request (TenantUsagesTestJSON:setUpClass): 200 GET http://10.180.1.21/compute/v2.1/servers/9de5e3d1-6564-49b8-83ba-5e254a18b765 4.649s
2024-10-10 21:00:47.185 63679 INFO tempest.common.waiters [-] State transition "BUILD/networking" ==> "BUILD/spawning" after 6 second wait
2024-10-10 21:00:47.196 63625 INFO tempest.lib.common.rest_client [req-98c9bfed-3c56-48d5-86ba-764d2e6b7692 req-98c9bfed-3c56-48d5-86ba-764d2e6b7692 ] Request (MigrationsAdminTest:_run_cleanups): 200 GET http://10.180.1.21/compute/v2.1/flavors/detail 4.566s
2024-10-10 21:00:47.228 63643 INFO tempest.lib.common.rest_client [req-89cd733c-9434-4c87-baf8-a8fd735ea2c7 req-89cd733c-9434-4c87-baf8-a8fd735ea2c7 ] Request (ServersAdminNegativeTestJSON:tearDownClass): 200 GET http://10.180.1.21:9696/networking/v2.0/security-groups?tenant_id=7a655aa1962b4524bc23e5a76a279982&name=default 0.611s
2024-10-10 21:00:47.288 63625 INFO tempest.lib.common.rest_client [req-81fdcec6-2293-4b22-b121-a95d2582d18f req-81fdcec6-2293-4b22-b121-a95d2582d18f ] Request (MigrationsAdminTest:tearDownClass): 204 DELETE http://10.180.1.21/identity/v3/users/cd4606617f5344c4a30208bffb278711 0.083s
2024-10-10 21:00:47.300 63627 INFO tempest.lib.common.rest_client [req-155ee430-f121-466a-a7ee-0a8990fdbe27 req-155ee430-f121-466a-a7ee-0a8990fdbe27 ] Request (ServersAdmin275Test:tearDownClass): 204 DELETE http://10.180.1.21:9696/networking/v2.0/security-groups/00f910de-f017-4dbe-a0d0-f8182d5e56d5 0.733s
2024-10-10 21:00:47.398 63625 INFO tempest.lib.common.rest_client [req-ebe07339-21b6-404d-b703-d219d640b951 req-ebe07339-21b6-404d-b703-d219d640b951 ] Request (MigrationsAdminTest:tearDownClass): 204 DELETE http://10.180.1.21/identity/v3/users/f9fc1afe5b034c17bba1999af73632f0 0.109s
2024-10-10 21:00:47.398 63625 INFO tempest.lib.common.dynamic_creds [-] Deleting project and security group for project: 4b17586e5d4c4b62b9032a885dfc8d0c
2024-10-10 21:00:47.412 63627 INFO tempest.lib.common.rest_client [req-726688e7-c26b-4047-aa82-21bbc97ebb51 req-726688e7-c26b-4047-aa82-21bbc97ebb51 ] Request (ServersAdmin275Test:tearDownClass): 204 DELETE http://10.180.1.21/identity/v3/projects/875d43b47a7f4fada7daa740f1aaaed8 0.111s
2024-10-10 21:00:47.474 63625 INFO tempest.lib.common.rest_client [req-6f5b47de-87ab-40b3-9ceb-eeddc0120237 req-6f5b47de-87ab-40b3-9ceb-eeddc0120237 ] Request (MigrationsAdminTest:tearDownClass): 201 POST http://10.180.1.21/identity/v3/auth/tokens 0.075s
2024-10-10 21:00:47.481 63665 INFO tempest.lib.common.rest_client [req-3859cbb0-7a7f-4067-bf13-c2ee8950b9e7 req-3859cbb0-7a7f-4067-bf13-c2ee8950b9e7 ] Request (ServersAdminTestJSON:setUpClass): 204 DELETE http://10.180.1.21/compute/v2.1/servers/307bb23a-667c-40d3-b40e-6847d3478b2a 4.078s
2024-10-10 21:00:47.487 63627 INFO tempest.lib.common.rest_client [req-37da181d-5db2-417f-bfaa-0dbc811e2b83 req-37da181d-5db2-417f-bfaa-0dbc811e2b83 ] Request (TenantUsagesNegativeTestJSON:setUpClass): 201 POST http://10.180.1.21/identity/v3/auth/tokens 0.073s
2024-10-10 21:00:47.505 63673 INFO tempest.lib.common.rest_client [req-459bb9a7-48ba-4bca-89dd-8cca42203cea req-459bb9a7-48ba-4bca-89dd-8cca42203cea ] Request (FlavorsV255TestJSON:tearDownClass): 204 DELETE http://10.180.1.21:9696/networking/v2.0/security-groups/5c18173f-0047-4139-befb-ed040628c142 0.750s
2024-10-10 21:00:47.529 63627 INFO tempest.lib.common.rest_client [req-aedc575f-dff7-4bde-9ab9-accbc772829c req-aedc575f-dff7-4bde-9ab9-accbc772829c ] Request (TenantUsagesNegativeTestJSON:setUpClass): 201 POST http://10.180.1.21/identity/v3/auth/tokens 0.038s
2024-10-10 21:00:47.571 63627 INFO tempest.lib.common.rest_client [req-68fae020-3318-4d01-8dcd-1ae0eceb7dd3 req-68fae020-3318-4d01-8dcd-1ae0eceb7dd3 ] Request (TenantUsagesNegativeTestJSON:setUpClass): 200 GET http://10.180.1.21/identity/v3/domains?name=Default 0.041s
2024-10-10 21:00:47.592 63668 INFO tempest.lib.common.rest_client [req-cc8d60e1-e680-4f4c-a8c3-f748b4364bf6 req-cc8d60e1-e680-4f4c-a8c3-f748b4364bf6 ] Request (ListImageFiltersNegativeTestJSON:tearDownClass): 204 DELETE http://10.180.1.21:9696/networking/v2.0/security-groups/922168c0-2458-4b53-9f9f-660f1446bd15 0.933s
2024-10-10 21:00:47.600 63631 INFO tempest.lib.common.rest_client [req-01bef645-331a-4d43-8e11-0af91155aa5f req-01bef645-331a-4d43-8e11-0af91155aa5f ] Request (ServerShowV247Test:test_update_rebuild_list_server): 200 GET http://10.180.1.21/compute/v2.1/servers/f4286fb7-2e23-441b-b9ac-2aecccc86b4a 3.994s
2024-10-10 21:00:47.610 63673 INFO tempest.lib.common.rest_client [req-e1f57af1-39db-426e-ae0c-176ba9f2b3e3 req-e1f57af1-39db-426e-ae0c-176ba9f2b3e3 ] Request (FlavorsV255TestJSON:tearDownClass): 204 DELETE http://10.180.1.21/identity/v3/projects/def0bc1e4ce34f2a9c101e1fdd07cf90 0.105s
2024-10-10 21:00:47.610 63673 INFO tempest.lib.common.dynamic_creds [-] Deleting project and security group for project: 05d4491467fb47f78136ce08cdfa8afb
2024-10-10 21:00:47.637 63627 INFO tempest.lib.common.rest_client [req-a31864fb-459d-40c5-a55a-b3a35a2c7577 req-a31864fb-459d-40c5-a55a-b3a35a2c7577 ] Request (TenantUsagesNegativeTestJSON:setUpClass): 201 POST http://10.180.1.21/identity/v3/projects 0.066s
2024-10-10 21:00:47.679 63629 INFO tempest.lib.common.rest_client [req-65ed17bc-b592-4978-893c-1b70bd7c6297 req-65ed17bc-b592-4978-893c-1b70bd7c6297 ] Request (ListImageFiltersTestJSON:tearDownClass): 204 DELETE http://10.180.1.21/compute/v2.1/images/e117124e-8f08-47e8-abf8-e27eb1ec12da 4.062s
2024-10-10 21:00:47.707 63671 INFO tempest.lib.common.rest_client [req-5079c5d7-9334-40ad-8e21-4ae7a4914ae9 req-5079c5d7-9334-40ad-8e21-4ae7a4914ae9 ] Request (ServersWithSpecificFlavorTestJSON:_run_cleanups): 202 DELETE http://10.180.1.21/compute/v2.1/os-keypairs/tempest-keypair-125267560 3.936s
2024-10-10 21:00:47.714 63627 INFO tempest.lib.common.rest_client [req-89f7ff60-bb75-40a6-88d8-7676b46a4be8 req-89f7ff60-bb75-40a6-88d8-7676b46a4be8 ] Request (TenantUsagesNegativeTestJSON:setUpClass): 201 POST http://10.180.1.21/identity/v3/users 0.075s
2024-10-10 21:00:47.730 63617 INFO tempest.lib.common.rest_client [req-32eb88c8-a6bc-4571-8d69-4adfdee4bbcc req-32eb88c8-a6bc-4571-8d69-4adfdee4bbcc ] Request (FlavorsAdminTestJSON:test_create_list_flavor_without_extra_data): 200 GET http://10.180.1.21/compute/v2.1/flavors/1471722035 3.939s
2024-10-10 21:00:47.738 63627 INFO tempest.lib.common.rest_client [req-c794e419-237a-4c1f-aa00-d7dfac3a5b91 req-c794e419-237a-4c1f-aa00-d7dfac3a5b91 ] Request (TenantUsagesNegativeTestJSON:setUpClass): 200 GET http://10.180.1.21/identity/v3/roles 0.023s
2024-10-10 21:00:47.794 63668 INFO tempest.lib.common.rest_client [req-ade9dffa-4696-41d1-a664-9d5046679a90 req-ade9dffa-4696-41d1-a664-9d5046679a90 ] Request (ListImageFiltersNegativeTestJSON:tearDownClass): 204 DELETE http://10.180.1.21/identity/v3/projects/fe1548fe2ea44931af0d33ba6ca085d0 0.202s
2024-10-10 21:00:47.814 63625 INFO tempest.lib.common.rest_client [req-5d20164a-af50-4e9e-9506-c5f3d0d14418 req-5d20164a-af50-4e9e-9506-c5f3d0d14418 ] Request (MigrationsAdminTest:tearDownClass): 200 GET http://10.180.1.21:9696/networking/v2.0/security-groups?tenant_id=4b17586e5d4c4b62b9032a885dfc8d0c&name=default 0.340s
2024-10-10 21:00:47.817 63627 INFO tempest.lib.common.rest_client [req-5a469f3f-98cd-4ab2-a5d4-2bb322c936a5 req-5a469f3f-98cd-4ab2-a5d4-2bb322c936a5 ] Request (TenantUsagesNegativeTestJSON:setUpClass): 204 PUT http://10.180.1.21/identity/v3/projects/5c30f80e121c44fcbd33771bd5a177be/users/cef9bd98344d4b868faaf396de433870/roles/35d84aa92ed5416a991c45f489ef6d91 0.079s
2024-10-10 21:00:47.817 63627 INFO tempest.lib.common.dynamic_creds [-] Dynamic test user cef9bd98344d4b868faaf396de433870 is created with scope project and roles: ['member']
2024-10-10 21:00:47.818 63627 INFO tempest.lib.common.dynamic_creds [-] Acquired dynamic creds: credentials: Credentials: {'domain_id': 'default', 'domain_name': 'Default', 'username': 'tempest-TenantUsagesNegativeTestJSON-1121899601-project-member', 'project_domain_id': 'default', 'project_domain_name': 'Default', 'project_id': '5c30f80e121c44fcbd33771bd5a177be', 'project_name': 'tempest-TenantUsagesNegativeTestJSON-1121899601', 'tenant_id': '5c30f80e121c44fcbd33771bd5a177be', 'tenant_name': 'tempest-TenantUsagesNegativeTestJSON-1121899601', 'user_domain_id': 'default', 'user_domain_name': 'Default', 'user_id': 'cef9bd98344d4b868faaf396de433870', 'system': None}, Network: None, Subnet: None, Router: None
2024-10-10 21:00:47.818 63627 INFO tempest.lib.common.dynamic_creds [-] Created isolated network resources for: credentials: Credentials: {'domain_id': 'default', 'domain_name': 'Default', 'username': 'tempest-TenantUsagesNegativeTestJSON-1121899601-project-member', 'project_domain_id': 'default', 'project_domain_name': 'Default', 'project_id': '5c30f80e121c44fcbd33771bd5a177be', 'project_name': 'tempest-TenantUsagesNegativeTestJSON-1121899601', 'tenant_id': '5c30f80e121c44fcbd33771bd5a177be', 'tenant_name': 'tempest-TenantUsagesNegativeTestJSON-1121899601', 'user_domain_id': 'default', 'user_domain_name': 'Default', 'user_id': 'cef9bd98344d4b868faaf396de433870', 'system': None}, Network: None, Subnet: None, Router: None
2024-10-10 21:00:47.868 63668 INFO tempest.lib.common.rest_client [req-6ba9113c-e738-4cf5-8231-0fd51d069097 req-6ba9113c-e738-4cf5-8231-0fd51d069097 ] Request (ServerTagsTestJSON:setUpClass): 201 POST http://10.180.1.21/identity/v3/auth/tokens 0.072s
2024-10-10 21:00:47.899 63668 INFO tempest.lib.common.rest_client [req-075a5657-6233-4381-bbbb-7b5a583a7d18 req-075a5657-6233-4381-bbbb-7b5a583a7d18 ] Request (ServerTagsTestJSON:setUpClass): 201 POST http://10.180.1.21/identity/v3/auth/tokens 0.028s
2024-10-10 21:00:47.911 63653 INFO tempest.lib.common.rest_client [req-c6558ce4-54fd-4998-b620-e92496874858 req-c6558ce4-54fd-4998-b620-e92496874858 ] Request (ServersTestBootFromVolume:setUpClass): 200 GET http://10.180.1.21/compute/v2.1/servers/2e97b70c-d310-4d98-b011-5e7272e3ea96 3.601s
2024-10-10 21:00:47.918 63627 INFO tempest.lib.common.rest_client [req-6ed501e4-0c28-42d2-b525-7d339e54aebe req-6ed501e4-0c28-42d2-b525-7d339e54aebe ] Request (TenantUsagesNegativeTestJSON:setUpClass): 201 POST http://10.180.1.21/identity/v3/auth/tokens 0.095s
2024-10-10 21:00:47.927 63668 INFO tempest.lib.common.rest_client [req-2daa404b-795e-416e-a55b-ce5f210491d3 req-2daa404b-795e-416e-a55b-ce5f210491d3 ] Request (ServerTagsTestJSON:setUpClass): 200 GET http://10.180.1.21/identity/v3/domains?name=Default 0.027s
2024-10-10 21:00:47.954 63627 INFO tempest.lib.common.rest_client [req-c8fcf870-4464-416b-945d-375cb027ee70 req-c8fcf870-4464-416b-945d-375cb027ee70 ] Request (TenantUsagesNegativeTestJSON:setUpClass): 201 POST http://10.180.1.21/identity/v3/projects 0.035s
2024-10-10 21:00:47.958 63668 INFO tempest.lib.common.rest_client [req-787d4b2f-43f9-4088-af23-13cbfed343f7 req-787d4b2f-43f9-4088-af23-13cbfed343f7 ] Request (ServerTagsTestJSON:setUpClass): 201 POST http://10.180.1.21/identity/v3/projects 0.030s
2024-10-10 21:00:48.018 63643 INFO tempest.lib.common.rest_client [req-b8530009-7591-4abd-9b2c-54f42c00577e req-b8530009-7591-4abd-9b2c-54f42c00577e ] Request (ServersAdminNegativeTestJSON:tearDownClass): 204 DELETE http://10.180.1.21:9696/networking/v2.0/security-groups/7a71ddb9-395e-456d-a9a6-7654eaa76c96 0.789s
2024-10-10 21:00:48.031 63668 INFO tempest.lib.common.rest_client [req-512ea7e5-2903-45ab-bed5-e177cda185b2 req-512ea7e5-2903-45ab-bed5-e177cda185b2 ] Request (ServerTagsTestJSON:setUpClass): 201 POST http://10.180.1.21/identity/v3/users 0.073s
2024-10-10 21:00:48.036 63627 INFO tempest.lib.common.rest_client [req-2f0bd7ba-ac2a-457c-bad7-ce8f527359cb req-2f0bd7ba-ac2a-457c-bad7-ce8f527359cb ] Request (TenantUsagesNegativeTestJSON:setUpClass): 201 POST http://10.180.1.21/identity/v3/users 0.081s
2024-10-10 21:00:48.051 63668 INFO tempest.lib.common.rest_client [req-77a6ccff-4d02-41e2-97cd-28154d9cf551 req-77a6ccff-4d02-41e2-97cd-28154d9cf551 ] Request (ServerTagsTestJSON:setUpClass): 200 GET http://10.180.1.21/identity/v3/roles 0.019s
2024-10-10 21:00:48.068 63627 INFO tempest.lib.common.rest_client [req-29be9b57-9c7e-4bd3-8130-1dfed2c7bbe6 req-29be9b57-9c7e-4bd3-8130-1dfed2c7bbe6 ] Request (TenantUsagesNegativeTestJSON:setUpClass): 200 GET http://10.180.1.21/identity/v3/roles 0.032s
2024-10-10 21:00:48.096 63643 INFO tempest.lib.common.rest_client [req-c3a3592a-1db7-4ab5-8a4a-1413ba4c2594 req-c3a3592a-1db7-4ab5-8a4a-1413ba4c2594 ] Request (ServersAdminNegativeTestJSON:tearDownClass): 204 DELETE http://10.180.1.21/identity/v3/projects/7a655aa1962b4524bc23e5a76a279982 0.076s
2024-10-10 21:00:48.096 63643 INFO tempest.lib.common.dynamic_creds [-] Deleting project and security group for project: f7b8691ad4d440e6bd67496072d061f9
2024-10-10 21:00:48.150 63668 INFO tempest.lib.common.rest_client [req-a98c22b1-35b9-4b63-bffe-17088f24526e req-a98c22b1-35b9-4b63-bffe-17088f24526e ] Request (ServerTagsTestJSON:setUpClass): 204 PUT http://10.180.1.21/identity/v3/projects/9f0dc10898bf40ff99e2153d57ffcc6f/users/57693b27916147daa8a9612e274a14bf/roles/35d84aa92ed5416a991c45f489ef6d91 0.097s
2024-10-10 21:00:48.150 63668 INFO tempest.lib.common.dynamic_creds [-] Dynamic test user 57693b27916147daa8a9612e274a14bf is created with scope project and roles: ['member']
2024-10-10 21:00:48.151 63668 INFO tempest.lib.common.dynamic_creds [-] Acquired dynamic creds: credentials: Credentials: {'domain_id': 'default', 'domain_name': 'Default', 'username': 'tempest-ServerTagsTestJSON-1180091684-project-member', 'project_domain_id': 'default', 'project_domain_name': 'Default', 'project_id': '9f0dc10898bf40ff99e2153d57ffcc6f', 'project_name': 'tempest-ServerTagsTestJSON-1180091684', 'tenant_id': '9f0dc10898bf40ff99e2153d57ffcc6f', 'tenant_name': 'tempest-ServerTagsTestJSON-1180091684', 'user_domain_id': 'default', 'user_domain_name': 'Default', 'user_id': '57693b27916147daa8a9612e274a14bf', 'system': None}, Network: None, Subnet: None, Router: None
2024-10-10 21:00:48.203 63627 INFO tempest.lib.common.rest_client [req-e6332843-15f7-4a8d-9820-4e9212f17bb0 req-e6332843-15f7-4a8d-9820-4e9212f17bb0 ] Request (TenantUsagesNegativeTestJSON:setUpClass): 204 PUT http://10.180.1.21/identity/v3/projects/e4fb5dc0dfdd43799a3db7cfc841a4f9/users/530afb3affea465aba48892c6dc1d72f/roles/4f28d209c04442dca1da733995201cae 0.134s
2024-10-10 21:00:48.207 63668 INFO tempest.lib.common.rest_client [req-c7dddabc-d11f-4f7e-85ef-7de528e9312e req-c7dddabc-d11f-4f7e-85ef-7de528e9312e ] Request (ServerTagsTestJSON:setUpClass): 201 POST http://10.180.1.21/identity/v3/auth/tokens 0.057s
2024-10-10 21:00:48.251 63627 INFO tempest.lib.common.rest_client [req-09b19b1e-4a46-4fcb-93be-20db646f3fa9 req-09b19b1e-4a46-4fcb-93be-20db646f3fa9 ] Request (TenantUsagesNegativeTestJSON:setUpClass): 200 GET http://10.180.1.21/identity/v3/roles 0.048s
2024-10-10 21:00:48.278 63627 INFO tempest.lib.common.rest_client [req-67f3d477-ec53-4fc1-96f9-301a40309043 req-67f3d477-ec53-4fc1-96f9-301a40309043 ] Request (TenantUsagesNegativeTestJSON:setUpClass): 204 PUT http://10.180.1.21/identity/v3/projects/e4fb5dc0dfdd43799a3db7cfc841a4f9/users/530afb3affea465aba48892c6dc1d72f/roles/4f28d209c04442dca1da733995201cae 0.026s
2024-10-10 21:00:48.278 63627 INFO tempest.lib.common.dynamic_creds [-] Dynamic test user 530afb3affea465aba48892c6dc1d72f is created with scope project and roles: ['admin']
2024-10-10 21:00:48.278 63627 INFO tempest.lib.common.dynamic_creds [-] Acquired dynamic creds: credentials: Credentials: {'domain_id': 'default', 'domain_name': 'Default', 'username': 'tempest-TenantUsagesNegativeTestJSON-1890704774-project-admin', 'project_domain_id': 'default', 'project_domain_name': 'Default', 'project_id': 'e4fb5dc0dfdd43799a3db7cfc841a4f9', 'project_name': 'tempest-TenantUsagesNegativeTestJSON-1890704774', 'tenant_id': 'e4fb5dc0dfdd43799a3db7cfc841a4f9', 'tenant_name': 'tempest-TenantUsagesNegativeTestJSON-1890704774', 'user_domain_id': 'default', 'user_domain_name': 'Default', 'user_id': '530afb3affea465aba48892c6dc1d72f', 'system': None}, Network: None, Subnet: None, Router: None
2024-10-10 21:00:48.278 63627 INFO tempest.lib.common.dynamic_creds [-] Created isolated network resources for: credentials: Credentials: {'domain_id': 'default', 'domain_name': 'Default', 'username': 'tempest-TenantUsagesNegativeTestJSON-1890704774-project-admin', 'project_domain_id': 'default', 'project_domain_name': 'Default', 'project_id': 'e4fb5dc0dfdd43799a3db7cfc841a4f9', 'project_name': 'tempest-TenantUsagesNegativeTestJSON-1890704774', 'tenant_id': 'e4fb5dc0dfdd43799a3db7cfc841a4f9', 'tenant_name': 'tempest-TenantUsagesNegativeTestJSON-1890704774', 'user_domain_id': 'default', 'user_domain_name': 'Default', 'user_id': '530afb3affea465aba48892c6dc1d72f', 'system': None}, Network: None, Subnet: None, Router: None
2024-10-10 21:00:48.351 63627 INFO tempest.lib.common.rest_client [req-33904b21-3a9b-4edd-bc98-56ead8e2c28e req-33904b21-3a9b-4edd-bc98-56ead8e2c28e ] Request (TenantUsagesNegativeTestJSON:setUpClass): 201 POST http://10.180.1.21/identity/v3/auth/tokens 0.069s
2024-10-10 21:00:48.462 63673 INFO tempest.lib.common.rest_client [req-73ee7722-215e-43f2-90f0-4be1c3cba2ce req-73ee7722-215e-43f2-90f0-4be1c3cba2ce ] Request (FlavorsV255TestJSON:tearDownClass): 200 GET http://10.180.1.21:9696/networking/v2.0/security-groups?tenant_id=05d4491467fb47f78136ce08cdfa8afb&name=default 0.852s
2024-10-10 21:00:48.513 63671 INFO tempest.lib.common.rest_client [req-e62bf029-072f-4174-b6ba-8d484258e0c5 req-e62bf029-072f-4174-b6ba-8d484258e0c5 ] Request (ServersWithSpecificFlavorTestJSON:_run_cleanups): 204 DELETE http://10.180.1.21:9696/networking/v2.0/security-groups/af69c7bb-0ab4-47d1-870a-1efa2621573b 0.805s
2024-10-10 21:00:48.581 63671 INFO tempest.lib.common.rest_client [req-b6b5a7e6-7e10-4487-99c9-adb5ab990dec req-b6b5a7e6-7e10-4487-99c9-adb5ab990dec ] Request (ServersWithSpecificFlavorTestJSON:_run_cleanups): 404 GET http://10.180.1.21:9696/networking/v2.0/security-groups/af69c7bb-0ab4-47d1-870a-1efa2621573b 0.068s
2024-10-10 21:00:48.632 63625 INFO tempest.lib.common.rest_client [req-35ea8b41-8127-44ed-bdbe-ffa932ce0561 req-35ea8b41-8127-44ed-bdbe-ffa932ce0561 ] Request (MigrationsAdminTest:tearDownClass): 204 DELETE http://10.180.1.21:9696/networking/v2.0/security-groups/ce35aa5c-2eaf-4760-a318-adc9abb3c676 0.818s
2024-10-10 21:00:48.707 63625 INFO tempest.lib.common.rest_client [req-82814270-e9ae-4fdc-81ee-52738432ad23 req-82814270-e9ae-4fdc-81ee-52738432ad23 ] Request (MigrationsAdminTest:tearDownClass): 204 DELETE http://10.180.1.21/identity/v3/projects/4b17586e5d4c4b62b9032a885dfc8d0c 0.074s
2024-10-10 21:00:48.707 63625 INFO tempest.lib.common.dynamic_creds [-] Deleting project and security group for project: 123e36f993dd43d3af07920680fb37fd
2024-10-10 21:00:48.946 63643 INFO tempest.lib.common.rest_client [req-ebf1b6bd-39ce-4bad-bfca-feb1333d2a89 req-ebf1b6bd-39ce-4bad-bfca-feb1333d2a89 ] Request (ServersAdminNegativeTestJSON:tearDownClass): 200 GET http://10.180.1.21:9696/networking/v2.0/security-groups?tenant_id=f7b8691ad4d440e6bd67496072d061f9&name=default 0.850s
2024-10-10 21:00:49.157 63647 INFO tempest.lib.common.rest_client [req-3dd13c7f-520a-4ea9-89f2-4d2ffe674447 req-3dd13c7f-520a-4ea9-89f2-4d2ffe674447 ] Request (ServersTestFqdnHostnames:test_create_server_with_fqdn_name): 201 POST http://10.180.1.21:9696/networking/v2.0/floatingips 2.953s
2024-10-10 21:00:49.177 63673 INFO tempest.lib.common.rest_client [req-c133fb6e-00d3-49e7-85a5-c659ba63ff92 req-c133fb6e-00d3-49e7-85a5-c659ba63ff92 ] Request (FlavorsV255TestJSON:tearDownClass): 204 DELETE http://10.180.1.21:9696/networking/v2.0/security-groups/77bc4f48-3736-4ff3-87ae-51ebbf7315ce 0.714s
2024-10-10 21:00:49.261 63647 INFO tempest.lib.common.rest_client [req-633960c0-1960-410e-bf8c-685eb46757b4 req-633960c0-1960-410e-bf8c-685eb46757b4 ] Request (ServersTestFqdnHostnames:test_create_server_with_fqdn_name): 201 POST http://10.180.1.21/identity/v3/auth/tokens 0.100s
2024-10-10 21:00:49.261 63647 INFO tempest.lib.common.fixed_network [-] (ServersTestFqdnHostnames:test_create_server_with_fqdn_name) Found network {'id': 'a0c841ac-47e5-4549-aed0-cccc985dfb79', 'name': 'tempest-ServersTestFqdnHostnames-727534630-network', 'tenant_id': 'f7d65b9b28ba46f098f87352a9686e80', 'admin_state_up': True, 'mtu': 8950, 'status': 'ACTIVE', 'subnets': [], 'shared': False, 'project_id': 'f7d65b9b28ba46f098f87352a9686e80', 'port_security_enabled': True, 'router:external': False, 'provider:network_type': 'vlan', 'provider:physical_network': 'default', 'provider:segmentation_id': 243, 'is_default': False, 'availability_zone_hints': [], 'availability_zones': [], 'ipv4_address_scope': None, 'ipv6_address_scope': None, 'description': '', 'tags': [], 'created_at': '2024-10-10T21:00:28Z', 'updated_at': '2024-10-10T21:00:28Z', 'revision_number': 1} available for tenant
2024-10-10 21:00:49.273 63633 INFO tempest.lib.common.rest_client [req-72610d3d-02e0-4c58-93d7-807fa79ed10b req-72610d3d-02e0-4c58-93d7-807fa79ed10b ] Request (ServersTestManualDisk:tearDownClass): 200 PUT http://10.180.1.21:9696/networking/v2.0/routers/8ec02fb6-e0bf-4ded-a8bd-ea0407fb1f17/remove_router_interface 5.537s
2024-10-10 21:00:49.295 63625 INFO tempest.lib.common.rest_client [req-09b824fe-68b6-4139-9af0-0ef850b95caa req-09b824fe-68b6-4139-9af0-0ef850b95caa ] Request (MigrationsAdminTest:tearDownClass): 200 GET http://10.180.1.21:9696/networking/v2.0/security-groups?tenant_id=123e36f993dd43d3af07920680fb37fd&name=default 0.587s
2024-10-10 21:00:49.319 63673 INFO tempest.lib.common.rest_client [req-047fc3ec-267e-4f1c-870e-e1ea41d9de7e req-047fc3ec-267e-4f1c-870e-e1ea41d9de7e ] Request (FlavorsV255TestJSON:tearDownClass): 204 DELETE http://10.180.1.21/identity/v3/projects/05d4491467fb47f78136ce08cdfa8afb 0.142s
2024-10-10 21:00:49.385 63673 INFO tempest.lib.common.rest_client [req-022e3a6a-cd57-4e9d-9c78-4edd8f6a8a9f req-022e3a6a-cd57-4e9d-9c78-4edd8f6a8a9f ] Request (ImagesTestJSON:setUpClass): 201 POST http://10.180.1.21/identity/v3/auth/tokens 0.064s
2024-10-10 21:00:49.419 63673 INFO tempest.lib.common.rest_client [req-330e16ec-5a78-4033-9dfb-99e6d5a046d5 req-330e16ec-5a78-4033-9dfb-99e6d5a046d5 ] Request (ImagesTestJSON:setUpClass): 201 POST http://10.180.1.21/identity/v3/auth/tokens 0.030s
2024-10-10 21:00:49.436 63668 INFO tempest.lib.common.rest_client [req-18331c85-3c62-4094-acbb-f8a50f67e2a0 req-18331c85-3c62-4094-acbb-f8a50f67e2a0 ] Request (ServerTagsTestJSON:setUpClass): 201 POST http://10.180.1.21:9696/networking/v2.0/networks 1.228s
2024-10-10 21:00:49.440 63673 INFO tempest.lib.common.rest_client [req-7e9d464c-df97-421f-aba4-16e1bfb48609 req-7e9d464c-df97-421f-aba4-16e1bfb48609 ] Request (ImagesTestJSON:setUpClass): 200 GET http://10.180.1.21/identity/v3/domains?name=Default 0.021s
2024-10-10 21:00:49.467 63673 INFO tempest.lib.common.rest_client [req-ef06535e-4859-4723-9c0f-0dc6b979ae08 req-ef06535e-4859-4723-9c0f-0dc6b979ae08 ] Request (ImagesTestJSON:setUpClass): 201 POST http://10.180.1.21/identity/v3/projects 0.026s
2024-10-10 21:00:49.525 63673 INFO tempest.lib.common.rest_client [req-7f08cbbd-232b-46d2-8695-afb669a13fad req-7f08cbbd-232b-46d2-8695-afb669a13fad ] Request (ImagesTestJSON:setUpClass): 201 POST http://10.180.1.21/identity/v3/users 0.057s
2024-10-10 21:00:49.552 63673 INFO tempest.lib.common.rest_client [req-61120316-e4c0-4bd1-a403-8d0db4cd4465 req-61120316-e4c0-4bd1-a403-8d0db4cd4465 ] Request (ImagesTestJSON:setUpClass): 200 GET http://10.180.1.21/identity/v3/roles 0.026s
2024-10-10 21:00:49.554 63645 INFO tempest.lib.common.rest_client [req-fc0d19d0-d756-4c90-96be-feb60d4535e2 req-fc0d19d0-d756-4c90-96be-feb60d4535e2 ] Request (VolumesAdminNegativeTest:tearDownClass): 200 PUT http://10.180.1.21:9696/networking/v2.0/routers/7aa34f9c-cc70-4227-a980-ad7cb8695fcf/remove_router_interface 4.359s
2024-10-10 21:00:49.597 63673 INFO tempest.lib.common.rest_client [req-debb5916-50e7-4597-9cfc-0c451e1a564d req-debb5916-50e7-4597-9cfc-0c451e1a564d ] Request (ImagesTestJSON:setUpClass): 204 PUT http://10.180.1.21/identity/v3/projects/9c88ec0921eb4d5298de9367f115765e/users/894853f49e124ffd9e3bc708a7a7c503/roles/35d84aa92ed5416a991c45f489ef6d91 0.044s
2024-10-10 21:00:49.597 63673 INFO tempest.lib.common.dynamic_creds [-] Dynamic test user 894853f49e124ffd9e3bc708a7a7c503 is created with scope project and roles: ['member']
2024-10-10 21:00:49.597 63673 INFO tempest.lib.common.dynamic_creds [-] Acquired dynamic creds: credentials: Credentials: {'domain_id': 'default', 'domain_name': 'Default', 'username': 'tempest-ImagesTestJSON-1132322484-project-member', 'project_domain_id': 'default', 'project_domain_name': 'Default', 'project_id': '9c88ec0921eb4d5298de9367f115765e', 'project_name': 'tempest-ImagesTestJSON-1132322484', 'tenant_id': '9c88ec0921eb4d5298de9367f115765e', 'tenant_name': 'tempest-ImagesTestJSON-1132322484', 'user_domain_id': 'default', 'user_domain_name': 'Default', 'user_id': '894853f49e124ffd9e3bc708a7a7c503', 'system': None}, Network: None, Subnet: None, Router: None
2024-10-10 21:00:49.671 63673 INFO tempest.lib.common.rest_client [req-4f84d57d-e9ea-4058-8410-2249cdfbc7e8 req-4f84d57d-e9ea-4058-8410-2249cdfbc7e8 ] Request (ImagesTestJSON:setUpClass): 201 POST http://10.180.1.21/identity/v3/auth/tokens 0.074s
2024-10-10 21:00:49.816 63643 INFO tempest.lib.common.rest_client [req-7e137184-8264-4b6f-a557-fa36c28cde46 req-7e137184-8264-4b6f-a557-fa36c28cde46 ] Request (ServersAdminNegativeTestJSON:tearDownClass): 204 DELETE http://10.180.1.21:9696/networking/v2.0/security-groups/43bd7983-1000-4130-b982-7c30163558cf 0.869s
2024-10-10 21:00:49.891 63643 INFO tempest.lib.common.rest_client [req-58308584-aaee-49d9-adcc-426792a04df8 req-58308584-aaee-49d9-adcc-426792a04df8 ] Request (ServersAdminNegativeTestJSON:tearDownClass): 204 DELETE http://10.180.1.21/identity/v3/projects/f7b8691ad4d440e6bd67496072d061f9 0.075s
2024-10-10 21:00:49.991 63635 INFO tempest.lib.common.rest_client [req-1829d569-30b1-4482-97c1-5586fada60a2 req-1829d569-30b1-4482-97c1-5586fada60a2 ] Request (ServersV294TestFqdnHostnames:setUpClass): 202 POST http://10.180.1.21/compute/v2.1/servers 5.479s
2024-10-10 21:00:49.991 63643 INFO tempest.lib.common.rest_client [req-5c14563e-b60f-4e10-b9cf-725b1012fdda req-5c14563e-b60f-4e10-b9cf-725b1012fdda ] Request (FlavorsV2TestJSON:setUpClass): 201 POST http://10.180.1.21/identity/v3/auth/tokens 0.097s
2024-10-10 21:00:50.011 63663 INFO tempest.lib.common.rest_client [req-44155b90-39df-40b9-8ed6-39043cd0029b req-44155b90-39df-40b9-8ed6-39043cd0029b ] Request (VolumesAssistedSnapshotsTest:tearDownClass): 202 DELETE http://10.180.1.21/compute/v2.1/os-keypairs/tempest-keypair-463065917 5.343s
2024-10-10 21:00:50.042 63643 INFO tempest.lib.common.rest_client [req-155b6370-1a3a-4546-8ce0-4f38f2f45d68 req-155b6370-1a3a-4546-8ce0-4f38f2f45d68 ] Request (FlavorsV2TestJSON:setUpClass): 201 POST http://10.180.1.21/identity/v3/auth/tokens 0.048s
2024-10-10 21:00:50.060 63671 INFO tempest.lib.common.rest_client [req-5c3480e4-4ab5-4d7d-9800-30a55a64585c req-5c3480e4-4ab5-4d7d-9800-30a55a64585c ] Request (ServersWithSpecificFlavorTestJSON:_run_cleanups): 204 DELETE http://10.180.1.21:9696/networking/v2.0/floatingips/7ff02764-9d19-44f4-a915-3d56348c64d4 1.478s
2024-10-10 21:00:50.068 63625 INFO tempest.lib.common.rest_client [req-9c5146fa-14b5-4ed8-a6c8-bc85e0358b5f req-9c5146fa-14b5-4ed8-a6c8-bc85e0358b5f ] Request (MigrationsAdminTest:tearDownClass): 204 DELETE http://10.180.1.21:9696/networking/v2.0/security-groups/ccbb686a-3411-406f-8bec-2a1c33953ab3 0.772s
2024-10-10 21:00:50.075 63643 INFO tempest.lib.common.rest_client [req-587c7b87-0f5b-43bb-b91f-09430842e682 req-587c7b87-0f5b-43bb-b91f-09430842e682 ] Request (FlavorsV2TestJSON:setUpClass): 200 GET http://10.180.1.21/identity/v3/domains?name=Default 0.033s
2024-10-10 21:00:50.109 63643 INFO tempest.lib.common.rest_client [req-4f778743-e012-4f51-be06-347eea34da92 req-4f778743-e012-4f51-be06-347eea34da92 ] Request (FlavorsV2TestJSON:setUpClass): 201 POST http://10.180.1.21/identity/v3/projects 0.033s
2024-10-10 21:00:50.137 63659 INFO tempest.lib.common.rest_client [req-25f1d888-e88b-44aa-9509-b016bb442986 req-25f1d888-e88b-44aa-9509-b016bb442986 ] Request (ServerShowV257Test:test_rebuild_server): 200 GET http://10.180.1.21/compute/v2.1/servers/6d1b11e8-f15d-4939-af4b-4c921f19e27b 5.376s
2024-10-10 21:00:50.147 63637 INFO tempest.lib.common.rest_client [req-a157a618-63c9-4d31-ba12-d60a8aa97370 req-a157a618-63c9-4d31-ba12-d60a8aa97370 ] Request (FloatingIPsAssociationTestJSON:setUpClass): 200 PUT http://10.180.1.21:9696/networking/v2.0/routers/136ff3ea-0af3-4087-91dd-224d930534a6/add_router_interface 5.238s
