2024-10-10 21:00:19.138 63625 INFO tempest.lib.common.rest_client [req-0e9b94f5-dc32-488a-9921-81977cfb34ca req-0e9b94f5-dc32-488a-9921-81977cfb34ca ] Request (MigrationsAdminTest:test_resize_server_revert_deleted_flavor): 200 GET http://10.180.1.21/compute/v2.1/servers/24e229c0-9de2-46ab-b422-041e04e99eeb 4.109s
2024-10-10 21:00:19.235 63639 INFO tempest.lib.common.rest_client [req-77f0c5e2-02f0-4a66-a456-2161e0df2476 req-77f0c5e2-02f0-4a66-a456-2161e0df2476 ] Request (FlavorsExtraSpecsNegativeTestJSON:tearDownClass): 204 DELETE http://10.180.1.21:9696/networking/v2.0/security-groups/cfb34a21-4977-4e90-b675-ab84ad11ed94 1.200s
2024-10-10 21:00:19.244 63631 INFO tempest.lib.common.rest_client [req-1d13953f-b917-4a17-8884-b03a26e1295b req-1d13953f-b917-4a17-8884-b03a26e1295b ] Request (ServerDiagnosticsTest:tearDownClass): 200 GET http://10.180.1.21:9696/networking/v2.0/security-groups?tenant_id=718363a86da34f04b07c32a74a38e404&name=default 1.119s
2024-10-10 21:00:19.254 63679 INFO tempest.lib.common.rest_client [req-15a245b4-0fd6-474e-b5fd-0013e2ab2606 req-15a245b4-0fd6-474e-b5fd-0013e2ab2606 ] Request (DeleteServersAdminTestJSON:test_delete_server_while_in_error_state): 200 GET http://10.180.1.21/compute/v2.1/servers/9d7c22ae-ae42-4119-9ced-6f6d260d645f 3.088s
2024-10-10 21:00:19.261 63679 INFO tempest.common.waiters [-] State transition "BUILD/spawning" ==> "ERROR/None" after 15 second wait
2024-10-10 21:00:19.331 63639 INFO tempest.lib.common.rest_client [req-67c426bc-7d7a-49be-b13f-17c2e47a0395 req-67c426bc-7d7a-49be-b13f-17c2e47a0395 ] Request (FlavorsExtraSpecsNegativeTestJSON:tearDownClass): 204 DELETE http://10.180.1.21/identity/v3/projects/29f5aa86e74f44048e0bf049aa8bbf5d 0.096s
2024-10-10 21:00:19.403 63639 INFO tempest.lib.common.rest_client [req-f9727540-e698-4a94-812f-79667a31d915 req-f9727540-e698-4a94-812f-79667a31d915 ] Request (KeyPairsV210TestJSON:setUpClass): 201 POST http://10.180.1.21/identity/v3/auth/tokens 0.071s
2024-10-10 21:00:19.436 63627 INFO tempest.lib.common.rest_client [req-28147a37-7404-49b3-9de0-1c78f76d8c4d req-28147a37-7404-49b3-9de0-1c78f76d8c4d ] Request (ServersAdmin275Test:test_rebuild_update_server_275): 200 GET http://10.180.1.21/compute/v2.1/servers/69e0ee1b-9f98-4686-a405-e0a0d288a899 2.859s
2024-10-10 21:00:19.457 63623 INFO tempest.lib.common.rest_client [req-45c288e6-3b38-4ec5-a7b5-af1d8ca2a81b req-45c288e6-3b38-4ec5-a7b5-af1d8ca2a81b ] Request (HostsAdminTestJSON:test_list_hosts_with_zone): 200 GET http://10.180.1.21/compute/v2.1/os-hosts?zone=internal 2.778s
2024-10-10 21:00:19.493 63639 INFO tempest.lib.common.rest_client [req-01d67d72-b2a9-438b-82e6-9a0a085b782a req-01d67d72-b2a9-438b-82e6-9a0a085b782a ] Request (KeyPairsV210TestJSON:setUpClass): 201 POST http://10.180.1.21/identity/v3/auth/tokens 0.038s
2024-10-10 21:00:19.516 63639 INFO tempest.lib.common.rest_client [req-3d565051-d5a1-4675-a8ea-d92c2523adb8 req-3d565051-d5a1-4675-a8ea-d92c2523adb8 ] Request (KeyPairsV210TestJSON:setUpClass): 200 GET http://10.180.1.21/identity/v3/domains?name=Default 0.022s
2024-10-10 21:00:19.539 63639 INFO tempest.lib.common.rest_client [req-74294514-379a-4c20-9af9-94a2fb5ade98 req-74294514-379a-4c20-9af9-94a2fb5ade98 ] Request (KeyPairsV210TestJSON:setUpClass): 201 POST http://10.180.1.21/identity/v3/projects 0.023s
2024-10-10 21:00:19.601 63639 INFO tempest.lib.common.rest_client [req-cb702952-8fcc-41a5-acc7-170f0f8cf7cd req-cb702952-8fcc-41a5-acc7-170f0f8cf7cd ] Request (KeyPairsV210TestJSON:setUpClass): 201 POST http://10.180.1.21/identity/v3/users 0.061s
2024-10-10 21:00:19.621 63639 INFO tempest.lib.common.rest_client [req-14fafd65-c16f-4747-8dc1-72fdf9ae44f9 req-14fafd65-c16f-4747-8dc1-72fdf9ae44f9 ] Request (KeyPairsV210TestJSON:setUpClass): 200 GET http://10.180.1.21/identity/v3/roles 0.020s
2024-10-10 21:00:19.657 63639 INFO tempest.lib.common.rest_client [req-500f23f5-4eed-4dd1-a9da-168708a6eae0 req-500f23f5-4eed-4dd1-a9da-168708a6eae0 ] Request (KeyPairsV210TestJSON:setUpClass): 204 PUT http://10.180.1.21/identity/v3/projects/ed9b0e306df4436093ef633894da8da6/users/1d15fa8c260a4efaaf43806eb704a685/roles/35d84aa92ed5416a991c45f489ef6d91 0.034s
2024-10-10 21:00:19.658 63639 INFO tempest.lib.common.dynamic_creds [-] Dynamic test user 1d15fa8c260a4efaaf43806eb704a685 is created with scope project and roles: ['member']
2024-10-10 21:00:19.658 63639 INFO tempest.lib.common.dynamic_creds [-] Acquired dynamic creds: credentials: Credentials: {'domain_id': 'default', 'domain_name': 'Default', 'username': 'tempest-KeyPairsV210TestJSON-1219145358-project-member', 'project_domain_id': 'default', 'project_domain_name': 'Default', 'project_id': 'ed9b0e306df4436093ef633894da8da6', 'project_name': 'tempest-KeyPairsV210TestJSON-1219145358', 'tenant_id': 'ed9b0e306df4436093ef633894da8da6', 'tenant_name': 'tempest-KeyPairsV210TestJSON-1219145358', 'user_domain_id': 'default', 'user_domain_name': 'Default', 'user_id': '1d15fa8c260a4efaaf43806eb704a685', 'system': None}, Network: None, Subnet: None, Router: None
2024-10-10 21:00:19.658 63639 INFO tempest.lib.common.dynamic_creds [-] Created isolated network resources for: credentials: Credentials: {'domain_id': 'default', 'domain_name': 'Default', 'username': 'tempest-KeyPairsV210TestJSON-1219145358-project-member', 'project_domain_id': 'default', 'project_domain_name': 'Default', 'project_id': 'ed9b0e306df4436093ef633894da8da6', 'project_name': 'tempest-KeyPairsV210TestJSON-1219145358', 'tenant_id': 'ed9b0e306df4436093ef633894da8da6', 'tenant_name': 'tempest-KeyPairsV210TestJSON-1219145358', 'user_domain_id': 'default', 'user_domain_name': 'Default', 'user_id': '1d15fa8c260a4efaaf43806eb704a685', 'system': None}, Network: None, Subnet: None, Router: None
2024-10-10 21:00:19.785 63639 INFO tempest.lib.common.rest_client [req-cb1cd39d-4aca-415a-a7ec-509d1d70861c req-cb1cd39d-4aca-415a-a7ec-509d1d70861c ] Request (KeyPairsV210TestJSON:setUpClass): 201 POST http://10.180.1.21/identity/v3/auth/tokens 0.122s
2024-10-10 21:00:19.861 63639 INFO tempest.lib.common.rest_client [req-3c66dcbd-ebac-4a94-888a-13ada1e40d5e req-3c66dcbd-ebac-4a94-888a-13ada1e40d5e ] Request (KeyPairsV210TestJSON:setUpClass): 201 POST http://10.180.1.21/identity/v3/projects 0.076s
2024-10-10 21:00:19.920 63639 INFO tempest.lib.common.rest_client [req-a846b0b2-f51f-4278-8eef-826a8cd0a9fd req-a846b0b2-f51f-4278-8eef-826a8cd0a9fd ] Request (KeyPairsV210TestJSON:setUpClass): 201 POST http://10.180.1.21/identity/v3/users 0.058s
2024-10-10 21:00:19.937 63639 INFO tempest.lib.common.rest_client [req-8886a63d-1a8f-4e9a-a919-72acd1992656 req-8886a63d-1a8f-4e9a-a919-72acd1992656 ] Request (KeyPairsV210TestJSON:setUpClass): 200 GET http://10.180.1.21/identity/v3/roles 0.016s
2024-10-10 21:00:19.976 63639 INFO tempest.lib.common.rest_client [req-f6a07cd6-7e46-4ecf-8515-007cc0743209 req-f6a07cd6-7e46-4ecf-8515-007cc0743209 ] Request (KeyPairsV210TestJSON:setUpClass): 204 PUT http://10.180.1.21/identity/v3/projects/bf1471fcb2df4a928f41f1fef9c5c9a2/users/9d0905b8115b41d198efde2834068f3d/roles/4f28d209c04442dca1da733995201cae 0.038s
2024-10-10 21:00:20.038 63639 INFO tempest.lib.common.rest_client [req-259607bd-18ad-4006-841a-2855a8ffccb3 req-259607bd-18ad-4006-841a-2855a8ffccb3 ] Request (KeyPairsV210TestJSON:setUpClass): 200 GET http://10.180.1.21/identity/v3/roles 0.062s
2024-10-10 21:00:20.056 63639 INFO tempest.lib.common.rest_client [req-50e6e0eb-29e3-42cd-9095-e47972fb9401 req-50e6e0eb-29e3-42cd-9095-e47972fb9401 ] Request (KeyPairsV210TestJSON:setUpClass): 204 PUT http://10.180.1.21/identity/v3/projects/bf1471fcb2df4a928f41f1fef9c5c9a2/users/9d0905b8115b41d198efde2834068f3d/roles/4f28d209c04442dca1da733995201cae 0.017s
2024-10-10 21:00:20.056 63639 INFO tempest.lib.common.dynamic_creds [-] Dynamic test user 9d0905b8115b41d198efde2834068f3d is created with scope project and roles: ['admin']
2024-10-10 21:00:20.056 63639 INFO tempest.lib.common.dynamic_creds [-] Acquired dynamic creds: credentials: Credentials: {'domain_id': 'default', 'domain_name': 'Default', 'username': 'tempest-KeyPairsV210TestJSON-1275071054-project-admin', 'project_domain_id': 'default', 'project_domain_name': 'Default', 'project_id': 'bf1471fcb2df4a928f41f1fef9c5c9a2', 'project_name': 'tempest-KeyPairsV210TestJSON-1275071054', 'tenant_id': 'bf1471fcb2df4a928f41f1fef9c5c9a2', 'tenant_name': 'tempest-KeyPairsV210TestJSON-1275071054', 'user_domain_id': 'default', 'user_domain_name': 'Default', 'user_id': '9d0905b8115b41d198efde2834068f3d', 'system': None}, Network: None, Subnet: None, Router: None
2024-10-10 21:00:20.056 63639 INFO tempest.lib.common.dynamic_creds [-] Created isolated network resources for: credentials: Credentials: {'domain_id': 'default', 'domain_name': 'Default', 'username': 'tempest-KeyPairsV210TestJSON-1275071054-project-admin', 'project_domain_id': 'default', 'project_domain_name': 'Default', 'project_id': 'bf1471fcb2df4a928f41f1fef9c5c9a2', 'project_name': 'tempest-KeyPairsV210TestJSON-1275071054', 'tenant_id': 'bf1471fcb2df4a928f41f1fef9c5c9a2', 'tenant_name': 'tempest-KeyPairsV210TestJSON-1275071054', 'user_domain_id': 'default', 'user_domain_name': 'Default', 'user_id': '9d0905b8115b41d198efde2834068f3d', 'system': None}, Network: None, Subnet: None, Router: None
2024-10-10 21:00:20.082 63641 INFO tempest.lib.common.rest_client [req-5ff12128-7d2d-49f2-a870-680dd4383298 req-5ff12128-7d2d-49f2-a870-680dd4383298 ] Request (FlavorsExtraSpecsTestJSON:tearDownClass): 200 GET http://10.180.1.21:9696/networking/v2.0/security-groups?tenant_id=bb02ff9664e24d69a356f412eb2a3fa6&name=default 1.242s
2024-10-10 21:00:20.099 63653 INFO tempest.lib.common.rest_client [req-5710224d-cf10-4c52-8aca-d2a0296c3ec4 req-5710224d-cf10-4c52-8aca-d2a0296c3ec4 ] Request (ServersTestBootFromVolume:setUpClass): 200 GET http://10.180.1.21/volume/v3/ac2c69b732834efeaa1bebf3ae9157a3/volumes/a3431da7-779f-43e7-b40e-ae027eec632f 0.033s
2024-10-10 21:00:20.140 63639 INFO tempest.lib.common.rest_client [req-bd140115-5d32-4934-8d01-05a27b5b45b6 req-bd140115-5d32-4934-8d01-05a27b5b45b6 ] Request (KeyPairsV210TestJSON:setUpClass): 201 POST http://10.180.1.21/identity/v3/auth/tokens 0.081s
2024-10-10 21:00:20.154 63635 INFO tempest.lib.common.rest_client [req-a947c9ab-8d09-4d71-a865-800ca70152fa req-a947c9ab-8d09-4d71-a865-800ca70152fa ] Request (ServersV294TestFqdnHostnames:setUpClass): 201 POST http://10.180.1.21:9696/networking/v2.0/networks 1.690s
2024-10-10 21:00:20.229 63647 INFO tempest.lib.common.rest_client [req-23dae269-d584-422a-87a1-72e3e3552a18 req-23dae269-d584-422a-87a1-72e3e3552a18 ] Request (FloatingIPDetailsTestJSON:tearDownClass): 200 PUT http://10.180.1.21:9696/networking/v2.0/routers/975fb2a5-8a54-437a-a9b3-9c531fdec843/remove_router_interface 6.443s
2024-10-10 21:00:20.295 63631 INFO tempest.lib.common.rest_client [req-bf6722f0-a6cc-44c9-9c47-64aa453ca90e req-bf6722f0-a6cc-44c9-9c47-64aa453ca90e ] Request (ServerDiagnosticsTest:tearDownClass): 204 DELETE http://10.180.1.21:9696/networking/v2.0/security-groups/6d57fa79-a300-4408-99da-9af4a32d9baf 1.050s
2024-10-10 21:00:20.404 63631 INFO tempest.lib.common.rest_client [req-0b0bea9c-469e-49d0-98f5-f79c18008080 req-0b0bea9c-469e-49d0-98f5-f79c18008080 ] Request (ServerDiagnosticsTest:tearDownClass): 204 DELETE http://10.180.1.21/identity/v3/projects/718363a86da34f04b07c32a74a38e404 0.108s
2024-10-10 21:00:20.405 63631 INFO tempest.test [-] raised in ServerPersonalityTestJSON.setUpClass. Invoking tearDownClass.
2024-10-10 21:00:20.473 63631 INFO tempest.lib.common.rest_client [req-246fabf9-9385-4d76-8ee4-e00d5e9e13f1 req-246fabf9-9385-4d76-8ee4-e00d5e9e13f1 ] Request (ServerShowV247Test:setUpClass): 201 POST http://10.180.1.21/identity/v3/auth/tokens 0.066s
2024-10-10 21:00:20.498 63619 INFO tempest.lib.common.rest_client [req-2b12fae6-c7c1-46b7-be8b-2213d0c9114e req-2b12fae6-c7c1-46b7-be8b-2213d0c9114e ] Request (ServerMetadataNegativeTestJSON:setUpClass): 200 PUT http://10.180.1.21:9696/networking/v2.0/routers/8fbc5370-d754-4418-ba39-9cb48ddbce84/add_router_interface 9.192s
2024-10-10 21:00:20.498 63619 INFO tempest.lib.common.dynamic_creds [-] Created isolated network resources for: credentials: Credentials: {'domain_id': 'default', 'domain_name': 'Default', 'username': 'tempest-ServerMetadataNegativeTestJSON-745369547-project-member', 'project_domain_id': 'default', 'project_domain_name': 'Default', 'project_id': 'bbc5931b586e442f98b77cbb101e937a', 'project_name': 'tempest-ServerMetadataNegativeTestJSON-745369547', 'tenant_id': 'bbc5931b586e442f98b77cbb101e937a', 'tenant_name': 'tempest-ServerMetadataNegativeTestJSON-745369547', 'user_domain_id': 'default', 'user_domain_name': 'Default', 'user_id': '19e373f8c77442c9b3e486825aa5f5b1', 'system': None}, Network: {'id': 'c5b98c6c-b0e5-41a2-bcc9-5472e50cf6f5', 'name': 'tempest-ServerMetadataNegativeTestJSON-1089188849-network', 'tenant_id': 'bbc5931b586e442f98b77cbb101e937a', 'admin_state_up': True, 'mtu': 8950, 'status': 'ACTIVE', 'subnets': [], 'shared': False, 'project_id': 'bbc5931b586e442f98b77cbb101e937a', 'port_security_enabled': True, 'router:external': False, 'provider:network_type': 'vlan', 'provider:physical_network': 'default', 'provider:segmentation_id': 499, 'is_default': False, 'availability_zone_hints': [], 'availability_zones': [], 'ipv4_address_scope': None, 'ipv6_address_scope': None, 'description': '', 'tags': [], 'created_at': '2024-10-10T21:00:04Z', 'updated_at': '2024-10-10T21:00:04Z', 'revision_number': 1}, Subnet: {'id': '79edab8f-9dc8-4156-81ba-20b58b54e322', 'name': 'tempest-ServerMetadataNegativeTestJSON-1089188849-subnet', 'tenant_id': 'bbc5931b586e442f98b77cbb101e937a', 'network_id': 'c5b98c6c-b0e5-41a2-bcc9-5472e50cf6f5', 'ip_version': 4, 'subnetpool_id': None, 'enable_dhcp': True, 'ipv6_ra_mode': None, 'ipv6_address_mode': None, 'gateway_ip': '192.168.128.1', 'cidr': '192.168.128.0/28', 'allocation_pools': [{'start': '192.168.128.2', 'end': '192.168.128.14'}], 'host_routes': [], 'dns_nameservers': [], 'description': '', 'service_types': [], 'tags': [], 'created_at': '2024-10-10T21:00:05Z', 'updated_at': '2024-10-10T21:00:05Z', 'revision_number': 0, 'project_id': 'bbc5931b586e442f98b77cbb101e937a'}, Router: {'id': '8fbc5370-d754-4418-ba39-9cb48ddbce84', 'name': 'tempest-ServerMetadataNegativeTestJSON-1089188849-router', 'tenant_id': 'bbc5931b586e442f98b77cbb101e937a', 'admin_state_up': True, 'status': 'ACTIVE', 'external_gateway_info': {'network_id': '0596d49d-fe77-4597-ad4e-52494eb2f7fb', 'external_fixed_ips': [{'subnet_id': '534481ec-6b9e-4776-aaf9-dee559034aa2', 'ip_address': '10.180.180.129'}], 'enable_snat': True}, 'description': '', 'availability_zones': [], 'distributed': False, 'ha': False, 'availability_zone_hints': [], 'routes': [], 'flavor_id': None, 'tags': [], 'created_at': '2024-10-10T21:00:06Z', 'updated_at': '2024-10-10T21:00:08Z', 'revision_number': 2, 'project_id': 'bbc5931b586e442f98b77cbb101e937a'}
2024-10-10 21:00:20.508 63631 INFO tempest.lib.common.rest_client [req-d38ade97-8f41-45d7-bdfd-339b0e83dc06 req-d38ade97-8f41-45d7-bdfd-339b0e83dc06 ] Request (ServerShowV247Test:setUpClass): 201 POST http://10.180.1.21/identity/v3/auth/tokens 0.033s
2024-10-10 21:00:20.534 63631 INFO tempest.lib.common.rest_client [req-058fc94d-3d2c-4b3f-8ff7-6dcf0fdebd3d req-058fc94d-3d2c-4b3f-8ff7-6dcf0fdebd3d ] Request (ServerShowV247Test:setUpClass): 200 GET http://10.180.1.21/identity/v3/domains?name=Default 0.025s
2024-10-10 21:00:20.563 63631 INFO tempest.lib.common.rest_client [req-aadc91f4-c7d4-434c-baea-8e993c8a0bef req-aadc91f4-c7d4-434c-baea-8e993c8a0bef ] Request (ServerShowV247Test:setUpClass): 201 POST http://10.180.1.21/identity/v3/projects 0.029s
2024-10-10 21:00:20.577 63619 INFO tempest.lib.common.rest_client [req-0352b823-99fb-4381-80bd-661c87973352 req-0352b823-99fb-4381-80bd-661c87973352 ] Request (ServerMetadataNegativeTestJSON:setUpClass): 201 POST http://10.180.1.21/identity/v3/auth/tokens 0.076s
2024-10-10 21:00:20.578 63619 WARNING tempest.lib.common.rest_client [-] Deprecated: "tenant_id" property is deprecated for removal, use "project_id" instead
2024-10-10 21:00:20.582 63621 INFO tempest.lib.common.rest_client [req-4fa8ce92-7780-4b2b-a7b4-64b8d319e803 req-4fa8ce92-7780-4b2b-a7b4-64b8d319e803 ] Request (FloatingIPsAssociationNegativeTestJSON:setUpClass): 201 POST http://10.180.1.21:9696/networking/v2.0/subnets 1.681s
2024-10-10 21:00:20.623 63631 INFO tempest.lib.common.rest_client [req-30bc8c56-2a84-4f70-83d5-3dd13792fce8 req-30bc8c56-2a84-4f70-83d5-3dd13792fce8 ] Request (ServerShowV247Test:setUpClass): 201 POST http://10.180.1.21/identity/v3/users 0.059s
2024-10-10 21:00:20.641 63619 INFO tempest.lib.common.rest_client [req-d477b4ae-5177-4012-b63c-19f0cd51a394 req-d477b4ae-5177-4012-b63c-19f0cd51a394 ] Request (ServerMetadataNegativeTestJSON:setUpClass): 201 POST http://10.180.1.21/identity/v3/auth/tokens 0.058s
2024-10-10 21:00:20.642 63619 INFO tempest.lib.common.fixed_network [-] (ServerMetadataNegativeTestJSON:setUpClass) Found network {'id': 'c5b98c6c-b0e5-41a2-bcc9-5472e50cf6f5', 'name': 'tempest-ServerMetadataNegativeTestJSON-1089188849-network', 'tenant_id': 'bbc5931b586e442f98b77cbb101e937a', 'admin_state_up': True, 'mtu': 8950, 'status': 'ACTIVE', 'subnets': [], 'shared': False, 'project_id': 'bbc5931b586e442f98b77cbb101e937a', 'port_security_enabled': True, 'router:external': False, 'provider:network_type': 'vlan', 'provider:physical_network': 'default', 'provider:segmentation_id': 499, 'is_default': False, 'availability_zone_hints': [], 'availability_zones': [], 'ipv4_address_scope': None, 'ipv6_address_scope': None, 'description': '', 'tags': [], 'created_at': '2024-10-10T21:00:04Z', 'updated_at': '2024-10-10T21:00:04Z', 'revision_number': 1} available for tenant
2024-10-10 21:00:20.643 63631 INFO tempest.lib.common.rest_client [req-aba4db14-8c93-48fc-b6c6-52d84bb146ef req-aba4db14-8c93-48fc-b6c6-52d84bb146ef ] Request (ServerShowV247Test:setUpClass): 200 GET http://10.180.1.21/identity/v3/roles 0.019s
2024-10-10 21:00:20.684 63631 INFO tempest.lib.common.rest_client [req-cdd5d93c-2735-401d-b625-8a6edfac005d req-cdd5d93c-2735-401d-b625-8a6edfac005d ] Request (ServerShowV247Test:setUpClass): 204 PUT http://10.180.1.21/identity/v3/projects/612c0da621d342ee87d0e079d3ffc99c/users/e79bc83fb69044ebb6ee6789e196d528/roles/35d84aa92ed5416a991c45f489ef6d91 0.040s
2024-10-10 21:00:20.684 63631 INFO tempest.lib.common.dynamic_creds [-] Dynamic test user e79bc83fb69044ebb6ee6789e196d528 is created with scope project and roles: ['member']
2024-10-10 21:00:20.684 63631 INFO tempest.lib.common.dynamic_creds [-] Acquired dynamic creds: credentials: Credentials: {'domain_id': 'default', 'domain_name': 'Default', 'username': 'tempest-ServerShowV247Test-523614554-project-member', 'project_domain_id': 'default', 'project_domain_name': 'Default', 'project_id': '612c0da621d342ee87d0e079d3ffc99c', 'project_name': 'tempest-ServerShowV247Test-523614554', 'tenant_id': '612c0da621d342ee87d0e079d3ffc99c', 'tenant_name': 'tempest-ServerShowV247Test-523614554', 'user_domain_id': 'default', 'user_domain_name': 'Default', 'user_id': 'e79bc83fb69044ebb6ee6789e196d528', 'system': None}, Network: None, Subnet: None, Router: None
2024-10-10 21:00:20.684 63631 INFO tempest.lib.common.dynamic_creds [-] Created isolated network resources for: credentials: Credentials: {'domain_id': 'default', 'domain_name': 'Default', 'username': 'tempest-ServerShowV247Test-523614554-project-member', 'project_domain_id': 'default', 'project_domain_name': 'Default', 'project_id': '612c0da621d342ee87d0e079d3ffc99c', 'project_name': 'tempest-ServerShowV247Test-523614554', 'tenant_id': '612c0da621d342ee87d0e079d3ffc99c', 'tenant_name': 'tempest-ServerShowV247Test-523614554', 'user_domain_id': 'default', 'user_domain_name': 'Default', 'user_id': 'e79bc83fb69044ebb6ee6789e196d528', 'system': None}, Network: None, Subnet: None, Router: None
2024-10-10 21:00:20.729 63651 INFO tempest.lib.common.rest_client [req-b6113fd1-23f7-45a0-84cf-9156c2ef52e4 req-b6113fd1-23f7-45a0-84cf-9156c2ef52e4 ] Request (ServerActionsTestOtherB:setUpClass): 200 PUT http://10.180.1.21:9696/networking/v2.0/routers/b7565031-f193-4af1-a998-b6195360c36a/add_router_interface 7.488s
2024-10-10 21:00:20.729 63651 INFO tempest.lib.common.dynamic_creds [-] Created isolated network resources for: credentials: Credentials: {'domain_id': 'default', 'domain_name': 'Default', 'username': 'tempest-ServerActionsTestOtherB-1834963292-project-member', 'project_domain_id': 'default', 'project_domain_name': 'Default', 'project_id': '97551635dd864fe490da4b358b20262a', 'project_name': 'tempest-ServerActionsTestOtherB-1834963292', 'tenant_id': '97551635dd864fe490da4b358b20262a', 'tenant_name': 'tempest-ServerActionsTestOtherB-1834963292', 'user_domain_id': 'default', 'user_domain_name': 'Default', 'user_id': 'fe07131b13684485b3ddd057b319bd49', 'system': None}, Network: {'id': 'de113294-3565-4e52-8ba9-d893ac44afc2', 'name': 'tempest-ServerActionsTestOtherB-1919476227-network', 'tenant_id': '97551635dd864fe490da4b358b20262a', 'admin_state_up': True, 'mtu': 8950, 'status': 'ACTIVE', 'subnets': [], 'shared': False, 'project_id': '97551635dd864fe490da4b358b20262a', 'port_security_enabled': True, 'router:external': False, 'provider:network_type': 'vlan', 'provider:physical_network': 'default', 'provider:segmentation_id': 174, 'is_default': False, 'availability_zone_hints': [], 'availability_zones': [], 'ipv4_address_scope': None, 'ipv6_address_scope': None, 'description': '', 'tags': [], 'created_at': '2024-10-10T21:00:04Z', 'updated_at': '2024-10-10T21:00:04Z', 'revision_number': 1}, Subnet: {'id': '511099da-8b98-4d05-95fc-15cef413b4d8', 'name': 'tempest-ServerActionsTestOtherB-1919476227-subnet', 'tenant_id': '97551635dd864fe490da4b358b20262a', 'network_id': 'de113294-3565-4e52-8ba9-d893ac44afc2', 'ip_version': 4, 'subnetpool_id': None, 'enable_dhcp': True, 'ipv6_ra_mode': None, 'ipv6_address_mode': None, 'gateway_ip': '192.168.128.1', 'cidr': '192.168.128.0/28', 'allocation_pools': [{'start': '192.168.128.2', 'end': '192.168.128.14'}], 'host_routes': [], 'dns_nameservers': [], 'description': '', 'service_types': [], 'tags': [], 'created_at': '2024-10-10T21:00:05Z', 'updated_at': '2024-10-10T21:00:05Z', 'revision_number': 0, 'project_id': '97551635dd864fe490da4b358b20262a'}, Router: {'id': 'b7565031-f193-4af1-a998-b6195360c36a', 'name': 'tempest-ServerActionsTestOtherB-1919476227-router', 'tenant_id': '97551635dd864fe490da4b358b20262a', 'admin_state_up': True, 'status': 'ACTIVE', 'external_gateway_info': {'network_id': '0596d49d-fe77-4597-ad4e-52494eb2f7fb', 'external_fixed_ips': [{'subnet_id': '534481ec-6b9e-4776-aaf9-dee559034aa2', 'ip_address': '10.180.180.173'}], 'enable_snat': True}, 'description': '', 'availability_zones': [], 'distributed': False, 'ha': False, 'availability_zone_hints': [], 'routes': [], 'flavor_id': None, 'tags': [], 'created_at': '2024-10-10T21:00:07Z', 'updated_at': '2024-10-10T21:00:10Z', 'revision_number': 2, 'project_id': '97551635dd864fe490da4b358b20262a'}
2024-10-10 21:00:20.742 63657 INFO tempest.lib.common.rest_client [req-61ca02b1-e5e4-4a24-8eae-d7c2e59505cc req-61ca02b1-e5e4-4a24-8eae-d7c2e59505cc ] Request (InstanceActionsNegativeTestJSON:setUpClass): 201 POST http://10.180.1.21:9696/networking/v2.0/routers 7.680s
2024-10-10 21:00:20.797 63631 INFO tempest.lib.common.rest_client [req-09b0e497-05c2-4920-9b6e-423f54183f56 req-09b0e497-05c2-4920-9b6e-423f54183f56 ] Request (ServerShowV247Test:setUpClass): 201 POST http://10.180.1.21/identity/v3/auth/tokens 0.108s
2024-10-10 21:00:20.810 63651 INFO tempest.lib.common.rest_client [req-8e8c4f0a-9012-450f-a5d2-cd4ade2ac169 req-8e8c4f0a-9012-450f-a5d2-cd4ade2ac169 ] Request (ServerActionsTestOtherB:setUpClass): 201 POST http://10.180.1.21/identity/v3/auth/tokens 0.077s
2024-10-10 21:00:20.852 63631 INFO tempest.lib.common.rest_client [req-809d4298-9154-4511-815b-857171a2e238 req-809d4298-9154-4511-815b-857171a2e238 ] Request (ServerShowV247Test:setUpClass): 200 GET http://10.180.1.21/identity/v3/projects/612c0da621d342ee87d0e079d3ffc99c 0.055s
2024-10-10 21:00:20.853 63631 INFO tempest.lib.common.dynamic_creds [-] Using the existing project 612c0da621d342ee87d0e079d3ffc99c for scope project and roles: ['reader']
2024-10-10 21:00:20.887 63631 INFO tempest.lib.common.rest_client [req-daca018c-06b5-4083-a33f-ffade92bec79 req-daca018c-06b5-4083-a33f-ffade92bec79 ] Request (ServerShowV247Test:setUpClass): 201 POST http://10.180.1.21/identity/v3/users 0.034s
2024-10-10 21:00:20.911 63631 INFO tempest.lib.common.rest_client [req-5de7e73e-9157-431d-9025-8a21b0fff77d req-5de7e73e-9157-431d-9025-8a21b0fff77d ] Request (ServerShowV247Test:setUpClass): 200 GET http://10.180.1.21/identity/v3/roles 0.023s
2024-10-10 21:00:20.953 63631 INFO tempest.lib.common.rest_client [req-f80c0ac0-b1f7-48d9-9ef6-f0e806851665 req-f80c0ac0-b1f7-48d9-9ef6-f0e806851665 ] Request (ServerShowV247Test:setUpClass): 204 PUT http://10.180.1.21/identity/v3/projects/612c0da621d342ee87d0e079d3ffc99c/users/c488aa193da040a582cf0477c5dfa30a/roles/19c6239afa4c44c3a308a5e459dca8f1 0.040s
2024-10-10 21:00:20.953 63631 INFO tempest.lib.common.dynamic_creds [-] Dynamic test user c488aa193da040a582cf0477c5dfa30a is created with scope project and roles: ['reader']
2024-10-10 21:00:20.953 63631 INFO tempest.lib.common.dynamic_creds [-] Acquired dynamic creds: credentials: Credentials: {'domain_id': 'default', 'domain_name': 'Default', 'username': 'tempest-ServerShowV247Test-523614554-project-reader', 'project_domain_id': 'default', 'project_domain_name': 'Default', 'project_id': '612c0da621d342ee87d0e079d3ffc99c', 'project_name': 'tempest-ServerShowV247Test-523614554', 'tenant_id': '612c0da621d342ee87d0e079d3ffc99c', 'tenant_name': 'tempest-ServerShowV247Test-523614554', 'user_domain_id': 'default', 'user_domain_name': 'Default', 'user_id': 'c488aa193da040a582cf0477c5dfa30a', 'system': None}, Network: None, Subnet: None, Router: None
2024-10-10 21:00:20.953 63631 INFO tempest.lib.common.dynamic_creds [-] Network resources are not created for requested scope: project and credentials: Credentials: {'domain_id': 'default', 'domain_name': 'Default', 'username': 'tempest-ServerShowV247Test-523614554-project-reader', 'project_domain_id': 'default', 'project_domain_name': 'Default', 'project_id': '612c0da621d342ee87d0e079d3ffc99c', 'project_name': 'tempest-ServerShowV247Test-523614554', 'tenant_id': '612c0da621d342ee87d0e079d3ffc99c', 'tenant_name': 'tempest-ServerShowV247Test-523614554', 'user_domain_id': 'default', 'user_domain_name': 'Default', 'user_id': 'c488aa193da040a582cf0477c5dfa30a', 'system': None}, Network: None, Subnet: None, Router: None
2024-10-10 21:00:20.969 63641 INFO tempest.lib.common.rest_client [req-d1abc2bd-f181-4246-a1cf-78f912940d05 req-d1abc2bd-f181-4246-a1cf-78f912940d05 ] Request (FlavorsExtraSpecsTestJSON:tearDownClass): 204 DELETE http://10.180.1.21:9696/networking/v2.0/security-groups/9d51ee32-4b7a-458f-929b-997810546b1b 0.885s
2024-10-10 21:00:21.032 63631 INFO tempest.lib.common.rest_client [req-e57c7316-2fc8-4e06-982c-cb2a750e8d96 req-e57c7316-2fc8-4e06-982c-cb2a750e8d96 ] Request (ServerShowV247Test:setUpClass): 201 POST http://10.180.1.21/identity/v3/auth/tokens 0.076s
2024-10-10 21:00:21.098 63631 INFO tempest.lib.common.rest_client [req-028a8657-22af-4b8d-b8b8-64d2295bd1e0 req-028a8657-22af-4b8d-b8b8-64d2295bd1e0 ] Request (ServerShowV247Test:test_show_server): 201 POST http://10.180.1.21/identity/v3/auth/tokens 0.060s
2024-10-10 21:00:21.098 63641 INFO tempest.lib.common.rest_client [req-14595208-ea95-4950-bdc8-ea35b7d522b0 req-14595208-ea95-4950-bdc8-ea35b7d522b0 ] Request (FlavorsExtraSpecsTestJSON:tearDownClass): 204 DELETE http://10.180.1.21/identity/v3/projects/bb02ff9664e24d69a356f412eb2a3fa6 0.129s
2024-10-10 21:00:21.099 63631 INFO tempest.lib.common.fixed_network [-] (ServerShowV247Test:test_show_server) Found network None available for tenant
2024-10-10 21:00:21.099 63641 INFO tempest.lib.common.dynamic_creds [-] Deleting project and security group for project: 6ab8c7e55e1046659418761e7ebfb2ec
2024-10-10 21:00:21.133 63653 INFO tempest.lib.common.rest_client [req-4883d817-04a5-43b2-86d9-a33492acaa9e req-4883d817-04a5-43b2-86d9-a33492acaa9e ] Request (ServersTestBootFromVolume:setUpClass): 200 GET http://10.180.1.21/volume/v3/ac2c69b732834efeaa1bebf3ae9157a3/volumes/a3431da7-779f-43e7-b40e-ae027eec632f 0.028s
2024-10-10 21:00:21.147 63671 INFO tempest.lib.common.rest_client [req-322f1ae7-698b-4db0-b3a5-8100124cd01d req-322f1ae7-698b-4db0-b3a5-8100124cd01d ] Request (ServersWithSpecificFlavorTestJSON:test_verify_created_server_ephemeral_disk): 202 POST http://10.180.1.21/compute/v2.1/servers 5.011s
2024-10-10 21:00:21.464 63675 INFO tempest.lib.common.rest_client [req-b8cfdf11-d766-44cd-8de5-025929b2fddc req-b8cfdf11-d766-44cd-8de5-025929b2fddc ] Request (ValidationResourcesFixture:setUp): 201 POST http://10.180.1.21:9696/networking/v2.0/floatingips 3.989s
2024-10-10 21:00:21.601 63675 INFO tempest.lib.common.rest_client [req-1ef035df-a4c5-4e5c-bed1-1cc5e5bf08b6 req-1ef035df-a4c5-4e5c-bed1-1cc5e5bf08b6 ] Request (AttachInterfacesTestJSON:test_create_list_show_delete_interfaces_by_network_port): 201 POST http://10.180.1.21/identity/v3/auth/tokens 0.082s
2024-10-10 21:00:21.601 63675 INFO tempest.lib.common.fixed_network [-] (AttachInterfacesTestJSON:test_create_list_show_delete_interfaces_by_network_port) Found network {'id': '10ab0792-36d8-4705-ad9e-53693e1a9c5c', 'name': 'tempest-AttachInterfacesTestJSON-2024591323-network', 'tenant_id': '1d2b3d35a6254ea88eadbc51d286dd41', 'admin_state_up': True, 'mtu': 8950, 'status': 'ACTIVE', 'subnets': [], 'shared': False, 'project_id': '1d2b3d35a6254ea88eadbc51d286dd41', 'port_security_enabled': True, 'router:external': False, 'provider:network_type': 'vlan', 'provider:physical_network': 'default', 'provider:segmentation_id': 586, 'is_default': False, 'availability_zone_hints': [], 'availability_zones': [], 'ipv4_address_scope': None, 'ipv6_address_scope': None, 'description': '', 'tags': [], 'created_at': '2024-10-10T20:59:31Z', 'updated_at': '2024-10-10T20:59:32Z', 'revision_number': 1} available for tenant
2024-10-10 21:00:21.721 63665 INFO tempest.lib.common.rest_client [req-aad627ee-8ea7-47d4-89e8-9c4b841c097b req-aad627ee-8ea7-47d4-89e8-9c4b841c097b ] Request (ServersAdminTestJSON:setUpClass): 202 POST http://10.180.1.21/compute/v2.1/servers 4.864s
2024-10-10 21:00:21.825 63659 INFO tempest.lib.common.rest_client [req-5e5bc7b5-d3a7-4ce5-aa8d-290b1108b6f5 req-5e5bc7b5-d3a7-4ce5-aa8d-290b1108b6f5 ] Request (SecurityGroupsNegativeTestJSON:test_security_group_get_nonexistent_group): 404 GET http://10.180.1.21/compute/v2.1/os-security-groups/8b508ef6-1cf2-4493-9b02-e83f31564658 4.647s
2024-10-10 21:00:21.831 63665 INFO tempest.lib.common.rest_client [req-cc1303d6-36f1-409c-b6cf-e075722e9bb9 req-cc1303d6-36f1-409c-b6cf-e075722e9bb9 ] Request (ServersAdminTestJSON:setUpClass): 201 POST http://10.180.1.21/identity/v3/auth/tokens 0.104s
2024-10-10 21:00:21.833 63665 INFO tempest.lib.common.fixed_network [-] (ServersAdminTestJSON:setUpClass) Found network {'id': 'ce245b39-f093-4ac4-85c7-2092611984a0', 'name': 'tempest-ServersAdminTestJSON-119982082-network', 'tenant_id': '5dcbb4dc7a3e4a8dba71b404a25ce6b9', 'admin_state_up': True, 'mtu': 8950, 'status': 'ACTIVE', 'subnets': [], 'shared': False, 'project_id': '5dcbb4dc7a3e4a8dba71b404a25ce6b9', 'port_security_enabled': True, 'router:external': False, 'provider:network_type': 'vlan', 'provider:physical_network': 'default', 'provider:segmentation_id': 976, 'is_default': False, 'availability_zone_hints': [], 'availability_zones': [], 'ipv4_address_scope': None, 'ipv6_address_scope': None, 'description': '', 'tags': [], 'created_at': '2024-10-10T20:59:48Z', 'updated_at': '2024-10-10T20:59:48Z', 'revision_number': 1} available for tenant
2024-10-10 21:00:21.937 63635 INFO tempest.lib.common.rest_client [req-c048d197-7bc3-4469-95d1-a10a7ee9a9be req-c048d197-7bc3-4469-95d1-a10a7ee9a9be ] Request (ServersV294TestFqdnHostnames:setUpClass): 201 POST http://10.180.1.21:9696/networking/v2.0/subnets 1.782s
2024-10-10 21:00:22.021 63629 INFO tempest.lib.common.rest_client [req-3677c363-2825-4950-97cc-460e8be6babe req-3677c363-2825-4950-97cc-460e8be6babe ] Request (ListImageFiltersTestJSON:setUpClass): 200 GET http://10.180.1.21/compute/v2.1/servers/a4779ddf-7321-4b0f-a719-5b09b63cf547 4.785s
2024-10-10 21:00:22.028 63629 INFO tempest.common.waiters [-] State transition "BUILD/spawning" ==> "ERROR/None" after 18 second wait
2024-10-10 21:00:22.045 63649 INFO tempest.lib.common.rest_client [req-dc535360-452b-4a99-8504-1391a9b56467 req-dc535360-452b-4a99-8504-1391a9b56467 ] Request (SecurityGroupsTestAdminJSON:test_list_security_groups_list_all_tenants_filter): 200 POST http://10.180.1.21/compute/v2.1/os-security-groups 4.895s
2024-10-10 21:00:22.192 63653 INFO tempest.lib.common.rest_client [req-e97a6fa0-602e-4782-b136-7b49b15ec9ba req-e97a6fa0-602e-4782-b136-7b49b15ec9ba ] Request (ServersTestBootFromVolume:setUpClass): 200 GET http://10.180.1.21/volume/v3/ac2c69b732834efeaa1bebf3ae9157a3/volumes/a3431da7-779f-43e7-b40e-ae027eec632f 0.051s
2024-10-10 21:00:22.199 63637 INFO tempest.lib.common.rest_client [req-601ebbc3-3261-401f-8229-ca97732155b7 req-601ebbc3-3261-401f-8229-ca97732155b7 ] Request (QuotasAdminTestV236:test_get_updated_quotas): 200 GET http://10.180.1.21/compute/v2.1/os-quota-sets/d58d8f00620f478681ec822b970bf457/detail 4.678s
2024-10-10 21:00:22.222 63617 INFO tempest.lib.common.rest_client [req-b6787d3c-8323-4edf-8526-b2c8b5c9805d req-b6787d3c-8323-4edf-8526-b2c8b5c9805d ] Request (FlavorsAdminTestJSON:_run_cleanups): 202 DELETE http://10.180.1.21/compute/v2.1/flavors/3afb7ed2-f67d-4020-963b-9d2d70d46046 4.161s
2024-10-10 21:00:22.230 63633 INFO tempest.lib.common.rest_client [req-49c066e4-773e-4a39-bf4c-8e62ea64a68a req-49c066e4-773e-4a39-bf4c-8e62ea64a68a ] Request (ServersTestManualDisk:setUpClass): 200 GET http://10.180.1.21/compute/v2.1/servers/2af4e731-b919-437d-85a2-ec882f08c9b9 4.614s
2024-10-10 21:00:22.251 63656 INFO tempest.lib.common.rest_client [req-880d355e-2da4-4274-a62b-1f8a3b739538 req-880d355e-2da4-4274-a62b-1f8a3b739538 ] Request (FlavorsAccessNegativeTestJSON:_run_cleanups): 200 GET http://10.180.1.21/compute/v2.1/flavors/detail 4.149s
2024-10-10 21:00:22.255 63637 INFO tempest.lib.common.rest_client [req-0f3d0c5d-ab72-45d7-b724-cf5b625339ab req-0f3d0c5d-ab72-45d7-b724-cf5b625339ab ] Request (QuotasAdminTestV236:test_get_updated_quotas): 200 GET http://10.180.1.21/identity/v3/domains?name=Default 0.050s
2024-10-10 21:00:22.295 63637 INFO tempest.lib.common.rest_client [req-6d2ebc7c-965f-4a3b-81e7-00ea0395d9fd req-6d2ebc7c-965f-4a3b-81e7-00ea0395d9fd ] Request (QuotasAdminTestV236:test_get_updated_quotas): 201 POST http://10.180.1.21/identity/v3/users 0.040s
2024-10-10 21:00:22.318 63637 INFO tempest.lib.common.rest_client [req-53720cdf-23da-4f87-b4fa-cfc36e440d29 req-53720cdf-23da-4f87-b4fa-cfc36e440d29 ] Request (QuotasAdminTestV236:test_get_updated_quotas): 200 GET http://10.180.1.21/identity/v3/domains?name=Default 0.022s
2024-10-10 21:00:22.322 63641 INFO tempest.lib.common.rest_client [req-c3e3e4c1-7d5a-459f-83c6-77c7c8d63255 req-c3e3e4c1-7d5a-459f-83c6-77c7c8d63255 ] Request (FlavorsExtraSpecsTestJSON:tearDownClass): 200 GET http://10.180.1.21:9696/networking/v2.0/security-groups?tenant_id=6ab8c7e55e1046659418761e7ebfb2ec&name=default 1.223s
2024-10-10 21:00:22.351 63673 INFO tempest.lib.common.rest_client [req-0826f62c-cb86-4d6e-893c-8c3e2a28c305 req-0826f62c-cb86-4d6e-893c-8c3e2a28c305 ] Request (FlavorsV255TestJSON:test_crud_flavor): 200 GET http://10.180.1.21/compute/v2.1/flavors/580795842 4.084s
2024-10-10 21:00:22.362 63677 INFO tempest.lib.common.rest_client [req-8de00cba-23b6-4da5-a9ca-102c2d51fa5d req-8de00cba-23b6-4da5-a9ca-102c2d51fa5d ] Request (AggregatesAdminNegativeTestJSON:test_aggregate_create_as_user): 403 POST http://10.180.1.21/compute/v2.1/os-aggregates 3.816s
2024-10-10 21:00:22.423 63643 INFO tempest.lib.common.rest_client [req-e1636319-47fb-4baa-8179-90dc80c2b84e req-e1636319-47fb-4baa-8179-90dc80c2b84e ] Request (ServersAdminNegativeTestJSON:setUpClass): 200 GET http://10.180.1.21/compute/v2.1/servers/5748d3ba-a326-4fa2-9643-ed52d0f9e981 3.913s
2024-10-10 21:00:22.442 63668 INFO tempest.lib.common.rest_client [req-b84bf008-d4e6-41d5-882d-f7796686abe0 req-b84bf008-d4e6-41d5-882d-f7796686abe0 ] Request (ImagesMetadataTestJSON:test_set_image_metadata_item): 200 GET http://10.180.1.21/compute/v2.1/images/38b57fa0-e920-4a5a-be76-d8f88cf21663/metadata 3.649s
2024-10-10 21:00:23.194 63663 INFO tempest.lib.common.rest_client [req-adbf8698-c6f0-4e9b-825a-b8aca08d582b req-adbf8698-c6f0-4e9b-825a-b8aca08d582b ] Request (VolumesAssistedSnapshotsTest:test_volume_assisted_snapshot_create_delete): 200 GET http://10.180.1.21/compute/v2.1/servers/b3ac732d-ba4b-4194-8ca7-d8a41a87a919 4.144s
2024-10-10 21:00:23.240 63653 INFO tempest.lib.common.rest_client [req-7b5e5997-8c95-41cb-ad08-46f4222b3631 req-7b5e5997-8c95-41cb-ad08-46f4222b3631 ] Request (ServersTestBootFromVolume:setUpClass): 200 GET http://10.180.1.21/volume/v3/ac2c69b732834efeaa1bebf3ae9157a3/volumes/a3431da7-779f-43e7-b40e-ae027eec632f 0.033s
2024-10-10 21:00:23.242 63641 INFO tempest.lib.common.rest_client [req-0d63d15a-42ab-4505-9a07-675ce01d6c71 req-0d63d15a-42ab-4505-9a07-675ce01d6c71 ] Request (FlavorsExtraSpecsTestJSON:tearDownClass): 204 DELETE http://10.180.1.21:9696/networking/v2.0/security-groups/022bb9ef-7fa1-4775-abd1-bc43429b21d6 0.919s
2024-10-10 21:00:23.403 63641 INFO tempest.lib.common.rest_client [req-f55bf4c1-afe5-4f54-b9de-88f794bfc5e5 req-f55bf4c1-afe5-4f54-b9de-88f794bfc5e5 ] Request (FlavorsExtraSpecsTestJSON:tearDownClass): 204 DELETE http://10.180.1.21/identity/v3/projects/6ab8c7e55e1046659418761e7ebfb2ec 0.161s
2024-10-10 21:00:23.488 63641 INFO tempest.lib.common.rest_client [req-acfe6e1e-3acf-4b8d-b651-dbc8f58d085a req-acfe6e1e-3acf-4b8d-b651-dbc8f58d085a ] Request (HostsAdminNegativeTestJSON:setUpClass): 201 POST http://10.180.1.21/identity/v3/auth/tokens 0.083s
2024-10-10 21:00:23.500 63679 INFO tempest.lib.common.rest_client [req-20cebd77-77e2-4b71-b9a2-95af3b8f69c9 req-20cebd77-77e2-4b71-b9a2-95af3b8f69c9 ] Request (DeleteServersAdminTestJSON:test_delete_server_while_in_error_state): 204 DELETE http://10.180.1.21/compute/v2.1/servers/9d7c22ae-ae42-4119-9ced-6f6d260d645f 4.239s
2024-10-10 21:00:23.528 63623 INFO tempest.lib.common.rest_client [req-273e86ba-e159-4d23-89d7-39a6a0f77e56 req-273e86ba-e159-4d23-89d7-39a6a0f77e56 ] Request (HostsAdminTestJSON:test_show_host_detail): 200 GET http://10.180.1.21/compute/v2.1/os-hosts 4.068s
2024-10-10 21:00:23.594 63641 INFO tempest.lib.common.rest_client [req-5d982c40-170f-4870-be90-7ac4bd2fd88f req-5d982c40-170f-4870-be90-7ac4bd2fd88f ] Request (HostsAdminNegativeTestJSON:setUpClass): 201 POST http://10.180.1.21/identity/v3/auth/tokens 0.048s
2024-10-10 21:00:23.620 63641 INFO tempest.lib.common.rest_client [req-287d3e55-6074-4bf5-a138-b6bfa44cef46 req-287d3e55-6074-4bf5-a138-b6bfa44cef46 ] Request (HostsAdminNegativeTestJSON:setUpClass): 200 GET http://10.180.1.21/identity/v3/domains?name=Default 0.025s
2024-10-10 21:00:23.667 63641 INFO tempest.lib.common.rest_client [req-b0c1d298-29b6-40b3-bdfc-0e9fece9bf28 req-b0c1d298-29b6-40b3-bdfc-0e9fece9bf28 ] Request (HostsAdminNegativeTestJSON:setUpClass): 201 POST http://10.180.1.21/identity/v3/projects 0.046s
2024-10-10 21:00:23.756 63639 INFO tempest.lib.common.rest_client [req-713e879a-5779-43d8-9f87-b3a19dc7f61b req-713e879a-5779-43d8-9f87-b3a19dc7f61b ] Request (KeyPairsV210TestJSON:test_admin_manage_keypairs_for_other_users): 201 POST http://10.180.1.21/compute/v2.1/os-keypairs 3.615s
2024-10-10 21:00:23.776 63641 INFO tempest.lib.common.rest_client [req-f864b8d9-ba29-4fc1-9e6a-5c3a1ae7c916 req-f864b8d9-ba29-4fc1-9e6a-5c3a1ae7c916 ] Request (HostsAdminNegativeTestJSON:setUpClass): 201 POST http://10.180.1.21/identity/v3/users 0.109s
2024-10-10 21:00:23.797 63641 INFO tempest.lib.common.rest_client [req-869ddec9-a993-4d85-9b6f-1026dc29088a req-869ddec9-a993-4d85-9b6f-1026dc29088a ] Request (HostsAdminNegativeTestJSON:setUpClass): 200 GET http://10.180.1.21/identity/v3/roles 0.021s
2024-10-10 21:00:23.840 63661 INFO tempest.lib.common.rest_client [req-5b139572-8fb6-4a7b-a811-04f6793e2b74 req-5b139572-8fb6-4a7b-a811-04f6793e2b74 ] Request (ImagesNegativeTestJSON:setUpClass): 200 PUT http://10.180.1.21:9696/networking/v2.0/routers/1a16e575-9a89-4800-b39c-9e8d8f9d44b7/add_router_interface 8.844s
2024-10-10 21:00:23.840 63661 INFO tempest.lib.common.dynamic_creds [-] Created isolated network resources for: credentials: Credentials: {'domain_id': 'default', 'domain_name': 'Default', 'username': 'tempest-ImagesNegativeTestJSON-310289176-project-member', 'project_domain_id': 'default', 'project_domain_name': 'Default', 'project_id': 'ef3d405802bf4256a995e76a971617c7', 'project_name': 'tempest-ImagesNegativeTestJSON-310289176', 'tenant_id': 'ef3d405802bf4256a995e76a971617c7', 'tenant_name': 'tempest-ImagesNegativeTestJSON-310289176', 'user_domain_id': 'default', 'user_domain_name': 'Default', 'user_id': '513dc1d3d41e4d52a467464478b0c381', 'system': None}, Network: {'id': '3c0c3653-b29a-44da-9569-50cdea77bcc5', 'name': 'tempest-ImagesNegativeTestJSON-1600166517-network', 'tenant_id': 'ef3d405802bf4256a995e76a971617c7', 'admin_state_up': True, 'mtu': 8950, 'status': 'ACTIVE', 'subnets': [], 'shared': False, 'project_id': 'ef3d405802bf4256a995e76a971617c7', 'port_security_enabled': True, 'router:external': False, 'provider:network_type': 'vlan', 'provider:physical_network': 'default', 'provider:segmentation_id': 17, 'is_default': False, 'availability_zone_hints': [], 'availability_zones': [], 'ipv4_address_scope': None, 'ipv6_address_scope': None, 'description': '', 'tags': [], 'created_at': '2024-10-10T21:00:06Z', 'updated_at': '2024-10-10T21:00:06Z', 'revision_number': 1}, Subnet: {'id': '6a1390d7-179b-458f-ae55-74ce85e39df4', 'name': 'tempest-ImagesNegativeTestJSON-1600166517-subnet', 'tenant_id': 'ef3d405802bf4256a995e76a971617c7', 'network_id': '3c0c3653-b29a-44da-9569-50cdea77bcc5', 'ip_version': 4, 'subnetpool_id': None, 'enable_dhcp': True, 'ipv6_ra_mode': None, 'ipv6_address_mode': None, 'gateway_ip': '192.168.128.1', 'cidr': '192.168.128.0/28', 'allocation_pools': [{'start': '192.168.128.2', 'end': '192.168.128.14'}], 'host_routes': [], 'dns_nameservers': [], 'description': '', 'service_types': [], 'tags': [], 'created_at': '2024-10-10T21:00:07Z', 'updated_at': '2024-10-10T21:00:07Z', 'revision_number': 0, 'project_id': 'ef3d405802bf4256a995e76a971617c7'}, Router: {'id': '1a16e575-9a89-4800-b39c-9e8d8f9d44b7', 'name': 'tempest-ImagesNegativeTestJSON-1600166517-router', 'tenant_id': 'ef3d405802bf4256a995e76a971617c7', 'admin_state_up': True, 'status': 'ACTIVE', 'external_gateway_info': {'network_id': '0596d49d-fe77-4597-ad4e-52494eb2f7fb', 'external_fixed_ips': [{'subnet_id': '534481ec-6b9e-4776-aaf9-dee559034aa2', 'ip_address': '10.180.180.237'}], 'enable_snat': True}, 'description': '', 'availability_zones': [], 'distributed': False, 'ha': False, 'availability_zone_hints': [], 'routes': [], 'flavor_id': None, 'tags': [], 'created_at': '2024-10-10T21:00:08Z', 'updated_at': '2024-10-10T21:00:11Z', 'revision_number': 2, 'project_id': 'ef3d405802bf4256a995e76a971617c7'}
2024-10-10 21:00:23.844 63641 INFO tempest.lib.common.rest_client [req-be659450-cdc3-4a29-a847-cfc3578e704d req-be659450-cdc3-4a29-a847-cfc3578e704d ] Request (HostsAdminNegativeTestJSON:setUpClass): 204 PUT http://10.180.1.21/identity/v3/projects/630c52a2f9ab48dba2448a3523fbfdee/users/2de48821f4ea42c08c43b4a4867e850c/roles/35d84aa92ed5416a991c45f489ef6d91 0.046s
2024-10-10 21:00:23.844 63641 INFO tempest.lib.common.dynamic_creds [-] Dynamic test user 2de48821f4ea42c08c43b4a4867e850c is created with scope project and roles: ['member']
2024-10-10 21:00:23.845 63641 INFO tempest.lib.common.dynamic_creds [-] Acquired dynamic creds: credentials: Credentials: {'domain_id': 'default', 'domain_name': 'Default', 'username': 'tempest-HostsAdminNegativeTestJSON-855086969-project-member', 'project_domain_id': 'default', 'project_domain_name': 'Default', 'project_id': '630c52a2f9ab48dba2448a3523fbfdee', 'project_name': 'tempest-HostsAdminNegativeTestJSON-855086969', 'tenant_id': '630c52a2f9ab48dba2448a3523fbfdee', 'tenant_name': 'tempest-HostsAdminNegativeTestJSON-855086969', 'user_domain_id': 'default', 'user_domain_name': 'Default', 'user_id': '2de48821f4ea42c08c43b4a4867e850c', 'system': None}, Network: None, Subnet: None, Router: None
2024-10-10 21:00:23.845 63641 INFO tempest.lib.common.dynamic_creds [-] Created isolated network resources for: credentials: Credentials: {'domain_id': 'default', 'domain_name': 'Default', 'username': 'tempest-HostsAdminNegativeTestJSON-855086969-project-member', 'project_domain_id': 'default', 'project_domain_name': 'Default', 'project_id': '630c52a2f9ab48dba2448a3523fbfdee', 'project_name': 'tempest-HostsAdminNegativeTestJSON-855086969', 'tenant_id': '630c52a2f9ab48dba2448a3523fbfdee', 'tenant_name': 'tempest-HostsAdminNegativeTestJSON-855086969', 'user_domain_id': 'default', 'user_domain_name': 'Default', 'user_id': '2de48821f4ea42c08c43b4a4867e850c', 'system': None}, Network: None, Subnet: None, Router: None
2024-10-10 21:00:23.859 63645 INFO tempest.lib.common.rest_client [req-c47a860d-da6c-4306-b008-dd3d7776ea94 req-c47a860d-da6c-4306-b008-dd3d7776ea94 ] Request (VolumesAdminNegativeTest:test_update_attached_volume_with_nonexistent_volume_in_uri): 200 GET http://10.180.1.21/compute/v2.1/servers/6532633f-3643-4058-85c1-88c963792102 4.976s
2024-10-10 21:00:23.871 63647 INFO tempest.lib.common.rest_client [req-99c161ed-27d4-4adb-8cc7-cab909abea30 req-99c161ed-27d4-4adb-8cc7-cab909abea30 ] Request (FloatingIPDetailsTestJSON:tearDownClass): 204 DELETE http://10.180.1.21:9696/networking/v2.0/routers/975fb2a5-8a54-437a-a9b3-9c531fdec843 3.641s
2024-10-10 21:00:23.974 63661 INFO tempest.lib.common.rest_client [req-449df9ec-78fc-4947-9c2e-d50712315e78 req-449df9ec-78fc-4947-9c2e-d50712315e78 ] Request (ImagesNegativeTestJSON:setUpClass): 201 POST http://10.180.1.21/identity/v3/auth/tokens 0.128s
2024-10-10 21:00:23.976 63641 INFO tempest.lib.common.rest_client [req-58dbaa87-7cb8-472b-84e4-d89af84b850b req-58dbaa87-7cb8-472b-84e4-d89af84b850b ] Request (HostsAdminNegativeTestJSON:setUpClass): 201 POST http://10.180.1.21/identity/v3/auth/tokens 0.126s
2024-10-10 21:00:24.023 63661 INFO tempest.lib.common.rest_client [req-fb1ac3d9-d5e0-44d8-b80f-ce57ee31fd5d req-fb1ac3d9-d5e0-44d8-b80f-ce57ee31fd5d ] Request (ImagesNegativeTestJSON:test_create_image_from_deleted_server): 201 POST http://10.180.1.21/identity/v3/auth/tokens 0.044s
2024-10-10 21:00:24.023 63661 INFO tempest.lib.common.fixed_network [-] (ImagesNegativeTestJSON:test_create_image_from_deleted_server) Found network {'id': '3c0c3653-b29a-44da-9569-50cdea77bcc5', 'name': 'tempest-ImagesNegativeTestJSON-1600166517-network', 'tenant_id': 'ef3d405802bf4256a995e76a971617c7', 'admin_state_up': True, 'mtu': 8950, 'status': 'ACTIVE', 'subnets': [], 'shared': False, 'project_id': 'ef3d405802bf4256a995e76a971617c7', 'port_security_enabled': True, 'router:external': False, 'provider:network_type': 'vlan', 'provider:physical_network': 'default', 'provider:segmentation_id': 17, 'is_default': False, 'availability_zone_hints': [], 'availability_zones': [], 'ipv4_address_scope': None, 'ipv6_address_scope': None, 'description': '', 'tags': [], 'created_at': '2024-10-10T21:00:06Z', 'updated_at': '2024-10-10T21:00:06Z', 'revision_number': 1} available for tenant
2024-10-10 21:00:24.040 63627 INFO tempest.lib.common.rest_client [req-3c45ce4d-a0f9-465e-b0b2-a98aa1a908b3 req-3c45ce4d-a0f9-465e-b0b2-a98aa1a908b3 ] Request (ServersAdmin275Test:test_rebuild_update_server_275): 200 GET http://10.180.1.21/compute/v2.1/servers/69e0ee1b-9f98-4686-a405-e0a0d288a899 3.595s
2024-10-10 21:00:24.094 63641 INFO tempest.lib.common.rest_client [req-48043569-c760-4ae0-a446-ee1a9df430f2 req-48043569-c760-4ae0-a446-ee1a9df430f2 ] Request (HostsAdminNegativeTestJSON:setUpClass): 201 POST http://10.180.1.21/identity/v3/projects 0.118s
2024-10-10 21:00:24.171 63641 INFO tempest.lib.common.rest_client [req-185f707b-930e-4c2f-b3b2-aa70347c1cb5 req-185f707b-930e-4c2f-b3b2-aa70347c1cb5 ] Request (HostsAdminNegativeTestJSON:setUpClass): 201 POST http://10.180.1.21/identity/v3/users 0.076s
2024-10-10 21:00:24.193 63641 INFO tempest.lib.common.rest_client [req-d5e8496e-deea-4b47-920c-aac15dac9a36 req-d5e8496e-deea-4b47-920c-aac15dac9a36 ] Request (HostsAdminNegativeTestJSON:setUpClass): 200 GET http://10.180.1.21/identity/v3/roles 0.022s
2024-10-10 21:00:24.228 63641 INFO tempest.lib.common.rest_client [req-d975e40b-96b5-4534-9226-8d1b898a8d5a req-d975e40b-96b5-4534-9226-8d1b898a8d5a ] Request (HostsAdminNegativeTestJSON:setUpClass): 204 PUT http://10.180.1.21/identity/v3/projects/53a4bdda2e0e44fd83f61a9c9825cc4a/users/a047783fc01c4c218badaa94c7940120/roles/4f28d209c04442dca1da733995201cae 0.034s
2024-10-10 21:00:24.281 63641 INFO tempest.lib.common.rest_client [req-d8b1aa8e-5528-4aa8-8c3c-8a3508053052 req-d8b1aa8e-5528-4aa8-8c3c-8a3508053052 ] Request (HostsAdminNegativeTestJSON:setUpClass): 200 GET http://10.180.1.21/identity/v3/roles 0.053s
2024-10-10 21:00:24.287 63653 INFO tempest.lib.common.rest_client [req-affe2229-4096-431f-954f-d7762c8c8cac req-affe2229-4096-431f-954f-d7762c8c8cac ] Request (ServersTestBootFromVolume:setUpClass): 200 GET http://10.180.1.21/volume/v3/ac2c69b732834efeaa1bebf3ae9157a3/volumes/a3431da7-779f-43e7-b40e-ae027eec632f 0.037s
