2024-10-10 21:03:13.166 63675 INFO tempest.lib.common.rest_client [req-6f9ece33-0482-47e4-8a3e-eadf9cc65e26 req-6f9ece33-0482-47e4-8a3e-eadf9cc65e26 ] Request (ValidationResourcesFixture:setUp): 201 POST http://10.180.1.21:9696/networking/v2.0/security-groups 0.732s
2024-10-10 21:03:13.258 63677 INFO tempest.lib.common.rest_client [req-5977596e-59a3-4955-9093-d1a958ed57bd req-5977596e-59a3-4955-9093-d1a958ed57bd ] Request (AttachVolumeTestJSON:_run_cleanups): 204 DELETE http://10.180.1.21:9696/networking/v2.0/security-groups/56e85014-9f64-4d5d-bc44-c962ff93eae0 0.863s
2024-10-10 21:03:13.323 63643 INFO tempest.lib.common.rest_client [req-fa02146f-e88d-40d1-b951-b8a7ff83cd55 req-fa02146f-e88d-40d1-b951-b8a7ff83cd55 ] Request (ServersTestJSON:test_create_server_with_ipv6_addr_only): 200 GET http://10.180.1.21/compute/v2.1/servers/0f872be6-40dc-4973-8a7b-18d6cbf7b346 2.457s
2024-10-10 21:03:13.340 63677 INFO tempest.lib.common.rest_client [req-bec0a385-3fd3-417d-88d5-65603e259ef6 req-bec0a385-3fd3-417d-88d5-65603e259ef6 ] Request (AttachVolumeTestJSON:_run_cleanups): 404 GET http://10.180.1.21:9696/networking/v2.0/security-groups/56e85014-9f64-4d5d-bc44-c962ff93eae0 0.081s
2024-10-10 21:03:13.372 63653 INFO tempest.lib.common.rest_client [req-73fba947-48ad-4b84-9a1c-df71c958b7e2 req-73fba947-48ad-4b84-9a1c-df71c958b7e2 ] Request (MultipleCreateTestJSON:tearDownClass): 204 DELETE http://10.180.1.21:9696/networking/v2.0/subnets/ec7e1cc2-effc-473c-8c55-c4a34a85b1ba 0.998s
2024-10-10 21:03:13.481 63645 INFO tempest.lib.common.rest_client [req-87853127-64a0-4b86-a6cc-eaad0ac6fe56 req-87853127-64a0-4b86-a6cc-eaad0ac6fe56 ] Request (ServersListShow296Test:tearDownClass): 200 GET http://10.180.1.21/compute/v2.1/servers/cf94fd5d-5b62-44c3-98e9-53c9d3f849ec 2.334s
2024-10-10 21:03:13.585 63631 INFO tempest.lib.common.rest_client [req-ff4ac36a-a073-4d65-a9ba-46290c7c397f req-ff4ac36a-a073-4d65-a9ba-46290c7c397f ] Request (ServerShowV254Test:test_rebuild_server): 200 GET http://10.180.1.21/compute/v2.1/servers/68c66211-2c18-4d65-a895-b7e814cfff2b 2.331s
2024-10-10 21:03:13.686 63617 INFO tempest.lib.common.rest_client [req-26641b86-b977-422f-81be-355ef88ddfa5 req-26641b86-b977-422f-81be-355ef88ddfa5 ] Request (ServersAaction247Test:test_create_backup): 200 GET http://10.180.1.21/compute/v2.1/servers/78890aa3-db6e-4e24-9612-2103f6881a34 2.295s
2024-10-10 21:03:13.771 63671 INFO tempest.lib.common.rest_client [req-96c3ad42-ad95-4273-a854-616456d7e106 req-96c3ad42-ad95-4273-a854-616456d7e106 ] Request (ServersTestJSON:tearDownClass): 204 DELETE http://10.180.1.21:9696/networking/v2.0/security-groups/4ba1f11b-1d0a-4425-8c67-333ed2d27679 0.908s
2024-10-10 21:03:13.792 63635 INFO tempest.lib.common.rest_client [req-9d34b200-fa35-470a-8256-77fc856cd129 req-9d34b200-fa35-470a-8256-77fc856cd129 ] Request (ListServerFiltersTestJSON:setUpClass): 200 GET http://10.180.1.21/compute/v2.1/servers/939fb340-36dc-41b5-899d-7809a7d1f52d 2.032s
2024-10-10 21:03:13.919 63671 INFO tempest.lib.common.rest_client [req-e86f5b36-903c-4729-90f1-1107f6fbac56 req-e86f5b36-903c-4729-90f1-1107f6fbac56 ] Request (ServersTestJSON:tearDownClass): 204 DELETE http://10.180.1.21/identity/v3/projects/57370d48f95f4888971c19632dc1dd8c 0.147s
2024-10-10 21:03:13.967 63675 INFO tempest.lib.common.rest_client [req-415b7a8f-0e79-499b-b004-b56430e0cf47 req-415b7a8f-0e79-499b-b004-b56430e0cf47 ] Request (ValidationResourcesFixture:setUp): 201 POST http://10.180.1.21:9696/networking/v2.0/security-group-rules 0.800s
2024-10-10 21:03:13.990 63637 INFO tempest.lib.common.rest_client [req-fe374ebd-324e-4e02-b99f-9bc409100c02 req-fe374ebd-324e-4e02-b99f-9bc409100c02 ] Request (ServerAddressesTestJSON:setUpClass): 200 GET http://10.180.1.21/compute/v2.1/servers/740d4ec7-7db0-48b6-9689-cba409d26e7e 1.733s
2024-10-10 21:03:14.007 63671 INFO tempest.lib.common.rest_client [req-b22e2c90-0d23-4f78-8130-c61b9a59e575 req-b22e2c90-0d23-4f78-8130-c61b9a59e575 ] Request (ServerActionsTestJSON:setUpClass): 201 POST http://10.180.1.21/identity/v3/auth/tokens 0.084s
2024-10-10 21:03:14.049 63671 INFO tempest.lib.common.rest_client [req-448a64e2-ffd2-4ad9-be46-2e4ecc11dcdc req-448a64e2-ffd2-4ad9-be46-2e4ecc11dcdc ] Request (ServerActionsTestJSON:setUpClass): 201 POST http://10.180.1.21/identity/v3/auth/tokens 0.039s
2024-10-10 21:03:14.074 63625 INFO tempest.lib.common.rest_client [req-9a4fa0fd-a1e6-4aeb-b5b6-9eba4f5eeafd req-9a4fa0fd-a1e6-4aeb-b5b6-9eba4f5eeafd ] Request (ServerDiskConfigTestJSON:test_rebuild_server_with_auto_disk_config): 200 GET http://10.180.1.21/compute/v2.1/servers/7027c5d1-fb50-4e97-bf52-31b7f35d8a56 3.042s
2024-10-10 21:03:14.081 63671 INFO tempest.lib.common.rest_client [req-c0e9ec0b-a00f-4118-82d6-b2d5b8280954 req-c0e9ec0b-a00f-4118-82d6-b2d5b8280954 ] Request (ServerActionsTestJSON:setUpClass): 200 GET http://10.180.1.21/identity/v3/domains?name=Default 0.031s
2024-10-10 21:03:14.120 63671 INFO tempest.lib.common.rest_client [req-6b3d789d-86c9-4522-8cdd-7098cbf1af60 req-6b3d789d-86c9-4522-8cdd-7098cbf1af60 ] Request (ServerActionsTestJSON:setUpClass): 201 POST http://10.180.1.21/identity/v3/projects 0.035s
2024-10-10 21:03:14.194 63671 INFO tempest.lib.common.rest_client [req-7383d788-9a68-43b2-ae73-0d902f0281d3 req-7383d788-9a68-43b2-ae73-0d902f0281d3 ] Request (ServerActionsTestJSON:setUpClass): 201 POST http://10.180.1.21/identity/v3/users 0.073s
2024-10-10 21:03:14.212 63653 INFO tempest.lib.common.rest_client [req-db194636-2a01-4f04-8954-580b8defbc29 req-db194636-2a01-4f04-8954-580b8defbc29 ] Request (MultipleCreateTestJSON:tearDownClass): 204 DELETE http://10.180.1.21:9696/networking/v2.0/networks/e97e5ed8-251a-444f-8eaa-8df89f4650f1 0.840s
2024-10-10 21:03:14.213 63671 INFO tempest.lib.common.rest_client [req-0067f0e4-2e20-4ec6-9e02-f05e96a0a6e5 req-0067f0e4-2e20-4ec6-9e02-f05e96a0a6e5 ] Request (ServerActionsTestJSON:setUpClass): 200 GET http://10.180.1.21/identity/v3/roles 0.018s
2024-10-10 21:03:14.248 63671 INFO tempest.lib.common.rest_client [req-44d72fc0-280c-4088-903f-b527a7b82a0d req-44d72fc0-280c-4088-903f-b527a7b82a0d ] Request (ServerActionsTestJSON:setUpClass): 204 PUT http://10.180.1.21/identity/v3/projects/4f9b578af1d4404b96c7027e57be8001/users/1da70de9c4024cf6883cabc47fa4abfa/roles/35d84aa92ed5416a991c45f489ef6d91 0.035s
2024-10-10 21:03:14.249 63671 INFO tempest.lib.common.dynamic_creds [-] Dynamic test user 1da70de9c4024cf6883cabc47fa4abfa is created with scope project and roles: ['member']
2024-10-10 21:03:14.249 63671 INFO tempest.lib.common.dynamic_creds [-] Acquired dynamic creds: credentials: Credentials: {'domain_id': 'default', 'domain_name': 'Default', 'username': 'tempest-ServerActionsTestJSON-1893603631-project-member', 'project_domain_id': 'default', 'project_domain_name': 'Default', 'project_id': '4f9b578af1d4404b96c7027e57be8001', 'project_name': 'tempest-ServerActionsTestJSON-1893603631', 'tenant_id': '4f9b578af1d4404b96c7027e57be8001', 'tenant_name': 'tempest-ServerActionsTestJSON-1893603631', 'user_domain_id': 'default', 'user_domain_name': 'Default', 'user_id': '1da70de9c4024cf6883cabc47fa4abfa', 'system': None}, Network: None, Subnet: None, Router: None
2024-10-10 21:03:14.265 63623 INFO tempest.lib.common.rest_client [req-36ae7c23-0b27-4128-9fa5-e28ba9eaec50 req-36ae7c23-0b27-4128-9fa5-e28ba9eaec50 ] Request (SecurityGroupsTestJSON:test_security_group_create_get_delete): 200 GET http://10.180.1.21/compute/v2.1/os-security-groups/12acab88-d079-4b37-983b-fd24e6a19d6b 1.897s
2024-10-10 21:03:14.272 63673 INFO tempest.lib.common.rest_client [req-19648fab-a086-4b3d-bff0-54f5eee91cbf req-19648fab-a086-4b3d-bff0-54f5eee91cbf ] Request (ImagesTestJSON:tearDownClass): 200 PUT http://10.180.1.21:9696/networking/v2.0/routers/650ffa14-eb7a-4506-a646-45680baeb472/remove_router_interface 5.434s
2024-10-10 21:03:14.317 63653 INFO tempest.lib.common.rest_client [req-65325f48-4a57-460f-bea5-c0c0b51469d3 req-65325f48-4a57-460f-bea5-c0c0b51469d3 ] Request (MultipleCreateTestJSON:tearDownClass): 204 DELETE http://10.180.1.21/identity/v3/users/6efffae4de284f77ae1e0a297279f0f1 0.104s
2024-10-10 21:03:14.317 63653 INFO tempest.lib.common.dynamic_creds [-] Deleting project and security group for project: a2e1cb9199964a9cbb06c7c554ee2a14
2024-10-10 21:03:14.329 63671 INFO tempest.lib.common.rest_client [req-28e8b83b-fd1c-4bb5-8237-4b7be85563b0 req-28e8b83b-fd1c-4bb5-8237-4b7be85563b0 ] Request (ServerActionsTestJSON:setUpClass): 201 POST http://10.180.1.21/identity/v3/auth/tokens 0.080s
2024-10-10 21:03:14.617 63639 INFO tempest.lib.common.rest_client [req-51cbcd4e-32fd-41e8-bb7d-13aae8c13c33 req-51cbcd4e-32fd-41e8-bb7d-13aae8c13c33 ] Request (ServerDiagnosticsV248Test:test_get_server_diagnostics): 200 GET http://10.180.1.21/compute/v2.1/servers/c8b80604-93f2-4109-bbf0-dff56d7c8687 1.884s
2024-10-10 21:03:14.718 63669 INFO tempest.lib.common.rest_client [req-cbca8d09-15b3-4306-839a-ff025ca96440 req-cbca8d09-15b3-4306-839a-ff025ca96440 ] Request (ServersTestMultiNic:test_verify_multiple_nics_order): 200 GET http://10.180.1.21/compute/v2.1/servers/df06157c-53b9-4a81-b47d-caaed1d1caa5 2.293s
2024-10-10 21:03:14.768 63653 INFO tempest.lib.common.rest_client [req-9dc453c7-1f58-44fc-ba22-adec646c6544 req-9dc453c7-1f58-44fc-ba22-adec646c6544 ] Request (MultipleCreateTestJSON:tearDownClass): 200 GET http://10.180.1.21:9696/networking/v2.0/security-groups?tenant_id=a2e1cb9199964a9cbb06c7c554ee2a14&name=default 0.450s
2024-10-10 21:03:14.855 63677 INFO tempest.lib.common.rest_client [req-54a3161a-c19a-4c89-9361-0763f0a6b48f req-54a3161a-c19a-4c89-9361-0763f0a6b48f ] Request (AttachVolumeTestJSON:_run_cleanups): 204 DELETE http://10.180.1.21:9696/networking/v2.0/floatingips/5b0bf66f-2613-4a5a-93e5-273fd22fa3b7 1.515s
2024-10-10 21:03:14.966 63675 INFO tempest.lib.common.rest_client [req-77798afb-8604-4584-9f65-39b3ff2702bf req-77798afb-8604-4584-9f65-39b3ff2702bf ] Request (ValidationResourcesFixture:setUp): 201 POST http://10.180.1.21:9696/networking/v2.0/security-group-rules 0.998s
2024-10-10 21:03:15.338 63641 INFO tempest.lib.common.rest_client [req-98ec1199-8bb0-42c7-aaff-aec227881442 req-98ec1199-8bb0-42c7-aaff-aec227881442 ] Request (DeleteServersTestJSON:test_delete_server_while_in_building_state): 200 GET http://10.180.1.21/compute/v2.1/servers/b105a439-6559-465b-aa03-67ef38f09f9b 1.225s
2024-10-10 21:03:15.361 63653 INFO tempest.lib.common.rest_client [req-51ce71d0-e428-426f-9d42-bc0a15409bc8 req-51ce71d0-e428-426f-9d42-bc0a15409bc8 ] Request (MultipleCreateTestJSON:tearDownClass): 204 DELETE http://10.180.1.21:9696/networking/v2.0/security-groups/754b512e-bb9d-4609-b447-891e0b7b6466 0.592s
2024-10-10 21:03:15.400 63623 INFO tempest.lib.common.rest_client [req-f9ac7e2f-a95e-48bb-92d9-2723ffaf0ab1 req-f9ac7e2f-a95e-48bb-92d9-2723ffaf0ab1 ] Request (SecurityGroupsTestJSON:test_security_group_create_get_delete): 202 DELETE http://10.180.1.21/compute/v2.1/os-security-groups/12acab88-d079-4b37-983b-fd24e6a19d6b 1.133s
2024-10-10 21:03:15.447 63643 INFO tempest.lib.common.rest_client [req-b076cb0f-17b1-4a40-b550-05bee0fcd495 req-b076cb0f-17b1-4a40-b550-05bee0fcd495 ] Request (ServersTestJSON:test_create_server_with_ipv6_addr_only): 200 GET http://10.180.1.21/compute/v2.1/servers/0f872be6-40dc-4973-8a7b-18d6cbf7b346 1.115s
2024-10-10 21:03:15.448 63653 INFO tempest.lib.common.rest_client [req-a875f89f-c921-45aa-8311-e19c246335c7 req-a875f89f-c921-45aa-8311-e19c246335c7 ] Request (MultipleCreateTestJSON:tearDownClass): 204 DELETE http://10.180.1.21/identity/v3/projects/a2e1cb9199964a9cbb06c7c554ee2a14 0.087s
2024-10-10 21:03:15.501 63656 INFO tempest.lib.common.rest_client [req-9a38d2fb-2946-4a7a-b55c-71690022c099 req-9a38d2fb-2946-4a7a-b55c-71690022c099 ] Request (SecurityGroupRulesNegativeTestJSON:tearDownClass): 204 DELETE http://10.180.1.21:9696/networking/v2.0/routers/891240a8-09b3-48b1-a823-a3bf20b6bae7 2.658s
2024-10-10 21:03:15.529 63671 INFO tempest.lib.common.rest_client [req-c331270a-1522-44a3-8e3a-c4db93fd2b3e req-c331270a-1522-44a3-8e3a-c4db93fd2b3e ] Request (ServerActionsTestJSON:setUpClass): 201 POST http://10.180.1.21:9696/networking/v2.0/networks 1.200s
2024-10-10 21:03:15.566 63653 INFO tempest.lib.common.rest_client [req-923739ed-afc1-4394-91c0-c603ef444b23 req-923739ed-afc1-4394-91c0-c603ef444b23 ] Request (ServerGroupTestJSON:setUpClass): 201 POST http://10.180.1.21/identity/v3/auth/tokens 0.116s
2024-10-10 21:03:15.608 63653 INFO tempest.lib.common.rest_client [req-fdd163f6-7341-4440-bc53-18ae04a3c1ad req-fdd163f6-7341-4440-bc53-18ae04a3c1ad ] Request (ServerGroupTestJSON:setUpClass): 201 POST http://10.180.1.21/identity/v3/auth/tokens 0.040s
2024-10-10 21:03:15.649 63653 INFO tempest.lib.common.rest_client [req-164db6c6-193f-4e6d-831d-3f5b49475117 req-164db6c6-193f-4e6d-831d-3f5b49475117 ] Request (ServerGroupTestJSON:setUpClass): 200 GET http://10.180.1.21/identity/v3/domains?name=Default 0.040s
2024-10-10 21:03:15.684 63653 INFO tempest.lib.common.rest_client [req-d0b1c05b-b93f-4078-8c98-d582d925850e req-d0b1c05b-b93f-4078-8c98-d582d925850e ] Request (ServerGroupTestJSON:setUpClass): 201 POST http://10.180.1.21/identity/v3/projects 0.035s
2024-10-10 21:03:15.720 63645 INFO tempest.lib.common.rest_client [req-e8125af8-09f2-4a2d-8835-06b26c37d51f req-e8125af8-09f2-4a2d-8835-06b26c37d51f ] Request (ServersListShow296Test:tearDownClass): 200 GET http://10.180.1.21/compute/v2.1/servers/cf94fd5d-5b62-44c3-98e9-53c9d3f849ec 1.228s
2024-10-10 21:03:15.740 63653 INFO tempest.lib.common.rest_client [req-0e264509-e7db-49c4-973e-905b47933f6c req-0e264509-e7db-49c4-973e-905b47933f6c ] Request (ServerGroupTestJSON:setUpClass): 201 POST http://10.180.1.21/identity/v3/users 0.055s
2024-10-10 21:03:15.760 63653 INFO tempest.lib.common.rest_client [req-97697c10-f475-407b-adf6-56f0e2b7ca20 req-97697c10-f475-407b-adf6-56f0e2b7ca20 ] Request (ServerGroupTestJSON:setUpClass): 200 GET http://10.180.1.21/identity/v3/roles 0.020s
2024-10-10 21:03:15.773 63631 INFO tempest.lib.common.rest_client [req-f1258118-f5c5-4323-87d3-c9d41e70e855 req-f1258118-f5c5-4323-87d3-c9d41e70e855 ] Request (ServerShowV254Test:test_rebuild_server): 200 GET http://10.180.1.21/compute/v2.1/servers/68c66211-2c18-4d65-a895-b7e814cfff2b 1.169s
2024-10-10 21:03:15.804 63653 INFO tempest.lib.common.rest_client [req-2108fee6-86ea-473f-a1c3-5c6788bf49f7 req-2108fee6-86ea-473f-a1c3-5c6788bf49f7 ] Request (ServerGroupTestJSON:setUpClass): 204 PUT http://10.180.1.21/identity/v3/projects/55d5e9d50a434545a15e12b8705d80fe/users/09ad7a804af24725916afda5c54acb12/roles/35d84aa92ed5416a991c45f489ef6d91 0.043s
2024-10-10 21:03:15.804 63653 INFO tempest.lib.common.dynamic_creds [-] Dynamic test user 09ad7a804af24725916afda5c54acb12 is created with scope project and roles: ['member']
2024-10-10 21:03:15.805 63653 INFO tempest.lib.common.dynamic_creds [-] Acquired dynamic creds: credentials: Credentials: {'domain_id': 'default', 'domain_name': 'Default', 'username': 'tempest-ServerGroupTestJSON-2050904725-project-member', 'project_domain_id': 'default', 'project_domain_name': 'Default', 'project_id': '55d5e9d50a434545a15e12b8705d80fe', 'project_name': 'tempest-ServerGroupTestJSON-2050904725', 'tenant_id': '55d5e9d50a434545a15e12b8705d80fe', 'tenant_name': 'tempest-ServerGroupTestJSON-2050904725', 'user_domain_id': 'default', 'user_domain_name': 'Default', 'user_id': '09ad7a804af24725916afda5c54acb12', 'system': None}, Network: None, Subnet: None, Router: None
2024-10-10 21:03:15.872 63653 INFO tempest.lib.common.rest_client [req-ab90bdd3-5fd3-4328-960a-fb13974bd96b req-ab90bdd3-5fd3-4328-960a-fb13974bd96b ] Request (ServerGroupTestJSON:setUpClass): 201 POST http://10.180.1.21/identity/v3/auth/tokens 0.067s
2024-10-10 21:03:15.903 63635 INFO tempest.lib.common.rest_client [req-e80aafc6-4e20-4d29-b32f-d533507f1c5d req-e80aafc6-4e20-4d29-b32f-d533507f1c5d ] Request (ListServerFiltersTestJSON:setUpClass): 200 GET http://10.180.1.21/compute/v2.1/servers/939fb340-36dc-41b5-899d-7809a7d1f52d 1.103s
2024-10-10 21:03:15.941 63677 INFO tempest.lib.common.rest_client [req-cce2e9d9-4b99-4ff9-b3c9-9396efb41c79 req-cce2e9d9-4b99-4ff9-b3c9-9396efb41c79 ] Request (ValidationResourcesFixture:setUp): 200 POST http://10.180.1.21/compute/v2.1/os-keypairs 1.083s
2024-10-10 21:03:16.031 63617 INFO tempest.lib.common.rest_client [req-74e833c2-c464-4d6c-a8f2-fa4899c841a9 req-74e833c2-c464-4d6c-a8f2-fa4899c841a9 ] Request (ServersAaction247Test:test_create_backup): 200 GET http://10.180.1.21/compute/v2.1/servers/78890aa3-db6e-4e24-9612-2103f6881a34 1.338s
2024-10-10 21:03:16.228 63647 INFO tempest.lib.common.rest_client [req-3fc10219-f0bc-4b64-92df-838852a496e7 req-3fc10219-f0bc-4b64-92df-838852a496e7 ] Request (AttachVolumeShelveTestJSON:setUpClass): 200 PUT http://10.180.1.21:9696/networking/v2.0/routers/4c514770-1d47-4f57-9976-54dc2a857a33/add_router_interface 6.932s
2024-10-10 21:03:16.229 63647 INFO tempest.lib.common.dynamic_creds [-] Created isolated network resources for: credentials: Credentials: {'domain_id': 'default', 'domain_name': 'Default', 'username': 'tempest-AttachVolumeShelveTestJSON-1119350352-project-member', 'project_domain_id': 'default', 'project_domain_name': 'Default', 'project_id': '654146d810fb426bbb9fd45decb131e8', 'project_name': 'tempest-AttachVolumeShelveTestJSON-1119350352', 'tenant_id': '654146d810fb426bbb9fd45decb131e8', 'tenant_name': 'tempest-AttachVolumeShelveTestJSON-1119350352', 'user_domain_id': 'default', 'user_domain_name': 'Default', 'user_id': 'f0baacb167d74cc5b6c545127144c57f', 'system': None}, Network: {'id': 'dc9cc84a-9ade-4177-b08f-5db79e371e65', 'name': 'tempest-AttachVolumeShelveTestJSON-922317572-network', 'tenant_id': '654146d810fb426bbb9fd45decb131e8', 'admin_state_up': True, 'mtu': 8950, 'status': 'ACTIVE', 'subnets': [], 'shared': False, 'project_id': '654146d810fb426bbb9fd45decb131e8', 'port_security_enabled': True, 'router:external': False, 'provider:network_type': 'vlan', 'provider:physical_network': 'default', 'provider:segmentation_id': 548, 'is_default': False, 'availability_zone_hints': [], 'availability_zones': [], 'ipv4_address_scope': None, 'ipv6_address_scope': None, 'description': '', 'tags': [], 'created_at': '2024-10-10T21:03:03Z', 'updated_at': '2024-10-10T21:03:03Z', 'revision_number': 1}, Subnet: {'id': '755c80f1-5b91-40c8-8089-0bcf93accc20', 'name': 'tempest-AttachVolumeShelveTestJSON-922317572-subnet', 'tenant_id': '654146d810fb426bbb9fd45decb131e8', 'network_id': 'dc9cc84a-9ade-4177-b08f-5db79e371e65', 'ip_version': 4, 'subnetpool_id': None, 'enable_dhcp': True, 'ipv6_ra_mode': None, 'ipv6_address_mode': None, 'gateway_ip': '192.168.128.1', 'cidr': '192.168.128.0/28', 'allocation_pools': [{'start': '192.168.128.2', 'end': '192.168.128.14'}], 'host_routes': [], 'dns_nameservers': [], 'description': '', 'service_types': [], 'tags': [], 'created_at': '2024-10-10T21:03:04Z', 'updated_at': '2024-10-10T21:03:04Z', 'revision_number': 0, 'project_id': '654146d810fb426bbb9fd45decb131e8'}, Router: {'id': '4c514770-1d47-4f57-9976-54dc2a857a33', 'name': 'tempest-AttachVolumeShelveTestJSON-922317572-router', 'tenant_id': '654146d810fb426bbb9fd45decb131e8', 'admin_state_up': True, 'status': 'ACTIVE', 'external_gateway_info': {'network_id': '0596d49d-fe77-4597-ad4e-52494eb2f7fb', 'external_fixed_ips': [{'subnet_id': '534481ec-6b9e-4776-aaf9-dee559034aa2', 'ip_address': '10.180.180.201'}], 'enable_snat': True}, 'description': '', 'availability_zones': [], 'distributed': False, 'ha': False, 'availability_zone_hints': [], 'routes': [], 'flavor_id': None, 'tags': [], 'created_at': '2024-10-10T21:03:04Z', 'updated_at': '2024-10-10T21:03:07Z', 'revision_number': 2, 'project_id': '654146d810fb426bbb9fd45decb131e8'}
2024-10-10 21:03:16.320 63647 INFO tempest.lib.common.rest_client [req-d4a3203f-c2b4-476f-908a-88c5eb028fcb req-d4a3203f-c2b4-476f-908a-88c5eb028fcb ] Request (AttachVolumeShelveTestJSON:setUpClass): 201 POST http://10.180.1.21/identity/v3/auth/tokens 0.088s
2024-10-10 21:03:16.376 63625 INFO tempest.lib.common.rest_client [req-905ff431-8814-43a1-98ff-8e186ce7e2bb req-905ff431-8814-43a1-98ff-8e186ce7e2bb ] Request (ServerDiskConfigTestJSON:test_rebuild_server_with_auto_disk_config): 200 GET http://10.180.1.21/compute/v2.1/servers/7027c5d1-fb50-4e97-bf52-31b7f35d8a56 1.292s
2024-10-10 21:03:16.411 63623 INFO tempest.lib.common.rest_client [req-e024bf8e-6758-4766-bd5f-5c6bc399d3be req-e024bf8e-6758-4766-bd5f-5c6bc399d3be ] Request (SecurityGroupsTestJSON:test_security_group_create_get_delete): 404 GET http://10.180.1.21/compute/v2.1/os-security-groups/12acab88-d079-4b37-983b-fd24e6a19d6b 1.011s
2024-10-10 21:03:16.485 63639 INFO tempest.lib.common.rest_client [req-0c5cfc4f-e654-40f4-a992-7613f7deb7a9 req-0c5cfc4f-e654-40f4-a992-7613f7deb7a9 ] Request (ServerDiagnosticsV248Test:test_get_server_diagnostics): 200 GET http://10.180.1.21/compute/v2.1/servers/c8b80604-93f2-4109-bbf0-dff56d7c8687 0.857s
2024-10-10 21:03:16.530 63671 INFO tempest.lib.common.rest_client [req-4252d0aa-56a9-4063-836b-784b38239a33 req-4252d0aa-56a9-4063-836b-784b38239a33 ] Request (ServerActionsTestJSON:setUpClass): 201 POST http://10.180.1.21:9696/networking/v2.0/subnets 1.000s
2024-10-10 21:03:16.565 63669 INFO tempest.lib.common.rest_client [req-057ea558-3f89-4471-b1b5-54fb102493d6 req-057ea558-3f89-4471-b1b5-54fb102493d6 ] Request (ServersTestMultiNic:test_verify_multiple_nics_order): 200 GET http://10.180.1.21/compute/v2.1/servers/df06157c-53b9-4a81-b47d-caaed1d1caa5 0.837s
2024-10-10 21:03:16.566 63656 INFO tempest.lib.common.rest_client [req-e8cf9456-8981-4c0b-88bc-c1d9f286a86a req-e8cf9456-8981-4c0b-88bc-c1d9f286a86a ] Request (SecurityGroupRulesNegativeTestJSON:tearDownClass): 204 DELETE http://10.180.1.21:9696/networking/v2.0/subnets/22e3b368-c685-47fa-a523-5062e8b1aa67 1.065s
2024-10-10 21:03:16.592 63677 INFO tempest.lib.common.rest_client [req-388b1057-0197-4217-8993-cff678b7dea8 req-388b1057-0197-4217-8993-cff678b7dea8 ] Request (ValidationResourcesFixture:setUp): 201 POST http://10.180.1.21:9696/networking/v2.0/security-groups 0.649s
2024-10-10 21:03:16.724 63647 INFO tempest.lib.common.rest_client [req-810e1424-07cd-4e2f-b2b8-6d7fd4e9a73b req-810e1424-07cd-4e2f-b2b8-6d7fd4e9a73b ] Request (ValidationResourcesFixture:setUp): 201 POST http://10.180.1.21/compute/v2.1/os-keypairs 0.402s
2024-10-10 21:03:16.779 63637 INFO tempest.lib.common.rest_client [req-129dd882-01ba-4d5f-912e-e4cb71c9abe8 req-129dd882-01ba-4d5f-912e-e4cb71c9abe8 ] Request (ServerAddressesTestJSON:setUpClass): 200 GET http://10.180.1.21/compute/v2.1/servers/740d4ec7-7db0-48b6-9689-cba409d26e7e 1.774s
2024-10-10 21:03:16.882 63673 INFO tempest.lib.common.rest_client [req-158a000b-02ca-4e1d-8a50-34bea2614dda req-158a000b-02ca-4e1d-8a50-34bea2614dda ] Request (ImagesTestJSON:tearDownClass): 204 DELETE http://10.180.1.21:9696/networking/v2.0/routers/650ffa14-eb7a-4506-a646-45680baeb472 2.609s
2024-10-10 21:03:17.090 63641 INFO tempest.lib.common.rest_client [req-b65f88f0-644a-41bb-aa77-1334e887bd96 req-b65f88f0-644a-41bb-aa77-1334e887bd96 ] Request (DeleteServersTestJSON:test_delete_server_while_in_building_state): 200 GET http://10.180.1.21/compute/v2.1/servers/b105a439-6559-465b-aa03-67ef38f09f9b 0.740s
2024-10-10 21:03:17.174 63677 INFO tempest.lib.common.rest_client [req-12d451db-b0dc-420c-91a6-9a6bf69be26d req-12d451db-b0dc-420c-91a6-9a6bf69be26d ] Request (ValidationResourcesFixture:setUp): 201 POST http://10.180.1.21:9696/networking/v2.0/security-group-rules 0.582s
2024-10-10 21:03:17.189 63675 INFO tempest.lib.common.rest_client [req-7013b982-09e6-4707-83c2-0beeab4f2587 req-7013b982-09e6-4707-83c2-0beeab4f2587 ] Request (ValidationResourcesFixture:setUp): 201 POST http://10.180.1.21:9696/networking/v2.0/floatingips 2.222s
2024-10-10 21:03:17.209 63643 INFO tempest.lib.common.rest_client [req-7e4b17ba-d98e-4d5a-b75b-05b04c6a2bc1 req-7e4b17ba-d98e-4d5a-b75b-05b04c6a2bc1 ] Request (ServersTestJSON:test_create_server_with_ipv6_addr_only): 200 GET http://10.180.1.21/compute/v2.1/servers/0f872be6-40dc-4973-8a7b-18d6cbf7b346 0.750s
2024-10-10 21:03:17.220 63643 INFO tempest.common.waiters [-] State transition "BUILD/spawning" ==> "ERROR/None" after 11 second wait
2024-10-10 21:03:17.230 63647 INFO tempest.lib.common.rest_client [req-ef9adfff-9101-481e-a3d0-dd1163fce8d5 req-ef9adfff-9101-481e-a3d0-dd1163fce8d5 ] Request (ValidationResourcesFixture:setUp): 201 POST http://10.180.1.21:9696/networking/v2.0/security-groups 0.504s
2024-10-10 21:03:17.267 63675 INFO tempest.lib.common.rest_client [req-4bd67f68-8d59-4f75-ba22-2819f3d03b1d req-4bd67f68-8d59-4f75-ba22-2819f3d03b1d ] Request (AttachVolumeNegativeTest:test_attach_attached_volume_to_same_server): 201 POST http://10.180.1.21/identity/v3/auth/tokens 0.074s
2024-10-10 21:03:17.267 63675 INFO tempest.lib.common.fixed_network [-] (AttachVolumeNegativeTest:test_attach_attached_volume_to_same_server) Found network {'id': '610400ce-1d6c-472d-ab49-8f96b18d10af', 'name': 'tempest-AttachVolumeNegativeTest-1722694035-network', 'tenant_id': 'da2f71dfa6b541f586e7672ffee9ee7f', 'admin_state_up': True, 'mtu': 8950, 'status': 'ACTIVE', 'subnets': [], 'shared': False, 'project_id': 'da2f71dfa6b541f586e7672ffee9ee7f', 'port_security_enabled': True, 'router:external': False, 'provider:network_type': 'vlan', 'provider:physical_network': 'default', 'provider:segmentation_id': 883, 'is_default': False, 'availability_zone_hints': [], 'availability_zones': [], 'ipv4_address_scope': None, 'ipv6_address_scope': None, 'description': '', 'tags': [], 'created_at': '2024-10-10T21:02:18Z', 'updated_at': '2024-10-10T21:02:18Z', 'revision_number': 1} available for tenant
2024-10-10 21:03:17.308 63645 INFO tempest.lib.common.rest_client [req-9ce5e2ff-fdb5-4cfd-ad8d-dbed7cf84389 req-9ce5e2ff-fdb5-4cfd-ad8d-dbed7cf84389 ] Request (ServersListShow296Test:tearDownClass): 200 GET http://10.180.1.21/compute/v2.1/servers/cf94fd5d-5b62-44c3-98e9-53c9d3f849ec 0.576s
2024-10-10 21:03:17.312 63653 INFO tempest.lib.common.rest_client [req-0ac0f809-da0e-4910-881e-4e4b859475a9 req-0ac0f809-da0e-4910-881e-4e4b859475a9 ] Request (ServerGroupTestJSON:setUpClass): 201 POST http://10.180.1.21:9696/networking/v2.0/networks 1.440s
2024-10-10 21:03:17.573 63631 INFO tempest.lib.common.rest_client [req-8601b648-96c6-4862-a354-5278eaf26845 req-8601b648-96c6-4862-a354-5278eaf26845 ] Request (ServerShowV254Test:test_rebuild_server): 200 GET http://10.180.1.21/compute/v2.1/servers/68c66211-2c18-4d65-a895-b7e814cfff2b 0.791s
2024-10-10 21:03:17.585 63623 INFO tempest.lib.common.rest_client [req-ee66d62c-e0bc-4a18-a12d-10b2163a0561 req-ee66d62c-e0bc-4a18-a12d-10b2163a0561 ] Request (SecurityGroupsTestJSON:test_security_groups_create_list_delete): 200 POST http://10.180.1.21/compute/v2.1/os-security-groups 1.173s
2024-10-10 21:03:17.618 63673 INFO tempest.lib.common.rest_client [req-c385cf2b-7d33-4548-98bb-f87ba789d7ad req-c385cf2b-7d33-4548-98bb-f87ba789d7ad ] Request (ImagesTestJSON:tearDownClass): 204 DELETE http://10.180.1.21:9696/networking/v2.0/subnets/d07c1874-130d-4157-a6b5-424c21e19e47 0.736s
2024-10-10 21:03:17.620 63656 INFO tempest.lib.common.rest_client [req-238c5630-260a-4ae1-a484-525d9ed0ddd4 req-238c5630-260a-4ae1-a484-525d9ed0ddd4 ] Request (SecurityGroupRulesNegativeTestJSON:tearDownClass): 204 DELETE http://10.180.1.21:9696/networking/v2.0/networks/060d7fd0-fbc7-42e1-8e8b-77c091f7e361 1.053s
2024-10-10 21:03:17.675 63635 INFO tempest.lib.common.rest_client [req-0d95086c-1b8d-4ff0-90d8-dd04144a6b60 req-0d95086c-1b8d-4ff0-90d8-dd04144a6b60 ] Request (ListServerFiltersTestJSON:setUpClass): 200 GET http://10.180.1.21/compute/v2.1/servers/939fb340-36dc-41b5-899d-7809a7d1f52d 0.764s
2024-10-10 21:03:17.683 63635 INFO tempest.common.waiters [-] State transition "BUILD/spawning" ==> "ERROR/None" after 12 second wait
2024-10-10 21:03:17.686 63617 INFO tempest.lib.common.rest_client [req-07d870f9-77ad-4ab7-a1f2-4025019c3ddb req-07d870f9-77ad-4ab7-a1f2-4025019c3ddb ] Request (ServersAaction247Test:test_create_backup): 200 GET http://10.180.1.21/compute/v2.1/servers/78890aa3-db6e-4e24-9612-2103f6881a34 0.645s
2024-10-10 21:03:17.710 63656 INFO tempest.lib.common.rest_client [req-e13f8cec-a501-48f3-ac72-cc246bfe9199 req-e13f8cec-a501-48f3-ac72-cc246bfe9199 ] Request (SecurityGroupRulesNegativeTestJSON:tearDownClass): 204 DELETE http://10.180.1.21/identity/v3/users/b534434dc2ea42b99d912af552345628 0.089s
2024-10-10 21:03:17.710 63656 INFO tempest.lib.common.dynamic_creds [-] Deleting project and security group for project: 9f405ccb6b3b48de8ce89b657f8e2a69
2024-10-10 21:03:17.744 63677 INFO tempest.lib.common.rest_client [req-8989533f-4719-430f-aaf0-76d970b1a056 req-8989533f-4719-430f-aaf0-76d970b1a056 ] Request (ValidationResourcesFixture:setUp): 201 POST http://10.180.1.21:9696/networking/v2.0/security-group-rules 0.569s
2024-10-10 21:03:17.824 63647 INFO tempest.lib.common.rest_client [req-766b3c95-908f-425b-a466-4f92e1f01d3b req-766b3c95-908f-425b-a466-4f92e1f01d3b ] Request (ValidationResourcesFixture:setUp): 201 POST http://10.180.1.21:9696/networking/v2.0/security-group-rules 0.593s
2024-10-10 21:03:17.946 63656 INFO tempest.lib.common.rest_client [req-cfe51aa6-1843-464b-8481-75af431910b2 req-cfe51aa6-1843-464b-8481-75af431910b2 ] Request (SecurityGroupRulesNegativeTestJSON:tearDownClass): 200 GET http://10.180.1.21:9696/networking/v2.0/security-groups?tenant_id=9f405ccb6b3b48de8ce89b657f8e2a69&name=default 0.235s
2024-10-10 21:03:17.968 63643 INFO tempest.lib.common.rest_client [req-95b06d7b-2d20-47bd-907b-4600b91149f3 req-95b06d7b-2d20-47bd-907b-4600b91149f3 ] Request (ServersTestJSON:test_create_server_with_ipv6_addr_only): 204 DELETE http://10.180.1.21/compute/v2.1/servers/0f872be6-40dc-4973-8a7b-18d6cbf7b346 0.747s
2024-10-10 21:03:18.067 63625 INFO tempest.lib.common.rest_client [req-fe23bcd1-dc71-4182-88e8-ca844f3de9bb req-fe23bcd1-dc71-4182-88e8-ca844f3de9bb ] Request (ServerDiskConfigTestJSON:test_rebuild_server_with_auto_disk_config): 200 GET http://10.180.1.21/compute/v2.1/servers/7027c5d1-fb50-4e97-bf52-31b7f35d8a56 0.677s
2024-10-10 21:03:18.184 63653 INFO tempest.lib.common.rest_client [req-31b519eb-dc0e-4817-9e14-7a93eebc66f0 req-31b519eb-dc0e-4817-9e14-7a93eebc66f0 ] Request (ServerGroupTestJSON:setUpClass): 201 POST http://10.180.1.21:9696/networking/v2.0/subnets 0.871s
2024-10-10 21:03:18.191 63639 INFO tempest.lib.common.rest_client [req-ce6d0d6f-0a1b-451b-a99a-57787de99975 req-ce6d0d6f-0a1b-451b-a99a-57787de99975 ] Request (ServerDiagnosticsV248Test:test_get_server_diagnostics): 200 GET http://10.180.1.21/compute/v2.1/servers/c8b80604-93f2-4109-bbf0-dff56d7c8687 0.693s
2024-10-10 21:03:18.280 63669 INFO tempest.lib.common.rest_client [req-60990211-9bc9-48bb-9136-789bc9a1e095 req-60990211-9bc9-48bb-9136-789bc9a1e095 ] Request (ServersTestMultiNic:test_verify_multiple_nics_order): 200 GET http://10.180.1.21/compute/v2.1/servers/df06157c-53b9-4a81-b47d-caaed1d1caa5 0.709s
2024-10-10 21:03:18.287 63669 INFO tempest.common.waiters [-] State transition "BUILD/spawning" ==> "ERROR/None" after 14 second wait
2024-10-10 21:03:18.352 63656 INFO tempest.lib.common.rest_client [req-0f25cb90-bcdc-4793-99b8-0f326208ea0f req-0f25cb90-bcdc-4793-99b8-0f326208ea0f ] Request (SecurityGroupRulesNegativeTestJSON:tearDownClass): 204 DELETE http://10.180.1.21:9696/networking/v2.0/security-groups/3622085b-33b2-4de5-9a98-2aab528a375f 0.405s
2024-10-10 21:03:18.473 63647 INFO tempest.lib.common.rest_client [req-0cf98291-9ba6-4932-86b7-500896114fdd req-0cf98291-9ba6-4932-86b7-500896114fdd ] Request (ValidationResourcesFixture:setUp): 201 POST http://10.180.1.21:9696/networking/v2.0/security-group-rules 0.648s
2024-10-10 21:03:18.486 63656 INFO tempest.lib.common.rest_client [req-7c312334-4bc6-44a9-a349-e04f1fc78043 req-7c312334-4bc6-44a9-a349-e04f1fc78043 ] Request (SecurityGroupRulesNegativeTestJSON:tearDownClass): 204 DELETE http://10.180.1.21/identity/v3/projects/9f405ccb6b3b48de8ce89b657f8e2a69 0.133s
2024-10-10 21:03:18.487 63656 INFO tempest.test [-] raised in ServerBootFromVolumeStableRescueTest.setUpClass. Invoking tearDownClass.
2024-10-10 21:03:18.507 63673 INFO tempest.lib.common.rest_client [req-aab091f6-7cc8-4747-97f9-05399c19c6e4 req-aab091f6-7cc8-4747-97f9-05399c19c6e4 ] Request (ImagesTestJSON:tearDownClass): 204 DELETE http://10.180.1.21:9696/networking/v2.0/networks/d1cecbdf-005f-4607-af50-a3a2e0515a01 0.888s
2024-10-10 21:03:18.627 63673 INFO tempest.lib.common.rest_client [req-f1ebad7c-4b3a-47b7-8201-66c6d40b5ddd req-f1ebad7c-4b3a-47b7-8201-66c6d40b5ddd ] Request (ImagesTestJSON:tearDownClass): 204 DELETE http://10.180.1.21/identity/v3/users/894853f49e124ffd9e3bc708a7a7c503 0.120s
2024-10-10 21:03:18.627 63673 INFO tempest.lib.common.dynamic_creds [-] Deleting project and security group for project: 9c88ec0921eb4d5298de9367f115765e
2024-10-10 21:03:18.630 63623 INFO tempest.lib.common.rest_client [req-16849c73-00f6-43fe-a493-d1cc1bfb4673 req-16849c73-00f6-43fe-a493-d1cc1bfb4673 ] Request (SecurityGroupsTestJSON:test_security_groups_create_list_delete): 200 POST http://10.180.1.21/compute/v2.1/os-security-groups 1.042s
2024-10-10 21:03:18.709 63673 INFO tempest.lib.common.rest_client [req-8ca39838-2469-4893-86ee-29df6305f189 req-8ca39838-2469-4893-86ee-29df6305f189 ] Request (ImagesTestJSON:tearDownClass): 200 GET http://10.180.1.21:9696/networking/v2.0/security-groups?tenant_id=9c88ec0921eb4d5298de9367f115765e&name=default 0.081s
2024-10-10 21:03:18.891 63635 INFO tempest.lib.common.rest_client [req-006d2e0a-8e5d-40c7-8cd9-d3084bd2ad89 req-006d2e0a-8e5d-40c7-8cd9-d3084bd2ad89 ] Request (ListServerFiltersTestJSON:setUpClass): 204 DELETE http://10.180.1.21/compute/v2.1/servers/939fb340-36dc-41b5-899d-7809a7d1f52d 1.208s
2024-10-10 21:03:19.206 63673 INFO tempest.lib.common.rest_client [req-01e7368d-e812-4e93-a0bf-99c64ceb082a req-01e7368d-e812-4e93-a0bf-99c64ceb082a ] Request (ImagesTestJSON:tearDownClass): 204 DELETE http://10.180.1.21:9696/networking/v2.0/security-groups/7ee09cda-01c5-4e5e-8c68-4722ed7c43bb 0.497s
2024-10-10 21:03:19.328 63673 INFO tempest.lib.common.rest_client [req-01b58157-9b8c-4f53-bef8-b8d06af5d15e req-01b58157-9b8c-4f53-bef8-b8d06af5d15e ] Request (ImagesTestJSON:tearDownClass): 204 DELETE http://10.180.1.21/identity/v3/projects/9c88ec0921eb4d5298de9367f115765e 0.121s
2024-10-10 21:03:19.363 63671 INFO tempest.lib.common.rest_client [req-c8bd6c5a-982d-4971-9eb4-dc82209c3003 req-c8bd6c5a-982d-4971-9eb4-dc82209c3003 ] Request (ServerActionsTestJSON:setUpClass): 201 POST http://10.180.1.21:9696/networking/v2.0/routers 2.832s
2024-10-10 21:03:19.422 63637 INFO tempest.lib.common.rest_client [req-377b931b-8dc1-4106-95de-9b7a32510773 req-377b931b-8dc1-4106-95de-9b7a32510773 ] Request (ServerAddressesTestJSON:setUpClass): 200 GET http://10.180.1.21/compute/v2.1/servers/740d4ec7-7db0-48b6-9689-cba409d26e7e 1.636s
2024-10-10 21:03:19.432 63673 INFO tempest.lib.common.rest_client [req-54509f31-7bcf-4d3a-a3c8-9611e6085fec req-54509f31-7bcf-4d3a-a3c8-9611e6085fec ] Request (ServerMetadataTestJSON:setUpClass): 201 POST http://10.180.1.21/identity/v3/auth/tokens 0.102s
2024-10-10 21:03:19.456 63643 INFO tempest.lib.common.rest_client [req-19cc6232-aca1-4c20-ac8f-6319f6afb329 req-19cc6232-aca1-4c20-ac8f-6319f6afb329 ] Request (ServersTestJSON:test_create_server_with_ipv6_addr_only): 404 GET http://10.180.1.21/compute/v2.1/servers/0f872be6-40dc-4973-8a7b-18d6cbf7b346 1.487s
2024-10-10 21:03:19.464 63675 INFO tempest.lib.common.rest_client [req-bd7e6374-3ebb-492d-ba33-e1c23793a228 req-bd7e6374-3ebb-492d-ba33-e1c23793a228 ] Request (AttachVolumeNegativeTest:test_attach_attached_volume_to_same_server): 202 POST http://10.180.1.21/compute/v2.1/servers 2.195s
2024-10-10 21:03:19.476 63673 INFO tempest.lib.common.rest_client [req-8fece5eb-bb3a-4654-94dd-4ee51a29b6ff req-8fece5eb-bb3a-4654-94dd-4ee51a29b6ff ] Request (ServerMetadataTestJSON:setUpClass): 201 POST http://10.180.1.21/identity/v3/auth/tokens 0.039s
2024-10-10 21:03:19.520 63673 INFO tempest.lib.common.rest_client [req-3e0d8906-ff88-4a70-a90d-72213664ab0e req-3e0d8906-ff88-4a70-a90d-72213664ab0e ] Request (ServerMetadataTestJSON:setUpClass): 200 GET http://10.180.1.21/identity/v3/domains?name=Default 0.043s
2024-10-10 21:03:19.575 63673 INFO tempest.lib.common.rest_client [req-54e34572-2abe-41b9-b803-d00aa6b8eac5 req-54e34572-2abe-41b9-b803-d00aa6b8eac5 ] Request (ServerMetadataTestJSON:setUpClass): 201 POST http://10.180.1.21/identity/v3/projects 0.054s
2024-10-10 21:03:19.595 63641 INFO tempest.lib.common.rest_client [req-5d310779-cb6b-428f-8774-9af2beb51ec3 req-5d310779-cb6b-428f-8774-9af2beb51ec3 ] Request (DeleteServersTestJSON:test_delete_server_while_in_building_state): 200 GET http://10.180.1.21/compute/v2.1/servers/b105a439-6559-465b-aa03-67ef38f09f9b 1.498s
2024-10-10 21:03:19.679 63673 INFO tempest.lib.common.rest_client [req-b30e639f-8bec-4768-870d-8b5a0d2e39c4 req-b30e639f-8bec-4768-870d-8b5a0d2e39c4 ] Request (ServerMetadataTestJSON:setUpClass): 201 POST http://10.180.1.21/identity/v3/users 0.102s
2024-10-10 21:03:19.693 63645 INFO tempest.lib.common.rest_client [req-16183903-0973-4c87-9b2a-916308e2f71b req-16183903-0973-4c87-9b2a-916308e2f71b ] Request (ServersListShow296Test:tearDownClass): 200 GET http://10.180.1.21/compute/v2.1/servers/cf94fd5d-5b62-44c3-98e9-53c9d3f849ec 1.376s
2024-10-10 21:03:19.714 63673 INFO tempest.lib.common.rest_client [req-033cba7e-4ad4-453f-82c1-efef1de848a1 req-033cba7e-4ad4-453f-82c1-efef1de848a1 ] Request (ServerMetadataTestJSON:setUpClass): 200 GET http://10.180.1.21/identity/v3/roles 0.034s
2024-10-10 21:03:19.765 63673 INFO tempest.lib.common.rest_client [req-f113c3d2-0b0a-40bd-adcf-b1dff319a971 req-f113c3d2-0b0a-40bd-adcf-b1dff319a971 ] Request (ServerMetadataTestJSON:setUpClass): 204 PUT http://10.180.1.21/identity/v3/projects/64a9f98a043e42c6b72e8b118ba582a0/users/b3cfda573eee42149cc3da502266d6db/roles/35d84aa92ed5416a991c45f489ef6d91 0.051s
2024-10-10 21:03:19.766 63673 INFO tempest.lib.common.dynamic_creds [-] Dynamic test user b3cfda573eee42149cc3da502266d6db is created with scope project and roles: ['member']
2024-10-10 21:03:19.766 63673 INFO tempest.lib.common.dynamic_creds [-] Acquired dynamic creds: credentials: Credentials: {'domain_id': 'default', 'domain_name': 'Default', 'username': 'tempest-ServerMetadataTestJSON-1219916530-project-member', 'project_domain_id': 'default', 'project_domain_name': 'Default', 'project_id': '64a9f98a043e42c6b72e8b118ba582a0', 'project_name': 'tempest-ServerMetadataTestJSON-1219916530', 'tenant_id': '64a9f98a043e42c6b72e8b118ba582a0', 'tenant_name': 'tempest-ServerMetadataTestJSON-1219916530', 'user_domain_id': 'default', 'user_domain_name': 'Default', 'user_id': 'b3cfda573eee42149cc3da502266d6db', 'system': None}, Network: None, Subnet: None, Router: None
2024-10-10 21:03:19.787 63631 INFO tempest.lib.common.rest_client [req-799702d8-3f85-4123-93c3-b4dcf8d82d68 req-799702d8-3f85-4123-93c3-b4dcf8d82d68 ] Request (ServerShowV254Test:test_rebuild_server): 200 GET http://10.180.1.21/compute/v2.1/servers/68c66211-2c18-4d65-a895-b7e814cfff2b 1.204s
2024-10-10 21:03:19.788 63669 INFO tempest.lib.common.rest_client [req-455198ed-aba6-4144-9304-bdcae426b5f8 req-455198ed-aba6-4144-9304-bdcae426b5f8 ] Request (ServersTestMultiNic:test_verify_multiple_nics_order): 204 DELETE http://10.180.1.21/compute/v2.1/servers/df06157c-53b9-4a81-b47d-caaed1d1caa5 1.501s
2024-10-10 21:03:19.852 63673 INFO tempest.lib.common.rest_client [req-75b600b5-2cd1-4cac-b4af-139fe90ee37a req-75b600b5-2cd1-4cac-b4af-139fe90ee37a ] Request (ServerMetadataTestJSON:setUpClass): 201 POST http://10.180.1.21/identity/v3/auth/tokens 0.086s
2024-10-10 21:03:19.896 63617 INFO tempest.lib.common.rest_client [req-db18f67a-5508-43f8-82ed-83ef831a3c9c req-db18f67a-5508-43f8-82ed-83ef831a3c9c ] Request (ServersAaction247Test:test_create_backup): 200 GET http://10.180.1.21/compute/v2.1/servers/78890aa3-db6e-4e24-9612-2103f6881a34 1.200s
2024-10-10 21:03:19.922 63647 INFO tempest.lib.common.rest_client [req-34170705-c925-44b2-8e32-82d0f97a13a2 req-34170705-c925-44b2-8e32-82d0f97a13a2 ] Request (ValidationResourcesFixture:setUp): 201 POST http://10.180.1.21:9696/networking/v2.0/floatingips 1.448s
2024-10-10 21:03:19.970 63635 INFO tempest.lib.common.rest_client [req-0758e485-f525-446e-9a3f-9db7ee0ef947 req-0758e485-f525-446e-9a3f-9db7ee0ef947 ] Request (ListServerFiltersTestJSON:setUpClass): 404 GET http://10.180.1.21/compute/v2.1/servers/939fb340-36dc-41b5-899d-7809a7d1f52d 1.078s
2024-10-10 21:03:19.970 63635 INFO tempest.test [-] raised in ListServerFiltersTestJSON.setUpClass. Invoking tearDownClass.
2024-10-10 21:03:20.043 63647 INFO tempest.lib.common.rest_client [req-2fb81cb2-4d4a-4fdc-b1ae-5b65acff15e8 req-2fb81cb2-4d4a-4fdc-b1ae-5b65acff15e8 ] Request (AttachVolumeShelveTestJSON:test_attach_volume_shelved_or_offload_server): 201 POST http://10.180.1.21/identity/v3/auth/tokens 0.116s
2024-10-10 21:03:20.043 63647 INFO tempest.lib.common.fixed_network [-] (AttachVolumeShelveTestJSON:test_attach_volume_shelved_or_offload_server) Found network {'id': 'dc9cc84a-9ade-4177-b08f-5db79e371e65', 'name': 'tempest-AttachVolumeShelveTestJSON-922317572-network', 'tenant_id': '654146d810fb426bbb9fd45decb131e8', 'admin_state_up': True, 'mtu': 8950, 'status': 'ACTIVE', 'subnets': [], 'shared': False, 'project_id': '654146d810fb426bbb9fd45decb131e8', 'port_security_enabled': True, 'router:external': False, 'provider:network_type': 'vlan', 'provider:physical_network': 'default', 'provider:segmentation_id': 548, 'is_default': False, 'availability_zone_hints': [], 'availability_zones': [], 'ipv4_address_scope': None, 'ipv6_address_scope': None, 'description': '', 'tags': [], 'created_at': '2024-10-10T21:03:03Z', 'updated_at': '2024-10-10T21:03:03Z', 'revision_number': 1} available for tenant
2024-10-10 21:03:20.063 63625 INFO tempest.lib.common.rest_client [req-d2f406fc-b2ea-49ee-8f0f-017addb306ba req-d2f406fc-b2ea-49ee-8f0f-017addb306ba ] Request (ServerDiskConfigTestJSON:test_rebuild_server_with_auto_disk_config): 200 GET http://10.180.1.21/compute/v2.1/servers/7027c5d1-fb50-4e97-bf52-31b7f35d8a56 0.982s
2024-10-10 21:03:20.071 63625 INFO tempest.common.waiters [-] State transition "BUILD/spawning" ==> "ERROR/None" after 14 second wait
2024-10-10 21:03:20.142 63639 INFO tempest.lib.common.rest_client [req-98495668-ae5e-4c86-a613-480fb826dccf req-98495668-ae5e-4c86-a613-480fb826dccf ] Request (ServerDiagnosticsV248Test:test_get_server_diagnostics): 200 GET http://10.180.1.21/compute/v2.1/servers/c8b80604-93f2-4109-bbf0-dff56d7c8687 0.940s
2024-10-10 21:03:20.171 63677 INFO tempest.lib.common.rest_client [req-12c8fafa-ba56-4460-a177-674faba3ada6 req-12c8fafa-ba56-4460-a177-674faba3ada6 ] Request (ValidationResourcesFixture:setUp): 201 POST http://10.180.1.21:9696/networking/v2.0/floatingips 2.427s
2024-10-10 21:03:20.184 63643 INFO tempest.lib.common.rest_client [req-1204518f-1338-4368-8c71-406e8486b36e req-1204518f-1338-4368-8c71-406e8486b36e ] Request (ServersTestJSON:test_create_specify_keypair): 200 POST http://10.180.1.21/compute/v2.1/os-keypairs 0.726s
2024-10-10 21:03:20.240 63677 INFO tempest.lib.common.rest_client [req-0ab93cd1-8a08-4a15-801b-3b541fabec2e req-0ab93cd1-8a08-4a15-801b-3b541fabec2e ] Request (AttachVolumeTestJSON:test_list_get_volume_attachments): 201 POST http://10.180.1.21/identity/v3/auth/tokens 0.065s
2024-10-10 21:03:20.241 63677 INFO tempest.lib.common.fixed_network [-] (AttachVolumeTestJSON:test_list_get_volume_attachments) Found network {'id': '5a8b03ad-445e-4bdb-a1ed-798c4cd10f51', 'name': 'tempest-AttachVolumeTestJSON-1112502685-network', 'tenant_id': 'ceee28abf4dd4478a53455717b858f2e', 'admin_state_up': True, 'mtu': 8950, 'status': 'ACTIVE', 'subnets': [], 'shared': False, 'project_id': 'ceee28abf4dd4478a53455717b858f2e', 'port_security_enabled': True, 'router:external': False, 'provider:network_type': 'vlan', 'provider:physical_network': 'default', 'provider:segmentation_id': 578, 'is_default': False, 'availability_zone_hints': [], 'availability_zones': [], 'ipv4_address_scope': None, 'ipv6_address_scope': None, 'description': '', 'tags': [], 'created_at': '2024-10-10T21:02:29Z', 'updated_at': '2024-10-10T21:02:29Z', 'revision_number': 1} available for tenant
2024-10-10 21:03:20.251 63675 INFO tempest.lib.common.rest_client [req-5be9b641-4ee0-4bda-8ca8-e11540a18d3b req-5be9b641-4ee0-4bda-8ca8-e11540a18d3b ] Request (AttachVolumeNegativeTest:test_attach_attached_volume_to_same_server): 200 GET http://10.180.1.21/compute/v2.1/servers/4e6edab8-b8b3-409f-9e9a-13cc4bc65995 0.784s
2024-10-10 21:03:20.269 63669 INFO tempest.lib.common.rest_client [req-3ea9fdf6-c62b-4bb8-81f0-0da189842bcc req-3ea9fdf6-c62b-4bb8-81f0-0da189842bcc ] Request (ServersTestMultiNic:test_verify_multiple_nics_order): 404 GET http://10.180.1.21/compute/v2.1/servers/df06157c-53b9-4a81-b47d-caaed1d1caa5 0.481s
2024-10-10 21:03:20.484 63635 INFO tempest.lib.common.rest_client [req-a863046e-6df4-4d2e-a4c6-01e07c2ff4ff req-a863046e-6df4-4d2e-a4c6-01e07c2ff4ff ] Request (ListServerFiltersTestJSON:tearDownClass): 204 DELETE http://10.180.1.21/compute/v2.1/servers/03658a66-e22f-43b4-b4c2-048aeed91157 0.513s
2024-10-10 21:03:20.615 63669 INFO tempest.lib.common.rest_client [req-ec2834ab-3841-4d9f-b750-41d60f6c86a9 req-ec2834ab-3841-4d9f-b750-41d60f6c86a9 ] Request (ServersTestMultiNic:_run_cleanups): 204 DELETE http://10.180.1.21:9696/networking/v2.0/subnets/371b8fc2-c4a7-4260-910e-9c1ab77e6c32 0.345s
2024-10-10 21:03:20.694 63623 INFO tempest.lib.common.rest_client [req-ad751224-a3c0-4362-9ae6-16a6865733ae req-ad751224-a3c0-4362-9ae6-16a6865733ae ] Request (SecurityGroupsTestJSON:test_security_groups_create_list_delete): 200 POST http://10.180.1.21/compute/v2.1/os-security-groups 2.061s
2024-10-10 21:03:20.979 63625 INFO tempest.lib.common.rest_client [req-1aab6387-2959-4ef5-bce7-bc2080598c37 req-1aab6387-2959-4ef5-bce7-bc2080598c37 ] Request (ServerDiskConfigTestJSON:test_rebuild_server_with_auto_disk_config): 204 DELETE http://10.180.1.21/compute/v2.1/servers/7027c5d1-fb50-4e97-bf52-31b7f35d8a56 0.907s
2024-10-10 21:03:20.992 63643 INFO tempest.lib.common.rest_client [req-659f81d7-7af5-466b-b3fc-e785f3e57b9b req-659f81d7-7af5-466b-b3fc-e785f3e57b9b ] Request (ServersTestJSON:test_create_specify_keypair): 200 GET http://10.180.1.21/compute/v2.1/os-keypairs 0.806s
2024-10-10 21:03:21.043 63673 INFO tempest.lib.common.rest_client [req-dd7a0ce0-a464-42d2-929f-b0e2a21831b9 req-dd7a0ce0-a464-42d2-929f-b0e2a21831b9 ] Request (ServerMetadataTestJSON:setUpClass): 201 POST http://10.180.1.21:9696/networking/v2.0/networks 1.190s
2024-10-10 21:03:21.085 63643 INFO tempest.lib.common.rest_client [req-fdbb46b7-56bf-4ee6-a111-63ed01c2770b req-fdbb46b7-56bf-4ee6-a111-63ed01c2770b ] Request (ServersTestJSON:test_create_specify_keypair): 201 POST http://10.180.1.21/identity/v3/auth/tokens 0.088s
2024-10-10 21:03:21.086 63643 INFO tempest.lib.common.fixed_network [-] (ServersTestJSON:test_create_specify_keypair) Found network {'id': '250e0d84-8a02-4c80-a508-413ba7149a11', 'name': 'tempest-ServersTestJSON-561845996-network', 'tenant_id': '65787b66c9c741ddb4f22e5f56907904', 'admin_state_up': True, 'mtu': 8950, 'status': 'ACTIVE', 'subnets': [], 'shared': False, 'project_id': '65787b66c9c741ddb4f22e5f56907904', 'port_security_enabled': True, 'router:external': False, 'provider:network_type': 'vlan', 'provider:physical_network': 'default', 'provider:segmentation_id': 242, 'is_default': False, 'availability_zone_hints': [], 'availability_zones': [], 'ipv4_address_scope': None, 'ipv6_address_scope': None, 'description': '', 'tags': [], 'created_at': '2024-10-10T21:01:37Z', 'updated_at': '2024-10-10T21:01:38Z', 'revision_number': 1} available for tenant
2024-10-10 21:03:21.367 63669 INFO tempest.lib.common.rest_client [req-9bcb0417-fe70-4596-9b92-6eddb99abc6b req-9bcb0417-fe70-4596-9b92-6eddb99abc6b ] Request (ServersTestMultiNic:_run_cleanups): 204 DELETE http://10.180.1.21:9696/networking/v2.0/networks/ba4d6dcf-7bd7-4995-8b9c-c35d056c490b 0.752s
2024-10-10 21:03:21.785 63669 INFO tempest.lib.common.rest_client [req-2c624759-f683-4e18-a1ef-add31cdf187a req-2c624759-f683-4e18-a1ef-add31cdf187a ] Request (ServersTestMultiNic:_run_cleanups): 204 DELETE http://10.180.1.21:9696/networking/v2.0/subnets/50032d13-dc07-4e57-a471-826faa4c80ce 0.418s
2024-10-10 21:03:21.790 63647 INFO tempest.lib.common.rest_client [req-4e9552bd-ed95-4260-ab27-83df194696e4 req-4e9552bd-ed95-4260-ab27-83df194696e4 ] Request (AttachVolumeShelveTestJSON:test_attach_volume_shelved_or_offload_server): 202 POST http://10.180.1.21/compute/v2.1/servers 1.746s
2024-10-10 21:03:21.954 63671 INFO tempest.lib.common.rest_client [req-245e28db-d085-49a2-bad6-12b2f205a36d req-245e28db-d085-49a2-bad6-12b2f205a36d ] Request (ServerActionsTestJSON:setUpClass): 200 PUT http://10.180.1.21:9696/networking/v2.0/routers/774fd756-46eb-4246-b0b4-1472a7fbcd2d/add_router_interface 2.590s
