2024-10-10 21:02:05.749 63673 INFO tempest.lib.common.rest_client [req-9cd0b1b0-5a47-49e4-ab4c-99dcf4b1adad req-9cd0b1b0-5a47-49e4-ab4c-99dcf4b1adad ] Request (ImagesTestJSON:test_create_image_from_suspended_server): 200 GET http://10.180.1.21/compute/v2.1/servers/dbcbbb18-b8b0-4d4a-a943-e768bf946265 7.178s
2024-10-10 21:02:05.757 63673 INFO tempest.common.waiters [-] State transition "BUILD/spawning" ==> "ERROR/None" after 36 second wait
2024-10-10 21:02:06.625 63656 INFO tempest.lib.common.rest_client [req-0b3f804f-bc1b-4b1a-8e56-d0a25e8c48e3 req-0b3f804f-bc1b-4b1a-8e56-d0a25e8c48e3 ] Request (SecurityGroupRulesNegativeTestJSON:test_create_security_group_rule_duplicate): 200 POST http://10.180.1.21/compute/v2.1/os-security-group-rules 8.168s
2024-10-10 21:02:06.760 63631 INFO tempest.lib.common.rest_client [req-06813928-3b95-456f-834c-d6daf0eac1f3 req-06813928-3b95-456f-834c-d6daf0eac1f3 ] Request (ServerShowV247Test:test_update_rebuild_list_server): 200 GET http://10.180.1.21/compute/v2.1/servers/f4286fb7-2e23-441b-b9ac-2aecccc86b4a 7.141s
2024-10-10 21:02:06.773 63631 INFO tempest.common.waiters [-] State transition "BUILD/spawning" ==> "ERROR/None" after 84 second wait
2024-10-10 21:02:06.880 63641 INFO tempest.lib.common.rest_client [req-3d3f7b77-c973-416b-8459-99ca4b19bd9f req-3d3f7b77-c973-416b-8459-99ca4b19bd9f ] Request (DeleteServersTestJSON:test_delete_active_server): 200 GET http://10.180.1.21/compute/v2.1/servers/f7d7ee84-ef46-430f-a7c1-716661060b4c 7.154s
2024-10-10 21:02:07.000 63659 INFO tempest.lib.common.rest_client [req-f3481d94-0277-4828-b76e-73172c01b58e req-f3481d94-0277-4828-b76e-73172c01b58e ] Request (ServerShowV257Test:test_rebuild_server): 200 GET http://10.180.1.21/compute/v2.1/servers/6d1b11e8-f15d-4939-af4b-4c921f19e27b 6.961s
2024-10-10 21:02:08.415 63663 INFO tempest.lib.common.rest_client [req-2a476456-f880-4c70-89a3-a2881348974a req-2a476456-f880-4c70-89a3-a2881348974a ] Request (FloatingIPsNegativeTestJSON:setUpClass): 200 PUT http://10.180.1.21:9696/networking/v2.0/routers/07bd20cb-73e1-4087-8077-8c8daec3d59e/add_router_interface 8.847s
2024-10-10 21:02:08.415 63663 INFO tempest.lib.common.dynamic_creds [-] Created isolated network resources for: credentials: Credentials: {'domain_id': 'default', 'domain_name': 'Default', 'username': 'tempest-FloatingIPsNegativeTestJSON-1310638753-project-member', 'project_domain_id': 'default', 'project_domain_name': 'Default', 'project_id': '76351dc228d449ffb803fa85189d2540', 'project_name': 'tempest-FloatingIPsNegativeTestJSON-1310638753', 'tenant_id': '76351dc228d449ffb803fa85189d2540', 'tenant_name': 'tempest-FloatingIPsNegativeTestJSON-1310638753', 'user_domain_id': 'default', 'user_domain_name': 'Default', 'user_id': '128199d7eaf94f0586d57d4191067794', 'system': None}, Network: {'id': 'ca0da0ac-1c90-46bc-bc05-350699b2337a', 'name': 'tempest-FloatingIPsNegativeTestJSON-132543035-network', 'tenant_id': '76351dc228d449ffb803fa85189d2540', 'admin_state_up': True, 'mtu': 8950, 'status': 'ACTIVE', 'subnets': [], 'shared': False, 'project_id': '76351dc228d449ffb803fa85189d2540', 'port_security_enabled': True, 'router:external': False, 'provider:network_type': 'vlan', 'provider:physical_network': 'default', 'provider:segmentation_id': 907, 'is_default': False, 'availability_zone_hints': [], 'availability_zones': [], 'ipv4_address_scope': None, 'ipv6_address_scope': None, 'description': '', 'tags': [], 'created_at': '2024-10-10T21:01:44Z', 'updated_at': '2024-10-10T21:01:44Z', 'revision_number': 1}, Subnet: {'id': '06f46887-bb1b-4dd4-b809-6afc69cc4089', 'name': 'tempest-FloatingIPsNegativeTestJSON-132543035-subnet', 'tenant_id': '76351dc228d449ffb803fa85189d2540', 'network_id': 'ca0da0ac-1c90-46bc-bc05-350699b2337a', 'ip_version': 4, 'subnetpool_id': None, 'enable_dhcp': True, 'ipv6_ra_mode': None, 'ipv6_address_mode': None, 'gateway_ip': '192.168.128.1', 'cidr': '192.168.128.0/28', 'allocation_pools': [{'start': '192.168.128.2', 'end': '192.168.128.14'}], 'host_routes': [], 'dns_nameservers': [], 'description': '', 'service_types': [], 'tags': [], 'created_at': '2024-10-10T21:01:46Z', 'updated_at': '2024-10-10T21:01:46Z', 'revision_number': 0, 'project_id': '76351dc228d449ffb803fa85189d2540'}, Router: {'id': '07bd20cb-73e1-4087-8077-8c8daec3d59e', 'name': 'tempest-FloatingIPsNegativeTestJSON-132543035-router', 'tenant_id': '76351dc228d449ffb803fa85189d2540', 'admin_state_up': True, 'status': 'ACTIVE', 'external_gateway_info': {'network_id': '0596d49d-fe77-4597-ad4e-52494eb2f7fb', 'external_fixed_ips': [{'subnet_id': '534481ec-6b9e-4776-aaf9-dee559034aa2', 'ip_address': '10.180.180.138'}], 'enable_snat': True}, 'description': '', 'availability_zones': [], 'distributed': False, 'ha': False, 'availability_zone_hints': [], 'routes': [], 'flavor_id': None, 'tags': [], 'created_at': '2024-10-10T21:01:49Z', 'updated_at': '2024-10-10T21:01:55Z', 'revision_number': 2, 'project_id': '76351dc228d449ffb803fa85189d2540'}
2024-10-10 21:02:08.525 63679 INFO tempest.lib.common.rest_client [req-3405755e-9dbc-40a7-91c6-dba2f106f31c req-3405755e-9dbc-40a7-91c6-dba2f106f31c ] Request (ServerRescueTestJSON:setUpClass): 202 POST http://10.180.1.21/compute/v2.1/servers 8.460s
2024-10-10 21:02:08.545 63663 INFO tempest.lib.common.rest_client [req-16961f96-aec7-45dc-b676-6fd54b7c498f req-16961f96-aec7-45dc-b676-6fd54b7c498f ] Request (FloatingIPsNegativeTestJSON:setUpClass): 201 POST http://10.180.1.21/identity/v3/auth/tokens 0.126s
2024-10-10 21:02:09.329 63669 INFO tempest.lib.common.rest_client [req-39b11676-a352-4f83-acdc-11b4de7395e6 req-39b11676-a352-4f83-acdc-11b4de7395e6 ] Request (ServersTestMultiNic:test_verify_duplicate_network_nics): 202 POST http://10.180.1.21/compute/v2.1/servers 9.991s
2024-10-10 21:02:09.470 63639 INFO tempest.lib.common.rest_client [req-a5bf816a-382e-4229-8605-a9abe8c87615 req-a5bf816a-382e-4229-8605-a9abe8c87615 ] Request (ServerDiagnosticsV248Test:test_get_server_diagnostics): 200 GET http://10.180.1.21/compute/v2.1/servers/c8b80604-93f2-4109-bbf0-dff56d7c8687 9.231s
2024-10-10 21:02:09.784 63649 INFO tempest.lib.common.rest_client [req-ab750b2f-5bdf-4af5-8720-3b559302f6e6 req-ab750b2f-5bdf-4af5-8720-3b559302f6e6 ] Request (ImagesOneServerNegativeTestJSON:setUpClass): 202 POST http://10.180.1.21/compute/v2.1/servers 9.691s
2024-10-10 21:02:10.030 63653 INFO tempest.lib.common.rest_client [req-b6ddd2ba-5529-41c7-a333-17c1cc3df378 req-b6ddd2ba-5529-41c7-a333-17c1cc3df378 ] Request (MultipleCreateTestJSON:test_multiple_create): 200 GET http://10.180.1.21/compute/v2.1/servers/6b23c315-c852-4e8b-a19c-82f9add50966 8.678s
2024-10-10 21:02:10.036 63653 INFO tempest.common.waiters [-] State transition "BUILD/spawning" ==> "ERROR/None" after 10 second wait
2024-10-10 21:02:10.434 63621 INFO tempest.lib.common.rest_client [req-8323e3a3-9d12-41d2-b42f-669d4917d39b req-8323e3a3-9d12-41d2-b42f-669d4917d39b ] Request (AttachInterfacesUnderV243Test:test_add_remove_fixed_ip): 200 GET http://10.180.1.21/compute/v2.1/servers/001b902b-5d7c-4b41-8e1b-c1ee97a3e445 8.302s
2024-10-10 21:02:10.504 63675 INFO tempest.lib.common.rest_client [req-78101c36-be47-47bb-8bfd-32640f871d18 req-78101c36-be47-47bb-8bfd-32640f871d18 ] Request (ExtensionsTest:test_get_extension): 200 GET http://10.180.1.21/compute/v2.1/extensions/os-consoles 8.236s
2024-10-10 21:02:11.088 63643 INFO tempest.lib.common.rest_client [req-342a9f1f-9d5b-49e3-8b61-59fc609a08d1 req-342a9f1f-9d5b-49e3-8b61-59fc609a08d1 ] Request (ServersTestJSON:test_create_server_specify_multibyte_character_name): 202 POST http://10.180.1.21/compute/v2.1/servers 10.244s
2024-10-10 21:02:11.207 63645 INFO tempest.lib.common.rest_client [req-602971e0-fe43-4673-b351-1822085ed969 req-602971e0-fe43-4673-b351-1822085ed969 ] Request (ListServersNegativeTestJSON:setUpClass): 200 GET http://10.180.1.21/compute/v2.1/servers/897bcf34-849f-4a1c-ba3b-6531facbb3c0 8.717s
2024-10-10 21:02:11.213 63645 INFO tempest.common.waiters [-] State transition "BUILD/spawning" ==> "ERROR/None" after 28 second wait
2024-10-10 21:02:11.288 63671 INFO tempest.lib.common.rest_client [req-89f87faf-7a6e-442d-b842-df3b93198e24 req-89f87faf-7a6e-442d-b842-df3b93198e24 ] Request (ServersTestJSON:setUpClass): 200 PUT http://10.180.1.21:9696/networking/v2.0/routers/cb61d92d-3f9f-4d30-b7f4-cc291385a38d/add_router_interface 5.701s
2024-10-10 21:02:11.289 63671 INFO tempest.lib.common.dynamic_creds [-] Created isolated network resources for: credentials: Credentials: {'domain_id': 'default', 'domain_name': 'Default', 'username': 'tempest-ServersTestJSON-911198795-project-member', 'project_domain_id': 'default', 'project_domain_name': 'Default', 'project_id': '57370d48f95f4888971c19632dc1dd8c', 'project_name': 'tempest-ServersTestJSON-911198795', 'tenant_id': '57370d48f95f4888971c19632dc1dd8c', 'tenant_name': 'tempest-ServersTestJSON-911198795', 'user_domain_id': 'default', 'user_domain_name': 'Default', 'user_id': '9e490438165240abaeee4aa865fac592', 'system': None}, Network: {'id': '763479dc-3002-40eb-9c2a-f816896ec3f6', 'name': 'tempest-ServersTestJSON-1356409106-network', 'tenant_id': '57370d48f95f4888971c19632dc1dd8c', 'admin_state_up': True, 'mtu': 8950, 'status': 'ACTIVE', 'subnets': [], 'shared': False, 'project_id': '57370d48f95f4888971c19632dc1dd8c', 'port_security_enabled': True, 'router:external': False, 'provider:network_type': 'vlan', 'provider:physical_network': 'default', 'provider:segmentation_id': 273, 'is_default': False, 'availability_zone_hints': [], 'availability_zones': [], 'ipv4_address_scope': None, 'ipv6_address_scope': None, 'description': '', 'tags': [], 'created_at': '2024-10-10T21:01:53Z', 'updated_at': '2024-10-10T21:01:53Z', 'revision_number': 1}, Subnet: {'id': '59d50ddb-f65e-4a16-9130-b8037ada55a8', 'name': 'tempest-ServersTestJSON-1356409106-subnet', 'tenant_id': '57370d48f95f4888971c19632dc1dd8c', 'network_id': '763479dc-3002-40eb-9c2a-f816896ec3f6', 'ip_version': 4, 'subnetpool_id': None, 'enable_dhcp': True, 'ipv6_ra_mode': None, 'ipv6_address_mode': None, 'gateway_ip': '192.168.128.1', 'cidr': '192.168.128.0/28', 'allocation_pools': [{'start': '192.168.128.2', 'end': '192.168.128.14'}], 'host_routes': [], 'dns_nameservers': [], 'description': '', 'service_types': [], 'tags': [], 'created_at': '2024-10-10T21:01:55Z', 'updated_at': '2024-10-10T21:01:55Z', 'revision_number': 0, 'project_id': '57370d48f95f4888971c19632dc1dd8c'}, Router: {'id': 'cb61d92d-3f9f-4d30-b7f4-cc291385a38d', 'name': 'tempest-ServersTestJSON-1356409106-router', 'tenant_id': '57370d48f95f4888971c19632dc1dd8c', 'admin_state_up': True, 'status': 'ACTIVE', 'external_gateway_info': {'network_id': '0596d49d-fe77-4597-ad4e-52494eb2f7fb', 'external_fixed_ips': [{'subnet_id': '534481ec-6b9e-4776-aaf9-dee559034aa2', 'ip_address': '10.180.180.254'}], 'enable_snat': True}, 'description': '', 'availability_zones': [], 'distributed': False, 'ha': False, 'availability_zone_hints': [], 'routes': [], 'flavor_id': None, 'tags': [], 'created_at': '2024-10-10T21:01:57Z', 'updated_at': '2024-10-10T21:02:02Z', 'revision_number': 2, 'project_id': '57370d48f95f4888971c19632dc1dd8c'}
2024-10-10 21:02:11.341 63665 INFO tempest.lib.common.rest_client [req-6d5b99e0-5627-4d50-bab7-6d1e079f1783 req-6d5b99e0-5627-4d50-bab7-6d1e079f1783 ] Request (ServerPasswordTestJSON:setUpClass): 200 GET http://10.180.1.21/compute/v2.1/servers/c108acde-f6e5-42a4-9497-09e94fdb2933 8.933s
2024-10-10 21:02:11.405 63671 INFO tempest.lib.common.rest_client [req-41068053-0e5e-427c-9ef5-a68dcee67fbb req-41068053-0e5e-427c-9ef5-a68dcee67fbb ] Request (ServersTestJSON:setUpClass): 201 POST http://10.180.1.21/identity/v3/auth/tokens 0.109s
2024-10-10 21:02:11.449 63677 INFO tempest.lib.common.rest_client [req-fffd6a18-68e8-43e3-8320-fd56c364ae43 req-fffd6a18-68e8-43e3-8320-fd56c364ae43 ] Request (FloatingIPDetailsNegativeTestJSON:setUpClass): 200 PUT http://10.180.1.21:9696/networking/v2.0/routers/9a62810b-2398-45a3-91fc-59e3849f5e16/add_router_interface 5.834s
2024-10-10 21:02:11.449 63677 INFO tempest.lib.common.dynamic_creds [-] Created isolated network resources for: credentials: Credentials: {'domain_id': 'default', 'domain_name': 'Default', 'username': 'tempest-FloatingIPDetailsNegativeTestJSON-67660605-project-member', 'project_domain_id': 'default', 'project_domain_name': 'Default', 'project_id': '28868258976643bb8cfa7e6e0d20ac24', 'project_name': 'tempest-FloatingIPDetailsNegativeTestJSON-67660605', 'tenant_id': '28868258976643bb8cfa7e6e0d20ac24', 'tenant_name': 'tempest-FloatingIPDetailsNegativeTestJSON-67660605', 'user_domain_id': 'default', 'user_domain_name': 'Default', 'user_id': 'c67474761f69423e8fa07bbeebc6cbbc', 'system': None}, Network: {'id': '40225f08-93ab-47b1-a388-35aa9fb064bd', 'name': 'tempest-FloatingIPDetailsNegativeTestJSON-620597216-network', 'tenant_id': '28868258976643bb8cfa7e6e0d20ac24', 'admin_state_up': True, 'mtu': 8950, 'status': 'ACTIVE', 'subnets': [], 'shared': False, 'project_id': '28868258976643bb8cfa7e6e0d20ac24', 'port_security_enabled': True, 'router:external': False, 'provider:network_type': 'vlan', 'provider:physical_network': 'default', 'provider:segmentation_id': 756, 'is_default': False, 'availability_zone_hints': [], 'availability_zones': [], 'ipv4_address_scope': None, 'ipv6_address_scope': None, 'description': '', 'tags': [], 'created_at': '2024-10-10T21:01:53Z', 'updated_at': '2024-10-10T21:01:53Z', 'revision_number': 1}, Subnet: {'id': 'dc84c60e-f77a-44c6-93e0-3b1954006461', 'name': 'tempest-FloatingIPDetailsNegativeTestJSON-620597216-subnet', 'tenant_id': '28868258976643bb8cfa7e6e0d20ac24', 'network_id': '40225f08-93ab-47b1-a388-35aa9fb064bd', 'ip_version': 4, 'subnetpool_id': None, 'enable_dhcp': True, 'ipv6_ra_mode': None, 'ipv6_address_mode': None, 'gateway_ip': '192.168.128.1', 'cidr': '192.168.128.0/28', 'allocation_pools': [{'start': '192.168.128.2', 'end': '192.168.128.14'}], 'host_routes': [], 'dns_nameservers': [], 'description': '', 'service_types': [], 'tags': [], 'created_at': '2024-10-10T21:01:55Z', 'updated_at': '2024-10-10T21:01:55Z', 'revision_number': 0, 'project_id': '28868258976643bb8cfa7e6e0d20ac24'}, Router: {'id': '9a62810b-2398-45a3-91fc-59e3849f5e16', 'name': 'tempest-FloatingIPDetailsNegativeTestJSON-620597216-router', 'tenant_id': '28868258976643bb8cfa7e6e0d20ac24', 'admin_state_up': True, 'status': 'ACTIVE', 'external_gateway_info': {'network_id': '0596d49d-fe77-4597-ad4e-52494eb2f7fb', 'external_fixed_ips': [{'subnet_id': '534481ec-6b9e-4776-aaf9-dee559034aa2', 'ip_address': '10.180.180.176'}], 'enable_snat': True}, 'description': '', 'availability_zones': [], 'distributed': False, 'ha': False, 'availability_zone_hints': [], 'routes': [], 'flavor_id': None, 'tags': [], 'created_at': '2024-10-10T21:01:57Z', 'updated_at': '2024-10-10T21:02:02Z', 'revision_number': 2, 'project_id': '28868258976643bb8cfa7e6e0d20ac24'}
2024-10-10 21:02:11.526 63677 INFO tempest.lib.common.rest_client [req-b739631d-058e-4e61-9091-bbfecfd4069c req-b739631d-058e-4e61-9091-bbfecfd4069c ] Request (FloatingIPDetailsNegativeTestJSON:setUpClass): 201 POST http://10.180.1.21/identity/v3/auth/tokens 0.073s
2024-10-10 21:02:11.876 63625 INFO tempest.lib.common.rest_client [req-4bb6a24e-6d0b-4282-a35c-07d6d1dc8b68 req-4bb6a24e-6d0b-4282-a35c-07d6d1dc8b68 ] Request (AttachInterfacesV270Test:test_create_get_list_interfaces): 200 GET http://10.180.1.21/compute/v2.1/servers/338b824f-88c7-4969-98e6-494ed5b44716 8.718s
2024-10-10 21:02:12.286 63661 INFO tempest.lib.common.rest_client [req-0b55b922-ca29-4dc0-86b8-6d1b186ce2ea req-0b55b922-ca29-4dc0-86b8-6d1b186ce2ea ] Request (ServerRescueNegativeTestJSON:setUpClass): 202 POST http://10.180.1.21/compute/v2.1/servers 8.553s
2024-10-10 21:02:12.288 63629 INFO tempest.lib.common.rest_client [-] Request (TestVersions:test_list_api_versions): 200 GET http://10.180.1.21/compute/ 7.788s
2024-10-10 21:02:12.316 63617 INFO tempest.lib.common.rest_client [req-b242828a-7681-403a-93e4-d3750fce1b6c req-b242828a-7681-403a-93e4-d3750fce1b6c ] Request (KeyPairsV2TestJSON:_run_cleanups): 202 DELETE http://10.180.1.21/compute/v2.1/os-keypairs/tempest-keypair-387551272 7.803s
2024-10-10 21:02:12.401 63623 INFO tempest.lib.common.rest_client [req-c454fbbe-4913-4a54-81c8-185c7de6e124 req-c454fbbe-4913-4a54-81c8-185c7de6e124 ] Request (SecurityGroupRulesTestJSON:tearDownClass): 202 DELETE http://10.180.1.21/compute/v2.1/os-security-groups/245d6dac-6b12-4a87-aa4d-8df6b22562f2 7.905s
2024-10-10 21:02:12.415 63627 INFO tempest.lib.common.rest_client [req-0f03c2cd-0100-42c4-8bf6-55f1d96f1b7a req-0f03c2cd-0100-42c4-8bf6-55f1d96f1b7a ] Request (ServerAddressesNegativeTestJSON:setUpClass): 200 GET http://10.180.1.21/compute/v2.1/servers/2d27db28-d8c7-4e6c-b63b-3572ea9f2770 7.646s
2024-10-10 21:02:12.425 63627 INFO tempest.common.waiters [-] State transition "BUILD/None" ==> "BUILD/spawning" after 9 second wait
2024-10-10 21:02:12.477 63629 INFO tempest.lib.common.rest_client [req-441823a8-fcc0-4265-8a14-48429fc9b684 req-441823a8-fcc0-4265-8a14-48429fc9b684 ] Request (TestVersions:tearDownClass): 204 DELETE http://10.180.1.21/identity/v3/users/adc4d0f2fbea46549117033063d5c6b0 0.186s
2024-10-10 21:02:12.478 63629 INFO tempest.lib.common.dynamic_creds [-] Deleting project and security group for project: c8629854bd2944f2b51a2f7af79f3144
2024-10-10 21:02:12.574 63629 INFO tempest.lib.common.rest_client [req-61e97076-25eb-483d-b6bc-a3e24d987d4e req-61e97076-25eb-483d-b6bc-a3e24d987d4e ] Request (TestVersions:tearDownClass): 201 POST http://10.180.1.21/identity/v3/auth/tokens 0.095s
2024-10-10 21:02:12.638 63647 INFO tempest.lib.common.rest_client [req-209408e0-442b-41a4-b1cc-66c3b05e4a04 req-209408e0-442b-41a4-b1cc-66c3b05e4a04 ] Request (ServerActionsTestOtherA:setUpClass): 200 POST http://10.180.1.21/compute/v2.1/os-keypairs 7.734s
2024-10-10 21:02:13.265 63647 INFO tempest.lib.common.rest_client [req-969a70f8-1747-46d2-a775-11fc7fd8d502 req-969a70f8-1747-46d2-a775-11fc7fd8d502 ] Request (ServerActionsTestOtherA:setUpClass): 201 POST http://10.180.1.21:9696/networking/v2.0/security-groups 0.625s
2024-10-10 21:02:13.342 63633 INFO tempest.lib.common.rest_client [req-68617b9e-31e9-49ec-87a5-3e339f062feb req-68617b9e-31e9-49ec-87a5-3e339f062feb ] Request (ServersNegativeTestMultiTenantJSON:setUpClass): 200 GET http://10.180.1.21/compute/v2.1/servers/eb825767-557b-43a7-a2f8-495c515b1212 8.064s
2024-10-10 21:02:13.369 63629 INFO tempest.lib.common.rest_client [req-8f58b0c0-5d68-4319-8636-69d814efc82e req-8f58b0c0-5d68-4319-8636-69d814efc82e ] Request (TestVersions:tearDownClass): 200 GET http://10.180.1.21:9696/networking/v2.0/security-groups?tenant_id=c8629854bd2944f2b51a2f7af79f3144&name=default 0.795s
2024-10-10 21:02:13.764 63647 INFO tempest.lib.common.rest_client [req-574081ef-a2c1-40ff-a92a-49d80dbb01ca req-574081ef-a2c1-40ff-a92a-49d80dbb01ca ] Request (ServerActionsTestOtherA:setUpClass): 201 POST http://10.180.1.21:9696/networking/v2.0/security-group-rules 0.499s
2024-10-10 21:02:13.877 63635 INFO tempest.lib.common.rest_client [req-a5250cdf-d508-4f5e-9912-641a35c3bb3a req-a5250cdf-d508-4f5e-9912-641a35c3bb3a ] Request (InstanceActionsTestJSON:setUpClass): 200 GET http://10.180.1.21/compute/v2.1/servers/469fb0a8-e718-49ac-80e5-8edc7923a31d 8.239s
2024-10-10 21:02:13.981 63637 INFO tempest.lib.common.rest_client [req-89cace6c-be75-4f2e-a746-bc0d58ad71d5 req-89cace6c-be75-4f2e-a746-bc0d58ad71d5 ] Request (InstanceActionsV221TestJSON:test_get_list_deleted_instance_actions): 202 POST http://10.180.1.21/compute/v2.1/servers 9.125s
2024-10-10 21:02:14.012 63629 INFO tempest.lib.common.rest_client [req-d9c38d48-e542-48fc-92b9-0d4dded7e9d2 req-d9c38d48-e542-48fc-92b9-0d4dded7e9d2 ] Request (TestVersions:tearDownClass): 204 DELETE http://10.180.1.21:9696/networking/v2.0/security-groups/80c8d2f0-bdc4-4dfe-a046-f0896b21ec2a 0.642s
2024-10-10 21:02:14.104 63629 INFO tempest.lib.common.rest_client [req-f160b33f-6803-46b4-85a9-bd10b49cf9d1 req-f160b33f-6803-46b4-85a9-bd10b49cf9d1 ] Request (TestVersions:tearDownClass): 204 DELETE http://10.180.1.21/identity/v3/projects/c8629854bd2944f2b51a2f7af79f3144 0.092s
2024-10-10 21:02:14.147 63673 INFO tempest.lib.common.rest_client [req-5d40bb19-a51c-4e30-a9a7-fb36c793f771 req-5d40bb19-a51c-4e30-a9a7-fb36c793f771 ] Request (ImagesTestJSON:test_create_image_from_suspended_server): 204 DELETE http://10.180.1.21/compute/v2.1/servers/dbcbbb18-b8b0-4d4a-a943-e768bf946265 8.389s
2024-10-10 21:02:14.194 63629 INFO tempest.lib.common.rest_client [req-8a3feb3c-6424-410c-9d3c-0eca214fec38 req-8a3feb3c-6424-410c-9d3c-0eca214fec38 ] Request (VolumesTestJSON:setUpClass): 201 POST http://10.180.1.21/identity/v3/auth/tokens 0.087s
2024-10-10 21:02:14.200 63656 INFO tempest.lib.common.rest_client [req-cf17ead0-2bc3-4b48-913b-bc380cb81afb req-cf17ead0-2bc3-4b48-913b-bc380cb81afb ] Request (SecurityGroupRulesNegativeTestJSON:test_create_security_group_rule_duplicate): 400 POST http://10.180.1.21/compute/v2.1/os-security-group-rules 7.572s
2024-10-10 21:02:14.226 63629 INFO tempest.lib.common.rest_client [req-10c2ba51-dbfb-4c47-8a5e-2364a670b9df req-10c2ba51-dbfb-4c47-8a5e-2364a670b9df ] Request (VolumesTestJSON:setUpClass): 201 POST http://10.180.1.21/identity/v3/auth/tokens 0.030s
2024-10-10 21:02:14.251 63629 INFO tempest.lib.common.rest_client [req-1b23d210-9e20-488e-8d56-dc2f3e103646 req-1b23d210-9e20-488e-8d56-dc2f3e103646 ] Request (VolumesTestJSON:setUpClass): 200 GET http://10.180.1.21/identity/v3/domains?name=Default 0.024s
2024-10-10 21:02:14.282 63629 INFO tempest.lib.common.rest_client [req-cca30d43-e286-4f64-9a87-45db1f23a575 req-cca30d43-e286-4f64-9a87-45db1f23a575 ] Request (VolumesTestJSON:setUpClass): 201 POST http://10.180.1.21/identity/v3/projects 0.030s
2024-10-10 21:02:14.358 63629 INFO tempest.lib.common.rest_client [req-75498bc5-ef35-431a-8068-349ce70f062e req-75498bc5-ef35-431a-8068-349ce70f062e ] Request (VolumesTestJSON:setUpClass): 201 POST http://10.180.1.21/identity/v3/users 0.076s
2024-10-10 21:02:14.379 63629 INFO tempest.lib.common.rest_client [req-c6f88aa3-f438-47b5-9e0a-b37227d487d5 req-c6f88aa3-f438-47b5-9e0a-b37227d487d5 ] Request (VolumesTestJSON:setUpClass): 200 GET http://10.180.1.21/identity/v3/roles 0.021s
2024-10-10 21:02:14.392 63631 INFO tempest.lib.common.rest_client [req-7f21acc4-9f7c-416e-8285-c9f1ff8d8470 req-7f21acc4-9f7c-416e-8285-c9f1ff8d8470 ] Request (ServerShowV247Test:tearDownClass): 204 DELETE http://10.180.1.21/compute/v2.1/servers/f4286fb7-2e23-441b-b9ac-2aecccc86b4a 7.616s
2024-10-10 21:02:14.411 63629 INFO tempest.lib.common.rest_client [req-b0651870-2c6e-467f-97d0-bcf0c7db65e4 req-b0651870-2c6e-467f-97d0-bcf0c7db65e4 ] Request (VolumesTestJSON:setUpClass): 204 PUT http://10.180.1.21/identity/v3/projects/3cfbd90ffa3f481ebd385d2fc3a04357/users/0d0e97fa0537402586a43abd8a3cda41/roles/35d84aa92ed5416a991c45f489ef6d91 0.032s
2024-10-10 21:02:14.412 63629 INFO tempest.lib.common.dynamic_creds [-] Dynamic test user 0d0e97fa0537402586a43abd8a3cda41 is created with scope project and roles: ['member']
2024-10-10 21:02:14.412 63629 INFO tempest.lib.common.dynamic_creds [-] Acquired dynamic creds: credentials: Credentials: {'domain_id': 'default', 'domain_name': 'Default', 'username': 'tempest-VolumesTestJSON-1764234457-project-member', 'project_domain_id': 'default', 'project_domain_name': 'Default', 'project_id': '3cfbd90ffa3f481ebd385d2fc3a04357', 'project_name': 'tempest-VolumesTestJSON-1764234457', 'tenant_id': '3cfbd90ffa3f481ebd385d2fc3a04357', 'tenant_name': 'tempest-VolumesTestJSON-1764234457', 'user_domain_id': 'default', 'user_domain_name': 'Default', 'user_id': '0d0e97fa0537402586a43abd8a3cda41', 'system': None}, Network: None, Subnet: None, Router: None
2024-10-10 21:02:14.412 63629 INFO tempest.lib.common.dynamic_creds [-] Created isolated network resources for: credentials: Credentials: {'domain_id': 'default', 'domain_name': 'Default', 'username': 'tempest-VolumesTestJSON-1764234457-project-member', 'project_domain_id': 'default', 'project_domain_name': 'Default', 'project_id': '3cfbd90ffa3f481ebd385d2fc3a04357', 'project_name': 'tempest-VolumesTestJSON-1764234457', 'tenant_id': '3cfbd90ffa3f481ebd385d2fc3a04357', 'tenant_name': 'tempest-VolumesTestJSON-1764234457', 'user_domain_id': 'default', 'user_domain_name': 'Default', 'user_id': '0d0e97fa0537402586a43abd8a3cda41', 'system': None}, Network: None, Subnet: None, Router: None
2024-10-10 21:02:14.486 63659 INFO tempest.lib.common.rest_client [req-9af8d32b-b4f2-4225-87b4-27548a681853 req-9af8d32b-b4f2-4225-87b4-27548a681853 ] Request (ServerShowV257Test:test_rebuild_server): 200 GET http://10.180.1.21/compute/v2.1/servers/6d1b11e8-f15d-4939-af4b-4c921f19e27b 6.473s
2024-10-10 21:02:14.491 63629 INFO tempest.lib.common.rest_client [req-718ef94f-ccfa-4e66-96e4-bcd3cb619488 req-718ef94f-ccfa-4e66-96e4-bcd3cb619488 ] Request (VolumesTestJSON:setUpClass): 201 POST http://10.180.1.21/identity/v3/auth/tokens 0.076s
2024-10-10 21:02:14.602 63647 INFO tempest.lib.common.rest_client [req-326c9421-cfed-4955-b09d-31eb71bc12ab req-326c9421-cfed-4955-b09d-31eb71bc12ab ] Request (ServerActionsTestOtherA:setUpClass): 201 POST http://10.180.1.21:9696/networking/v2.0/security-group-rules 0.837s
2024-10-10 21:02:14.728 63629 INFO tempest.lib.common.rest_client [req-33d8f1b4-cf6f-45d8-87a7-86c2022564a7 req-33d8f1b4-cf6f-45d8-87a7-86c2022564a7 ] Request (VolumesTestJSON:setUpClass): 202 POST http://10.180.1.21/volume/v3/3cfbd90ffa3f481ebd385d2fc3a04357/volumes 0.236s
2024-10-10 21:02:14.762 63629 INFO tempest.lib.common.rest_client [req-6d54b624-c393-4a1d-9bac-1c256da7b969 req-6d54b624-c393-4a1d-9bac-1c256da7b969 ] Request (VolumesTestJSON:setUpClass): 200 GET http://10.180.1.21/volume/v3/3cfbd90ffa3f481ebd385d2fc3a04357/volumes/a465feb4-3977-49c1-946f-0a36bb2b003b 0.028s
2024-10-10 21:02:14.846 63641 INFO tempest.lib.common.rest_client [req-ddcf4018-15ca-4a0c-850d-0bf10f272e1b req-ddcf4018-15ca-4a0c-850d-0bf10f272e1b ] Request (DeleteServersTestJSON:test_delete_active_server): 200 GET http://10.180.1.21/compute/v2.1/servers/f7d7ee84-ef46-430f-a7c1-716661060b4c 6.947s
2024-10-10 21:02:15.071 63663 INFO tempest.lib.common.rest_client [req-1beb7048-dc6a-40e4-93ce-b494d580eb08 req-1beb7048-dc6a-40e4-93ce-b494d580eb08 ] Request (FloatingIPsNegativeTestJSON:setUpClass): 200 GET http://10.180.1.21/compute/v2.1/os-floating-ips 6.525s
2024-10-10 21:02:15.165 63669 INFO tempest.lib.common.rest_client [req-33079f93-41c4-4b8d-b6bc-fa1f613e1175 req-33079f93-41c4-4b8d-b6bc-fa1f613e1175 ] Request (ServersTestMultiNic:test_verify_duplicate_network_nics): 200 GET http://10.180.1.21/compute/v2.1/servers/c5449e42-4142-45b3-8221-064a11f75c39 5.835s
2024-10-10 21:02:15.217 63679 INFO tempest.lib.common.rest_client [req-fbcd5a4d-f169-456c-8940-1c2e9d1422df req-fbcd5a4d-f169-456c-8940-1c2e9d1422df ] Request (ServerRescueTestJSON:setUpClass): 200 GET http://10.180.1.21/compute/v2.1/servers/0eae0333-3d4a-40ba-ac8b-f5568b177ef6 6.690s
2024-10-10 21:02:15.283 63649 INFO tempest.lib.common.rest_client [req-eb87b690-bb83-4b3d-adc2-96e43d9adc05 req-eb87b690-bb83-4b3d-adc2-96e43d9adc05 ] Request (ImagesOneServerNegativeTestJSON:setUpClass): 200 GET http://10.180.1.21/compute/v2.1/servers/6fcba5f7-4418-4218-a563-08b813255668 5.497s
2024-10-10 21:02:15.386 63639 INFO tempest.lib.common.rest_client [req-2514de1c-887f-43e8-8fae-b54b81c30c84 req-2514de1c-887f-43e8-8fae-b54b81c30c84 ] Request (ServerDiagnosticsV248Test:test_get_server_diagnostics): 200 GET http://10.180.1.21/compute/v2.1/servers/c8b80604-93f2-4109-bbf0-dff56d7c8687 4.905s
2024-10-10 21:02:15.392 63675 INFO tempest.lib.common.rest_client [req-47e3d42d-b932-4943-8934-70dc797946ae req-47e3d42d-b932-4943-8934-70dc797946ae ] Request (ExtensionsTest:test_list_extensions): 200 GET http://10.180.1.21/compute/v2.1/extensions 4.887s
2024-10-10 21:02:15.462 63653 INFO tempest.lib.common.rest_client [req-804d53f8-b7c3-47eb-9fed-7dd8a6cb195f req-804d53f8-b7c3-47eb-9fed-7dd8a6cb195f ] Request (MultipleCreateTestJSON:test_multiple_create): 204 DELETE http://10.180.1.21/compute/v2.1/servers/6b23c315-c852-4e8b-a19c-82f9add50966 5.425s
2024-10-10 21:02:15.494 63643 INFO tempest.lib.common.rest_client [req-e888ed27-cd30-4b10-9ae6-12aaafeb0d2a req-e888ed27-cd30-4b10-9ae6-12aaafeb0d2a ] Request (ServersTestJSON:test_create_server_specify_multibyte_character_name): 200 GET http://10.180.1.21/compute/v2.1/servers/f0e10305-ce45-4064-932b-63a681c58aa8 4.404s
2024-10-10 21:02:15.524 63675 INFO tempest.lib.common.rest_client [req-abdc928f-809f-4083-8cfe-fa1af527776c req-abdc928f-809f-4083-8cfe-fa1af527776c ] Request (ExtensionsTest:tearDownClass): 204 DELETE http://10.180.1.21/identity/v3/users/f4c12a15f33649d088927c7ebcb76e22 0.124s
2024-10-10 21:02:15.525 63675 INFO tempest.lib.common.dynamic_creds [-] Deleting project and security group for project: db2416fcb7b14719b0930288f9ad9e76
2024-10-10 21:02:15.590 63675 INFO tempest.lib.common.rest_client [req-e75e9fc2-da6b-4f93-851a-f62e138c0fa3 req-e75e9fc2-da6b-4f93-851a-f62e138c0fa3 ] Request (ExtensionsTest:tearDownClass): 201 POST http://10.180.1.21/identity/v3/auth/tokens 0.065s
2024-10-10 21:02:15.624 63671 INFO tempest.lib.common.rest_client [req-29553d30-2908-46aa-99f9-a5f90a20c4e9 req-29553d30-2908-46aa-99f9-a5f90a20c4e9 ] Request (ServersTestJSON:setUpClass): 200 POST http://10.180.1.21/compute/v2.1/os-keypairs 4.217s
2024-10-10 21:02:15.690 63645 INFO tempest.lib.common.rest_client [req-27e2286d-d2ed-470d-8b87-dbfb53059d14 req-27e2286d-d2ed-470d-8b87-dbfb53059d14 ] Request (ListServersNegativeTestJSON:setUpClass): 204 DELETE http://10.180.1.21/compute/v2.1/servers/897bcf34-849f-4a1c-ba3b-6531facbb3c0 4.476s
2024-10-10 21:02:15.806 63629 INFO tempest.lib.common.rest_client [req-7fcb5365-cfb1-46f7-bfb2-3a8757ad0ad0 req-7fcb5365-cfb1-46f7-bfb2-3a8757ad0ad0 ] Request (VolumesTestJSON:setUpClass): 200 GET http://10.180.1.21/volume/v3/3cfbd90ffa3f481ebd385d2fc3a04357/volumes/a465feb4-3977-49c1-946f-0a36bb2b003b 0.037s
2024-10-10 21:02:15.816 63621 INFO tempest.lib.common.rest_client [req-f2b9ac8f-4bd6-4009-a48c-44e80cf49042 req-f2b9ac8f-4bd6-4009-a48c-44e80cf49042 ] Request (AttachInterfacesUnderV243Test:test_add_remove_fixed_ip): 200 GET http://10.180.1.21/compute/v2.1/servers/001b902b-5d7c-4b41-8e1b-c1ee97a3e445 4.373s
2024-10-10 21:02:15.819 63629 INFO tempest.common.waiters [-] volume a465feb4-3977-49c1-946f-0a36bb2b003b reached available after waiting for 1.819816 seconds
2024-10-10 21:02:15.825 63621 INFO tempest.common.waiters [-] State transition "BUILD/spawning" ==> "ERROR/None" after 14 second wait
2024-10-10 21:02:15.907 63677 INFO tempest.lib.common.rest_client [req-e23c7cb6-3c19-4899-a2bf-9c0ef953b335 req-e23c7cb6-3c19-4899-a2bf-9c0ef953b335 ] Request (FloatingIPDetailsNegativeTestJSON:test_get_nonexistent_floating_ip_details): 404 GET http://10.180.1.21/compute/v2.1/os-floating-ips/4f8f48ec-d8a0-4b3d-a018-97f62a86f48c 4.380s
2024-10-10 21:02:15.942 63661 INFO tempest.lib.common.rest_client [req-723422c3-8d8f-445c-8395-c0451f6be0d1 req-723422c3-8d8f-445c-8395-c0451f6be0d1 ] Request (ServerRescueNegativeTestJSON:setUpClass): 200 GET http://10.180.1.21/compute/v2.1/servers/37baef63-5d42-4d52-9e58-51ec5ebb76f3 3.652s
2024-10-10 21:02:15.949 63617 INFO tempest.lib.common.rest_client [req-e2170a37-2dad-4065-8f91-0e3976ea6834 req-e2170a37-2dad-4065-8f91-0e3976ea6834 ] Request (KeyPairsV2TestJSON:test_keypair_create_delete): 200 POST http://10.180.1.21/compute/v2.1/os-keypairs 3.631s
2024-10-10 21:02:16.074 63665 INFO tempest.lib.common.rest_client [req-81b67f72-df2c-4481-a350-9bb1d06453d8 req-81b67f72-df2c-4481-a350-9bb1d06453d8 ] Request (ServerPasswordTestJSON:setUpClass): 200 GET http://10.180.1.21/compute/v2.1/servers/c108acde-f6e5-42a4-9497-09e94fdb2933 3.721s
2024-10-10 21:02:16.215 63627 INFO tempest.lib.common.rest_client [req-2826aa2b-9191-4e83-a41d-1d2e4b5bbdb9 req-2826aa2b-9191-4e83-a41d-1d2e4b5bbdb9 ] Request (ServerAddressesNegativeTestJSON:setUpClass): 200 GET http://10.180.1.21/compute/v2.1/servers/2d27db28-d8c7-4e6c-b63b-3572ea9f2770 2.789s
2024-10-10 21:02:16.221 63627 INFO tempest.common.waiters [-] State transition "BUILD/spawning" ==> "ERROR/None" after 13 second wait
2024-10-10 21:02:16.311 63637 INFO tempest.lib.common.rest_client [req-dc80c997-92d3-45ed-b39c-4bdec0b8efa5 req-dc80c997-92d3-45ed-b39c-4bdec0b8efa5 ] Request (InstanceActionsV221TestJSON:test_get_list_deleted_instance_actions): 200 GET http://10.180.1.21/compute/v2.1/servers/dd9c26ef-d459-4dff-b807-7fa54d467cd9 2.329s
2024-10-10 21:02:16.332 63673 INFO tempest.lib.common.rest_client [req-ff4f8e96-5ed7-4bd8-8aef-e3a8c851b426 req-ff4f8e96-5ed7-4bd8-8aef-e3a8c851b426 ] Request (ImagesTestJSON:test_create_image_from_suspended_server): 404 GET http://10.180.1.21/compute/v2.1/servers/dbcbbb18-b8b0-4d4a-a943-e768bf946265 2.184s
2024-10-10 21:02:16.406 63673 INFO tempest.lib.common.rest_client [req-fa27e4f5-62a3-4767-8762-dd1826bd4317 req-fa27e4f5-62a3-4767-8762-dd1826bd4317 ] Request (ImagesTestJSON:test_create_server_from_snapshot): 201 POST http://10.180.1.21/identity/v3/auth/tokens 0.066s
2024-10-10 21:02:16.406 63673 INFO tempest.lib.common.fixed_network [-] (ImagesTestJSON:test_create_server_from_snapshot) Found network {'id': 'd1cecbdf-005f-4607-af50-a3a2e0515a01', 'name': 'tempest-ImagesTestJSON-1056735550-network', 'tenant_id': '9c88ec0921eb4d5298de9367f115765e', 'admin_state_up': True, 'mtu': 8950, 'status': 'ACTIVE', 'subnets': [], 'shared': False, 'project_id': '9c88ec0921eb4d5298de9367f115765e', 'port_security_enabled': True, 'router:external': False, 'provider:network_type': 'vlan', 'provider:physical_network': 'default', 'provider:segmentation_id': 198, 'is_default': False, 'availability_zone_hints': [], 'availability_zones': [], 'ipv4_address_scope': None, 'ipv6_address_scope': None, 'description': '', 'tags': [], 'created_at': '2024-10-10T21:00:50Z', 'updated_at': '2024-10-10T21:00:50Z', 'revision_number': 1} available for tenant
2024-10-10 21:02:16.480 63671 INFO tempest.lib.common.rest_client [req-1f571a40-88af-41c5-b0f1-401b26bbcc62 req-1f571a40-88af-41c5-b0f1-401b26bbcc62 ] Request (ServersTestJSON:setUpClass): 201 POST http://10.180.1.21:9696/networking/v2.0/security-groups 0.855s
2024-10-10 21:02:16.596 63675 INFO tempest.lib.common.rest_client [req-1e91d207-b733-4d53-879e-1439f9114731 req-1e91d207-b733-4d53-879e-1439f9114731 ] Request (ExtensionsTest:tearDownClass): 200 GET http://10.180.1.21:9696/networking/v2.0/security-groups?tenant_id=db2416fcb7b14719b0930288f9ad9e76&name=default 1.006s
2024-10-10 21:02:16.943 63625 INFO tempest.lib.common.rest_client [req-78582148-c7f2-4e20-ae71-3c26b118af5e req-78582148-c7f2-4e20-ae71-3c26b118af5e ] Request (AttachInterfacesV270Test:test_create_get_list_interfaces): 200 GET http://10.180.1.21/compute/v2.1/servers/338b824f-88c7-4969-98e6-494ed5b44716 4.053s
2024-10-10 21:02:17.081 63633 INFO tempest.lib.common.rest_client [req-8aa377e7-a21a-43a7-9b1d-fe78a087a78c req-8aa377e7-a21a-43a7-9b1d-fe78a087a78c ] Request (ServersNegativeTestMultiTenantJSON:setUpClass): 200 GET http://10.180.1.21/compute/v2.1/servers/eb825767-557b-43a7-a2f8-495c515b1212 2.732s
2024-10-10 21:02:17.099 63631 INFO tempest.lib.common.rest_client [req-8f59cc6b-be62-4eff-b8c6-94042d96f586 req-8f59cc6b-be62-4eff-b8c6-94042d96f586 ] Request (ServerShowV247Test:tearDownClass): 404 GET http://10.180.1.21/compute/v2.1/servers/f4286fb7-2e23-441b-b9ac-2aecccc86b4a 2.707s
2024-10-10 21:02:17.127 63623 INFO tempest.lib.common.rest_client [req-8768790b-940e-4a80-91e6-aaf07881e174 req-8768790b-940e-4a80-91e6-aaf07881e174 ] Request (SecurityGroupRulesTestJSON:tearDownClass): 200 PUT http://10.180.1.21:9696/networking/v2.0/routers/c502355a-6da9-46c8-878a-d74a2ac76d6a/remove_router_interface 4.725s
2024-10-10 21:02:17.425 63656 INFO tempest.lib.common.rest_client [req-b6e1f118-ae9e-4c55-a2ae-dd82522f759d req-b6e1f118-ae9e-4c55-a2ae-dd82522f759d ] Request (SecurityGroupRulesNegativeTestJSON:_run_cleanups): 202 DELETE http://10.180.1.21/compute/v2.1/os-security-group-rules/fcbe6ddc-8f0d-420a-a9ac-0fa79e3814f4 3.225s
2024-10-10 21:02:17.535 63663 INFO tempest.lib.common.rest_client [req-9973f6c6-f893-4795-8088-d45233ec2f48 req-9973f6c6-f893-4795-8088-d45233ec2f48 ] Request (FloatingIPsNegativeTestJSON:test_allocate_floating_ip_from_nonexistent_pool): 404 POST http://10.180.1.21/compute/v2.1/os-floating-ips 2.461s
2024-10-10 21:02:17.576 63671 INFO tempest.lib.common.rest_client [req-c5b162fb-5ff7-43eb-9792-b0068b74211c req-c5b162fb-5ff7-43eb-9792-b0068b74211c ] Request (ServersTestJSON:setUpClass): 201 POST http://10.180.1.21:9696/networking/v2.0/security-group-rules 1.095s
2024-10-10 21:02:17.599 63675 INFO tempest.lib.common.rest_client [req-2283576d-0d8f-437a-abac-0c73bd693463 req-2283576d-0d8f-437a-abac-0c73bd693463 ] Request (ExtensionsTest:tearDownClass): 204 DELETE http://10.180.1.21:9696/networking/v2.0/security-groups/c2e1ede0-ffb0-4d3a-a849-18dd5acb2531 1.003s
2024-10-10 21:02:17.634 63647 INFO tempest.lib.common.rest_client [req-564e43f4-262d-4f68-81bb-6812e4ce372d req-564e43f4-262d-4f68-81bb-6812e4ce372d ] Request (ServerActionsTestOtherA:setUpClass): 201 POST http://10.180.1.21:9696/networking/v2.0/floatingips 3.030s
2024-10-10 21:02:17.687 63675 INFO tempest.lib.common.rest_client [req-c4b4bb23-3205-4bfb-a4c0-717f3f3182b8 req-c4b4bb23-3205-4bfb-a4c0-717f3f3182b8 ] Request (ExtensionsTest:tearDownClass): 204 DELETE http://10.180.1.21/identity/v3/projects/db2416fcb7b14719b0930288f9ad9e76 0.087s
2024-10-10 21:02:17.718 63647 INFO tempest.lib.common.rest_client [req-00588112-c565-4490-8136-8923dc83013c req-00588112-c565-4490-8136-8923dc83013c ] Request (ServerActionsTestOtherA:setUpClass): 201 POST http://10.180.1.21/identity/v3/auth/tokens 0.079s
2024-10-10 21:02:17.719 63647 INFO tempest.lib.common.fixed_network [-] (ServerActionsTestOtherA:setUpClass) Found network {'id': '5670720b-47c7-4eff-9810-85659d759633', 'name': 'tempest-ServerActionsTestOtherA-1225777724-network', 'tenant_id': '07bcf23bd5fa4927b3baa3c5a3e22026', 'admin_state_up': True, 'mtu': 8950, 'status': 'ACTIVE', 'subnets': [], 'shared': False, 'project_id': '07bcf23bd5fa4927b3baa3c5a3e22026', 'port_security_enabled': True, 'router:external': False, 'provider:network_type': 'vlan', 'provider:physical_network': 'default', 'provider:segmentation_id': 837, 'is_default': False, 'availability_zone_hints': [], 'availability_zones': [], 'ipv4_address_scope': None, 'ipv6_address_scope': None, 'description': '', 'tags': [], 'created_at': '2024-10-10T21:01:45Z', 'updated_at': '2024-10-10T21:01:45Z', 'revision_number': 1} available for tenant
2024-10-10 21:02:17.751 63635 INFO tempest.lib.common.rest_client [req-64cebd2e-a4bf-4eb7-9112-7f2b9feab09e req-64cebd2e-a4bf-4eb7-9112-7f2b9feab09e ] Request (InstanceActionsTestJSON:setUpClass): 200 GET http://10.180.1.21/compute/v2.1/servers/469fb0a8-e718-49ac-80e5-8edc7923a31d 2.858s
2024-10-10 21:02:17.761 63675 INFO tempest.lib.common.rest_client [req-98c7fd22-4d5a-4e1e-aac5-e4ea91c6f286 req-98c7fd22-4d5a-4e1e-aac5-e4ea91c6f286 ] Request (AttachVolumeNegativeTest:setUpClass): 201 POST http://10.180.1.21/identity/v3/auth/tokens 0.071s
2024-10-10 21:02:17.809 63675 INFO tempest.lib.common.rest_client [req-fde31b5d-7a63-4ba5-871f-f91a7bf60b27 req-fde31b5d-7a63-4ba5-871f-f91a7bf60b27 ] Request (AttachVolumeNegativeTest:setUpClass): 201 POST http://10.180.1.21/identity/v3/auth/tokens 0.046s
2024-10-10 21:02:17.822 63653 INFO tempest.lib.common.rest_client [req-dd55b1c3-de57-4f3f-ac12-bf7f32c07b4b req-dd55b1c3-de57-4f3f-ac12-bf7f32c07b4b ] Request (MultipleCreateTestJSON:test_multiple_create): 204 DELETE http://10.180.1.21/compute/v2.1/servers/823fb387-5618-4995-bda5-0b6c97cb3255 2.359s
2024-10-10 21:02:17.839 63675 INFO tempest.lib.common.rest_client [req-1e2c70b7-f4fd-40ce-a2d6-7314ac1b647e req-1e2c70b7-f4fd-40ce-a2d6-7314ac1b647e ] Request (AttachVolumeNegativeTest:setUpClass): 200 GET http://10.180.1.21/identity/v3/domains?name=Default 0.029s
2024-10-10 21:02:17.859 63659 INFO tempest.lib.common.rest_client [req-b888e784-00c6-454c-9aef-edc0c5cca3dd req-b888e784-00c6-454c-9aef-edc0c5cca3dd ] Request (ServerShowV257Test:test_rebuild_server): 200 GET http://10.180.1.21/compute/v2.1/servers/6d1b11e8-f15d-4939-af4b-4c921f19e27b 2.365s
2024-10-10 21:02:17.881 63675 INFO tempest.lib.common.rest_client [req-a7a1f299-b661-4fff-9cfa-56d0c8b1133b req-a7a1f299-b661-4fff-9cfa-56d0c8b1133b ] Request (AttachVolumeNegativeTest:setUpClass): 201 POST http://10.180.1.21/identity/v3/projects 0.042s
2024-10-10 21:02:17.912 63629 INFO tempest.lib.common.rest_client [req-d8f78acd-eaca-4cce-94ea-4b686d70ace7 req-d8f78acd-eaca-4cce-94ea-4b686d70ace7 ] Request (VolumesTestJSON:setUpClass): 200 GET http://10.180.1.21/compute/v2.1/os-volumes/a465feb4-3977-49c1-946f-0a36bb2b003b 2.092s
2024-10-10 21:02:17.964 63675 INFO tempest.lib.common.rest_client [req-5acb989c-6532-4ebd-ba8b-220a8dee845d req-5acb989c-6532-4ebd-ba8b-220a8dee845d ] Request (AttachVolumeNegativeTest:setUpClass): 201 POST http://10.180.1.21/identity/v3/users 0.082s
2024-10-10 21:02:17.985 63675 INFO tempest.lib.common.rest_client [req-c9f58547-cd18-4164-9e4e-3e85b3c89874 req-c9f58547-cd18-4164-9e4e-3e85b3c89874 ] Request (AttachVolumeNegativeTest:setUpClass): 200 GET http://10.180.1.21/identity/v3/roles 0.020s
2024-10-10 21:02:18.030 63675 INFO tempest.lib.common.rest_client [req-c9b36f1e-8bed-4ec5-b1a5-39811b1c4347 req-c9b36f1e-8bed-4ec5-b1a5-39811b1c4347 ] Request (AttachVolumeNegativeTest:setUpClass): 204 PUT http://10.180.1.21/identity/v3/projects/da2f71dfa6b541f586e7672ffee9ee7f/users/a0e6926a04a24b7fa064668fe83a0a14/roles/35d84aa92ed5416a991c45f489ef6d91 0.045s
2024-10-10 21:02:18.031 63675 INFO tempest.lib.common.dynamic_creds [-] Dynamic test user a0e6926a04a24b7fa064668fe83a0a14 is created with scope project and roles: ['member']
2024-10-10 21:02:18.031 63675 INFO tempest.lib.common.dynamic_creds [-] Acquired dynamic creds: credentials: Credentials: {'domain_id': 'default', 'domain_name': 'Default', 'username': 'tempest-AttachVolumeNegativeTest-1070179220-project-member', 'project_domain_id': 'default', 'project_domain_name': 'Default', 'project_id': 'da2f71dfa6b541f586e7672ffee9ee7f', 'project_name': 'tempest-AttachVolumeNegativeTest-1070179220', 'tenant_id': 'da2f71dfa6b541f586e7672ffee9ee7f', 'tenant_name': 'tempest-AttachVolumeNegativeTest-1070179220', 'user_domain_id': 'default', 'user_domain_name': 'Default', 'user_id': 'a0e6926a04a24b7fa064668fe83a0a14', 'system': None}, Network: None, Subnet: None, Router: None
2024-10-10 21:02:18.092 63629 INFO tempest.lib.common.rest_client [req-69e6892a-86d2-4718-8da0-2209c069f2f5 req-69e6892a-86d2-4718-8da0-2209c069f2f5 ] Request (VolumesTestJSON:setUpClass): 202 POST http://10.180.1.21/volume/v3/3cfbd90ffa3f481ebd385d2fc3a04357/volumes 0.177s
2024-10-10 21:02:18.103 63645 INFO tempest.lib.common.rest_client [req-79388c04-404a-43bf-a6b6-85edad9b6eb6 req-79388c04-404a-43bf-a6b6-85edad9b6eb6 ] Request (ListServersNegativeTestJSON:setUpClass): 204 DELETE http://10.180.1.21/compute/v2.1/servers/a2019613-85c0-4810-b26b-d9c10cd55d83 2.413s
2024-10-10 21:02:18.134 63675 INFO tempest.lib.common.rest_client [req-7181d296-96f4-4f8c-a0ab-368714a46b57 req-7181d296-96f4-4f8c-a0ab-368714a46b57 ] Request (AttachVolumeNegativeTest:setUpClass): 201 POST http://10.180.1.21/identity/v3/auth/tokens 0.102s
2024-10-10 21:02:18.149 63629 INFO tempest.lib.common.rest_client [req-1b7e3a12-615d-4ca0-b60d-4aac178a6230 req-1b7e3a12-615d-4ca0-b60d-4aac178a6230 ] Request (VolumesTestJSON:setUpClass): 200 GET http://10.180.1.21/volume/v3/3cfbd90ffa3f481ebd385d2fc3a04357/volumes/4dac1c63-41da-4ad8-bcf0-97b53a157200 0.047s
2024-10-10 21:02:18.212 63671 INFO tempest.lib.common.rest_client [req-c2616fb4-3ec7-46c5-9236-1e788208dc6a req-c2616fb4-3ec7-46c5-9236-1e788208dc6a ] Request (ServersTestJSON:setUpClass): 201 POST http://10.180.1.21:9696/networking/v2.0/security-group-rules 0.635s
2024-10-10 21:02:18.234 63621 INFO tempest.lib.common.rest_client [req-9269d890-f17f-461d-9b84-72c998874c3a req-9269d890-f17f-461d-9b84-72c998874c3a ] Request (AttachInterfacesUnderV243Test:test_add_remove_fixed_ip): 204 DELETE http://10.180.1.21/compute/v2.1/servers/001b902b-5d7c-4b41-8e1b-c1ee97a3e445 2.409s
2024-10-10 21:02:18.248 63617 INFO tempest.lib.common.rest_client [req-94db6dc6-1eb7-457a-918b-24e2c98921e9 req-94db6dc6-1eb7-457a-918b-24e2c98921e9 ] Request (KeyPairsV2TestJSON:_run_cleanups): 202 DELETE http://10.180.1.21/compute/v2.1/os-keypairs/tempest-keypair-1254196013 2.297s
2024-10-10 21:02:18.430 63641 INFO tempest.lib.common.rest_client [req-cf508fa1-9375-4a58-b2cc-b3b40b65993b req-cf508fa1-9375-4a58-b2cc-b3b40b65993b ] Request (DeleteServersTestJSON:test_delete_active_server): 200 GET http://10.180.1.21/compute/v2.1/servers/f7d7ee84-ef46-430f-a7c1-716661060b4c 2.572s
2024-10-10 21:02:18.442 63641 INFO tempest.common.waiters [-] State transition "BUILD/spawning" ==> "ERROR/None" after 12 second wait
2024-10-10 21:02:18.655 63627 INFO tempest.lib.common.rest_client [req-9f9976d5-3a63-43bd-b7a2-050993d4794a req-9f9976d5-3a63-43bd-b7a2-050993d4794a ] Request (ServerAddressesNegativeTestJSON:setUpClass): 204 DELETE http://10.180.1.21/compute/v2.1/servers/2d27db28-d8c7-4e6c-b63b-3572ea9f2770 2.433s
2024-10-10 21:02:18.927 63623 INFO tempest.lib.common.rest_client [req-fb5680a1-d330-4343-99f7-a94874412dcb req-fb5680a1-d330-4343-99f7-a94874412dcb ] Request (SecurityGroupRulesTestJSON:tearDownClass): 204 DELETE http://10.180.1.21:9696/networking/v2.0/routers/c502355a-6da9-46c8-878a-d74a2ac76d6a 1.799s
2024-10-10 21:02:19.031 63675 INFO tempest.lib.common.rest_client [req-ee889cf6-90fe-4ff3-a462-f2ec300d5ccc req-ee889cf6-90fe-4ff3-a462-f2ec300d5ccc ] Request (AttachVolumeNegativeTest:setUpClass): 201 POST http://10.180.1.21:9696/networking/v2.0/networks 0.896s
2024-10-10 21:02:19.194 63629 INFO tempest.lib.common.rest_client [req-ea3852e6-3cf3-41ba-b1ed-465467decdb6 req-ea3852e6-3cf3-41ba-b1ed-465467decdb6 ] Request (VolumesTestJSON:setUpClass): 200 GET http://10.180.1.21/volume/v3/3cfbd90ffa3f481ebd385d2fc3a04357/volumes/4dac1c63-41da-4ad8-bcf0-97b53a157200 0.038s
2024-10-10 21:02:19.203 63629 INFO tempest.common.waiters [-] volume 4dac1c63-41da-4ad8-bcf0-97b53a157200 reached available after waiting for 1.203625 seconds
2024-10-10 21:02:19.284 63679 INFO tempest.lib.common.rest_client [req-dcabe061-5699-40f0-99f9-6f9627f251ee req-dcabe061-5699-40f0-99f9-6f9627f251ee ] Request (ServerRescueTestJSON:setUpClass): 200 GET http://10.180.1.21/compute/v2.1/servers/0eae0333-3d4a-40ba-ac8b-f5568b177ef6 3.057s
2024-10-10 21:02:19.411 63623 INFO tempest.lib.common.rest_client [req-ebc89ecc-4358-4555-9404-e75a6e442c6d req-ebc89ecc-4358-4555-9404-e75a6e442c6d ] Request (SecurityGroupRulesTestJSON:tearDownClass): 204 DELETE http://10.180.1.21:9696/networking/v2.0/subnets/e6af036c-4505-4773-8b7d-7677e6f1625f 0.484s
2024-10-10 21:02:19.428 63669 INFO tempest.lib.common.rest_client [req-0b2a236a-c0ac-4b06-ab70-8f29e8710950 req-0b2a236a-c0ac-4b06-ab70-8f29e8710950 ] Request (ServersTestMultiNic:test_verify_duplicate_network_nics): 200 GET http://10.180.1.21/compute/v2.1/servers/c5449e42-4142-45b3-8221-064a11f75c39 3.254s
2024-10-10 21:02:19.573 63639 INFO tempest.lib.common.rest_client [req-0be0db6a-ca97-4ecf-ab4f-4225048e4e33 req-0be0db6a-ca97-4ecf-ab4f-4225048e4e33 ] Request (ServerDiagnosticsV248Test:test_get_server_diagnostics): 200 GET http://10.180.1.21/compute/v2.1/servers/c8b80604-93f2-4109-bbf0-dff56d7c8687 3.177s
2024-10-10 21:02:19.694 63649 INFO tempest.lib.common.rest_client [req-5ecd6825-0b19-40bb-b2c1-21e067a320d4 req-5ecd6825-0b19-40bb-b2c1-21e067a320d4 ] Request (ImagesOneServerNegativeTestJSON:setUpClass): 200 GET http://10.180.1.21/compute/v2.1/servers/6fcba5f7-4418-4218-a563-08b813255668 3.399s
2024-10-10 21:02:19.757 63643 INFO tempest.lib.common.rest_client [req-90f8fe26-a919-41a0-9b95-9cc577a14fa9 req-90f8fe26-a919-41a0-9b95-9cc577a14fa9 ] Request (ServersTestJSON:test_create_server_specify_multibyte_character_name): 200 GET http://10.180.1.21/compute/v2.1/servers/f0e10305-ce45-4064-932b-63a681c58aa8 3.253s
2024-10-10 21:02:19.767 63643 INFO tempest.common.waiters [-] State transition "BUILD/scheduling" ==> "BUILD/spawning" after 4 second wait
2024-10-10 21:02:19.869 63661 INFO tempest.lib.common.rest_client [req-2765ec00-9a58-41e8-8611-e4aa347d8965 req-2765ec00-9a58-41e8-8611-e4aa347d8965 ] Request (ServerRescueNegativeTestJSON:setUpClass): 200 GET http://10.180.1.21/compute/v2.1/servers/37baef63-5d42-4d52-9e58-51ec5ebb76f3 2.917s
2024-10-10 21:02:19.876 63661 INFO tempest.common.waiters [-] State transition "BUILD/scheduling" ==> "BUILD/spawning" after 4 second wait
2024-10-10 21:02:20.127 63665 INFO tempest.lib.common.rest_client [req-d107da74-b1fc-4b97-8e69-f1ce7f94c4e7 req-d107da74-b1fc-4b97-8e69-f1ce7f94c4e7 ] Request (ServerPasswordTestJSON:setUpClass): 200 GET http://10.180.1.21/compute/v2.1/servers/c108acde-f6e5-42a4-9497-09e94fdb2933 3.040s
2024-10-10 21:02:20.135 63665 INFO tempest.common.waiters [-] State transition "BUILD/spawning" ==> "ERROR/None" after 9 second wait
2024-10-10 21:02:20.353 63631 INFO tempest.lib.common.rest_client [req-3e7e3ed5-ca14-45e3-8296-742c9630e39a req-3e7e3ed5-ca14-45e3-8296-742c9630e39a ] Request (ServerShowV247Test:tearDownClass): 204 DELETE http://10.180.1.21/compute/v2.1/servers/b4224ecc-db55-4ee1-9164-9cf410324a4b 3.253s
2024-10-10 21:02:20.418 63637 INFO tempest.lib.common.rest_client [req-386088a0-d849-40a4-8467-541a9d8103b3 req-386088a0-d849-40a4-8467-541a9d8103b3 ] Request (InstanceActionsV221TestJSON:test_get_list_deleted_instance_actions): 200 GET http://10.180.1.21/compute/v2.1/servers/dd9c26ef-d459-4dff-b807-7fa54d467cd9 3.099s
2024-10-10 21:02:20.426 63637 INFO tempest.common.waiters [-] State transition "BUILD/scheduling" ==> "BUILD/spawning" after 4 second wait
