2024-10-10 21:00:01.301 63619 INFO tempest.lib.common.rest_client [req-c6b3e4b7-5394-4854-9403-a9d15ccb68f6 req-c6b3e4b7-5394-4854-9403-a9d15ccb68f6 ] Request (ServerDiagnosticsNegativeTest:tearDownClass): 204 DELETE http://10.180.1.21:9696/networking/v2.0/security-groups/0c28d8c1-7459-44d7-85b9-1c25bd27392a 0.486s
2024-10-10 21:00:01.347 63651 INFO tempest.lib.common.rest_client [req-7e1265ba-cee1-46df-bf72-84246d5c4a9b req-7e1265ba-cee1-46df-bf72-84246d5c4a9b ] Request (FlavorMetadataValidation:tearDownClass): 204 DELETE http://10.180.1.21:9696/networking/v2.0/security-groups/8ee14daf-e863-4fe6-82e1-aa7e784fbab7 0.427s
2024-10-10 21:00:01.358 63661 INFO tempest.lib.common.rest_client [req-c2c320fa-45f7-499d-9174-c9b2560fdb2b req-c2c320fa-45f7-499d-9174-c9b2560fdb2b ] Request (ServerExternalEventsTest:tearDownClass): 204 DELETE http://10.180.1.21:9696/networking/v2.0/security-groups/972602df-d542-41cd-af19-2c1e0b925479 0.562s
2024-10-10 21:00:01.362 63677 INFO tempest.lib.common.rest_client [req-3599f443-879c-457c-a895-15b4d8ad5529 req-3599f443-879c-457c-a895-15b4d8ad5529 ] Request (AggregatesAdminNegativeTestJSON:test_aggregate_add_host_as_user): 403 POST http://10.180.1.21/compute/v2.1/os-aggregates/2/action 1.614s
2024-10-10 21:00:01.381 63627 INFO tempest.lib.common.rest_client [req-566d85f8-7441-461d-8002-0df90fdfc66a req-566d85f8-7441-461d-8002-0df90fdfc66a ] Request (ServersAdmin275Test:test_rebuild_update_server_275): 200 GET http://10.180.1.21/compute/v2.1/servers/69e0ee1b-9f98-4686-a405-e0a0d288a899 1.548s
2024-10-10 21:00:01.382 63643 INFO tempest.lib.common.rest_client [req-e58baa59-5e02-4834-a5aa-a9de6159e3eb req-e58baa59-5e02-4834-a5aa-a9de6159e3eb ] Request (QuotasAdminTestV257:_run_cleanups): 204 DELETE http://10.180.1.21/identity/v3/users/d628e38d0c144ff99d6cef279a5cbba3 0.106s
2024-10-10 21:00:01.517 63619 INFO tempest.lib.common.rest_client [req-4ed3cf12-3b85-42db-b1b8-cbf7ff21b119 req-4ed3cf12-3b85-42db-b1b8-cbf7ff21b119 ] Request (ServerDiagnosticsNegativeTest:tearDownClass): 204 DELETE http://10.180.1.21/identity/v3/projects/d12b31866d9e438184d03453ce9c553c 0.216s
2024-10-10 21:00:01.517 63619 INFO tempest.lib.common.dynamic_creds [-] Deleting project and security group for project: acb8212a9cd0417da6bb0cf0bd704833
2024-10-10 21:00:01.526 63651 INFO tempest.lib.common.rest_client [req-3043b6e4-101a-4ce9-9e23-f47f4330e50d req-3043b6e4-101a-4ce9-9e23-f47f4330e50d ] Request (FlavorMetadataValidation:tearDownClass): 204 DELETE http://10.180.1.21/identity/v3/projects/559a8b43feab44628aada1dce58af101 0.179s
2024-10-10 21:00:01.527 63651 INFO tempest.lib.common.dynamic_creds [-] Deleting project and security group for project: f95cfdc90ede4978a3a7d22a9a68f940
2024-10-10 21:00:01.591 63665 INFO tempest.lib.common.rest_client [req-77969b37-ea9a-4ab2-a96d-22ee126902f7 req-77969b37-ea9a-4ab2-a96d-22ee126902f7 ] Request (ServersAdminTestJSON:setUpClass): 201 POST http://10.180.1.21:9696/networking/v2.0/networks 0.726s
2024-10-10 21:00:01.603 63633 INFO tempest.lib.common.rest_client [req-52ce926b-a508-4833-8b38-c9eecb10b2a4 req-52ce926b-a508-4833-8b38-c9eecb10b2a4 ] Request (ServersTestManualDisk:setUpClass): 201 POST http://10.180.1.21:9696/networking/v2.0/security-group-rules 0.342s
2024-10-10 21:00:01.616 63643 INFO tempest.lib.common.rest_client [req-26ff3fe2-cd84-40cf-8bab-8b07258369b6 req-26ff3fe2-cd84-40cf-8bab-8b07258369b6 ] Request (QuotasAdminTestV257:_run_cleanups): 204 DELETE http://10.180.1.21/identity/v3/projects/fa40d01d3cce4eca8434b138f9db0c32 0.234s
2024-10-10 21:00:01.640 63661 INFO tempest.lib.common.rest_client [req-20e8254a-af08-4944-ab26-4ac627b7dff6 req-20e8254a-af08-4944-ab26-4ac627b7dff6 ] Request (ServerExternalEventsTest:tearDownClass): 204 DELETE http://10.180.1.21/identity/v3/projects/2dce8ad490d04a0183666aa8ab4fc737 0.282s
2024-10-10 21:00:01.641 63661 INFO tempest.lib.common.dynamic_creds [-] Deleting project and security group for project: d190b2b5c3d348a391e426f31383ccff
2024-10-10 21:00:01.756 63635 INFO tempest.lib.common.rest_client [req-ca23ca1b-e266-461c-956e-43585a8991a9 req-ca23ca1b-e266-461c-956e-43585a8991a9 ] Request (ImagesOneServerTestJSON:setUpClass): 204 DELETE http://10.180.1.21/compute/v2.1/servers/2950a9b4-1f8c-4bd8-85e6-c383b148fc34 1.443s
2024-10-10 21:00:01.841 63643 INFO tempest.lib.common.rest_client [req-9d7a34c2-515a-405d-8ad7-e953cd099c85 req-9d7a34c2-515a-405d-8ad7-e953cd099c85 ] Request (QuotasAdminTestV257:tearDownClass): 204 DELETE http://10.180.1.21/identity/v3/users/e6bbb02fac7246849695a929033e156e 0.215s
2024-10-10 21:00:01.969 63643 INFO tempest.lib.common.rest_client [req-08c223f5-f44a-44cf-a243-a24adeb2d29e req-08c223f5-f44a-44cf-a243-a24adeb2d29e ] Request (QuotasAdminTestV257:tearDownClass): 204 DELETE http://10.180.1.21/identity/v3/users/3434a3355fcd41fbb42d51000ab4aa2c 0.127s
2024-10-10 21:00:01.969 63643 INFO tempest.lib.common.dynamic_creds [-] Deleting project and security group for project: 0a87f2eb29d544acb65e9e347b59ea7f
2024-10-10 21:00:01.990 63623 INFO tempest.lib.common.rest_client [req-484698ed-23f1-4ae9-b078-32dbf5bbabf8 req-484698ed-23f1-4ae9-b078-32dbf5bbabf8 ] Request (FlavorsV261TestJSON:tearDownClass): 200 GET http://10.180.1.21:9696/networking/v2.0/security-groups?tenant_id=8ad11709537842ce87204451c7935255&name=default 0.779s
2024-10-10 21:00:02.068 63643 INFO tempest.lib.common.rest_client [req-a32043f4-e3db-41cb-9ec2-70de7681e8c0 req-a32043f4-e3db-41cb-9ec2-70de7681e8c0 ] Request (QuotasAdminTestV257:tearDownClass): 201 POST http://10.180.1.21/identity/v3/auth/tokens 0.099s
2024-10-10 21:00:02.084 63679 INFO tempest.lib.common.rest_client [req-08882b8d-f03e-4ebf-888a-f4f534f94741 req-08882b8d-f03e-4ebf-888a-f4f534f94741 ] Request (DeleteServersAdminTestJSON:test_delete_server_while_in_error_state): 202 POST http://10.180.1.21/compute/v2.1/servers 2.100s
2024-10-10 21:00:02.134 63661 INFO tempest.lib.common.rest_client [req-b2c8a493-68a9-4f5a-9b1d-e4a26d9de54c req-b2c8a493-68a9-4f5a-9b1d-e4a26d9de54c ] Request (ServerExternalEventsTest:tearDownClass): 200 GET http://10.180.1.21:9696/networking/v2.0/security-groups?tenant_id=d190b2b5c3d348a391e426f31383ccff&name=default 0.493s
2024-10-10 21:00:02.331 63619 INFO tempest.lib.common.rest_client [req-62d50324-f0aa-47d1-9a0b-db2dc6935256 req-62d50324-f0aa-47d1-9a0b-db2dc6935256 ] Request (ServerDiagnosticsNegativeTest:tearDownClass): 200 GET http://10.180.1.21:9696/networking/v2.0/security-groups?tenant_id=acb8212a9cd0417da6bb0cf0bd704833&name=default 0.813s
2024-10-10 21:00:02.341 63675 INFO tempest.lib.common.rest_client [req-51e997cb-2377-46f3-8fcd-22b6524f438e req-51e997cb-2377-46f3-8fcd-22b6524f438e ] Request (AttachInterfacesTestJSON:test_create_list_show_delete_interfaces_by_fixed_ip): 204 DELETE http://10.180.1.21/compute/v2.1/servers/50cbe59b-54cc-4f75-bc69-81fa8e4e9023 1.935s
2024-10-10 21:00:02.473 63651 INFO tempest.lib.common.rest_client [req-4a3a621d-fdd5-432a-a22a-e55ff29bdd07 req-4a3a621d-fdd5-432a-a22a-e55ff29bdd07 ] Request (FlavorMetadataValidation:tearDownClass): 200 GET http://10.180.1.21:9696/networking/v2.0/security-groups?tenant_id=f95cfdc90ede4978a3a7d22a9a68f940&name=default 0.946s
2024-10-10 21:00:02.509 63653 INFO tempest.lib.common.rest_client [req-289034e4-0781-43f3-9775-7b5b156716b0 req-289034e4-0781-43f3-9775-7b5b156716b0 ] Request (ServersTestBootFromVolume:setUpClass): 200 POST http://10.180.1.21/compute/v2.1/os-keypairs 1.987s
2024-10-10 21:00:02.542 63629 INFO tempest.lib.common.rest_client [req-ece27115-4e87-4fba-952f-dfdd7fe3e210 req-ece27115-4e87-4fba-952f-dfdd7fe3e210 ] Request (ListImageFiltersTestJSON:setUpClass): 202 POST http://10.180.1.21/compute/v2.1/servers 2.167s
2024-10-10 21:00:02.573 63673 INFO tempest.lib.common.rest_client [req-7d7ffe18-21d6-4cea-b17d-0c3f0cc81755 req-7d7ffe18-21d6-4cea-b17d-0c3f0cc81755 ] Request (FlavorsAccessTestJSON:test_flavor_access_list_with_private_flavor): 200 POST http://10.180.1.21/compute/v2.1/flavors 1.867s
2024-10-10 21:00:02.592 63671 INFO tempest.lib.common.rest_client [req-2f40abe3-0bb3-48de-bf13-55124a6d53ad req-2f40abe3-0bb3-48de-bf13-55124a6d53ad ] Request (ServersWithSpecificFlavorTestJSON:test_verify_created_server_ephemeral_disk): 200 POST http://10.180.1.21/compute/v2.1/flavors 1.867s
2024-10-10 21:00:02.598 63625 INFO tempest.lib.common.rest_client [req-f2b20a50-e311-4768-a1af-788d64c0f641 req-f2b20a50-e311-4768-a1af-788d64c0f641 ] Request (MigrationsAdminTest:test_resize_server_revert_deleted_flavor): 200 GET http://10.180.1.21/compute/v2.1/flavors/42 1.847s
2024-10-10 21:00:02.612 63639 INFO tempest.lib.common.rest_client [req-28b1f140-8c64-4739-9db5-a3ce6e15aff9 req-28b1f140-8c64-4739-9db5-a3ce6e15aff9 ] Request (FlavorsExtraSpecsNegativeTestJSON:test_flavor_unset_nonexistent_key): 404 DELETE http://10.180.1.21/compute/v2.1/flavors/1772283718/os-extra_specs/hw:cpu_thread_policy 1.850s
2024-10-10 21:00:02.628 63617 INFO tempest.lib.common.rest_client [req-8a01d7c7-0579-41c8-96fd-9b8b443057b7 req-8a01d7c7-0579-41c8-96fd-9b8b443057b7 ] Request (FlavorsAdminTestJSON:_run_cleanups): 202 DELETE http://10.180.1.21/compute/v2.1/flavors/2048632161 1.837s
2024-10-10 21:00:02.640 63656 INFO tempest.lib.common.rest_client [req-1ba530a0-d15b-4699-8f9a-0cb6e2fb7718 req-1ba530a0-d15b-4699-8f9a-0cb6e2fb7718 ] Request (FlavorsAccessNegativeTestJSON:test_flavor_access_list_with_public_flavor): 404 GET http://10.180.1.21/compute/v2.1/flavors/1113210244/os-flavor-access 1.819s
2024-10-10 21:00:02.644 63623 INFO tempest.lib.common.rest_client [req-7306c01e-dc85-4fe4-a225-ae10f3a50ea8 req-7306c01e-dc85-4fe4-a225-ae10f3a50ea8 ] Request (FlavorsV261TestJSON:tearDownClass): 204 DELETE http://10.180.1.21:9696/networking/v2.0/security-groups/74e52786-6768-415c-9de6-8e9de4424363 0.654s
2024-10-10 21:00:02.666 63657 INFO tempest.lib.common.rest_client [req-9067845a-589e-41b1-aa66-3874e645cd0d req-9067845a-589e-41b1-aa66-3874e645cd0d ] Request (ServicesAdminNegativeV253TestJSON:test_get_service_with_valid_service_and_invalid_host): 200 GET http://10.180.1.21/compute/v2.1/os-services?host=xxx&binary=nova-scheduler 1.814s
2024-10-10 21:00:02.712 63643 INFO tempest.lib.common.rest_client [req-6138821e-10b8-4ca1-a4b9-cd87d5069828 req-6138821e-10b8-4ca1-a4b9-cd87d5069828 ] Request (QuotasAdminTestV257:tearDownClass): 200 GET http://10.180.1.21:9696/networking/v2.0/security-groups?tenant_id=0a87f2eb29d544acb65e9e347b59ea7f&name=default 0.643s
2024-10-10 21:00:02.747 63623 INFO tempest.lib.common.rest_client [req-bf964635-7142-4bbf-ad1c-7031c74df4c7 req-bf964635-7142-4bbf-ad1c-7031c74df4c7 ] Request (FlavorsV261TestJSON:tearDownClass): 204 DELETE http://10.180.1.21/identity/v3/projects/8ad11709537842ce87204451c7935255 0.102s
2024-10-10 21:00:02.768 63661 INFO tempest.lib.common.rest_client [req-14ab9c80-47f9-496a-893e-33f26500b903 req-14ab9c80-47f9-496a-893e-33f26500b903 ] Request (ServerExternalEventsTest:tearDownClass): 204 DELETE http://10.180.1.21:9696/networking/v2.0/security-groups/3b0365b9-873f-4f8b-84d1-82dcd92abe0c 0.633s
2024-10-10 21:00:02.776 63619 INFO tempest.lib.common.rest_client [req-ad85b615-f07d-4229-8cca-5d5f3894f701 req-ad85b615-f07d-4229-8cca-5d5f3894f701 ] Request (ServerDiagnosticsNegativeTest:tearDownClass): 204 DELETE http://10.180.1.21:9696/networking/v2.0/security-groups/583344f4-3973-47ed-89a4-30987b616eb2 0.444s
2024-10-10 21:00:02.803 63645 INFO tempest.lib.common.rest_client [req-13737ccd-3b0f-4a3e-bc62-f0391c1c639a req-13737ccd-3b0f-4a3e-bc62-f0391c1c639a ] Request (VolumesAdminNegativeTest:test_update_attached_volume_with_nonexistent_volume_in_body): 200 GET http://10.180.1.21/compute/v2.1/servers/dcb49b2c-5689-454a-aeed-ce4a4f5424b6 1.889s
2024-10-10 21:00:02.819 63645 INFO tempest.common.waiters [-] State transition "BUILD/spawning" ==> "ERROR/None" after 6 second wait
2024-10-10 21:00:02.847 63623 INFO tempest.lib.common.rest_client [req-8dab5010-2c95-470e-9b83-aaadaedc8e5e req-8dab5010-2c95-470e-9b83-aaadaedc8e5e ] Request (HostsAdminTestJSON:setUpClass): 201 POST http://10.180.1.21/identity/v3/auth/tokens 0.098s
2024-10-10 21:00:02.877 63659 INFO tempest.lib.common.rest_client [req-d677ae36-c0c0-4e66-9c4c-9d97a6f88267 req-d677ae36-c0c0-4e66-9c4c-9d97a6f88267 ] Request (SecurityGroupsNegativeTestJSON:setUpClass): 200 PUT http://10.180.1.21:9696/networking/v2.0/routers/cb51019a-16d0-4123-8ca6-34698f79bbe9/add_router_interface 3.697s
2024-10-10 21:00:02.877 63659 INFO tempest.lib.common.dynamic_creds [-] Created isolated network resources for: credentials: Credentials: {'domain_id': 'default', 'domain_name': 'Default', 'username': 'tempest-SecurityGroupsNegativeTestJSON-1787176874-project-member', 'project_domain_id': 'default', 'project_domain_name': 'Default', 'project_id': '3adafaf31c504534957680b8159341b1', 'project_name': 'tempest-SecurityGroupsNegativeTestJSON-1787176874', 'tenant_id': '3adafaf31c504534957680b8159341b1', 'tenant_name': 'tempest-SecurityGroupsNegativeTestJSON-1787176874', 'user_domain_id': 'default', 'user_domain_name': 'Default', 'user_id': '17e6ea737f7b44ba9178009974d4099f', 'system': None}, Network: {'id': '49d0a29a-8430-48f7-bb58-ea710948af65', 'name': 'tempest-SecurityGroupsNegativeTestJSON-389028836-network', 'tenant_id': '3adafaf31c504534957680b8159341b1', 'admin_state_up': True, 'mtu': 8950, 'status': 'ACTIVE', 'subnets': [], 'shared': False, 'project_id': '3adafaf31c504534957680b8159341b1', 'port_security_enabled': True, 'router:external': False, 'provider:network_type': 'vlan', 'provider:physical_network': 'default', 'provider:segmentation_id': 517, 'is_default': False, 'availability_zone_hints': [], 'availability_zones': [], 'ipv4_address_scope': None, 'ipv6_address_scope': None, 'description': '', 'tags': [], 'created_at': '2024-10-10T20:59:53Z', 'updated_at': '2024-10-10T20:59:54Z', 'revision_number': 1}, Subnet: {'id': '11682ce2-26f6-4926-9e5f-3d4b5c64e86a', 'name': 'tempest-SecurityGroupsNegativeTestJSON-389028836-subnet', 'tenant_id': '3adafaf31c504534957680b8159341b1', 'network_id': '49d0a29a-8430-48f7-bb58-ea710948af65', 'ip_version': 4, 'subnetpool_id': None, 'enable_dhcp': True, 'ipv6_ra_mode': None, 'ipv6_address_mode': None, 'gateway_ip': '192.168.128.1', 'cidr': '192.168.128.0/28', 'allocation_pools': [{'start': '192.168.128.2', 'end': '192.168.128.14'}], 'host_routes': [], 'dns_nameservers': [], 'description': '', 'service_types': [], 'tags': [], 'created_at': '2024-10-10T20:59:54Z', 'updated_at': '2024-10-10T20:59:54Z', 'revision_number': 0, 'project_id': '3adafaf31c504534957680b8159341b1'}, Router: {'id': 'cb51019a-16d0-4123-8ca6-34698f79bbe9', 'name': 'tempest-SecurityGroupsNegativeTestJSON-389028836-router', 'tenant_id': '3adafaf31c504534957680b8159341b1', 'admin_state_up': True, 'status': 'ACTIVE', 'external_gateway_info': {'network_id': '0596d49d-fe77-4597-ad4e-52494eb2f7fb', 'external_fixed_ips': [{'subnet_id': '534481ec-6b9e-4776-aaf9-dee559034aa2', 'ip_address': '10.180.180.166'}], 'enable_snat': True}, 'description': '', 'availability_zones': [], 'distributed': False, 'ha': False, 'availability_zone_hints': [], 'routes': [], 'flavor_id': None, 'tags': [], 'created_at': '2024-10-10T20:59:55Z', 'updated_at': '2024-10-10T20:59:57Z', 'revision_number': 2, 'project_id': '3adafaf31c504534957680b8159341b1'}
2024-10-10 21:00:02.888 63665 INFO tempest.lib.common.rest_client [req-07948547-f8c3-441a-8bfc-e317eb15c3bc req-07948547-f8c3-441a-8bfc-e317eb15c3bc ] Request (ServersAdminTestJSON:setUpClass): 201 POST http://10.180.1.21:9696/networking/v2.0/subnets 1.296s
2024-10-10 21:00:02.925 63661 INFO tempest.lib.common.rest_client [req-4585a742-43f2-4081-a533-d0477905a0de req-4585a742-43f2-4081-a533-d0477905a0de ] Request (ServerExternalEventsTest:tearDownClass): 204 DELETE http://10.180.1.21/identity/v3/projects/d190b2b5c3d348a391e426f31383ccff 0.156s
2024-10-10 21:00:02.925 63661 INFO tempest.lib.common.dynamic_creds [-] Deleting project and security group for project: 3bc606ce83ac40a39eca789b9641f5c0
2024-10-10 21:00:02.937 63651 INFO tempest.lib.common.rest_client [req-86ba0f18-fb85-4538-9e25-758eb2f11bb6 req-86ba0f18-fb85-4538-9e25-758eb2f11bb6 ] Request (FlavorMetadataValidation:tearDownClass): 204 DELETE http://10.180.1.21:9696/networking/v2.0/security-groups/c78b6f3e-61a9-4eba-9002-86a0eb890f8e 0.463s
2024-10-10 21:00:02.955 63619 INFO tempest.lib.common.rest_client [req-21212217-973a-4233-85d3-6bd42509366b req-21212217-973a-4233-85d3-6bd42509366b ] Request (ServerDiagnosticsNegativeTest:tearDownClass): 204 DELETE http://10.180.1.21/identity/v3/projects/acb8212a9cd0417da6bb0cf0bd704833 0.178s
2024-10-10 21:00:03.030 63653 INFO tempest.lib.common.rest_client [req-94631e27-8fd7-4d58-8618-ebdf7a8b5e77 req-94631e27-8fd7-4d58-8618-ebdf7a8b5e77 ] Request (ServersTestBootFromVolume:setUpClass): 201 POST http://10.180.1.21:9696/networking/v2.0/security-groups 0.519s
2024-10-10 21:00:03.047 63659 INFO tempest.lib.common.rest_client [req-26740017-86f9-4d63-9080-edd8865610f7 req-26740017-86f9-4d63-9080-edd8865610f7 ] Request (SecurityGroupsNegativeTestJSON:setUpClass): 201 POST http://10.180.1.21/identity/v3/auth/tokens 0.162s
2024-10-10 21:00:03.094 63643 INFO tempest.lib.common.rest_client [req-94f849cd-3e39-445c-a116-0c63657d61bd req-94f849cd-3e39-445c-a116-0c63657d61bd ] Request (QuotasAdminTestV257:tearDownClass): 204 DELETE http://10.180.1.21:9696/networking/v2.0/security-groups/b3f74506-eacc-42dc-9e58-b2cd68546cd9 0.381s
2024-10-10 21:00:03.108 63623 INFO tempest.lib.common.rest_client [req-da2dc394-0c88-4c90-b521-d13ac84d39fa req-da2dc394-0c88-4c90-b521-d13ac84d39fa ] Request (HostsAdminTestJSON:setUpClass): 201 POST http://10.180.1.21/identity/v3/auth/tokens 0.210s
2024-10-10 21:00:03.129 63619 INFO tempest.lib.common.rest_client [req-e06fbd91-aa26-456b-aa47-e3bb97e6639b req-e06fbd91-aa26-456b-aa47-e3bb97e6639b ] Request (ServerMetadataNegativeTestJSON:setUpClass): 201 POST http://10.180.1.21/identity/v3/auth/tokens 0.173s
2024-10-10 21:00:03.145 63663 INFO tempest.lib.common.rest_client [req-6d676ca1-5546-49a5-8a1a-2e71a22bbd69 req-6d676ca1-5546-49a5-8a1a-2e71a22bbd69 ] Request (VolumesAssistedSnapshotsTest:test_volume_assisted_snapshot_create_delete): 200 POST http://10.180.1.21/compute/v2.1/os-keypairs 2.180s
2024-10-10 21:00:03.180 63668 INFO tempest.lib.common.rest_client [req-c3696e2b-97ba-4edf-805f-a9105115b974 req-c3696e2b-97ba-4edf-805f-a9105115b974 ] Request (ImagesMetadataTestJSON:test_list_image_metadata): 200 GET http://10.180.1.21/compute/v2.1/images/38b57fa0-e920-4a5a-be76-d8f88cf21663/metadata 2.122s
2024-10-10 21:00:03.186 63643 INFO tempest.lib.common.rest_client [req-4f59c649-ee18-409a-8703-382b9ffb57e6 req-4f59c649-ee18-409a-8703-382b9ffb57e6 ] Request (QuotasAdminTestV257:tearDownClass): 204 DELETE http://10.180.1.21/identity/v3/projects/0a87f2eb29d544acb65e9e347b59ea7f 0.092s
2024-10-10 21:00:03.187 63643 INFO tempest.lib.common.dynamic_creds [-] Deleting project and security group for project: 9acd11f62edf485f8d0194483dfc27ff
2024-10-10 21:00:03.189 63651 INFO tempest.lib.common.rest_client [req-4c8a1f0b-cc71-4414-b538-51f413a7b458 req-4c8a1f0b-cc71-4414-b538-51f413a7b458 ] Request (FlavorMetadataValidation:tearDownClass): 204 DELETE http://10.180.1.21/identity/v3/projects/f95cfdc90ede4978a3a7d22a9a68f940 0.252s
2024-10-10 21:00:03.237 63623 INFO tempest.lib.common.rest_client [req-f60d1551-3949-47a7-a58a-760faa07c3ca req-f60d1551-3949-47a7-a58a-760faa07c3ca ] Request (HostsAdminTestJSON:setUpClass): 200 GET http://10.180.1.21/identity/v3/domains?name=Default 0.129s
2024-10-10 21:00:03.252 63619 INFO tempest.lib.common.rest_client [req-58a210b7-e34f-46e0-a96a-230c5fd1ad00 req-58a210b7-e34f-46e0-a96a-230c5fd1ad00 ] Request (ServerMetadataNegativeTestJSON:setUpClass): 201 POST http://10.180.1.21/identity/v3/auth/tokens 0.120s
2024-10-10 21:00:03.263 63651 INFO tempest.lib.common.rest_client [req-13186bce-2a45-4de7-af6d-d5eea555be46 req-13186bce-2a45-4de7-af6d-d5eea555be46 ] Request (ServerActionsTestOtherB:setUpClass): 201 POST http://10.180.1.21/identity/v3/auth/tokens 0.072s
2024-10-10 21:00:03.283 63619 INFO tempest.lib.common.rest_client [req-7b178c5d-7117-4906-bbd9-3c72bdfa8fb8 req-7b178c5d-7117-4906-bbd9-3c72bdfa8fb8 ] Request (ServerMetadataNegativeTestJSON:setUpClass): 200 GET http://10.180.1.21/identity/v3/domains?name=Default 0.030s
2024-10-10 21:00:03.284 63623 INFO tempest.lib.common.rest_client [req-a2b0f398-b7a1-43d8-9bce-074a3ecef7b9 req-a2b0f398-b7a1-43d8-9bce-074a3ecef7b9 ] Request (HostsAdminTestJSON:setUpClass): 201 POST http://10.180.1.21/identity/v3/projects 0.047s
2024-10-10 21:00:03.302 63621 INFO tempest.lib.common.rest_client [req-a9570633-b158-45c6-85e7-3b4869826610 req-a9570633-b158-45c6-85e7-3b4869826610 ] Request (FloatingIPsTestJSON:_run_cleanups): 404 DELETE http://10.180.1.21/compute/v2.1/os-floating-ips/505f0c95-8022-435e-87fb-1a7a450bee66 2.212s
2024-10-10 21:00:03.316 63641 INFO tempest.lib.common.rest_client [req-71803156-34dc-4947-a432-8c3880a6c974 req-71803156-34dc-4947-a432-8c3880a6c974 ] Request (FlavorsExtraSpecsTestJSON:test_flavor_set_get_update_show_unset_keys): 200 GET http://10.180.1.21/compute/v2.1/flavors/1795376459/os-extra_specs 2.173s
2024-10-10 21:00:03.340 63619 INFO tempest.lib.common.rest_client [req-4dbeedf6-404f-409b-bb0e-faf08c47f4e9 req-4dbeedf6-404f-409b-bb0e-faf08c47f4e9 ] Request (ServerMetadataNegativeTestJSON:setUpClass): 201 POST http://10.180.1.21/identity/v3/projects 0.056s
2024-10-10 21:00:03.342 63651 INFO tempest.lib.common.rest_client [req-c3314077-8db1-4cdf-9f07-32d158b4156d req-c3314077-8db1-4cdf-9f07-32d158b4156d ] Request (ServerActionsTestOtherB:setUpClass): 201 POST http://10.180.1.21/identity/v3/auth/tokens 0.075s
2024-10-10 21:00:03.345 63677 INFO tempest.lib.common.rest_client [req-f4ea8cc9-13c0-4e3a-894a-2018feb87853 req-f4ea8cc9-13c0-4e3a-894a-2018feb87853 ] Request (AggregatesAdminNegativeTestJSON:_run_cleanups): 200 DELETE http://10.180.1.21/compute/v2.1/os-aggregates/2 1.982s
2024-10-10 21:00:03.394 63623 INFO tempest.lib.common.rest_client [req-1a67e593-f31f-4183-b897-22d5640a63d2 req-1a67e593-f31f-4183-b897-22d5640a63d2 ] Request (HostsAdminTestJSON:setUpClass): 201 POST http://10.180.1.21/identity/v3/users 0.109s
2024-10-10 21:00:03.399 63619 INFO tempest.lib.common.rest_client [req-4a0388e5-b8fb-4098-855d-ee47a4e1d860 req-4a0388e5-b8fb-4098-855d-ee47a4e1d860 ] Request (ServerMetadataNegativeTestJSON:setUpClass): 201 POST http://10.180.1.21/identity/v3/users 0.059s
2024-10-10 21:00:03.411 63651 INFO tempest.lib.common.rest_client [req-61331a6f-ae6d-40a6-9297-8180ffc052a9 req-61331a6f-ae6d-40a6-9297-8180ffc052a9 ] Request (ServerActionsTestOtherB:setUpClass): 200 GET http://10.180.1.21/identity/v3/domains?name=Default 0.069s
2024-10-10 21:00:03.425 63623 INFO tempest.lib.common.rest_client [req-5411f821-7602-4423-a444-d2f13c43d4f4 req-5411f821-7602-4423-a444-d2f13c43d4f4 ] Request (HostsAdminTestJSON:setUpClass): 200 GET http://10.180.1.21/identity/v3/roles 0.031s
2024-10-10 21:00:03.438 63619 INFO tempest.lib.common.rest_client [req-72c6828d-ef43-4aea-8fa6-19cc01fdca4d req-72c6828d-ef43-4aea-8fa6-19cc01fdca4d ] Request (ServerMetadataNegativeTestJSON:setUpClass): 200 GET http://10.180.1.21/identity/v3/roles 0.038s
2024-10-10 21:00:03.464 63651 INFO tempest.lib.common.rest_client [req-330bc803-0012-48cb-9d0d-3c6d3d9d97d3 req-330bc803-0012-48cb-9d0d-3c6d3d9d97d3 ] Request (ServerActionsTestOtherB:setUpClass): 201 POST http://10.180.1.21/identity/v3/projects 0.052s
2024-10-10 21:00:03.519 63649 INFO tempest.lib.common.rest_client [req-a3fd8cce-060f-40ce-96e7-11add99a3206 req-a3fd8cce-060f-40ce-96e7-11add99a3206 ] Request (QuotaClassesAdminTestJSON:test_update_default_quotas): 200 GET http://10.180.1.21/compute/v2.1/os-quota-class-sets/default 1.829s
2024-10-10 21:00:03.523 63623 INFO tempest.lib.common.rest_client [req-5374bb32-efff-4d73-888f-cd877141894a req-5374bb32-efff-4d73-888f-cd877141894a ] Request (HostsAdminTestJSON:setUpClass): 204 PUT http://10.180.1.21/identity/v3/projects/eb257432e1a34d2ab217bbe5af5af1de/users/14d87d83e61c4b71b5712051e8101ab3/roles/35d84aa92ed5416a991c45f489ef6d91 0.097s
2024-10-10 21:00:03.523 63623 INFO tempest.lib.common.dynamic_creds [-] Dynamic test user 14d87d83e61c4b71b5712051e8101ab3 is created with scope project and roles: ['member']
2024-10-10 21:00:03.523 63623 INFO tempest.lib.common.dynamic_creds [-] Acquired dynamic creds: credentials: Credentials: {'domain_id': 'default', 'domain_name': 'Default', 'username': 'tempest-HostsAdminTestJSON-345578889-project-member', 'project_domain_id': 'default', 'project_domain_name': 'Default', 'project_id': 'eb257432e1a34d2ab217bbe5af5af1de', 'project_name': 'tempest-HostsAdminTestJSON-345578889', 'tenant_id': 'eb257432e1a34d2ab217bbe5af5af1de', 'tenant_name': 'tempest-HostsAdminTestJSON-345578889', 'user_domain_id': 'default', 'user_domain_name': 'Default', 'user_id': '14d87d83e61c4b71b5712051e8101ab3', 'system': None}, Network: None, Subnet: None, Router: None
2024-10-10 21:00:03.523 63623 INFO tempest.lib.common.dynamic_creds [-] Created isolated network resources for: credentials: Credentials: {'domain_id': 'default', 'domain_name': 'Default', 'username': 'tempest-HostsAdminTestJSON-345578889-project-member', 'project_domain_id': 'default', 'project_domain_name': 'Default', 'project_id': 'eb257432e1a34d2ab217bbe5af5af1de', 'project_name': 'tempest-HostsAdminTestJSON-345578889', 'tenant_id': 'eb257432e1a34d2ab217bbe5af5af1de', 'tenant_name': 'tempest-HostsAdminTestJSON-345578889', 'user_domain_id': 'default', 'user_domain_name': 'Default', 'user_id': '14d87d83e61c4b71b5712051e8101ab3', 'system': None}, Network: None, Subnet: None, Router: None
2024-10-10 21:00:03.535 63619 INFO tempest.lib.common.rest_client [req-eeb8b353-9c86-4799-84d3-5167ef8a66a4 req-eeb8b353-9c86-4799-84d3-5167ef8a66a4 ] Request (ServerMetadataNegativeTestJSON:setUpClass): 204 PUT http://10.180.1.21/identity/v3/projects/bbc5931b586e442f98b77cbb101e937a/users/19e373f8c77442c9b3e486825aa5f5b1/roles/35d84aa92ed5416a991c45f489ef6d91 0.096s
2024-10-10 21:00:03.536 63619 INFO tempest.lib.common.dynamic_creds [-] Dynamic test user 19e373f8c77442c9b3e486825aa5f5b1 is created with scope project and roles: ['member']
2024-10-10 21:00:03.536 63619 INFO tempest.lib.common.dynamic_creds [-] Acquired dynamic creds: credentials: Credentials: {'domain_id': 'default', 'domain_name': 'Default', 'username': 'tempest-ServerMetadataNegativeTestJSON-745369547-project-member', 'project_domain_id': 'default', 'project_domain_name': 'Default', 'project_id': 'bbc5931b586e442f98b77cbb101e937a', 'project_name': 'tempest-ServerMetadataNegativeTestJSON-745369547', 'tenant_id': 'bbc5931b586e442f98b77cbb101e937a', 'tenant_name': 'tempest-ServerMetadataNegativeTestJSON-745369547', 'user_domain_id': 'default', 'user_domain_name': 'Default', 'user_id': '19e373f8c77442c9b3e486825aa5f5b1', 'system': None}, Network: None, Subnet: None, Router: None
2024-10-10 21:00:03.542 63635 INFO tempest.lib.common.rest_client [req-495c5f72-fd53-4952-9af9-327f13aa0039 req-495c5f72-fd53-4952-9af9-327f13aa0039 ] Request (ImagesOneServerTestJSON:setUpClass): 404 GET http://10.180.1.21/compute/v2.1/servers/2950a9b4-1f8c-4bd8-85e6-c383b148fc34 1.785s
2024-10-10 21:00:03.542 63635 INFO tempest.test [-] raised in ImagesOneServerTestJSON.setUpClass. Invoking tearDownClass.
2024-10-10 21:00:03.604 63623 INFO tempest.lib.common.rest_client [req-4642984a-c4df-4d2e-8abc-2d885e38d8aa req-4642984a-c4df-4d2e-8abc-2d885e38d8aa ] Request (HostsAdminTestJSON:setUpClass): 201 POST http://10.180.1.21/identity/v3/auth/tokens 0.072s
2024-10-10 21:00:03.628 63619 INFO tempest.lib.common.rest_client [req-dbda2767-67a4-40da-b9b0-33dca9ede36a req-dbda2767-67a4-40da-b9b0-33dca9ede36a ] Request (ServerMetadataNegativeTestJSON:setUpClass): 201 POST http://10.180.1.21/identity/v3/auth/tokens 0.092s
2024-10-10 21:00:03.636 63651 INFO tempest.lib.common.rest_client [req-753f52f2-51e7-48c0-a0ce-3696c8305239 req-753f52f2-51e7-48c0-a0ce-3696c8305239 ] Request (ServerActionsTestOtherB:setUpClass): 201 POST http://10.180.1.21/identity/v3/users 0.172s
2024-10-10 21:00:03.650 63623 INFO tempest.lib.common.rest_client [req-7a51898a-679d-430d-8413-5fc0ef3ef47c req-7a51898a-679d-430d-8413-5fc0ef3ef47c ] Request (HostsAdminTestJSON:setUpClass): 201 POST http://10.180.1.21/identity/v3/projects 0.045s
2024-10-10 21:00:03.654 63651 INFO tempest.lib.common.rest_client [req-e7eacb09-4d57-4826-bdd8-c432aa2a1229 req-e7eacb09-4d57-4826-bdd8-c432aa2a1229 ] Request (ServerActionsTestOtherB:setUpClass): 200 GET http://10.180.1.21/identity/v3/roles 0.018s
2024-10-10 21:00:03.719 63623 INFO tempest.lib.common.rest_client [req-5993e8b2-52df-4af1-b8fb-0db3340eae0e req-5993e8b2-52df-4af1-b8fb-0db3340eae0e ] Request (HostsAdminTestJSON:setUpClass): 201 POST http://10.180.1.21/identity/v3/users 0.069s
2024-10-10 21:00:03.721 63651 INFO tempest.lib.common.rest_client [req-859a89d1-4421-4af2-a316-5a62409a45a2 req-859a89d1-4421-4af2-a316-5a62409a45a2 ] Request (ServerActionsTestOtherB:setUpClass): 204 PUT http://10.180.1.21/identity/v3/projects/97551635dd864fe490da4b358b20262a/users/fe07131b13684485b3ddd057b319bd49/roles/35d84aa92ed5416a991c45f489ef6d91 0.066s
2024-10-10 21:00:03.721 63651 INFO tempest.lib.common.dynamic_creds [-] Dynamic test user fe07131b13684485b3ddd057b319bd49 is created with scope project and roles: ['member']
2024-10-10 21:00:03.722 63651 INFO tempest.lib.common.dynamic_creds [-] Acquired dynamic creds: credentials: Credentials: {'domain_id': 'default', 'domain_name': 'Default', 'username': 'tempest-ServerActionsTestOtherB-1834963292-project-member', 'project_domain_id': 'default', 'project_domain_name': 'Default', 'project_id': '97551635dd864fe490da4b358b20262a', 'project_name': 'tempest-ServerActionsTestOtherB-1834963292', 'tenant_id': '97551635dd864fe490da4b358b20262a', 'tenant_name': 'tempest-ServerActionsTestOtherB-1834963292', 'user_domain_id': 'default', 'user_domain_name': 'Default', 'user_id': 'fe07131b13684485b3ddd057b319bd49', 'system': None}, Network: None, Subnet: None, Router: None
2024-10-10 21:00:03.768 63623 INFO tempest.lib.common.rest_client [req-44729663-ae7e-4fc0-9e46-457b457c11ef req-44729663-ae7e-4fc0-9e46-457b457c11ef ] Request (HostsAdminTestJSON:setUpClass): 200 GET http://10.180.1.21/identity/v3/roles 0.048s
2024-10-10 21:00:03.777 63653 INFO tempest.lib.common.rest_client [req-3d2a26f1-1577-4b12-aedc-50e31985a804 req-3d2a26f1-1577-4b12-aedc-50e31985a804 ] Request (ServersTestBootFromVolume:setUpClass): 201 POST http://10.180.1.21:9696/networking/v2.0/security-group-rules 0.746s
2024-10-10 21:00:03.796 63651 INFO tempest.lib.common.rest_client [req-a3aea2da-f1ab-4064-a355-b0a0059f2095 req-a3aea2da-f1ab-4064-a355-b0a0059f2095 ] Request (ServerActionsTestOtherB:setUpClass): 201 POST http://10.180.1.21/identity/v3/auth/tokens 0.072s
2024-10-10 21:00:03.796 63661 INFO tempest.lib.common.rest_client [req-534013ac-2af7-48a2-8e0c-8ad9cc28888e req-534013ac-2af7-48a2-8e0c-8ad9cc28888e ] Request (ServerExternalEventsTest:tearDownClass): 200 GET http://10.180.1.21:9696/networking/v2.0/security-groups?tenant_id=3bc606ce83ac40a39eca789b9641f5c0&name=default 0.871s
2024-10-10 21:00:03.820 63623 INFO tempest.lib.common.rest_client [req-96a66ed6-5423-4786-bf84-95bf310e7fc0 req-96a66ed6-5423-4786-bf84-95bf310e7fc0 ] Request (HostsAdminTestJSON:setUpClass): 204 PUT http://10.180.1.21/identity/v3/projects/2051b0ff025045409c0180c483382430/users/6aa9e57f7a8048f5ac8252e3be616cc8/roles/4f28d209c04442dca1da733995201cae 0.051s
2024-10-10 21:00:03.844 63633 INFO tempest.lib.common.rest_client [req-61efd682-945a-4ad1-ba64-335748cf342c req-61efd682-945a-4ad1-ba64-335748cf342c ] Request (ServersTestManualDisk:setUpClass): 201 POST http://10.180.1.21:9696/networking/v2.0/floatingips 2.240s
2024-10-10 21:00:03.876 63623 INFO tempest.lib.common.rest_client [req-8fd6df1f-8cb9-44cd-9453-cd5566f841a4 req-8fd6df1f-8cb9-44cd-9453-cd5566f841a4 ] Request (HostsAdminTestJSON:setUpClass): 200 GET http://10.180.1.21/identity/v3/roles 0.055s
2024-10-10 21:00:03.923 63623 INFO tempest.lib.common.rest_client [req-be337691-46f0-4f3d-b5fa-ca2faa42809d req-be337691-46f0-4f3d-b5fa-ca2faa42809d ] Request (HostsAdminTestJSON:setUpClass): 204 PUT http://10.180.1.21/identity/v3/projects/2051b0ff025045409c0180c483382430/users/6aa9e57f7a8048f5ac8252e3be616cc8/roles/4f28d209c04442dca1da733995201cae 0.046s
2024-10-10 21:00:03.923 63623 INFO tempest.lib.common.dynamic_creds [-] Dynamic test user 6aa9e57f7a8048f5ac8252e3be616cc8 is created with scope project and roles: ['admin']
2024-10-10 21:00:03.923 63623 INFO tempest.lib.common.dynamic_creds [-] Acquired dynamic creds: credentials: Credentials: {'domain_id': 'default', 'domain_name': 'Default', 'username': 'tempest-HostsAdminTestJSON-1559681689-project-admin', 'project_domain_id': 'default', 'project_domain_name': 'Default', 'project_id': '2051b0ff025045409c0180c483382430', 'project_name': 'tempest-HostsAdminTestJSON-1559681689', 'tenant_id': '2051b0ff025045409c0180c483382430', 'tenant_name': 'tempest-HostsAdminTestJSON-1559681689', 'user_domain_id': 'default', 'user_domain_name': 'Default', 'user_id': '6aa9e57f7a8048f5ac8252e3be616cc8', 'system': None}, Network: None, Subnet: None, Router: None
2024-10-10 21:00:03.923 63623 INFO tempest.lib.common.dynamic_creds [-] Created isolated network resources for: credentials: Credentials: {'domain_id': 'default', 'domain_name': 'Default', 'username': 'tempest-HostsAdminTestJSON-1559681689-project-admin', 'project_domain_id': 'default', 'project_domain_name': 'Default', 'project_id': '2051b0ff025045409c0180c483382430', 'project_name': 'tempest-HostsAdminTestJSON-1559681689', 'tenant_id': '2051b0ff025045409c0180c483382430', 'tenant_name': 'tempest-HostsAdminTestJSON-1559681689', 'user_domain_id': 'default', 'user_domain_name': 'Default', 'user_id': '6aa9e57f7a8048f5ac8252e3be616cc8', 'system': None}, Network: None, Subnet: None, Router: None
2024-10-10 21:00:03.932 63633 INFO tempest.lib.common.rest_client [req-865c30df-2c0e-4a8c-92f3-7ba53866bc84 req-865c30df-2c0e-4a8c-92f3-7ba53866bc84 ] Request (ServersTestManualDisk:setUpClass): 201 POST http://10.180.1.21/identity/v3/auth/tokens 0.083s
2024-10-10 21:00:03.933 63633 INFO tempest.lib.common.fixed_network [-] (ServersTestManualDisk:setUpClass) Found network {'id': '6f725501-ffce-405b-8f3b-4eda9cb9009b', 'name': 'tempest-ServersTestManualDisk-1209648062-network', 'tenant_id': 'a23a6e39ac49459ab7f32db97674b89c', 'admin_state_up': True, 'mtu': 8950, 'status': 'ACTIVE', 'subnets': [], 'shared': False, 'project_id': 'a23a6e39ac49459ab7f32db97674b89c', 'port_security_enabled': True, 'router:external': False, 'provider:network_type': 'vlan', 'provider:physical_network': 'default', 'provider:segmentation_id': 786, 'is_default': False, 'availability_zone_hints': [], 'availability_zones': [], 'ipv4_address_scope': None, 'ipv6_address_scope': None, 'description': '', 'tags': [], 'created_at': '2024-10-10T20:59:45Z', 'updated_at': '2024-10-10T20:59:46Z', 'revision_number': 1} available for tenant
2024-10-10 21:00:04.001 63623 INFO tempest.lib.common.rest_client [req-de1e645a-9478-41f5-bf4a-f14a1fdc9d39 req-de1e645a-9478-41f5-bf4a-f14a1fdc9d39 ] Request (HostsAdminTestJSON:setUpClass): 201 POST http://10.180.1.21/identity/v3/auth/tokens 0.075s
2024-10-10 21:00:04.165 63663 INFO tempest.lib.common.rest_client [req-19553912-226c-48fd-8bf6-f3b6cd759411 req-19553912-226c-48fd-8bf6-f3b6cd759411 ] Request (VolumesAssistedSnapshotsTest:test_volume_assisted_snapshot_create_delete): 201 POST http://10.180.1.21:9696/networking/v2.0/security-groups 1.018s
2024-10-10 21:00:04.242 63643 INFO tempest.lib.common.rest_client [req-c00f734e-293c-43da-9eb7-8489bb7f7fdf req-c00f734e-293c-43da-9eb7-8489bb7f7fdf ] Request (QuotasAdminTestV257:tearDownClass): 200 GET http://10.180.1.21:9696/networking/v2.0/security-groups?tenant_id=9acd11f62edf485f8d0194483dfc27ff&name=default 1.054s
2024-10-10 21:00:04.277 63631 INFO tempest.lib.common.rest_client [req-0fb9a0fe-73cd-4b9a-9270-7d872cfd3e78 req-0fb9a0fe-73cd-4b9a-9270-7d872cfd3e78 ] Request (ServerDiagnosticsTest:test_get_server_diagnostics): 200 GET http://10.180.1.21/compute/v2.1/servers/82caddd7-7800-4519-b3e1-619d65c49f84 2.269s
2024-10-10 21:00:04.330 63647 INFO tempest.lib.common.rest_client [req-b8f2fbb5-1fb3-4d17-83d1-37d4553af87f req-b8f2fbb5-1fb3-4d17-83d1-37d4553af87f ] Request (FloatingIPDetailsTestJSON:tearDownClass): 202 DELETE http://10.180.1.21/compute/v2.1/os-floating-ips/63cb8e20-1278-43d3-b9a3-44cff877e97f 3.661s
2024-10-10 21:00:04.355 63675 INFO tempest.lib.common.rest_client [req-6cb0af17-255f-4b99-b987-cd3285bd7258 req-6cb0af17-255f-4b99-b987-cd3285bd7258 ] Request (AttachInterfacesTestJSON:test_create_list_show_delete_interfaces_by_fixed_ip): 404 GET http://10.180.1.21/compute/v2.1/servers/50cbe59b-54cc-4f75-bc69-81fa8e4e9023 2.013s
2024-10-10 21:00:04.379 63679 INFO tempest.lib.common.rest_client [req-7500cfa9-ed37-4ec0-b6d4-4b5d86f275f2 req-7500cfa9-ed37-4ec0-b6d4-4b5d86f275f2 ] Request (DeleteServersAdminTestJSON:test_delete_server_while_in_error_state): 200 GET http://10.180.1.21/compute/v2.1/servers/9d7c22ae-ae42-4119-9ced-6f6d260d645f 2.294s
2024-10-10 21:00:04.449 63661 INFO tempest.lib.common.rest_client [req-4e9d343f-b7ce-4098-9c88-835531281f66 req-4e9d343f-b7ce-4098-9c88-835531281f66 ] Request (ServerExternalEventsTest:tearDownClass): 204 DELETE http://10.180.1.21:9696/networking/v2.0/security-groups/863577e7-fb6f-40e9-9ea7-18cdb2d85b0a 0.653s
2024-10-10 21:00:04.457 63653 INFO tempest.lib.common.rest_client [req-5ff94358-f80d-4bdd-bfc5-5d391ef34cf8 req-5ff94358-f80d-4bdd-bfc5-5d391ef34cf8 ] Request (ServersTestBootFromVolume:setUpClass): 201 POST http://10.180.1.21:9696/networking/v2.0/security-group-rules 0.679s
2024-10-10 21:00:04.495 63629 INFO tempest.lib.common.rest_client [req-04f65db8-cfb3-4422-b2d7-cbebadeddcb6 req-04f65db8-cfb3-4422-b2d7-cbebadeddcb6 ] Request (ListImageFiltersTestJSON:setUpClass): 200 GET http://10.180.1.21/compute/v2.1/servers/a4779ddf-7321-4b0f-a719-5b09b63cf547 1.952s
2024-10-10 21:00:04.518 63673 INFO tempest.lib.common.rest_client [req-c831c915-c896-48f5-b16b-21a67f5504f0 req-c831c915-c896-48f5-b16b-21a67f5504f0 ] Request (FlavorsAccessTestJSON:test_flavor_access_list_with_private_flavor): 200 GET http://10.180.1.21/compute/v2.1/flavors/146480836/os-flavor-access 1.943s
2024-10-10 21:00:04.528 63671 INFO tempest.lib.common.rest_client [req-46b9b130-157a-4328-96f6-e97c92551938 req-46b9b130-157a-4328-96f6-e97c92551938 ] Request (ServersWithSpecificFlavorTestJSON:test_verify_created_server_ephemeral_disk): 200 GET http://10.180.1.21/compute/v2.1/flavors/42/os-extra_specs 1.934s
2024-10-10 21:00:04.543 63625 INFO tempest.lib.common.rest_client [req-1b3d8d78-ba04-4e76-bb8a-9936d6cc8288 req-1b3d8d78-ba04-4e76-bb8a-9936d6cc8288 ] Request (MigrationsAdminTest:test_resize_server_revert_deleted_flavor): 200 POST http://10.180.1.21/compute/v2.1/flavors 1.943s
2024-10-10 21:00:04.548 63627 INFO tempest.lib.common.rest_client [req-e278cc9a-d884-4e9b-bad7-4c1edbf3df5f req-e278cc9a-d884-4e9b-bad7-4c1edbf3df5f ] Request (ServersAdmin275Test:test_rebuild_update_server_275): 200 GET http://10.180.1.21/compute/v2.1/servers/69e0ee1b-9f98-4686-a405-e0a0d288a899 2.151s
2024-10-10 21:00:04.555 63639 INFO tempest.lib.common.rest_client [req-3de95633-f387-4c5b-97c6-379b0eac5cde req-3de95633-f387-4c5b-97c6-379b0eac5cde ] Request (FlavorsExtraSpecsNegativeTestJSON:test_flavor_update_mismatch_key): 400 PUT http://10.180.1.21/compute/v2.1/flavors/1772283718/os-extra_specs/hw:numa_nodes 1.941s
2024-10-10 21:00:04.562 63661 INFO tempest.lib.common.rest_client [req-823c0b9f-94da-4f98-8b29-c579e2b5cf78 req-823c0b9f-94da-4f98-8b29-c579e2b5cf78 ] Request (ServerExternalEventsTest:tearDownClass): 204 DELETE http://10.180.1.21/identity/v3/projects/3bc606ce83ac40a39eca789b9641f5c0 0.112s
2024-10-10 21:00:04.568 63617 INFO tempest.lib.common.rest_client [req-c36bce56-8003-47f7-a034-8ff4b91013e8 req-c36bce56-8003-47f7-a034-8ff4b91013e8 ] Request (FlavorsAdminTestJSON:_run_cleanups): 200 GET http://10.180.1.21/compute/v2.1/flavors/detail 1.938s
2024-10-10 21:00:04.584 63656 INFO tempest.lib.common.rest_client [req-d34f313c-153f-411f-b52e-0636529ba7ff req-d34f313c-153f-411f-b52e-0636529ba7ff ] Request (FlavorsAccessNegativeTestJSON:_run_cleanups): 202 DELETE http://10.180.1.21/compute/v2.1/flavors/1113210244 1.942s
2024-10-10 21:00:04.661 63661 INFO tempest.lib.common.rest_client [req-ef8fc51f-2b30-4bdc-afeb-e9310a72cb3d req-ef8fc51f-2b30-4bdc-afeb-e9310a72cb3d ] Request (ImagesNegativeTestJSON:setUpClass): 201 POST http://10.180.1.21/identity/v3/auth/tokens 0.094s
2024-10-10 21:00:04.695 63661 INFO tempest.lib.common.rest_client [req-3222c2fe-13c8-403a-904e-9dac81fa1b69 req-3222c2fe-13c8-403a-904e-9dac81fa1b69 ] Request (ImagesNegativeTestJSON:setUpClass): 201 POST http://10.180.1.21/identity/v3/auth/tokens 0.031s
2024-10-10 21:00:04.716 63661 INFO tempest.lib.common.rest_client [req-3a5f851f-94f2-4d95-a7c6-ae5fc2198dad req-3a5f851f-94f2-4d95-a7c6-ae5fc2198dad ] Request (ImagesNegativeTestJSON:setUpClass): 200 GET http://10.180.1.21/identity/v3/domains?name=Default 0.021s
2024-10-10 21:00:04.751 63661 INFO tempest.lib.common.rest_client [req-2228278c-939f-416f-b1a2-dc56f9c0c3a6 req-2228278c-939f-416f-b1a2-dc56f9c0c3a6 ] Request (ImagesNegativeTestJSON:setUpClass): 201 POST http://10.180.1.21/identity/v3/projects 0.034s
2024-10-10 21:00:04.755 63657 INFO tempest.lib.common.rest_client [req-17f4d075-f420-4c7a-8599-a1a8c5604b00 req-17f4d075-f420-4c7a-8599-a1a8c5604b00 ] Request (ServicesAdminNegativeV253TestJSON:test_list_services_with_non_admin_user): 403 GET http://10.180.1.21/compute/v2.1/os-services 2.079s
2024-10-10 21:00:04.856 63619 INFO tempest.lib.common.rest_client [req-d6192263-113e-4995-bf2b-86a67fe30ee8 req-d6192263-113e-4995-bf2b-86a67fe30ee8 ] Request (ServerMetadataNegativeTestJSON:setUpClass): 201 POST http://10.180.1.21:9696/networking/v2.0/networks 1.227s
2024-10-10 21:00:04.869 63661 INFO tempest.lib.common.rest_client [req-fd5b8f2b-c4a8-4704-ab25-fe71047916d6 req-fd5b8f2b-c4a8-4704-ab25-fe71047916d6 ] Request (ImagesNegativeTestJSON:setUpClass): 201 POST http://10.180.1.21/identity/v3/users 0.117s
2024-10-10 21:00:04.893 63657 INFO tempest.lib.common.rest_client [req-0fbe41c1-6403-4357-b42c-36f61bb91efe req-0fbe41c1-6403-4357-b42c-36f61bb91efe ] Request (ServicesAdminNegativeV253TestJSON:tearDownClass): 204 DELETE http://10.180.1.21/identity/v3/users/ea433b917bd146ce85667c28628e5ea8 0.135s
2024-10-10 21:00:04.939 63645 INFO tempest.lib.common.rest_client [req-25858a64-3d04-43ee-b203-c79a5390cf64 req-25858a64-3d04-43ee-b203-c79a5390cf64 ] Request (VolumesAdminNegativeTest:test_update_attached_volume_with_nonexistent_volume_in_body): 204 DELETE http://10.180.1.21/compute/v2.1/servers/dcb49b2c-5689-454a-aeed-ce4a4f5424b6 2.118s
2024-10-10 21:00:04.951 63661 INFO tempest.lib.common.rest_client [req-a83624ef-043e-4fba-bc56-942bf48b4ec1 req-a83624ef-043e-4fba-bc56-942bf48b4ec1 ] Request (ImagesNegativeTestJSON:setUpClass): 200 GET http://10.180.1.21/identity/v3/roles 0.081s
2024-10-10 21:00:04.980 63663 INFO tempest.lib.common.rest_client [req-9d2e945c-b65f-4b54-9e07-748655dd45d1 req-9d2e945c-b65f-4b54-9e07-748655dd45d1 ] Request (VolumesAssistedSnapshotsTest:test_volume_assisted_snapshot_create_delete): 201 POST http://10.180.1.21:9696/networking/v2.0/security-group-rules 0.814s
2024-10-10 21:00:05.016 63657 INFO tempest.lib.common.rest_client [req-55acf1cf-647e-4312-9cc2-b4f20909bf1b req-55acf1cf-647e-4312-9cc2-b4f20909bf1b ] Request (ServicesAdminNegativeV253TestJSON:tearDownClass): 204 DELETE http://10.180.1.21/identity/v3/users/6e198d8aabc14d73bfae41c4ddf03000 0.122s
2024-10-10 21:00:05.016 63657 INFO tempest.lib.common.dynamic_creds [-] Deleting project and security group for project: b1bd4362eede4e1795b53af2fb6637ee
2024-10-10 21:00:05.088 63657 INFO tempest.lib.common.rest_client [req-328b9ab0-7219-402c-8699-561738419410 req-328b9ab0-7219-402c-8699-561738419410 ] Request (ServicesAdminNegativeV253TestJSON:tearDownClass): 201 POST http://10.180.1.21/identity/v3/auth/tokens 0.072s
2024-10-10 21:00:05.093 63661 INFO tempest.lib.common.rest_client [req-0f82c721-9579-4cf8-8226-ce72f2e13bbe req-0f82c721-9579-4cf8-8226-ce72f2e13bbe ] Request (ImagesNegativeTestJSON:setUpClass): 204 PUT http://10.180.1.21/identity/v3/projects/ef3d405802bf4256a995e76a971617c7/users/513dc1d3d41e4d52a467464478b0c381/roles/35d84aa92ed5416a991c45f489ef6d91 0.141s
2024-10-10 21:00:05.094 63661 INFO tempest.lib.common.dynamic_creds [-] Dynamic test user 513dc1d3d41e4d52a467464478b0c381 is created with scope project and roles: ['member']
2024-10-10 21:00:05.095 63661 INFO tempest.lib.common.dynamic_creds [-] Acquired dynamic creds: credentials: Credentials: {'domain_id': 'default', 'domain_name': 'Default', 'username': 'tempest-ImagesNegativeTestJSON-310289176-project-member', 'project_domain_id': 'default', 'project_domain_name': 'Default', 'project_id': 'ef3d405802bf4256a995e76a971617c7', 'project_name': 'tempest-ImagesNegativeTestJSON-310289176', 'tenant_id': 'ef3d405802bf4256a995e76a971617c7', 'tenant_name': 'tempest-ImagesNegativeTestJSON-310289176', 'user_domain_id': 'default', 'user_domain_name': 'Default', 'user_id': '513dc1d3d41e4d52a467464478b0c381', 'system': None}, Network: None, Subnet: None, Router: None
2024-10-10 21:00:05.127 63668 INFO tempest.lib.common.rest_client [req-2cf85a9e-d4e1-42b7-b158-115e70f1d5d9 req-2cf85a9e-d4e1-42b7-b158-115e70f1d5d9 ] Request (ImagesMetadataTestJSON:setUp): 200 PUT http://10.180.1.21/compute/v2.1/images/38b57fa0-e920-4a5a-be76-d8f88cf21663/metadata 1.941s
2024-10-10 21:00:05.161 63641 INFO tempest.lib.common.rest_client [req-9c4a6eee-b089-45ea-9526-360d3258e7cf req-9c4a6eee-b089-45ea-9526-360d3258e7cf ] Request (FlavorsExtraSpecsTestJSON:test_flavor_set_get_update_show_unset_keys): 200 DELETE http://10.180.1.21/compute/v2.1/flavors/1795376459/os-extra_specs/hw:numa_nodes 1.843s
2024-10-10 21:00:05.173 63661 INFO tempest.lib.common.rest_client [req-90439afa-e7cc-49fa-a26d-7103a5d7b0d2 req-90439afa-e7cc-49fa-a26d-7103a5d7b0d2 ] Request (ImagesNegativeTestJSON:setUpClass): 201 POST http://10.180.1.21/identity/v3/auth/tokens 0.078s
2024-10-10 21:00:05.192 63677 INFO tempest.lib.common.rest_client [req-b8abce93-8a1b-4b8b-a9a5-94756bce4a94 req-b8abce93-8a1b-4b8b-a9a5-94756bce4a94 ] Request (AggregatesAdminNegativeTestJSON:test_aggregate_add_non_exist_host): 200 POST http://10.180.1.21/compute/v2.1/os-aggregates 1.845s
2024-10-10 21:00:05.211 63643 INFO tempest.lib.common.rest_client [req-14cd6def-713c-4539-af4f-c857edfd196c req-14cd6def-713c-4539-af4f-c857edfd196c ] Request (QuotasAdminTestV257:tearDownClass): 204 DELETE http://10.180.1.21:9696/networking/v2.0/security-groups/14c100ec-b0bb-4704-94fc-6987d885d101 0.969s
2024-10-10 21:00:05.213 63651 INFO tempest.lib.common.rest_client [req-b99c16e2-4677-4eac-8745-98524d88e42b req-b99c16e2-4677-4eac-8745-98524d88e42b ] Request (ServerActionsTestOtherB:setUpClass): 201 POST http://10.180.1.21:9696/networking/v2.0/networks 1.417s
2024-10-10 21:00:05.307 63643 INFO tempest.lib.common.rest_client [req-b2962e0b-61ed-424d-bf21-71622f0f1e29 req-b2962e0b-61ed-424d-bf21-71622f0f1e29 ] Request (QuotasAdminTestV257:tearDownClass): 204 DELETE http://10.180.1.21/identity/v3/projects/9acd11f62edf485f8d0194483dfc27ff 0.095s
2024-10-10 21:00:05.313 63659 INFO tempest.lib.common.rest_client [req-ce989622-fa76-48c1-bc85-7bb34d0befdd req-ce989622-fa76-48c1-bc85-7bb34d0befdd ] Request (SecurityGroupsNegativeTestJSON:test_delete_nonexistent_security_group): 404 DELETE http://10.180.1.21/compute/v2.1/os-security-groups/e83b32bf-0e36-42e9-af5d-f33cc006b2b2 2.265s
2024-10-10 21:00:05.345 63649 INFO tempest.lib.common.rest_client [req-5b6db149-2b35-4495-82ca-d0c314580b42 req-5b6db149-2b35-4495-82ca-d0c314580b42 ] Request (QuotaClassesAdminTestJSON:test_update_default_quotas): 200 PUT http://10.180.1.21/compute/v2.1/os-quota-class-sets/default 1.822s
2024-10-10 21:00:05.398 63643 INFO tempest.lib.common.rest_client [req-3d310e86-7946-4a75-9aa2-f83695debcd5 req-3d310e86-7946-4a75-9aa2-f83695debcd5 ] Request (QuotasSecurityGroupAdminNegativeTest:setUpClass): 201 POST http://10.180.1.21/identity/v3/auth/tokens 0.090s
2024-10-10 21:00:05.490 63643 INFO tempest.lib.common.rest_client [req-fe34c08b-5673-4025-b6d1-77812b759d03 req-fe34c08b-5673-4025-b6d1-77812b759d03 ] Request (QuotasSecurityGroupAdminNegativeTest:setUpClass): 201 POST http://10.180.1.21/identity/v3/auth/tokens 0.043s
2024-10-10 21:00:05.492 63623 INFO tempest.lib.common.rest_client [req-698fb9f8-d219-4353-bb16-64cbabaa4b4b req-698fb9f8-d219-4353-bb16-64cbabaa4b4b ] Request (HostsAdminTestJSON:test_list_hosts): 200 GET http://10.180.1.21/compute/v2.1/os-hosts 1.490s
2024-10-10 21:00:05.515 63643 INFO tempest.lib.common.rest_client [req-7632d95d-0d14-4fbf-8336-2642bad1073f req-7632d95d-0d14-4fbf-8336-2642bad1073f ] Request (QuotasSecurityGroupAdminNegativeTest:setUpClass): 200 GET http://10.180.1.21/identity/v3/domains?name=Default 0.024s
2024-10-10 21:00:05.543 63643 INFO tempest.lib.common.rest_client [req-641c10b6-4609-42a1-99f2-e87211731180 req-641c10b6-4609-42a1-99f2-e87211731180 ] Request (QuotasSecurityGroupAdminNegativeTest:setUpClass): 201 POST http://10.180.1.21/identity/v3/projects 0.028s
2024-10-10 21:00:05.615 63643 INFO tempest.lib.common.rest_client [req-e303ee21-1236-42fe-81ee-97ee11ba7d0d req-e303ee21-1236-42fe-81ee-97ee11ba7d0d ] Request (QuotasSecurityGroupAdminNegativeTest:setUpClass): 201 POST http://10.180.1.21/identity/v3/users 0.072s
