2024-10-12 10:54:06.980 62120 INFO tempest.lib.common.rest_client [req-27e28e8c-03c5-4492-9263-4558d48b6f4b req-27e28e8c-03c5-4492-9263-4558d48b6f4b ] Request (AttachVolumeNegativeTest:test_attach_attached_volume_to_different_server): 200 GET http://10.180.1.21/compute/v2.1/servers/037dd0ba-0d50-4c46-8947-7df3ca19e1c1 0.244s
2024-10-12 10:54:06.986 62072 INFO tempest.common.waiters [-] State transition "BUILD/networking" ==> "BUILD/block_device_mapping" after 45 second wait
2024-10-12 10:54:06.995 62096 INFO tempest.lib.common.rest_client [req-a653ac13-23b7-4815-87d0-56e6fbf83eb3 req-a653ac13-23b7-4815-87d0-56e6fbf83eb3 ] Request (ListServerFiltersTestJSON:setUpClass): 201 POST http://10.180.1.21/identity/v3/auth/tokens 0.052s
2024-10-12 10:54:06.996 62096 INFO tempest.lib.common.fixed_network [-] (ListServerFiltersTestJSON:setUpClass) Found network {'id': '8afd4e42-8d88-47a6-91a7-ed44f56889a2', 'name': 'tempest-ListServerFiltersTestJSON-2036812831-network', 'tenant_id': '4ad43bb71692464ea67ffe9519858f51', 'admin_state_up': True, 'mtu': 8950, 'status': 'ACTIVE', 'subnets': [], 'shared': False, 'project_id': '4ad43bb71692464ea67ffe9519858f51', 'port_security_enabled': True, 'router:external': False, 'provider:network_type': 'vlan', 'provider:physical_network': 'default', 'provider:segmentation_id': 767, 'is_default': False, 'availability_zone_hints': [], 'availability_zones': [], 'ipv4_address_scope': None, 'ipv6_address_scope': None, 'description': '', 'tags': [], 'created_at': '2024-10-12T10:54:06Z', 'updated_at': '2024-10-12T10:54:06Z', 'revision_number': 1} available for tenant
2024-10-12 10:54:06.997 62082 INFO tempest.lib.common.rest_client [req-20b7fde6-ddf1-448f-9910-3140d7f14a51 req-20b7fde6-ddf1-448f-9910-3140d7f14a51 ] Request (FlavorsV2TestJSON:tearDownClass): 204 DELETE http://10.180.1.21/identity/v3/projects/02b8083ec31f400badcba32e80c35769 0.074s
2024-10-12 10:54:07.048 62082 INFO tempest.lib.common.rest_client [req-06021966-8274-40e9-997d-a17d601072bc req-06021966-8274-40e9-997d-a17d601072bc ] Request (KeyPairsV22TestJSON:setUpClass): 201 POST http://10.180.1.21/identity/v3/auth/tokens 0.050s
2024-10-12 10:54:07.055 62074 INFO tempest.lib.common.rest_client [req-310f8d13-f228-4d07-971b-796ec481ebeb req-310f8d13-f228-4d07-971b-796ec481ebeb ] Request (ServerDiagnosticsNegativeTest:test_get_server_diagnostics_by_non_admin): 200 GET http://10.180.1.21/compute/v2.1/servers/496f00ef-7487-45d9-9356-529f9390544f 0.303s
2024-10-12 10:54:07.062 62076 INFO tempest.lib.common.rest_client [req-37b32800-edd5-48d5-ae94-2ce023caad97 req-37b32800-edd5-48d5-ae94-2ce023caad97 ] Request (InstanceActionsV221TestJSON:test_get_list_deleted_instance_actions): 200 GET http://10.180.1.21/compute/v2.1/servers/3cd00254-b61b-498a-946b-ff2028230e25 0.249s
2024-10-12 10:54:07.089 62082 INFO tempest.lib.common.rest_client [req-4ff12518-5ba8-4666-ae0d-6f2cf3be4f5b req-4ff12518-5ba8-4666-ae0d-6f2cf3be4f5b ] Request (KeyPairsV22TestJSON:setUpClass): 201 POST http://10.180.1.21/identity/v3/auth/tokens 0.038s
2024-10-12 10:54:07.115 62082 INFO tempest.lib.common.rest_client [req-3cc0294d-b6df-48cc-a546-92b8dd909ec2 req-3cc0294d-b6df-48cc-a546-92b8dd909ec2 ] Request (KeyPairsV22TestJSON:setUpClass): 200 GET http://10.180.1.21/identity/v3/domains?name=Default 0.025s
2024-10-12 10:54:07.134 62112 INFO tempest.lib.common.rest_client [req-dbc121e9-fa72-495a-9a7c-5b539c17326b req-dbc121e9-fa72-495a-9a7c-5b539c17326b ] Request (ServerDiskConfigTestJSON:test_rebuild_server_with_manual_disk_config): 200 GET http://10.180.1.21/compute/v2.1/servers/e56a6950-f842-45fb-a0a0-0defe3b3c30f 0.307s
2024-10-12 10:54:07.137 62084 INFO tempest.lib.common.rest_client [req-77be2f88-725b-409e-b332-36c06e523ae2 req-77be2f88-725b-409e-b332-36c06e523ae2 ] Request (ServerRescueTestJSON:setUpClass): 200 GET http://10.180.1.21/compute/v2.1/servers/21ad1f7b-cc59-4ad4-a0c0-9e867b20e9f0 0.251s
2024-10-12 10:54:07.156 62082 INFO tempest.lib.common.rest_client [req-c3383c6d-29ed-445d-af3e-dee2ac6a170c req-c3383c6d-29ed-445d-af3e-dee2ac6a170c ] Request (KeyPairsV22TestJSON:setUpClass): 201 POST http://10.180.1.21/identity/v3/projects 0.040s
2024-10-12 10:54:07.215 62082 INFO tempest.lib.common.rest_client [req-49c25d3e-b86f-4f12-b4ee-bdfe3d4aaac9 req-49c25d3e-b86f-4f12-b4ee-bdfe3d4aaac9 ] Request (KeyPairsV22TestJSON:setUpClass): 201 POST http://10.180.1.21/identity/v3/users 0.058s
2024-10-12 10:54:07.218 62060 INFO tempest.lib.common.rest_client [req-6e119f2e-9604-427a-9395-96853ea8816f req-6e119f2e-9604-427a-9395-96853ea8816f ] Request (SecurityGroupsTestJSON:test_server_security_groups): 200 GET http://10.180.1.21/compute/v2.1/servers/7a93d1c2-20d6-438e-bc42-1f9aa0219f91 0.272s
2024-10-12 10:54:07.223 62078 INFO tempest.lib.common.rest_client [req-f9f75cfa-ed8a-4c97-a3e4-e42fb600894b req-f9f75cfa-ed8a-4c97-a3e4-e42fb600894b ] Request (MultipleCreateTestJSON:test_multiple_create): 200 GET http://10.180.1.21/compute/v2.1/servers/325a641d-2509-49e6-bfbc-0b2cb85c1ff9 0.320s
2024-10-12 10:54:07.238 62082 INFO tempest.lib.common.rest_client [req-12219cec-4eab-4924-8b93-b2ba238f2acd req-12219cec-4eab-4924-8b93-b2ba238f2acd ] Request (KeyPairsV22TestJSON:setUpClass): 200 GET http://10.180.1.21/identity/v3/roles 0.022s
2024-10-12 10:54:07.271 62082 INFO tempest.lib.common.rest_client [req-b464b4d3-242b-48a5-a28e-863b2a41e9ed req-b464b4d3-242b-48a5-a28e-863b2a41e9ed ] Request (KeyPairsV22TestJSON:setUpClass): 204 PUT http://10.180.1.21/identity/v3/projects/6307c26fd68c48be994fee231dc0eed4/users/1d1815caa1304123bc2362e854a33bdf/roles/ce12846925a449cc89ab4ef1e8e22a12 0.033s
2024-10-12 10:54:07.272 62082 INFO tempest.lib.common.dynamic_creds [-] Dynamic test user 1d1815caa1304123bc2362e854a33bdf is created with scope project and roles: ['member']
2024-10-12 10:54:07.272 62082 INFO tempest.lib.common.dynamic_creds [-] Acquired dynamic creds: credentials: Credentials: {'domain_id': 'default', 'domain_name': 'Default', 'username': 'tempest-KeyPairsV22TestJSON-1417586802-project-member', 'project_domain_id': 'default', 'project_domain_name': 'Default', 'project_id': '6307c26fd68c48be994fee231dc0eed4', 'project_name': 'tempest-KeyPairsV22TestJSON-1417586802', 'tenant_id': '6307c26fd68c48be994fee231dc0eed4', 'tenant_name': 'tempest-KeyPairsV22TestJSON-1417586802', 'user_domain_id': 'default', 'user_domain_name': 'Default', 'user_id': '1d1815caa1304123bc2362e854a33bdf', 'system': None}, Network: None, Subnet: None, Router: None
2024-10-12 10:54:07.272 62082 INFO tempest.lib.common.dynamic_creds [-] Created isolated network resources for: credentials: Credentials: {'domain_id': 'default', 'domain_name': 'Default', 'username': 'tempest-KeyPairsV22TestJSON-1417586802-project-member', 'project_domain_id': 'default', 'project_domain_name': 'Default', 'project_id': '6307c26fd68c48be994fee231dc0eed4', 'project_name': 'tempest-KeyPairsV22TestJSON-1417586802', 'tenant_id': '6307c26fd68c48be994fee231dc0eed4', 'tenant_name': 'tempest-KeyPairsV22TestJSON-1417586802', 'user_domain_id': 'default', 'user_domain_name': 'Default', 'user_id': '1d1815caa1304123bc2362e854a33bdf', 'system': None}, Network: None, Subnet: None, Router: None
2024-10-12 10:54:07.297 62080 INFO tempest.lib.common.rest_client [req-c1781bdb-262c-4709-b46c-025d46b0eaa6 req-c1781bdb-262c-4709-b46c-025d46b0eaa6 ] Request (TenantUsagesTestJSON:setUpClass): 200 GET http://10.180.1.21/compute/v2.1/servers/95635ec3-cbfd-4dc0-a595-02062a0bda6e 0.321s
2024-10-12 10:54:07.340 62082 INFO tempest.lib.common.rest_client [req-b9160353-6f61-44e8-a8db-06e392e879f7 req-b9160353-6f61-44e8-a8db-06e392e879f7 ] Request (KeyPairsV22TestJSON:setUpClass): 201 POST http://10.180.1.21/identity/v3/auth/tokens 0.065s
2024-10-12 10:54:07.358 62086 INFO tempest.lib.common.rest_client [req-a3ce34e2-fd5e-47a3-8c67-663817bb0840 req-a3ce34e2-fd5e-47a3-8c67-663817bb0840 ] Request (AttachInterfacesUnderV243Test:test_add_remove_fixed_ip): 200 GET http://10.180.1.21/compute/v2.1/servers/ad02e0c7-3d12-48ad-a393-26749fd8c502 0.343s
2024-10-12 10:54:07.442 62062 INFO tempest.lib.common.rest_client [req-26e77a39-f740-4d8e-a9ba-fd6bc9eb9012 req-26e77a39-f740-4d8e-a9ba-fd6bc9eb9012 ] Request (ServersTestJSON:setUpClass): 200 GET http://10.180.1.21/compute/v2.1/servers/e7ba3a8d-4bd0-4d78-861f-866ce2ade0cb 0.402s
2024-10-12 10:54:07.543 62106 INFO tempest.lib.common.rest_client [req-fabd506a-d789-4a7e-951b-056f66f9bb42 req-fabd506a-d789-4a7e-951b-056f66f9bb42 ] Request (ServerActionsV293TestJSON:setUpClass): 200 GET http://10.180.1.21/compute/v2.1/servers/002a7370-024d-4959-a56d-1a13c260f60e 0.444s
2024-10-12 10:54:07.623 62068 INFO tempest.lib.common.rest_client [req-a084705e-8b85-45d8-9970-b9c6ab5c0e40 req-a084705e-8b85-45d8-9970-b9c6ab5c0e40 ] Request (FloatingIPDetailsTestJSON:tearDownClass): 200 PUT http://10.180.1.21:9696/networking/v2.0/routers/29972df6-fd6c-4631-b2fe-01b886c3712f/remove_router_interface 2.100s
2024-10-12 10:54:07.624 62110 INFO tempest.lib.common.rest_client [req-2bae30c8-5403-4f3d-868e-64a31d7f5eb2 req-2bae30c8-5403-4f3d-868e-64a31d7f5eb2 ] Request (AttachVolumeTestJSON:setUpClass): 201 POST http://10.180.1.21:9696/networking/v2.0/routers 0.685s
2024-10-12 10:54:07.635 62104 INFO tempest.lib.common.rest_client [req-e1b29410-22b6-457d-b440-1e30cec36fe5 req-e1b29410-22b6-457d-b440-1e30cec36fe5 ] Request (ServersAdminNegativeTestJSON:setUpClass): 200 GET http://10.180.1.21/compute/v2.1/servers/a062288b-e785-4dec-98f2-358b54f3d327 0.495s
2024-10-12 10:54:07.732 62090 INFO tempest.lib.common.rest_client [req-65550405-6e17-4e5c-8963-64da34969d87 req-65550405-6e17-4e5c-8963-64da34969d87 ] Request (ServersV294TestFqdnHostnames:setUpClass): 200 GET http://10.180.1.21/compute/v2.1/servers/9ce52867-d547-401e-993d-0053eb9da4c4 0.564s
2024-10-12 10:54:07.804 62070 INFO tempest.lib.common.rest_client [req-11f04184-11e3-40e8-83f3-3486e3b07cec req-11f04184-11e3-40e8-83f3-3486e3b07cec ] Request (AttachInterfacesTestJSON:test_create_list_show_delete_interfaces_by_fixed_ip): 200 GET http://10.180.1.21/compute/v2.1/servers/35c3e1eb-6b98-42f7-8f92-420560feba92 0.590s
2024-10-12 10:54:07.883 62100 INFO tempest.lib.common.rest_client [req-c06696ff-27d3-4ac0-bb10-cfa2af64f668 req-c06696ff-27d3-4ac0-bb10-cfa2af64f668 ] Request (MigrationsAdminTest:test_resize_server_revert_deleted_flavor): 200 GET http://10.180.1.21/compute/v2.1/servers/8aeeb8e9-e1ab-463b-bc16-ca68571882aa 0.634s
2024-10-12 10:54:07.960 62102 INFO tempest.lib.common.rest_client [req-c4e60277-2e33-4811-8e6d-ebefe8dfc748 req-c4e60277-2e33-4811-8e6d-ebefe8dfc748 ] Request (ServerExternalEventsTest:test_create_server_external_events): 200 GET http://10.180.1.21/compute/v2.1/servers/ed4352e2-3321-4a05-8a3f-a02e375ecbfb 0.662s
2024-10-12 10:54:07.975 62068 INFO tempest.lib.common.rest_client [req-46a10dbe-ea80-4fb7-b9db-88d91685976b req-46a10dbe-ea80-4fb7-b9db-88d91685976b ] Request (FloatingIPDetailsTestJSON:tearDownClass): 204 DELETE http://10.180.1.21:9696/networking/v2.0/routers/29972df6-fd6c-4631-b2fe-01b886c3712f 0.352s
2024-10-12 10:54:07.994 62096 INFO tempest.lib.common.rest_client [req-f597f585-f23a-4df8-9ed2-5589523e011b req-f597f585-f23a-4df8-9ed2-5589523e011b ] Request (ListServerFiltersTestJSON:setUpClass): 202 POST http://10.180.1.21/compute/v2.1/servers 0.998s
2024-10-12 10:54:08.042 62096 INFO tempest.lib.common.rest_client [req-da19efd0-7c20-477e-8108-23679334449c req-da19efd0-7c20-477e-8108-23679334449c ] Request (ListServerFiltersTestJSON:setUpClass): 201 POST http://10.180.1.21/identity/v3/auth/tokens 0.041s
2024-10-12 10:54:08.042 62096 INFO tempest.lib.common.fixed_network [-] (ListServerFiltersTestJSON:setUpClass) Found network {'id': '8afd4e42-8d88-47a6-91a7-ed44f56889a2', 'name': 'tempest-ListServerFiltersTestJSON-2036812831-network', 'tenant_id': '4ad43bb71692464ea67ffe9519858f51', 'admin_state_up': True, 'mtu': 8950, 'status': 'ACTIVE', 'subnets': [], 'shared': False, 'project_id': '4ad43bb71692464ea67ffe9519858f51', 'port_security_enabled': True, 'router:external': False, 'provider:network_type': 'vlan', 'provider:physical_network': 'default', 'provider:segmentation_id': 767, 'is_default': False, 'availability_zone_hints': [], 'availability_zones': [], 'ipv4_address_scope': None, 'ipv6_address_scope': None, 'description': '', 'tags': [], 'created_at': '2024-10-12T10:54:06Z', 'updated_at': '2024-10-12T10:54:06Z', 'revision_number': 1} available for tenant
2024-10-12 10:54:08.043 62116 INFO tempest.lib.common.rest_client [req-6d454419-7917-48d9-aab7-cff74b92a908 req-6d454419-7917-48d9-aab7-cff74b92a908 ] Request (ServersTestFqdnHostnames:test_create_server_with_fqdn_name): 200 GET http://10.180.1.21/compute/v2.1/servers/6e2190ac-d287-4810-9d43-740e62ae7b56 0.722s
2024-10-12 10:54:08.087 62082 INFO tempest.lib.common.rest_client [req-75030739-bbd3-4a78-a64c-2f88795b119e req-75030739-bbd3-4a78-a64c-2f88795b119e ] Request (KeyPairsV22TestJSON:test_get_keypair_detail): 201 POST http://10.180.1.21/compute/v2.1/os-keypairs 0.745s
2024-10-12 10:54:08.106 62066 INFO tempest.lib.common.rest_client [req-9cd67098-1159-419f-9b35-eef03e7e3537 req-9cd67098-1159-419f-9b35-eef03e7e3537 ] Request (ServersTestManualDisk:setUpClass): 200 GET http://10.180.1.21/compute/v2.1/servers/51d54995-0d13-4560-bdd6-7d9f9f5210dd 0.712s
2024-10-12 10:54:08.111 62068 INFO tempest.lib.common.rest_client [req-5835b4d3-f887-4098-b768-3d6d8bad3cce req-5835b4d3-f887-4098-b768-3d6d8bad3cce ] Request (FloatingIPDetailsTestJSON:tearDownClass): 204 DELETE http://10.180.1.21:9696/networking/v2.0/subnets/59ac9e86-2994-4005-ad17-573e9bf1ee8d 0.134s
2024-10-12 10:54:08.166 62114 INFO tempest.lib.common.rest_client [req-f880f55b-d191-4aef-a1ed-3e222cf01e84 req-f880f55b-d191-4aef-a1ed-3e222cf01e84 ] Request (DeleteServersAdminTestJSON:test_delete_server_while_in_error_state): 200 GET http://10.180.1.21/compute/v2.1/servers/46b484d0-1e87-4438-9791-e8199c76d21f 0.722s
2024-10-12 10:54:08.183 62058 INFO tempest.lib.common.rest_client [req-b71630bf-daa3-4049-8804-4855224a9cba req-b71630bf-daa3-4049-8804-4855224a9cba ] Request (ImagesTestJSON:test_create_image_from_stopped_server): 200 GET http://10.180.1.21/compute/v2.1/servers/5c80ad4d-0fa1-4003-a6a1-2c9039ad679c 0.638s
2024-10-12 10:54:08.414 62094 INFO tempest.lib.common.rest_client [req-c45d153f-8ee8-4a9a-8576-fa4119bafddd req-c45d153f-8ee8-4a9a-8576-fa4119bafddd ] Request (ImagesOneServerNegativeTestJSON:setUpClass): 200 GET http://10.180.1.21/compute/v2.1/servers/b4dd79b0-5dbb-4f12-9736-d8bc9f828f5d 0.628s
2024-10-12 10:54:08.434 62118 INFO tempest.lib.common.rest_client [req-cdcf7154-34f5-4a9a-80a8-c41666b533b1 req-cdcf7154-34f5-4a9a-80a8-c41666b533b1 ] Request (ServersAaction247Test:test_create_backup): 200 GET http://10.180.1.21/compute/v2.1/servers/de5a46be-193a-40d8-aeba-d5d4de24ef95 0.633s
2024-10-12 10:54:08.436 62068 INFO tempest.lib.common.rest_client [req-fb3e23d3-c408-40d4-9839-1e540f436666 req-fb3e23d3-c408-40d4-9839-1e540f436666 ] Request (FloatingIPDetailsTestJSON:tearDownClass): 204 DELETE http://10.180.1.21:9696/networking/v2.0/networks/a1b75483-ef4c-4ee1-a5f0-a2ebaa96eaf7 0.324s
2024-10-12 10:54:08.482 62092 INFO tempest.lib.common.rest_client [req-48fe2892-10ed-4af2-952a-9a2691f9202c req-48fe2892-10ed-4af2-952a-9a2691f9202c ] Request (ListImageFiltersTestJSON:setUpClass): 200 GET http://10.180.1.21/compute/v2.1/servers/fb4c4bbf-ca9c-4584-bd1d-83e5e81e6c7e 0.575s
2024-10-12 10:54:08.507 62088 INFO tempest.lib.common.rest_client [req-43b24990-ebe9-4a15-800b-f62f592765f7 req-43b24990-ebe9-4a15-800b-f62f592765f7 ] Request (ServerTagsTestJSON:setUpClass): 200 GET http://10.180.1.21/compute/v2.1/servers/9b87db2b-e7b0-4677-b70f-f2fb1d6d3c4e 0.584s
2024-10-12 10:54:08.578 62068 INFO tempest.lib.common.rest_client [req-0acce2a4-3ce0-4439-9a9e-b4b2a17cc34f req-0acce2a4-3ce0-4439-9a9e-b4b2a17cc34f ] Request (FloatingIPDetailsTestJSON:tearDownClass): 204 DELETE http://10.180.1.21/identity/v3/users/bb96fb5a7b3f4f43b46795547cc8aa81 0.142s
2024-10-12 10:54:08.579 62068 INFO tempest.lib.common.dynamic_creds [-] Deleting project and security group for project: 7578048fb9a448deb07e4596e36e4e02
2024-10-12 10:54:08.589 62120 INFO tempest.lib.common.rest_client [req-8d27fc2f-67b2-4c31-a2fc-75849293a120 req-8d27fc2f-67b2-4c31-a2fc-75849293a120 ] Request (AttachVolumeNegativeTest:test_attach_attached_volume_to_different_server): 200 GET http://10.180.1.21/compute/v2.1/servers/037dd0ba-0d50-4c46-8947-7df3ca19e1c1 0.600s
2024-10-12 10:54:08.624 62068 INFO tempest.lib.common.rest_client [req-7cb0887d-607c-412f-8253-af03b2b1d21c req-7cb0887d-607c-412f-8253-af03b2b1d21c ] Request (FloatingIPDetailsTestJSON:tearDownClass): 200 GET http://10.180.1.21:9696/networking/v2.0/security-groups?tenant_id=7578048fb9a448deb07e4596e36e4e02&name=default 0.045s
2024-10-12 10:54:08.738 62068 INFO tempest.lib.common.rest_client [req-246763b0-f014-4cdd-a635-9f932ea53b14 req-246763b0-f014-4cdd-a635-9f932ea53b14 ] Request (FloatingIPDetailsTestJSON:tearDownClass): 204 DELETE http://10.180.1.21:9696/networking/v2.0/security-groups/1f6e23d2-1fa4-4560-896a-3d4e4fd9c674 0.114s
2024-10-12 10:54:08.858 62068 INFO tempest.lib.common.rest_client [req-16b719f5-45e8-4524-b1b6-733c90f54adc req-16b719f5-45e8-4524-b1b6-733c90f54adc ] Request (FloatingIPDetailsTestJSON:tearDownClass): 204 DELETE http://10.180.1.21/identity/v3/projects/7578048fb9a448deb07e4596e36e4e02 0.119s
2024-10-12 10:54:08.883 62072 INFO tempest.lib.common.rest_client [req-565f3e08-6d66-4e69-b793-dd6c1ea67a9d req-565f3e08-6d66-4e69-b793-dd6c1ea67a9d ] Request (ServerActionsTestOtherB:setUpClass): 200 GET http://10.180.1.21/compute/v2.1/servers/507a2e12-55a1-4d2c-b3d2-577914cc245e 0.896s
2024-10-12 10:54:08.895 62072 INFO tempest.common.waiters [-] State transition "BUILD/block_device_mapping" ==> "BUILD/spawning" after 47 second wait
2024-10-12 10:54:08.938 62068 INFO tempest.lib.common.rest_client [req-7f8fdcf7-b4bf-46ea-b5c1-edf8c7482dbe req-7f8fdcf7-b4bf-46ea-b5c1-edf8c7482dbe ] Request (ServerShowV257Test:setUpClass): 201 POST http://10.180.1.21/identity/v3/auth/tokens 0.078s
2024-10-12 10:54:08.972 62074 INFO tempest.lib.common.rest_client [req-ad8c43dd-ec16-4f51-b486-8ead2195be2f req-ad8c43dd-ec16-4f51-b486-8ead2195be2f ] Request (ServerDiagnosticsNegativeTest:test_get_server_diagnostics_by_non_admin): 200 GET http://10.180.1.21/compute/v2.1/servers/496f00ef-7487-45d9-9356-529f9390544f 0.907s
2024-10-12 10:54:08.981 62068 INFO tempest.lib.common.rest_client [req-20bafea7-a27b-41fe-9b60-f04cda77a909 req-20bafea7-a27b-41fe-9b60-f04cda77a909 ] Request (ServerShowV257Test:setUpClass): 201 POST http://10.180.1.21/identity/v3/auth/tokens 0.040s
2024-10-12 10:54:09.008 62068 INFO tempest.lib.common.rest_client [req-7bbc717e-de08-4f1b-8b2c-8e69facd31af req-7bbc717e-de08-4f1b-8b2c-8e69facd31af ] Request (ServerShowV257Test:setUpClass): 200 GET http://10.180.1.21/identity/v3/domains?name=Default 0.027s
2024-10-12 10:54:09.046 62068 INFO tempest.lib.common.rest_client [req-6501a99c-1af1-4d94-8766-9d0d837a0c3e req-6501a99c-1af1-4d94-8766-9d0d837a0c3e ] Request (ServerShowV257Test:setUpClass): 201 POST http://10.180.1.21/identity/v3/projects 0.036s
2024-10-12 10:54:09.049 62076 INFO tempest.lib.common.rest_client [req-b77b3ca6-ea59-4a4c-ab14-15c0b2563c4d req-b77b3ca6-ea59-4a4c-ab14-15c0b2563c4d ] Request (InstanceActionsV221TestJSON:test_get_list_deleted_instance_actions): 200 GET http://10.180.1.21/compute/v2.1/servers/3cd00254-b61b-498a-946b-ff2028230e25 0.976s
2024-10-12 10:54:09.064 62082 INFO tempest.lib.common.rest_client [req-9751d6a7-579d-4ecf-aea3-da3d303a29c1 req-9751d6a7-579d-4ecf-aea3-da3d303a29c1 ] Request (KeyPairsV22TestJSON:test_get_keypair_detail): 200 GET http://10.180.1.21/compute/v2.1/os-keypairs/tempest-keypair-1019293146 0.974s
2024-10-12 10:54:09.121 62068 INFO tempest.lib.common.rest_client [req-7b8aaa78-01e2-4f4d-9ab4-f9ea0218963a req-7b8aaa78-01e2-4f4d-9ab4-f9ea0218963a ] Request (ServerShowV257Test:setUpClass): 201 POST http://10.180.1.21/identity/v3/users 0.074s
2024-10-12 10:54:09.140 62112 INFO tempest.lib.common.rest_client [req-5217e702-b733-4532-bd9b-aa7bbe493d1e req-5217e702-b733-4532-bd9b-aa7bbe493d1e ] Request (ServerDiskConfigTestJSON:test_rebuild_server_with_manual_disk_config): 200 GET http://10.180.1.21/compute/v2.1/servers/e56a6950-f842-45fb-a0a0-0defe3b3c30f 0.998s
2024-10-12 10:54:09.150 62068 INFO tempest.lib.common.rest_client [req-e8e098b6-2f19-4957-bb03-20d5bcddd676 req-e8e098b6-2f19-4957-bb03-20d5bcddd676 ] Request (ServerShowV257Test:setUpClass): 200 GET http://10.180.1.21/identity/v3/roles 0.028s
2024-10-12 10:54:09.183 62068 INFO tempest.lib.common.rest_client [req-690cbe94-c60c-4d9a-a7f3-a41df96eb881 req-690cbe94-c60c-4d9a-a7f3-a41df96eb881 ] Request (ServerShowV257Test:setUpClass): 204 PUT http://10.180.1.21/identity/v3/projects/d1a8d9c3746748d2b0c65f5f60e7124d/users/83763c75152d469289bb50ede43e9281/roles/ce12846925a449cc89ab4ef1e8e22a12 0.033s
2024-10-12 10:54:09.183 62068 INFO tempest.lib.common.dynamic_creds [-] Dynamic test user 83763c75152d469289bb50ede43e9281 is created with scope project and roles: ['member']
2024-10-12 10:54:09.184 62068 INFO tempest.lib.common.dynamic_creds [-] Acquired dynamic creds: credentials: Credentials: {'domain_id': 'default', 'domain_name': 'Default', 'username': 'tempest-ServerShowV257Test-1142829048-project-member', 'project_domain_id': 'default', 'project_domain_name': 'Default', 'project_id': 'd1a8d9c3746748d2b0c65f5f60e7124d', 'project_name': 'tempest-ServerShowV257Test-1142829048', 'tenant_id': 'd1a8d9c3746748d2b0c65f5f60e7124d', 'tenant_name': 'tempest-ServerShowV257Test-1142829048', 'user_domain_id': 'default', 'user_domain_name': 'Default', 'user_id': '83763c75152d469289bb50ede43e9281', 'system': None}, Network: None, Subnet: None, Router: None
2024-10-12 10:54:09.184 62068 INFO tempest.lib.common.dynamic_creds [-] Created isolated network resources for: credentials: Credentials: {'domain_id': 'default', 'domain_name': 'Default', 'username': 'tempest-ServerShowV257Test-1142829048-project-member', 'project_domain_id': 'default', 'project_domain_name': 'Default', 'project_id': 'd1a8d9c3746748d2b0c65f5f60e7124d', 'project_name': 'tempest-ServerShowV257Test-1142829048', 'tenant_id': 'd1a8d9c3746748d2b0c65f5f60e7124d', 'tenant_name': 'tempest-ServerShowV257Test-1142829048', 'user_domain_id': 'default', 'user_domain_name': 'Default', 'user_id': '83763c75152d469289bb50ede43e9281', 'system': None}, Network: None, Subnet: None, Router: None
2024-10-12 10:54:09.230 62084 INFO tempest.lib.common.rest_client [req-fac6116f-000f-44af-b62c-9de994b3b8d0 req-fac6116f-000f-44af-b62c-9de994b3b8d0 ] Request (ServerRescueTestJSON:setUpClass): 200 GET http://10.180.1.21/compute/v2.1/servers/21ad1f7b-cc59-4ad4-a0c0-9e867b20e9f0 1.085s
2024-10-12 10:54:09.246 62068 INFO tempest.lib.common.rest_client [req-7af72bd0-81f6-4005-a9eb-dd8ea5642701 req-7af72bd0-81f6-4005-a9eb-dd8ea5642701 ] Request (ServerShowV257Test:setUpClass): 201 POST http://10.180.1.21/identity/v3/auth/tokens 0.059s
2024-10-12 10:54:09.275 62068 INFO tempest.lib.common.rest_client [req-94f0d28b-e8ce-4fa3-9951-2b88b3c18522 req-94f0d28b-e8ce-4fa3-9951-2b88b3c18522 ] Request (ServerShowV257Test:test_rebuild_server): 201 POST http://10.180.1.21/identity/v3/auth/tokens 0.023s
2024-10-12 10:54:09.275 62068 INFO tempest.lib.common.fixed_network [-] (ServerShowV257Test:test_rebuild_server) Found network None available for tenant
2024-10-12 10:54:09.303 62060 INFO tempest.lib.common.rest_client [req-24a953e9-f3b5-42c2-99c4-a0274db0e313 req-24a953e9-f3b5-42c2-99c4-a0274db0e313 ] Request (SecurityGroupsTestJSON:test_server_security_groups): 200 GET http://10.180.1.21/compute/v2.1/servers/7a93d1c2-20d6-438e-bc42-1f9aa0219f91 1.076s
2024-10-12 10:54:09.320 62096 INFO tempest.lib.common.rest_client [req-0888d69f-98f7-46aa-8a30-3bdbf4dd1371 req-0888d69f-98f7-46aa-8a30-3bdbf4dd1371 ] Request (ListServerFiltersTestJSON:setUpClass): 202 POST http://10.180.1.21/compute/v2.1/servers 1.277s
2024-10-12 10:54:09.366 62078 INFO tempest.lib.common.rest_client [req-f58fdecd-7ebf-447f-90d0-645524ce4d45 req-f58fdecd-7ebf-447f-90d0-645524ce4d45 ] Request (MultipleCreateTestJSON:test_multiple_create): 200 GET http://10.180.1.21/compute/v2.1/servers/325a641d-2509-49e6-bfbc-0b2cb85c1ff9 1.136s
2024-10-12 10:54:09.391 62096 INFO tempest.lib.common.rest_client [req-c4e01a5b-2a2a-4538-8588-ecf9e16cd226 req-c4e01a5b-2a2a-4538-8588-ecf9e16cd226 ] Request (ListServerFiltersTestJSON:setUpClass): 201 POST http://10.180.1.21/identity/v3/auth/tokens 0.066s
2024-10-12 10:54:09.391 62096 INFO tempest.lib.common.fixed_network [-] (ListServerFiltersTestJSON:setUpClass) Found network {'id': '8afd4e42-8d88-47a6-91a7-ed44f56889a2', 'name': 'tempest-ListServerFiltersTestJSON-2036812831-network', 'tenant_id': '4ad43bb71692464ea67ffe9519858f51', 'admin_state_up': True, 'mtu': 8950, 'status': 'ACTIVE', 'subnets': [], 'shared': False, 'project_id': '4ad43bb71692464ea67ffe9519858f51', 'port_security_enabled': True, 'router:external': False, 'provider:network_type': 'vlan', 'provider:physical_network': 'default', 'provider:segmentation_id': 767, 'is_default': False, 'availability_zone_hints': [], 'availability_zones': [], 'ipv4_address_scope': None, 'ipv6_address_scope': None, 'description': '', 'tags': [], 'created_at': '2024-10-12T10:54:06Z', 'updated_at': '2024-10-12T10:54:06Z', 'revision_number': 1} available for tenant
2024-10-12 10:54:09.395 62080 INFO tempest.lib.common.rest_client [req-51bd65c4-e693-4db6-b987-34c472f03c9d req-51bd65c4-e693-4db6-b987-34c472f03c9d ] Request (TenantUsagesTestJSON:setUpClass): 200 GET http://10.180.1.21/compute/v2.1/servers/95635ec3-cbfd-4dc0-a595-02062a0bda6e 1.089s
2024-10-12 10:54:09.434 62086 INFO tempest.lib.common.rest_client [req-46cafeb9-7c95-48ed-be39-857006ed591e req-46cafeb9-7c95-48ed-be39-857006ed591e ] Request (AttachInterfacesUnderV243Test:test_add_remove_fixed_ip): 200 GET http://10.180.1.21/compute/v2.1/servers/ad02e0c7-3d12-48ad-a393-26749fd8c502 1.066s
2024-10-12 10:54:09.457 62062 INFO tempest.lib.common.rest_client [req-880fca9a-5aa0-4d5e-9411-9d58d42b8d71 req-880fca9a-5aa0-4d5e-9411-9d58d42b8d71 ] Request (ServersTestJSON:setUpClass): 200 GET http://10.180.1.21/compute/v2.1/servers/e7ba3a8d-4bd0-4d78-861f-866ce2ade0cb 1.006s
2024-10-12 10:54:09.511 62064 INFO tempest.lib.common.rest_client [req-44e795c7-43e0-4c19-933c-ad8a590e954f req-44e795c7-43e0-4c19-933c-ad8a590e954f ] Request (VolumesAdminNegativeTest:setUpClass): 200 PUT http://10.180.1.21:9696/networking/v2.0/routers/9c553c3c-37c5-44cb-b937-a859d9067d05/add_router_interface 3.076s
2024-10-12 10:54:09.511 62064 INFO tempest.lib.common.dynamic_creds [-] Created isolated network resources for: credentials: Credentials: {'domain_id': 'default', 'domain_name': 'Default', 'username': 'tempest-VolumesAdminNegativeTest-1008389245-project-admin', 'project_domain_id': 'default', 'project_domain_name': 'Default', 'project_id': 'd3899c4cf5b74444a2a2e28898bf9b03', 'project_name': 'tempest-VolumesAdminNegativeTest-1008389245', 'tenant_id': 'd3899c4cf5b74444a2a2e28898bf9b03', 'tenant_name': 'tempest-VolumesAdminNegativeTest-1008389245', 'user_domain_id': 'default', 'user_domain_name': 'Default', 'user_id': '125361bbc463491cacc89c737d1dc758', 'system': None}, Network: {'id': '3f539ac5-ee4c-48fb-bc91-7b7655ff0767', 'name': 'tempest-VolumesAdminNegativeTest-1453216578-network', 'tenant_id': 'd3899c4cf5b74444a2a2e28898bf9b03', 'admin_state_up': True, 'mtu': 8950, 'status': 'ACTIVE', 'subnets': [], 'shared': False, 'project_id': 'd3899c4cf5b74444a2a2e28898bf9b03', 'port_security_enabled': True, 'router:external': False, 'provider:network_type': 'vlan', 'provider:physical_network': 'default', 'provider:segmentation_id': 143, 'is_default': False, 'availability_zone_hints': [], 'availability_zones': [], 'ipv4_address_scope': None, 'ipv6_address_scope': None, 'description': '', 'tags': [], 'created_at': '2024-10-12T10:54:05Z', 'updated_at': '2024-10-12T10:54:05Z', 'revision_number': 1}, Subnet: {'id': '3ab3c8b3-cb8b-4ac0-87b2-9da15ffddf6a', 'name': 'tempest-VolumesAdminNegativeTest-1453216578-subnet', 'tenant_id': 'd3899c4cf5b74444a2a2e28898bf9b03', 'network_id': '3f539ac5-ee4c-48fb-bc91-7b7655ff0767', 'ip_version': 4, 'subnetpool_id': None, 'enable_dhcp': True, 'ipv6_ra_mode': None, 'ipv6_address_mode': None, 'gateway_ip': '192.168.128.1', 'cidr': '192.168.128.0/28', 'allocation_pools': [{'start': '192.168.128.2', 'end': '192.168.128.14'}], 'host_routes': [], 'dns_nameservers': [], 'description': '', 'router:external': False, 'service_types': [], 'tags': [], 'created_at': '2024-10-12T10:54:05Z', 'updated_at': '2024-10-12T10:54:05Z', 'revision_number': 0, 'project_id': 'd3899c4cf5b74444a2a2e28898bf9b03'}, Router: {'id': '9c553c3c-37c5-44cb-b937-a859d9067d05', 'name': 'tempest-VolumesAdminNegativeTest-1453216578-router', 'tenant_id': 'd3899c4cf5b74444a2a2e28898bf9b03', 'admin_state_up': True, 'status': 'ACTIVE', 'external_gateway_info': {'network_id': '3c018358-c85b-4592-a011-76daa33d21c0', 'external_fixed_ips': [{'subnet_id': '2fd20b4c-a38f-49b8-b073-a08d9d543e81', 'ip_address': '10.180.180.200'}], 'enable_snat': True}, 'description': '', 'availability_zones': [], 'distributed': False, 'ha': False, 'availability_zone_hints': [], 'routes': [], 'flavor_id': None, 'tags': [], 'created_at': '2024-10-12T10:54:05Z', 'updated_at': '2024-10-12T10:54:06Z', 'revision_number': 2, 'project_id': 'd3899c4cf5b74444a2a2e28898bf9b03'}
2024-10-12 10:54:09.531 62106 INFO tempest.lib.common.rest_client [req-2031f0ef-c3f1-45e2-84ef-433b8ffdb6f9 req-2031f0ef-c3f1-45e2-84ef-433b8ffdb6f9 ] Request (ServerActionsV293TestJSON:setUpClass): 200 GET http://10.180.1.21/compute/v2.1/servers/002a7370-024d-4959-a56d-1a13c260f60e 0.977s
2024-10-12 10:54:09.535 62104 INFO tempest.lib.common.rest_client [req-3bb9236e-aeb8-424d-82f2-8185c974c935 req-3bb9236e-aeb8-424d-82f2-8185c974c935 ] Request (ServersAdminNegativeTestJSON:setUpClass): 200 GET http://10.180.1.21/compute/v2.1/servers/a062288b-e785-4dec-98f2-358b54f3d327 0.893s
2024-10-12 10:54:09.600 62064 INFO tempest.lib.common.rest_client [req-2c694e66-5e6e-438f-9a70-e302ecccf359 req-2c694e66-5e6e-438f-9a70-e302ecccf359 ] Request (VolumesAdminNegativeTest:setUpClass): 201 POST http://10.180.1.21/identity/v3/auth/tokens 0.084s
2024-10-12 10:54:09.607 62090 INFO tempest.lib.common.rest_client [req-c2c1cad4-70b9-47f3-b58f-c5a709d29939 req-c2c1cad4-70b9-47f3-b58f-c5a709d29939 ] Request (ServersV294TestFqdnHostnames:setUpClass): 200 GET http://10.180.1.21/compute/v2.1/servers/9ce52867-d547-401e-993d-0053eb9da4c4 0.866s
2024-10-12 10:54:09.616 62070 INFO tempest.lib.common.rest_client [req-ec60909d-d06c-445e-8456-ae510d5f55f6 req-ec60909d-d06c-445e-8456-ae510d5f55f6 ] Request (AttachInterfacesTestJSON:test_create_list_show_delete_interfaces_by_fixed_ip): 200 GET http://10.180.1.21/compute/v2.1/servers/35c3e1eb-6b98-42f7-8f92-420560feba92 0.803s
2024-10-12 10:54:09.665 62100 INFO tempest.lib.common.rest_client [req-706db760-6630-48c0-91aa-ace9b581a84e req-706db760-6630-48c0-91aa-ace9b581a84e ] Request (MigrationsAdminTest:test_resize_server_revert_deleted_flavor): 200 GET http://10.180.1.21/compute/v2.1/servers/8aeeb8e9-e1ab-463b-bc16-ca68571882aa 0.773s
2024-10-12 10:54:09.678 62102 INFO tempest.lib.common.rest_client [req-ffda8b34-3a15-48c9-97bd-3ad898ab1276 req-ffda8b34-3a15-48c9-97bd-3ad898ab1276 ] Request (ServerExternalEventsTest:test_create_server_external_events): 200 GET http://10.180.1.21/compute/v2.1/servers/ed4352e2-3321-4a05-8a3f-a02e375ecbfb 0.708s
2024-10-12 10:54:09.691 62082 INFO tempest.lib.common.rest_client [req-9a6ab56a-e07b-49be-9e3b-dd8396056a7f req-9a6ab56a-e07b-49be-9e3b-dd8396056a7f ] Request (KeyPairsV22TestJSON:_run_cleanups): 204 DELETE http://10.180.1.21/compute/v2.1/os-keypairs/tempest-keypair-1019293146 0.623s
2024-10-12 10:54:09.714 62116 INFO tempest.lib.common.rest_client [req-27113335-8791-42ad-9fc5-2459472eeff0 req-27113335-8791-42ad-9fc5-2459472eeff0 ] Request (ServersTestFqdnHostnames:test_create_server_with_fqdn_name): 200 GET http://10.180.1.21/compute/v2.1/servers/6e2190ac-d287-4810-9d43-740e62ae7b56 0.663s
2024-10-12 10:54:09.761 62066 INFO tempest.lib.common.rest_client [req-01bbb267-1efd-4f29-801e-5dc72a8a6f9e req-01bbb267-1efd-4f29-801e-5dc72a8a6f9e ] Request (ServersTestManualDisk:setUpClass): 200 GET http://10.180.1.21/compute/v2.1/servers/51d54995-0d13-4560-bdd6-7d9f9f5210dd 0.640s
2024-10-12 10:54:09.780 62114 INFO tempest.lib.common.rest_client [req-ea610d11-2e3a-43dc-8f55-b5cc469c0e62 req-ea610d11-2e3a-43dc-8f55-b5cc469c0e62 ] Request (DeleteServersAdminTestJSON:test_delete_server_while_in_error_state): 200 GET http://10.180.1.21/compute/v2.1/servers/46b484d0-1e87-4438-9791-e8199c76d21f 0.601s
2024-10-12 10:54:09.833 62058 INFO tempest.lib.common.rest_client [req-6aaf08e3-90ab-4057-a5b2-0db672d68b33 req-6aaf08e3-90ab-4057-a5b2-0db672d68b33 ] Request (ImagesTestJSON:test_create_image_from_stopped_server): 200 GET http://10.180.1.21/compute/v2.1/servers/5c80ad4d-0fa1-4003-a6a1-2c9039ad679c 0.636s
2024-10-12 10:54:09.989 62068 INFO tempest.lib.common.rest_client [req-5ce9a501-7e83-433f-a757-bac7fac155cb req-5ce9a501-7e83-433f-a757-bac7fac155cb ] Request (ServerShowV257Test:test_rebuild_server): 202 POST http://10.180.1.21/compute/v2.1/servers 0.713s
2024-10-12 10:54:10.059 62094 INFO tempest.lib.common.rest_client [req-900e40dd-982b-4dd3-a7d8-c7b58d3734f4 req-900e40dd-982b-4dd3-a7d8-c7b58d3734f4 ] Request (ImagesOneServerNegativeTestJSON:setUpClass): 200 GET http://10.180.1.21/compute/v2.1/servers/b4dd79b0-5dbb-4f12-9736-d8bc9f828f5d 0.636s
2024-10-12 10:54:10.132 62118 INFO tempest.lib.common.rest_client [req-874db549-eae6-437f-8c3f-1ca20a8fb11a req-874db549-eae6-437f-8c3f-1ca20a8fb11a ] Request (ServersAaction247Test:test_create_backup): 200 GET http://10.180.1.21/compute/v2.1/servers/de5a46be-193a-40d8-aeba-d5d4de24ef95 0.683s
2024-10-12 10:54:10.145 62118 INFO tempest.common.waiters [-] State transition "BUILD/spawning" ==> "ACTIVE/None" after 49 second wait
2024-10-12 10:54:10.194 62092 INFO tempest.lib.common.rest_client [req-8c26bf6f-ca43-4df2-b87c-98f0eee7b18b req-8c26bf6f-ca43-4df2-b87c-98f0eee7b18b ] Request (ListImageFiltersTestJSON:setUpClass): 200 GET http://10.180.1.21/compute/v2.1/servers/fb4c4bbf-ca9c-4584-bd1d-83e5e81e6c7e 0.702s
2024-10-12 10:54:10.212 62110 INFO tempest.lib.common.rest_client [req-5b921a21-1099-4451-a949-32c5430b68ae req-5b921a21-1099-4451-a949-32c5430b68ae ] Request (AttachVolumeTestJSON:setUpClass): 200 PUT http://10.180.1.21:9696/networking/v2.0/routers/5400abc5-eabb-48a2-8159-61ebd248c801/add_router_interface 2.587s
2024-10-12 10:54:10.212 62110 INFO tempest.lib.common.dynamic_creds [-] Created isolated network resources for: credentials: Credentials: {'domain_id': 'default', 'domain_name': 'Default', 'username': 'tempest-AttachVolumeTestJSON-1146451136-project-member', 'project_domain_id': 'default', 'project_domain_name': 'Default', 'project_id': '858b5ed95401468fbf97c4000f7302a5', 'project_name': 'tempest-AttachVolumeTestJSON-1146451136', 'tenant_id': '858b5ed95401468fbf97c4000f7302a5', 'tenant_name': 'tempest-AttachVolumeTestJSON-1146451136', 'user_domain_id': 'default', 'user_domain_name': 'Default', 'user_id': 'd05e42bfa416428d81c19861b11eea2e', 'system': None}, Network: {'id': 'dbbd9d7f-c159-48f7-a6b4-543034932a1f', 'name': 'tempest-AttachVolumeTestJSON-1313128773-network', 'tenant_id': '858b5ed95401468fbf97c4000f7302a5', 'admin_state_up': True, 'mtu': 8950, 'status': 'ACTIVE', 'subnets': [], 'shared': False, 'project_id': '858b5ed95401468fbf97c4000f7302a5', 'port_security_enabled': True, 'router:external': False, 'provider:network_type': 'vlan', 'provider:physical_network': 'default', 'provider:segmentation_id': 704, 'is_default': False, 'availability_zone_hints': [], 'availability_zones': [], 'ipv4_address_scope': None, 'ipv6_address_scope': None, 'description': '', 'tags': [], 'created_at': '2024-10-12T10:54:06Z', 'updated_at': '2024-10-12T10:54:06Z', 'revision_number': 1}, Subnet: {'id': '9d620924-cc1b-433c-bc38-42e8ef751b01', 'name': 'tempest-AttachVolumeTestJSON-1313128773-subnet', 'tenant_id': '858b5ed95401468fbf97c4000f7302a5', 'network_id': 'dbbd9d7f-c159-48f7-a6b4-543034932a1f', 'ip_version': 4, 'subnetpool_id': None, 'enable_dhcp': True, 'ipv6_ra_mode': None, 'ipv6_address_mode': None, 'gateway_ip': '192.168.128.1', 'cidr': '192.168.128.0/28', 'allocation_pools': [{'start': '192.168.128.2', 'end': '192.168.128.14'}], 'host_routes': [], 'dns_nameservers': [], 'description': '', 'router:external': False, 'service_types': [], 'tags': [], 'created_at': '2024-10-12T10:54:06Z', 'updated_at': '2024-10-12T10:54:06Z', 'revision_number': 0, 'project_id': '858b5ed95401468fbf97c4000f7302a5'}, Router: {'id': '5400abc5-eabb-48a2-8159-61ebd248c801', 'name': 'tempest-AttachVolumeTestJSON-1313128773-router', 'tenant_id': '858b5ed95401468fbf97c4000f7302a5', 'admin_state_up': True, 'status': 'ACTIVE', 'external_gateway_info': {'network_id': '3c018358-c85b-4592-a011-76daa33d21c0', 'external_fixed_ips': [{'subnet_id': '2fd20b4c-a38f-49b8-b073-a08d9d543e81', 'ip_address': '10.180.180.141'}], 'enable_snat': True}, 'description': '', 'availability_zones': [], 'distributed': False, 'ha': False, 'availability_zone_hints': [], 'routes': [], 'flavor_id': None, 'tags': [], 'created_at': '2024-10-12T10:54:06Z', 'updated_at': '2024-10-12T10:54:07Z', 'revision_number': 2, 'project_id': '858b5ed95401468fbf97c4000f7302a5'}
2024-10-12 10:54:10.264 62088 INFO tempest.lib.common.rest_client [req-b8b35f69-0ad0-4d0e-9b4c-892b7ce2fadd req-b8b35f69-0ad0-4d0e-9b4c-892b7ce2fadd ] Request (ServerTagsTestJSON:setUpClass): 200 GET http://10.180.1.21/compute/v2.1/servers/9b87db2b-e7b0-4677-b70f-f2fb1d6d3c4e 0.746s
2024-10-12 10:54:10.315 62120 INFO tempest.lib.common.rest_client [req-7ecced3e-907a-4e9b-a191-8d599d31edf7 req-7ecced3e-907a-4e9b-a191-8d599d31edf7 ] Request (AttachVolumeNegativeTest:test_attach_attached_volume_to_different_server): 200 GET http://10.180.1.21/compute/v2.1/servers/037dd0ba-0d50-4c46-8947-7df3ca19e1c1 0.714s
2024-10-12 10:54:10.319 62110 INFO tempest.lib.common.rest_client [req-a35495f0-7ccb-4a29-a4c3-1d3a32d823b5 req-a35495f0-7ccb-4a29-a4c3-1d3a32d823b5 ] Request (AttachVolumeTestJSON:setUpClass): 201 POST http://10.180.1.21/identity/v3/auth/tokens 0.103s
2024-10-12 10:54:10.364 62096 INFO tempest.lib.common.rest_client [req-1b1b110f-65cf-4076-900b-b4a9f46199e9 req-1b1b110f-65cf-4076-900b-b4a9f46199e9 ] Request (ListServerFiltersTestJSON:setUpClass): 202 POST http://10.180.1.21/compute/v2.1/servers 0.972s
2024-10-12 10:54:10.403 62082 INFO tempest.lib.common.rest_client [req-87497fbc-428c-4bfb-a934-ef4f17c96f7c req-87497fbc-428c-4bfb-a934-ef4f17c96f7c ] Request (KeyPairsV22TestJSON:test_keypair_create_delete): 201 POST http://10.180.1.21/compute/v2.1/os-keypairs 0.711s
2024-10-12 10:54:10.411 62064 INFO tempest.lib.common.rest_client [req-e1d28df8-05a1-41a8-9723-ef030db331fd req-e1d28df8-05a1-41a8-9723-ef030db331fd ] Request (VolumesAdminNegativeTest:test_update_attached_volume_with_nonexistent_volume_in_body): 200 POST http://10.180.1.21/compute/v2.1/os-keypairs 0.809s
2024-10-12 10:54:10.462 62074 INFO tempest.lib.common.rest_client [req-f0341f6a-0377-4b50-8daf-d4db337860ec req-f0341f6a-0377-4b50-8daf-d4db337860ec ] Request (ServerDiagnosticsNegativeTest:test_get_server_diagnostics_by_non_admin): 200 GET http://10.180.1.21/compute/v2.1/servers/496f00ef-7487-45d9-9356-529f9390544f 0.480s
2024-10-12 10:54:10.472 62072 INFO tempest.lib.common.rest_client [req-0e963419-64e0-4732-8c1a-26cbe1d60f29 req-0e963419-64e0-4732-8c1a-26cbe1d60f29 ] Request (ServerActionsTestOtherB:setUpClass): 200 GET http://10.180.1.21/compute/v2.1/servers/507a2e12-55a1-4d2c-b3d2-577914cc245e 0.576s
2024-10-12 10:54:10.537 62068 INFO tempest.lib.common.rest_client [req-adcaaca9-4049-41f8-a7fc-87d1665d815f req-adcaaca9-4049-41f8-a7fc-87d1665d815f ] Request (ServerShowV257Test:test_rebuild_server): 200 GET http://10.180.1.21/compute/v2.1/servers/e758c89f-e5e2-42e0-926e-c629cb496a89 0.546s
2024-10-12 10:54:10.543 62076 INFO tempest.lib.common.rest_client [req-6cc1acaf-933b-4db1-b921-8c4f25ed3d88 req-6cc1acaf-933b-4db1-b921-8c4f25ed3d88 ] Request (InstanceActionsV221TestJSON:test_get_list_deleted_instance_actions): 200 GET http://10.180.1.21/compute/v2.1/servers/3cd00254-b61b-498a-946b-ff2028230e25 0.481s
2024-10-12 10:54:10.577 62064 INFO tempest.lib.common.rest_client [req-9ecfc4be-48f9-44b8-89f7-0ceed678cfbc req-9ecfc4be-48f9-44b8-89f7-0ceed678cfbc ] Request (VolumesAdminNegativeTest:test_update_attached_volume_with_nonexistent_volume_in_body): 201 POST http://10.180.1.21:9696/networking/v2.0/security-groups 0.164s
2024-10-12 10:54:10.612 62112 INFO tempest.lib.common.rest_client [req-fb1c5aef-ad92-4d25-a975-5d00f6760d08 req-fb1c5aef-ad92-4d25-a975-5d00f6760d08 ] Request (ServerDiskConfigTestJSON:test_rebuild_server_with_manual_disk_config): 200 GET http://10.180.1.21/compute/v2.1/servers/e56a6950-f842-45fb-a0a0-0defe3b3c30f 0.460s
2024-10-12 10:54:10.674 62084 INFO tempest.lib.common.rest_client [req-09e4bee0-b338-44b0-adc9-f3e1c345296f req-09e4bee0-b338-44b0-adc9-f3e1c345296f ] Request (ServerRescueTestJSON:setUpClass): 200 GET http://10.180.1.21/compute/v2.1/servers/21ad1f7b-cc59-4ad4-a0c0-9e867b20e9f0 0.432s
2024-10-12 10:54:10.729 62060 INFO tempest.lib.common.rest_client [req-194d32a0-796d-4d8c-84c2-bf0cfccca8fc req-194d32a0-796d-4d8c-84c2-bf0cfccca8fc ] Request (SecurityGroupsTestJSON:test_server_security_groups): 200 GET http://10.180.1.21/compute/v2.1/servers/7a93d1c2-20d6-438e-bc42-1f9aa0219f91 0.418s
2024-10-12 10:54:10.746 62064 INFO tempest.lib.common.rest_client [req-af508bfb-dcb0-49bd-b62c-4bc89edc3946 req-af508bfb-dcb0-49bd-b62c-4bc89edc3946 ] Request (VolumesAdminNegativeTest:test_update_attached_volume_with_nonexistent_volume_in_body): 201 POST http://10.180.1.21:9696/networking/v2.0/security-group-rules 0.168s
2024-10-12 10:54:10.801 62110 INFO tempest.lib.common.rest_client [req-e4a0fccd-961c-4d0e-af70-a772ce194cbb req-e4a0fccd-961c-4d0e-af70-a772ce194cbb ] Request (ValidationResourcesFixture:setUp): 200 POST http://10.180.1.21/compute/v2.1/os-keypairs 0.479s
2024-10-12 10:54:10.853 62096 INFO tempest.lib.common.rest_client [req-994120a5-59dc-4b68-8a69-601c1ae9db68 req-994120a5-59dc-4b68-8a69-601c1ae9db68 ] Request (ListServerFiltersTestJSON:setUpClass): 200 GET http://10.180.1.21/compute/v2.1/servers/204fd4be-4a16-4838-a30d-c78339b3834d 0.487s
2024-10-12 10:54:10.864 62064 INFO tempest.lib.common.rest_client [req-afae22bb-c76c-4966-a008-d2ac2ac931dc req-afae22bb-c76c-4966-a008-d2ac2ac931dc ] Request (VolumesAdminNegativeTest:test_update_attached_volume_with_nonexistent_volume_in_body): 201 POST http://10.180.1.21:9696/networking/v2.0/security-group-rules 0.117s
2024-10-12 10:54:10.926 62078 INFO tempest.lib.common.rest_client [req-f908839b-3165-46c1-bc82-ca8538d0fa79 req-f908839b-3165-46c1-bc82-ca8538d0fa79 ] Request (MultipleCreateTestJSON:test_multiple_create): 200 GET http://10.180.1.21/compute/v2.1/servers/325a641d-2509-49e6-bfbc-0b2cb85c1ff9 0.543s
2024-10-12 10:54:10.989 62080 INFO tempest.lib.common.rest_client [req-f43ed9da-86ec-477e-a685-60811d4fae85 req-f43ed9da-86ec-477e-a685-60811d4fae85 ] Request (TenantUsagesTestJSON:setUpClass): 200 GET http://10.180.1.21/compute/v2.1/servers/95635ec3-cbfd-4dc0-a595-02062a0bda6e 0.587s
2024-10-12 10:54:11.003 62082 INFO tempest.lib.common.rest_client [req-07628fb4-c323-464b-81bd-c5a72d2500e4 req-07628fb4-c323-464b-81bd-c5a72d2500e4 ] Request (KeyPairsV22TestJSON:_run_cleanups): 204 DELETE http://10.180.1.21/compute/v2.1/os-keypairs/tempest-keypair-839570913 0.598s
2024-10-12 10:54:11.024 62118 INFO tempest.lib.common.rest_client [req-162633e4-e09b-4ec8-a405-6bfc3051fe07 req-162633e4-e09b-4ec8-a405-6bfc3051fe07 ] Request (ServersAaction247Test:test_create_backup): 202 POST http://10.180.1.21/compute/v2.1/servers/de5a46be-193a-40d8-aeba-d5d4de24ef95/action 0.879s
2024-10-12 10:54:11.035 62110 INFO tempest.lib.common.rest_client [req-dcc911d9-3223-4dd7-9341-7087a1fc8b9d req-dcc911d9-3223-4dd7-9341-7087a1fc8b9d ] Request (ValidationResourcesFixture:setUp): 201 POST http://10.180.1.21:9696/networking/v2.0/security-groups 0.232s
2024-10-12 10:54:11.082 62086 INFO tempest.lib.common.rest_client [req-5d71b4e7-9995-4212-a695-5f53a1a4bd38 req-5d71b4e7-9995-4212-a695-5f53a1a4bd38 ] Request (AttachInterfacesUnderV243Test:test_add_remove_fixed_ip): 200 GET http://10.180.1.21/compute/v2.1/servers/ad02e0c7-3d12-48ad-a393-26749fd8c502 0.637s
2024-10-12 10:54:11.091 62062 INFO tempest.lib.common.rest_client [req-a08587a5-43e5-4c4d-b374-4eaf40dc5b1a req-a08587a5-43e5-4c4d-b374-4eaf40dc5b1a ] Request (ServersTestJSON:setUpClass): 200 GET http://10.180.1.21/compute/v2.1/servers/e7ba3a8d-4bd0-4d78-861f-866ce2ade0cb 0.623s
2024-10-12 10:54:11.165 62104 INFO tempest.lib.common.rest_client [req-a772b956-730f-4f4a-9ae9-b5ec7c25479a req-a772b956-730f-4f4a-9ae9-b5ec7c25479a ] Request (ServersAdminNegativeTestJSON:setUpClass): 200 GET http://10.180.1.21/compute/v2.1/servers/a062288b-e785-4dec-98f2-358b54f3d327 0.618s
2024-10-12 10:54:11.172 62104 INFO tempest.common.waiters [-] State transition "BUILD/spawning" ==> "ERROR/None" after 63 second wait
2024-10-12 10:54:11.174 62106 INFO tempest.lib.common.rest_client [req-0f5edc1c-2e91-44d6-bfe0-5d203e4b6360 req-0f5edc1c-2e91-44d6-bfe0-5d203e4b6360 ] Request (ServerActionsV293TestJSON:setUpClass): 200 GET http://10.180.1.21/compute/v2.1/servers/002a7370-024d-4959-a56d-1a13c260f60e 0.626s
2024-10-12 10:54:11.360 62064 INFO tempest.lib.common.rest_client [req-91c3dd96-b7f8-420d-bf9e-af437a1577f1 req-91c3dd96-b7f8-420d-bf9e-af437a1577f1 ] Request (VolumesAdminNegativeTest:test_update_attached_volume_with_nonexistent_volume_in_body): 201 POST http://10.180.1.21:9696/networking/v2.0/floatingips 0.495s
2024-10-12 10:54:11.389 62090 INFO tempest.lib.common.rest_client [req-66ec1283-116d-4544-9df9-60402c204900 req-66ec1283-116d-4544-9df9-60402c204900 ] Request (ServersV294TestFqdnHostnames:setUpClass): 200 GET http://10.180.1.21/compute/v2.1/servers/9ce52867-d547-401e-993d-0053eb9da4c4 0.768s
2024-10-12 10:54:11.393 62070 INFO tempest.lib.common.rest_client [req-803b63ed-8b1f-48f1-ba1e-ee97bbef4ad8 req-803b63ed-8b1f-48f1-ba1e-ee97bbef4ad8 ] Request (AttachInterfacesTestJSON:test_create_list_show_delete_interfaces_by_fixed_ip): 200 GET http://10.180.1.21/compute/v2.1/servers/35c3e1eb-6b98-42f7-8f92-420560feba92 0.769s
2024-10-12 10:54:11.408 62064 INFO tempest.lib.common.rest_client [req-f8023fd0-18bf-47d5-b86c-853440e42c60 req-f8023fd0-18bf-47d5-b86c-853440e42c60 ] Request (VolumesAdminNegativeTest:test_update_attached_volume_with_nonexistent_volume_in_body): 201 POST http://10.180.1.21/identity/v3/auth/tokens 0.044s
2024-10-12 10:54:11.408 62064 INFO tempest.lib.common.fixed_network [-] (VolumesAdminNegativeTest:test_update_attached_volume_with_nonexistent_volume_in_body) Found network {'id': 'c329c882-6886-4ae9-a5cf-0dddf70c3a8e', 'name': 'tempest-VolumesAdminNegativeTest-1972603630-network', 'tenant_id': 'c09c426f3fd349c190e1058f8ec87634', 'admin_state_up': True, 'mtu': 8950, 'status': 'ACTIVE', 'subnets': [], 'shared': False, 'project_id': 'c09c426f3fd349c190e1058f8ec87634', 'port_security_enabled': True, 'router:external': False, 'provider:network_type': 'vlan', 'provider:physical_network': 'default', 'provider:segmentation_id': 712, 'is_default': False, 'availability_zone_hints': [], 'availability_zones': [], 'ipv4_address_scope': None, 'ipv6_address_scope': None, 'description': '', 'tags': [], 'created_at': '2024-10-12T10:54:02Z', 'updated_at': '2024-10-12T10:54:02Z', 'revision_number': 1} available for tenant
2024-10-12 10:54:11.449 62110 INFO tempest.lib.common.rest_client [req-159a9b36-d676-4b2b-8f25-7208c24efa75 req-159a9b36-d676-4b2b-8f25-7208c24efa75 ] Request (ValidationResourcesFixture:setUp): 201 POST http://10.180.1.21:9696/networking/v2.0/security-group-rules 0.414s
2024-10-12 10:54:11.457 62100 INFO tempest.lib.common.rest_client [req-b034341c-b9bb-49e4-bd64-21d8ce79dcaa req-b034341c-b9bb-49e4-bd64-21d8ce79dcaa ] Request (MigrationsAdminTest:test_resize_server_revert_deleted_flavor): 200 GET http://10.180.1.21/compute/v2.1/servers/8aeeb8e9-e1ab-463b-bc16-ca68571882aa 0.786s
2024-10-12 10:54:11.460 62102 INFO tempest.lib.common.rest_client [req-289a7186-f2c5-409f-9dab-cedca20a02c3 req-289a7186-f2c5-409f-9dab-cedca20a02c3 ] Request (ServerExternalEventsTest:test_create_server_external_events): 200 GET http://10.180.1.21/compute/v2.1/servers/ed4352e2-3321-4a05-8a3f-a02e375ecbfb 0.774s
2024-10-12 10:54:11.527 62116 INFO tempest.lib.common.rest_client [req-a3234de7-01e0-4c9b-b807-af4160629170 req-a3234de7-01e0-4c9b-b807-af4160629170 ] Request (ServersTestFqdnHostnames:test_create_server_with_fqdn_name): 200 GET http://10.180.1.21/compute/v2.1/servers/6e2190ac-d287-4810-9d43-740e62ae7b56 0.805s
2024-10-12 10:54:11.608 62114 INFO tempest.lib.common.rest_client [req-406b7b78-d1f9-44b3-bb40-3a8a28a44f37 req-406b7b78-d1f9-44b3-bb40-3a8a28a44f37 ] Request (DeleteServersAdminTestJSON:test_delete_server_while_in_error_state): 200 GET http://10.180.1.21/compute/v2.1/servers/46b484d0-1e87-4438-9791-e8199c76d21f 0.819s
2024-10-12 10:54:11.687 62058 INFO tempest.lib.common.rest_client [req-a338a92d-2020-4039-a8b3-7a5d9465aa75 req-a338a92d-2020-4039-a8b3-7a5d9465aa75 ] Request (ImagesTestJSON:test_create_image_from_stopped_server): 200 GET http://10.180.1.21/compute/v2.1/servers/5c80ad4d-0fa1-4003-a6a1-2c9039ad679c 0.843s
2024-10-12 10:54:11.716 62110 INFO tempest.lib.common.rest_client [req-c124943f-4cb5-4342-8493-42497b4ec96f req-c124943f-4cb5-4342-8493-42497b4ec96f ] Request (ValidationResourcesFixture:setUp): 201 POST http://10.180.1.21:9696/networking/v2.0/security-group-rules 0.264s
