2024-10-12 10:53:30.255 62074 INFO tempest.lib.common.rest_client [req-3a03f8c7-5bb2-418a-bdb9-7d727a8c77bf req-3a03f8c7-5bb2-418a-bdb9-7d727a8c77bf ] Request (ServerDiagnosticsNegativeTest:setUpClass): 201 POST http://10.180.1.21/identity/v3/projects 0.166s
2024-10-12 10:53:30.260 62062 INFO tempest.lib.common.rest_client [req-2bfb7589-4571-4afe-aa3c-d95ef7e9a187 req-2bfb7589-4571-4afe-aa3c-d95ef7e9a187 ] Request (ServersTestJSON:setUpClass): 200 GET http://10.180.1.21/compute/v2.1/servers/e7ba3a8d-4bd0-4d78-861f-866ce2ade0cb 0.795s
2024-10-12 10:53:30.285 62114 INFO tempest.lib.common.rest_client [req-a5ec3fe3-4673-4255-992c-b1bfcfc628b3 req-a5ec3fe3-4673-4255-992c-b1bfcfc628b3 ] Request (DeleteServersAdminTestJSON:test_admin_delete_servers_of_others): 404 GET http://10.180.1.21/compute/v2.1/servers/6fc17951-d4d8-4ff0-9e93-2f5a15a5e946 0.712s
2024-10-12 10:53:30.312 62076 INFO tempest.lib.common.rest_client [req-35197ca6-a6e0-4945-9d95-32d7aef8bec2 req-35197ca6-a6e0-4945-9d95-32d7aef8bec2 ] Request (QuotasAdminTestV257:test_get_updated_quotas): 201 POST http://10.180.1.21/identity/v3/users 0.085s
2024-10-12 10:53:30.358 62088 INFO tempest.lib.common.rest_client [req-b851e6d1-b359-4424-93ed-6cbdfc6ce77f req-b851e6d1-b359-4424-93ed-6cbdfc6ce77f ] Request (ServerTagsTestJSON:setUpClass): 200 GET http://10.180.1.21/compute/v2.1/servers/9b87db2b-e7b0-4677-b70f-f2fb1d6d3c4e 0.725s
2024-10-12 10:53:30.364 62094 INFO tempest.lib.common.rest_client [req-18fe455b-ef3b-473e-aa66-f2e8b6203810 req-18fe455b-ef3b-473e-aa66-f2e8b6203810 ] Request (ImagesOneServerNegativeTestJSON:setUpClass): 200 GET http://10.180.1.21/identity/v3/roles 0.110s
2024-10-12 10:53:30.366 62080 INFO tempest.lib.common.rest_client [req-e8a27304-2225-4383-a7b9-c3f222a5524a req-e8a27304-2225-4383-a7b9-c3f222a5524a ] Request (TenantUsagesTestJSON:setUpClass): 201 POST http://10.180.1.21/identity/v3/projects 0.141s
2024-10-12 10:53:30.376 62108 INFO tempest.lib.common.rest_client [req-eca8cb74-a36f-43d6-9fc7-80cec42bd0a1 req-eca8cb74-a36f-43d6-9fc7-80cec42bd0a1 ] Request (ImagesOneServerTestJSON:setUpClass): 404 GET http://10.180.1.21/compute/v2.1/servers/be3227f2-3fe1-4767-90a3-55ee57c05df0 0.733s
2024-10-12 10:53:30.376 62108 INFO tempest.test [-] raised in ImagesOneServerTestJSON.setUpClass. Invoking tearDownClass.
2024-10-12 10:53:30.392 62068 INFO tempest.lib.common.rest_client [req-0701c0aa-670d-4f87-94be-d1e0558106fb req-0701c0aa-670d-4f87-94be-d1e0558106fb ] Request (FlavorsAdminTestJSON:test_is_public_string_variations): 200 GET http://10.180.1.21/compute/v2.1/flavors/detail?is_public=true 0.715s
2024-10-12 10:53:30.417 62114 INFO tempest.lib.common.rest_client [req-0fa56157-bba5-4476-8833-b47be8aac76e req-0fa56157-bba5-4476-8833-b47be8aac76e ] Request (DeleteServersAdminTestJSON:test_delete_server_while_in_error_state): 201 POST http://10.180.1.21/identity/v3/auth/tokens 0.118s
2024-10-12 10:53:30.418 62114 INFO tempest.lib.common.fixed_network [-] (DeleteServersAdminTestJSON:test_delete_server_while_in_error_state) Found network None available for tenant
2024-10-12 10:53:30.418 62074 INFO tempest.lib.common.rest_client [req-8419c93a-2e9e-49ac-95b2-a68db771d64f req-8419c93a-2e9e-49ac-95b2-a68db771d64f ] Request (ServerDiagnosticsNegativeTest:setUpClass): 201 POST http://10.180.1.21/identity/v3/users 0.162s
2024-10-12 10:53:30.442 62080 INFO tempest.lib.common.rest_client [req-9fc676b4-1bc3-4e03-b18b-c4bcf6edfb96 req-9fc676b4-1bc3-4e03-b18b-c4bcf6edfb96 ] Request (TenantUsagesTestJSON:setUpClass): 201 POST http://10.180.1.21/identity/v3/users 0.075s
2024-10-12 10:53:30.455 62100 INFO tempest.lib.common.rest_client [req-f0323195-c9c4-46fb-813c-516d261fa33e req-f0323195-c9c4-46fb-813c-516d261fa33e ] Request (MigrationsAdminTest:test_list_migrations_in_flavor_resize_situation): 200 GET http://10.180.1.21/compute/v2.1/servers/4d9f7360-f6f1-4f3a-8c47-27b6ba26950e 0.771s
2024-10-12 10:53:30.466 62076 INFO tempest.lib.common.rest_client [req-c1dbf608-2d63-478f-a8b5-73e000de8d79 req-c1dbf608-2d63-478f-a8b5-73e000de8d79 ] Request (QuotasAdminTestV257:test_get_updated_quotas): 200 GET http://10.180.1.21/identity/v3/domains?name=Default 0.153s
2024-10-12 10:53:30.473 62094 INFO tempest.lib.common.rest_client [req-60685f6a-a29c-4ee5-b27a-32d05ecccad0 req-60685f6a-a29c-4ee5-b27a-32d05ecccad0 ] Request (ImagesOneServerNegativeTestJSON:setUpClass): 204 PUT http://10.180.1.21/identity/v3/projects/e32a3f0d9dba49c990b7d77d9af9a9f9/users/ab8e3edd4aa24dfd86509610c9d76ff5/roles/ce12846925a449cc89ab4ef1e8e22a12 0.108s
2024-10-12 10:53:30.473 62094 INFO tempest.lib.common.dynamic_creds [-] Dynamic test user ab8e3edd4aa24dfd86509610c9d76ff5 is created with scope project and roles: ['member']
2024-10-12 10:53:30.474 62094 INFO tempest.lib.common.dynamic_creds [-] Acquired dynamic creds: credentials: Credentials: {'domain_id': 'default', 'domain_name': 'Default', 'username': 'tempest-ImagesOneServerNegativeTestJSON-1773770547-project-member', 'project_domain_id': 'default', 'project_domain_name': 'Default', 'project_id': 'e32a3f0d9dba49c990b7d77d9af9a9f9', 'project_name': 'tempest-ImagesOneServerNegativeTestJSON-1773770547', 'tenant_id': 'e32a3f0d9dba49c990b7d77d9af9a9f9', 'tenant_name': 'tempest-ImagesOneServerNegativeTestJSON-1773770547', 'user_domain_id': 'default', 'user_domain_name': 'Default', 'user_id': 'ab8e3edd4aa24dfd86509610c9d76ff5', 'system': None}, Network: None, Subnet: None, Router: None
2024-10-12 10:53:30.509 62074 INFO tempest.lib.common.rest_client [req-294cfed6-4893-4b04-beed-bb7cef96ea70 req-294cfed6-4893-4b04-beed-bb7cef96ea70 ] Request (ServerDiagnosticsNegativeTest:setUpClass): 200 GET http://10.180.1.21/identity/v3/roles 0.090s
2024-10-12 10:53:30.521 62080 INFO tempest.lib.common.rest_client [req-5b627783-dc10-4131-9f05-636631faf98f req-5b627783-dc10-4131-9f05-636631faf98f ] Request (TenantUsagesTestJSON:setUpClass): 200 GET http://10.180.1.21/identity/v3/roles 0.079s
2024-10-12 10:53:30.529 62060 INFO tempest.lib.common.rest_client [req-1bc4ca21-6175-4f46-9c51-3b9e094f28eb req-1bc4ca21-6175-4f46-9c51-3b9e094f28eb ] Request (SecurityGroupsTestJSON:test_list_security_groups_by_server): 200 GET http://10.180.1.21/compute/v2.1/servers/ab91f88f-6e87-405f-81ab-bf00be2003a8 0.802s
2024-10-12 10:53:30.530 62090 INFO tempest.lib.common.rest_client [req-af75d188-9cc6-4ad0-8394-239a9e1d5670 req-af75d188-9cc6-4ad0-8394-239a9e1d5670 ] Request (QuotasAdminNegativeTest:tearDownClass): 200 GET http://10.180.1.21:9696/networking/v2.0/security-groups?tenant_id=6b98648a01bf4c4b9dc9f2c6dda1e412&name=default 0.374s
2024-10-12 10:53:30.540 62094 INFO tempest.lib.common.rest_client [req-4d1c2fe5-d19a-45ae-9338-75d8599534cc req-4d1c2fe5-d19a-45ae-9338-75d8599534cc ] Request (ImagesOneServerNegativeTestJSON:setUpClass): 201 POST http://10.180.1.21/identity/v3/auth/tokens 0.066s
2024-10-12 10:53:30.568 62080 INFO tempest.lib.common.rest_client [req-8ea4d88f-e201-4c82-b504-bd2efd44291b req-8ea4d88f-e201-4c82-b504-bd2efd44291b ] Request (TenantUsagesTestJSON:setUpClass): 204 PUT http://10.180.1.21/identity/v3/projects/8bac9aecd7fc4b6aaa87004c017dd2bb/users/2dd621c2963444e1a73a9c22c92bd481/roles/ce12846925a449cc89ab4ef1e8e22a12 0.047s
2024-10-12 10:53:30.568 62080 INFO tempest.lib.common.dynamic_creds [-] Dynamic test user 2dd621c2963444e1a73a9c22c92bd481 is created with scope project and roles: ['member']
2024-10-12 10:53:30.568 62080 INFO tempest.lib.common.dynamic_creds [-] Acquired dynamic creds: credentials: Credentials: {'domain_id': 'default', 'domain_name': 'Default', 'username': 'tempest-TenantUsagesTestJSON-1948251512-project-member', 'project_domain_id': 'default', 'project_domain_name': 'Default', 'project_id': '8bac9aecd7fc4b6aaa87004c017dd2bb', 'project_name': 'tempest-TenantUsagesTestJSON-1948251512', 'tenant_id': '8bac9aecd7fc4b6aaa87004c017dd2bb', 'tenant_name': 'tempest-TenantUsagesTestJSON-1948251512', 'user_domain_id': 'default', 'user_domain_name': 'Default', 'user_id': '2dd621c2963444e1a73a9c22c92bd481', 'system': None}, Network: None, Subnet: None, Router: None
2024-10-12 10:53:30.569 62080 INFO tempest.lib.common.dynamic_creds [-] Created isolated network resources for: credentials: Credentials: {'domain_id': 'default', 'domain_name': 'Default', 'username': 'tempest-TenantUsagesTestJSON-1948251512-project-member', 'project_domain_id': 'default', 'project_domain_name': 'Default', 'project_id': '8bac9aecd7fc4b6aaa87004c017dd2bb', 'project_name': 'tempest-TenantUsagesTestJSON-1948251512', 'tenant_id': '8bac9aecd7fc4b6aaa87004c017dd2bb', 'tenant_name': 'tempest-TenantUsagesTestJSON-1948251512', 'user_domain_id': 'default', 'user_domain_name': 'Default', 'user_id': '2dd621c2963444e1a73a9c22c92bd481', 'system': None}, Network: None, Subnet: None, Router: None
2024-10-12 10:53:30.569 62074 INFO tempest.lib.common.rest_client [req-4a80ad1f-4321-4670-bf65-ba1476dae6f5 req-4a80ad1f-4321-4670-bf65-ba1476dae6f5 ] Request (ServerDiagnosticsNegativeTest:setUpClass): 204 PUT http://10.180.1.21/identity/v3/projects/5ac68c40b5dd42ef9639b511a981bbd2/users/e0382e0563054c1086db47868ae9e10a/roles/ce12846925a449cc89ab4ef1e8e22a12 0.059s
2024-10-12 10:53:30.569 62074 INFO tempest.lib.common.dynamic_creds [-] Dynamic test user e0382e0563054c1086db47868ae9e10a is created with scope project and roles: ['member']
2024-10-12 10:53:30.569 62074 INFO tempest.lib.common.dynamic_creds [-] Acquired dynamic creds: credentials: Credentials: {'domain_id': 'default', 'domain_name': 'Default', 'username': 'tempest-ServerDiagnosticsNegativeTest-472065821-project-member', 'project_domain_id': 'default', 'project_domain_name': 'Default', 'project_id': '5ac68c40b5dd42ef9639b511a981bbd2', 'project_name': 'tempest-ServerDiagnosticsNegativeTest-472065821', 'tenant_id': '5ac68c40b5dd42ef9639b511a981bbd2', 'tenant_name': 'tempest-ServerDiagnosticsNegativeTest-472065821', 'user_domain_id': 'default', 'user_domain_name': 'Default', 'user_id': 'e0382e0563054c1086db47868ae9e10a', 'system': None}, Network: None, Subnet: None, Router: None
2024-10-12 10:53:30.570 62074 INFO tempest.lib.common.dynamic_creds [-] Created isolated network resources for: credentials: Credentials: {'domain_id': 'default', 'domain_name': 'Default', 'username': 'tempest-ServerDiagnosticsNegativeTest-472065821-project-member', 'project_domain_id': 'default', 'project_domain_name': 'Default', 'project_id': '5ac68c40b5dd42ef9639b511a981bbd2', 'project_name': 'tempest-ServerDiagnosticsNegativeTest-472065821', 'tenant_id': '5ac68c40b5dd42ef9639b511a981bbd2', 'tenant_name': 'tempest-ServerDiagnosticsNegativeTest-472065821', 'user_domain_id': 'default', 'user_domain_name': 'Default', 'user_id': 'e0382e0563054c1086db47868ae9e10a', 'system': None}, Network: None, Subnet: None, Router: None
2024-10-12 10:53:30.626 62058 INFO tempest.lib.common.rest_client [req-befd9b3a-9adc-4af8-be0b-016f324c9451 req-befd9b3a-9adc-4af8-be0b-016f324c9451 ] Request (ImagesTestJSON:test_create_image_from_stopped_server): 200 GET http://10.180.1.21/compute/v2.1/servers/5c80ad4d-0fa1-4003-a6a1-2c9039ad679c 0.799s
2024-10-12 10:53:30.637 62058 INFO tempest.common.waiters [-] State transition "BUILD/scheduling" ==> "BUILD/None" after 12 second wait
2024-10-12 10:53:30.666 62080 INFO tempest.lib.common.rest_client [req-55cd506e-3c77-42af-9b20-c63fca304e5f req-55cd506e-3c77-42af-9b20-c63fca304e5f ] Request (TenantUsagesTestJSON:setUpClass): 201 POST http://10.180.1.21/identity/v3/auth/tokens 0.094s
2024-10-12 10:53:30.693 62080 INFO tempest.lib.common.rest_client [req-db1cd2ee-027b-4a0a-a141-46ce67e21a4d req-db1cd2ee-027b-4a0a-a141-46ce67e21a4d ] Request (TenantUsagesTestJSON:setUpClass): 201 POST http://10.180.1.21/identity/v3/projects 0.026s
2024-10-12 10:53:30.710 62066 INFO tempest.lib.common.rest_client [req-80a7e6ff-2f83-4a98-aa2c-ee691a89c677 req-80a7e6ff-2f83-4a98-aa2c-ee691a89c677 ] Request (ServersTestManualDisk:setUpClass): 200 GET http://10.180.1.21/compute/v2.1/servers/51d54995-0d13-4560-bdd6-7d9f9f5210dd 0.811s
2024-10-12 10:53:30.724 62074 INFO tempest.lib.common.rest_client [req-13768dfd-834d-45a4-9eb5-dcb434cbb15b req-13768dfd-834d-45a4-9eb5-dcb434cbb15b ] Request (ServerDiagnosticsNegativeTest:setUpClass): 201 POST http://10.180.1.21/identity/v3/auth/tokens 0.150s
2024-10-12 10:53:30.744 62080 INFO tempest.lib.common.rest_client [req-801412f2-bda0-4c4c-b23b-452666896b88 req-801412f2-bda0-4c4c-b23b-452666896b88 ] Request (TenantUsagesTestJSON:setUpClass): 201 POST http://10.180.1.21/identity/v3/users 0.051s
2024-10-12 10:53:30.755 62074 INFO tempest.lib.common.rest_client [req-5ab6f33b-e066-4a16-91e0-7f7727903340 req-5ab6f33b-e066-4a16-91e0-7f7727903340 ] Request (ServerDiagnosticsNegativeTest:setUpClass): 201 POST http://10.180.1.21/identity/v3/projects 0.030s
2024-10-12 10:53:30.759 62080 INFO tempest.lib.common.rest_client [req-df2d1e31-1c4e-47d2-a466-8e5c271dbde6 req-df2d1e31-1c4e-47d2-a466-8e5c271dbde6 ] Request (TenantUsagesTestJSON:setUpClass): 200 GET http://10.180.1.21/identity/v3/roles 0.014s
2024-10-12 10:53:30.783 62070 INFO tempest.lib.common.rest_client [req-f7473574-a3cc-4eea-b9c2-914d8c33ff2f req-f7473574-a3cc-4eea-b9c2-914d8c33ff2f ] Request (AttachInterfacesTestJSON:test_create_list_show_delete_interfaces_by_fixed_ip): 200 GET http://10.180.1.21/compute/v2.1/servers/35c3e1eb-6b98-42f7-8f92-420560feba92 0.777s
2024-10-12 10:53:30.813 62074 INFO tempest.lib.common.rest_client [req-115d5154-e0ad-4540-bbf6-f3f3c7c1c85e req-115d5154-e0ad-4540-bbf6-f3f3c7c1c85e ] Request (ServerDiagnosticsNegativeTest:setUpClass): 201 POST http://10.180.1.21/identity/v3/users 0.057s
2024-10-12 10:53:30.814 62080 INFO tempest.lib.common.rest_client [req-90c1b46f-5b7a-4c11-9d6d-a4a7f4000177 req-90c1b46f-5b7a-4c11-9d6d-a4a7f4000177 ] Request (TenantUsagesTestJSON:setUpClass): 204 PUT http://10.180.1.21/identity/v3/projects/456349293c6148a4b364b8d9b65ff9dc/users/db9ade9ca87a4e4abc89f84ba8722b15/roles/fe8175c4214c488caff4ab65032d2f8c 0.054s
2024-10-12 10:53:30.817 62090 INFO tempest.lib.common.rest_client [req-3759592a-aef5-4f8b-bff9-36397d118cb2 req-3759592a-aef5-4f8b-bff9-36397d118cb2 ] Request (QuotasAdminNegativeTest:tearDownClass): 204 DELETE http://10.180.1.21:9696/networking/v2.0/security-groups/1b400cfb-3eab-42de-b50f-e0e47f64d1cd 0.286s
2024-10-12 10:53:30.861 62074 INFO tempest.lib.common.rest_client [req-b6f7ebf8-8c8d-4c0f-bc55-752051434f88 req-b6f7ebf8-8c8d-4c0f-bc55-752051434f88 ] Request (ServerDiagnosticsNegativeTest:setUpClass): 200 GET http://10.180.1.21/identity/v3/roles 0.048s
2024-10-12 10:53:30.863 62080 INFO tempest.lib.common.rest_client [req-7dc44b8c-233d-4ec0-9f54-5b3a49f21ea8 req-7dc44b8c-233d-4ec0-9f54-5b3a49f21ea8 ] Request (TenantUsagesTestJSON:setUpClass): 200 GET http://10.180.1.21/identity/v3/roles 0.048s
2024-10-12 10:53:30.892 62074 INFO tempest.lib.common.rest_client [req-2c9162c4-1181-42c9-a041-ad3965eb291e req-2c9162c4-1181-42c9-a041-ad3965eb291e ] Request (ServerDiagnosticsNegativeTest:setUpClass): 204 PUT http://10.180.1.21/identity/v3/projects/ba24a5743f14492ead320979934b2339/users/ca0496a963d04917a64b7a2ba9241a16/roles/fe8175c4214c488caff4ab65032d2f8c 0.030s
2024-10-12 10:53:30.916 62092 INFO tempest.lib.common.rest_client [req-49c215fd-96a1-489d-97e1-54e3c868e133 req-49c215fd-96a1-489d-97e1-54e3c868e133 ] Request (AggregatesAdminNegativeTestJSON:test_aggregate_remove_host_as_user): 200 POST http://10.180.1.21/compute/v2.1/os-aggregates/7/action 0.882s
2024-10-12 10:53:30.934 62090 INFO tempest.lib.common.rest_client [req-e87a2d68-79f0-4b78-8839-b362bb1a3af4 req-e87a2d68-79f0-4b78-8839-b362bb1a3af4 ] Request (QuotasAdminNegativeTest:tearDownClass): 204 DELETE http://10.180.1.21/identity/v3/projects/6b98648a01bf4c4b9dc9f2c6dda1e412 0.116s
2024-10-12 10:53:30.934 62090 INFO tempest.lib.common.dynamic_creds [-] Deleting project and security group for project: c6e44c608104487db76d5d634fc30c65
2024-10-12 10:53:30.974 62080 INFO tempest.lib.common.rest_client [req-9150ed9b-dae7-48c9-aecb-839e9d806e19 req-9150ed9b-dae7-48c9-aecb-839e9d806e19 ] Request (TenantUsagesTestJSON:setUpClass): 204 PUT http://10.180.1.21/identity/v3/projects/456349293c6148a4b364b8d9b65ff9dc/users/db9ade9ca87a4e4abc89f84ba8722b15/roles/fe8175c4214c488caff4ab65032d2f8c 0.110s
2024-10-12 10:53:30.974 62080 INFO tempest.lib.common.dynamic_creds [-] Dynamic test user db9ade9ca87a4e4abc89f84ba8722b15 is created with scope project and roles: ['admin']
2024-10-12 10:53:30.974 62080 INFO tempest.lib.common.dynamic_creds [-] Acquired dynamic creds: credentials: Credentials: {'domain_id': 'default', 'domain_name': 'Default', 'username': 'tempest-TenantUsagesTestJSON-453000729-project-admin', 'project_domain_id': 'default', 'project_domain_name': 'Default', 'project_id': '456349293c6148a4b364b8d9b65ff9dc', 'project_name': 'tempest-TenantUsagesTestJSON-453000729', 'tenant_id': '456349293c6148a4b364b8d9b65ff9dc', 'tenant_name': 'tempest-TenantUsagesTestJSON-453000729', 'user_domain_id': 'default', 'user_domain_name': 'Default', 'user_id': 'db9ade9ca87a4e4abc89f84ba8722b15', 'system': None}, Network: None, Subnet: None, Router: None
2024-10-12 10:53:30.974 62080 INFO tempest.lib.common.dynamic_creds [-] Created isolated network resources for: credentials: Credentials: {'domain_id': 'default', 'domain_name': 'Default', 'username': 'tempest-TenantUsagesTestJSON-453000729-project-admin', 'project_domain_id': 'default', 'project_domain_name': 'Default', 'project_id': '456349293c6148a4b364b8d9b65ff9dc', 'project_name': 'tempest-TenantUsagesTestJSON-453000729', 'tenant_id': '456349293c6148a4b364b8d9b65ff9dc', 'tenant_name': 'tempest-TenantUsagesTestJSON-453000729', 'user_domain_id': 'default', 'user_domain_name': 'Default', 'user_id': 'db9ade9ca87a4e4abc89f84ba8722b15', 'system': None}, Network: None, Subnet: None, Router: None
2024-10-12 10:53:30.988 62118 INFO tempest.lib.common.rest_client [req-20f04fdb-d266-46d0-ad97-1298f39e1099 req-20f04fdb-d266-46d0-ad97-1298f39e1099 ] Request (ServersAaction247Test:test_create_backup): 200 GET http://10.180.1.21/compute/v2.1/servers/de5a46be-193a-40d8-aeba-d5d4de24ef95 0.913s
2024-10-12 10:53:30.996 62094 INFO tempest.lib.common.rest_client [req-0c2de626-9f1d-429c-9e22-e9a8761dcc32 req-0c2de626-9f1d-429c-9e22-e9a8761dcc32 ] Request (ImagesOneServerNegativeTestJSON:setUpClass): 201 POST http://10.180.1.21:9696/networking/v2.0/networks 0.456s
2024-10-12 10:53:31.025 62074 INFO tempest.lib.common.rest_client [req-4ccd7fd7-49c7-4455-9047-41ba8cad36c7 req-4ccd7fd7-49c7-4455-9047-41ba8cad36c7 ] Request (ServerDiagnosticsNegativeTest:setUpClass): 200 GET http://10.180.1.21/identity/v3/roles 0.133s
2024-10-12 10:53:31.044 62074 INFO tempest.lib.common.rest_client [req-6f9c97db-f83e-4f69-9e78-7556fb96c3c1 req-6f9c97db-f83e-4f69-9e78-7556fb96c3c1 ] Request (ServerDiagnosticsNegativeTest:setUpClass): 204 PUT http://10.180.1.21/identity/v3/projects/ba24a5743f14492ead320979934b2339/users/ca0496a963d04917a64b7a2ba9241a16/roles/fe8175c4214c488caff4ab65032d2f8c 0.018s
2024-10-12 10:53:31.044 62074 INFO tempest.lib.common.dynamic_creds [-] Dynamic test user ca0496a963d04917a64b7a2ba9241a16 is created with scope project and roles: ['admin']
2024-10-12 10:53:31.044 62074 INFO tempest.lib.common.dynamic_creds [-] Acquired dynamic creds: credentials: Credentials: {'domain_id': 'default', 'domain_name': 'Default', 'username': 'tempest-ServerDiagnosticsNegativeTest-630186078-project-admin', 'project_domain_id': 'default', 'project_domain_name': 'Default', 'project_id': 'ba24a5743f14492ead320979934b2339', 'project_name': 'tempest-ServerDiagnosticsNegativeTest-630186078', 'tenant_id': 'ba24a5743f14492ead320979934b2339', 'tenant_name': 'tempest-ServerDiagnosticsNegativeTest-630186078', 'user_domain_id': 'default', 'user_domain_name': 'Default', 'user_id': 'ca0496a963d04917a64b7a2ba9241a16', 'system': None}, Network: None, Subnet: None, Router: None
2024-10-12 10:53:31.045 62074 INFO tempest.lib.common.dynamic_creds [-] Created isolated network resources for: credentials: Credentials: {'domain_id': 'default', 'domain_name': 'Default', 'username': 'tempest-ServerDiagnosticsNegativeTest-630186078-project-admin', 'project_domain_id': 'default', 'project_domain_name': 'Default', 'project_id': 'ba24a5743f14492ead320979934b2339', 'project_name': 'tempest-ServerDiagnosticsNegativeTest-630186078', 'tenant_id': 'ba24a5743f14492ead320979934b2339', 'tenant_name': 'tempest-ServerDiagnosticsNegativeTest-630186078', 'user_domain_id': 'default', 'user_domain_name': 'Default', 'user_id': 'ca0496a963d04917a64b7a2ba9241a16', 'system': None}, Network: None, Subnet: None, Router: None
2024-10-12 10:53:31.050 62080 INFO tempest.lib.common.rest_client [req-2baf2dd3-08aa-4698-8986-bab4663e628d req-2baf2dd3-08aa-4698-8986-bab4663e628d ] Request (TenantUsagesTestJSON:setUpClass): 201 POST http://10.180.1.21/identity/v3/auth/tokens 0.073s
2024-10-12 10:53:31.051 62080 WARNING tempest.lib.common.rest_client [-] Deprecated: "tenant_id" property is deprecated for removal, use "project_id" instead
2024-10-12 10:53:31.066 62106 INFO tempest.lib.common.rest_client [req-efe8af77-3727-43be-a8a1-c5454c19284d req-efe8af77-3727-43be-a8a1-c5454c19284d ] Request (ServerActionsV293TestJSON:setUpClass): 202 POST http://10.180.1.21/compute/v2.1/servers 1.543s
2024-10-12 10:53:31.083 62098 INFO tempest.lib.common.rest_client [req-c65b7a14-f089-4f89-b03a-054f2c635c7a req-c65b7a14-f089-4f89-b03a-054f2c635c7a ] Request (KeyPairsV2TestJSON:_run_cleanups): 202 DELETE http://10.180.1.21/compute/v2.1/os-keypairs/tempest-KeyPairsV2TestJSON-keypair-5710174 0.956s
2024-10-12 10:53:31.114 62080 INFO tempest.lib.common.rest_client [req-f3626e79-b1e8-433f-a6d4-367e0beec7b3 req-f3626e79-b1e8-433f-a6d4-367e0beec7b3 ] Request (TenantUsagesTestJSON:setUpClass): 201 POST http://10.180.1.21/identity/v3/auth/tokens 0.059s
2024-10-12 10:53:31.115 62080 INFO tempest.lib.common.fixed_network [-] (TenantUsagesTestJSON:setUpClass) Found network None available for tenant
2024-10-12 10:53:31.128 62074 INFO tempest.lib.common.rest_client [req-8e3776b1-0beb-4964-8a6f-4cbc9d46cd81 req-8e3776b1-0beb-4964-8a6f-4cbc9d46cd81 ] Request (ServerDiagnosticsNegativeTest:setUpClass): 201 POST http://10.180.1.21/identity/v3/auth/tokens 0.080s
2024-10-12 10:53:31.185 62090 INFO tempest.lib.common.rest_client [req-9c338621-904d-4058-9df7-4c973eb06f02 req-9c338621-904d-4058-9df7-4c973eb06f02 ] Request (QuotasAdminNegativeTest:tearDownClass): 200 GET http://10.180.1.21:9696/networking/v2.0/security-groups?tenant_id=c6e44c608104487db76d5d634fc30c65&name=default 0.250s
2024-10-12 10:53:31.190 62074 INFO tempest.lib.common.rest_client [req-71cfc463-c4ef-4e35-bc9a-28ad21a8db2a req-71cfc463-c4ef-4e35-bc9a-28ad21a8db2a ] Request (ServerDiagnosticsNegativeTest:test_get_server_diagnostics_by_non_admin): 201 POST http://10.180.1.21/identity/v3/auth/tokens 0.058s
2024-10-12 10:53:31.191 62074 INFO tempest.lib.common.fixed_network [-] (ServerDiagnosticsNegativeTest:test_get_server_diagnostics_by_non_admin) Found network None available for tenant
2024-10-12 10:53:31.191 62096 INFO tempest.lib.common.rest_client [req-660c556b-a389-47e3-8d4d-0f945a057656 req-660c556b-a389-47e3-8d4d-0f945a057656 ] Request (ServersAdmin275Test:_run_cleanups): 200 GET http://10.180.1.21/compute/v2.1/servers/ff1dac51-f008-4218-bd4c-f0104657a2ee 1.023s
2024-10-12 10:53:31.211 62120 INFO tempest.lib.common.rest_client [req-25eb0034-5491-4749-8767-d44791f5e9b4 req-25eb0034-5491-4749-8767-d44791f5e9b4 ] Request (SecurityGroupRulesTestJSON:test_security_group_rules_list): 200 POST http://10.180.1.21/compute/v2.1/os-security-groups 1.097s
2024-10-12 10:53:31.262 62072 INFO tempest.lib.common.rest_client [req-72a6ad01-8968-4b73-92e4-0bdbfa7a89c7 req-72a6ad01-8968-4b73-92e4-0bdbfa7a89c7 ] Request (ServerActionsTestOtherB:setUpClass): 200 GET http://10.180.1.21/compute/v2.1/servers/507a2e12-55a1-4d2c-b3d2-577914cc245e 1.088s
2024-10-12 10:53:31.313 62084 INFO tempest.lib.common.rest_client [req-450ffdc4-286c-4f9b-aa03-48fa80275b96 req-450ffdc4-286c-4f9b-aa03-48fa80275b96 ] Request (ServerRescueTestJSON:setUpClass): 200 GET http://10.180.1.21/compute/v2.1/servers/21ad1f7b-cc59-4ad4-a0c0-9e867b20e9f0 1.090s
2024-10-12 10:53:31.350 62086 INFO tempest.lib.common.rest_client [req-0b475fc5-7692-4691-bb65-4c07fdc0263e req-0b475fc5-7692-4691-bb65-4c07fdc0263e ] Request (ValidationResourcesFixture:setUp): 200 POST http://10.180.1.21/compute/v2.1/os-keypairs 1.153s
2024-10-12 10:53:31.429 62090 INFO tempest.lib.common.rest_client [req-8739a170-fb44-4f4e-879b-fb445d5064e6 req-8739a170-fb44-4f4e-879b-fb445d5064e6 ] Request (QuotasAdminNegativeTest:tearDownClass): 204 DELETE http://10.180.1.21:9696/networking/v2.0/security-groups/6987f493-bfc4-4b9e-8f6e-18d740479b40 0.244s
2024-10-12 10:53:31.456 62094 INFO tempest.lib.common.rest_client [req-42f89bf6-7bf1-47b6-a35f-46b4c5dcc3c4 req-42f89bf6-7bf1-47b6-a35f-46b4c5dcc3c4 ] Request (ImagesOneServerNegativeTestJSON:setUpClass): 201 POST http://10.180.1.21:9696/networking/v2.0/subnets 0.459s
2024-10-12 10:53:31.548 62064 INFO tempest.lib.common.rest_client [req-77918b41-db10-4d36-bc4e-37696d16fbf1 req-77918b41-db10-4d36-bc4e-37696d16fbf1 ] Request (VolumesAssistedSnapshotsTest:test_volume_assisted_snapshot_create_delete): 200 GET http://10.180.1.21/compute/v2.1/servers/2fb76ee4-a42b-4de6-9889-b9a89cf16533 1.274s
2024-10-12 10:53:31.552 62090 INFO tempest.lib.common.rest_client [req-a03cf849-a908-4811-acc0-7e338a3750df req-a03cf849-a908-4811-acc0-7e338a3750df ] Request (QuotasAdminNegativeTest:tearDownClass): 204 DELETE http://10.180.1.21/identity/v3/projects/c6e44c608104487db76d5d634fc30c65 0.122s
2024-10-12 10:53:31.559 62110 INFO tempest.lib.common.rest_client [req-448bdca9-9acb-4f6a-b815-05f64312ad5a req-448bdca9-9acb-4f6a-b815-05f64312ad5a ] Request (ServersWithSpecificFlavorTestJSON:test_verify_created_server_ephemeral_disk): 200 GET http://10.180.1.21/compute/v2.1/servers/abc541cd-4dfc-4071-9b3d-2ec220f225ab 1.270s
2024-10-12 10:53:31.576 62078 INFO tempest.lib.common.rest_client [req-7c7ad752-3f70-450f-ab8a-5cad4346e07d req-7c7ad752-3f70-450f-ab8a-5cad4346e07d ] Request (MultipleCreateTestJSON:setUpClass): 201 POST http://10.180.1.21:9696/networking/v2.0/routers 1.326s
2024-10-12 10:53:31.590 62068 INFO tempest.lib.common.rest_client [req-d6976791-7358-4c32-8f9f-599fed64ae0c req-d6976791-7358-4c32-8f9f-599fed64ae0c ] Request (FlavorsAdminTestJSON:test_is_public_string_variations): 200 GET http://10.180.1.21/compute/v2.1/flavors/detail?is_public=yes 1.193s
2024-10-12 10:53:31.629 62086 INFO tempest.lib.common.rest_client [req-523d4485-cfed-4f87-8317-cbb84110d506 req-523d4485-cfed-4f87-8317-cbb84110d506 ] Request (ValidationResourcesFixture:setUp): 201 POST http://10.180.1.21:9696/networking/v2.0/security-groups 0.277s
2024-10-12 10:53:31.638 62090 INFO tempest.lib.common.rest_client [req-b5ad20f3-3a5b-449f-95a1-9a8a388636d4 req-b5ad20f3-3a5b-449f-95a1-9a8a388636d4 ] Request (ServersV294TestFqdnHostnames:setUpClass): 201 POST http://10.180.1.21/identity/v3/auth/tokens 0.084s
2024-10-12 10:53:31.650 62082 INFO tempest.lib.common.rest_client [req-6c9b0e41-63a9-4f50-bd88-989b0de0ac83 req-6c9b0e41-63a9-4f50-bd88-989b0de0ac83 ] Request (ServerDiagnosticsV248Test:tearDownClass): 200 GET http://10.180.1.21/compute/v2.1/servers/90a21ec5-7ccf-4d37-9ec9-19ba2bfff468 1.296s
2024-10-12 10:53:31.658 62082 INFO tempest.common.waiters [-] State transition "ACTIVE/deleting" ==> "DELETED/None" after 4 second wait
2024-10-12 10:53:31.686 62090 INFO tempest.lib.common.rest_client [req-a6603543-d574-4b88-866c-170fe203e0d7 req-a6603543-d574-4b88-866c-170fe203e0d7 ] Request (ServersV294TestFqdnHostnames:setUpClass): 201 POST http://10.180.1.21/identity/v3/auth/tokens 0.043s
2024-10-12 10:53:31.716 62090 INFO tempest.lib.common.rest_client [req-c6fc00ad-fe18-4459-92d8-7f54f26120d2 req-c6fc00ad-fe18-4459-92d8-7f54f26120d2 ] Request (ServersV294TestFqdnHostnames:setUpClass): 200 GET http://10.180.1.21/identity/v3/domains?name=Default 0.030s
2024-10-12 10:53:31.760 62090 INFO tempest.lib.common.rest_client [req-ce3a97a9-a61f-4ffd-a876-0538c3c39ce6 req-ce3a97a9-a61f-4ffd-a876-0538c3c39ce6 ] Request (ServersV294TestFqdnHostnames:setUpClass): 201 POST http://10.180.1.21/identity/v3/projects 0.041s
2024-10-12 10:53:31.836 62090 INFO tempest.lib.common.rest_client [req-07410db8-2aac-4099-baeb-5f12cad53229 req-07410db8-2aac-4099-baeb-5f12cad53229 ] Request (ServersV294TestFqdnHostnames:setUpClass): 201 POST http://10.180.1.21/identity/v3/users 0.075s
2024-10-12 10:53:31.857 62114 INFO tempest.lib.common.rest_client [req-6ee90a45-8c73-45ca-aea9-dd8af87f5860 req-6ee90a45-8c73-45ca-aea9-dd8af87f5860 ] Request (DeleteServersAdminTestJSON:test_delete_server_while_in_error_state): 202 POST http://10.180.1.21/compute/v2.1/servers 1.439s
2024-10-12 10:53:31.861 62090 INFO tempest.lib.common.rest_client [req-70c2e26e-23e9-4633-a07a-c21ea17690a1 req-70c2e26e-23e9-4633-a07a-c21ea17690a1 ] Request (ServersV294TestFqdnHostnames:setUpClass): 200 GET http://10.180.1.21/identity/v3/roles 0.025s
2024-10-12 10:53:31.875 62092 INFO tempest.lib.common.rest_client [req-98dd8a49-a8d7-44af-92db-8c5ff54229ff req-98dd8a49-a8d7-44af-92db-8c5ff54229ff ] Request (AggregatesAdminNegativeTestJSON:test_aggregate_remove_host_as_user): 403 POST http://10.180.1.21/compute/v2.1/os-aggregates/7/action 0.957s
2024-10-12 10:53:31.876 62108 INFO tempest.lib.common.rest_client [req-c5976b49-a0a6-4983-bd1d-53e9dcc059b7 req-c5976b49-a0a6-4983-bd1d-53e9dcc059b7 ] Request (ImagesOneServerTestJSON:tearDownClass): 200 PUT http://10.180.1.21:9696/networking/v2.0/routers/e856dc3b-e5fd-4fed-92db-4136a347138f/remove_router_interface 1.499s
2024-10-12 10:53:31.911 62076 INFO tempest.lib.common.rest_client [req-b1e17d17-12ae-48dc-8ed3-6fde8080da78 req-b1e17d17-12ae-48dc-8ed3-6fde8080da78 ] Request (QuotasAdminTestV257:test_get_updated_quotas): 200 PUT http://10.180.1.21/compute/v2.1/os-quota-sets/554be2b304354431a2ead08b84e2feb3?user_id=e5bdc8f4e50340009fd1fc0d97764152 1.442s
2024-10-12 10:53:31.912 62090 INFO tempest.lib.common.rest_client [req-2e68e463-86e5-4485-a447-762f4e823493 req-2e68e463-86e5-4485-a447-762f4e823493 ] Request (ServersV294TestFqdnHostnames:setUpClass): 204 PUT http://10.180.1.21/identity/v3/projects/cf6af3ecef57440dbf33ebddd3ea25de/users/161a76e53a1045d3a14b7b9dac2f1c2c/roles/ce12846925a449cc89ab4ef1e8e22a12 0.051s
2024-10-12 10:53:31.913 62090 INFO tempest.lib.common.dynamic_creds [-] Dynamic test user 161a76e53a1045d3a14b7b9dac2f1c2c is created with scope project and roles: ['member']
2024-10-12 10:53:31.913 62090 INFO tempest.lib.common.dynamic_creds [-] Acquired dynamic creds: credentials: Credentials: {'domain_id': 'default', 'domain_name': 'Default', 'username': 'tempest-ServersV294TestFqdnHostnames-599466120-project-member', 'project_domain_id': 'default', 'project_domain_name': 'Default', 'project_id': 'cf6af3ecef57440dbf33ebddd3ea25de', 'project_name': 'tempest-ServersV294TestFqdnHostnames-599466120', 'tenant_id': 'cf6af3ecef57440dbf33ebddd3ea25de', 'tenant_name': 'tempest-ServersV294TestFqdnHostnames-599466120', 'user_domain_id': 'default', 'user_domain_name': 'Default', 'user_id': '161a76e53a1045d3a14b7b9dac2f1c2c', 'system': None}, Network: None, Subnet: None, Router: None
2024-10-12 10:53:31.928 62098 INFO tempest.lib.common.rest_client [req-9952b339-f24c-449d-bf1e-8a88e5db2323 req-9952b339-f24c-449d-bf1e-8a88e5db2323 ] Request (KeyPairsV2TestJSON:_run_cleanups): 202 DELETE http://10.180.1.21/compute/v2.1/os-keypairs/tempest-KeyPairsV2TestJSON-keypair-1271269246 0.844s
2024-10-12 10:53:31.931 62086 INFO tempest.lib.common.rest_client [req-9aa4fd4e-9a48-4d72-95ef-aa769642b656 req-9aa4fd4e-9a48-4d72-95ef-aa769642b656 ] Request (ValidationResourcesFixture:setUp): 201 POST http://10.180.1.21:9696/networking/v2.0/security-group-rules 0.300s
2024-10-12 10:53:31.969 62106 INFO tempest.lib.common.rest_client [req-0f4782dc-5a91-442c-9f2d-86b17a03df57 req-0f4782dc-5a91-442c-9f2d-86b17a03df57 ] Request (ServerActionsV293TestJSON:setUpClass): 200 GET http://10.180.1.21/compute/v2.1/servers/002a7370-024d-4959-a56d-1a13c260f60e 0.901s
2024-10-12 10:53:32.008 62090 INFO tempest.lib.common.rest_client [req-e770ae18-e695-44c4-a006-ea76efe10379 req-e770ae18-e695-44c4-a006-ea76efe10379 ] Request (ServersV294TestFqdnHostnames:setUpClass): 201 POST http://10.180.1.21/identity/v3/auth/tokens 0.095s
2024-10-12 10:53:32.060 62116 INFO tempest.lib.common.rest_client [req-acb2868c-be2e-4269-a561-57443b3b30c0 req-acb2868c-be2e-4269-a561-57443b3b30c0 ] Request (FloatingIPsAssociationTestJSON:setUpClass): 200 GET http://10.180.1.21/compute/v2.1/servers/e615e1ff-7914-4dc8-b8df-1a3a2f64c3f4 0.936s
2024-10-12 10:53:32.119 62086 INFO tempest.lib.common.rest_client [req-10b56325-41ab-4779-aacf-b4d7c8a1ea63 req-10b56325-41ab-4779-aacf-b4d7c8a1ea63 ] Request (ValidationResourcesFixture:setUp): 201 POST http://10.180.1.21:9696/networking/v2.0/security-group-rules 0.188s
2024-10-12 10:53:32.143 62104 INFO tempest.lib.common.rest_client [req-ba50fdcb-c2f6-4c84-a722-9dca8684955f req-ba50fdcb-c2f6-4c84-a722-9dca8684955f ] Request (ServersAdminNegativeTestJSON:setUpClass): 200 GET http://10.180.1.21/compute/v2.1/servers/a062288b-e785-4dec-98f2-358b54f3d327 0.965s
2024-10-12 10:53:32.442 62080 INFO tempest.lib.common.rest_client [req-5b941055-1716-4835-a37d-3c72852930b4 req-5b941055-1716-4835-a37d-3c72852930b4 ] Request (TenantUsagesTestJSON:setUpClass): 202 POST http://10.180.1.21/compute/v2.1/servers 1.326s
2024-10-12 10:53:32.526 62102 INFO tempest.lib.common.rest_client [req-7b5e8f93-2256-4f9f-9a04-767f4601aba9 req-7b5e8f93-2256-4f9f-9a04-767f4601aba9 ] Request (ServerExternalEventsTest:test_create_server_external_events): 200 GET http://10.180.1.21/compute/v2.1/servers/ed4352e2-3321-4a05-8a3f-a02e375ecbfb 1.325s
2024-10-12 10:53:32.557 62074 INFO tempest.lib.common.rest_client [req-8235310e-fd4a-4cca-8e13-0721d5d5800d req-8235310e-fd4a-4cca-8e13-0721d5d5800d ] Request (ServerDiagnosticsNegativeTest:test_get_server_diagnostics_by_non_admin): 202 POST http://10.180.1.21/compute/v2.1/servers 1.366s
2024-10-12 10:53:32.692 62112 INFO tempest.lib.common.rest_client [req-8cf4b13b-c1c6-49a0-87ac-8d06f634185a req-8cf4b13b-c1c6-49a0-87ac-8d06f634185a ] Request (ServerDiskConfigTestJSON:test_rebuild_server_with_auto_disk_config): 200 GET http://10.180.1.21/compute/v2.1/servers/8a78dbd9-6ac2-4652-85e7-7ee59be346f4 1.438s
2024-10-12 10:53:32.695 62090 INFO tempest.lib.common.rest_client [req-15744918-2f95-4aee-b572-9f6defc8c260 req-15744918-2f95-4aee-b572-9f6defc8c260 ] Request (ServersV294TestFqdnHostnames:setUpClass): 201 POST http://10.180.1.21:9696/networking/v2.0/networks 0.687s
2024-10-12 10:53:32.811 62062 INFO tempest.lib.common.rest_client [req-ce0ed83c-f496-49b4-8c53-44db12d06e51 req-ce0ed83c-f496-49b4-8c53-44db12d06e51 ] Request (ServersTestJSON:setUpClass): 200 GET http://10.180.1.21/compute/v2.1/servers/e7ba3a8d-4bd0-4d78-861f-866ce2ade0cb 1.540s
2024-10-12 10:53:32.865 62108 INFO tempest.lib.common.rest_client [req-77e13be6-e4d7-4593-9cdf-5fdb51e2828b req-77e13be6-e4d7-4593-9cdf-5fdb51e2828b ] Request (ImagesOneServerTestJSON:tearDownClass): 204 DELETE http://10.180.1.21:9696/networking/v2.0/routers/e856dc3b-e5fd-4fed-92db-4136a347138f 0.988s
2024-10-12 10:53:32.895 62088 INFO tempest.lib.common.rest_client [req-df9980d1-a22e-440c-9109-14ff8a6ab67d req-df9980d1-a22e-440c-9109-14ff8a6ab67d ] Request (ServerTagsTestJSON:setUpClass): 200 GET http://10.180.1.21/compute/v2.1/servers/9b87db2b-e7b0-4677-b70f-f2fb1d6d3c4e 1.523s
2024-10-12 10:53:32.953 62094 INFO tempest.lib.common.rest_client [req-6ce5cb2f-c8fa-4e4d-9a99-96176982872b req-6ce5cb2f-c8fa-4e4d-9a99-96176982872b ] Request (ImagesOneServerNegativeTestJSON:setUpClass): 201 POST http://10.180.1.21:9696/networking/v2.0/routers 1.496s
2024-10-12 10:53:32.981 62100 INFO tempest.lib.common.rest_client [req-4d441c46-ed5d-4058-a748-082293301d29 req-4d441c46-ed5d-4058-a748-082293301d29 ] Request (MigrationsAdminTest:test_list_migrations_in_flavor_resize_situation): 200 GET http://10.180.1.21/compute/v2.1/servers/4d9f7360-f6f1-4f3a-8c47-27b6ba26950e 1.511s
2024-10-12 10:53:33.065 62060 INFO tempest.lib.common.rest_client [req-635be281-389a-48ba-a7f2-c4b60cb4cdc5 req-635be281-389a-48ba-a7f2-c4b60cb4cdc5 ] Request (SecurityGroupsTestJSON:test_list_security_groups_by_server): 200 GET http://10.180.1.21/compute/v2.1/servers/ab91f88f-6e87-405f-81ab-bf00be2003a8 1.524s
2024-10-12 10:53:33.083 62068 INFO tempest.lib.common.rest_client [req-a2345cf5-42bb-4932-a55b-1082a9d1d7de req-a2345cf5-42bb-4932-a55b-1082a9d1d7de ] Request (FlavorsAdminTestJSON:test_is_public_string_variations): 200 GET http://10.180.1.21/compute/v2.1/flavors/detail?is_public=1 1.485s
2024-10-12 10:53:33.108 62086 INFO tempest.lib.common.rest_client [req-be82cbb9-3571-46e4-8450-c0cc071193d9 req-be82cbb9-3571-46e4-8450-c0cc071193d9 ] Request (ValidationResourcesFixture:setUp): 201 POST http://10.180.1.21:9696/networking/v2.0/floatingips 0.988s
2024-10-12 10:53:33.120 62120 INFO tempest.lib.common.rest_client [req-9dc3edb9-3bdf-4de6-b127-3ba88784bc29 req-9dc3edb9-3bdf-4de6-b127-3ba88784bc29 ] Request (SecurityGroupRulesTestJSON:test_security_group_rules_list): 200 POST http://10.180.1.21/compute/v2.1/os-security-group-rules 1.905s
2024-10-12 10:53:33.157 62058 INFO tempest.lib.common.rest_client [req-7aabe906-fc01-42f8-92d7-641288616a8e req-7aabe906-fc01-42f8-92d7-641288616a8e ] Request (ImagesTestJSON:test_create_image_from_stopped_server): 200 GET http://10.180.1.21/compute/v2.1/servers/5c80ad4d-0fa1-4003-a6a1-2c9039ad679c 1.519s
2024-10-12 10:53:33.184 62066 INFO tempest.lib.common.rest_client [req-01624e23-a606-4423-b986-6181ca0c9ea1 req-01624e23-a606-4423-b986-6181ca0c9ea1 ] Request (ServersTestManualDisk:setUpClass): 200 GET http://10.180.1.21/compute/v2.1/servers/51d54995-0d13-4560-bdd6-7d9f9f5210dd 1.462s
2024-10-12 10:53:33.198 62086 INFO tempest.lib.common.rest_client [req-58e03d62-b68e-4424-9194-6cb208fa55b2 req-58e03d62-b68e-4424-9194-6cb208fa55b2 ] Request (AttachInterfacesUnderV243Test:test_add_remove_fixed_ip): 201 POST http://10.180.1.21/identity/v3/auth/tokens 0.085s
2024-10-12 10:53:33.198 62086 INFO tempest.lib.common.fixed_network [-] (AttachInterfacesUnderV243Test:test_add_remove_fixed_ip) Found network {'id': '36c9831b-5c77-49ab-8e3f-e33b408b7b9c', 'name': 'tempest-AttachInterfacesUnderV243Test-193766038-network', 'tenant_id': 'a9be0d9c3b42498485929655a2ea1d04', 'admin_state_up': True, 'mtu': 8950, 'status': 'ACTIVE', 'subnets': [], 'shared': False, 'project_id': 'a9be0d9c3b42498485929655a2ea1d04', 'port_security_enabled': True, 'router:external': False, 'provider:network_type': 'vlan', 'provider:physical_network': 'default', 'provider:segmentation_id': 248, 'is_default': False, 'availability_zone_hints': [], 'availability_zones': [], 'ipv4_address_scope': None, 'ipv6_address_scope': None, 'description': '', 'tags': [], 'created_at': '2024-10-12T10:53:26Z', 'updated_at': '2024-10-12T10:53:26Z', 'revision_number': 1} available for tenant
2024-10-12 10:53:33.227 62070 INFO tempest.lib.common.rest_client [req-0feedc1b-0b38-4fc7-8e23-4656c42e9535 req-0feedc1b-0b38-4fc7-8e23-4656c42e9535 ] Request (AttachInterfacesTestJSON:test_create_list_show_delete_interfaces_by_fixed_ip): 200 GET http://10.180.1.21/compute/v2.1/servers/35c3e1eb-6b98-42f7-8f92-420560feba92 1.431s
2024-10-12 10:53:33.258 62114 INFO tempest.lib.common.rest_client [req-2f97d0ff-6b62-4fc0-9269-6e4b51c56c71 req-2f97d0ff-6b62-4fc0-9269-6e4b51c56c71 ] Request (DeleteServersAdminTestJSON:test_delete_server_while_in_error_state): 200 GET http://10.180.1.21/compute/v2.1/servers/46b484d0-1e87-4438-9791-e8199c76d21f 1.398s
2024-10-12 10:53:33.284 62108 INFO tempest.lib.common.rest_client [req-5f30c35a-de35-4deb-b1cd-28441268f631 req-5f30c35a-de35-4deb-b1cd-28441268f631 ] Request (ImagesOneServerTestJSON:tearDownClass): 204 DELETE http://10.180.1.21:9696/networking/v2.0/subnets/96854734-5171-47db-a6d0-71632152d480 0.419s
2024-10-12 10:53:33.328 62090 INFO tempest.lib.common.rest_client [req-7a789fba-f8be-444c-ba9f-b10456564da8 req-7a789fba-f8be-444c-ba9f-b10456564da8 ] Request (ServersV294TestFqdnHostnames:setUpClass): 201 POST http://10.180.1.21:9696/networking/v2.0/subnets 0.632s
2024-10-12 10:53:33.332 62092 INFO tempest.lib.common.rest_client [req-28403103-d518-4df1-8eb5-47fcbc90303c req-28403103-d518-4df1-8eb5-47fcbc90303c ] Request (AggregatesAdminNegativeTestJSON:_run_cleanups): 200 POST http://10.180.1.21/compute/v2.1/os-aggregates/7/action 1.457s
2024-10-12 10:53:33.343 62076 INFO tempest.lib.common.rest_client [req-4255c8e5-ef06-4d1a-accb-c413877a1bd6 req-4255c8e5-ef06-4d1a-accb-c413877a1bd6 ] Request (QuotasAdminTestV257:test_get_updated_quotas): 200 GET http://10.180.1.21/compute/v2.1/os-quota-sets/554be2b304354431a2ead08b84e2feb3?user_id=e5bdc8f4e50340009fd1fc0d97764152 1.430s
2024-10-12 10:53:33.351 62098 INFO tempest.lib.common.rest_client [req-67bba8c3-db9b-4290-93cd-2feb89f0029a req-67bba8c3-db9b-4290-93cd-2feb89f0029a ] Request (KeyPairsV2TestJSON:_run_cleanups): 202 DELETE http://10.180.1.21/compute/v2.1/os-keypairs/tempest-KeyPairsV2TestJSON-keypair-1327301221 1.422s
2024-10-12 10:53:33.438 62096 INFO tempest.lib.common.rest_client [req-6cb4b2f8-c110-4e3a-99d4-92ec7804e84b req-6cb4b2f8-c110-4e3a-99d4-92ec7804e84b ] Request (ServersAdmin275Test:_run_cleanups): 200 GET http://10.180.1.21/compute/v2.1/servers/ff1dac51-f008-4218-bd4c-f0104657a2ee 1.233s
2024-10-12 10:53:33.439 62118 INFO tempest.lib.common.rest_client [req-4beaa554-8053-4fe4-a174-f4f98a94b358 req-4beaa554-8053-4fe4-a174-f4f98a94b358 ] Request (ServersAaction247Test:test_create_backup): 200 GET http://10.180.1.21/compute/v2.1/servers/de5a46be-193a-40d8-aeba-d5d4de24ef95 1.440s
2024-10-12 10:53:33.448 62076 INFO tempest.lib.common.rest_client [req-d6db00f7-92f1-45c8-aa9a-cfb8755695fd req-d6db00f7-92f1-45c8-aa9a-cfb8755695fd ] Request (QuotasAdminTestV257:_run_cleanups): 204 DELETE http://10.180.1.21/identity/v3/users/e5bdc8f4e50340009fd1fc0d97764152 0.103s
2024-10-12 10:53:33.455 62096 INFO tempest.common.waiters [-] State transition "REBUILD/rebuild_spawning" ==> "ACTIVE/None" after 12 second wait
2024-10-12 10:53:33.458 62098 INFO tempest.lib.common.rest_client [req-1fed31e9-1a66-40aa-b858-81cca1893c5c req-1fed31e9-1a66-40aa-b858-81cca1893c5c ] Request (KeyPairsV2TestJSON:tearDownClass): 204 DELETE http://10.180.1.21/identity/v3/users/114d63331b374bb7a4cea3a44f21aa86 0.105s
2024-10-12 10:53:33.459 62098 INFO tempest.lib.common.dynamic_creds [-] Deleting project and security group for project: 2e478e1b93f54905917d4ea49eed449c
2024-10-12 10:53:33.526 62072 INFO tempest.lib.common.rest_client [req-d095080e-46f6-4cdb-8e47-ea7386a939a4 req-d095080e-46f6-4cdb-8e47-ea7386a939a4 ] Request (ServerActionsTestOtherB:setUpClass): 200 GET http://10.180.1.21/compute/v2.1/servers/507a2e12-55a1-4d2c-b3d2-577914cc245e 1.253s
2024-10-12 10:53:33.530 62084 INFO tempest.lib.common.rest_client [req-54a603d2-856b-45d3-9f09-86594fd1a01c req-54a603d2-856b-45d3-9f09-86594fd1a01c ] Request (ServerRescueTestJSON:setUpClass): 200 GET http://10.180.1.21/compute/v2.1/servers/21ad1f7b-cc59-4ad4-a0c0-9e867b20e9f0 1.206s
2024-10-12 10:53:33.543 62098 INFO tempest.lib.common.rest_client [req-46b0c5f7-91b3-4fe1-8964-6afc39b46146 req-46b0c5f7-91b3-4fe1-8964-6afc39b46146 ] Request (KeyPairsV2TestJSON:tearDownClass): 201 POST http://10.180.1.21/identity/v3/auth/tokens 0.083s
2024-10-12 10:53:33.619 62076 INFO tempest.lib.common.rest_client [req-2f1eb31e-fdfe-4bc6-a341-c7d2361962d9 req-2f1eb31e-fdfe-4bc6-a341-c7d2361962d9 ] Request (QuotasAdminTestV257:_run_cleanups): 204 DELETE http://10.180.1.21/identity/v3/projects/554be2b304354431a2ead08b84e2feb3 0.171s
2024-10-12 10:53:33.692 62108 INFO tempest.lib.common.rest_client [req-5846d378-f962-4867-8505-b7cd0e3bc96a req-5846d378-f962-4867-8505-b7cd0e3bc96a ] Request (ImagesOneServerTestJSON:tearDownClass): 204 DELETE http://10.180.1.21:9696/networking/v2.0/networks/1a3e4121-038a-426f-8d1c-5c8ab118044c 0.407s
2024-10-12 10:53:33.744 62076 INFO tempest.lib.common.rest_client [req-61037424-b658-4b53-9369-b5488d3c66cb req-61037424-b658-4b53-9369-b5488d3c66cb ] Request (QuotasAdminTestV257:tearDownClass): 204 DELETE http://10.180.1.21/identity/v3/users/4cf728b0ca9344dfa7b3e27ecd0d7b82 0.122s
2024-10-12 10:53:33.756 62108 INFO tempest.lib.common.rest_client [req-51fb1dd1-d8e9-4157-89b2-3d65915e4d0c req-51fb1dd1-d8e9-4157-89b2-3d65915e4d0c ] Request (ImagesOneServerTestJSON:tearDownClass): 204 DELETE http://10.180.1.21/identity/v3/users/41c38d18848d4b7fa66a77cee0fe8ef9 0.063s
2024-10-12 10:53:33.756 62108 INFO tempest.lib.common.dynamic_creds [-] Deleting project and security group for project: e17ae96cb12f416ba89f0a635550751b
2024-10-12 10:53:33.797 62074 INFO tempest.lib.common.rest_client [req-c975d0bb-7865-4aec-916b-b8b3e5f87ba9 req-c975d0bb-7865-4aec-916b-b8b3e5f87ba9 ] Request (ServerDiagnosticsNegativeTest:test_get_server_diagnostics_by_non_admin): 200 GET http://10.180.1.21/compute/v2.1/servers/496f00ef-7487-45d9-9356-529f9390544f 1.238s
2024-10-12 10:53:33.805 62080 INFO tempest.lib.common.rest_client [req-03e643a0-3389-4fd3-ae05-382d2cea3d0a req-03e643a0-3389-4fd3-ae05-382d2cea3d0a ] Request (TenantUsagesTestJSON:setUpClass): 200 GET http://10.180.1.21/compute/v2.1/servers/95635ec3-cbfd-4dc0-a595-02062a0bda6e 1.359s
2024-10-12 10:53:33.844 62108 INFO tempest.lib.common.rest_client [req-ffad4b0a-4842-47a1-b1f2-84a6ed759202 req-ffad4b0a-4842-47a1-b1f2-84a6ed759202 ] Request (ImagesOneServerTestJSON:tearDownClass): 200 GET http://10.180.1.21:9696/networking/v2.0/security-groups?tenant_id=e17ae96cb12f416ba89f0a635550751b&name=default 0.088s
2024-10-12 10:53:33.874 62076 INFO tempest.lib.common.rest_client [req-283fe2e2-24eb-45cb-9cad-03e340044418 req-283fe2e2-24eb-45cb-9cad-03e340044418 ] Request (QuotasAdminTestV257:tearDownClass): 204 DELETE http://10.180.1.21/identity/v3/users/fbc6f2ddff6247098534e550713a049a 0.130s
2024-10-12 10:53:33.874 62076 INFO tempest.lib.common.dynamic_creds [-] Deleting project and security group for project: 8ce5ccb3bb9944dda55a5f2c7748aab1
2024-10-12 10:53:33.900 62110 INFO tempest.lib.common.rest_client [req-2ffebd11-478a-47fd-8305-105ca6678ecd req-2ffebd11-478a-47fd-8305-105ca6678ecd ] Request (ServersWithSpecificFlavorTestJSON:test_verify_created_server_ephemeral_disk): 200 GET http://10.180.1.21/compute/v2.1/servers/abc541cd-4dfc-4071-9b3d-2ec220f225ab 1.328s
2024-10-12 10:53:33.909 62064 INFO tempest.lib.common.rest_client [req-b7928b5c-cacc-45cb-a869-66e091d54397 req-b7928b5c-cacc-45cb-a869-66e091d54397 ] Request (VolumesAssistedSnapshotsTest:test_volume_assisted_snapshot_create_delete): 200 GET http://10.180.1.21/compute/v2.1/servers/2fb76ee4-a42b-4de6-9889-b9a89cf16533 1.348s
2024-10-12 10:53:33.936 62098 INFO tempest.lib.common.rest_client [req-2b1a51b5-2752-4021-83b8-e1370d9feed2 req-2b1a51b5-2752-4021-83b8-e1370d9feed2 ] Request (KeyPairsV2TestJSON:tearDownClass): 200 GET http://10.180.1.21:9696/networking/v2.0/security-groups?tenant_id=2e478e1b93f54905917d4ea49eed449c&name=default 0.393s
2024-10-12 10:53:33.941 62076 INFO tempest.lib.common.rest_client [req-278d7e0c-b100-4cfe-b367-a2f966d08978 req-278d7e0c-b100-4cfe-b367-a2f966d08978 ] Request (QuotasAdminTestV257:tearDownClass): 201 POST http://10.180.1.21/identity/v3/auth/tokens 0.067s
2024-10-12 10:53:33.984 62082 INFO tempest.lib.common.rest_client [req-f62e099d-4d88-419e-b9f4-e73d6b5b0bd5 req-f62e099d-4d88-419e-b9f4-e73d6b5b0bd5 ] Request (ServerDiagnosticsV248Test:tearDownClass): 200 GET http://10.180.1.21/compute/v2.1/servers/90a21ec5-7ccf-4d37-9ec9-19ba2bfff468 1.325s
2024-10-12 10:53:33.996 62106 INFO tempest.lib.common.rest_client [req-45400028-647e-40be-8e06-83a21fd8f667 req-45400028-647e-40be-8e06-83a21fd8f667 ] Request (ServerActionsV293TestJSON:setUpClass): 200 GET http://10.180.1.21/compute/v2.1/servers/002a7370-024d-4959-a56d-1a13c260f60e 1.010s
2024-10-12 10:53:34.019 62068 INFO tempest.lib.common.rest_client [req-50719175-94e7-4c2d-a194-12ba797cf043 req-50719175-94e7-4c2d-a194-12ba797cf043 ] Request (FlavorsAdminTestJSON:_run_cleanups): 202 DELETE http://10.180.1.21/compute/v2.1/flavors/1074799839 0.932s
2024-10-12 10:53:34.091 62116 INFO tempest.lib.common.rest_client [req-058c0717-8911-4feb-8956-260e321b175b req-058c0717-8911-4feb-8956-260e321b175b ] Request (FloatingIPsAssociationTestJSON:setUpClass): 200 GET http://10.180.1.21/compute/v2.1/servers/e615e1ff-7914-4dc8-b8df-1a3a2f64c3f4 1.023s
2024-10-12 10:53:34.117 62108 INFO tempest.lib.common.rest_client [req-c5b76b7c-e4c9-4181-9558-2eee7c88685d req-c5b76b7c-e4c9-4181-9558-2eee7c88685d ] Request (ImagesOneServerTestJSON:tearDownClass): 204 DELETE http://10.180.1.21:9696/networking/v2.0/security-groups/c088a1bd-246f-4d3b-ae12-b94573e4fbdc 0.272s
2024-10-12 10:53:34.158 62104 INFO tempest.lib.common.rest_client [req-0afbf1ef-14f9-4c2d-8856-080305dc21ba req-0afbf1ef-14f9-4c2d-8856-080305dc21ba ] Request (ServersAdminNegativeTestJSON:setUpClass): 200 GET http://10.180.1.21/compute/v2.1/servers/a062288b-e785-4dec-98f2-358b54f3d327 1.006s
2024-10-12 10:53:34.174 62078 INFO tempest.lib.common.rest_client [req-dfaf7e25-6f5e-4fdc-b145-01d4d564091d req-dfaf7e25-6f5e-4fdc-b145-01d4d564091d ] Request (MultipleCreateTestJSON:setUpClass): 200 PUT http://10.180.1.21:9696/networking/v2.0/routers/2b475eb6-5571-4c5c-9325-23d656c09a30/add_router_interface 2.598s
