2024-10-12 10:54:03.308 62060 INFO tempest.lib.common.rest_client [req-1f74b4a1-c90c-4465-8762-955067ac46b1 req-1f74b4a1-c90c-4465-8762-955067ac46b1 ] Request (SecurityGroupsTestJSON:test_server_security_groups): 200 GET http://10.180.1.21/compute/v2.1/servers/7a93d1c2-20d6-438e-bc42-1f9aa0219f91 0.237s
2024-10-12 10:54:03.357 62080 INFO tempest.lib.common.rest_client [req-57d8c920-5c42-44d7-9c5b-29a02ea81323 req-57d8c920-5c42-44d7-9c5b-29a02ea81323 ] Request (TenantUsagesTestJSON:setUpClass): 200 GET http://10.180.1.21/compute/v2.1/servers/95635ec3-cbfd-4dc0-a595-02062a0bda6e 0.236s
2024-10-12 10:54:03.365 62086 INFO tempest.lib.common.rest_client [req-aa70f82a-219a-4a05-95ec-1fcd1ea7f9a1 req-aa70f82a-219a-4a05-95ec-1fcd1ea7f9a1 ] Request (AttachInterfacesUnderV243Test:test_add_remove_fixed_ip): 200 GET http://10.180.1.21/compute/v2.1/servers/ad02e0c7-3d12-48ad-a393-26749fd8c502 0.234s
2024-10-12 10:54:03.374 62082 INFO tempest.lib.common.rest_client [req-926dcafa-b883-4b0e-adf6-7e63a4bd4c9f req-926dcafa-b883-4b0e-adf6-7e63a4bd4c9f ] Request (FlavorsV2TestJSON:test_list_flavors_detailed_limit_results): 200 GET http://10.180.1.21/compute/v2.1/flavors/detail?limit=1 0.165s
2024-10-12 10:54:03.429 62062 INFO tempest.lib.common.rest_client [req-6a9646eb-5131-4e0d-a4c9-04da9070879b req-6a9646eb-5131-4e0d-a4c9-04da9070879b ] Request (ServersTestJSON:setUpClass): 200 GET http://10.180.1.21/compute/v2.1/servers/e7ba3a8d-4bd0-4d78-861f-866ce2ade0cb 0.185s
2024-10-12 10:54:03.434 62106 INFO tempest.lib.common.rest_client [req-b20429ac-6b86-4c47-97df-5436993cba8d req-b20429ac-6b86-4c47-97df-5436993cba8d ] Request (ServerActionsV293TestJSON:setUpClass): 200 GET http://10.180.1.21/compute/v2.1/servers/002a7370-024d-4959-a56d-1a13c260f60e 0.241s
2024-10-12 10:54:03.461 62064 INFO tempest.lib.common.rest_client [req-9abe7963-60cc-40b8-bb1f-dd656fb0c88a req-9abe7963-60cc-40b8-bb1f-dd656fb0c88a ] Request (VolumesAdminNegativeTest:setUpClass): 201 POST http://10.180.1.21:9696/networking/v2.0/routers 0.631s
2024-10-12 10:54:03.464 62096 INFO tempest.lib.common.rest_client [req-600bb0c8-c364-4621-a98e-8733cb916e13 req-600bb0c8-c364-4621-a98e-8733cb916e13 ] Request (ImagesMetadataNegativeTestJSON:test_set_nonexistent_image_metadata): 404 PUT http://10.180.1.21/compute/v2.1/images/5d78bdbc-cb2c-4c3d-8dce-86e670e5293f/metadata 0.178s
2024-10-12 10:54:03.528 62104 INFO tempest.lib.common.rest_client [req-d7a9efab-2efc-4072-a580-ae9ddd4a219a req-d7a9efab-2efc-4072-a580-ae9ddd4a219a ] Request (ServersAdminNegativeTestJSON:setUpClass): 200 GET http://10.180.1.21/compute/v2.1/servers/a062288b-e785-4dec-98f2-358b54f3d327 0.225s
2024-10-12 10:54:03.605 62090 INFO tempest.lib.common.rest_client [req-1708f4de-d4fa-4776-8752-febf56e00b13 req-1708f4de-d4fa-4776-8752-febf56e00b13 ] Request (ServersV294TestFqdnHostnames:setUpClass): 200 GET http://10.180.1.21/compute/v2.1/servers/9ce52867-d547-401e-993d-0053eb9da4c4 0.295s
2024-10-12 10:54:03.823 62070 INFO tempest.lib.common.rest_client [req-15809156-b152-4aac-a86a-317968afddad req-15809156-b152-4aac-a86a-317968afddad ] Request (AttachInterfacesTestJSON:test_create_list_show_delete_interfaces_by_fixed_ip): 200 GET http://10.180.1.21/compute/v2.1/servers/35c3e1eb-6b98-42f7-8f92-420560feba92 0.453s
2024-10-12 10:54:03.835 62082 INFO tempest.lib.common.rest_client [req-923a87f3-66b1-4996-9d81-df05bdc435b0 req-923a87f3-66b1-4996-9d81-df05bdc435b0 ] Request (FlavorsV2TestJSON:test_list_flavors_detailed_using_marker): 200 GET http://10.180.1.21/compute/v2.1/flavors/42 0.458s
2024-10-12 10:54:03.893 62100 INFO tempest.lib.common.rest_client [req-172cba29-1f1f-4ae4-b501-785abc29f581 req-172cba29-1f1f-4ae4-b501-785abc29f581 ] Request (MigrationsAdminTest:test_resize_server_revert_deleted_flavor): 200 GET http://10.180.1.21/compute/v2.1/servers/8aeeb8e9-e1ab-463b-bc16-ca68571882aa 0.515s
2024-10-12 10:54:03.951 62102 INFO tempest.lib.common.rest_client [req-1ec00e05-3058-4130-b1d6-366299a85af9 req-1ec00e05-3058-4130-b1d6-366299a85af9 ] Request (ServerExternalEventsTest:test_create_server_external_events): 200 GET http://10.180.1.21/compute/v2.1/servers/ed4352e2-3321-4a05-8a3f-a02e375ecbfb 0.536s
2024-10-12 10:54:04.010 62116 INFO tempest.lib.common.rest_client [req-0345f6f8-5fb8-4a92-a6a7-6e62c7800005 req-0345f6f8-5fb8-4a92-a6a7-6e62c7800005 ] Request (ServersTestFqdnHostnames:test_create_server_with_fqdn_name): 200 GET http://10.180.1.21/compute/v2.1/servers/6e2190ac-d287-4810-9d43-740e62ae7b56 0.571s
2024-10-12 10:54:04.040 62110 INFO tempest.lib.common.rest_client [req-2d8087d5-9ffa-4c38-b892-d53ca880a1b0 req-2d8087d5-9ffa-4c38-b892-d53ca880a1b0 ] Request (FloatingIPsNegativeTestJSON:tearDownClass): 200 PUT http://10.180.1.21:9696/networking/v2.0/routers/1763f3c0-902d-4c87-bf8d-0ead143f6dfb/remove_router_interface 1.283s
2024-10-12 10:54:04.070 62066 INFO tempest.lib.common.rest_client [req-3d3264ea-7338-41ec-afe7-01137d4f1155 req-3d3264ea-7338-41ec-afe7-01137d4f1155 ] Request (ServersTestManualDisk:setUpClass): 200 GET http://10.180.1.21/compute/v2.1/servers/51d54995-0d13-4560-bdd6-7d9f9f5210dd 0.609s
2024-10-12 10:54:04.093 62096 INFO tempest.lib.common.rest_client [req-d6285950-401f-477a-b750-9be4958b2b08 req-d6285950-401f-477a-b750-9be4958b2b08 ] Request (ImagesMetadataNegativeTestJSON:test_set_nonexistent_image_metadata_item): 404 PUT http://10.180.1.21/compute/v2.1/images/b48424a5-d9e5-4566-be84-449b2aaa637e/metadata/os_distro 0.627s
2024-10-12 10:54:04.125 62068 INFO tempest.lib.common.rest_client [req-7a32a388-466b-45ae-b2c1-11b0df26bd1e req-7a32a388-466b-45ae-b2c1-11b0df26bd1e ] Request (FloatingIPDetailsTestJSON:tearDownClass): 202 DELETE http://10.180.1.21/compute/v2.1/os-floating-ips/0ae1ee22-cd23-4d58-ae3f-110aa72fd6ab 0.861s
2024-10-12 10:54:04.149 62114 INFO tempest.lib.common.rest_client [req-f7252b6f-04d6-4a95-85f7-1c613ae48d48 req-f7252b6f-04d6-4a95-85f7-1c613ae48d48 ] Request (DeleteServersAdminTestJSON:test_delete_server_while_in_error_state): 200 GET http://10.180.1.21/compute/v2.1/servers/46b484d0-1e87-4438-9791-e8199c76d21f 0.662s
2024-10-12 10:54:04.187 62058 INFO tempest.lib.common.rest_client [req-5f14ed30-872c-43ba-9bad-729e80d06af4 req-5f14ed30-872c-43ba-9bad-729e80d06af4 ] Request (ImagesTestJSON:test_create_image_from_stopped_server): 200 GET http://10.180.1.21/compute/v2.1/servers/5c80ad4d-0fa1-4003-a6a1-2c9039ad679c 0.669s
2024-10-12 10:54:04.204 62094 INFO tempest.lib.common.rest_client [req-2e2dd341-f76b-4296-ab0d-b02ebc4b9d55 req-2e2dd341-f76b-4296-ab0d-b02ebc4b9d55 ] Request (ImagesOneServerNegativeTestJSON:setUpClass): 200 GET http://10.180.1.21/compute/v2.1/servers/b4dd79b0-5dbb-4f12-9736-d8bc9f828f5d 0.655s
2024-10-12 10:54:04.241 62118 INFO tempest.lib.common.rest_client [req-25a764e8-c993-429b-8c17-e77dc4f33455 req-25a764e8-c993-429b-8c17-e77dc4f33455 ] Request (ServersAaction247Test:test_create_backup): 200 GET http://10.180.1.21/compute/v2.1/servers/de5a46be-193a-40d8-aeba-d5d4de24ef95 0.621s
2024-10-12 10:54:04.252 62118 INFO tempest.common.waiters [-] State transition "BUILD/None" ==> "BUILD/block_device_mapping" after 43 second wait
2024-10-12 10:54:04.264 62088 INFO tempest.lib.common.rest_client [req-60fd2944-ac2a-4710-a051-16434566007e req-60fd2944-ac2a-4710-a051-16434566007e ] Request (ServerTagsTestJSON:setUpClass): 200 GET http://10.180.1.21/compute/v2.1/servers/9b87db2b-e7b0-4677-b70f-f2fb1d6d3c4e 0.584s
2024-10-12 10:54:04.294 62092 INFO tempest.lib.common.rest_client [req-11b1bd93-cad4-4725-81b7-c0a0bbe64f5c req-11b1bd93-cad4-4725-81b7-c0a0bbe64f5c ] Request (ListImageFiltersTestJSON:setUpClass): 200 GET http://10.180.1.21/compute/v2.1/servers/fb4c4bbf-ca9c-4584-bd1d-83e5e81e6c7e 0.565s
2024-10-12 10:54:04.320 62072 INFO tempest.lib.common.rest_client [req-abb7ac4b-d58a-4dfc-b6ec-c12a3c26aad7 req-abb7ac4b-d58a-4dfc-b6ec-c12a3c26aad7 ] Request (ServerActionsTestOtherB:setUpClass): 200 GET http://10.180.1.21/compute/v2.1/servers/507a2e12-55a1-4d2c-b3d2-577914cc245e 0.492s
2024-10-12 10:54:04.334 62082 INFO tempest.lib.common.rest_client [req-26148052-82cf-4fdf-9905-ad237adb43df req-26148052-82cf-4fdf-9905-ad237adb43df ] Request (FlavorsV2TestJSON:test_list_flavors_detailed_using_marker): 200 GET http://10.180.1.21/compute/v2.1/flavors/detail?marker=42 0.497s
2024-10-12 10:54:04.374 62120 INFO tempest.lib.common.rest_client [req-276b8fc1-d684-4614-ace6-5043c15b0006 req-276b8fc1-d684-4614-ace6-5043c15b0006 ] Request (AttachVolumeNegativeTest:test_attach_attached_volume_to_different_server): 200 GET http://10.180.1.21/compute/v2.1/servers/037dd0ba-0d50-4c46-8947-7df3ca19e1c1 0.395s
2024-10-12 10:54:04.385 62074 INFO tempest.lib.common.rest_client [req-2074129a-e066-4602-8859-d7bd220e7a15 req-2074129a-e066-4602-8859-d7bd220e7a15 ] Request (ServerDiagnosticsNegativeTest:test_get_server_diagnostics_by_non_admin): 200 GET http://10.180.1.21/compute/v2.1/servers/496f00ef-7487-45d9-9356-529f9390544f 0.335s
2024-10-12 10:54:04.399 62064 INFO tempest.lib.common.rest_client [req-2a45a4aa-e716-4cf8-8d93-938aee9c032d req-2a45a4aa-e716-4cf8-8d93-938aee9c032d ] Request (VolumesAdminNegativeTest:setUpClass): 200 PUT http://10.180.1.21:9696/networking/v2.0/routers/6fb9c50c-14b1-4e4b-bc61-b466f6c1a86f/add_router_interface 0.938s
2024-10-12 10:54:04.400 62064 INFO tempest.lib.common.dynamic_creds [-] Created isolated network resources for: credentials: Credentials: {'domain_id': 'default', 'domain_name': 'Default', 'username': 'tempest-VolumesAdminNegativeTest-822341285-project-member', 'project_domain_id': 'default', 'project_domain_name': 'Default', 'project_id': 'c09c426f3fd349c190e1058f8ec87634', 'project_name': 'tempest-VolumesAdminNegativeTest-822341285', 'tenant_id': 'c09c426f3fd349c190e1058f8ec87634', 'tenant_name': 'tempest-VolumesAdminNegativeTest-822341285', 'user_domain_id': 'default', 'user_domain_name': 'Default', 'user_id': '8e7fc746334a4b7a9153a721b6eafcfb', 'system': None}, Network: {'id': 'c329c882-6886-4ae9-a5cf-0dddf70c3a8e', 'name': 'tempest-VolumesAdminNegativeTest-1972603630-network', 'tenant_id': 'c09c426f3fd349c190e1058f8ec87634', 'admin_state_up': True, 'mtu': 8950, 'status': 'ACTIVE', 'subnets': [], 'shared': False, 'project_id': 'c09c426f3fd349c190e1058f8ec87634', 'port_security_enabled': True, 'router:external': False, 'provider:network_type': 'vlan', 'provider:physical_network': 'default', 'provider:segmentation_id': 712, 'is_default': False, 'availability_zone_hints': [], 'availability_zones': [], 'ipv4_address_scope': None, 'ipv6_address_scope': None, 'description': '', 'tags': [], 'created_at': '2024-10-12T10:54:02Z', 'updated_at': '2024-10-12T10:54:02Z', 'revision_number': 1}, Subnet: {'id': 'bf94f2fc-f1fb-495b-97d6-c9af515ea713', 'name': 'tempest-VolumesAdminNegativeTest-1972603630-subnet', 'tenant_id': 'c09c426f3fd349c190e1058f8ec87634', 'network_id': 'c329c882-6886-4ae9-a5cf-0dddf70c3a8e', 'ip_version': 4, 'subnetpool_id': None, 'enable_dhcp': True, 'ipv6_ra_mode': None, 'ipv6_address_mode': None, 'gateway_ip': '192.168.128.1', 'cidr': '192.168.128.0/28', 'allocation_pools': [{'start': '192.168.128.2', 'end': '192.168.128.14'}], 'host_routes': [], 'dns_nameservers': [], 'description': '', 'router:external': False, 'service_types': [], 'tags': [], 'created_at': '2024-10-12T10:54:02Z', 'updated_at': '2024-10-12T10:54:02Z', 'revision_number': 0, 'project_id': 'c09c426f3fd349c190e1058f8ec87634'}, Router: {'id': '6fb9c50c-14b1-4e4b-bc61-b466f6c1a86f', 'name': 'tempest-VolumesAdminNegativeTest-1972603630-router', 'tenant_id': 'c09c426f3fd349c190e1058f8ec87634', 'admin_state_up': True, 'status': 'ACTIVE', 'external_gateway_info': {'network_id': '3c018358-c85b-4592-a011-76daa33d21c0', 'external_fixed_ips': [{'subnet_id': '2fd20b4c-a38f-49b8-b073-a08d9d543e81', 'ip_address': '10.180.180.233'}], 'enable_snat': True}, 'description': '', 'availability_zones': [], 'distributed': False, 'ha': False, 'availability_zone_hints': [], 'routes': [], 'flavor_id': None, 'tags': [], 'created_at': '2024-10-12T10:54:02Z', 'updated_at': '2024-10-12T10:54:03Z', 'revision_number': 2, 'project_id': 'c09c426f3fd349c190e1058f8ec87634'}
2024-10-12 10:54:04.404 62096 INFO tempest.lib.common.rest_client [req-4d6f2f86-a551-4568-9794-1b58165454cf req-4d6f2f86-a551-4568-9794-1b58165454cf ] Request (ImagesMetadataNegativeTestJSON:test_update_nonexistent_image_metadata): 404 POST http://10.180.1.21/compute/v2.1/images/db7b9191-a145-4abe-94d3-c78c851d55f4/metadata 0.309s
2024-10-12 10:54:04.450 62076 INFO tempest.lib.common.rest_client [req-c05ee575-aa8f-4886-a7b6-b8a894539e44 req-c05ee575-aa8f-4886-a7b6-b8a894539e44 ] Request (InstanceActionsV221TestJSON:test_get_list_deleted_instance_actions): 200 GET http://10.180.1.21/compute/v2.1/servers/3cd00254-b61b-498a-946b-ff2028230e25 0.325s
2024-10-12 10:54:04.504 62064 INFO tempest.lib.common.rest_client [req-d4ca59ce-69c7-43e9-90d1-c275e63cfd1f req-d4ca59ce-69c7-43e9-90d1-c275e63cfd1f ] Request (VolumesAdminNegativeTest:setUpClass): 201 POST http://10.180.1.21/identity/v3/auth/tokens 0.098s
2024-10-12 10:54:04.508 62112 INFO tempest.lib.common.rest_client [req-db03c604-d6c9-455f-be8c-23c18015d059 req-db03c604-d6c9-455f-be8c-23c18015d059 ] Request (ServerDiskConfigTestJSON:test_rebuild_server_with_manual_disk_config): 200 GET http://10.180.1.21/compute/v2.1/servers/e56a6950-f842-45fb-a0a0-0defe3b3c30f 0.357s
2024-10-12 10:54:04.517 62110 INFO tempest.lib.common.rest_client [req-9fa97f6e-2c49-4f39-b0fc-3ec19e63e96a req-9fa97f6e-2c49-4f39-b0fc-3ec19e63e96a ] Request (FloatingIPsNegativeTestJSON:tearDownClass): 204 DELETE http://10.180.1.21:9696/networking/v2.0/routers/1763f3c0-902d-4c87-bf8d-0ead143f6dfb 0.477s
2024-10-12 10:54:04.538 62096 INFO tempest.lib.common.rest_client [req-b2512430-69e5-48b4-acfd-47dc4a20e92a req-b2512430-69e5-48b4-acfd-47dc4a20e92a ] Request (ImagesMetadataNegativeTestJSON:tearDownClass): 204 DELETE http://10.180.1.21/identity/v3/users/d6392112bea54060a312fedfcc621ef9 0.131s
2024-10-12 10:54:04.538 62096 INFO tempest.lib.common.dynamic_creds [-] Deleting project and security group for project: fb9e83bc03be4f5187c1e091a2b354df
2024-10-12 10:54:04.590 62084 INFO tempest.lib.common.rest_client [req-9ed0bd72-a887-4e4b-b5fd-c8b6fbc14915 req-9ed0bd72-a887-4e4b-b5fd-c8b6fbc14915 ] Request (ServerRescueTestJSON:setUpClass): 200 GET http://10.180.1.21/compute/v2.1/servers/21ad1f7b-cc59-4ad4-a0c0-9e867b20e9f0 0.392s
2024-10-12 10:54:04.591 62064 INFO tempest.lib.common.rest_client [req-4ba580fc-e015-415c-818b-ea9ed98ad648 req-4ba580fc-e015-415c-818b-ea9ed98ad648 ] Request (VolumesAdminNegativeTest:setUpClass): 201 POST http://10.180.1.21/identity/v3/projects 0.086s
2024-10-12 10:54:04.628 62096 INFO tempest.lib.common.rest_client [req-9857e2da-460d-4670-89ea-fa7adf244332 req-9857e2da-460d-4670-89ea-fa7adf244332 ] Request (ImagesMetadataNegativeTestJSON:tearDownClass): 201 POST http://10.180.1.21/identity/v3/auth/tokens 0.089s
2024-10-12 10:54:04.651 62064 INFO tempest.lib.common.rest_client [req-9452e585-14d3-45a9-9642-1c6f9ab8e8b3 req-9452e585-14d3-45a9-9642-1c6f9ab8e8b3 ] Request (VolumesAdminNegativeTest:setUpClass): 201 POST http://10.180.1.21/identity/v3/users 0.059s
2024-10-12 10:54:04.654 62078 INFO tempest.lib.common.rest_client [req-eafa8a81-5c91-473d-9f8e-63d9bcaf4187 req-eafa8a81-5c91-473d-9f8e-63d9bcaf4187 ] Request (MultipleCreateTestJSON:test_multiple_create): 200 GET http://10.180.1.21/compute/v2.1/servers/325a641d-2509-49e6-bfbc-0b2cb85c1ff9 0.386s
2024-10-12 10:54:04.669 62064 INFO tempest.lib.common.rest_client [req-837de40f-ef86-448c-ade7-7c51536188b2 req-837de40f-ef86-448c-ade7-7c51536188b2 ] Request (VolumesAdminNegativeTest:setUpClass): 200 GET http://10.180.1.21/identity/v3/roles 0.018s
2024-10-12 10:54:04.686 62110 INFO tempest.lib.common.rest_client [req-5b70b298-6e4b-46c5-a93e-07d091779286 req-5b70b298-6e4b-46c5-a93e-07d091779286 ] Request (FloatingIPsNegativeTestJSON:tearDownClass): 204 DELETE http://10.180.1.21:9696/networking/v2.0/subnets/cae6df92-4f7d-413f-af49-6ec18f84a32e 0.168s
2024-10-12 10:54:04.698 62064 INFO tempest.lib.common.rest_client [req-627c92f9-76f6-409c-8b74-7fa8e2efbbdd req-627c92f9-76f6-409c-8b74-7fa8e2efbbdd ] Request (VolumesAdminNegativeTest:setUpClass): 204 PUT http://10.180.1.21/identity/v3/projects/d3899c4cf5b74444a2a2e28898bf9b03/users/125361bbc463491cacc89c737d1dc758/roles/fe8175c4214c488caff4ab65032d2f8c 0.028s
2024-10-12 10:54:04.712 62060 INFO tempest.lib.common.rest_client [req-6cd46acf-a5b2-44f5-902d-519706e3f550 req-6cd46acf-a5b2-44f5-902d-519706e3f550 ] Request (SecurityGroupsTestJSON:test_server_security_groups): 200 GET http://10.180.1.21/compute/v2.1/servers/7a93d1c2-20d6-438e-bc42-1f9aa0219f91 0.394s
2024-10-12 10:54:04.725 62082 INFO tempest.lib.common.rest_client [req-bca346eb-ec50-4e01-aa1d-51becf97ee83 req-bca346eb-ec50-4e01-aa1d-51becf97ee83 ] Request (FlavorsV2TestJSON:test_list_flavors_filter_by_min_disk): 200 GET http://10.180.1.21/compute/v2.1/flavors/42 0.382s
2024-10-12 10:54:04.743 62064 INFO tempest.lib.common.rest_client [req-e78186e8-81d8-469a-b838-6f3ed0db051c req-e78186e8-81d8-469a-b838-6f3ed0db051c ] Request (VolumesAdminNegativeTest:setUpClass): 200 GET http://10.180.1.21/identity/v3/roles 0.044s
2024-10-12 10:54:04.767 62064 INFO tempest.lib.common.rest_client [req-673a2ab8-23b7-4d37-a6fb-4956d8038e71 req-673a2ab8-23b7-4d37-a6fb-4956d8038e71 ] Request (VolumesAdminNegativeTest:setUpClass): 204 PUT http://10.180.1.21/identity/v3/projects/d3899c4cf5b74444a2a2e28898bf9b03/users/125361bbc463491cacc89c737d1dc758/roles/fe8175c4214c488caff4ab65032d2f8c 0.024s
2024-10-12 10:54:04.768 62064 INFO tempest.lib.common.dynamic_creds [-] Dynamic test user 125361bbc463491cacc89c737d1dc758 is created with scope project and roles: ['admin']
2024-10-12 10:54:04.768 62064 INFO tempest.lib.common.dynamic_creds [-] Acquired dynamic creds: credentials: Credentials: {'domain_id': 'default', 'domain_name': 'Default', 'username': 'tempest-VolumesAdminNegativeTest-1008389245-project-admin', 'project_domain_id': 'default', 'project_domain_name': 'Default', 'project_id': 'd3899c4cf5b74444a2a2e28898bf9b03', 'project_name': 'tempest-VolumesAdminNegativeTest-1008389245', 'tenant_id': 'd3899c4cf5b74444a2a2e28898bf9b03', 'tenant_name': 'tempest-VolumesAdminNegativeTest-1008389245', 'user_domain_id': 'default', 'user_domain_name': 'Default', 'user_id': '125361bbc463491cacc89c737d1dc758', 'system': None}, Network: None, Subnet: None, Router: None
2024-10-12 10:54:04.780 62080 INFO tempest.lib.common.rest_client [req-83d84c7f-fca1-4b08-bbe2-c1bdb4ec07a6 req-83d84c7f-fca1-4b08-bbe2-c1bdb4ec07a6 ] Request (TenantUsagesTestJSON:setUpClass): 200 GET http://10.180.1.21/compute/v2.1/servers/95635ec3-cbfd-4dc0-a595-02062a0bda6e 0.413s
2024-10-12 10:54:04.808 62068 INFO tempest.lib.common.rest_client [req-b219b61b-989d-489f-8ebc-96396721a0b3 req-b219b61b-989d-489f-8ebc-96396721a0b3 ] Request (FloatingIPDetailsTestJSON:tearDownClass): 202 DELETE http://10.180.1.21/compute/v2.1/os-floating-ips/438cbf50-260b-43cc-9374-f8acaa0ee515 0.682s
2024-10-12 10:54:04.827 62086 INFO tempest.lib.common.rest_client [req-99418e79-2ba8-44c6-83b4-4f528efbfcfd req-99418e79-2ba8-44c6-83b4-4f528efbfcfd ] Request (AttachInterfacesUnderV243Test:test_add_remove_fixed_ip): 200 GET http://10.180.1.21/compute/v2.1/servers/ad02e0c7-3d12-48ad-a393-26749fd8c502 0.455s
2024-10-12 10:54:04.865 62062 INFO tempest.lib.common.rest_client [req-85edf0cc-8fd8-4e0a-aa52-5e6d5446b8d7 req-85edf0cc-8fd8-4e0a-aa52-5e6d5446b8d7 ] Request (ServersTestJSON:setUpClass): 200 GET http://10.180.1.21/compute/v2.1/servers/e7ba3a8d-4bd0-4d78-861f-866ce2ade0cb 0.424s
2024-10-12 10:54:04.879 62106 INFO tempest.lib.common.rest_client [req-ba6de5df-a37f-4382-a0b7-d5a18a7e5443 req-ba6de5df-a37f-4382-a0b7-d5a18a7e5443 ] Request (ServerActionsV293TestJSON:setUpClass): 200 GET http://10.180.1.21/compute/v2.1/servers/002a7370-024d-4959-a56d-1a13c260f60e 0.423s
2024-10-12 10:54:04.920 62096 INFO tempest.lib.common.rest_client [req-6058ccac-67ad-4cbe-b3a0-f7068d4f9c0e req-6058ccac-67ad-4cbe-b3a0-f7068d4f9c0e ] Request (ImagesMetadataNegativeTestJSON:tearDownClass): 200 GET http://10.180.1.21:9696/networking/v2.0/security-groups?tenant_id=fb9e83bc03be4f5187c1e091a2b354df&name=default 0.292s
2024-10-12 10:54:04.926 62104 INFO tempest.lib.common.rest_client [req-d91dafa5-4c7c-42e4-87af-021c54775771 req-d91dafa5-4c7c-42e4-87af-021c54775771 ] Request (ServersAdminNegativeTestJSON:setUpClass): 200 GET http://10.180.1.21/compute/v2.1/servers/a062288b-e785-4dec-98f2-358b54f3d327 0.385s
2024-10-12 10:54:04.937 62090 INFO tempest.lib.common.rest_client [req-93d4f853-9fc4-4a29-8c46-4424b034355a req-93d4f853-9fc4-4a29-8c46-4424b034355a ] Request (ServersV294TestFqdnHostnames:setUpClass): 200 GET http://10.180.1.21/compute/v2.1/servers/9ce52867-d547-401e-993d-0053eb9da4c4 0.315s
2024-10-12 10:54:04.944 62082 INFO tempest.lib.common.rest_client [req-f8589324-d01c-471b-8d7a-a756f61ef77b req-f8589324-d01c-471b-8d7a-a756f61ef77b ] Request (FlavorsV2TestJSON:test_list_flavors_filter_by_min_disk): 200 GET http://10.180.1.21/compute/v2.1/flavors?minDisk=2 0.216s
2024-10-12 10:54:05.003 62070 INFO tempest.lib.common.rest_client [req-91773ac8-a36f-4aa4-828b-c76878cd2005 req-91773ac8-a36f-4aa4-828b-c76878cd2005 ] Request (AttachInterfacesTestJSON:test_create_list_show_delete_interfaces_by_fixed_ip): 200 GET http://10.180.1.21/compute/v2.1/servers/35c3e1eb-6b98-42f7-8f92-420560feba92 0.168s
2024-10-12 10:54:05.063 62100 INFO tempest.lib.common.rest_client [req-a28219ba-3f45-4aa9-9848-1c634a612c49 req-a28219ba-3f45-4aa9-9848-1c634a612c49 ] Request (MigrationsAdminTest:test_resize_server_revert_deleted_flavor): 200 GET http://10.180.1.21/compute/v2.1/servers/8aeeb8e9-e1ab-463b-bc16-ca68571882aa 0.159s
2024-10-12 10:54:05.076 62082 INFO tempest.lib.common.rest_client [req-e63064bf-665b-463f-baf0-280a87fcb893 req-e63064bf-665b-463f-baf0-280a87fcb893 ] Request (FlavorsV2TestJSON:test_list_flavors_filter_by_min_ram): 200 GET http://10.180.1.21/compute/v2.1/flavors/42 0.127s
2024-10-12 10:54:05.105 62096 INFO tempest.lib.common.rest_client [req-645049d9-bb3c-41b1-96de-645af83959f5 req-645049d9-bb3c-41b1-96de-645af83959f5 ] Request (ImagesMetadataNegativeTestJSON:tearDownClass): 204 DELETE http://10.180.1.21:9696/networking/v2.0/security-groups/c5d4f331-2174-4672-b3f5-7d71c1d40bcf 0.183s
2024-10-12 10:54:05.137 62102 INFO tempest.lib.common.rest_client [req-38062bf6-4d9a-4172-8551-d8ac4f07f868 req-38062bf6-4d9a-4172-8551-d8ac4f07f868 ] Request (ServerExternalEventsTest:test_create_server_external_events): 200 GET http://10.180.1.21/compute/v2.1/servers/ed4352e2-3321-4a05-8a3f-a02e375ecbfb 0.178s
2024-10-12 10:54:05.205 62116 INFO tempest.lib.common.rest_client [req-418dbcd7-ba74-4c28-918d-8a960346454a req-418dbcd7-ba74-4c28-918d-8a960346454a ] Request (ServersTestFqdnHostnames:test_create_server_with_fqdn_name): 200 GET http://10.180.1.21/compute/v2.1/servers/6e2190ac-d287-4810-9d43-740e62ae7b56 0.185s
2024-10-12 10:54:05.223 62096 INFO tempest.lib.common.rest_client [req-ea8e8b2c-eb25-4926-898e-e93ff53f2df7 req-ea8e8b2c-eb25-4926-898e-e93ff53f2df7 ] Request (ImagesMetadataNegativeTestJSON:tearDownClass): 204 DELETE http://10.180.1.21/identity/v3/projects/fb9e83bc03be4f5187c1e091a2b354df 0.118s
2024-10-12 10:54:05.235 62064 INFO tempest.lib.common.rest_client [req-cb8a59e5-e20e-491a-90e1-8c8cfdad5de5 req-cb8a59e5-e20e-491a-90e1-8c8cfdad5de5 ] Request (VolumesAdminNegativeTest:setUpClass): 201 POST http://10.180.1.21:9696/networking/v2.0/networks 0.467s
2024-10-12 10:54:05.237 62082 INFO tempest.lib.common.rest_client [req-7cbec346-b5bc-4cfc-a17e-1927604a979d req-7cbec346-b5bc-4cfc-a17e-1927604a979d ] Request (FlavorsV2TestJSON:test_list_flavors_filter_by_min_ram): 200 GET http://10.180.1.21/compute/v2.1/flavors?minRam=193 0.157s
2024-10-12 10:54:05.241 62110 INFO tempest.lib.common.rest_client [req-2f4b50da-70fe-4f23-8029-7075c6bc1ef8 req-2f4b50da-70fe-4f23-8029-7075c6bc1ef8 ] Request (FloatingIPsNegativeTestJSON:tearDownClass): 204 DELETE http://10.180.1.21:9696/networking/v2.0/networks/76807d09-6c1e-4336-b15d-57994490f5de 0.555s
2024-10-12 10:54:05.301 62066 INFO tempest.lib.common.rest_client [req-bf2673c6-d41e-4708-a84d-c052c8f01efb req-bf2673c6-d41e-4708-a84d-c052c8f01efb ] Request (ServersTestManualDisk:setUpClass): 200 GET http://10.180.1.21/compute/v2.1/servers/51d54995-0d13-4560-bdd6-7d9f9f5210dd 0.218s
2024-10-12 10:54:05.309 62096 INFO tempest.lib.common.rest_client [req-2e068bdf-4974-4b60-9fc6-84fc547007ab req-2e068bdf-4974-4b60-9fc6-84fc547007ab ] Request (ListServerFiltersTestJSON:setUpClass): 201 POST http://10.180.1.21/identity/v3/auth/tokens 0.084s
2024-10-12 10:54:05.350 62110 INFO tempest.lib.common.rest_client [req-868e2f45-fb02-4353-b792-de9c5c1703ac req-868e2f45-fb02-4353-b792-de9c5c1703ac ] Request (FloatingIPsNegativeTestJSON:tearDownClass): 204 DELETE http://10.180.1.21/identity/v3/users/536087cbe3e449cf90e3a0cb23152515 0.109s
2024-10-12 10:54:05.351 62110 INFO tempest.lib.common.dynamic_creds [-] Deleting project and security group for project: f6e05a871d6843188d3fc47506cf6153
2024-10-12 10:54:05.358 62114 INFO tempest.lib.common.rest_client [req-58b6fdaa-8113-47cf-ad9a-11ee08fa57cc req-58b6fdaa-8113-47cf-ad9a-11ee08fa57cc ] Request (DeleteServersAdminTestJSON:test_delete_server_while_in_error_state): 200 GET http://10.180.1.21/compute/v2.1/servers/46b484d0-1e87-4438-9791-e8199c76d21f 0.203s
2024-10-12 10:54:05.382 62096 INFO tempest.lib.common.rest_client [req-465cdd72-acea-4c55-a7f8-4add3a1d141d req-465cdd72-acea-4c55-a7f8-4add3a1d141d ] Request (ListServerFiltersTestJSON:setUpClass): 201 POST http://10.180.1.21/identity/v3/auth/tokens 0.071s
2024-10-12 10:54:05.432 62058 INFO tempest.lib.common.rest_client [req-d12b12bf-cf63-4f20-888e-ff56146e2c50 req-d12b12bf-cf63-4f20-888e-ff56146e2c50 ] Request (ImagesTestJSON:test_create_image_from_stopped_server): 200 GET http://10.180.1.21/compute/v2.1/servers/5c80ad4d-0fa1-4003-a6a1-2c9039ad679c 0.236s
2024-10-12 10:54:05.442 62110 INFO tempest.lib.common.rest_client [req-b3612ab8-2690-4668-9185-81fa0cf3370b req-b3612ab8-2690-4668-9185-81fa0cf3370b ] Request (FloatingIPsNegativeTestJSON:tearDownClass): 200 GET http://10.180.1.21:9696/networking/v2.0/security-groups?tenant_id=f6e05a871d6843188d3fc47506cf6153&name=default 0.091s
2024-10-12 10:54:05.443 62096 INFO tempest.lib.common.rest_client [req-ccb530d0-0e1e-4ef1-8f82-35c5bcb91cea req-ccb530d0-0e1e-4ef1-8f82-35c5bcb91cea ] Request (ListServerFiltersTestJSON:setUpClass): 200 GET http://10.180.1.21/identity/v3/domains?name=Default 0.060s
2024-10-12 10:54:05.473 62096 INFO tempest.lib.common.rest_client [req-87524e8d-dbf8-457a-a0ab-0db953fc41d7 req-87524e8d-dbf8-457a-a0ab-0db953fc41d7 ] Request (ListServerFiltersTestJSON:setUpClass): 201 POST http://10.180.1.21/identity/v3/projects 0.030s
2024-10-12 10:54:05.491 62094 INFO tempest.lib.common.rest_client [req-a21e38f0-a57c-4c60-839d-775a5f8ea024 req-a21e38f0-a57c-4c60-839d-775a5f8ea024 ] Request (ImagesOneServerNegativeTestJSON:setUpClass): 200 GET http://10.180.1.21/compute/v2.1/servers/b4dd79b0-5dbb-4f12-9736-d8bc9f828f5d 0.278s
2024-10-12 10:54:05.501 62082 INFO tempest.lib.common.rest_client [req-2931ebed-988d-4880-ac1d-e6a44467f76b req-2931ebed-988d-4880-ac1d-e6a44467f76b ] Request (FlavorsV2TestJSON:test_list_flavors_limit_results): 200 GET http://10.180.1.21/compute/v2.1/flavors?limit=1 0.255s
2024-10-12 10:54:05.523 62068 INFO tempest.lib.common.rest_client [req-9159ed33-ae6a-47ba-ad86-c5862c1502bb req-9159ed33-ae6a-47ba-ad86-c5862c1502bb ] Request (FloatingIPDetailsTestJSON:tearDownClass): 202 DELETE http://10.180.1.21/compute/v2.1/os-floating-ips/2b42ae8a-3f0f-4975-8708-cf708d52508e 0.714s
2024-10-12 10:54:05.544 62096 INFO tempest.lib.common.rest_client [req-7e666f78-00bc-4184-9d87-7fcd5670b666 req-7e666f78-00bc-4184-9d87-7fcd5670b666 ] Request (ListServerFiltersTestJSON:setUpClass): 201 POST http://10.180.1.21/identity/v3/users 0.069s
2024-10-12 10:54:05.569 62096 INFO tempest.lib.common.rest_client [req-87290239-3fbf-4a88-ba3f-c75d2a7e6c3f req-87290239-3fbf-4a88-ba3f-c75d2a7e6c3f ] Request (ListServerFiltersTestJSON:setUpClass): 200 GET http://10.180.1.21/identity/v3/roles 0.025s
2024-10-12 10:54:05.573 62118 INFO tempest.lib.common.rest_client [req-2be2e3ff-1cc8-4978-aa8a-1f619d7d4227 req-2be2e3ff-1cc8-4978-aa8a-1f619d7d4227 ] Request (ServersAaction247Test:test_create_backup): 200 GET http://10.180.1.21/compute/v2.1/servers/de5a46be-193a-40d8-aeba-d5d4de24ef95 0.320s
2024-10-12 10:54:05.575 62110 INFO tempest.lib.common.rest_client [req-f7294367-bb9c-4bb8-8870-27d23dd5b482 req-f7294367-bb9c-4bb8-8870-27d23dd5b482 ] Request (FloatingIPsNegativeTestJSON:tearDownClass): 204 DELETE http://10.180.1.21:9696/networking/v2.0/security-groups/133ee036-dd41-4934-b8d4-6ab2471f008f 0.133s
2024-10-12 10:54:05.581 62118 INFO tempest.common.waiters [-] State transition "BUILD/block_device_mapping" ==> "BUILD/spawning" after 44 second wait
2024-10-12 10:54:05.601 62064 INFO tempest.lib.common.rest_client [req-dbf1d4c8-fcc4-40ef-9c72-fe945e8ee850 req-dbf1d4c8-fcc4-40ef-9c72-fe945e8ee850 ] Request (VolumesAdminNegativeTest:setUpClass): 201 POST http://10.180.1.21:9696/networking/v2.0/subnets 0.365s
2024-10-12 10:54:05.604 62088 INFO tempest.lib.common.rest_client [req-850098af-6e19-4d38-a87a-b5f140277d21 req-850098af-6e19-4d38-a87a-b5f140277d21 ] Request (ServerTagsTestJSON:setUpClass): 200 GET http://10.180.1.21/compute/v2.1/servers/9b87db2b-e7b0-4677-b70f-f2fb1d6d3c4e 0.328s
2024-10-12 10:54:05.621 62096 INFO tempest.lib.common.rest_client [req-2214a46e-804b-4feb-ba43-1693ed97468b req-2214a46e-804b-4feb-ba43-1693ed97468b ] Request (ListServerFiltersTestJSON:setUpClass): 204 PUT http://10.180.1.21/identity/v3/projects/4ad43bb71692464ea67ffe9519858f51/users/1b131826ac644a639a28c4db774bee92/roles/ce12846925a449cc89ab4ef1e8e22a12 0.052s
2024-10-12 10:54:05.623 62096 INFO tempest.lib.common.dynamic_creds [-] Dynamic test user 1b131826ac644a639a28c4db774bee92 is created with scope project and roles: ['member']
2024-10-12 10:54:05.623 62096 INFO tempest.lib.common.dynamic_creds [-] Acquired dynamic creds: credentials: Credentials: {'domain_id': 'default', 'domain_name': 'Default', 'username': 'tempest-ListServerFiltersTestJSON-1081037889-project-member', 'project_domain_id': 'default', 'project_domain_name': 'Default', 'project_id': '4ad43bb71692464ea67ffe9519858f51', 'project_name': 'tempest-ListServerFiltersTestJSON-1081037889', 'tenant_id': '4ad43bb71692464ea67ffe9519858f51', 'tenant_name': 'tempest-ListServerFiltersTestJSON-1081037889', 'user_domain_id': 'default', 'user_domain_name': 'Default', 'user_id': '1b131826ac644a639a28c4db774bee92', 'system': None}, Network: None, Subnet: None, Router: None
2024-10-12 10:54:05.657 62092 INFO tempest.lib.common.rest_client [req-f034bd5d-0332-4b79-ae4a-02b310209b4d req-f034bd5d-0332-4b79-ae4a-02b310209b4d ] Request (ListImageFiltersTestJSON:setUpClass): 200 GET http://10.180.1.21/compute/v2.1/servers/fb4c4bbf-ca9c-4584-bd1d-83e5e81e6c7e 0.356s
2024-10-12 10:54:05.679 62072 INFO tempest.lib.common.rest_client [req-3f257cf0-73d6-4145-a8ac-630e58da8dea req-3f257cf0-73d6-4145-a8ac-630e58da8dea ] Request (ServerActionsTestOtherB:setUpClass): 200 GET http://10.180.1.21/compute/v2.1/servers/507a2e12-55a1-4d2c-b3d2-577914cc245e 0.348s
2024-10-12 10:54:05.689 62110 INFO tempest.lib.common.rest_client [req-a8aa1dab-79bd-48ed-bec0-b40ca002eb1f req-a8aa1dab-79bd-48ed-bec0-b40ca002eb1f ] Request (FloatingIPsNegativeTestJSON:tearDownClass): 204 DELETE http://10.180.1.21/identity/v3/projects/f6e05a871d6843188d3fc47506cf6153 0.114s
2024-10-12 10:54:05.690 62072 INFO tempest.common.waiters [-] State transition "BUILD/None" ==> "BUILD/networking" after 44 second wait
2024-10-12 10:54:05.709 62096 INFO tempest.lib.common.rest_client [req-487bb2e4-ad53-47ee-8c49-c2fe1aaffc8e req-487bb2e4-ad53-47ee-8c49-c2fe1aaffc8e ] Request (ListServerFiltersTestJSON:setUpClass): 201 POST http://10.180.1.21/identity/v3/auth/tokens 0.085s
2024-10-12 10:54:05.719 62110 INFO tempest.lib.common.rest_client [req-eb5ab73a-0624-4e12-ab0e-c9c59a0fefa1 req-eb5ab73a-0624-4e12-ab0e-c9c59a0fefa1 ] Request (AttachVolumeTestJSON:setUpClass): 201 POST http://10.180.1.21/identity/v3/auth/tokens 0.028s
2024-10-12 10:54:05.730 62120 INFO tempest.lib.common.rest_client [req-45a1fe19-2ff6-43c0-b575-da70076717d1 req-45a1fe19-2ff6-43c0-b575-da70076717d1 ] Request (AttachVolumeNegativeTest:test_attach_attached_volume_to_different_server): 200 GET http://10.180.1.21/compute/v2.1/servers/037dd0ba-0d50-4c46-8947-7df3ca19e1c1 0.345s
2024-10-12 10:54:05.744 62074 INFO tempest.lib.common.rest_client [req-079633d2-c8fc-49d3-8b42-d9b1dfdcf136 req-079633d2-c8fc-49d3-8b42-d9b1dfdcf136 ] Request (ServerDiagnosticsNegativeTest:test_get_server_diagnostics_by_non_admin): 200 GET http://10.180.1.21/compute/v2.1/servers/496f00ef-7487-45d9-9356-529f9390544f 0.350s
2024-10-12 10:54:05.757 62082 INFO tempest.lib.common.rest_client [req-b9610ed4-d491-4749-920c-4631b0edcd43 req-b9610ed4-d491-4749-920c-4631b0edcd43 ] Request (FlavorsV2TestJSON:test_list_flavors_using_marker): 200 GET http://10.180.1.21/compute/v2.1/flavors/42 0.253s
2024-10-12 10:54:05.804 62076 INFO tempest.lib.common.rest_client [req-b7104449-349c-4629-a5c0-6a778917a5f5 req-b7104449-349c-4629-a5c0-6a778917a5f5 ] Request (InstanceActionsV221TestJSON:test_get_list_deleted_instance_actions): 200 GET http://10.180.1.21/compute/v2.1/servers/3cd00254-b61b-498a-946b-ff2028230e25 0.338s
2024-10-12 10:54:05.817 62112 INFO tempest.lib.common.rest_client [req-79553717-0590-432c-a788-b35ab00d3c74 req-79553717-0590-432c-a788-b35ab00d3c74 ] Request (ServerDiskConfigTestJSON:test_rebuild_server_with_manual_disk_config): 200 GET http://10.180.1.21/compute/v2.1/servers/e56a6950-f842-45fb-a0a0-0defe3b3c30f 0.298s
2024-10-12 10:54:05.874 62084 INFO tempest.lib.common.rest_client [req-b3a3d5a4-fe4c-4af1-93d3-195f4352b054 req-b3a3d5a4-fe4c-4af1-93d3-195f4352b054 ] Request (ServerRescueTestJSON:setUpClass): 200 GET http://10.180.1.21/compute/v2.1/servers/21ad1f7b-cc59-4ad4-a0c0-9e867b20e9f0 0.273s
2024-10-12 10:54:05.887 62110 INFO tempest.lib.common.rest_client [req-cbff581a-37a4-4f53-b870-6a62971cdad6 req-cbff581a-37a4-4f53-b870-6a62971cdad6 ] Request (AttachVolumeTestJSON:setUpClass): 201 POST http://10.180.1.21/identity/v3/auth/tokens 0.166s
2024-10-12 10:54:05.891 62078 INFO tempest.lib.common.rest_client [req-f3d0994d-e98c-424f-9dd0-0954fc99761d req-f3d0994d-e98c-424f-9dd0-0954fc99761d ] Request (MultipleCreateTestJSON:test_multiple_create): 200 GET http://10.180.1.21/compute/v2.1/servers/325a641d-2509-49e6-bfbc-0b2cb85c1ff9 0.229s
2024-10-12 10:54:05.906 62082 INFO tempest.lib.common.rest_client [req-cb962f3e-ba9f-4084-9241-f9606d325329 req-cb962f3e-ba9f-4084-9241-f9606d325329 ] Request (FlavorsV2TestJSON:test_list_flavors_using_marker): 200 GET http://10.180.1.21/compute/v2.1/flavors?marker=42 0.145s
2024-10-12 10:54:05.911 62110 INFO tempest.lib.common.rest_client [req-f9a09c06-9eb5-47f5-9504-d34a0bb90478 req-f9a09c06-9eb5-47f5-9504-d34a0bb90478 ] Request (AttachVolumeTestJSON:setUpClass): 200 GET http://10.180.1.21/identity/v3/domains?name=Default 0.024s
2024-10-12 10:54:05.932 62060 INFO tempest.lib.common.rest_client [req-dcc43fdc-43f2-451d-8f21-d8a11cdab083 req-dcc43fdc-43f2-451d-8f21-d8a11cdab083 ] Request (SecurityGroupsTestJSON:test_server_security_groups): 200 GET http://10.180.1.21/compute/v2.1/servers/7a93d1c2-20d6-438e-bc42-1f9aa0219f91 0.212s
2024-10-12 10:54:05.946 62110 INFO tempest.lib.common.rest_client [req-b425d98d-284c-4189-91c4-56c9a1525c74 req-b425d98d-284c-4189-91c4-56c9a1525c74 ] Request (AttachVolumeTestJSON:setUpClass): 201 POST http://10.180.1.21/identity/v3/projects 0.034s
2024-10-12 10:54:05.965 62080 INFO tempest.lib.common.rest_client [req-4c367eaa-1a07-4343-9421-a238673bb4c4 req-4c367eaa-1a07-4343-9421-a238673bb4c4 ] Request (TenantUsagesTestJSON:setUpClass): 200 GET http://10.180.1.21/compute/v2.1/servers/95635ec3-cbfd-4dc0-a595-02062a0bda6e 0.175s
2024-10-12 10:54:06.005 62110 INFO tempest.lib.common.rest_client [req-b923e927-75ab-46ed-bb6f-f16e7ed9e032 req-b923e927-75ab-46ed-bb6f-f16e7ed9e032 ] Request (AttachVolumeTestJSON:setUpClass): 201 POST http://10.180.1.21/identity/v3/users 0.058s
2024-10-12 10:54:06.005 62086 INFO tempest.lib.common.rest_client [req-f610571a-efc8-495a-9331-a50212a89ea4 req-f610571a-efc8-495a-9331-a50212a89ea4 ] Request (AttachInterfacesUnderV243Test:test_add_remove_fixed_ip): 200 GET http://10.180.1.21/compute/v2.1/servers/ad02e0c7-3d12-48ad-a393-26749fd8c502 0.171s
2024-10-12 10:54:06.029 62062 INFO tempest.lib.common.rest_client [req-ddb8ef2d-32d2-438a-9eab-f7ac9d42e620 req-ddb8ef2d-32d2-438a-9eab-f7ac9d42e620 ] Request (ServersTestJSON:setUpClass): 200 GET http://10.180.1.21/compute/v2.1/servers/e7ba3a8d-4bd0-4d78-861f-866ce2ade0cb 0.155s
2024-10-12 10:54:06.029 62110 INFO tempest.lib.common.rest_client [req-ffd37c63-9ba5-46ff-b768-2455d4a20d7d req-ffd37c63-9ba5-46ff-b768-2455d4a20d7d ] Request (AttachVolumeTestJSON:setUpClass): 200 GET http://10.180.1.21/identity/v3/roles 0.023s
2024-10-12 10:54:06.046 62082 INFO tempest.lib.common.rest_client [req-1ad2abe0-8f04-43df-8221-12e5512ac58e req-1ad2abe0-8f04-43df-8221-12e5512ac58e ] Request (FlavorsV2TestJSON:test_list_flavors_with_detail): 200 GET http://10.180.1.21/compute/v2.1/flavors/detail 0.136s
2024-10-12 10:54:06.071 62110 INFO tempest.lib.common.rest_client [req-056958ba-d2cd-4f71-8acd-05e989955bc8 req-056958ba-d2cd-4f71-8acd-05e989955bc8 ] Request (AttachVolumeTestJSON:setUpClass): 204 PUT http://10.180.1.21/identity/v3/projects/858b5ed95401468fbf97c4000f7302a5/users/d05e42bfa416428d81c19861b11eea2e/roles/ce12846925a449cc89ab4ef1e8e22a12 0.042s
2024-10-12 10:54:06.072 62110 INFO tempest.lib.common.dynamic_creds [-] Dynamic test user d05e42bfa416428d81c19861b11eea2e is created with scope project and roles: ['member']
2024-10-12 10:54:06.072 62110 INFO tempest.lib.common.dynamic_creds [-] Acquired dynamic creds: credentials: Credentials: {'domain_id': 'default', 'domain_name': 'Default', 'username': 'tempest-AttachVolumeTestJSON-1146451136-project-member', 'project_domain_id': 'default', 'project_domain_name': 'Default', 'project_id': '858b5ed95401468fbf97c4000f7302a5', 'project_name': 'tempest-AttachVolumeTestJSON-1146451136', 'tenant_id': '858b5ed95401468fbf97c4000f7302a5', 'tenant_name': 'tempest-AttachVolumeTestJSON-1146451136', 'user_domain_id': 'default', 'user_domain_name': 'Default', 'user_id': 'd05e42bfa416428d81c19861b11eea2e', 'system': None}, Network: None, Subnet: None, Router: None
2024-10-12 10:54:06.088 62106 INFO tempest.lib.common.rest_client [req-4eeab1c7-7d9d-4974-a817-91e3f1aa58f5 req-4eeab1c7-7d9d-4974-a817-91e3f1aa58f5 ] Request (ServerActionsV293TestJSON:setUpClass): 200 GET http://10.180.1.21/compute/v2.1/servers/002a7370-024d-4959-a56d-1a13c260f60e 0.197s
2024-10-12 10:54:06.128 62104 INFO tempest.lib.common.rest_client [req-f8833acb-8eb6-4975-b960-f4a79561f473 req-f8833acb-8eb6-4975-b960-f4a79561f473 ] Request (ServersAdminNegativeTestJSON:setUpClass): 200 GET http://10.180.1.21/compute/v2.1/servers/a062288b-e785-4dec-98f2-358b54f3d327 0.194s
2024-10-12 10:54:06.139 62110 INFO tempest.lib.common.rest_client [req-7df1685b-2ad6-4dce-b633-17619297a01b req-7df1685b-2ad6-4dce-b633-17619297a01b ] Request (AttachVolumeTestJSON:setUpClass): 201 POST http://10.180.1.21/identity/v3/auth/tokens 0.066s
2024-10-12 10:54:06.158 62090 INFO tempest.lib.common.rest_client [req-43ba3ccf-b2d1-41ea-b142-3ee0f21118fa req-43ba3ccf-b2d1-41ea-b142-3ee0f21118fa ] Request (ServersV294TestFqdnHostnames:setUpClass): 200 GET http://10.180.1.21/compute/v2.1/servers/9ce52867-d547-401e-993d-0053eb9da4c4 0.212s
2024-10-12 10:54:06.167 62082 INFO tempest.lib.common.rest_client [req-59a9fb60-b24b-4b75-996c-3fc1ac323145 req-59a9fb60-b24b-4b75-996c-3fc1ac323145 ] Request (FlavorsV2TestJSON:test_list_flavors_with_detail): 200 GET http://10.180.1.21/compute/v2.1/flavors/42 0.117s
2024-10-12 10:54:06.203 62070 INFO tempest.lib.common.rest_client [req-827f208e-61e3-4ab4-bfbc-c075c3139f4c req-827f208e-61e3-4ab4-bfbc-c075c3139f4c ] Request (AttachInterfacesTestJSON:test_create_list_show_delete_interfaces_by_fixed_ip): 200 GET http://10.180.1.21/compute/v2.1/servers/35c3e1eb-6b98-42f7-8f92-420560feba92 0.192s
2024-10-12 10:54:06.239 62100 INFO tempest.lib.common.rest_client [req-44cbf3ba-3829-48be-bab8-46390cb3bbde req-44cbf3ba-3829-48be-bab8-46390cb3bbde ] Request (MigrationsAdminTest:test_resize_server_revert_deleted_flavor): 200 GET http://10.180.1.21/compute/v2.1/servers/8aeeb8e9-e1ab-463b-bc16-ca68571882aa 0.168s
2024-10-12 10:54:06.269 62082 INFO tempest.lib.common.rest_client [req-56da18bb-c992-416a-a779-0ac5f152b40b req-56da18bb-c992-416a-a779-0ac5f152b40b ] Request (FlavorsV2TestJSON:tearDownClass): 204 DELETE http://10.180.1.21/identity/v3/users/d9cfd7d2796e4efcb1ff8747984a34f8 0.096s
2024-10-12 10:54:06.269 62082 INFO tempest.lib.common.dynamic_creds [-] Deleting project and security group for project: 02b8083ec31f400badcba32e80c35769
2024-10-12 10:54:06.271 62096 INFO tempest.lib.common.rest_client [req-7ddf4a9b-c589-4642-8a0f-4b9d07622caf req-7ddf4a9b-c589-4642-8a0f-4b9d07622caf ] Request (ListServerFiltersTestJSON:setUpClass): 201 POST http://10.180.1.21:9696/networking/v2.0/networks 0.559s
2024-10-12 10:54:06.287 62102 INFO tempest.lib.common.rest_client [req-872f9a30-5269-4e0d-8e1d-a0463fc010e5 req-872f9a30-5269-4e0d-8e1d-a0463fc010e5 ] Request (ServerExternalEventsTest:test_create_server_external_events): 200 GET http://10.180.1.21/compute/v2.1/servers/ed4352e2-3321-4a05-8a3f-a02e375ecbfb 0.136s
2024-10-12 10:54:06.313 62116 INFO tempest.lib.common.rest_client [req-d909d41e-170a-4797-9900-67c3e5c9c2d0 req-d909d41e-170a-4797-9900-67c3e5c9c2d0 ] Request (ServersTestFqdnHostnames:test_create_server_with_fqdn_name): 200 GET http://10.180.1.21/compute/v2.1/servers/6e2190ac-d287-4810-9d43-740e62ae7b56 0.101s
2024-10-12 10:54:06.338 62082 INFO tempest.lib.common.rest_client [req-d8c2d97a-67bc-4890-be32-5ca77b45ff87 req-d8c2d97a-67bc-4890-be32-5ca77b45ff87 ] Request (FlavorsV2TestJSON:tearDownClass): 201 POST http://10.180.1.21/identity/v3/auth/tokens 0.068s
2024-10-12 10:54:06.386 62066 INFO tempest.lib.common.rest_client [req-f430048c-ef86-4820-8c51-1bfd32d51348 req-f430048c-ef86-4820-8c51-1bfd32d51348 ] Request (ServersTestManualDisk:setUpClass): 200 GET http://10.180.1.21/compute/v2.1/servers/51d54995-0d13-4560-bdd6-7d9f9f5210dd 0.075s
2024-10-12 10:54:06.434 62064 INFO tempest.lib.common.rest_client [req-e1d3ef23-a0ca-4277-87c8-cc59a257afa9 req-e1d3ef23-a0ca-4277-87c8-cc59a257afa9 ] Request (VolumesAdminNegativeTest:setUpClass): 201 POST http://10.180.1.21:9696/networking/v2.0/routers 0.833s
2024-10-12 10:54:06.436 62114 INFO tempest.lib.common.rest_client [req-0288d421-ab04-492d-8e0a-f04815ae457b req-0288d421-ab04-492d-8e0a-f04815ae457b ] Request (DeleteServersAdminTestJSON:test_delete_server_while_in_error_state): 200 GET http://10.180.1.21/compute/v2.1/servers/46b484d0-1e87-4438-9791-e8199c76d21f 0.068s
2024-10-12 10:54:06.532 62058 INFO tempest.lib.common.rest_client [req-14a68c99-358d-4679-b3ec-5bb76aa1d417 req-14a68c99-358d-4679-b3ec-5bb76aa1d417 ] Request (ImagesTestJSON:test_create_image_from_stopped_server): 200 GET http://10.180.1.21/compute/v2.1/servers/5c80ad4d-0fa1-4003-a6a1-2c9039ad679c 0.092s
2024-10-12 10:54:06.652 62110 INFO tempest.lib.common.rest_client [req-32e7cbb9-5d88-4fef-9895-d76e90972497 req-32e7cbb9-5d88-4fef-9895-d76e90972497 ] Request (AttachVolumeTestJSON:setUpClass): 201 POST http://10.180.1.21:9696/networking/v2.0/networks 0.513s
2024-10-12 10:54:06.709 62082 INFO tempest.lib.common.rest_client [req-00726cf1-4948-4fe2-8f22-457bd0182c5f req-00726cf1-4948-4fe2-8f22-457bd0182c5f ] Request (FlavorsV2TestJSON:tearDownClass): 200 GET http://10.180.1.21:9696/networking/v2.0/security-groups?tenant_id=02b8083ec31f400badcba32e80c35769&name=default 0.370s
2024-10-12 10:54:06.777 62094 INFO tempest.lib.common.rest_client [req-cae00982-6e38-4515-a787-52d83dce81e8 req-cae00982-6e38-4515-a787-52d83dce81e8 ] Request (ImagesOneServerNegativeTestJSON:setUpClass): 200 GET http://10.180.1.21/compute/v2.1/servers/b4dd79b0-5dbb-4f12-9736-d8bc9f828f5d 0.278s
2024-10-12 10:54:06.785 62118 INFO tempest.lib.common.rest_client [req-ff8ec8b4-6d7a-4a28-9271-7c36af4f25f2 req-ff8ec8b4-6d7a-4a28-9271-7c36af4f25f2 ] Request (ServersAaction247Test:test_create_backup): 200 GET http://10.180.1.21/compute/v2.1/servers/de5a46be-193a-40d8-aeba-d5d4de24ef95 0.203s
2024-10-12 10:54:06.807 62096 INFO tempest.lib.common.rest_client [req-38f619d8-f46b-4a5b-a60d-477978c28e63 req-38f619d8-f46b-4a5b-a60d-477978c28e63 ] Request (ListServerFiltersTestJSON:setUpClass): 201 POST http://10.180.1.21:9696/networking/v2.0/subnets 0.535s
2024-10-12 10:54:06.807 62096 INFO tempest.lib.common.dynamic_creds [-] Created isolated network resources for: credentials: Credentials: {'domain_id': 'default', 'domain_name': 'Default', 'username': 'tempest-ListServerFiltersTestJSON-1081037889-project-member', 'project_domain_id': 'default', 'project_domain_name': 'Default', 'project_id': '4ad43bb71692464ea67ffe9519858f51', 'project_name': 'tempest-ListServerFiltersTestJSON-1081037889', 'tenant_id': '4ad43bb71692464ea67ffe9519858f51', 'tenant_name': 'tempest-ListServerFiltersTestJSON-1081037889', 'user_domain_id': 'default', 'user_domain_name': 'Default', 'user_id': '1b131826ac644a639a28c4db774bee92', 'system': None}, Network: {'id': '8afd4e42-8d88-47a6-91a7-ed44f56889a2', 'name': 'tempest-ListServerFiltersTestJSON-2036812831-network', 'tenant_id': '4ad43bb71692464ea67ffe9519858f51', 'admin_state_up': True, 'mtu': 8950, 'status': 'ACTIVE', 'subnets': [], 'shared': False, 'project_id': '4ad43bb71692464ea67ffe9519858f51', 'port_security_enabled': True, 'router:external': False, 'provider:network_type': 'vlan', 'provider:physical_network': 'default', 'provider:segmentation_id': 767, 'is_default': False, 'availability_zone_hints': [], 'availability_zones': [], 'ipv4_address_scope': None, 'ipv6_address_scope': None, 'description': '', 'tags': [], 'created_at': '2024-10-12T10:54:06Z', 'updated_at': '2024-10-12T10:54:06Z', 'revision_number': 1}, Subnet: {'id': '0fabe16f-7922-425a-ac3b-340ca6051df4', 'name': 'tempest-ListServerFiltersTestJSON-2036812831-subnet', 'tenant_id': '4ad43bb71692464ea67ffe9519858f51', 'network_id': '8afd4e42-8d88-47a6-91a7-ed44f56889a2', 'ip_version': 4, 'subnetpool_id': None, 'enable_dhcp': True, 'ipv6_ra_mode': None, 'ipv6_address_mode': None, 'gateway_ip': '192.168.128.1', 'cidr': '192.168.128.0/28', 'allocation_pools': [{'start': '192.168.128.2', 'end': '192.168.128.14'}], 'host_routes': [], 'dns_nameservers': [], 'description': '', 'router:external': False, 'service_types': [], 'tags': [], 'created_at': '2024-10-12T10:54:06Z', 'updated_at': '2024-10-12T10:54:06Z', 'revision_number': 0, 'project_id': '4ad43bb71692464ea67ffe9519858f51'}, Router: None
2024-10-12 10:54:06.891 62092 INFO tempest.lib.common.rest_client [req-9898784d-3d06-4297-9bc7-156a04e1edc1 req-9898784d-3d06-4297-9bc7-156a04e1edc1 ] Request (ListImageFiltersTestJSON:setUpClass): 200 GET http://10.180.1.21/compute/v2.1/servers/fb4c4bbf-ca9c-4584-bd1d-83e5e81e6c7e 0.221s
2024-10-12 10:54:06.905 62088 INFO tempest.lib.common.rest_client [req-d77890bb-2c4c-472d-8beb-fffe8ea78169 req-d77890bb-2c4c-472d-8beb-fffe8ea78169 ] Request (ServerTagsTestJSON:setUpClass): 200 GET http://10.180.1.21/compute/v2.1/servers/9b87db2b-e7b0-4677-b70f-f2fb1d6d3c4e 0.285s
2024-10-12 10:54:06.908 62096 INFO tempest.lib.common.rest_client [req-676ab420-d0be-4ccb-8800-7f323f129998 req-676ab420-d0be-4ccb-8800-7f323f129998 ] Request (ListServerFiltersTestJSON:setUpClass): 201 POST http://10.180.1.21/identity/v3/auth/tokens 0.094s
2024-10-12 10:54:06.922 62082 INFO tempest.lib.common.rest_client [req-843fa918-a22e-470c-8f7b-cba50aaef7fb req-843fa918-a22e-470c-8f7b-cba50aaef7fb ] Request (FlavorsV2TestJSON:tearDownClass): 204 DELETE http://10.180.1.21:9696/networking/v2.0/security-groups/d6c49ba9-29b0-48f5-8284-800f71b90c80 0.212s
2024-10-12 10:54:06.938 62110 INFO tempest.lib.common.rest_client [req-53b7e0f7-7ba5-4d92-a5e7-7f604f6a35bb req-53b7e0f7-7ba5-4d92-a5e7-7f604f6a35bb ] Request (AttachVolumeTestJSON:setUpClass): 201 POST http://10.180.1.21:9696/networking/v2.0/subnets 0.284s
2024-10-12 10:54:06.940 62096 INFO tempest.lib.common.rest_client [req-1aefbcb7-7fa9-4045-945f-718483ede850 req-1aefbcb7-7fa9-4045-945f-718483ede850 ] Request (ListServerFiltersTestJSON:setUpClass): 201 POST http://10.180.1.21/identity/v3/auth/tokens 0.025s
2024-10-12 10:54:06.941 62096 INFO tempest.lib.common.fixed_network [-] (ListServerFiltersTestJSON:setUpClass) Found network {'id': '8afd4e42-8d88-47a6-91a7-ed44f56889a2', 'name': 'tempest-ListServerFiltersTestJSON-2036812831-network', 'tenant_id': '4ad43bb71692464ea67ffe9519858f51', 'admin_state_up': True, 'mtu': 8950, 'status': 'ACTIVE', 'subnets': [], 'shared': False, 'project_id': '4ad43bb71692464ea67ffe9519858f51', 'port_security_enabled': True, 'router:external': False, 'provider:network_type': 'vlan', 'provider:physical_network': 'default', 'provider:segmentation_id': 767, 'is_default': False, 'availability_zone_hints': [], 'availability_zones': [], 'ipv4_address_scope': None, 'ipv6_address_scope': None, 'description': '', 'tags': [], 'created_at': '2024-10-12T10:54:06Z', 'updated_at': '2024-10-12T10:54:06Z', 'revision_number': 1} available for tenant
2024-10-12 10:54:06.978 62072 INFO tempest.lib.common.rest_client [req-1ee127bf-405f-49fd-9a9e-ef7af2cf03ae req-1ee127bf-405f-49fd-9a9e-ef7af2cf03ae ] Request (ServerActionsTestOtherB:setUpClass): 200 GET http://10.180.1.21/compute/v2.1/servers/507a2e12-55a1-4d2c-b3d2-577914cc245e 0.287s
