2024-10-12 10:54:45.655 62084 INFO tempest.lib.common.rest_client [req-0de150be-f6b6-4f11-b3d9-c128ccdc7cd1 req-0de150be-f6b6-4f11-b3d9-c128ccdc7cd1 ] Request (ServerShowV247Test:setUpClass): 201 POST http://10.180.1.21/identity/v3/auth/tokens 0.076s
2024-10-12 10:54:45.668 62080 INFO tempest.lib.common.rest_client [req-bfaec25f-1ca4-48cf-8606-2c78ca5f3406 req-bfaec25f-1ca4-48cf-8606-2c78ca5f3406 ] Request (TenantUsagesTestJSON:setUpClass): 200 GET http://10.180.1.21/compute/v2.1/servers/95635ec3-cbfd-4dc0-a595-02062a0bda6e 0.255s
2024-10-12 10:54:45.677 62080 INFO tempest.common.waiters [-] State transition "BUILD/networking" ==> "BUILD/block_device_mapping" after 72 second wait
2024-10-12 10:54:45.693 62086 INFO tempest.lib.common.rest_client [req-2414f771-eaea-41de-a41b-3399d7051fbc req-2414f771-eaea-41de-a41b-3399d7051fbc ] Request (AttachInterfacesUnderV243Test:test_add_remove_fixed_ip): 200 GET http://10.180.1.21/compute/v2.1/servers/ad02e0c7-3d12-48ad-a393-26749fd8c502 0.150s
2024-10-12 10:54:45.697 62084 INFO tempest.lib.common.rest_client [req-5bb9c089-5107-49d0-a701-f7bec22b54fb req-5bb9c089-5107-49d0-a701-f7bec22b54fb ] Request (ServerShowV247Test:setUpClass): 200 GET http://10.180.1.21/identity/v3/projects/0ed68bf2ff4a474b961859e244614c9e 0.042s
2024-10-12 10:54:45.697 62084 INFO tempest.lib.common.dynamic_creds [-] Using the existing project 0ed68bf2ff4a474b961859e244614c9e for scope project and roles: ['reader']
2024-10-12 10:54:45.725 62084 INFO tempest.lib.common.rest_client [req-5f790ae8-c324-4b2e-a68d-9708e447fc42 req-5f790ae8-c324-4b2e-a68d-9708e447fc42 ] Request (ServerShowV247Test:setUpClass): 201 POST http://10.180.1.21/identity/v3/users 0.027s
2024-10-12 10:54:45.743 62100 INFO tempest.lib.common.rest_client [req-5bf1c9f6-d650-42c2-976a-6ed4cdeffe14 req-5bf1c9f6-d650-42c2-976a-6ed4cdeffe14 ] Request (MigrationsAdminTest:test_resize_server_revert_deleted_flavor): 200 GET http://10.180.1.21/compute/v2.1/servers/8aeeb8e9-e1ab-463b-bc16-ca68571882aa 0.175s
2024-10-12 10:54:45.745 62084 INFO tempest.lib.common.rest_client [req-fecfde5c-50bf-42c2-8d1b-383880b31186 req-fecfde5c-50bf-42c2-8d1b-383880b31186 ] Request (ServerShowV247Test:setUpClass): 200 GET http://10.180.1.21/identity/v3/roles 0.019s
2024-10-12 10:54:45.756 62062 INFO tempest.lib.common.rest_client [req-521f6e5d-00c5-4d29-8277-a6aaf6a0321a req-521f6e5d-00c5-4d29-8277-a6aaf6a0321a ] Request (ServerActionsTestJSON:setUpClass): 201 POST http://10.180.1.21:9696/networking/v2.0/routers 1.406s
2024-10-12 10:54:45.764 62070 INFO tempest.lib.common.rest_client [req-3cfd8224-24b9-4294-b748-6d1cb3d075a9 req-3cfd8224-24b9-4294-b748-6d1cb3d075a9 ] Request (AttachInterfacesTestJSON:test_create_list_show_delete_interfaces_by_fixed_ip): 200 GET http://10.180.1.21/compute/v2.1/servers/35c3e1eb-6b98-42f7-8f92-420560feba92 0.147s
2024-10-12 10:54:45.771 62084 INFO tempest.lib.common.rest_client [req-166d5eaf-9449-45a3-8694-fdd2edb15cf2 req-166d5eaf-9449-45a3-8694-fdd2edb15cf2 ] Request (ServerShowV247Test:setUpClass): 204 PUT http://10.180.1.21/identity/v3/projects/0ed68bf2ff4a474b961859e244614c9e/users/e15462610c7646189847bc328462d807/roles/f9c337d56bc04738a3bc6a84bd579c17 0.026s
2024-10-12 10:54:45.771 62084 INFO tempest.lib.common.dynamic_creds [-] Dynamic test user e15462610c7646189847bc328462d807 is created with scope project and roles: ['reader']
2024-10-12 10:54:45.771 62084 INFO tempest.lib.common.dynamic_creds [-] Acquired dynamic creds: credentials: Credentials: {'domain_id': 'default', 'domain_name': 'Default', 'username': 'tempest-ServerShowV247Test-677901683-project-reader', 'project_domain_id': 'default', 'project_domain_name': 'Default', 'project_id': '0ed68bf2ff4a474b961859e244614c9e', 'project_name': 'tempest-ServerShowV247Test-677901683', 'tenant_id': '0ed68bf2ff4a474b961859e244614c9e', 'tenant_name': 'tempest-ServerShowV247Test-677901683', 'user_domain_id': 'default', 'user_domain_name': 'Default', 'user_id': 'e15462610c7646189847bc328462d807', 'system': None}, Network: None, Subnet: None, Router: None
2024-10-12 10:54:45.771 62084 INFO tempest.lib.common.dynamic_creds [-] Network resources are not created for requested scope: project and credentials: Credentials: {'domain_id': 'default', 'domain_name': 'Default', 'username': 'tempest-ServerShowV247Test-677901683-project-reader', 'project_domain_id': 'default', 'project_domain_name': 'Default', 'project_id': '0ed68bf2ff4a474b961859e244614c9e', 'project_name': 'tempest-ServerShowV247Test-677901683', 'tenant_id': '0ed68bf2ff4a474b961859e244614c9e', 'tenant_name': 'tempest-ServerShowV247Test-677901683', 'user_domain_id': 'default', 'user_domain_name': 'Default', 'user_id': 'e15462610c7646189847bc328462d807', 'system': None}, Network: None, Subnet: None, Router: None
2024-10-12 10:54:45.774 62070 INFO tempest.common.waiters [-] State transition "BUILD/scheduling" ==> "ERROR/None" after 75 second wait
2024-10-12 10:54:45.812 62090 INFO tempest.lib.common.rest_client [req-bb6f6762-1556-411a-a9d7-80274bfc8faf req-bb6f6762-1556-411a-a9d7-80274bfc8faf ] Request (ServersV294TestFqdnHostnames:setUpClass): 200 GET http://10.180.1.21/compute/v2.1/servers/9ce52867-d547-401e-993d-0053eb9da4c4 0.139s
2024-10-12 10:54:45.828 62106 INFO tempest.lib.common.rest_client [req-324f8a33-8ace-4373-a09d-8daf7d83db88 req-324f8a33-8ace-4373-a09d-8daf7d83db88 ] Request (ServerActionsV293TestJSON:setUpClass): 200 GET http://10.180.1.21/compute/v2.1/servers/002a7370-024d-4959-a56d-1a13c260f60e 0.101s
2024-10-12 10:54:45.841 62084 INFO tempest.lib.common.rest_client [req-ea22caf9-35ff-4d79-8226-1d6a7d016c29 req-ea22caf9-35ff-4d79-8226-1d6a7d016c29 ] Request (ServerShowV247Test:setUpClass): 201 POST http://10.180.1.21/identity/v3/auth/tokens 0.066s
2024-10-12 10:54:45.867 62064 INFO tempest.lib.common.rest_client [req-de3ee19c-5692-46e3-b75d-fc5187be8692 req-de3ee19c-5692-46e3-b75d-fc5187be8692 ] Request (VolumesAdminNegativeTest:test_update_attached_volume_with_nonexistent_volume_in_body): 200 GET http://10.180.1.21/compute/v2.1/servers/f525feb8-d24a-4f89-b640-471163d181ef 0.105s
2024-10-12 10:54:45.901 62084 INFO tempest.lib.common.rest_client [req-b1509b16-8fc5-409c-a2e8-02973125b3cd req-b1509b16-8fc5-409c-a2e8-02973125b3cd ] Request (ServerShowV247Test:test_show_server): 201 POST http://10.180.1.21/identity/v3/auth/tokens 0.057s
2024-10-12 10:54:45.902 62084 INFO tempest.lib.common.fixed_network [-] (ServerShowV247Test:test_show_server) Found network None available for tenant
2024-10-12 10:54:45.935 62058 INFO tempest.lib.common.rest_client [req-95520789-57ac-4574-9d43-56ee57eb6731 req-95520789-57ac-4574-9d43-56ee57eb6731 ] Request (ImagesTestJSON:test_create_image_from_suspended_server): 200 GET http://10.180.1.21/compute/v2.1/servers/61d1f216-7ff1-419d-b415-3dce3537b1b4 0.110s
2024-10-12 10:54:45.985 62082 INFO tempest.lib.common.rest_client [req-a460b390-db2e-4bbd-97ee-85a7c3a6b031 req-a460b390-db2e-4bbd-97ee-85a7c3a6b031 ] Request (InstanceActionsTestJSON:setUpClass): 200 GET http://10.180.1.21/compute/v2.1/servers/d889d359-f767-4853-8092-070e7656c284 0.152s
2024-10-12 10:54:46.025 62070 INFO tempest.lib.common.rest_client [req-4b8814cc-f674-49df-9033-def0601e7198 req-4b8814cc-f674-49df-9033-def0601e7198 ] Request (AttachInterfacesTestJSON:test_create_list_show_delete_interfaces_by_fixed_ip): 204 DELETE http://10.180.1.21/compute/v2.1/servers/35c3e1eb-6b98-42f7-8f92-420560feba92 0.251s
2024-10-12 10:54:46.041 62116 INFO tempest.lib.common.rest_client [req-c238364b-abfb-4dbe-9660-ddf466561de4 req-c238364b-abfb-4dbe-9660-ddf466561de4 ] Request (ServersTestFqdnHostnames:test_create_server_with_fqdn_name): 200 GET http://10.180.1.21/compute/v2.1/servers/6e2190ac-d287-4810-9d43-740e62ae7b56 0.153s
2024-10-12 10:54:46.102 62094 INFO tempest.lib.common.rest_client [req-92e40087-13e1-4c0b-8af1-0f654e0bc89b req-92e40087-13e1-4c0b-8af1-0f654e0bc89b ] Request (ImagesOneServerNegativeTestJSON:setUpClass): 200 GET http://10.180.1.21/compute/v2.1/servers/b4dd79b0-5dbb-4f12-9736-d8bc9f828f5d 0.109s
2024-10-12 10:54:46.158 62114 INFO tempest.lib.common.rest_client [req-aae7a943-9b40-411e-99b0-816d4427719f req-aae7a943-9b40-411e-99b0-816d4427719f ] Request (DeleteServersAdminTestJSON:test_delete_server_while_in_error_state): 200 GET http://10.180.1.21/compute/v2.1/servers/46b484d0-1e87-4438-9791-e8199c76d21f 0.159s
2024-10-12 10:54:46.179 62070 INFO tempest.lib.common.rest_client [req-3fae34a9-a635-4fcc-8658-18b1cc0e5ecf req-3fae34a9-a635-4fcc-8658-18b1cc0e5ecf ] Request (AttachInterfacesTestJSON:test_create_list_show_delete_interfaces_by_fixed_ip): 404 GET http://10.180.1.21/compute/v2.1/servers/35c3e1eb-6b98-42f7-8f92-420560feba92 0.153s
2024-10-12 10:54:46.212 62084 INFO tempest.lib.common.rest_client [req-1bf67c5e-b5c2-4c56-b35a-ca55da28b585 req-1bf67c5e-b5c2-4c56-b35a-ca55da28b585 ] Request (ServerShowV247Test:test_show_server): 202 POST http://10.180.1.21/compute/v2.1/servers 0.309s
2024-10-12 10:54:46.229 62120 INFO tempest.lib.common.rest_client [req-dad6b35c-82f4-47ab-ad08-cbd0507f6aa6 req-dad6b35c-82f4-47ab-ad08-cbd0507f6aa6 ] Request (AttachVolumeNegativeTest:test_attach_attached_volume_to_different_server): 200 GET http://10.180.1.21/compute/v2.1/servers/037dd0ba-0d50-4c46-8947-7df3ca19e1c1 0.172s
2024-10-12 10:54:46.283 62092 INFO tempest.lib.common.rest_client [req-7763a2a7-e40c-499e-92d5-1d181c384294 req-7763a2a7-e40c-499e-92d5-1d181c384294 ] Request (ListImageFiltersTestJSON:setUpClass): 200 GET http://10.180.1.21/compute/v2.1/servers/fb4c4bbf-ca9c-4584-bd1d-83e5e81e6c7e 0.196s
2024-10-12 10:54:46.299 62074 INFO tempest.lib.common.rest_client [req-eb96767c-3c27-4566-a88d-a908b6d3b6f2 req-eb96767c-3c27-4566-a88d-a908b6d3b6f2 ] Request (ServerDiagnosticsNegativeTest:test_get_server_diagnostics_by_non_admin): 200 GET http://10.180.1.21/compute/v2.1/servers/496f00ef-7487-45d9-9356-529f9390544f 0.154s
2024-10-12 10:54:46.304 62070 INFO tempest.lib.common.rest_client [req-4b5e63cb-ce60-471e-8290-9bee7360e169 req-4b5e63cb-ce60-471e-8290-9bee7360e169 ] Request (AttachInterfacesTestJSON:_run_cleanups): 202 DELETE http://10.180.1.21/compute/v2.1/os-keypairs/tempest-keypair-2119019684 0.123s
2024-10-12 10:54:46.349 62110 INFO tempest.lib.common.rest_client [req-13a29f33-e48d-4f50-b504-ba6a32e7dd20 req-13a29f33-e48d-4f50-b504-ba6a32e7dd20 ] Request (AttachVolumeTestJSON:test_attach_detach_volume): 200 GET http://10.180.1.21/compute/v2.1/servers/9942dd4b-8c04-40ac-b9f4-318b13902535 0.163s
2024-10-12 10:54:46.385 62084 INFO tempest.lib.common.rest_client [req-ba7c0926-5109-446e-bfa4-caf82a3e295b req-ba7c0926-5109-446e-bfa4-caf82a3e295b ] Request (ServerShowV247Test:test_show_server): 200 GET http://10.180.1.21/compute/v2.1/servers/3f89fb2d-99c1-4cf7-83aa-db033211a2ce 0.172s
2024-10-12 10:54:46.416 62068 INFO tempest.lib.common.rest_client [req-cb68e637-02c2-45ea-afad-bf578ca4e062 req-cb68e637-02c2-45ea-afad-bf578ca4e062 ] Request (ServerShowV257Test:test_rebuild_server): 200 GET http://10.180.1.21/compute/v2.1/servers/e758c89f-e5e2-42e0-926e-c629cb496a89 0.164s
2024-10-12 10:54:46.445 62060 INFO tempest.lib.common.rest_client [req-04650446-c9be-421a-9d84-0c9e87c4552d req-04650446-c9be-421a-9d84-0c9e87c4552d ] Request (SecurityGroupsTestJSON:test_server_security_groups): 200 GET http://10.180.1.21/compute/v2.1/servers/7a93d1c2-20d6-438e-bc42-1f9aa0219f91 0.151s
2024-10-12 10:54:46.446 62084 INFO tempest.lib.common.rest_client [req-b18bc3de-e574-480b-bb56-4e969a5d7849 req-b18bc3de-e574-480b-bb56-4e969a5d7849 ] Request (ServerShowV247Test:test_update_rebuild_list_server): 201 POST http://10.180.1.21/identity/v3/auth/tokens 0.044s
2024-10-12 10:54:46.446 62084 INFO tempest.lib.common.fixed_network [-] (ServerShowV247Test:test_update_rebuild_list_server) Found network None available for tenant
2024-10-12 10:54:46.473 62070 INFO tempest.lib.common.rest_client [req-0ba24e5d-a956-4c36-a92a-f8e88f639086 req-0ba24e5d-a956-4c36-a92a-f8e88f639086 ] Request (AttachInterfacesTestJSON:_run_cleanups): 204 DELETE http://10.180.1.21:9696/networking/v2.0/security-groups/9e417828-d118-46ed-bcb1-a2d6f63b758e 0.168s
2024-10-12 10:54:46.480 62076 INFO tempest.lib.common.rest_client [req-fd2feb53-8ca8-44ab-af2e-570bbe7ee290 req-fd2feb53-8ca8-44ab-af2e-570bbe7ee290 ] Request (InstanceActionsV221TestJSON:test_get_list_deleted_instance_actions): 200 GET http://10.180.1.21/compute/v2.1/servers/3cd00254-b61b-498a-946b-ff2028230e25 0.123s
2024-10-12 10:54:46.488 62070 INFO tempest.lib.common.rest_client [req-84e2b789-0539-4088-82ee-13349e579b4d req-84e2b789-0539-4088-82ee-13349e579b4d ] Request (AttachInterfacesTestJSON:_run_cleanups): 404 GET http://10.180.1.21:9696/networking/v2.0/security-groups/9e417828-d118-46ed-bcb1-a2d6f63b758e 0.015s
2024-10-12 10:54:46.507 62112 INFO tempest.lib.common.rest_client [req-1f68ea1d-8522-471e-8b98-35ca92816a19 req-1f68ea1d-8522-471e-8b98-35ca92816a19 ] Request (ServerDiskConfigTestJSON:test_rebuild_server_with_manual_disk_config): 200 GET http://10.180.1.21/compute/v2.1/servers/e56a6950-f842-45fb-a0a0-0defe3b3c30f 0.094s
2024-10-12 10:54:46.515 62112 INFO tempest.common.waiters [-] State transition "BUILD/scheduling" ==> "BUILD/None" after 66 second wait
2024-10-12 10:54:46.578 62096 INFO tempest.lib.common.rest_client [req-7aaf608b-7882-4197-950d-24cc5e42ac40 req-7aaf608b-7882-4197-950d-24cc5e42ac40 ] Request (ListServerFiltersTestJSON:setUpClass): 200 GET http://10.180.1.21/compute/v2.1/servers/204fd4be-4a16-4838-a30d-c78339b3834d 0.117s
2024-10-12 10:54:46.628 62084 INFO tempest.lib.common.rest_client [req-e1ba76d3-081a-450b-9852-23e9697a28d3 req-e1ba76d3-081a-450b-9852-23e9697a28d3 ] Request (ServerShowV247Test:test_update_rebuild_list_server): 202 POST http://10.180.1.21/compute/v2.1/servers 0.182s
2024-10-12 10:54:46.688 62078 INFO tempest.lib.common.rest_client [req-7c5ed47e-00a3-41fd-9805-8d0d2ee8cc95 req-7c5ed47e-00a3-41fd-9805-8d0d2ee8cc95 ] Request (MultipleCreateTestJSON:test_multiple_create): 200 GET http://10.180.1.21/compute/v2.1/servers/325a641d-2509-49e6-bfbc-0b2cb85c1ff9 0.139s
2024-10-12 10:54:46.697 62066 INFO tempest.lib.common.rest_client [req-65bee11d-ac9c-4658-ad9a-4cae16a899ca req-65bee11d-ac9c-4658-ad9a-4cae16a899ca ] Request (ServerRescueTestJSONUnderV235:setUpClass): 200 GET http://10.180.1.21/compute/v2.1/servers/329b3d0d-7007-40e3-a554-fbd0c7497b69 0.073s
2024-10-12 10:54:46.726 62084 INFO tempest.lib.common.rest_client [req-4faff1a0-3a7b-44bd-88eb-8786d2615503 req-4faff1a0-3a7b-44bd-88eb-8786d2615503 ] Request (ServerShowV247Test:test_update_rebuild_list_server): 200 PUT http://10.180.1.21/compute/v2.1/servers/9fd8e236-3556-4b95-952f-3c324b896e29 0.095s
2024-10-12 10:54:46.844 62070 INFO tempest.lib.common.rest_client [req-da8df8df-0791-49f7-867d-97dc9ea60e7f req-da8df8df-0791-49f7-867d-97dc9ea60e7f ] Request (AttachInterfacesTestJSON:_run_cleanups): 204 DELETE http://10.180.1.21:9696/networking/v2.0/floatingips/800379a5-3f1a-4299-bd12-c8a9ed6de7c4 0.355s
2024-10-12 10:54:46.905 62086 INFO tempest.lib.common.rest_client [req-39d6f7c1-690a-42dc-9545-69823aec913f req-39d6f7c1-690a-42dc-9545-69823aec913f ] Request (AttachInterfacesUnderV243Test:test_add_remove_fixed_ip): 200 GET http://10.180.1.21/compute/v2.1/servers/ad02e0c7-3d12-48ad-a393-26749fd8c502 0.200s
2024-10-12 10:54:46.956 62084 INFO tempest.lib.common.rest_client [req-3f7cc1dc-b5e4-498b-926b-2277603637ff req-3f7cc1dc-b5e4-498b-926b-2277603637ff ] Request (ServerShowV247Test:test_update_rebuild_list_server): 200 GET http://10.180.1.21/compute/v2.1/servers/9fd8e236-3556-4b95-952f-3c324b896e29 0.222s
2024-10-12 10:54:46.971 62062 INFO tempest.lib.common.rest_client [req-9c66996c-24d2-4e75-9dc2-fdae728c7845 req-9c66996c-24d2-4e75-9dc2-fdae728c7845 ] Request (ServerActionsTestJSON:setUpClass): 200 PUT http://10.180.1.21:9696/networking/v2.0/routers/a3ec4cbf-89f8-4ce7-8ee4-89a677b692b7/add_router_interface 1.214s
2024-10-12 10:54:46.971 62062 INFO tempest.lib.common.dynamic_creds [-] Created isolated network resources for: credentials: Credentials: {'domain_id': 'default', 'domain_name': 'Default', 'username': 'tempest-ServerActionsTestJSON-246940483-project-member', 'project_domain_id': 'default', 'project_domain_name': 'Default', 'project_id': '19a44b94e3b04227be288b3515f9abf0', 'project_name': 'tempest-ServerActionsTestJSON-246940483', 'tenant_id': '19a44b94e3b04227be288b3515f9abf0', 'tenant_name': 'tempest-ServerActionsTestJSON-246940483', 'user_domain_id': 'default', 'user_domain_name': 'Default', 'user_id': '7038212763254338b3560d1c36c14468', 'system': None}, Network: {'id': 'cf51b8f5-0566-4d4e-be66-83f728f4c996', 'name': 'tempest-ServerActionsTestJSON-1403086780-network', 'tenant_id': '19a44b94e3b04227be288b3515f9abf0', 'admin_state_up': True, 'mtu': 8950, 'status': 'ACTIVE', 'subnets': [], 'shared': False, 'project_id': '19a44b94e3b04227be288b3515f9abf0', 'port_security_enabled': True, 'router:external': False, 'provider:network_type': 'vlan', 'provider:physical_network': 'default', 'provider:segmentation_id': 517, 'is_default': False, 'availability_zone_hints': [], 'availability_zones': [], 'ipv4_address_scope': None, 'ipv6_address_scope': None, 'description': '', 'tags': [], 'created_at': '2024-10-12T10:54:44Z', 'updated_at': '2024-10-12T10:54:44Z', 'revision_number': 1}, Subnet: {'id': '6b5dc781-df43-4791-a4d2-eac5b89b19be', 'name': 'tempest-ServerActionsTestJSON-1403086780-subnet', 'tenant_id': '19a44b94e3b04227be288b3515f9abf0', 'network_id': 'cf51b8f5-0566-4d4e-be66-83f728f4c996', 'ip_version': 4, 'subnetpool_id': None, 'enable_dhcp': True, 'ipv6_ra_mode': None, 'ipv6_address_mode': None, 'gateway_ip': '192.168.128.1', 'cidr': '192.168.128.0/28', 'allocation_pools': [{'start': '192.168.128.2', 'end': '192.168.128.14'}], 'host_routes': [], 'dns_nameservers': [], 'description': '', 'router:external': False, 'service_types': [], 'tags': [], 'created_at': '2024-10-12T10:54:44Z', 'updated_at': '2024-10-12T10:54:44Z', 'revision_number': 0, 'project_id': '19a44b94e3b04227be288b3515f9abf0'}, Router: {'id': 'a3ec4cbf-89f8-4ce7-8ee4-89a677b692b7', 'name': 'tempest-ServerActionsTestJSON-1403086780-router', 'tenant_id': '19a44b94e3b04227be288b3515f9abf0', 'admin_state_up': True, 'status': 'ACTIVE', 'external_gateway_info': {'network_id': '3c018358-c85b-4592-a011-76daa33d21c0', 'external_fixed_ips': [{'subnet_id': '2fd20b4c-a38f-49b8-b073-a08d9d543e81', 'ip_address': '10.180.180.151'}], 'enable_snat': True}, 'description': '', 'availability_zones': [], 'distributed': False, 'ha': False, 'availability_zone_hints': [], 'routes': [], 'flavor_id': None, 'tags': [], 'created_at': '2024-10-12T10:54:44Z', 'updated_at': '2024-10-12T10:54:45Z', 'revision_number': 2, 'project_id': '19a44b94e3b04227be288b3515f9abf0'}
2024-10-12 10:54:47.003 62080 INFO tempest.lib.common.rest_client [req-0cd1f74d-99f3-46b2-9159-f7f6d48e4262 req-0cd1f74d-99f3-46b2-9159-f7f6d48e4262 ] Request (TenantUsagesTestJSON:setUpClass): 200 GET http://10.180.1.21/compute/v2.1/servers/95635ec3-cbfd-4dc0-a595-02062a0bda6e 0.323s
2024-10-12 10:54:47.011 62080 INFO tempest.common.waiters [-] State transition "BUILD/block_device_mapping" ==> "BUILD/spawning" after 74 second wait
2024-10-12 10:54:47.030 62100 INFO tempest.lib.common.rest_client [req-9930b0be-6dde-40f5-9d5c-fb3f35b5a966 req-9930b0be-6dde-40f5-9d5c-fb3f35b5a966 ] Request (MigrationsAdminTest:test_resize_server_revert_deleted_flavor): 200 GET http://10.180.1.21/compute/v2.1/servers/8aeeb8e9-e1ab-463b-bc16-ca68571882aa 0.280s
2024-10-12 10:54:47.059 62062 INFO tempest.lib.common.rest_client [req-feeb5228-3721-46db-b0e0-dca00be936f7 req-feeb5228-3721-46db-b0e0-dca00be936f7 ] Request (ServerActionsTestJSON:setUpClass): 201 POST http://10.180.1.21/identity/v3/auth/tokens 0.085s
2024-10-12 10:54:47.064 62090 INFO tempest.lib.common.rest_client [req-d78de166-2914-44ab-b41b-9cab84826485 req-d78de166-2914-44ab-b41b-9cab84826485 ] Request (ServersV294TestFqdnHostnames:setUpClass): 200 GET http://10.180.1.21/compute/v2.1/servers/9ce52867-d547-401e-993d-0053eb9da4c4 0.237s
2024-10-12 10:54:47.093 62106 INFO tempest.lib.common.rest_client [req-74178c68-acfc-49d8-8d1b-28b1e9e73b71 req-74178c68-acfc-49d8-8d1b-28b1e9e73b71 ] Request (ServerActionsV293TestJSON:setUpClass): 200 GET http://10.180.1.21/compute/v2.1/servers/002a7370-024d-4959-a56d-1a13c260f60e 0.252s
2024-10-12 10:54:47.094 62070 INFO tempest.lib.common.rest_client [req-78626ddd-f2ce-4ca0-9db9-ca571a67d690 req-78626ddd-f2ce-4ca0-9db9-ca571a67d690 ] Request (ValidationResourcesFixture:setUp): 200 POST http://10.180.1.21/compute/v2.1/os-keypairs 0.248s
2024-10-12 10:54:47.163 62058 INFO tempest.lib.common.rest_client [req-c58df500-fd7e-4ee2-9e10-af1d8c8d6715 req-c58df500-fd7e-4ee2-9e10-af1d8c8d6715 ] Request (ImagesTestJSON:test_create_image_from_suspended_server): 200 GET http://10.180.1.21/compute/v2.1/servers/61d1f216-7ff1-419d-b415-3dce3537b1b4 0.221s
2024-10-12 10:54:47.169 62064 INFO tempest.lib.common.rest_client [req-e1f7a68b-73b6-4c3f-a546-91c35345f900 req-e1f7a68b-73b6-4c3f-a546-91c35345f900 ] Request (VolumesAdminNegativeTest:test_update_attached_volume_with_nonexistent_volume_in_body): 200 GET http://10.180.1.21/compute/v2.1/servers/f525feb8-d24a-4f89-b640-471163d181ef 0.290s
2024-10-12 10:54:47.226 62082 INFO tempest.lib.common.rest_client [req-6178b67c-fbac-4701-9be4-557ffc81e70f req-6178b67c-fbac-4701-9be4-557ffc81e70f ] Request (InstanceActionsTestJSON:setUpClass): 200 GET http://10.180.1.21/compute/v2.1/servers/d889d359-f767-4853-8092-070e7656c284 0.234s
2024-10-12 10:54:47.231 62116 INFO tempest.lib.common.rest_client [req-28afd3a2-f0be-4b74-a9e9-fed512859d52 req-28afd3a2-f0be-4b74-a9e9-fed512859d52 ] Request (ServersTestFqdnHostnames:test_create_server_with_fqdn_name): 200 GET http://10.180.1.21/compute/v2.1/servers/6e2190ac-d287-4810-9d43-740e62ae7b56 0.182s
2024-10-12 10:54:47.256 62070 INFO tempest.lib.common.rest_client [req-965067a7-6c5e-4843-918c-2e4d47f25b5f req-965067a7-6c5e-4843-918c-2e4d47f25b5f ] Request (ValidationResourcesFixture:setUp): 201 POST http://10.180.1.21:9696/networking/v2.0/security-groups 0.160s
2024-10-12 10:54:47.286 62094 INFO tempest.lib.common.rest_client [req-cb637eb7-cf08-4d61-b77a-329a6fcae601 req-cb637eb7-cf08-4d61-b77a-329a6fcae601 ] Request (ImagesOneServerNegativeTestJSON:setUpClass): 200 GET http://10.180.1.21/compute/v2.1/servers/b4dd79b0-5dbb-4f12-9736-d8bc9f828f5d 0.171s
2024-10-12 10:54:47.287 62062 INFO tempest.lib.common.rest_client [req-122cc842-348d-4467-b085-035d4b25988a req-122cc842-348d-4467-b085-035d4b25988a ] Request (ServerActionsTestJSON:setUpClass): 200 POST http://10.180.1.21/compute/v2.1/os-keypairs 0.225s
2024-10-12 10:54:47.346 62120 INFO tempest.lib.common.rest_client [req-1656f4e8-e468-4354-b5b5-faff918e9a0a req-1656f4e8-e468-4354-b5b5-faff918e9a0a ] Request (AttachVolumeNegativeTest:test_attach_attached_volume_to_different_server): 200 GET http://10.180.1.21/compute/v2.1/servers/037dd0ba-0d50-4c46-8947-7df3ca19e1c1 0.109s
2024-10-12 10:54:47.348 62114 INFO tempest.lib.common.rest_client [req-43e6cea5-3b96-442a-8064-9d2746556a4e req-43e6cea5-3b96-442a-8064-9d2746556a4e ] Request (DeleteServersAdminTestJSON:test_delete_server_while_in_error_state): 200 GET http://10.180.1.21/compute/v2.1/servers/46b484d0-1e87-4438-9791-e8199c76d21f 0.180s
2024-10-12 10:54:47.409 62074 INFO tempest.lib.common.rest_client [req-ef2e9a93-b0e0-476f-bf8e-f26608c66e0a req-ef2e9a93-b0e0-476f-bf8e-f26608c66e0a ] Request (ServerDiagnosticsNegativeTest:test_get_server_diagnostics_by_non_admin): 200 GET http://10.180.1.21/compute/v2.1/servers/496f00ef-7487-45d9-9356-529f9390544f 0.100s
2024-10-12 10:54:47.417 62074 INFO tempest.common.waiters [-] State transition "BUILD/None" ==> "BUILD/networking" after 74 second wait
2024-10-12 10:54:47.423 62070 INFO tempest.lib.common.rest_client [req-34eac982-9485-4952-9d3f-ad60070dba9d req-34eac982-9485-4952-9d3f-ad60070dba9d ] Request (ValidationResourcesFixture:setUp): 201 POST http://10.180.1.21:9696/networking/v2.0/security-group-rules 0.166s
2024-10-12 10:54:47.423 62092 INFO tempest.lib.common.rest_client [req-8a417b30-9862-476d-bbc7-3fea3ceb08df req-8a417b30-9862-476d-bbc7-3fea3ceb08df ] Request (ListImageFiltersTestJSON:setUpClass): 200 GET http://10.180.1.21/compute/v2.1/servers/fb4c4bbf-ca9c-4584-bd1d-83e5e81e6c7e 0.128s
2024-10-12 10:54:47.428 62062 INFO tempest.lib.common.rest_client [req-0019b5d8-9b0d-495e-9a52-37d472e31eb4 req-0019b5d8-9b0d-495e-9a52-37d472e31eb4 ] Request (ServerActionsTestJSON:setUpClass): 201 POST http://10.180.1.21:9696/networking/v2.0/security-groups 0.139s
2024-10-12 10:54:47.461 62110 INFO tempest.lib.common.rest_client [req-c0f568d7-ef3d-4c02-b3ce-fbb82a1f9214 req-c0f568d7-ef3d-4c02-b3ce-fbb82a1f9214 ] Request (AttachVolumeTestJSON:test_attach_detach_volume): 200 GET http://10.180.1.21/compute/v2.1/servers/9942dd4b-8c04-40ac-b9f4-318b13902535 0.103s
2024-10-12 10:54:47.490 62068 INFO tempest.lib.common.rest_client [req-6040b125-ab46-4059-b80a-f95d7df35276 req-6040b125-ab46-4059-b80a-f95d7df35276 ] Request (ServerShowV257Test:test_rebuild_server): 200 GET http://10.180.1.21/compute/v2.1/servers/e758c89f-e5e2-42e0-926e-c629cb496a89 0.065s
2024-10-12 10:54:47.513 62060 INFO tempest.lib.common.rest_client [req-7e7ffedd-20c6-4165-b12f-11507571de47 req-7e7ffedd-20c6-4165-b12f-11507571de47 ] Request (SecurityGroupsTestJSON:test_server_security_groups): 200 GET http://10.180.1.21/compute/v2.1/servers/7a93d1c2-20d6-438e-bc42-1f9aa0219f91 0.060s
2024-10-12 10:54:47.547 62076 INFO tempest.lib.common.rest_client [req-e186ffcb-2c5d-447e-b688-cd2f427ec80d req-e186ffcb-2c5d-447e-b688-cd2f427ec80d ] Request (InstanceActionsV221TestJSON:test_get_list_deleted_instance_actions): 200 GET http://10.180.1.21/compute/v2.1/servers/3cd00254-b61b-498a-946b-ff2028230e25 0.058s
2024-10-12 10:54:47.578 62112 INFO tempest.lib.common.rest_client [req-bc35f2af-45de-4af6-9387-7f622821bf64 req-bc35f2af-45de-4af6-9387-7f622821bf64 ] Request (ServerDiskConfigTestJSON:test_rebuild_server_with_manual_disk_config): 200 GET http://10.180.1.21/compute/v2.1/servers/e56a6950-f842-45fb-a0a0-0defe3b3c30f 0.059s
2024-10-12 10:54:47.580 62070 INFO tempest.lib.common.rest_client [req-a6e4c80c-6713-4229-8909-a75398086443 req-a6e4c80c-6713-4229-8909-a75398086443 ] Request (ValidationResourcesFixture:setUp): 201 POST http://10.180.1.21:9696/networking/v2.0/security-group-rules 0.156s
2024-10-12 10:54:47.595 62062 INFO tempest.lib.common.rest_client [req-61c53f4c-79b1-4b94-98f0-943bbad21684 req-61c53f4c-79b1-4b94-98f0-943bbad21684 ] Request (ServerActionsTestJSON:setUpClass): 201 POST http://10.180.1.21:9696/networking/v2.0/security-group-rules 0.167s
2024-10-12 10:54:47.649 62096 INFO tempest.lib.common.rest_client [req-0f43f2ef-c578-44a4-9e24-b1696bd92c42 req-0f43f2ef-c578-44a4-9e24-b1696bd92c42 ] Request (ListServerFiltersTestJSON:setUpClass): 200 GET http://10.180.1.21/compute/v2.1/servers/204fd4be-4a16-4838-a30d-c78339b3834d 0.064s
2024-10-12 10:54:47.765 62078 INFO tempest.lib.common.rest_client [req-fe49f1a1-23e7-4c29-b323-9ff7ba30ad09 req-fe49f1a1-23e7-4c29-b323-9ff7ba30ad09 ] Request (MultipleCreateTestJSON:test_multiple_create): 200 GET http://10.180.1.21/compute/v2.1/servers/325a641d-2509-49e6-bfbc-0b2cb85c1ff9 0.067s
2024-10-12 10:54:47.766 62066 INFO tempest.lib.common.rest_client [req-737c3bd4-7fd4-4e3f-bf53-b86347466313 req-737c3bd4-7fd4-4e3f-bf53-b86347466313 ] Request (ServerRescueTestJSONUnderV235:setUpClass): 200 GET http://10.180.1.21/compute/v2.1/servers/329b3d0d-7007-40e3-a554-fbd0c7497b69 0.059s
2024-10-12 10:54:47.856 62062 INFO tempest.lib.common.rest_client [req-b94aca9b-2ace-43fa-a349-9d8d8bd6f8e9 req-b94aca9b-2ace-43fa-a349-9d8d8bd6f8e9 ] Request (ServerActionsTestJSON:setUpClass): 201 POST http://10.180.1.21:9696/networking/v2.0/security-group-rules 0.260s
2024-10-12 10:54:47.979 62086 INFO tempest.lib.common.rest_client [req-3963831f-7845-4fdb-9074-71c90e313c4f req-3963831f-7845-4fdb-9074-71c90e313c4f ] Request (AttachInterfacesUnderV243Test:test_add_remove_fixed_ip): 200 GET http://10.180.1.21/compute/v2.1/servers/ad02e0c7-3d12-48ad-a393-26749fd8c502 0.067s
2024-10-12 10:54:48.029 62084 INFO tempest.lib.common.rest_client [req-e814807a-96f9-47e4-b256-1d35fb13364a req-e814807a-96f9-47e4-b256-1d35fb13364a ] Request (ServerShowV247Test:test_update_rebuild_list_server): 200 GET http://10.180.1.21/compute/v2.1/servers/9fd8e236-3556-4b95-952f-3c324b896e29 0.058s
2024-10-12 10:54:48.073 62080 INFO tempest.lib.common.rest_client [req-d9186c2b-9839-4f33-8578-3cc7989559c9 req-d9186c2b-9839-4f33-8578-3cc7989559c9 ] Request (TenantUsagesTestJSON:setUpClass): 200 GET http://10.180.1.21/compute/v2.1/servers/95635ec3-cbfd-4dc0-a595-02062a0bda6e 0.061s
2024-10-12 10:54:48.106 62100 INFO tempest.lib.common.rest_client [req-1fe9149c-90d7-4378-b75d-43c3757bf798 req-1fe9149c-90d7-4378-b75d-43c3757bf798 ] Request (MigrationsAdminTest:test_resize_server_revert_deleted_flavor): 200 GET http://10.180.1.21/compute/v2.1/servers/8aeeb8e9-e1ab-463b-bc16-ca68571882aa 0.065s
2024-10-12 10:54:48.136 62090 INFO tempest.lib.common.rest_client [req-8fbe9ef8-76c2-43a4-bb17-a790d04fadd6 req-8fbe9ef8-76c2-43a4-bb17-a790d04fadd6 ] Request (ServersV294TestFqdnHostnames:setUpClass): 200 GET http://10.180.1.21/compute/v2.1/servers/9ce52867-d547-401e-993d-0053eb9da4c4 0.062s
2024-10-12 10:54:48.158 62106 INFO tempest.lib.common.rest_client [req-7468b848-ab70-4f55-898a-aacbee117bcf req-7468b848-ab70-4f55-898a-aacbee117bcf ] Request (ServerActionsV293TestJSON:setUpClass): 200 GET http://10.180.1.21/compute/v2.1/servers/002a7370-024d-4959-a56d-1a13c260f60e 0.055s
2024-10-12 10:54:48.234 62058 INFO tempest.lib.common.rest_client [req-c9ab9a8d-ff18-42a2-8397-1e7bfe1acfa1 req-c9ab9a8d-ff18-42a2-8397-1e7bfe1acfa1 ] Request (ImagesTestJSON:test_create_image_from_suspended_server): 200 GET http://10.180.1.21/compute/v2.1/servers/61d1f216-7ff1-419d-b415-3dce3537b1b4 0.064s
2024-10-12 10:54:48.237 62070 INFO tempest.lib.common.rest_client [req-518e8563-d128-49a5-a068-a1c473fcd6a7 req-518e8563-d128-49a5-a068-a1c473fcd6a7 ] Request (ValidationResourcesFixture:setUp): 201 POST http://10.180.1.21:9696/networking/v2.0/floatingips 0.657s
2024-10-12 10:54:48.250 62064 INFO tempest.lib.common.rest_client [req-e7ab9594-f7bd-42ba-a708-34a18c8500ec req-e7ab9594-f7bd-42ba-a708-34a18c8500ec ] Request (VolumesAdminNegativeTest:test_update_attached_volume_with_nonexistent_volume_in_body): 200 GET http://10.180.1.21/compute/v2.1/servers/f525feb8-d24a-4f89-b640-471163d181ef 0.071s
2024-10-12 10:54:48.295 62082 INFO tempest.lib.common.rest_client [req-0a274591-cf9d-4572-a476-9e92d91c1838 req-0a274591-cf9d-4572-a476-9e92d91c1838 ] Request (InstanceActionsTestJSON:setUpClass): 200 GET http://10.180.1.21/compute/v2.1/servers/d889d359-f767-4853-8092-070e7656c284 0.061s
2024-10-12 10:54:48.315 62070 INFO tempest.lib.common.rest_client [req-b0bd93ff-6115-4499-94ea-2656f893ea06 req-b0bd93ff-6115-4499-94ea-2656f893ea06 ] Request (AttachInterfacesTestJSON:test_create_list_show_delete_interfaces_by_network_port): 201 POST http://10.180.1.21/identity/v3/auth/tokens 0.073s
2024-10-12 10:54:48.315 62070 INFO tempest.lib.common.fixed_network [-] (AttachInterfacesTestJSON:test_create_list_show_delete_interfaces_by_network_port) Found network {'id': '34841295-0562-4caa-8275-c3695a63d719', 'name': 'tempest-AttachInterfacesTestJSON-47932744-network', 'tenant_id': '0924bfa41b5e42d68818557d2b0ace7d', 'admin_state_up': True, 'mtu': 8950, 'status': 'ACTIVE', 'subnets': [], 'shared': False, 'project_id': '0924bfa41b5e42d68818557d2b0ace7d', 'port_security_enabled': True, 'router:external': False, 'provider:network_type': 'vlan', 'provider:physical_network': 'default', 'provider:segmentation_id': 493, 'is_default': False, 'availability_zone_hints': [], 'availability_zones': [], 'ipv4_address_scope': None, 'ipv6_address_scope': None, 'description': '', 'tags': [], 'created_at': '2024-10-12T10:53:22Z', 'updated_at': '2024-10-12T10:53:22Z', 'revision_number': 1} available for tenant
2024-10-12 10:54:48.319 62116 INFO tempest.lib.common.rest_client [req-50e23b59-9c09-470d-8bd6-c3aa4b863a10 req-50e23b59-9c09-470d-8bd6-c3aa4b863a10 ] Request (ServersTestFqdnHostnames:test_create_server_with_fqdn_name): 200 GET http://10.180.1.21/compute/v2.1/servers/6e2190ac-d287-4810-9d43-740e62ae7b56 0.078s
2024-10-12 10:54:48.355 62094 INFO tempest.lib.common.rest_client [req-636067e0-2adc-41ac-b0a1-6e4a455078c8 req-636067e0-2adc-41ac-b0a1-6e4a455078c8 ] Request (ImagesOneServerNegativeTestJSON:setUpClass): 200 GET http://10.180.1.21/compute/v2.1/servers/b4dd79b0-5dbb-4f12-9736-d8bc9f828f5d 0.062s
2024-10-12 10:54:48.407 62062 INFO tempest.lib.common.rest_client [req-c9b8a7a6-ab80-4c89-817c-2a60ed8da006 req-c9b8a7a6-ab80-4c89-817c-2a60ed8da006 ] Request (ServerActionsTestJSON:setUpClass): 201 POST http://10.180.1.21:9696/networking/v2.0/floatingips 0.551s
2024-10-12 10:54:48.428 62120 INFO tempest.lib.common.rest_client [req-a38e0e56-3e26-4980-8673-f25627c89071 req-a38e0e56-3e26-4980-8673-f25627c89071 ] Request (AttachVolumeNegativeTest:test_attach_attached_volume_to_different_server): 200 GET http://10.180.1.21/compute/v2.1/servers/037dd0ba-0d50-4c46-8947-7df3ca19e1c1 0.069s
2024-10-12 10:54:48.448 62062 INFO tempest.lib.common.rest_client [req-ffff325c-f962-40db-9659-25dd239ba4ad req-ffff325c-f962-40db-9659-25dd239ba4ad ] Request (ServerActionsTestJSON:setUpClass): 201 POST http://10.180.1.21/identity/v3/auth/tokens 0.038s
2024-10-12 10:54:48.448 62062 INFO tempest.lib.common.fixed_network [-] (ServerActionsTestJSON:setUpClass) Found network {'id': 'cf51b8f5-0566-4d4e-be66-83f728f4c996', 'name': 'tempest-ServerActionsTestJSON-1403086780-network', 'tenant_id': '19a44b94e3b04227be288b3515f9abf0', 'admin_state_up': True, 'mtu': 8950, 'status': 'ACTIVE', 'subnets': [], 'shared': False, 'project_id': '19a44b94e3b04227be288b3515f9abf0', 'port_security_enabled': True, 'router:external': False, 'provider:network_type': 'vlan', 'provider:physical_network': 'default', 'provider:segmentation_id': 517, 'is_default': False, 'availability_zone_hints': [], 'availability_zones': [], 'ipv4_address_scope': None, 'ipv6_address_scope': None, 'description': '', 'tags': [], 'created_at': '2024-10-12T10:54:44Z', 'updated_at': '2024-10-12T10:54:44Z', 'revision_number': 1} available for tenant
2024-10-12 10:54:48.480 62114 INFO tempest.lib.common.rest_client [req-6b62d0e2-ba63-463a-baec-7611a6a13a0f req-6b62d0e2-ba63-463a-baec-7611a6a13a0f ] Request (DeleteServersAdminTestJSON:test_delete_server_while_in_error_state): 200 GET http://10.180.1.21/compute/v2.1/servers/46b484d0-1e87-4438-9791-e8199c76d21f 0.119s
2024-10-12 10:54:48.639 62074 INFO tempest.lib.common.rest_client [req-fe3f4681-5931-49c9-a15c-bb80fc0a2e50 req-fe3f4681-5931-49c9-a15c-bb80fc0a2e50 ] Request (ServerDiagnosticsNegativeTest:test_get_server_diagnostics_by_non_admin): 200 GET http://10.180.1.21/compute/v2.1/servers/496f00ef-7487-45d9-9356-529f9390544f 0.220s
2024-10-12 10:54:48.645 62074 INFO tempest.common.waiters [-] State transition "BUILD/networking" ==> "BUILD/spawning" after 75 second wait
2024-10-12 10:54:48.692 62092 INFO tempest.lib.common.rest_client [req-0458facb-98f6-4955-bc12-3efdd72635ab req-0458facb-98f6-4955-bc12-3efdd72635ab ] Request (ListImageFiltersTestJSON:setUpClass): 200 GET http://10.180.1.21/compute/v2.1/servers/fb4c4bbf-ca9c-4584-bd1d-83e5e81e6c7e 0.255s
2024-10-12 10:54:48.737 62070 INFO tempest.lib.common.rest_client [req-96e4d240-f2d7-4c53-8a44-2f5b81f822fb req-96e4d240-f2d7-4c53-8a44-2f5b81f822fb ] Request (AttachInterfacesTestJSON:test_create_list_show_delete_interfaces_by_network_port): 202 POST http://10.180.1.21/compute/v2.1/servers 0.421s
2024-10-12 10:54:48.791 62110 INFO tempest.lib.common.rest_client [req-2a9b5917-8894-41b9-b3ac-52c51ca04434 req-2a9b5917-8894-41b9-b3ac-52c51ca04434 ] Request (AttachVolumeTestJSON:test_attach_detach_volume): 200 GET http://10.180.1.21/compute/v2.1/servers/9942dd4b-8c04-40ac-b9f4-318b13902535 0.322s
2024-10-12 10:54:48.851 62068 INFO tempest.lib.common.rest_client [req-e3275cea-e0f2-4308-b4c7-8d6c0751878c req-e3275cea-e0f2-4308-b4c7-8d6c0751878c ] Request (ServerShowV257Test:test_rebuild_server): 200 GET http://10.180.1.21/compute/v2.1/servers/e758c89f-e5e2-42e0-926e-c629cb496a89 0.347s
2024-10-12 10:54:48.901 62060 INFO tempest.lib.common.rest_client [req-c6193cbb-c088-4b70-97cc-e941ed52e67c req-c6193cbb-c088-4b70-97cc-e941ed52e67c ] Request (SecurityGroupsTestJSON:test_server_security_groups): 200 GET http://10.180.1.21/compute/v2.1/servers/7a93d1c2-20d6-438e-bc42-1f9aa0219f91 0.380s
2024-10-12 10:54:48.948 62076 INFO tempest.lib.common.rest_client [req-44151be7-8ddf-4d8b-9657-294f9a0f48f6 req-44151be7-8ddf-4d8b-9657-294f9a0f48f6 ] Request (InstanceActionsV221TestJSON:test_get_list_deleted_instance_actions): 200 GET http://10.180.1.21/compute/v2.1/servers/3cd00254-b61b-498a-946b-ff2028230e25 0.392s
2024-10-12 10:54:49.021 62112 INFO tempest.lib.common.rest_client [req-8c3af85a-5e07-4e2d-a2ae-740e78658430 req-8c3af85a-5e07-4e2d-a2ae-740e78658430 ] Request (ServerDiskConfigTestJSON:test_rebuild_server_with_manual_disk_config): 200 GET http://10.180.1.21/compute/v2.1/servers/e56a6950-f842-45fb-a0a0-0defe3b3c30f 0.435s
2024-10-12 10:54:49.086 62096 INFO tempest.lib.common.rest_client [req-fc6f84d8-bb0a-44d9-9b3c-4229aca281f5 req-fc6f84d8-bb0a-44d9-9b3c-4229aca281f5 ] Request (ListServerFiltersTestJSON:setUpClass): 200 GET http://10.180.1.21/compute/v2.1/servers/204fd4be-4a16-4838-a30d-c78339b3834d 0.431s
2024-10-12 10:54:49.089 62062 INFO tempest.lib.common.rest_client [req-54ecd28f-e203-4d11-8175-414c11bcde82 req-54ecd28f-e203-4d11-8175-414c11bcde82 ] Request (ServerActionsTestJSON:setUpClass): 202 POST http://10.180.1.21/compute/v2.1/servers 0.640s
2024-10-12 10:54:49.117 62070 INFO tempest.lib.common.rest_client [req-a27fcaca-9a3c-42e8-9d4f-5d8ff62951f2 req-a27fcaca-9a3c-42e8-9d4f-5d8ff62951f2 ] Request (AttachInterfacesTestJSON:test_create_list_show_delete_interfaces_by_network_port): 200 GET http://10.180.1.21/compute/v2.1/servers/34f72773-5950-4710-b3e8-5e5c4877f227 0.379s
2024-10-12 10:54:49.129 62078 INFO tempest.lib.common.rest_client [req-35bc4579-6a48-49af-8805-f908c09acd3f req-35bc4579-6a48-49af-8805-f908c09acd3f ] Request (MultipleCreateTestJSON:test_multiple_create): 200 GET http://10.180.1.21/compute/v2.1/servers/325a641d-2509-49e6-bfbc-0b2cb85c1ff9 0.356s
2024-10-12 10:54:49.158 62066 INFO tempest.lib.common.rest_client [req-3b704204-75ca-4ce7-b266-2e581a343501 req-3b704204-75ca-4ce7-b266-2e581a343501 ] Request (ServerRescueTestJSONUnderV235:setUpClass): 200 GET http://10.180.1.21/compute/v2.1/servers/329b3d0d-7007-40e3-a554-fbd0c7497b69 0.381s
2024-10-12 10:54:49.171 62086 INFO tempest.lib.common.rest_client [req-79d654ec-cb03-4e5b-b83c-6de4afceec58 req-79d654ec-cb03-4e5b-b83c-6de4afceec58 ] Request (AttachInterfacesUnderV243Test:test_add_remove_fixed_ip): 200 GET http://10.180.1.21/compute/v2.1/servers/ad02e0c7-3d12-48ad-a393-26749fd8c502 0.184s
2024-10-12 10:54:49.177 62086 INFO tempest.common.waiters [-] State transition "BUILD/None" ==> "BUILD/networking" after 73 second wait
2024-10-12 10:54:49.201 62084 INFO tempest.lib.common.rest_client [req-e6d4df38-b5d2-410c-80d4-c27f82bfb24b req-e6d4df38-b5d2-410c-80d4-c27f82bfb24b ] Request (ServerShowV247Test:test_update_rebuild_list_server): 200 GET http://10.180.1.21/compute/v2.1/servers/9fd8e236-3556-4b95-952f-3c324b896e29 0.160s
2024-10-12 10:54:49.213 62080 INFO tempest.lib.common.rest_client [req-5b8746da-beb3-46b0-a9a7-44b3d9a5fe7b req-5b8746da-beb3-46b0-a9a7-44b3d9a5fe7b ] Request (TenantUsagesTestJSON:setUpClass): 200 GET http://10.180.1.21/compute/v2.1/servers/95635ec3-cbfd-4dc0-a595-02062a0bda6e 0.131s
2024-10-12 10:54:49.229 62062 INFO tempest.lib.common.rest_client [req-54fd2ab0-07f8-4734-be85-f931445391e2 req-54fd2ab0-07f8-4734-be85-f931445391e2 ] Request (ServerActionsTestJSON:setUpClass): 200 GET http://10.180.1.21/compute/v2.1/servers/0f86f95d-2c41-47b2-93f8-c7e6983c913a 0.139s
2024-10-12 10:54:49.255 62100 INFO tempest.lib.common.rest_client [req-9c29159e-008c-4bb9-a8c9-1ddcfad91d25 req-9c29159e-008c-4bb9-a8c9-1ddcfad91d25 ] Request (MigrationsAdminTest:test_resize_server_revert_deleted_flavor): 200 GET http://10.180.1.21/compute/v2.1/servers/8aeeb8e9-e1ab-463b-bc16-ca68571882aa 0.142s
2024-10-12 10:54:49.276 62090 INFO tempest.lib.common.rest_client [req-be1c3a98-daa9-4335-b019-c87c085bcb1f req-be1c3a98-daa9-4335-b019-c87c085bcb1f ] Request (ServersV294TestFqdnHostnames:setUpClass): 200 GET http://10.180.1.21/compute/v2.1/servers/9ce52867-d547-401e-993d-0053eb9da4c4 0.130s
2024-10-12 10:54:49.300 62106 INFO tempest.lib.common.rest_client [req-74250821-186d-497a-b8cc-169a61a5692e req-74250821-186d-497a-b8cc-169a61a5692e ] Request (ServerActionsV293TestJSON:setUpClass): 200 GET http://10.180.1.21/compute/v2.1/servers/002a7370-024d-4959-a56d-1a13c260f60e 0.130s
2024-10-12 10:54:49.316 62058 INFO tempest.lib.common.rest_client [req-4c5df70d-b54d-415e-bc6d-ddb032035b4b req-4c5df70d-b54d-415e-bc6d-ddb032035b4b ] Request (ImagesTestJSON:test_create_image_from_suspended_server): 200 GET http://10.180.1.21/compute/v2.1/servers/61d1f216-7ff1-419d-b415-3dce3537b1b4 0.073s
2024-10-12 10:54:49.343 62064 INFO tempest.lib.common.rest_client [req-ee285785-20b3-434b-bcba-2b85b63e6490 req-ee285785-20b3-434b-bcba-2b85b63e6490 ] Request (VolumesAdminNegativeTest:test_update_attached_volume_with_nonexistent_volume_in_body): 200 GET http://10.180.1.21/compute/v2.1/servers/f525feb8-d24a-4f89-b640-471163d181ef 0.074s
2024-10-12 10:54:49.359 62082 INFO tempest.lib.common.rest_client [req-a859a352-36bf-4d04-ab6a-e50d1606bdf0 req-a859a352-36bf-4d04-ab6a-e50d1606bdf0 ] Request (InstanceActionsTestJSON:setUpClass): 200 GET http://10.180.1.21/compute/v2.1/servers/d889d359-f767-4853-8092-070e7656c284 0.057s
2024-10-12 10:54:49.382 62116 INFO tempest.lib.common.rest_client [req-26e48bc0-5734-4e8d-b565-1b70e13feee1 req-26e48bc0-5734-4e8d-b565-1b70e13feee1 ] Request (ServersTestFqdnHostnames:test_create_server_with_fqdn_name): 200 GET http://10.180.1.21/compute/v2.1/servers/6e2190ac-d287-4810-9d43-740e62ae7b56 0.057s
2024-10-12 10:54:49.408 62094 INFO tempest.lib.common.rest_client [req-fe997a56-c444-4f26-9c1a-37c1ce5c8606 req-fe997a56-c444-4f26-9c1a-37c1ce5c8606 ] Request (ImagesOneServerNegativeTestJSON:setUpClass): 200 GET http://10.180.1.21/compute/v2.1/servers/b4dd79b0-5dbb-4f12-9736-d8bc9f828f5d 0.042s
2024-10-12 10:54:49.481 62120 INFO tempest.lib.common.rest_client [req-cb750963-8ce6-4364-b326-276f4e870562 req-cb750963-8ce6-4364-b326-276f4e870562 ] Request (AttachVolumeNegativeTest:test_attach_attached_volume_to_different_server): 200 GET http://10.180.1.21/compute/v2.1/servers/037dd0ba-0d50-4c46-8947-7df3ca19e1c1 0.045s
2024-10-12 10:54:49.540 62114 INFO tempest.lib.common.rest_client [req-461fee2e-57d0-4a8b-9f98-6bc7b8dd8103 req-461fee2e-57d0-4a8b-9f98-6bc7b8dd8103 ] Request (DeleteServersAdminTestJSON:test_delete_server_while_in_error_state): 200 GET http://10.180.1.21/compute/v2.1/servers/46b484d0-1e87-4438-9791-e8199c76d21f 0.047s
2024-10-12 10:54:49.698 62074 INFO tempest.lib.common.rest_client [req-859896e3-1651-42a0-8ba2-486678a7e4ca req-859896e3-1651-42a0-8ba2-486678a7e4ca ] Request (ServerDiagnosticsNegativeTest:test_get_server_diagnostics_by_non_admin): 200 GET http://10.180.1.21/compute/v2.1/servers/496f00ef-7487-45d9-9356-529f9390544f 0.052s
2024-10-12 10:54:49.744 62092 INFO tempest.lib.common.rest_client [req-8bb999b5-6a7e-4c15-b05a-1ba4b5c9ac72 req-8bb999b5-6a7e-4c15-b05a-1ba4b5c9ac72 ] Request (ListImageFiltersTestJSON:setUpClass): 200 GET http://10.180.1.21/compute/v2.1/servers/fb4c4bbf-ca9c-4584-bd1d-83e5e81e6c7e 0.045s
2024-10-12 10:54:49.851 62110 INFO tempest.lib.common.rest_client [req-da62c938-714d-4682-96fb-79de1cbb90ae req-da62c938-714d-4682-96fb-79de1cbb90ae ] Request (AttachVolumeTestJSON:test_attach_detach_volume): 200 GET http://10.180.1.21/compute/v2.1/servers/9942dd4b-8c04-40ac-b9f4-318b13902535 0.051s
2024-10-12 10:54:49.921 62068 INFO tempest.lib.common.rest_client [req-1db65096-2e16-4c9e-b12f-c611e1e8e73f req-1db65096-2e16-4c9e-b12f-c611e1e8e73f ] Request (ServerShowV257Test:test_rebuild_server): 200 GET http://10.180.1.21/compute/v2.1/servers/e758c89f-e5e2-42e0-926e-c629cb496a89 0.056s
2024-10-12 10:54:49.964 62060 INFO tempest.lib.common.rest_client [req-3ebb4c49-e19b-4531-bd5f-1c032e6e1afc req-3ebb4c49-e19b-4531-bd5f-1c032e6e1afc ] Request (SecurityGroupsTestJSON:test_server_security_groups): 200 GET http://10.180.1.21/compute/v2.1/servers/7a93d1c2-20d6-438e-bc42-1f9aa0219f91 0.056s
2024-10-12 10:54:50.006 62076 INFO tempest.lib.common.rest_client [req-6591f5e5-681b-4c8b-b870-0c83610d1c41 req-6591f5e5-681b-4c8b-b870-0c83610d1c41 ] Request (InstanceActionsV221TestJSON:test_get_list_deleted_instance_actions): 200 GET http://10.180.1.21/compute/v2.1/servers/3cd00254-b61b-498a-946b-ff2028230e25 0.050s
2024-10-12 10:54:50.074 62112 INFO tempest.lib.common.rest_client [req-dcc77cb2-b215-46d1-9a07-72e656cc2e31 req-dcc77cb2-b215-46d1-9a07-72e656cc2e31 ] Request (ServerDiskConfigTestJSON:test_rebuild_server_with_manual_disk_config): 200 GET http://10.180.1.21/compute/v2.1/servers/e56a6950-f842-45fb-a0a0-0defe3b3c30f 0.046s
2024-10-12 10:54:50.141 62096 INFO tempest.lib.common.rest_client [req-3d5ea9b5-22c9-4fe4-8c7a-0bade5280398 req-3d5ea9b5-22c9-4fe4-8c7a-0bade5280398 ] Request (ListServerFiltersTestJSON:setUpClass): 200 GET http://10.180.1.21/compute/v2.1/servers/204fd4be-4a16-4838-a30d-c78339b3834d 0.047s
2024-10-12 10:54:50.183 62070 INFO tempest.lib.common.rest_client [req-9aa62a62-110d-4b07-a71a-22de3a14638a req-9aa62a62-110d-4b07-a71a-22de3a14638a ] Request (AttachInterfacesTestJSON:test_create_list_show_delete_interfaces_by_network_port): 200 GET http://10.180.1.21/compute/v2.1/servers/34f72773-5950-4710-b3e8-5e5c4877f227 0.057s
2024-10-12 10:54:50.190 62078 INFO tempest.lib.common.rest_client [req-f5559ec5-8149-4706-acd7-04fd2a733240 req-f5559ec5-8149-4706-acd7-04fd2a733240 ] Request (MultipleCreateTestJSON:test_multiple_create): 200 GET http://10.180.1.21/compute/v2.1/servers/325a641d-2509-49e6-bfbc-0b2cb85c1ff9 0.054s
2024-10-12 10:54:50.229 62066 INFO tempest.lib.common.rest_client [req-1509b62e-bf99-4e9d-bbbd-d5e0e2548957 req-1509b62e-bf99-4e9d-bbbd-d5e0e2548957 ] Request (ServerRescueTestJSONUnderV235:setUpClass): 200 GET http://10.180.1.21/compute/v2.1/servers/329b3d0d-7007-40e3-a554-fbd0c7497b69 0.064s
2024-10-12 10:54:50.276 62084 INFO tempest.lib.common.rest_client [req-09b835a5-cf7d-41bd-84e1-16a91005c5a0 req-09b835a5-cf7d-41bd-84e1-16a91005c5a0 ] Request (ServerShowV247Test:test_update_rebuild_list_server): 200 GET http://10.180.1.21/compute/v2.1/servers/9fd8e236-3556-4b95-952f-3c324b896e29 0.067s
2024-10-12 10:54:50.319 62080 INFO tempest.lib.common.rest_client [req-39260d40-f6bc-4fb0-bf36-b888f9514289 req-39260d40-f6bc-4fb0-bf36-b888f9514289 ] Request (TenantUsagesTestJSON:setUpClass): 200 GET http://10.180.1.21/compute/v2.1/servers/95635ec3-cbfd-4dc0-a595-02062a0bda6e 0.099s
2024-10-12 10:54:50.337 62086 INFO tempest.lib.common.rest_client [req-2ab178a5-68ea-4dc8-9a3d-b4b1b94d7c52 req-2ab178a5-68ea-4dc8-9a3d-b4b1b94d7c52 ] Request (AttachInterfacesUnderV243Test:test_add_remove_fixed_ip): 200 GET http://10.180.1.21/compute/v2.1/servers/ad02e0c7-3d12-48ad-a393-26749fd8c502 0.160s
2024-10-12 10:54:50.343 62086 INFO tempest.common.waiters [-] State transition "BUILD/networking" ==> "BUILD/block_device_mapping" after 74 second wait
2024-10-12 10:54:50.360 62062 INFO tempest.lib.common.rest_client [req-3e4f8cf5-e437-43d2-96bb-4afa3c795ee1 req-3e4f8cf5-e437-43d2-96bb-4afa3c795ee1 ] Request (ServerActionsTestJSON:setUpClass): 200 GET http://10.180.1.21/compute/v2.1/servers/0f86f95d-2c41-47b2-93f8-c7e6983c913a 0.124s
2024-10-12 10:54:50.383 62100 INFO tempest.lib.common.rest_client [req-3c3c42be-9930-4138-952e-a20a4195fff2 req-3c3c42be-9930-4138-952e-a20a4195fff2 ] Request (MigrationsAdminTest:test_resize_server_revert_deleted_flavor): 200 GET http://10.180.1.21/compute/v2.1/servers/8aeeb8e9-e1ab-463b-bc16-ca68571882aa 0.121s
2024-10-12 10:54:50.407 62090 INFO tempest.lib.common.rest_client [req-57a8a221-fb5b-420d-9c4f-8ee8c3409399 req-57a8a221-fb5b-420d-9c4f-8ee8c3409399 ] Request (ServersV294TestFqdnHostnames:setUpClass): 200 GET http://10.180.1.21/compute/v2.1/servers/9ce52867-d547-401e-993d-0053eb9da4c4 0.122s
2024-10-12 10:54:50.436 62106 INFO tempest.lib.common.rest_client [req-1d0da993-fd19-440c-bab5-29d7a008461c req-1d0da993-fd19-440c-bab5-29d7a008461c ] Request (ServerActionsV293TestJSON:setUpClass): 200 GET http://10.180.1.21/compute/v2.1/servers/002a7370-024d-4959-a56d-1a13c260f60e 0.127s
2024-10-12 10:54:50.451 62058 INFO tempest.lib.common.rest_client [req-c1d542be-ee90-4e6a-aaf4-37a9ddab9fc3 req-c1d542be-ee90-4e6a-aaf4-37a9ddab9fc3 ] Request (ImagesTestJSON:test_create_image_from_suspended_server): 200 GET http://10.180.1.21/compute/v2.1/servers/61d1f216-7ff1-419d-b415-3dce3537b1b4 0.129s
2024-10-12 10:54:50.483 62064 INFO tempest.lib.common.rest_client [req-08fdac4b-fb6f-4601-a4a4-e0ba63578dbf req-08fdac4b-fb6f-4601-a4a4-e0ba63578dbf ] Request (VolumesAdminNegativeTest:test_update_attached_volume_with_nonexistent_volume_in_body): 200 GET http://10.180.1.21/compute/v2.1/servers/f525feb8-d24a-4f89-b640-471163d181ef 0.133s
2024-10-12 10:54:50.499 62082 INFO tempest.lib.common.rest_client [req-d99b3cf1-3b15-4c2b-a8f1-a1aa39d1c4df req-d99b3cf1-3b15-4c2b-a8f1-a1aa39d1c4df ] Request (InstanceActionsTestJSON:setUpClass): 200 GET http://10.180.1.21/compute/v2.1/servers/d889d359-f767-4853-8092-070e7656c284 0.133s
