2024-10-12 10:53:49.284 62068 INFO tempest.lib.common.dynamic_creds [-] Deleting project and security group for project: 02ce7db6e8ca40c5a477e30db6a127e7
2024-10-12 10:53:49.324 62104 INFO tempest.lib.common.rest_client [req-cbede56d-2705-4ecc-9528-eb1995e28ade req-cbede56d-2705-4ecc-9528-eb1995e28ade ] Request (ServersAdminNegativeTestJSON:setUpClass): 200 GET http://10.180.1.21/compute/v2.1/servers/a062288b-e785-4dec-98f2-358b54f3d327 0.048s
2024-10-12 10:53:49.340 62068 INFO tempest.lib.common.rest_client [req-213f3c2b-6186-477a-8bd7-5a2e3facf362 req-213f3c2b-6186-477a-8bd7-5a2e3facf362 ] Request (QuotaClassesAdminTestJSON:tearDownClass): 201 POST http://10.180.1.21/identity/v3/auth/tokens 0.056s
2024-10-12 10:53:49.377 62110 INFO tempest.lib.common.rest_client [req-ce9ece26-27e3-492d-81e2-da38ad3da36c req-ce9ece26-27e3-492d-81e2-da38ad3da36c ] Request (ServersWithSpecificFlavorTestJSON:_run_cleanups): 204 DELETE http://10.180.1.21:9696/networking/v2.0/security-groups/15d37d10-63c3-45d2-a6a3-e95df1572d2d 0.103s
2024-10-12 10:53:49.378 62062 INFO tempest.lib.common.rest_client [req-9b919eb0-e655-4d84-baf0-ff20fbcdec93 req-9b919eb0-e655-4d84-baf0-ff20fbcdec93 ] Request (ServersTestJSON:setUpClass): 200 GET http://10.180.1.21/compute/v2.1/servers/e7ba3a8d-4bd0-4d78-861f-866ce2ade0cb 0.052s
2024-10-12 10:53:49.385 62102 INFO tempest.lib.common.rest_client [req-5630c6cf-1e5d-46c4-91fc-97a49c1ada09 req-5630c6cf-1e5d-46c4-91fc-97a49c1ada09 ] Request (ServerExternalEventsTest:test_create_server_external_events): 200 GET http://10.180.1.21/compute/v2.1/servers/ed4352e2-3321-4a05-8a3f-a02e375ecbfb 0.054s
2024-10-12 10:53:49.387 62110 INFO tempest.lib.common.rest_client [req-e73e02e3-f2fd-4273-bd99-aeeb676bad49 req-e73e02e3-f2fd-4273-bd99-aeeb676bad49 ] Request (ServersWithSpecificFlavorTestJSON:_run_cleanups): 404 GET http://10.180.1.21:9696/networking/v2.0/security-groups/15d37d10-63c3-45d2-a6a3-e95df1572d2d 0.009s
2024-10-12 10:53:49.427 62088 INFO tempest.lib.common.rest_client [req-d3320000-cc87-4c0a-877f-6c049aa0278d req-d3320000-cc87-4c0a-877f-6c049aa0278d ] Request (ServerTagsTestJSON:setUpClass): 200 GET http://10.180.1.21/compute/v2.1/servers/9b87db2b-e7b0-4677-b70f-f2fb1d6d3c4e 0.050s
2024-10-12 10:53:49.480 62070 INFO tempest.lib.common.rest_client [req-cd595020-ed80-4515-952c-b19f29efeb43 req-cd595020-ed80-4515-952c-b19f29efeb43 ] Request (AttachInterfacesTestJSON:test_create_list_show_delete_interfaces_by_fixed_ip): 200 GET http://10.180.1.21/compute/v2.1/servers/35c3e1eb-6b98-42f7-8f92-420560feba92 0.050s
2024-10-12 10:53:49.527 62100 INFO tempest.lib.common.rest_client [req-4d6fdb67-010d-4534-b05b-701e04c131cc req-4d6fdb67-010d-4534-b05b-701e04c131cc ] Request (MigrationsAdminTest:test_resize_server_revert_deleted_flavor): 200 GET http://10.180.1.21/compute/v2.1/servers/8aeeb8e9-e1ab-463b-bc16-ca68571882aa 0.056s
2024-10-12 10:53:49.594 62068 INFO tempest.lib.common.rest_client [req-e4904826-f18d-41f9-8da6-2220d289f7eb req-e4904826-f18d-41f9-8da6-2220d289f7eb ] Request (QuotaClassesAdminTestJSON:tearDownClass): 200 GET http://10.180.1.21:9696/networking/v2.0/security-groups?tenant_id=02ce7db6e8ca40c5a477e30db6a127e7&name=default 0.253s
2024-10-12 10:53:49.594 62058 INFO tempest.lib.common.rest_client [req-701e3f0d-4676-454f-bc01-749314284638 req-701e3f0d-4676-454f-bc01-749314284638 ] Request (ImagesTestJSON:test_create_image_from_stopped_server): 200 GET http://10.180.1.21/compute/v2.1/servers/5c80ad4d-0fa1-4003-a6a1-2c9039ad679c 0.069s
2024-10-12 10:53:49.625 62066 INFO tempest.lib.common.rest_client [req-78dcddc4-cf3e-411e-834d-660dee58ad57 req-78dcddc4-cf3e-411e-834d-660dee58ad57 ] Request (ServersTestManualDisk:setUpClass): 200 GET http://10.180.1.21/compute/v2.1/servers/51d54995-0d13-4560-bdd6-7d9f9f5210dd 0.052s
2024-10-12 10:53:49.669 62114 INFO tempest.lib.common.rest_client [req-45abdeb4-db1c-473c-9e36-849ac02aad08 req-45abdeb4-db1c-473c-9e36-849ac02aad08 ] Request (DeleteServersAdminTestJSON:test_delete_server_while_in_error_state): 200 GET http://10.180.1.21/compute/v2.1/servers/46b484d0-1e87-4438-9791-e8199c76d21f 0.048s
2024-10-12 10:53:49.722 62068 INFO tempest.lib.common.rest_client [req-6481c732-da14-45e7-92c5-415531073a90 req-6481c732-da14-45e7-92c5-415531073a90 ] Request (QuotaClassesAdminTestJSON:tearDownClass): 204 DELETE http://10.180.1.21:9696/networking/v2.0/security-groups/4e3bdb22-8e61-401d-aa92-863f06353311 0.127s
2024-10-12 10:53:49.728 62110 INFO tempest.lib.common.rest_client [req-b578e244-177d-4096-941b-9bb30f44422f req-b578e244-177d-4096-941b-9bb30f44422f ] Request (ServersWithSpecificFlavorTestJSON:_run_cleanups): 204 DELETE http://10.180.1.21:9696/networking/v2.0/floatingips/50569cb0-9b16-4ce3-bd29-a7595b83c478 0.341s
2024-10-12 10:53:49.732 62094 INFO tempest.lib.common.rest_client [req-5496a37b-bee7-4d60-82f6-b3b7cd78a563 req-5496a37b-bee7-4d60-82f6-b3b7cd78a563 ] Request (ImagesOneServerNegativeTestJSON:setUpClass): 200 GET http://10.180.1.21/compute/v2.1/servers/b4dd79b0-5dbb-4f12-9736-d8bc9f828f5d 0.063s
2024-10-12 10:53:49.732 62118 INFO tempest.lib.common.rest_client [req-6a8d0536-69a1-434c-8bde-b3827de042bd req-6a8d0536-69a1-434c-8bde-b3827de042bd ] Request (ServersAaction247Test:test_create_backup): 200 GET http://10.180.1.21/compute/v2.1/servers/de5a46be-193a-40d8-aeba-d5d4de24ef95 0.061s
2024-10-12 10:53:49.776 62092 INFO tempest.lib.common.rest_client [req-d25cce2d-f431-4d71-bd4d-2b1a8ab26830 req-d25cce2d-f431-4d71-bd4d-2b1a8ab26830 ] Request (ListImageFiltersTestJSON:setUpClass): 200 GET http://10.180.1.21/compute/v2.1/servers/fb4c4bbf-ca9c-4584-bd1d-83e5e81e6c7e 0.074s
2024-10-12 10:53:49.783 62068 INFO tempest.lib.common.rest_client [req-7e1a84ef-b69e-4724-9cc4-a52da093ef4e req-7e1a84ef-b69e-4724-9cc4-a52da093ef4e ] Request (QuotaClassesAdminTestJSON:tearDownClass): 204 DELETE http://10.180.1.21/identity/v3/projects/02ce7db6e8ca40c5a477e30db6a127e7 0.060s
2024-10-12 10:53:49.783 62068 INFO tempest.lib.common.dynamic_creds [-] Deleting project and security group for project: 422fdbd196b84cb2b05d9b64f8703cd7
2024-10-12 10:53:49.792 62096 INFO tempest.lib.common.rest_client [req-7c3ff724-96d9-48d4-b812-086d3f10ae44 req-7c3ff724-96d9-48d4-b812-086d3f10ae44 ] Request (ServersAdmin275Test:tearDownClass): 200 GET http://10.180.1.21/compute/v2.1/servers/ff1dac51-f008-4218-bd4c-f0104657a2ee 0.067s
2024-10-12 10:53:49.792 62110 INFO tempest.lib.common.rest_client [req-dc8b7fd6-5339-459d-a930-1545f6106e79 req-dc8b7fd6-5339-459d-a930-1545f6106e79 ] Request (ServersWithSpecificFlavorTestJSON:_run_cleanups): 202 DELETE http://10.180.1.21/compute/v2.1/flavors/2017849872 0.064s
2024-10-12 10:53:49.851 62072 INFO tempest.lib.common.rest_client [req-446c3759-2176-4c49-aa31-b14d705b1d44 req-446c3759-2176-4c49-aa31-b14d705b1d44 ] Request (ServerActionsTestOtherB:setUpClass): 200 GET http://10.180.1.21/compute/v2.1/servers/507a2e12-55a1-4d2c-b3d2-577914cc245e 0.086s
2024-10-12 10:53:49.859 62076 INFO tempest.lib.common.rest_client [req-65147500-871a-4a5b-a00b-d6394427687c req-65147500-871a-4a5b-a00b-d6394427687c ] Request (InstanceActionsV221TestJSON:test_get_list_deleted_instance_actions): 200 GET http://10.180.1.21/compute/v2.1/servers/3cd00254-b61b-498a-946b-ff2028230e25 0.107s
2024-10-12 10:53:49.873 62110 INFO tempest.lib.common.rest_client [req-658f7386-0fcb-446c-816d-a2ab3a8b1ecf req-658f7386-0fcb-446c-816d-a2ab3a8b1ecf ] Request (ServersWithSpecificFlavorTestJSON:_run_cleanups): 200 GET http://10.180.1.21/compute/v2.1/flavors/detail 0.080s
2024-10-12 10:53:49.899 62120 INFO tempest.lib.common.rest_client [req-fad64611-6ddb-49ab-bcb7-fbef972d0f83 req-fad64611-6ddb-49ab-bcb7-fbef972d0f83 ] Request (AttachVolumeNegativeTest:test_attach_attached_volume_to_different_server): 200 GET http://10.180.1.21/compute/v2.1/servers/037dd0ba-0d50-4c46-8947-7df3ca19e1c1 0.119s
2024-10-12 10:53:49.923 62084 INFO tempest.lib.common.rest_client [req-923801c9-519b-4cfd-827d-ea98f6054edf req-923801c9-519b-4cfd-827d-ea98f6054edf ] Request (ServerRescueTestJSON:setUpClass): 200 GET http://10.180.1.21/compute/v2.1/servers/21ad1f7b-cc59-4ad4-a0c0-9e867b20e9f0 0.113s
2024-10-12 10:53:49.926 62068 INFO tempest.lib.common.rest_client [req-0f5ffeef-49a1-434e-b67f-0de972b071bd req-0f5ffeef-49a1-434e-b67f-0de972b071bd ] Request (QuotaClassesAdminTestJSON:tearDownClass): 200 GET http://10.180.1.21:9696/networking/v2.0/security-groups?tenant_id=422fdbd196b84cb2b05d9b64f8703cd7&name=default 0.143s
2024-10-12 10:53:49.928 62064 INFO tempest.lib.common.rest_client [req-5c56be08-f3aa-485a-9c49-f9c0e69bcf13 req-5c56be08-f3aa-485a-9c49-f9c0e69bcf13 ] Request (VolumesAssistedSnapshotsTest:_run_cleanups): 404 GET http://10.180.1.21/volume/v3/volumes/f5e64fd1-289b-43b1-82dd-c73e0de93b89 0.016s
2024-10-12 10:53:49.930 62084 INFO tempest.common.waiters [-] State transition "BUILD/scheduling" ==> "BUILD/None" after 20 second wait
2024-10-12 10:53:49.947 62074 INFO tempest.lib.common.rest_client [req-e0176d78-f53a-4163-a41c-bc4f4fabbb56 req-e0176d78-f53a-4163-a41c-bc4f4fabbb56 ] Request (ServerDiagnosticsNegativeTest:test_get_server_diagnostics_by_non_admin): 200 GET http://10.180.1.21/compute/v2.1/servers/496f00ef-7487-45d9-9356-529f9390544f 0.119s
2024-10-12 10:53:49.960 62110 INFO tempest.lib.common.rest_client [req-bedcc947-84a7-4bf7-907e-fae8c84ab1fa req-bedcc947-84a7-4bf7-907e-fae8c84ab1fa ] Request (ServersWithSpecificFlavorTestJSON:_run_cleanups): 202 DELETE http://10.180.1.21/compute/v2.1/flavors/156393891 0.083s
2024-10-12 10:53:49.971 62060 INFO tempest.lib.common.rest_client [req-0685ed7b-3087-4ef4-875d-44cf61c22a75 req-0685ed7b-3087-4ef4-875d-44cf61c22a75 ] Request (SecurityGroupsTestJSON:test_server_security_groups): 200 GET http://10.180.1.21/compute/v2.1/servers/7a93d1c2-20d6-438e-bc42-1f9aa0219f91 0.112s
2024-10-12 10:53:50.002 62112 INFO tempest.lib.common.rest_client [req-819a80de-cfbb-4d95-a526-ea0ef2dd202a req-819a80de-cfbb-4d95-a526-ea0ef2dd202a ] Request (ServerDiskConfigTestJSON:test_rebuild_server_with_manual_disk_config): 200 GET http://10.180.1.21/compute/v2.1/servers/e56a6950-f842-45fb-a0a0-0defe3b3c30f 0.105s
2024-10-12 10:53:50.012 62078 INFO tempest.lib.common.rest_client [req-8f0a5104-345a-4c66-8c24-22337c5f8846 req-8f0a5104-345a-4c66-8c24-22337c5f8846 ] Request (MultipleCreateTestJSON:test_multiple_create): 200 GET http://10.180.1.21/compute/v2.1/servers/325a641d-2509-49e6-bfbc-0b2cb85c1ff9 0.106s
2024-10-12 10:53:50.012 62068 INFO tempest.lib.common.rest_client [req-9f7f49f3-ad38-42e8-9861-2443e6beb9b6 req-9f7f49f3-ad38-42e8-9861-2443e6beb9b6 ] Request (QuotaClassesAdminTestJSON:tearDownClass): 204 DELETE http://10.180.1.21:9696/networking/v2.0/security-groups/34c85736-57f2-42a7-a1e1-34df39e28aa2 0.085s
2024-10-12 10:53:50.016 62064 INFO tempest.lib.common.rest_client [req-154bd46b-c0ef-4e6b-b83e-6b5dc078061a req-154bd46b-c0ef-4e6b-b83e-6b5dc078061a ] Request (VolumesAssistedSnapshotsTest:tearDownClass): 202 DELETE http://10.180.1.21/compute/v2.1/os-keypairs/tempest-keypair-1813356214 0.078s
2024-10-12 10:53:50.072 62086 INFO tempest.lib.common.rest_client [req-c059c71f-2aee-4320-a505-77159ea3c140 req-c059c71f-2aee-4320-a505-77159ea3c140 ] Request (AttachInterfacesUnderV243Test:test_add_remove_fixed_ip): 200 GET http://10.180.1.21/compute/v2.1/servers/ad02e0c7-3d12-48ad-a393-26749fd8c502 0.128s
2024-10-12 10:53:50.075 62080 INFO tempest.lib.common.rest_client [req-cb6ef3bf-66f8-49a8-af11-54c82c54312f req-cb6ef3bf-66f8-49a8-af11-54c82c54312f ] Request (TenantUsagesTestJSON:setUpClass): 200 GET http://10.180.1.21/compute/v2.1/servers/95635ec3-cbfd-4dc0-a595-02062a0bda6e 0.118s
2024-10-12 10:53:50.093 62110 INFO tempest.lib.common.rest_client [req-0242eb29-ea12-4306-8bb6-b7c50239f051 req-0242eb29-ea12-4306-8bb6-b7c50239f051 ] Request (ServersWithSpecificFlavorTestJSON:_run_cleanups): 200 GET http://10.180.1.21/compute/v2.1/flavors/detail 0.132s
2024-10-12 10:53:50.104 62068 INFO tempest.lib.common.rest_client [req-45d8410e-be1e-465f-a8f4-cae8f5cf8c8b req-45d8410e-be1e-465f-a8f4-cae8f5cf8c8b ] Request (QuotaClassesAdminTestJSON:tearDownClass): 204 DELETE http://10.180.1.21/identity/v3/projects/422fdbd196b84cb2b05d9b64f8703cd7 0.091s
2024-10-12 10:53:50.133 62106 INFO tempest.lib.common.rest_client [req-5d43f6c7-b315-483e-a1d4-42ae875cca23 req-5d43f6c7-b315-483e-a1d4-42ae875cca23 ] Request (ServerActionsV293TestJSON:setUpClass): 200 GET http://10.180.1.21/compute/v2.1/servers/002a7370-024d-4959-a56d-1a13c260f60e 0.117s
2024-10-12 10:53:50.140 62082 INFO tempest.lib.common.rest_client [req-bdb08f08-51fb-466d-ac18-51e96598331f req-bdb08f08-51fb-466d-ac18-51e96598331f ] Request (ServerDiagnosticsV248Test:tearDownClass): 200 GET http://10.180.1.21/compute/v2.1/servers/90a21ec5-7ccf-4d37-9ec9-19ba2bfff468 0.069s
2024-10-12 10:53:50.151 62064 INFO tempest.lib.common.rest_client [req-3ede2667-9389-40f9-86e4-2c93e208f997 req-3ede2667-9389-40f9-86e4-2c93e208f997 ] Request (VolumesAssistedSnapshotsTest:tearDownClass): 204 DELETE http://10.180.1.21:9696/networking/v2.0/security-groups/e5f38623-0791-441c-847c-21242fc2f6c8 0.135s
2024-10-12 10:53:50.160 62068 INFO tempest.lib.common.rest_client [req-c633dc91-86e8-416b-a54c-24625d1669db req-c633dc91-86e8-416b-a54c-24625d1669db ] Request (FloatingIPDetailsTestJSON:setUpClass): 201 POST http://10.180.1.21/identity/v3/auth/tokens 0.054s
2024-10-12 10:53:50.164 62064 INFO tempest.lib.common.rest_client [req-dfe9481f-5d78-497d-b8ac-2a3ed27cb141 req-dfe9481f-5d78-497d-b8ac-2a3ed27cb141 ] Request (VolumesAssistedSnapshotsTest:tearDownClass): 404 GET http://10.180.1.21:9696/networking/v2.0/security-groups/e5f38623-0791-441c-847c-21242fc2f6c8 0.013s
2024-10-12 10:53:50.183 62090 INFO tempest.lib.common.rest_client [req-b2af2f95-f53b-4600-b650-644477eb0ae6 req-b2af2f95-f53b-4600-b650-644477eb0ae6 ] Request (ServersV294TestFqdnHostnames:setUpClass): 200 GET http://10.180.1.21/compute/v2.1/servers/9ce52867-d547-401e-993d-0053eb9da4c4 0.108s
2024-10-12 10:53:50.190 62068 INFO tempest.lib.common.rest_client [req-45bbdde4-2b94-470b-ba12-5565ab2fb26e req-45bbdde4-2b94-470b-ba12-5565ab2fb26e ] Request (FloatingIPDetailsTestJSON:setUpClass): 201 POST http://10.180.1.21/identity/v3/auth/tokens 0.028s
2024-10-12 10:53:50.208 62068 INFO tempest.lib.common.rest_client [req-95bedad4-29b6-4389-a977-df54a54db9d6 req-95bedad4-29b6-4389-a977-df54a54db9d6 ] Request (FloatingIPDetailsTestJSON:setUpClass): 200 GET http://10.180.1.21/identity/v3/domains?name=Default 0.017s
2024-10-12 10:53:50.212 62116 INFO tempest.lib.common.rest_client [req-b7a13417-bd10-41f1-bf96-c365ac1dd3cb req-b7a13417-bd10-41f1-bf96-c365ac1dd3cb ] Request (FloatingIPsAssociationTestJSON:setUpClass): 200 GET http://10.180.1.21/compute/v2.1/servers/e615e1ff-7914-4dc8-b8df-1a3a2f64c3f4 0.052s
2024-10-12 10:53:50.235 62068 INFO tempest.lib.common.rest_client [req-47644722-7d9c-4970-9acf-698e2ed2c5bb req-47644722-7d9c-4970-9acf-698e2ed2c5bb ] Request (FloatingIPDetailsTestJSON:setUpClass): 201 POST http://10.180.1.21/identity/v3/projects 0.027s
2024-10-12 10:53:50.285 62068 INFO tempest.lib.common.rest_client [req-ec094896-10a6-4651-a6af-9518db36af5b req-ec094896-10a6-4651-a6af-9518db36af5b ] Request (FloatingIPDetailsTestJSON:setUpClass): 201 POST http://10.180.1.21/identity/v3/users 0.049s
2024-10-12 10:53:50.302 62068 INFO tempest.lib.common.rest_client [req-b42c35cd-0e20-4a75-be29-1a8f11a3d292 req-b42c35cd-0e20-4a75-be29-1a8f11a3d292 ] Request (FloatingIPDetailsTestJSON:setUpClass): 200 GET http://10.180.1.21/identity/v3/roles 0.016s
2024-10-12 10:53:50.328 62068 INFO tempest.lib.common.rest_client [req-bf4ac5a2-941d-456d-880b-1af0c051a2d0 req-bf4ac5a2-941d-456d-880b-1af0c051a2d0 ] Request (FloatingIPDetailsTestJSON:setUpClass): 204 PUT http://10.180.1.21/identity/v3/projects/7578048fb9a448deb07e4596e36e4e02/users/bb96fb5a7b3f4f43b46795547cc8aa81/roles/ce12846925a449cc89ab4ef1e8e22a12 0.025s
2024-10-12 10:53:50.328 62068 INFO tempest.lib.common.dynamic_creds [-] Dynamic test user bb96fb5a7b3f4f43b46795547cc8aa81 is created with scope project and roles: ['member']
2024-10-12 10:53:50.328 62068 INFO tempest.lib.common.dynamic_creds [-] Acquired dynamic creds: credentials: Credentials: {'domain_id': 'default', 'domain_name': 'Default', 'username': 'tempest-FloatingIPDetailsTestJSON-2146272983-project-member', 'project_domain_id': 'default', 'project_domain_name': 'Default', 'project_id': '7578048fb9a448deb07e4596e36e4e02', 'project_name': 'tempest-FloatingIPDetailsTestJSON-2146272983', 'tenant_id': '7578048fb9a448deb07e4596e36e4e02', 'tenant_name': 'tempest-FloatingIPDetailsTestJSON-2146272983', 'user_domain_id': 'default', 'user_domain_name': 'Default', 'user_id': 'bb96fb5a7b3f4f43b46795547cc8aa81', 'system': None}, Network: None, Subnet: None, Router: None
2024-10-12 10:53:50.386 62068 INFO tempest.lib.common.rest_client [req-04546810-ee48-4a20-b6fd-7d3fadd980dd req-04546810-ee48-4a20-b6fd-7d3fadd980dd ] Request (FloatingIPDetailsTestJSON:setUpClass): 201 POST http://10.180.1.21/identity/v3/auth/tokens 0.058s
2024-10-12 10:53:50.390 62104 INFO tempest.lib.common.rest_client [req-1a33eb18-cdf5-4796-a3ff-ddb4fc0761a1 req-1a33eb18-cdf5-4796-a3ff-ddb4fc0761a1 ] Request (ServersAdminNegativeTestJSON:setUpClass): 200 GET http://10.180.1.21/compute/v2.1/servers/a062288b-e785-4dec-98f2-358b54f3d327 0.059s
2024-10-12 10:53:50.438 62062 INFO tempest.lib.common.rest_client [req-87fd2d3d-1f84-40d5-9b2c-112f4ae1107e req-87fd2d3d-1f84-40d5-9b2c-112f4ae1107e ] Request (ServersTestJSON:setUpClass): 200 GET http://10.180.1.21/compute/v2.1/servers/e7ba3a8d-4bd0-4d78-861f-866ce2ade0cb 0.052s
2024-10-12 10:53:50.457 62102 INFO tempest.lib.common.rest_client [req-646f341d-6b2b-43c2-b741-fb69fcef7665 req-646f341d-6b2b-43c2-b741-fb69fcef7665 ] Request (ServerExternalEventsTest:test_create_server_external_events): 200 GET http://10.180.1.21/compute/v2.1/servers/ed4352e2-3321-4a05-8a3f-a02e375ecbfb 0.063s
2024-10-12 10:53:50.483 62088 INFO tempest.lib.common.rest_client [req-26e3c28b-8f42-4096-9b38-50557c004a1f req-26e3c28b-8f42-4096-9b38-50557c004a1f ] Request (ServerTagsTestJSON:setUpClass): 200 GET http://10.180.1.21/compute/v2.1/servers/9b87db2b-e7b0-4677-b70f-f2fb1d6d3c4e 0.047s
2024-10-12 10:53:50.491 62088 INFO tempest.common.waiters [-] State transition "BUILD/None" ==> "BUILD/networking" after 36 second wait
2024-10-12 10:53:50.492 62064 INFO tempest.lib.common.rest_client [req-8daad5e9-4a3a-4f74-886d-b5d1046755ec req-8daad5e9-4a3a-4f74-886d-b5d1046755ec ] Request (VolumesAssistedSnapshotsTest:tearDownClass): 204 DELETE http://10.180.1.21:9696/networking/v2.0/floatingips/9a2df5b9-561a-4ce2-a421-e72a9799797f 0.328s
2024-10-12 10:53:50.505 62064 INFO tempest.lib.common.rest_client [req-e16ba88f-fe83-4ccc-8d0a-a42a696fc34a req-e16ba88f-fe83-4ccc-8d0a-a42a696fc34a ] Request (VolumesAssistedSnapshotsTest:tearDownClass): 404 DELETE http://10.180.1.21/volume/v3/volumes/f5e64fd1-289b-43b1-82dd-c73e0de93b89 0.012s
2024-10-12 10:53:50.520 62064 INFO tempest.lib.common.rest_client [req-ccc0d635-367e-41c9-9d45-f2a51e13fbdd req-ccc0d635-367e-41c9-9d45-f2a51e13fbdd ] Request (VolumesAssistedSnapshotsTest:tearDownClass): 404 GET http://10.180.1.21/volume/v3/volumes/f5e64fd1-289b-43b1-82dd-c73e0de93b89 0.014s
2024-10-12 10:53:50.546 62070 INFO tempest.lib.common.rest_client [req-1fff2221-26ea-4a5b-85b0-331202b16311 req-1fff2221-26ea-4a5b-85b0-331202b16311 ] Request (AttachInterfacesTestJSON:test_create_list_show_delete_interfaces_by_fixed_ip): 200 GET http://10.180.1.21/compute/v2.1/servers/35c3e1eb-6b98-42f7-8f92-420560feba92 0.059s
2024-10-12 10:53:50.755 62100 INFO tempest.lib.common.rest_client [req-f3f80cc7-5d36-4a56-b061-93b9db1d3ebb req-f3f80cc7-5d36-4a56-b061-93b9db1d3ebb ] Request (MigrationsAdminTest:test_resize_server_revert_deleted_flavor): 200 GET http://10.180.1.21/compute/v2.1/servers/8aeeb8e9-e1ab-463b-bc16-ca68571882aa 0.212s
2024-10-12 10:53:50.765 62058 INFO tempest.lib.common.rest_client [req-ca513b5d-2873-4047-92c2-90ef3877de09 req-ca513b5d-2873-4047-92c2-90ef3877de09 ] Request (ImagesTestJSON:test_create_image_from_stopped_server): 200 GET http://10.180.1.21/compute/v2.1/servers/5c80ad4d-0fa1-4003-a6a1-2c9039ad679c 0.164s
2024-10-12 10:53:50.803 62066 INFO tempest.lib.common.rest_client [req-237d8b1c-ac4f-4c3f-9c4b-77057e58e5d3 req-237d8b1c-ac4f-4c3f-9c4b-77057e58e5d3 ] Request (ServersTestManualDisk:setUpClass): 200 GET http://10.180.1.21/compute/v2.1/servers/51d54995-0d13-4560-bdd6-7d9f9f5210dd 0.168s
2024-10-12 10:53:50.818 62068 INFO tempest.lib.common.rest_client [req-23de8064-3c40-4191-a51d-7a23538f89af req-23de8064-3c40-4191-a51d-7a23538f89af ] Request (FloatingIPDetailsTestJSON:setUpClass): 201 POST http://10.180.1.21:9696/networking/v2.0/networks 0.431s
2024-10-12 10:53:50.820 62114 INFO tempest.lib.common.rest_client [req-174e06f9-6513-4c78-808c-b22caaa838f9 req-174e06f9-6513-4c78-808c-b22caaa838f9 ] Request (DeleteServersAdminTestJSON:test_delete_server_while_in_error_state): 200 GET http://10.180.1.21/compute/v2.1/servers/46b484d0-1e87-4438-9791-e8199c76d21f 0.142s
2024-10-12 10:53:50.854 62094 INFO tempest.lib.common.rest_client [req-958e56f0-7573-43a8-af9d-cb64b4b87227 req-958e56f0-7573-43a8-af9d-cb64b4b87227 ] Request (ImagesOneServerNegativeTestJSON:setUpClass): 200 GET http://10.180.1.21/compute/v2.1/servers/b4dd79b0-5dbb-4f12-9736-d8bc9f828f5d 0.115s
2024-10-12 10:53:50.889 62118 INFO tempest.lib.common.rest_client [req-88c2b3af-edbb-4346-9f51-63a09c09c005 req-88c2b3af-edbb-4346-9f51-63a09c09c005 ] Request (ServersAaction247Test:test_create_backup): 200 GET http://10.180.1.21/compute/v2.1/servers/de5a46be-193a-40d8-aeba-d5d4de24ef95 0.147s
2024-10-12 10:53:50.909 62092 INFO tempest.lib.common.rest_client [req-265f9e3f-64bc-4977-a128-fb5f5f783c03 req-265f9e3f-64bc-4977-a128-fb5f5f783c03 ] Request (ListImageFiltersTestJSON:setUpClass): 200 GET http://10.180.1.21/compute/v2.1/servers/fb4c4bbf-ca9c-4584-bd1d-83e5e81e6c7e 0.125s
2024-10-12 10:53:50.968 62096 INFO tempest.lib.common.rest_client [req-1476a4c9-caa6-459d-92fb-adcfe51ef9bc req-1476a4c9-caa6-459d-92fb-adcfe51ef9bc ] Request (ServersAdmin275Test:tearDownClass): 200 GET http://10.180.1.21/compute/v2.1/servers/ff1dac51-f008-4218-bd4c-f0104657a2ee 0.166s
2024-10-12 10:53:50.977 62072 INFO tempest.lib.common.rest_client [req-532befc5-6f03-45ff-a2b1-a3ebaaa42d95 req-532befc5-6f03-45ff-a2b1-a3ebaaa42d95 ] Request (ServerActionsTestOtherB:setUpClass): 200 GET http://10.180.1.21/compute/v2.1/servers/507a2e12-55a1-4d2c-b3d2-577914cc245e 0.117s
2024-10-12 10:53:51.029 62076 INFO tempest.lib.common.rest_client [req-d5028220-6075-4b06-af5c-387dafa02e3b req-d5028220-6075-4b06-af5c-387dafa02e3b ] Request (InstanceActionsV221TestJSON:test_get_list_deleted_instance_actions): 200 GET http://10.180.1.21/compute/v2.1/servers/3cd00254-b61b-498a-946b-ff2028230e25 0.161s
2024-10-12 10:53:51.039 62120 INFO tempest.lib.common.rest_client [req-b2f94b15-ce83-41c7-b7c0-062d7b7d8aba req-b2f94b15-ce83-41c7-b7c0-062d7b7d8aba ] Request (AttachVolumeNegativeTest:test_attach_attached_volume_to_different_server): 200 GET http://10.180.1.21/compute/v2.1/servers/037dd0ba-0d50-4c46-8947-7df3ca19e1c1 0.133s
2024-10-12 10:53:51.089 62084 INFO tempest.lib.common.rest_client [req-7c09fa01-bf12-4c8b-a047-c50e5ab0cba8 req-7c09fa01-bf12-4c8b-a047-c50e5ab0cba8 ] Request (ServerRescueTestJSON:setUpClass): 200 GET http://10.180.1.21/compute/v2.1/servers/21ad1f7b-cc59-4ad4-a0c0-9e867b20e9f0 0.158s
2024-10-12 10:53:51.101 62074 INFO tempest.lib.common.rest_client [req-62ec2362-e05b-4b6c-96f7-bf834b054ebc req-62ec2362-e05b-4b6c-96f7-bf834b054ebc ] Request (ServerDiagnosticsNegativeTest:test_get_server_diagnostics_by_non_admin): 200 GET http://10.180.1.21/compute/v2.1/servers/496f00ef-7487-45d9-9356-529f9390544f 0.148s
2024-10-12 10:53:51.143 62060 INFO tempest.lib.common.rest_client [req-69eb445b-a8ff-4685-b5a8-8ceba32c60fb req-69eb445b-a8ff-4685-b5a8-8ceba32c60fb ] Request (SecurityGroupsTestJSON:test_server_security_groups): 200 GET http://10.180.1.21/compute/v2.1/servers/7a93d1c2-20d6-438e-bc42-1f9aa0219f91 0.165s
2024-10-12 10:53:51.166 62112 INFO tempest.lib.common.rest_client [req-58a6fedb-7ef3-4be4-a08c-3fb88fbd8cc6 req-58a6fedb-7ef3-4be4-a08c-3fb88fbd8cc6 ] Request (ServerDiskConfigTestJSON:test_rebuild_server_with_manual_disk_config): 200 GET http://10.180.1.21/compute/v2.1/servers/e56a6950-f842-45fb-a0a0-0defe3b3c30f 0.158s
2024-10-12 10:53:51.195 62078 INFO tempest.lib.common.rest_client [req-601176d7-66d0-4ae2-9691-b2b3be055797 req-601176d7-66d0-4ae2-9691-b2b3be055797 ] Request (MultipleCreateTestJSON:test_multiple_create): 200 GET http://10.180.1.21/compute/v2.1/servers/325a641d-2509-49e6-bfbc-0b2cb85c1ff9 0.175s
2024-10-12 10:53:51.218 62068 INFO tempest.lib.common.rest_client [req-002552f2-d0da-4d3e-8a2f-9be75e920e55 req-002552f2-d0da-4d3e-8a2f-9be75e920e55 ] Request (FloatingIPDetailsTestJSON:setUpClass): 201 POST http://10.180.1.21:9696/networking/v2.0/subnets 0.400s
2024-10-12 10:53:51.221 62086 INFO tempest.lib.common.rest_client [req-47f83dbb-4609-4a2d-a209-5b5530bfa9d2 req-47f83dbb-4609-4a2d-a209-5b5530bfa9d2 ] Request (AttachInterfacesUnderV243Test:test_add_remove_fixed_ip): 200 GET http://10.180.1.21/compute/v2.1/servers/ad02e0c7-3d12-48ad-a393-26749fd8c502 0.142s
2024-10-12 10:53:51.253 62080 INFO tempest.lib.common.rest_client [req-63ea1b68-79c5-4d3b-8538-ce0fe14ad0ca req-63ea1b68-79c5-4d3b-8538-ce0fe14ad0ca ] Request (TenantUsagesTestJSON:setUpClass): 200 GET http://10.180.1.21/compute/v2.1/servers/95635ec3-cbfd-4dc0-a595-02062a0bda6e 0.171s
2024-10-12 10:53:51.263 62110 INFO tempest.lib.common.rest_client [req-169cf21e-9ded-4c78-8056-c876c65c8841 req-169cf21e-9ded-4c78-8056-c876c65c8841 ] Request (ServersWithSpecificFlavorTestJSON:tearDownClass): 200 PUT http://10.180.1.21:9696/networking/v2.0/routers/c1775393-9f7f-4f2f-8500-1378adc9635d/remove_router_interface 1.153s
2024-10-12 10:53:51.282 62106 INFO tempest.lib.common.rest_client [req-8f23bac7-f1ef-4fa8-b2bf-222341e375d9 req-8f23bac7-f1ef-4fa8-b2bf-222341e375d9 ] Request (ServerActionsV293TestJSON:setUpClass): 200 GET http://10.180.1.21/compute/v2.1/servers/002a7370-024d-4959-a56d-1a13c260f60e 0.139s
2024-10-12 10:53:51.328 62082 INFO tempest.lib.common.rest_client [req-e490f5ec-3f7b-4e13-b1e1-da6c934457a8 req-e490f5ec-3f7b-4e13-b1e1-da6c934457a8 ] Request (ServerDiagnosticsV248Test:tearDownClass): 200 GET http://10.180.1.21/compute/v2.1/servers/90a21ec5-7ccf-4d37-9ec9-19ba2bfff468 0.175s
2024-10-12 10:53:51.352 62090 INFO tempest.lib.common.rest_client [req-1e366f83-a5bc-4e0a-8424-3c25274c3a02 req-1e366f83-a5bc-4e0a-8424-3c25274c3a02 ] Request (ServersV294TestFqdnHostnames:setUpClass): 200 GET http://10.180.1.21/compute/v2.1/servers/9ce52867-d547-401e-993d-0053eb9da4c4 0.158s
2024-10-12 10:53:51.389 62116 INFO tempest.lib.common.rest_client [req-1ade68c3-7b4b-420d-844c-9ad44d167466 req-1ade68c3-7b4b-420d-844c-9ad44d167466 ] Request (FloatingIPsAssociationTestJSON:setUpClass): 200 GET http://10.180.1.21/compute/v2.1/servers/e615e1ff-7914-4dc8-b8df-1a3a2f64c3f4 0.170s
2024-10-12 10:53:51.395 62116 INFO tempest.common.waiters [-] State transition "BUILD/spawning" ==> "ERROR/None" after 44 second wait
2024-10-12 10:53:51.473 62104 INFO tempest.lib.common.rest_client [req-7947c02f-fa40-47e4-b323-811161d1d9a8 req-7947c02f-fa40-47e4-b323-811161d1d9a8 ] Request (ServersAdminNegativeTestJSON:setUpClass): 200 GET http://10.180.1.21/compute/v2.1/servers/a062288b-e785-4dec-98f2-358b54f3d327 0.075s
2024-10-12 10:53:51.543 62062 INFO tempest.lib.common.rest_client [req-c1f7bbca-5549-43a5-b8d4-3d36a305c827 req-c1f7bbca-5549-43a5-b8d4-3d36a305c827 ] Request (ServersTestJSON:setUpClass): 200 GET http://10.180.1.21/compute/v2.1/servers/e7ba3a8d-4bd0-4d78-861f-866ce2ade0cb 0.098s
2024-10-12 10:53:51.623 62102 INFO tempest.lib.common.rest_client [req-4529c80b-9309-4aab-b0d4-6ac0cf589542 req-4529c80b-9309-4aab-b0d4-6ac0cf589542 ] Request (ServerExternalEventsTest:test_create_server_external_events): 200 GET http://10.180.1.21/compute/v2.1/servers/ed4352e2-3321-4a05-8a3f-a02e375ecbfb 0.158s
2024-10-12 10:53:51.626 62116 INFO tempest.lib.common.rest_client [req-598d709e-f491-46f0-a10d-50b02a5bd515 req-598d709e-f491-46f0-a10d-50b02a5bd515 ] Request (FloatingIPsAssociationTestJSON:setUpClass): 204 DELETE http://10.180.1.21/compute/v2.1/servers/e615e1ff-7914-4dc8-b8df-1a3a2f64c3f4 0.230s
2024-10-12 10:53:51.679 62064 INFO tempest.lib.common.rest_client [req-fa828dc3-8a32-4f5a-a1db-a0ebfa68f833 req-fa828dc3-8a32-4f5a-a1db-a0ebfa68f833 ] Request (VolumesAssistedSnapshotsTest:tearDownClass): 200 PUT http://10.180.1.21:9696/networking/v2.0/routers/05b35c87-9b99-41fe-8bb3-3bf110ab2742/remove_router_interface 1.158s
2024-10-12 10:53:51.702 62070 INFO tempest.lib.common.rest_client [req-90c23b07-3522-4153-a7f5-ec835899c5b9 req-90c23b07-3522-4153-a7f5-ec835899c5b9 ] Request (AttachInterfacesTestJSON:test_create_list_show_delete_interfaces_by_fixed_ip): 200 GET http://10.180.1.21/compute/v2.1/servers/35c3e1eb-6b98-42f7-8f92-420560feba92 0.146s
2024-10-12 10:53:51.725 62116 INFO tempest.lib.common.rest_client [req-6b58e836-f13b-4295-a60e-b60e4a754b0d req-6b58e836-f13b-4295-a60e-b60e4a754b0d ] Request (FloatingIPsAssociationTestJSON:setUpClass): 404 GET http://10.180.1.21/compute/v2.1/servers/e615e1ff-7914-4dc8-b8df-1a3a2f64c3f4 0.098s
2024-10-12 10:53:51.726 62116 INFO tempest.test [-] raised in FloatingIPsAssociationTestJSON.setUpClass. Invoking tearDownClass.
2024-10-12 10:53:51.834 62100 INFO tempest.lib.common.rest_client [req-99eafd64-4bf8-46e8-b7a9-53ea0b8390f3 req-99eafd64-4bf8-46e8-b7a9-53ea0b8390f3 ] Request (MigrationsAdminTest:test_resize_server_revert_deleted_flavor): 200 GET http://10.180.1.21/compute/v2.1/servers/8aeeb8e9-e1ab-463b-bc16-ca68571882aa 0.069s
2024-10-12 10:53:51.914 62110 INFO tempest.lib.common.rest_client [req-7fb1de3b-9d51-4492-9c37-9c1099f8bfa2 req-7fb1de3b-9d51-4492-9c37-9c1099f8bfa2 ] Request (ServersWithSpecificFlavorTestJSON:tearDownClass): 204 DELETE http://10.180.1.21:9696/networking/v2.0/routers/c1775393-9f7f-4f2f-8500-1378adc9635d 0.650s
2024-10-12 10:53:51.920 62058 INFO tempest.lib.common.rest_client [req-602fd511-34a6-4614-b313-38cbca6143d1 req-602fd511-34a6-4614-b313-38cbca6143d1 ] Request (ImagesTestJSON:test_create_image_from_stopped_server): 200 GET http://10.180.1.21/compute/v2.1/servers/5c80ad4d-0fa1-4003-a6a1-2c9039ad679c 0.145s
2024-10-12 10:53:51.921 62088 INFO tempest.lib.common.rest_client [req-146bc27a-1322-4927-ae56-2f82d6578639 req-146bc27a-1322-4927-ae56-2f82d6578639 ] Request (ServerTagsTestJSON:setUpClass): 200 GET http://10.180.1.21/compute/v2.1/servers/9b87db2b-e7b0-4677-b70f-f2fb1d6d3c4e 0.429s
2024-10-12 10:53:51.929 62088 INFO tempest.common.waiters [-] State transition "BUILD/networking" ==> "BUILD/block_device_mapping" after 37 second wait
2024-10-12 10:53:52.001 62114 INFO tempest.lib.common.rest_client [req-792751c0-b409-40e7-ad3e-0b267422c730 req-792751c0-b409-40e7-ad3e-0b267422c730 ] Request (DeleteServersAdminTestJSON:test_delete_server_while_in_error_state): 200 GET http://10.180.1.21/compute/v2.1/servers/46b484d0-1e87-4438-9791-e8199c76d21f 0.171s
2024-10-12 10:53:52.003 62066 INFO tempest.lib.common.rest_client [req-00f67c68-feda-45d0-bd24-8d9d80ccf0b9 req-00f67c68-feda-45d0-bd24-8d9d80ccf0b9 ] Request (ServersTestManualDisk:setUpClass): 200 GET http://10.180.1.21/compute/v2.1/servers/51d54995-0d13-4560-bdd6-7d9f9f5210dd 0.192s
2024-10-12 10:53:52.088 62094 INFO tempest.lib.common.rest_client [req-0499f726-e7df-4a7d-957b-00d322b4b759 req-0499f726-e7df-4a7d-957b-00d322b4b759 ] Request (ImagesOneServerNegativeTestJSON:setUpClass): 200 GET http://10.180.1.21/compute/v2.1/servers/b4dd79b0-5dbb-4f12-9736-d8bc9f828f5d 0.222s
2024-10-12 10:53:52.090 62118 INFO tempest.lib.common.rest_client [req-e0cedd4d-5ea3-4de8-a5f8-e450082aa2b5 req-e0cedd4d-5ea3-4de8-a5f8-e450082aa2b5 ] Request (ServersAaction247Test:test_create_backup): 200 GET http://10.180.1.21/compute/v2.1/servers/de5a46be-193a-40d8-aeba-d5d4de24ef95 0.189s
2024-10-12 10:53:52.166 62092 INFO tempest.lib.common.rest_client [req-182f0e5b-c4e8-4b9c-b80b-77a4c4ce2e76 req-182f0e5b-c4e8-4b9c-b80b-77a4c4ce2e76 ] Request (ListImageFiltersTestJSON:setUpClass): 200 GET http://10.180.1.21/compute/v2.1/servers/fb4c4bbf-ca9c-4584-bd1d-83e5e81e6c7e 0.251s
2024-10-12 10:53:52.187 62096 INFO tempest.lib.common.rest_client [req-9efb3287-7b08-4090-a87b-5227513fe5e6 req-9efb3287-7b08-4090-a87b-5227513fe5e6 ] Request (ServersAdmin275Test:tearDownClass): 200 GET http://10.180.1.21/compute/v2.1/servers/ff1dac51-f008-4218-bd4c-f0104657a2ee 0.210s
2024-10-12 10:53:52.246 62072 INFO tempest.lib.common.rest_client [req-cd8365a0-0d1b-4aa0-8709-f11bfe07f350 req-cd8365a0-0d1b-4aa0-8709-f11bfe07f350 ] Request (ServerActionsTestOtherB:setUpClass): 200 GET http://10.180.1.21/compute/v2.1/servers/507a2e12-55a1-4d2c-b3d2-577914cc245e 0.262s
2024-10-12 10:53:52.262 62076 INFO tempest.lib.common.rest_client [req-393ca7f0-7201-45a1-9f4a-312c270210b8 req-393ca7f0-7201-45a1-9f4a-312c270210b8 ] Request (InstanceActionsV221TestJSON:test_get_list_deleted_instance_actions): 200 GET http://10.180.1.21/compute/v2.1/servers/3cd00254-b61b-498a-946b-ff2028230e25 0.225s
2024-10-12 10:53:52.268 62110 INFO tempest.lib.common.rest_client [req-c791ffd7-17f6-4266-86cf-98650dbad13f req-c791ffd7-17f6-4266-86cf-98650dbad13f ] Request (ServersWithSpecificFlavorTestJSON:tearDownClass): 204 DELETE http://10.180.1.21:9696/networking/v2.0/subnets/919d8b1a-11ad-4514-8b84-361e1caf5ed7 0.354s
2024-10-12 10:53:52.320 62120 INFO tempest.lib.common.rest_client [req-e6e11f32-7b98-42ec-bf12-ed1600f28e86 req-e6e11f32-7b98-42ec-bf12-ed1600f28e86 ] Request (AttachVolumeNegativeTest:test_attach_attached_volume_to_different_server): 200 GET http://10.180.1.21/compute/v2.1/servers/037dd0ba-0d50-4c46-8947-7df3ca19e1c1 0.273s
2024-10-12 10:53:52.327 62064 INFO tempest.lib.common.rest_client [req-f4c89760-356d-4bf6-a275-acd0b2d417dd req-f4c89760-356d-4bf6-a275-acd0b2d417dd ] Request (VolumesAssistedSnapshotsTest:tearDownClass): 204 DELETE http://10.180.1.21:9696/networking/v2.0/routers/05b35c87-9b99-41fe-8bb3-3bf110ab2742 0.647s
2024-10-12 10:53:52.333 62084 INFO tempest.lib.common.rest_client [req-ea9e95f2-687e-474c-9349-b21147e0f07d req-ea9e95f2-687e-474c-9349-b21147e0f07d ] Request (ServerRescueTestJSON:setUpClass): 200 GET http://10.180.1.21/compute/v2.1/servers/21ad1f7b-cc59-4ad4-a0c0-9e867b20e9f0 0.234s
2024-10-12 10:53:52.407 62074 INFO tempest.lib.common.rest_client [req-8ee2fea6-64ea-44cd-95c2-8f1175b5a036 req-8ee2fea6-64ea-44cd-95c2-8f1175b5a036 ] Request (ServerDiagnosticsNegativeTest:test_get_server_diagnostics_by_non_admin): 200 GET http://10.180.1.21/compute/v2.1/servers/496f00ef-7487-45d9-9356-529f9390544f 0.297s
2024-10-12 10:53:52.443 62060 INFO tempest.lib.common.rest_client [req-9ffbd9bb-fdb0-4474-adce-94028e2ae93c req-9ffbd9bb-fdb0-4474-adce-94028e2ae93c ] Request (SecurityGroupsTestJSON:test_server_security_groups): 200 GET http://10.180.1.21/compute/v2.1/servers/7a93d1c2-20d6-438e-bc42-1f9aa0219f91 0.293s
2024-10-12 10:53:52.482 62112 INFO tempest.lib.common.rest_client [req-2e45e5e0-5ad0-472f-898f-96fea9ba7d87 req-2e45e5e0-5ad0-472f-898f-96fea9ba7d87 ] Request (ServerDiskConfigTestJSON:test_rebuild_server_with_manual_disk_config): 200 GET http://10.180.1.21/compute/v2.1/servers/e56a6950-f842-45fb-a0a0-0defe3b3c30f 0.308s
2024-10-12 10:53:52.520 62078 INFO tempest.lib.common.rest_client [req-9cc02e8c-5a30-4027-8662-7422e80f8ebe req-9cc02e8c-5a30-4027-8662-7422e80f8ebe ] Request (MultipleCreateTestJSON:test_multiple_create): 200 GET http://10.180.1.21/compute/v2.1/servers/325a641d-2509-49e6-bfbc-0b2cb85c1ff9 0.319s
2024-10-12 10:53:52.567 62086 INFO tempest.lib.common.rest_client [req-a461a3af-5e31-4620-9e34-d9de145cfb76 req-a461a3af-5e31-4620-9e34-d9de145cfb76 ] Request (AttachInterfacesUnderV243Test:test_add_remove_fixed_ip): 200 GET http://10.180.1.21/compute/v2.1/servers/ad02e0c7-3d12-48ad-a393-26749fd8c502 0.338s
2024-10-12 10:53:52.595 62080 INFO tempest.lib.common.rest_client [req-65838589-df25-49d4-b630-3f592492e07f req-65838589-df25-49d4-b630-3f592492e07f ] Request (TenantUsagesTestJSON:setUpClass): 200 GET http://10.180.1.21/compute/v2.1/servers/95635ec3-cbfd-4dc0-a595-02062a0bda6e 0.330s
2024-10-12 10:53:52.629 62116 INFO tempest.lib.common.rest_client [req-22f1d258-2f77-4f37-8052-b321d9902946 req-22f1d258-2f77-4f37-8052-b321d9902946 ] Request (FloatingIPsAssociationTestJSON:tearDownClass): 200 PUT http://10.180.1.21:9696/networking/v2.0/routers/c38adc75-2fcc-42f5-b5df-71372d848ff8/remove_router_interface 0.903s
2024-10-12 10:53:52.816 62106 INFO tempest.lib.common.rest_client [req-1409796c-9e37-4b4f-94e3-78d7a21f7c7e req-1409796c-9e37-4b4f-94e3-78d7a21f7c7e ] Request (ServerActionsV293TestJSON:setUpClass): 200 GET http://10.180.1.21/compute/v2.1/servers/002a7370-024d-4959-a56d-1a13c260f60e 0.526s
2024-10-12 10:53:52.838 62082 INFO tempest.lib.common.rest_client [req-3adfeb5c-53b9-483c-83be-16487aec0e5e req-3adfeb5c-53b9-483c-83be-16487aec0e5e ] Request (ServerDiagnosticsV248Test:tearDownClass): 200 GET http://10.180.1.21/compute/v2.1/servers/90a21ec5-7ccf-4d37-9ec9-19ba2bfff468 0.497s
2024-10-12 10:53:52.904 62090 INFO tempest.lib.common.rest_client [req-9cf98b63-9390-49da-b671-5c4055230d23 req-9cf98b63-9390-49da-b671-5c4055230d23 ] Request (ServersV294TestFqdnHostnames:setUpClass): 200 GET http://10.180.1.21/compute/v2.1/servers/9ce52867-d547-401e-993d-0053eb9da4c4 0.543s
2024-10-12 10:53:52.936 62104 INFO tempest.lib.common.rest_client [req-e48fd69a-a5e7-4001-9256-07aecd98b4c6 req-e48fd69a-a5e7-4001-9256-07aecd98b4c6 ] Request (ServersAdminNegativeTestJSON:setUpClass): 200 GET http://10.180.1.21/compute/v2.1/servers/a062288b-e785-4dec-98f2-358b54f3d327 0.456s
2024-10-12 10:53:52.952 62064 INFO tempest.lib.common.rest_client [req-97d87688-23fc-4462-b582-01e3fe958816 req-97d87688-23fc-4462-b582-01e3fe958816 ] Request (VolumesAssistedSnapshotsTest:tearDownClass): 204 DELETE http://10.180.1.21:9696/networking/v2.0/subnets/fbc46e9e-a3f7-4ff2-a2d7-d778711cde69 0.624s
2024-10-12 10:53:52.975 62116 INFO tempest.lib.common.rest_client [req-a5380e1e-ba62-49be-9030-1b9601deaefe req-a5380e1e-ba62-49be-9030-1b9601deaefe ] Request (FloatingIPsAssociationTestJSON:tearDownClass): 204 DELETE http://10.180.1.21:9696/networking/v2.0/routers/c38adc75-2fcc-42f5-b5df-71372d848ff8 0.346s
2024-10-12 10:53:53.007 62062 INFO tempest.lib.common.rest_client [req-f7e8f287-6e1c-4acd-acac-4eba384ed1f2 req-f7e8f287-6e1c-4acd-acac-4eba384ed1f2 ] Request (ServersTestJSON:setUpClass): 200 GET http://10.180.1.21/compute/v2.1/servers/e7ba3a8d-4bd0-4d78-861f-866ce2ade0cb 0.457s
2024-10-12 10:53:53.027 62102 INFO tempest.lib.common.rest_client [req-d1648d5b-5aab-45b1-9468-abb9945d03b2 req-d1648d5b-5aab-45b1-9468-abb9945d03b2 ] Request (ServerExternalEventsTest:test_create_server_external_events): 200 GET http://10.180.1.21/compute/v2.1/servers/ed4352e2-3321-4a05-8a3f-a02e375ecbfb 0.395s
2024-10-12 10:53:53.033 62102 INFO tempest.common.waiters [-] State transition "BUILD/None" ==> "BUILD/networking" after 36 second wait
2024-10-12 10:53:53.090 62070 INFO tempest.lib.common.rest_client [req-1b99ff25-3fcf-44b4-b527-98154c0997cc req-1b99ff25-3fcf-44b4-b527-98154c0997cc ] Request (AttachInterfacesTestJSON:test_create_list_show_delete_interfaces_by_fixed_ip): 200 GET http://10.180.1.21/compute/v2.1/servers/35c3e1eb-6b98-42f7-8f92-420560feba92 0.381s
2024-10-12 10:53:53.096 62070 INFO tempest.common.waiters [-] State transition "BUILD/scheduling" ==> "BUILD/None" after 23 second wait
2024-10-12 10:53:53.109 62100 INFO tempest.lib.common.rest_client [req-58260ca8-1d00-40d7-baa9-563527a9ea42 req-58260ca8-1d00-40d7-baa9-563527a9ea42 ] Request (MigrationsAdminTest:test_resize_server_revert_deleted_flavor): 200 GET http://10.180.1.21/compute/v2.1/servers/8aeeb8e9-e1ab-463b-bc16-ca68571882aa 0.264s
2024-10-12 10:53:53.166 62058 INFO tempest.lib.common.rest_client [req-9bbd9a6a-98d0-42be-9e49-7ee9ce8b9fe4 req-9bbd9a6a-98d0-42be-9e49-7ee9ce8b9fe4 ] Request (ImagesTestJSON:test_create_image_from_stopped_server): 200 GET http://10.180.1.21/compute/v2.1/servers/5c80ad4d-0fa1-4003-a6a1-2c9039ad679c 0.238s
2024-10-12 10:53:53.246 62116 INFO tempest.lib.common.rest_client [req-60693dd8-cf38-420b-a5cc-4e32e568a775 req-60693dd8-cf38-420b-a5cc-4e32e568a775 ] Request (FloatingIPsAssociationTestJSON:tearDownClass): 204 DELETE http://10.180.1.21:9696/networking/v2.0/subnets/f031c68d-c0f9-4844-bdd2-33e66afb523b 0.271s
2024-10-12 10:53:53.262 62114 INFO tempest.lib.common.rest_client [req-c12e30ed-e6bc-4d3f-b441-11023e04773b req-c12e30ed-e6bc-4d3f-b441-11023e04773b ] Request (DeleteServersAdminTestJSON:test_delete_server_while_in_error_state): 200 GET http://10.180.1.21/compute/v2.1/servers/46b484d0-1e87-4438-9791-e8199c76d21f 0.255s
2024-10-12 10:53:53.319 62068 INFO tempest.lib.common.rest_client [req-6b27f2e8-e8ac-4184-8c5f-cdcd047506cc req-6b27f2e8-e8ac-4184-8c5f-cdcd047506cc ] Request (FloatingIPDetailsTestJSON:setUpClass): 201 POST http://10.180.1.21:9696/networking/v2.0/routers 2.100s
2024-10-12 10:53:53.350 62066 INFO tempest.lib.common.rest_client [req-6c5e3b11-f702-4bb1-83ba-a563f40443bc req-6c5e3b11-f702-4bb1-83ba-a563f40443bc ] Request (ServersTestManualDisk:setUpClass): 200 GET http://10.180.1.21/compute/v2.1/servers/51d54995-0d13-4560-bdd6-7d9f9f5210dd 0.336s
2024-10-12 10:53:53.357 62110 INFO tempest.lib.common.rest_client [req-d1755aa9-2887-448e-a8ae-e22fd4cac543 req-d1755aa9-2887-448e-a8ae-e22fd4cac543 ] Request (ServersWithSpecificFlavorTestJSON:tearDownClass): 204 DELETE http://10.180.1.21:9696/networking/v2.0/networks/a76ccd0a-df70-4cd1-9a6f-8ce24cab77b1 1.088s
2024-10-12 10:53:53.396 62088 INFO tempest.lib.common.rest_client [req-be2df89d-2fbc-4739-8fd5-f1de7d5eec64 req-be2df89d-2fbc-4739-8fd5-f1de7d5eec64 ] Request (ServerTagsTestJSON:setUpClass): 200 GET http://10.180.1.21/compute/v2.1/servers/9b87db2b-e7b0-4677-b70f-f2fb1d6d3c4e 0.466s
2024-10-12 10:53:53.410 62088 INFO tempest.common.waiters [-] State transition "BUILD/block_device_mapping" ==> "BUILD/spawning" after 39 second wait
2024-10-12 10:53:53.430 62094 INFO tempest.lib.common.rest_client [req-8065dd34-571e-4b28-895c-787aa55cbaa0 req-8065dd34-571e-4b28-895c-787aa55cbaa0 ] Request (ImagesOneServerNegativeTestJSON:setUpClass): 200 GET http://10.180.1.21/compute/v2.1/servers/b4dd79b0-5dbb-4f12-9736-d8bc9f828f5d 0.333s
2024-10-12 10:53:53.471 62118 INFO tempest.lib.common.rest_client [req-dc38d766-c925-49a6-b8bb-a9886c476787 req-dc38d766-c925-49a6-b8bb-a9886c476787 ] Request (ServersAaction247Test:test_create_backup): 200 GET http://10.180.1.21/compute/v2.1/servers/de5a46be-193a-40d8-aeba-d5d4de24ef95 0.371s
2024-10-12 10:53:53.492 62092 INFO tempest.lib.common.rest_client [req-e61f39f7-c021-4529-80fb-a2c3d278f8e9 req-e61f39f7-c021-4529-80fb-a2c3d278f8e9 ] Request (ListImageFiltersTestJSON:setUpClass): 200 GET http://10.180.1.21/compute/v2.1/servers/fb4c4bbf-ca9c-4584-bd1d-83e5e81e6c7e 0.315s
2024-10-12 10:53:53.570 62096 INFO tempest.lib.common.rest_client [req-6e0258bf-58e5-4edf-a36a-a86f052f984e req-6e0258bf-58e5-4edf-a36a-a86f052f984e ] Request (ServersAdmin275Test:tearDownClass): 200 GET http://10.180.1.21/compute/v2.1/servers/ff1dac51-f008-4218-bd4c-f0104657a2ee 0.372s
2024-10-12 10:53:53.579 62072 INFO tempest.lib.common.rest_client [req-6a2844bf-4b73-4035-b91e-f84115f2dbe4 req-6a2844bf-4b73-4035-b91e-f84115f2dbe4 ] Request (ServerActionsTestOtherB:setUpClass): 200 GET http://10.180.1.21/compute/v2.1/servers/507a2e12-55a1-4d2c-b3d2-577914cc245e 0.325s
2024-10-12 10:53:53.655 62076 INFO tempest.lib.common.rest_client [req-fb12a7cc-a001-4ad4-8985-59c47ba67c81 req-fb12a7cc-a001-4ad4-8985-59c47ba67c81 ] Request (InstanceActionsV221TestJSON:test_get_list_deleted_instance_actions): 200 GET http://10.180.1.21/compute/v2.1/servers/3cd00254-b61b-498a-946b-ff2028230e25 0.382s
2024-10-12 10:53:53.657 62120 INFO tempest.lib.common.rest_client [req-b8d548af-cf31-477f-878b-4070794f7fed req-b8d548af-cf31-477f-878b-4070794f7fed ] Request (AttachVolumeNegativeTest:test_attach_attached_volume_to_different_server): 200 GET http://10.180.1.21/compute/v2.1/servers/037dd0ba-0d50-4c46-8947-7df3ca19e1c1 0.327s
2024-10-12 10:53:53.676 62116 INFO tempest.lib.common.rest_client [req-4c2acfea-11db-45d2-9524-7be0a51c11ca req-4c2acfea-11db-45d2-9524-7be0a51c11ca ] Request (FloatingIPsAssociationTestJSON:tearDownClass): 204 DELETE http://10.180.1.21:9696/networking/v2.0/networks/eb8bc52b-3c4d-4819-998a-f2772b8cdc41 0.428s
2024-10-12 10:53:53.735 62074 INFO tempest.lib.common.rest_client [req-1341ca3a-2b38-492d-be76-98d9f620c8d8 req-1341ca3a-2b38-492d-be76-98d9f620c8d8 ] Request (ServerDiagnosticsNegativeTest:test_get_server_diagnostics_by_non_admin): 200 GET http://10.180.1.21/compute/v2.1/servers/496f00ef-7487-45d9-9356-529f9390544f 0.316s
2024-10-12 10:53:53.739 62084 INFO tempest.lib.common.rest_client [req-44ed8ff8-93e6-48a7-b5a4-874611538936 req-44ed8ff8-93e6-48a7-b5a4-874611538936 ] Request (ServerRescueTestJSON:setUpClass): 200 GET http://10.180.1.21/compute/v2.1/servers/21ad1f7b-cc59-4ad4-a0c0-9e867b20e9f0 0.393s
2024-10-12 10:53:53.745 62064 INFO tempest.lib.common.rest_client [req-60afc612-5ef4-4120-b934-b3030200db0a req-60afc612-5ef4-4120-b934-b3030200db0a ] Request (VolumesAssistedSnapshotsTest:tearDownClass): 204 DELETE http://10.180.1.21:9696/networking/v2.0/networks/967448f7-5c0c-4120-8fa8-1c1b41458605 0.793s
2024-10-12 10:53:53.774 62116 INFO tempest.lib.common.rest_client [req-a3c977cb-59a4-42d6-9df7-72713e72515b req-a3c977cb-59a4-42d6-9df7-72713e72515b ] Request (FloatingIPsAssociationTestJSON:tearDownClass): 204 DELETE http://10.180.1.21/identity/v3/users/269fa24e7d34476fbdd174f0bf37e3cb 0.097s
2024-10-12 10:53:53.774 62116 INFO tempest.lib.common.dynamic_creds [-] Deleting project and security group for project: 0300db3c85124979a9f560b023c1537c
2024-10-12 10:53:53.801 62112 INFO tempest.lib.common.rest_client [req-55eadec7-66b6-4fb4-b92a-1e342186ea25 req-55eadec7-66b6-4fb4-b92a-1e342186ea25 ] Request (ServerDiskConfigTestJSON:test_rebuild_server_with_manual_disk_config): 200 GET http://10.180.1.21/compute/v2.1/servers/e56a6950-f842-45fb-a0a0-0defe3b3c30f 0.308s
2024-10-12 10:53:53.823 62060 INFO tempest.lib.common.rest_client [req-f8cc5f0e-eab9-4d99-bbbc-63488b6506a7 req-f8cc5f0e-eab9-4d99-bbbc-63488b6506a7 ] Request (SecurityGroupsTestJSON:test_server_security_groups): 200 GET http://10.180.1.21/compute/v2.1/servers/7a93d1c2-20d6-438e-bc42-1f9aa0219f91 0.373s
2024-10-12 10:53:53.857 62078 INFO tempest.lib.common.rest_client [req-b1226159-fb97-4487-b834-0b8aa33fa43d req-b1226159-fb97-4487-b834-0b8aa33fa43d ] Request (MultipleCreateTestJSON:test_multiple_create): 200 GET http://10.180.1.21/compute/v2.1/servers/325a641d-2509-49e6-bfbc-0b2cb85c1ff9 0.328s
2024-10-12 10:53:53.893 62086 INFO tempest.lib.common.rest_client [req-2f5ba97a-7008-4e90-86e9-51431e2bb373 req-2f5ba97a-7008-4e90-86e9-51431e2bb373 ] Request (AttachInterfacesUnderV243Test:test_add_remove_fixed_ip): 200 GET http://10.180.1.21/compute/v2.1/servers/ad02e0c7-3d12-48ad-a393-26749fd8c502 0.317s
2024-10-12 10:53:53.908 62116 INFO tempest.lib.common.rest_client [req-16fb6f8a-0bfd-4d27-8765-0b2b8a07ecd3 req-16fb6f8a-0bfd-4d27-8765-0b2b8a07ecd3 ] Request (FloatingIPsAssociationTestJSON:tearDownClass): 200 GET http://10.180.1.21:9696/networking/v2.0/security-groups?tenant_id=0300db3c85124979a9f560b023c1537c&name=default 0.134s
2024-10-12 10:53:53.945 62080 INFO tempest.lib.common.rest_client [req-601b2b94-ebaf-4617-9c1c-d8d7184d2b18 req-601b2b94-ebaf-4617-9c1c-d8d7184d2b18 ] Request (TenantUsagesTestJSON:setUpClass): 200 GET http://10.180.1.21/compute/v2.1/servers/95635ec3-cbfd-4dc0-a595-02062a0bda6e 0.340s
2024-10-12 10:53:53.963 62106 INFO tempest.lib.common.rest_client [req-4751878e-e933-437b-ba1a-8b3313ebe5a8 req-4751878e-e933-437b-ba1a-8b3313ebe5a8 ] Request (ServerActionsV293TestJSON:setUpClass): 200 GET http://10.180.1.21/compute/v2.1/servers/002a7370-024d-4959-a56d-1a13c260f60e 0.134s
2024-10-12 10:53:54.039 62082 INFO tempest.lib.common.rest_client [req-a7003f60-b884-4308-8746-a8266de5029e req-a7003f60-b884-4308-8746-a8266de5029e ] Request (ServerDiagnosticsV248Test:tearDownClass): 200 GET http://10.180.1.21/compute/v2.1/servers/90a21ec5-7ccf-4d37-9ec9-19ba2bfff468 0.192s
2024-10-12 10:53:54.041 62090 INFO tempest.lib.common.rest_client [req-9813b2be-fb41-491f-a5f0-0d1ff9d4063c req-9813b2be-fb41-491f-a5f0-0d1ff9d4063c ] Request (ServersV294TestFqdnHostnames:setUpClass): 200 GET http://10.180.1.21/compute/v2.1/servers/9ce52867-d547-401e-993d-0053eb9da4c4 0.119s
2024-10-12 10:53:54.116 62104 INFO tempest.lib.common.rest_client [req-3b6b9038-415c-4c0f-8d90-45c69507909d req-3b6b9038-415c-4c0f-8d90-45c69507909d ] Request (ServersAdminNegativeTestJSON:setUpClass): 200 GET http://10.180.1.21/compute/v2.1/servers/a062288b-e785-4dec-98f2-358b54f3d327 0.173s
2024-10-12 10:53:54.116 62062 INFO tempest.lib.common.rest_client [req-e27cf883-10b3-43cf-801e-092977010067 req-e27cf883-10b3-43cf-801e-092977010067 ] Request (ServersTestJSON:setUpClass): 200 GET http://10.180.1.21/compute/v2.1/servers/e7ba3a8d-4bd0-4d78-861f-866ce2ade0cb 0.095s
2024-10-12 10:53:54.191 62102 INFO tempest.lib.common.rest_client [req-59d75564-8eb7-490b-b530-0259e82b1921 req-59d75564-8eb7-490b-b530-0259e82b1921 ] Request (ServerExternalEventsTest:test_create_server_external_events): 200 GET http://10.180.1.21/compute/v2.1/servers/ed4352e2-3321-4a05-8a3f-a02e375ecbfb 0.155s
2024-10-12 10:53:54.196 62070 INFO tempest.lib.common.rest_client [req-8502a1c3-c30d-469f-a637-d404f0584f19 req-8502a1c3-c30d-469f-a637-d404f0584f19 ] Request (AttachInterfacesTestJSON:test_create_list_show_delete_interfaces_by_fixed_ip): 200 GET http://10.180.1.21/compute/v2.1/servers/35c3e1eb-6b98-42f7-8f92-420560feba92 0.098s
