2024-10-12 10:52:59.291 62094 INFO tempest.lib.common.rest_client [req-95977fed-e639-437b-b745-c277fb2b152b req-95977fed-e639-437b-b745-c277fb2b152b ] Request (FloatingIPsTestJSON:setUpClass): 201 POST http://10.180.1.21/identity/v3/auth/tokens 0.238s
2024-10-12 10:52:59.301 62090 INFO tempest.lib.common.rest_client [req-3975e9ec-f3cf-4ee3-8cb3-aa72be5e147a req-3975e9ec-f3cf-4ee3-8cb3-aa72be5e147a ] Request (QuotasAdminNegativeTest:setUpClass): 201 POST http://10.180.1.21/identity/v3/users 0.185s
2024-10-12 10:52:59.329 62074 INFO tempest.lib.common.rest_client [req-d727f29b-93e9-4b04-be5d-a4f0010216b8 req-d727f29b-93e9-4b04-be5d-a4f0010216b8 ] Request (SecurityGroupsTestAdminJSON:setUpClass): 201 POST http://10.180.1.21/identity/v3/projects 0.128s
2024-10-12 10:52:59.353 62058 INFO tempest.lib.common.rest_client [req-fda1ad67-d0ac-493e-b8fe-3d5774a30bb9 req-fda1ad67-d0ac-493e-b8fe-3d5774a30bb9 ] Request (HostsAdminNegativeTestJSON:tearDownClass): 204 DELETE http://10.180.1.21/identity/v3/users/03d0a4d7dd51476290e4ba7fc8026402 0.205s
2024-10-12 10:52:59.353 62058 INFO tempest.lib.common.dynamic_creds [-] Deleting project and security group for project: d1c3efa30e524f16932915862499e992
2024-10-12 10:52:59.407 62072 INFO tempest.lib.common.rest_client [req-7641a2f2-5cbc-48ff-9ff8-faecb5fe0ce8 req-7641a2f2-5cbc-48ff-9ff8-faecb5fe0ce8 ] Request (InstanceUsageAuditLogTestJSON:setUpClass): 200 GET http://10.180.1.21/identity/v3/roles 0.169s
2024-10-12 10:52:59.482 62084 INFO tempest.lib.common.rest_client [req-6460dfe9-1a4d-42bf-8931-cea8efe5e7da req-6460dfe9-1a4d-42bf-8931-cea8efe5e7da ] Request (QuotaClassesAdmin257Test:setUpClass): 204 PUT http://10.180.1.21/identity/v3/projects/6b0b1f3b9e554edcb0978fa262c6758a/users/03b4907b9976470681ac9268b93abcb5/roles/fe8175c4214c488caff4ab65032d2f8c 0.251s
2024-10-12 10:52:59.507 62118 INFO tempest.lib.common.rest_client [req-9121a03c-ae8c-4c0d-8ed0-60ba9d80a254 req-9121a03c-ae8c-4c0d-8ed0-60ba9d80a254 ] Request (ServicesAdminNegativeV253TestJSON:tearDownClass): 204 DELETE http://10.180.1.21/identity/v3/projects/a72779a9de9e4e9a8ad90b0fc5fbc46a 0.264s
2024-10-12 10:52:59.508 62118 INFO tempest.lib.common.dynamic_creds [-] Deleting project and security group for project: 015c9c4a64d64392bd51399d009512e2
2024-10-12 10:52:59.564 62094 INFO tempest.lib.common.rest_client [req-94bf3cb8-8a76-45f1-8f5d-95b3143cd479 req-94bf3cb8-8a76-45f1-8f5d-95b3143cd479 ] Request (FloatingIPsTestJSON:setUpClass): 201 POST http://10.180.1.21/identity/v3/auth/tokens 0.270s
2024-10-12 10:52:59.574 62070 INFO tempest.lib.common.rest_client [req-795d55c4-adf4-4b1c-97ab-f7d5fee40f7d req-795d55c4-adf4-4b1c-97ab-f7d5fee40f7d ] Request (FlavorsExtraSpecsNegativeTestJSON:tearDownClass): 204 DELETE http://10.180.1.21:9696/networking/v2.0/security-groups/6bcaf2c0-ad9a-4265-8d95-11b2ac1cffd7 0.734s
2024-10-12 10:52:59.593 62090 INFO tempest.lib.common.rest_client [req-ec249c81-fe8d-4dea-810d-869684bb5561 req-ec249c81-fe8d-4dea-810d-869684bb5561 ] Request (QuotasAdminNegativeTest:setUpClass): 200 GET http://10.180.1.21/identity/v3/roles 0.292s
2024-10-12 10:52:59.602 62074 INFO tempest.lib.common.rest_client [req-61237b7b-6a1c-4096-92f1-87a388a8f55a req-61237b7b-6a1c-4096-92f1-87a388a8f55a ] Request (SecurityGroupsTestAdminJSON:setUpClass): 201 POST http://10.180.1.21/identity/v3/users 0.272s
2024-10-12 10:52:59.622 62058 INFO tempest.lib.common.rest_client [req-9558641d-2e51-437a-ae74-3894c7b4d8a3 req-9558641d-2e51-437a-ae74-3894c7b4d8a3 ] Request (HostsAdminNegativeTestJSON:tearDownClass): 201 POST http://10.180.1.21/identity/v3/auth/tokens 0.269s
2024-10-12 10:52:59.626 62072 INFO tempest.lib.common.rest_client [req-c79a3548-06a5-452c-b5f8-e8070e6b206f req-c79a3548-06a5-452c-b5f8-e8070e6b206f ] Request (InstanceUsageAuditLogTestJSON:setUpClass): 204 PUT http://10.180.1.21/identity/v3/projects/a9a9603eee984737b24bc939eaf3d4ff/users/3867acc87a614b049b2bbe7fec273bd7/roles/fe8175c4214c488caff4ab65032d2f8c 0.219s
2024-10-12 10:52:59.627 62072 INFO tempest.lib.common.dynamic_creds [-] Dynamic test user 3867acc87a614b049b2bbe7fec273bd7 is created with scope project and roles: ['admin']
2024-10-12 10:52:59.627 62072 INFO tempest.lib.common.dynamic_creds [-] Acquired dynamic creds: credentials: Credentials: {'domain_id': 'default', 'domain_name': 'Default', 'username': 'tempest-InstanceUsageAuditLogTestJSON-1760523614-project-admin', 'project_domain_id': 'default', 'project_domain_name': 'Default', 'project_id': 'a9a9603eee984737b24bc939eaf3d4ff', 'project_name': 'tempest-InstanceUsageAuditLogTestJSON-1760523614', 'tenant_id': 'a9a9603eee984737b24bc939eaf3d4ff', 'tenant_name': 'tempest-InstanceUsageAuditLogTestJSON-1760523614', 'user_domain_id': 'default', 'user_domain_name': 'Default', 'user_id': '3867acc87a614b049b2bbe7fec273bd7', 'system': None}, Network: None, Subnet: None, Router: None
2024-10-12 10:52:59.627 62072 INFO tempest.lib.common.dynamic_creds [-] Created isolated network resources for: credentials: Credentials: {'domain_id': 'default', 'domain_name': 'Default', 'username': 'tempest-InstanceUsageAuditLogTestJSON-1760523614-project-admin', 'project_domain_id': 'default', 'project_domain_name': 'Default', 'project_id': 'a9a9603eee984737b24bc939eaf3d4ff', 'project_name': 'tempest-InstanceUsageAuditLogTestJSON-1760523614', 'tenant_id': 'a9a9603eee984737b24bc939eaf3d4ff', 'tenant_name': 'tempest-InstanceUsageAuditLogTestJSON-1760523614', 'user_domain_id': 'default', 'user_domain_name': 'Default', 'user_id': '3867acc87a614b049b2bbe7fec273bd7', 'system': None}, Network: None, Subnet: None, Router: None
2024-10-12 10:52:59.668 62066 INFO tempest.lib.common.rest_client [req-66d1a6fb-1aca-4bc8-ad5d-c8993e92e5c0 req-66d1a6fb-1aca-4bc8-ad5d-c8993e92e5c0 ] Request (SecurityGroupsNegativeTestJSON:tearDownClass): 200 PUT http://10.180.1.21:9696/networking/v2.0/routers/4f5196ac-fd46-42a6-bf90-46e50d32a00b/remove_router_interface 3.219s
2024-10-12 10:52:59.676 62084 INFO tempest.lib.common.rest_client [req-b5bec78c-7227-4d70-b0b8-1b98f27e4144 req-b5bec78c-7227-4d70-b0b8-1b98f27e4144 ] Request (QuotaClassesAdmin257Test:setUpClass): 200 GET http://10.180.1.21/identity/v3/roles 0.193s
2024-10-12 10:52:59.703 62094 INFO tempest.lib.common.rest_client [req-a65583a6-dd8e-487a-bfa7-323c7155385e req-a65583a6-dd8e-487a-bfa7-323c7155385e ] Request (FloatingIPsTestJSON:setUpClass): 200 GET http://10.180.1.21/identity/v3/domains?name=Default 0.139s
2024-10-12 10:52:59.720 62102 INFO tempest.lib.common.rest_client [req-af02488f-4434-4d6e-af9c-7f764e7143c0 req-af02488f-4434-4d6e-af9c-7f764e7143c0 ] Request (FlavorsExtraSpecsTestJSON:tearDownClass): 200 GET http://10.180.1.21:9696/networking/v2.0/security-groups?tenant_id=ba770ca8ad1f44c287e696f371d3be2d&name=default 0.762s
2024-10-12 10:52:59.741 62104 INFO tempest.lib.common.rest_client [req-a9304c2f-0d30-4a1a-8312-3a5802fe5cf5 req-a9304c2f-0d30-4a1a-8312-3a5802fe5cf5 ] Request (FlavorsAccessTestJSON:tearDownClass): 204 DELETE http://10.180.1.21:9696/networking/v2.0/security-groups/4c410d64-d61d-46de-9913-2d7620428fe6 0.488s
2024-10-12 10:52:59.750 62090 INFO tempest.lib.common.rest_client [req-b4737629-94be-4648-a70f-329b213737a5 req-b4737629-94be-4648-a70f-329b213737a5 ] Request (QuotasAdminNegativeTest:setUpClass): 204 PUT http://10.180.1.21/identity/v3/projects/c6e44c608104487db76d5d634fc30c65/users/466bb697a59d4a4eb5c70b0474921792/roles/ce12846925a449cc89ab4ef1e8e22a12 0.156s
2024-10-12 10:52:59.750 62090 INFO tempest.lib.common.dynamic_creds [-] Dynamic test user 466bb697a59d4a4eb5c70b0474921792 is created with scope project and roles: ['member']
2024-10-12 10:52:59.750 62090 INFO tempest.lib.common.dynamic_creds [-] Acquired dynamic creds: credentials: Credentials: {'domain_id': 'default', 'domain_name': 'Default', 'username': 'tempest-QuotasAdminNegativeTest-2010980412-project-member', 'project_domain_id': 'default', 'project_domain_name': 'Default', 'project_id': 'c6e44c608104487db76d5d634fc30c65', 'project_name': 'tempest-QuotasAdminNegativeTest-2010980412', 'tenant_id': 'c6e44c608104487db76d5d634fc30c65', 'tenant_name': 'tempest-QuotasAdminNegativeTest-2010980412', 'user_domain_id': 'default', 'user_domain_name': 'Default', 'user_id': '466bb697a59d4a4eb5c70b0474921792', 'system': None}, Network: None, Subnet: None, Router: None
2024-10-12 10:52:59.750 62090 INFO tempest.lib.common.dynamic_creds [-] Created isolated network resources for: credentials: Credentials: {'domain_id': 'default', 'domain_name': 'Default', 'username': 'tempest-QuotasAdminNegativeTest-2010980412-project-member', 'project_domain_id': 'default', 'project_domain_name': 'Default', 'project_id': 'c6e44c608104487db76d5d634fc30c65', 'project_name': 'tempest-QuotasAdminNegativeTest-2010980412', 'tenant_id': 'c6e44c608104487db76d5d634fc30c65', 'tenant_name': 'tempest-QuotasAdminNegativeTest-2010980412', 'user_domain_id': 'default', 'user_domain_name': 'Default', 'user_id': '466bb697a59d4a4eb5c70b0474921792', 'system': None}, Network: None, Subnet: None, Router: None
2024-10-12 10:52:59.766 62070 INFO tempest.lib.common.rest_client [req-40acc5e3-e8c4-4f48-a8fc-e36c408cde7a req-40acc5e3-e8c4-4f48-a8fc-e36c408cde7a ] Request (FlavorsExtraSpecsNegativeTestJSON:tearDownClass): 204 DELETE http://10.180.1.21/identity/v3/projects/ddf474aba0124d318abb448c86f8286e 0.191s
2024-10-12 10:52:59.766 62070 INFO tempest.lib.common.dynamic_creds [-] Deleting project and security group for project: 3023463ef4fd4cffbcb288e50c27c63a
2024-10-12 10:52:59.804 62074 INFO tempest.lib.common.rest_client [req-4526cce0-2412-4031-966d-507e96189fbe req-4526cce0-2412-4031-966d-507e96189fbe ] Request (SecurityGroupsTestAdminJSON:setUpClass): 200 GET http://10.180.1.21/identity/v3/roles 0.201s
2024-10-12 10:52:59.812 62088 INFO tempest.lib.common.rest_client [req-15ad201e-2c30-4823-897e-1b55a8c42445 req-15ad201e-2c30-4823-897e-1b55a8c42445 ] Request (QuotasSecurityGroupAdminNegativeTest:tearDownClass): 204 DELETE http://10.180.1.21:9696/networking/v2.0/security-groups/02034b3b-da2e-4428-9341-1d773a41d43a 0.763s
2024-10-12 10:52:59.828 62098 INFO tempest.lib.common.rest_client [req-27f61de9-206f-4d98-992e-d61761badbce req-27f61de9-206f-4d98-992e-d61761badbce ] Request (QuotasAdminTestJSON:test_get_updated_quotas): 200 PUT http://10.180.1.21/compute/v2.1/os-quota-sets/82762b3a65464cf696d75f555e50c7fd?user_id=246ef26345d844abacea53496dcc270f 1.008s
2024-10-12 10:52:59.848 62072 INFO tempest.lib.common.rest_client [req-616c59ab-2942-44ce-8107-d2bd40f0f245 req-616c59ab-2942-44ce-8107-d2bd40f0f245 ] Request (InstanceUsageAuditLogTestJSON:setUpClass): 201 POST http://10.180.1.21/identity/v3/auth/tokens 0.216s
2024-10-12 10:52:59.849 62092 INFO tempest.lib.common.rest_client [req-fd780f9a-260c-4b91-ad76-e489bd385fcf req-fd780f9a-260c-4b91-ad76-e489bd385fcf ] Request (AggregatesAdminNegativeTestJSON:test_aggregate_add_non_exist_host): 404 POST http://10.180.1.21/compute/v2.1/os-aggregates/3/action 0.976s
2024-10-12 10:52:59.874 62068 INFO tempest.lib.common.rest_client [req-aae00554-4d2c-4073-9d62-a61862749761 req-aae00554-4d2c-4073-9d62-a61862749761 ] Request (FlavorsAdminTestJSON:_run_cleanups): 200 GET http://10.180.1.21/compute/v2.1/flavors/detail 0.971s
2024-10-12 10:52:59.889 62084 INFO tempest.lib.common.rest_client [req-6def5f47-616a-4663-a89b-3dbf320a2313 req-6def5f47-616a-4663-a89b-3dbf320a2313 ] Request (QuotaClassesAdmin257Test:setUpClass): 204 PUT http://10.180.1.21/identity/v3/projects/6b0b1f3b9e554edcb0978fa262c6758a/users/03b4907b9976470681ac9268b93abcb5/roles/fe8175c4214c488caff4ab65032d2f8c 0.213s
2024-10-12 10:52:59.890 62084 INFO tempest.lib.common.dynamic_creds [-] Dynamic test user 03b4907b9976470681ac9268b93abcb5 is created with scope project and roles: ['admin']
2024-10-12 10:52:59.890 62084 INFO tempest.lib.common.dynamic_creds [-] Acquired dynamic creds: credentials: Credentials: {'domain_id': 'default', 'domain_name': 'Default', 'username': 'tempest-QuotaClassesAdmin257Test-1506955442-project-admin', 'project_domain_id': 'default', 'project_domain_name': 'Default', 'project_id': '6b0b1f3b9e554edcb0978fa262c6758a', 'project_name': 'tempest-QuotaClassesAdmin257Test-1506955442', 'tenant_id': '6b0b1f3b9e554edcb0978fa262c6758a', 'tenant_name': 'tempest-QuotaClassesAdmin257Test-1506955442', 'user_domain_id': 'default', 'user_domain_name': 'Default', 'user_id': '03b4907b9976470681ac9268b93abcb5', 'system': None}, Network: None, Subnet: None, Router: None
2024-10-12 10:52:59.890 62084 INFO tempest.lib.common.dynamic_creds [-] Created isolated network resources for: credentials: Credentials: {'domain_id': 'default', 'domain_name': 'Default', 'username': 'tempest-QuotaClassesAdmin257Test-1506955442-project-admin', 'project_domain_id': 'default', 'project_domain_name': 'Default', 'project_id': '6b0b1f3b9e554edcb0978fa262c6758a', 'project_name': 'tempest-QuotaClassesAdmin257Test-1506955442', 'tenant_id': '6b0b1f3b9e554edcb0978fa262c6758a', 'tenant_name': 'tempest-QuotaClassesAdmin257Test-1506955442', 'user_domain_id': 'default', 'user_domain_name': 'Default', 'user_id': '03b4907b9976470681ac9268b93abcb5', 'system': None}, Network: None, Subnet: None, Router: None
2024-10-12 10:52:59.895 62094 INFO tempest.lib.common.rest_client [req-af3f48f0-e37d-40cd-958f-5cb81929cfde req-af3f48f0-e37d-40cd-958f-5cb81929cfde ] Request (FloatingIPsTestJSON:setUpClass): 201 POST http://10.180.1.21/identity/v3/projects 0.191s
2024-10-12 10:52:59.925 62064 INFO tempest.lib.common.rest_client [req-9816aa62-113c-4255-95fc-8f271284febe req-9816aa62-113c-4255-95fc-8f271284febe ] Request (VolumesAssistedSnapshotsTest:test_volume_assisted_snapshot_create_delete): 202 POST http://10.180.1.21/compute/v2.1/servers 1.890s
2024-10-12 10:52:59.982 62090 INFO tempest.lib.common.rest_client [req-063359b0-e7ef-445a-ac70-8eab98e85e80 req-063359b0-e7ef-445a-ac70-8eab98e85e80 ] Request (QuotasAdminNegativeTest:setUpClass): 201 POST http://10.180.1.21/identity/v3/auth/tokens 0.226s
2024-10-12 10:52:59.996 62080 INFO tempest.lib.common.rest_client [req-5adfa8be-0ecd-4d5e-9e79-4b8bd6acdf00 req-5adfa8be-0ecd-4d5e-9e79-4b8bd6acdf00 ] Request (ServerDiagnosticsTest:test_get_server_diagnostics): 200 GET http://10.180.1.21/compute/v2.1/servers/c9690979-6f9e-4184-80db-b8f9659aa0c2 1.089s
2024-10-12 10:53:00.005 62080 INFO tempest.common.waiters [-] State transition "BUILD/networking" ==> "BUILD/spawning" after 10 second wait
2024-10-12 10:53:00.027 62104 INFO tempest.lib.common.rest_client [req-2656fbd5-05b6-4ff3-a51d-0dce248ce4fc req-2656fbd5-05b6-4ff3-a51d-0dce248ce4fc ] Request (FlavorsAccessTestJSON:tearDownClass): 204 DELETE http://10.180.1.21/identity/v3/projects/0dbc9f5e6b7f486f971dd2ca98cb7832 0.285s
2024-10-12 10:53:00.027 62104 INFO tempest.lib.common.dynamic_creds [-] Deleting project and security group for project: 5d6c3e8d79be43609787988e14f3a02c
2024-10-12 10:53:00.032 62118 INFO tempest.lib.common.rest_client [req-bc623482-7915-421a-b82b-a6abdc6679c2 req-bc623482-7915-421a-b82b-a6abdc6679c2 ] Request (ServicesAdminNegativeV253TestJSON:tearDownClass): 200 GET http://10.180.1.21:9696/networking/v2.0/security-groups?tenant_id=015c9c4a64d64392bd51399d009512e2&name=default 0.524s
2024-10-12 10:53:00.042 62074 INFO tempest.lib.common.rest_client [req-0783cb31-bb1a-4ee6-b9b8-212be85eb0dd req-0783cb31-bb1a-4ee6-b9b8-212be85eb0dd ] Request (SecurityGroupsTestAdminJSON:setUpClass): 204 PUT http://10.180.1.21/identity/v3/projects/f6cefba9ee324eab84729434f3dd3733/users/7101ede80c13476c8a97105a0eae5971/roles/ce12846925a449cc89ab4ef1e8e22a12 0.237s
2024-10-12 10:53:00.042 62074 INFO tempest.lib.common.dynamic_creds [-] Dynamic test user 7101ede80c13476c8a97105a0eae5971 is created with scope project and roles: ['member']
2024-10-12 10:53:00.042 62074 INFO tempest.lib.common.dynamic_creds [-] Acquired dynamic creds: credentials: Credentials: {'domain_id': 'default', 'domain_name': 'Default', 'username': 'tempest-SecurityGroupsTestAdminJSON-1340227021-project-member', 'project_domain_id': 'default', 'project_domain_name': 'Default', 'project_id': 'f6cefba9ee324eab84729434f3dd3733', 'project_name': 'tempest-SecurityGroupsTestAdminJSON-1340227021', 'tenant_id': 'f6cefba9ee324eab84729434f3dd3733', 'tenant_name': 'tempest-SecurityGroupsTestAdminJSON-1340227021', 'user_domain_id': 'default', 'user_domain_name': 'Default', 'user_id': '7101ede80c13476c8a97105a0eae5971', 'system': None}, Network: None, Subnet: None, Router: None
2024-10-12 10:53:00.042 62074 INFO tempest.lib.common.dynamic_creds [-] Created isolated network resources for: credentials: Credentials: {'domain_id': 'default', 'domain_name': 'Default', 'username': 'tempest-SecurityGroupsTestAdminJSON-1340227021-project-member', 'project_domain_id': 'default', 'project_domain_name': 'Default', 'project_id': 'f6cefba9ee324eab84729434f3dd3733', 'project_name': 'tempest-SecurityGroupsTestAdminJSON-1340227021', 'tenant_id': 'f6cefba9ee324eab84729434f3dd3733', 'tenant_name': 'tempest-SecurityGroupsTestAdminJSON-1340227021', 'user_domain_id': 'default', 'user_domain_name': 'Default', 'user_id': '7101ede80c13476c8a97105a0eae5971', 'system': None}, Network: None, Subnet: None, Router: None
2024-10-12 10:53:00.046 62110 INFO tempest.lib.common.rest_client [req-9aa9053f-12b6-4cee-a6ab-c4a75cede055 req-9aa9053f-12b6-4cee-a6ab-c4a75cede055 ] Request (ValidationResourcesFixture:setUp): 201 POST http://10.180.1.21:9696/networking/v2.0/floatingips 1.853s
2024-10-12 10:53:00.062 62114 INFO tempest.lib.common.rest_client [req-c12b7e73-7229-47aa-a1dd-b92f975d4fa0 req-c12b7e73-7229-47aa-a1dd-b92f975d4fa0 ] Request (DeleteServersAdminTestJSON:test_admin_delete_servers_of_others): 200 GET http://10.180.1.21/compute/v2.1/servers/6fc17951-d4d8-4ff0-9e93-2f5a15a5e946 1.079s
2024-10-12 10:53:00.084 62076 INFO tempest.lib.common.rest_client [req-5c29cb5c-9f1a-4d98-b2d2-ce337a697382 req-5c29cb5c-9f1a-4d98-b2d2-ce337a697382 ] Request (FlavorsAccessNegativeTestJSON:test_flavor_non_admin_remove): 200 POST http://10.180.1.21/compute/v2.1/flavors 0.826s
2024-10-12 10:53:00.128 62084 INFO tempest.lib.common.rest_client [req-bfee7ddf-be2d-499c-a771-d4c2ff1495a6 req-bfee7ddf-be2d-499c-a771-d4c2ff1495a6 ] Request (QuotaClassesAdmin257Test:setUpClass): 201 POST http://10.180.1.21/identity/v3/auth/tokens 0.234s
2024-10-12 10:53:00.143 62088 INFO tempest.lib.common.rest_client [req-7bd486db-a843-4c8a-ab6e-841ff12365fd req-7bd486db-a843-4c8a-ab6e-841ff12365fd ] Request (QuotasSecurityGroupAdminNegativeTest:tearDownClass): 204 DELETE http://10.180.1.21/identity/v3/projects/486248ab6c2a412a9e12d2bcd8df93d2 0.331s
2024-10-12 10:53:00.144 62088 INFO tempest.test [-] raised in ServerStableDeviceRescueTest.setUpClass. Invoking tearDownClass.
2024-10-12 10:53:00.187 62094 INFO tempest.lib.common.rest_client [req-2e930ee8-f0f4-439f-a911-e19e2f638c51 req-2e930ee8-f0f4-439f-a911-e19e2f638c51 ] Request (FloatingIPsTestJSON:setUpClass): 201 POST http://10.180.1.21/identity/v3/users 0.291s
2024-10-12 10:53:00.203 62090 INFO tempest.lib.common.rest_client [req-f51b7e1d-a3f2-4267-9d99-ca5f2a766a33 req-f51b7e1d-a3f2-4267-9d99-ca5f2a766a33 ] Request (QuotasAdminNegativeTest:setUpClass): 201 POST http://10.180.1.21/identity/v3/projects 0.220s
2024-10-12 10:53:00.223 62070 INFO tempest.lib.common.rest_client [req-56687d19-f40d-4cd5-af3e-8df484eed618 req-56687d19-f40d-4cd5-af3e-8df484eed618 ] Request (FlavorsExtraSpecsNegativeTestJSON:tearDownClass): 200 GET http://10.180.1.21:9696/networking/v2.0/security-groups?tenant_id=3023463ef4fd4cffbcb288e50c27c63a&name=default 0.456s
2024-10-12 10:53:00.252 62110 INFO tempest.lib.common.rest_client [req-6ad6546c-613a-4824-980b-4aff1da6c863 req-6ad6546c-613a-4824-980b-4aff1da6c863 ] Request (ServersWithSpecificFlavorTestJSON:test_verify_created_server_ephemeral_disk): 201 POST http://10.180.1.21/identity/v3/auth/tokens 0.153s
2024-10-12 10:53:00.252 62110 INFO tempest.lib.common.fixed_network [-] (ServersWithSpecificFlavorTestJSON:test_verify_created_server_ephemeral_disk) Found network {'id': 'a76ccd0a-df70-4cd1-9a6f-8ce24cab77b1', 'name': 'tempest-ServersWithSpecificFlavorTestJSON-782999997-network', 'tenant_id': '8fe29f3722a841e6a4337b75e77488a1', 'admin_state_up': True, 'mtu': 8950, 'status': 'ACTIVE', 'subnets': [], 'shared': False, 'project_id': '8fe29f3722a841e6a4337b75e77488a1', 'port_security_enabled': True, 'router:external': False, 'provider:network_type': 'vlan', 'provider:physical_network': 'default', 'provider:segmentation_id': 597, 'is_default': False, 'availability_zone_hints': [], 'availability_zones': [], 'ipv4_address_scope': None, 'ipv6_address_scope': None, 'description': '', 'tags': [], 'created_at': '2024-10-12T10:52:38Z', 'updated_at': '2024-10-12T10:52:38Z', 'revision_number': 1} available for tenant
2024-10-12 10:53:00.252 62074 INFO tempest.lib.common.rest_client [req-2c080740-4538-4bca-82ba-84353c584e05 req-2c080740-4538-4bca-82ba-84353c584e05 ] Request (SecurityGroupsTestAdminJSON:setUpClass): 201 POST http://10.180.1.21/identity/v3/auth/tokens 0.205s
2024-10-12 10:53:00.298 62108 INFO tempest.lib.common.rest_client [req-0c766648-e377-4f90-af38-a38bb66b54e4 req-0c766648-e377-4f90-af38-a38bb66b54e4 ] Request (ImagesOneServerTestJSON:setUpClass): 200 GET http://10.180.1.21/compute/v2.1/servers/be3227f2-3fe1-4767-90a3-55ee57c05df0 1.173s
2024-10-12 10:53:00.301 62094 INFO tempest.lib.common.rest_client [req-939e20e1-2331-4bec-ba47-65906bd6636c req-939e20e1-2331-4bec-ba47-65906bd6636c ] Request (FloatingIPsTestJSON:setUpClass): 200 GET http://10.180.1.21/identity/v3/roles 0.113s
2024-10-12 10:53:00.318 62088 INFO tempest.lib.common.rest_client [req-4479f2f7-08d3-4895-be7b-1452f65b4eb4 req-4479f2f7-08d3-4895-be7b-1452f65b4eb4 ] Request (ServerTagsTestJSON:setUpClass): 201 POST http://10.180.1.21/identity/v3/auth/tokens 0.172s
2024-10-12 10:53:00.336 62090 INFO tempest.lib.common.rest_client [req-279d7e32-09bc-485b-b8dd-c3e79369597f req-279d7e32-09bc-485b-b8dd-c3e79369597f ] Request (QuotasAdminNegativeTest:setUpClass): 201 POST http://10.180.1.21/identity/v3/users 0.133s
2024-10-12 10:53:00.344 62112 INFO tempest.lib.common.rest_client [req-6dde960b-419b-445c-bc5c-3eabf4dc8df6 req-6dde960b-419b-445c-bc5c-3eabf4dc8df6 ] Request (ServerDiskConfigTestJSON:test_rebuild_server_with_auto_disk_config): 200 GET http://10.180.1.21/compute/v2.1/servers/8a78dbd9-6ac2-4652-85e7-7ee59be346f4 0.977s
2024-10-12 10:53:00.348 62074 INFO tempest.lib.common.rest_client [req-fc9560dc-7e9d-4f2d-9190-5f9531af7348 req-fc9560dc-7e9d-4f2d-9190-5f9531af7348 ] Request (SecurityGroupsTestAdminJSON:setUpClass): 201 POST http://10.180.1.21/identity/v3/projects 0.095s
2024-10-12 10:53:00.362 62094 INFO tempest.lib.common.rest_client [req-b9d8d071-17df-49dc-b7e1-e3f7829602fb req-b9d8d071-17df-49dc-b7e1-e3f7829602fb ] Request (FloatingIPsTestJSON:setUpClass): 204 PUT http://10.180.1.21/identity/v3/projects/933e49a640674a44806b6454908edcbd/users/e731e9970363457cb8cb5957ee99e614/roles/ce12846925a449cc89ab4ef1e8e22a12 0.061s
2024-10-12 10:53:00.363 62094 INFO tempest.lib.common.dynamic_creds [-] Dynamic test user e731e9970363457cb8cb5957ee99e614 is created with scope project and roles: ['member']
2024-10-12 10:53:00.363 62094 INFO tempest.lib.common.dynamic_creds [-] Acquired dynamic creds: credentials: Credentials: {'domain_id': 'default', 'domain_name': 'Default', 'username': 'tempest-FloatingIPsTestJSON-1602496233-project-member', 'project_domain_id': 'default', 'project_domain_name': 'Default', 'project_id': '933e49a640674a44806b6454908edcbd', 'project_name': 'tempest-FloatingIPsTestJSON-1602496233', 'tenant_id': '933e49a640674a44806b6454908edcbd', 'tenant_name': 'tempest-FloatingIPsTestJSON-1602496233', 'user_domain_id': 'default', 'user_domain_name': 'Default', 'user_id': 'e731e9970363457cb8cb5957ee99e614', 'system': None}, Network: None, Subnet: None, Router: None
2024-10-12 10:53:00.372 62118 INFO tempest.lib.common.rest_client [req-b48154b8-21a3-4874-8dd8-76d25bd2253c req-b48154b8-21a3-4874-8dd8-76d25bd2253c ] Request (ServicesAdminNegativeV253TestJSON:tearDownClass): 204 DELETE http://10.180.1.21:9696/networking/v2.0/security-groups/e15a293f-9237-4f3a-aa4b-befb49348ea5 0.339s
2024-10-12 10:53:00.407 62088 INFO tempest.lib.common.rest_client [req-2c70d106-e5ec-48eb-8834-d887b6872fd5 req-2c70d106-e5ec-48eb-8834-d887b6872fd5 ] Request (ServerTagsTestJSON:setUpClass): 201 POST http://10.180.1.21/identity/v3/auth/tokens 0.085s
2024-10-12 10:53:00.408 62090 INFO tempest.lib.common.rest_client [req-0d488289-90e1-44c7-8a9a-09da30af8808 req-0d488289-90e1-44c7-8a9a-09da30af8808 ] Request (QuotasAdminNegativeTest:setUpClass): 200 GET http://10.180.1.21/identity/v3/roles 0.071s
2024-10-12 10:53:00.427 62096 INFO tempest.lib.common.rest_client [req-6afabc34-c2b7-4ddc-abe0-3df4fc41512a req-6afabc34-c2b7-4ddc-abe0-3df4fc41512a ] Request (ServersAdmin275Test:test_rebuild_update_server_275): 200 GET http://10.180.1.21/compute/v2.1/servers/ff1dac51-f008-4218-bd4c-f0104657a2ee 0.897s
2024-10-12 10:53:00.436 62094 INFO tempest.lib.common.rest_client [req-0b92f153-cb9b-4ccd-bbaa-901eca5158fe req-0b92f153-cb9b-4ccd-bbaa-901eca5158fe ] Request (FloatingIPsTestJSON:setUpClass): 201 POST http://10.180.1.21/identity/v3/auth/tokens 0.073s
2024-10-12 10:53:00.448 62074 INFO tempest.lib.common.rest_client [req-30e16c69-5486-4a2c-b81c-7af612276c48 req-30e16c69-5486-4a2c-b81c-7af612276c48 ] Request (SecurityGroupsTestAdminJSON:setUpClass): 201 POST http://10.180.1.21/identity/v3/users 0.099s
2024-10-12 10:53:00.465 62070 INFO tempest.lib.common.rest_client [req-464b1647-35be-459b-b4ff-5ad3db8f9ea7 req-464b1647-35be-459b-b4ff-5ad3db8f9ea7 ] Request (FlavorsExtraSpecsNegativeTestJSON:tearDownClass): 204 DELETE http://10.180.1.21:9696/networking/v2.0/security-groups/dec177fc-a50e-4f66-9aed-f2efa88362f7 0.242s
2024-10-12 10:53:00.472 62060 INFO tempest.lib.common.rest_client [req-f08964f3-e948-4ae3-ac36-a649d0ce595f req-f08964f3-e948-4ae3-ac36-a649d0ce595f ] Request (SecurityGroupsTestJSON:test_list_security_groups_by_server): 200 GET http://10.180.1.21/compute/v2.1/servers/ab91f88f-6e87-405f-81ab-bf00be2003a8 0.773s
2024-10-12 10:53:00.480 62088 INFO tempest.lib.common.rest_client [req-1378bcaf-02f9-4042-86bc-8a3ee08caa8b req-1378bcaf-02f9-4042-86bc-8a3ee08caa8b ] Request (ServerTagsTestJSON:setUpClass): 200 GET http://10.180.1.21/identity/v3/domains?name=Default 0.072s
2024-10-12 10:53:00.514 62118 INFO tempest.lib.common.rest_client [req-2241c0cd-dea4-4157-9cb0-b1ff346cf9c9 req-2241c0cd-dea4-4157-9cb0-b1ff346cf9c9 ] Request (ServicesAdminNegativeV253TestJSON:tearDownClass): 204 DELETE http://10.180.1.21/identity/v3/projects/015c9c4a64d64392bd51399d009512e2 0.141s
2024-10-12 10:53:00.561 62102 INFO tempest.lib.common.rest_client [req-fcf336c1-95e8-4d4f-a594-a767deefc412 req-fcf336c1-95e8-4d4f-a594-a767deefc412 ] Request (FlavorsExtraSpecsTestJSON:tearDownClass): 204 DELETE http://10.180.1.21:9696/networking/v2.0/security-groups/f776274b-de29-4501-a088-bb7e1ce6902e 0.841s
2024-10-12 10:53:00.567 62090 INFO tempest.lib.common.rest_client [req-57d01c20-f11b-4ec9-af24-af196952beae req-57d01c20-f11b-4ec9-af24-af196952beae ] Request (QuotasAdminNegativeTest:setUpClass): 204 PUT http://10.180.1.21/identity/v3/projects/6b98648a01bf4c4b9dc9f2c6dda1e412/users/7b9240ddf843477cbd612d13d5065196/roles/fe8175c4214c488caff4ab65032d2f8c 0.158s
2024-10-12 10:53:00.601 62100 INFO tempest.lib.common.rest_client [req-38ea0d28-0b17-4d76-8c06-09885edb2773 req-38ea0d28-0b17-4d76-8c06-09885edb2773 ] Request (MigrationsAdminTest:test_list_migrations_in_flavor_resize_situation): 200 GET http://10.180.1.21/compute/v2.1/servers/4d9f7360-f6f1-4f3a-8c47-27b6ba26950e 0.756s
2024-10-12 10:53:00.628 62092 INFO tempest.lib.common.rest_client [req-e8f4a3d2-5673-4f3f-af37-a57180f4aff9 req-e8f4a3d2-5673-4f3f-af37-a57180f4aff9 ] Request (AggregatesAdminNegativeTestJSON:_run_cleanups): 200 DELETE http://10.180.1.21/compute/v2.1/os-aggregates/3 0.778s
2024-10-12 10:53:00.645 62074 INFO tempest.lib.common.rest_client [req-7569ff31-041f-477a-95a7-05ef473d486a req-7569ff31-041f-477a-95a7-05ef473d486a ] Request (SecurityGroupsTestAdminJSON:setUpClass): 200 GET http://10.180.1.21/identity/v3/roles 0.197s
2024-10-12 10:53:00.686 62088 INFO tempest.lib.common.rest_client [req-6ba4f1bb-8882-458b-a0cd-6b7d616bbb80 req-6ba4f1bb-8882-458b-a0cd-6b7d616bbb80 ] Request (ServerTagsTestJSON:setUpClass): 201 POST http://10.180.1.21/identity/v3/projects 0.205s
2024-10-12 10:53:00.702 62070 INFO tempest.lib.common.rest_client [req-3b277915-fa22-42d3-9828-c2fe706b6115 req-3b277915-fa22-42d3-9828-c2fe706b6115 ] Request (FlavorsExtraSpecsNegativeTestJSON:tearDownClass): 204 DELETE http://10.180.1.21/identity/v3/projects/3023463ef4fd4cffbcb288e50c27c63a 0.236s
2024-10-12 10:53:00.757 62118 INFO tempest.lib.common.rest_client [req-c33aee88-e003-42d5-ae66-8def32e0aef7 req-c33aee88-e003-42d5-ae66-8def32e0aef7 ] Request (ListImagesTestJSON:setUpClass): 201 POST http://10.180.1.21/identity/v3/auth/tokens 0.238s
2024-10-12 10:53:00.810 62102 INFO tempest.lib.common.rest_client [req-4ab9b54a-6751-415a-9c9e-aad0dbe04ed7 req-4ab9b54a-6751-415a-9c9e-aad0dbe04ed7 ] Request (FlavorsExtraSpecsTestJSON:tearDownClass): 204 DELETE http://10.180.1.21/identity/v3/projects/ba770ca8ad1f44c287e696f371d3be2d 0.248s
2024-10-12 10:53:00.810 62102 INFO tempest.lib.common.dynamic_creds [-] Deleting project and security group for project: 6d1cb43459394e34bc898a8395a4ef7b
2024-10-12 10:53:00.832 62058 INFO tempest.lib.common.rest_client [req-77772671-c044-4c89-b8e1-2ef16ab2b474 req-77772671-c044-4c89-b8e1-2ef16ab2b474 ] Request (HostsAdminNegativeTestJSON:tearDownClass): 200 GET http://10.180.1.21:9696/networking/v2.0/security-groups?tenant_id=d1c3efa30e524f16932915862499e992&name=default 1.210s
2024-10-12 10:53:00.845 62104 INFO tempest.lib.common.rest_client [req-f4b3c087-d47a-4594-bc17-15d77bc9caf0 req-f4b3c087-d47a-4594-bc17-15d77bc9caf0 ] Request (FlavorsAccessTestJSON:tearDownClass): 200 GET http://10.180.1.21:9696/networking/v2.0/security-groups?tenant_id=5d6c3e8d79be43609787988e14f3a02c&name=default 0.817s
2024-10-12 10:53:00.855 62098 INFO tempest.lib.common.rest_client [req-50dc79a7-a15f-4255-9c71-0b94542f11a1 req-50dc79a7-a15f-4255-9c71-0b94542f11a1 ] Request (QuotasAdminTestJSON:test_get_updated_quotas): 200 GET http://10.180.1.21/compute/v2.1/os-quota-sets/82762b3a65464cf696d75f555e50c7fd?user_id=246ef26345d844abacea53496dcc270f 1.022s
2024-10-12 10:53:00.866 62090 INFO tempest.lib.common.rest_client [req-cfd9daf3-8407-4174-a4d6-c583cb6de078 req-cfd9daf3-8407-4174-a4d6-c583cb6de078 ] Request (QuotasAdminNegativeTest:setUpClass): 200 GET http://10.180.1.21/identity/v3/roles 0.299s
2024-10-12 10:53:00.879 62068 INFO tempest.lib.common.rest_client [req-2c520589-0ac3-40b4-9fc4-6337367cb511 req-2c520589-0ac3-40b4-9fc4-6337367cb511 ] Request (FlavorsAdminTestJSON:test_create_list_flavor_without_extra_data): 200 POST http://10.180.1.21/compute/v2.1/flavors 0.994s
2024-10-12 10:53:00.898 62074 INFO tempest.lib.common.rest_client [req-e7775108-e343-4eba-a8e9-277808c6117c req-e7775108-e343-4eba-a8e9-277808c6117c ] Request (SecurityGroupsTestAdminJSON:setUpClass): 204 PUT http://10.180.1.21/identity/v3/projects/53539b46f9674311afdaf57fcaa24961/users/d889c80202ee4f8a9b1943e379926de6/roles/fe8175c4214c488caff4ab65032d2f8c 0.252s
2024-10-12 10:53:00.904 62062 INFO tempest.lib.common.rest_client [req-3d597d01-2b04-465a-a326-0315cb406c4c req-3d597d01-2b04-465a-a326-0315cb406c4c ] Request (FloatingIPDetailsNegativeTestJSON:setUpClass): 201 POST http://10.180.1.21:9696/networking/v2.0/routers 2.484s
2024-10-12 10:53:00.959 62088 INFO tempest.lib.common.rest_client [req-15c4d31b-1c85-4a85-a63e-109d6a72dbfc req-15c4d31b-1c85-4a85-a63e-109d6a72dbfc ] Request (ServerTagsTestJSON:setUpClass): 201 POST http://10.180.1.21/identity/v3/users 0.273s
2024-10-12 10:53:00.968 62072 INFO tempest.lib.common.rest_client [req-01a872fe-82cc-4b99-bfbd-62b0a9cbcae5 req-01a872fe-82cc-4b99-bfbd-62b0a9cbcae5 ] Request (InstanceUsageAuditLogTestJSON:test_get_instance_usage_audit_log): 200 GET http://10.180.1.21/compute/v2.1/os-instance_usage_audit_log/2024-10-12%2010%3A52%3A59 1.117s
2024-10-12 10:53:00.973 62070 INFO tempest.lib.common.rest_client [req-4fa116bf-2f21-44fb-8344-3e79de0900f6 req-4fa116bf-2f21-44fb-8344-3e79de0900f6 ] Request (HypervisorAdminV253TestBase:setUpClass): 201 POST http://10.180.1.21/identity/v3/auth/tokens 0.270s
2024-10-12 10:53:00.989 62118 INFO tempest.lib.common.rest_client [req-aab27a5f-da57-40be-8cbd-550d80ae379c req-aab27a5f-da57-40be-8cbd-550d80ae379c ] Request (ListImagesTestJSON:setUpClass): 201 POST http://10.180.1.21/identity/v3/auth/tokens 0.228s
2024-10-12 10:53:01.000 62064 INFO tempest.lib.common.rest_client [req-de45ff0c-2f72-4ab0-a992-22b251578857 req-de45ff0c-2f72-4ab0-a992-22b251578857 ] Request (VolumesAssistedSnapshotsTest:test_volume_assisted_snapshot_create_delete): 200 GET http://10.180.1.21/compute/v2.1/servers/2fb76ee4-a42b-4de6-9889-b9a89cf16533 1.073s
2024-10-12 10:53:01.011 62090 INFO tempest.lib.common.rest_client [req-6d2fee60-2efd-4a78-84a7-f9d53a59732f req-6d2fee60-2efd-4a78-84a7-f9d53a59732f ] Request (QuotasAdminNegativeTest:setUpClass): 204 PUT http://10.180.1.21/identity/v3/projects/6b98648a01bf4c4b9dc9f2c6dda1e412/users/7b9240ddf843477cbd612d13d5065196/roles/fe8175c4214c488caff4ab65032d2f8c 0.144s
2024-10-12 10:53:01.011 62090 INFO tempest.lib.common.dynamic_creds [-] Dynamic test user 7b9240ddf843477cbd612d13d5065196 is created with scope project and roles: ['admin']
2024-10-12 10:53:01.012 62090 INFO tempest.lib.common.dynamic_creds [-] Acquired dynamic creds: credentials: Credentials: {'domain_id': 'default', 'domain_name': 'Default', 'username': 'tempest-QuotasAdminNegativeTest-1638314800-project-admin', 'project_domain_id': 'default', 'project_domain_name': 'Default', 'project_id': '6b98648a01bf4c4b9dc9f2c6dda1e412', 'project_name': 'tempest-QuotasAdminNegativeTest-1638314800', 'tenant_id': '6b98648a01bf4c4b9dc9f2c6dda1e412', 'tenant_name': 'tempest-QuotasAdminNegativeTest-1638314800', 'user_domain_id': 'default', 'user_domain_name': 'Default', 'user_id': '7b9240ddf843477cbd612d13d5065196', 'system': None}, Network: None, Subnet: None, Router: None
2024-10-12 10:53:01.012 62090 INFO tempest.lib.common.dynamic_creds [-] Created isolated network resources for: credentials: Credentials: {'domain_id': 'default', 'domain_name': 'Default', 'username': 'tempest-QuotasAdminNegativeTest-1638314800-project-admin', 'project_domain_id': 'default', 'project_domain_name': 'Default', 'project_id': '6b98648a01bf4c4b9dc9f2c6dda1e412', 'project_name': 'tempest-QuotasAdminNegativeTest-1638314800', 'tenant_id': '6b98648a01bf4c4b9dc9f2c6dda1e412', 'tenant_name': 'tempest-QuotasAdminNegativeTest-1638314800', 'user_domain_id': 'default', 'user_domain_name': 'Default', 'user_id': '7b9240ddf843477cbd612d13d5065196', 'system': None}, Network: None, Subnet: None, Router: None
2024-10-12 10:53:01.063 62074 INFO tempest.lib.common.rest_client [req-9255a704-26f0-4087-ba1a-b94a7f972141 req-9255a704-26f0-4087-ba1a-b94a7f972141 ] Request (SecurityGroupsTestAdminJSON:setUpClass): 200 GET http://10.180.1.21/identity/v3/roles 0.164s
2024-10-12 10:53:01.075 62086 INFO tempest.lib.common.rest_client [req-add4b3ec-e4e5-4d6c-8cd9-745e9e2341dd req-add4b3ec-e4e5-4d6c-8cd9-745e9e2341dd ] Request (FloatingIPsAssociationNegativeTestJSON:setUpClass): 200 GET http://10.180.1.21/compute/v2.1/servers/2646b1f8-9785-4517-a1d3-2588cd819f2b 1.005s
2024-10-12 10:53:01.076 62088 INFO tempest.lib.common.rest_client [req-c8dca37c-ab5a-4380-bed4-a5aa24b19e2c req-c8dca37c-ab5a-4380-bed4-a5aa24b19e2c ] Request (ServerTagsTestJSON:setUpClass): 200 GET http://10.180.1.21/identity/v3/roles 0.116s
2024-10-12 10:53:01.133 62098 INFO tempest.lib.common.rest_client [req-c8f6f17b-924c-47da-96fb-72db5b4859c3 req-c8f6f17b-924c-47da-96fb-72db5b4859c3 ] Request (QuotasAdminTestJSON:_run_cleanups): 204 DELETE http://10.180.1.21/identity/v3/users/246ef26345d844abacea53496dcc270f 0.276s
2024-10-12 10:53:01.137 62070 INFO tempest.lib.common.rest_client [req-698ca98c-2245-4a0f-a0ac-1643caa25c34 req-698ca98c-2245-4a0f-a0ac-1643caa25c34 ] Request (HypervisorAdminV253TestBase:setUpClass): 201 POST http://10.180.1.21/identity/v3/auth/tokens 0.160s
2024-10-12 10:53:01.199 62082 INFO tempest.lib.common.rest_client [req-1912c9cd-ecb3-4b3d-9941-0ad2738356a0 req-1912c9cd-ecb3-4b3d-9941-0ad2738356a0 ] Request (ServerDiagnosticsV248Test:test_get_server_diagnostics): 200 GET http://10.180.1.21/compute/v2.1/servers/90a21ec5-7ccf-4d37-9ec9-19ba2bfff468 0.951s
2024-10-12 10:53:01.200 62102 INFO tempest.lib.common.rest_client [req-b1ed05a5-9e1e-41f3-941d-834a1f950491 req-b1ed05a5-9e1e-41f3-941d-834a1f950491 ] Request (FlavorsExtraSpecsTestJSON:tearDownClass): 200 GET http://10.180.1.21:9696/networking/v2.0/security-groups?tenant_id=6d1cb43459394e34bc898a8395a4ef7b&name=default 0.389s
2024-10-12 10:53:01.219 62118 INFO tempest.lib.common.rest_client [req-dfdecc3e-f086-41fd-8b73-12069d3c1355 req-dfdecc3e-f086-41fd-8b73-12069d3c1355 ] Request (ListImagesTestJSON:setUpClass): 200 GET http://10.180.1.21/identity/v3/domains?name=Default 0.229s
2024-10-12 10:53:01.227 62090 INFO tempest.lib.common.rest_client [req-4e57251e-6c54-455c-9718-65a1cbd782cd req-4e57251e-6c54-455c-9718-65a1cbd782cd ] Request (QuotasAdminNegativeTest:setUpClass): 201 POST http://10.180.1.21/identity/v3/auth/tokens 0.211s
2024-10-12 10:53:01.227 62090 WARNING tempest.lib.common.rest_client [-] Deprecated: "tenant_id" property is deprecated for removal, use "project_id" instead
2024-10-12 10:53:01.236 62058 INFO tempest.lib.common.rest_client [req-fc2649a3-c493-4c14-93d1-8024cbddffc8 req-fc2649a3-c493-4c14-93d1-8024cbddffc8 ] Request (HostsAdminNegativeTestJSON:tearDownClass): 204 DELETE http://10.180.1.21:9696/networking/v2.0/security-groups/fafe7c5b-8ac9-4387-a692-932b6ea3d40d 0.404s
2024-10-12 10:53:01.254 62074 INFO tempest.lib.common.rest_client [req-3ce2bb41-940f-4064-8440-0244d87167c2 req-3ce2bb41-940f-4064-8440-0244d87167c2 ] Request (SecurityGroupsTestAdminJSON:setUpClass): 204 PUT http://10.180.1.21/identity/v3/projects/53539b46f9674311afdaf57fcaa24961/users/d889c80202ee4f8a9b1943e379926de6/roles/fe8175c4214c488caff4ab65032d2f8c 0.190s
2024-10-12 10:53:01.254 62074 INFO tempest.lib.common.dynamic_creds [-] Dynamic test user d889c80202ee4f8a9b1943e379926de6 is created with scope project and roles: ['admin']
2024-10-12 10:53:01.254 62074 INFO tempest.lib.common.dynamic_creds [-] Acquired dynamic creds: credentials: Credentials: {'domain_id': 'default', 'domain_name': 'Default', 'username': 'tempest-SecurityGroupsTestAdminJSON-926769067-project-admin', 'project_domain_id': 'default', 'project_domain_name': 'Default', 'project_id': '53539b46f9674311afdaf57fcaa24961', 'project_name': 'tempest-SecurityGroupsTestAdminJSON-926769067', 'tenant_id': '53539b46f9674311afdaf57fcaa24961', 'tenant_name': 'tempest-SecurityGroupsTestAdminJSON-926769067', 'user_domain_id': 'default', 'user_domain_name': 'Default', 'user_id': 'd889c80202ee4f8a9b1943e379926de6', 'system': None}, Network: None, Subnet: None, Router: None
2024-10-12 10:53:01.254 62074 INFO tempest.lib.common.dynamic_creds [-] Created isolated network resources for: credentials: Credentials: {'domain_id': 'default', 'domain_name': 'Default', 'username': 'tempest-SecurityGroupsTestAdminJSON-926769067-project-admin', 'project_domain_id': 'default', 'project_domain_name': 'Default', 'project_id': '53539b46f9674311afdaf57fcaa24961', 'project_name': 'tempest-SecurityGroupsTestAdminJSON-926769067', 'tenant_id': '53539b46f9674311afdaf57fcaa24961', 'tenant_name': 'tempest-SecurityGroupsTestAdminJSON-926769067', 'user_domain_id': 'default', 'user_domain_name': 'Default', 'user_id': 'd889c80202ee4f8a9b1943e379926de6', 'system': None}, Network: None, Subnet: None, Router: None
2024-10-12 10:53:01.261 62088 INFO tempest.lib.common.rest_client [req-3ac4e339-08e7-41e9-a350-b534e056e682 req-3ac4e339-08e7-41e9-a350-b534e056e682 ] Request (ServerTagsTestJSON:setUpClass): 204 PUT http://10.180.1.21/identity/v3/projects/c71aad0181a44710a5ccab24cf3b04b6/users/1ea83c4bf2a84f6a8b8655c6b056cd3b/roles/ce12846925a449cc89ab4ef1e8e22a12 0.184s
2024-10-12 10:53:01.261 62088 INFO tempest.lib.common.dynamic_creds [-] Dynamic test user 1ea83c4bf2a84f6a8b8655c6b056cd3b is created with scope project and roles: ['member']
2024-10-12 10:53:01.261 62088 INFO tempest.lib.common.dynamic_creds [-] Acquired dynamic creds: credentials: Credentials: {'domain_id': 'default', 'domain_name': 'Default', 'username': 'tempest-ServerTagsTestJSON-1308813039-project-member', 'project_domain_id': 'default', 'project_domain_name': 'Default', 'project_id': 'c71aad0181a44710a5ccab24cf3b04b6', 'project_name': 'tempest-ServerTagsTestJSON-1308813039', 'tenant_id': 'c71aad0181a44710a5ccab24cf3b04b6', 'tenant_name': 'tempest-ServerTagsTestJSON-1308813039', 'user_domain_id': 'default', 'user_domain_name': 'Default', 'user_id': '1ea83c4bf2a84f6a8b8655c6b056cd3b', 'system': None}, Network: None, Subnet: None, Router: None
2024-10-12 10:53:01.277 62104 INFO tempest.lib.common.rest_client [req-f908359d-e5f3-45bb-9ace-5e8fb686fe19 req-f908359d-e5f3-45bb-9ace-5e8fb686fe19 ] Request (FlavorsAccessTestJSON:tearDownClass): 204 DELETE http://10.180.1.21:9696/networking/v2.0/security-groups/0e93c2a2-63b5-48d0-ad28-234b708c6943 0.432s
2024-10-12 10:53:01.317 62070 INFO tempest.lib.common.rest_client [req-a5fcbb8a-4171-49b2-b32e-a7b03ab0c922 req-a5fcbb8a-4171-49b2-b32e-a7b03ab0c922 ] Request (HypervisorAdminV253TestBase:setUpClass): 200 GET http://10.180.1.21/identity/v3/domains?name=Default 0.179s
2024-10-12 10:53:01.331 62094 INFO tempest.lib.common.rest_client [req-d8ce062e-126e-4219-8983-ea07b3320ffd req-d8ce062e-126e-4219-8983-ea07b3320ffd ] Request (FloatingIPsTestJSON:setUpClass): 201 POST http://10.180.1.21:9696/networking/v2.0/networks 0.894s
2024-10-12 10:53:01.383 62120 INFO tempest.lib.common.rest_client [req-c192e1ef-eb5d-45fd-a634-5ad5374c98f5 req-c192e1ef-eb5d-45fd-a634-5ad5374c98f5 ] Request (SecurityGroupRulesTestJSON:setUpClass): 201 POST http://10.180.1.21:9696/networking/v2.0/routers 3.727s
2024-10-12 10:53:01.426 62098 INFO tempest.lib.common.rest_client [req-fea9c064-f6ee-451b-b1ee-8f42de1fae86 req-fea9c064-f6ee-451b-b1ee-8f42de1fae86 ] Request (QuotasAdminTestJSON:_run_cleanups): 204 DELETE http://10.180.1.21/identity/v3/projects/82762b3a65464cf696d75f555e50c7fd 0.292s
2024-10-12 10:53:01.463 62076 INFO tempest.lib.common.rest_client [req-fcedfbd9-f7e3-4c14-a9f4-66760329d14f req-fcedfbd9-f7e3-4c14-a9f4-66760329d14f ] Request (FlavorsAccessNegativeTestJSON:test_flavor_non_admin_remove): 200 POST http://10.180.1.21/compute/v2.1/flavors/961504330/action 1.375s
2024-10-12 10:53:01.472 62092 INFO tempest.lib.common.rest_client [req-4b2b5015-7f21-4333-b2a5-6e5b46e62a7f req-4b2b5015-7f21-4333-b2a5-6e5b46e62a7f ] Request (AggregatesAdminNegativeTestJSON:test_aggregate_create_aggregate_name_length_exceeds_255): 400 POST http://10.180.1.21/compute/v2.1/os-aggregates 0.843s
2024-10-12 10:53:01.487 62068 INFO tempest.lib.common.rest_client [req-e730a383-d43c-43dd-b463-b3dab88f8ff7 req-e730a383-d43c-43dd-b463-b3dab88f8ff7 ] Request (FlavorsAdminTestJSON:test_create_list_flavor_without_extra_data): 200 GET http://10.180.1.21/compute/v2.1/flavors/258349701 0.605s
2024-10-12 10:53:01.496 62118 INFO tempest.lib.common.rest_client [req-80f5fe22-60a8-420f-b654-35462632d377 req-80f5fe22-60a8-420f-b654-35462632d377 ] Request (ListImagesTestJSON:setUpClass): 201 POST http://10.180.1.21/identity/v3/projects 0.277s
2024-10-12 10:53:01.518 62072 INFO tempest.lib.common.rest_client [req-a734e5a6-3872-4184-86b0-19faf94d0082 req-a734e5a6-3872-4184-86b0-19faf94d0082 ] Request (InstanceUsageAuditLogTestJSON:test_list_instance_usage_audit_logs): 200 GET http://10.180.1.21/compute/v2.1/os-instance_usage_audit_log 0.547s
2024-10-12 10:53:01.557 62088 INFO tempest.lib.common.rest_client [req-aad2d8d8-1671-4e30-8c59-6cd208fd5db0 req-aad2d8d8-1671-4e30-8c59-6cd208fd5db0 ] Request (ServerTagsTestJSON:setUpClass): 201 POST http://10.180.1.21/identity/v3/auth/tokens 0.295s
2024-10-12 10:53:01.564 62102 INFO tempest.lib.common.rest_client [req-771ce1cb-7005-4278-8776-b18d068832aa req-771ce1cb-7005-4278-8776-b18d068832aa ] Request (FlavorsExtraSpecsTestJSON:tearDownClass): 204 DELETE http://10.180.1.21:9696/networking/v2.0/security-groups/d7b37f10-5344-48fc-a6d9-401b19fcedf5 0.363s
2024-10-12 10:53:01.618 62058 INFO tempest.lib.common.rest_client [req-c267674d-dc07-412d-842b-c2e7ae6f6162 req-c267674d-dc07-412d-842b-c2e7ae6f6162 ] Request (HostsAdminNegativeTestJSON:tearDownClass): 204 DELETE http://10.180.1.21/identity/v3/projects/d1c3efa30e524f16932915862499e992 0.378s
2024-10-12 10:53:01.618 62058 INFO tempest.lib.common.dynamic_creds [-] Deleting project and security group for project: 1f7d2404f85549d4b905106b824520f0
2024-10-12 10:53:01.642 62074 INFO tempest.lib.common.rest_client [req-d0e77d23-e059-4b9a-bf2c-13f6cb5a0f43 req-d0e77d23-e059-4b9a-bf2c-13f6cb5a0f43 ] Request (SecurityGroupsTestAdminJSON:setUpClass): 201 POST http://10.180.1.21/identity/v3/auth/tokens 0.375s
2024-10-12 10:53:01.706 62070 INFO tempest.lib.common.rest_client [req-f849fa7c-67e5-45c1-a2ec-d209818e3bc8 req-f849fa7c-67e5-45c1-a2ec-d209818e3bc8 ] Request (HypervisorAdminV253TestBase:setUpClass): 201 POST http://10.180.1.21/identity/v3/projects 0.388s
2024-10-12 10:53:01.734 62104 INFO tempest.lib.common.rest_client [req-040e76c4-0e31-4c12-b4eb-24664c40fd68 req-040e76c4-0e31-4c12-b4eb-24664c40fd68 ] Request (FlavorsAccessTestJSON:tearDownClass): 204 DELETE http://10.180.1.21/identity/v3/projects/5d6c3e8d79be43609787988e14f3a02c 0.456s
2024-10-12 10:53:01.767 62118 INFO tempest.lib.common.rest_client [req-7772a714-3549-419e-b254-2c89292541c9 req-7772a714-3549-419e-b254-2c89292541c9 ] Request (ListImagesTestJSON:setUpClass): 201 POST http://10.180.1.21/identity/v3/users 0.269s
2024-10-12 10:53:01.837 62102 INFO tempest.lib.common.rest_client [req-43ecbcd4-9cd2-461d-a917-36339a255956 req-43ecbcd4-9cd2-461d-a917-36339a255956 ] Request (FlavorsExtraSpecsTestJSON:tearDownClass): 204 DELETE http://10.180.1.21/identity/v3/projects/6d1cb43459394e34bc898a8395a4ef7b 0.273s
2024-10-12 10:53:01.849 62072 INFO tempest.lib.common.rest_client [req-1db67b4a-d01d-4933-9ef0-5529a5208451 req-1db67b4a-d01d-4933-9ef0-5529a5208451 ] Request (InstanceUsageAuditLogTestJSON:tearDownClass): 204 DELETE http://10.180.1.21/identity/v3/users/1be39b57d6134f79bc0be06c129737e4 0.319s
2024-10-12 10:53:01.849 62116 INFO tempest.lib.common.rest_client [req-d8578cac-4d36-41e1-a7bc-3e5d4dd5d347 req-d8578cac-4d36-41e1-a7bc-3e5d4dd5d347 ] Request (FloatingIPsAssociationTestJSON:setUpClass): 200 PUT http://10.180.1.21:9696/networking/v2.0/routers/c38adc75-2fcc-42f5-b5df-71372d848ff8/add_router_interface 2.922s
2024-10-12 10:53:01.850 62116 INFO tempest.lib.common.dynamic_creds [-] Created isolated network resources for: credentials: Credentials: {'domain_id': 'default', 'domain_name': 'Default', 'username': 'tempest-FloatingIPsAssociationTestJSON-1943361788-project-member', 'project_domain_id': 'default', 'project_domain_name': 'Default', 'project_id': '0300db3c85124979a9f560b023c1537c', 'project_name': 'tempest-FloatingIPsAssociationTestJSON-1943361788', 'tenant_id': '0300db3c85124979a9f560b023c1537c', 'tenant_name': 'tempest-FloatingIPsAssociationTestJSON-1943361788', 'user_domain_id': 'default', 'user_domain_name': 'Default', 'user_id': '269fa24e7d34476fbdd174f0bf37e3cb', 'system': None}, Network: {'id': 'eb8bc52b-3c4d-4819-998a-f2772b8cdc41', 'name': 'tempest-FloatingIPsAssociationTestJSON-1667610919-network', 'tenant_id': '0300db3c85124979a9f560b023c1537c', 'admin_state_up': True, 'mtu': 8950, 'status': 'ACTIVE', 'subnets': [], 'shared': False, 'project_id': '0300db3c85124979a9f560b023c1537c', 'port_security_enabled': True, 'router:external': False, 'provider:network_type': 'vlan', 'provider:physical_network': 'default', 'provider:segmentation_id': 831, 'is_default': False, 'availability_zone_hints': [], 'availability_zones': [], 'ipv4_address_scope': None, 'ipv6_address_scope': None, 'description': '', 'tags': [], 'created_at': '2024-10-12T10:52:55Z', 'updated_at': '2024-10-12T10:52:55Z', 'revision_number': 1}, Subnet: {'id': 'f031c68d-c0f9-4844-bdd2-33e66afb523b', 'name': 'tempest-FloatingIPsAssociationTestJSON-1667610919-subnet', 'tenant_id': '0300db3c85124979a9f560b023c1537c', 'network_id': 'eb8bc52b-3c4d-4819-998a-f2772b8cdc41', 'ip_version': 4, 'subnetpool_id': None, 'enable_dhcp': True, 'ipv6_ra_mode': None, 'ipv6_address_mode': None, 'gateway_ip': '192.168.128.1', 'cidr': '192.168.128.0/28', 'allocation_pools': [{'start': '192.168.128.2', 'end': '192.168.128.14'}], 'host_routes': [], 'dns_nameservers': [], 'description': '', 'router:external': False, 'service_types': [], 'tags': [], 'created_at': '2024-10-12T10:52:55Z', 'updated_at': '2024-10-12T10:52:55Z', 'revision_number': 0, 'project_id': '0300db3c85124979a9f560b023c1537c'}, Router: {'id': 'c38adc75-2fcc-42f5-b5df-71372d848ff8', 'name': 'tempest-FloatingIPsAssociationTestJSON-1667610919-router', 'tenant_id': '0300db3c85124979a9f560b023c1537c', 'admin_state_up': True, 'status': 'ACTIVE', 'external_gateway_info': {'network_id': '3c018358-c85b-4592-a011-76daa33d21c0', 'external_fixed_ips': [{'subnet_id': '2fd20b4c-a38f-49b8-b073-a08d9d543e81', 'ip_address': '10.180.180.237'}], 'enable_snat': True}, 'description': '', 'availability_zones': [], 'distributed': False, 'ha': False, 'availability_zone_hints': [], 'routes': [], 'flavor_id': None, 'tags': [], 'created_at': '2024-10-12T10:52:56Z', 'updated_at': '2024-10-12T10:52:57Z', 'revision_number': 2, 'project_id': '0300db3c85124979a9f560b023c1537c'}
