2024-10-12 10:54:26.562 62102 INFO tempest.lib.common.rest_client [req-0629dcab-befe-43c6-b2d4-efcaaeda85c8 req-0629dcab-befe-43c6-b2d4-efcaaeda85c8 ] Request (ServerExternalEventsTest:tearDownClass): 204 DELETE http://10.180.1.21/identity/v3/users/9a172e2281e44d91ae356bda6260da64 0.095s
2024-10-12 10:54:26.563 62102 INFO tempest.lib.common.dynamic_creds [-] Deleting project and security group for project: 5a010b85fac74f8796b196f5c0a0d528
2024-10-12 10:54:26.564 62060 INFO tempest.lib.common.rest_client [req-c9547e09-b267-4b6c-af7f-9afb34409d32 req-c9547e09-b267-4b6c-af7f-9afb34409d32 ] Request (SecurityGroupsTestJSON:test_server_security_groups): 200 GET http://10.180.1.21/compute/v2.1/servers/7a93d1c2-20d6-438e-bc42-1f9aa0219f91 0.047s
2024-10-12 10:54:26.609 62112 INFO tempest.lib.common.rest_client [req-549f89ab-adbb-46d0-891b-e3ae3d102f76 req-549f89ab-adbb-46d0-891b-e3ae3d102f76 ] Request (ServerDiskConfigTestJSON:test_rebuild_server_with_manual_disk_config): 200 GET http://10.180.1.21/compute/v2.1/servers/e56a6950-f842-45fb-a0a0-0defe3b3c30f 0.055s
2024-10-12 10:54:26.615 62084 INFO tempest.lib.common.rest_client [req-456832bc-a74d-4c48-86e4-5419d216ed13 req-456832bc-a74d-4c48-86e4-5419d216ed13 ] Request (ServerRescueTestJSON:setUpClass): 200 GET http://10.180.1.21/compute/v2.1/servers/21ad1f7b-cc59-4ad4-a0c0-9e867b20e9f0 0.049s
2024-10-12 10:54:26.624 62102 INFO tempest.lib.common.rest_client [req-44f7276b-38da-425a-94f9-b286c4c5a30e req-44f7276b-38da-425a-94f9-b286c4c5a30e ] Request (ServerExternalEventsTest:tearDownClass): 201 POST http://10.180.1.21/identity/v3/auth/tokens 0.061s
2024-10-12 10:54:26.664 62096 INFO tempest.lib.common.rest_client [req-35d71b48-7043-46e0-9f45-04c5bf13fd36 req-35d71b48-7043-46e0-9f45-04c5bf13fd36 ] Request (ListServerFiltersTestJSON:setUpClass): 200 GET http://10.180.1.21/compute/v2.1/servers/204fd4be-4a16-4838-a30d-c78339b3834d 0.052s
2024-10-12 10:54:26.690 62080 INFO tempest.lib.common.rest_client [req-00bd97a3-4a50-4369-a849-d09933e46529 req-00bd97a3-4a50-4369-a849-d09933e46529 ] Request (TenantUsagesTestJSON:setUpClass): 200 GET http://10.180.1.21/compute/v2.1/servers/95635ec3-cbfd-4dc0-a595-02062a0bda6e 0.049s
2024-10-12 10:54:26.903 62118 INFO tempest.lib.common.rest_client [req-e54d5590-055e-4f9d-8d77-3169be0689a7 req-e54d5590-055e-4f9d-8d77-3169be0689a7 ] Request (ServersAaction247Test:tearDownClass): 200 GET http://10.180.1.21/compute/v2.1/servers/de5a46be-193a-40d8-aeba-d5d4de24ef95 0.207s
2024-10-12 10:54:26.904 62078 INFO tempest.lib.common.rest_client [req-5fe5055a-d6bd-4871-bc76-5f76886500a8 req-5fe5055a-d6bd-4871-bc76-5f76886500a8 ] Request (MultipleCreateTestJSON:test_multiple_create): 200 GET http://10.180.1.21/compute/v2.1/servers/325a641d-2509-49e6-bfbc-0b2cb85c1ff9 0.199s
2024-10-12 10:54:26.931 62102 INFO tempest.lib.common.rest_client [req-9e2891d4-21c3-4e41-a73f-75cea957c568 req-9e2891d4-21c3-4e41-a73f-75cea957c568 ] Request (ServerExternalEventsTest:tearDownClass): 200 GET http://10.180.1.21:9696/networking/v2.0/security-groups?tenant_id=5a010b85fac74f8796b196f5c0a0d528&name=default 0.306s
2024-10-12 10:54:26.968 62090 INFO tempest.lib.common.rest_client [req-e8ead629-601e-4610-ac14-b0e1a7156b70 req-e8ead629-601e-4610-ac14-b0e1a7156b70 ] Request (ServersV294TestFqdnHostnames:setUpClass): 200 GET http://10.180.1.21/compute/v2.1/servers/9ce52867-d547-401e-993d-0053eb9da4c4 0.109s
2024-10-12 10:54:26.969 62086 INFO tempest.lib.common.rest_client [req-90f0e6c7-de39-48d3-a4a3-4c78e1fbdc2c req-90f0e6c7-de39-48d3-a4a3-4c78e1fbdc2c ] Request (AttachInterfacesUnderV243Test:test_add_remove_fixed_ip): 200 GET http://10.180.1.21/compute/v2.1/servers/ad02e0c7-3d12-48ad-a393-26749fd8c502 0.220s
2024-10-12 10:54:27.031 62062 INFO tempest.lib.common.rest_client [req-85b19fa8-8410-4a53-8f76-ca1a6b359e9b req-85b19fa8-8410-4a53-8f76-ca1a6b359e9b ] Request (ServersTestJSON:setUpClass): 200 GET http://10.180.1.21/compute/v2.1/servers/e7ba3a8d-4bd0-4d78-861f-866ce2ade0cb 0.123s
2024-10-12 10:54:27.036 62106 INFO tempest.lib.common.rest_client [req-b7aaa514-c412-4f5a-ba37-355f3f8a4631 req-b7aaa514-c412-4f5a-ba37-355f3f8a4631 ] Request (ServerActionsV293TestJSON:setUpClass): 200 GET http://10.180.1.21/compute/v2.1/servers/002a7370-024d-4959-a56d-1a13c260f60e 0.168s
2024-10-12 10:54:27.044 62106 INFO tempest.common.waiters [-] State transition "BUILD/None" ==> "BUILD/networking" after 56 second wait
2024-10-12 10:54:27.074 62102 INFO tempest.lib.common.rest_client [req-ab1b4674-3694-4910-9500-47e4dd315d2c req-ab1b4674-3694-4910-9500-47e4dd315d2c ] Request (ServerExternalEventsTest:tearDownClass): 204 DELETE http://10.180.1.21:9696/networking/v2.0/security-groups/a9ea3403-8bfe-4f6a-9c88-8faaaa19e9e4 0.143s
2024-10-12 10:54:27.086 62100 INFO tempest.lib.common.rest_client [req-98580f8c-5d2a-4505-860e-59b3fd8b79da req-98580f8c-5d2a-4505-860e-59b3fd8b79da ] Request (MigrationsAdminTest:test_resize_server_revert_deleted_flavor): 200 GET http://10.180.1.21/compute/v2.1/servers/8aeeb8e9-e1ab-463b-bc16-ca68571882aa 0.086s
2024-10-12 10:54:27.092 62070 INFO tempest.lib.common.rest_client [req-8006afde-54cb-4b9f-87e8-4f8e44dda4bf req-8006afde-54cb-4b9f-87e8-4f8e44dda4bf ] Request (AttachInterfacesTestJSON:test_create_list_show_delete_interfaces_by_fixed_ip): 200 GET http://10.180.1.21/compute/v2.1/servers/35c3e1eb-6b98-42f7-8f92-420560feba92 0.081s
2024-10-12 10:54:27.130 62116 INFO tempest.lib.common.rest_client [req-44391a49-be04-47c5-bee0-4bde6ad81f9b req-44391a49-be04-47c5-bee0-4bde6ad81f9b ] Request (ServersTestFqdnHostnames:test_create_server_with_fqdn_name): 200 GET http://10.180.1.21/compute/v2.1/servers/6e2190ac-d287-4810-9d43-740e62ae7b56 0.065s
2024-10-12 10:54:27.138 62102 INFO tempest.lib.common.rest_client [req-c1861681-fa5b-4aa0-9235-3df6187dff2d req-c1861681-fa5b-4aa0-9235-3df6187dff2d ] Request (ServerExternalEventsTest:tearDownClass): 204 DELETE http://10.180.1.21/identity/v3/projects/5a010b85fac74f8796b196f5c0a0d528 0.063s
2024-10-12 10:54:27.138 62102 INFO tempest.lib.common.dynamic_creds [-] Deleting project and security group for project: de80cd935bb34fe2a43129495a6254b6
2024-10-12 10:54:27.166 62064 INFO tempest.lib.common.rest_client [req-dcc5d6ea-91fe-4ce8-a1d1-3553f80cb9aa req-dcc5d6ea-91fe-4ce8-a1d1-3553f80cb9aa ] Request (VolumesAdminNegativeTest:test_update_attached_volume_with_nonexistent_volume_in_body): 200 GET http://10.180.1.21/compute/v2.1/servers/f525feb8-d24a-4f89-b640-471163d181ef 0.052s
2024-10-12 10:54:27.237 62114 INFO tempest.lib.common.rest_client [req-b38b1127-46c8-4bd4-ba00-bcfb79cc8050 req-b38b1127-46c8-4bd4-ba00-bcfb79cc8050 ] Request (DeleteServersAdminTestJSON:test_delete_server_while_in_error_state): 200 GET http://10.180.1.21/compute/v2.1/servers/46b484d0-1e87-4438-9791-e8199c76d21f 0.063s
2024-10-12 10:54:27.269 62102 INFO tempest.lib.common.rest_client [req-75195c62-a681-469d-bd73-8e89f9ae64b9 req-75195c62-a681-469d-bd73-8e89f9ae64b9 ] Request (ServerExternalEventsTest:tearDownClass): 200 GET http://10.180.1.21:9696/networking/v2.0/security-groups?tenant_id=de80cd935bb34fe2a43129495a6254b6&name=default 0.130s
2024-10-12 10:54:27.285 62082 INFO tempest.lib.common.rest_client [req-ee7c1bdc-9516-4fd0-bce0-cac3da37387d req-ee7c1bdc-9516-4fd0-bce0-cac3da37387d ] Request (InstanceActionsTestJSON:setUpClass): 200 GET http://10.180.1.21/compute/v2.1/servers/d889d359-f767-4853-8092-070e7656c284 0.059s
2024-10-12 10:54:27.326 62094 INFO tempest.lib.common.rest_client [req-65618552-7a59-4ae2-a78f-61df3b1c24bb req-65618552-7a59-4ae2-a78f-61df3b1c24bb ] Request (ImagesOneServerNegativeTestJSON:setUpClass): 200 GET http://10.180.1.21/compute/v2.1/servers/b4dd79b0-5dbb-4f12-9736-d8bc9f828f5d 0.052s
2024-10-12 10:54:27.372 62066 INFO tempest.lib.common.rest_client [req-08c31d2d-6345-4720-8958-68f76cdf57e1 req-08c31d2d-6345-4720-8958-68f76cdf57e1 ] Request (ServersTestManualDisk:setUpClass): 200 GET http://10.180.1.21/compute/v2.1/servers/51d54995-0d13-4560-bdd6-7d9f9f5210dd 0.046s
2024-10-12 10:54:27.378 62102 INFO tempest.lib.common.rest_client [req-64ee25cd-888b-470e-8353-eb245e18d533 req-64ee25cd-888b-470e-8353-eb245e18d533 ] Request (ServerExternalEventsTest:tearDownClass): 204 DELETE http://10.180.1.21:9696/networking/v2.0/security-groups/543d8b76-f133-4865-b9f6-16a5facc30cb 0.108s
2024-10-12 10:54:27.410 62120 INFO tempest.lib.common.rest_client [req-c5b4b8f8-243e-49b0-9fa8-10366b2b511a req-c5b4b8f8-243e-49b0-9fa8-10366b2b511a ] Request (AttachVolumeNegativeTest:test_attach_attached_volume_to_different_server): 200 GET http://10.180.1.21/compute/v2.1/servers/037dd0ba-0d50-4c46-8947-7df3ca19e1c1 0.053s
2024-10-12 10:54:27.453 62058 INFO tempest.lib.common.rest_client [req-442b5673-bbec-49d2-8533-71b808ddfd6e req-442b5673-bbec-49d2-8533-71b808ddfd6e ] Request (ImagesTestJSON:test_create_image_from_stopped_server): 200 GET http://10.180.1.21/compute/v2.1/servers/5c80ad4d-0fa1-4003-a6a1-2c9039ad679c 0.060s
2024-10-12 10:54:27.460 62058 INFO tempest.common.waiters [-] State transition "BUILD/spawning" ==> "ERROR/None" after 69 second wait
2024-10-12 10:54:27.461 62092 INFO tempest.lib.common.rest_client [req-e4f4ed43-057a-4df7-be30-da100dd2ed17 req-e4f4ed43-057a-4df7-be30-da100dd2ed17 ] Request (ListImageFiltersTestJSON:setUpClass): 200 GET http://10.180.1.21/compute/v2.1/servers/fb4c4bbf-ca9c-4584-bd1d-83e5e81e6c7e 0.054s
2024-10-12 10:54:27.475 62102 INFO tempest.lib.common.rest_client [req-722c2c4c-6735-404d-8e42-af303ed2fedc req-722c2c4c-6735-404d-8e42-af303ed2fedc ] Request (ServerExternalEventsTest:tearDownClass): 204 DELETE http://10.180.1.21/identity/v3/projects/de80cd935bb34fe2a43129495a6254b6 0.096s
2024-10-12 10:54:27.475 62102 INFO tempest.lib.common.dynamic_creds [-] Deleting project and security group for project: 9b87eec8d6bf4d66b6cd9e61ce0e9293
2024-10-12 10:54:27.504 62074 INFO tempest.lib.common.rest_client [req-384fcd1f-8e48-43c0-82b5-a9f371c3f370 req-384fcd1f-8e48-43c0-82b5-a9f371c3f370 ] Request (ServerDiagnosticsNegativeTest:test_get_server_diagnostics_by_non_admin): 200 GET http://10.180.1.21/compute/v2.1/servers/496f00ef-7487-45d9-9356-529f9390544f 0.057s
2024-10-12 10:54:27.518 62102 INFO tempest.lib.common.rest_client [req-08eb0203-18be-4fb5-81e8-766d2287aaa7 req-08eb0203-18be-4fb5-81e8-766d2287aaa7 ] Request (ServerExternalEventsTest:tearDownClass): 200 GET http://10.180.1.21:9696/networking/v2.0/security-groups?tenant_id=9b87eec8d6bf4d66b6cd9e61ce0e9293&name=default 0.043s
2024-10-12 10:54:27.562 62110 INFO tempest.lib.common.rest_client [req-87efed6a-b1e0-4570-939e-e5f29b299dd2 req-87efed6a-b1e0-4570-939e-e5f29b299dd2 ] Request (AttachVolumeTestJSON:test_attach_detach_volume): 200 GET http://10.180.1.21/compute/v2.1/servers/9942dd4b-8c04-40ac-b9f4-318b13902535 0.098s
2024-10-12 10:54:27.620 62072 INFO tempest.lib.common.rest_client [req-b5a5e130-97d3-4bff-8660-1fa86df01741 req-b5a5e130-97d3-4bff-8660-1fa86df01741 ] Request (ServerActionsTestOtherB:setUpClass): 200 GET http://10.180.1.21/compute/v2.1/servers/507a2e12-55a1-4d2c-b3d2-577914cc245e 0.131s
2024-10-12 10:54:27.648 62102 INFO tempest.lib.common.rest_client [req-49bb7e95-bd62-484a-adec-f23e0a5460ce req-49bb7e95-bd62-484a-adec-f23e0a5460ce ] Request (ServerExternalEventsTest:tearDownClass): 204 DELETE http://10.180.1.21:9696/networking/v2.0/security-groups/ddf91f92-a002-4ef4-be54-956f06c3ccd6 0.129s
2024-10-12 10:54:27.652 62058 INFO tempest.lib.common.rest_client [req-c97790b9-fc99-49db-a6f0-10d2291aecc5 req-c97790b9-fc99-49db-a6f0-10d2291aecc5 ] Request (ImagesTestJSON:test_create_image_from_stopped_server): 204 DELETE http://10.180.1.21/compute/v2.1/servers/5c80ad4d-0fa1-4003-a6a1-2c9039ad679c 0.192s
2024-10-12 10:54:27.671 62068 INFO tempest.lib.common.rest_client [req-28c31c91-1e8d-4777-bf60-d50b955e71de req-28c31c91-1e8d-4777-bf60-d50b955e71de ] Request (ServerShowV257Test:test_rebuild_server): 200 GET http://10.180.1.21/compute/v2.1/servers/e758c89f-e5e2-42e0-926e-c629cb496a89 0.148s
2024-10-12 10:54:27.713 62076 INFO tempest.lib.common.rest_client [req-9a78c6f6-f029-489f-8df4-6186dce3d116 req-9a78c6f6-f029-489f-8df4-6186dce3d116 ] Request (InstanceActionsV221TestJSON:test_get_list_deleted_instance_actions): 200 GET http://10.180.1.21/compute/v2.1/servers/3cd00254-b61b-498a-946b-ff2028230e25 0.163s
2024-10-12 10:54:27.721 62060 INFO tempest.lib.common.rest_client [req-44fbd560-4210-4db2-b259-870db0164a5a req-44fbd560-4210-4db2-b259-870db0164a5a ] Request (SecurityGroupsTestJSON:test_server_security_groups): 200 GET http://10.180.1.21/compute/v2.1/servers/7a93d1c2-20d6-438e-bc42-1f9aa0219f91 0.149s
2024-10-12 10:54:27.760 62102 INFO tempest.lib.common.rest_client [req-7d5e8c17-8ee9-4d89-9e43-319432ad74d0 req-7d5e8c17-8ee9-4d89-9e43-319432ad74d0 ] Request (ServerExternalEventsTest:tearDownClass): 204 DELETE http://10.180.1.21/identity/v3/projects/9b87eec8d6bf4d66b6cd9e61ce0e9293 0.111s
2024-10-12 10:54:27.765 62112 INFO tempest.lib.common.rest_client [req-0c33ac0d-73f0-4386-a9b5-98e26b83af96 req-0c33ac0d-73f0-4386-a9b5-98e26b83af96 ] Request (ServerDiskConfigTestJSON:test_rebuild_server_with_manual_disk_config): 200 GET http://10.180.1.21/compute/v2.1/servers/e56a6950-f842-45fb-a0a0-0defe3b3c30f 0.148s
2024-10-12 10:54:27.779 62084 INFO tempest.lib.common.rest_client [req-20c457f7-68fc-44b4-b12e-749aecd223ac req-20c457f7-68fc-44b4-b12e-749aecd223ac ] Request (ServerRescueTestJSON:setUpClass): 200 GET http://10.180.1.21/compute/v2.1/servers/21ad1f7b-cc59-4ad4-a0c0-9e867b20e9f0 0.155s
2024-10-12 10:54:27.783 62058 INFO tempest.lib.common.rest_client [req-b09c0279-4bef-458f-807c-396d31c2a716 req-b09c0279-4bef-458f-807c-396d31c2a716 ] Request (ImagesTestJSON:test_create_image_from_stopped_server): 404 GET http://10.180.1.21/compute/v2.1/servers/5c80ad4d-0fa1-4003-a6a1-2c9039ad679c 0.130s
2024-10-12 10:54:27.829 62102 INFO tempest.lib.common.rest_client [req-b7cecca6-a46e-4430-9672-06b2a76ef3e2 req-b7cecca6-a46e-4430-9672-06b2a76ef3e2 ] Request (SecurityGroupRulesNegativeTestJSON:setUpClass): 201 POST http://10.180.1.21/identity/v3/auth/tokens 0.067s
2024-10-12 10:54:27.833 62096 INFO tempest.lib.common.rest_client [req-d7f2a483-d0f1-498b-8c5d-d55fa13dd39f req-d7f2a483-d0f1-498b-8c5d-d55fa13dd39f ] Request (ListServerFiltersTestJSON:setUpClass): 200 GET http://10.180.1.21/compute/v2.1/servers/204fd4be-4a16-4838-a30d-c78339b3834d 0.160s
2024-10-12 10:54:27.844 62080 INFO tempest.lib.common.rest_client [req-c44af279-8f8a-40d7-b94a-7a8358408888 req-c44af279-8f8a-40d7-b94a-7a8358408888 ] Request (TenantUsagesTestJSON:setUpClass): 200 GET http://10.180.1.21/compute/v2.1/servers/95635ec3-cbfd-4dc0-a595-02062a0bda6e 0.146s
2024-10-12 10:54:27.849 62058 INFO tempest.lib.common.rest_client [req-844048a9-bbcb-4ac9-9290-e31f5d86032e req-844048a9-bbcb-4ac9-9290-e31f5d86032e ] Request (ImagesTestJSON:test_create_image_from_suspended_server): 201 POST http://10.180.1.21/identity/v3/auth/tokens 0.056s
2024-10-12 10:54:27.850 62058 INFO tempest.lib.common.fixed_network [-] (ImagesTestJSON:test_create_image_from_suspended_server) Found network {'id': 'eecde403-cec7-4a2f-ac0a-313776b7fbcc', 'name': 'tempest-ImagesTestJSON-1923184865-network', 'tenant_id': 'e23c7b193932478096b2fbf49a59fd7e', 'admin_state_up': True, 'mtu': 8950, 'status': 'ACTIVE', 'subnets': [], 'shared': False, 'project_id': 'e23c7b193932478096b2fbf49a59fd7e', 'port_security_enabled': True, 'router:external': False, 'provider:network_type': 'vlan', 'provider:physical_network': 'default', 'provider:segmentation_id': 674, 'is_default': False, 'availability_zone_hints': [], 'availability_zones': [], 'ipv4_address_scope': None, 'ipv6_address_scope': None, 'description': '', 'tags': [], 'created_at': '2024-10-12T10:53:05Z', 'updated_at': '2024-10-12T10:53:05Z', 'revision_number': 1} available for tenant
2024-10-12 10:54:27.862 62102 INFO tempest.lib.common.rest_client [req-0cf472a3-d68f-4c1a-862c-ff25f273373e req-0cf472a3-d68f-4c1a-862c-ff25f273373e ] Request (SecurityGroupRulesNegativeTestJSON:setUpClass): 201 POST http://10.180.1.21/identity/v3/auth/tokens 0.030s
2024-10-12 10:54:27.885 62102 INFO tempest.lib.common.rest_client [req-5f44c9e5-a072-4128-b658-3a6c5b9ac2c1 req-5f44c9e5-a072-4128-b658-3a6c5b9ac2c1 ] Request (SecurityGroupRulesNegativeTestJSON:setUpClass): 200 GET http://10.180.1.21/identity/v3/domains?name=Default 0.022s
2024-10-12 10:54:27.917 62102 INFO tempest.lib.common.rest_client [req-f42890ec-f7a7-4187-a992-a10ea3ddc57f req-f42890ec-f7a7-4187-a992-a10ea3ddc57f ] Request (SecurityGroupRulesNegativeTestJSON:setUpClass): 201 POST http://10.180.1.21/identity/v3/projects 0.031s
2024-10-12 10:54:27.958 62078 INFO tempest.lib.common.rest_client [req-1c1c2e81-bec7-4498-8a23-02959f405d04 req-1c1c2e81-bec7-4498-8a23-02959f405d04 ] Request (MultipleCreateTestJSON:test_multiple_create): 200 GET http://10.180.1.21/compute/v2.1/servers/325a641d-2509-49e6-bfbc-0b2cb85c1ff9 0.047s
2024-10-12 10:54:27.973 62102 INFO tempest.lib.common.rest_client [req-b1fe5310-e4d6-42cc-ab65-e343a7f68fae req-b1fe5310-e4d6-42cc-ab65-e343a7f68fae ] Request (SecurityGroupRulesNegativeTestJSON:setUpClass): 201 POST http://10.180.1.21/identity/v3/users 0.055s
2024-10-12 10:54:27.993 62102 INFO tempest.lib.common.rest_client [req-4bb68f3d-2abf-47fb-bd39-5e3f8d9b2162 req-4bb68f3d-2abf-47fb-bd39-5e3f8d9b2162 ] Request (SecurityGroupRulesNegativeTestJSON:setUpClass): 200 GET http://10.180.1.21/identity/v3/roles 0.020s
2024-10-12 10:54:28.014 62118 INFO tempest.lib.common.rest_client [req-67fd222c-092d-4a06-95de-8ad4a8cb8d2f req-67fd222c-092d-4a06-95de-8ad4a8cb8d2f ] Request (ServersAaction247Test:tearDownClass): 200 GET http://10.180.1.21/compute/v2.1/servers/de5a46be-193a-40d8-aeba-d5d4de24ef95 0.103s
2024-10-12 10:54:28.022 62102 INFO tempest.lib.common.rest_client [req-3ff9dbcc-6cac-4ed4-9803-a1c436bf790f req-3ff9dbcc-6cac-4ed4-9803-a1c436bf790f ] Request (SecurityGroupRulesNegativeTestJSON:setUpClass): 204 PUT http://10.180.1.21/identity/v3/projects/07b9d1165f1e4a1989f6e5991c236652/users/572cbc749f4447bcac5eedbc3f581c98/roles/ce12846925a449cc89ab4ef1e8e22a12 0.029s
2024-10-12 10:54:28.022 62102 INFO tempest.lib.common.dynamic_creds [-] Dynamic test user 572cbc749f4447bcac5eedbc3f581c98 is created with scope project and roles: ['member']
2024-10-12 10:54:28.022 62102 INFO tempest.lib.common.dynamic_creds [-] Acquired dynamic creds: credentials: Credentials: {'domain_id': 'default', 'domain_name': 'Default', 'username': 'tempest-SecurityGroupRulesNegativeTestJSON-555432733-project-member', 'project_domain_id': 'default', 'project_domain_name': 'Default', 'project_id': '07b9d1165f1e4a1989f6e5991c236652', 'project_name': 'tempest-SecurityGroupRulesNegativeTestJSON-555432733', 'tenant_id': '07b9d1165f1e4a1989f6e5991c236652', 'tenant_name': 'tempest-SecurityGroupRulesNegativeTestJSON-555432733', 'user_domain_id': 'default', 'user_domain_name': 'Default', 'user_id': '572cbc749f4447bcac5eedbc3f581c98', 'system': None}, Network: None, Subnet: None, Router: None
2024-10-12 10:54:28.062 62086 INFO tempest.lib.common.rest_client [req-a9f49a62-2a32-44e1-9777-2dd52b75aab0 req-a9f49a62-2a32-44e1-9777-2dd52b75aab0 ] Request (AttachInterfacesUnderV243Test:test_add_remove_fixed_ip): 200 GET http://10.180.1.21/compute/v2.1/servers/ad02e0c7-3d12-48ad-a393-26749fd8c502 0.086s
2024-10-12 10:54:28.081 62102 INFO tempest.lib.common.rest_client [req-56d8c021-4c15-4df8-bf6f-6105df799421 req-56d8c021-4c15-4df8-bf6f-6105df799421 ] Request (SecurityGroupRulesNegativeTestJSON:setUpClass): 201 POST http://10.180.1.21/identity/v3/auth/tokens 0.058s
2024-10-12 10:54:28.117 62090 INFO tempest.lib.common.rest_client [req-ae11476b-977f-4c1a-b0ed-68d3cef3f896 req-ae11476b-977f-4c1a-b0ed-68d3cef3f896 ] Request (ServersV294TestFqdnHostnames:setUpClass): 200 GET http://10.180.1.21/compute/v2.1/servers/9ce52867-d547-401e-993d-0053eb9da4c4 0.138s
2024-10-12 10:54:28.166 62062 INFO tempest.lib.common.rest_client [req-c447c22b-24e3-4f24-860b-0933b14e2a69 req-c447c22b-24e3-4f24-860b-0933b14e2a69 ] Request (ServersTestJSON:setUpClass): 200 GET http://10.180.1.21/compute/v2.1/servers/e7ba3a8d-4bd0-4d78-861f-866ce2ade0cb 0.126s
2024-10-12 10:54:28.200 62058 INFO tempest.lib.common.rest_client [req-c52db9ee-ff8b-4b2a-a8fe-4388c5079a06 req-c52db9ee-ff8b-4b2a-a8fe-4388c5079a06 ] Request (ImagesTestJSON:test_create_image_from_suspended_server): 202 POST http://10.180.1.21/compute/v2.1/servers 0.350s
2024-10-12 10:54:28.252 62100 INFO tempest.lib.common.rest_client [req-bcca683c-10dc-4bcd-884e-c2aae0568e50 req-bcca683c-10dc-4bcd-884e-c2aae0568e50 ] Request (MigrationsAdminTest:test_resize_server_revert_deleted_flavor): 200 GET http://10.180.1.21/compute/v2.1/servers/8aeeb8e9-e1ab-463b-bc16-ca68571882aa 0.159s
2024-10-12 10:54:28.306 62070 INFO tempest.lib.common.rest_client [req-126027f8-28f5-4919-a71f-8922d40619a6 req-126027f8-28f5-4919-a71f-8922d40619a6 ] Request (AttachInterfacesTestJSON:test_create_list_show_delete_interfaces_by_fixed_ip): 200 GET http://10.180.1.21/compute/v2.1/servers/35c3e1eb-6b98-42f7-8f92-420560feba92 0.207s
2024-10-12 10:54:28.325 62106 INFO tempest.lib.common.rest_client [req-c0f71f1f-d36f-4f51-aa64-bc4a5453b040 req-c0f71f1f-d36f-4f51-aa64-bc4a5453b040 ] Request (ServerActionsV293TestJSON:setUpClass): 200 GET http://10.180.1.21/compute/v2.1/servers/002a7370-024d-4959-a56d-1a13c260f60e 0.279s
2024-10-12 10:54:28.333 62106 INFO tempest.common.waiters [-] State transition "BUILD/networking" ==> "BUILD/block_device_mapping" after 57 second wait
2024-10-12 10:54:28.353 62116 INFO tempest.lib.common.rest_client [req-b5b50419-e0ff-49a7-a821-5c91f7625b0e req-b5b50419-e0ff-49a7-a821-5c91f7625b0e ] Request (ServersTestFqdnHostnames:test_create_server_with_fqdn_name): 200 GET http://10.180.1.21/compute/v2.1/servers/6e2190ac-d287-4810-9d43-740e62ae7b56 0.216s
2024-10-12 10:54:28.380 62064 INFO tempest.lib.common.rest_client [req-09269ad8-8156-4e97-bb34-02328a36eb30 req-09269ad8-8156-4e97-bb34-02328a36eb30 ] Request (VolumesAdminNegativeTest:test_update_attached_volume_with_nonexistent_volume_in_body): 200 GET http://10.180.1.21/compute/v2.1/servers/f525feb8-d24a-4f89-b640-471163d181ef 0.206s
2024-10-12 10:54:28.388 62058 INFO tempest.lib.common.rest_client [req-3c377263-7773-4245-a697-edc5c4fbd7f5 req-3c377263-7773-4245-a697-edc5c4fbd7f5 ] Request (ImagesTestJSON:test_create_image_from_suspended_server): 200 GET http://10.180.1.21/compute/v2.1/servers/61d1f216-7ff1-419d-b415-3dce3537b1b4 0.187s
2024-10-12 10:54:28.428 62114 INFO tempest.lib.common.rest_client [req-af6921c2-7e5f-4b5f-8b9d-c1424a765fef req-af6921c2-7e5f-4b5f-8b9d-c1424a765fef ] Request (DeleteServersAdminTestJSON:test_delete_server_while_in_error_state): 200 GET http://10.180.1.21/compute/v2.1/servers/46b484d0-1e87-4438-9791-e8199c76d21f 0.184s
2024-10-12 10:54:28.431 62102 INFO tempest.lib.common.rest_client [req-63edb17c-0427-4973-8030-ce307e442b73 req-63edb17c-0427-4973-8030-ce307e442b73 ] Request (SecurityGroupRulesNegativeTestJSON:setUpClass): 201 POST http://10.180.1.21:9696/networking/v2.0/networks 0.350s
2024-10-12 10:54:28.453 62082 INFO tempest.lib.common.rest_client [req-28da554e-bfdd-42db-b7aa-b7124e2ea213 req-28da554e-bfdd-42db-b7aa-b7124e2ea213 ] Request (InstanceActionsTestJSON:setUpClass): 200 GET http://10.180.1.21/compute/v2.1/servers/d889d359-f767-4853-8092-070e7656c284 0.160s
2024-10-12 10:54:28.476 62094 INFO tempest.lib.common.rest_client [req-84bac51b-9bd7-42fb-8dbc-779db74a63d1 req-84bac51b-9bd7-42fb-8dbc-779db74a63d1 ] Request (ImagesOneServerNegativeTestJSON:setUpClass): 200 GET http://10.180.1.21/compute/v2.1/servers/b4dd79b0-5dbb-4f12-9736-d8bc9f828f5d 0.142s
2024-10-12 10:54:28.499 62066 INFO tempest.lib.common.rest_client [req-372fe3c6-278e-4fb5-a530-c28c520b7b4a req-372fe3c6-278e-4fb5-a530-c28c520b7b4a ] Request (ServersTestManualDisk:setUpClass): 200 GET http://10.180.1.21/compute/v2.1/servers/51d54995-0d13-4560-bdd6-7d9f9f5210dd 0.118s
2024-10-12 10:54:28.526 62120 INFO tempest.lib.common.rest_client [req-d5f5b78f-1892-43fa-a4c6-c6d5029af060 req-d5f5b78f-1892-43fa-a4c6-c6d5029af060 ] Request (AttachVolumeNegativeTest:test_attach_attached_volume_to_different_server): 200 GET http://10.180.1.21/compute/v2.1/servers/037dd0ba-0d50-4c46-8947-7df3ca19e1c1 0.106s
2024-10-12 10:54:28.548 62092 INFO tempest.lib.common.rest_client [req-69492bc3-633d-4deb-9382-06447df8ed2e req-69492bc3-633d-4deb-9382-06447df8ed2e ] Request (ListImageFiltersTestJSON:setUpClass): 200 GET http://10.180.1.21/compute/v2.1/servers/fb4c4bbf-ca9c-4584-bd1d-83e5e81e6c7e 0.079s
2024-10-12 10:54:28.580 62074 INFO tempest.lib.common.rest_client [req-e1bfec31-db0c-4e68-94ef-09e16bc0e568 req-e1bfec31-db0c-4e68-94ef-09e16bc0e568 ] Request (ServerDiagnosticsNegativeTest:test_get_server_diagnostics_by_non_admin): 200 GET http://10.180.1.21/compute/v2.1/servers/496f00ef-7487-45d9-9356-529f9390544f 0.069s
2024-10-12 10:54:28.628 62110 INFO tempest.lib.common.rest_client [req-c9a86835-88c6-48ef-bec0-ae4cfbd045a8 req-c9a86835-88c6-48ef-bec0-ae4cfbd045a8 ] Request (AttachVolumeTestJSON:test_attach_detach_volume): 200 GET http://10.180.1.21/compute/v2.1/servers/9942dd4b-8c04-40ac-b9f4-318b13902535 0.054s
2024-10-12 10:54:28.631 62102 INFO tempest.lib.common.rest_client [req-9308f20e-0e7e-4cf2-a44c-70b31808073e req-9308f20e-0e7e-4cf2-a44c-70b31808073e ] Request (SecurityGroupRulesNegativeTestJSON:setUpClass): 201 POST http://10.180.1.21:9696/networking/v2.0/subnets 0.199s
2024-10-12 10:54:28.685 62072 INFO tempest.lib.common.rest_client [req-e6caf008-8b3a-4a57-a227-e95a89eb8adc req-e6caf008-8b3a-4a57-a227-e95a89eb8adc ] Request (ServerActionsTestOtherB:setUpClass): 200 GET http://10.180.1.21/compute/v2.1/servers/507a2e12-55a1-4d2c-b3d2-577914cc245e 0.056s
2024-10-12 10:54:28.758 62068 INFO tempest.lib.common.rest_client [req-3f64df2a-ca8f-4c41-aecb-6ece80ab60b3 req-3f64df2a-ca8f-4c41-aecb-6ece80ab60b3 ] Request (ServerShowV257Test:test_rebuild_server): 200 GET http://10.180.1.21/compute/v2.1/servers/e758c89f-e5e2-42e0-926e-c629cb496a89 0.074s
2024-10-12 10:54:28.793 62076 INFO tempest.lib.common.rest_client [req-3e06257e-8dc6-4b98-8c78-dc346982797e req-3e06257e-8dc6-4b98-8c78-dc346982797e ] Request (InstanceActionsV221TestJSON:test_get_list_deleted_instance_actions): 200 GET http://10.180.1.21/compute/v2.1/servers/3cd00254-b61b-498a-946b-ff2028230e25 0.069s
2024-10-12 10:54:28.815 62060 INFO tempest.lib.common.rest_client [req-be552c75-9e31-491b-b012-04a829bbaa54 req-be552c75-9e31-491b-b012-04a829bbaa54 ] Request (SecurityGroupsTestJSON:test_server_security_groups): 200 GET http://10.180.1.21/compute/v2.1/servers/7a93d1c2-20d6-438e-bc42-1f9aa0219f91 0.086s
2024-10-12 10:54:28.843 62112 INFO tempest.lib.common.rest_client [req-76ef1bed-564c-43c5-ae05-85bddde35635 req-76ef1bed-564c-43c5-ae05-85bddde35635 ] Request (ServerDiskConfigTestJSON:test_rebuild_server_with_manual_disk_config): 200 GET http://10.180.1.21/compute/v2.1/servers/e56a6950-f842-45fb-a0a0-0defe3b3c30f 0.069s
2024-10-12 10:54:28.871 62084 INFO tempest.lib.common.rest_client [req-d3bbc3b9-5687-4689-8155-bedbd84e6aee req-d3bbc3b9-5687-4689-8155-bedbd84e6aee ] Request (ServerRescueTestJSON:setUpClass): 200 GET http://10.180.1.21/compute/v2.1/servers/21ad1f7b-cc59-4ad4-a0c0-9e867b20e9f0 0.083s
2024-10-12 10:54:28.897 62096 INFO tempest.lib.common.rest_client [req-c92c78e3-b10b-4910-afb6-a8b2f5e6c05f req-c92c78e3-b10b-4910-afb6-a8b2f5e6c05f ] Request (ListServerFiltersTestJSON:setUpClass): 200 GET http://10.180.1.21/compute/v2.1/servers/204fd4be-4a16-4838-a30d-c78339b3834d 0.053s
2024-10-12 10:54:28.925 62080 INFO tempest.lib.common.rest_client [req-fc8b11e2-1273-4d63-b7d1-ea5a5151a2c0 req-fc8b11e2-1273-4d63-b7d1-ea5a5151a2c0 ] Request (TenantUsagesTestJSON:setUpClass): 200 GET http://10.180.1.21/compute/v2.1/servers/95635ec3-cbfd-4dc0-a595-02062a0bda6e 0.068s
2024-10-12 10:54:29.013 62078 INFO tempest.lib.common.rest_client [req-4273ba3c-e9ca-4868-b09d-b9f3f41ed6f5 req-4273ba3c-e9ca-4868-b09d-b9f3f41ed6f5 ] Request (MultipleCreateTestJSON:test_multiple_create): 200 GET http://10.180.1.21/compute/v2.1/servers/325a641d-2509-49e6-bfbc-0b2cb85c1ff9 0.048s
2024-10-12 10:54:29.086 62118 INFO tempest.lib.common.rest_client [req-1a7dace9-3acc-4492-bc08-313b2200b627 req-1a7dace9-3acc-4492-bc08-313b2200b627 ] Request (ServersAaction247Test:tearDownClass): 200 GET http://10.180.1.21/compute/v2.1/servers/de5a46be-193a-40d8-aeba-d5d4de24ef95 0.058s
2024-10-12 10:54:29.117 62086 INFO tempest.lib.common.rest_client [req-c0e4366d-4bae-4864-99bb-97a74f995128 req-c0e4366d-4bae-4864-99bb-97a74f995128 ] Request (AttachInterfacesUnderV243Test:test_add_remove_fixed_ip): 200 GET http://10.180.1.21/compute/v2.1/servers/ad02e0c7-3d12-48ad-a393-26749fd8c502 0.047s
2024-10-12 10:54:29.123 62086 INFO tempest.common.waiters [-] State transition "BUILD/scheduling" ==> "BUILD/None" after 53 second wait
2024-10-12 10:54:29.179 62090 INFO tempest.lib.common.rest_client [req-53bf9713-37c8-4057-af6e-38c699c9684f req-53bf9713-37c8-4057-af6e-38c699c9684f ] Request (ServersV294TestFqdnHostnames:setUpClass): 200 GET http://10.180.1.21/compute/v2.1/servers/9ce52867-d547-401e-993d-0053eb9da4c4 0.051s
2024-10-12 10:54:29.221 62062 INFO tempest.lib.common.rest_client [req-9e5b5be3-7972-4c1a-8739-b7400a571b05 req-9e5b5be3-7972-4c1a-8739-b7400a571b05 ] Request (ServersTestJSON:setUpClass): 200 GET http://10.180.1.21/compute/v2.1/servers/e7ba3a8d-4bd0-4d78-861f-866ce2ade0cb 0.047s
2024-10-12 10:54:29.312 62100 INFO tempest.lib.common.rest_client [req-5ee3b224-66de-4e77-838b-6b7dbab4fcb4 req-5ee3b224-66de-4e77-838b-6b7dbab4fcb4 ] Request (MigrationsAdminTest:test_resize_server_revert_deleted_flavor): 200 GET http://10.180.1.21/compute/v2.1/servers/8aeeb8e9-e1ab-463b-bc16-ca68571882aa 0.051s
2024-10-12 10:54:29.363 62102 INFO tempest.lib.common.rest_client [req-bf1af85e-d352-483b-9bd2-f736482e15b9 req-bf1af85e-d352-483b-9bd2-f736482e15b9 ] Request (SecurityGroupRulesNegativeTestJSON:setUpClass): 201 POST http://10.180.1.21:9696/networking/v2.0/routers 0.732s
2024-10-12 10:54:29.373 62070 INFO tempest.lib.common.rest_client [req-c5146215-5e08-4608-beb0-430edeff85ee req-c5146215-5e08-4608-beb0-430edeff85ee ] Request (AttachInterfacesTestJSON:test_create_list_show_delete_interfaces_by_fixed_ip): 200 GET http://10.180.1.21/compute/v2.1/servers/35c3e1eb-6b98-42f7-8f92-420560feba92 0.052s
2024-10-12 10:54:29.390 62106 INFO tempest.lib.common.rest_client [req-d2d7da35-6ed6-4822-aa12-99684196d5bc req-d2d7da35-6ed6-4822-aa12-99684196d5bc ] Request (ServerActionsV293TestJSON:setUpClass): 200 GET http://10.180.1.21/compute/v2.1/servers/002a7370-024d-4959-a56d-1a13c260f60e 0.055s
2024-10-12 10:54:29.417 62116 INFO tempest.lib.common.rest_client [req-ba84c56d-a4c7-4a4e-9a95-115fad10354e req-ba84c56d-a4c7-4a4e-9a95-115fad10354e ] Request (ServersTestFqdnHostnames:test_create_server_with_fqdn_name): 200 GET http://10.180.1.21/compute/v2.1/servers/6e2190ac-d287-4810-9d43-740e62ae7b56 0.058s
2024-10-12 10:54:29.436 62064 INFO tempest.lib.common.rest_client [req-b740def7-9877-4c80-b5a4-a25454d0ee56 req-b740def7-9877-4c80-b5a4-a25454d0ee56 ] Request (VolumesAdminNegativeTest:test_update_attached_volume_with_nonexistent_volume_in_body): 200 GET http://10.180.1.21/compute/v2.1/servers/f525feb8-d24a-4f89-b640-471163d181ef 0.048s
2024-10-12 10:54:29.479 62058 INFO tempest.lib.common.rest_client [req-1caa5968-cb56-4bfd-8235-ea38c9c07c12 req-1caa5968-cb56-4bfd-8235-ea38c9c07c12 ] Request (ImagesTestJSON:test_create_image_from_suspended_server): 200 GET http://10.180.1.21/compute/v2.1/servers/61d1f216-7ff1-419d-b415-3dce3537b1b4 0.082s
2024-10-12 10:54:29.494 62114 INFO tempest.lib.common.rest_client [req-2e8a98fa-93ce-4d1f-b1d2-50938bfe09c1 req-2e8a98fa-93ce-4d1f-b1d2-50938bfe09c1 ] Request (DeleteServersAdminTestJSON:test_delete_server_while_in_error_state): 200 GET http://10.180.1.21/compute/v2.1/servers/46b484d0-1e87-4438-9791-e8199c76d21f 0.059s
2024-10-12 10:54:29.523 62082 INFO tempest.lib.common.rest_client [req-5a55dc25-e092-4660-bbfe-99a1bc6e142a req-5a55dc25-e092-4660-bbfe-99a1bc6e142a ] Request (InstanceActionsTestJSON:setUpClass): 200 GET http://10.180.1.21/compute/v2.1/servers/d889d359-f767-4853-8092-070e7656c284 0.062s
2024-10-12 10:54:29.542 62094 INFO tempest.lib.common.rest_client [req-ebe57d3b-489a-45c6-a436-84007f151eee req-ebe57d3b-489a-45c6-a436-84007f151eee ] Request (ImagesOneServerNegativeTestJSON:setUpClass): 200 GET http://10.180.1.21/compute/v2.1/servers/b4dd79b0-5dbb-4f12-9736-d8bc9f828f5d 0.060s
2024-10-12 10:54:29.573 62066 INFO tempest.lib.common.rest_client [req-9b1a4899-3fc8-4425-8c88-0a0b9babb876 req-9b1a4899-3fc8-4425-8c88-0a0b9babb876 ] Request (ServersTestManualDisk:setUpClass): 200 GET http://10.180.1.21/compute/v2.1/servers/51d54995-0d13-4560-bdd6-7d9f9f5210dd 0.064s
2024-10-12 10:54:29.595 62120 INFO tempest.lib.common.rest_client [req-655c948b-fd2f-40d3-978d-32b315340822 req-655c948b-fd2f-40d3-978d-32b315340822 ] Request (AttachVolumeNegativeTest:test_attach_attached_volume_to_different_server): 200 GET http://10.180.1.21/compute/v2.1/servers/037dd0ba-0d50-4c46-8947-7df3ca19e1c1 0.061s
2024-10-12 10:54:29.621 62092 INFO tempest.lib.common.rest_client [req-9f2c536f-a508-49f0-8af5-9d183f40e380 req-9f2c536f-a508-49f0-8af5-9d183f40e380 ] Request (ListImageFiltersTestJSON:setUpClass): 200 GET http://10.180.1.21/compute/v2.1/servers/fb4c4bbf-ca9c-4584-bd1d-83e5e81e6c7e 0.065s
2024-10-12 10:54:29.640 62074 INFO tempest.lib.common.rest_client [req-cff52af5-3c5c-4e94-aac6-729b7ed11ff0 req-cff52af5-3c5c-4e94-aac6-729b7ed11ff0 ] Request (ServerDiagnosticsNegativeTest:test_get_server_diagnostics_by_non_admin): 200 GET http://10.180.1.21/compute/v2.1/servers/496f00ef-7487-45d9-9356-529f9390544f 0.047s
2024-10-12 10:54:29.684 62110 INFO tempest.lib.common.rest_client [req-bef86354-892b-438b-94b6-42929fb1721a req-bef86354-892b-438b-94b6-42929fb1721a ] Request (AttachVolumeTestJSON:test_attach_detach_volume): 200 GET http://10.180.1.21/compute/v2.1/servers/9942dd4b-8c04-40ac-b9f4-318b13902535 0.049s
2024-10-12 10:54:29.736 62072 INFO tempest.lib.common.rest_client [req-08e3097b-b87c-4448-a2cd-57f8cc9e0fc6 req-08e3097b-b87c-4448-a2cd-57f8cc9e0fc6 ] Request (ServerActionsTestOtherB:setUpClass): 200 GET http://10.180.1.21/compute/v2.1/servers/507a2e12-55a1-4d2c-b3d2-577914cc245e 0.045s
2024-10-12 10:54:29.827 62068 INFO tempest.lib.common.rest_client [req-dfcf8f99-421b-421b-89c5-d74c24f06fcf req-dfcf8f99-421b-421b-89c5-d74c24f06fcf ] Request (ServerShowV257Test:test_rebuild_server): 200 GET http://10.180.1.21/compute/v2.1/servers/e758c89f-e5e2-42e0-926e-c629cb496a89 0.053s
2024-10-12 10:54:29.854 62076 INFO tempest.lib.common.rest_client [req-c2e65f52-f3b2-4a96-ad33-4cf06b0257b2 req-c2e65f52-f3b2-4a96-ad33-4cf06b0257b2 ] Request (InstanceActionsV221TestJSON:test_get_list_deleted_instance_actions): 200 GET http://10.180.1.21/compute/v2.1/servers/3cd00254-b61b-498a-946b-ff2028230e25 0.051s
2024-10-12 10:54:29.883 62060 INFO tempest.lib.common.rest_client [req-2ad790f4-2c5d-44cd-9d27-bdcf096e2ba2 req-2ad790f4-2c5d-44cd-9d27-bdcf096e2ba2 ] Request (SecurityGroupsTestJSON:test_server_security_groups): 200 GET http://10.180.1.21/compute/v2.1/servers/7a93d1c2-20d6-438e-bc42-1f9aa0219f91 0.060s
2024-10-12 10:54:29.912 62112 INFO tempest.lib.common.rest_client [req-e97f1f59-c94d-4087-ad6b-b1ca74c381f4 req-e97f1f59-c94d-4087-ad6b-b1ca74c381f4 ] Request (ServerDiskConfigTestJSON:test_rebuild_server_with_manual_disk_config): 200 GET http://10.180.1.21/compute/v2.1/servers/e56a6950-f842-45fb-a0a0-0defe3b3c30f 0.062s
2024-10-12 10:54:29.933 62084 INFO tempest.lib.common.rest_client [req-eb4edd7b-4633-4c9f-b587-8b0fa324b5c4 req-eb4edd7b-4633-4c9f-b587-8b0fa324b5c4 ] Request (ServerRescueTestJSON:setUpClass): 200 GET http://10.180.1.21/compute/v2.1/servers/21ad1f7b-cc59-4ad4-a0c0-9e867b20e9f0 0.055s
2024-10-12 10:54:29.965 62096 INFO tempest.lib.common.rest_client [req-12c86c4e-959b-4e4c-a7e4-2e6a53a13f0c req-12c86c4e-959b-4e4c-a7e4-2e6a53a13f0c ] Request (ListServerFiltersTestJSON:setUpClass): 200 GET http://10.180.1.21/compute/v2.1/servers/204fd4be-4a16-4838-a30d-c78339b3834d 0.056s
2024-10-12 10:54:29.984 62080 INFO tempest.lib.common.rest_client [req-098a0372-f99f-4774-b30e-74539415d44b req-098a0372-f99f-4774-b30e-74539415d44b ] Request (TenantUsagesTestJSON:setUpClass): 200 GET http://10.180.1.21/compute/v2.1/servers/95635ec3-cbfd-4dc0-a595-02062a0bda6e 0.048s
2024-10-12 10:54:30.073 62078 INFO tempest.lib.common.rest_client [req-c3273887-0235-42c7-9a65-9ee9725d4db0 req-c3273887-0235-42c7-9a65-9ee9725d4db0 ] Request (MultipleCreateTestJSON:test_multiple_create): 200 GET http://10.180.1.21/compute/v2.1/servers/325a641d-2509-49e6-bfbc-0b2cb85c1ff9 0.053s
2024-10-12 10:54:30.154 62118 INFO tempest.lib.common.rest_client [req-ca85e06b-79ab-46c7-a7b6-410102ebcf03 req-ca85e06b-79ab-46c7-a7b6-410102ebcf03 ] Request (ServersAaction247Test:tearDownClass): 200 GET http://10.180.1.21/compute/v2.1/servers/de5a46be-193a-40d8-aeba-d5d4de24ef95 0.059s
2024-10-12 10:54:30.178 62086 INFO tempest.lib.common.rest_client [req-d0366170-9b69-40bf-85dd-637f316a993a req-d0366170-9b69-40bf-85dd-637f316a993a ] Request (AttachInterfacesUnderV243Test:test_add_remove_fixed_ip): 200 GET http://10.180.1.21/compute/v2.1/servers/ad02e0c7-3d12-48ad-a393-26749fd8c502 0.053s
2024-10-12 10:54:30.250 62090 INFO tempest.lib.common.rest_client [req-64fd135f-88ce-4636-a737-bcb2172e8692 req-64fd135f-88ce-4636-a737-bcb2172e8692 ] Request (ServersV294TestFqdnHostnames:setUpClass): 200 GET http://10.180.1.21/compute/v2.1/servers/9ce52867-d547-401e-993d-0053eb9da4c4 0.061s
2024-10-12 10:54:30.297 62062 INFO tempest.lib.common.rest_client [req-2dfab495-142c-49b2-8a2d-b85888592a4e req-2dfab495-142c-49b2-8a2d-b85888592a4e ] Request (ServersTestJSON:setUpClass): 200 GET http://10.180.1.21/compute/v2.1/servers/e7ba3a8d-4bd0-4d78-861f-866ce2ade0cb 0.069s
2024-10-12 10:54:30.371 62100 INFO tempest.lib.common.rest_client [req-f8da88e0-7cbc-4b9d-bed6-0046173cba47 req-f8da88e0-7cbc-4b9d-bed6-0046173cba47 ] Request (MigrationsAdminTest:test_resize_server_revert_deleted_flavor): 200 GET http://10.180.1.21/compute/v2.1/servers/8aeeb8e9-e1ab-463b-bc16-ca68571882aa 0.052s
2024-10-12 10:54:30.395 62102 INFO tempest.lib.common.rest_client [req-ba021af4-9488-478e-a859-ee2691426544 req-ba021af4-9488-478e-a859-ee2691426544 ] Request (SecurityGroupRulesNegativeTestJSON:setUpClass): 200 PUT http://10.180.1.21:9696/networking/v2.0/routers/a3426c58-3967-4307-8d86-4dcbc242e265/add_router_interface 1.031s
2024-10-12 10:54:30.395 62102 INFO tempest.lib.common.dynamic_creds [-] Created isolated network resources for: credentials: Credentials: {'domain_id': 'default', 'domain_name': 'Default', 'username': 'tempest-SecurityGroupRulesNegativeTestJSON-555432733-project-member', 'project_domain_id': 'default', 'project_domain_name': 'Default', 'project_id': '07b9d1165f1e4a1989f6e5991c236652', 'project_name': 'tempest-SecurityGroupRulesNegativeTestJSON-555432733', 'tenant_id': '07b9d1165f1e4a1989f6e5991c236652', 'tenant_name': 'tempest-SecurityGroupRulesNegativeTestJSON-555432733', 'user_domain_id': 'default', 'user_domain_name': 'Default', 'user_id': '572cbc749f4447bcac5eedbc3f581c98', 'system': None}, Network: {'id': '96c23de0-4694-4553-9a51-2ba13acd1c39', 'name': 'tempest-SecurityGroupRulesNegativeTestJSON-64951022-network', 'tenant_id': '07b9d1165f1e4a1989f6e5991c236652', 'admin_state_up': True, 'mtu': 8950, 'status': 'ACTIVE', 'subnets': [], 'shared': False, 'project_id': '07b9d1165f1e4a1989f6e5991c236652', 'port_security_enabled': True, 'router:external': False, 'provider:network_type': 'vlan', 'provider:physical_network': 'default', 'provider:segmentation_id': 212, 'is_default': False, 'availability_zone_hints': [], 'availability_zones': [], 'ipv4_address_scope': None, 'ipv6_address_scope': None, 'description': '', 'tags': [], 'created_at': '2024-10-12T10:54:28Z', 'updated_at': '2024-10-12T10:54:28Z', 'revision_number': 1}, Subnet: {'id': '93b28f20-a925-4cf3-82b4-cb71e7152df3', 'name': 'tempest-SecurityGroupRulesNegativeTestJSON-64951022-subnet', 'tenant_id': '07b9d1165f1e4a1989f6e5991c236652', 'network_id': '96c23de0-4694-4553-9a51-2ba13acd1c39', 'ip_version': 4, 'subnetpool_id': None, 'enable_dhcp': True, 'ipv6_ra_mode': None, 'ipv6_address_mode': None, 'gateway_ip': '192.168.128.1', 'cidr': '192.168.128.0/28', 'allocation_pools': [{'start': '192.168.128.2', 'end': '192.168.128.14'}], 'host_routes': [], 'dns_nameservers': [], 'description': '', 'router:external': False, 'service_types': [], 'tags': [], 'created_at': '2024-10-12T10:54:28Z', 'updated_at': '2024-10-12T10:54:28Z', 'revision_number': 0, 'project_id': '07b9d1165f1e4a1989f6e5991c236652'}, Router: {'id': 'a3426c58-3967-4307-8d86-4dcbc242e265', 'name': 'tempest-SecurityGroupRulesNegativeTestJSON-64951022-router', 'tenant_id': '07b9d1165f1e4a1989f6e5991c236652', 'admin_state_up': True, 'status': 'ACTIVE', 'external_gateway_info': {'network_id': '3c018358-c85b-4592-a011-76daa33d21c0', 'external_fixed_ips': [{'subnet_id': '2fd20b4c-a38f-49b8-b073-a08d9d543e81', 'ip_address': '10.180.180.227'}], 'enable_snat': True}, 'description': '', 'availability_zones': [], 'distributed': False, 'ha': False, 'availability_zone_hints': [], 'routes': [], 'flavor_id': None, 'tags': [], 'created_at': '2024-10-12T10:54:28Z', 'updated_at': '2024-10-12T10:54:29Z', 'revision_number': 2, 'project_id': '07b9d1165f1e4a1989f6e5991c236652'}
2024-10-12 10:54:30.441 62070 INFO tempest.lib.common.rest_client [req-657afe95-84b3-42df-bf29-3d741fd67fd7 req-657afe95-84b3-42df-bf29-3d741fd67fd7 ] Request (AttachInterfacesTestJSON:test_create_list_show_delete_interfaces_by_fixed_ip): 200 GET http://10.180.1.21/compute/v2.1/servers/35c3e1eb-6b98-42f7-8f92-420560feba92 0.062s
2024-10-12 10:54:30.523 62106 INFO tempest.lib.common.rest_client [req-3d6a7cd4-eddb-400b-8ad5-30033fd49a71 req-3d6a7cd4-eddb-400b-8ad5-30033fd49a71 ] Request (ServerActionsV293TestJSON:setUpClass): 200 GET http://10.180.1.21/compute/v2.1/servers/002a7370-024d-4959-a56d-1a13c260f60e 0.122s
2024-10-12 10:54:30.543 62116 INFO tempest.lib.common.rest_client [req-a015b2ab-b80a-4bcc-8317-3f1680935e7a req-a015b2ab-b80a-4bcc-8317-3f1680935e7a ] Request (ServersTestFqdnHostnames:test_create_server_with_fqdn_name): 200 GET http://10.180.1.21/compute/v2.1/servers/6e2190ac-d287-4810-9d43-740e62ae7b56 0.116s
2024-10-12 10:54:30.564 62102 INFO tempest.lib.common.rest_client [req-e7fbddbe-c943-4f97-99a8-3ea9a4921489 req-e7fbddbe-c943-4f97-99a8-3ea9a4921489 ] Request (SecurityGroupRulesNegativeTestJSON:setUpClass): 201 POST http://10.180.1.21/identity/v3/auth/tokens 0.165s
2024-10-12 10:54:30.583 62064 INFO tempest.lib.common.rest_client [req-da8cf43f-2591-4ed1-9e53-f24e6baf0763 req-da8cf43f-2591-4ed1-9e53-f24e6baf0763 ] Request (VolumesAdminNegativeTest:test_update_attached_volume_with_nonexistent_volume_in_body): 200 GET http://10.180.1.21/compute/v2.1/servers/f525feb8-d24a-4f89-b640-471163d181ef 0.139s
2024-10-12 10:54:30.595 62058 INFO tempest.lib.common.rest_client [req-b6ed1791-3eb2-4649-8241-fb6073aac5dc req-b6ed1791-3eb2-4649-8241-fb6073aac5dc ] Request (ImagesTestJSON:test_create_image_from_suspended_server): 200 GET http://10.180.1.21/compute/v2.1/servers/61d1f216-7ff1-419d-b415-3dce3537b1b4 0.107s
2024-10-12 10:54:30.653 62082 INFO tempest.lib.common.rest_client [req-89c1823d-4c5b-4086-8ed8-871644a90f2e req-89c1823d-4c5b-4086-8ed8-871644a90f2e ] Request (InstanceActionsTestJSON:setUpClass): 200 GET http://10.180.1.21/compute/v2.1/servers/d889d359-f767-4853-8092-070e7656c284 0.120s
2024-10-12 10:54:30.709 62094 INFO tempest.lib.common.rest_client [req-f6e156e2-797f-4ea9-96f1-d14ce035e7fd req-f6e156e2-797f-4ea9-96f1-d14ce035e7fd ] Request (ImagesOneServerNegativeTestJSON:setUpClass): 200 GET http://10.180.1.21/compute/v2.1/servers/b4dd79b0-5dbb-4f12-9736-d8bc9f828f5d 0.159s
2024-10-12 10:54:30.752 62114 INFO tempest.lib.common.rest_client [req-e4f948b0-3d27-41dc-aaa8-8bc35496cd04 req-e4f948b0-3d27-41dc-aaa8-8bc35496cd04 ] Request (DeleteServersAdminTestJSON:test_delete_server_while_in_error_state): 200 GET http://10.180.1.21/compute/v2.1/servers/46b484d0-1e87-4438-9791-e8199c76d21f 0.243s
2024-10-12 10:54:30.759 62114 INFO tempest.common.waiters [-] State transition "BUILD/None" ==> "BUILD/block_device_mapping" after 57 second wait
2024-10-12 10:54:30.823 62066 INFO tempest.lib.common.rest_client [req-48dccfc0-0d0e-4197-8b6b-c2686edd6e5d req-48dccfc0-0d0e-4197-8b6b-c2686edd6e5d ] Request (ServersTestManualDisk:setUpClass): 200 GET http://10.180.1.21/compute/v2.1/servers/51d54995-0d13-4560-bdd6-7d9f9f5210dd 0.236s
2024-10-12 10:54:30.872 62120 INFO tempest.lib.common.rest_client [req-c6dad630-94d8-4b6d-9b2c-2377c4ccc0ed req-c6dad630-94d8-4b6d-9b2c-2377c4ccc0ed ] Request (AttachVolumeNegativeTest:test_attach_attached_volume_to_different_server): 200 GET http://10.180.1.21/compute/v2.1/servers/037dd0ba-0d50-4c46-8947-7df3ca19e1c1 0.269s
2024-10-12 10:54:30.910 62102 INFO tempest.lib.common.rest_client [req-ffabcfa8-7da1-4147-baa8-ed5f886c1b5b req-ffabcfa8-7da1-4147-baa8-ed5f886c1b5b ] Request (SecurityGroupRulesNegativeTestJSON:test_create_security_group_rule_duplicate): 200 POST http://10.180.1.21/compute/v2.1/os-security-groups 0.345s
2024-10-12 10:54:30.923 62092 INFO tempest.lib.common.rest_client [req-24dbb33b-7c07-4feb-a130-beb159cda502 req-24dbb33b-7c07-4feb-a130-beb159cda502 ] Request (ListImageFiltersTestJSON:setUpClass): 200 GET http://10.180.1.21/compute/v2.1/servers/fb4c4bbf-ca9c-4584-bd1d-83e5e81e6c7e 0.293s
2024-10-12 10:54:30.957 62074 INFO tempest.lib.common.rest_client [req-71220758-ce5e-4890-a90b-0ebf59e5ba42 req-71220758-ce5e-4890-a90b-0ebf59e5ba42 ] Request (ServerDiagnosticsNegativeTest:test_get_server_diagnostics_by_non_admin): 200 GET http://10.180.1.21/compute/v2.1/servers/496f00ef-7487-45d9-9356-529f9390544f 0.309s
2024-10-12 10:54:30.968 62110 INFO tempest.lib.common.rest_client [req-8102e640-6b8a-4f22-98f2-98db8ba7a098 req-8102e640-6b8a-4f22-98f2-98db8ba7a098 ] Request (AttachVolumeTestJSON:test_attach_detach_volume): 200 GET http://10.180.1.21/compute/v2.1/servers/9942dd4b-8c04-40ac-b9f4-318b13902535 0.275s
2024-10-12 10:54:31.019 62072 INFO tempest.lib.common.rest_client [req-d4502c0d-97e8-4a7e-9473-c8b281b40aa0 req-d4502c0d-97e8-4a7e-9473-c8b281b40aa0 ] Request (ServerActionsTestOtherB:setUpClass): 200 GET http://10.180.1.21/compute/v2.1/servers/507a2e12-55a1-4d2c-b3d2-577914cc245e 0.275s
2024-10-12 10:54:31.031 62068 INFO tempest.lib.common.rest_client [req-91602bee-6087-4c08-b343-d038ce42157a req-91602bee-6087-4c08-b343-d038ce42157a ] Request (ServerShowV257Test:test_rebuild_server): 200 GET http://10.180.1.21/compute/v2.1/servers/e758c89f-e5e2-42e0-926e-c629cb496a89 0.191s
2024-10-12 10:54:31.074 62076 INFO tempest.lib.common.rest_client [req-995e4e42-93ed-4585-a1d1-4d9651919b67 req-995e4e42-93ed-4585-a1d1-4d9651919b67 ] Request (InstanceActionsV221TestJSON:test_get_list_deleted_instance_actions): 200 GET http://10.180.1.21/compute/v2.1/servers/3cd00254-b61b-498a-946b-ff2028230e25 0.208s
2024-10-12 10:54:31.078 62060 INFO tempest.lib.common.rest_client [req-3f6213e0-cb1c-47b7-862a-369ea41024ba req-3f6213e0-cb1c-47b7-862a-369ea41024ba ] Request (SecurityGroupsTestJSON:test_server_security_groups): 200 GET http://10.180.1.21/compute/v2.1/servers/7a93d1c2-20d6-438e-bc42-1f9aa0219f91 0.187s
2024-10-12 10:54:31.128 62112 INFO tempest.lib.common.rest_client [req-8ba0ac45-e08d-4393-ba60-1a83fc16a675 req-8ba0ac45-e08d-4393-ba60-1a83fc16a675 ] Request (ServerDiskConfigTestJSON:test_rebuild_server_with_manual_disk_config): 200 GET http://10.180.1.21/compute/v2.1/servers/e56a6950-f842-45fb-a0a0-0defe3b3c30f 0.209s
2024-10-12 10:54:31.188 62084 INFO tempest.lib.common.rest_client [req-b958116c-9d66-4963-bfd6-86d3c7fabc4d req-b958116c-9d66-4963-bfd6-86d3c7fabc4d ] Request (ServerRescueTestJSON:setUpClass): 200 GET http://10.180.1.21/compute/v2.1/servers/21ad1f7b-cc59-4ad4-a0c0-9e867b20e9f0 0.246s
2024-10-12 10:54:31.212 62102 INFO tempest.lib.common.rest_client [req-486ecf20-e665-423e-8396-33d737cd3bd1 req-486ecf20-e665-423e-8396-33d737cd3bd1 ] Request (SecurityGroupRulesNegativeTestJSON:test_create_security_group_rule_duplicate): 200 POST http://10.180.1.21/compute/v2.1/os-security-group-rules 0.299s
2024-10-12 10:54:31.236 62096 INFO tempest.lib.common.rest_client [req-ca3194d3-4a13-4281-86f6-4d83c5ca2c66 req-ca3194d3-4a13-4281-86f6-4d83c5ca2c66 ] Request (ListServerFiltersTestJSON:setUpClass): 200 GET http://10.180.1.21/compute/v2.1/servers/204fd4be-4a16-4838-a30d-c78339b3834d 0.264s
2024-10-12 10:54:31.254 62080 INFO tempest.lib.common.rest_client [req-0e59dfac-fe54-44ef-b800-60c8d16a560c req-0e59dfac-fe54-44ef-b800-60c8d16a560c ] Request (TenantUsagesTestJSON:setUpClass): 200 GET http://10.180.1.21/compute/v2.1/servers/95635ec3-cbfd-4dc0-a595-02062a0bda6e 0.261s
2024-10-12 10:54:31.282 62078 INFO tempest.lib.common.rest_client [req-2b9c93dd-81a7-4c31-8576-598bafaf3f44 req-2b9c93dd-81a7-4c31-8576-598bafaf3f44 ] Request (MultipleCreateTestJSON:test_multiple_create): 200 GET http://10.180.1.21/compute/v2.1/servers/325a641d-2509-49e6-bfbc-0b2cb85c1ff9 0.198s
2024-10-12 10:54:31.303 62118 INFO tempest.lib.common.rest_client [req-6df53311-476f-402c-9a64-6a6e31b94983 req-6df53311-476f-402c-9a64-6a6e31b94983 ] Request (ServersAaction247Test:tearDownClass): 200 GET http://10.180.1.21/compute/v2.1/servers/de5a46be-193a-40d8-aeba-d5d4de24ef95 0.141s
2024-10-12 10:54:31.329 62086 INFO tempest.lib.common.rest_client [req-a5657cbd-d8d4-43a1-89d1-0c84969772ed req-a5657cbd-d8d4-43a1-89d1-0c84969772ed ] Request (AttachInterfacesUnderV243Test:test_add_remove_fixed_ip): 200 GET http://10.180.1.21/compute/v2.1/servers/ad02e0c7-3d12-48ad-a393-26749fd8c502 0.142s
