2024-10-12 10:53:37.865 62120 INFO tempest.lib.common.rest_client [req-3c2b6fd8-edda-4a54-94e5-ed499eec82bf req-3c2b6fd8-edda-4a54-94e5-ed499eec82bf ] Request (SecurityGroupRulesTestJSON:tearDownClass): 404 DELETE http://10.180.1.21/compute/v2.1/os-security-groups/a8d81a2e-4e68-4e78-b09f-1885cc737aef 0.240s
2024-10-12 10:53:37.873 62068 INFO tempest.lib.common.rest_client [req-a8e6001d-f519-4556-82f0-1fd812567f47 req-a8e6001d-f519-4556-82f0-1fd812567f47 ] Request (FlavorsAdminTestJSON:test_list_non_public_flavor): 200 GET http://10.180.1.21/compute/v2.1/flavors/detail 0.213s
2024-10-12 10:53:37.966 62098 INFO tempest.lib.common.rest_client [req-d3b7912a-f84d-4cd5-aed9-c4cc70ca1296 req-d3b7912a-f84d-4cd5-aed9-c4cc70ca1296 ] Request (TestVersions:tearDownClass): 204 DELETE http://10.180.1.21/identity/v3/users/022e0fb1bcbf4e13a1a57d6af724681e 0.101s
2024-10-12 10:53:37.967 62098 INFO tempest.lib.common.dynamic_creds [-] Deleting project and security group for project: d6c354e5dfb24dce9cfed65ed0c907f4
2024-10-12 10:53:37.970 62116 INFO tempest.lib.common.rest_client [req-95e9acf5-205c-488b-af91-885d22193d22 req-95e9acf5-205c-488b-af91-885d22193d22 ] Request (FloatingIPsAssociationTestJSON:setUpClass): 200 GET http://10.180.1.21/compute/v2.1/servers/e615e1ff-7914-4dc8-b8df-1a3a2f64c3f4 0.292s
2024-10-12 10:53:37.973 62104 INFO tempest.lib.common.rest_client [req-096a3650-1065-4fd2-8db9-ff98d407e13e req-096a3650-1065-4fd2-8db9-ff98d407e13e ] Request (ServersAdminNegativeTestJSON:setUpClass): 200 GET http://10.180.1.21/compute/v2.1/servers/a062288b-e785-4dec-98f2-358b54f3d327 0.301s
2024-10-12 10:53:38.041 62098 INFO tempest.lib.common.rest_client [req-ada6d6fd-ebd4-4c5b-8ce4-de1dc29a0c88 req-ada6d6fd-ebd4-4c5b-8ce4-de1dc29a0c88 ] Request (TestVersions:tearDownClass): 201 POST http://10.180.1.21/identity/v3/auth/tokens 0.074s
2024-10-12 10:53:38.042 62090 INFO tempest.lib.common.rest_client [req-7b9b9e91-9531-4a9b-8668-9590d39593fd req-7b9b9e91-9531-4a9b-8668-9590d39593fd ] Request (ServersV294TestFqdnHostnames:setUpClass): 201 POST http://10.180.1.21:9696/networking/v2.0/security-group-rules 0.196s
2024-10-12 10:53:38.060 62102 INFO tempest.lib.common.rest_client [req-ba544219-2257-48d2-b184-ef78d072db89 req-ba544219-2257-48d2-b184-ef78d072db89 ] Request (ServerExternalEventsTest:test_create_server_external_events): 200 GET http://10.180.1.21/compute/v2.1/servers/ed4352e2-3321-4a05-8a3f-a02e375ecbfb 0.294s
2024-10-12 10:53:38.069 62092 INFO tempest.lib.common.rest_client [req-82e6a743-f1d3-484e-b4c1-e39c3cb65965 req-82e6a743-f1d3-484e-b4c1-e39c3cb65965 ] Request (AggregatesAdminNegativeTestJSON:tearDownClass): 200 GET http://10.180.1.21:9696/networking/v2.0/security-groups?tenant_id=1529a383ef1f4dcb8ba6efd178ce0d0a&name=default 0.340s
2024-10-12 10:53:38.073 62112 INFO tempest.lib.common.rest_client [req-1bcda067-4deb-4c28-b4b9-143248310179 req-1bcda067-4deb-4c28-b4b9-143248310179 ] Request (ServerDiskConfigTestJSON:test_rebuild_server_with_auto_disk_config): 200 GET http://10.180.1.21/compute/v2.1/servers/8a78dbd9-6ac2-4652-85e7-7ee59be346f4 0.229s
2024-10-12 10:53:38.080 62112 INFO tempest.common.waiters [-] State transition "BUILD/spawning" ==> "ERROR/None" after 48 second wait
2024-10-12 10:53:38.095 62068 INFO tempest.lib.common.rest_client [req-304af4e2-fefa-46b2-a22a-0112683d4993 req-304af4e2-fefa-46b2-a22a-0112683d4993 ] Request (FlavorsAdminTestJSON:test_list_non_public_flavor): 200 GET http://10.180.1.21/compute/v2.1/flavors/detail 0.215s
2024-10-12 10:53:38.166 62062 INFO tempest.lib.common.rest_client [req-e439b2ae-4ec8-4eca-a3f5-9d37239352ae req-e439b2ae-4ec8-4eca-a3f5-9d37239352ae ] Request (ServersTestJSON:setUpClass): 200 GET http://10.180.1.21/compute/v2.1/servers/e7ba3a8d-4bd0-4d78-861f-866ce2ade0cb 0.272s
2024-10-12 10:53:38.233 62120 INFO tempest.lib.common.rest_client [req-b3b688cf-e5cf-4b90-99fe-bc3ff21bb408 req-b3b688cf-e5cf-4b90-99fe-bc3ff21bb408 ] Request (SecurityGroupRulesTestJSON:tearDownClass): 202 DELETE http://10.180.1.21/compute/v2.1/os-security-groups/33ab790a-9cb3-4a1d-bab3-717cb23b8eeb 0.368s
2024-10-12 10:53:38.241 62088 INFO tempest.lib.common.rest_client [req-f655cf23-95e0-4228-b8c6-bd38f1e9d9fa req-f655cf23-95e0-4228-b8c6-bd38f1e9d9fa ] Request (ServerTagsTestJSON:setUpClass): 200 GET http://10.180.1.21/compute/v2.1/servers/9b87db2b-e7b0-4677-b70f-f2fb1d6d3c4e 0.282s
2024-10-12 10:53:38.290 62100 INFO tempest.lib.common.rest_client [req-d588c0a5-9e6e-4135-a1df-4e9b0c678313 req-d588c0a5-9e6e-4135-a1df-4e9b0c678313 ] Request (MigrationsAdminTest:test_list_migrations_in_flavor_resize_situation): 200 GET http://10.180.1.21/compute/v2.1/servers/4d9f7360-f6f1-4f3a-8c47-27b6ba26950e 0.326s
2024-10-12 10:53:38.305 62060 INFO tempest.lib.common.rest_client [req-ba9300c8-a0cd-4b5b-9b0d-96ac1eae2b4d req-ba9300c8-a0cd-4b5b-9b0d-96ac1eae2b4d ] Request (SecurityGroupsTestJSON:test_list_security_groups_by_server): 200 GET http://10.180.1.21/compute/v2.1/servers/ab91f88f-6e87-405f-81ab-bf00be2003a8 0.301s
2024-10-12 10:53:38.347 62058 INFO tempest.lib.common.rest_client [req-6d0bac8f-0753-4240-a350-3897e48846ab req-6d0bac8f-0753-4240-a350-3897e48846ab ] Request (ImagesTestJSON:test_create_image_from_stopped_server): 200 GET http://10.180.1.21/compute/v2.1/servers/5c80ad4d-0fa1-4003-a6a1-2c9039ad679c 0.321s
2024-10-12 10:53:38.410 62066 INFO tempest.lib.common.rest_client [req-7f13e81a-9ec0-4736-8c21-134d41acaa60 req-7f13e81a-9ec0-4736-8c21-134d41acaa60 ] Request (ServersTestManualDisk:setUpClass): 200 GET http://10.180.1.21/compute/v2.1/servers/51d54995-0d13-4560-bdd6-7d9f9f5210dd 0.326s
2024-10-12 10:53:38.424 62108 INFO tempest.lib.common.rest_client [req-bce0db88-a8b5-448e-ba53-3d28dd534864 req-bce0db88-a8b5-448e-ba53-3d28dd534864 ] Request (VolumesTestJSON:setUpClass): 200 GET http://10.180.1.21/volume/v3/volumes/b1b89e46-21a4-41d6-86fe-3707f88506eb 0.037s
2024-10-12 10:53:38.425 62068 INFO tempest.lib.common.rest_client [req-8a7ba3fa-ad39-496e-b800-db2e8ece863c req-8a7ba3fa-ad39-496e-b800-db2e8ece863c ] Request (FlavorsAdminTestJSON:_run_cleanups): 202 DELETE http://10.180.1.21/compute/v2.1/flavors/686289916 0.325s
2024-10-12 10:53:38.431 62108 INFO tempest.common.waiters [-] volume b1b89e46-21a4-41d6-86fe-3707f88506eb reached available after waiting for 1.431902 seconds
2024-10-12 10:53:38.470 62070 INFO tempest.lib.common.rest_client [req-6caa9376-2937-40ee-9845-878d9ee9f144 req-6caa9376-2937-40ee-9845-878d9ee9f144 ] Request (AttachInterfacesTestJSON:test_create_list_show_delete_interfaces_by_fixed_ip): 200 GET http://10.180.1.21/compute/v2.1/servers/35c3e1eb-6b98-42f7-8f92-420560feba92 0.320s
2024-10-12 10:53:38.520 62114 INFO tempest.lib.common.rest_client [req-2e982e87-4e6e-41fe-bb42-dcb345fd766b req-2e982e87-4e6e-41fe-bb42-dcb345fd766b ] Request (DeleteServersAdminTestJSON:test_delete_server_while_in_error_state): 200 GET http://10.180.1.21/compute/v2.1/servers/46b484d0-1e87-4438-9791-e8199c76d21f 0.347s
2024-10-12 10:53:38.527 62112 INFO tempest.lib.common.rest_client [req-142d75bb-7b60-4f9b-9e2a-23aa61a13d1e req-142d75bb-7b60-4f9b-9e2a-23aa61a13d1e ] Request (ServerDiskConfigTestJSON:test_rebuild_server_with_auto_disk_config): 204 DELETE http://10.180.1.21/compute/v2.1/servers/8a78dbd9-6ac2-4652-85e7-7ee59be346f4 0.446s
2024-10-12 10:53:38.551 62092 INFO tempest.lib.common.rest_client [req-e3ee580e-2825-48eb-a976-ffc0a174c99f req-e3ee580e-2825-48eb-a976-ffc0a174c99f ] Request (AggregatesAdminNegativeTestJSON:tearDownClass): 204 DELETE http://10.180.1.21:9696/networking/v2.0/security-groups/1384f3cd-8d7f-40d3-86f2-265e69a483be 0.481s
2024-10-12 10:53:38.567 62076 INFO tempest.lib.common.rest_client [req-82259397-1466-4b22-b1c0-b649f905b5a5 req-82259397-1466-4b22-b1c0-b649f905b5a5 ] Request (InstanceActionsV221TestJSON:setUpClass): 200 PUT http://10.180.1.21:9696/networking/v2.0/routers/923f82bd-ec4b-49b6-a790-8d8226fbb5bd/add_router_interface 1.541s
2024-10-12 10:53:38.568 62076 INFO tempest.lib.common.dynamic_creds [-] Created isolated network resources for: credentials: Credentials: {'domain_id': 'default', 'domain_name': 'Default', 'username': 'tempest-InstanceActionsV221TestJSON-334398501-project-member', 'project_domain_id': 'default', 'project_domain_name': 'Default', 'project_id': 'd950efe18e9748fcb5b8b8e48e1e7afd', 'project_name': 'tempest-InstanceActionsV221TestJSON-334398501', 'tenant_id': 'd950efe18e9748fcb5b8b8e48e1e7afd', 'tenant_name': 'tempest-InstanceActionsV221TestJSON-334398501', 'user_domain_id': 'default', 'user_domain_name': 'Default', 'user_id': '87696ef814fe4537b4ef88cc35fb47c9', 'system': None}, Network: {'id': '2d85c783-cb94-4a5f-8feb-af2746a870e6', 'name': 'tempest-InstanceActionsV221TestJSON-367626259-network', 'tenant_id': 'd950efe18e9748fcb5b8b8e48e1e7afd', 'admin_state_up': True, 'mtu': 8950, 'status': 'ACTIVE', 'subnets': [], 'shared': False, 'project_id': 'd950efe18e9748fcb5b8b8e48e1e7afd', 'port_security_enabled': True, 'router:external': False, 'provider:network_type': 'vlan', 'provider:physical_network': 'default', 'provider:segmentation_id': 908, 'is_default': False, 'availability_zone_hints': [], 'availability_zones': [], 'ipv4_address_scope': None, 'ipv6_address_scope': None, 'description': '', 'tags': [], 'created_at': '2024-10-12T10:53:35Z', 'updated_at': '2024-10-12T10:53:35Z', 'revision_number': 1}, Subnet: {'id': 'c29fbb0f-9d2c-479a-8863-6fd468dfb622', 'name': 'tempest-InstanceActionsV221TestJSON-367626259-subnet', 'tenant_id': 'd950efe18e9748fcb5b8b8e48e1e7afd', 'network_id': '2d85c783-cb94-4a5f-8feb-af2746a870e6', 'ip_version': 4, 'subnetpool_id': None, 'enable_dhcp': True, 'ipv6_ra_mode': None, 'ipv6_address_mode': None, 'gateway_ip': '192.168.128.1', 'cidr': '192.168.128.0/28', 'allocation_pools': [{'start': '192.168.128.2', 'end': '192.168.128.14'}], 'host_routes': [], 'dns_nameservers': [], 'description': '', 'router:external': False, 'service_types': [], 'tags': [], 'created_at': '2024-10-12T10:53:36Z', 'updated_at': '2024-10-12T10:53:36Z', 'revision_number': 0, 'project_id': 'd950efe18e9748fcb5b8b8e48e1e7afd'}, Router: {'id': '923f82bd-ec4b-49b6-a790-8d8226fbb5bd', 'name': 'tempest-InstanceActionsV221TestJSON-367626259-router', 'tenant_id': 'd950efe18e9748fcb5b8b8e48e1e7afd', 'admin_state_up': True, 'status': 'ACTIVE', 'external_gateway_info': {'network_id': '3c018358-c85b-4592-a011-76daa33d21c0', 'external_fixed_ips': [{'subnet_id': '2fd20b4c-a38f-49b8-b073-a08d9d543e81', 'ip_address': '10.180.180.148'}], 'enable_snat': True}, 'description': '', 'availability_zones': [], 'distributed': False, 'ha': False, 'availability_zone_hints': [], 'routes': [], 'flavor_id': None, 'tags': [], 'created_at': '2024-10-12T10:53:36Z', 'updated_at': '2024-10-12T10:53:36Z', 'revision_number': 2, 'project_id': 'd950efe18e9748fcb5b8b8e48e1e7afd'}
2024-10-12 10:53:38.586 62098 INFO tempest.lib.common.rest_client [req-9d42fb5b-3019-4b2b-b918-37f13e3ad4b9 req-9d42fb5b-3019-4b2b-b918-37f13e3ad4b9 ] Request (TestVersions:tearDownClass): 200 GET http://10.180.1.21:9696/networking/v2.0/security-groups?tenant_id=d6c354e5dfb24dce9cfed65ed0c907f4&name=default 0.545s
2024-10-12 10:53:38.606 62118 INFO tempest.lib.common.rest_client [req-0222db31-e4cd-4b82-b343-6f3716252047 req-0222db31-e4cd-4b82-b343-6f3716252047 ] Request (ServersAaction247Test:test_create_backup): 200 GET http://10.180.1.21/compute/v2.1/servers/de5a46be-193a-40d8-aeba-d5d4de24ef95 0.348s
2024-10-12 10:53:38.619 62118 INFO tempest.common.waiters [-] State transition "BUILD/scheduling" ==> "BUILD/None" after 17 second wait
2024-10-12 10:53:38.648 62092 INFO tempest.lib.common.rest_client [req-0864d77e-6ee9-4e33-a927-c4871238f1de req-0864d77e-6ee9-4e33-a927-c4871238f1de ] Request (AggregatesAdminNegativeTestJSON:tearDownClass): 204 DELETE http://10.180.1.21/identity/v3/projects/1529a383ef1f4dcb8ba6efd178ce0d0a 0.096s
2024-10-12 10:53:38.649 62092 INFO tempest.lib.common.dynamic_creds [-] Deleting project and security group for project: d2fb87b7ddcf4f9da441c969d2c2fe5f
2024-10-12 10:53:38.655 62076 INFO tempest.lib.common.rest_client [req-ca88a261-c25b-4c65-b8cd-71b12c4112c1 req-ca88a261-c25b-4c65-b8cd-71b12c4112c1 ] Request (InstanceActionsV221TestJSON:setUpClass): 201 POST http://10.180.1.21/identity/v3/auth/tokens 0.085s
2024-10-12 10:53:38.690 62096 INFO tempest.lib.common.rest_client [req-5e90e579-63b0-4440-ad4f-564285c07b7c req-5e90e579-63b0-4440-ad4f-564285c07b7c ] Request (ServersAdmin275Test:tearDownClass): 200 GET http://10.180.1.21/compute/v2.1/servers/ff1dac51-f008-4218-bd4c-f0104657a2ee 0.395s
2024-10-12 10:53:38.690 62120 INFO tempest.lib.common.rest_client [req-f8ea47b7-f189-4a38-bd6a-6c4a91706579 req-f8ea47b7-f189-4a38-bd6a-6c4a91706579 ] Request (SecurityGroupRulesTestJSON:tearDownClass): 202 DELETE http://10.180.1.21/compute/v2.1/os-security-groups/44e32c2e-6457-4ceb-bca6-a1774f17b102 0.456s
2024-10-12 10:53:38.705 62096 INFO tempest.common.waiters [-] State transition "ACTIVE/deleting" ==> "DELETED/None" after 3 second wait
2024-10-12 10:53:38.719 62098 INFO tempest.lib.common.rest_client [req-a66a10fd-e293-4190-9462-aba97e9f1e04 req-a66a10fd-e293-4190-9462-aba97e9f1e04 ] Request (TestVersions:tearDownClass): 204 DELETE http://10.180.1.21:9696/networking/v2.0/security-groups/ca97911a-ef3b-4351-89c8-55dea5eff9a3 0.132s
2024-10-12 10:53:38.739 62076 INFO tempest.lib.common.rest_client [req-16e074fc-0290-48c7-8e55-e5467523d36d req-16e074fc-0290-48c7-8e55-e5467523d36d ] Request (InstanceActionsV221TestJSON:test_get_list_deleted_instance_actions): 201 POST http://10.180.1.21/identity/v3/auth/tokens 0.080s
2024-10-12 10:53:38.740 62076 INFO tempest.lib.common.fixed_network [-] (InstanceActionsV221TestJSON:test_get_list_deleted_instance_actions) Found network {'id': '2d85c783-cb94-4a5f-8feb-af2746a870e6', 'name': 'tempest-InstanceActionsV221TestJSON-367626259-network', 'tenant_id': 'd950efe18e9748fcb5b8b8e48e1e7afd', 'admin_state_up': True, 'mtu': 8950, 'status': 'ACTIVE', 'subnets': [], 'shared': False, 'project_id': 'd950efe18e9748fcb5b8b8e48e1e7afd', 'port_security_enabled': True, 'router:external': False, 'provider:network_type': 'vlan', 'provider:physical_network': 'default', 'provider:segmentation_id': 908, 'is_default': False, 'availability_zone_hints': [], 'availability_zones': [], 'ipv4_address_scope': None, 'ipv6_address_scope': None, 'description': '', 'tags': [], 'created_at': '2024-10-12T10:53:35Z', 'updated_at': '2024-10-12T10:53:35Z', 'revision_number': 1} available for tenant
2024-10-12 10:53:38.773 62094 INFO tempest.lib.common.rest_client [req-c342daf6-a443-4af5-92f9-14c6a8913661 req-c342daf6-a443-4af5-92f9-14c6a8913661 ] Request (ImagesOneServerNegativeTestJSON:setUpClass): 200 GET http://10.180.1.21/compute/v2.1/servers/b4dd79b0-5dbb-4f12-9736-d8bc9f828f5d 0.457s
2024-10-12 10:53:38.773 62072 INFO tempest.lib.common.rest_client [req-ad3ccad8-7965-4573-98dc-1541d08d5345 req-ad3ccad8-7965-4573-98dc-1541d08d5345 ] Request (ServerActionsTestOtherB:setUpClass): 200 GET http://10.180.1.21/compute/v2.1/servers/507a2e12-55a1-4d2c-b3d2-577914cc245e 0.401s
2024-10-12 10:53:38.790 62068 INFO tempest.lib.common.rest_client [req-2a40b496-fe6d-4039-bc60-716867c509b8 req-2a40b496-fe6d-4039-bc60-716867c509b8 ] Request (FlavorsAdminTestJSON:_run_cleanups): 200 GET http://10.180.1.21/compute/v2.1/flavors/detail 0.365s
2024-10-12 10:53:38.820 62092 INFO tempest.lib.common.rest_client [req-2de74667-7e0f-41fd-8ec8-36c2212da2fc req-2de74667-7e0f-41fd-8ec8-36c2212da2fc ] Request (AggregatesAdminNegativeTestJSON:tearDownClass): 200 GET http://10.180.1.21:9696/networking/v2.0/security-groups?tenant_id=d2fb87b7ddcf4f9da441c969d2c2fe5f&name=default 0.171s
2024-10-12 10:53:38.824 62084 INFO tempest.lib.common.rest_client [req-8bbc3508-a329-470f-9ecb-4a1f18456dfd req-8bbc3508-a329-470f-9ecb-4a1f18456dfd ] Request (ServerRescueTestJSON:setUpClass): 200 GET http://10.180.1.21/compute/v2.1/servers/21ad1f7b-cc59-4ad4-a0c0-9e867b20e9f0 0.434s
2024-10-12 10:53:38.829 62108 INFO tempest.lib.common.rest_client [req-fd489d52-9066-40b6-a984-232ccdaf29f6 req-fd489d52-9066-40b6-a984-232ccdaf29f6 ] Request (VolumesTestJSON:setUpClass): 200 GET http://10.180.1.21/compute/v2.1/os-volumes/b1b89e46-21a4-41d6-86fe-3707f88506eb 0.397s
2024-10-12 10:53:38.830 62098 INFO tempest.lib.common.rest_client [req-5598a6cf-0145-4a0b-ba90-1694fe3ab676 req-5598a6cf-0145-4a0b-ba90-1694fe3ab676 ] Request (TestVersions:tearDownClass): 204 DELETE http://10.180.1.21/identity/v3/projects/d6c354e5dfb24dce9cfed65ed0c907f4 0.110s
2024-10-12 10:53:38.846 62112 INFO tempest.lib.common.rest_client [req-dd81a911-943f-4255-9098-e384958731f9 req-dd81a911-943f-4255-9098-e384958731f9 ] Request (ServerDiskConfigTestJSON:test_rebuild_server_with_auto_disk_config): 404 GET http://10.180.1.21/compute/v2.1/servers/8a78dbd9-6ac2-4652-85e7-7ee59be346f4 0.319s
2024-10-12 10:53:38.894 62074 INFO tempest.lib.common.rest_client [req-9151bc40-553e-463b-9245-6761b6b9d726 req-9151bc40-553e-463b-9245-6761b6b9d726 ] Request (ServerDiagnosticsNegativeTest:test_get_server_diagnostics_by_non_admin): 200 GET http://10.180.1.21/compute/v2.1/servers/496f00ef-7487-45d9-9356-529f9390544f 0.332s
2024-10-12 10:53:38.918 62090 INFO tempest.lib.common.rest_client [req-fb47a300-0a2e-4b0f-8395-03072991d9f7 req-fb47a300-0a2e-4b0f-8395-03072991d9f7 ] Request (ServersV294TestFqdnHostnames:setUpClass): 201 POST http://10.180.1.21:9696/networking/v2.0/floatingips 0.876s
2024-10-12 10:53:38.940 62112 INFO tempest.lib.common.rest_client [req-8a3d3b3f-6465-4437-bd26-ad680b8c2fec req-8a3d3b3f-6465-4437-bd26-ad680b8c2fec ] Request (ServerDiskConfigTestJSON:test_rebuild_server_with_manual_disk_config): 201 POST http://10.180.1.21/identity/v3/auth/tokens 0.081s
2024-10-12 10:53:38.941 62112 INFO tempest.lib.common.fixed_network [-] (ServerDiskConfigTestJSON:test_rebuild_server_with_manual_disk_config) Found network {'id': 'c3b067b2-102b-4dc8-9952-8bb9c1e2bfc5', 'name': 'tempest-ServerDiskConfigTestJSON-1390438371-network', 'tenant_id': 'e51dd2f578344aa8afa5d6beccb54f1e', 'admin_state_up': True, 'mtu': 8950, 'status': 'ACTIVE', 'subnets': [], 'shared': False, 'project_id': 'e51dd2f578344aa8afa5d6beccb54f1e', 'port_security_enabled': True, 'router:external': False, 'provider:network_type': 'vlan', 'provider:physical_network': 'default', 'provider:segmentation_id': 606, 'is_default': False, 'availability_zone_hints': [], 'availability_zones': [], 'ipv4_address_scope': None, 'ipv6_address_scope': None, 'description': '', 'tags': [], 'created_at': '2024-10-12T10:52:41Z', 'updated_at': '2024-10-12T10:52:42Z', 'revision_number': 1} available for tenant
2024-10-12 10:53:38.944 62078 INFO tempest.lib.common.rest_client [req-30773312-d48c-449d-b66f-5b8d0459e3a4 req-30773312-d48c-449d-b66f-5b8d0459e3a4 ] Request (MultipleCreateTestJSON:test_multiple_create): 200 GET http://10.180.1.21/compute/v2.1/servers/325a641d-2509-49e6-bfbc-0b2cb85c1ff9 0.306s
2024-10-12 10:53:38.981 62090 INFO tempest.lib.common.rest_client [req-99542234-1911-430f-9694-5989c6188c4a req-99542234-1911-430f-9694-5989c6188c4a ] Request (ServersV294TestFqdnHostnames:setUpClass): 201 POST http://10.180.1.21/identity/v3/auth/tokens 0.058s
2024-10-12 10:53:38.981 62090 INFO tempest.lib.common.fixed_network [-] (ServersV294TestFqdnHostnames:setUpClass) Found network {'id': '587e5aaa-3412-478a-8cb0-0752f0bd6f7d', 'name': 'tempest-ServersV294TestFqdnHostnames-898998368-network', 'tenant_id': 'cf6af3ecef57440dbf33ebddd3ea25de', 'admin_state_up': True, 'mtu': 8950, 'status': 'ACTIVE', 'subnets': [], 'shared': False, 'project_id': 'cf6af3ecef57440dbf33ebddd3ea25de', 'port_security_enabled': True, 'router:external': False, 'provider:network_type': 'vlan', 'provider:physical_network': 'default', 'provider:segmentation_id': 119, 'is_default': False, 'availability_zone_hints': [], 'availability_zones': [], 'ipv4_address_scope': None, 'ipv6_address_scope': None, 'description': '', 'tags': [], 'created_at': '2024-10-12T10:53:32Z', 'updated_at': '2024-10-12T10:53:32Z', 'revision_number': 1} available for tenant
2024-10-12 10:53:38.988 62092 INFO tempest.lib.common.rest_client [req-e91ccde7-0e70-463b-b6fb-50fbe90562e8 req-e91ccde7-0e70-463b-b6fb-50fbe90562e8 ] Request (AggregatesAdminNegativeTestJSON:tearDownClass): 204 DELETE http://10.180.1.21:9696/networking/v2.0/security-groups/9aadea79-7bf2-4ca1-ba94-e72681f118e4 0.167s
2024-10-12 10:53:39.006 62080 INFO tempest.lib.common.rest_client [req-868cbc8c-7e63-4e01-9842-83795e6a7eaf req-868cbc8c-7e63-4e01-9842-83795e6a7eaf ] Request (TenantUsagesTestJSON:setUpClass): 200 GET http://10.180.1.21/compute/v2.1/servers/95635ec3-cbfd-4dc0-a595-02062a0bda6e 0.298s
2024-10-12 10:53:39.015 62108 INFO tempest.lib.common.rest_client [req-58093fa2-78c9-42a7-aaec-5ff5c557371a req-58093fa2-78c9-42a7-aaec-5ff5c557371a ] Request (VolumesTestJSON:setUpClass): 202 POST http://10.180.1.21/volume/v3/volumes 0.183s
2024-10-12 10:53:39.054 62108 INFO tempest.lib.common.rest_client [req-351cb9b3-2419-4839-8f77-4714ecdd701f req-351cb9b3-2419-4839-8f77-4714ecdd701f ] Request (VolumesTestJSON:setUpClass): 200 GET http://10.180.1.21/volume/v3/volumes/5d74b87f-1481-40b2-b431-a7aa632aa58b 0.031s
2024-10-12 10:53:39.070 62086 INFO tempest.lib.common.rest_client [req-616e04b9-3f4c-4f90-8991-8046f72046e8 req-616e04b9-3f4c-4f90-8991-8046f72046e8 ] Request (AttachInterfacesUnderV243Test:test_add_remove_fixed_ip): 200 GET http://10.180.1.21/compute/v2.1/servers/ad02e0c7-3d12-48ad-a393-26749fd8c502 0.344s
2024-10-12 10:53:39.080 62120 INFO tempest.lib.common.rest_client [req-ef8785df-8a31-4719-ae85-7947c227eeec req-ef8785df-8a31-4719-ae85-7947c227eeec ] Request (SecurityGroupRulesTestJSON:tearDownClass): 202 DELETE http://10.180.1.21/compute/v2.1/os-security-groups/c5473f3e-b460-4371-a36e-f85c3e76339a 0.389s
2024-10-12 10:53:39.106 62092 INFO tempest.lib.common.rest_client [req-c3a4bdf8-85ee-4d51-8492-23e4f9432d1a req-c3a4bdf8-85ee-4d51-8492-23e4f9432d1a ] Request (AggregatesAdminNegativeTestJSON:tearDownClass): 204 DELETE http://10.180.1.21/identity/v3/projects/d2fb87b7ddcf4f9da441c969d2c2fe5f 0.118s
2024-10-12 10:53:39.108 62092 INFO tempest.test [-] raised in UpdateMultiattachVolumeNegativeTest.setUpClass. Invoking tearDownClass.
2024-10-12 10:53:39.136 62110 INFO tempest.lib.common.rest_client [req-d65891fa-1a5e-4ace-b4c0-69a2ca7f5296 req-d65891fa-1a5e-4ace-b4c0-69a2ca7f5296 ] Request (ServersWithSpecificFlavorTestJSON:test_verify_created_server_ephemeral_disk): 200 GET http://10.180.1.21/compute/v2.1/servers/abc541cd-4dfc-4071-9b3d-2ec220f225ab 0.372s
2024-10-12 10:53:39.169 62092 INFO tempest.lib.common.rest_client [req-35dc598f-da96-4b36-a52e-fc7cace24f33 req-35dc598f-da96-4b36-a52e-fc7cace24f33 ] Request (ListImageFiltersTestJSON:setUpClass): 201 POST http://10.180.1.21/identity/v3/auth/tokens 0.057s
2024-10-12 10:53:39.182 62064 INFO tempest.lib.common.rest_client [req-2de9311b-792a-4843-9c4c-80cc40bdc7b0 req-2de9311b-792a-4843-9c4c-80cc40bdc7b0 ] Request (VolumesAssistedSnapshotsTest:test_volume_assisted_snapshot_create_delete): 200 GET http://10.180.1.21/compute/v2.1/servers/2fb76ee4-a42b-4de6-9889-b9a89cf16533 0.412s
2024-10-12 10:53:39.198 62092 INFO tempest.lib.common.rest_client [req-1049ea26-4d43-4474-8d1a-0f785a5d74b1 req-1049ea26-4d43-4474-8d1a-0f785a5d74b1 ] Request (ListImageFiltersTestJSON:setUpClass): 201 POST http://10.180.1.21/identity/v3/auth/tokens 0.027s
2024-10-12 10:53:39.199 62068 INFO tempest.lib.common.rest_client [req-3501dee6-8381-48e9-941c-7ad0ebcfb1ea req-3501dee6-8381-48e9-941c-7ad0ebcfb1ea ] Request (FlavorsAdminTestJSON:test_list_public_flavor_with_other_user): 200 POST http://10.180.1.21/compute/v2.1/flavors 0.401s
2024-10-12 10:53:39.222 62092 INFO tempest.lib.common.rest_client [req-f714d420-434e-4dcf-9d1f-811f28771e7c req-f714d420-434e-4dcf-9d1f-811f28771e7c ] Request (ListImageFiltersTestJSON:setUpClass): 200 GET http://10.180.1.21/identity/v3/domains?name=Default 0.023s
2024-10-12 10:53:39.254 62092 INFO tempest.lib.common.rest_client [req-f61b2b9f-fbfa-4955-abe8-6a1f7583771e req-f61b2b9f-fbfa-4955-abe8-6a1f7583771e ] Request (ListImageFiltersTestJSON:setUpClass): 201 POST http://10.180.1.21/identity/v3/projects 0.032s
2024-10-12 10:53:39.276 62082 INFO tempest.lib.common.rest_client [req-0622674c-5ef8-4276-90d3-75b24c346aa7 req-0622674c-5ef8-4276-90d3-75b24c346aa7 ] Request (ServerDiagnosticsV248Test:tearDownClass): 200 GET http://10.180.1.21/compute/v2.1/servers/90a21ec5-7ccf-4d37-9ec9-19ba2bfff468 0.426s
2024-10-12 10:53:39.307 62092 INFO tempest.lib.common.rest_client [req-0f25bdce-8ce2-42de-a33b-ea9979c318a2 req-0f25bdce-8ce2-42de-a33b-ea9979c318a2 ] Request (ListImageFiltersTestJSON:setUpClass): 201 POST http://10.180.1.21/identity/v3/users 0.052s
2024-10-12 10:53:39.324 62092 INFO tempest.lib.common.rest_client [req-efaad995-cc46-438e-aaae-fe3b4599e339 req-efaad995-cc46-438e-aaae-fe3b4599e339 ] Request (ListImageFiltersTestJSON:setUpClass): 200 GET http://10.180.1.21/identity/v3/roles 0.016s
2024-10-12 10:53:39.336 62106 INFO tempest.lib.common.rest_client [req-7b78c0ac-5a51-408f-8046-d44d7c1fadb6 req-7b78c0ac-5a51-408f-8046-d44d7c1fadb6 ] Request (ServerActionsV293TestJSON:setUpClass): 200 GET http://10.180.1.21/compute/v2.1/servers/002a7370-024d-4959-a56d-1a13c260f60e 0.471s
2024-10-12 10:53:39.349 62092 INFO tempest.lib.common.rest_client [req-d8cd7025-0ac2-45ab-a566-3314c412946e req-d8cd7025-0ac2-45ab-a566-3314c412946e ] Request (ListImageFiltersTestJSON:setUpClass): 204 PUT http://10.180.1.21/identity/v3/projects/23c041d32dc3413281048027a3001ed2/users/6e01f1c8c0e8409c9ec265aadb054769/roles/ce12846925a449cc89ab4ef1e8e22a12 0.025s
2024-10-12 10:53:39.349 62092 INFO tempest.lib.common.dynamic_creds [-] Dynamic test user 6e01f1c8c0e8409c9ec265aadb054769 is created with scope project and roles: ['member']
2024-10-12 10:53:39.349 62092 INFO tempest.lib.common.dynamic_creds [-] Acquired dynamic creds: credentials: Credentials: {'domain_id': 'default', 'domain_name': 'Default', 'username': 'tempest-ListImageFiltersTestJSON-784476940-project-member', 'project_domain_id': 'default', 'project_domain_name': 'Default', 'project_id': '23c041d32dc3413281048027a3001ed2', 'project_name': 'tempest-ListImageFiltersTestJSON-784476940', 'tenant_id': '23c041d32dc3413281048027a3001ed2', 'tenant_name': 'tempest-ListImageFiltersTestJSON-784476940', 'user_domain_id': 'default', 'user_domain_name': 'Default', 'user_id': '6e01f1c8c0e8409c9ec265aadb054769', 'system': None}, Network: None, Subnet: None, Router: None
2024-10-12 10:53:39.349 62092 INFO tempest.lib.common.dynamic_creds [-] Created isolated network resources for: credentials: Credentials: {'domain_id': 'default', 'domain_name': 'Default', 'username': 'tempest-ListImageFiltersTestJSON-784476940-project-member', 'project_domain_id': 'default', 'project_domain_name': 'Default', 'project_id': '23c041d32dc3413281048027a3001ed2', 'project_name': 'tempest-ListImageFiltersTestJSON-784476940', 'tenant_id': '23c041d32dc3413281048027a3001ed2', 'tenant_name': 'tempest-ListImageFiltersTestJSON-784476940', 'user_domain_id': 'default', 'user_domain_name': 'Default', 'user_id': '6e01f1c8c0e8409c9ec265aadb054769', 'system': None}, Network: None, Subnet: None, Router: None
2024-10-12 10:53:39.420 62092 INFO tempest.lib.common.rest_client [req-2aed442a-defd-4951-b55d-d0339d431b95 req-2aed442a-defd-4951-b55d-d0339d431b95 ] Request (ListImageFiltersTestJSON:setUpClass): 201 POST http://10.180.1.21/identity/v3/auth/tokens 0.068s
2024-10-12 10:53:39.761 62076 INFO tempest.lib.common.rest_client [req-c1723708-c327-4b1b-be04-808b055be64e req-c1723708-c327-4b1b-be04-808b055be64e ] Request (InstanceActionsV221TestJSON:test_get_list_deleted_instance_actions): 202 POST http://10.180.1.21/compute/v2.1/servers 1.020s
2024-10-12 10:53:39.801 62092 INFO tempest.lib.common.rest_client [req-f2e991ff-0f5a-407b-abbc-af65b05ffc50 req-f2e991ff-0f5a-407b-abbc-af65b05ffc50 ] Request (ListImageFiltersTestJSON:setUpClass): 201 POST http://10.180.1.21/image/v2/images 0.380s
2024-10-12 10:53:39.850 62112 INFO tempest.lib.common.rest_client [req-9222acf9-eaa2-4284-b015-c972d3429085 req-9222acf9-eaa2-4284-b015-c972d3429085 ] Request (ServerDiskConfigTestJSON:test_rebuild_server_with_manual_disk_config): 202 POST http://10.180.1.21/compute/v2.1/servers 0.909s
2024-10-12 10:53:39.960 62104 INFO tempest.lib.common.rest_client [req-4c347f9a-1f15-47a1-822d-fdf3c65a1830 req-4c347f9a-1f15-47a1-822d-fdf3c65a1830 ] Request (ServersAdminNegativeTestJSON:setUpClass): 200 GET http://10.180.1.21/compute/v2.1/servers/a062288b-e785-4dec-98f2-358b54f3d327 0.979s
2024-10-12 10:53:39.967 62104 INFO tempest.common.waiters [-] State transition "BUILD/None" ==> "BUILD/block_device_mapping" after 31 second wait
2024-10-12 10:53:40.025 62116 INFO tempest.lib.common.rest_client [req-dc5607b9-5326-46ea-884f-1ea25d571f09 req-dc5607b9-5326-46ea-884f-1ea25d571f09 ] Request (FloatingIPsAssociationTestJSON:setUpClass): 200 GET http://10.180.1.21/compute/v2.1/servers/e615e1ff-7914-4dc8-b8df-1a3a2f64c3f4 1.042s
2024-10-12 10:53:40.087 62108 INFO tempest.lib.common.rest_client [req-97670b3d-0a9e-4627-9fe0-7c8ea1848deb req-97670b3d-0a9e-4627-9fe0-7c8ea1848deb ] Request (VolumesTestJSON:setUpClass): 200 GET http://10.180.1.21/volume/v3/volumes/5d74b87f-1481-40b2-b431-a7aa632aa58b 0.027s
2024-10-12 10:53:40.093 62102 INFO tempest.lib.common.rest_client [req-ebfbe643-2dd1-4bbc-bd4b-0315bdcf3487 req-ebfbe643-2dd1-4bbc-bd4b-0315bdcf3487 ] Request (ServerExternalEventsTest:test_create_server_external_events): 200 GET http://10.180.1.21/compute/v2.1/servers/ed4352e2-3321-4a05-8a3f-a02e375ecbfb 1.025s
2024-10-12 10:53:40.095 62108 INFO tempest.common.waiters [-] volume 5d74b87f-1481-40b2-b431-a7aa632aa58b reached available after waiting for 1.095457 seconds
2024-10-12 10:53:40.384 62120 INFO tempest.lib.common.rest_client [req-81407c6e-da65-4f4c-87d3-599918dc9cc4 req-81407c6e-da65-4f4c-87d3-599918dc9cc4 ] Request (SecurityGroupRulesTestJSON:tearDownClass): 202 DELETE http://10.180.1.21/compute/v2.1/os-security-groups/9c4f40a0-b8ee-44d2-985b-3304068c7d33 1.304s
2024-10-12 10:53:40.446 62090 INFO tempest.lib.common.rest_client [req-e272b1d7-b455-45ac-8d37-36f922970fc6 req-e272b1d7-b455-45ac-8d37-36f922970fc6 ] Request (ServersV294TestFqdnHostnames:setUpClass): 202 POST http://10.180.1.21/compute/v2.1/servers 1.463s
2024-10-12 10:53:40.451 62062 INFO tempest.lib.common.rest_client [req-b4afb0b0-4e93-4102-a9e2-5aecfdc2cc48 req-b4afb0b0-4e93-4102-a9e2-5aecfdc2cc48 ] Request (ServersTestJSON:setUpClass): 200 GET http://10.180.1.21/compute/v2.1/servers/e7ba3a8d-4bd0-4d78-861f-866ce2ade0cb 1.273s
2024-10-12 10:53:40.464 62068 INFO tempest.lib.common.rest_client [req-1234e58f-d1f4-4ae5-81d5-f003684275e3 req-1234e58f-d1f4-4ae5-81d5-f003684275e3 ] Request (FlavorsAdminTestJSON:test_list_public_flavor_with_other_user): 200 GET http://10.180.1.21/compute/v2.1/flavors/detail 1.263s
2024-10-12 10:53:40.525 62100 INFO tempest.lib.common.rest_client [req-4a371536-79d0-4a58-9d82-c40da4a27d0c req-4a371536-79d0-4a58-9d82-c40da4a27d0c ] Request (MigrationsAdminTest:test_list_migrations_in_flavor_resize_situation): 200 GET http://10.180.1.21/compute/v2.1/servers/4d9f7360-f6f1-4f3a-8c47-27b6ba26950e 1.224s
2024-10-12 10:53:40.529 62088 INFO tempest.lib.common.rest_client [req-9dd8f028-7ae8-4bf7-86be-53fbd505f47a req-9dd8f028-7ae8-4bf7-86be-53fbd505f47a ] Request (ServerTagsTestJSON:setUpClass): 200 GET http://10.180.1.21/compute/v2.1/servers/9b87db2b-e7b0-4677-b70f-f2fb1d6d3c4e 1.278s
2024-10-12 10:53:40.603 62058 INFO tempest.lib.common.rest_client [req-aece7671-9d51-421f-9b7a-e0bd8b95e742 req-aece7671-9d51-421f-9b7a-e0bd8b95e742 ] Request (ImagesTestJSON:test_create_image_from_stopped_server): 200 GET http://10.180.1.21/compute/v2.1/servers/5c80ad4d-0fa1-4003-a6a1-2c9039ad679c 1.242s
2024-10-12 10:53:40.608 62060 INFO tempest.lib.common.rest_client [req-06e97db4-632a-45c9-89c2-bb66ca34092e req-06e97db4-632a-45c9-89c2-bb66ca34092e ] Request (SecurityGroupsTestJSON:test_list_security_groups_by_server): 200 GET http://10.180.1.21/compute/v2.1/servers/ab91f88f-6e87-405f-81ab-bf00be2003a8 1.295s
2024-10-12 10:53:40.617 62060 INFO tempest.common.waiters [-] State transition "BUILD/spawning" ==> "ERROR/None" after 47 second wait
2024-10-12 10:53:40.664 62070 INFO tempest.lib.common.rest_client [req-e5b1797a-3b79-4b49-8da3-7251edffeecb req-e5b1797a-3b79-4b49-8da3-7251edffeecb ] Request (AttachInterfacesTestJSON:test_create_list_show_delete_interfaces_by_fixed_ip): 200 GET http://10.180.1.21/compute/v2.1/servers/35c3e1eb-6b98-42f7-8f92-420560feba92 1.187s
2024-10-12 10:53:40.674 62066 INFO tempest.lib.common.rest_client [req-0b0606f1-e52c-42e8-9cbb-f7293672be85 req-0b0606f1-e52c-42e8-9cbb-f7293672be85 ] Request (ServersTestManualDisk:setUpClass): 200 GET http://10.180.1.21/compute/v2.1/servers/51d54995-0d13-4560-bdd6-7d9f9f5210dd 1.255s
2024-10-12 10:53:40.716 62114 INFO tempest.lib.common.rest_client [req-7a38c642-3e67-4656-94e7-3e8f0ca89f83 req-7a38c642-3e67-4656-94e7-3e8f0ca89f83 ] Request (DeleteServersAdminTestJSON:test_delete_server_while_in_error_state): 200 GET http://10.180.1.21/compute/v2.1/servers/46b484d0-1e87-4438-9791-e8199c76d21f 1.187s
2024-10-12 10:53:40.735 62118 INFO tempest.lib.common.rest_client [req-98f2a788-59a4-40aa-9203-1efcd5f466bd req-98f2a788-59a4-40aa-9203-1efcd5f466bd ] Request (ServersAaction247Test:test_create_backup): 200 GET http://10.180.1.21/compute/v2.1/servers/de5a46be-193a-40d8-aeba-d5d4de24ef95 1.113s
2024-10-12 10:53:40.775 62096 INFO tempest.lib.common.rest_client [req-b1194406-2649-4b24-9b2e-a75e793bbe67 req-b1194406-2649-4b24-9b2e-a75e793bbe67 ] Request (ServersAdmin275Test:tearDownClass): 200 GET http://10.180.1.21/compute/v2.1/servers/ff1dac51-f008-4218-bd4c-f0104657a2ee 1.068s
2024-10-12 10:53:40.796 62076 INFO tempest.lib.common.rest_client [req-607c7026-a7cf-4d34-bc29-fc05cc8cff4b req-607c7026-a7cf-4d34-bc29-fc05cc8cff4b ] Request (InstanceActionsV221TestJSON:test_get_list_deleted_instance_actions): 200 GET http://10.180.1.21/compute/v2.1/servers/3cd00254-b61b-498a-946b-ff2028230e25 1.034s
2024-10-12 10:53:40.827 62094 INFO tempest.lib.common.rest_client [req-5df7fa1d-3d45-42d0-9752-239959fe7ede req-5df7fa1d-3d45-42d0-9752-239959fe7ede ] Request (ImagesOneServerNegativeTestJSON:setUpClass): 200 GET http://10.180.1.21/compute/v2.1/servers/b4dd79b0-5dbb-4f12-9736-d8bc9f828f5d 1.046s
2024-10-12 10:53:40.854 62072 INFO tempest.lib.common.rest_client [req-06ff9436-5fea-4230-96fc-e73fee8ca1c7 req-06ff9436-5fea-4230-96fc-e73fee8ca1c7 ] Request (ServerActionsTestOtherB:setUpClass): 200 GET http://10.180.1.21/compute/v2.1/servers/507a2e12-55a1-4d2c-b3d2-577914cc245e 1.072s
2024-10-12 10:53:40.861 62072 INFO tempest.common.waiters [-] State transition "BUILD/scheduling" ==> "BUILD/None" after 19 second wait
2024-10-12 10:53:40.878 62084 INFO tempest.lib.common.rest_client [req-bf7995a3-c28b-430c-87c4-3bed1da2a870 req-bf7995a3-c28b-430c-87c4-3bed1da2a870 ] Request (ServerRescueTestJSON:setUpClass): 200 GET http://10.180.1.21/compute/v2.1/servers/21ad1f7b-cc59-4ad4-a0c0-9e867b20e9f0 1.046s
2024-10-12 10:53:40.914 62112 INFO tempest.lib.common.rest_client [req-41fb8555-9f23-43f5-8a51-701d7bbc0042 req-41fb8555-9f23-43f5-8a51-701d7bbc0042 ] Request (ServerDiskConfigTestJSON:test_rebuild_server_with_manual_disk_config): 200 GET http://10.180.1.21/compute/v2.1/servers/e56a6950-f842-45fb-a0a0-0defe3b3c30f 1.062s
2024-10-12 10:53:40.931 62074 INFO tempest.lib.common.rest_client [req-0a01c462-e9cf-435e-859d-62deac07797a req-0a01c462-e9cf-435e-859d-62deac07797a ] Request (ServerDiagnosticsNegativeTest:test_get_server_diagnostics_by_non_admin): 200 GET http://10.180.1.21/compute/v2.1/servers/496f00ef-7487-45d9-9356-529f9390544f 1.027s
2024-10-12 10:53:40.969 62078 INFO tempest.lib.common.rest_client [req-0dd3c692-88be-48b6-9dc8-dcf4bc0c8e76 req-0dd3c692-88be-48b6-9dc8-dcf4bc0c8e76 ] Request (MultipleCreateTestJSON:test_multiple_create): 200 GET http://10.180.1.21/compute/v2.1/servers/325a641d-2509-49e6-bfbc-0b2cb85c1ff9 1.016s
2024-10-12 10:53:40.983 62080 INFO tempest.lib.common.rest_client [req-f09cb38e-6c7d-47d2-8985-857041f3f32d req-f09cb38e-6c7d-47d2-8985-857041f3f32d ] Request (TenantUsagesTestJSON:setUpClass): 200 GET http://10.180.1.21/compute/v2.1/servers/95635ec3-cbfd-4dc0-a595-02062a0bda6e 0.969s
2024-10-12 10:53:41.012 62086 INFO tempest.lib.common.rest_client [req-c01852a1-f0cd-4951-a3f6-1fe1c612c26c req-c01852a1-f0cd-4951-a3f6-1fe1c612c26c ] Request (AttachInterfacesUnderV243Test:test_add_remove_fixed_ip): 200 GET http://10.180.1.21/compute/v2.1/servers/ad02e0c7-3d12-48ad-a393-26749fd8c502 0.933s
2024-10-12 10:53:41.021 62108 INFO tempest.lib.common.rest_client [req-dbbab2dd-87da-4330-a1e0-20f8996c1847 req-dbbab2dd-87da-4330-a1e0-20f8996c1847 ] Request (VolumesTestJSON:setUpClass): 200 GET http://10.180.1.21/compute/v2.1/os-volumes/5d74b87f-1481-40b2-b431-a7aa632aa58b 0.926s
2024-10-12 10:53:41.075 62110 INFO tempest.lib.common.rest_client [req-17fd06d8-feea-46ad-9ab9-63c9789e9bbb req-17fd06d8-feea-46ad-9ab9-63c9789e9bbb ] Request (ServersWithSpecificFlavorTestJSON:test_verify_created_server_ephemeral_disk): 200 GET http://10.180.1.21/compute/v2.1/servers/abc541cd-4dfc-4071-9b3d-2ec220f225ab 0.932s
2024-10-12 10:53:41.077 62064 INFO tempest.lib.common.rest_client [req-aacf7dec-1b16-482a-ad88-80ec14b022be req-aacf7dec-1b16-482a-ad88-80ec14b022be ] Request (VolumesAssistedSnapshotsTest:test_volume_assisted_snapshot_create_delete): 200 GET http://10.180.1.21/compute/v2.1/servers/2fb76ee4-a42b-4de6-9889-b9a89cf16533 0.888s
2024-10-12 10:53:41.127 62106 INFO tempest.lib.common.rest_client [req-4a7acb72-6837-4929-a1d7-d37390267a90 req-4a7acb72-6837-4929-a1d7-d37390267a90 ] Request (ServerActionsV293TestJSON:setUpClass): 200 GET http://10.180.1.21/compute/v2.1/servers/002a7370-024d-4959-a56d-1a13c260f60e 0.781s
2024-10-12 10:53:41.137 62082 INFO tempest.lib.common.rest_client [req-9a97b8f6-3aa9-4d00-bba5-9c42ff7d8d50 req-9a97b8f6-3aa9-4d00-bba5-9c42ff7d8d50 ] Request (ServerDiagnosticsV248Test:tearDownClass): 200 GET http://10.180.1.21/compute/v2.1/servers/90a21ec5-7ccf-4d37-9ec9-19ba2bfff468 0.852s
2024-10-12 10:53:41.191 62090 INFO tempest.lib.common.rest_client [req-420a0288-8f66-4239-8b81-954df879f1ba req-420a0288-8f66-4239-8b81-954df879f1ba ] Request (ServersV294TestFqdnHostnames:setUpClass): 200 GET http://10.180.1.21/compute/v2.1/servers/9ce52867-d547-401e-993d-0053eb9da4c4 0.744s
2024-10-12 10:53:41.207 62068 INFO tempest.lib.common.rest_client [req-18dcafdd-f77b-4c64-9a7c-dc09a4e23e0c req-18dcafdd-f77b-4c64-9a7c-dc09a4e23e0c ] Request (FlavorsAdminTestJSON:_run_cleanups): 202 DELETE http://10.180.1.21/compute/v2.1/flavors/1927059241 0.738s
2024-10-12 10:53:41.371 62120 INFO tempest.lib.common.rest_client [req-62b73e84-78dd-4110-8799-375501a74829 req-62b73e84-78dd-4110-8799-375501a74829 ] Request (SecurityGroupRulesTestJSON:tearDownClass): 202 DELETE http://10.180.1.21/compute/v2.1/os-security-groups/7364d589-2170-4c7a-959e-4ada1da0e734 0.986s
2024-10-12 10:53:41.384 62060 INFO tempest.lib.common.rest_client [req-d2c8c47f-74e4-466a-a661-4a580c936d8a req-d2c8c47f-74e4-466a-a661-4a580c936d8a ] Request (SecurityGroupsTestJSON:test_list_security_groups_by_server): 204 DELETE http://10.180.1.21/compute/v2.1/servers/ab91f88f-6e87-405f-81ab-bf00be2003a8 0.767s
2024-10-12 10:53:41.389 62092 INFO tempest.lib.common.rest_client [req-9a7461b5-a7aa-42a5-96f3-b7d4933ffae9 req-9a7461b5-a7aa-42a5-96f3-b7d4933ffae9 ] Request (ListImageFiltersTestJSON:setUpClass): 204 PUT http://10.180.1.21/image/v2/images/64f40823-92f8-4bf2-b8cc-81ffc04f57c1/file 0.586s
2024-10-12 10:53:41.425 62104 INFO tempest.lib.common.rest_client [req-8c5af602-040f-4662-b592-b598e7a87337 req-8c5af602-040f-4662-b592-b598e7a87337 ] Request (ServersAdminNegativeTestJSON:setUpClass): 200 GET http://10.180.1.21/compute/v2.1/servers/a062288b-e785-4dec-98f2-358b54f3d327 0.452s
2024-10-12 10:53:41.431 62104 INFO tempest.common.waiters [-] State transition "BUILD/block_device_mapping" ==> "BUILD/spawning" after 33 second wait
2024-10-12 10:53:41.434 62108 INFO tempest.lib.common.rest_client [req-00f00082-4c7f-4ac0-8447-a4c9b29a15c8 req-00f00082-4c7f-4ac0-8447-a4c9b29a15c8 ] Request (VolumesTestJSON:test_volume_list): 200 GET http://10.180.1.21/compute/v2.1/os-volumes 0.409s
2024-10-12 10:53:41.485 62116 INFO tempest.lib.common.rest_client [req-702e25b2-8573-4f4b-b344-2708fe7e650a req-702e25b2-8573-4f4b-b344-2708fe7e650a ] Request (FloatingIPsAssociationTestJSON:setUpClass): 200 GET http://10.180.1.21/compute/v2.1/servers/e615e1ff-7914-4dc8-b8df-1a3a2f64c3f4 0.449s
2024-10-12 10:53:41.489 62102 INFO tempest.lib.common.rest_client [req-c333ab86-350f-4623-8a42-b23cda777c1c req-c333ab86-350f-4623-8a42-b23cda777c1c ] Request (ServerExternalEventsTest:test_create_server_external_events): 200 GET http://10.180.1.21/compute/v2.1/servers/ed4352e2-3321-4a05-8a3f-a02e375ecbfb 0.388s
2024-10-12 10:53:41.505 62068 INFO tempest.lib.common.rest_client [req-90c22447-ecfb-4266-9ed9-48fb231a0644 req-90c22447-ecfb-4266-9ed9-48fb231a0644 ] Request (FlavorsAdminTestJSON:_run_cleanups): 200 GET http://10.180.1.21/compute/v2.1/flavors/detail 0.298s
2024-10-12 10:53:41.527 62060 INFO tempest.lib.common.rest_client [req-aa01d958-29a0-4779-b360-d646ca8d6ffd req-aa01d958-29a0-4779-b360-d646ca8d6ffd ] Request (SecurityGroupsTestJSON:test_list_security_groups_by_server): 404 GET http://10.180.1.21/compute/v2.1/servers/ab91f88f-6e87-405f-81ab-bf00be2003a8 0.142s
2024-10-12 10:53:41.546 62092 INFO tempest.lib.common.rest_client [req-ba99ed60-f701-457e-a166-1dde06dc7647 req-ba99ed60-f701-457e-a166-1dde06dc7647 ] Request (ListImageFiltersTestJSON:setUpClass): 200 GET http://10.180.1.21/compute/v2.1/images/64f40823-92f8-4bf2-b8cc-81ffc04f57c1 0.157s
2024-10-12 10:53:41.594 62108 INFO tempest.lib.common.rest_client [req-6d991ded-f05b-4737-8ca2-72393f934b96 req-6d991ded-f05b-4737-8ca2-72393f934b96 ] Request (VolumesTestJSON:test_volume_list_param_limit): 200 GET http://10.180.1.21/compute/v2.1/os-volumes?limit=2 0.155s
2024-10-12 10:53:41.621 62062 INFO tempest.lib.common.rest_client [req-d87cb339-829c-4d96-bb5a-faf2d970bfc3 req-d87cb339-829c-4d96-bb5a-faf2d970bfc3 ] Request (ServersTestJSON:setUpClass): 200 GET http://10.180.1.21/compute/v2.1/servers/e7ba3a8d-4bd0-4d78-861f-866ce2ade0cb 0.158s
2024-10-12 10:53:41.647 62068 INFO tempest.lib.common.rest_client [req-76d5bf5f-f2e8-4180-8a1e-552184b107b7 req-76d5bf5f-f2e8-4180-8a1e-552184b107b7 ] Request (FlavorsAdminTestJSON:tearDownClass): 204 DELETE http://10.180.1.21/identity/v3/users/732c906ad500482eb2d855d3b9dc42d1 0.131s
2024-10-12 10:53:41.654 62100 INFO tempest.lib.common.rest_client [req-2d5661ce-353d-40f5-b256-bfd9f2d3fb31 req-2d5661ce-353d-40f5-b256-bfd9f2d3fb31 ] Request (MigrationsAdminTest:test_list_migrations_in_flavor_resize_situation): 200 GET http://10.180.1.21/compute/v2.1/servers/4d9f7360-f6f1-4f3a-8c47-27b6ba26950e 0.122s
2024-10-12 10:53:41.710 62088 INFO tempest.lib.common.rest_client [req-784a9671-0d21-4efd-9a96-593b236ee459 req-784a9671-0d21-4efd-9a96-593b236ee459 ] Request (ServerTagsTestJSON:setUpClass): 200 GET http://10.180.1.21/compute/v2.1/servers/9b87db2b-e7b0-4677-b70f-f2fb1d6d3c4e 0.164s
2024-10-12 10:53:41.744 62092 INFO tempest.lib.common.rest_client [req-d373e977-6959-45a4-a5c3-24c2fd4b7c80 req-d373e977-6959-45a4-a5c3-24c2fd4b7c80 ] Request (ListImageFiltersTestJSON:setUpClass): 200 GET http://10.180.1.21/compute/v2.1/images/64f40823-92f8-4bf2-b8cc-81ffc04f57c1 0.193s
2024-10-12 10:53:41.758 62068 INFO tempest.lib.common.rest_client [req-dbe7d504-6acb-4630-9c1a-ea059c5efda5 req-dbe7d504-6acb-4630-9c1a-ea059c5efda5 ] Request (FlavorsAdminTestJSON:tearDownClass): 204 DELETE http://10.180.1.21/identity/v3/users/7ce7958370ef4778a06dcfec320c891e 0.111s
2024-10-12 10:53:41.759 62068 INFO tempest.lib.common.dynamic_creds [-] Deleting project and security group for project: d21dbbcda51e4618b120086a4bbb29c9
2024-10-12 10:53:41.768 62060 INFO tempest.lib.common.rest_client [req-22c12bb0-55f3-408b-8309-8ab9f992f79a req-22c12bb0-55f3-408b-8309-8ab9f992f79a ] Request (SecurityGroupsTestJSON:test_security_group_create_get_delete): 200 POST http://10.180.1.21/compute/v2.1/os-security-groups 0.231s
2024-10-12 10:53:41.784 62108 INFO tempest.lib.common.rest_client [req-51014585-1ff6-49ed-babf-b92c71f0dd58 req-51014585-1ff6-49ed-babf-b92c71f0dd58 ] Request (VolumesTestJSON:test_volume_list_param_offset_and_limit): 200 GET http://10.180.1.21/compute/v2.1/os-volumes 0.186s
2024-10-12 10:53:41.819 62058 INFO tempest.lib.common.rest_client [req-e09cc838-dec8-4906-a2b5-9ad237e0a97b req-e09cc838-dec8-4906-a2b5-9ad237e0a97b ] Request (ImagesTestJSON:test_create_image_from_stopped_server): 200 GET http://10.180.1.21/compute/v2.1/servers/5c80ad4d-0fa1-4003-a6a1-2c9039ad679c 0.207s
2024-10-12 10:53:41.821 62068 INFO tempest.lib.common.rest_client [req-27a0c40b-4fb8-4873-80ba-c3e28b4adf9a req-27a0c40b-4fb8-4873-80ba-c3e28b4adf9a ] Request (FlavorsAdminTestJSON:tearDownClass): 201 POST http://10.180.1.21/identity/v3/auth/tokens 0.062s
2024-10-12 10:53:41.837 62070 INFO tempest.lib.common.rest_client [req-6b881deb-dc34-4234-a63d-4f8d93c11985 req-6b881deb-dc34-4234-a63d-4f8d93c11985 ] Request (AttachInterfacesTestJSON:test_create_list_show_delete_interfaces_by_fixed_ip): 200 GET http://10.180.1.21/compute/v2.1/servers/35c3e1eb-6b98-42f7-8f92-420560feba92 0.163s
2024-10-12 10:53:41.869 62066 INFO tempest.lib.common.rest_client [req-b3f23b71-9ff2-48f0-a52b-bf8e15fca8e9 req-b3f23b71-9ff2-48f0-a52b-bf8e15fca8e9 ] Request (ServersTestManualDisk:setUpClass): 200 GET http://10.180.1.21/compute/v2.1/servers/51d54995-0d13-4560-bdd6-7d9f9f5210dd 0.187s
2024-10-12 10:53:41.882 62114 INFO tempest.lib.common.rest_client [req-3b96f9bf-3dbf-467b-b0af-4459a2207732 req-3b96f9bf-3dbf-467b-b0af-4459a2207732 ] Request (DeleteServersAdminTestJSON:test_delete_server_while_in_error_state): 200 GET http://10.180.1.21/compute/v2.1/servers/46b484d0-1e87-4438-9791-e8199c76d21f 0.160s
2024-10-12 10:53:41.926 62118 INFO tempest.lib.common.rest_client [req-ee0571d2-f21b-4ef4-9c73-316007e64792 req-ee0571d2-f21b-4ef4-9c73-316007e64792 ] Request (ServersAaction247Test:test_create_backup): 200 GET http://10.180.1.21/compute/v2.1/servers/de5a46be-193a-40d8-aeba-d5d4de24ef95 0.180s
2024-10-12 10:53:41.954 62060 INFO tempest.lib.common.rest_client [req-1e1e89cd-b50f-4957-9b4a-21333c924cdb req-1e1e89cd-b50f-4957-9b4a-21333c924cdb ] Request (SecurityGroupsTestJSON:test_security_group_create_get_delete): 200 GET http://10.180.1.21/compute/v2.1/os-security-groups/48fb550e-95b4-4e33-ae2e-31a59d653ee0 0.182s
2024-10-12 10:53:41.997 62108 INFO tempest.lib.common.rest_client [req-094ec9d0-2d45-4a3b-a2ce-ea0d8d17f464 req-094ec9d0-2d45-4a3b-a2ce-ea0d8d17f464 ] Request (VolumesTestJSON:test_volume_list_param_offset_and_limit): 200 GET http://10.180.1.21/compute/v2.1/os-volumes?offset=1&limit=1 0.209s
2024-10-12 10:53:42.000 62096 INFO tempest.lib.common.rest_client [req-6565e7b5-2f34-4355-8450-9fd12382027b req-6565e7b5-2f34-4355-8450-9fd12382027b ] Request (ServersAdmin275Test:tearDownClass): 200 GET http://10.180.1.21/compute/v2.1/servers/ff1dac51-f008-4218-bd4c-f0104657a2ee 0.216s
2024-10-12 10:53:42.033 62120 INFO tempest.lib.common.rest_client [req-884c51ac-7918-4f9a-b9cc-31c8e288fdc8 req-884c51ac-7918-4f9a-b9cc-31c8e288fdc8 ] Request (SecurityGroupRulesTestJSON:tearDownClass): 200 PUT http://10.180.1.21:9696/networking/v2.0/routers/f92a0115-0ffb-4d85-a1b6-87ea40610500/remove_router_interface 0.661s
2024-10-12 10:53:42.051 62092 INFO tempest.lib.common.rest_client [req-e1150693-4aec-4369-8b2e-94bba660e51e req-e1150693-4aec-4369-8b2e-94bba660e51e ] Request (ListImageFiltersTestJSON:setUpClass): 201 POST http://10.180.1.21/image/v2/images 0.301s
2024-10-12 10:53:42.070 62076 INFO tempest.lib.common.rest_client [req-152526c0-58c6-4740-be61-4cb7c8ae3371 req-152526c0-58c6-4740-be61-4cb7c8ae3371 ] Request (InstanceActionsV221TestJSON:test_get_list_deleted_instance_actions): 200 GET http://10.180.1.21/compute/v2.1/servers/3cd00254-b61b-498a-946b-ff2028230e25 0.263s
2024-10-12 10:53:42.073 62094 INFO tempest.lib.common.rest_client [req-cbac01a2-2f52-40e8-81e6-f24823407dba req-cbac01a2-2f52-40e8-81e6-f24823407dba ] Request (ImagesOneServerNegativeTestJSON:setUpClass): 200 GET http://10.180.1.21/compute/v2.1/servers/b4dd79b0-5dbb-4f12-9736-d8bc9f828f5d 0.237s
2024-10-12 10:53:42.087 62068 INFO tempest.lib.common.rest_client [req-e090f038-af87-44ef-942c-282a2e7b9958 req-e090f038-af87-44ef-942c-282a2e7b9958 ] Request (FlavorsAdminTestJSON:tearDownClass): 200 GET http://10.180.1.21:9696/networking/v2.0/security-groups?tenant_id=d21dbbcda51e4618b120086a4bbb29c9&name=default 0.266s
2024-10-12 10:53:42.126 62072 INFO tempest.lib.common.rest_client [req-6c078c35-a1f1-42d0-beaa-7930d0b39d6c req-6c078c35-a1f1-42d0-beaa-7930d0b39d6c ] Request (ServerActionsTestOtherB:setUpClass): 200 GET http://10.180.1.21/compute/v2.1/servers/507a2e12-55a1-4d2c-b3d2-577914cc245e 0.264s
2024-10-12 10:53:42.139 62084 INFO tempest.lib.common.rest_client [req-3c181d63-de17-4648-abec-d17922e4cd40 req-3c181d63-de17-4648-abec-d17922e4cd40 ] Request (ServerRescueTestJSON:setUpClass): 200 GET http://10.180.1.21/compute/v2.1/servers/21ad1f7b-cc59-4ad4-a0c0-9e867b20e9f0 0.254s
2024-10-12 10:53:42.194 62074 INFO tempest.lib.common.rest_client [req-900e41eb-97a1-450c-9ce8-aa53617bf0b3 req-900e41eb-97a1-450c-9ce8-aa53617bf0b3 ] Request (ServerDiagnosticsNegativeTest:test_get_server_diagnostics_by_non_admin): 200 GET http://10.180.1.21/compute/v2.1/servers/496f00ef-7487-45d9-9356-529f9390544f 0.255s
