2024-10-12 10:52:54.063 62106 INFO tempest.lib.common.rest_client [req-261f4fa5-37d6-4543-9a4f-e90a5ce68cec req-261f4fa5-37d6-4543-9a4f-e90a5ce68cec ] Request (ServerActionsV293TestJSON:setUpClass): 200 GET http://10.180.1.21/identity/v3/roles 0.139s
2024-10-12 10:52:54.064 62086 INFO tempest.common.waiters [-] State transition "BUILD/networking" ==> "BUILD/spawning" after 5 second wait
2024-10-12 10:52:54.072 62104 INFO tempest.lib.common.rest_client [req-6313f626-fc8d-4a42-99b7-fbd3a473f488 req-6313f626-fc8d-4a42-99b7-fbd3a473f488 ] Request (FlavorsAccessTestJSON:test_flavor_access_add_remove): 200 GET http://10.180.1.21/compute/v2.1/flavors/detail 1.488s
2024-10-12 10:52:54.077 62070 INFO tempest.lib.common.rest_client [req-0b010295-7a01-4308-9a78-80c5ac58d087 req-0b010295-7a01-4308-9a78-80c5ac58d087 ] Request (FlavorsExtraSpecsNegativeTestJSON:test_flavor_non_admin_update_specific_key): 403 PUT http://10.180.1.21/compute/v2.1/flavors/1586582476/os-extra_specs/hw:numa_nodes 1.413s
2024-10-12 10:52:54.079 62078 INFO tempest.lib.common.rest_client [req-7a72c86b-9c24-46aa-9e62-0ebf192181ab req-7a72c86b-9c24-46aa-9e62-0ebf192181ab ] Request (HypervisorAdminTestJSON:tearDownClass): 204 DELETE http://10.180.1.21/identity/v3/projects/24dc5e760e10473bbaec4c89d904878b 0.182s
2024-10-12 10:52:54.080 62078 INFO tempest.test [-] raised in LiveMigrationTest.setUpClass. Invoking tearDownClass.
2024-10-12 10:52:54.141 62072 INFO tempest.lib.common.rest_client [req-8c3f43b9-a1b2-4d80-8694-91c9b1dc7aa0 req-8c3f43b9-a1b2-4d80-8694-91c9b1dc7aa0 ] Request (FlavorMetadataValidation:tearDownClass): 204 DELETE http://10.180.1.21/identity/v3/users/ed47b1562110430783acb337431f2d76 0.176s
2024-10-12 10:52:54.141 62072 INFO tempest.lib.common.dynamic_creds [-] Deleting project and security group for project: a01e1a4fbaa4494e81dad6d550f058b4
2024-10-12 10:52:54.159 62066 INFO tempest.lib.common.rest_client [req-c442c795-6748-4720-a9da-0af20b25310b req-c442c795-6748-4720-a9da-0af20b25310b ] Request (SecurityGroupsNegativeTestJSON:test_delete_the_default_security_group): 200 GET http://10.180.1.21/compute/v2.1/os-security-groups 1.787s
2024-10-12 10:52:54.163 62084 INFO tempest.lib.common.rest_client [req-dd94d027-ea2a-4a90-8d7b-4a23c2bfc5cc req-dd94d027-ea2a-4a90-8d7b-4a23c2bfc5cc ] Request (FlavorsV261TestJSON:tearDownClass): 204 DELETE http://10.180.1.21/identity/v3/users/c3045dd69f4845208846428a1256572a 0.194s
2024-10-12 10:52:54.163 62084 INFO tempest.lib.common.dynamic_creds [-] Deleting project and security group for project: 7a5cc9c500d748ddb7a2996123f79bcf
2024-10-12 10:52:54.175 62076 INFO tempest.lib.common.rest_client [req-d74212b9-64d3-4bef-9079-677ef2893c7e req-d74212b9-64d3-4bef-9079-677ef2893c7e ] Request (FlavorsAccessNegativeTestJSON:_run_cleanups): 202 DELETE http://10.180.1.21/compute/v2.1/flavors/2099094260 0.871s
2024-10-12 10:52:54.217 62088 INFO tempest.lib.common.rest_client [req-230a63a4-cb52-4445-8cf2-120666237c8b req-230a63a4-cb52-4445-8cf2-120666237c8b ] Request (QuotasSecurityGroupAdminNegativeTest:setUpClass): 200 GET http://10.180.1.21/identity/v3/roles 0.197s
2024-10-12 10:52:54.235 62116 INFO tempest.lib.common.rest_client [req-22bce229-7bfb-4da4-9198-7460952cc1a4 req-22bce229-7bfb-4da4-9198-7460952cc1a4 ] Request (FloatingIPsAssociationTestJSON:setUpClass): 200 GET http://10.180.1.21/identity/v3/roles 0.211s
2024-10-12 10:52:54.237 62082 INFO tempest.lib.common.rest_client [req-9ea07278-47f9-4c2d-bd3e-3b303be6d50f req-9ea07278-47f9-4c2d-bd3e-3b303be6d50f ] Request (ServerDiagnosticsV248Test:test_get_server_diagnostics): 200 GET http://10.180.1.21/compute/v2.1/servers/90a21ec5-7ccf-4d37-9ec9-19ba2bfff468 0.899s
2024-10-12 10:52:54.246 62082 INFO tempest.common.waiters [-] State transition "BUILD/None" ==> "BUILD/networking" after 4 second wait
2024-10-12 10:52:54.251 62074 INFO tempest.lib.common.rest_client [req-ae98cc6e-dedc-4a19-ac62-da2c010704e0 req-ae98cc6e-dedc-4a19-ac62-da2c010704e0 ] Request (FlavorsV255TestJSON:_run_cleanups): 202 DELETE http://10.180.1.21/compute/v2.1/flavors/1296531391 0.847s
2024-10-12 10:52:54.255 62120 INFO tempest.lib.common.rest_client [req-925ee901-b283-426e-a891-6ce3db2cc711 req-925ee901-b283-426e-a891-6ce3db2cc711 ] Request (SecurityGroupRulesTestJSON:setUpClass): 200 GET http://10.180.1.21/identity/v3/domains?name=Default 0.209s
2024-10-12 10:52:54.266 62062 INFO tempest.lib.common.rest_client [req-4168d0a3-37e2-42fe-a405-6a0f6eade5cb req-4168d0a3-37e2-42fe-a405-6a0f6eade5cb ] Request (HostsAdminTestJSON:tearDownClass): 204 DELETE http://10.180.1.21/identity/v3/projects/68b33f1c738947f7b564a14f10602e7d 0.287s
2024-10-12 10:52:54.266 62062 INFO tempest.lib.common.dynamic_creds [-] Deleting project and security group for project: f92beed289c944518edc7726bb4c1013
2024-10-12 10:52:54.284 62094 INFO tempest.lib.common.rest_client [req-521b7eda-b9d9-4670-a5fd-9df56f1e48d1 req-521b7eda-b9d9-4670-a5fd-9df56f1e48d1 ] Request (KeyPairsV210TestJSON:_run_cleanups): 204 DELETE http://10.180.1.21/compute/v2.1/os-keypairs/tempest-KeyPairsV210TestJSON-keypair-1557234142 0.877s
2024-10-12 10:52:54.295 62058 INFO tempest.lib.common.rest_client [req-38419bf8-ae8a-479d-8512-536852a46ad1 req-38419bf8-ae8a-479d-8512-536852a46ad1 ] Request (HostsAdminNegativeTestJSON:test_show_host_detail_with_nonexistent_hostname): 404 GET http://10.180.1.21/compute/v2.1/os-hosts/nonexistent_hostname 0.876s
2024-10-12 10:52:54.306 62090 INFO tempest.lib.common.rest_client [req-502bbe6b-eed1-46e0-888a-c35ac6dbbb08 req-502bbe6b-eed1-46e0-888a-c35ac6dbbb08 ] Request (HypervisorAdminNegativeUnderV252Test:test_show_servers_with_nonexistent_hypervisor): 404 GET http://10.180.1.21/compute/v2.1/os-hypervisors/5e5d6f09-4946-47a2-9335-4c9f2f0e1a5b/servers 0.883s
2024-10-12 10:52:54.321 62068 INFO tempest.lib.common.rest_client [req-2a709ade-4c46-46b6-b8e9-b3e22cd0bd8a req-2a709ade-4c46-46b6-b8e9-b3e22cd0bd8a ] Request (FlavorsAdminTestJSON:_run_cleanups): 202 DELETE http://10.180.1.21/compute/v2.1/flavors/2000567768 0.874s
2024-10-12 10:52:54.323 62106 INFO tempest.lib.common.rest_client [req-ca82e33a-2092-4763-8736-4b325555bfa7 req-ca82e33a-2092-4763-8736-4b325555bfa7 ] Request (ServerActionsV293TestJSON:setUpClass): 204 PUT http://10.180.1.21/identity/v3/projects/875df0be2fe34b5f96d86a312c2dd4f8/users/19cf885c5fd14cefb56c34719f21412d/roles/ce12846925a449cc89ab4ef1e8e22a12 0.258s
2024-10-12 10:52:54.323 62106 INFO tempest.lib.common.dynamic_creds [-] Dynamic test user 19cf885c5fd14cefb56c34719f21412d is created with scope project and roles: ['member']
2024-10-12 10:52:54.323 62106 INFO tempest.lib.common.dynamic_creds [-] Acquired dynamic creds: credentials: Credentials: {'domain_id': 'default', 'domain_name': 'Default', 'username': 'tempest-ServerActionsV293TestJSON-1721592387-project-member', 'project_domain_id': 'default', 'project_domain_name': 'Default', 'project_id': '875df0be2fe34b5f96d86a312c2dd4f8', 'project_name': 'tempest-ServerActionsV293TestJSON-1721592387', 'tenant_id': '875df0be2fe34b5f96d86a312c2dd4f8', 'tenant_name': 'tempest-ServerActionsV293TestJSON-1721592387', 'user_domain_id': 'default', 'user_domain_name': 'Default', 'user_id': '19cf885c5fd14cefb56c34719f21412d', 'system': None}, Network: None, Subnet: None, Router: None
2024-10-12 10:52:54.330 62102 INFO tempest.lib.common.rest_client [req-5ebfc029-3765-4b67-b576-5cbc6abdd8ac req-5ebfc029-3765-4b67-b576-5cbc6abdd8ac ] Request (FlavorsExtraSpecsTestJSON:test_flavor_set_get_update_show_unset_keys): 200 GET http://10.180.1.21/compute/v2.1/flavors/87937916/os-extra_specs 0.862s
2024-10-12 10:52:54.332 62078 INFO tempest.lib.common.rest_client [req-020ae297-46ef-4861-a0f7-0399fb0657d3 req-020ae297-46ef-4861-a0f7-0399fb0657d3 ] Request (QuotasAdminTestV236:setUpClass): 201 POST http://10.180.1.21/identity/v3/auth/tokens 0.250s
2024-10-12 10:52:54.351 62118 INFO tempest.lib.common.rest_client [req-b6130877-2a45-4bbd-b653-f0e29ceaf84a req-b6130877-2a45-4bbd-b653-f0e29ceaf84a ] Request (ServicesAdminNegativeV253TestJSON:test_get_service_by_invalid_service_and_valid_host): 200 GET http://10.180.1.21/compute/v2.1/os-services 0.776s
2024-10-12 10:52:54.385 62072 INFO tempest.lib.common.rest_client [req-54adad93-b264-4ceb-adff-510b1d76985e req-54adad93-b264-4ceb-adff-510b1d76985e ] Request (FlavorMetadataValidation:tearDownClass): 201 POST http://10.180.1.21/identity/v3/auth/tokens 0.243s
2024-10-12 10:52:54.415 62084 INFO tempest.lib.common.rest_client [req-1a349769-2434-46c7-beb4-34ebd6be0e14 req-1a349769-2434-46c7-beb4-34ebd6be0e14 ] Request (FlavorsV261TestJSON:tearDownClass): 201 POST http://10.180.1.21/identity/v3/auth/tokens 0.251s
2024-10-12 10:52:54.416 62088 INFO tempest.lib.common.rest_client [req-0ec1ef7a-b1ac-460e-a42d-ba28c383f4a6 req-0ec1ef7a-b1ac-460e-a42d-ba28c383f4a6 ] Request (QuotasSecurityGroupAdminNegativeTest:setUpClass): 204 PUT http://10.180.1.21/identity/v3/projects/a50646f5294c4f48873a53ccecf2a830/users/660634bb6fc6499e8e613ec6a2582040/roles/ce12846925a449cc89ab4ef1e8e22a12 0.198s
2024-10-12 10:52:54.416 62088 INFO tempest.lib.common.dynamic_creds [-] Dynamic test user 660634bb6fc6499e8e613ec6a2582040 is created with scope project and roles: ['member']
2024-10-12 10:52:54.416 62088 INFO tempest.lib.common.dynamic_creds [-] Acquired dynamic creds: credentials: Credentials: {'domain_id': 'default', 'domain_name': 'Default', 'username': 'tempest-QuotasSecurityGroupAdminNegativeTest-62461151-project-member', 'project_domain_id': 'default', 'project_domain_name': 'Default', 'project_id': 'a50646f5294c4f48873a53ccecf2a830', 'project_name': 'tempest-QuotasSecurityGroupAdminNegativeTest-62461151', 'tenant_id': 'a50646f5294c4f48873a53ccecf2a830', 'tenant_name': 'tempest-QuotasSecurityGroupAdminNegativeTest-62461151', 'user_domain_id': 'default', 'user_domain_name': 'Default', 'user_id': '660634bb6fc6499e8e613ec6a2582040', 'system': None}, Network: None, Subnet: None, Router: None
2024-10-12 10:52:54.416 62088 INFO tempest.lib.common.dynamic_creds [-] Created isolated network resources for: credentials: Credentials: {'domain_id': 'default', 'domain_name': 'Default', 'username': 'tempest-QuotasSecurityGroupAdminNegativeTest-62461151-project-member', 'project_domain_id': 'default', 'project_domain_name': 'Default', 'project_id': 'a50646f5294c4f48873a53ccecf2a830', 'project_name': 'tempest-QuotasSecurityGroupAdminNegativeTest-62461151', 'tenant_id': 'a50646f5294c4f48873a53ccecf2a830', 'tenant_name': 'tempest-QuotasSecurityGroupAdminNegativeTest-62461151', 'user_domain_id': 'default', 'user_domain_name': 'Default', 'user_id': '660634bb6fc6499e8e613ec6a2582040', 'system': None}, Network: None, Subnet: None, Router: None
2024-10-12 10:52:54.423 62064 INFO tempest.lib.common.rest_client [req-b9a6ca6a-883e-493d-b02c-7b8b6e3171b7 req-b9a6ca6a-883e-493d-b02c-7b8b6e3171b7 ] Request (VolumesAssistedSnapshotsTest:test_volume_assisted_snapshot_create_delete): 200 GET http://10.180.1.21/volume/v3/volumes/f5e64fd1-289b-43b1-82dd-c73e0de93b89 0.044s
2024-10-12 10:52:54.430 62080 INFO tempest.lib.common.rest_client [req-68cd81c1-fce2-4ba1-8625-27bfb5076dbd req-68cd81c1-fce2-4ba1-8625-27bfb5076dbd ] Request (ServerDiagnosticsTest:test_get_server_diagnostics): 200 GET http://10.180.1.21/compute/v2.1/servers/c9690979-6f9e-4184-80db-b8f9659aa0c2 0.657s
2024-10-12 10:52:54.431 62064 INFO tempest.common.waiters [-] volume f5e64fd1-289b-43b1-82dd-c73e0de93b89 reached available after waiting for 1.431595 seconds
2024-10-12 10:52:54.448 62062 INFO tempest.lib.common.rest_client [req-397f87a5-72df-4121-9c6e-b9df34b9ed3c req-397f87a5-72df-4121-9c6e-b9df34b9ed3c ] Request (HostsAdminTestJSON:tearDownClass): 200 GET http://10.180.1.21:9696/networking/v2.0/security-groups?tenant_id=f92beed289c944518edc7726bb4c1013&name=default 0.182s
2024-10-12 10:52:54.472 62092 INFO tempest.lib.common.rest_client [req-be0fce8b-9c11-42ba-8ba6-bd55110b84ed req-be0fce8b-9c11-42ba-8ba6-bd55110b84ed ] Request (AggregatesAdminNegativeTestJSON:test_aggregate_add_existent_host): 409 POST http://10.180.1.21/compute/v2.1/os-aggregates/1/action 0.632s
2024-10-12 10:52:54.489 62116 INFO tempest.lib.common.rest_client [req-78012387-0a5f-44ef-a0e5-3130753133dc req-78012387-0a5f-44ef-a0e5-3130753133dc ] Request (FloatingIPsAssociationTestJSON:setUpClass): 204 PUT http://10.180.1.21/identity/v3/projects/0300db3c85124979a9f560b023c1537c/users/269fa24e7d34476fbdd174f0bf37e3cb/roles/ce12846925a449cc89ab4ef1e8e22a12 0.252s
2024-10-12 10:52:54.489 62116 INFO tempest.lib.common.dynamic_creds [-] Dynamic test user 269fa24e7d34476fbdd174f0bf37e3cb is created with scope project and roles: ['member']
2024-10-12 10:52:54.489 62116 INFO tempest.lib.common.dynamic_creds [-] Acquired dynamic creds: credentials: Credentials: {'domain_id': 'default', 'domain_name': 'Default', 'username': 'tempest-FloatingIPsAssociationTestJSON-1943361788-project-member', 'project_domain_id': 'default', 'project_domain_name': 'Default', 'project_id': '0300db3c85124979a9f560b023c1537c', 'project_name': 'tempest-FloatingIPsAssociationTestJSON-1943361788', 'tenant_id': '0300db3c85124979a9f560b023c1537c', 'tenant_name': 'tempest-FloatingIPsAssociationTestJSON-1943361788', 'user_domain_id': 'default', 'user_domain_name': 'Default', 'user_id': '269fa24e7d34476fbdd174f0bf37e3cb', 'system': None}, Network: None, Subnet: None, Router: None
2024-10-12 10:52:54.492 62120 INFO tempest.lib.common.rest_client [req-a0c2cd04-cf36-4913-af61-4c2dbf442591 req-a0c2cd04-cf36-4913-af61-4c2dbf442591 ] Request (SecurityGroupRulesTestJSON:setUpClass): 201 POST http://10.180.1.21/identity/v3/projects 0.237s
2024-10-12 10:52:54.539 62114 INFO tempest.lib.common.rest_client [req-59edb33a-a843-433e-9b75-bbab67100a2a req-59edb33a-a843-433e-9b75-bbab67100a2a ] Request (DeleteServersAdminTestJSON:test_admin_delete_servers_of_others): 200 GET http://10.180.1.21/compute/v2.1/servers/6fc17951-d4d8-4ff0-9e93-2f5a15a5e946 0.693s
2024-10-12 10:52:54.556 62110 INFO tempest.lib.common.rest_client [req-42dde294-b90f-4e65-bfa8-030764dd4b3f req-42dde294-b90f-4e65-bfa8-030764dd4b3f ] Request (ServersWithSpecificFlavorTestJSON:test_verify_created_server_ephemeral_disk): 200 POST http://10.180.1.21/compute/v2.1/flavors 0.694s
2024-10-12 10:52:54.570 62104 INFO tempest.lib.common.rest_client [req-dbc268ce-cf19-4afc-85c8-c3d7b4252211 req-dbc268ce-cf19-4afc-85c8-c3d7b4252211 ] Request (FlavorsAccessTestJSON:_run_cleanups): 202 DELETE http://10.180.1.21/compute/v2.1/flavors/1027988587 0.492s
2024-10-12 10:52:54.580 62070 INFO tempest.lib.common.rest_client [req-eab76242-10f7-4e55-80f9-c6c5652b48bc req-eab76242-10f7-4e55-80f9-c6c5652b48bc ] Request (FlavorsExtraSpecsNegativeTestJSON:test_flavor_unset_nonexistent_key): 404 DELETE http://10.180.1.21/compute/v2.1/flavors/1586582476/os-extra_specs/hw:cpu_thread_policy 0.500s
2024-10-12 10:52:54.583 62062 INFO tempest.lib.common.rest_client [req-501b54b7-955d-4618-861c-cbb9fa8b4aae req-501b54b7-955d-4618-861c-cbb9fa8b4aae ] Request (HostsAdminTestJSON:tearDownClass): 204 DELETE http://10.180.1.21:9696/networking/v2.0/security-groups/47c09085-690c-4220-ba28-a17d4c17f9c4 0.134s
2024-10-12 10:52:54.610 62090 INFO tempest.lib.common.rest_client [req-24ff1651-195a-40b1-8f0e-01ac3e43fe0c req-24ff1651-195a-40b1-8f0e-01ac3e43fe0c ] Request (HypervisorAdminNegativeUnderV252Test:tearDownClass): 204 DELETE http://10.180.1.21/identity/v3/users/f15251fa77f34b5ca85c515dfbfd0c73 0.302s
2024-10-12 10:52:54.642 62098 INFO tempest.lib.common.rest_client [req-6521bb61-ca48-4cec-93cf-f3b0b2f4823e req-6521bb61-ca48-4cec-93cf-f3b0b2f4823e ] Request (QuotasAdminTestJSON:test_get_default_quotas): 200 GET http://10.180.1.21/compute/v2.1/os-quota-sets/d665520d991b4ad0aab6263fa88c5343/defaults 1.655s
2024-10-12 10:52:54.661 62076 INFO tempest.lib.common.rest_client [req-13e536e4-e92a-4ee7-93e2-8e4b4eb440e3 req-13e536e4-e92a-4ee7-93e2-8e4b4eb440e3 ] Request (FlavorsAccessNegativeTestJSON:_run_cleanups): 200 GET http://10.180.1.21/compute/v2.1/flavors/detail 0.485s
2024-10-12 10:52:54.670 62106 INFO tempest.lib.common.rest_client [req-782bf613-0178-4a2a-8d7e-decf533264f1 req-782bf613-0178-4a2a-8d7e-decf533264f1 ] Request (ServerActionsV293TestJSON:setUpClass): 201 POST http://10.180.1.21/identity/v3/auth/tokens 0.346s
2024-10-12 10:52:54.684 62074 INFO tempest.lib.common.rest_client [req-00804c12-c412-4fb9-ab35-334d3ec3920c req-00804c12-c412-4fb9-ab35-334d3ec3920c ] Request (FlavorsV255TestJSON:_run_cleanups): 200 GET http://10.180.1.21/compute/v2.1/flavors/detail 0.432s
2024-10-12 10:52:54.692 62078 INFO tempest.lib.common.rest_client [req-a8c772a5-f05a-4c9b-b4d4-dab4369cbf07 req-a8c772a5-f05a-4c9b-b4d4-dab4369cbf07 ] Request (QuotasAdminTestV236:setUpClass): 201 POST http://10.180.1.21/identity/v3/auth/tokens 0.356s
2024-10-12 10:52:54.703 62094 INFO tempest.lib.common.rest_client [req-5a28e231-ed87-42dd-9c64-5d410cc70c6c req-5a28e231-ed87-42dd-9c64-5d410cc70c6c ] Request (KeyPairsV210TestJSON:_run_cleanups): 204 DELETE http://10.180.1.21/compute/v2.1/os-keypairs/tempest-keypair-1160793823?user_id=9eadda27f5144c53a448de77a68051b7 0.418s
2024-10-12 10:52:54.709 62058 INFO tempest.lib.common.rest_client [req-ac8d2934-1fea-47f2-9190-4b5b72870b2a req-ac8d2934-1fea-47f2-9190-4b5b72870b2a ] Request (HostsAdminNegativeTestJSON:test_shutdown_host_with_non_admin_user): 403 GET http://10.180.1.21/compute/v2.1/os-hosts/devstack/shutdown 0.412s
2024-10-12 10:52:54.725 62068 INFO tempest.lib.common.rest_client [req-38d20381-2309-4204-a553-b1d8ea8957bd req-38d20381-2309-4204-a553-b1d8ea8957bd ] Request (FlavorsAdminTestJSON:_run_cleanups): 200 GET http://10.180.1.21/compute/v2.1/flavors/detail 0.403s
2024-10-12 10:52:54.753 62102 INFO tempest.lib.common.rest_client [req-d1dc9fd7-db00-42af-ba72-489104ea12fc req-d1dc9fd7-db00-42af-ba72-489104ea12fc ] Request (FlavorsExtraSpecsTestJSON:test_flavor_set_get_update_show_unset_keys): 200 PUT http://10.180.1.21/compute/v2.1/flavors/87937916/os-extra_specs/hw:numa_nodes 0.420s
2024-10-12 10:52:54.771 62118 INFO tempest.lib.common.rest_client [req-ac6118ec-07cc-46a2-9a9c-e2ee0d671687 req-ac6118ec-07cc-46a2-9a9c-e2ee0d671687 ] Request (ServicesAdminNegativeV253TestJSON:test_get_service_by_invalid_service_and_valid_host): 200 GET http://10.180.1.21/compute/v2.1/os-services?host=devstack&binary=xxx 0.415s
2024-10-12 10:52:54.791 62116 INFO tempest.lib.common.rest_client [req-4fd0f6b1-dd51-4680-aa8c-48239c1b26e1 req-4fd0f6b1-dd51-4680-aa8c-48239c1b26e1 ] Request (FloatingIPsAssociationTestJSON:setUpClass): 201 POST http://10.180.1.21/identity/v3/auth/tokens 0.301s
2024-10-12 10:52:54.792 62066 INFO tempest.lib.common.rest_client [req-4a670b3b-0daa-467d-8d01-e42bb0ec5cd7 req-4a670b3b-0daa-467d-8d01-e42bb0ec5cd7 ] Request (SecurityGroupsNegativeTestJSON:test_delete_the_default_security_group): 400 DELETE http://10.180.1.21/compute/v2.1/os-security-groups/bc0f20a4-19fc-4b97-b029-af5335869261 0.630s
2024-10-12 10:52:54.818 62120 INFO tempest.lib.common.rest_client [req-11dc9b48-bc93-4d75-84f8-5589538450a9 req-11dc9b48-bc93-4d75-84f8-5589538450a9 ] Request (SecurityGroupRulesTestJSON:setUpClass): 201 POST http://10.180.1.21/identity/v3/users 0.325s
2024-10-12 10:52:54.835 62088 INFO tempest.lib.common.rest_client [req-8c6e3ffe-02e8-4e8b-99b6-5daed9e75348 req-8c6e3ffe-02e8-4e8b-99b6-5daed9e75348 ] Request (QuotasSecurityGroupAdminNegativeTest:setUpClass): 201 POST http://10.180.1.21/identity/v3/auth/tokens 0.415s
2024-10-12 10:52:54.874 62062 INFO tempest.lib.common.rest_client [req-85dc190e-16ea-49df-a22f-7d89bfacef7b req-85dc190e-16ea-49df-a22f-7d89bfacef7b ] Request (HostsAdminTestJSON:tearDownClass): 204 DELETE http://10.180.1.21/identity/v3/projects/f92beed289c944518edc7726bb4c1013 0.289s
2024-10-12 10:52:54.891 62090 INFO tempest.lib.common.rest_client [req-f229ff9d-2d81-4df7-b6a5-b9978ad03a41 req-f229ff9d-2d81-4df7-b6a5-b9978ad03a41 ] Request (HypervisorAdminNegativeUnderV252Test:tearDownClass): 204 DELETE http://10.180.1.21/identity/v3/users/a0bc35d7520d414082b69e817fb7e55a 0.280s
2024-10-12 10:52:54.891 62090 INFO tempest.lib.common.dynamic_creds [-] Deleting project and security group for project: fa1c78ed43824fe280be30f6279d449d
2024-10-12 10:52:54.914 62084 INFO tempest.lib.common.rest_client [req-582dfcd1-0282-4845-ae99-ab0957ee10f8 req-582dfcd1-0282-4845-ae99-ab0957ee10f8 ] Request (FlavorsV261TestJSON:tearDownClass): 200 GET http://10.180.1.21:9696/networking/v2.0/security-groups?tenant_id=7a5cc9c500d748ddb7a2996123f79bcf&name=default 0.499s
2024-10-12 10:52:54.939 62108 INFO tempest.lib.common.rest_client [req-d95c3b77-5dbb-418a-9400-bd410e25784d req-d95c3b77-5dbb-418a-9400-bd410e25784d ] Request (ImagesOneServerTestJSON:setUpClass): 200 GET http://10.180.1.21/compute/v2.1/servers/be3227f2-3fe1-4767-90a3-55ee57c05df0 0.551s
2024-10-12 10:52:54.939 62072 INFO tempest.lib.common.rest_client [req-b30f61a4-5a5a-4cf7-9792-51316ce03afd req-b30f61a4-5a5a-4cf7-9792-51316ce03afd ] Request (FlavorMetadataValidation:tearDownClass): 200 GET http://10.180.1.21:9696/networking/v2.0/security-groups?tenant_id=a01e1a4fbaa4494e81dad6d550f058b4&name=default 0.554s
2024-10-12 10:52:54.956 62098 INFO tempest.lib.common.rest_client [req-31175102-ef04-44e9-9d96-1f30672a4bc3 req-31175102-ef04-44e9-9d96-1f30672a4bc3 ] Request (QuotasAdminTestJSON:test_get_updated_quotas): 200 GET http://10.180.1.21/identity/v3/domains?name=Default 0.308s
2024-10-12 10:52:55.007 62078 INFO tempest.lib.common.rest_client [req-aae0c79e-9ca0-4792-89db-1bdb71ae1fea req-aae0c79e-9ca0-4792-89db-1bdb71ae1fea ] Request (QuotasAdminTestV236:setUpClass): 200 GET http://10.180.1.21/identity/v3/domains?name=Default 0.315s
2024-10-12 10:52:55.031 62074 INFO tempest.lib.common.rest_client [req-931807eb-840a-4c1e-8ad9-b04d09d99170 req-931807eb-840a-4c1e-8ad9-b04d09d99170 ] Request (FlavorsV255TestJSON:tearDownClass): 204 DELETE http://10.180.1.21/identity/v3/users/7db304c957ac4610ab8fbdcd3b41b167 0.274s
2024-10-12 10:52:55.122 62120 INFO tempest.lib.common.rest_client [req-0f7c901d-84be-42bb-9911-146a4ee23660 req-0f7c901d-84be-42bb-9911-146a4ee23660 ] Request (SecurityGroupRulesTestJSON:setUpClass): 200 GET http://10.180.1.21/identity/v3/roles 0.303s
2024-10-12 10:52:55.134 62084 INFO tempest.lib.common.rest_client [req-f72c383d-5fd2-4a21-8076-12fdb7d5fd5a req-f72c383d-5fd2-4a21-8076-12fdb7d5fd5a ] Request (FlavorsV261TestJSON:tearDownClass): 204 DELETE http://10.180.1.21:9696/networking/v2.0/security-groups/f95efb6a-add4-4708-ac9b-778b59d0f8a8 0.218s
2024-10-12 10:52:55.161 62062 INFO tempest.lib.common.rest_client [req-2ee5f3c9-da23-46ef-8619-81f8339bb28e req-2ee5f3c9-da23-46ef-8619-81f8339bb28e ] Request (FloatingIPDetailsNegativeTestJSON:setUpClass): 201 POST http://10.180.1.21/identity/v3/auth/tokens 0.286s
2024-10-12 10:52:55.164 62072 INFO tempest.lib.common.rest_client [req-1897956e-06e8-4619-9e58-09bd6bfd0e8f req-1897956e-06e8-4619-9e58-09bd6bfd0e8f ] Request (FlavorMetadataValidation:tearDownClass): 204 DELETE http://10.180.1.21:9696/networking/v2.0/security-groups/66dfe7b9-9f3b-490b-9fad-93e67696546f 0.224s
2024-10-12 10:52:55.168 62088 INFO tempest.lib.common.rest_client [req-ebe37ab4-5a04-40ee-a954-ccf2e594cd44 req-ebe37ab4-5a04-40ee-a954-ccf2e594cd44 ] Request (QuotasSecurityGroupAdminNegativeTest:setUpClass): 201 POST http://10.180.1.21/identity/v3/projects 0.333s
2024-10-12 10:52:55.187 62064 INFO tempest.lib.common.rest_client [req-57b7f782-8886-4ce0-b23a-0063742e7302 req-57b7f782-8886-4ce0-b23a-0063742e7302 ] Request (VolumesAssistedSnapshotsTest:test_volume_assisted_snapshot_create_delete): 200 POST http://10.180.1.21/compute/v2.1/os-keypairs 0.754s
2024-10-12 10:52:55.231 62090 INFO tempest.lib.common.rest_client [req-93f34202-13b7-43ec-8435-b4537ef4e3bd req-93f34202-13b7-43ec-8435-b4537ef4e3bd ] Request (HypervisorAdminNegativeUnderV252Test:tearDownClass): 201 POST http://10.180.1.21/identity/v3/auth/tokens 0.340s
2024-10-12 10:52:55.240 62098 INFO tempest.lib.common.rest_client [req-0d12766b-e433-41ee-9ac3-1f72180b5021 req-0d12766b-e433-41ee-9ac3-1f72180b5021 ] Request (QuotasAdminTestJSON:test_get_updated_quotas): 201 POST http://10.180.1.21/identity/v3/projects 0.284s
2024-10-12 10:52:55.261 62112 INFO tempest.lib.common.rest_client [req-08c26bb7-e0ca-4722-b26a-669720a84a24 req-08c26bb7-e0ca-4722-b26a-669720a84a24 ] Request (ServerDiskConfigTestJSON:test_rebuild_server_with_auto_disk_config): 200 GET http://10.180.1.21/compute/v2.1/servers/8a78dbd9-6ac2-4652-85e7-7ee59be346f4 0.707s
2024-10-12 10:52:55.273 62110 INFO tempest.lib.common.rest_client [req-9c0318ae-a66b-47ad-83db-308bd23d0b92 req-9c0318ae-a66b-47ad-83db-308bd23d0b92 ] Request (ServersWithSpecificFlavorTestJSON:test_verify_created_server_ephemeral_disk): 200 GET http://10.180.1.21/compute/v2.1/flavors/42/os-extra_specs 0.715s
2024-10-12 10:52:55.289 62106 INFO tempest.lib.common.rest_client [req-b54864cb-5d69-4658-9f58-ca413a0fe8d7 req-b54864cb-5d69-4658-9f58-ca413a0fe8d7 ] Request (ServerActionsV293TestJSON:setUpClass): 201 POST http://10.180.1.21:9696/networking/v2.0/networks 0.618s
2024-10-12 10:52:55.289 62104 INFO tempest.lib.common.rest_client [req-ee1d1c7e-aafa-4a29-95f7-6e61a8b71034 req-ee1d1c7e-aafa-4a29-95f7-6e61a8b71034 ] Request (FlavorsAccessTestJSON:_run_cleanups): 200 GET http://10.180.1.21/compute/v2.1/flavors/detail 0.719s
2024-10-12 10:52:55.298 62070 INFO tempest.lib.common.rest_client [req-ccb7f624-bdef-4a8f-a2b8-32d3f4c797d0 req-ccb7f624-bdef-4a8f-a2b8-32d3f4c797d0 ] Request (FlavorsExtraSpecsNegativeTestJSON:test_flavor_update_mismatch_key): 400 PUT http://10.180.1.21/compute/v2.1/flavors/1586582476/os-extra_specs/hw:numa_nodes 0.716s
2024-10-12 10:52:55.302 62078 INFO tempest.lib.common.rest_client [req-66f440c2-bb4f-4a01-bc4b-bab7534b57e6 req-66f440c2-bb4f-4a01-bc4b-bab7534b57e6 ] Request (QuotasAdminTestV236:setUpClass): 201 POST http://10.180.1.21/identity/v3/projects 0.294s
2024-10-12 10:52:55.315 62076 INFO tempest.lib.common.rest_client [req-b6733915-d9b6-4af2-b610-450a699f3a75 req-b6733915-d9b6-4af2-b610-450a699f3a75 ] Request (FlavorsAccessNegativeTestJSON:test_flavor_access_list_with_public_flavor): 200 POST http://10.180.1.21/compute/v2.1/flavors 0.641s
2024-10-12 10:52:55.356 62120 INFO tempest.lib.common.rest_client [req-ee0c770c-2c73-4fc9-85a2-dabfe5fe0f38 req-ee0c770c-2c73-4fc9-85a2-dabfe5fe0f38 ] Request (SecurityGroupRulesTestJSON:setUpClass): 204 PUT http://10.180.1.21/identity/v3/projects/ed2fcd0d395c41a0b90d78e57bf68b89/users/157bf2cfc3914c399e51f59d5186103d/roles/ce12846925a449cc89ab4ef1e8e22a12 0.234s
2024-10-12 10:52:55.357 62120 INFO tempest.lib.common.dynamic_creds [-] Dynamic test user 157bf2cfc3914c399e51f59d5186103d is created with scope project and roles: ['member']
2024-10-12 10:52:55.357 62120 INFO tempest.lib.common.dynamic_creds [-] Acquired dynamic creds: credentials: Credentials: {'domain_id': 'default', 'domain_name': 'Default', 'username': 'tempest-SecurityGroupRulesTestJSON-1977984417-project-member', 'project_domain_id': 'default', 'project_domain_name': 'Default', 'project_id': 'ed2fcd0d395c41a0b90d78e57bf68b89', 'project_name': 'tempest-SecurityGroupRulesTestJSON-1977984417', 'tenant_id': 'ed2fcd0d395c41a0b90d78e57bf68b89', 'tenant_name': 'tempest-SecurityGroupRulesTestJSON-1977984417', 'user_domain_id': 'default', 'user_domain_name': 'Default', 'user_id': '157bf2cfc3914c399e51f59d5186103d', 'system': None}, Network: None, Subnet: None, Router: None
2024-10-12 10:52:55.393 62074 INFO tempest.lib.common.rest_client [req-e87c2a39-4608-40b4-b133-b6bc29a6cddb req-e87c2a39-4608-40b4-b133-b6bc29a6cddb ] Request (FlavorsV255TestJSON:tearDownClass): 204 DELETE http://10.180.1.21/identity/v3/users/54c67b435fed4922ae3c85541392b6fe 0.361s
2024-10-12 10:52:55.393 62074 INFO tempest.lib.common.dynamic_creds [-] Deleting project and security group for project: 411287d49a754374a9343e19d5f24f88
2024-10-12 10:52:55.403 62096 INFO tempest.lib.common.rest_client [req-87146090-8a28-447c-8b78-ecdc58206b1c req-87146090-8a28-447c-8b78-ecdc58206b1c ] Request (ServersAdmin275Test:test_rebuild_update_server_275): 200 GET http://10.180.1.21/compute/v2.1/servers/ff1dac51-f008-4218-bd4c-f0104657a2ee 0.715s
2024-10-12 10:52:55.433 62064 INFO tempest.lib.common.rest_client [req-d8c18a87-3128-47b6-b959-cb72c5af834e req-d8c18a87-3128-47b6-b959-cb72c5af834e ] Request (VolumesAssistedSnapshotsTest:test_volume_assisted_snapshot_create_delete): 201 POST http://10.180.1.21:9696/networking/v2.0/security-groups 0.244s
2024-10-12 10:52:55.437 62094 INFO tempest.lib.common.rest_client [req-37279fb8-f3af-417b-a4f8-be1ed159603b req-37279fb8-f3af-417b-a4f8-be1ed159603b ] Request (KeyPairsV210TestJSON:_run_cleanups): 204 DELETE http://10.180.1.21/compute/v2.1/os-keypairs/tempest-keypair-283929000?user_id=9eadda27f5144c53a448de77a68051b7 0.732s
2024-10-12 10:52:55.446 62116 INFO tempest.lib.common.rest_client [req-462938f5-f6d3-4703-912b-7d3e0fcfebf2 req-462938f5-f6d3-4703-912b-7d3e0fcfebf2 ] Request (FloatingIPsAssociationTestJSON:setUpClass): 201 POST http://10.180.1.21:9696/networking/v2.0/networks 0.654s
2024-10-12 10:52:55.463 62058 INFO tempest.lib.common.rest_client [req-bb1fbd87-7438-456a-8025-3d2c679e30da req-bb1fbd87-7438-456a-8025-3d2c679e30da ] Request (HostsAdminNegativeTestJSON:test_shutdown_nonexistent_host): 404 GET http://10.180.1.21/compute/v2.1/os-hosts/nonexistent_hostname/shutdown 0.752s
2024-10-12 10:52:55.481 62068 INFO tempest.lib.common.rest_client [req-faa3cb61-d6ed-4a20-a858-9b04031f1344 req-faa3cb61-d6ed-4a20-a858-9b04031f1344 ] Request (FlavorsAdminTestJSON:test_create_flavor_with_int_id): 200 POST http://10.180.1.21/compute/v2.1/flavors 0.742s
2024-10-12 10:52:55.499 62072 INFO tempest.lib.common.rest_client [req-e58a553d-83cd-4193-91be-d31f212ebe62 req-e58a553d-83cd-4193-91be-d31f212ebe62 ] Request (FlavorMetadataValidation:tearDownClass): 204 DELETE http://10.180.1.21/identity/v3/projects/a01e1a4fbaa4494e81dad6d550f058b4 0.335s
2024-10-12 10:52:55.499 62072 INFO tempest.lib.common.dynamic_creds [-] Deleting project and security group for project: 86f9e4397b8d4e5ea55776b4ef67de79
2024-10-12 10:52:55.550 62084 INFO tempest.lib.common.rest_client [req-79116abd-14df-4ade-8e5c-12190819dff7 req-79116abd-14df-4ade-8e5c-12190819dff7 ] Request (FlavorsV261TestJSON:tearDownClass): 204 DELETE http://10.180.1.21/identity/v3/projects/7a5cc9c500d748ddb7a2996123f79bcf 0.416s
2024-10-12 10:52:55.552 62084 INFO tempest.lib.common.dynamic_creds [-] Deleting project and security group for project: 9ca3be82d8104ddd8028e7ff7a647476
2024-10-12 10:52:55.573 62060 INFO tempest.lib.common.rest_client [req-87452594-e3d7-4a48-9cef-a2134a5a2093 req-87452594-e3d7-4a48-9cef-a2134a5a2093 ] Request (SecurityGroupsTestJSON:test_list_security_groups_by_server): 200 GET http://10.180.1.21/compute/v2.1/servers/ab91f88f-6e87-405f-81ab-bf00be2003a8 0.820s
2024-10-12 10:52:55.591 62062 INFO tempest.lib.common.rest_client [req-224a6af5-e3fa-4478-b34b-fdd591c66fb6 req-224a6af5-e3fa-4478-b34b-fdd591c66fb6 ] Request (FloatingIPDetailsNegativeTestJSON:setUpClass): 201 POST http://10.180.1.21/identity/v3/auth/tokens 0.423s
2024-10-12 10:52:55.598 62102 INFO tempest.lib.common.rest_client [req-0dcb9d5f-a4ac-4981-ac5b-03b73860de91 req-0dcb9d5f-a4ac-4981-ac5b-03b73860de91 ] Request (FlavorsExtraSpecsTestJSON:test_flavor_set_get_update_show_unset_keys): 200 GET http://10.180.1.21/compute/v2.1/flavors/87937916/os-extra_specs 0.844s
2024-10-12 10:52:55.620 62064 INFO tempest.lib.common.rest_client [req-08bdf77e-2f0b-42d7-acb9-26c2babc794e req-08bdf77e-2f0b-42d7-acb9-26c2babc794e ] Request (VolumesAssistedSnapshotsTest:test_volume_assisted_snapshot_create_delete): 201 POST http://10.180.1.21:9696/networking/v2.0/security-group-rules 0.186s
2024-10-12 10:52:55.621 62118 INFO tempest.lib.common.rest_client [req-3b142d30-dd26-4375-8026-3acf8d88200d req-3b142d30-dd26-4375-8026-3acf8d88200d ] Request (ServicesAdminNegativeV253TestJSON:test_get_service_with_valid_service_and_invalid_host): 200 GET http://10.180.1.21/compute/v2.1/os-services 0.846s
2024-10-12 10:52:55.637 62088 INFO tempest.lib.common.rest_client [req-56ab2b98-9def-490c-867b-c0c5cf9f0be4 req-56ab2b98-9def-490c-867b-c0c5cf9f0be4 ] Request (QuotasSecurityGroupAdminNegativeTest:setUpClass): 201 POST http://10.180.1.21/identity/v3/users 0.468s
2024-10-12 10:52:55.650 62066 INFO tempest.lib.common.rest_client [req-8919d426-1fff-4c40-8de9-27deec63d47f req-8919d426-1fff-4c40-8de9-27deec63d47f ] Request (SecurityGroupsNegativeTestJSON:test_security_group_get_nonexistent_group): 404 GET http://10.180.1.21/compute/v2.1/os-security-groups/1b019f99-99c5-4158-835e-225a58f441a0 0.854s
2024-10-12 10:52:55.714 62078 INFO tempest.lib.common.rest_client [req-31f09ac4-ef5d-4966-ab27-7d773fec094f req-31f09ac4-ef5d-4966-ab27-7d773fec094f ] Request (QuotasAdminTestV236:setUpClass): 201 POST http://10.180.1.21/identity/v3/users 0.412s
2024-10-12 10:52:55.720 62098 INFO tempest.lib.common.rest_client [req-a46dd887-cff4-423d-918d-f2a4637cb52f req-a46dd887-cff4-423d-918d-f2a4637cb52f ] Request (QuotasAdminTestJSON:test_get_updated_quotas): 200 GET http://10.180.1.21/identity/v3/domains?name=Default 0.479s
2024-10-12 10:52:55.740 62120 INFO tempest.lib.common.rest_client [req-2249341b-824d-4e24-9603-a6b99315cc83 req-2249341b-824d-4e24-9603-a6b99315cc83 ] Request (SecurityGroupRulesTestJSON:setUpClass): 201 POST http://10.180.1.21/identity/v3/auth/tokens 0.382s
2024-10-12 10:52:55.743 62074 INFO tempest.lib.common.rest_client [req-2039f5aa-af5b-4351-acea-a4151aa741e6 req-2039f5aa-af5b-4351-acea-a4151aa741e6 ] Request (FlavorsV255TestJSON:tearDownClass): 201 POST http://10.180.1.21/identity/v3/auth/tokens 0.350s
2024-10-12 10:52:55.757 62100 INFO tempest.lib.common.rest_client [req-0f18e15d-84a6-4843-b3a8-6b98acd37571 req-0f18e15d-84a6-4843-b3a8-6b98acd37571 ] Request (MigrationsAdminTest:test_list_migrations_in_flavor_resize_situation): 200 GET http://10.180.1.21/compute/v2.1/servers/4d9f7360-f6f1-4f3a-8c47-27b6ba26950e 0.832s
2024-10-12 10:52:55.764 62062 INFO tempest.lib.common.rest_client [req-35ade51a-1461-474d-afea-2676b5b5370d req-35ade51a-1461-474d-afea-2676b5b5370d ] Request (FloatingIPDetailsNegativeTestJSON:setUpClass): 200 GET http://10.180.1.21/identity/v3/domains?name=Default 0.172s
2024-10-12 10:52:55.776 62088 INFO tempest.lib.common.rest_client [req-1a73e3a8-2254-44ce-bfca-630286f3b035 req-1a73e3a8-2254-44ce-bfca-630286f3b035 ] Request (QuotasSecurityGroupAdminNegativeTest:setUpClass): 200 GET http://10.180.1.21/identity/v3/roles 0.139s
2024-10-12 10:52:55.821 62094 INFO tempest.lib.common.rest_client [req-47237df6-02b9-4769-9db5-d913c434f4cd req-47237df6-02b9-4769-9db5-d913c434f4cd ] Request (KeyPairsV210TestJSON:tearDownClass): 204 DELETE http://10.180.1.21/identity/v3/users/9eadda27f5144c53a448de77a68051b7 0.300s
2024-10-12 10:52:55.827 62086 INFO tempest.lib.common.rest_client [req-5c557459-b1e5-458e-aafd-a31e3eecae66 req-5c557459-b1e5-458e-aafd-a31e3eecae66 ] Request (FloatingIPsAssociationNegativeTestJSON:setUpClass): 200 GET http://10.180.1.21/compute/v2.1/servers/2646b1f8-9785-4517-a1d3-2588cd819f2b 0.762s
2024-10-12 10:52:55.827 62078 INFO tempest.lib.common.rest_client [req-28bc5c80-ab1a-4093-bec0-147328c88964 req-28bc5c80-ab1a-4093-bec0-147328c88964 ] Request (QuotasAdminTestV236:setUpClass): 200 GET http://10.180.1.21/identity/v3/roles 0.113s
2024-10-12 10:52:55.852 62106 INFO tempest.lib.common.rest_client [req-2868a4dc-d148-4f44-ba5a-31ab7ac0020c req-2868a4dc-d148-4f44-ba5a-31ab7ac0020c ] Request (ServerActionsV293TestJSON:setUpClass): 201 POST http://10.180.1.21:9696/networking/v2.0/subnets 0.562s
2024-10-12 10:52:55.885 62062 INFO tempest.lib.common.rest_client [req-8c93dd39-e639-48f9-a1cb-edc9b4c972a6 req-8c93dd39-e639-48f9-a1cb-edc9b4c972a6 ] Request (FloatingIPDetailsNegativeTestJSON:setUpClass): 201 POST http://10.180.1.21/identity/v3/projects 0.120s
2024-10-12 10:52:55.900 62064 INFO tempest.lib.common.rest_client [req-07b73caf-df49-4a57-b86d-202d176bb3f6 req-07b73caf-df49-4a57-b86d-202d176bb3f6 ] Request (VolumesAssistedSnapshotsTest:test_volume_assisted_snapshot_create_delete): 201 POST http://10.180.1.21:9696/networking/v2.0/security-group-rules 0.280s
2024-10-12 10:52:55.921 62082 INFO tempest.lib.common.rest_client [req-eb77be1e-2a06-4f25-b8e5-4d249762ae8f req-eb77be1e-2a06-4f25-b8e5-4d249762ae8f ] Request (ServerDiagnosticsV248Test:test_get_server_diagnostics): 200 GET http://10.180.1.21/compute/v2.1/servers/90a21ec5-7ccf-4d37-9ec9-19ba2bfff468 0.674s
2024-10-12 10:52:55.929 62082 INFO tempest.common.waiters [-] State transition "BUILD/networking" ==> "BUILD/spawning" after 5 second wait
2024-10-12 10:52:55.945 62072 INFO tempest.lib.common.rest_client [req-ae6aaec4-ac4e-4d5c-b292-af95d4b28313 req-ae6aaec4-ac4e-4d5c-b292-af95d4b28313 ] Request (FlavorMetadataValidation:tearDownClass): 200 GET http://10.180.1.21:9696/networking/v2.0/security-groups?tenant_id=86f9e4397b8d4e5ea55776b4ef67de79&name=default 0.445s
2024-10-12 10:52:55.952 62088 INFO tempest.lib.common.rest_client [req-843958b4-3723-4192-8383-eb1a6f5b5bbd req-843958b4-3723-4192-8383-eb1a6f5b5bbd ] Request (QuotasSecurityGroupAdminNegativeTest:setUpClass): 204 PUT http://10.180.1.21/identity/v3/projects/486248ab6c2a412a9e12d2bcd8df93d2/users/6abc3b31859e4bc8bd0b479e3320c322/roles/fe8175c4214c488caff4ab65032d2f8c 0.175s
2024-10-12 10:52:55.952 62110 INFO tempest.lib.common.rest_client [req-b872e3e1-5cc7-4173-be05-e2666e34e01d req-b872e3e1-5cc7-4173-be05-e2666e34e01d ] Request (ServersWithSpecificFlavorTestJSON:test_verify_created_server_ephemeral_disk): 200 POST http://10.180.1.21/compute/v2.1/flavors/2017849872/os-extra_specs 0.678s
2024-10-12 10:52:55.969 62084 INFO tempest.lib.common.rest_client [req-ecb10c97-2a39-4898-80cf-6368151c35ef req-ecb10c97-2a39-4898-80cf-6368151c35ef ] Request (FlavorsV261TestJSON:tearDownClass): 200 GET http://10.180.1.21:9696/networking/v2.0/security-groups?tenant_id=9ca3be82d8104ddd8028e7ff7a647476&name=default 0.417s
2024-10-12 10:52:56.049 62094 INFO tempest.lib.common.rest_client [req-e4de3f7a-e9ff-47b7-bc4d-6b764de56f90 req-e4de3f7a-e9ff-47b7-bc4d-6b764de56f90 ] Request (KeyPairsV210TestJSON:tearDownClass): 204 DELETE http://10.180.1.21/identity/v3/users/ad0b5b1707a843fb81f088f895f5160f 0.228s
2024-10-12 10:52:56.050 62094 INFO tempest.lib.common.dynamic_creds [-] Deleting project and security group for project: 0982f5dddfbb4b6387c9193791f7b327
2024-10-12 10:52:56.052 62090 INFO tempest.lib.common.rest_client [req-3f249d89-cba9-42de-8e53-e8dd20f894f6 req-3f249d89-cba9-42de-8e53-e8dd20f894f6 ] Request (HypervisorAdminNegativeUnderV252Test:tearDownClass): 200 GET http://10.180.1.21:9696/networking/v2.0/security-groups?tenant_id=fa1c78ed43824fe280be30f6279d449d&name=default 0.819s
2024-10-12 10:52:56.088 62078 INFO tempest.lib.common.rest_client [req-126f85db-4b1d-485b-9bd4-d2dd70881bf2 req-126f85db-4b1d-485b-9bd4-d2dd70881bf2 ] Request (QuotasAdminTestV236:setUpClass): 204 PUT http://10.180.1.21/identity/v3/projects/d15987ee86f34f008fd1e69d591b9a7a/users/e91eae713fac497ca57ff20eeaf834e7/roles/ce12846925a449cc89ab4ef1e8e22a12 0.259s
2024-10-12 10:52:56.089 62078 INFO tempest.lib.common.dynamic_creds [-] Dynamic test user e91eae713fac497ca57ff20eeaf834e7 is created with scope project and roles: ['member']
2024-10-12 10:52:56.089 62078 INFO tempest.lib.common.dynamic_creds [-] Acquired dynamic creds: credentials: Credentials: {'domain_id': 'default', 'domain_name': 'Default', 'username': 'tempest-QuotasAdminTestV236-324433916-project-member', 'project_domain_id': 'default', 'project_domain_name': 'Default', 'project_id': 'd15987ee86f34f008fd1e69d591b9a7a', 'project_name': 'tempest-QuotasAdminTestV236-324433916', 'tenant_id': 'd15987ee86f34f008fd1e69d591b9a7a', 'tenant_name': 'tempest-QuotasAdminTestV236-324433916', 'user_domain_id': 'default', 'user_domain_name': 'Default', 'user_id': 'e91eae713fac497ca57ff20eeaf834e7', 'system': None}, Network: None, Subnet: None, Router: None
2024-10-12 10:52:56.089 62078 INFO tempest.lib.common.dynamic_creds [-] Created isolated network resources for: credentials: Credentials: {'domain_id': 'default', 'domain_name': 'Default', 'username': 'tempest-QuotasAdminTestV236-324433916-project-member', 'project_domain_id': 'default', 'project_domain_name': 'Default', 'project_id': 'd15987ee86f34f008fd1e69d591b9a7a', 'project_name': 'tempest-QuotasAdminTestV236-324433916', 'tenant_id': 'd15987ee86f34f008fd1e69d591b9a7a', 'tenant_name': 'tempest-QuotasAdminTestV236-324433916', 'user_domain_id': 'default', 'user_domain_name': 'Default', 'user_id': 'e91eae713fac497ca57ff20eeaf834e7', 'system': None}, Network: None, Subnet: None, Router: None
2024-10-12 10:52:56.132 62062 INFO tempest.lib.common.rest_client [req-1637be56-607c-434c-85c5-85b259e37f7d req-1637be56-607c-434c-85c5-85b259e37f7d ] Request (FloatingIPDetailsNegativeTestJSON:setUpClass): 201 POST http://10.180.1.21/identity/v3/users 0.246s
2024-10-12 10:52:56.139 62088 INFO tempest.lib.common.rest_client [req-2129fee4-f769-4fde-a19f-2adede3649b2 req-2129fee4-f769-4fde-a19f-2adede3649b2 ] Request (QuotasSecurityGroupAdminNegativeTest:setUpClass): 200 GET http://10.180.1.21/identity/v3/roles 0.187s
2024-10-12 10:52:56.165 62116 INFO tempest.lib.common.rest_client [req-9172ca56-5433-44a3-9bdc-f9bb4cf177d8 req-9172ca56-5433-44a3-9bdc-f9bb4cf177d8 ] Request (FloatingIPsAssociationTestJSON:setUpClass): 201 POST http://10.180.1.21:9696/networking/v2.0/subnets 0.719s
2024-10-12 10:52:56.212 62094 INFO tempest.lib.common.rest_client [req-c4485b23-2851-40e0-845a-2cc1f6f522fa req-c4485b23-2851-40e0-845a-2cc1f6f522fa ] Request (KeyPairsV210TestJSON:tearDownClass): 201 POST http://10.180.1.21/identity/v3/auth/tokens 0.162s
2024-10-12 10:52:56.226 62062 INFO tempest.lib.common.rest_client [req-6984e4d2-634f-40d1-a232-ea7f43251e4d req-6984e4d2-634f-40d1-a232-ea7f43251e4d ] Request (FloatingIPDetailsNegativeTestJSON:setUpClass): 200 GET http://10.180.1.21/identity/v3/roles 0.094s
2024-10-12 10:52:56.254 62070 INFO tempest.lib.common.rest_client [req-59532bf5-b6a9-4990-a2bc-16f918e260b2 req-59532bf5-b6a9-4990-a2bc-16f918e260b2 ] Request (FlavorsExtraSpecsNegativeTestJSON:test_flavor_update_more_key): 400 PUT http://10.180.1.21/compute/v2.1/flavors/1586582476/os-extra_specs/hw:numa_nodes 0.953s
2024-10-12 10:52:56.254 62088 INFO tempest.lib.common.rest_client [req-155ec6f5-9761-4663-82d4-f47929527364 req-155ec6f5-9761-4663-82d4-f47929527364 ] Request (QuotasSecurityGroupAdminNegativeTest:setUpClass): 204 PUT http://10.180.1.21/identity/v3/projects/486248ab6c2a412a9e12d2bcd8df93d2/users/6abc3b31859e4bc8bd0b479e3320c322/roles/fe8175c4214c488caff4ab65032d2f8c 0.115s
2024-10-12 10:52:56.255 62088 INFO tempest.lib.common.dynamic_creds [-] Dynamic test user 6abc3b31859e4bc8bd0b479e3320c322 is created with scope project and roles: ['admin']
2024-10-12 10:52:56.255 62088 INFO tempest.lib.common.dynamic_creds [-] Acquired dynamic creds: credentials: Credentials: {'domain_id': 'default', 'domain_name': 'Default', 'username': 'tempest-QuotasSecurityGroupAdminNegativeTest-1202526084-project-admin', 'project_domain_id': 'default', 'project_domain_name': 'Default', 'project_id': '486248ab6c2a412a9e12d2bcd8df93d2', 'project_name': 'tempest-QuotasSecurityGroupAdminNegativeTest-1202526084', 'tenant_id': '486248ab6c2a412a9e12d2bcd8df93d2', 'tenant_name': 'tempest-QuotasSecurityGroupAdminNegativeTest-1202526084', 'user_domain_id': 'default', 'user_domain_name': 'Default', 'user_id': '6abc3b31859e4bc8bd0b479e3320c322', 'system': None}, Network: None, Subnet: None, Router: None
2024-10-12 10:52:56.255 62088 INFO tempest.lib.common.dynamic_creds [-] Created isolated network resources for: credentials: Credentials: {'domain_id': 'default', 'domain_name': 'Default', 'username': 'tempest-QuotasSecurityGroupAdminNegativeTest-1202526084-project-admin', 'project_domain_id': 'default', 'project_domain_name': 'Default', 'project_id': '486248ab6c2a412a9e12d2bcd8df93d2', 'project_name': 'tempest-QuotasSecurityGroupAdminNegativeTest-1202526084', 'tenant_id': '486248ab6c2a412a9e12d2bcd8df93d2', 'tenant_name': 'tempest-QuotasSecurityGroupAdminNegativeTest-1202526084', 'user_domain_id': 'default', 'user_domain_name': 'Default', 'user_id': '6abc3b31859e4bc8bd0b479e3320c322', 'system': None}, Network: None, Subnet: None, Router: None
2024-10-12 10:52:56.273 62072 INFO tempest.lib.common.rest_client [req-734ed5e7-78fe-49fe-889a-f2e452baf40b req-734ed5e7-78fe-49fe-889a-f2e452baf40b ] Request (FlavorMetadataValidation:tearDownClass): 204 DELETE http://10.180.1.21:9696/networking/v2.0/security-groups/31d2cd57-0938-4311-8f66-0845aad28cfd 0.328s
2024-10-12 10:52:56.273 62076 INFO tempest.lib.common.rest_client [req-226188c1-c556-416b-a2c3-f2610e42fcfd req-226188c1-c556-416b-a2c3-f2610e42fcfd ] Request (FlavorsAccessNegativeTestJSON:test_flavor_access_list_with_public_flavor): 404 GET http://10.180.1.21/compute/v2.1/flavors/390789275/os-flavor-access 0.951s
2024-10-12 10:52:56.287 62084 INFO tempest.lib.common.rest_client [req-4421bfa2-d26b-4d3f-882c-1c5f2add657b req-4421bfa2-d26b-4d3f-882c-1c5f2add657b ] Request (FlavorsV261TestJSON:tearDownClass): 204 DELETE http://10.180.1.21:9696/networking/v2.0/security-groups/1af797d4-fd2a-47be-aebd-7d6a801354f9 0.317s
2024-10-12 10:52:56.289 62078 INFO tempest.lib.common.rest_client [req-24066ea2-888e-4926-8c86-d0a8469425b4 req-24066ea2-888e-4926-8c86-d0a8469425b4 ] Request (QuotasAdminTestV236:setUpClass): 201 POST http://10.180.1.21/identity/v3/auth/tokens 0.195s
2024-10-12 10:52:56.290 62104 INFO tempest.lib.common.rest_client [req-a5337359-bf52-4765-8d81-ade434f8489f req-a5337359-bf52-4765-8d81-ade434f8489f ] Request (FlavorsAccessTestJSON:test_flavor_access_list_with_private_flavor): 200 POST http://10.180.1.21/compute/v2.1/flavors 0.923s
2024-10-12 10:52:56.311 62090 INFO tempest.lib.common.rest_client [req-9587f6d8-b72d-4640-b067-c048fad8343b req-9587f6d8-b72d-4640-b067-c048fad8343b ] Request (HypervisorAdminNegativeUnderV252Test:tearDownClass): 204 DELETE http://10.180.1.21:9696/networking/v2.0/security-groups/60d5267f-5852-47e2-ae4f-91d1734e53eb 0.258s
2024-10-12 10:52:56.314 62092 INFO tempest.lib.common.rest_client [req-8106c4a9-90cc-44ff-bc34-6c5a108b2dae req-8106c4a9-90cc-44ff-bc34-6c5a108b2dae ] Request (AggregatesAdminNegativeTestJSON:_run_cleanups): 200 POST http://10.180.1.21/compute/v2.1/os-aggregates/1/action 1.842s
2024-10-12 10:52:56.325 62058 INFO tempest.lib.common.rest_client [req-44f1eee0-e8e5-4dad-961f-9113f4dcf3c1 req-44f1eee0-e8e5-4dad-961f-9113f4dcf3c1 ] Request (HostsAdminNegativeTestJSON:test_startup_host_with_non_admin_user): 403 GET http://10.180.1.21/compute/v2.1/os-hosts/devstack/startup 0.857s
2024-10-12 10:52:56.333 62074 INFO tempest.lib.common.rest_client [req-0398680e-d60f-4590-9702-19815b4bf4df req-0398680e-d60f-4590-9702-19815b4bf4df ] Request (FlavorsV255TestJSON:tearDownClass): 200 GET http://10.180.1.21:9696/networking/v2.0/security-groups?tenant_id=411287d49a754374a9343e19d5f24f88&name=default 0.589s
2024-10-12 10:52:56.348 62068 INFO tempest.lib.common.rest_client [req-14e894b0-5659-4856-8045-ee6bf8b2e953 req-14e894b0-5659-4856-8045-ee6bf8b2e953 ] Request (FlavorsAdminTestJSON:_run_cleanups): 202 DELETE http://10.180.1.21/compute/v2.1/flavors/632384782 0.865s
2024-10-12 10:52:56.355 62062 INFO tempest.lib.common.rest_client [req-af51dbb2-755e-4e82-a563-efb461c114fe req-af51dbb2-755e-4e82-a563-efb461c114fe ] Request (FloatingIPDetailsNegativeTestJSON:setUpClass): 204 PUT http://10.180.1.21/identity/v3/projects/232522b4402e4b938866a67be19a3edf/users/17e95deb1f5d4ff5b5294d1f5c527805/roles/ce12846925a449cc89ab4ef1e8e22a12 0.128s
2024-10-12 10:52:56.355 62062 INFO tempest.lib.common.dynamic_creds [-] Dynamic test user 17e95deb1f5d4ff5b5294d1f5c527805 is created with scope project and roles: ['member']
2024-10-12 10:52:56.355 62062 INFO tempest.lib.common.dynamic_creds [-] Acquired dynamic creds: credentials: Credentials: {'domain_id': 'default', 'domain_name': 'Default', 'username': 'tempest-FloatingIPDetailsNegativeTestJSON-419980964-project-member', 'project_domain_id': 'default', 'project_domain_name': 'Default', 'project_id': '232522b4402e4b938866a67be19a3edf', 'project_name': 'tempest-FloatingIPDetailsNegativeTestJSON-419980964', 'tenant_id': '232522b4402e4b938866a67be19a3edf', 'tenant_name': 'tempest-FloatingIPDetailsNegativeTestJSON-419980964', 'user_domain_id': 'default', 'user_domain_name': 'Default', 'user_id': '17e95deb1f5d4ff5b5294d1f5c527805', 'system': None}, Network: None, Subnet: None, Router: None
2024-10-12 10:52:56.368 62080 INFO tempest.lib.common.rest_client [req-e9078b1b-060c-4811-9957-7f8511d0a52e req-e9078b1b-060c-4811-9957-7f8511d0a52e ] Request (ServerDiagnosticsTest:test_get_server_diagnostics): 200 GET http://10.180.1.21/compute/v2.1/servers/c9690979-6f9e-4184-80db-b8f9659aa0c2 0.925s
2024-10-12 10:52:56.396 62102 INFO tempest.lib.common.rest_client [req-b10412b5-d355-4153-999c-559885925a63 req-b10412b5-d355-4153-999c-559885925a63 ] Request (FlavorsExtraSpecsTestJSON:test_flavor_set_get_update_show_unset_keys): 200 DELETE http://10.180.1.21/compute/v2.1/flavors/87937916/os-extra_specs/hw:numa_nodes 0.797s
2024-10-12 10:52:56.417 62114 INFO tempest.lib.common.rest_client [req-68f6064e-ae98-4106-9db2-3dd2909d70e6 req-68f6064e-ae98-4106-9db2-3dd2909d70e6 ] Request (DeleteServersAdminTestJSON:test_admin_delete_servers_of_others): 200 GET http://10.180.1.21/compute/v2.1/servers/6fc17951-d4d8-4ff0-9e93-2f5a15a5e946 0.866s
2024-10-12 10:52:56.419 62118 INFO tempest.lib.common.rest_client [req-8085fd04-3cd7-4a98-b806-bfb9a787f336 req-8085fd04-3cd7-4a98-b806-bfb9a787f336 ] Request (ServicesAdminNegativeV253TestJSON:test_get_service_with_valid_service_and_invalid_host): 200 GET http://10.180.1.21/compute/v2.1/os-services?host=xxx&binary=nova-scheduler 0.791s
