2024-10-15 07:40:37.172 62316 INFO tempest.lib.common.dynamic_creds [-] Created isolated network resources for: credentials: Credentials: {'domain_id': 'default', 'domain_name': 'Default', 'username': 'tempest-VolumesAdminNegativeTest-919693745-project-member', 'project_domain_id': 'default', 'project_domain_name': 'Default', 'project_id': '26a2d41507c24d718033ea87ecccd436', 'project_name': 'tempest-VolumesAdminNegativeTest-919693745', 'tenant_id': '26a2d41507c24d718033ea87ecccd436', 'tenant_name': 'tempest-VolumesAdminNegativeTest-919693745', 'user_domain_id': 'default', 'user_domain_name': 'Default', 'user_id': 'ca3e3249f4a74997b5dce26b738845e6', 'system': None}, Network: {'id': '2df3fc11-7a12-4b57-9034-e35c65b63b76', 'name': 'tempest-VolumesAdminNegativeTest-61113141-network', 'tenant_id': '26a2d41507c24d718033ea87ecccd436', 'admin_state_up': True, 'mtu': 8950, 'status': 'ACTIVE', 'subnets': [], 'shared': False, 'project_id': '26a2d41507c24d718033ea87ecccd436', 'port_security_enabled': True, 'router:external': False, 'provider:network_type': 'vlan', 'provider:physical_network': 'default', 'provider:segmentation_id': 93, 'is_default': False, 'availability_zone_hints': [], 'availability_zones': [], 'ipv4_address_scope': None, 'ipv6_address_scope': None, 'description': '', 'tags': [], 'created_at': '2024-10-15T07:40:33Z', 'updated_at': '2024-10-15T07:40:33Z', 'revision_number': 1}, Subnet: {'id': 'f6043114-88e9-447f-a29f-9f4833d9714b', 'name': 'tempest-VolumesAdminNegativeTest-61113141-subnet', 'tenant_id': '26a2d41507c24d718033ea87ecccd436', 'network_id': '2df3fc11-7a12-4b57-9034-e35c65b63b76', 'ip_version': 4, 'subnetpool_id': None, 'enable_dhcp': True, 'ipv6_ra_mode': None, 'ipv6_address_mode': None, 'gateway_ip': '192.168.128.1', 'cidr': '192.168.128.0/28', 'allocation_pools': [{'start': '192.168.128.2', 'end': '192.168.128.14'}], 'host_routes': [], 'dns_nameservers': [], 'description': '', 'router:external': False, 'service_types': [], 'tags': [], 'created_at': '2024-10-15T07:40:33Z', 'updated_at': '2024-10-15T07:40:33Z', 'revision_number': 0, 'project_id': '26a2d41507c24d718033ea87ecccd436'}, Router: {'id': '03e02a69-d1b0-4149-aba6-ceda9db5cdb2', 'name': 'tempest-VolumesAdminNegativeTest-61113141-router', 'tenant_id': '26a2d41507c24d718033ea87ecccd436', 'admin_state_up': True, 'status': 'ACTIVE', 'external_gateway_info': {'network_id': 'df738a63-29d6-4071-a7fd-6c63bfc26ca3', 'external_fixed_ips': [{'subnet_id': 'f1a022bf-c313-4a44-b6d9-86fe6e59ed78', 'ip_address': '10.180.180.203'}], 'enable_snat': True}, 'description': '', 'availability_zones': [], 'distributed': False, 'ha': False, 'availability_zone_hints': [], 'routes': [], 'flavor_id': None, 'tags': [], 'created_at': '2024-10-15T07:40:33Z', 'updated_at': '2024-10-15T07:40:34Z', 'revision_number': 2, 'project_id': '26a2d41507c24d718033ea87ecccd436'}
2024-10-15 07:40:37.180 62288 INFO tempest.lib.common.rest_client [req-a81c21f7-33ac-40aa-bda8-60480734c164 req-a81c21f7-33ac-40aa-bda8-60480734c164 ] Request (HypervisorAdminV253TestBase:setUpClass): 204 PUT http://10.180.1.21/identity/v3/projects/dd79c43bef3a4b9aa4f750f7c0a3b0f0/users/0b0deb9f2e8743dba6007492a0f48cbd/roles/395575bfa8ad448b8a4b710ed616a683 0.720s
2024-10-15 07:40:37.235 62306 INFO tempest.lib.common.rest_client [req-62169231-0acf-46bd-984f-a6fff3c0ab8a req-62169231-0acf-46bd-984f-a6fff3c0ab8a ] Request (QuotasAdminTestV257:test_get_updated_quotas): 200 GET http://10.180.1.21/identity/v3/domains?name=Default 0.733s
2024-10-15 07:40:37.238 62272 INFO tempest.lib.common.rest_client [req-4ba904b2-9080-4578-a113-d3282606e924 req-4ba904b2-9080-4578-a113-d3282606e924 ] Request (AggregatesAdminNegativeTestJSON:setUpClass): 200 GET http://10.180.1.21/identity/v3/roles 0.751s
2024-10-15 07:40:37.270 62304 INFO tempest.lib.common.rest_client [req-015c08a5-c186-408c-90d5-7490a72fc2fa req-015c08a5-c186-408c-90d5-7490a72fc2fa ] Request (FlavorsAdminTestJSON:setUpClass): 204 PUT http://10.180.1.21/identity/v3/projects/068f404a782b4bb0841e2fdb43305579/users/227e220f54f749cd8cb76693d5edc7cb/roles/395575bfa8ad448b8a4b710ed616a683 0.708s
2024-10-15 07:40:37.270 62304 INFO tempest.lib.common.dynamic_creds [-] Dynamic test user 227e220f54f749cd8cb76693d5edc7cb is created with scope project and roles: ['admin']
2024-10-15 07:40:37.271 62304 INFO tempest.lib.common.dynamic_creds [-] Acquired dynamic creds: credentials: Credentials: {'domain_id': 'default', 'domain_name': 'Default', 'username': 'tempest-FlavorsAdminTestJSON-1868812210-project-admin', 'project_domain_id': 'default', 'project_domain_name': 'Default', 'project_id': '068f404a782b4bb0841e2fdb43305579', 'project_name': 'tempest-FlavorsAdminTestJSON-1868812210', 'tenant_id': '068f404a782b4bb0841e2fdb43305579', 'tenant_name': 'tempest-FlavorsAdminTestJSON-1868812210', 'user_domain_id': 'default', 'user_domain_name': 'Default', 'user_id': '227e220f54f749cd8cb76693d5edc7cb', 'system': None}, Network: None, Subnet: None, Router: None
2024-10-15 07:40:37.271 62304 INFO tempest.lib.common.dynamic_creds [-] Created isolated network resources for: credentials: Credentials: {'domain_id': 'default', 'domain_name': 'Default', 'username': 'tempest-FlavorsAdminTestJSON-1868812210-project-admin', 'project_domain_id': 'default', 'project_domain_name': 'Default', 'project_id': '068f404a782b4bb0841e2fdb43305579', 'project_name': 'tempest-FlavorsAdminTestJSON-1868812210', 'tenant_id': '068f404a782b4bb0841e2fdb43305579', 'tenant_name': 'tempest-FlavorsAdminTestJSON-1868812210', 'user_domain_id': 'default', 'user_domain_name': 'Default', 'user_id': '227e220f54f749cd8cb76693d5edc7cb', 'system': None}, Network: None, Subnet: None, Router: None
2024-10-15 07:40:37.304 62296 INFO tempest.lib.common.rest_client [req-902c2fd9-2788-4483-9b63-d4529836e9a7 req-902c2fd9-2788-4483-9b63-d4529836e9a7 ] Request (HypervisorAdminUnderV252Test:setUpClass): 201 POST http://10.180.1.21/identity/v3/auth/tokens 0.749s
2024-10-15 07:40:37.322 62318 INFO tempest.lib.common.rest_client [req-509268f4-b9d1-43f4-b1e0-49cab233b437 req-509268f4-b9d1-43f4-b1e0-49cab233b437 ] Request (MigrationsAdminTest:setUpClass): 200 GET http://10.180.1.21/identity/v3/roles 0.705s
2024-10-15 07:40:37.330 62312 INFO tempest.lib.common.rest_client [req-a5eae4f0-29e6-4d30-89f8-24a2c375a8a3 req-a5eae4f0-29e6-4d30-89f8-24a2c375a8a3 ] Request (HypervisorAdminV228Test:setUpClass): 200 GET http://10.180.1.21/identity/v3/roles 0.728s
2024-10-15 07:40:37.337 62280 INFO tempest.lib.common.rest_client [req-41dead83-9f18-4b50-a019-838dc82c5162 req-41dead83-9f18-4b50-a019-838dc82c5162 ] Request (AZAdminNegativeTestJSON:tearDownClass): 204 DELETE http://10.180.1.21:9696/networking/v2.0/security-groups/bbbe1659-e953-4d3b-a00f-522101fe6a92 0.269s
2024-10-15 07:40:37.343 62274 INFO tempest.lib.common.rest_client [req-23cfd302-1aad-4606-97bd-ed7b664ebd73 req-23cfd302-1aad-4606-97bd-ed7b664ebd73 ] Request (ServerDiagnosticsNegativeTest:setUpClass): 200 GET http://10.180.1.21/identity/v3/roles 0.657s
2024-10-15 07:40:37.361 62294 INFO tempest.lib.common.rest_client [req-30084b74-f4c8-47b8-8988-fb0cff4a678c req-30084b74-f4c8-47b8-8988-fb0cff4a678c ] Request (FlavorsV261TestJSON:setUpClass): 200 GET http://10.180.1.21/identity/v3/roles 0.549s
2024-10-15 07:40:37.363 62320 INFO tempest.lib.common.rest_client [req-259f3250-cde4-4991-a23c-8116b49cb71b req-259f3250-cde4-4991-a23c-8116b49cb71b ] Request (ServersAdminNegativeTestJSON:setUpClass): 200 GET http://10.180.1.21/identity/v3/roles 0.613s
2024-10-15 07:40:37.373 62322 INFO tempest.lib.common.rest_client [req-fbd57b0c-1ccb-45a1-aa39-3de38ac6ef26 req-fbd57b0c-1ccb-45a1-aa39-3de38ac6ef26 ] Request (FlavorsAccessTestJSON:setUpClass): 200 GET http://10.180.1.21/identity/v3/roles 0.534s
2024-10-15 07:40:37.439 62264 INFO tempest.lib.common.rest_client [req-9bf8fa3f-a980-47c4-a568-7f343a368779 req-9bf8fa3f-a980-47c4-a568-7f343a368779 ] Request (QuotasAdminTestV236:setUpClass): 201 POST http://10.180.1.21/identity/v3/auth/tokens 0.540s
2024-10-15 07:40:37.439 62264 WARNING tempest.lib.common.rest_client [-] Deprecated: "tenant_id" property is deprecated for removal, use "project_id" instead
2024-10-15 07:40:37.511 62262 INFO tempest.lib.common.rest_client [req-e421944a-62dd-47bf-b412-846442f6da69 req-e421944a-62dd-47bf-b412-846442f6da69 ] Request (ServerExternalEventsTest:setUpClass): 204 PUT http://10.180.1.21/identity/v3/projects/d62c3473023748c7a4a66a9dedc40ac4/users/e3ba77bd2eb5442688a7428e79e9ad91/roles/395575bfa8ad448b8a4b710ed616a683 0.561s
2024-10-15 07:40:37.511 62262 INFO tempest.lib.common.dynamic_creds [-] Dynamic test user e3ba77bd2eb5442688a7428e79e9ad91 is created with scope project and roles: ['admin']
2024-10-15 07:40:37.512 62262 INFO tempest.lib.common.dynamic_creds [-] Acquired dynamic creds: credentials: Credentials: {'domain_id': 'default', 'domain_name': 'Default', 'username': 'tempest-ServerExternalEventsTest-35108699-project-admin', 'project_domain_id': 'default', 'project_domain_name': 'Default', 'project_id': 'd62c3473023748c7a4a66a9dedc40ac4', 'project_name': 'tempest-ServerExternalEventsTest-35108699', 'tenant_id': 'd62c3473023748c7a4a66a9dedc40ac4', 'tenant_name': 'tempest-ServerExternalEventsTest-35108699', 'user_domain_id': 'default', 'user_domain_name': 'Default', 'user_id': 'e3ba77bd2eb5442688a7428e79e9ad91', 'system': None}, Network: None, Subnet: None, Router: None
2024-10-15 07:40:37.512 62262 INFO tempest.lib.common.dynamic_creds [-] Created isolated network resources for: credentials: Credentials: {'domain_id': 'default', 'domain_name': 'Default', 'username': 'tempest-ServerExternalEventsTest-35108699-project-admin', 'project_domain_id': 'default', 'project_domain_name': 'Default', 'project_id': 'd62c3473023748c7a4a66a9dedc40ac4', 'project_name': 'tempest-ServerExternalEventsTest-35108699', 'tenant_id': 'd62c3473023748c7a4a66a9dedc40ac4', 'tenant_name': 'tempest-ServerExternalEventsTest-35108699', 'user_domain_id': 'default', 'user_domain_name': 'Default', 'user_id': 'e3ba77bd2eb5442688a7428e79e9ad91', 'system': None}, Network: None, Subnet: None, Router: None
2024-10-15 07:40:37.555 62310 INFO tempest.lib.common.rest_client [req-4b2c6b91-6478-4a78-ac84-797fe8f16252 req-4b2c6b91-6478-4a78-ac84-797fe8f16252 ] Request (FlavorsV255TestJSON:setUpClass): 201 POST http://10.180.1.21/identity/v3/auth/tokens 0.646s
2024-10-15 07:40:37.616 62298 INFO tempest.lib.common.rest_client [req-a6915c04-ef02-4ef1-bed2-71062f0f2f66 req-a6915c04-ef02-4ef1-bed2-71062f0f2f66 ] Request (QuotasAdminTestJSON:setUpClass): 201 POST http://10.180.1.21/identity/v3/auth/tokens 0.598s
2024-10-15 07:40:37.619 62298 WARNING tempest.lib.common.rest_client [-] Deprecated: "tenant_id" property is deprecated for removal, use "project_id" instead
2024-10-15 07:40:37.623 62282 INFO tempest.lib.common.rest_client [req-942a3008-f171-4082-ad33-0bb3ce96a5ea req-942a3008-f171-4082-ad33-0bb3ce96a5ea ] Request (AZAdminV2TestJSON:setUpClass): 204 PUT http://10.180.1.21/identity/v3/projects/33a1287795714d9ab340f7edd968096d/users/ea4a1a73d8854b99896d56bd965f02e8/roles/395575bfa8ad448b8a4b710ed616a683 0.587s
2024-10-15 07:40:37.623 62282 INFO tempest.lib.common.dynamic_creds [-] Dynamic test user ea4a1a73d8854b99896d56bd965f02e8 is created with scope project and roles: ['admin']
2024-10-15 07:40:37.623 62282 INFO tempest.lib.common.dynamic_creds [-] Acquired dynamic creds: credentials: Credentials: {'domain_id': 'default', 'domain_name': 'Default', 'username': 'tempest-AZAdminV2TestJSON-20523878-project-admin', 'project_domain_id': 'default', 'project_domain_name': 'Default', 'project_id': '33a1287795714d9ab340f7edd968096d', 'project_name': 'tempest-AZAdminV2TestJSON-20523878', 'tenant_id': '33a1287795714d9ab340f7edd968096d', 'tenant_name': 'tempest-AZAdminV2TestJSON-20523878', 'user_domain_id': 'default', 'user_domain_name': 'Default', 'user_id': 'ea4a1a73d8854b99896d56bd965f02e8', 'system': None}, Network: None, Subnet: None, Router: None
2024-10-15 07:40:37.624 62282 INFO tempest.lib.common.dynamic_creds [-] Created isolated network resources for: credentials: Credentials: {'domain_id': 'default', 'domain_name': 'Default', 'username': 'tempest-AZAdminV2TestJSON-20523878-project-admin', 'project_domain_id': 'default', 'project_domain_name': 'Default', 'project_id': '33a1287795714d9ab340f7edd968096d', 'project_name': 'tempest-AZAdminV2TestJSON-20523878', 'tenant_id': '33a1287795714d9ab340f7edd968096d', 'tenant_name': 'tempest-AZAdminV2TestJSON-20523878', 'user_domain_id': 'default', 'user_domain_name': 'Default', 'user_id': 'ea4a1a73d8854b99896d56bd965f02e8', 'system': None}, Network: None, Subnet: None, Router: None
2024-10-15 07:40:37.673 62270 INFO tempest.lib.common.rest_client [req-44c4cc4f-72e5-4f81-b36a-d80cb699fab3 req-44c4cc4f-72e5-4f81-b36a-d80cb699fab3 ] Request (HypervisorAdminNegativeTestJSON:setUpClass): 200 GET http://10.180.1.21/identity/v3/roles 0.609s
2024-10-15 07:40:37.695 62314 INFO tempest.lib.common.rest_client [req-106b3296-426a-4f2c-8b06-aab90a2d0d71 req-106b3296-426a-4f2c-8b06-aab90a2d0d71 ] Request (InstanceUsageAuditLogTestJSON:setUpClass): 200 GET http://10.180.1.21/identity/v3/roles 0.623s
2024-10-15 07:40:37.769 62278 INFO tempest.lib.common.rest_client [req-2bf69798-2f2d-43c2-974c-cf5da3745348 req-2bf69798-2f2d-43c2-974c-cf5da3745348 ] Request (SecurityGroupRulesNegativeTestJSON:setUpClass): 201 POST http://10.180.1.21/identity/v3/auth/tokens 0.662s
2024-10-15 07:40:37.801 62288 INFO tempest.lib.common.rest_client [req-5b5c38cf-df6d-4a51-8268-361f221f2650 req-5b5c38cf-df6d-4a51-8268-361f221f2650 ] Request (HypervisorAdminV253TestBase:setUpClass): 200 GET http://10.180.1.21/identity/v3/roles 0.620s
2024-10-15 07:40:37.841 62316 INFO tempest.lib.common.rest_client [req-c9a4f2ae-d44d-479a-a3ce-a52d50b53f3a req-c9a4f2ae-d44d-479a-a3ce-a52d50b53f3a ] Request (VolumesAdminNegativeTest:setUpClass): 201 POST http://10.180.1.21/identity/v3/auth/tokens 0.662s
2024-10-15 07:40:37.858 62272 INFO tempest.lib.common.rest_client [req-5ebc63a9-ed0a-41ca-8d66-e6abe2155f6b req-5ebc63a9-ed0a-41ca-8d66-e6abe2155f6b ] Request (AggregatesAdminNegativeTestJSON:setUpClass): 204 PUT http://10.180.1.21/identity/v3/projects/b5c7d2ea752f48eba7fed7408e98b47e/users/2732fafaf411445193d3e6a0124642f1/roles/395575bfa8ad448b8a4b710ed616a683 0.619s
2024-10-15 07:40:37.858 62272 INFO tempest.lib.common.dynamic_creds [-] Dynamic test user 2732fafaf411445193d3e6a0124642f1 is created with scope project and roles: ['admin']
2024-10-15 07:40:37.858 62272 INFO tempest.lib.common.dynamic_creds [-] Acquired dynamic creds: credentials: Credentials: {'domain_id': 'default', 'domain_name': 'Default', 'username': 'tempest-AggregatesAdminNegativeTestJSON-932484608-project-admin', 'project_domain_id': 'default', 'project_domain_name': 'Default', 'project_id': 'b5c7d2ea752f48eba7fed7408e98b47e', 'project_name': 'tempest-AggregatesAdminNegativeTestJSON-932484608', 'tenant_id': 'b5c7d2ea752f48eba7fed7408e98b47e', 'tenant_name': 'tempest-AggregatesAdminNegativeTestJSON-932484608', 'user_domain_id': 'default', 'user_domain_name': 'Default', 'user_id': '2732fafaf411445193d3e6a0124642f1', 'system': None}, Network: None, Subnet: None, Router: None
2024-10-15 07:40:37.858 62272 INFO tempest.lib.common.dynamic_creds [-] Created isolated network resources for: credentials: Credentials: {'domain_id': 'default', 'domain_name': 'Default', 'username': 'tempest-AggregatesAdminNegativeTestJSON-932484608-project-admin', 'project_domain_id': 'default', 'project_domain_name': 'Default', 'project_id': 'b5c7d2ea752f48eba7fed7408e98b47e', 'project_name': 'tempest-AggregatesAdminNegativeTestJSON-932484608', 'tenant_id': 'b5c7d2ea752f48eba7fed7408e98b47e', 'tenant_name': 'tempest-AggregatesAdminNegativeTestJSON-932484608', 'user_domain_id': 'default', 'user_domain_name': 'Default', 'user_id': '2732fafaf411445193d3e6a0124642f1', 'system': None}, Network: None, Subnet: None, Router: None
2024-10-15 07:40:37.878 62284 INFO tempest.lib.common.rest_client [req-18f182de-2c6f-48b8-ba04-916520679353 req-18f182de-2c6f-48b8-ba04-916520679353 ] Request (KeyPairsV210TestJSON:test_admin_manage_keypairs_for_other_users): 201 POST http://10.180.1.21/compute/v2.1/os-keypairs 1.715s
2024-10-15 07:40:37.890 62266 INFO tempest.lib.common.rest_client [req-b3d7cdd4-4487-42b2-bd00-10123219070e req-b3d7cdd4-4487-42b2-bd00-10123219070e ] Request (FloatingIPsAssociationNegativeTestJSON:setUpClass): 201 POST http://10.180.1.21/identity/v3/auth/tokens 0.686s
2024-10-15 07:40:37.890 62266 INFO tempest.lib.common.fixed_network [-] (FloatingIPsAssociationNegativeTestJSON:setUpClass) Found network {'id': '647cae82-e539-4e1a-85fd-be22285b69bd', 'name': 'tempest-FloatingIPsAssociationNegativeTestJSON-2013652647-network', 'tenant_id': '6281975150234537afae0972f01e8262', 'admin_state_up': True, 'mtu': 8950, 'status': 'ACTIVE', 'subnets': [], 'shared': False, 'project_id': '6281975150234537afae0972f01e8262', 'port_security_enabled': True, 'router:external': False, 'provider:network_type': 'vlan', 'provider:physical_network': 'default', 'provider:segmentation_id': 142, 'is_default': False, 'availability_zone_hints': [], 'availability_zones': [], 'ipv4_address_scope': None, 'ipv6_address_scope': None, 'description': '', 'tags': [], 'created_at': '2024-10-15T07:40:34Z', 'updated_at': '2024-10-15T07:40:34Z', 'revision_number': 1} available for tenant
2024-10-15 07:40:37.920 62304 INFO tempest.lib.common.rest_client [req-a8ce912f-8a8c-4545-8461-d954e7f37da1 req-a8ce912f-8a8c-4545-8461-d954e7f37da1 ] Request (FlavorsAdminTestJSON:setUpClass): 201 POST http://10.180.1.21/identity/v3/auth/tokens 0.645s
2024-10-15 07:40:37.935 62318 INFO tempest.lib.common.rest_client [req-2984f6e5-d8a4-48d7-8028-e648511fc7c2 req-2984f6e5-d8a4-48d7-8028-e648511fc7c2 ] Request (MigrationsAdminTest:setUpClass): 204 PUT http://10.180.1.21/identity/v3/projects/cc72a7caa5934ee9ab6afab45c9a8aed/users/7ba4af37e1994b30ac0e2ddb6618ac7e/roles/395575bfa8ad448b8a4b710ed616a683 0.613s
2024-10-15 07:40:37.936 62318 INFO tempest.lib.common.dynamic_creds [-] Dynamic test user 7ba4af37e1994b30ac0e2ddb6618ac7e is created with scope project and roles: ['admin']
2024-10-15 07:40:37.936 62318 INFO tempest.lib.common.dynamic_creds [-] Acquired dynamic creds: credentials: Credentials: {'domain_id': 'default', 'domain_name': 'Default', 'username': 'tempest-MigrationsAdminTest-1311805526-project-admin', 'project_domain_id': 'default', 'project_domain_name': 'Default', 'project_id': 'cc72a7caa5934ee9ab6afab45c9a8aed', 'project_name': 'tempest-MigrationsAdminTest-1311805526', 'tenant_id': 'cc72a7caa5934ee9ab6afab45c9a8aed', 'tenant_name': 'tempest-MigrationsAdminTest-1311805526', 'user_domain_id': 'default', 'user_domain_name': 'Default', 'user_id': '7ba4af37e1994b30ac0e2ddb6618ac7e', 'system': None}, Network: None, Subnet: None, Router: None
2024-10-15 07:40:37.936 62318 INFO tempest.lib.common.dynamic_creds [-] Created isolated network resources for: credentials: Credentials: {'domain_id': 'default', 'domain_name': 'Default', 'username': 'tempest-MigrationsAdminTest-1311805526-project-admin', 'project_domain_id': 'default', 'project_domain_name': 'Default', 'project_id': 'cc72a7caa5934ee9ab6afab45c9a8aed', 'project_name': 'tempest-MigrationsAdminTest-1311805526', 'tenant_id': 'cc72a7caa5934ee9ab6afab45c9a8aed', 'tenant_name': 'tempest-MigrationsAdminTest-1311805526', 'user_domain_id': 'default', 'user_domain_name': 'Default', 'user_id': '7ba4af37e1994b30ac0e2ddb6618ac7e', 'system': None}, Network: None, Subnet: None, Router: None
2024-10-15 07:40:38.004 62312 INFO tempest.lib.common.rest_client [req-14247e6e-786b-480b-8c49-80ea02b81645 req-14247e6e-786b-480b-8c49-80ea02b81645 ] Request (HypervisorAdminV228Test:setUpClass): 204 PUT http://10.180.1.21/identity/v3/projects/4076411d86ec4c48beeb2dd89e6340c1/users/b02a7713bafe4d8aa6055c78b43fbff8/roles/395575bfa8ad448b8a4b710ed616a683 0.673s
2024-10-15 07:40:38.004 62312 INFO tempest.lib.common.dynamic_creds [-] Dynamic test user b02a7713bafe4d8aa6055c78b43fbff8 is created with scope project and roles: ['admin']
2024-10-15 07:40:38.004 62312 INFO tempest.lib.common.dynamic_creds [-] Acquired dynamic creds: credentials: Credentials: {'domain_id': 'default', 'domain_name': 'Default', 'username': 'tempest-HypervisorAdminV228Test-1993486247-project-admin', 'project_domain_id': 'default', 'project_domain_name': 'Default', 'project_id': '4076411d86ec4c48beeb2dd89e6340c1', 'project_name': 'tempest-HypervisorAdminV228Test-1993486247', 'tenant_id': '4076411d86ec4c48beeb2dd89e6340c1', 'tenant_name': 'tempest-HypervisorAdminV228Test-1993486247', 'user_domain_id': 'default', 'user_domain_name': 'Default', 'user_id': 'b02a7713bafe4d8aa6055c78b43fbff8', 'system': None}, Network: None, Subnet: None, Router: None
2024-10-15 07:40:38.004 62312 INFO tempest.lib.common.dynamic_creds [-] Created isolated network resources for: credentials: Credentials: {'domain_id': 'default', 'domain_name': 'Default', 'username': 'tempest-HypervisorAdminV228Test-1993486247-project-admin', 'project_domain_id': 'default', 'project_domain_name': 'Default', 'project_id': '4076411d86ec4c48beeb2dd89e6340c1', 'project_name': 'tempest-HypervisorAdminV228Test-1993486247', 'tenant_id': '4076411d86ec4c48beeb2dd89e6340c1', 'tenant_name': 'tempest-HypervisorAdminV228Test-1993486247', 'user_domain_id': 'default', 'user_domain_name': 'Default', 'user_id': 'b02a7713bafe4d8aa6055c78b43fbff8', 'system': None}, Network: None, Subnet: None, Router: None
2024-10-15 07:40:38.029 62280 INFO tempest.lib.common.rest_client [req-590b887d-dde2-4a01-8fa3-21c5b8e985ae req-590b887d-dde2-4a01-8fa3-21c5b8e985ae ] Request (AZAdminNegativeTestJSON:tearDownClass): 204 DELETE http://10.180.1.21/identity/v3/projects/8024300532884993858dd38d83c257e3 0.691s
2024-10-15 07:40:38.047 62276 INFO tempest.lib.common.rest_client [req-b522f6c6-f054-420b-bd06-182fb5df132d req-b522f6c6-f054-420b-bd06-182fb5df132d ] Request (VolumesAssistedSnapshotsTest:setUpClass): 201 POST http://10.180.1.21:9696/networking/v2.0/routers 1.705s
2024-10-15 07:40:38.080 62294 INFO tempest.lib.common.rest_client [req-8b337071-cceb-484f-abf5-c6f39918e857 req-8b337071-cceb-484f-abf5-c6f39918e857 ] Request (FlavorsV261TestJSON:setUpClass): 204 PUT http://10.180.1.21/identity/v3/projects/f3c51efa931b408ea75adf782f87b9ce/users/0ae81e27a7da43ed9e76da7d10d17bce/roles/395575bfa8ad448b8a4b710ed616a683 0.719s
2024-10-15 07:40:38.080 62294 INFO tempest.lib.common.dynamic_creds [-] Dynamic test user 0ae81e27a7da43ed9e76da7d10d17bce is created with scope project and roles: ['admin']
2024-10-15 07:40:38.081 62294 INFO tempest.lib.common.dynamic_creds [-] Acquired dynamic creds: credentials: Credentials: {'domain_id': 'default', 'domain_name': 'Default', 'username': 'tempest-FlavorsV261TestJSON-676967855-project-admin', 'project_domain_id': 'default', 'project_domain_name': 'Default', 'project_id': 'f3c51efa931b408ea75adf782f87b9ce', 'project_name': 'tempest-FlavorsV261TestJSON-676967855', 'tenant_id': 'f3c51efa931b408ea75adf782f87b9ce', 'tenant_name': 'tempest-FlavorsV261TestJSON-676967855', 'user_domain_id': 'default', 'user_domain_name': 'Default', 'user_id': '0ae81e27a7da43ed9e76da7d10d17bce', 'system': None}, Network: None, Subnet: None, Router: None
2024-10-15 07:40:38.081 62294 INFO tempest.lib.common.dynamic_creds [-] Created isolated network resources for: credentials: Credentials: {'domain_id': 'default', 'domain_name': 'Default', 'username': 'tempest-FlavorsV261TestJSON-676967855-project-admin', 'project_domain_id': 'default', 'project_domain_name': 'Default', 'project_id': 'f3c51efa931b408ea75adf782f87b9ce', 'project_name': 'tempest-FlavorsV261TestJSON-676967855', 'tenant_id': 'f3c51efa931b408ea75adf782f87b9ce', 'tenant_name': 'tempest-FlavorsV261TestJSON-676967855', 'user_domain_id': 'default', 'user_domain_name': 'Default', 'user_id': '0ae81e27a7da43ed9e76da7d10d17bce', 'system': None}, Network: None, Subnet: None, Router: None
2024-10-15 07:40:38.089 62274 INFO tempest.lib.common.rest_client [req-2cbb7685-a0ff-466b-b04c-494192e14a0b req-2cbb7685-a0ff-466b-b04c-494192e14a0b ] Request (ServerDiagnosticsNegativeTest:setUpClass): 204 PUT http://10.180.1.21/identity/v3/projects/2f0f1b02840b445ba2e0ed5acd698a09/users/91b1726ee0624485933ed3e229b53e76/roles/c74fce9a04514fe1acdb3b8d4b02dcca 0.745s
2024-10-15 07:40:38.089 62274 INFO tempest.lib.common.dynamic_creds [-] Dynamic test user 91b1726ee0624485933ed3e229b53e76 is created with scope project and roles: ['member']
2024-10-15 07:40:38.089 62274 INFO tempest.lib.common.dynamic_creds [-] Acquired dynamic creds: credentials: Credentials: {'domain_id': 'default', 'domain_name': 'Default', 'username': 'tempest-ServerDiagnosticsNegativeTest-1223935188-project-member', 'project_domain_id': 'default', 'project_domain_name': 'Default', 'project_id': '2f0f1b02840b445ba2e0ed5acd698a09', 'project_name': 'tempest-ServerDiagnosticsNegativeTest-1223935188', 'tenant_id': '2f0f1b02840b445ba2e0ed5acd698a09', 'tenant_name': 'tempest-ServerDiagnosticsNegativeTest-1223935188', 'user_domain_id': 'default', 'user_domain_name': 'Default', 'user_id': '91b1726ee0624485933ed3e229b53e76', 'system': None}, Network: None, Subnet: None, Router: None
2024-10-15 07:40:38.089 62274 INFO tempest.lib.common.dynamic_creds [-] Created isolated network resources for: credentials: Credentials: {'domain_id': 'default', 'domain_name': 'Default', 'username': 'tempest-ServerDiagnosticsNegativeTest-1223935188-project-member', 'project_domain_id': 'default', 'project_domain_name': 'Default', 'project_id': '2f0f1b02840b445ba2e0ed5acd698a09', 'project_name': 'tempest-ServerDiagnosticsNegativeTest-1223935188', 'tenant_id': '2f0f1b02840b445ba2e0ed5acd698a09', 'tenant_name': 'tempest-ServerDiagnosticsNegativeTest-1223935188', 'user_domain_id': 'default', 'user_domain_name': 'Default', 'user_id': '91b1726ee0624485933ed3e229b53e76', 'system': None}, Network: None, Subnet: None, Router: None
2024-10-15 07:40:38.139 62322 INFO tempest.lib.common.rest_client [req-161ed0d3-e2ef-4d34-9df0-ea5083a35ac0 req-161ed0d3-e2ef-4d34-9df0-ea5083a35ac0 ] Request (FlavorsAccessTestJSON:setUpClass): 204 PUT http://10.180.1.21/identity/v3/projects/78ddd4f37eea4eae861bb691adb847e6/users/73ed245f3ab64345af3f8c5a9494880a/roles/395575bfa8ad448b8a4b710ed616a683 0.765s
2024-10-15 07:40:38.139 62322 INFO tempest.lib.common.dynamic_creds [-] Dynamic test user 73ed245f3ab64345af3f8c5a9494880a is created with scope project and roles: ['admin']
2024-10-15 07:40:38.140 62322 INFO tempest.lib.common.dynamic_creds [-] Acquired dynamic creds: credentials: Credentials: {'domain_id': 'default', 'domain_name': 'Default', 'username': 'tempest-FlavorsAccessTestJSON-315180538-project-admin', 'project_domain_id': 'default', 'project_domain_name': 'Default', 'project_id': '78ddd4f37eea4eae861bb691adb847e6', 'project_name': 'tempest-FlavorsAccessTestJSON-315180538', 'tenant_id': '78ddd4f37eea4eae861bb691adb847e6', 'tenant_name': 'tempest-FlavorsAccessTestJSON-315180538', 'user_domain_id': 'default', 'user_domain_name': 'Default', 'user_id': '73ed245f3ab64345af3f8c5a9494880a', 'system': None}, Network: None, Subnet: None, Router: None
2024-10-15 07:40:38.140 62322 INFO tempest.lib.common.dynamic_creds [-] Created isolated network resources for: credentials: Credentials: {'domain_id': 'default', 'domain_name': 'Default', 'username': 'tempest-FlavorsAccessTestJSON-315180538-project-admin', 'project_domain_id': 'default', 'project_domain_name': 'Default', 'project_id': '78ddd4f37eea4eae861bb691adb847e6', 'project_name': 'tempest-FlavorsAccessTestJSON-315180538', 'tenant_id': '78ddd4f37eea4eae861bb691adb847e6', 'tenant_name': 'tempest-FlavorsAccessTestJSON-315180538', 'user_domain_id': 'default', 'user_domain_name': 'Default', 'user_id': '73ed245f3ab64345af3f8c5a9494880a', 'system': None}, Network: None, Subnet: None, Router: None
2024-10-15 07:40:38.154 62320 INFO tempest.lib.common.rest_client [req-dd4ebe72-995c-4c84-b1ca-96adec14638e req-dd4ebe72-995c-4c84-b1ca-96adec14638e ] Request (ServersAdminNegativeTestJSON:setUpClass): 204 PUT http://10.180.1.21/identity/v3/projects/26e628e440824352802dab145dd47150/users/1ebecbae343643b3b327390798da3b6c/roles/395575bfa8ad448b8a4b710ed616a683 0.791s
2024-10-15 07:40:38.155 62320 INFO tempest.lib.common.dynamic_creds [-] Dynamic test user 1ebecbae343643b3b327390798da3b6c is created with scope project and roles: ['admin']
2024-10-15 07:40:38.155 62320 INFO tempest.lib.common.dynamic_creds [-] Acquired dynamic creds: credentials: Credentials: {'domain_id': 'default', 'domain_name': 'Default', 'username': 'tempest-ServersAdminNegativeTestJSON-1451077187-project-admin', 'project_domain_id': 'default', 'project_domain_name': 'Default', 'project_id': '26e628e440824352802dab145dd47150', 'project_name': 'tempest-ServersAdminNegativeTestJSON-1451077187', 'tenant_id': '26e628e440824352802dab145dd47150', 'tenant_name': 'tempest-ServersAdminNegativeTestJSON-1451077187', 'user_domain_id': 'default', 'user_domain_name': 'Default', 'user_id': '1ebecbae343643b3b327390798da3b6c', 'system': None}, Network: None, Subnet: None, Router: None
2024-10-15 07:40:38.155 62320 INFO tempest.lib.common.dynamic_creds [-] Created isolated network resources for: credentials: Credentials: {'domain_id': 'default', 'domain_name': 'Default', 'username': 'tempest-ServersAdminNegativeTestJSON-1451077187-project-admin', 'project_domain_id': 'default', 'project_domain_name': 'Default', 'project_id': '26e628e440824352802dab145dd47150', 'project_name': 'tempest-ServersAdminNegativeTestJSON-1451077187', 'tenant_id': '26e628e440824352802dab145dd47150', 'tenant_name': 'tempest-ServersAdminNegativeTestJSON-1451077187', 'user_domain_id': 'default', 'user_domain_name': 'Default', 'user_id': '1ebecbae343643b3b327390798da3b6c', 'system': None}, Network: None, Subnet: None, Router: None
2024-10-15 07:40:38.220 62262 INFO tempest.lib.common.rest_client [req-8a65e0db-a4a8-493d-8e11-1a280f0c8bae req-8a65e0db-a4a8-493d-8e11-1a280f0c8bae ] Request (ServerExternalEventsTest:setUpClass): 201 POST http://10.180.1.21/identity/v3/auth/tokens 0.658s
2024-10-15 07:40:38.225 62324 INFO tempest.lib.common.rest_client [req-766acb05-d9c4-453f-bc9c-0080299e8859 req-766acb05-d9c4-453f-bc9c-0080299e8859 ] Request (ServersWithSpecificFlavorTestJSON:setUpClass): 200 PUT http://10.180.1.21:9696/networking/v2.0/routers/5a5de1d3-60ef-43e3-8023-4b3c921dedb4/add_router_interface 2.440s
2024-10-15 07:40:38.225 62324 INFO tempest.lib.common.dynamic_creds [-] Created isolated network resources for: credentials: Credentials: {'domain_id': 'default', 'domain_name': 'Default', 'username': 'tempest-ServersWithSpecificFlavorTestJSON-233458296-project-admin', 'project_domain_id': 'default', 'project_domain_name': 'Default', 'project_id': '130e4f1707db4f1fab52e339454aab5a', 'project_name': 'tempest-ServersWithSpecificFlavorTestJSON-233458296', 'tenant_id': '130e4f1707db4f1fab52e339454aab5a', 'tenant_name': 'tempest-ServersWithSpecificFlavorTestJSON-233458296', 'user_domain_id': 'default', 'user_domain_name': 'Default', 'user_id': '40537bac90e14903a7c85a16dd63c266', 'system': None}, Network: {'id': 'd6d097c3-aaec-44b8-8a2a-aa8c07cd165b', 'name': 'tempest-ServersWithSpecificFlavorTestJSON-19044919-network', 'tenant_id': '130e4f1707db4f1fab52e339454aab5a', 'admin_state_up': True, 'mtu': 8950, 'status': 'ACTIVE', 'subnets': [], 'shared': False, 'project_id': '130e4f1707db4f1fab52e339454aab5a', 'port_security_enabled': True, 'router:external': False, 'provider:network_type': 'vlan', 'provider:physical_network': 'default', 'provider:segmentation_id': 881, 'is_default': False, 'availability_zone_hints': [], 'availability_zones': [], 'ipv4_address_scope': None, 'ipv6_address_scope': None, 'description': '', 'tags': [], 'created_at': '2024-10-15T07:40:33Z', 'updated_at': '2024-10-15T07:40:33Z', 'revision_number': 1}, Subnet: {'id': '80244b15-2a98-4df3-ae6b-f74e5f0dc211', 'name': 'tempest-ServersWithSpecificFlavorTestJSON-19044919-subnet', 'tenant_id': '130e4f1707db4f1fab52e339454aab5a', 'network_id': 'd6d097c3-aaec-44b8-8a2a-aa8c07cd165b', 'ip_version': 4, 'subnetpool_id': None, 'enable_dhcp': True, 'ipv6_ra_mode': None, 'ipv6_address_mode': None, 'gateway_ip': '192.168.128.1', 'cidr': '192.168.128.0/28', 'allocation_pools': [{'start': '192.168.128.2', 'end': '192.168.128.14'}], 'host_routes': [], 'dns_nameservers': [], 'description': '', 'router:external': False, 'service_types': [], 'tags': [], 'created_at': '2024-10-15T07:40:33Z', 'updated_at': '2024-10-15T07:40:33Z', 'revision_number': 0, 'project_id': '130e4f1707db4f1fab52e339454aab5a'}, Router: {'id': '5a5de1d3-60ef-43e3-8023-4b3c921dedb4', 'name': 'tempest-ServersWithSpecificFlavorTestJSON-19044919-router', 'tenant_id': '130e4f1707db4f1fab52e339454aab5a', 'admin_state_up': True, 'status': 'ACTIVE', 'external_gateway_info': {'network_id': 'df738a63-29d6-4071-a7fd-6c63bfc26ca3', 'external_fixed_ips': [{'subnet_id': 'f1a022bf-c313-4a44-b6d9-86fe6e59ed78', 'ip_address': '10.180.180.158'}], 'enable_snat': True}, 'description': '', 'availability_zones': [], 'distributed': False, 'ha': False, 'availability_zone_hints': [], 'routes': [], 'flavor_id': None, 'tags': [], 'created_at': '2024-10-15T07:40:34Z', 'updated_at': '2024-10-15T07:40:35Z', 'revision_number': 2, 'project_id': '130e4f1707db4f1fab52e339454aab5a'}
2024-10-15 07:40:38.263 62300 INFO tempest.lib.common.rest_client [req-d62d8681-79b3-44bd-8179-394faba72bcf req-d62d8681-79b3-44bd-8179-394faba72bcf ] Request (ImagesOneServerTestJSON:setUpClass): 201 POST http://10.180.1.21:9696/networking/v2.0/routers 1.470s
2024-10-15 07:40:38.280 62282 INFO tempest.lib.common.rest_client [req-00d55c33-0fef-44f7-b24c-e1a79cddf0d5 req-00d55c33-0fef-44f7-b24c-e1a79cddf0d5 ] Request (AZAdminV2TestJSON:setUpClass): 201 POST http://10.180.1.21/identity/v3/auth/tokens 0.654s
2024-10-15 07:40:38.313 62314 INFO tempest.lib.common.rest_client [req-e763e383-3376-4c28-a2cf-ce9d7d94a688 req-e763e383-3376-4c28-a2cf-ce9d7d94a688 ] Request (InstanceUsageAuditLogTestJSON:setUpClass): 204 PUT http://10.180.1.21/identity/v3/projects/d2eecdae33674660afa4606fe61da9fd/users/e878424043c14b3bb58ad29b426608dd/roles/395575bfa8ad448b8a4b710ed616a683 0.618s
2024-10-15 07:40:38.314 62270 INFO tempest.lib.common.rest_client [req-763be73b-d5eb-47f7-81b1-a0c3e6188e8b req-763be73b-d5eb-47f7-81b1-a0c3e6188e8b ] Request (HypervisorAdminNegativeTestJSON:setUpClass): 204 PUT http://10.180.1.21/identity/v3/projects/81fd0b7356454367b8a404dd11b4e9cd/users/e82c43798d454defb53aea0e78bafce5/roles/395575bfa8ad448b8a4b710ed616a683 0.640s
2024-10-15 07:40:38.314 62314 INFO tempest.lib.common.dynamic_creds [-] Dynamic test user e878424043c14b3bb58ad29b426608dd is created with scope project and roles: ['admin']
2024-10-15 07:40:38.314 62270 INFO tempest.lib.common.dynamic_creds [-] Dynamic test user e82c43798d454defb53aea0e78bafce5 is created with scope project and roles: ['admin']
2024-10-15 07:40:38.314 62314 INFO tempest.lib.common.dynamic_creds [-] Acquired dynamic creds: credentials: Credentials: {'domain_id': 'default', 'domain_name': 'Default', 'username': 'tempest-InstanceUsageAuditLogTestJSON-733749271-project-admin', 'project_domain_id': 'default', 'project_domain_name': 'Default', 'project_id': 'd2eecdae33674660afa4606fe61da9fd', 'project_name': 'tempest-InstanceUsageAuditLogTestJSON-733749271', 'tenant_id': 'd2eecdae33674660afa4606fe61da9fd', 'tenant_name': 'tempest-InstanceUsageAuditLogTestJSON-733749271', 'user_domain_id': 'default', 'user_domain_name': 'Default', 'user_id': 'e878424043c14b3bb58ad29b426608dd', 'system': None}, Network: None, Subnet: None, Router: None
2024-10-15 07:40:38.314 62270 INFO tempest.lib.common.dynamic_creds [-] Acquired dynamic creds: credentials: Credentials: {'domain_id': 'default', 'domain_name': 'Default', 'username': 'tempest-HypervisorAdminNegativeTestJSON-625282800-project-admin', 'project_domain_id': 'default', 'project_domain_name': 'Default', 'project_id': '81fd0b7356454367b8a404dd11b4e9cd', 'project_name': 'tempest-HypervisorAdminNegativeTestJSON-625282800', 'tenant_id': '81fd0b7356454367b8a404dd11b4e9cd', 'tenant_name': 'tempest-HypervisorAdminNegativeTestJSON-625282800', 'user_domain_id': 'default', 'user_domain_name': 'Default', 'user_id': 'e82c43798d454defb53aea0e78bafce5', 'system': None}, Network: None, Subnet: None, Router: None
2024-10-15 07:40:38.314 62270 INFO tempest.lib.common.dynamic_creds [-] Created isolated network resources for: credentials: Credentials: {'domain_id': 'default', 'domain_name': 'Default', 'username': 'tempest-HypervisorAdminNegativeTestJSON-625282800-project-admin', 'project_domain_id': 'default', 'project_domain_name': 'Default', 'project_id': '81fd0b7356454367b8a404dd11b4e9cd', 'project_name': 'tempest-HypervisorAdminNegativeTestJSON-625282800', 'tenant_id': '81fd0b7356454367b8a404dd11b4e9cd', 'tenant_name': 'tempest-HypervisorAdminNegativeTestJSON-625282800', 'user_domain_id': 'default', 'user_domain_name': 'Default', 'user_id': 'e82c43798d454defb53aea0e78bafce5', 'system': None}, Network: None, Subnet: None, Router: None
2024-10-15 07:40:38.315 62314 INFO tempest.lib.common.dynamic_creds [-] Created isolated network resources for: credentials: Credentials: {'domain_id': 'default', 'domain_name': 'Default', 'username': 'tempest-InstanceUsageAuditLogTestJSON-733749271-project-admin', 'project_domain_id': 'default', 'project_domain_name': 'Default', 'project_id': 'd2eecdae33674660afa4606fe61da9fd', 'project_name': 'tempest-InstanceUsageAuditLogTestJSON-733749271', 'tenant_id': 'd2eecdae33674660afa4606fe61da9fd', 'tenant_name': 'tempest-InstanceUsageAuditLogTestJSON-733749271', 'user_domain_id': 'default', 'user_domain_name': 'Default', 'user_id': 'e878424043c14b3bb58ad29b426608dd', 'system': None}, Network: None, Subnet: None, Router: None
2024-10-15 07:40:38.355 62302 INFO tempest.lib.common.rest_client [req-7181fccd-5a97-49e4-8ebc-7c4afb8db1d1 req-7181fccd-5a97-49e4-8ebc-7c4afb8db1d1 ] Request (ImagesTestJSON:setUpClass): 201 POST http://10.180.1.21:9696/networking/v2.0/routers 1.321s
2024-10-15 07:40:38.363 62288 INFO tempest.lib.common.rest_client [req-dfaec32b-e1be-400a-9896-7fc30c001778 req-dfaec32b-e1be-400a-9896-7fc30c001778 ] Request (HypervisorAdminV253TestBase:setUpClass): 204 PUT http://10.180.1.21/identity/v3/projects/dd79c43bef3a4b9aa4f750f7c0a3b0f0/users/0b0deb9f2e8743dba6007492a0f48cbd/roles/395575bfa8ad448b8a4b710ed616a683 0.562s
2024-10-15 07:40:38.363 62288 INFO tempest.lib.common.dynamic_creds [-] Dynamic test user 0b0deb9f2e8743dba6007492a0f48cbd is created with scope project and roles: ['admin']
2024-10-15 07:40:38.364 62288 INFO tempest.lib.common.dynamic_creds [-] Acquired dynamic creds: credentials: Credentials: {'domain_id': 'default', 'domain_name': 'Default', 'username': 'tempest-HypervisorAdminV253TestBase-1706215287-project-admin', 'project_domain_id': 'default', 'project_domain_name': 'Default', 'project_id': 'dd79c43bef3a4b9aa4f750f7c0a3b0f0', 'project_name': 'tempest-HypervisorAdminV253TestBase-1706215287', 'tenant_id': 'dd79c43bef3a4b9aa4f750f7c0a3b0f0', 'tenant_name': 'tempest-HypervisorAdminV253TestBase-1706215287', 'user_domain_id': 'default', 'user_domain_name': 'Default', 'user_id': '0b0deb9f2e8743dba6007492a0f48cbd', 'system': None}, Network: None, Subnet: None, Router: None
2024-10-15 07:40:38.364 62288 INFO tempest.lib.common.dynamic_creds [-] Created isolated network resources for: credentials: Credentials: {'domain_id': 'default', 'domain_name': 'Default', 'username': 'tempest-HypervisorAdminV253TestBase-1706215287-project-admin', 'project_domain_id': 'default', 'project_domain_name': 'Default', 'project_id': 'dd79c43bef3a4b9aa4f750f7c0a3b0f0', 'project_name': 'tempest-HypervisorAdminV253TestBase-1706215287', 'tenant_id': 'dd79c43bef3a4b9aa4f750f7c0a3b0f0', 'tenant_name': 'tempest-HypervisorAdminV253TestBase-1706215287', 'user_domain_id': 'default', 'user_domain_name': 'Default', 'user_id': '0b0deb9f2e8743dba6007492a0f48cbd', 'system': None}, Network: None, Subnet: None, Router: None
2024-10-15 07:40:38.377 62316 INFO tempest.lib.common.rest_client [req-5a7e6f7f-9c5d-4f6e-8d09-12114bc20165 req-5a7e6f7f-9c5d-4f6e-8d09-12114bc20165 ] Request (VolumesAdminNegativeTest:setUpClass): 201 POST http://10.180.1.21/identity/v3/projects 0.536s
2024-10-15 07:40:38.435 62272 INFO tempest.lib.common.rest_client [req-3019b839-1443-44dd-9d21-b8a7750198c6 req-3019b839-1443-44dd-9d21-b8a7750198c6 ] Request (AggregatesAdminNegativeTestJSON:setUpClass): 201 POST http://10.180.1.21/identity/v3/auth/tokens 0.575s
2024-10-15 07:40:38.446 62318 INFO tempest.lib.common.rest_client [req-007e5f71-a5c6-441a-90d6-8ebf8fd89d5b req-007e5f71-a5c6-441a-90d6-8ebf8fd89d5b ] Request (MigrationsAdminTest:setUpClass): 201 POST http://10.180.1.21/identity/v3/auth/tokens 0.505s
2024-10-15 07:40:38.500 62312 INFO tempest.lib.common.rest_client [req-26ae6200-73cb-4687-b2da-c9e20b9be34a req-26ae6200-73cb-4687-b2da-c9e20b9be34a ] Request (HypervisorAdminV228Test:setUpClass): 201 POST http://10.180.1.21/identity/v3/auth/tokens 0.494s
2024-10-15 07:40:38.511 62280 INFO tempest.lib.common.rest_client [req-c66cd926-f0ab-4491-a175-89f4bd090f30 req-c66cd926-f0ab-4491-a175-89f4bd090f30 ] Request (QuotaClassesAdminTestJSON:setUpClass): 201 POST http://10.180.1.21/identity/v3/auth/tokens 0.481s
2024-10-15 07:40:38.584 62294 INFO tempest.lib.common.rest_client [req-a553146a-d196-4bc7-b7bf-3cebb4f33cdf req-a553146a-d196-4bc7-b7bf-3cebb4f33cdf ] Request (FlavorsV261TestJSON:setUpClass): 201 POST http://10.180.1.21/identity/v3/auth/tokens 0.500s
2024-10-15 07:40:38.593 62274 INFO tempest.lib.common.rest_client [req-8901146b-a293-493c-a732-ebc2bf49fdb3 req-8901146b-a293-493c-a732-ebc2bf49fdb3 ] Request (ServerDiagnosticsNegativeTest:setUpClass): 201 POST http://10.180.1.21/identity/v3/auth/tokens 0.499s
2024-10-15 07:40:38.647 62322 INFO tempest.lib.common.rest_client [req-7655b5be-1ca6-4fd0-901b-e62fb56add85 req-7655b5be-1ca6-4fd0-901b-e62fb56add85 ] Request (FlavorsAccessTestJSON:setUpClass): 201 POST http://10.180.1.21/identity/v3/auth/tokens 0.505s
2024-10-15 07:40:38.648 62322 WARNING tempest.lib.common.rest_client [-] Deprecated: "tenant_id" property is deprecated for removal, use "project_id" instead
2024-10-15 07:40:38.652 62320 INFO tempest.lib.common.rest_client [req-3cbaf64f-dcfe-44e9-a2bf-df79b539a297 req-3cbaf64f-dcfe-44e9-a2bf-df79b539a297 ] Request (ServersAdminNegativeTestJSON:setUpClass): 201 POST http://10.180.1.21/identity/v3/auth/tokens 0.494s
2024-10-15 07:40:38.653 62320 WARNING tempest.lib.common.rest_client [-] Deprecated: "tenant_id" property is deprecated for removal, use "project_id" instead
2024-10-15 07:40:38.688 62262 INFO tempest.lib.common.rest_client [req-167d405a-f2cc-4e74-ad53-b499c32ccf98 req-167d405a-f2cc-4e74-ad53-b499c32ccf98 ] Request (ServerExternalEventsTest:setUpClass): 201 POST http://10.180.1.21/identity/v3/projects 0.468s
2024-10-15 07:40:38.733 62324 INFO tempest.lib.common.rest_client [req-666bde94-596e-43d2-b1a6-9a4a0467a86d req-666bde94-596e-43d2-b1a6-9a4a0467a86d ] Request (ServersWithSpecificFlavorTestJSON:setUpClass): 201 POST http://10.180.1.21/identity/v3/auth/tokens 0.502s
2024-10-15 07:40:38.771 62270 INFO tempest.lib.common.rest_client [req-f64ba60c-fade-4ef5-b1d2-62fe708db98c req-f64ba60c-fade-4ef5-b1d2-62fe708db98c ] Request (HypervisorAdminNegativeTestJSON:setUpClass): 201 POST http://10.180.1.21/identity/v3/auth/tokens 0.454s
2024-10-15 07:40:38.795 62314 INFO tempest.lib.common.rest_client [req-15fcd5cb-e932-4586-8016-ed6f5b71b613 req-15fcd5cb-e932-4586-8016-ed6f5b71b613 ] Request (InstanceUsageAuditLogTestJSON:setUpClass): 201 POST http://10.180.1.21/identity/v3/auth/tokens 0.477s
2024-10-15 07:40:38.836 62288 INFO tempest.lib.common.rest_client [req-00571645-1526-4757-a7df-6ca3e16882aa req-00571645-1526-4757-a7df-6ca3e16882aa ] Request (HypervisorAdminV253TestBase:setUpClass): 201 POST http://10.180.1.21/identity/v3/auth/tokens 0.469s
2024-10-15 07:40:38.854 62316 INFO tempest.lib.common.rest_client [req-7ceeecfa-6eb7-4e44-9ef9-3eaa5c07827e req-7ceeecfa-6eb7-4e44-9ef9-3eaa5c07827e ] Request (VolumesAdminNegativeTest:setUpClass): 201 POST http://10.180.1.21/identity/v3/users 0.476s
2024-10-15 07:40:38.877 62280 INFO tempest.lib.common.rest_client [req-667bb160-d821-443f-9690-92f7c616e898 req-667bb160-d821-443f-9690-92f7c616e898 ] Request (QuotaClassesAdminTestJSON:setUpClass): 201 POST http://10.180.1.21/identity/v3/auth/tokens 0.363s
2024-10-15 07:40:38.904 62274 INFO tempest.lib.common.rest_client [req-311e1c06-bde3-4e8c-9a84-e3e79ded307f req-311e1c06-bde3-4e8c-9a84-e3e79ded307f ] Request (ServerDiagnosticsNegativeTest:setUpClass): 201 POST http://10.180.1.21/identity/v3/projects 0.310s
2024-10-15 07:40:38.950 62262 INFO tempest.lib.common.rest_client [req-d48c4beb-01e1-4d30-a0b7-9f471ab73e1f req-d48c4beb-01e1-4d30-a0b7-9f471ab73e1f ] Request (ServerExternalEventsTest:setUpClass): 201 POST http://10.180.1.21/identity/v3/users 0.261s
2024-10-15 07:40:38.962 62286 INFO tempest.lib.common.rest_client [req-d6a742cb-86dd-4aae-b175-5ac789d0e8d3 req-d6a742cb-86dd-4aae-b175-5ac789d0e8d3 ] Request (FlavorsAccessNegativeTestJSON:test_add_flavor_access_duplicate): 200 POST http://10.180.1.21/compute/v2.1/flavors/779725674/action 2.608s
2024-10-15 07:40:38.965 62316 INFO tempest.lib.common.rest_client [req-bc325e1c-98f9-42e2-8b42-1c358df83e6f req-bc325e1c-98f9-42e2-8b42-1c358df83e6f ] Request (VolumesAdminNegativeTest:setUpClass): 200 GET http://10.180.1.21/identity/v3/roles 0.110s
2024-10-15 07:40:38.981 62293 INFO tempest.lib.common.rest_client [req-7540a527-cc4d-4a2d-8bbc-7cefe7fec330 req-7540a527-cc4d-4a2d-8bbc-7cefe7fec330 ] Request (KeyPairsV2TestJSON:_run_cleanups): 202 DELETE http://10.180.1.21/compute/v2.1/os-keypairs/tempest-keypair-417559881 2.613s
2024-10-15 07:40:39.003 62320 INFO tempest.lib.common.rest_client [req-86e586de-47e4-4515-812f-f23fa8034bac req-86e586de-47e4-4515-812f-f23fa8034bac ] Request (ServersAdminNegativeTestJSON:setUpClass): 201 POST http://10.180.1.21/identity/v3/auth/tokens 0.285s
2024-10-15 07:40:39.004 62320 INFO tempest.lib.common.fixed_network [-] (ServersAdminNegativeTestJSON:setUpClass) Found network None available for tenant
2024-10-15 07:40:39.023 62280 INFO tempest.lib.common.rest_client [req-b58092ba-7afa-4f90-ac98-9fa46d5550d1 req-b58092ba-7afa-4f90-ac98-9fa46d5550d1 ] Request (QuotaClassesAdminTestJSON:setUpClass): 200 GET http://10.180.1.21/identity/v3/domains?name=Default 0.145s
2024-10-15 07:40:39.037 62274 INFO tempest.lib.common.rest_client [req-fd90abe3-11cd-4754-a17e-142fe61fd94b req-fd90abe3-11cd-4754-a17e-142fe61fd94b ] Request (ServerDiagnosticsNegativeTest:setUpClass): 201 POST http://10.180.1.21/identity/v3/users 0.133s
2024-10-15 07:40:39.041 62262 INFO tempest.lib.common.rest_client [req-0622c509-3ad7-4059-bb5c-9b60986ee9c0 req-0622c509-3ad7-4059-bb5c-9b60986ee9c0 ] Request (ServerExternalEventsTest:setUpClass): 200 GET http://10.180.1.21/identity/v3/roles 0.090s
2024-10-15 07:40:39.062 62316 INFO tempest.lib.common.rest_client [req-741e1ce7-9725-44f5-b4aa-4bdd033f9108 req-741e1ce7-9725-44f5-b4aa-4bdd033f9108 ] Request (VolumesAdminNegativeTest:setUpClass): 204 PUT http://10.180.1.21/identity/v3/projects/1fbbae0e89264a439cbd2833be25d492/users/568d50c482464f47b1a3c5ad38891061/roles/395575bfa8ad448b8a4b710ed616a683 0.096s
2024-10-15 07:40:39.105 62308 INFO tempest.lib.common.rest_client [req-8ff68edb-9c6c-487f-9524-c2d3ac5d42c9 req-8ff68edb-9c6c-487f-9524-c2d3ac5d42c9 ] Request (FlavorsExtraSpecsTestJSON:test_flavor_non_admin_get_all_keys): 200 GET http://10.180.1.21/compute/v2.1/flavors/2081766089/os-extra_specs 2.715s
2024-10-15 07:40:39.155 62280 INFO tempest.lib.common.rest_client [req-4a8ca5f5-4591-4f7f-9d44-1f2af470c17c req-4a8ca5f5-4591-4f7f-9d44-1f2af470c17c ] Request (QuotaClassesAdminTestJSON:setUpClass): 201 POST http://10.180.1.21/identity/v3/projects 0.131s
2024-10-15 07:40:39.199 62274 INFO tempest.lib.common.rest_client [req-f0cff2f1-2e73-4def-8e94-638df89e6e22 req-f0cff2f1-2e73-4def-8e94-638df89e6e22 ] Request (ServerDiagnosticsNegativeTest:setUpClass): 200 GET http://10.180.1.21/identity/v3/roles 0.160s
2024-10-15 07:40:39.212 62316 INFO tempest.lib.common.rest_client [req-97195d5b-3572-4647-b234-e4cecb6afe0f req-97195d5b-3572-4647-b234-e4cecb6afe0f ] Request (VolumesAdminNegativeTest:setUpClass): 200 GET http://10.180.1.21/identity/v3/roles 0.149s
2024-10-15 07:40:39.223 62262 INFO tempest.lib.common.rest_client [req-3ec68aa2-e493-4817-a896-9e00a950709a req-3ec68aa2-e493-4817-a896-9e00a950709a ] Request (ServerExternalEventsTest:setUpClass): 204 PUT http://10.180.1.21/identity/v3/projects/71f8325bc7844aea8394b6ac9b775fb1/users/1ebef1af3f21480fa785caf61d313db1/roles/395575bfa8ad448b8a4b710ed616a683 0.181s
2024-10-15 07:40:39.273 62280 INFO tempest.lib.common.rest_client [req-f453e7da-17a9-4b17-9bdb-8cb8fea6432c req-f453e7da-17a9-4b17-9bdb-8cb8fea6432c ] Request (QuotaClassesAdminTestJSON:setUpClass): 201 POST http://10.180.1.21/identity/v3/users 0.116s
2024-10-15 07:40:39.303 62274 INFO tempest.lib.common.rest_client [req-9ab14fe7-b015-4bc0-8535-2bef977baa53 req-9ab14fe7-b015-4bc0-8535-2bef977baa53 ] Request (ServerDiagnosticsNegativeTest:setUpClass): 204 PUT http://10.180.1.21/identity/v3/projects/116ab11c57624ecfb793317649394d6b/users/97c3e032c50646958013099e6f8d43d4/roles/395575bfa8ad448b8a4b710ed616a683 0.103s
2024-10-15 07:40:39.340 62290 INFO tempest.lib.common.rest_client [req-e60647c5-fd6d-4a70-819d-8df1bfbff563 req-e60647c5-fd6d-4a70-819d-8df1bfbff563 ] Request (HostsAdminNegativeTestJSON:test_list_hosts_with_non_admin_user): 403 GET http://10.180.1.21/compute/v2.1/os-hosts 2.285s
