2024-10-15 07:41:22.210 62266 INFO tempest.lib.common.rest_client [req-099e20bf-76df-43b3-be2f-ee463208db9c req-099e20bf-76df-43b3-be2f-ee463208db9c ] Request (SecurityGroupRulesTestJSON:setUpClass): 200 GET http://10.180.1.21/identity/v3/domains?name=Default 0.139s
2024-10-15 07:41:22.235 62264 INFO tempest.lib.common.rest_client [req-3f33b4b1-136b-4687-b543-b3c3daabcb2a req-3f33b4b1-136b-4687-b543-b3c3daabcb2a ] Request (ServicesAdminNegativeTestJSON:setUpClass): 201 POST http://10.180.1.21/identity/v3/users 0.104s
2024-10-15 07:41:22.263 62298 INFO tempest.lib.common.rest_client [req-d317e9f3-a5fa-4a4a-b67b-1647ab3c3cd9 req-d317e9f3-a5fa-4a4a-b67b-1647ab3c3cd9 ] Request (AbsoluteLimitsTestJSON:setUpClass): 201 POST http://10.180.1.21/identity/v3/users 0.118s
2024-10-15 07:41:22.276 62300 INFO tempest.lib.common.rest_client [req-cbb20a3b-0864-474e-9d74-10c92e175eff req-cbb20a3b-0864-474e-9d74-10c92e175eff ] Request (ImagesOneServerTestJSON:setUpClass): 204 DELETE http://10.180.1.21/compute/v2.1/servers/64660652-1fdc-4d28-a650-a9fbb44ff3db 1.085s
2024-10-15 07:41:22.278 62274 INFO tempest.lib.common.rest_client [req-9789dee1-f5b5-47ae-a4ec-1bf679b15f2b req-9789dee1-f5b5-47ae-a4ec-1bf679b15f2b ] Request (ImagesMetadataNegativeTestJSON:setUpClass): 201 POST http://10.180.1.21/identity/v3/projects 0.084s
2024-10-15 07:41:22.291 62266 INFO tempest.lib.common.rest_client [req-32713819-a2fc-46fa-afe4-e841b1fd0399 req-32713819-a2fc-46fa-afe4-e841b1fd0399 ] Request (SecurityGroupRulesTestJSON:setUpClass): 201 POST http://10.180.1.21/identity/v3/projects 0.080s
2024-10-15 07:41:22.329 62322 INFO tempest.lib.common.rest_client [req-b5b080f6-f801-4f87-8403-927c7f6eef5c req-b5b080f6-f801-4f87-8403-927c7f6eef5c ] Request (ServerActionsTestJSON:setUpClass): 200 GET http://10.180.1.21/compute/v2.1/servers/29012610-7b51-4d1b-9428-ff940632745a 1.120s
2024-10-15 07:41:22.360 62264 INFO tempest.lib.common.rest_client [req-096b5bc7-69ed-4698-aa17-acc6bb35b42e req-096b5bc7-69ed-4698-aa17-acc6bb35b42e ] Request (ServicesAdminNegativeTestJSON:setUpClass): 200 GET http://10.180.1.21/identity/v3/roles 0.125s
2024-10-15 07:41:22.382 62274 INFO tempest.lib.common.rest_client [req-2fbfd2f5-2785-460f-89c5-966fc7b87b0f req-2fbfd2f5-2785-460f-89c5-966fc7b87b0f ] Request (ImagesMetadataNegativeTestJSON:setUpClass): 201 POST http://10.180.1.21/identity/v3/users 0.103s
2024-10-15 07:41:22.386 62288 INFO tempest.lib.common.rest_client [req-5bfb881f-16bd-48dc-8ac2-c705abde8d93 req-5bfb881f-16bd-48dc-8ac2-c705abde8d93 ] Request (ListImageFiltersTestJSON:setUpClass): 200 GET http://10.180.1.21/compute/v2.1/servers/8bc11701-ae83-48dc-9254-fb77870ff5f5 1.101s
2024-10-15 07:41:22.402 62298 INFO tempest.lib.common.rest_client [req-8606e98c-15e1-4f7d-b02b-1b4b450da7fa req-8606e98c-15e1-4f7d-b02b-1b4b450da7fa ] Request (AbsoluteLimitsTestJSON:setUpClass): 200 GET http://10.180.1.21/identity/v3/roles 0.138s
2024-10-15 07:41:22.408 62266 INFO tempest.lib.common.rest_client [req-1863f581-f796-42ff-a249-0bec0d40cab6 req-1863f581-f796-42ff-a249-0bec0d40cab6 ] Request (SecurityGroupRulesTestJSON:setUpClass): 201 POST http://10.180.1.21/identity/v3/users 0.117s
2024-10-15 07:41:22.427 62274 INFO tempest.lib.common.rest_client [req-344d1f47-5a2f-4c35-9040-a618eedb28e0 req-344d1f47-5a2f-4c35-9040-a618eedb28e0 ] Request (ImagesMetadataNegativeTestJSON:setUpClass): 200 GET http://10.180.1.21/identity/v3/roles 0.045s
2024-10-15 07:41:22.434 62264 INFO tempest.lib.common.rest_client [req-0c30fe3d-70d0-4b36-92a8-07def63a330e req-0c30fe3d-70d0-4b36-92a8-07def63a330e ] Request (ServicesAdminNegativeTestJSON:setUpClass): 204 PUT http://10.180.1.21/identity/v3/projects/fe30c7285dd34174a8906cbe0395a557/users/e4b07e57c9b844edbd8f99477bd68fb2/roles/c74fce9a04514fe1acdb3b8d4b02dcca 0.073s
2024-10-15 07:41:22.434 62264 INFO tempest.lib.common.dynamic_creds [-] Dynamic test user e4b07e57c9b844edbd8f99477bd68fb2 is created with scope project and roles: ['member']
2024-10-15 07:41:22.434 62264 INFO tempest.lib.common.dynamic_creds [-] Acquired dynamic creds: credentials: Credentials: {'domain_id': 'default', 'domain_name': 'Default', 'username': 'tempest-ServicesAdminNegativeTestJSON-241841836-project-member', 'project_domain_id': 'default', 'project_domain_name': 'Default', 'project_id': 'fe30c7285dd34174a8906cbe0395a557', 'project_name': 'tempest-ServicesAdminNegativeTestJSON-241841836', 'tenant_id': 'fe30c7285dd34174a8906cbe0395a557', 'tenant_name': 'tempest-ServicesAdminNegativeTestJSON-241841836', 'user_domain_id': 'default', 'user_domain_name': 'Default', 'user_id': 'e4b07e57c9b844edbd8f99477bd68fb2', 'system': None}, Network: None, Subnet: None, Router: None
2024-10-15 07:41:22.434 62264 INFO tempest.lib.common.dynamic_creds [-] Created isolated network resources for: credentials: Credentials: {'domain_id': 'default', 'domain_name': 'Default', 'username': 'tempest-ServicesAdminNegativeTestJSON-241841836-project-member', 'project_domain_id': 'default', 'project_domain_name': 'Default', 'project_id': 'fe30c7285dd34174a8906cbe0395a557', 'project_name': 'tempest-ServicesAdminNegativeTestJSON-241841836', 'tenant_id': 'fe30c7285dd34174a8906cbe0395a557', 'tenant_name': 'tempest-ServicesAdminNegativeTestJSON-241841836', 'user_domain_id': 'default', 'user_domain_name': 'Default', 'user_id': 'e4b07e57c9b844edbd8f99477bd68fb2', 'system': None}, Network: None, Subnet: None, Router: None
2024-10-15 07:41:22.473 62314 INFO tempest.lib.common.rest_client [req-c5c707f2-e993-49ce-951a-201dff4621bd req-c5c707f2-e993-49ce-951a-201dff4621bd ] Request (ServersTestBootFromVolume:setUpClass): 202 POST http://10.180.1.21/compute/v2.1/servers 1.628s
2024-10-15 07:41:22.492 62298 INFO tempest.lib.common.rest_client [req-302417af-777f-4295-878e-6014695b1ed1 req-302417af-777f-4295-878e-6014695b1ed1 ] Request (AbsoluteLimitsTestJSON:setUpClass): 204 PUT http://10.180.1.21/identity/v3/projects/36606d04b77b4dc98997e390a38cad35/users/a1f1c23978da4eb5b869d4a2108c9c6c/roles/c74fce9a04514fe1acdb3b8d4b02dcca 0.090s
2024-10-15 07:41:22.492 62298 INFO tempest.lib.common.dynamic_creds [-] Dynamic test user a1f1c23978da4eb5b869d4a2108c9c6c is created with scope project and roles: ['member']
2024-10-15 07:41:22.493 62298 INFO tempest.lib.common.dynamic_creds [-] Acquired dynamic creds: credentials: Credentials: {'domain_id': 'default', 'domain_name': 'Default', 'username': 'tempest-AbsoluteLimitsTestJSON-2124881331-project-member', 'project_domain_id': 'default', 'project_domain_name': 'Default', 'project_id': '36606d04b77b4dc98997e390a38cad35', 'project_name': 'tempest-AbsoluteLimitsTestJSON-2124881331', 'tenant_id': '36606d04b77b4dc98997e390a38cad35', 'tenant_name': 'tempest-AbsoluteLimitsTestJSON-2124881331', 'user_domain_id': 'default', 'user_domain_name': 'Default', 'user_id': 'a1f1c23978da4eb5b869d4a2108c9c6c', 'system': None}, Network: None, Subnet: None, Router: None
2024-10-15 07:41:22.493 62298 INFO tempest.lib.common.dynamic_creds [-] Created isolated network resources for: credentials: Credentials: {'domain_id': 'default', 'domain_name': 'Default', 'username': 'tempest-AbsoluteLimitsTestJSON-2124881331-project-member', 'project_domain_id': 'default', 'project_domain_name': 'Default', 'project_id': '36606d04b77b4dc98997e390a38cad35', 'project_name': 'tempest-AbsoluteLimitsTestJSON-2124881331', 'tenant_id': '36606d04b77b4dc98997e390a38cad35', 'tenant_name': 'tempest-AbsoluteLimitsTestJSON-2124881331', 'user_domain_id': 'default', 'user_domain_name': 'Default', 'user_id': 'a1f1c23978da4eb5b869d4a2108c9c6c', 'system': None}, Network: None, Subnet: None, Router: None
2024-10-15 07:41:22.526 62272 INFO tempest.lib.common.rest_client [req-d1c28cfe-477d-4d60-9486-c90fe01645e3 req-d1c28cfe-477d-4d60-9486-c90fe01645e3 ] Request (AggregatesAdminNegativeTestJSON:_run_cleanups): 200 POST http://10.180.1.21/compute/v2.1/os-aggregates/7/action 1.186s
2024-10-15 07:41:22.529 62266 INFO tempest.lib.common.rest_client [req-5e1ef9f8-70ee-44d6-898b-6762e1327b4c req-5e1ef9f8-70ee-44d6-898b-6762e1327b4c ] Request (SecurityGroupRulesTestJSON:setUpClass): 200 GET http://10.180.1.21/identity/v3/roles 0.120s
2024-10-15 07:41:22.545 62274 INFO tempest.lib.common.rest_client [req-ac90188b-cbdb-410e-9f4f-f2999dae5bc8 req-ac90188b-cbdb-410e-9f4f-f2999dae5bc8 ] Request (ImagesMetadataNegativeTestJSON:setUpClass): 204 PUT http://10.180.1.21/identity/v3/projects/e8bd4a4fd04649899ca715f4be410819/users/662c0a8a8561499aa8a3e31359a40a87/roles/c74fce9a04514fe1acdb3b8d4b02dcca 0.117s
2024-10-15 07:41:22.546 62274 INFO tempest.lib.common.dynamic_creds [-] Dynamic test user 662c0a8a8561499aa8a3e31359a40a87 is created with scope project and roles: ['member']
2024-10-15 07:41:22.546 62274 INFO tempest.lib.common.dynamic_creds [-] Acquired dynamic creds: credentials: Credentials: {'domain_id': 'default', 'domain_name': 'Default', 'username': 'tempest-ImagesMetadataNegativeTestJSON-2003941955-project-member', 'project_domain_id': 'default', 'project_domain_name': 'Default', 'project_id': 'e8bd4a4fd04649899ca715f4be410819', 'project_name': 'tempest-ImagesMetadataNegativeTestJSON-2003941955', 'tenant_id': 'e8bd4a4fd04649899ca715f4be410819', 'tenant_name': 'tempest-ImagesMetadataNegativeTestJSON-2003941955', 'user_domain_id': 'default', 'user_domain_name': 'Default', 'user_id': '662c0a8a8561499aa8a3e31359a40a87', 'system': None}, Network: None, Subnet: None, Router: None
2024-10-15 07:41:22.546 62274 INFO tempest.lib.common.dynamic_creds [-] Created isolated network resources for: credentials: Credentials: {'domain_id': 'default', 'domain_name': 'Default', 'username': 'tempest-ImagesMetadataNegativeTestJSON-2003941955-project-member', 'project_domain_id': 'default', 'project_domain_name': 'Default', 'project_id': 'e8bd4a4fd04649899ca715f4be410819', 'project_name': 'tempest-ImagesMetadataNegativeTestJSON-2003941955', 'tenant_id': 'e8bd4a4fd04649899ca715f4be410819', 'tenant_name': 'tempest-ImagesMetadataNegativeTestJSON-2003941955', 'user_domain_id': 'default', 'user_domain_name': 'Default', 'user_id': '662c0a8a8561499aa8a3e31359a40a87', 'system': None}, Network: None, Subnet: None, Router: None
2024-10-15 07:41:22.548 62290 INFO tempest.lib.common.rest_client [req-12f83242-e23e-490c-a063-0a0ef747ba46 req-12f83242-e23e-490c-a063-0a0ef747ba46 ] Request (ServersTestManualDisk:setUpClass): 200 GET http://10.180.1.21/compute/v2.1/servers/e3ebc887-7656-4aa2-88d8-03ad4e86919a 1.159s
2024-10-15 07:41:22.578 62284 INFO tempest.lib.common.rest_client [req-4fd0a579-1643-4009-95c3-de95bc22652a req-4fd0a579-1643-4009-95c3-de95bc22652a ] Request (ServicesAdminNegativeV253TestJSON:test_get_service_by_invalid_service_and_valid_host): 200 GET http://10.180.1.21/compute/v2.1/os-services 1.141s
2024-10-15 07:41:22.594 62264 INFO tempest.lib.common.rest_client [req-50c94559-3624-4890-b32f-e30d29c5090c req-50c94559-3624-4890-b32f-e30d29c5090c ] Request (ServicesAdminNegativeTestJSON:setUpClass): 201 POST http://10.180.1.21/identity/v3/auth/tokens 0.155s
2024-10-15 07:41:22.633 62306 INFO tempest.lib.common.rest_client [req-0ef6e119-cbfb-4cb0-be80-efeef2a942f9 req-0ef6e119-cbfb-4cb0-be80-efeef2a942f9 ] Request (ServerDiagnosticsTest:test_get_server_diagnostics): 200 GET http://10.180.1.21/compute/v2.1/servers/562ef0c8-6283-43d2-a190-138ed0c1c229 1.228s
2024-10-15 07:41:22.644 62318 INFO tempest.lib.common.rest_client [req-6e275674-954d-4fc5-8c58-e2ac60e78a03 req-6e275674-954d-4fc5-8c58-e2ac60e78a03 ] Request (MigrationsAdminTest:test_list_migrations_in_flavor_resize_situation): 200 GET http://10.180.1.21/compute/v2.1/servers/c9f6e901-909f-445a-9d89-402d8f1f9d5a 0.998s
2024-10-15 07:41:22.650 62266 INFO tempest.lib.common.rest_client [req-d901edd2-bc60-4233-96c4-05a5dd262ce0 req-d901edd2-bc60-4233-96c4-05a5dd262ce0 ] Request (SecurityGroupRulesTestJSON:setUpClass): 204 PUT http://10.180.1.21/identity/v3/projects/61570af65125496c853ac0049aaca571/users/565465618ca24ba192d0e980c443d28d/roles/c74fce9a04514fe1acdb3b8d4b02dcca 0.120s
2024-10-15 07:41:22.650 62266 INFO tempest.lib.common.dynamic_creds [-] Dynamic test user 565465618ca24ba192d0e980c443d28d is created with scope project and roles: ['member']
2024-10-15 07:41:22.650 62266 INFO tempest.lib.common.dynamic_creds [-] Acquired dynamic creds: credentials: Credentials: {'domain_id': 'default', 'domain_name': 'Default', 'username': 'tempest-SecurityGroupRulesTestJSON-890123100-project-member', 'project_domain_id': 'default', 'project_domain_name': 'Default', 'project_id': '61570af65125496c853ac0049aaca571', 'project_name': 'tempest-SecurityGroupRulesTestJSON-890123100', 'tenant_id': '61570af65125496c853ac0049aaca571', 'tenant_name': 'tempest-SecurityGroupRulesTestJSON-890123100', 'user_domain_id': 'default', 'user_domain_name': 'Default', 'user_id': '565465618ca24ba192d0e980c443d28d', 'system': None}, Network: None, Subnet: None, Router: None
2024-10-15 07:41:22.663 62298 INFO tempest.lib.common.rest_client [req-c205d6ce-efd9-49a8-8799-bc735e4246fc req-c205d6ce-efd9-49a8-8799-bc735e4246fc ] Request (AbsoluteLimitsTestJSON:setUpClass): 201 POST http://10.180.1.21/identity/v3/auth/tokens 0.165s
2024-10-15 07:41:22.669 62294 INFO tempest.lib.common.rest_client [req-0cade646-874c-4bf9-bce6-138a29e8be61 req-0cade646-874c-4bf9-bce6-138a29e8be61 ] Request (FloatingIPDetailsTestJSON:tearDownClass): 200 PUT http://10.180.1.21:9696/networking/v2.0/routers/f3c524d5-4415-4283-8cf0-8cb42f2207ff/remove_router_interface 1.263s
2024-10-15 07:41:22.705 62293 INFO tempest.lib.common.rest_client [req-70c94999-c19e-4b64-b0fd-649b4955b159 req-70c94999-c19e-4b64-b0fd-649b4955b159 ] Request (SecurityGroupsTestJSON:test_list_security_groups_by_server): 200 GET http://10.180.1.21/compute/v2.1/servers/0bbdae6d-1ff1-4bc6-9af8-a744e08b540a 0.939s
2024-10-15 07:41:22.714 62293 INFO tempest.common.waiters [-] State transition "BUILD/scheduling" ==> "BUILD/None" after 12 second wait
2024-10-15 07:41:22.717 62264 INFO tempest.lib.common.rest_client [req-f5bcaa10-d16e-4286-a6e9-fc8d87b7ed20 req-f5bcaa10-d16e-4286-a6e9-fc8d87b7ed20 ] Request (ServicesAdminNegativeTestJSON:setUpClass): 201 POST http://10.180.1.21/identity/v3/projects 0.122s
2024-10-15 07:41:22.735 62274 INFO tempest.lib.common.rest_client [req-654e1bd6-feb7-4bd5-8e51-e89e43119afe req-654e1bd6-feb7-4bd5-8e51-e89e43119afe ] Request (ImagesMetadataNegativeTestJSON:setUpClass): 201 POST http://10.180.1.21/identity/v3/auth/tokens 0.183s
2024-10-15 07:41:22.839 62266 INFO tempest.lib.common.rest_client [req-52ec3022-bfb5-4b98-997f-726f5f88875c req-52ec3022-bfb5-4b98-997f-726f5f88875c ] Request (SecurityGroupRulesTestJSON:setUpClass): 201 POST http://10.180.1.21/identity/v3/auth/tokens 0.188s
2024-10-15 07:41:22.865 62264 INFO tempest.lib.common.rest_client [req-98017311-8106-46c9-bb6c-e1d40b9dbdfa req-98017311-8106-46c9-bb6c-e1d40b9dbdfa ] Request (ServicesAdminNegativeTestJSON:setUpClass): 201 POST http://10.180.1.21/identity/v3/users 0.147s
2024-10-15 07:41:22.890 62308 INFO tempest.lib.common.rest_client [req-55e8a315-7dbb-4e0a-955e-f626637f3d37 req-55e8a315-7dbb-4e0a-955e-f626637f3d37 ] Request (ImagesNegativeTestJSON:setUpClass): 200 PUT http://10.180.1.21:9696/networking/v2.0/routers/1349c68f-3c06-4c85-8e0e-915c0475e08a/add_router_interface 0.937s
2024-10-15 07:41:22.891 62308 INFO tempest.lib.common.dynamic_creds [-] Created isolated network resources for: credentials: Credentials: {'domain_id': 'default', 'domain_name': 'Default', 'username': 'tempest-ImagesNegativeTestJSON-429770959-project-member', 'project_domain_id': 'default', 'project_domain_name': 'Default', 'project_id': 'ebe2453f3cb3442882a8b576da25a214', 'project_name': 'tempest-ImagesNegativeTestJSON-429770959', 'tenant_id': 'ebe2453f3cb3442882a8b576da25a214', 'tenant_name': 'tempest-ImagesNegativeTestJSON-429770959', 'user_domain_id': 'default', 'user_domain_name': 'Default', 'user_id': '46e64b82ea8046d9858010a42c82af92', 'system': None}, Network: {'id': '4d210a96-3c6b-4bfd-96d6-427afdd18c5c', 'name': 'tempest-ImagesNegativeTestJSON-1271972843-network', 'tenant_id': 'ebe2453f3cb3442882a8b576da25a214', 'admin_state_up': True, 'mtu': 8950, 'status': 'ACTIVE', 'subnets': [], 'shared': False, 'project_id': 'ebe2453f3cb3442882a8b576da25a214', 'port_security_enabled': True, 'router:external': False, 'provider:network_type': 'vlan', 'provider:physical_network': 'default', 'provider:segmentation_id': 458, 'is_default': False, 'availability_zone_hints': [], 'availability_zones': [], 'ipv4_address_scope': None, 'ipv6_address_scope': None, 'description': '', 'tags': [], 'created_at': '2024-10-15T07:41:19Z', 'updated_at': '2024-10-15T07:41:19Z', 'revision_number': 1}, Subnet: {'id': '09c42de5-03e1-4811-a614-6f7a0601a9d4', 'name': 'tempest-ImagesNegativeTestJSON-1271972843-subnet', 'tenant_id': 'ebe2453f3cb3442882a8b576da25a214', 'network_id': '4d210a96-3c6b-4bfd-96d6-427afdd18c5c', 'ip_version': 4, 'subnetpool_id': None, 'enable_dhcp': True, 'ipv6_ra_mode': None, 'ipv6_address_mode': None, 'gateway_ip': '192.168.128.1', 'cidr': '192.168.128.0/28', 'allocation_pools': [{'start': '192.168.128.2', 'end': '192.168.128.14'}], 'host_routes': [], 'dns_nameservers': [], 'description': '', 'router:external': False, 'service_types': [], 'tags': [], 'created_at': '2024-10-15T07:41:20Z', 'updated_at': '2024-10-15T07:41:20Z', 'revision_number': 0, 'project_id': 'ebe2453f3cb3442882a8b576da25a214'}, Router: {'id': '1349c68f-3c06-4c85-8e0e-915c0475e08a', 'name': 'tempest-ImagesNegativeTestJSON-1271972843-router', 'tenant_id': 'ebe2453f3cb3442882a8b576da25a214', 'admin_state_up': True, 'status': 'ACTIVE', 'external_gateway_info': {'network_id': 'df738a63-29d6-4071-a7fd-6c63bfc26ca3', 'external_fixed_ips': [{'subnet_id': 'f1a022bf-c313-4a44-b6d9-86fe6e59ed78', 'ip_address': '10.180.180.162'}], 'enable_snat': True}, 'description': '', 'availability_zones': [], 'distributed': False, 'ha': False, 'availability_zone_hints': [], 'routes': [], 'flavor_id': None, 'tags': [], 'created_at': '2024-10-15T07:41:20Z', 'updated_at': '2024-10-15T07:41:21Z', 'revision_number': 2, 'project_id': 'ebe2453f3cb3442882a8b576da25a214'}
2024-10-15 07:41:22.924 62280 INFO tempest.lib.common.rest_client [req-6234941d-467a-4a6e-84e4-6827293f3273 req-6234941d-467a-4a6e-84e4-6827293f3273 ] Request (ImagesMetadataTestJSON:setUp): 200 PUT http://10.180.1.21/compute/v2.1/images/7f392163-16dc-48f1-8a9d-cbea27465f2c/metadata 1.145s
2024-10-15 07:41:22.927 62262 INFO tempest.lib.common.rest_client [req-b308a278-c6b0-4daf-976f-0f750b46d970 req-b308a278-c6b0-4daf-976f-0f750b46d970 ] Request (AbsoluteLimitsNegativeTestJSON:test_max_metadata_exceed_limit): 200 GET http://10.180.1.21/compute/v2.1/limits 1.241s
2024-10-15 07:41:22.971 62264 INFO tempest.lib.common.rest_client [req-ec7772be-0af4-4abc-b7f6-f8283e435cc0 req-ec7772be-0af4-4abc-b7f6-f8283e435cc0 ] Request (ServicesAdminNegativeTestJSON:setUpClass): 200 GET http://10.180.1.21/identity/v3/roles 0.105s
2024-10-15 07:41:23.021 62308 INFO tempest.lib.common.rest_client [req-467316ad-991b-4582-a21d-9eac25fc9bfb req-467316ad-991b-4582-a21d-9eac25fc9bfb ] Request (ImagesNegativeTestJSON:setUpClass): 201 POST http://10.180.1.21/identity/v3/auth/tokens 0.126s
2024-10-15 07:41:23.021 62320 INFO tempest.lib.common.rest_client [req-5c1417e8-c8e7-433e-9e08-a83075ed5b69 req-5c1417e8-c8e7-433e-9e08-a83075ed5b69 ] Request (FlavorsV2NegativeTest:test_boot_with_low_ram): 204 PUT http://10.180.1.21/image/v2/images/3c55ed4b-0421-4566-ab31-b2b67c1bae74/file 1.125s
2024-10-15 07:41:23.051 62262 INFO tempest.lib.common.rest_client [req-630de051-09aa-4702-ac44-429f4247e1ef req-630de051-09aa-4702-ac44-429f4247e1ef ] Request (AbsoluteLimitsNegativeTestJSON:test_max_metadata_exceed_limit): 201 POST http://10.180.1.21/identity/v3/auth/tokens 0.117s
2024-10-15 07:41:23.051 62262 INFO tempest.lib.common.fixed_network [-] (AbsoluteLimitsNegativeTestJSON:test_max_metadata_exceed_limit) Found network None available for tenant
2024-10-15 07:41:23.066 62302 INFO tempest.lib.common.rest_client [req-76d74bcf-c1ae-46b3-9093-89553055db22 req-76d74bcf-c1ae-46b3-9093-89553055db22 ] Request (ImagesTestJSON:test_create_image_from_stopped_server): 200 GET http://10.180.1.21/compute/v2.1/servers/ecd864df-9e54-491e-9931-b5ee8f66bffc 1.212s
2024-10-15 07:41:23.074 62302 INFO tempest.common.waiters [-] State transition "BUILD/spawning" ==> "ERROR/None" after 39 second wait
2024-10-15 07:41:23.082 62304 INFO tempest.lib.common.rest_client [req-38010e46-128e-405c-b95a-311568d46cdd req-38010e46-128e-405c-b95a-311568d46cdd ] Request (FlavorsAdminTestJSON:test_is_public_string_variations): 200 GET http://10.180.1.21/compute/v2.1/flavors/detail?is_public=true 1.133s
2024-10-15 07:41:23.105 62264 INFO tempest.lib.common.rest_client [req-c37bd398-3754-4089-aa1e-2f5be78d5804 req-c37bd398-3754-4089-aa1e-2f5be78d5804 ] Request (ServicesAdminNegativeTestJSON:setUpClass): 204 PUT http://10.180.1.21/identity/v3/projects/cdf67934f1d84e27a44958638c8f8ff4/users/e3abc6b353954078a2578628619b64a4/roles/395575bfa8ad448b8a4b710ed616a683 0.133s
2024-10-15 07:41:23.108 62308 INFO tempest.lib.common.rest_client [req-719d49dd-660e-4778-8a5c-3f09dc877e6e req-719d49dd-660e-4778-8a5c-3f09dc877e6e ] Request (ImagesNegativeTestJSON:test_create_image_from_deleted_server): 201 POST http://10.180.1.21/identity/v3/auth/tokens 0.081s
2024-10-15 07:41:23.108 62308 INFO tempest.lib.common.fixed_network [-] (ImagesNegativeTestJSON:test_create_image_from_deleted_server) Found network {'id': '4d210a96-3c6b-4bfd-96d6-427afdd18c5c', 'name': 'tempest-ImagesNegativeTestJSON-1271972843-network', 'tenant_id': 'ebe2453f3cb3442882a8b576da25a214', 'admin_state_up': True, 'mtu': 8950, 'status': 'ACTIVE', 'subnets': [], 'shared': False, 'project_id': 'ebe2453f3cb3442882a8b576da25a214', 'port_security_enabled': True, 'router:external': False, 'provider:network_type': 'vlan', 'provider:physical_network': 'default', 'provider:segmentation_id': 458, 'is_default': False, 'availability_zone_hints': [], 'availability_zones': [], 'ipv4_address_scope': None, 'ipv6_address_scope': None, 'description': '', 'tags': [], 'created_at': '2024-10-15T07:41:19Z', 'updated_at': '2024-10-15T07:41:19Z', 'revision_number': 1} available for tenant
2024-10-15 07:41:23.115 62300 INFO tempest.lib.common.rest_client [req-8545ac2c-13d9-41f2-bdb3-cac2e6d872db req-8545ac2c-13d9-41f2-bdb3-cac2e6d872db ] Request (ImagesOneServerTestJSON:setUpClass): 404 GET http://10.180.1.21/compute/v2.1/servers/64660652-1fdc-4d28-a650-a9fbb44ff3db 0.838s
2024-10-15 07:41:23.115 62300 INFO tempest.test [-] raised in ImagesOneServerTestJSON.setUpClass. Invoking tearDownClass.
2024-10-15 07:41:23.171 62264 INFO tempest.lib.common.rest_client [req-0bd24a70-5004-4be7-a539-b3ffa2c9ac72 req-0bd24a70-5004-4be7-a539-b3ffa2c9ac72 ] Request (ServicesAdminNegativeTestJSON:setUpClass): 200 GET http://10.180.1.21/identity/v3/roles 0.066s
2024-10-15 07:41:23.182 62320 INFO tempest.lib.common.rest_client [req-99890b0b-952d-46d5-bd19-f172cb52a564 req-99890b0b-952d-46d5-bd19-f172cb52a564 ] Request (FlavorsV2NegativeTest:test_boot_with_low_ram): 201 POST http://10.180.1.21/identity/v3/auth/tokens 0.158s
2024-10-15 07:41:23.182 62320 INFO tempest.lib.common.fixed_network [-] (FlavorsV2NegativeTest:test_boot_with_low_ram) Found network None available for tenant
2024-10-15 07:41:23.208 62264 INFO tempest.lib.common.rest_client [req-346d3534-9584-4ada-8380-8b63d11fbf7d req-346d3534-9584-4ada-8380-8b63d11fbf7d ] Request (ServicesAdminNegativeTestJSON:setUpClass): 204 PUT http://10.180.1.21/identity/v3/projects/cdf67934f1d84e27a44958638c8f8ff4/users/e3abc6b353954078a2578628619b64a4/roles/395575bfa8ad448b8a4b710ed616a683 0.036s
2024-10-15 07:41:23.208 62264 INFO tempest.lib.common.dynamic_creds [-] Dynamic test user e3abc6b353954078a2578628619b64a4 is created with scope project and roles: ['admin']
2024-10-15 07:41:23.209 62264 INFO tempest.lib.common.dynamic_creds [-] Acquired dynamic creds: credentials: Credentials: {'domain_id': 'default', 'domain_name': 'Default', 'username': 'tempest-ServicesAdminNegativeTestJSON-577274206-project-admin', 'project_domain_id': 'default', 'project_domain_name': 'Default', 'project_id': 'cdf67934f1d84e27a44958638c8f8ff4', 'project_name': 'tempest-ServicesAdminNegativeTestJSON-577274206', 'tenant_id': 'cdf67934f1d84e27a44958638c8f8ff4', 'tenant_name': 'tempest-ServicesAdminNegativeTestJSON-577274206', 'user_domain_id': 'default', 'user_domain_name': 'Default', 'user_id': 'e3abc6b353954078a2578628619b64a4', 'system': None}, Network: None, Subnet: None, Router: None
2024-10-15 07:41:23.209 62264 INFO tempest.lib.common.dynamic_creds [-] Created isolated network resources for: credentials: Credentials: {'domain_id': 'default', 'domain_name': 'Default', 'username': 'tempest-ServicesAdminNegativeTestJSON-577274206-project-admin', 'project_domain_id': 'default', 'project_domain_name': 'Default', 'project_id': 'cdf67934f1d84e27a44958638c8f8ff4', 'project_name': 'tempest-ServicesAdminNegativeTestJSON-577274206', 'tenant_id': 'cdf67934f1d84e27a44958638c8f8ff4', 'tenant_name': 'tempest-ServicesAdminNegativeTestJSON-577274206', 'user_domain_id': 'default', 'user_domain_name': 'Default', 'user_id': 'e3abc6b353954078a2578628619b64a4', 'system': None}, Network: None, Subnet: None, Router: None
2024-10-15 07:41:23.244 62314 INFO tempest.lib.common.rest_client [req-58a5a358-e207-42be-83f9-0996f7087bae req-58a5a358-e207-42be-83f9-0996f7087bae ] Request (ServersTestBootFromVolume:setUpClass): 200 GET http://10.180.1.21/compute/v2.1/servers/b3ba2d53-8128-4b0a-a972-499e3d30ba55 0.767s
2024-10-15 07:41:23.294 62266 INFO tempest.lib.common.rest_client [req-2beb8ee0-d617-4cc1-8fc9-f63320b4e7e0 req-2beb8ee0-d617-4cc1-8fc9-f63320b4e7e0 ] Request (SecurityGroupRulesTestJSON:setUpClass): 201 POST http://10.180.1.21:9696/networking/v2.0/networks 0.454s
2024-10-15 07:41:23.308 62264 INFO tempest.lib.common.rest_client [req-a3062b1c-c70c-468f-83f0-75aa7fda9665 req-a3062b1c-c70c-468f-83f0-75aa7fda9665 ] Request (ServicesAdminNegativeTestJSON:setUpClass): 201 POST http://10.180.1.21/identity/v3/auth/tokens 0.096s
2024-10-15 07:41:23.340 62276 INFO tempest.lib.common.rest_client [req-47cc33c5-d829-4463-a188-d9df8cd27ea9 req-47cc33c5-d829-4463-a188-d9df8cd27ea9 ] Request (VolumesAssistedSnapshotsTest:test_volume_assisted_snapshot_create_delete): 200 GET http://10.180.1.21/compute/v2.1/servers/8450615b-82da-4fdf-93cc-869abf8e82bb 0.821s
2024-10-15 07:41:23.366 62272 INFO tempest.lib.common.rest_client [req-397ee268-1be6-4f78-a129-8e897da0c079 req-397ee268-1be6-4f78-a129-8e897da0c079 ] Request (AggregatesAdminNegativeTestJSON:_run_cleanups): 200 DELETE http://10.180.1.21/compute/v2.1/os-aggregates/7 0.839s
2024-10-15 07:41:23.386 62284 INFO tempest.lib.common.rest_client [req-4629ad06-19ac-4cd1-b39c-576c8340cee6 req-4629ad06-19ac-4cd1-b39c-576c8340cee6 ] Request (ServicesAdminNegativeV253TestJSON:test_get_service_by_invalid_service_and_valid_host): 200 GET http://10.180.1.21/compute/v2.1/os-services?host=devstack&binary=xxx 0.806s
2024-10-15 07:41:23.467 62324 INFO tempest.lib.common.rest_client [req-11dd4c24-d9e9-4a63-838e-859a40781e4b req-11dd4c24-d9e9-4a63-838e-859a40781e4b ] Request (ServersWithSpecificFlavorTestJSON:test_verify_created_server_ephemeral_disk): 200 GET http://10.180.1.21/compute/v2.1/servers/e922d414-8764-4d0f-8068-fad3000c3147 0.859s
2024-10-15 07:41:23.551 62268 INFO tempest.lib.common.rest_client [req-7b877c9e-8df0-48a1-b21e-9efadc765d47 req-7b877c9e-8df0-48a1-b21e-9efadc765d47 ] Request (DeleteServersTestJSON:test_delete_server_while_in_attached_volume): 200 GET http://10.180.1.21/compute/v2.1/servers/0ce25daa-9ab8-4167-9bcf-a66ac3843487 0.923s
2024-10-15 07:41:23.599 62294 INFO tempest.lib.common.rest_client [req-050344b4-fd81-4982-8397-40465d8a221f req-050344b4-fd81-4982-8397-40465d8a221f ] Request (FloatingIPDetailsTestJSON:tearDownClass): 204 DELETE http://10.180.1.21:9696/networking/v2.0/routers/f3c524d5-4415-4283-8cf0-8cb42f2207ff 0.930s
2024-10-15 07:41:23.621 62266 INFO tempest.lib.common.rest_client [req-39519d4f-15f4-4e85-a6c2-72a6bc90dae9 req-39519d4f-15f4-4e85-a6c2-72a6bc90dae9 ] Request (SecurityGroupRulesTestJSON:setUpClass): 201 POST http://10.180.1.21:9696/networking/v2.0/subnets 0.327s
2024-10-15 07:41:23.716 62298 INFO tempest.lib.common.rest_client [req-7a247f54-c88c-4275-8523-e64f58f18c00 req-7a247f54-c88c-4275-8523-e64f58f18c00 ] Request (AbsoluteLimitsTestJSON:test_absLimits_get): 200 GET http://10.180.1.21/compute/v2.1/limits 1.052s
2024-10-15 07:41:23.716 62294 INFO tempest.lib.common.rest_client [req-88b5365f-9034-46de-8dbf-bab8545685de req-88b5365f-9034-46de-8dbf-bab8545685de ] Request (FloatingIPDetailsTestJSON:tearDownClass): 204 DELETE http://10.180.1.21:9696/networking/v2.0/subnets/fd8aa8f0-37c1-47f9-95ef-30364d910473 0.117s
2024-10-15 07:41:23.799 62316 INFO tempest.lib.common.rest_client [req-03e8c671-86a6-4fde-9edd-ba99c8ed41b8 req-03e8c671-86a6-4fde-9edd-ba99c8ed41b8 ] Request (VolumesAdminNegativeTest:test_update_attached_volume_with_nonexistent_volume_in_body): 200 GET http://10.180.1.21/compute/v2.1/servers/7e45fdad-5496-431f-b55d-25d8ad26c1a3 1.112s
2024-10-15 07:41:23.806 62278 INFO tempest.lib.common.rest_client [req-b70c10d5-b1fe-4c5e-8d34-8f9acb5acebd req-b70c10d5-b1fe-4c5e-8d34-8f9acb5acebd ] Request (ServersNegativeTestJSON:setUpClass): 202 POST http://10.180.1.21/compute/v2.1/servers 1.880s
2024-10-15 07:41:23.872 62298 INFO tempest.lib.common.rest_client [req-79dde21d-5e0a-4855-8811-293c9e612c00 req-79dde21d-5e0a-4855-8811-293c9e612c00 ] Request (AbsoluteLimitsTestJSON:tearDownClass): 204 DELETE http://10.180.1.21/identity/v3/users/a1f1c23978da4eb5b869d4a2108c9c6c 0.147s
2024-10-15 07:41:23.872 62298 INFO tempest.lib.common.dynamic_creds [-] Deleting project and security group for project: 36606d04b77b4dc98997e390a38cad35
2024-10-15 07:41:23.885 62282 INFO tempest.lib.common.rest_client [req-6694776c-c8c7-468e-97c0-7c5423a69c07 req-6694776c-c8c7-468e-97c0-7c5423a69c07 ] Request (InstanceActionsNegativeTestJSON:setUpClass): 200 GET http://10.180.1.21/compute/v2.1/servers/9c147846-5a78-4038-8550-ed18384a0dfe 1.135s
2024-10-15 07:41:23.908 62274 INFO tempest.lib.common.rest_client [req-9bb5dd86-a1ce-4dc7-8af7-fa9400587951 req-9bb5dd86-a1ce-4dc7-8af7-fa9400587951 ] Request (ImagesMetadataNegativeTestJSON:test_delete_nonexistent_image_metadata_item): 404 DELETE http://10.180.1.21/compute/v2.1/images/298a283b-39ca-43d1-b70d-d5ff7e7e435e/metadata/os_distro 1.172s
2024-10-15 07:41:23.959 62298 INFO tempest.lib.common.rest_client [req-45ed5424-87e9-49cc-90cf-fd2954a2c8e6 req-45ed5424-87e9-49cc-90cf-fd2954a2c8e6 ] Request (AbsoluteLimitsTestJSON:tearDownClass): 201 POST http://10.180.1.21/identity/v3/auth/tokens 0.086s
2024-10-15 07:41:23.960 62280 INFO tempest.lib.common.rest_client [req-5d8362fe-862b-4019-85d7-a98d4e9799c0 req-5d8362fe-862b-4019-85d7-a98d4e9799c0 ] Request (ImagesMetadataTestJSON:test_get_image_metadata_item): 200 GET http://10.180.1.21/compute/v2.1/images/7f392163-16dc-48f1-8a9d-cbea27465f2c/metadata/os_distro 1.036s
2024-10-15 07:41:23.966 62270 INFO tempest.lib.common.rest_client [req-0f2f581c-9e28-4ca3-a4a1-927069d30b72 req-0f2f581c-9e28-4ca3-a4a1-927069d30b72 ] Request (ImagesOneServerNegativeTestJSON:setUpClass): 200 GET http://10.180.1.21/compute/v2.1/servers/1d01194e-da62-4276-808e-54756f4fbff6 1.102s
2024-10-15 07:41:24.054 62296 INFO tempest.lib.common.rest_client [req-88e04d17-20aa-4ff3-8d9b-9c35a1d290bf req-88e04d17-20aa-4ff3-8d9b-9c35a1d290bf ] Request (TenantUsagesTestJSON:setUpClass): 200 GET http://10.180.1.21/compute/v2.1/servers/9beb836c-d38e-4c56-ae69-aef914dff907 1.037s
2024-10-15 07:41:24.055 62312 INFO tempest.lib.common.rest_client [req-c6e64aa7-0a42-4c7c-9f3f-5b5e662036e5 req-c6e64aa7-0a42-4c7c-9f3f-5b5e662036e5 ] Request (ServersTestMultiNic:test_verify_duplicate_network_nics): 200 GET http://10.180.1.21/compute/v2.1/servers/15b40004-cad3-4b16-93e7-c73cb1468352 1.112s
2024-10-15 07:41:24.208 62294 INFO tempest.lib.common.rest_client [req-02b4fc00-30b0-4d90-af25-e0e99a8590fd req-02b4fc00-30b0-4d90-af25-e0e99a8590fd ] Request (FloatingIPDetailsTestJSON:tearDownClass): 204 DELETE http://10.180.1.21:9696/networking/v2.0/networks/4a53845c-9f06-4db8-a708-fef598d042f0 0.491s
2024-10-15 07:41:24.297 62294 INFO tempest.lib.common.rest_client [req-536e51ff-47a4-45c4-976f-07cf2f2ad973 req-536e51ff-47a4-45c4-976f-07cf2f2ad973 ] Request (FloatingIPDetailsTestJSON:tearDownClass): 204 DELETE http://10.180.1.21/identity/v3/users/9919d79b55954c879e76780413374bc6 0.089s
2024-10-15 07:41:24.297 62294 INFO tempest.lib.common.dynamic_creds [-] Deleting project and security group for project: fa1760e7a5d640109e6d2a249eac4e58
2024-10-15 07:41:24.314 62298 INFO tempest.lib.common.rest_client [req-d7b3497f-d67d-4533-9908-f796579acc71 req-d7b3497f-d67d-4533-9908-f796579acc71 ] Request (AbsoluteLimitsTestJSON:tearDownClass): 200 GET http://10.180.1.21:9696/networking/v2.0/security-groups?tenant_id=36606d04b77b4dc98997e390a38cad35&name=default 0.354s
2024-10-15 07:41:24.344 62294 INFO tempest.lib.common.rest_client [req-4b11da49-da91-41a8-982c-4928c8df9088 req-4b11da49-da91-41a8-982c-4928c8df9088 ] Request (FloatingIPDetailsTestJSON:tearDownClass): 200 GET http://10.180.1.21:9696/networking/v2.0/security-groups?tenant_id=fa1760e7a5d640109e6d2a249eac4e58&name=default 0.047s
2024-10-15 07:41:24.414 62302 INFO tempest.lib.common.rest_client [req-6534e0b1-b909-4a7f-b267-ce3c39ac5580 req-6534e0b1-b909-4a7f-b267-ce3c39ac5580 ] Request (ImagesTestJSON:test_create_image_from_stopped_server): 204 DELETE http://10.180.1.21/compute/v2.1/servers/ecd864df-9e54-491e-9931-b5ee8f66bffc 1.340s
2024-10-15 07:41:24.434 62304 INFO tempest.lib.common.rest_client [req-774c24e4-cd12-45fc-b4ea-e2c8ac13aebd req-774c24e4-cd12-45fc-b4ea-e2c8ac13aebd ] Request (FlavorsAdminTestJSON:test_is_public_string_variations): 200 GET http://10.180.1.21/compute/v2.1/flavors/detail?is_public=yes 1.346s
2024-10-15 07:41:24.454 62294 INFO tempest.lib.common.rest_client [req-7f8c183d-f9a3-4f0d-9689-d63047505b44 req-7f8c183d-f9a3-4f0d-9689-d63047505b44 ] Request (FloatingIPDetailsTestJSON:tearDownClass): 204 DELETE http://10.180.1.21:9696/networking/v2.0/security-groups/e20b0bf4-0f6f-47c8-9804-c79bd044aaf5 0.109s
2024-10-15 07:41:24.457 62262 INFO tempest.lib.common.rest_client [req-5128d0f8-1a45-48be-a436-b7ff319a5760 req-5128d0f8-1a45-48be-a436-b7ff319a5760 ] Request (AbsoluteLimitsNegativeTestJSON:test_max_metadata_exceed_limit): 403 POST http://10.180.1.21/compute/v2.1/servers 1.404s
2024-10-15 07:41:24.512 62310 INFO tempest.lib.common.rest_client [req-ab9270fe-ad47-4a80-b72c-28e5dc652fea req-ab9270fe-ad47-4a80-b72c-28e5dc652fea ] Request (ServersAdmin275Test:test_rebuild_update_server_275): 200 GET http://10.180.1.21/compute/v2.1/servers/be386385-12e0-4d75-bdda-85e8809695c5 1.423s
2024-10-15 07:41:24.568 62294 INFO tempest.lib.common.rest_client [req-b9a0d83a-9354-48e6-8da3-7574525bdd4e req-b9a0d83a-9354-48e6-8da3-7574525bdd4e ] Request (FloatingIPDetailsTestJSON:tearDownClass): 204 DELETE http://10.180.1.21/identity/v3/projects/fa1760e7a5d640109e6d2a249eac4e58 0.113s
2024-10-15 07:41:24.633 62298 INFO tempest.lib.common.rest_client [req-f6c15d9e-ec45-44b2-a1a7-9049ad4a0e9c req-f6c15d9e-ec45-44b2-a1a7-9049ad4a0e9c ] Request (AbsoluteLimitsTestJSON:tearDownClass): 204 DELETE http://10.180.1.21:9696/networking/v2.0/security-groups/f0358c24-1f58-4a19-a294-11e66d8822c0 0.319s
2024-10-15 07:41:24.637 62294 INFO tempest.lib.common.rest_client [req-531b8f4b-faf0-4aa7-aadb-cbd47a7c6992 req-531b8f4b-faf0-4aa7-aadb-cbd47a7c6992 ] Request (ListImageFiltersNegativeTestJSON:setUpClass): 201 POST http://10.180.1.21/identity/v3/auth/tokens 0.067s
2024-10-15 07:41:24.659 62262 INFO tempest.lib.common.rest_client [req-ce49e98d-a221-4f05-b7ba-6300299e2a1c req-ce49e98d-a221-4f05-b7ba-6300299e2a1c ] Request (AbsoluteLimitsNegativeTestJSON:tearDownClass): 204 DELETE http://10.180.1.21/identity/v3/users/e6046ba8f7cd47e39e8d6c2cd1966e74 0.199s
2024-10-15 07:41:24.659 62262 INFO tempest.lib.common.dynamic_creds [-] Deleting project and security group for project: 633aab39865d483bb240b83a3e8a8d25
2024-10-15 07:41:24.712 62294 INFO tempest.lib.common.rest_client [req-5a618b5d-fc95-4e7a-991a-41a52873643d req-5a618b5d-fc95-4e7a-991a-41a52873643d ] Request (ListImageFiltersNegativeTestJSON:setUpClass): 201 POST http://10.180.1.21/identity/v3/auth/tokens 0.071s
2024-10-15 07:41:24.719 62298 INFO tempest.lib.common.rest_client [req-769fe495-d934-4af6-a579-2e0bb0b62f65 req-769fe495-d934-4af6-a579-2e0bb0b62f65 ] Request (AbsoluteLimitsTestJSON:tearDownClass): 204 DELETE http://10.180.1.21/identity/v3/projects/36606d04b77b4dc98997e390a38cad35 0.085s
2024-10-15 07:41:24.774 62262 INFO tempest.lib.common.rest_client [req-ea630d48-389e-4044-9bf7-652b711994e2 req-ea630d48-389e-4044-9bf7-652b711994e2 ] Request (AbsoluteLimitsNegativeTestJSON:tearDownClass): 201 POST http://10.180.1.21/identity/v3/auth/tokens 0.114s
2024-10-15 07:41:24.778 62320 INFO tempest.lib.common.rest_client [req-1ee709ad-7013-495d-8da1-e48e50ab6c9c req-1ee709ad-7013-495d-8da1-e48e50ab6c9c ] Request (FlavorsV2NegativeTest:test_boot_with_low_ram): 400 POST http://10.180.1.21/compute/v2.1/servers 1.595s
2024-10-15 07:41:24.782 62294 INFO tempest.lib.common.rest_client [req-bf27d3f4-c56c-4a9d-9057-74a30c687b92 req-bf27d3f4-c56c-4a9d-9057-74a30c687b92 ] Request (ListImageFiltersNegativeTestJSON:setUpClass): 200 GET http://10.180.1.21/identity/v3/domains?name=Default 0.070s
2024-10-15 07:41:24.858 62294 INFO tempest.lib.common.rest_client [req-a41dc01c-6946-4bf0-b051-a46f56125608 req-a41dc01c-6946-4bf0-b051-a46f56125608 ] Request (ListImageFiltersNegativeTestJSON:setUpClass): 201 POST http://10.180.1.21/identity/v3/projects 0.075s
2024-10-15 07:41:24.861 62320 INFO tempest.lib.common.rest_client [req-3d061e8d-4cd4-414b-a067-8632e10f5626 req-3d061e8d-4cd4-414b-a067-8632e10f5626 ] Request (FlavorsV2NegativeTest:_run_cleanups): 204 DELETE http://10.180.1.21/image/v2/images/3c55ed4b-0421-4566-ab31-b2b67c1bae74 0.082s
2024-10-15 07:41:24.900 62264 INFO tempest.lib.common.rest_client [req-73869033-03f5-459f-b766-f6424291d8a8 req-73869033-03f5-459f-b766-f6424291d8a8 ] Request (ServicesAdminNegativeTestJSON:test_get_service_by_invalid_params): 200 GET http://10.180.1.21/compute/v2.1/os-services 1.590s
2024-10-15 07:41:24.925 62294 INFO tempest.lib.common.rest_client [req-48791dad-eb35-4c48-94ad-edfc754a2cf7 req-48791dad-eb35-4c48-94ad-edfc754a2cf7 ] Request (ListImageFiltersNegativeTestJSON:setUpClass): 201 POST http://10.180.1.21/identity/v3/users 0.065s
2024-10-15 07:41:24.944 62294 INFO tempest.lib.common.rest_client [req-71d48ee9-1e46-43c2-93f8-e2701aa3c51d req-71d48ee9-1e46-43c2-93f8-e2701aa3c51d ] Request (ListImageFiltersNegativeTestJSON:setUpClass): 200 GET http://10.180.1.21/identity/v3/roles 0.018s
2024-10-15 07:41:24.970 62294 INFO tempest.lib.common.rest_client [req-5c5db11a-d5c4-445b-9b9a-a30b194ac3a9 req-5c5db11a-d5c4-445b-9b9a-a30b194ac3a9 ] Request (ListImageFiltersNegativeTestJSON:setUpClass): 204 PUT http://10.180.1.21/identity/v3/projects/a0ff8ad0289c4e89af5d7f2d0846eb78/users/dd0a71a2491f4265a7d7ab9b46aeb05a/roles/c74fce9a04514fe1acdb3b8d4b02dcca 0.025s
2024-10-15 07:41:24.970 62294 INFO tempest.lib.common.dynamic_creds [-] Dynamic test user dd0a71a2491f4265a7d7ab9b46aeb05a is created with scope project and roles: ['member']
2024-10-15 07:41:24.970 62294 INFO tempest.lib.common.dynamic_creds [-] Acquired dynamic creds: credentials: Credentials: {'domain_id': 'default', 'domain_name': 'Default', 'username': 'tempest-ListImageFiltersNegativeTestJSON-2083965043-project-member', 'project_domain_id': 'default', 'project_domain_name': 'Default', 'project_id': 'a0ff8ad0289c4e89af5d7f2d0846eb78', 'project_name': 'tempest-ListImageFiltersNegativeTestJSON-2083965043', 'tenant_id': 'a0ff8ad0289c4e89af5d7f2d0846eb78', 'tenant_name': 'tempest-ListImageFiltersNegativeTestJSON-2083965043', 'user_domain_id': 'default', 'user_domain_name': 'Default', 'user_id': 'dd0a71a2491f4265a7d7ab9b46aeb05a', 'system': None}, Network: None, Subnet: None, Router: None
2024-10-15 07:41:24.971 62294 INFO tempest.lib.common.dynamic_creds [-] Created isolated network resources for: credentials: Credentials: {'domain_id': 'default', 'domain_name': 'Default', 'username': 'tempest-ListImageFiltersNegativeTestJSON-2083965043-project-member', 'project_domain_id': 'default', 'project_domain_name': 'Default', 'project_id': 'a0ff8ad0289c4e89af5d7f2d0846eb78', 'project_name': 'tempest-ListImageFiltersNegativeTestJSON-2083965043', 'tenant_id': 'a0ff8ad0289c4e89af5d7f2d0846eb78', 'tenant_name': 'tempest-ListImageFiltersNegativeTestJSON-2083965043', 'user_domain_id': 'default', 'user_domain_name': 'Default', 'user_id': 'dd0a71a2491f4265a7d7ab9b46aeb05a', 'system': None}, Network: None, Subnet: None, Router: None
2024-10-15 07:41:24.993 62320 INFO tempest.lib.common.rest_client [req-70148fed-c6ed-452c-8986-9fc1c91b3067 req-70148fed-c6ed-452c-8986-9fc1c91b3067 ] Request (FlavorsV2NegativeTest:tearDownClass): 204 DELETE http://10.180.1.21/identity/v3/users/c233298c044f460687d506437c61c993 0.129s
2024-10-15 07:41:24.994 62320 INFO tempest.lib.common.dynamic_creds [-] Deleting project and security group for project: 1a2fe024d0694815aa8aff907b694596
2024-10-15 07:41:25.002 62262 INFO tempest.lib.common.rest_client [req-fda49c77-b424-4e63-b671-a331f4af15b4 req-fda49c77-b424-4e63-b671-a331f4af15b4 ] Request (AbsoluteLimitsNegativeTestJSON:tearDownClass): 200 GET http://10.180.1.21:9696/networking/v2.0/security-groups?tenant_id=633aab39865d483bb240b83a3e8a8d25&name=default 0.225s
2024-10-15 07:41:25.050 62320 INFO tempest.lib.common.rest_client [req-529d578f-d0d3-4e35-b074-ed49ee68a653 req-529d578f-d0d3-4e35-b074-ed49ee68a653 ] Request (FlavorsV2NegativeTest:tearDownClass): 201 POST http://10.180.1.21/identity/v3/auth/tokens 0.056s
2024-10-15 07:41:25.050 62294 INFO tempest.lib.common.rest_client [req-e84dbf5c-ef11-48c1-86a5-65ce93f5194c req-e84dbf5c-ef11-48c1-86a5-65ce93f5194c ] Request (ListImageFiltersNegativeTestJSON:setUpClass): 201 POST http://10.180.1.21/identity/v3/auth/tokens 0.076s
2024-10-15 07:41:25.108 62262 INFO tempest.lib.common.rest_client [req-5b6f1e0c-060c-4f1a-9557-5214db4d383a req-5b6f1e0c-060c-4f1a-9557-5214db4d383a ] Request (AbsoluteLimitsNegativeTestJSON:tearDownClass): 204 DELETE http://10.180.1.21:9696/networking/v2.0/security-groups/34af663a-cd60-4856-9c7c-01f15d9c3e82 0.105s
2024-10-15 07:41:25.153 62322 INFO tempest.lib.common.rest_client [req-7d91f477-2bf0-4e1e-98ce-d5121b69cfad req-7d91f477-2bf0-4e1e-98ce-d5121b69cfad ] Request (ServerActionsTestJSON:setUpClass): 200 GET http://10.180.1.21/compute/v2.1/servers/29012610-7b51-4d1b-9428-ff940632745a 1.813s
2024-10-15 07:41:25.171 62262 INFO tempest.lib.common.rest_client [req-496afff7-36fc-4a42-824a-484dd0d15244 req-496afff7-36fc-4a42-824a-484dd0d15244 ] Request (AbsoluteLimitsNegativeTestJSON:tearDownClass): 204 DELETE http://10.180.1.21/identity/v3/projects/633aab39865d483bb240b83a3e8a8d25 0.062s
2024-10-15 07:41:25.176 62272 INFO tempest.lib.common.rest_client [req-065af8ed-2d27-4387-9212-c014431413a0 req-065af8ed-2d27-4387-9212-c014431413a0 ] Request (AggregatesAdminNegativeTestJSON:test_aggregate_remove_nonexistent_host): 200 POST http://10.180.1.21/compute/v2.1/os-aggregates 1.808s
2024-10-15 07:41:25.190 62300 INFO tempest.lib.common.rest_client [req-5b56cf80-231b-4929-8de8-be8b39486eba req-5b56cf80-231b-4929-8de8-be8b39486eba ] Request (ImagesOneServerTestJSON:tearDownClass): 200 PUT http://10.180.1.21:9696/networking/v2.0/routers/31b096e9-e899-4192-9c79-5e282af32640/remove_router_interface 2.074s
2024-10-15 07:41:25.203 62284 INFO tempest.lib.common.rest_client [req-694d0058-8d78-4494-83df-ca1dce107a60 req-694d0058-8d78-4494-83df-ca1dce107a60 ] Request (ServicesAdminNegativeV253TestJSON:test_get_service_with_valid_service_and_invalid_host): 200 GET http://10.180.1.21/compute/v2.1/os-services 1.814s
2024-10-15 07:41:25.238 62262 INFO tempest.lib.common.rest_client [req-7acf27e7-fa45-4ae8-8ad5-493480de6ace req-7acf27e7-fa45-4ae8-8ad5-493480de6ace ] Request (ServerRescueTestJSONUnderV235:setUpClass): 201 POST http://10.180.1.21/identity/v3/auth/tokens 0.065s
2024-10-15 07:41:25.247 62320 INFO tempest.lib.common.rest_client [req-43f2c7ea-7cb3-4b14-a9d8-6bce802e18c2 req-43f2c7ea-7cb3-4b14-a9d8-6bce802e18c2 ] Request (FlavorsV2NegativeTest:tearDownClass): 200 GET http://10.180.1.21:9696/networking/v2.0/security-groups?tenant_id=1a2fe024d0694815aa8aff907b694596&name=default 0.196s
2024-10-15 07:41:25.265 62288 INFO tempest.lib.common.rest_client [req-72e10e3b-a785-4e3e-aca0-f7f287bdd76c req-72e10e3b-a785-4e3e-aca0-f7f287bdd76c ] Request (ListImageFiltersTestJSON:setUpClass): 200 GET http://10.180.1.21/compute/v2.1/servers/8bc11701-ae83-48dc-9254-fb77870ff5f5 1.868s
2024-10-15 07:41:25.274 62262 INFO tempest.lib.common.rest_client [req-d8fb5b16-8230-4f6c-aa52-5ed0444ee47e req-d8fb5b16-8230-4f6c-aa52-5ed0444ee47e ] Request (ServerRescueTestJSONUnderV235:setUpClass): 201 POST http://10.180.1.21/identity/v3/auth/tokens 0.033s
2024-10-15 07:41:25.291 62286 INFO tempest.lib.common.rest_client [req-d0c233f7-e7a6-49a4-800b-65acb963bfee req-d0c233f7-e7a6-49a4-800b-65acb963bfee ] Request (HostsAdminTestJSON:test_list_hosts_with_zone): 200 GET http://10.180.1.21/compute/v2.1/os-hosts 1.843s
2024-10-15 07:41:25.295 62262 INFO tempest.lib.common.rest_client [req-c1cd95b4-ba29-46f7-bd13-95a6a6f8c2d9 req-c1cd95b4-ba29-46f7-bd13-95a6a6f8c2d9 ] Request (ServerRescueTestJSONUnderV235:setUpClass): 200 GET http://10.180.1.21/identity/v3/domains?name=Default 0.020s
2024-10-15 07:41:25.321 62266 INFO tempest.lib.common.rest_client [req-dbc696f8-8363-4be3-abed-261a9e99986c req-dbc696f8-8363-4be3-abed-261a9e99986c ] Request (SecurityGroupRulesTestJSON:setUpClass): 201 POST http://10.180.1.21:9696/networking/v2.0/routers 1.699s
2024-10-15 07:41:25.330 62308 INFO tempest.lib.common.rest_client [req-4a69a0f6-18b0-4a51-b403-3844790ebd96 req-4a69a0f6-18b0-4a51-b403-3844790ebd96 ] Request (ImagesNegativeTestJSON:test_create_image_from_deleted_server): 202 POST http://10.180.1.21/compute/v2.1/servers 2.213s
2024-10-15 07:41:25.333 62262 INFO tempest.lib.common.rest_client [req-17b86e01-8904-4f28-b051-1491ad5296f1 req-17b86e01-8904-4f28-b051-1491ad5296f1 ] Request (ServerRescueTestJSONUnderV235:setUpClass): 201 POST http://10.180.1.21/identity/v3/projects 0.037s
2024-10-15 07:41:25.363 62290 INFO tempest.lib.common.rest_client [req-d9e2242c-8f77-48f0-bf6b-5a78737a8c9e req-d9e2242c-8f77-48f0-bf6b-5a78737a8c9e ] Request (ServersTestManualDisk:setUpClass): 200 GET http://10.180.1.21/compute/v2.1/servers/e3ebc887-7656-4aa2-88d8-03ad4e86919a 1.801s
2024-10-15 07:41:25.370 62290 INFO tempest.common.waiters [-] State transition "BUILD/scheduling" ==> "BUILD/None" after 13 second wait
2024-10-15 07:41:25.391 62306 INFO tempest.lib.common.rest_client [req-a2e2a792-6628-4c54-9d70-e35e70b34689 req-a2e2a792-6628-4c54-9d70-e35e70b34689 ] Request (ServerDiagnosticsTest:test_get_server_diagnostics): 200 GET http://10.180.1.21/compute/v2.1/servers/562ef0c8-6283-43d2-a190-138ed0c1c229 1.747s
2024-10-15 07:41:25.407 62262 INFO tempest.lib.common.rest_client [req-d74aa5ae-6224-441b-9464-3ff1964e74cc req-d74aa5ae-6224-441b-9464-3ff1964e74cc ] Request (ServerRescueTestJSONUnderV235:setUpClass): 201 POST http://10.180.1.21/identity/v3/users 0.073s
2024-10-15 07:41:25.428 62262 INFO tempest.lib.common.rest_client [req-4d44a26a-ded7-4763-ac0c-2e09611bcd2d req-4d44a26a-ded7-4763-ac0c-2e09611bcd2d ] Request (ServerRescueTestJSONUnderV235:setUpClass): 200 GET http://10.180.1.21/identity/v3/roles 0.020s
2024-10-15 07:41:25.429 62318 INFO tempest.lib.common.rest_client [req-10847375-2b97-4c1b-bace-3e745eac14a1 req-10847375-2b97-4c1b-bace-3e745eac14a1 ] Request (MigrationsAdminTest:test_list_migrations_in_flavor_resize_situation): 200 GET http://10.180.1.21/compute/v2.1/servers/c9f6e901-909f-445a-9d89-402d8f1f9d5a 1.775s
2024-10-15 07:41:25.453 62293 INFO tempest.lib.common.rest_client [req-ff5fb672-5566-4c2f-a0c5-e3f11cd1d23e req-ff5fb672-5566-4c2f-a0c5-e3f11cd1d23e ] Request (SecurityGroupsTestJSON:test_list_security_groups_by_server): 200 GET http://10.180.1.21/compute/v2.1/servers/0bbdae6d-1ff1-4bc6-9af8-a744e08b540a 1.736s
2024-10-15 07:41:25.477 62262 INFO tempest.lib.common.rest_client [req-589e6b9b-0ff6-4e63-a7b0-f04ead34cb7a req-589e6b9b-0ff6-4e63-a7b0-f04ead34cb7a ] Request (ServerRescueTestJSONUnderV235:setUpClass): 204 PUT http://10.180.1.21/identity/v3/projects/a057baacd6bf42b49422464b4c2b375f/users/eb5a8b03781e40458debdd48bb2f885c/roles/c74fce9a04514fe1acdb3b8d4b02dcca 0.049s
2024-10-15 07:41:25.478 62262 INFO tempest.lib.common.dynamic_creds [-] Dynamic test user eb5a8b03781e40458debdd48bb2f885c is created with scope project and roles: ['member']
2024-10-15 07:41:25.478 62262 INFO tempest.lib.common.dynamic_creds [-] Acquired dynamic creds: credentials: Credentials: {'domain_id': 'default', 'domain_name': 'Default', 'username': 'tempest-ServerRescueTestJSONUnderV235-195537929-project-member', 'project_domain_id': 'default', 'project_domain_name': 'Default', 'project_id': 'a057baacd6bf42b49422464b4c2b375f', 'project_name': 'tempest-ServerRescueTestJSONUnderV235-195537929', 'tenant_id': 'a057baacd6bf42b49422464b4c2b375f', 'tenant_name': 'tempest-ServerRescueTestJSONUnderV235-195537929', 'user_domain_id': 'default', 'user_domain_name': 'Default', 'user_id': 'eb5a8b03781e40458debdd48bb2f885c', 'system': None}, Network: None, Subnet: None, Router: None
