2024-10-15 07:41:50.574 62266 INFO tempest.lib.common.rest_client [req-fa29656d-0e06-402f-aade-eb6414ee4a7d req-fa29656d-0e06-402f-aade-eb6414ee4a7d ] Request (SecurityGroupRulesTestJSON:tearDownClass): 200 GET http://10.180.1.21:9696/networking/v2.0/security-groups?tenant_id=61570af65125496c853ac0049aaca571&name=default 0.041s
2024-10-15 07:41:50.609 62264 INFO tempest.lib.common.rest_client [req-ca94833f-e567-40cc-8db6-4e43d1dec0c7 req-ca94833f-e567-40cc-8db6-4e43d1dec0c7 ] Request (AttachInterfacesV270Test:test_create_get_list_interfaces): 201 POST http://10.180.1.21/identity/v3/auth/tokens 0.073s
2024-10-15 07:41:50.609 62264 INFO tempest.lib.common.fixed_network [-] (AttachInterfacesV270Test:test_create_get_list_interfaces) Found network {'id': '277a0f93-a54e-4702-910e-e944ecb7176d', 'name': 'tempest-AttachInterfacesV270Test-1480098580-network', 'tenant_id': 'ec43bc416fad4b8a8a6d0f5ac50accaa', 'admin_state_up': True, 'mtu': 8950, 'status': 'ACTIVE', 'subnets': [], 'shared': False, 'project_id': 'ec43bc416fad4b8a8a6d0f5ac50accaa', 'port_security_enabled': True, 'router:external': False, 'provider:network_type': 'vlan', 'provider:physical_network': 'default', 'provider:segmentation_id': 973, 'is_default': False, 'availability_zone_hints': [], 'availability_zones': [], 'ipv4_address_scope': None, 'ipv6_address_scope': None, 'description': '', 'tags': [], 'created_at': '2024-10-15T07:41:46Z', 'updated_at': '2024-10-15T07:41:46Z', 'revision_number': 1} available for tenant
2024-10-15 07:41:50.689 62310 INFO tempest.lib.common.rest_client [req-ff974cfc-7fd4-4276-9cde-6b501e2eabe9 req-ff974cfc-7fd4-4276-9cde-6b501e2eabe9 ] Request (ServersAdmin275Test:test_rebuild_update_server_275): 202 POST http://10.180.1.21/compute/v2.1/servers/be386385-12e0-4d75-bdda-85e8809695c5/action 0.684s
2024-10-15 07:41:50.751 62272 INFO tempest.lib.common.rest_client [req-9dfa73cd-95c0-4c8c-a531-ee596cdc402c req-9dfa73cd-95c0-4c8c-a531-ee596cdc402c ] Request (DeleteServersAdminTestJSON:test_admin_delete_servers_of_others): 200 GET http://10.180.1.21/compute/v2.1/servers/f24a4fec-6952-4875-a327-1847a3ef9c29 0.703s
2024-10-15 07:41:50.759 62320 INFO tempest.lib.common.rest_client [req-e9861281-a353-48c7-abeb-7402e3866d87 req-e9861281-a353-48c7-abeb-7402e3866d87 ] Request (AttachInterfacesTestJSON:test_create_list_show_delete_interfaces_by_fixed_ip): 202 POST http://10.180.1.21/compute/v2.1/servers 1.235s
2024-10-15 07:41:50.799 62266 INFO tempest.lib.common.rest_client [req-eaa67731-f2a7-4245-a552-0d23cdd61ba3 req-eaa67731-f2a7-4245-a552-0d23cdd61ba3 ] Request (SecurityGroupRulesTestJSON:tearDownClass): 204 DELETE http://10.180.1.21:9696/networking/v2.0/security-groups/b6cf1107-ce54-48ca-aa4b-5b70e096f68f 0.224s
2024-10-15 07:41:50.838 62290 INFO tempest.lib.common.rest_client [req-037db470-8808-4256-af2d-d19ff690921e req-037db470-8808-4256-af2d-d19ff690921e ] Request (ServersTestManualDisk:setUpClass): 200 GET http://10.180.1.21/compute/v2.1/servers/e3ebc887-7656-4aa2-88d8-03ad4e86919a 0.708s
2024-10-15 07:41:50.935 62266 INFO tempest.lib.common.rest_client [req-a1e22983-2260-4ac1-b728-5bad440a3349 req-a1e22983-2260-4ac1-b728-5bad440a3349 ] Request (SecurityGroupRulesTestJSON:tearDownClass): 204 DELETE http://10.180.1.21/identity/v3/projects/61570af65125496c853ac0049aaca571 0.135s
2024-10-15 07:41:50.940 62278 INFO tempest.lib.common.rest_client [req-9156b45a-58b3-433e-b528-3529aa2fcd72 req-9156b45a-58b3-433e-b528-3529aa2fcd72 ] Request (ServersNegativeTestJSON:setUpClass): 200 GET http://10.180.1.21/compute/v2.1/servers/f57a4372-0c42-4b97-a978-363029a05d20 0.643s
2024-10-15 07:41:51.007 62318 INFO tempest.lib.common.rest_client [req-800d8806-932a-49c4-95b5-546cc1fb99f7 req-800d8806-932a-49c4-95b5-546cc1fb99f7 ] Request (MigrationsAdminTest:test_resize_server_revert_deleted_flavor): 200 GET http://10.180.1.21/compute/v2.1/servers/3d443556-6391-4206-b95b-444f5700bbb6 0.631s
2024-10-15 07:41:51.014 62266 INFO tempest.lib.common.rest_client [req-433e1686-0cee-44c1-8cc5-7b4333f1ddb0 req-433e1686-0cee-44c1-8cc5-7b4333f1ddb0 ] Request (ListServerFiltersTestJSON:setUpClass): 201 POST http://10.180.1.21/identity/v3/auth/tokens 0.078s
2024-10-15 07:41:51.035 62293 INFO tempest.lib.common.rest_client [req-8b68b9db-707a-44fb-9cd3-663f2cab5d78 req-8b68b9db-707a-44fb-9cd3-663f2cab5d78 ] Request (SecurityGroupsTestJSON:test_list_security_groups_by_server): 200 GET http://10.180.1.21/compute/v2.1/servers/0bbdae6d-1ff1-4bc6-9af8-a744e08b540a 0.820s
2024-10-15 07:41:51.049 62293 INFO tempest.common.waiters [-] State transition "BUILD/None" ==> "BUILD/block_device_mapping" after 41 second wait
2024-10-15 07:41:51.056 62266 INFO tempest.lib.common.rest_client [req-47192d5c-9490-44c8-8ff1-7235259276de req-47192d5c-9490-44c8-8ff1-7235259276de ] Request (ListServerFiltersTestJSON:setUpClass): 201 POST http://10.180.1.21/identity/v3/auth/tokens 0.037s
2024-10-15 07:41:51.079 62314 INFO tempest.lib.common.rest_client [req-dd64ed80-bc87-4718-9484-12819afc1210 req-dd64ed80-bc87-4718-9484-12819afc1210 ] Request (ServersTestBootFromVolume:setUpClass): 200 GET http://10.180.1.21/compute/v2.1/servers/b3ba2d53-8128-4b0a-a972-499e3d30ba55 0.639s
2024-10-15 07:41:51.084 62266 INFO tempest.lib.common.rest_client [req-b2f30ee0-3051-4305-bc82-f721022a88e3 req-b2f30ee0-3051-4305-bc82-f721022a88e3 ] Request (ListServerFiltersTestJSON:setUpClass): 200 GET http://10.180.1.21/identity/v3/domains?name=Default 0.027s
2024-10-15 07:41:51.098 62286 INFO tempest.lib.common.rest_client [req-10d2dcc8-2973-499a-b8d5-1c98aa376a89 req-10d2dcc8-2973-499a-b8d5-1c98aa376a89 ] Request (ServerDiskConfigTestJSON:test_rebuild_server_with_auto_disk_config): 200 GET http://10.180.1.21/compute/v2.1/servers/5add6846-a518-4c91-9dd2-ed3f3a648296 0.586s
2024-10-15 07:41:51.136 62266 INFO tempest.lib.common.rest_client [req-3ed263cb-a928-41cc-886e-f48ac761a165 req-3ed263cb-a928-41cc-886e-f48ac761a165 ] Request (ListServerFiltersTestJSON:setUpClass): 201 POST http://10.180.1.21/identity/v3/projects 0.051s
2024-10-15 07:41:51.149 62300 INFO tempest.lib.common.rest_client [req-014f8b16-4349-44b2-b769-2eb38636cbcd req-014f8b16-4349-44b2-b769-2eb38636cbcd ] Request (ServerPasswordTestJSON:setUpClass): 200 GET http://10.180.1.21/compute/v2.1/servers/fd83c62f-45bc-490f-ba8c-5e70f54c713d 0.610s
2024-10-15 07:41:51.165 62276 INFO tempest.lib.common.rest_client [req-c35818a2-9a89-4652-82c4-32f68bb39784 req-c35818a2-9a89-4652-82c4-32f68bb39784 ] Request (VolumesAssistedSnapshotsTest:test_volume_assisted_snapshot_create_delete): 200 GET http://10.180.1.21/compute/v2.1/servers/8450615b-82da-4fdf-93cc-869abf8e82bb 0.594s
2024-10-15 07:41:51.204 62266 INFO tempest.lib.common.rest_client [req-e0dd79ed-6db7-4ea7-b20f-91cc119f943d req-e0dd79ed-6db7-4ea7-b20f-91cc119f943d ] Request (ListServerFiltersTestJSON:setUpClass): 201 POST http://10.180.1.21/identity/v3/users 0.067s
2024-10-15 07:41:51.219 62324 INFO tempest.lib.common.rest_client [req-d0933814-5ac9-4590-9382-a571ab98ca2d req-d0933814-5ac9-4590-9382-a571ab98ca2d ] Request (ServersWithSpecificFlavorTestJSON:test_verify_created_server_ephemeral_disk): 200 GET http://10.180.1.21/compute/v2.1/servers/e922d414-8764-4d0f-8068-fad3000c3147 0.609s
2024-10-15 07:41:51.225 62266 INFO tempest.lib.common.rest_client [req-8507c348-b011-465f-a819-5a5729979013 req-8507c348-b011-465f-a819-5a5729979013 ] Request (ListServerFiltersTestJSON:setUpClass): 200 GET http://10.180.1.21/identity/v3/roles 0.021s
2024-10-15 07:41:51.251 62266 INFO tempest.lib.common.rest_client [req-c3682cb5-0d4d-4fed-9175-fa7fe9d762ba req-c3682cb5-0d4d-4fed-9175-fa7fe9d762ba ] Request (ListServerFiltersTestJSON:setUpClass): 204 PUT http://10.180.1.21/identity/v3/projects/cb513f62ac85472687d35a5700d79c76/users/d30f63cc962748db96ecbb063a523689/roles/c74fce9a04514fe1acdb3b8d4b02dcca 0.026s
2024-10-15 07:41:51.252 62266 INFO tempest.lib.common.dynamic_creds [-] Dynamic test user d30f63cc962748db96ecbb063a523689 is created with scope project and roles: ['member']
2024-10-15 07:41:51.252 62266 INFO tempest.lib.common.dynamic_creds [-] Acquired dynamic creds: credentials: Credentials: {'domain_id': 'default', 'domain_name': 'Default', 'username': 'tempest-ListServerFiltersTestJSON-1855037995-project-member', 'project_domain_id': 'default', 'project_domain_name': 'Default', 'project_id': 'cb513f62ac85472687d35a5700d79c76', 'project_name': 'tempest-ListServerFiltersTestJSON-1855037995', 'tenant_id': 'cb513f62ac85472687d35a5700d79c76', 'tenant_name': 'tempest-ListServerFiltersTestJSON-1855037995', 'user_domain_id': 'default', 'user_domain_name': 'Default', 'user_id': 'd30f63cc962748db96ecbb063a523689', 'system': None}, Network: None, Subnet: None, Router: None
2024-10-15 07:41:51.288 62302 INFO tempest.lib.common.rest_client [req-5052555f-8c9d-45a6-a902-776c0a34f61e req-5052555f-8c9d-45a6-a902-776c0a34f61e ] Request (ImagesTestJSON:test_create_image_from_suspended_server): 200 GET http://10.180.1.21/compute/v2.1/servers/d4e61bce-a243-4330-9dad-451758347f2b 0.657s
2024-10-15 07:41:51.315 62266 INFO tempest.lib.common.rest_client [req-35d5923d-8609-4a34-b2d4-530a82d07b75 req-35d5923d-8609-4a34-b2d4-530a82d07b75 ] Request (ListServerFiltersTestJSON:setUpClass): 201 POST http://10.180.1.21/identity/v3/auth/tokens 0.062s
2024-10-15 07:41:51.359 62304 INFO tempest.lib.common.rest_client [req-be24d264-b9fe-4c93-adef-4b7ba1053fea req-be24d264-b9fe-4c93-adef-4b7ba1053fea ] Request (ServersTestFqdnHostnames:test_create_server_with_fqdn_name): 200 GET http://10.180.1.21/compute/v2.1/servers/024fd521-0efa-4914-b92b-f9731561f1ce 0.694s
2024-10-15 07:41:51.416 62274 INFO tempest.lib.common.rest_client [req-baa65de9-50c7-4c60-8c32-f1b9a3a5a174 req-baa65de9-50c7-4c60-8c32-f1b9a3a5a174 ] Request (AttachInterfacesUnderV243Test:test_add_remove_fixed_ip): 200 GET http://10.180.1.21/compute/v2.1/servers/18e89419-3c32-4502-bb14-5468d9f71673 0.731s
2024-10-15 07:41:51.489 62310 INFO tempest.lib.common.rest_client [req-80c2bcfa-c6a6-4108-bba3-550bd5c72503 req-80c2bcfa-c6a6-4108-bba3-550bd5c72503 ] Request (ServersAdmin275Test:test_rebuild_update_server_275): 200 GET http://10.180.1.21/compute/v2.1/servers/be386385-12e0-4d75-bdda-85e8809695c5 0.781s
2024-10-15 07:41:51.559 62282 INFO tempest.lib.common.rest_client [req-42432676-67cd-4b74-ae9b-bb0a1f171cf6 req-42432676-67cd-4b74-ae9b-bb0a1f171cf6 ] Request (InstanceActionsNegativeTestJSON:setUpClass): 200 GET http://10.180.1.21/compute/v2.1/servers/9c147846-5a78-4038-8550-ed18384a0dfe 0.839s
2024-10-15 07:41:51.638 62268 INFO tempest.lib.common.rest_client [req-eedef2dc-b0a1-4c5b-89cd-9aef84e927be req-eedef2dc-b0a1-4c5b-89cd-9aef84e927be ] Request (DeleteServersTestJSON:test_delete_server_while_in_attached_volume): 200 GET http://10.180.1.21/compute/v2.1/servers/0ce25daa-9ab8-4167-9bcf-a66ac3843487 0.899s
2024-10-15 07:41:51.645 62268 INFO tempest.common.waiters [-] State transition "BUILD/scheduling" ==> "BUILD/None" after 34 second wait
2024-10-15 07:41:51.695 62320 INFO tempest.lib.common.rest_client [req-1bc6224c-37c1-4e61-a361-c17e83063be3 req-1bc6224c-37c1-4e61-a361-c17e83063be3 ] Request (AttachInterfacesTestJSON:test_create_list_show_delete_interfaces_by_fixed_ip): 200 GET http://10.180.1.21/compute/v2.1/servers/6015f756-8b1f-475b-8a29-eb67f502527e 0.935s
2024-10-15 07:41:51.766 62316 INFO tempest.lib.common.rest_client [req-899863fc-ade5-4a45-a516-cbd938482d14 req-899863fc-ade5-4a45-a516-cbd938482d14 ] Request (VolumesAdminNegativeTest:test_update_attached_volume_with_nonexistent_volume_in_uri): 200 GET http://10.180.1.21/compute/v2.1/servers/a39b35ea-743f-4688-acde-10692608dc79 0.991s
2024-10-15 07:41:51.827 62296 INFO tempest.lib.common.rest_client [req-47a0f442-9b46-412a-af70-8ebf4a9718cc req-47a0f442-9b46-412a-af70-8ebf4a9718cc ] Request (TenantUsagesTestJSON:setUpClass): 200 GET http://10.180.1.21/compute/v2.1/servers/9beb836c-d38e-4c56-ae69-aef914dff907 0.993s
2024-10-15 07:41:51.842 62266 INFO tempest.lib.common.rest_client [req-2786582f-ef8b-4433-a9af-06d7fd177853 req-2786582f-ef8b-4433-a9af-06d7fd177853 ] Request (ListServerFiltersTestJSON:setUpClass): 201 POST http://10.180.1.21:9696/networking/v2.0/networks 0.527s
2024-10-15 07:41:51.867 62264 INFO tempest.lib.common.rest_client [req-821c3edd-d78d-49a2-a06c-db13e39b9a32 req-821c3edd-d78d-49a2-a06c-db13e39b9a32 ] Request (AttachInterfacesV270Test:test_create_get_list_interfaces): 202 POST http://10.180.1.21/compute/v2.1/servers 1.257s
2024-10-15 07:41:51.893 62312 INFO tempest.lib.common.rest_client [req-913a1596-a033-4da8-91dd-993ae9e2df17 req-913a1596-a033-4da8-91dd-993ae9e2df17 ] Request (ServersTestMultiNic:test_verify_duplicate_network_nics): 200 GET http://10.180.1.21/compute/v2.1/servers/15b40004-cad3-4b16-93e7-c73cb1468352 1.039s
2024-10-15 07:41:51.925 62308 INFO tempest.lib.common.rest_client [req-42929a3e-cfdb-45cf-b8e4-049a6417d4b0 req-42929a3e-cfdb-45cf-b8e4-049a6417d4b0 ] Request (ImagesNegativeTestJSON:test_create_image_from_deleted_server): 200 GET http://10.180.1.21/compute/v2.1/servers/bda741ec-93d4-4d57-b290-47f927736dcb 1.014s
2024-10-15 07:41:51.952 62270 INFO tempest.lib.common.rest_client [req-a3c1aa31-8ec4-4dbe-8e4d-bee8fb7ef377 req-a3c1aa31-8ec4-4dbe-8e4d-bee8fb7ef377 ] Request (ImagesOneServerNegativeTestJSON:setUpClass): 200 GET http://10.180.1.21/compute/v2.1/servers/1d01194e-da62-4276-808e-54756f4fbff6 1.034s
2024-10-15 07:41:51.983 62306 INFO tempest.lib.common.rest_client [req-683db64b-cac0-459d-806f-ba5139ddc9f9 req-683db64b-cac0-459d-806f-ba5139ddc9f9 ] Request (ServersV294TestFqdnHostnames:setUpClass): 200 GET http://10.180.1.21/compute/v2.1/servers/4fbf8ce8-ff33-4f4e-bda4-9cd86e8ec806 1.009s
2024-10-15 07:41:52.008 62322 INFO tempest.lib.common.rest_client [req-001dd349-627e-4bc2-bb5e-42f1a6ef8fbd req-001dd349-627e-4bc2-bb5e-42f1a6ef8fbd ] Request (ServerActionsTestJSON:setUpClass): 200 GET http://10.180.1.21/compute/v2.1/servers/29012610-7b51-4d1b-9428-ff940632745a 0.950s
2024-10-15 07:41:52.040 62284 INFO tempest.lib.common.rest_client [req-05a367b5-d4ab-414e-9f12-b5a3f45af057 req-05a367b5-d4ab-414e-9f12-b5a3f45af057 ] Request (ServerTagsTestJSON:setUpClass): 200 GET http://10.180.1.21/compute/v2.1/servers/4d91b978-6887-4da3-bd3b-2b75f6a35a2d 0.747s
2024-10-15 07:41:52.041 62266 INFO tempest.lib.common.rest_client [req-6f366c81-5676-4604-a2a0-f36c3bab813f req-6f366c81-5676-4604-a2a0-f36c3bab813f ] Request (ListServerFiltersTestJSON:setUpClass): 201 POST http://10.180.1.21:9696/networking/v2.0/subnets 0.198s
2024-10-15 07:41:52.043 62266 INFO tempest.lib.common.dynamic_creds [-] Created isolated network resources for: credentials: Credentials: {'domain_id': 'default', 'domain_name': 'Default', 'username': 'tempest-ListServerFiltersTestJSON-1855037995-project-member', 'project_domain_id': 'default', 'project_domain_name': 'Default', 'project_id': 'cb513f62ac85472687d35a5700d79c76', 'project_name': 'tempest-ListServerFiltersTestJSON-1855037995', 'tenant_id': 'cb513f62ac85472687d35a5700d79c76', 'tenant_name': 'tempest-ListServerFiltersTestJSON-1855037995', 'user_domain_id': 'default', 'user_domain_name': 'Default', 'user_id': 'd30f63cc962748db96ecbb063a523689', 'system': None}, Network: {'id': '8564460f-36bf-4f8e-a02f-617cfe080d93', 'name': 'tempest-ListServerFiltersTestJSON-114848105-network', 'tenant_id': 'cb513f62ac85472687d35a5700d79c76', 'admin_state_up': True, 'mtu': 8950, 'status': 'ACTIVE', 'subnets': [], 'shared': False, 'project_id': 'cb513f62ac85472687d35a5700d79c76', 'port_security_enabled': True, 'router:external': False, 'provider:network_type': 'vlan', 'provider:physical_network': 'default', 'provider:segmentation_id': 34, 'is_default': False, 'availability_zone_hints': [], 'availability_zones': [], 'ipv4_address_scope': None, 'ipv6_address_scope': None, 'description': '', 'tags': [], 'created_at': '2024-10-15T07:41:51Z', 'updated_at': '2024-10-15T07:41:51Z', 'revision_number': 1}, Subnet: {'id': '27a86691-4337-4e58-b828-3ad52c2a305f', 'name': 'tempest-ListServerFiltersTestJSON-114848105-subnet', 'tenant_id': 'cb513f62ac85472687d35a5700d79c76', 'network_id': '8564460f-36bf-4f8e-a02f-617cfe080d93', 'ip_version': 4, 'subnetpool_id': None, 'enable_dhcp': True, 'ipv6_ra_mode': None, 'ipv6_address_mode': None, 'gateway_ip': '192.168.128.1', 'cidr': '192.168.128.0/28', 'allocation_pools': [{'start': '192.168.128.2', 'end': '192.168.128.14'}], 'host_routes': [], 'dns_nameservers': [], 'description': '', 'router:external': False, 'service_types': [], 'tags': [], 'created_at': '2024-10-15T07:41:51Z', 'updated_at': '2024-10-15T07:41:51Z', 'revision_number': 0, 'project_id': 'cb513f62ac85472687d35a5700d79c76'}, Router: None
2024-10-15 07:41:52.060 62288 INFO tempest.lib.common.rest_client [req-271ef025-fe1b-44c1-acce-387d555fda31 req-271ef025-fe1b-44c1-acce-387d555fda31 ] Request (ListImageFiltersTestJSON:setUpClass): 200 GET http://10.180.1.21/compute/v2.1/servers/8bc11701-ae83-48dc-9254-fb77870ff5f5 0.696s
2024-10-15 07:41:52.093 62262 INFO tempest.lib.common.rest_client [req-17ad38f2-fdef-4529-a23d-6565a864a0e7 req-17ad38f2-fdef-4529-a23d-6565a864a0e7 ] Request (ServerRescueTestJSONUnderV235:setUpClass): 200 GET http://10.180.1.21/compute/v2.1/servers/2b00968c-22b3-4f26-a0e9-3663e8daf0f8 0.647s
2024-10-15 07:41:52.116 62272 INFO tempest.lib.common.rest_client [req-b6e2ad79-45a2-4cdd-a705-562075ba9ee8 req-b6e2ad79-45a2-4cdd-a705-562075ba9ee8 ] Request (DeleteServersAdminTestJSON:test_admin_delete_servers_of_others): 200 GET http://10.180.1.21/compute/v2.1/servers/f24a4fec-6952-4875-a327-1847a3ef9c29 0.358s
2024-10-15 07:41:52.141 62266 INFO tempest.lib.common.rest_client [req-c6c89e35-42d3-4b58-a1af-a46e1bfb49ec req-c6c89e35-42d3-4b58-a1af-a46e1bfb49ec ] Request (ListServerFiltersTestJSON:setUpClass): 201 POST http://10.180.1.21/identity/v3/auth/tokens 0.094s
2024-10-15 07:41:52.164 62290 INFO tempest.lib.common.rest_client [req-37659270-c23d-4145-914c-fcbd802b0f4b req-37659270-c23d-4145-914c-fcbd802b0f4b ] Request (ServersTestManualDisk:setUpClass): 200 GET http://10.180.1.21/compute/v2.1/servers/e3ebc887-7656-4aa2-88d8-03ad4e86919a 0.317s
2024-10-15 07:41:52.173 62290 INFO tempest.common.waiters [-] State transition "BUILD/None" ==> "BUILD/networking" after 40 second wait
2024-10-15 07:41:52.174 62266 INFO tempest.lib.common.rest_client [req-3d253069-b835-4b1d-9695-27b11996f1f6 req-3d253069-b835-4b1d-9695-27b11996f1f6 ] Request (ListServerFiltersTestJSON:setUpClass): 201 POST http://10.180.1.21/identity/v3/auth/tokens 0.030s
2024-10-15 07:41:52.174 62266 INFO tempest.lib.common.fixed_network [-] (ListServerFiltersTestJSON:setUpClass) Found network {'id': '8564460f-36bf-4f8e-a02f-617cfe080d93', 'name': 'tempest-ListServerFiltersTestJSON-114848105-network', 'tenant_id': 'cb513f62ac85472687d35a5700d79c76', 'admin_state_up': True, 'mtu': 8950, 'status': 'ACTIVE', 'subnets': [], 'shared': False, 'project_id': 'cb513f62ac85472687d35a5700d79c76', 'port_security_enabled': True, 'router:external': False, 'provider:network_type': 'vlan', 'provider:physical_network': 'default', 'provider:segmentation_id': 34, 'is_default': False, 'availability_zone_hints': [], 'availability_zones': [], 'ipv4_address_scope': None, 'ipv6_address_scope': None, 'description': '', 'tags': [], 'created_at': '2024-10-15T07:41:51Z', 'updated_at': '2024-10-15T07:41:51Z', 'revision_number': 1} available for tenant
2024-10-15 07:41:52.179 62264 INFO tempest.lib.common.rest_client [req-4dbcdb84-687c-4999-95ec-362f28b275af req-4dbcdb84-687c-4999-95ec-362f28b275af ] Request (AttachInterfacesV270Test:test_create_get_list_interfaces): 200 GET http://10.180.1.21/compute/v2.1/servers/4ab2c1ef-39c6-4b93-8055-73caeb8188bd 0.309s
2024-10-15 07:41:52.202 62266 INFO tempest.lib.common.rest_client [req-cf1427c3-a2a3-4321-98aa-28d2f6c6938a req-cf1427c3-a2a3-4321-98aa-28d2f6c6938a ] Request (ListServerFiltersTestJSON:setUpClass): 201 POST http://10.180.1.21/identity/v3/auth/tokens 0.024s
2024-10-15 07:41:52.202 62266 INFO tempest.lib.common.fixed_network [-] (ListServerFiltersTestJSON:setUpClass) Found network {'id': '8564460f-36bf-4f8e-a02f-617cfe080d93', 'name': 'tempest-ListServerFiltersTestJSON-114848105-network', 'tenant_id': 'cb513f62ac85472687d35a5700d79c76', 'admin_state_up': True, 'mtu': 8950, 'status': 'ACTIVE', 'subnets': [], 'shared': False, 'project_id': 'cb513f62ac85472687d35a5700d79c76', 'port_security_enabled': True, 'router:external': False, 'provider:network_type': 'vlan', 'provider:physical_network': 'default', 'provider:segmentation_id': 34, 'is_default': False, 'availability_zone_hints': [], 'availability_zones': [], 'ipv4_address_scope': None, 'ipv6_address_scope': None, 'description': '', 'tags': [], 'created_at': '2024-10-15T07:41:51Z', 'updated_at': '2024-10-15T07:41:51Z', 'revision_number': 1} available for tenant
2024-10-15 07:41:52.211 62278 INFO tempest.lib.common.rest_client [req-d7e3148e-919a-4e87-8ac1-052885ff4e22 req-d7e3148e-919a-4e87-8ac1-052885ff4e22 ] Request (ServersNegativeTestJSON:setUpClass): 200 GET http://10.180.1.21/compute/v2.1/servers/f57a4372-0c42-4b97-a978-363029a05d20 0.264s
2024-10-15 07:41:52.227 62318 INFO tempest.lib.common.rest_client [req-1223b65e-7694-4b10-bbe4-56fd8f342c48 req-1223b65e-7694-4b10-bbe4-56fd8f342c48 ] Request (MigrationsAdminTest:test_resize_server_revert_deleted_flavor): 200 GET http://10.180.1.21/compute/v2.1/servers/3d443556-6391-4206-b95b-444f5700bbb6 0.211s
2024-10-15 07:41:52.281 62314 INFO tempest.lib.common.rest_client [req-6b0bd5cf-9af9-4b43-aaf8-076bc22b6663 req-6b0bd5cf-9af9-4b43-aaf8-076bc22b6663 ] Request (ServersTestBootFromVolume:setUpClass): 200 GET http://10.180.1.21/compute/v2.1/servers/b3ba2d53-8128-4b0a-a972-499e3d30ba55 0.194s
2024-10-15 07:41:52.333 62286 INFO tempest.lib.common.rest_client [req-a150e741-6d73-4e6f-b56b-4497b0532de5 req-a150e741-6d73-4e6f-b56b-4497b0532de5 ] Request (ServerDiskConfigTestJSON:test_rebuild_server_with_auto_disk_config): 200 GET http://10.180.1.21/compute/v2.1/servers/5add6846-a518-4c91-9dd2-ed3f3a648296 0.219s
2024-10-15 07:41:52.365 62293 INFO tempest.lib.common.rest_client [req-3f352a59-f836-402e-9670-669231d092e8 req-3f352a59-f836-402e-9670-669231d092e8 ] Request (SecurityGroupsTestJSON:test_list_security_groups_by_server): 200 GET http://10.180.1.21/compute/v2.1/servers/0bbdae6d-1ff1-4bc6-9af8-a744e08b540a 0.315s
2024-10-15 07:41:52.372 62293 INFO tempest.common.waiters [-] State transition "BUILD/block_device_mapping" ==> "BUILD/spawning" after 42 second wait
2024-10-15 07:41:52.385 62300 INFO tempest.lib.common.rest_client [req-083bcbeb-1782-4a59-8720-97648d468a2e req-083bcbeb-1782-4a59-8720-97648d468a2e ] Request (ServerPasswordTestJSON:setUpClass): 200 GET http://10.180.1.21/compute/v2.1/servers/fd83c62f-45bc-490f-ba8c-5e70f54c713d 0.227s
2024-10-15 07:41:52.426 62276 INFO tempest.lib.common.rest_client [req-737ca405-5083-42c4-b39a-9e7c06ebc20f req-737ca405-5083-42c4-b39a-9e7c06ebc20f ] Request (VolumesAssistedSnapshotsTest:test_volume_assisted_snapshot_create_delete): 200 GET http://10.180.1.21/compute/v2.1/servers/8450615b-82da-4fdf-93cc-869abf8e82bb 0.253s
2024-10-15 07:41:52.478 62324 INFO tempest.lib.common.rest_client [req-9c043eea-88f1-4b55-822c-e3f0a2898b19 req-9c043eea-88f1-4b55-822c-e3f0a2898b19 ] Request (ServersWithSpecificFlavorTestJSON:test_verify_created_server_ephemeral_disk): 200 GET http://10.180.1.21/compute/v2.1/servers/e922d414-8764-4d0f-8068-fad3000c3147 0.248s
2024-10-15 07:41:52.535 62302 INFO tempest.lib.common.rest_client [req-6710d5eb-8d63-4b47-83ba-1af0f9f4cb88 req-6710d5eb-8d63-4b47-83ba-1af0f9f4cb88 ] Request (ImagesTestJSON:test_create_image_from_suspended_server): 200 GET http://10.180.1.21/compute/v2.1/servers/d4e61bce-a243-4330-9dad-451758347f2b 0.238s
2024-10-15 07:41:52.588 62304 INFO tempest.lib.common.rest_client [req-eef61820-ebee-4fca-a2bf-c36af7951639 req-eef61820-ebee-4fca-a2bf-c36af7951639 ] Request (ServersTestFqdnHostnames:test_create_server_with_fqdn_name): 200 GET http://10.180.1.21/compute/v2.1/servers/024fd521-0efa-4914-b92b-f9731561f1ce 0.221s
2024-10-15 07:41:52.639 62274 INFO tempest.lib.common.rest_client [req-754a3e1f-0483-4c23-968e-f0d5c28484d6 req-754a3e1f-0483-4c23-968e-f0d5c28484d6 ] Request (AttachInterfacesUnderV243Test:test_add_remove_fixed_ip): 200 GET http://10.180.1.21/compute/v2.1/servers/18e89419-3c32-4502-bb14-5468d9f71673 0.215s
2024-10-15 07:41:52.701 62310 INFO tempest.lib.common.rest_client [req-59d78b0a-1471-455b-9e27-2d7dc58fed9e req-59d78b0a-1471-455b-9e27-2d7dc58fed9e ] Request (ServersAdmin275Test:test_rebuild_update_server_275): 200 GET http://10.180.1.21/compute/v2.1/servers/be386385-12e0-4d75-bdda-85e8809695c5 0.202s
2024-10-15 07:41:52.754 62282 INFO tempest.lib.common.rest_client [req-99507243-bf56-445c-be52-aeaca01fb6d6 req-99507243-bf56-445c-be52-aeaca01fb6d6 ] Request (InstanceActionsNegativeTestJSON:setUpClass): 200 GET http://10.180.1.21/compute/v2.1/servers/9c147846-5a78-4038-8550-ed18384a0dfe 0.187s
2024-10-15 07:41:52.795 62266 INFO tempest.lib.common.rest_client [req-fcacee2f-5a0b-47c9-bfd3-ba71d0ce83a3 req-fcacee2f-5a0b-47c9-bfd3-ba71d0ce83a3 ] Request (ListServerFiltersTestJSON:setUpClass): 202 POST http://10.180.1.21/compute/v2.1/servers 0.592s
2024-10-15 07:41:52.825 62268 INFO tempest.lib.common.rest_client [req-19d8be68-e64e-42e6-9cdf-a4b98a13170f req-19d8be68-e64e-42e6-9cdf-a4b98a13170f ] Request (DeleteServersTestJSON:test_delete_server_while_in_attached_volume): 200 GET http://10.180.1.21/compute/v2.1/servers/0ce25daa-9ab8-4167-9bcf-a66ac3843487 0.179s
2024-10-15 07:41:52.841 62266 INFO tempest.lib.common.rest_client [req-c01ab4cb-93d0-4c70-acd0-d326c29e2037 req-c01ab4cb-93d0-4c70-acd0-d326c29e2037 ] Request (ListServerFiltersTestJSON:setUpClass): 201 POST http://10.180.1.21/identity/v3/auth/tokens 0.042s
2024-10-15 07:41:52.841 62266 INFO tempest.lib.common.fixed_network [-] (ListServerFiltersTestJSON:setUpClass) Found network {'id': '8564460f-36bf-4f8e-a02f-617cfe080d93', 'name': 'tempest-ListServerFiltersTestJSON-114848105-network', 'tenant_id': 'cb513f62ac85472687d35a5700d79c76', 'admin_state_up': True, 'mtu': 8950, 'status': 'ACTIVE', 'subnets': [], 'shared': False, 'project_id': 'cb513f62ac85472687d35a5700d79c76', 'port_security_enabled': True, 'router:external': False, 'provider:network_type': 'vlan', 'provider:physical_network': 'default', 'provider:segmentation_id': 34, 'is_default': False, 'availability_zone_hints': [], 'availability_zones': [], 'ipv4_address_scope': None, 'ipv6_address_scope': None, 'description': '', 'tags': [], 'created_at': '2024-10-15T07:41:51Z', 'updated_at': '2024-10-15T07:41:51Z', 'revision_number': 1} available for tenant
2024-10-15 07:41:52.853 62320 INFO tempest.lib.common.rest_client [req-a7b60987-7bad-4123-8948-bd5d3f2d4a0f req-a7b60987-7bad-4123-8948-bd5d3f2d4a0f ] Request (AttachInterfacesTestJSON:test_create_list_show_delete_interfaces_by_fixed_ip): 200 GET http://10.180.1.21/compute/v2.1/servers/6015f756-8b1f-475b-8a29-eb67f502527e 0.151s
2024-10-15 07:41:52.888 62316 INFO tempest.lib.common.rest_client [req-d934f5d4-04d9-4a07-866b-3f09b6b6549d req-d934f5d4-04d9-4a07-866b-3f09b6b6549d ] Request (VolumesAdminNegativeTest:test_update_attached_volume_with_nonexistent_volume_in_uri): 200 GET http://10.180.1.21/compute/v2.1/servers/a39b35ea-743f-4688-acde-10692608dc79 0.114s
2024-10-15 07:41:52.907 62296 INFO tempest.lib.common.rest_client [req-70509887-c2f9-45ee-8b36-1b72f0bb2910 req-70509887-c2f9-45ee-8b36-1b72f0bb2910 ] Request (TenantUsagesTestJSON:setUpClass): 200 GET http://10.180.1.21/compute/v2.1/servers/9beb836c-d38e-4c56-ae69-aef914dff907 0.067s
2024-10-15 07:41:52.962 62312 INFO tempest.lib.common.rest_client [req-2ec52e69-1d60-43d0-83ce-83b232ab018c req-2ec52e69-1d60-43d0-83ce-83b232ab018c ] Request (ServersTestMultiNic:test_verify_duplicate_network_nics): 200 GET http://10.180.1.21/compute/v2.1/servers/15b40004-cad3-4b16-93e7-c73cb1468352 0.059s
2024-10-15 07:41:53.014 62308 INFO tempest.lib.common.rest_client [req-0cfe1fb6-d4c2-4d60-965a-0d67e36c5076 req-0cfe1fb6-d4c2-4d60-965a-0d67e36c5076 ] Request (ImagesNegativeTestJSON:test_create_image_from_deleted_server): 200 GET http://10.180.1.21/compute/v2.1/servers/bda741ec-93d4-4d57-b290-47f927736dcb 0.081s
2024-10-15 07:41:53.066 62270 INFO tempest.lib.common.rest_client [req-4d1b0910-9fd0-469e-b5d7-00c5b5d3ce87 req-4d1b0910-9fd0-469e-b5d7-00c5b5d3ce87 ] Request (ImagesOneServerNegativeTestJSON:setUpClass): 200 GET http://10.180.1.21/compute/v2.1/servers/1d01194e-da62-4276-808e-54756f4fbff6 0.106s
2024-10-15 07:41:53.134 62306 INFO tempest.lib.common.rest_client [req-aaddd3eb-0dc0-4e36-a71c-cfac1688a79a req-aaddd3eb-0dc0-4e36-a71c-cfac1688a79a ] Request (ServersV294TestFqdnHostnames:setUpClass): 200 GET http://10.180.1.21/compute/v2.1/servers/4fbf8ce8-ff33-4f4e-bda4-9cd86e8ec806 0.140s
2024-10-15 07:41:53.185 62322 INFO tempest.lib.common.rest_client [req-2818b2f5-d6e3-40dd-afbf-dc69712362dd req-2818b2f5-d6e3-40dd-afbf-dc69712362dd ] Request (ServerActionsTestJSON:setUpClass): 200 GET http://10.180.1.21/compute/v2.1/servers/29012610-7b51-4d1b-9428-ff940632745a 0.169s
2024-10-15 07:41:53.243 62284 INFO tempest.lib.common.rest_client [req-f32d8442-fe46-4047-a198-5c3f1d27aef5 req-f32d8442-fe46-4047-a198-5c3f1d27aef5 ] Request (ServerTagsTestJSON:setUpClass): 200 GET http://10.180.1.21/compute/v2.1/servers/4d91b978-6887-4da3-bd3b-2b75f6a35a2d 0.190s
2024-10-15 07:41:53.272 62266 INFO tempest.lib.common.rest_client [req-36fce0ed-9bf6-4e7f-9774-8c3ec40ddaa2 req-36fce0ed-9bf6-4e7f-9774-8c3ec40ddaa2 ] Request (ListServerFiltersTestJSON:setUpClass): 202 POST http://10.180.1.21/compute/v2.1/servers 0.430s
2024-10-15 07:41:53.303 62288 INFO tempest.lib.common.rest_client [req-b8ea05c6-cb51-4549-8708-eeb94694f50d req-b8ea05c6-cb51-4549-8708-eeb94694f50d ] Request (ListImageFiltersTestJSON:setUpClass): 200 GET http://10.180.1.21/compute/v2.1/servers/8bc11701-ae83-48dc-9254-fb77870ff5f5 0.231s
2024-10-15 07:41:53.319 62266 INFO tempest.lib.common.rest_client [req-d9d1604a-9bb1-4e96-8ebb-bf18a7b8bab7 req-d9d1604a-9bb1-4e96-8ebb-bf18a7b8bab7 ] Request (ListServerFiltersTestJSON:setUpClass): 201 POST http://10.180.1.21/identity/v3/auth/tokens 0.041s
2024-10-15 07:41:53.320 62266 INFO tempest.lib.common.fixed_network [-] (ListServerFiltersTestJSON:setUpClass) Found network {'id': '8564460f-36bf-4f8e-a02f-617cfe080d93', 'name': 'tempest-ListServerFiltersTestJSON-114848105-network', 'tenant_id': 'cb513f62ac85472687d35a5700d79c76', 'admin_state_up': True, 'mtu': 8950, 'status': 'ACTIVE', 'subnets': [], 'shared': False, 'project_id': 'cb513f62ac85472687d35a5700d79c76', 'port_security_enabled': True, 'router:external': False, 'provider:network_type': 'vlan', 'provider:physical_network': 'default', 'provider:segmentation_id': 34, 'is_default': False, 'availability_zone_hints': [], 'availability_zones': [], 'ipv4_address_scope': None, 'ipv6_address_scope': None, 'description': '', 'tags': [], 'created_at': '2024-10-15T07:41:51Z', 'updated_at': '2024-10-15T07:41:51Z', 'revision_number': 1} available for tenant
2024-10-15 07:41:53.335 62262 INFO tempest.lib.common.rest_client [req-dec1bf08-ca08-40c4-9e43-b55e49dac726 req-dec1bf08-ca08-40c4-9e43-b55e49dac726 ] Request (ServerRescueTestJSONUnderV235:setUpClass): 200 GET http://10.180.1.21/compute/v2.1/servers/2b00968c-22b3-4f26-a0e9-3663e8daf0f8 0.232s
2024-10-15 07:41:53.358 62272 INFO tempest.lib.common.rest_client [req-8a70b76c-d3e5-4655-9abf-a16746a09737 req-8a70b76c-d3e5-4655-9abf-a16746a09737 ] Request (DeleteServersAdminTestJSON:test_admin_delete_servers_of_others): 200 GET http://10.180.1.21/compute/v2.1/servers/f24a4fec-6952-4875-a327-1847a3ef9c29 0.233s
2024-10-15 07:41:53.419 62264 INFO tempest.lib.common.rest_client [req-cd5d4bb4-d9b9-4624-be74-8e3de4f79fe5 req-cd5d4bb4-d9b9-4624-be74-8e3de4f79fe5 ] Request (AttachInterfacesV270Test:test_create_get_list_interfaces): 200 GET http://10.180.1.21/compute/v2.1/servers/4ab2c1ef-39c6-4b93-8055-73caeb8188bd 0.229s
2024-10-15 07:41:53.477 62278 INFO tempest.lib.common.rest_client [req-d9a3705f-9aea-4911-9b75-4027fb596c03 req-d9a3705f-9aea-4911-9b75-4027fb596c03 ] Request (ServersNegativeTestJSON:setUpClass): 200 GET http://10.180.1.21/compute/v2.1/servers/f57a4372-0c42-4b97-a978-363029a05d20 0.256s
2024-10-15 07:41:53.529 62318 INFO tempest.lib.common.rest_client [req-b24ca514-8c22-4cdb-858b-f9ce5da176e3 req-b24ca514-8c22-4cdb-858b-f9ce5da176e3 ] Request (MigrationsAdminTest:test_resize_server_revert_deleted_flavor): 200 GET http://10.180.1.21/compute/v2.1/servers/3d443556-6391-4206-b95b-444f5700bbb6 0.295s
2024-10-15 07:41:53.565 62290 INFO tempest.lib.common.rest_client [req-0f392cac-438f-4f2b-9f6b-fbf886246456 req-0f392cac-438f-4f2b-9f6b-fbf886246456 ] Request (ServersTestManualDisk:setUpClass): 200 GET http://10.180.1.21/compute/v2.1/servers/e3ebc887-7656-4aa2-88d8-03ad4e86919a 0.391s
2024-10-15 07:41:53.571 62290 INFO tempest.common.waiters [-] State transition "BUILD/networking" ==> "BUILD/block_device_mapping" after 41 second wait
2024-10-15 07:41:53.576 62314 INFO tempest.lib.common.rest_client [req-c9844aa2-456c-4e71-9097-e3334114d33d req-c9844aa2-456c-4e71-9097-e3334114d33d ] Request (ServersTestBootFromVolume:setUpClass): 200 GET http://10.180.1.21/compute/v2.1/servers/b3ba2d53-8128-4b0a-a972-499e3d30ba55 0.287s
2024-10-15 07:41:53.627 62286 INFO tempest.lib.common.rest_client [req-5ecc6bc6-0877-44ee-a029-7480dda37e3f req-5ecc6bc6-0877-44ee-a029-7480dda37e3f ] Request (ServerDiskConfigTestJSON:test_rebuild_server_with_auto_disk_config): 200 GET http://10.180.1.21/compute/v2.1/servers/5add6846-a518-4c91-9dd2-ed3f3a648296 0.285s
2024-10-15 07:41:53.681 62293 INFO tempest.lib.common.rest_client [req-914a7275-b158-4c67-8cf0-55f6fdff2dec req-914a7275-b158-4c67-8cf0-55f6fdff2dec ] Request (SecurityGroupsTestJSON:test_list_security_groups_by_server): 200 GET http://10.180.1.21/compute/v2.1/servers/0bbdae6d-1ff1-4bc6-9af8-a744e08b540a 0.308s
2024-10-15 07:41:53.734 62300 INFO tempest.lib.common.rest_client [req-7b840600-d904-48a3-82d1-dff35f8fff44 req-7b840600-d904-48a3-82d1-dff35f8fff44 ] Request (ServerPasswordTestJSON:setUpClass): 200 GET http://10.180.1.21/compute/v2.1/servers/fd83c62f-45bc-490f-ba8c-5e70f54c713d 0.340s
2024-10-15 07:41:53.791 62276 INFO tempest.lib.common.rest_client [req-659140a1-1444-4c6c-9418-0ac700ea35f1 req-659140a1-1444-4c6c-9418-0ac700ea35f1 ] Request (VolumesAssistedSnapshotsTest:test_volume_assisted_snapshot_create_delete): 200 GET http://10.180.1.21/compute/v2.1/servers/8450615b-82da-4fdf-93cc-869abf8e82bb 0.349s
2024-10-15 07:41:53.851 62324 INFO tempest.lib.common.rest_client [req-526f8eda-765c-4dd1-8313-75db68bfe741 req-526f8eda-765c-4dd1-8313-75db68bfe741 ] Request (ServersWithSpecificFlavorTestJSON:test_verify_created_server_ephemeral_disk): 200 GET http://10.180.1.21/compute/v2.1/servers/e922d414-8764-4d0f-8068-fad3000c3147 0.365s
2024-10-15 07:41:53.913 62302 INFO tempest.lib.common.rest_client [req-6c24bff1-f179-43c4-8739-a5319e05ed9b req-6c24bff1-f179-43c4-8739-a5319e05ed9b ] Request (ImagesTestJSON:test_create_image_from_suspended_server): 200 GET http://10.180.1.21/compute/v2.1/servers/d4e61bce-a243-4330-9dad-451758347f2b 0.371s
2024-10-15 07:41:53.917 62266 INFO tempest.lib.common.rest_client [req-2b638bac-d2b3-4516-864d-4a4bd934205f req-2b638bac-d2b3-4516-864d-4a4bd934205f ] Request (ListServerFiltersTestJSON:setUpClass): 202 POST http://10.180.1.21/compute/v2.1/servers 0.597s
2024-10-15 07:41:53.983 62304 INFO tempest.lib.common.rest_client [req-01276908-52be-49c8-8e1f-95d0c7698ed2 req-01276908-52be-49c8-8e1f-95d0c7698ed2 ] Request (ServersTestFqdnHostnames:test_create_server_with_fqdn_name): 200 GET http://10.180.1.21/compute/v2.1/servers/024fd521-0efa-4914-b92b-f9731561f1ce 0.388s
2024-10-15 07:41:53.989 62274 INFO tempest.lib.common.rest_client [req-7224e086-ca98-4e0f-bb6f-12e155950695 req-7224e086-ca98-4e0f-bb6f-12e155950695 ] Request (AttachInterfacesUnderV243Test:test_add_remove_fixed_ip): 200 GET http://10.180.1.21/compute/v2.1/servers/18e89419-3c32-4502-bb14-5468d9f71673 0.342s
2024-10-15 07:41:54.054 62282 INFO tempest.lib.common.rest_client [req-0dcead77-c076-4a30-8d47-be2cb7ad8dd6 req-0dcead77-c076-4a30-8d47-be2cb7ad8dd6 ] Request (InstanceActionsNegativeTestJSON:setUpClass): 200 GET http://10.180.1.21/compute/v2.1/servers/9c147846-5a78-4038-8550-ed18384a0dfe 0.292s
2024-10-15 07:41:54.056 62310 INFO tempest.lib.common.rest_client [req-3d997f0e-5009-4aa4-b787-75e22fd80e1d req-3d997f0e-5009-4aa4-b787-75e22fd80e1d ] Request (ServersAdmin275Test:test_rebuild_update_server_275): 200 GET http://10.180.1.21/compute/v2.1/servers/be386385-12e0-4d75-bdda-85e8809695c5 0.345s
2024-10-15 07:41:54.064 62310 INFO tempest.common.waiters [-] State transition "REBUILD/rebuilding" ==> "REBUILD/rebuild_spawning" after 3 second wait
2024-10-15 07:41:54.107 62268 INFO tempest.lib.common.rest_client [req-ccc40787-eaf4-474e-b853-0c3118bd4331 req-ccc40787-eaf4-474e-b853-0c3118bd4331 ] Request (DeleteServersTestJSON:test_delete_server_while_in_attached_volume): 200 GET http://10.180.1.21/compute/v2.1/servers/0ce25daa-9ab8-4167-9bcf-a66ac3843487 0.272s
2024-10-15 07:41:54.115 62320 INFO tempest.lib.common.rest_client [req-1f894d0d-a145-4f94-b1b2-d0ea35f8a845 req-1f894d0d-a145-4f94-b1b2-d0ea35f8a845 ] Request (AttachInterfacesTestJSON:test_create_list_show_delete_interfaces_by_fixed_ip): 200 GET http://10.180.1.21/compute/v2.1/servers/6015f756-8b1f-475b-8a29-eb67f502527e 0.255s
2024-10-15 07:41:54.167 62316 INFO tempest.lib.common.rest_client [req-2532bef6-02a9-4c6b-b0aa-c46abdc02106 req-2532bef6-02a9-4c6b-b0aa-c46abdc02106 ] Request (VolumesAdminNegativeTest:test_update_attached_volume_with_nonexistent_volume_in_uri): 200 GET http://10.180.1.21/compute/v2.1/servers/a39b35ea-743f-4688-acde-10692608dc79 0.271s
2024-10-15 07:41:54.176 62296 INFO tempest.lib.common.rest_client [req-3c690725-2ef9-47fd-bff6-d1c640e25d52 req-3c690725-2ef9-47fd-bff6-d1c640e25d52 ] Request (TenantUsagesTestJSON:setUpClass): 200 GET http://10.180.1.21/compute/v2.1/servers/9beb836c-d38e-4c56-ae69-aef914dff907 0.259s
2024-10-15 07:41:54.212 62266 INFO tempest.lib.common.rest_client [req-66800fdb-25e9-4e23-8682-0646465efb07 req-66800fdb-25e9-4e23-8682-0646465efb07 ] Request (ListServerFiltersTestJSON:setUpClass): 200 GET http://10.180.1.21/compute/v2.1/servers/f8528092-bb99-49fe-8c23-9089c43ef904 0.292s
2024-10-15 07:41:54.231 62312 INFO tempest.lib.common.rest_client [req-152481cf-f566-4a9d-902a-d2adecb16286 req-152481cf-f566-4a9d-902a-d2adecb16286 ] Request (ServersTestMultiNic:test_verify_duplicate_network_nics): 200 GET http://10.180.1.21/compute/v2.1/servers/15b40004-cad3-4b16-93e7-c73cb1468352 0.261s
2024-10-15 07:41:54.261 62308 INFO tempest.lib.common.rest_client [req-0925ea64-ed40-4d52-929a-37c9c2fb3714 req-0925ea64-ed40-4d52-929a-37c9c2fb3714 ] Request (ImagesNegativeTestJSON:test_create_image_from_deleted_server): 200 GET http://10.180.1.21/compute/v2.1/servers/bda741ec-93d4-4d57-b290-47f927736dcb 0.237s
2024-10-15 07:41:54.281 62270 INFO tempest.lib.common.rest_client [req-c3a11ab7-fc57-4935-b6ce-bca4d66348a6 req-c3a11ab7-fc57-4935-b6ce-bca4d66348a6 ] Request (ImagesOneServerNegativeTestJSON:setUpClass): 200 GET http://10.180.1.21/compute/v2.1/servers/1d01194e-da62-4276-808e-54756f4fbff6 0.207s
2024-10-15 07:41:54.339 62322 INFO tempest.lib.common.rest_client [req-a998871d-82b4-49d2-9819-21a8f7710283 req-a998871d-82b4-49d2-9819-21a8f7710283 ] Request (ServerActionsTestJSON:setUpClass): 200 GET http://10.180.1.21/compute/v2.1/servers/29012610-7b51-4d1b-9428-ff940632745a 0.146s
2024-10-15 07:41:54.346 62306 INFO tempest.lib.common.rest_client [req-27136982-f8c5-4213-b7b9-d05c89b55427 req-27136982-f8c5-4213-b7b9-d05c89b55427 ] Request (ServersV294TestFqdnHostnames:setUpClass): 200 GET http://10.180.1.21/compute/v2.1/servers/4fbf8ce8-ff33-4f4e-bda4-9cd86e8ec806 0.199s
2024-10-15 07:41:54.396 62284 INFO tempest.lib.common.rest_client [req-118252d7-8a7f-4fc4-b2d7-afb459006558 req-118252d7-8a7f-4fc4-b2d7-afb459006558 ] Request (ServerTagsTestJSON:setUpClass): 200 GET http://10.180.1.21/compute/v2.1/servers/4d91b978-6887-4da3-bd3b-2b75f6a35a2d 0.142s
2024-10-15 07:41:54.396 62288 INFO tempest.lib.common.rest_client [req-2071a35a-6d76-4586-a7e2-0929481bb500 req-2071a35a-6d76-4586-a7e2-0929481bb500 ] Request (ListImageFiltersTestJSON:setUpClass): 200 GET http://10.180.1.21/compute/v2.1/servers/8bc11701-ae83-48dc-9254-fb77870ff5f5 0.083s
2024-10-15 07:41:54.456 62272 INFO tempest.lib.common.rest_client [req-6006d724-81df-43c5-af98-2d3352aff780 req-6006d724-81df-43c5-af98-2d3352aff780 ] Request (DeleteServersAdminTestJSON:test_admin_delete_servers_of_others): 200 GET http://10.180.1.21/compute/v2.1/servers/f24a4fec-6952-4875-a327-1847a3ef9c29 0.088s
2024-10-15 07:41:54.460 62262 INFO tempest.lib.common.rest_client [req-fbeaa2fe-cf1e-4991-98d3-df3bc05f6564 req-fbeaa2fe-cf1e-4991-98d3-df3bc05f6564 ] Request (ServerRescueTestJSONUnderV235:setUpClass): 200 GET http://10.180.1.21/compute/v2.1/servers/2b00968c-22b3-4f26-a0e9-3663e8daf0f8 0.115s
2024-10-15 07:41:54.508 62264 INFO tempest.lib.common.rest_client [req-82357cf7-2a3e-477c-9fc8-0aed454f692d req-82357cf7-2a3e-477c-9fc8-0aed454f692d ] Request (AttachInterfacesV270Test:test_create_get_list_interfaces): 200 GET http://10.180.1.21/compute/v2.1/servers/4ab2c1ef-39c6-4b93-8055-73caeb8188bd 0.080s
2024-10-15 07:41:54.538 62278 INFO tempest.lib.common.rest_client [req-dc3ddbe2-9651-4a45-895b-24c4b5bad734 req-dc3ddbe2-9651-4a45-895b-24c4b5bad734 ] Request (ServersNegativeTestJSON:setUpClass): 200 GET http://10.180.1.21/compute/v2.1/servers/f57a4372-0c42-4b97-a978-363029a05d20 0.050s
2024-10-15 07:41:54.588 62318 INFO tempest.lib.common.rest_client [req-822490d3-595a-4372-9bb0-04046f07f344 req-822490d3-595a-4372-9bb0-04046f07f344 ] Request (MigrationsAdminTest:test_resize_server_revert_deleted_flavor): 200 GET http://10.180.1.21/compute/v2.1/servers/3d443556-6391-4206-b95b-444f5700bbb6 0.052s
2024-10-15 07:41:54.637 62314 INFO tempest.lib.common.rest_client [req-7c7ef33f-7c0e-4642-9b58-c6a6832535ba req-7c7ef33f-7c0e-4642-9b58-c6a6832535ba ] Request (ServersTestBootFromVolume:setUpClass): 200 GET http://10.180.1.21/compute/v2.1/servers/b3ba2d53-8128-4b0a-a972-499e3d30ba55 0.053s
2024-10-15 07:41:54.689 62286 INFO tempest.lib.common.rest_client [req-8940efb2-700a-400b-a91b-e8548548ddd1 req-8940efb2-700a-400b-a91b-e8548548ddd1 ] Request (ServerDiskConfigTestJSON:test_rebuild_server_with_auto_disk_config): 200 GET http://10.180.1.21/compute/v2.1/servers/5add6846-a518-4c91-9dd2-ed3f3a648296 0.054s
2024-10-15 07:41:54.730 62290 INFO tempest.lib.common.rest_client [req-f65bcf30-246f-4017-b36f-8e9671b54e22 req-f65bcf30-246f-4017-b36f-8e9671b54e22 ] Request (ServersTestManualDisk:setUpClass): 200 GET http://10.180.1.21/compute/v2.1/servers/e3ebc887-7656-4aa2-88d8-03ad4e86919a 0.158s
2024-10-15 07:41:54.736 62293 INFO tempest.lib.common.rest_client [req-0d743bf4-26b0-4214-b87b-df9d31e375ed req-0d743bf4-26b0-4214-b87b-df9d31e375ed ] Request (SecurityGroupsTestJSON:test_list_security_groups_by_server): 200 GET http://10.180.1.21/compute/v2.1/servers/0bbdae6d-1ff1-4bc6-9af8-a744e08b540a 0.048s
2024-10-15 07:41:54.736 62290 INFO tempest.common.waiters [-] State transition "BUILD/block_device_mapping" ==> "BUILD/spawning" after 42 second wait
2024-10-15 07:41:54.785 62300 INFO tempest.lib.common.rest_client [req-d09cfe7e-ebd8-458d-86a1-b8c668f27fbd req-d09cfe7e-ebd8-458d-86a1-b8c668f27fbd ] Request (ServerPasswordTestJSON:setUpClass): 200 GET http://10.180.1.21/compute/v2.1/servers/fd83c62f-45bc-490f-ba8c-5e70f54c713d 0.045s
2024-10-15 07:41:54.858 62276 INFO tempest.lib.common.rest_client [req-570436b0-37dc-4ac0-bcf9-58931558d5e4 req-570436b0-37dc-4ac0-bcf9-58931558d5e4 ] Request (VolumesAssistedSnapshotsTest:test_volume_assisted_snapshot_create_delete): 200 GET http://10.180.1.21/compute/v2.1/servers/8450615b-82da-4fdf-93cc-869abf8e82bb 0.059s
2024-10-15 07:41:55.063 62324 INFO tempest.lib.common.rest_client [req-e7da58df-2033-4a49-92ca-437f5ad92a09 req-e7da58df-2033-4a49-92ca-437f5ad92a09 ] Request (ServersWithSpecificFlavorTestJSON:test_verify_created_server_ephemeral_disk): 200 GET http://10.180.1.21/compute/v2.1/servers/e922d414-8764-4d0f-8068-fad3000c3147 0.205s
2024-10-15 07:41:55.071 62302 INFO tempest.lib.common.rest_client [req-8bc4b888-58fe-48d4-b9a8-aab6fcd23bd2 req-8bc4b888-58fe-48d4-b9a8-aab6fcd23bd2 ] Request (ImagesTestJSON:test_create_image_from_suspended_server): 200 GET http://10.180.1.21/compute/v2.1/servers/d4e61bce-a243-4330-9dad-451758347f2b 0.147s
2024-10-15 07:41:55.109 62304 INFO tempest.lib.common.rest_client [req-c97057bd-a561-46dd-834f-d24772df9414 req-c97057bd-a561-46dd-834f-d24772df9414 ] Request (ServersTestFqdnHostnames:test_create_server_with_fqdn_name): 200 GET http://10.180.1.21/compute/v2.1/servers/024fd521-0efa-4914-b92b-f9731561f1ce 0.119s
2024-10-15 07:41:55.114 62274 INFO tempest.lib.common.rest_client [req-874e6e53-97dd-450f-98a9-1118d38b44b1 req-874e6e53-97dd-450f-98a9-1118d38b44b1 ] Request (AttachInterfacesUnderV243Test:test_add_remove_fixed_ip): 200 GET http://10.180.1.21/compute/v2.1/servers/18e89419-3c32-4502-bb14-5468d9f71673 0.118s
2024-10-15 07:41:55.158 62282 INFO tempest.lib.common.rest_client [req-2c271d5e-ad7b-457e-9224-d7da55c62df2 req-2c271d5e-ad7b-457e-9224-d7da55c62df2 ] Request (InstanceActionsNegativeTestJSON:setUpClass): 200 GET http://10.180.1.21/compute/v2.1/servers/9c147846-5a78-4038-8550-ed18384a0dfe 0.097s
2024-10-15 07:41:55.169 62310 INFO tempest.lib.common.rest_client [req-a969dafd-214b-4b1e-82c9-8dc920cf2ee5 req-a969dafd-214b-4b1e-82c9-8dc920cf2ee5 ] Request (ServersAdmin275Test:test_rebuild_update_server_275): 200 GET http://10.180.1.21/compute/v2.1/servers/be386385-12e0-4d75-bdda-85e8809695c5 0.103s
2024-10-15 07:41:55.208 62268 INFO tempest.lib.common.rest_client [req-18514625-a418-4a32-b815-76104f31fea1 req-18514625-a418-4a32-b815-76104f31fea1 ] Request (DeleteServersTestJSON:test_delete_server_while_in_attached_volume): 200 GET http://10.180.1.21/compute/v2.1/servers/0ce25daa-9ab8-4167-9bcf-a66ac3843487 0.093s
2024-10-15 07:41:55.222 62320 INFO tempest.lib.common.rest_client [req-8f2ca805-6698-4fb3-88e0-5b442ec3ae53 req-8f2ca805-6698-4fb3-88e0-5b442ec3ae53 ] Request (AttachInterfacesTestJSON:test_create_list_show_delete_interfaces_by_fixed_ip): 200 GET http://10.180.1.21/compute/v2.1/servers/6015f756-8b1f-475b-8a29-eb67f502527e 0.100s
2024-10-15 07:41:55.260 62316 INFO tempest.lib.common.rest_client [req-e280c9bd-0718-4d69-a2c5-7b9b9e246b71 req-e280c9bd-0718-4d69-a2c5-7b9b9e246b71 ] Request (VolumesAdminNegativeTest:test_update_attached_volume_with_nonexistent_volume_in_uri): 200 GET http://10.180.1.21/compute/v2.1/servers/a39b35ea-743f-4688-acde-10692608dc79 0.082s
2024-10-15 07:41:55.274 62296 INFO tempest.lib.common.rest_client [req-b33a454b-cf90-40b4-9842-1005056414c7 req-b33a454b-cf90-40b4-9842-1005056414c7 ] Request (TenantUsagesTestJSON:setUpClass): 200 GET http://10.180.1.21/compute/v2.1/servers/9beb836c-d38e-4c56-ae69-aef914dff907 0.090s
2024-10-15 07:41:55.330 62266 INFO tempest.lib.common.rest_client [req-fdedf89e-7b34-4c89-ad0d-513dd6923ce4 req-fdedf89e-7b34-4c89-ad0d-513dd6923ce4 ] Request (ListServerFiltersTestJSON:setUpClass): 200 GET http://10.180.1.21/compute/v2.1/servers/f8528092-bb99-49fe-8c23-9089c43ef904 0.111s
2024-10-15 07:41:55.336 62312 INFO tempest.lib.common.rest_client [req-66dcd021-3e6c-4777-979d-07dd5f303239 req-66dcd021-3e6c-4777-979d-07dd5f303239 ] Request (ServersTestMultiNic:test_verify_duplicate_network_nics): 200 GET http://10.180.1.21/compute/v2.1/servers/15b40004-cad3-4b16-93e7-c73cb1468352 0.099s
2024-10-15 07:41:55.343 62312 INFO tempest.common.waiters [-] State transition "BUILD/None" ==> "BUILD/networking" after 42 second wait
2024-10-15 07:41:55.404 62270 INFO tempest.lib.common.rest_client [req-5adea1a0-d681-4db1-b9e1-8212f06b1a2f req-5adea1a0-d681-4db1-b9e1-8212f06b1a2f ] Request (ImagesOneServerNegativeTestJSON:setUpClass): 200 GET http://10.180.1.21/compute/v2.1/servers/1d01194e-da62-4276-808e-54756f4fbff6 0.116s
2024-10-15 07:41:55.430 62308 INFO tempest.lib.common.rest_client [req-35227b8f-450f-4b17-8d5b-4bfa9fd1c84e req-35227b8f-450f-4b17-8d5b-4bfa9fd1c84e ] Request (ImagesNegativeTestJSON:test_create_image_from_deleted_server): 200 GET http://10.180.1.21/compute/v2.1/servers/bda741ec-93d4-4d57-b290-47f927736dcb 0.157s
2024-10-15 07:41:55.473 62322 INFO tempest.lib.common.rest_client [req-b1a4da4e-76bf-4e7b-80b3-6ad49f6b7308 req-b1a4da4e-76bf-4e7b-80b3-6ad49f6b7308 ] Request (ServerActionsTestJSON:setUpClass): 200 GET http://10.180.1.21/compute/v2.1/servers/29012610-7b51-4d1b-9428-ff940632745a 0.127s
2024-10-15 07:41:55.496 62306 INFO tempest.lib.common.rest_client [req-7b7c01d3-2b5e-4a20-81c8-506dd4b2eed3 req-7b7c01d3-2b5e-4a20-81c8-506dd4b2eed3 ] Request (ServersV294TestFqdnHostnames:setUpClass): 200 GET http://10.180.1.21/compute/v2.1/servers/4fbf8ce8-ff33-4f4e-bda4-9cd86e8ec806 0.139s
2024-10-15 07:41:55.533 62284 INFO tempest.lib.common.rest_client [req-ec962ed6-52a1-4787-b074-3dc35bd00a10 req-ec962ed6-52a1-4787-b074-3dc35bd00a10 ] Request (ServerTagsTestJSON:setUpClass): 200 GET http://10.180.1.21/compute/v2.1/servers/4d91b978-6887-4da3-bd3b-2b75f6a35a2d 0.128s
2024-10-15 07:41:55.548 62288 INFO tempest.lib.common.rest_client [req-f3cb24ef-cf96-4380-aec8-eda3735814f0 req-f3cb24ef-cf96-4380-aec8-eda3735814f0 ] Request (ListImageFiltersTestJSON:setUpClass): 200 GET http://10.180.1.21/compute/v2.1/servers/8bc11701-ae83-48dc-9254-fb77870ff5f5 0.143s
2024-10-15 07:41:55.586 62272 INFO tempest.lib.common.rest_client [req-cab389e7-d506-424a-b143-d1688cd1ca56 req-cab389e7-d506-424a-b143-d1688cd1ca56 ] Request (DeleteServersAdminTestJSON:test_admin_delete_servers_of_others): 200 GET http://10.180.1.21/compute/v2.1/servers/f24a4fec-6952-4875-a327-1847a3ef9c29 0.118s
