2024-10-15 07:41:16.227 62322 INFO tempest.lib.common.fixed_network [-] (ServerActionsTestJSON:setUpClass) Found network {'id': '6b9450a3-017f-4133-b32a-64af33e361d8', 'name': 'tempest-ServerActionsTestJSON-1147447502-network', 'tenant_id': '4964515ecd834c009848f2bf97ce5148', 'admin_state_up': True, 'mtu': 8950, 'status': 'ACTIVE', 'subnets': [], 'shared': False, 'project_id': '4964515ecd834c009848f2bf97ce5148', 'port_security_enabled': True, 'router:external': False, 'provider:network_type': 'vlan', 'provider:physical_network': 'default', 'provider:segmentation_id': 413, 'is_default': False, 'availability_zone_hints': [], 'availability_zones': [], 'ipv4_address_scope': None, 'ipv6_address_scope': None, 'description': '', 'tags': [], 'created_at': '2024-10-15T07:41:09Z', 'updated_at': '2024-10-15T07:41:09Z', 'revision_number': 1} available for tenant
2024-10-15 07:41:16.249 62284 INFO tempest.lib.common.rest_client [req-748b1cce-12a3-4008-8af0-0d308e297e8b req-748b1cce-12a3-4008-8af0-0d308e297e8b ] Request (ServicesAdminNegativeV253TestJSON:setUpClass): 201 POST http://10.180.1.21/identity/v3/users 0.059s
2024-10-15 07:41:16.250 62280 INFO tempest.lib.common.rest_client [req-87f7c3cc-78d9-4471-936f-9d5b947bfb29 req-87f7c3cc-78d9-4471-936f-9d5b947bfb29 ] Request (ImagesMetadataTestJSON:setUpClass): 201 POST http://10.180.1.21/identity/v3/users 0.076s
2024-10-15 07:41:16.270 62284 INFO tempest.lib.common.rest_client [req-3e24e1c9-ac5c-4563-b678-292256081401 req-3e24e1c9-ac5c-4563-b678-292256081401 ] Request (ServicesAdminNegativeV253TestJSON:setUpClass): 200 GET http://10.180.1.21/identity/v3/roles 0.020s
2024-10-15 07:41:16.272 62280 INFO tempest.lib.common.rest_client [req-1eac88aa-899a-487c-b90d-9dc4279be300 req-1eac88aa-899a-487c-b90d-9dc4279be300 ] Request (ImagesMetadataTestJSON:setUpClass): 200 GET http://10.180.1.21/identity/v3/roles 0.021s
2024-10-15 07:41:16.297 62284 INFO tempest.lib.common.rest_client [req-821f4115-3654-4833-9399-a9fc2b6bc05e req-821f4115-3654-4833-9399-a9fc2b6bc05e ] Request (ServicesAdminNegativeV253TestJSON:setUpClass): 204 PUT http://10.180.1.21/identity/v3/projects/4872529337ad494c95d9d364a484e26a/users/e1b88de0c97143e18f1fbf65089a39c7/roles/c74fce9a04514fe1acdb3b8d4b02dcca 0.027s
2024-10-15 07:41:16.298 62284 INFO tempest.lib.common.dynamic_creds [-] Dynamic test user e1b88de0c97143e18f1fbf65089a39c7 is created with scope project and roles: ['member']
2024-10-15 07:41:16.298 62284 INFO tempest.lib.common.dynamic_creds [-] Acquired dynamic creds: credentials: Credentials: {'domain_id': 'default', 'domain_name': 'Default', 'username': 'tempest-ServicesAdminNegativeV253TestJSON-399067483-project-member', 'project_domain_id': 'default', 'project_domain_name': 'Default', 'project_id': '4872529337ad494c95d9d364a484e26a', 'project_name': 'tempest-ServicesAdminNegativeV253TestJSON-399067483', 'tenant_id': '4872529337ad494c95d9d364a484e26a', 'tenant_name': 'tempest-ServicesAdminNegativeV253TestJSON-399067483', 'user_domain_id': 'default', 'user_domain_name': 'Default', 'user_id': 'e1b88de0c97143e18f1fbf65089a39c7', 'system': None}, Network: None, Subnet: None, Router: None
2024-10-15 07:41:16.298 62284 INFO tempest.lib.common.dynamic_creds [-] Created isolated network resources for: credentials: Credentials: {'domain_id': 'default', 'domain_name': 'Default', 'username': 'tempest-ServicesAdminNegativeV253TestJSON-399067483-project-member', 'project_domain_id': 'default', 'project_domain_name': 'Default', 'project_id': '4872529337ad494c95d9d364a484e26a', 'project_name': 'tempest-ServicesAdminNegativeV253TestJSON-399067483', 'tenant_id': '4872529337ad494c95d9d364a484e26a', 'tenant_name': 'tempest-ServicesAdminNegativeV253TestJSON-399067483', 'user_domain_id': 'default', 'user_domain_name': 'Default', 'user_id': 'e1b88de0c97143e18f1fbf65089a39c7', 'system': None}, Network: None, Subnet: None, Router: None
2024-10-15 07:41:16.300 62286 INFO tempest.lib.common.rest_client [req-2cb5b114-bd71-4d1c-b17f-5779a09955d8 req-2cb5b114-bd71-4d1c-b17f-5779a09955d8 ] Request (FlavorsAccessNegativeTestJSON:tearDownClass): 200 GET http://10.180.1.21:9696/networking/v2.0/security-groups?tenant_id=d6ccd8efc04d4e1f9ba71629cc13b804&name=default 0.214s
2024-10-15 07:41:16.304 62280 INFO tempest.lib.common.rest_client [req-cddcf3b0-dc3a-4a72-9123-eaa7c281adc5 req-cddcf3b0-dc3a-4a72-9123-eaa7c281adc5 ] Request (ImagesMetadataTestJSON:setUpClass): 204 PUT http://10.180.1.21/identity/v3/projects/ab22dfe570cd4f499fc426d210246e1b/users/55026dbe76e84d9289a7a8e38acd1aa1/roles/c74fce9a04514fe1acdb3b8d4b02dcca 0.031s
2024-10-15 07:41:16.304 62280 INFO tempest.lib.common.dynamic_creds [-] Dynamic test user 55026dbe76e84d9289a7a8e38acd1aa1 is created with scope project and roles: ['member']
2024-10-15 07:41:16.304 62280 INFO tempest.lib.common.dynamic_creds [-] Acquired dynamic creds: credentials: Credentials: {'domain_id': 'default', 'domain_name': 'Default', 'username': 'tempest-ImagesMetadataTestJSON-168611011-project-member', 'project_domain_id': 'default', 'project_domain_name': 'Default', 'project_id': 'ab22dfe570cd4f499fc426d210246e1b', 'project_name': 'tempest-ImagesMetadataTestJSON-168611011', 'tenant_id': 'ab22dfe570cd4f499fc426d210246e1b', 'tenant_name': 'tempest-ImagesMetadataTestJSON-168611011', 'user_domain_id': 'default', 'user_domain_name': 'Default', 'user_id': '55026dbe76e84d9289a7a8e38acd1aa1', 'system': None}, Network: None, Subnet: None, Router: None
2024-10-15 07:41:16.304 62280 INFO tempest.lib.common.dynamic_creds [-] Created isolated network resources for: credentials: Credentials: {'domain_id': 'default', 'domain_name': 'Default', 'username': 'tempest-ImagesMetadataTestJSON-168611011-project-member', 'project_domain_id': 'default', 'project_domain_name': 'Default', 'project_id': 'ab22dfe570cd4f499fc426d210246e1b', 'project_name': 'tempest-ImagesMetadataTestJSON-168611011', 'tenant_id': 'ab22dfe570cd4f499fc426d210246e1b', 'tenant_name': 'tempest-ImagesMetadataTestJSON-168611011', 'user_domain_id': 'default', 'user_domain_name': 'Default', 'user_id': '55026dbe76e84d9289a7a8e38acd1aa1', 'system': None}, Network: None, Subnet: None, Router: None
2024-10-15 07:41:16.362 62310 INFO tempest.lib.common.rest_client [req-89bf4b3c-2c9d-4ffb-a748-571dbaff70a2 req-89bf4b3c-2c9d-4ffb-a748-571dbaff70a2 ] Request (ServersAdmin275Test:test_rebuild_update_server_275): 200 GET http://10.180.1.21/compute/v2.1/servers/be386385-12e0-4d75-bdda-85e8809695c5 1.793s
2024-10-15 07:41:16.377 62284 INFO tempest.lib.common.rest_client [req-50c5a259-61db-48a5-86ba-f191b7585871 req-50c5a259-61db-48a5-86ba-f191b7585871 ] Request (ServicesAdminNegativeV253TestJSON:setUpClass): 201 POST http://10.180.1.21/identity/v3/auth/tokens 0.074s
2024-10-15 07:41:16.387 62280 INFO tempest.lib.common.rest_client [req-2f8dbb1d-031e-4b3a-ae00-911ed842d071 req-2f8dbb1d-031e-4b3a-ae00-911ed842d071 ] Request (ImagesMetadataTestJSON:setUpClass): 201 POST http://10.180.1.21/identity/v3/auth/tokens 0.077s
2024-10-15 07:41:16.432 62320 INFO tempest.lib.common.rest_client [req-244ba64f-0316-4011-a70e-1979f6635586 req-244ba64f-0316-4011-a70e-1979f6635586 ] Request (ServersAdminNegativeTestJSON:setUpClass): 200 GET http://10.180.1.21/compute/v2.1/servers/eeb98424-64d0-4007-aaef-4b136051b6b6 1.776s
2024-10-15 07:41:16.441 62320 INFO tempest.common.waiters [-] State transition "BUILD/scheduling" ==> "ERROR/None" after 33 second wait
2024-10-15 07:41:16.444 62284 INFO tempest.lib.common.rest_client [req-e354b913-dbe8-4d3c-b38b-9fa6ce9c25d5 req-e354b913-dbe8-4d3c-b38b-9fa6ce9c25d5 ] Request (ServicesAdminNegativeV253TestJSON:setUpClass): 201 POST http://10.180.1.21/identity/v3/projects 0.066s
2024-10-15 07:41:16.485 62268 INFO tempest.lib.common.rest_client [req-a31c8827-84f8-4b6d-95d4-507655c5a44a req-a31c8827-84f8-4b6d-95d4-507655c5a44a ] Request (DeleteServersTestJSON:test_delete_server_while_in_attached_volume): 202 POST http://10.180.1.21/compute/v2.1/servers 2.045s
2024-10-15 07:41:16.512 62266 INFO tempest.lib.common.rest_client [req-9ce17965-a41d-4353-bb86-c7b452267d64 req-9ce17965-a41d-4353-bb86-c7b452267d64 ] Request (FloatingIPsAssociationNegativeTestJSON:setUpClass): 404 GET http://10.180.1.21/compute/v2.1/servers/c0832871-e3d8-42de-8ff0-20d8eec70b07 1.756s
2024-10-15 07:41:16.512 62266 INFO tempest.test [-] raised in FloatingIPsAssociationNegativeTestJSON.setUpClass. Invoking tearDownClass.
2024-10-15 07:41:16.513 62278 INFO tempest.lib.common.rest_client [req-f4f74bc4-670f-460c-b586-7f1fae3407e0 req-f4f74bc4-670f-460c-b586-7f1fae3407e0 ] Request (ServersNegativeTestJSON:setUpClass): 201 POST http://10.180.1.21:9696/networking/v2.0/subnets 0.316s
2024-10-15 07:41:16.517 62286 INFO tempest.lib.common.rest_client [req-94cd3d68-3f95-424a-b2cd-5f6592aaf8b4 req-94cd3d68-3f95-424a-b2cd-5f6592aaf8b4 ] Request (FlavorsAccessNegativeTestJSON:tearDownClass): 204 DELETE http://10.180.1.21:9696/networking/v2.0/security-groups/b4615e24-3319-4f8b-9b8b-dacc36b2ca93 0.216s
2024-10-15 07:41:16.530 62284 INFO tempest.lib.common.rest_client [req-c2bb5384-b868-48c0-80ce-f22934e4375d req-c2bb5384-b868-48c0-80ce-f22934e4375d ] Request (ServicesAdminNegativeV253TestJSON:setUpClass): 201 POST http://10.180.1.21/identity/v3/users 0.086s
2024-10-15 07:41:16.532 62262 INFO tempest.lib.common.rest_client [req-8eeac3ba-3a5d-4e1e-858e-e5603ca11443 req-8eeac3ba-3a5d-4e1e-858e-e5603ca11443 ] Request (ServerExternalEventsTest:test_create_server_external_events): 200 GET http://10.180.1.21/compute/v2.1/servers/43163315-f32c-4e25-ba01-db38b387d447 1.806s
2024-10-15 07:41:16.539 62262 INFO tempest.common.waiters [-] State transition "BUILD/spawning" ==> "ERROR/None" after 33 second wait
2024-10-15 07:41:16.575 62284 INFO tempest.lib.common.rest_client [req-f41bf468-93dd-4210-a87e-04e03813453b req-f41bf468-93dd-4210-a87e-04e03813453b ] Request (ServicesAdminNegativeV253TestJSON:setUpClass): 200 GET http://10.180.1.21/identity/v3/roles 0.044s
2024-10-15 07:41:16.595 62288 INFO tempest.lib.common.rest_client [req-366f747f-98f1-43f1-b9ed-4896b99a4084 req-366f747f-98f1-43f1-b9ed-4896b99a4084 ] Request (ListImageFiltersTestJSON:setUpClass): 200 GET http://10.180.1.21/compute/v2.1/servers/8bc11701-ae83-48dc-9254-fb77870ff5f5 1.375s
2024-10-15 07:41:16.620 62286 INFO tempest.lib.common.rest_client [req-eb161589-2901-4d4b-afa1-eaffe0b981db req-eb161589-2901-4d4b-afa1-eaffe0b981db ] Request (FlavorsAccessNegativeTestJSON:tearDownClass): 204 DELETE http://10.180.1.21/identity/v3/projects/d6ccd8efc04d4e1f9ba71629cc13b804 0.103s
2024-10-15 07:41:16.650 62290 INFO tempest.lib.common.rest_client [req-81481d62-89cf-4c79-99e6-936508b654af req-81481d62-89cf-4c79-99e6-936508b654af ] Request (ServersTestManualDisk:setUpClass): 200 GET http://10.180.1.21/compute/v2.1/servers/e3ebc887-7656-4aa2-88d8-03ad4e86919a 1.339s
2024-10-15 07:41:16.658 62314 INFO tempest.lib.common.rest_client [req-01766270-f852-4f83-af19-13bd570e1e0c req-01766270-f852-4f83-af19-13bd570e1e0c ] Request (ServersTestBootFromVolume:setUpClass): 200 GET http://10.180.1.21/volume/v3/435b8240896c403b922f19cd71435dbf/volumes/3f804178-e2cd-429a-b4d7-00cea523ecc7 0.038s
2024-10-15 07:41:16.705 62306 INFO tempest.lib.common.rest_client [req-f6426dbf-6585-4a80-a05c-bbffa7595397 req-f6426dbf-6585-4a80-a05c-bbffa7595397 ] Request (ServerDiagnosticsTest:test_get_server_diagnostics): 200 GET http://10.180.1.21/compute/v2.1/servers/562ef0c8-6283-43d2-a190-138ed0c1c229 1.331s
2024-10-15 07:41:16.711 62284 INFO tempest.lib.common.rest_client [req-ba8eb292-e6a2-4d12-b8f2-ad9bf038672f req-ba8eb292-e6a2-4d12-b8f2-ad9bf038672f ] Request (ServicesAdminNegativeV253TestJSON:setUpClass): 204 PUT http://10.180.1.21/identity/v3/projects/ebdd19e4506d4a73b031ee1dafe22358/users/ddaa8c3a3c65457296ae99d791fbe817/roles/395575bfa8ad448b8a4b710ed616a683 0.136s
2024-10-15 07:41:16.745 62298 INFO tempest.lib.common.rest_client [req-98fbbc3d-476e-4136-931a-6e735a68fe1e req-98fbbc3d-476e-4136-931a-6e735a68fe1e ] Request (FloatingIPsNegativeTestJSON:test_delete_nonexistent_floating_ip): 404 DELETE http://10.180.1.21/compute/v2.1/os-floating-ips/2aefbc21-3e81-41ae-8cc8-7296db2cbe51 1.354s
2024-10-15 07:41:16.772 62286 INFO tempest.lib.common.rest_client [req-3a99755e-f8aa-4214-8872-a73517030182 req-3a99755e-f8aa-4214-8872-a73517030182 ] Request (HostsAdminTestJSON:setUpClass): 201 POST http://10.180.1.21/identity/v3/auth/tokens 0.150s
2024-10-15 07:41:16.801 62284 INFO tempest.lib.common.rest_client [req-f32b2715-34f7-4750-bfc9-971cbe7ac9ec req-f32b2715-34f7-4750-bfc9-971cbe7ac9ec ] Request (ServicesAdminNegativeV253TestJSON:setUpClass): 200 GET http://10.180.1.21/identity/v3/roles 0.090s
2024-10-15 07:41:16.806 62264 INFO tempest.lib.common.rest_client [req-39a09715-ee20-4982-954a-1ea70d1d4aaa req-39a09715-ee20-4982-954a-1ea70d1d4aaa ] Request (QuotasAdminTestV236:test_get_updated_quotas): 200 GET http://10.180.1.21/compute/v2.1/os-quota-sets/462300bc13574a5c8ed785b9c40961ee/detail 1.735s
2024-10-15 07:41:16.808 62274 INFO tempest.lib.common.rest_client [req-60f2a2e1-a465-4fe7-8014-fe2c4eb19265 req-60f2a2e1-a465-4fe7-8014-fe2c4eb19265 ] Request (ServerDiagnosticsNegativeTest:test_get_server_diagnostics_by_non_admin): 200 GET http://10.180.1.21/compute/v2.1/servers/6719bdd2-2d66-4805-9c29-2f09858383eb 1.372s
2024-10-15 07:41:16.824 62308 INFO tempest.lib.common.rest_client [req-b298a5f3-7db1-491d-80a9-905b368ac45c req-b298a5f3-7db1-491d-80a9-905b368ac45c ] Request (FlavorsExtraSpecsNegativeTestJSON:tearDownClass): 200 GET http://10.180.1.21/compute/v2.1/flavors/detail 1.029s
2024-10-15 07:41:16.842 62286 INFO tempest.lib.common.rest_client [req-fbf2d1bd-3429-40df-b038-b8495113acb0 req-fbf2d1bd-3429-40df-b038-b8495113acb0 ] Request (HostsAdminTestJSON:setUpClass): 201 POST http://10.180.1.21/identity/v3/auth/tokens 0.067s
2024-10-15 07:41:16.850 62304 INFO tempest.lib.common.rest_client [req-ecf7c81b-717a-4780-ba93-55fd2e3eba1b req-ecf7c81b-717a-4780-ba93-55fd2e3eba1b ] Request (FlavorsAdminTestJSON:test_is_public_string_variations): 200 POST http://10.180.1.21/compute/v2.1/flavors 0.956s
2024-10-15 07:41:16.859 62284 INFO tempest.lib.common.rest_client [req-ecffd8e9-badb-40fc-a6dc-484fbcaa223b req-ecffd8e9-badb-40fc-a6dc-484fbcaa223b ] Request (ServicesAdminNegativeV253TestJSON:setUpClass): 204 PUT http://10.180.1.21/identity/v3/projects/ebdd19e4506d4a73b031ee1dafe22358/users/ddaa8c3a3c65457296ae99d791fbe817/roles/395575bfa8ad448b8a4b710ed616a683 0.057s
2024-10-15 07:41:16.859 62284 INFO tempest.lib.common.dynamic_creds [-] Dynamic test user ddaa8c3a3c65457296ae99d791fbe817 is created with scope project and roles: ['admin']
2024-10-15 07:41:16.860 62284 INFO tempest.lib.common.dynamic_creds [-] Acquired dynamic creds: credentials: Credentials: {'domain_id': 'default', 'domain_name': 'Default', 'username': 'tempest-ServicesAdminNegativeV253TestJSON-315713306-project-admin', 'project_domain_id': 'default', 'project_domain_name': 'Default', 'project_id': 'ebdd19e4506d4a73b031ee1dafe22358', 'project_name': 'tempest-ServicesAdminNegativeV253TestJSON-315713306', 'tenant_id': 'ebdd19e4506d4a73b031ee1dafe22358', 'tenant_name': 'tempest-ServicesAdminNegativeV253TestJSON-315713306', 'user_domain_id': 'default', 'user_domain_name': 'Default', 'user_id': 'ddaa8c3a3c65457296ae99d791fbe817', 'system': None}, Network: None, Subnet: None, Router: None
2024-10-15 07:41:16.860 62284 INFO tempest.lib.common.dynamic_creds [-] Created isolated network resources for: credentials: Credentials: {'domain_id': 'default', 'domain_name': 'Default', 'username': 'tempest-ServicesAdminNegativeV253TestJSON-315713306-project-admin', 'project_domain_id': 'default', 'project_domain_name': 'Default', 'project_id': 'ebdd19e4506d4a73b031ee1dafe22358', 'project_name': 'tempest-ServicesAdminNegativeV253TestJSON-315713306', 'tenant_id': 'ebdd19e4506d4a73b031ee1dafe22358', 'tenant_name': 'tempest-ServicesAdminNegativeV253TestJSON-315713306', 'user_domain_id': 'default', 'user_domain_name': 'Default', 'user_id': 'ddaa8c3a3c65457296ae99d791fbe817', 'system': None}, Network: None, Subnet: None, Router: None
2024-10-15 07:41:16.881 62318 INFO tempest.lib.common.rest_client [req-582be724-aa64-43cb-83df-0fb43ba9e4b6 req-582be724-aa64-43cb-83df-0fb43ba9e4b6 ] Request (MigrationsAdminTest:test_list_migrations_in_flavor_resize_situation): 200 GET http://10.180.1.21/compute/v2.1/servers/c9f6e901-909f-445a-9d89-402d8f1f9d5a 1.391s
2024-10-15 07:41:16.915 62272 INFO tempest.lib.common.rest_client [req-4b1c8a72-30a5-4fa5-9c67-3e9925746a03 req-4b1c8a72-30a5-4fa5-9c67-3e9925746a03 ] Request (AggregatesAdminNegativeTestJSON:_run_cleanups): 200 DELETE http://10.180.1.21/compute/v2.1/os-aggregates/6 0.877s
2024-10-15 07:41:16.917 62264 INFO tempest.lib.common.rest_client [req-a36575d3-f705-407c-8303-d195f09d3f25 req-a36575d3-f705-407c-8303-d195f09d3f25 ] Request (QuotasAdminTestV236:test_get_updated_quotas): 200 GET http://10.180.1.21/identity/v3/domains?name=Default 0.105s
2024-10-15 07:41:16.939 62286 INFO tempest.lib.common.rest_client [req-649a777c-6e4b-43cc-9d56-3bbc9cb3f53f req-649a777c-6e4b-43cc-9d56-3bbc9cb3f53f ] Request (HostsAdminTestJSON:setUpClass): 200 GET http://10.180.1.21/identity/v3/domains?name=Default 0.096s
2024-10-15 07:41:16.976 62294 INFO tempest.lib.common.rest_client [req-a18f2262-bd4d-44f2-8925-5ceacf6868cd req-a18f2262-bd4d-44f2-8925-5ceacf6868cd ] Request (FloatingIPDetailsTestJSON:test_list_floating_ips): 200 GET http://10.180.1.21/compute/v2.1/os-floating-ips 0.955s
2024-10-15 07:41:17.003 62293 INFO tempest.lib.common.rest_client [req-a5b30a20-c6a4-4bc4-837c-48e10d45c956 req-a5b30a20-c6a4-4bc4-837c-48e10d45c956 ] Request (SecurityGroupsTestJSON:test_list_security_groups_by_server): 200 GET http://10.180.1.21/compute/v2.1/servers/0bbdae6d-1ff1-4bc6-9af8-a744e08b540a 0.823s
2024-10-15 07:41:17.024 62308 INFO tempest.lib.common.rest_client [req-519ec2de-703d-4d8b-9ece-c689dc81c612 req-519ec2de-703d-4d8b-9ece-c689dc81c612 ] Request (FlavorsExtraSpecsNegativeTestJSON:tearDownClass): 204 DELETE http://10.180.1.21/identity/v3/users/d704e181ccdb41559aa69a6b8ab38b22 0.193s
2024-10-15 07:41:17.035 62280 INFO tempest.lib.common.rest_client [req-7482e142-4682-4b29-a3a9-ef1a093f3775 req-7482e142-4682-4b29-a3a9-ef1a093f3775 ] Request (ImagesMetadataTestJSON:setUpClass): 201 POST http://10.180.1.21/image/v2/images 0.647s
2024-10-15 07:41:17.067 62284 INFO tempest.lib.common.rest_client [req-101f661e-fc3b-4a3b-a165-50e487cd9848 req-101f661e-fc3b-4a3b-a165-50e487cd9848 ] Request (ServicesAdminNegativeV253TestJSON:setUpClass): 201 POST http://10.180.1.21/identity/v3/auth/tokens 0.203s
2024-10-15 07:41:17.079 62302 INFO tempest.lib.common.rest_client [req-cb0e5749-f495-4249-9b78-2c02179f3dcd req-cb0e5749-f495-4249-9b78-2c02179f3dcd ] Request (ImagesTestJSON:test_create_image_from_stopped_server): 200 GET http://10.180.1.21/compute/v2.1/servers/ecd864df-9e54-491e-9931-b5ee8f66bffc 0.784s
2024-10-15 07:41:17.133 62286 INFO tempest.lib.common.rest_client [req-957e78bb-45c7-4f9f-b736-bd204c836e5d req-957e78bb-45c7-4f9f-b736-bd204c836e5d ] Request (HostsAdminTestJSON:setUpClass): 201 POST http://10.180.1.21/identity/v3/projects 0.194s
2024-10-15 07:41:17.141 62264 INFO tempest.lib.common.rest_client [req-4533addb-5738-45b8-8727-07441eccf771 req-4533addb-5738-45b8-8727-07441eccf771 ] Request (QuotasAdminTestV236:test_get_updated_quotas): 201 POST http://10.180.1.21/identity/v3/users 0.223s
2024-10-15 07:41:17.153 62300 INFO tempest.lib.common.rest_client [req-e7df2611-3cef-4495-b589-433d4d26ed0c req-e7df2611-3cef-4495-b589-433d4d26ed0c ] Request (ImagesOneServerTestJSON:setUpClass): 200 GET http://10.180.1.21/compute/v2.1/servers/64660652-1fdc-4d28-a650-a9fbb44ff3db 0.796s
2024-10-15 07:41:17.224 62282 INFO tempest.lib.common.rest_client [req-1a69b747-1a19-4b78-b82c-6205c52b8f5d req-1a69b747-1a19-4b78-b82c-6205c52b8f5d ] Request (InstanceActionsNegativeTestJSON:setUpClass): 200 PUT http://10.180.1.21:9696/networking/v2.0/routers/79f7286b-2b5c-491d-9d65-f1d9c002d706/add_router_interface 2.348s
2024-10-15 07:41:17.224 62282 INFO tempest.lib.common.dynamic_creds [-] Created isolated network resources for: credentials: Credentials: {'domain_id': 'default', 'domain_name': 'Default', 'username': 'tempest-InstanceActionsNegativeTestJSON-841982333-project-member', 'project_domain_id': 'default', 'project_domain_name': 'Default', 'project_id': '15268c7c04334124a1770e94044892c8', 'project_name': 'tempest-InstanceActionsNegativeTestJSON-841982333', 'tenant_id': '15268c7c04334124a1770e94044892c8', 'tenant_name': 'tempest-InstanceActionsNegativeTestJSON-841982333', 'user_domain_id': 'default', 'user_domain_name': 'Default', 'user_id': 'a7b3bec67271471c9d8a491a3d54874d', 'system': None}, Network: {'id': 'ba29b961-28f3-487f-b6ed-ac8891ae8234', 'name': 'tempest-InstanceActionsNegativeTestJSON-1295528329-network', 'tenant_id': '15268c7c04334124a1770e94044892c8', 'admin_state_up': True, 'mtu': 8950, 'status': 'ACTIVE', 'subnets': [], 'shared': False, 'project_id': '15268c7c04334124a1770e94044892c8', 'port_security_enabled': True, 'router:external': False, 'provider:network_type': 'vlan', 'provider:physical_network': 'default', 'provider:segmentation_id': 426, 'is_default': False, 'availability_zone_hints': [], 'availability_zones': [], 'ipv4_address_scope': None, 'ipv6_address_scope': None, 'description': '', 'tags': [], 'created_at': '2024-10-15T07:41:13Z', 'updated_at': '2024-10-15T07:41:13Z', 'revision_number': 1}, Subnet: {'id': 'dc00870a-a965-4de4-8431-9d9ad76bf926', 'name': 'tempest-InstanceActionsNegativeTestJSON-1295528329-subnet', 'tenant_id': '15268c7c04334124a1770e94044892c8', 'network_id': 'ba29b961-28f3-487f-b6ed-ac8891ae8234', 'ip_version': 4, 'subnetpool_id': None, 'enable_dhcp': True, 'ipv6_ra_mode': None, 'ipv6_address_mode': None, 'gateway_ip': '192.168.128.1', 'cidr': '192.168.128.0/28', 'allocation_pools': [{'start': '192.168.128.2', 'end': '192.168.128.14'}], 'host_routes': [], 'dns_nameservers': [], 'description': '', 'router:external': False, 'service_types': [], 'tags': [], 'created_at': '2024-10-15T07:41:13Z', 'updated_at': '2024-10-15T07:41:13Z', 'revision_number': 0, 'project_id': '15268c7c04334124a1770e94044892c8'}, Router: {'id': '79f7286b-2b5c-491d-9d65-f1d9c002d706', 'name': 'tempest-InstanceActionsNegativeTestJSON-1295528329-router', 'tenant_id': '15268c7c04334124a1770e94044892c8', 'admin_state_up': True, 'status': 'ACTIVE', 'external_gateway_info': {'network_id': 'df738a63-29d6-4071-a7fd-6c63bfc26ca3', 'external_fixed_ips': [{'subnet_id': 'f1a022bf-c313-4a44-b6d9-86fe6e59ed78', 'ip_address': '10.180.180.169'}], 'enable_snat': True}, 'description': '', 'availability_zones': [], 'distributed': False, 'ha': False, 'availability_zone_hints': [], 'routes': [], 'flavor_id': None, 'tags': [], 'created_at': '2024-10-15T07:41:13Z', 'updated_at': '2024-10-15T07:41:13Z', 'revision_number': 2, 'project_id': '15268c7c04334124a1770e94044892c8'}
2024-10-15 07:41:17.242 62308 INFO tempest.lib.common.rest_client [req-d392277b-7f56-4c5e-875b-f4facba0d6a3 req-d392277b-7f56-4c5e-875b-f4facba0d6a3 ] Request (FlavorsExtraSpecsNegativeTestJSON:tearDownClass): 204 DELETE http://10.180.1.21/identity/v3/users/07665bd2332a42e882f84efac26d4ee0 0.218s
2024-10-15 07:41:17.243 62308 INFO tempest.lib.common.dynamic_creds [-] Deleting project and security group for project: 7f2cdd0b1d044aa38dfb0774c9b7e8d9
2024-10-15 07:41:17.306 62264 INFO tempest.lib.common.rest_client [req-17361051-182a-4f99-9bf4-ea4c91836ffa req-17361051-182a-4f99-9bf4-ea4c91836ffa ] Request (QuotasAdminTestV236:test_get_updated_quotas): 200 GET http://10.180.1.21/identity/v3/domains?name=Default 0.164s
2024-10-15 07:41:17.329 62286 INFO tempest.lib.common.rest_client [req-5838e122-12fc-4f7d-9841-1c23e4f73149 req-5838e122-12fc-4f7d-9841-1c23e4f73149 ] Request (HostsAdminTestJSON:setUpClass): 201 POST http://10.180.1.21/identity/v3/users 0.195s
2024-10-15 07:41:17.336 62320 INFO tempest.lib.common.rest_client [req-f899125d-91bd-484b-af98-06014073f3fb req-f899125d-91bd-484b-af98-06014073f3fb ] Request (ServersAdminNegativeTestJSON:setUpClass): 204 DELETE http://10.180.1.21/compute/v2.1/servers/eeb98424-64d0-4007-aaef-4b136051b6b6 0.894s
2024-10-15 07:41:17.353 62308 INFO tempest.lib.common.rest_client [req-0fcf3fe8-2d43-432a-8f94-081aaf1e7a5f req-0fcf3fe8-2d43-432a-8f94-081aaf1e7a5f ] Request (FlavorsExtraSpecsNegativeTestJSON:tearDownClass): 201 POST http://10.180.1.21/identity/v3/auth/tokens 0.110s
2024-10-15 07:41:17.380 62282 INFO tempest.lib.common.rest_client [req-12f9d7f3-9fea-4666-99ec-92f564833253 req-12f9d7f3-9fea-4666-99ec-92f564833253 ] Request (InstanceActionsNegativeTestJSON:setUpClass): 201 POST http://10.180.1.21/identity/v3/auth/tokens 0.151s
2024-10-15 07:41:17.394 62268 INFO tempest.lib.common.rest_client [req-507edfaa-4367-4f96-840b-9676ee49b68a req-507edfaa-4367-4f96-840b-9676ee49b68a ] Request (DeleteServersTestJSON:test_delete_server_while_in_attached_volume): 200 GET http://10.180.1.21/compute/v2.1/servers/0ce25daa-9ab8-4167-9bcf-a66ac3843487 0.907s
2024-10-15 07:41:17.397 62286 INFO tempest.lib.common.rest_client [req-4c3919e8-1bd2-4a7c-88d2-820711492ed8 req-4c3919e8-1bd2-4a7c-88d2-820711492ed8 ] Request (HostsAdminTestJSON:setUpClass): 200 GET http://10.180.1.21/identity/v3/roles 0.067s
2024-10-15 07:41:17.448 62282 INFO tempest.lib.common.rest_client [req-b2b0d44c-56d8-494f-9d96-2c7cd3bce37c req-b2b0d44c-56d8-494f-9d96-2c7cd3bce37c ] Request (InstanceActionsNegativeTestJSON:setUpClass): 201 POST http://10.180.1.21/identity/v3/auth/tokens 0.061s
2024-10-15 07:41:17.448 62282 INFO tempest.lib.common.fixed_network [-] (InstanceActionsNegativeTestJSON:setUpClass) Found network {'id': 'ba29b961-28f3-487f-b6ed-ac8891ae8234', 'name': 'tempest-InstanceActionsNegativeTestJSON-1295528329-network', 'tenant_id': '15268c7c04334124a1770e94044892c8', 'admin_state_up': True, 'mtu': 8950, 'status': 'ACTIVE', 'subnets': [], 'shared': False, 'project_id': '15268c7c04334124a1770e94044892c8', 'port_security_enabled': True, 'router:external': False, 'provider:network_type': 'vlan', 'provider:physical_network': 'default', 'provider:segmentation_id': 426, 'is_default': False, 'availability_zone_hints': [], 'availability_zones': [], 'ipv4_address_scope': None, 'ipv6_address_scope': None, 'description': '', 'tags': [], 'created_at': '2024-10-15T07:41:13Z', 'updated_at': '2024-10-15T07:41:13Z', 'revision_number': 1} available for tenant
2024-10-15 07:41:17.453 62322 INFO tempest.lib.common.rest_client [req-b7f64d06-28c6-4ce7-bd52-e8123e49b453 req-b7f64d06-28c6-4ce7-bd52-e8123e49b453 ] Request (ServerActionsTestJSON:setUpClass): 202 POST http://10.180.1.21/compute/v2.1/servers 1.226s
2024-10-15 07:41:17.474 62286 INFO tempest.lib.common.rest_client [req-65aea19b-87e7-4bca-9b7f-3b13f80b79eb req-65aea19b-87e7-4bca-9b7f-3b13f80b79eb ] Request (HostsAdminTestJSON:setUpClass): 204 PUT http://10.180.1.21/identity/v3/projects/2c0c8869dfa046479e728cc4e5909bc9/users/be05049aa3204e01b71de2e689cf8f6d/roles/c74fce9a04514fe1acdb3b8d4b02dcca 0.076s
2024-10-15 07:41:17.475 62286 INFO tempest.lib.common.dynamic_creds [-] Dynamic test user be05049aa3204e01b71de2e689cf8f6d is created with scope project and roles: ['member']
2024-10-15 07:41:17.475 62286 INFO tempest.lib.common.dynamic_creds [-] Acquired dynamic creds: credentials: Credentials: {'domain_id': 'default', 'domain_name': 'Default', 'username': 'tempest-HostsAdminTestJSON-1006399765-project-member', 'project_domain_id': 'default', 'project_domain_name': 'Default', 'project_id': '2c0c8869dfa046479e728cc4e5909bc9', 'project_name': 'tempest-HostsAdminTestJSON-1006399765', 'tenant_id': '2c0c8869dfa046479e728cc4e5909bc9', 'tenant_name': 'tempest-HostsAdminTestJSON-1006399765', 'user_domain_id': 'default', 'user_domain_name': 'Default', 'user_id': 'be05049aa3204e01b71de2e689cf8f6d', 'system': None}, Network: None, Subnet: None, Router: None
2024-10-15 07:41:17.475 62286 INFO tempest.lib.common.dynamic_creds [-] Created isolated network resources for: credentials: Credentials: {'domain_id': 'default', 'domain_name': 'Default', 'username': 'tempest-HostsAdminTestJSON-1006399765-project-member', 'project_domain_id': 'default', 'project_domain_name': 'Default', 'project_id': '2c0c8869dfa046479e728cc4e5909bc9', 'project_name': 'tempest-HostsAdminTestJSON-1006399765', 'tenant_id': '2c0c8869dfa046479e728cc4e5909bc9', 'tenant_name': 'tempest-HostsAdminTestJSON-1006399765', 'user_domain_id': 'default', 'user_domain_name': 'Default', 'user_id': 'be05049aa3204e01b71de2e689cf8f6d', 'system': None}, Network: None, Subnet: None, Router: None
2024-10-15 07:41:17.532 62276 INFO tempest.lib.common.rest_client [req-af70740c-4d23-4320-b346-8d049def6a63 req-af70740c-4d23-4320-b346-8d049def6a63 ] Request (VolumesAssistedSnapshotsTest:test_volume_assisted_snapshot_create_delete): 200 GET http://10.180.1.21/compute/v2.1/servers/8450615b-82da-4fdf-93cc-869abf8e82bb 0.925s
2024-10-15 07:41:17.570 62286 INFO tempest.lib.common.rest_client [req-c4a93f2b-1682-463a-ba3b-ddce1d3d4d84 req-c4a93f2b-1682-463a-ba3b-ddce1d3d4d84 ] Request (HostsAdminTestJSON:setUpClass): 201 POST http://10.180.1.21/identity/v3/auth/tokens 0.091s
2024-10-15 07:41:17.592 62324 INFO tempest.lib.common.rest_client [req-860ccc68-5cf2-445e-a4a9-adda092d68b8 req-860ccc68-5cf2-445e-a4a9-adda092d68b8 ] Request (ServersWithSpecificFlavorTestJSON:test_verify_created_server_ephemeral_disk): 200 GET http://10.180.1.21/compute/v2.1/servers/e922d414-8764-4d0f-8068-fad3000c3147 0.876s
2024-10-15 07:41:17.636 62286 INFO tempest.lib.common.rest_client [req-f22c77b2-10e7-465c-873a-15746b6bedbe req-f22c77b2-10e7-465c-873a-15746b6bedbe ] Request (HostsAdminTestJSON:setUpClass): 201 POST http://10.180.1.21/identity/v3/projects 0.066s
2024-10-15 07:41:17.648 62262 INFO tempest.lib.common.rest_client [req-f79efddd-c666-4100-9fc1-47a337897871 req-f79efddd-c666-4100-9fc1-47a337897871 ] Request (ServerExternalEventsTest:test_create_server_external_events): 204 DELETE http://10.180.1.21/compute/v2.1/servers/43163315-f32c-4e25-ba01-db38b387d447 1.108s
2024-10-15 07:41:17.649 62316 INFO tempest.lib.common.rest_client [req-635bec5a-cadc-47a2-80a3-7aeefe8f88df req-635bec5a-cadc-47a2-80a3-7aeefe8f88df ] Request (VolumesAdminNegativeTest:test_update_attached_volume_with_nonexistent_volume_in_body): 200 GET http://10.180.1.21/compute/v2.1/servers/7e45fdad-5496-431f-b55d-25d8ad26c1a3 0.865s
2024-10-15 07:41:17.682 62304 INFO tempest.lib.common.rest_client [req-e99f98ac-6e1e-473e-8de3-fd082352dffa req-e99f98ac-6e1e-473e-8de3-fd082352dffa ] Request (FlavorsAdminTestJSON:test_is_public_string_variations): 200 POST http://10.180.1.21/compute/v2.1/flavors 0.830s
2024-10-15 07:41:17.694 62286 INFO tempest.lib.common.rest_client [req-c65c7954-9602-4cc0-ad29-78b385712304 req-c65c7954-9602-4cc0-ad29-78b385712304 ] Request (HostsAdminTestJSON:setUpClass): 201 POST http://10.180.1.21/identity/v3/users 0.057s
2024-10-15 07:41:17.694 62272 INFO tempest.lib.common.rest_client [req-c5d56482-45de-4061-b947-2129fac0e7a7 req-c5d56482-45de-4061-b947-2129fac0e7a7 ] Request (AggregatesAdminNegativeTestJSON:test_aggregate_get_details_with_invalid_id): 404 GET http://10.180.1.21/compute/v2.1/os-aggregates/-1 0.778s
2024-10-15 07:41:17.702 62314 INFO tempest.lib.common.rest_client [req-b8f59115-606a-43a1-a9c8-e106d98c6d1d req-b8f59115-606a-43a1-a9c8-e106d98c6d1d ] Request (ServersTestBootFromVolume:setUpClass): 200 GET http://10.180.1.21/volume/v3/435b8240896c403b922f19cd71435dbf/volumes/3f804178-e2cd-429a-b4d7-00cea523ecc7 0.037s
2024-10-15 07:41:17.713 62286 INFO tempest.lib.common.rest_client [req-6348f94b-48d4-4d78-aa7b-824e7b687273 req-6348f94b-48d4-4d78-aa7b-824e7b687273 ] Request (HostsAdminTestJSON:setUpClass): 200 GET http://10.180.1.21/identity/v3/roles 0.018s
2024-10-15 07:41:17.722 62270 INFO tempest.lib.common.rest_client [req-2b967fde-8b9c-414e-9917-8f150633e5b9 req-2b967fde-8b9c-414e-9917-8f150633e5b9 ] Request (ImagesOneServerNegativeTestJSON:setUpClass): 200 GET http://10.180.1.21/compute/v2.1/servers/1d01194e-da62-4276-808e-54756f4fbff6 0.840s
2024-10-15 07:41:17.730 62270 INFO tempest.common.waiters [-] State transition "BUILD/scheduling" ==> "BUILD/None" after 11 second wait
2024-10-15 07:41:17.745 62286 INFO tempest.lib.common.rest_client [req-2eec1363-bc55-44bd-a695-72554f9196c3 req-2eec1363-bc55-44bd-a695-72554f9196c3 ] Request (HostsAdminTestJSON:setUpClass): 204 PUT http://10.180.1.21/identity/v3/projects/7bce2da27e0c4577b705c003410e3308/users/b49c3ed7d5e14f618fd98acdc1a48f34/roles/395575bfa8ad448b8a4b710ed616a683 0.032s
2024-10-15 07:41:17.761 62312 INFO tempest.lib.common.rest_client [req-c7f6cc04-29bd-4018-b97a-c1d7e257d766 req-c7f6cc04-29bd-4018-b97a-c1d7e257d766 ] Request (ServersTestMultiNic:test_verify_duplicate_network_nics): 200 GET http://10.180.1.21/compute/v2.1/servers/15b40004-cad3-4b16-93e7-c73cb1468352 0.792s
2024-10-15 07:41:17.804 62286 INFO tempest.lib.common.rest_client [req-213af3ac-b498-434e-a2ab-1acce5f590bd req-213af3ac-b498-434e-a2ab-1acce5f590bd ] Request (HostsAdminTestJSON:setUpClass): 200 GET http://10.180.1.21/identity/v3/roles 0.057s
2024-10-15 07:41:17.849 62308 INFO tempest.lib.common.rest_client [req-ccba0dbb-b02f-4be0-aabf-667fdbe1aeb7 req-ccba0dbb-b02f-4be0-aabf-667fdbe1aeb7 ] Request (FlavorsExtraSpecsNegativeTestJSON:tearDownClass): 200 GET http://10.180.1.21:9696/networking/v2.0/security-groups?tenant_id=7f2cdd0b1d044aa38dfb0774c9b7e8d9&name=default 0.495s
2024-10-15 07:41:17.886 62286 INFO tempest.lib.common.rest_client [req-1c22feac-a2d7-47dd-97cf-e6f6c4ec82e9 req-1c22feac-a2d7-47dd-97cf-e6f6c4ec82e9 ] Request (HostsAdminTestJSON:setUpClass): 204 PUT http://10.180.1.21/identity/v3/projects/7bce2da27e0c4577b705c003410e3308/users/b49c3ed7d5e14f618fd98acdc1a48f34/roles/395575bfa8ad448b8a4b710ed616a683 0.081s
2024-10-15 07:41:17.886 62286 INFO tempest.lib.common.dynamic_creds [-] Dynamic test user b49c3ed7d5e14f618fd98acdc1a48f34 is created with scope project and roles: ['admin']
2024-10-15 07:41:17.886 62286 INFO tempest.lib.common.dynamic_creds [-] Acquired dynamic creds: credentials: Credentials: {'domain_id': 'default', 'domain_name': 'Default', 'username': 'tempest-HostsAdminTestJSON-314023400-project-admin', 'project_domain_id': 'default', 'project_domain_name': 'Default', 'project_id': '7bce2da27e0c4577b705c003410e3308', 'project_name': 'tempest-HostsAdminTestJSON-314023400', 'tenant_id': '7bce2da27e0c4577b705c003410e3308', 'tenant_name': 'tempest-HostsAdminTestJSON-314023400', 'user_domain_id': 'default', 'user_domain_name': 'Default', 'user_id': 'b49c3ed7d5e14f618fd98acdc1a48f34', 'system': None}, Network: None, Subnet: None, Router: None
2024-10-15 07:41:17.886 62286 INFO tempest.lib.common.dynamic_creds [-] Created isolated network resources for: credentials: Credentials: {'domain_id': 'default', 'domain_name': 'Default', 'username': 'tempest-HostsAdminTestJSON-314023400-project-admin', 'project_domain_id': 'default', 'project_domain_name': 'Default', 'project_id': '7bce2da27e0c4577b705c003410e3308', 'project_name': 'tempest-HostsAdminTestJSON-314023400', 'tenant_id': '7bce2da27e0c4577b705c003410e3308', 'tenant_name': 'tempest-HostsAdminTestJSON-314023400', 'user_domain_id': 'default', 'user_domain_name': 'Default', 'user_id': 'b49c3ed7d5e14f618fd98acdc1a48f34', 'system': None}, Network: None, Subnet: None, Router: None
2024-10-15 07:41:17.890 62284 INFO tempest.lib.common.rest_client [req-1c487a2b-529b-478b-a364-215c1e39c298 req-1c487a2b-529b-478b-a364-215c1e39c298 ] Request (ServicesAdminNegativeV253TestJSON:test_disable_log_reason_with_invalid_service_id): 404 PUT http://10.180.1.21/compute/v2.1/os-services/d37fd8fd-0a67-4cd5-9047-9a433ada740f 0.822s
2024-10-15 07:41:17.917 62280 INFO tempest.lib.common.rest_client [req-9a99bc08-2ba9-4145-9200-3f84fc8fd065 req-9a99bc08-2ba9-4145-9200-3f84fc8fd065 ] Request (ImagesMetadataTestJSON:setUpClass): 204 PUT http://10.180.1.21/image/v2/images/7f392163-16dc-48f1-8a9d-cbea27465f2c/file 0.881s
2024-10-15 07:41:17.955 62296 INFO tempest.lib.common.rest_client [req-a58e3df7-4a40-4193-a8ca-3cbecaa67fcb req-a58e3df7-4a40-4193-a8ca-3cbecaa67fcb ] Request (TenantUsagesTestJSON:setUpClass): 200 GET http://10.180.1.21/compute/v2.1/servers/9beb836c-d38e-4c56-ae69-aef914dff907 0.837s
2024-10-15 07:41:17.976 62286 INFO tempest.lib.common.rest_client [req-a7627505-c46b-43d8-a74c-046fce9469d7 req-a7627505-c46b-43d8-a74c-046fce9469d7 ] Request (HostsAdminTestJSON:setUpClass): 201 POST http://10.180.1.21/identity/v3/auth/tokens 0.087s
2024-10-15 07:41:18.085 62294 INFO tempest.lib.common.rest_client [req-1f07fa60-b037-4482-90b2-fe387b6363e5 req-1f07fa60-b037-4482-90b2-fe387b6363e5 ] Request (FloatingIPDetailsTestJSON:tearDownClass): 202 DELETE http://10.180.1.21/compute/v2.1/os-floating-ips/91c60b8b-95ab-4ab5-b597-7e8fac169baa 1.103s
2024-10-15 07:41:18.113 62320 INFO tempest.lib.common.rest_client [req-21aca3ae-9b3a-4a1e-a4ee-919bf2d1ef11 req-21aca3ae-9b3a-4a1e-a4ee-919bf2d1ef11 ] Request (ServersAdminNegativeTestJSON:setUpClass): 404 GET http://10.180.1.21/compute/v2.1/servers/eeb98424-64d0-4007-aaef-4b136051b6b6 0.776s
2024-10-15 07:41:18.113 62320 INFO tempest.test [-] raised in ServersAdminNegativeTestJSON.setUpClass. Invoking tearDownClass.
2024-10-15 07:41:18.145 62264 INFO tempest.lib.common.rest_client [req-7440df68-a33b-4de1-986c-ce2df6222ffb req-7440df68-a33b-4de1-986c-ce2df6222ffb ] Request (QuotasAdminTestV236:test_get_updated_quotas): 200 PUT http://10.180.1.21/compute/v2.1/os-quota-sets/462300bc13574a5c8ed785b9c40961ee?user_id=eb954797ef8f4c46a69711a3003335ef 0.838s
2024-10-15 07:41:18.170 62310 INFO tempest.lib.common.rest_client [req-87a79aab-3b3f-4849-af6e-69732b51c33f req-87a79aab-3b3f-4849-af6e-69732b51c33f ] Request (ServersAdmin275Test:test_rebuild_update_server_275): 200 GET http://10.180.1.21/compute/v2.1/servers/be386385-12e0-4d75-bdda-85e8809695c5 0.799s
2024-10-15 07:41:18.171 62308 INFO tempest.lib.common.rest_client [req-6daee56c-f1fd-4f99-bcaa-3aa1e1959fb5 req-6daee56c-f1fd-4f99-bcaa-3aa1e1959fb5 ] Request (FlavorsExtraSpecsNegativeTestJSON:tearDownClass): 204 DELETE http://10.180.1.21:9696/networking/v2.0/security-groups/446d29c1-3cd6-40c9-a500-a69730a4dc05 0.322s
2024-10-15 07:41:18.225 62322 INFO tempest.lib.common.rest_client [req-a7077cdb-de8f-44d8-913a-3c848212053f req-a7077cdb-de8f-44d8-913a-3c848212053f ] Request (ServerActionsTestJSON:setUpClass): 200 GET http://10.180.1.21/compute/v2.1/servers/29012610-7b51-4d1b-9428-ff940632745a 0.764s
2024-10-15 07:41:18.277 62320 INFO tempest.lib.common.rest_client [req-60921e0a-424a-49b1-9844-11fdb68369c3 req-60921e0a-424a-49b1-9844-11fdb68369c3 ] Request (ServersAdminNegativeTestJSON:tearDownClass): 204 DELETE http://10.180.1.21/identity/v3/users/a0b6b975b5034a83a2942fbc57f4a0fb 0.163s
2024-10-15 07:41:18.294 62308 INFO tempest.lib.common.rest_client [req-bd6f32f0-dca1-4ef0-b6f9-55c03832858f req-bd6f32f0-dca1-4ef0-b6f9-55c03832858f ] Request (FlavorsExtraSpecsNegativeTestJSON:tearDownClass): 204 DELETE http://10.180.1.21/identity/v3/projects/7f2cdd0b1d044aa38dfb0774c9b7e8d9 0.122s
2024-10-15 07:41:18.294 62308 INFO tempest.lib.common.dynamic_creds [-] Deleting project and security group for project: 44e63523a77d421ea74ff14531a12e4e
2024-10-15 07:41:18.296 62288 INFO tempest.lib.common.rest_client [req-59b69ca8-9187-4e04-b8c7-f00e9c7a57da req-59b69ca8-9187-4e04-b8c7-f00e9c7a57da ] Request (ListImageFiltersTestJSON:setUpClass): 200 GET http://10.180.1.21/compute/v2.1/servers/8bc11701-ae83-48dc-9254-fb77870ff5f5 0.691s
2024-10-15 07:41:18.319 62262 INFO tempest.lib.common.rest_client [req-b848a65b-58da-4154-8922-627eedf73924 req-b848a65b-58da-4154-8922-627eedf73924 ] Request (ServerExternalEventsTest:test_create_server_external_events): 404 GET http://10.180.1.21/compute/v2.1/servers/43163315-f32c-4e25-ba01-db38b387d447 0.670s
2024-10-15 07:41:18.372 62290 INFO tempest.lib.common.rest_client [req-ab0eda3e-9873-4ea7-b813-9b6d9cb10676 req-ab0eda3e-9873-4ea7-b813-9b6d9cb10676 ] Request (ServersTestManualDisk:setUpClass): 200 GET http://10.180.1.21/compute/v2.1/servers/e3ebc887-7656-4aa2-88d8-03ad4e86919a 0.711s
2024-10-15 07:41:18.374 62320 INFO tempest.lib.common.rest_client [req-ff604d1f-e66c-4076-b728-8210a59c7db8 req-ff604d1f-e66c-4076-b728-8210a59c7db8 ] Request (ServersAdminNegativeTestJSON:tearDownClass): 204 DELETE http://10.180.1.21/identity/v3/users/1ebecbae343643b3b327390798da3b6c 0.097s
2024-10-15 07:41:18.375 62320 INFO tempest.lib.common.dynamic_creds [-] Deleting project and security group for project: 01f63fa8f6384f60aba38eb761144a58
2024-10-15 07:41:18.394 62304 INFO tempest.lib.common.rest_client [req-804936a8-0ba6-4c32-918a-3b2b7503e3be req-804936a8-0ba6-4c32-918a-3b2b7503e3be ] Request (FlavorsAdminTestJSON:test_is_public_string_variations): 200 GET http://10.180.1.21/compute/v2.1/flavors/detail?is_public=f 0.710s
2024-10-15 07:41:18.400 62272 INFO tempest.lib.common.rest_client [req-4bf8ae98-4418-4e25-accd-d3450497195a req-4bf8ae98-4418-4e25-accd-d3450497195a ] Request (AggregatesAdminNegativeTestJSON:test_aggregate_list_as_user): 403 GET http://10.180.1.21/compute/v2.1/os-aggregates 0.703s
2024-10-15 07:41:18.436 62320 INFO tempest.lib.common.rest_client [req-fe86bb35-f27f-4ad2-ac84-2abef6acce6c req-fe86bb35-f27f-4ad2-ac84-2abef6acce6c ] Request (ServersAdminNegativeTestJSON:tearDownClass): 201 POST http://10.180.1.21/identity/v3/auth/tokens 0.061s
2024-10-15 07:41:18.460 62306 INFO tempest.lib.common.rest_client [req-3cbb4f18-cf68-4408-ace5-14f5bb270b3c req-3cbb4f18-cf68-4408-ace5-14f5bb270b3c ] Request (ServerDiagnosticsTest:test_get_server_diagnostics): 200 GET http://10.180.1.21/compute/v2.1/servers/562ef0c8-6283-43d2-a190-138ed0c1c229 0.744s
2024-10-15 07:41:18.489 62262 INFO tempest.lib.common.rest_client [req-a84e74ca-5905-438d-b5e2-7edee6d6d88f req-a84e74ca-5905-438d-b5e2-7edee6d6d88f ] Request (ServerExternalEventsTest:tearDownClass): 204 DELETE http://10.180.1.21/identity/v3/users/666eac81585a4871a06eb3f1b93f6abe 0.167s
2024-10-15 07:41:18.523 62274 INFO tempest.lib.common.rest_client [req-c9348b3e-0ed5-46ac-b1e7-2759acdefd87 req-c9348b3e-0ed5-46ac-b1e7-2759acdefd87 ] Request (ServerDiagnosticsNegativeTest:test_get_server_diagnostics_by_non_admin): 200 GET http://10.180.1.21/compute/v2.1/servers/6719bdd2-2d66-4805-9c29-2f09858383eb 0.704s
2024-10-15 07:41:18.533 62274 INFO tempest.common.waiters [-] State transition "BUILD/spawning" ==> "ERROR/None" after 35 second wait
2024-10-15 07:41:18.534 62308 INFO tempest.lib.common.rest_client [req-7aab0abb-ceab-4df3-aa7c-d9fa8e3e9d30 req-7aab0abb-ceab-4df3-aa7c-d9fa8e3e9d30 ] Request (FlavorsExtraSpecsNegativeTestJSON:tearDownClass): 200 GET http://10.180.1.21:9696/networking/v2.0/security-groups?tenant_id=44e63523a77d421ea74ff14531a12e4e&name=default 0.238s
2024-10-15 07:41:18.592 62318 INFO tempest.lib.common.rest_client [req-4fc8407a-4aa9-43dc-a3ae-5bcbc858f75a req-4fc8407a-4aa9-43dc-a3ae-5bcbc858f75a ] Request (MigrationsAdminTest:test_list_migrations_in_flavor_resize_situation): 200 GET http://10.180.1.21/compute/v2.1/servers/c9f6e901-909f-445a-9d89-402d8f1f9d5a 0.701s
2024-10-15 07:41:18.600 62262 INFO tempest.lib.common.rest_client [req-2efaf59d-603a-4fb5-aeb7-7feadc1d73ba req-2efaf59d-603a-4fb5-aeb7-7feadc1d73ba ] Request (ServerExternalEventsTest:tearDownClass): 204 DELETE http://10.180.1.21/identity/v3/users/e3ba77bd2eb5442688a7428e79e9ad91 0.110s
2024-10-15 07:41:18.609 62284 INFO tempest.lib.common.rest_client [req-36120f5b-9b54-447d-b092-b0dbf2b72fd7 req-36120f5b-9b54-447d-b092-b0dbf2b72fd7 ] Request (ServicesAdminNegativeV253TestJSON:test_disable_service_with_invalid_service_id): 404 PUT http://10.180.1.21/compute/v2.1/os-services/d37fd8fd-0a67-4cd5-9047-9a433ada740f 0.717s
2024-10-15 07:41:18.643 62320 INFO tempest.lib.common.rest_client [req-1f1a4d40-a04d-479c-8fbc-7175f656c8be req-1f1a4d40-a04d-479c-8fbc-7175f656c8be ] Request (ServersAdminNegativeTestJSON:tearDownClass): 200 GET http://10.180.1.21:9696/networking/v2.0/security-groups?tenant_id=01f63fa8f6384f60aba38eb761144a58&name=default 0.207s
2024-10-15 07:41:18.645 62280 INFO tempest.lib.common.rest_client [req-8529c3fe-4642-4aa3-be4f-361da3fdf705 req-8529c3fe-4642-4aa3-be4f-361da3fdf705 ] Request (ImagesMetadataTestJSON:setUpClass): 200 GET http://10.180.1.21/compute/v2.1/images/7f392163-16dc-48f1-8a9d-cbea27465f2c 0.728s
2024-10-15 07:41:18.706 62282 INFO tempest.lib.common.rest_client [req-328d28e5-75c1-4447-bd15-6ae847a570ba req-328d28e5-75c1-4447-bd15-6ae847a570ba ] Request (InstanceActionsNegativeTestJSON:setUpClass): 202 POST http://10.180.1.21/compute/v2.1/servers 1.257s
2024-10-15 07:41:18.718 62262 INFO tempest.lib.common.rest_client [req-3a918504-cdcb-4811-974d-f803b06acb8c req-3a918504-cdcb-4811-974d-f803b06acb8c ] Request (ServerExternalEventsTest:tearDownClass): 204 DELETE http://10.180.1.21/identity/v3/users/1ebef1af3f21480fa785caf61d313db1 0.117s
2024-10-15 07:41:18.718 62262 INFO tempest.lib.common.dynamic_creds [-] Deleting project and security group for project: 71f8325bc7844aea8394b6ac9b775fb1
2024-10-15 07:41:18.742 62314 INFO tempest.lib.common.rest_client [req-b97148ae-df18-4867-8416-2898283b58ba req-b97148ae-df18-4867-8416-2898283b58ba ] Request (ServersTestBootFromVolume:setUpClass): 200 GET http://10.180.1.21/volume/v3/435b8240896c403b922f19cd71435dbf/volumes/3f804178-e2cd-429a-b4d7-00cea523ecc7 0.033s
2024-10-15 07:41:18.742 62308 INFO tempest.lib.common.rest_client [req-186e4c0b-63bd-42f4-9571-2e26cdd29a6d req-186e4c0b-63bd-42f4-9571-2e26cdd29a6d ] Request (FlavorsExtraSpecsNegativeTestJSON:tearDownClass): 204 DELETE http://10.180.1.21:9696/networking/v2.0/security-groups/2e61dc2d-29e3-4994-a75a-b9709f7cb0cb 0.208s
2024-10-15 07:41:18.779 62320 INFO tempest.lib.common.rest_client [req-c36cf87f-b31f-4135-9e1d-afaf51bab78d req-c36cf87f-b31f-4135-9e1d-afaf51bab78d ] Request (ServersAdminNegativeTestJSON:tearDownClass): 204 DELETE http://10.180.1.21:9696/networking/v2.0/security-groups/5e8467f5-e0ca-4c34-89dd-f4a78c8c0724 0.135s
2024-10-15 07:41:18.784 62293 INFO tempest.lib.common.rest_client [req-cd6558b1-0647-45b9-bf2e-187bc1ed3039 req-cd6558b1-0647-45b9-bf2e-187bc1ed3039 ] Request (SecurityGroupsTestJSON:test_list_security_groups_by_server): 200 GET http://10.180.1.21/compute/v2.1/servers/0bbdae6d-1ff1-4bc6-9af8-a744e08b540a 0.770s
2024-10-15 07:41:18.825 62286 INFO tempest.lib.common.rest_client [req-0af19594-97f6-4c9f-b41e-34eb3134f1df req-0af19594-97f6-4c9f-b41e-34eb3134f1df ] Request (HostsAdminTestJSON:test_list_hosts): 200 GET http://10.180.1.21/compute/v2.1/os-hosts 0.847s
2024-10-15 07:41:18.827 62262 INFO tempest.lib.common.rest_client [req-2bb6bb53-dfc9-405c-b81e-8d5288b92243 req-2bb6bb53-dfc9-405c-b81e-8d5288b92243 ] Request (ServerExternalEventsTest:tearDownClass): 201 POST http://10.180.1.21/identity/v3/auth/tokens 0.109s
2024-10-15 07:41:18.937 62302 INFO tempest.lib.common.rest_client [req-fd0777ac-1c23-4504-b7b1-1339a543cd15 req-fd0777ac-1c23-4504-b7b1-1339a543cd15 ] Request (ImagesTestJSON:test_create_image_from_stopped_server): 200 GET http://10.180.1.21/compute/v2.1/servers/ecd864df-9e54-491e-9931-b5ee8f66bffc 0.847s
2024-10-15 07:41:18.974 62320 INFO tempest.lib.common.rest_client [req-d0b3fabc-d2d7-4df1-9c20-d820996ca67b req-d0b3fabc-d2d7-4df1-9c20-d820996ca67b ] Request (ServersAdminNegativeTestJSON:tearDownClass): 204 DELETE http://10.180.1.21/identity/v3/projects/01f63fa8f6384f60aba38eb761144a58 0.195s
2024-10-15 07:41:18.975 62320 INFO tempest.lib.common.dynamic_creds [-] Deleting project and security group for project: 26e628e440824352802dab145dd47150
2024-10-15 07:41:18.989 62308 INFO tempest.lib.common.rest_client [req-6c614b25-14f6-4538-83f9-10af099b76bc req-6c614b25-14f6-4538-83f9-10af099b76bc ] Request (FlavorsExtraSpecsNegativeTestJSON:tearDownClass): 204 DELETE http://10.180.1.21/identity/v3/projects/44e63523a77d421ea74ff14531a12e4e 0.246s
2024-10-15 07:41:19.014 62278 INFO tempest.lib.common.rest_client [req-6d9f9870-0646-4502-b507-991d17924312 req-6d9f9870-0646-4502-b507-991d17924312 ] Request (ServersNegativeTestJSON:setUpClass): 201 POST http://10.180.1.21:9696/networking/v2.0/routers 2.500s
2024-10-15 07:41:19.028 62266 INFO tempest.lib.common.rest_client [req-63f34318-e9e7-423b-a091-b141b6caf173 req-63f34318-e9e7-423b-a091-b141b6caf173 ] Request (FloatingIPsAssociationNegativeTestJSON:tearDownClass): 200 PUT http://10.180.1.21:9696/networking/v2.0/routers/081ed52c-22d0-4039-bb00-19316fdf9824/remove_router_interface 2.514s
2024-10-15 07:41:19.127 62308 INFO tempest.lib.common.rest_client [req-07ededa1-25e4-4805-8a4c-aa1d6917f722 req-07ededa1-25e4-4805-8a4c-aa1d6917f722 ] Request (ImagesNegativeTestJSON:setUpClass): 201 POST http://10.180.1.21/identity/v3/auth/tokens 0.135s
2024-10-15 07:41:19.130 62264 INFO tempest.lib.common.rest_client [req-400bc36b-331e-44f2-bf2b-27f77702aede req-400bc36b-331e-44f2-bf2b-27f77702aede ] Request (QuotasAdminTestV236:test_get_updated_quotas): 200 GET http://10.180.1.21/compute/v2.1/os-quota-sets/462300bc13574a5c8ed785b9c40961ee?user_id=eb954797ef8f4c46a69711a3003335ef 0.983s
2024-10-15 07:41:19.160 62308 INFO tempest.lib.common.rest_client [req-6b0503a3-f1c1-43ad-a881-bb96e0f8abfa req-6b0503a3-f1c1-43ad-a881-bb96e0f8abfa ] Request (ImagesNegativeTestJSON:setUpClass): 201 POST http://10.180.1.21/identity/v3/auth/tokens 0.030s
2024-10-15 07:41:19.188 62308 INFO tempest.lib.common.rest_client [req-40062243-6d86-4776-b4b9-265e22b08c1c req-40062243-6d86-4776-b4b9-265e22b08c1c ] Request (ImagesNegativeTestJSON:setUpClass): 200 GET http://10.180.1.21/identity/v3/domains?name=Default 0.027s
