2024-10-15 17:44:47.274 63297 INFO tempest.lib.common.rest_client [req-28095f4a-4187-41e5-b973-049a9c009cf1 req-28095f4a-4187-41e5-b973-049a9c009cf1 ] Request (ServerDiagnosticsTest:test_get_server_diagnostics): 200 GET http://10.180.1.21/compute/v2.1/servers/7d98e2e4-33bc-4e6b-af6f-31c18f34b9af 1.102s
2024-10-15 17:44:47.286 63275 INFO tempest.lib.common.rest_client [req-18b45075-a8ac-4680-ba39-da300127cbea req-18b45075-a8ac-4680-ba39-da300127cbea ] Request (FlavorsAccessTestJSON:setUpClass): 204 PUT http://10.180.1.21/identity/v3/projects/a2f1f9498ca94d56850241739fa41f49/users/bf1abeca0f2b4af296a73d93bb9df7c1/roles/8c1866fd203c4f10aab65f760a26068d 0.026s
2024-10-15 17:44:47.287 63275 INFO tempest.lib.common.dynamic_creds [-] Dynamic test user bf1abeca0f2b4af296a73d93bb9df7c1 is created with scope project and roles: ['member']
2024-10-15 17:44:47.287 63275 INFO tempest.lib.common.dynamic_creds [-] Acquired dynamic creds: credentials: Credentials: {'domain_id': 'default', 'domain_name': 'Default', 'username': 'tempest-FlavorsAccessTestJSON-854669285-project-member', 'project_domain_id': 'default', 'project_domain_name': 'Default', 'project_id': 'a2f1f9498ca94d56850241739fa41f49', 'project_name': 'tempest-FlavorsAccessTestJSON-854669285', 'tenant_id': 'a2f1f9498ca94d56850241739fa41f49', 'tenant_name': 'tempest-FlavorsAccessTestJSON-854669285', 'user_domain_id': 'default', 'user_domain_name': 'Default', 'user_id': 'bf1abeca0f2b4af296a73d93bb9df7c1', 'system': None}, Network: None, Subnet: None, Router: None
2024-10-15 17:44:47.287 63275 INFO tempest.lib.common.dynamic_creds [-] Created isolated network resources for: credentials: Credentials: {'domain_id': 'default', 'domain_name': 'Default', 'username': 'tempest-FlavorsAccessTestJSON-854669285-project-member', 'project_domain_id': 'default', 'project_domain_name': 'Default', 'project_id': 'a2f1f9498ca94d56850241739fa41f49', 'project_name': 'tempest-FlavorsAccessTestJSON-854669285', 'tenant_id': 'a2f1f9498ca94d56850241739fa41f49', 'tenant_name': 'tempest-FlavorsAccessTestJSON-854669285', 'user_domain_id': 'default', 'user_domain_name': 'Default', 'user_id': 'bf1abeca0f2b4af296a73d93bb9df7c1', 'system': None}, Network: None, Subnet: None, Router: None
2024-10-15 17:44:47.335 63289 INFO tempest.lib.common.rest_client [req-e3d904fc-a92d-4d1e-ab20-1105b1f01142 req-e3d904fc-a92d-4d1e-ab20-1105b1f01142 ] Request (AttachInterfacesV270Test:test_create_get_list_interfaces): 200 GET http://10.180.1.21/compute/v2.1/servers/ee9bdcd3-03ac-4093-bf21-877a2a8847a0 1.008s
2024-10-15 17:44:47.336 63273 INFO tempest.lib.common.rest_client [req-415b355c-7b25-431a-bd1a-2e39d5b0610d req-415b355c-7b25-431a-bd1a-2e39d5b0610d ] Request (AttachInterfacesTestJSON:setUpClass): 200 GET http://10.180.1.21/identity/v3/roles 0.072s
2024-10-15 17:44:47.348 63307 INFO tempest.lib.common.rest_client [req-2617cfa4-88e5-413d-9cb5-a855f3a7fc76 req-2617cfa4-88e5-413d-9cb5-a855f3a7fc76 ] Request (ServerShowV247Test:test_update_rebuild_list_server): 200 GET http://10.180.1.21/compute/v2.1/servers/5ca0039c-b9c8-4ee0-bbe5-e0f68494dadd 1.027s
2024-10-15 17:44:47.396 63289 INFO tempest.common.waiters [-] State transition "BUILD/scheduling" ==> "BUILD/None" after 23 second wait
2024-10-15 17:44:47.417 63293 INFO tempest.lib.common.rest_client [req-87400bcb-9265-4405-8d09-a7cf823edecc req-87400bcb-9265-4405-8d09-a7cf823edecc ] Request (VolumesTestJSON:setUpClass): 200 GET http://10.180.1.21/compute/v2.1/os-volumes/dc0e4c0f-f325-4a88-b67c-a9f3cc4ef81f 0.945s
2024-10-15 17:44:47.433 63315 INFO tempest.lib.common.rest_client [req-a814dfd5-4ad8-498e-aadc-e232eb32726c req-a814dfd5-4ad8-498e-aadc-e232eb32726c ] Request (FloatingIPsAssociationNegativeTestJSON:setUpClass): 200 GET http://10.180.1.21/compute/v2.1/servers/e4615bf3-88d4-44b2-bd31-ef9d85ba5ae7 1.010s
2024-10-15 17:44:47.483 63287 INFO tempest.lib.common.rest_client [req-30fcb948-fe85-4856-b06a-7ba282ab1e63 req-30fcb948-fe85-4856-b06a-7ba282ab1e63 ] Request (MigrationsAdminTest:test_resize_server_revert_deleted_flavor): 200 GET http://10.180.1.21/compute/v2.1/servers/f5f546f8-291f-430c-95fb-c78507b0087f 0.764s
2024-10-15 17:44:47.483 63275 INFO tempest.lib.common.rest_client [req-498474df-5f77-4e7d-bdbe-5557fc264abf req-498474df-5f77-4e7d-bdbe-5557fc264abf ] Request (FlavorsAccessTestJSON:setUpClass): 201 POST http://10.180.1.21/identity/v3/auth/tokens 0.189s
2024-10-15 17:44:47.523 63317 INFO tempest.lib.common.rest_client [req-ca943967-8b34-421a-a624-3927a7c88b4c req-ca943967-8b34-421a-a624-3927a7c88b4c ] Request (ServerDiskConfigTestJSON:test_rebuild_server_with_auto_disk_config): 200 GET http://10.180.1.21/compute/v2.1/servers/17ff6693-c323-478b-8b61-776c3b41f77e 1.032s
2024-10-15 17:44:47.557 63265 INFO tempest.lib.common.rest_client [req-2e852c24-a7ae-4be4-a351-df1293aa7e31 req-2e852c24-a7ae-4be4-a351-df1293aa7e31 ] Request (AttachInterfacesUnderV243Test:setUpClass): 200 PUT http://10.180.1.21:9696/networking/v2.0/routers/45dbf024-a208-4f3c-9af4-8d5ddabd105e/add_router_interface 2.610s
2024-10-15 17:44:47.557 63265 INFO tempest.lib.common.dynamic_creds [-] Created isolated network resources for: credentials: Credentials: {'domain_id': 'default', 'domain_name': 'Default', 'username': 'tempest-AttachInterfacesUnderV243Test-398606289-project-member', 'project_domain_id': 'default', 'project_domain_name': 'Default', 'project_id': 'b1c3fa55c2344a83a0f33ce8f6a6098d', 'project_name': 'tempest-AttachInterfacesUnderV243Test-398606289', 'tenant_id': 'b1c3fa55c2344a83a0f33ce8f6a6098d', 'tenant_name': 'tempest-AttachInterfacesUnderV243Test-398606289', 'user_domain_id': 'default', 'user_domain_name': 'Default', 'user_id': '6d9d1625692d4081855d416c91d9cb87', 'system': None}, Network: {'id': '50ac343b-7ad4-401f-a21b-6bfa38238623', 'name': 'tempest-AttachInterfacesUnderV243Test-1246063737-network', 'tenant_id': 'b1c3fa55c2344a83a0f33ce8f6a6098d', 'admin_state_up': True, 'mtu': 8950, 'status': 'ACTIVE', 'subnets': [], 'shared': False, 'project_id': 'b1c3fa55c2344a83a0f33ce8f6a6098d', 'port_security_enabled': True, 'router:external': False, 'provider:network_type': 'vlan', 'provider:physical_network': 'default', 'provider:segmentation_id': 19, 'is_default': False, 'availability_zone_hints': [], 'availability_zones': [], 'ipv4_address_scope': None, 'ipv6_address_scope': None, 'description': '', 'tags': [], 'created_at': '2024-10-15T17:44:43Z', 'updated_at': '2024-10-15T17:44:43Z', 'revision_number': 1}, Subnet: {'id': '734a73be-a2e3-4ec8-91f2-b71927cca57a', 'name': 'tempest-AttachInterfacesUnderV243Test-1246063737-subnet', 'tenant_id': 'b1c3fa55c2344a83a0f33ce8f6a6098d', 'network_id': '50ac343b-7ad4-401f-a21b-6bfa38238623', 'ip_version': 4, 'subnetpool_id': None, 'enable_dhcp': True, 'ipv6_ra_mode': None, 'ipv6_address_mode': None, 'gateway_ip': '192.168.128.1', 'cidr': '192.168.128.0/28', 'allocation_pools': [{'start': '192.168.128.2', 'end': '192.168.128.14'}], 'host_routes': [], 'dns_nameservers': [], 'description': '', 'router:external': False, 'service_types': [], 'tags': [], 'created_at': '2024-10-15T17:44:43Z', 'updated_at': '2024-10-15T17:44:43Z', 'revision_number': 0, 'project_id': 'b1c3fa55c2344a83a0f33ce8f6a6098d'}, Router: {'id': '45dbf024-a208-4f3c-9af4-8d5ddabd105e', 'name': 'tempest-AttachInterfacesUnderV243Test-1246063737-router', 'tenant_id': 'b1c3fa55c2344a83a0f33ce8f6a6098d', 'admin_state_up': True, 'status': 'ACTIVE', 'external_gateway_info': {'network_id': '5cb91b03-cd87-4eb8-9c12-907f9739e5ef', 'external_fixed_ips': [{'subnet_id': 'e2b7cef7-c4a4-46c1-809a-ab6ce8f1af63', 'ip_address': '10.180.180.155'}], 'enable_snat': True}, 'description': '', 'availability_zones': [], 'distributed': False, 'ha': False, 'availability_zone_hints': [], 'routes': [], 'flavor_id': None, 'tags': [], 'created_at': '2024-10-15T17:44:43Z', 'updated_at': '2024-10-15T17:44:44Z', 'revision_number': 2, 'project_id': 'b1c3fa55c2344a83a0f33ce8f6a6098d'}
2024-10-15 17:44:47.565 63273 INFO tempest.lib.common.rest_client [req-fa84175f-cb17-4b1e-a1a8-9548e6e36261 req-fa84175f-cb17-4b1e-a1a8-9548e6e36261 ] Request (AttachInterfacesTestJSON:setUpClass): 204 PUT http://10.180.1.21/identity/v3/projects/58693d1e991249f28914a39761cc2627/users/6ea19453dbdb4251a93dde2576aeff64/roles/8c1866fd203c4f10aab65f760a26068d 0.182s
2024-10-15 17:44:47.566 63273 INFO tempest.lib.common.dynamic_creds [-] Dynamic test user 6ea19453dbdb4251a93dde2576aeff64 is created with scope project and roles: ['member']
2024-10-15 17:44:47.566 63273 INFO tempest.lib.common.dynamic_creds [-] Acquired dynamic creds: credentials: Credentials: {'domain_id': 'default', 'domain_name': 'Default', 'username': 'tempest-AttachInterfacesTestJSON-1061982398-project-member', 'project_domain_id': 'default', 'project_domain_name': 'Default', 'project_id': '58693d1e991249f28914a39761cc2627', 'project_name': 'tempest-AttachInterfacesTestJSON-1061982398', 'tenant_id': '58693d1e991249f28914a39761cc2627', 'tenant_name': 'tempest-AttachInterfacesTestJSON-1061982398', 'user_domain_id': 'default', 'user_domain_name': 'Default', 'user_id': '6ea19453dbdb4251a93dde2576aeff64', 'system': None}, Network: None, Subnet: None, Router: None
2024-10-15 17:44:47.579 63263 INFO tempest.lib.common.rest_client [req-f5fc1458-a7d1-4a07-83fd-ae6e4cabbb4f req-f5fc1458-a7d1-4a07-83fd-ae6e4cabbb4f ] Request (QuotasAdminTestV236:tearDownClass): 204 DELETE http://10.180.1.21/identity/v3/projects/2e21499bfecb464e8dd5e430d175cc56 0.338s
2024-10-15 17:44:47.579 63263 INFO tempest.lib.common.dynamic_creds [-] Deleting project and security group for project: 73e0d37709434758bd8f1f46fadaeecb
2024-10-15 17:44:47.584 63301 INFO tempest.lib.common.rest_client [req-de13994d-556f-4f20-b5d6-b46446b80843 req-de13994d-556f-4f20-b5d6-b46446b80843 ] Request (DeleteServersAdminTestJSON:test_delete_server_while_in_error_state): 200 GET http://10.180.1.21/compute/v2.1/servers/efd0e375-3134-4984-8f82-48b53c65e26c 0.809s
2024-10-15 17:44:47.606 63321 INFO tempest.lib.common.rest_client [req-89dd33a4-b6e7-439f-be2e-2fa8a2f8df58 req-89dd33a4-b6e7-439f-be2e-2fa8a2f8df58 ] Request (ImagesOneServerTestJSON:setUpClass): 200 GET http://10.180.1.21/compute/v2.1/servers/ab11dead-3fe6-46d3-92e1-cdca84ebe508 0.701s
2024-10-15 17:44:47.687 63275 INFO tempest.lib.common.rest_client [req-7cc73c7a-b782-4d7e-9786-de6ccf1e1c03 req-7cc73c7a-b782-4d7e-9786-de6ccf1e1c03 ] Request (FlavorsAccessTestJSON:setUpClass): 201 POST http://10.180.1.21/identity/v3/projects 0.173s
2024-10-15 17:44:47.701 63265 INFO tempest.lib.common.rest_client [req-1b457304-8b00-4790-8352-a298dcca0fb0 req-1b457304-8b00-4790-8352-a298dcca0fb0 ] Request (AttachInterfacesUnderV243Test:setUpClass): 201 POST http://10.180.1.21/identity/v3/auth/tokens 0.136s
2024-10-15 17:44:47.709 63311 INFO tempest.lib.common.rest_client [req-cd43ed31-76f9-460b-9ef2-6d1dd607c343 req-cd43ed31-76f9-460b-9ef2-6d1dd607c343 ] Request (ServerDiagnosticsNegativeTest:test_get_server_diagnostics_by_non_admin): 200 GET http://10.180.1.21/compute/v2.1/servers/ea199990-9638-4e94-87fe-bd4b7f020595 0.581s
2024-10-15 17:44:47.763 63273 INFO tempest.lib.common.rest_client [req-d6f1536d-5194-4559-9b14-73af66f75e12 req-d6f1536d-5194-4559-9b14-73af66f75e12 ] Request (AttachInterfacesTestJSON:setUpClass): 201 POST http://10.180.1.21/identity/v3/auth/tokens 0.197s
2024-10-15 17:44:47.773 63275 INFO tempest.lib.common.rest_client [req-044c5909-2a67-4c8b-a02f-1be3d0c3440f req-044c5909-2a67-4c8b-a02f-1be3d0c3440f ] Request (FlavorsAccessTestJSON:setUpClass): 201 POST http://10.180.1.21/identity/v3/users 0.086s
2024-10-15 17:44:47.800 63275 INFO tempest.lib.common.rest_client [req-55b881f3-f017-4141-9918-49eb57c4a1d3 req-55b881f3-f017-4141-9918-49eb57c4a1d3 ] Request (FlavorsAccessTestJSON:setUpClass): 200 GET http://10.180.1.21/identity/v3/roles 0.026s
2024-10-15 17:44:47.814 63261 INFO tempest.lib.common.rest_client [req-8c839161-456d-4431-b414-8d813ee72f50 req-8c839161-456d-4431-b414-8d813ee72f50 ] Request (ServersWithSpecificFlavorTestJSON:test_verify_created_server_ephemeral_disk): 200 GET http://10.180.1.21/compute/v2.1/servers/082e6e14-c5f7-4ca4-b739-9d997a77b8f9 0.665s
2024-10-15 17:44:47.823 63263 INFO tempest.lib.common.rest_client [req-e9648092-8de5-45d2-8827-0fccb310c636 req-e9648092-8de5-45d2-8827-0fccb310c636 ] Request (QuotasAdminTestV236:tearDownClass): 200 GET http://10.180.1.21:9696/networking/v2.0/security-groups?tenant_id=73e0d37709434758bd8f1f46fadaeecb&name=default 0.241s
2024-10-15 17:44:47.852 63279 INFO tempest.lib.common.rest_client [req-cc6e6c35-9c8c-469d-88e0-22f00f762fe8 req-cc6e6c35-9c8c-469d-88e0-22f00f762fe8 ] Request (ServersTestBootFromVolume:setUpClass): 200 GET http://10.180.1.21/volume/v3/volumes/ced55d5f-05a4-4276-8b51-00b63b5231c9 0.043s
2024-10-15 17:44:47.882 63275 INFO tempest.lib.common.rest_client [req-39e6f1bd-ddda-482e-b08d-e93bc82043d0 req-39e6f1bd-ddda-482e-b08d-e93bc82043d0 ] Request (FlavorsAccessTestJSON:setUpClass): 204 PUT http://10.180.1.21/identity/v3/projects/bd48fb68e24b4da785b3443f170210a3/users/993363fdf81948baa1c3653cc681e85e/roles/750d529b43154ea4822c1b565e69ddc7 0.081s
2024-10-15 17:44:47.952 63305 INFO tempest.lib.common.rest_client [req-da6b1ed4-771d-4f5f-8362-b7ed29e582fb req-da6b1ed4-771d-4f5f-8362-b7ed29e582fb ] Request (FloatingIPsTestJSON:tearDownClass): 204 DELETE http://10.180.1.21:9696/networking/v2.0/routers/6af31a95-ca0b-4dee-9909-4909e6de179e 1.006s
2024-10-15 17:44:47.971 63275 INFO tempest.lib.common.rest_client [req-8ea4ef6e-c91a-4a8c-875d-bb8ff112d60d req-8ea4ef6e-c91a-4a8c-875d-bb8ff112d60d ] Request (FlavorsAccessTestJSON:setUpClass): 200 GET http://10.180.1.21/identity/v3/roles 0.088s
2024-10-15 17:44:48.000 63275 INFO tempest.lib.common.rest_client [req-6c284363-1b88-474c-b991-4e4ea660a3c6 req-6c284363-1b88-474c-b991-4e4ea660a3c6 ] Request (FlavorsAccessTestJSON:setUpClass): 204 PUT http://10.180.1.21/identity/v3/projects/bd48fb68e24b4da785b3443f170210a3/users/993363fdf81948baa1c3653cc681e85e/roles/750d529b43154ea4822c1b565e69ddc7 0.029s
2024-10-15 17:44:48.001 63275 INFO tempest.lib.common.dynamic_creds [-] Dynamic test user 993363fdf81948baa1c3653cc681e85e is created with scope project and roles: ['admin']
2024-10-15 17:44:48.001 63275 INFO tempest.lib.common.dynamic_creds [-] Acquired dynamic creds: credentials: Credentials: {'domain_id': 'default', 'domain_name': 'Default', 'username': 'tempest-FlavorsAccessTestJSON-169013743-project-admin', 'project_domain_id': 'default', 'project_domain_name': 'Default', 'project_id': 'bd48fb68e24b4da785b3443f170210a3', 'project_name': 'tempest-FlavorsAccessTestJSON-169013743', 'tenant_id': 'bd48fb68e24b4da785b3443f170210a3', 'tenant_name': 'tempest-FlavorsAccessTestJSON-169013743', 'user_domain_id': 'default', 'user_domain_name': 'Default', 'user_id': '993363fdf81948baa1c3653cc681e85e', 'system': None}, Network: None, Subnet: None, Router: None
2024-10-15 17:44:48.001 63275 INFO tempest.lib.common.dynamic_creds [-] Created isolated network resources for: credentials: Credentials: {'domain_id': 'default', 'domain_name': 'Default', 'username': 'tempest-FlavorsAccessTestJSON-169013743-project-admin', 'project_domain_id': 'default', 'project_domain_name': 'Default', 'project_id': 'bd48fb68e24b4da785b3443f170210a3', 'project_name': 'tempest-FlavorsAccessTestJSON-169013743', 'tenant_id': 'bd48fb68e24b4da785b3443f170210a3', 'tenant_name': 'tempest-FlavorsAccessTestJSON-169013743', 'user_domain_id': 'default', 'user_domain_name': 'Default', 'user_id': '993363fdf81948baa1c3653cc681e85e', 'system': None}, Network: None, Subnet: None, Router: None
2024-10-15 17:44:48.095 63267 INFO tempest.lib.common.rest_client [req-e684d9a8-aa00-4723-93cb-dd9427fd6f9e req-e684d9a8-aa00-4723-93cb-dd9427fd6f9e ] Request (SecurityGroupRulesTestJSON:tearDownClass): 202 DELETE http://10.180.1.21/compute/v2.1/os-security-groups/7962665c-91da-469c-bc16-2a9c49eb8d9c 0.997s
2024-10-15 17:44:48.140 63275 INFO tempest.lib.common.rest_client [req-439ab145-f353-4519-8759-e5f56415de3d req-439ab145-f353-4519-8759-e5f56415de3d ] Request (FlavorsAccessTestJSON:setUpClass): 201 POST http://10.180.1.21/identity/v3/auth/tokens 0.137s
2024-10-15 17:44:48.141 63275 WARNING tempest.lib.common.rest_client [-] Deprecated: "tenant_id" property is deprecated for removal, use "project_id" instead
2024-10-15 17:44:48.150 63295 INFO tempest.lib.common.rest_client [req-11cdee3a-50cf-47f2-b00c-8f1fb32d093e req-11cdee3a-50cf-47f2-b00c-8f1fb32d093e ] Request (ServerDiagnosticsV248Test:test_get_server_diagnostics): 200 GET http://10.180.1.21/compute/v2.1/servers/9d474bd0-e825-49f2-9715-14d85495718e 0.940s
2024-10-15 17:44:48.178 63309 INFO tempest.lib.common.rest_client [req-2dbc46f1-4cd5-4c4f-aa71-54e7e1ce1ebd req-2dbc46f1-4cd5-4c4f-aa71-54e7e1ce1ebd ] Request (ServersTestJSON:setUpClass): 404 GET http://10.180.1.21/compute/v2.1/servers/d629c773-3eb1-4f8d-9888-8bbf7565acea 0.922s
2024-10-15 17:44:48.178 63309 INFO tempest.test [-] raised in ServersTestJSON.setUpClass. Invoking tearDownClass.
2024-10-15 17:44:48.187 63305 INFO tempest.lib.common.rest_client [req-2de223d6-89a7-449a-88cd-61e539e12251 req-2de223d6-89a7-449a-88cd-61e539e12251 ] Request (FloatingIPsTestJSON:tearDownClass): 204 DELETE http://10.180.1.21:9696/networking/v2.0/subnets/fb3fc33c-5cce-471f-bb20-039e1a896aff 0.234s
2024-10-15 17:44:48.235 63291 INFO tempest.lib.common.rest_client [req-49a09874-d661-4cf0-9196-807c5a067212 req-49a09874-d661-4cf0-9196-807c5a067212 ] Request (ServerActionsTestOtherA:setUpClass): 200 GET http://10.180.1.21/compute/v2.1/servers/9f64a5ad-7852-4772-9b8c-2ec1537204f3 1.015s
2024-10-15 17:44:48.263 63269 INFO tempest.lib.common.rest_client [req-674843eb-586b-429c-bd34-4300b3f300b3 req-674843eb-586b-429c-bd34-4300b3f300b3 ] Request (ImagesOneServerNegativeTestJSON:setUpClass): 200 GET http://10.180.1.21/compute/v2.1/servers/92280cdf-bad2-4893-9a37-706cb1bcbac4 0.969s
2024-10-15 17:44:48.280 63273 INFO tempest.lib.common.rest_client [req-a8316e31-8c61-4f33-97ad-283a6467201b req-a8316e31-8c61-4f33-97ad-283a6467201b ] Request (AttachInterfacesTestJSON:setUpClass): 201 POST http://10.180.1.21:9696/networking/v2.0/networks 0.516s
2024-10-15 17:44:48.308 63263 INFO tempest.lib.common.rest_client [req-43970dd0-5798-4999-9c7a-4f9efd9170c5 req-43970dd0-5798-4999-9c7a-4f9efd9170c5 ] Request (QuotasAdminTestV236:tearDownClass): 204 DELETE http://10.180.1.21:9696/networking/v2.0/security-groups/ed9114ff-7904-4fe4-95d2-49543bbfcdcd 0.485s
2024-10-15 17:44:48.337 63313 INFO tempest.lib.common.rest_client [req-ee66c306-5598-41b2-94b5-ac74d967fb67 req-ee66c306-5598-41b2-94b5-ac74d967fb67 ] Request (ServersAdminTestJSON:setUpClass): 200 GET http://10.180.1.21/compute/v2.1/servers/c76dfad0-2c67-4fe4-8c86-04ece5c80ea8 1.030s
2024-10-15 17:44:48.346 63277 INFO tempest.lib.common.rest_client [req-50a53441-28b8-495e-8c1f-0f7c2801b4a9 req-50a53441-28b8-495e-8c1f-0f7c2801b4a9 ] Request (ServerAddressesTestJSON:setUpClass): 200 GET http://10.180.1.21/compute/v2.1/servers/0b443010-4dcf-4a7a-aec3-2d50bd50acc3 0.978s
2024-10-15 17:44:48.417 63293 INFO tempest.lib.common.rest_client [req-dcb80c7b-912e-4f5f-a91f-61b22509128b req-dcb80c7b-912e-4f5f-a91f-61b22509128b ] Request (VolumesTestJSON:test_volume_list): 200 GET http://10.180.1.21/compute/v2.1/os-volumes 0.997s
2024-10-15 17:44:48.437 63303 INFO tempest.lib.common.rest_client [req-446ac2d0-94c1-43e6-9188-c12b1837fe28 req-446ac2d0-94c1-43e6-9188-c12b1837fe28 ] Request (ServersTestMultiNic:test_verify_duplicate_network_nics): 200 GET http://10.180.1.21/compute/v2.1/servers/cee88fa5-c98e-405f-b41c-62d6661b983c 0.972s
2024-10-15 17:44:48.476 63263 INFO tempest.lib.common.rest_client [req-ae293b33-dc1b-4adb-8b18-e34daf121ce3 req-ae293b33-dc1b-4adb-8b18-e34daf121ce3 ] Request (QuotasAdminTestV236:tearDownClass): 204 DELETE http://10.180.1.21/identity/v3/projects/73e0d37709434758bd8f1f46fadaeecb 0.168s
2024-10-15 17:44:48.505 63305 INFO tempest.lib.common.rest_client [req-231fb7da-7e0e-4dab-a2a9-c011b1d36698 req-231fb7da-7e0e-4dab-a2a9-c011b1d36698 ] Request (FloatingIPsTestJSON:tearDownClass): 204 DELETE http://10.180.1.21:9696/networking/v2.0/networks/a2b681f8-74b4-4644-b862-90eee0a24585 0.318s
2024-10-15 17:44:48.550 63263 INFO tempest.lib.common.rest_client [req-a55f2ba0-6a56-4780-900b-b207f2079f0b req-a55f2ba0-6a56-4780-900b-b207f2079f0b ] Request (ServerExternalEventsTest:setUpClass): 201 POST http://10.180.1.21/identity/v3/auth/tokens 0.070s
2024-10-15 17:44:48.573 63285 INFO tempest.lib.common.rest_client [req-17090413-02d8-49c2-8043-f5f6b77fb5c9 req-17090413-02d8-49c2-8043-f5f6b77fb5c9 ] Request (ListImageFiltersTestJSON:setUpClass): 200 GET http://10.180.1.21/compute/v2.1/servers/ba8e47f7-e10d-439a-9a5a-714655a29dc0 0.753s
2024-10-15 17:44:48.581 63285 INFO tempest.common.waiters [-] State transition "BUILD/block_device_mapping" ==> "BUILD/spawning" after 27 second wait
2024-10-15 17:44:48.619 63305 INFO tempest.lib.common.rest_client [req-954a754c-58e0-47cc-9c8d-9cd5b2d94566 req-954a754c-58e0-47cc-9c8d-9cd5b2d94566 ] Request (FloatingIPsTestJSON:tearDownClass): 204 DELETE http://10.180.1.21/identity/v3/users/c031400a2d404920a48f5ee4e5c2efde 0.114s
2024-10-15 17:44:48.621 63305 INFO tempest.lib.common.dynamic_creds [-] Deleting project and security group for project: 186a71ec0bfe4f13ace80b92cfdff266
2024-10-15 17:44:48.641 63283 INFO tempest.lib.common.rest_client [req-7fcd6c78-3058-4b39-98d5-2dfce166e165 req-7fcd6c78-3058-4b39-98d5-2dfce166e165 ] Request (SecurityGroupsTestJSON:test_list_security_groups_by_server): 200 GET http://10.180.1.21/compute/v2.1/servers/1aaa84d5-c5d5-4321-a98f-da261de5d364 0.810s
2024-10-15 17:44:48.649 63273 INFO tempest.lib.common.rest_client [req-d2a86d27-fe0b-4721-9315-886d4d59a694 req-d2a86d27-fe0b-4721-9315-886d4d59a694 ] Request (AttachInterfacesTestJSON:setUpClass): 201 POST http://10.180.1.21:9696/networking/v2.0/subnets 0.369s
2024-10-15 17:44:48.676 63265 INFO tempest.lib.common.rest_client [req-38307935-97dd-495e-b12b-8ae5aca8b7a8 req-38307935-97dd-495e-b12b-8ae5aca8b7a8 ] Request (ValidationResourcesFixture:setUp): 200 POST http://10.180.1.21/compute/v2.1/os-keypairs 0.970s
2024-10-15 17:44:48.679 63305 INFO tempest.lib.common.rest_client [req-dc1c7fa7-0236-40e7-914a-47ed56b341e5 req-dc1c7fa7-0236-40e7-914a-47ed56b341e5 ] Request (FloatingIPsTestJSON:tearDownClass): 200 GET http://10.180.1.21:9696/networking/v2.0/security-groups?tenant_id=186a71ec0bfe4f13ace80b92cfdff266&name=default 0.057s
2024-10-15 17:44:48.682 63263 INFO tempest.lib.common.rest_client [req-17998ffb-1d8e-446a-809e-af9bab5c44c0 req-17998ffb-1d8e-446a-809e-af9bab5c44c0 ] Request (ServerExternalEventsTest:setUpClass): 201 POST http://10.180.1.21/identity/v3/auth/tokens 0.129s
2024-10-15 17:44:48.718 63263 INFO tempest.lib.common.rest_client [req-bc0e0cee-31a7-4bfc-841a-ae7893d11be4 req-bc0e0cee-31a7-4bfc-841a-ae7893d11be4 ] Request (ServerExternalEventsTest:setUpClass): 200 GET http://10.180.1.21/identity/v3/domains?name=Default 0.035s
2024-10-15 17:44:48.730 63299 INFO tempest.lib.common.rest_client [req-847cbc5c-a85d-481e-87bd-78a1298dfa79 req-847cbc5c-a85d-481e-87bd-78a1298dfa79 ] Request (ImagesTestJSON:test_create_image_from_stopped_server): 200 GET http://10.180.1.21/compute/v2.1/servers/12b2ab52-bbfb-47f4-b5ec-5c10bfb97b0c 0.830s
2024-10-15 17:44:48.774 63263 INFO tempest.lib.common.rest_client [req-60b4f6ff-1f3e-461d-aa44-04a25d9286b3 req-60b4f6ff-1f3e-461d-aa44-04a25d9286b3 ] Request (ServerExternalEventsTest:setUpClass): 201 POST http://10.180.1.21/identity/v3/projects 0.056s
2024-10-15 17:44:48.848 63263 INFO tempest.lib.common.rest_client [req-182e9658-65d5-4e81-b749-48712be231b9 req-182e9658-65d5-4e81-b749-48712be231b9 ] Request (ServerExternalEventsTest:setUpClass): 201 POST http://10.180.1.21/identity/v3/users 0.074s
2024-10-15 17:44:48.849 63259 INFO tempest.lib.common.rest_client [req-9f4099fb-acd5-4414-966e-dbce8eff2b36 req-9f4099fb-acd5-4414-966e-dbce8eff2b36 ] Request (VolumesAdminNegativeTest:setUpClass): 200 PUT http://10.180.1.21:9696/networking/v2.0/routers/a1299e64-38fd-444e-bc69-c2ca8ff4ad78/add_router_interface 2.428s
2024-10-15 17:44:48.849 63259 INFO tempest.lib.common.dynamic_creds [-] Created isolated network resources for: credentials: Credentials: {'domain_id': 'default', 'domain_name': 'Default', 'username': 'tempest-VolumesAdminNegativeTest-1107591338-project-member', 'project_domain_id': 'default', 'project_domain_name': 'Default', 'project_id': '4a0b1326882b40acb72aad7f6c6e2b0a', 'project_name': 'tempest-VolumesAdminNegativeTest-1107591338', 'tenant_id': '4a0b1326882b40acb72aad7f6c6e2b0a', 'tenant_name': 'tempest-VolumesAdminNegativeTest-1107591338', 'user_domain_id': 'default', 'user_domain_name': 'Default', 'user_id': 'e2ce7bd37c324e76bad16423ba0e514a', 'system': None}, Network: {'id': 'dabf10d0-2d5d-4f80-a6c7-9ba893c33efa', 'name': 'tempest-VolumesAdminNegativeTest-599669151-network', 'tenant_id': '4a0b1326882b40acb72aad7f6c6e2b0a', 'admin_state_up': True, 'mtu': 8950, 'status': 'ACTIVE', 'subnets': [], 'shared': False, 'project_id': '4a0b1326882b40acb72aad7f6c6e2b0a', 'port_security_enabled': True, 'router:external': False, 'provider:network_type': 'vlan', 'provider:physical_network': 'default', 'provider:segmentation_id': 88, 'is_default': False, 'availability_zone_hints': [], 'availability_zones': [], 'ipv4_address_scope': None, 'ipv6_address_scope': None, 'description': '', 'tags': [], 'created_at': '2024-10-15T17:44:44Z', 'updated_at': '2024-10-15T17:44:44Z', 'revision_number': 1}, Subnet: {'id': 'f30569f5-d1e7-48c6-8084-5209f9231ba4', 'name': 'tempest-VolumesAdminNegativeTest-599669151-subnet', 'tenant_id': '4a0b1326882b40acb72aad7f6c6e2b0a', 'network_id': 'dabf10d0-2d5d-4f80-a6c7-9ba893c33efa', 'ip_version': 4, 'subnetpool_id': None, 'enable_dhcp': True, 'ipv6_ra_mode': None, 'ipv6_address_mode': None, 'gateway_ip': '192.168.128.1', 'cidr': '192.168.128.0/28', 'allocation_pools': [{'start': '192.168.128.2', 'end': '192.168.128.14'}], 'host_routes': [], 'dns_nameservers': [], 'description': '', 'router:external': False, 'service_types': [], 'tags': [], 'created_at': '2024-10-15T17:44:44Z', 'updated_at': '2024-10-15T17:44:44Z', 'revision_number': 0, 'project_id': '4a0b1326882b40acb72aad7f6c6e2b0a'}, Router: {'id': 'a1299e64-38fd-444e-bc69-c2ca8ff4ad78', 'name': 'tempest-VolumesAdminNegativeTest-599669151-router', 'tenant_id': '4a0b1326882b40acb72aad7f6c6e2b0a', 'admin_state_up': True, 'status': 'ACTIVE', 'external_gateway_info': {'network_id': '5cb91b03-cd87-4eb8-9c12-907f9739e5ef', 'external_fixed_ips': [{'subnet_id': 'e2b7cef7-c4a4-46c1-809a-ab6ce8f1af63', 'ip_address': '10.180.180.197'}], 'enable_snat': True}, 'description': '', 'availability_zones': [], 'distributed': False, 'ha': False, 'availability_zone_hints': [], 'routes': [], 'flavor_id': None, 'tags': [], 'created_at': '2024-10-15T17:44:44Z', 'updated_at': '2024-10-15T17:44:45Z', 'revision_number': 2, 'project_id': '4a0b1326882b40acb72aad7f6c6e2b0a'}
2024-10-15 17:44:48.874 63265 INFO tempest.lib.common.rest_client [req-dded55b6-e9c4-48f0-a18e-2651ee8cb210 req-dded55b6-e9c4-48f0-a18e-2651ee8cb210 ] Request (ValidationResourcesFixture:setUp): 201 POST http://10.180.1.21:9696/networking/v2.0/security-groups 0.196s
2024-10-15 17:44:48.879 63263 INFO tempest.lib.common.rest_client [req-5b89bb4b-f7ec-4df8-a989-4f7f7c0095c3 req-5b89bb4b-f7ec-4df8-a989-4f7f7c0095c3 ] Request (ServerExternalEventsTest:setUpClass): 200 GET http://10.180.1.21/identity/v3/roles 0.030s
2024-10-15 17:44:48.899 63279 INFO tempest.lib.common.rest_client [req-890c088d-639d-4732-b429-ff4d28e523d4 req-890c088d-639d-4732-b429-ff4d28e523d4 ] Request (ServersTestBootFromVolume:setUpClass): 200 GET http://10.180.1.21/volume/v3/volumes/ced55d5f-05a4-4276-8b51-00b63b5231c9 0.036s
2024-10-15 17:44:48.935 63275 INFO tempest.lib.common.rest_client [req-9d2cad57-cf3e-4197-b07e-077546b0a2cc req-9d2cad57-cf3e-4197-b07e-077546b0a2cc ] Request (FlavorsAccessTestJSON:test_flavor_access_add_remove): 200 POST http://10.180.1.21/compute/v2.1/flavors 0.793s
2024-10-15 17:44:48.949 63263 INFO tempest.lib.common.rest_client [req-4e671602-d824-48cb-8a9f-e1afa8aaabf8 req-4e671602-d824-48cb-8a9f-e1afa8aaabf8 ] Request (ServerExternalEventsTest:setUpClass): 204 PUT http://10.180.1.21/identity/v3/projects/01adb33f517f49e5bccef38407e69a43/users/0aa5f43b1e9c45419205078f65f64df4/roles/8c1866fd203c4f10aab65f760a26068d 0.069s
2024-10-15 17:44:48.949 63263 INFO tempest.lib.common.dynamic_creds [-] Dynamic test user 0aa5f43b1e9c45419205078f65f64df4 is created with scope project and roles: ['member']
2024-10-15 17:44:48.950 63263 INFO tempest.lib.common.dynamic_creds [-] Acquired dynamic creds: credentials: Credentials: {'domain_id': 'default', 'domain_name': 'Default', 'username': 'tempest-ServerExternalEventsTest-1415870946-project-member', 'project_domain_id': 'default', 'project_domain_name': 'Default', 'project_id': '01adb33f517f49e5bccef38407e69a43', 'project_name': 'tempest-ServerExternalEventsTest-1415870946', 'tenant_id': '01adb33f517f49e5bccef38407e69a43', 'tenant_name': 'tempest-ServerExternalEventsTest-1415870946', 'user_domain_id': 'default', 'user_domain_name': 'Default', 'user_id': '0aa5f43b1e9c45419205078f65f64df4', 'system': None}, Network: None, Subnet: None, Router: None
2024-10-15 17:44:48.950 63263 INFO tempest.lib.common.dynamic_creds [-] Created isolated network resources for: credentials: Credentials: {'domain_id': 'default', 'domain_name': 'Default', 'username': 'tempest-ServerExternalEventsTest-1415870946-project-member', 'project_domain_id': 'default', 'project_domain_name': 'Default', 'project_id': '01adb33f517f49e5bccef38407e69a43', 'project_name': 'tempest-ServerExternalEventsTest-1415870946', 'tenant_id': '01adb33f517f49e5bccef38407e69a43', 'tenant_name': 'tempest-ServerExternalEventsTest-1415870946', 'user_domain_id': 'default', 'user_domain_name': 'Default', 'user_id': '0aa5f43b1e9c45419205078f65f64df4', 'system': None}, Network: None, Subnet: None, Router: None
2024-10-15 17:44:48.959 63267 INFO tempest.lib.common.rest_client [req-9a4175af-1550-4986-bade-7b3e89d4d452 req-9a4175af-1550-4986-bade-7b3e89d4d452 ] Request (SecurityGroupRulesTestJSON:tearDownClass): 202 DELETE http://10.180.1.21/compute/v2.1/os-security-groups/d32eac1f-76e0-4f85-860a-8e86ae3cf2f2 0.864s
2024-10-15 17:44:48.969 63309 INFO tempest.lib.common.rest_client [req-cfa6bea5-98a5-4d0e-9267-92dc96f49902 req-cfa6bea5-98a5-4d0e-9267-92dc96f49902 ] Request (ServersTestJSON:tearDownClass): 202 DELETE http://10.180.1.21/compute/v2.1/os-keypairs/tempest-keypair-859990294 0.789s
2024-10-15 17:44:48.971 63259 INFO tempest.lib.common.rest_client [req-c9419c98-c9c7-4ce4-8b08-98a7d6a024d4 req-c9419c98-c9c7-4ce4-8b08-98a7d6a024d4 ] Request (VolumesAdminNegativeTest:setUpClass): 201 POST http://10.180.1.21/identity/v3/auth/tokens 0.117s
2024-10-15 17:44:48.971 63305 INFO tempest.lib.common.rest_client [req-475adda6-fc7d-440e-bdfe-46ca230643f5 req-475adda6-fc7d-440e-bdfe-46ca230643f5 ] Request (FloatingIPsTestJSON:tearDownClass): 204 DELETE http://10.180.1.21:9696/networking/v2.0/security-groups/7e2011d7-21b5-4d50-86cb-0c5ea2902b60 0.292s
2024-10-15 17:44:49.056 63263 INFO tempest.lib.common.rest_client [req-fbe51121-34f5-4927-a265-36ceb59800b9 req-fbe51121-34f5-4927-a265-36ceb59800b9 ] Request (ServerExternalEventsTest:setUpClass): 201 POST http://10.180.1.21/identity/v3/auth/tokens 0.102s
2024-10-15 17:44:49.070 63265 INFO tempest.lib.common.rest_client [req-ea4ae650-a86f-4a90-839b-e66ffa96383b req-ea4ae650-a86f-4a90-839b-e66ffa96383b ] Request (ValidationResourcesFixture:setUp): 201 POST http://10.180.1.21:9696/networking/v2.0/security-group-rules 0.196s
2024-10-15 17:44:49.077 63281 INFO tempest.lib.common.rest_client [req-922793e2-674b-4a63-b217-a3bb94660563 req-922793e2-674b-4a63-b217-a3bb94660563 ] Request (VolumesAssistedSnapshotsTest:test_volume_assisted_snapshot_create_delete): 200 GET http://10.180.1.21/compute/v2.1/servers/1fa1c7c7-b9fe-4e60-8306-3c263c517c28 0.865s
2024-10-15 17:44:49.078 63297 INFO tempest.lib.common.rest_client [req-c5acd952-b2fe-4126-8a0d-8eb1cb65a055 req-c5acd952-b2fe-4126-8a0d-8eb1cb65a055 ] Request (ServerDiagnosticsTest:test_get_server_diagnostics): 200 GET http://10.180.1.21/compute/v2.1/servers/7d98e2e4-33bc-4e6b-af6f-31c18f34b9af 0.797s
2024-10-15 17:44:49.097 63305 INFO tempest.lib.common.rest_client [req-68cc333c-496e-4ea4-af43-05da0ff05c0c req-68cc333c-496e-4ea4-af43-05da0ff05c0c ] Request (FloatingIPsTestJSON:tearDownClass): 204 DELETE http://10.180.1.21/identity/v3/projects/186a71ec0bfe4f13ace80b92cfdff266 0.125s
2024-10-15 17:44:49.173 63307 INFO tempest.lib.common.rest_client [req-97119302-1878-4700-8d89-fe736164e154 req-97119302-1878-4700-8d89-fe736164e154 ] Request (ServerShowV247Test:test_update_rebuild_list_server): 200 GET http://10.180.1.21/compute/v2.1/servers/5ca0039c-b9c8-4ee0-bbe5-e0f68494dadd 0.768s
2024-10-15 17:44:49.177 63259 INFO tempest.lib.common.rest_client [req-c2c329f7-80b2-4611-bd98-07ac7dfcae22 req-c2c329f7-80b2-4611-bd98-07ac7dfcae22 ] Request (VolumesAdminNegativeTest:setUpClass): 201 POST http://10.180.1.21/identity/v3/projects 0.204s
2024-10-15 17:44:49.180 63289 INFO tempest.lib.common.rest_client [req-7421553e-e155-4a3a-a5d1-c7f2b862ac8a req-7421553e-e155-4a3a-a5d1-c7f2b862ac8a ] Request (AttachInterfacesV270Test:test_create_get_list_interfaces): 200 GET http://10.180.1.21/compute/v2.1/servers/ee9bdcd3-03ac-4093-bf21-877a2a8847a0 0.779s
2024-10-15 17:44:49.192 63263 INFO tempest.lib.common.rest_client [req-fb6d0ca9-be5a-4da2-908b-e9a5e7a1051c req-fb6d0ca9-be5a-4da2-908b-e9a5e7a1051c ] Request (ServerExternalEventsTest:setUpClass): 201 POST http://10.180.1.21/identity/v3/projects 0.135s
2024-10-15 17:44:49.232 63293 INFO tempest.lib.common.rest_client [req-c35fbe06-869b-4474-9038-f1c5a32ed541 req-c35fbe06-869b-4474-9038-f1c5a32ed541 ] Request (VolumesTestJSON:test_volume_list_param_limit): 200 GET http://10.180.1.21/compute/v2.1/os-volumes?limit=2 0.810s
2024-10-15 17:44:49.246 63305 INFO tempest.lib.common.rest_client [req-a23c7f9c-b16d-43ed-8a2a-9fc630e64763 req-a23c7f9c-b16d-43ed-8a2a-9fc630e64763 ] Request (ImagesNegativeTestJSON:setUpClass): 201 POST http://10.180.1.21/identity/v3/auth/tokens 0.147s
2024-10-15 17:44:49.268 63315 INFO tempest.lib.common.rest_client [req-261d7925-081b-4d97-ac67-f4169157bd2c req-261d7925-081b-4d97-ac67-f4169157bd2c ] Request (FloatingIPsAssociationNegativeTestJSON:setUpClass): 200 GET http://10.180.1.21/compute/v2.1/servers/e4615bf3-88d4-44b2-bd31-ef9d85ba5ae7 0.824s
2024-10-15 17:44:49.272 63263 INFO tempest.lib.common.rest_client [req-71cbea20-6668-4f88-b412-ae83b80b8176 req-71cbea20-6668-4f88-b412-ae83b80b8176 ] Request (ServerExternalEventsTest:setUpClass): 201 POST http://10.180.1.21/identity/v3/users 0.078s
2024-10-15 17:44:49.276 63309 INFO tempest.lib.common.rest_client [req-e66ce4a8-50a8-47f2-8ee5-77276d08d6da req-e66ce4a8-50a8-47f2-8ee5-77276d08d6da ] Request (ServersTestJSON:tearDownClass): 204 DELETE http://10.180.1.21:9696/networking/v2.0/security-groups/a030a0cd-a4aa-4bbe-b0d4-efa6add8ac0d 0.307s
2024-10-15 17:44:49.280 63259 INFO tempest.lib.common.rest_client [req-f047fcb3-7625-46cd-850c-591d6fbef79c req-f047fcb3-7625-46cd-850c-591d6fbef79c ] Request (VolumesAdminNegativeTest:setUpClass): 201 POST http://10.180.1.21/identity/v3/users 0.103s
2024-10-15 17:44:49.291 63305 INFO tempest.lib.common.rest_client [req-8018d7a6-3d6f-4ded-aa8d-744047a7a984 req-8018d7a6-3d6f-4ded-aa8d-744047a7a984 ] Request (ImagesNegativeTestJSON:setUpClass): 201 POST http://10.180.1.21/identity/v3/auth/tokens 0.042s
2024-10-15 17:44:49.301 63263 INFO tempest.lib.common.rest_client [req-74db15dc-fbd2-4fad-95e9-4df5cd97d7d7 req-74db15dc-fbd2-4fad-95e9-4df5cd97d7d7 ] Request (ServerExternalEventsTest:setUpClass): 200 GET http://10.180.1.21/identity/v3/roles 0.028s
2024-10-15 17:44:49.302 63259 INFO tempest.lib.common.rest_client [req-ee6254bd-edb5-4a42-b2c6-a12837a42d88 req-ee6254bd-edb5-4a42-b2c6-a12837a42d88 ] Request (VolumesAdminNegativeTest:setUpClass): 200 GET http://10.180.1.21/identity/v3/roles 0.021s
2024-10-15 17:44:49.325 63263 INFO tempest.lib.common.rest_client [req-98fc3868-de68-4442-a03d-10020dbfb4a4 req-98fc3868-de68-4442-a03d-10020dbfb4a4 ] Request (ServerExternalEventsTest:setUpClass): 204 PUT http://10.180.1.21/identity/v3/projects/85ec358e2ca14c6387eb5d75c4904951/users/cc3ea3068fe14ef883b025abcfed59f8/roles/750d529b43154ea4822c1b565e69ddc7 0.024s
2024-10-15 17:44:49.326 63305 INFO tempest.lib.common.rest_client [req-c31b97f0-41ee-46a5-b7c3-5f1b479d9263 req-c31b97f0-41ee-46a5-b7c3-5f1b479d9263 ] Request (ImagesNegativeTestJSON:setUpClass): 200 GET http://10.180.1.21/identity/v3/domains?name=Default 0.034s
2024-10-15 17:44:49.328 63309 INFO tempest.lib.common.rest_client [req-704956c7-88a3-491b-8f50-a1e5a6023643 req-704956c7-88a3-491b-8f50-a1e5a6023643 ] Request (ServersTestJSON:tearDownClass): 404 GET http://10.180.1.21:9696/networking/v2.0/security-groups/a030a0cd-a4aa-4bbe-b0d4-efa6add8ac0d 0.051s
2024-10-15 17:44:49.329 63317 INFO tempest.lib.common.rest_client [req-e52fa228-cbe3-4138-9044-afad2f137453 req-e52fa228-cbe3-4138-9044-afad2f137453 ] Request (ServerDiskConfigTestJSON:test_rebuild_server_with_auto_disk_config): 200 GET http://10.180.1.21/compute/v2.1/servers/17ff6693-c323-478b-8b61-776c3b41f77e 0.794s
2024-10-15 17:44:49.346 63265 INFO tempest.lib.common.rest_client [req-64dbf01e-e0de-4c7e-87ba-3fd80bca98a1 req-64dbf01e-e0de-4c7e-87ba-3fd80bca98a1 ] Request (ValidationResourcesFixture:setUp): 201 POST http://10.180.1.21:9696/networking/v2.0/security-group-rules 0.275s
2024-10-15 17:44:49.353 63287 INFO tempest.lib.common.rest_client [req-84c543ea-df49-44e5-850b-8769a4a533a4 req-84c543ea-df49-44e5-850b-8769a4a533a4 ] Request (MigrationsAdminTest:test_resize_server_revert_deleted_flavor): 200 GET http://10.180.1.21/compute/v2.1/servers/f5f546f8-291f-430c-95fb-c78507b0087f 0.830s
2024-10-15 17:44:49.383 63259 INFO tempest.lib.common.rest_client [req-48423936-e51a-4a90-ad75-0fa39429a28e req-48423936-e51a-4a90-ad75-0fa39429a28e ] Request (VolumesAdminNegativeTest:setUpClass): 204 PUT http://10.180.1.21/identity/v3/projects/53653ac5f75f46a4a5297f24d18ca29d/users/c4602d6a83644818ba745eff0f46dde7/roles/750d529b43154ea4822c1b565e69ddc7 0.079s
2024-10-15 17:44:49.389 63263 INFO tempest.lib.common.rest_client [req-7c95bc5e-9931-4f97-a012-b37314dee66a req-7c95bc5e-9931-4f97-a012-b37314dee66a ] Request (ServerExternalEventsTest:setUpClass): 200 GET http://10.180.1.21/identity/v3/roles 0.063s
2024-10-15 17:44:49.408 63301 INFO tempest.lib.common.rest_client [req-3507dbef-5631-49d5-bfb8-2f9a5261bbac req-3507dbef-5631-49d5-bfb8-2f9a5261bbac ] Request (DeleteServersAdminTestJSON:test_delete_server_while_in_error_state): 200 GET http://10.180.1.21/compute/v2.1/servers/efd0e375-3134-4984-8f82-48b53c65e26c 0.810s
2024-10-15 17:44:49.437 63259 INFO tempest.lib.common.rest_client [req-9003b0cc-1faa-4265-b861-4a06dc541be2 req-9003b0cc-1faa-4265-b861-4a06dc541be2 ] Request (VolumesAdminNegativeTest:setUpClass): 200 GET http://10.180.1.21/identity/v3/roles 0.053s
2024-10-15 17:44:49.437 63321 INFO tempest.lib.common.rest_client [req-f96df6cb-9dab-46e7-b86f-e244df1919b6 req-f96df6cb-9dab-46e7-b86f-e244df1919b6 ] Request (ImagesOneServerTestJSON:setUpClass): 200 GET http://10.180.1.21/compute/v2.1/servers/ab11dead-3fe6-46d3-92e1-cdca84ebe508 0.819s
2024-10-15 17:44:49.452 63305 INFO tempest.lib.common.rest_client [req-abdfc717-3e57-44d3-a861-768779d61514 req-abdfc717-3e57-44d3-a861-768779d61514 ] Request (ImagesNegativeTestJSON:setUpClass): 201 POST http://10.180.1.21/identity/v3/projects 0.125s
2024-10-15 17:44:49.452 63263 INFO tempest.lib.common.rest_client [req-3d1e004f-7bee-4f82-b8c4-f0db33d47ce6 req-3d1e004f-7bee-4f82-b8c4-f0db33d47ce6 ] Request (ServerExternalEventsTest:setUpClass): 204 PUT http://10.180.1.21/identity/v3/projects/85ec358e2ca14c6387eb5d75c4904951/users/cc3ea3068fe14ef883b025abcfed59f8/roles/750d529b43154ea4822c1b565e69ddc7 0.062s
2024-10-15 17:44:49.452 63263 INFO tempest.lib.common.dynamic_creds [-] Dynamic test user cc3ea3068fe14ef883b025abcfed59f8 is created with scope project and roles: ['admin']
2024-10-15 17:44:49.452 63263 INFO tempest.lib.common.dynamic_creds [-] Acquired dynamic creds: credentials: Credentials: {'domain_id': 'default', 'domain_name': 'Default', 'username': 'tempest-ServerExternalEventsTest-367206713-project-admin', 'project_domain_id': 'default', 'project_domain_name': 'Default', 'project_id': '85ec358e2ca14c6387eb5d75c4904951', 'project_name': 'tempest-ServerExternalEventsTest-367206713', 'tenant_id': '85ec358e2ca14c6387eb5d75c4904951', 'tenant_name': 'tempest-ServerExternalEventsTest-367206713', 'user_domain_id': 'default', 'user_domain_name': 'Default', 'user_id': 'cc3ea3068fe14ef883b025abcfed59f8', 'system': None}, Network: None, Subnet: None, Router: None
2024-10-15 17:44:49.452 63263 INFO tempest.lib.common.dynamic_creds [-] Created isolated network resources for: credentials: Credentials: {'domain_id': 'default', 'domain_name': 'Default', 'username': 'tempest-ServerExternalEventsTest-367206713-project-admin', 'project_domain_id': 'default', 'project_domain_name': 'Default', 'project_id': '85ec358e2ca14c6387eb5d75c4904951', 'project_name': 'tempest-ServerExternalEventsTest-367206713', 'tenant_id': '85ec358e2ca14c6387eb5d75c4904951', 'tenant_name': 'tempest-ServerExternalEventsTest-367206713', 'user_domain_id': 'default', 'user_domain_name': 'Default', 'user_id': 'cc3ea3068fe14ef883b025abcfed59f8', 'system': None}, Network: None, Subnet: None, Router: None
2024-10-15 17:44:49.502 63261 INFO tempest.lib.common.rest_client [req-eb75beed-c8b9-45a6-af5f-f6023f55ef98 req-eb75beed-c8b9-45a6-af5f-f6023f55ef98 ] Request (ServersWithSpecificFlavorTestJSON:test_verify_created_server_ephemeral_disk): 200 GET http://10.180.1.21/compute/v2.1/servers/082e6e14-c5f7-4ca4-b739-9d997a77b8f9 0.676s
2024-10-15 17:44:49.504 63311 INFO tempest.lib.common.rest_client [req-0d6999bb-c90f-410e-a0d4-a33065daaea7 req-0d6999bb-c90f-410e-a0d4-a33065daaea7 ] Request (ServerDiagnosticsNegativeTest:test_get_server_diagnostics_by_non_admin): 200 GET http://10.180.1.21/compute/v2.1/servers/ea199990-9638-4e94-87fe-bd4b7f020595 0.784s
2024-10-15 17:44:49.520 63305 INFO tempest.lib.common.rest_client [req-ca2b46b6-9e86-4d58-a45a-cb73cd054eea req-ca2b46b6-9e86-4d58-a45a-cb73cd054eea ] Request (ImagesNegativeTestJSON:setUpClass): 201 POST http://10.180.1.21/identity/v3/users 0.068s
2024-10-15 17:44:49.539 63259 INFO tempest.lib.common.rest_client [req-355915af-6d1f-41fe-86b9-731615d29ba6 req-355915af-6d1f-41fe-86b9-731615d29ba6 ] Request (VolumesAdminNegativeTest:setUpClass): 204 PUT http://10.180.1.21/identity/v3/projects/53653ac5f75f46a4a5297f24d18ca29d/users/c4602d6a83644818ba745eff0f46dde7/roles/750d529b43154ea4822c1b565e69ddc7 0.101s
2024-10-15 17:44:49.540 63259 INFO tempest.lib.common.dynamic_creds [-] Dynamic test user c4602d6a83644818ba745eff0f46dde7 is created with scope project and roles: ['admin']
2024-10-15 17:44:49.540 63259 INFO tempest.lib.common.dynamic_creds [-] Acquired dynamic creds: credentials: Credentials: {'domain_id': 'default', 'domain_name': 'Default', 'username': 'tempest-VolumesAdminNegativeTest-2091136712-project-admin', 'project_domain_id': 'default', 'project_domain_name': 'Default', 'project_id': '53653ac5f75f46a4a5297f24d18ca29d', 'project_name': 'tempest-VolumesAdminNegativeTest-2091136712', 'tenant_id': '53653ac5f75f46a4a5297f24d18ca29d', 'tenant_name': 'tempest-VolumesAdminNegativeTest-2091136712', 'user_domain_id': 'default', 'user_domain_name': 'Default', 'user_id': 'c4602d6a83644818ba745eff0f46dde7', 'system': None}, Network: None, Subnet: None, Router: None
2024-10-15 17:44:49.589 63295 INFO tempest.lib.common.rest_client [req-ba3b6243-f36e-44b2-b371-cec8f4808260 req-ba3b6243-f36e-44b2-b371-cec8f4808260 ] Request (ServerDiagnosticsV248Test:test_get_server_diagnostics): 200 GET http://10.180.1.21/compute/v2.1/servers/9d474bd0-e825-49f2-9715-14d85495718e 0.429s
2024-10-15 17:44:49.609 63263 INFO tempest.lib.common.rest_client [req-275359e3-1f04-49b3-a33b-a7008feb6174 req-275359e3-1f04-49b3-a33b-a7008feb6174 ] Request (ServerExternalEventsTest:setUpClass): 201 POST http://10.180.1.21/identity/v3/auth/tokens 0.153s
2024-10-15 17:44:49.623 63305 INFO tempest.lib.common.rest_client [req-e7e9c14c-677f-419a-ab1c-1f43dc58bfd3 req-e7e9c14c-677f-419a-ab1c-1f43dc58bfd3 ] Request (ImagesNegativeTestJSON:setUpClass): 200 GET http://10.180.1.21/identity/v3/roles 0.103s
2024-10-15 17:44:49.670 63293 INFO tempest.lib.common.rest_client [req-3f14cf62-f1cd-4546-b926-bb1b5dce9d3d req-3f14cf62-f1cd-4546-b926-bb1b5dce9d3d ] Request (VolumesTestJSON:test_volume_list_param_offset_and_limit): 200 GET http://10.180.1.21/compute/v2.1/os-volumes 0.431s
2024-10-15 17:44:49.689 63263 INFO tempest.lib.common.rest_client [req-eeced50e-84e5-4adb-8d95-e93f282472ba req-eeced50e-84e5-4adb-8d95-e93f282472ba ] Request (ServerExternalEventsTest:setUpClass): 201 POST http://10.180.1.21/identity/v3/projects 0.080s
2024-10-15 17:44:49.800 63275 INFO tempest.lib.common.rest_client [req-23dfd6e2-57ad-4789-8a4f-6f6263a6fd48 req-23dfd6e2-57ad-4789-8a4f-6f6263a6fd48 ] Request (FlavorsAccessTestJSON:test_flavor_access_add_remove): 200 POST http://10.180.1.21/compute/v2.1/flavors/694696934/action 0.863s
2024-10-15 17:44:49.822 63305 INFO tempest.lib.common.rest_client [req-3be85314-426a-43a1-98cc-00ffed1e89f0 req-3be85314-426a-43a1-98cc-00ffed1e89f0 ] Request (ImagesNegativeTestJSON:setUpClass): 204 PUT http://10.180.1.21/identity/v3/projects/c2698b5193df491a93a62e91202b3fb3/users/16118a00939847db9f966f2942d3c2e6/roles/8c1866fd203c4f10aab65f760a26068d 0.198s
2024-10-15 17:44:49.822 63305 INFO tempest.lib.common.dynamic_creds [-] Dynamic test user 16118a00939847db9f966f2942d3c2e6 is created with scope project and roles: ['member']
2024-10-15 17:44:49.822 63305 INFO tempest.lib.common.dynamic_creds [-] Acquired dynamic creds: credentials: Credentials: {'domain_id': 'default', 'domain_name': 'Default', 'username': 'tempest-ImagesNegativeTestJSON-372851194-project-member', 'project_domain_id': 'default', 'project_domain_name': 'Default', 'project_id': 'c2698b5193df491a93a62e91202b3fb3', 'project_name': 'tempest-ImagesNegativeTestJSON-372851194', 'tenant_id': 'c2698b5193df491a93a62e91202b3fb3', 'tenant_name': 'tempest-ImagesNegativeTestJSON-372851194', 'user_domain_id': 'default', 'user_domain_name': 'Default', 'user_id': '16118a00939847db9f966f2942d3c2e6', 'system': None}, Network: None, Subnet: None, Router: None
2024-10-15 17:44:49.828 63291 INFO tempest.lib.common.rest_client [req-b2569ba5-ce30-4ca1-9484-0a46b0c0e323 req-b2569ba5-ce30-4ca1-9484-0a46b0c0e323 ] Request (ServerActionsTestOtherA:setUpClass): 200 GET http://10.180.1.21/compute/v2.1/servers/9f64a5ad-7852-4772-9b8c-2ec1537204f3 0.580s
2024-10-15 17:44:49.829 63263 INFO tempest.lib.common.rest_client [req-24a4596e-0bae-42c0-a189-2643b95fabb5 req-24a4596e-0bae-42c0-a189-2643b95fabb5 ] Request (ServerExternalEventsTest:setUpClass): 201 POST http://10.180.1.21/identity/v3/users 0.138s
2024-10-15 17:44:49.906 63263 INFO tempest.lib.common.rest_client [req-455980e4-e0b1-47a9-b423-d0fc9917fe03 req-455980e4-e0b1-47a9-b423-d0fc9917fe03 ] Request (ServerExternalEventsTest:setUpClass): 200 GET http://10.180.1.21/identity/v3/roles 0.077s
2024-10-15 17:44:49.923 63313 INFO tempest.lib.common.rest_client [req-a2e109b3-42b0-4c22-97d6-975d14f5c97a req-a2e109b3-42b0-4c22-97d6-975d14f5c97a ] Request (ServersAdminTestJSON:setUpClass): 200 GET http://10.180.1.21/compute/v2.1/servers/c76dfad0-2c67-4fe4-8c86-04ece5c80ea8 0.575s
2024-10-15 17:44:49.934 63263 INFO tempest.lib.common.rest_client [req-c6433d3f-f243-4742-869d-b453b1a7be3d req-c6433d3f-f243-4742-869d-b453b1a7be3d ] Request (ServerExternalEventsTest:setUpClass): 204 PUT http://10.180.1.21/identity/v3/projects/d6c02093f8854465b5ff7283eb913314/users/7c954e7c86b5410e87c22dd0713435db/roles/730c40318f184f59b95e2544b07d9a84 0.027s
2024-10-15 17:44:49.949 63305 INFO tempest.lib.common.rest_client [req-8fab7e68-bed9-4181-8c3d-4f02386a62ba req-8fab7e68-bed9-4181-8c3d-4f02386a62ba ] Request (ImagesNegativeTestJSON:setUpClass): 201 POST http://10.180.1.21/identity/v3/auth/tokens 0.126s
2024-10-15 17:44:49.949 63269 INFO tempest.lib.common.rest_client [req-1d8a8ab8-ad3f-41a0-b428-81fa8e6bcba3 req-1d8a8ab8-ad3f-41a0-b428-81fa8e6bcba3 ] Request (ImagesOneServerNegativeTestJSON:setUpClass): 200 GET http://10.180.1.21/compute/v2.1/servers/92280cdf-bad2-4893-9a37-706cb1bcbac4 0.673s
2024-10-15 17:44:49.951 63279 INFO tempest.lib.common.rest_client [req-fe570891-028d-4a30-8bda-341bbed42aee req-fe570891-028d-4a30-8bda-341bbed42aee ] Request (ServersTestBootFromVolume:setUpClass): 200 GET http://10.180.1.21/volume/v3/volumes/ced55d5f-05a4-4276-8b51-00b63b5231c9 0.038s
2024-10-15 17:44:49.979 63263 INFO tempest.lib.common.rest_client [req-805340b5-b595-44dd-8370-0c6571a5e9f6 req-805340b5-b595-44dd-8370-0c6571a5e9f6 ] Request (ServerExternalEventsTest:setUpClass): 200 GET http://10.180.1.21/identity/v3/roles 0.044s
2024-10-15 17:44:49.999 63263 INFO tempest.lib.common.rest_client [req-9fde4925-a582-46dc-b29c-1213e9e0f779 req-9fde4925-a582-46dc-b29c-1213e9e0f779 ] Request (ServerExternalEventsTest:setUpClass): 204 PUT http://10.180.1.21/identity/v3/projects/d6c02093f8854465b5ff7283eb913314/users/7c954e7c86b5410e87c22dd0713435db/roles/750d529b43154ea4822c1b565e69ddc7 0.020s
2024-10-15 17:44:49.999 63263 INFO tempest.lib.common.dynamic_creds [-] Dynamic test user 7c954e7c86b5410e87c22dd0713435db is created with scope project and roles: ['service', 'admin']
