2025-04-17 05:34:55.956 68934 INFO tempest.lib.common.rest_client [req-0033fc1c-f969-4be1-92f6-ad348c6b384c req-0033fc1c-f969-4be1-92f6-ad348c6b384c ] Request (TenantUsagesTestJSON:setUpClass): 200 GET http://10.180.1.21/compute/v2.1/servers/cc32959e-71ea-44cb-aebe-bf6a893ebb18 0.092s
2025-04-17 05:34:55.963 68910 INFO tempest.lib.common.rest_client [req-fae6dfa6-23ab-43e6-b050-8acdfb6ed920 req-fae6dfa6-23ab-43e6-b050-8acdfb6ed920 ] Request (ImagesOneServerNegativeTestJSON:setUpClass): 200 GET http://10.180.1.21/compute/v2.1/servers/704e4d83-19ef-493a-a374-dce0de95e975 0.087s
2025-04-17 05:34:56.002 68908 INFO tempest.lib.common.rest_client [req-1568e7f6-f4a8-4bb6-98a3-6844972fac09 req-1568e7f6-f4a8-4bb6-98a3-6844972fac09 ] Request (InstanceActionsNegativeTestJSON:setUpClass): 200 GET http://10.180.1.21/compute/v2.1/servers/ee6e18cd-9af2-4440-8336-9e1858c28709 0.078s
2025-04-17 05:34:56.057 68926 INFO tempest.lib.common.rest_client [req-0c433914-138c-400d-ac63-e59724477eec req-0c433914-138c-400d-ac63-e59724477eec ] Request (AttachInterfacesTestJSON:test_create_list_show_delete_interfaces_by_fixed_ip): 200 GET http://10.180.1.21/compute/v2.1/servers/53abf4e7-35ea-415b-8a90-a89442c475a1 0.091s
2025-04-17 05:34:56.106 68898 INFO tempest.lib.common.rest_client [req-b2797705-6df7-43fa-8033-cfa54955b513 req-b2797705-6df7-43fa-8033-cfa54955b513 ] Request (FloatingIPsAssociationTestJSON:setUpClass): 200 GET http://10.180.1.21/compute/v2.1/servers/71b1ebba-2019-4378-9bd2-98a7559c22e8 0.098s
2025-04-17 05:34:56.117 68900 INFO tempest.lib.common.rest_client [req-3fef8864-8478-4fe5-affc-3fcc9c1d7b15 req-3fef8864-8478-4fe5-affc-3fcc9c1d7b15 ] Request (ServerDiskConfigTestJSON:test_rebuild_server_with_auto_disk_config): 200 GET http://10.180.1.21/compute/v2.1/servers/6eef6e24-cf49-458b-ae37-8da4e02045f8 0.156s
2025-04-17 05:34:56.152 68958 INFO tempest.lib.common.rest_client [req-17c37967-5852-43e6-b4fb-ceb8e9573164 req-17c37967-5852-43e6-b4fb-ceb8e9573164 ] Request (ServerShowV254Test:test_rebuild_server): 200 GET http://10.180.1.21/compute/v2.1/servers/9d10a63c-4c97-48c3-aca8-fd317aa2fbe7 0.133s
2025-04-17 05:34:56.164 68922 INFO tempest.lib.common.rest_client [req-9de115bb-8aa1-4500-9683-7583386242a9 req-9de115bb-8aa1-4500-9683-7583386242a9 ] Request (ServersAaction247Test:test_create_backup): 200 GET http://10.180.1.21/compute/v2.1/servers/f6f64438-8279-4ff4-ab80-efd1e17d7e04 0.108s
2025-04-17 05:34:56.315 68916 INFO tempest.lib.common.rest_client [req-7bf0b974-e056-4c04-bd33-fead1d5ec089 req-7bf0b974-e056-4c04-bd33-fead1d5ec089 ] Request (ServerExternalEventsTest:test_create_server_external_events): 200 GET http://10.180.1.21/compute/v2.1/servers/e6b6cbdd-11d6-44a6-8da7-98e0f52cef67 0.056s
2025-04-17 05:34:56.365 68956 INFO tempest.lib.common.rest_client [req-abfd79bf-4ce5-4592-ac37-60fd0cceeb7e req-abfd79bf-4ce5-4592-ac37-60fd0cceeb7e ] Request (ImagesNegativeTestJSON:test_create_image_from_deleted_server): 200 GET http://10.180.1.21/compute/v2.1/servers/e6e6c910-9485-48b0-bffa-4534cd7f87d4 0.046s
2025-04-17 05:34:56.369 68942 INFO tempest.lib.common.rest_client [req-363dba2d-3161-44a7-84e0-28d93c2ac31c req-363dba2d-3161-44a7-84e0-28d93c2ac31c ] Request (ServerPasswordTestJSON:setUpClass): 200 GET http://10.180.1.21/compute/v2.1/servers/b95883b2-0366-4f52-bdf2-aa6259fafc58 0.106s
2025-04-17 05:34:56.422 68944 INFO tempest.lib.common.rest_client [req-9cad2030-b1b0-4990-92e1-b671461f0201 req-9cad2030-b1b0-4990-92e1-b671461f0201 ] Request (ServerAddressesTestJSON:setUpClass): 200 GET http://10.180.1.21/compute/v2.1/servers/8d0a643a-96c5-4d47-aa2a-9f777e80c259 0.057s
2025-04-17 05:34:56.469 68952 INFO tempest.lib.common.rest_client [req-e95071ed-244f-44e1-bfd1-73850ddbdb91 req-e95071ed-244f-44e1-bfd1-73850ddbdb91 ] Request (VolumesAdminNegativeTest:test_update_attached_volume_with_nonexistent_volume_in_body): 200 GET http://10.180.1.21/compute/v2.1/servers/152f9e1d-dd1b-486f-94b8-8202c0f2d335 0.051s
2025-04-17 05:34:56.472 68914 INFO tempest.lib.common.rest_client [req-e7143687-70e4-455b-b9d2-bb6b8955e092 req-e7143687-70e4-455b-b9d2-bb6b8955e092 ] Request (ServerDiagnosticsNegativeTest:test_get_server_diagnostics_by_non_admin): 200 GET http://10.180.1.21/compute/v2.1/servers/c507115c-92a0-4513-aae8-7dc8f95bc0ea 0.107s
2025-04-17 05:34:56.516 68946 INFO tempest.lib.common.rest_client [req-124c4055-9acf-4ab4-9f28-c7816d84d51d req-124c4055-9acf-4ab4-9f28-c7816d84d51d ] Request (ListServerFiltersTestJSON:setUpClass): 200 GET http://10.180.1.21/compute/v2.1/servers/b27ace75-e2fa-4acc-96cb-88dd49b89de5 0.097s
2025-04-17 05:34:56.524 68954 INFO tempest.lib.common.rest_client [req-e0f18755-b0b1-4420-87a0-cd3084f4dec6 req-e0f18755-b0b1-4420-87a0-cd3084f4dec6 ] Request (MigrationsAdminTest:test_list_migrations_in_flavor_resize_situation): 200 GET http://10.180.1.21/compute/v2.1/servers/dae068af-0c54-4715-bdc3-ecfd018b6294 0.053s
2025-04-17 05:34:56.559 68929 INFO tempest.lib.common.rest_client [req-c4b5a354-63ec-4944-a3de-7a96d7514bd4 req-c4b5a354-63ec-4944-a3de-7a96d7514bd4 ] Request (ServerDiagnosticsV248Test:test_get_server_diagnostics): 200 GET http://10.180.1.21/compute/v2.1/servers/3b95678b-dfc5-4610-a51e-2ae12fbe274b 0.085s
2025-04-17 05:34:56.571 68940 INFO tempest.lib.common.rest_client [req-6d97ef83-3e78-4299-b02a-e09a25861b74 req-6d97ef83-3e78-4299-b02a-e09a25861b74 ] Request (ServersTestMultiNic:test_verify_duplicate_network_nics): 200 GET http://10.180.1.21/compute/v2.1/servers/1ec954d1-1bc9-4db3-9a48-7da759cebf21 0.043s
2025-04-17 05:34:56.637 68904 INFO tempest.lib.common.rest_client [req-fa7704c7-061e-440c-8bba-3b578a9fedf4 req-fa7704c7-061e-440c-8bba-3b578a9fedf4 ] Request (InstanceActionsTestJSON:setUpClass): 200 GET http://10.180.1.21/compute/v2.1/servers/f2bef6cc-f5e2-41a8-b377-31f016746257 0.060s
2025-04-17 05:34:56.679 68938 INFO tempest.lib.common.rest_client [req-512b35ca-dce4-405d-b1cc-ca64d491cad6 req-512b35ca-dce4-405d-b1cc-ca64d491cad6 ] Request (SecurityGroupsTestJSON:test_list_security_groups_by_server): 200 GET http://10.180.1.21/compute/v2.1/servers/a43cf82a-c969-47eb-b8dc-d7fe7f7870d3 0.055s
2025-04-17 05:34:56.687 68936 INFO tempest.lib.common.rest_client [req-c16fd860-dc8b-486a-af01-b4878953a8cc req-c16fd860-dc8b-486a-af01-b4878953a8cc ] Request (ServersAdminNegativeTestJSON:setUpClass): 200 GET http://10.180.1.21/compute/v2.1/servers/050e2b27-1311-4a9a-b5cf-6bc2f7128eba 0.109s
2025-04-17 05:34:56.733 68930 INFO tempest.lib.common.rest_client [req-c8db21f9-a916-4e1a-a2ca-6ce5034fbb51 req-c8db21f9-a916-4e1a-a2ca-6ce5034fbb51 ] Request (VolumesAssistedSnapshotsTest:test_volume_assisted_snapshot_create_delete): 200 GET http://10.180.1.21/compute/v2.1/servers/7d51d3c0-12fd-4118-80c6-16c1cca346db 0.102s
2025-04-17 05:34:56.734 68918 INFO tempest.lib.common.rest_client [req-206daad2-f45a-4a1d-970c-a327db10cfae req-206daad2-f45a-4a1d-970c-a327db10cfae ] Request (ImagesTestJSON:test_create_image_from_stopped_server): 200 GET http://10.180.1.21/compute/v2.1/servers/df9a6dc4-abb5-4855-ac4f-5479dd0b6498 0.066s
2025-04-17 05:34:56.779 68906 INFO tempest.lib.common.rest_client [req-33ed4fe4-80b6-4051-8883-5b5c4216ab47 req-33ed4fe4-80b6-4051-8883-5b5c4216ab47 ] Request (ServersTestJSON:setUpClass): 200 GET http://10.180.1.21/compute/v2.1/servers/6341f8b6-9f42-4ab2-806f-dbad62de5376 0.099s
2025-04-17 05:34:56.838 68948 INFO tempest.lib.common.rest_client [req-f4b99b93-b37a-4372-b314-86d9d85fe41a req-f4b99b93-b37a-4372-b314-86d9d85fe41a ] Request (ServerTagsTestJSON:setUpClass): 200 GET http://10.180.1.21/compute/v2.1/servers/b5707ff5-916e-49ce-9aac-9a08ac51bdf2 0.087s
2025-04-17 05:34:56.885 68920 INFO tempest.lib.common.rest_client [req-878de8ab-2e83-4196-a4ee-c0bf87099751 req-878de8ab-2e83-4196-a4ee-c0bf87099751 ] Request (ServersWithSpecificFlavorTestJSON:test_verify_created_server_ephemeral_disk): 200 GET http://10.180.1.21/compute/v2.1/servers/40c6521b-51d9-45cf-959c-21e4f3da7eb9 0.058s
2025-04-17 05:34:56.923 68932 INFO tempest.lib.common.rest_client [req-8a7f3046-232c-4fa0-8a63-86a715032ca5 req-8a7f3046-232c-4fa0-8a63-86a715032ca5 ] Request (ServerDiagnosticsTest:test_get_server_diagnostics): 200 GET http://10.180.1.21/compute/v2.1/servers/6300077d-5aa7-4794-8ba2-1ec30151c15c 0.104s
2025-04-17 05:34:56.928 68924 INFO tempest.lib.common.rest_client [req-35c76e04-0a74-4132-be61-b57668bb8214 req-35c76e04-0a74-4132-be61-b57668bb8214 ] Request (DeleteServersTestJSON:test_delete_active_server): 200 GET http://10.180.1.21/compute/v2.1/servers/995585f5-57a4-4ba6-9e28-18a086af264c 0.052s
2025-04-17 05:34:56.970 68902 INFO tempest.lib.common.rest_client [req-bd181162-2b03-45cf-9959-6d077c761775 req-bd181162-2b03-45cf-9959-6d077c761775 ] Request (ServersTestBootFromVolume:setUpClass): 200 GET http://10.180.1.21/compute/v2.1/servers/fe74e8d8-e439-4834-9721-08d9e64c7740 0.051s
2025-04-17 05:34:57.017 68934 INFO tempest.lib.common.rest_client [req-57657665-4cba-44fe-b9eb-02fa617457b4 req-57657665-4cba-44fe-b9eb-02fa617457b4 ] Request (TenantUsagesTestJSON:setUpClass): 200 GET http://10.180.1.21/compute/v2.1/servers/cc32959e-71ea-44cb-aebe-bf6a893ebb18 0.054s
2025-04-17 05:34:57.030 68912 INFO tempest.lib.common.rest_client [req-e17b2633-b6a7-40af-815e-aa9eb98d2901 req-e17b2633-b6a7-40af-815e-aa9eb98d2901 ] Request (ImagesOneServerTestJSON:setUpClass): 200 GET http://10.180.1.21/compute/v2.1/servers/5f4991a3-c34b-45b1-a3af-94d7d990eef1 0.108s
2025-04-17 05:34:57.058 68910 INFO tempest.lib.common.rest_client [req-21a6809c-f3dd-4fba-91f0-fd724b04ebbc req-21a6809c-f3dd-4fba-91f0-fd724b04ebbc ] Request (ImagesOneServerNegativeTestJSON:setUpClass): 200 GET http://10.180.1.21/compute/v2.1/servers/704e4d83-19ef-493a-a374-dce0de95e975 0.087s
2025-04-17 05:34:57.072 68908 INFO tempest.lib.common.rest_client [req-a46a4f74-eb11-4493-871e-bb78a734508d req-a46a4f74-eb11-4493-871e-bb78a734508d ] Request (InstanceActionsNegativeTestJSON:setUpClass): 200 GET http://10.180.1.21/compute/v2.1/servers/ee6e18cd-9af2-4440-8336-9e1858c28709 0.061s
2025-04-17 05:34:57.111 68926 INFO tempest.lib.common.rest_client [req-2b321585-767a-4078-b563-89da436462e2 req-2b321585-767a-4078-b563-89da436462e2 ] Request (AttachInterfacesTestJSON:test_create_list_show_delete_interfaces_by_fixed_ip): 200 GET http://10.180.1.21/compute/v2.1/servers/53abf4e7-35ea-415b-8a90-a89442c475a1 0.045s
2025-04-17 05:34:57.159 68898 INFO tempest.lib.common.rest_client [req-2e49e1de-eda2-4a6d-a520-1bd259e058d5 req-2e49e1de-eda2-4a6d-a520-1bd259e058d5 ] Request (FloatingIPsAssociationTestJSON:setUpClass): 200 GET http://10.180.1.21/compute/v2.1/servers/71b1ebba-2019-4378-9bd2-98a7559c22e8 0.046s
2025-04-17 05:34:57.211 68958 INFO tempest.lib.common.rest_client [req-f3536115-90bb-4385-91a0-ca5134a13a63 req-f3536115-90bb-4385-91a0-ca5134a13a63 ] Request (ServerShowV254Test:test_rebuild_server): 200 GET http://10.180.1.21/compute/v2.1/servers/9d10a63c-4c97-48c3-aca8-fd317aa2fbe7 0.051s
2025-04-17 05:34:57.227 68900 INFO tempest.lib.common.rest_client [req-7e452327-6cd2-4ad2-83a9-19e7977790b5 req-7e452327-6cd2-4ad2-83a9-19e7977790b5 ] Request (ServerDiskConfigTestJSON:test_rebuild_server_with_auto_disk_config): 200 GET http://10.180.1.21/compute/v2.1/servers/6eef6e24-cf49-458b-ae37-8da4e02045f8 0.102s
2025-04-17 05:34:57.259 68922 INFO tempest.lib.common.rest_client [req-6817b6fd-077e-4e53-8354-38fb3a92e88c req-6817b6fd-077e-4e53-8354-38fb3a92e88c ] Request (ServersAaction247Test:test_create_backup): 200 GET http://10.180.1.21/compute/v2.1/servers/f6f64438-8279-4ff4-ab80-efd1e17d7e04 0.084s
2025-04-17 05:34:57.370 68916 INFO tempest.lib.common.rest_client [req-b277a330-d22f-4c14-8038-27bcbcb9b040 req-b277a330-d22f-4c14-8038-27bcbcb9b040 ] Request (ServerExternalEventsTest:test_create_server_external_events): 200 GET http://10.180.1.21/compute/v2.1/servers/e6b6cbdd-11d6-44a6-8da7-98e0f52cef67 0.047s
2025-04-17 05:34:57.422 68956 INFO tempest.lib.common.rest_client [req-977a6448-a78b-43b3-9416-07be5d78b89f req-977a6448-a78b-43b3-9416-07be5d78b89f ] Request (ImagesNegativeTestJSON:test_create_image_from_deleted_server): 200 GET http://10.180.1.21/compute/v2.1/servers/e6e6c910-9485-48b0-bffa-4534cd7f87d4 0.049s
2025-04-17 05:34:57.478 68944 INFO tempest.lib.common.rest_client [req-691593cd-3579-4b8c-9c83-bb5b66e5c3e0 req-691593cd-3579-4b8c-9c83-bb5b66e5c3e0 ] Request (ServerAddressesTestJSON:setUpClass): 200 GET http://10.180.1.21/compute/v2.1/servers/8d0a643a-96c5-4d47-aa2a-9f777e80c259 0.048s
2025-04-17 05:34:57.531 68952 INFO tempest.lib.common.rest_client [req-ad679a84-c587-446f-9b10-aaaa5942d5b6 req-ad679a84-c587-446f-9b10-aaaa5942d5b6 ] Request (VolumesAdminNegativeTest:test_update_attached_volume_with_nonexistent_volume_in_body): 200 GET http://10.180.1.21/compute/v2.1/servers/152f9e1d-dd1b-486f-94b8-8202c0f2d335 0.054s
2025-04-17 05:34:57.534 68942 INFO tempest.lib.common.rest_client [req-2d900354-cd03-4f8b-9697-a42ee962e16f req-2d900354-cd03-4f8b-9697-a42ee962e16f ] Request (ServerPasswordTestJSON:setUpClass): 200 GET http://10.180.1.21/compute/v2.1/servers/b95883b2-0366-4f52-bdf2-aa6259fafc58 0.158s
2025-04-17 05:34:57.589 68946 INFO tempest.lib.common.rest_client [req-f9a31076-aab6-4566-8301-66ef6f8fdc7d req-f9a31076-aab6-4566-8301-66ef6f8fdc7d ] Request (ListServerFiltersTestJSON:setUpClass): 200 GET http://10.180.1.21/compute/v2.1/servers/b27ace75-e2fa-4acc-96cb-88dd49b89de5 0.064s
2025-04-17 05:34:57.633 68954 INFO tempest.lib.common.rest_client [req-7c9c9bbc-e510-43db-a202-005d262b6820 req-7c9c9bbc-e510-43db-a202-005d262b6820 ] Request (MigrationsAdminTest:test_list_migrations_in_flavor_resize_situation): 200 GET http://10.180.1.21/compute/v2.1/servers/dae068af-0c54-4715-bdc3-ecfd018b6294 0.101s
2025-04-17 05:34:57.636 68914 INFO tempest.lib.common.rest_client [req-20317a30-45ce-4df2-a30e-e8c2a0b0a38e req-20317a30-45ce-4df2-a30e-e8c2a0b0a38e ] Request (ServerDiagnosticsNegativeTest:test_get_server_diagnostics_by_non_admin): 200 GET http://10.180.1.21/compute/v2.1/servers/c507115c-92a0-4513-aae8-7dc8f95bc0ea 0.156s
2025-04-17 05:34:57.687 68929 INFO tempest.lib.common.rest_client [req-38a0d570-e38b-49cf-90f0-0fde0c9e14f2 req-38a0d570-e38b-49cf-90f0-0fde0c9e14f2 ] Request (ServerDiagnosticsV248Test:test_get_server_diagnostics): 200 GET http://10.180.1.21/compute/v2.1/servers/3b95678b-dfc5-4610-a51e-2ae12fbe274b 0.119s
2025-04-17 05:34:57.694 68940 INFO tempest.lib.common.rest_client [req-91d4d544-b81a-4197-90b1-dfba4065b94d req-91d4d544-b81a-4197-90b1-dfba4065b94d ] Request (ServersTestMultiNic:test_verify_duplicate_network_nics): 200 GET http://10.180.1.21/compute/v2.1/servers/1ec954d1-1bc9-4db3-9a48-7da759cebf21 0.116s
2025-04-17 05:34:57.736 68904 INFO tempest.lib.common.rest_client [req-ba773774-7634-4e5c-b15c-116e232b3877 req-ba773774-7634-4e5c-b15c-116e232b3877 ] Request (InstanceActionsTestJSON:setUpClass): 200 GET http://10.180.1.21/compute/v2.1/servers/f2bef6cc-f5e2-41a8-b377-31f016746257 0.091s
2025-04-17 05:34:57.743 68938 INFO tempest.lib.common.rest_client [req-d73b70db-a593-45ba-878f-d28cf1637865 req-d73b70db-a593-45ba-878f-d28cf1637865 ] Request (SecurityGroupsTestJSON:test_list_security_groups_by_server): 200 GET http://10.180.1.21/compute/v2.1/servers/a43cf82a-c969-47eb-b8dc-d7fe7f7870d3 0.055s
2025-04-17 05:34:57.795 68930 INFO tempest.lib.common.rest_client [req-7217ce34-3412-43a9-ac24-4649057d0f33 req-7217ce34-3412-43a9-ac24-4649057d0f33 ] Request (VolumesAssistedSnapshotsTest:test_volume_assisted_snapshot_create_delete): 200 GET http://10.180.1.21/compute/v2.1/servers/7d51d3c0-12fd-4118-80c6-16c1cca346db 0.054s
2025-04-17 05:34:57.841 68918 INFO tempest.lib.common.rest_client [req-cfbe0389-2528-48fc-a777-eed1531e1149 req-cfbe0389-2528-48fc-a777-eed1531e1149 ] Request (ImagesTestJSON:test_create_image_from_stopped_server): 200 GET http://10.180.1.21/compute/v2.1/servers/df9a6dc4-abb5-4855-ac4f-5479dd0b6498 0.099s
2025-04-17 05:34:57.844 68936 INFO tempest.lib.common.rest_client [req-1e991601-e2ce-486f-aa51-11ddc0068ae8 req-1e991601-e2ce-486f-aa51-11ddc0068ae8 ] Request (ServersAdminNegativeTestJSON:setUpClass): 200 GET http://10.180.1.21/compute/v2.1/servers/050e2b27-1311-4a9a-b5cf-6bc2f7128eba 0.148s
2025-04-17 05:34:57.883 68906 INFO tempest.lib.common.rest_client [req-6ce57db1-fe80-4f08-a814-cb38a3960763 req-6ce57db1-fe80-4f08-a814-cb38a3960763 ] Request (ServersTestJSON:setUpClass): 200 GET http://10.180.1.21/compute/v2.1/servers/6341f8b6-9f42-4ab2-806f-dbad62de5376 0.096s
2025-04-17 05:34:57.940 68920 INFO tempest.lib.common.rest_client [req-35937d11-ca73-4994-b58e-97a5ab76f33d req-35937d11-ca73-4994-b58e-97a5ab76f33d ] Request (ServersWithSpecificFlavorTestJSON:test_verify_created_server_ephemeral_disk): 200 GET http://10.180.1.21/compute/v2.1/servers/40c6521b-51d9-45cf-959c-21e4f3da7eb9 0.048s
2025-04-17 05:34:57.947 68948 INFO tempest.lib.common.rest_client [req-4d2072e5-2839-4ed0-b6d4-e8bf27d6bcb8 req-4d2072e5-2839-4ed0-b6d4-e8bf27d6bcb8 ] Request (ServerTagsTestJSON:setUpClass): 200 GET http://10.180.1.21/compute/v2.1/servers/b5707ff5-916e-49ce-9aac-9a08ac51bdf2 0.100s
2025-04-17 05:34:58.168 68924 INFO tempest.lib.common.rest_client [req-91e72487-8602-449f-b556-a7081faac665 req-91e72487-8602-449f-b556-a7081faac665 ] Request (DeleteServersTestJSON:test_delete_active_server): 200 GET http://10.180.1.21/compute/v2.1/servers/995585f5-57a4-4ba6-9e28-18a086af264c 0.232s
2025-04-17 05:34:58.208 68932 INFO tempest.lib.common.rest_client [req-9ca7c2ae-6283-4b05-b38a-fcc2a0481a4f req-9ca7c2ae-6283-4b05-b38a-fcc2a0481a4f ] Request (ServerDiagnosticsTest:test_get_server_diagnostics): 200 GET http://10.180.1.21/compute/v2.1/servers/6300077d-5aa7-4794-8ba2-1ec30151c15c 0.277s
2025-04-17 05:34:58.215 68902 INFO tempest.lib.common.rest_client [req-52b93348-cb42-45ac-8216-f8a10524bb5e req-52b93348-cb42-45ac-8216-f8a10524bb5e ] Request (ServersTestBootFromVolume:setUpClass): 200 GET http://10.180.1.21/compute/v2.1/servers/fe74e8d8-e439-4834-9721-08d9e64c7740 0.236s
2025-04-17 05:34:58.254 68934 INFO tempest.lib.common.rest_client [req-5ad99259-260a-4295-91be-f65efc772452 req-5ad99259-260a-4295-91be-f65efc772452 ] Request (TenantUsagesTestJSON:setUpClass): 200 GET http://10.180.1.21/compute/v2.1/servers/cc32959e-71ea-44cb-aebe-bf6a893ebb18 0.230s
2025-04-17 05:34:58.306 68910 INFO tempest.lib.common.rest_client [req-c0e7bc3d-0673-4309-901f-cfe14be896e0 req-c0e7bc3d-0673-4309-901f-cfe14be896e0 ] Request (ImagesOneServerNegativeTestJSON:setUpClass): 200 GET http://10.180.1.21/compute/v2.1/servers/704e4d83-19ef-493a-a374-dce0de95e975 0.240s
2025-04-17 05:34:58.320 68912 INFO tempest.lib.common.rest_client [req-fe3315f5-f4a7-40b5-a11b-4393e5c5fb81 req-fe3315f5-f4a7-40b5-a11b-4393e5c5fb81 ] Request (ImagesOneServerTestJSON:setUpClass): 200 GET http://10.180.1.21/compute/v2.1/servers/5f4991a3-c34b-45b1-a3af-94d7d990eef1 0.282s
2025-04-17 05:34:58.356 68908 INFO tempest.lib.common.rest_client [req-d4894202-4631-4607-9cab-10984332bf67 req-d4894202-4631-4607-9cab-10984332bf67 ] Request (InstanceActionsNegativeTestJSON:setUpClass): 200 GET http://10.180.1.21/compute/v2.1/servers/ee6e18cd-9af2-4440-8336-9e1858c28709 0.276s
2025-04-17 05:34:58.365 68926 INFO tempest.lib.common.rest_client [req-a83a34a1-790a-40f7-906a-8f302f41122d req-a83a34a1-790a-40f7-906a-8f302f41122d ] Request (AttachInterfacesTestJSON:test_create_list_show_delete_interfaces_by_fixed_ip): 200 GET http://10.180.1.21/compute/v2.1/servers/53abf4e7-35ea-415b-8a90-a89442c475a1 0.246s
2025-04-17 05:34:58.403 68898 INFO tempest.lib.common.rest_client [req-0f4e3e99-1f57-4435-8344-44862ec3a5e0 req-0f4e3e99-1f57-4435-8344-44862ec3a5e0 ] Request (FloatingIPsAssociationTestJSON:setUpClass): 200 GET http://10.180.1.21/compute/v2.1/servers/71b1ebba-2019-4378-9bd2-98a7559c22e8 0.237s
2025-04-17 05:34:58.418 68958 INFO tempest.lib.common.rest_client [req-a46b3edc-3ef8-4044-bada-c1dbad42b7d0 req-a46b3edc-3ef8-4044-bada-c1dbad42b7d0 ] Request (ServerShowV254Test:test_rebuild_server): 200 GET http://10.180.1.21/compute/v2.1/servers/9d10a63c-4c97-48c3-aca8-fd317aa2fbe7 0.198s
2025-04-17 05:34:58.465 68922 INFO tempest.lib.common.rest_client [req-eeeaa1c4-59ac-4a60-beec-d1366438661f req-eeeaa1c4-59ac-4a60-beec-d1366438661f ] Request (ServersAaction247Test:test_create_backup): 200 GET http://10.180.1.21/compute/v2.1/servers/f6f64438-8279-4ff4-ab80-efd1e17d7e04 0.197s
2025-04-17 05:34:58.504 68900 INFO tempest.lib.common.rest_client [req-c5182a3b-31ba-4253-b951-7ae88a897b14 req-c5182a3b-31ba-4253-b951-7ae88a897b14 ] Request (ServerDiskConfigTestJSON:test_rebuild_server_with_auto_disk_config): 200 GET http://10.180.1.21/compute/v2.1/servers/6eef6e24-cf49-458b-ae37-8da4e02045f8 0.267s
2025-04-17 05:34:58.510 68916 INFO tempest.lib.common.rest_client [req-775c078b-9fab-43ff-92dc-b76c6d811d7e req-775c078b-9fab-43ff-92dc-b76c6d811d7e ] Request (ServerExternalEventsTest:test_create_server_external_events): 200 GET http://10.180.1.21/compute/v2.1/servers/e6b6cbdd-11d6-44a6-8da7-98e0f52cef67 0.132s
2025-04-17 05:34:58.551 68956 INFO tempest.lib.common.rest_client [req-4a251170-6c88-4aa0-83d9-2a8659fda507 req-4a251170-6c88-4aa0-83d9-2a8659fda507 ] Request (ImagesNegativeTestJSON:test_create_image_from_deleted_server): 200 GET http://10.180.1.21/compute/v2.1/servers/e6e6c910-9485-48b0-bffa-4534cd7f87d4 0.121s
2025-04-17 05:34:58.560 68944 INFO tempest.lib.common.rest_client [req-9c288e6a-4196-4445-a55b-365f41f57bea req-9c288e6a-4196-4445-a55b-365f41f57bea ] Request (ServerAddressesTestJSON:setUpClass): 200 GET http://10.180.1.21/compute/v2.1/servers/8d0a643a-96c5-4d47-aa2a-9f777e80c259 0.074s
2025-04-17 05:34:58.593 68952 INFO tempest.lib.common.rest_client [req-9f1a3cfc-d36b-4e2f-9cc5-3db33a552dd9 req-9f1a3cfc-d36b-4e2f-9cc5-3db33a552dd9 ] Request (VolumesAdminNegativeTest:test_update_attached_volume_with_nonexistent_volume_in_body): 200 GET http://10.180.1.21/compute/v2.1/servers/152f9e1d-dd1b-486f-94b8-8202c0f2d335 0.054s
2025-04-17 05:34:58.644 68946 INFO tempest.lib.common.rest_client [req-6d564673-c455-4a67-b257-e49856c7fc9b req-6d564673-c455-4a67-b257-e49856c7fc9b ] Request (ListServerFiltersTestJSON:setUpClass): 200 GET http://10.180.1.21/compute/v2.1/servers/b27ace75-e2fa-4acc-96cb-88dd49b89de5 0.047s
2025-04-17 05:34:58.658 68942 INFO tempest.lib.common.rest_client [req-49c435a9-d77a-447a-aae3-84f0614f4eb1 req-49c435a9-d77a-447a-aae3-84f0614f4eb1 ] Request (ServerPasswordTestJSON:setUpClass): 200 GET http://10.180.1.21/compute/v2.1/servers/b95883b2-0366-4f52-bdf2-aa6259fafc58 0.115s
2025-04-17 05:34:58.687 68954 INFO tempest.lib.common.rest_client [req-29ed114e-6e49-49f4-87df-e2ced4910ba6 req-29ed114e-6e49-49f4-87df-e2ced4910ba6 ] Request (MigrationsAdminTest:test_list_migrations_in_flavor_resize_situation): 200 GET http://10.180.1.21/compute/v2.1/servers/dae068af-0c54-4715-bdc3-ecfd018b6294 0.047s
2025-04-17 05:34:58.749 68929 INFO tempest.lib.common.rest_client [req-7aa4b33f-c0ac-484d-b586-ccb9077372dd req-7aa4b33f-c0ac-484d-b586-ccb9077372dd ] Request (ServerDiagnosticsV248Test:test_get_server_diagnostics): 200 GET http://10.180.1.21/compute/v2.1/servers/3b95678b-dfc5-4610-a51e-2ae12fbe274b 0.052s
2025-04-17 05:34:58.755 68914 INFO tempest.lib.common.rest_client [req-ef928473-fea0-4464-b6f4-37cdd277979e req-ef928473-fea0-4464-b6f4-37cdd277979e ] Request (ServerDiagnosticsNegativeTest:test_get_server_diagnostics_by_non_admin): 200 GET http://10.180.1.21/compute/v2.1/servers/c507115c-92a0-4513-aae8-7dc8f95bc0ea 0.109s
2025-04-17 05:34:58.800 68940 INFO tempest.lib.common.rest_client [req-4e341ee0-07ee-4f92-8e09-d9300edb171c req-4e341ee0-07ee-4f92-8e09-d9300edb171c ] Request (ServersTestMultiNic:test_verify_duplicate_network_nics): 200 GET http://10.180.1.21/compute/v2.1/servers/1ec954d1-1bc9-4db3-9a48-7da759cebf21 0.098s
2025-04-17 05:34:58.807 68904 INFO tempest.lib.common.rest_client [req-16d0224c-619e-4c22-a262-0f16205ab86d req-16d0224c-619e-4c22-a262-0f16205ab86d ] Request (InstanceActionsTestJSON:setUpClass): 200 GET http://10.180.1.21/compute/v2.1/servers/f2bef6cc-f5e2-41a8-b377-31f016746257 0.063s
2025-04-17 05:34:58.859 68930 INFO tempest.lib.common.rest_client [req-cc4bcd28-488b-456d-beac-e74b34306f8c req-cc4bcd28-488b-456d-beac-e74b34306f8c ] Request (VolumesAssistedSnapshotsTest:test_volume_assisted_snapshot_create_delete): 200 GET http://10.180.1.21/compute/v2.1/servers/7d51d3c0-12fd-4118-80c6-16c1cca346db 0.057s
2025-04-17 05:34:58.866 68938 INFO tempest.lib.common.rest_client [req-8370681c-41dc-4bb0-afbd-582e855c1181 req-8370681c-41dc-4bb0-afbd-582e855c1181 ] Request (SecurityGroupsTestJSON:test_list_security_groups_by_server): 200 GET http://10.180.1.21/compute/v2.1/servers/a43cf82a-c969-47eb-b8dc-d7fe7f7870d3 0.116s
2025-04-17 05:34:58.902 68918 INFO tempest.lib.common.rest_client [req-3abb6ff2-7a40-439b-a867-ad875aa6a817 req-3abb6ff2-7a40-439b-a867-ad875aa6a817 ] Request (ImagesTestJSON:test_create_image_from_stopped_server): 200 GET http://10.180.1.21/compute/v2.1/servers/df9a6dc4-abb5-4855-ac4f-5479dd0b6498 0.053s
2025-04-17 05:34:58.945 68906 INFO tempest.lib.common.rest_client [req-858f1e75-397a-4b8b-acb5-2c1eb826043f req-858f1e75-397a-4b8b-acb5-2c1eb826043f ] Request (ServersTestJSON:setUpClass): 200 GET http://10.180.1.21/compute/v2.1/servers/6341f8b6-9f42-4ab2-806f-dbad62de5376 0.054s
2025-04-17 05:34:58.965 68936 INFO tempest.lib.common.rest_client [req-edd599d3-1f5b-4dd9-886e-08ebe016dd7d req-edd599d3-1f5b-4dd9-886e-08ebe016dd7d ] Request (ServersAdminNegativeTestJSON:setUpClass): 200 GET http://10.180.1.21/compute/v2.1/servers/050e2b27-1311-4a9a-b5cf-6bc2f7128eba 0.113s
2025-04-17 05:34:58.994 68920 INFO tempest.lib.common.rest_client [req-164a3ebf-18c9-4e51-85f1-38b3d641a4d4 req-164a3ebf-18c9-4e51-85f1-38b3d641a4d4 ] Request (ServersWithSpecificFlavorTestJSON:test_verify_created_server_ephemeral_disk): 200 GET http://10.180.1.21/compute/v2.1/servers/40c6521b-51d9-45cf-959c-21e4f3da7eb9 0.046s
2025-04-17 05:34:59.088 68948 INFO tempest.lib.common.rest_client [req-f0d5c928-3fc3-4afc-a8a5-025ba85b219d req-f0d5c928-3fc3-4afc-a8a5-025ba85b219d ] Request (ServerTagsTestJSON:setUpClass): 200 GET http://10.180.1.21/compute/v2.1/servers/b5707ff5-916e-49ce-9aac-9a08ac51bdf2 0.131s
2025-04-17 05:34:59.223 68924 INFO tempest.lib.common.rest_client [req-892ecfaf-feae-4c52-ab63-be4f37cf2409 req-892ecfaf-feae-4c52-ab63-be4f37cf2409 ] Request (DeleteServersTestJSON:test_delete_active_server): 200 GET http://10.180.1.21/compute/v2.1/servers/995585f5-57a4-4ba6-9e28-18a086af264c 0.047s
2025-04-17 05:34:59.281 68902 INFO tempest.lib.common.rest_client [req-fdf6c4d0-1e96-4292-bc30-384dc6533cdb req-fdf6c4d0-1e96-4292-bc30-384dc6533cdb ] Request (ServersTestBootFromVolume:setUpClass): 200 GET http://10.180.1.21/compute/v2.1/servers/fe74e8d8-e439-4834-9721-08d9e64c7740 0.057s
2025-04-17 05:34:59.325 68934 INFO tempest.lib.common.rest_client [req-8624d07e-f08d-4a81-9b35-c7f2ad787766 req-8624d07e-f08d-4a81-9b35-c7f2ad787766 ] Request (TenantUsagesTestJSON:setUpClass): 200 GET http://10.180.1.21/compute/v2.1/servers/cc32959e-71ea-44cb-aebe-bf6a893ebb18 0.064s
2025-04-17 05:34:59.389 68910 INFO tempest.lib.common.rest_client [req-b569fe06-102c-417c-93dd-297be5017823 req-b569fe06-102c-417c-93dd-297be5017823 ] Request (ImagesOneServerNegativeTestJSON:setUpClass): 200 GET http://10.180.1.21/compute/v2.1/servers/704e4d83-19ef-493a-a374-dce0de95e975 0.074s
2025-04-17 05:34:59.409 68932 INFO tempest.lib.common.rest_client [req-6becc837-79fa-4d55-b819-017120d5844e req-6becc837-79fa-4d55-b819-017120d5844e ] Request (ServerDiagnosticsTest:test_get_server_diagnostics): 200 GET http://10.180.1.21/compute/v2.1/servers/6300077d-5aa7-4794-8ba2-1ec30151c15c 0.192s
2025-04-17 05:34:59.459 68908 INFO tempest.lib.common.rest_client [req-1b22908e-a829-408d-a49b-ed0eaedfa7a6 req-1b22908e-a829-408d-a49b-ed0eaedfa7a6 ] Request (InstanceActionsNegativeTestJSON:setUpClass): 200 GET http://10.180.1.21/compute/v2.1/servers/ee6e18cd-9af2-4440-8336-9e1858c28709 0.096s
2025-04-17 05:34:59.483 68912 INFO tempest.lib.common.rest_client [req-8424a906-879d-4e3d-85a9-88bb8f969f61 req-8424a906-879d-4e3d-85a9-88bb8f969f61 ] Request (ImagesOneServerTestJSON:setUpClass): 200 GET http://10.180.1.21/compute/v2.1/servers/5f4991a3-c34b-45b1-a3af-94d7d990eef1 0.153s
2025-04-17 05:34:59.500 68926 INFO tempest.lib.common.rest_client [req-c9406cb1-9c49-4f3b-bdf2-28b1e0fd26bd req-c9406cb1-9c49-4f3b-bdf2-28b1e0fd26bd ] Request (AttachInterfacesTestJSON:test_create_list_show_delete_interfaces_by_fixed_ip): 200 GET http://10.180.1.21/compute/v2.1/servers/53abf4e7-35ea-415b-8a90-a89442c475a1 0.128s
2025-04-17 05:34:59.528 68898 INFO tempest.lib.common.rest_client [req-86f51fef-02e3-4511-96d4-7b6c7523ebda req-86f51fef-02e3-4511-96d4-7b6c7523ebda ] Request (FloatingIPsAssociationTestJSON:setUpClass): 200 GET http://10.180.1.21/compute/v2.1/servers/71b1ebba-2019-4378-9bd2-98a7559c22e8 0.116s
2025-04-17 05:34:59.544 68958 INFO tempest.lib.common.rest_client [req-fc6fbad9-d656-4193-96ef-5c0c475823c2 req-fc6fbad9-d656-4193-96ef-5c0c475823c2 ] Request (ServerShowV254Test:test_rebuild_server): 200 GET http://10.180.1.21/compute/v2.1/servers/9d10a63c-4c97-48c3-aca8-fd317aa2fbe7 0.117s
2025-04-17 05:34:59.571 68922 INFO tempest.lib.common.rest_client [req-92bf3408-53e4-4785-a09b-a092f1ae1657 req-92bf3408-53e4-4785-a09b-a092f1ae1657 ] Request (ServersAaction247Test:test_create_backup): 200 GET http://10.180.1.21/compute/v2.1/servers/f6f64438-8279-4ff4-ab80-efd1e17d7e04 0.098s
2025-04-17 05:34:59.614 68916 INFO tempest.lib.common.rest_client [req-b7e6ba85-9e4f-4b45-8c31-537c622b14da req-b7e6ba85-9e4f-4b45-8c31-537c622b14da ] Request (ServerExternalEventsTest:test_create_server_external_events): 200 GET http://10.180.1.21/compute/v2.1/servers/e6b6cbdd-11d6-44a6-8da7-98e0f52cef67 0.097s
2025-04-17 05:34:59.657 68956 INFO tempest.lib.common.rest_client [req-cabf4d16-1fd4-4962-bf2d-9cd43b47f4a1 req-cabf4d16-1fd4-4962-bf2d-9cd43b47f4a1 ] Request (ImagesNegativeTestJSON:test_create_image_from_deleted_server): 200 GET http://10.180.1.21/compute/v2.1/servers/e6e6c910-9485-48b0-bffa-4534cd7f87d4 0.098s
2025-04-17 05:34:59.700 68944 INFO tempest.lib.common.rest_client [req-542794f9-c8d5-4c7f-b783-173a99fa6b68 req-542794f9-c8d5-4c7f-b783-173a99fa6b68 ] Request (ServerAddressesTestJSON:setUpClass): 200 GET http://10.180.1.21/compute/v2.1/servers/8d0a643a-96c5-4d47-aa2a-9f777e80c259 0.133s
2025-04-17 05:34:59.749 68952 INFO tempest.lib.common.rest_client [req-b65b8a53-06e2-4243-90b2-07c525c3e727 req-b65b8a53-06e2-4243-90b2-07c525c3e727 ] Request (VolumesAdminNegativeTest:test_update_attached_volume_with_nonexistent_volume_in_body): 200 GET http://10.180.1.21/compute/v2.1/servers/152f9e1d-dd1b-486f-94b8-8202c0f2d335 0.148s
2025-04-17 05:34:59.799 68946 INFO tempest.lib.common.rest_client [req-e459d0b6-c4fd-42ae-aba0-c9890af4b548 req-e459d0b6-c4fd-42ae-aba0-c9890af4b548 ] Request (ListServerFiltersTestJSON:setUpClass): 200 GET http://10.180.1.21/compute/v2.1/servers/b27ace75-e2fa-4acc-96cb-88dd49b89de5 0.146s
2025-04-17 05:34:59.811 68900 INFO tempest.lib.common.rest_client [req-c4065e3d-701f-4cf3-b475-a7a77732738e req-c4065e3d-701f-4cf3-b475-a7a77732738e ] Request (ServerDiskConfigTestJSON:test_rebuild_server_with_auto_disk_config): 200 GET http://10.180.1.21/compute/v2.1/servers/6eef6e24-cf49-458b-ae37-8da4e02045f8 0.299s
2025-04-17 05:34:59.860 68954 INFO tempest.lib.common.rest_client [req-e623f206-a3b7-44a8-963c-55ee5920d951 req-e623f206-a3b7-44a8-963c-55ee5920d951 ] Request (MigrationsAdminTest:test_list_migrations_in_flavor_resize_situation): 200 GET http://10.180.1.21/compute/v2.1/servers/dae068af-0c54-4715-bdc3-ecfd018b6294 0.165s
2025-04-17 05:34:59.908 68942 INFO tempest.lib.common.rest_client [req-f44d9a29-b855-4782-b3be-210b4712a11f req-f44d9a29-b855-4782-b3be-210b4712a11f ] Request (ServerPasswordTestJSON:setUpClass): 200 GET http://10.180.1.21/compute/v2.1/servers/b95883b2-0366-4f52-bdf2-aa6259fafc58 0.243s
2025-04-17 05:34:59.919 68929 INFO tempest.lib.common.rest_client [req-7c758648-117e-43ac-9791-a726e20e2ce7 req-7c758648-117e-43ac-9791-a726e20e2ce7 ] Request (ServerDiagnosticsV248Test:test_get_server_diagnostics): 200 GET http://10.180.1.21/compute/v2.1/servers/3b95678b-dfc5-4610-a51e-2ae12fbe274b 0.160s
2025-04-17 05:34:59.968 68940 INFO tempest.lib.common.rest_client [req-0274464e-7c66-4bec-a211-c69deeca94e7 req-0274464e-7c66-4bec-a211-c69deeca94e7 ] Request (ServersTestMultiNic:test_verify_duplicate_network_nics): 200 GET http://10.180.1.21/compute/v2.1/servers/1ec954d1-1bc9-4db3-9a48-7da759cebf21 0.160s
2025-04-17 05:35:00.017 68904 INFO tempest.lib.common.rest_client [req-03b36e7f-16df-410a-a108-d197adac1dff req-03b36e7f-16df-410a-a108-d197adac1dff ] Request (InstanceActionsTestJSON:setUpClass): 200 GET http://10.180.1.21/compute/v2.1/servers/f2bef6cc-f5e2-41a8-b377-31f016746257 0.202s
2025-04-17 05:35:00.018 68914 INFO tempest.lib.common.rest_client [req-1fcce4c8-ddc1-4cb5-9e1b-72a32a3db903 req-1fcce4c8-ddc1-4cb5-9e1b-72a32a3db903 ] Request (ServerDiagnosticsNegativeTest:test_get_server_diagnostics_by_non_admin): 200 GET http://10.180.1.21/compute/v2.1/servers/c507115c-92a0-4513-aae8-7dc8f95bc0ea 0.256s
2025-04-17 05:35:00.068 68930 INFO tempest.lib.common.rest_client [req-d0f44c9d-1157-401f-a5b7-f7978ca177c9 req-d0f44c9d-1157-401f-a5b7-f7978ca177c9 ] Request (VolumesAssistedSnapshotsTest:test_volume_assisted_snapshot_create_delete): 200 GET http://10.180.1.21/compute/v2.1/servers/7d51d3c0-12fd-4118-80c6-16c1cca346db 0.200s
2025-04-17 05:35:00.077 68938 INFO tempest.lib.common.rest_client [req-ba2e0cb9-b008-4b1f-aa68-48f107a26231 req-ba2e0cb9-b008-4b1f-aa68-48f107a26231 ] Request (SecurityGroupsTestJSON:test_list_security_groups_by_server): 200 GET http://10.180.1.21/compute/v2.1/servers/a43cf82a-c969-47eb-b8dc-d7fe7f7870d3 0.202s
2025-04-17 05:35:00.120 68918 INFO tempest.lib.common.rest_client [req-67899c7b-c065-4da7-81d2-2d3e71eaebdd req-67899c7b-c065-4da7-81d2-2d3e71eaebdd ] Request (ImagesTestJSON:test_create_image_from_stopped_server): 200 GET http://10.180.1.21/compute/v2.1/servers/df9a6dc4-abb5-4855-ac4f-5479dd0b6498 0.209s
2025-04-17 05:35:00.127 68906 INFO tempest.lib.common.rest_client [req-d6be530e-a3cf-4f8d-b042-c8d7246be53b req-d6be530e-a3cf-4f8d-b042-c8d7246be53b ] Request (ServersTestJSON:setUpClass): 200 GET http://10.180.1.21/compute/v2.1/servers/6341f8b6-9f42-4ab2-806f-dbad62de5376 0.174s
2025-04-17 05:35:00.182 68920 INFO tempest.lib.common.rest_client [req-30c0ef39-952e-46e5-b399-e239713fb91b req-30c0ef39-952e-46e5-b399-e239713fb91b ] Request (ServersWithSpecificFlavorTestJSON:test_verify_created_server_ephemeral_disk): 200 GET http://10.180.1.21/compute/v2.1/servers/40c6521b-51d9-45cf-959c-21e4f3da7eb9 0.181s
2025-04-17 05:35:00.225 68936 INFO tempest.lib.common.rest_client [req-f5d0bb85-ce80-4f2d-8cab-5f2bce7e3f29 req-f5d0bb85-ce80-4f2d-8cab-5f2bce7e3f29 ] Request (ServersAdminNegativeTestJSON:setUpClass): 200 GET http://10.180.1.21/compute/v2.1/servers/050e2b27-1311-4a9a-b5cf-6bc2f7128eba 0.252s
2025-04-17 05:35:00.281 68924 INFO tempest.lib.common.rest_client [req-9fca5810-b326-444a-8013-35d0b0e6bac2 req-9fca5810-b326-444a-8013-35d0b0e6bac2 ] Request (DeleteServersTestJSON:test_delete_active_server): 200 GET http://10.180.1.21/compute/v2.1/servers/995585f5-57a4-4ba6-9e28-18a086af264c 0.050s
2025-04-17 05:35:00.285 68948 INFO tempest.lib.common.rest_client [req-a6b1358a-9956-4d18-9ab6-806ae6b3c362 req-a6b1358a-9956-4d18-9ab6-806ae6b3c362 ] Request (ServerTagsTestJSON:setUpClass): 200 GET http://10.180.1.21/compute/v2.1/servers/b5707ff5-916e-49ce-9aac-9a08ac51bdf2 0.188s
2025-04-17 05:35:00.332 68902 INFO tempest.lib.common.rest_client [req-1837115d-5420-45b9-af04-0b257aee35c9 req-1837115d-5420-45b9-af04-0b257aee35c9 ] Request (ServersTestBootFromVolume:setUpClass): 200 GET http://10.180.1.21/compute/v2.1/servers/fe74e8d8-e439-4834-9721-08d9e64c7740 0.043s
2025-04-17 05:35:00.383 68934 INFO tempest.lib.common.rest_client [req-819cca2f-839d-4ae8-bc5c-e3d347b528fb req-819cca2f-839d-4ae8-bc5c-e3d347b528fb ] Request (TenantUsagesTestJSON:setUpClass): 200 GET http://10.180.1.21/compute/v2.1/servers/cc32959e-71ea-44cb-aebe-bf6a893ebb18 0.044s
2025-04-17 05:35:00.443 68910 INFO tempest.lib.common.rest_client [req-69371311-2f0d-413e-876c-b31a734310df req-69371311-2f0d-413e-876c-b31a734310df ] Request (ImagesOneServerNegativeTestJSON:setUpClass): 200 GET http://10.180.1.21/compute/v2.1/servers/704e4d83-19ef-493a-a374-dce0de95e975 0.044s
2025-04-17 05:35:00.501 68932 INFO tempest.lib.common.rest_client [req-84ce31f6-e619-4309-bff7-347061d5e74f req-84ce31f6-e619-4309-bff7-347061d5e74f ] Request (ServerDiagnosticsTest:test_get_server_diagnostics): 200 GET http://10.180.1.21/compute/v2.1/servers/6300077d-5aa7-4794-8ba2-1ec30151c15c 0.084s
2025-04-17 05:35:00.512 68908 INFO tempest.lib.common.rest_client [req-42256cd2-4b06-434b-82ca-0ad0a5489802 req-42256cd2-4b06-434b-82ca-0ad0a5489802 ] Request (InstanceActionsNegativeTestJSON:setUpClass): 200 GET http://10.180.1.21/compute/v2.1/servers/ee6e18cd-9af2-4440-8336-9e1858c28709 0.046s
2025-04-17 05:35:00.559 68926 INFO tempest.lib.common.rest_client [req-955a36e7-a05d-46cd-adb1-d3358d6e73e1 req-955a36e7-a05d-46cd-adb1-d3358d6e73e1 ] Request (AttachInterfacesTestJSON:test_create_list_show_delete_interfaces_by_fixed_ip): 200 GET http://10.180.1.21/compute/v2.1/servers/53abf4e7-35ea-415b-8a90-a89442c475a1 0.051s
2025-04-17 05:35:00.607 68898 INFO tempest.lib.common.rest_client [req-6ef47302-5eb9-47f7-896c-4b06fdc55a31 req-6ef47302-5eb9-47f7-896c-4b06fdc55a31 ] Request (FloatingIPsAssociationTestJSON:setUpClass): 200 GET http://10.180.1.21/compute/v2.1/servers/71b1ebba-2019-4378-9bd2-98a7559c22e8 0.071s
2025-04-17 05:35:00.657 68958 INFO tempest.lib.common.rest_client [req-a58ffc19-4e2c-48bc-9a04-1243f7399e6e req-a58ffc19-4e2c-48bc-9a04-1243f7399e6e ] Request (ServerShowV254Test:test_rebuild_server): 200 GET http://10.180.1.21/compute/v2.1/servers/9d10a63c-4c97-48c3-aca8-fd317aa2fbe7 0.103s
2025-04-17 05:35:00.659 68912 INFO tempest.lib.common.rest_client [req-b161c63f-8415-402b-9ee3-12ffbdb23c2d req-b161c63f-8415-402b-9ee3-12ffbdb23c2d ] Request (ImagesOneServerTestJSON:setUpClass): 200 GET http://10.180.1.21/compute/v2.1/servers/5f4991a3-c34b-45b1-a3af-94d7d990eef1 0.167s
2025-04-17 05:35:00.710 68922 INFO tempest.lib.common.rest_client [req-19c4e344-f843-4153-bd51-e9f196ad721c req-19c4e344-f843-4153-bd51-e9f196ad721c ] Request (ServersAaction247Test:test_create_backup): 200 GET http://10.180.1.21/compute/v2.1/servers/f6f64438-8279-4ff4-ab80-efd1e17d7e04 0.130s
2025-04-17 05:35:00.718 68916 INFO tempest.lib.common.rest_client [req-97093800-1351-40bb-9f3b-eef06b7ec42a req-97093800-1351-40bb-9f3b-eef06b7ec42a ] Request (ServerExternalEventsTest:test_create_server_external_events): 200 GET http://10.180.1.21/compute/v2.1/servers/e6b6cbdd-11d6-44a6-8da7-98e0f52cef67 0.096s
2025-04-17 05:35:00.754 68956 INFO tempest.lib.common.rest_client [req-e8c16911-719a-4447-89c3-9a358d328888 req-e8c16911-719a-4447-89c3-9a358d328888 ] Request (ImagesNegativeTestJSON:test_create_image_from_deleted_server): 200 GET http://10.180.1.21/compute/v2.1/servers/e6e6c910-9485-48b0-bffa-4534cd7f87d4 0.088s
2025-04-17 05:35:00.767 68944 INFO tempest.lib.common.rest_client [req-b469d649-e971-4113-b3d2-425cbaf60615 req-b469d649-e971-4113-b3d2-425cbaf60615 ] Request (ServerAddressesTestJSON:setUpClass): 200 GET http://10.180.1.21/compute/v2.1/servers/8d0a643a-96c5-4d47-aa2a-9f777e80c259 0.059s
2025-04-17 05:35:00.800 68952 INFO tempest.lib.common.rest_client [req-71655770-0fff-4b5e-bc81-72d63f5cc863 req-71655770-0fff-4b5e-bc81-72d63f5cc863 ] Request (VolumesAdminNegativeTest:test_update_attached_volume_with_nonexistent_volume_in_body): 200 GET http://10.180.1.21/compute/v2.1/servers/152f9e1d-dd1b-486f-94b8-8202c0f2d335 0.043s
2025-04-17 05:35:00.853 68946 INFO tempest.lib.common.rest_client [req-cc2ca92b-c9c8-449d-9da1-0aa718f2a08b req-cc2ca92b-c9c8-449d-9da1-0aa718f2a08b ] Request (ListServerFiltersTestJSON:setUpClass): 200 GET http://10.180.1.21/compute/v2.1/servers/b27ace75-e2fa-4acc-96cb-88dd49b89de5 0.046s
2025-04-17 05:35:00.916 68954 INFO tempest.lib.common.rest_client [req-414b8082-2ceb-41f9-9434-ed14a86be36f req-414b8082-2ceb-41f9-9434-ed14a86be36f ] Request (MigrationsAdminTest:test_list_migrations_in_flavor_resize_situation): 200 GET http://10.180.1.21/compute/v2.1/servers/dae068af-0c54-4715-bdc3-ecfd018b6294 0.049s
2025-04-17 05:35:00.920 68900 INFO tempest.lib.common.rest_client [req-40050957-f15e-40ca-b8e9-3e1cb4e1909c req-40050957-f15e-40ca-b8e9-3e1cb4e1909c ] Request (ServerDiskConfigTestJSON:test_rebuild_server_with_auto_disk_config): 200 GET http://10.180.1.21/compute/v2.1/servers/6eef6e24-cf49-458b-ae37-8da4e02045f8 0.098s
2025-04-17 05:35:00.975 68929 INFO tempest.lib.common.rest_client [req-ea4f602e-a14e-4700-9548-b8e162cbe993 req-ea4f602e-a14e-4700-9548-b8e162cbe993 ] Request (ServerDiagnosticsV248Test:test_get_server_diagnostics): 200 GET http://10.180.1.21/compute/v2.1/servers/3b95678b-dfc5-4610-a51e-2ae12fbe274b 0.048s
2025-04-17 05:35:01.030 68940 INFO tempest.lib.common.rest_client [req-9e957886-9f63-4ac2-be05-eb002e8d9375 req-9e957886-9f63-4ac2-be05-eb002e8d9375 ] Request (ServersTestMultiNic:test_verify_duplicate_network_nics): 200 GET http://10.180.1.21/compute/v2.1/servers/1ec954d1-1bc9-4db3-9a48-7da759cebf21 0.054s
2025-04-17 05:35:01.030 68942 INFO tempest.lib.common.rest_client [req-1a7626f0-74ac-48a9-a7a4-c6974708ea54 req-1a7626f0-74ac-48a9-a7a4-c6974708ea54 ] Request (ServerPasswordTestJSON:setUpClass): 200 GET http://10.180.1.21/compute/v2.1/servers/b95883b2-0366-4f52-bdf2-aa6259fafc58 0.114s
2025-04-17 05:35:01.078 68904 INFO tempest.lib.common.rest_client [req-608529f1-0700-4a48-9788-7f2c1c4dccca req-608529f1-0700-4a48-9788-7f2c1c4dccca ] Request (InstanceActionsTestJSON:setUpClass): 200 GET http://10.180.1.21/compute/v2.1/servers/f2bef6cc-f5e2-41a8-b377-31f016746257 0.053s
2025-04-17 05:35:01.122 68930 INFO tempest.lib.common.rest_client [req-5c6cbee0-127b-4c01-99a0-1464de50e114 req-5c6cbee0-127b-4c01-99a0-1464de50e114 ] Request (VolumesAssistedSnapshotsTest:test_volume_assisted_snapshot_create_delete): 200 GET http://10.180.1.21/compute/v2.1/servers/7d51d3c0-12fd-4118-80c6-16c1cca346db 0.047s
2025-04-17 05:35:01.132 68914 INFO tempest.lib.common.rest_client [req-7dc627ff-30f1-4fad-9d83-da0a240a4a29 req-7dc627ff-30f1-4fad-9d83-da0a240a4a29 ] Request (ServerDiagnosticsNegativeTest:test_get_server_diagnostics_by_non_admin): 200 GET http://10.180.1.21/compute/v2.1/servers/c507115c-92a0-4513-aae8-7dc8f95bc0ea 0.107s
2025-04-17 05:35:01.166 68938 INFO tempest.lib.common.rest_client [req-fc59c35c-fb3e-4924-832a-1ae528df9788 req-fc59c35c-fb3e-4924-832a-1ae528df9788 ] Request (SecurityGroupsTestJSON:test_list_security_groups_by_server): 200 GET http://10.180.1.21/compute/v2.1/servers/a43cf82a-c969-47eb-b8dc-d7fe7f7870d3 0.076s
2025-04-17 05:35:01.178 68918 INFO tempest.lib.common.rest_client [req-7ecf0eeb-1216-46a8-bbdf-742e0340bc01 req-7ecf0eeb-1216-46a8-bbdf-742e0340bc01 ] Request (ImagesTestJSON:test_create_image_from_stopped_server): 200 GET http://10.180.1.21/compute/v2.1/servers/df9a6dc4-abb5-4855-ac4f-5479dd0b6498 0.050s
2025-04-17 05:35:01.206 68906 INFO tempest.lib.common.rest_client [req-5362c15b-f9a2-4401-9f2c-f754c00cd86b req-5362c15b-f9a2-4401-9f2c-f754c00cd86b ] Request (ServersTestJSON:setUpClass): 200 GET http://10.180.1.21/compute/v2.1/servers/6341f8b6-9f42-4ab2-806f-dbad62de5376 0.071s
2025-04-17 05:35:01.233 68920 INFO tempest.lib.common.rest_client [req-ee880f97-fbcf-4430-86cd-754c91542392 req-ee880f97-fbcf-4430-86cd-754c91542392 ] Request (ServersWithSpecificFlavorTestJSON:test_verify_created_server_ephemeral_disk): 200 GET http://10.180.1.21/compute/v2.1/servers/40c6521b-51d9-45cf-959c-21e4f3da7eb9 0.042s
2025-04-17 05:35:01.320 68936 INFO tempest.lib.common.rest_client [req-efca3cf4-4709-4285-8597-c10ae75a19d0 req-efca3cf4-4709-4285-8597-c10ae75a19d0 ] Request (ServersAdminNegativeTestJSON:setUpClass): 200 GET http://10.180.1.21/compute/v2.1/servers/050e2b27-1311-4a9a-b5cf-6bc2f7128eba 0.086s
2025-04-17 05:35:01.332 68924 INFO tempest.lib.common.rest_client [req-d5b2c28d-a8b6-4339-9040-79907375b26b req-d5b2c28d-a8b6-4339-9040-79907375b26b ] Request (DeleteServersTestJSON:test_delete_active_server): 200 GET http://10.180.1.21/compute/v2.1/servers/995585f5-57a4-4ba6-9e28-18a086af264c 0.043s
2025-04-17 05:35:01.389 68902 INFO tempest.lib.common.rest_client [req-25b26431-c780-4087-93fa-296bba3e5026 req-25b26431-c780-4087-93fa-296bba3e5026 ] Request (ServersTestBootFromVolume:setUpClass): 200 GET http://10.180.1.21/compute/v2.1/servers/fe74e8d8-e439-4834-9721-08d9e64c7740 0.049s
2025-04-17 05:35:01.416 68948 INFO tempest.lib.common.rest_client [req-b7153099-d298-48dd-a3bb-99dd1f47e29b req-b7153099-d298-48dd-a3bb-99dd1f47e29b ] Request (ServerTagsTestJSON:setUpClass): 200 GET http://10.180.1.21/compute/v2.1/servers/b5707ff5-916e-49ce-9aac-9a08ac51bdf2 0.121s
2025-04-17 05:35:01.437 68934 INFO tempest.lib.common.rest_client [req-987e4197-b19b-46db-baff-7ffa0c72e194 req-987e4197-b19b-46db-baff-7ffa0c72e194 ] Request (TenantUsagesTestJSON:setUpClass): 200 GET http://10.180.1.21/compute/v2.1/servers/cc32959e-71ea-44cb-aebe-bf6a893ebb18 0.047s
2025-04-17 05:35:01.498 68910 INFO tempest.lib.common.rest_client [req-e4390170-24b2-43d8-a42a-6ff3bdc5a8d0 req-e4390170-24b2-43d8-a42a-6ff3bdc5a8d0 ] Request (ImagesOneServerNegativeTestJSON:setUpClass): 200 GET http://10.180.1.21/compute/v2.1/servers/704e4d83-19ef-493a-a374-dce0de95e975 0.046s
2025-04-17 05:35:01.573 68908 INFO tempest.lib.common.rest_client [req-4448f8b9-7ffa-472b-8bd5-bcff1e52853b req-4448f8b9-7ffa-472b-8bd5-bcff1e52853b ] Request (InstanceActionsNegativeTestJSON:setUpClass): 200 GET http://10.180.1.21/compute/v2.1/servers/ee6e18cd-9af2-4440-8336-9e1858c28709 0.053s
2025-04-17 05:35:01.617 68926 INFO tempest.lib.common.rest_client [req-33d84316-0e52-482d-8da7-178063e108be req-33d84316-0e52-482d-8da7-178063e108be ] Request (AttachInterfacesTestJSON:test_create_list_show_delete_interfaces_by_fixed_ip): 200 GET http://10.180.1.21/compute/v2.1/servers/53abf4e7-35ea-415b-8a90-a89442c475a1 0.051s
2025-04-17 05:35:01.620 68932 INFO tempest.lib.common.rest_client [req-b2daadc4-69b8-4ac9-879c-47e944ebcd6c req-b2daadc4-69b8-4ac9-879c-47e944ebcd6c ] Request (ServerDiagnosticsTest:test_get_server_diagnostics): 200 GET http://10.180.1.21/compute/v2.1/servers/6300077d-5aa7-4794-8ba2-1ec30151c15c 0.110s
2025-04-17 05:35:01.660 68898 INFO tempest.lib.common.rest_client [req-8bc5b6c7-c42d-44c3-acb5-90c8fcd1ebfc req-8bc5b6c7-c42d-44c3-acb5-90c8fcd1ebfc ] Request (FloatingIPsAssociationTestJSON:setUpClass): 200 GET http://10.180.1.21/compute/v2.1/servers/71b1ebba-2019-4378-9bd2-98a7559c22e8 0.045s
2025-04-17 05:35:01.727 68958 INFO tempest.lib.common.rest_client [req-06f7aa1c-c890-4475-97d7-e90cd65f68a8 req-06f7aa1c-c890-4475-97d7-e90cd65f68a8 ] Request (ServerShowV254Test:test_rebuild_server): 200 GET http://10.180.1.21/compute/v2.1/servers/9d10a63c-4c97-48c3-aca8-fd317aa2fbe7 0.060s
2025-04-17 05:35:01.764 68912 INFO tempest.lib.common.rest_client [req-7547ba38-0a96-45dc-912d-8558e579ac3f req-7547ba38-0a96-45dc-912d-8558e579ac3f ] Request (ImagesOneServerTestJSON:setUpClass): 200 GET http://10.180.1.21/compute/v2.1/servers/5f4991a3-c34b-45b1-a3af-94d7d990eef1 0.097s
2025-04-17 05:35:01.776 68922 INFO tempest.lib.common.rest_client [req-b179adf3-4dfd-4a7e-a2ab-285aae60f864 req-b179adf3-4dfd-4a7e-a2ab-285aae60f864 ] Request (ServersAaction247Test:test_create_backup): 200 GET http://10.180.1.21/compute/v2.1/servers/f6f64438-8279-4ff4-ab80-efd1e17d7e04 0.056s
2025-04-17 05:35:01.812 68916 INFO tempest.lib.common.rest_client [req-14417999-bd16-4a92-b655-51893ef285d0 req-14417999-bd16-4a92-b655-51893ef285d0 ] Request (ServerExternalEventsTest:test_create_server_external_events): 200 GET http://10.180.1.21/compute/v2.1/servers/e6b6cbdd-11d6-44a6-8da7-98e0f52cef67 0.086s
2025-04-17 05:35:01.823 68956 INFO tempest.lib.common.rest_client [req-a7bd3cfb-f9f2-4f2b-9744-77180ca7ab79 req-a7bd3cfb-f9f2-4f2b-9744-77180ca7ab79 ] Request (ImagesNegativeTestJSON:test_create_image_from_deleted_server): 200 GET http://10.180.1.21/compute/v2.1/servers/e6e6c910-9485-48b0-bffa-4534cd7f87d4 0.061s
2025-04-17 05:35:01.853 68944 INFO tempest.lib.common.rest_client [req-69b3e56d-e483-41d1-8ef7-09132b5ab9fe req-69b3e56d-e483-41d1-8ef7-09132b5ab9fe ] Request (ServerAddressesTestJSON:setUpClass): 200 GET http://10.180.1.21/compute/v2.1/servers/8d0a643a-96c5-4d47-aa2a-9f777e80c259 0.078s
2025-04-17 05:35:01.864 68952 INFO tempest.lib.common.rest_client [req-663e9f19-ad52-4cb0-91f6-e4993836454b req-663e9f19-ad52-4cb0-91f6-e4993836454b ] Request (VolumesAdminNegativeTest:test_update_attached_volume_with_nonexistent_volume_in_body): 200 GET http://10.180.1.21/compute/v2.1/servers/152f9e1d-dd1b-486f-94b8-8202c0f2d335 0.056s
2025-04-17 05:35:01.902 68946 INFO tempest.lib.common.rest_client [req-1aa8a64b-198b-4b9a-8337-15b4bc006485 req-1aa8a64b-198b-4b9a-8337-15b4bc006485 ] Request (ListServerFiltersTestJSON:setUpClass): 200 GET http://10.180.1.21/compute/v2.1/servers/b27ace75-e2fa-4acc-96cb-88dd49b89de5 0.041s
2025-04-17 05:35:01.974 68954 INFO tempest.lib.common.rest_client [req-8d0a91dd-a065-4c46-8b31-e74b6671cbcd req-8d0a91dd-a065-4c46-8b31-e74b6671cbcd ] Request (MigrationsAdminTest:test_list_migrations_in_flavor_resize_situation): 200 GET http://10.180.1.21/compute/v2.1/servers/dae068af-0c54-4715-bdc3-ecfd018b6294 0.050s
2025-04-17 05:35:02.037 68929 INFO tempest.lib.common.rest_client [req-74a08a69-fb6d-40d9-a0d7-a43ce4eca993 req-74a08a69-fb6d-40d9-a0d7-a43ce4eca993 ] Request (ServerDiagnosticsV248Test:test_get_server_diagnostics): 200 GET http://10.180.1.21/compute/v2.1/servers/3b95678b-dfc5-4610-a51e-2ae12fbe274b 0.052s
