2025-04-17 05:33:27.759 68938 INFO tempest.lib.common.dynamic_creds [-] Created isolated network resources for: credentials: Credentials: {'domain_id': 'default', 'domain_name': 'Default', 'username': 'tempest-FloatingIPsNegativeTestJSON-1972397785-project-member', 'project_domain_id': 'default', 'project_domain_name': 'Default', 'project_id': '37ac56a803d344c5997fc9e56fead094', 'project_name': 'tempest-FloatingIPsNegativeTestJSON-1972397785', 'tenant_id': '37ac56a803d344c5997fc9e56fead094', 'tenant_name': 'tempest-FloatingIPsNegativeTestJSON-1972397785', 'user_domain_id': 'default', 'user_domain_name': 'Default', 'user_id': 'b74e9c8a533448738fb72f041013d0f1', 'system': None}, Network: {'id': '1e4c405b-23fb-4261-8b27-fa312429521b', 'name': 'tempest-FloatingIPsNegativeTestJSON-230821026-network', 'tenant_id': '37ac56a803d344c5997fc9e56fead094', 'admin_state_up': True, 'mtu': 8950, 'status': 'ACTIVE', 'subnets': [], 'shared': False, 'project_id': '37ac56a803d344c5997fc9e56fead094', 'port_security_enabled': True, 'router:external': False, 'provider:network_type': 'vlan', 'provider:physical_network': 'default', 'provider:segmentation_id': 964, 'is_default': False, 'availability_zone_hints': [], 'availability_zones': [], 'ipv4_address_scope': None, 'ipv6_address_scope': None, 'description': '', 'tags': [], 'created_at': '2025-04-17T05:33:19Z', 'updated_at': '2025-04-17T05:33:19Z', 'revision_number': 1}, Subnet: {'id': 'e27eaf24-291b-4783-83c7-56fb45afd0fb', 'name': 'tempest-FloatingIPsNegativeTestJSON-230821026-subnet', 'tenant_id': '37ac56a803d344c5997fc9e56fead094', 'network_id': '1e4c405b-23fb-4261-8b27-fa312429521b', 'ip_version': 4, 'subnetpool_id': None, 'enable_dhcp': True, 'ipv6_ra_mode': None, 'ipv6_address_mode': None, 'gateway_ip': '192.168.128.1', 'cidr': '192.168.128.0/28', 'allocation_pools': [{'start': '192.168.128.2', 'end': '192.168.128.14'}], 'host_routes': [], 'dns_nameservers': [], 'description': '', 'service_types': [], 'tags': [], 'created_at': '2025-04-17T05:33:19Z', 'updated_at': '2025-04-17T05:33:19Z', 'revision_number': 0, 'project_id': '37ac56a803d344c5997fc9e56fead094'}, Router: {'id': '419c98a1-7e75-4215-bb47-09f5cdebb2f3', 'name': 'tempest-FloatingIPsNegativeTestJSON-230821026-router', 'tenant_id': '37ac56a803d344c5997fc9e56fead094', 'admin_state_up': True, 'status': 'ACTIVE', 'external_gateway_info': {'network_id': '9d8e6a7b-89d6-4a1a-a27f-4c53f3e9b092', 'external_fixed_ips': [{'subnet_id': 'ce64fdba-e397-493d-aa90-de202088c28e', 'ip_address': '10.180.180.150'}], 'enable_snat': True}, 'description': '', 'availability_zones': [], 'distributed': False, 'ha': False, 'availability_zone_hints': [], 'routes': [], 'flavor_id': None, 'tags': [], 'created_at': '2025-04-17T05:33:20Z', 'updated_at': '2025-04-17T05:33:22Z', 'revision_number': 2, 'project_id': '37ac56a803d344c5997fc9e56fead094'}
2025-04-17 05:33:27.774 68936 INFO tempest.lib.common.rest_client [req-99794832-3569-489e-b7db-362af62a4613 req-99794832-3569-489e-b7db-362af62a4613 ] Request (FlavorsExtraSpecsNegativeTestJSON:tearDownClass): 204 DELETE http://10.180.1.21/identity/v3/users/87125c2276934bfbb2c804ba397de2ad 0.315s
2025-04-17 05:33:27.775 68936 INFO tempest.lib.common.dynamic_creds [-] Deleting project and security group for project: 0b9f98f0c81d4db2a3b13e67b39e8c96
2025-04-17 05:33:27.793 68956 INFO tempest.lib.common.rest_client [req-cb3e13ad-59c0-41ae-8b11-e4d7bfc36f09 req-cb3e13ad-59c0-41ae-8b11-e4d7bfc36f09 ] Request (HypervisorAdminV253TestBase:test_list_show_detail_hypervisors): 200 GET http://10.180.1.21/compute/v2.1/os-hypervisors/5d1262ef-b3ca-43a9-aa2d-64a8e3cd563f 1.690s
2025-04-17 05:33:27.822 68940 INFO tempest.lib.common.rest_client [req-c5d841e5-b669-4fb8-9f42-d7e42370dc47 req-c5d841e5-b669-4fb8-9f42-d7e42370dc47 ] Request (FlavorsV255TestJSON:test_crud_flavor): 200 PUT http://10.180.1.21/compute/v2.1/flavors/1390573574 1.589s
2025-04-17 05:33:27.850 68904 INFO tempest.lib.common.rest_client [req-b39a1f38-f149-4906-967a-b54259bb780f req-b39a1f38-f149-4906-967a-b54259bb780f ] Request (AZAdminV2TestJSON:tearDownClass): 204 DELETE http://10.180.1.21/identity/v3/projects/025852002f464b7990d0a24756c84f8b 0.334s
2025-04-17 05:33:27.851 68904 INFO tempest.lib.common.dynamic_creds [-] Deleting project and security group for project: fa5c85e2128f454c9c62053accbb5298
2025-04-17 05:33:27.878 68946 INFO tempest.lib.common.rest_client [req-77d9437f-7b5e-4cd9-8cb9-7dbbab28728b req-77d9437f-7b5e-4cd9-8cb9-7dbbab28728b ] Request (ListServerFiltersTestJSON:setUpClass): 201 POST http://10.180.1.21/identity/v3/projects 0.356s
2025-04-17 05:33:27.949 68906 INFO tempest.lib.common.rest_client [req-ea6d2846-4976-4f38-a030-14d6e9d80fb1 req-ea6d2846-4976-4f38-a030-14d6e9d80fb1 ] Request (KeyPairsV22TestJSON:setUpClass): 204 PUT http://10.180.1.21/identity/v3/projects/a9620d2831e94170a43fe5b9ce38ccf8/users/5ab741af868a4e2aa3ab1642d53a4dd2/roles/b044c4fc232a4f3987b9096f9158748d 0.394s
2025-04-17 05:33:27.949 68906 INFO tempest.lib.common.dynamic_creds [-] Dynamic test user 5ab741af868a4e2aa3ab1642d53a4dd2 is created with scope project and roles: ['member']
2025-04-17 05:33:27.949 68906 INFO tempest.lib.common.dynamic_creds [-] Acquired dynamic creds: credentials: Credentials: {'domain_id': 'default', 'domain_name': 'Default', 'username': 'tempest-KeyPairsV22TestJSON-192287519-project-member', 'project_domain_id': 'default', 'project_domain_name': 'Default', 'project_id': 'a9620d2831e94170a43fe5b9ce38ccf8', 'project_name': 'tempest-KeyPairsV22TestJSON-192287519', 'tenant_id': 'a9620d2831e94170a43fe5b9ce38ccf8', 'tenant_name': 'tempest-KeyPairsV22TestJSON-192287519', 'user_domain_id': 'default', 'user_domain_name': 'Default', 'user_id': '5ab741af868a4e2aa3ab1642d53a4dd2', 'system': None}, Network: None, Subnet: None, Router: None
2025-04-17 05:33:27.949 68906 INFO tempest.lib.common.dynamic_creds [-] Created isolated network resources for: credentials: Credentials: {'domain_id': 'default', 'domain_name': 'Default', 'username': 'tempest-KeyPairsV22TestJSON-192287519-project-member', 'project_domain_id': 'default', 'project_domain_name': 'Default', 'project_id': 'a9620d2831e94170a43fe5b9ce38ccf8', 'project_name': 'tempest-KeyPairsV22TestJSON-192287519', 'tenant_id': 'a9620d2831e94170a43fe5b9ce38ccf8', 'tenant_name': 'tempest-KeyPairsV22TestJSON-192287519', 'user_domain_id': 'default', 'user_domain_name': 'Default', 'user_id': '5ab741af868a4e2aa3ab1642d53a4dd2', 'system': None}, Network: None, Subnet: None, Router: None
2025-04-17 05:33:27.955 68918 INFO tempest.lib.common.rest_client [req-1f24084e-2f59-4e47-b514-18cfcfa1762f req-1f24084e-2f59-4e47-b514-18cfcfa1762f ] Request (FloatingIPDetailsTestJSON:setUpClass): 201 POST http://10.180.1.21/identity/v3/auth/tokens 0.386s
2025-04-17 05:33:28.012 68908 INFO tempest.lib.common.rest_client [req-540ab6d9-cdb3-4670-a169-058ca9deefdb req-540ab6d9-cdb3-4670-a169-058ca9deefdb ] Request (ServicesAdminNegativeV253TestJSON:setUpClass): 201 POST http://10.180.1.21/identity/v3/users 0.406s
2025-04-17 05:33:28.042 68920 INFO tempest.lib.common.rest_client [req-224e9ead-f04e-4d1d-b9c6-8cf694a58d35 req-224e9ead-f04e-4d1d-b9c6-8cf694a58d35 ] Request (ServersWithSpecificFlavorTestJSON:setUpClass): 201 POST http://10.180.1.21/identity/v3/projects 0.404s
2025-04-17 05:33:28.045 68898 INFO tempest.lib.common.rest_client [req-4b5bab53-eb59-4a57-aca8-bd8811f3d57c req-4b5bab53-eb59-4a57-aca8-bd8811f3d57c ] Request (FlavorsV2NegativeTest:tearDownClass): 200 GET http://10.180.1.21:9696/networking/v2.0/security-groups?tenant_id=d0f21e852b024dc1a040c2d0331b10be&name=default 0.712s
2025-04-17 05:33:28.101 68924 INFO tempest.lib.common.rest_client [req-bc721171-822f-427a-a84b-7381fc890826 req-bc721171-822f-427a-a84b-7381fc890826 ] Request (QuotasAdminTestV236:test_get_updated_quotas): 200 GET http://10.180.1.21/identity/v3/domains?name=Default 0.362s
2025-04-17 05:33:28.112 68904 INFO tempest.lib.common.rest_client [req-c9262902-7898-47df-92b0-cdfdab2ed9c9 req-c9262902-7898-47df-92b0-cdfdab2ed9c9 ] Request (AZAdminV2TestJSON:tearDownClass): 200 GET http://10.180.1.21:9696/networking/v2.0/security-groups?tenant_id=fa5c85e2128f454c9c62053accbb5298&name=default 0.261s
2025-04-17 05:33:28.154 68936 INFO tempest.lib.common.rest_client [req-50b502c1-3b94-4099-83db-b680f752b599 req-50b502c1-3b94-4099-83db-b680f752b599 ] Request (FlavorsExtraSpecsNegativeTestJSON:tearDownClass): 201 POST http://10.180.1.21/identity/v3/auth/tokens 0.379s
2025-04-17 05:33:28.163 68938 INFO tempest.lib.common.rest_client [req-891a47ce-134b-4081-a450-8be2ff52fd86 req-891a47ce-134b-4081-a450-8be2ff52fd86 ] Request (FloatingIPsNegativeTestJSON:setUpClass): 201 POST http://10.180.1.21/identity/v3/auth/tokens 0.399s
2025-04-17 05:33:28.213 68956 INFO tempest.lib.common.rest_client [req-023587c6-fcd6-425f-9914-cc401c024b7a req-023587c6-fcd6-425f-9914-cc401c024b7a ] Request (HypervisorAdminV253TestBase:tearDownClass): 204 DELETE http://10.180.1.21/identity/v3/users/cd135968fc5b425ebc97331465260ffe 0.404s
2025-04-17 05:33:28.272 68946 INFO tempest.lib.common.rest_client [req-d70b50ac-2c4f-446d-8471-2a0c64a95db0 req-d70b50ac-2c4f-446d-8471-2a0c64a95db0 ] Request (ListServerFiltersTestJSON:setUpClass): 201 POST http://10.180.1.21/identity/v3/users 0.394s
2025-04-17 05:33:28.278 68904 INFO tempest.lib.common.rest_client [req-213b0f3e-5eca-4254-878c-767410fc9654 req-213b0f3e-5eca-4254-878c-767410fc9654 ] Request (AZAdminV2TestJSON:tearDownClass): 204 DELETE http://10.180.1.21:9696/networking/v2.0/security-groups/1b71d171-b6ee-4d58-81d3-6aa700c31b5d 0.164s
2025-04-17 05:33:28.281 68898 INFO tempest.lib.common.rest_client [req-c7cc5fa0-005f-4e96-94c7-3ec305f82618 req-c7cc5fa0-005f-4e96-94c7-3ec305f82618 ] Request (FlavorsV2NegativeTest:tearDownClass): 204 DELETE http://10.180.1.21:9696/networking/v2.0/security-groups/c6801418-41d5-4232-8873-ff3f89e07d3f 0.235s
2025-04-17 05:33:28.287 68896 INFO tempest.lib.common.rest_client [req-756bce18-d6f5-4c21-8828-9e27dc03aaa9 req-756bce18-d6f5-4c21-8828-9e27dc03aaa9 ] Request (FlavorsExtraSpecsTestJSON:test_flavor_non_admin_get_all_keys): 200 GET http://10.180.1.21/compute/v2.1/flavors/782838779/os-extra_specs 2.021s
2025-04-17 05:33:28.326 68908 INFO tempest.lib.common.rest_client [req-583cff44-271e-458e-acc1-2b5820edc1d1 req-583cff44-271e-458e-acc1-2b5820edc1d1 ] Request (ServicesAdminNegativeV253TestJSON:setUpClass): 200 GET http://10.180.1.21/identity/v3/roles 0.314s
2025-04-17 05:33:28.339 68906 INFO tempest.lib.common.rest_client [req-cf5cb54f-8af5-4db6-a75d-7ded9e900259 req-cf5cb54f-8af5-4db6-a75d-7ded9e900259 ] Request (KeyPairsV22TestJSON:setUpClass): 201 POST http://10.180.1.21/identity/v3/auth/tokens 0.386s
2025-04-17 05:33:28.366 68920 INFO tempest.lib.common.rest_client [req-dd2b4147-0f0e-453e-9568-884dcc99b420 req-dd2b4147-0f0e-453e-9568-884dcc99b420 ] Request (ServersWithSpecificFlavorTestJSON:setUpClass): 201 POST http://10.180.1.21/identity/v3/users 0.324s
2025-04-17 05:33:28.438 68924 INFO tempest.lib.common.rest_client [req-20bdd4c7-cbda-4731-9793-e300d5c7002d req-20bdd4c7-cbda-4731-9793-e300d5c7002d ] Request (QuotasAdminTestV236:test_get_updated_quotas): 201 POST http://10.180.1.21/identity/v3/users 0.336s
2025-04-17 05:33:28.473 68956 INFO tempest.lib.common.rest_client [req-7ae52224-6509-4360-9b31-4ad50042e064 req-7ae52224-6509-4360-9b31-4ad50042e064 ] Request (HypervisorAdminV253TestBase:tearDownClass): 204 DELETE http://10.180.1.21/identity/v3/users/b5d388df701749508394ff697ac866d2 0.259s
2025-04-17 05:33:28.473 68956 INFO tempest.lib.common.dynamic_creds [-] Deleting project and security group for project: b0cb64bf84ca4122a00a951123dcf33b
2025-04-17 05:33:28.525 68946 INFO tempest.lib.common.rest_client [req-35965254-5ccf-40ee-ad88-3d40b0c0d767 req-35965254-5ccf-40ee-ad88-3d40b0c0d767 ] Request (ListServerFiltersTestJSON:setUpClass): 200 GET http://10.180.1.21/identity/v3/roles 0.252s
2025-04-17 05:33:28.587 68898 INFO tempest.lib.common.rest_client [req-8321f3d3-4157-444c-b42d-441a4a236ca2 req-8321f3d3-4157-444c-b42d-441a4a236ca2 ] Request (FlavorsV2NegativeTest:tearDownClass): 204 DELETE http://10.180.1.21/identity/v3/projects/d0f21e852b024dc1a040c2d0331b10be 0.305s
2025-04-17 05:33:28.661 68908 INFO tempest.lib.common.rest_client [req-2f6c71c9-03f9-43f3-b74f-615abe0f237d req-2f6c71c9-03f9-43f3-b74f-615abe0f237d ] Request (ServicesAdminNegativeV253TestJSON:setUpClass): 204 PUT http://10.180.1.21/identity/v3/projects/c2f2c76ecd2a4b80806c694a2c7fcfe7/users/285be961eaa249a493a224bd25c7e7cf/roles/b18764c182954f4d9d9f227302ab998f 0.335s
2025-04-17 05:33:28.683 68904 INFO tempest.lib.common.rest_client [req-67da2d3c-bec2-4c5a-8f3f-ca0827c17b4c req-67da2d3c-bec2-4c5a-8f3f-ca0827c17b4c ] Request (AZAdminV2TestJSON:tearDownClass): 204 DELETE http://10.180.1.21/identity/v3/projects/fa5c85e2128f454c9c62053accbb5298 0.404s
2025-04-17 05:33:28.689 68912 INFO tempest.lib.common.rest_client [req-68707239-de34-4fd0-9dc3-a680003fba87 req-68707239-de34-4fd0-9dc3-a680003fba87 ] Request (ImagesOneServerTestJSON:setUpClass): 202 POST http://10.180.1.21/compute/v2.1/servers 3.167s
2025-04-17 05:33:28.712 68950 INFO tempest.lib.common.rest_client [req-2e36222e-4e7d-4191-ac35-e16ed02be489 req-2e36222e-4e7d-4191-ac35-e16ed02be489 ] Request (FlavorsAdminTestJSON:_run_cleanups): 200 GET http://10.180.1.21/compute/v2.1/flavors/detail 2.416s
2025-04-17 05:33:28.714 68920 INFO tempest.lib.common.rest_client [req-758dd06c-2ee8-4723-a1a2-40d95bc0654c req-758dd06c-2ee8-4723-a1a2-40d95bc0654c ] Request (ServersWithSpecificFlavorTestJSON:setUpClass): 200 GET http://10.180.1.21/identity/v3/roles 0.348s
2025-04-17 05:33:28.737 68956 INFO tempest.lib.common.rest_client [req-9cfcd964-07d1-415b-84aa-e9a97684a7a2 req-9cfcd964-07d1-415b-84aa-e9a97684a7a2 ] Request (HypervisorAdminV253TestBase:tearDownClass): 201 POST http://10.180.1.21/identity/v3/auth/tokens 0.264s
2025-04-17 05:33:28.780 68946 INFO tempest.lib.common.rest_client [req-56bf1aa5-9d87-4c02-95b9-dcd6d3247487 req-56bf1aa5-9d87-4c02-95b9-dcd6d3247487 ] Request (ListServerFiltersTestJSON:setUpClass): 204 PUT http://10.180.1.21/identity/v3/projects/828be21ced7d4d11a462ae49d04280ba/users/2c10f61e025e469890198c323de0578b/roles/b044c4fc232a4f3987b9096f9158748d 0.254s
2025-04-17 05:33:28.780 68946 INFO tempest.lib.common.dynamic_creds [-] Dynamic test user 2c10f61e025e469890198c323de0578b is created with scope project and roles: ['member']
2025-04-17 05:33:28.780 68946 INFO tempest.lib.common.dynamic_creds [-] Acquired dynamic creds: credentials: Credentials: {'domain_id': 'default', 'domain_name': 'Default', 'username': 'tempest-ListServerFiltersTestJSON-136232528-project-member', 'project_domain_id': 'default', 'project_domain_name': 'Default', 'project_id': '828be21ced7d4d11a462ae49d04280ba', 'project_name': 'tempest-ListServerFiltersTestJSON-136232528', 'tenant_id': '828be21ced7d4d11a462ae49d04280ba', 'tenant_name': 'tempest-ListServerFiltersTestJSON-136232528', 'user_domain_id': 'default', 'user_domain_name': 'Default', 'user_id': '2c10f61e025e469890198c323de0578b', 'system': None}, Network: None, Subnet: None, Router: None
2025-04-17 05:33:28.784 68924 INFO tempest.lib.common.rest_client [req-89484b41-b680-4ec5-a059-fdaba4ad2818 req-89484b41-b680-4ec5-a059-fdaba4ad2818 ] Request (QuotasAdminTestV236:test_get_updated_quotas): 200 GET http://10.180.1.21/identity/v3/domains?name=Default 0.346s
2025-04-17 05:33:28.856 68898 INFO tempest.lib.common.rest_client [req-0295fae1-0123-4521-b48c-41ad53e0f2f2 req-0295fae1-0123-4521-b48c-41ad53e0f2f2 ] Request (FloatingIPsAssociationTestJSON:setUpClass): 201 POST http://10.180.1.21/identity/v3/auth/tokens 0.265s
2025-04-17 05:33:28.879 68908 INFO tempest.lib.common.rest_client [req-950d7d42-6af8-4cc0-9539-46b52ae3aa20 req-950d7d42-6af8-4cc0-9539-46b52ae3aa20 ] Request (ServicesAdminNegativeV253TestJSON:setUpClass): 200 GET http://10.180.1.21/identity/v3/roles 0.217s
2025-04-17 05:33:28.904 68904 INFO tempest.lib.common.rest_client [req-c91117bb-2fe6-4840-a47b-c6ba0669eeb1 req-c91117bb-2fe6-4840-a47b-c6ba0669eeb1 ] Request (FlavorsAccessTestJSON:setUpClass): 201 POST http://10.180.1.21/identity/v3/auth/tokens 0.220s
2025-04-17 05:33:28.921 68930 INFO tempest.lib.common.rest_client [req-42249572-b4b7-4d68-9030-e02cf1a3ab04 req-42249572-b4b7-4d68-9030-e02cf1a3ab04 ] Request (VolumesAssistedSnapshotsTest:setUpClass): 200 PUT http://10.180.1.21:9696/networking/v2.0/routers/02e0655a-e922-46db-b38f-eb0a16941c4c/add_router_interface 5.933s
2025-04-17 05:33:28.921 68930 INFO tempest.lib.common.dynamic_creds [-] Created isolated network resources for: credentials: Credentials: {'domain_id': 'default', 'domain_name': 'Default', 'username': 'tempest-VolumesAssistedSnapshotsTest-1080420425-project-member', 'project_domain_id': 'default', 'project_domain_name': 'Default', 'project_id': '728b08aaef4c41e785d63eb8ee559b4a', 'project_name': 'tempest-VolumesAssistedSnapshotsTest-1080420425', 'tenant_id': '728b08aaef4c41e785d63eb8ee559b4a', 'tenant_name': 'tempest-VolumesAssistedSnapshotsTest-1080420425', 'user_domain_id': 'default', 'user_domain_name': 'Default', 'user_id': '05429c94f7a64c83ab9bce2b28e43286', 'system': None}, Network: {'id': 'e99b36ea-9e53-4c7d-ad12-a451b0909689', 'name': 'tempest-VolumesAssistedSnapshotsTest-1032044492-network', 'tenant_id': '728b08aaef4c41e785d63eb8ee559b4a', 'admin_state_up': True, 'mtu': 8950, 'status': 'ACTIVE', 'subnets': [], 'shared': False, 'project_id': '728b08aaef4c41e785d63eb8ee559b4a', 'port_security_enabled': True, 'router:external': False, 'provider:network_type': 'vlan', 'provider:physical_network': 'default', 'provider:segmentation_id': 951, 'is_default': False, 'availability_zone_hints': [], 'availability_zones': [], 'ipv4_address_scope': None, 'ipv6_address_scope': None, 'description': '', 'tags': [], 'created_at': '2025-04-17T05:33:19Z', 'updated_at': '2025-04-17T05:33:19Z', 'revision_number': 1}, Subnet: {'id': '34bf8cba-8f67-4546-9af3-71127f9f5dcc', 'name': 'tempest-VolumesAssistedSnapshotsTest-1032044492-subnet', 'tenant_id': '728b08aaef4c41e785d63eb8ee559b4a', 'network_id': 'e99b36ea-9e53-4c7d-ad12-a451b0909689', 'ip_version': 4, 'subnetpool_id': None, 'enable_dhcp': True, 'ipv6_ra_mode': None, 'ipv6_address_mode': None, 'gateway_ip': '192.168.128.1', 'cidr': '192.168.128.0/28', 'allocation_pools': [{'start': '192.168.128.2', 'end': '192.168.128.14'}], 'host_routes': [], 'dns_nameservers': [], 'description': '', 'service_types': [], 'tags': [], 'created_at': '2025-04-17T05:33:19Z', 'updated_at': '2025-04-17T05:33:19Z', 'revision_number': 0, 'project_id': '728b08aaef4c41e785d63eb8ee559b4a'}, Router: {'id': '02e0655a-e922-46db-b38f-eb0a16941c4c', 'name': 'tempest-VolumesAssistedSnapshotsTest-1032044492-router', 'tenant_id': '728b08aaef4c41e785d63eb8ee559b4a', 'admin_state_up': True, 'status': 'ACTIVE', 'external_gateway_info': {'network_id': '9d8e6a7b-89d6-4a1a-a27f-4c53f3e9b092', 'external_fixed_ips': [{'subnet_id': 'ce64fdba-e397-493d-aa90-de202088c28e', 'ip_address': '10.180.180.189'}], 'enable_snat': True}, 'description': '', 'availability_zones': [], 'distributed': False, 'ha': False, 'availability_zone_hints': [], 'routes': [], 'flavor_id': None, 'tags': [], 'created_at': '2025-04-17T05:33:20Z', 'updated_at': '2025-04-17T05:33:21Z', 'revision_number': 2, 'project_id': '728b08aaef4c41e785d63eb8ee559b4a'}
2025-04-17 05:33:28.934 68920 INFO tempest.lib.common.rest_client [req-9a5def6a-197b-4aae-8a9e-ace091197a11 req-9a5def6a-197b-4aae-8a9e-ace091197a11 ] Request (ServersWithSpecificFlavorTestJSON:setUpClass): 204 PUT http://10.180.1.21/identity/v3/projects/b8b60b32dbf64cf58d5dd3c4df82cc11/users/f9ee538c19d440a0ae4bdf0c292795d6/roles/b18764c182954f4d9d9f227302ab998f 0.219s
2025-04-17 05:33:28.935 68910 INFO tempest.lib.common.rest_client [req-ebe1778c-8931-4225-8e47-8567c6f5c3a2 req-ebe1778c-8931-4225-8e47-8567c6f5c3a2 ] Request (FlavorsAccessNegativeTestJSON:test_add_flavor_access_duplicate): 200 POST http://10.180.1.21/compute/v2.1/flavors/1283744537/action 2.667s
2025-04-17 05:33:28.964 68958 INFO tempest.lib.common.rest_client [req-550a7b44-8417-4354-af8c-108d30731e99 req-550a7b44-8417-4354-af8c-108d30731e99 ] Request (ServicesAdminNegativeTestJSON:test_get_service_by_invalid_service_and_valid_host): 200 GET http://10.180.1.21/compute/v2.1/os-services 2.636s
2025-04-17 05:33:28.982 68944 INFO tempest.lib.common.rest_client [req-61cecf7d-04ea-462c-a602-da8cf39a1bc0 req-61cecf7d-04ea-462c-a602-da8cf39a1bc0 ] Request (HypervisorAdminUnderV252Test:test_search_hypervisor): 200 GET http://10.180.1.21/compute/v2.1/os-hypervisors 2.583s
2025-04-17 05:33:28.987 68946 INFO tempest.lib.common.rest_client [req-0d5abe9a-7f64-4862-95c7-7160ad3d1430 req-0d5abe9a-7f64-4862-95c7-7160ad3d1430 ] Request (ListServerFiltersTestJSON:setUpClass): 201 POST http://10.180.1.21/identity/v3/auth/tokens 0.207s
2025-04-17 05:33:29.009 68902 INFO tempest.lib.common.rest_client [req-02ba07aa-77a9-4d3b-a37a-36719136c86c req-02ba07aa-77a9-4d3b-a37a-36719136c86c ] Request (FlavorsV261TestJSON:test_crud_flavor): 200 PUT http://10.180.1.21/compute/v2.1/flavors/1987073668 2.468s
2025-04-17 05:33:29.016 68898 INFO tempest.lib.common.rest_client [req-2546f90d-7c41-41ce-b7ed-2d8cfd5b2bc7 req-2546f90d-7c41-41ce-b7ed-2d8cfd5b2bc7 ] Request (FloatingIPsAssociationTestJSON:setUpClass): 201 POST http://10.180.1.21/identity/v3/auth/tokens 0.158s
2025-04-17 05:33:29.024 68936 INFO tempest.lib.common.rest_client [req-58cfc0bc-6a92-4ee2-85ab-3b6f916c5d45 req-58cfc0bc-6a92-4ee2-85ab-3b6f916c5d45 ] Request (FlavorsExtraSpecsNegativeTestJSON:tearDownClass): 200 GET http://10.180.1.21:9696/networking/v2.0/security-groups?tenant_id=0b9f98f0c81d4db2a3b13e67b39e8c96&name=default 0.868s
2025-04-17 05:33:29.035 68916 INFO tempest.lib.common.rest_client [req-911f4a36-6916-496a-b8ce-a93b5fc8b0ee req-911f4a36-6916-496a-b8ce-a93b5fc8b0ee ] Request (HypervisorAdminNegativeUnderV252Test:test_show_servers_with_non_admin_user): 200 GET http://10.180.1.21/compute/v2.1/os-hypervisors 2.479s
2025-04-17 05:33:29.047 68908 INFO tempest.lib.common.rest_client [req-b650ab7c-cf14-4d35-bb3c-25816e181bca req-b650ab7c-cf14-4d35-bb3c-25816e181bca ] Request (ServicesAdminNegativeV253TestJSON:setUpClass): 204 PUT http://10.180.1.21/identity/v3/projects/c2f2c76ecd2a4b80806c694a2c7fcfe7/users/285be961eaa249a493a224bd25c7e7cf/roles/b18764c182954f4d9d9f227302ab998f 0.167s
2025-04-17 05:33:29.047 68908 INFO tempest.lib.common.dynamic_creds [-] Dynamic test user 285be961eaa249a493a224bd25c7e7cf is created with scope project and roles: ['admin']
2025-04-17 05:33:29.047 68908 INFO tempest.lib.common.dynamic_creds [-] Acquired dynamic creds: credentials: Credentials: {'domain_id': 'default', 'domain_name': 'Default', 'username': 'tempest-ServicesAdminNegativeV253TestJSON-1137383389-project-admin', 'project_domain_id': 'default', 'project_domain_name': 'Default', 'project_id': 'c2f2c76ecd2a4b80806c694a2c7fcfe7', 'project_name': 'tempest-ServicesAdminNegativeV253TestJSON-1137383389', 'tenant_id': 'c2f2c76ecd2a4b80806c694a2c7fcfe7', 'tenant_name': 'tempest-ServicesAdminNegativeV253TestJSON-1137383389', 'user_domain_id': 'default', 'user_domain_name': 'Default', 'user_id': '285be961eaa249a493a224bd25c7e7cf', 'system': None}, Network: None, Subnet: None, Router: None
2025-04-17 05:33:29.047 68926 INFO tempest.lib.common.rest_client [req-caf42d37-3696-48a2-8ffe-c214d94ab26d req-caf42d37-3696-48a2-8ffe-c214d94ab26d ] Request (HostsAdminNegativeTestJSON:test_reboot_host_with_non_admin_user): 403 GET http://10.180.1.21/compute/v2.1/os-hosts/devstack/reboot 2.305s
2025-04-17 05:33:29.047 68908 INFO tempest.lib.common.dynamic_creds [-] Created isolated network resources for: credentials: Credentials: {'domain_id': 'default', 'domain_name': 'Default', 'username': 'tempest-ServicesAdminNegativeV253TestJSON-1137383389-project-admin', 'project_domain_id': 'default', 'project_domain_name': 'Default', 'project_id': 'c2f2c76ecd2a4b80806c694a2c7fcfe7', 'project_name': 'tempest-ServicesAdminNegativeV253TestJSON-1137383389', 'tenant_id': 'c2f2c76ecd2a4b80806c694a2c7fcfe7', 'tenant_name': 'tempest-ServicesAdminNegativeV253TestJSON-1137383389', 'user_domain_id': 'default', 'user_domain_name': 'Default', 'user_id': '285be961eaa249a493a224bd25c7e7cf', 'system': None}, Network: None, Subnet: None, Router: None
2025-04-17 05:33:29.117 68904 INFO tempest.lib.common.rest_client [req-66951bd7-e112-4ae2-9243-2d1cf9f649fc req-66951bd7-e112-4ae2-9243-2d1cf9f649fc ] Request (FlavorsAccessTestJSON:setUpClass): 201 POST http://10.180.1.21/identity/v3/auth/tokens 0.211s
2025-04-17 05:33:29.135 68930 INFO tempest.lib.common.rest_client [req-ebc1888a-608a-4527-a68f-fac945c7e5ba req-ebc1888a-608a-4527-a68f-fac945c7e5ba ] Request (VolumesAssistedSnapshotsTest:setUpClass): 201 POST http://10.180.1.21/identity/v3/auth/tokens 0.209s
2025-04-17 05:33:29.139 68920 INFO tempest.lib.common.rest_client [req-6c9cedc2-7da6-4fc7-9e94-d491eb634acd req-6c9cedc2-7da6-4fc7-9e94-d491eb634acd ] Request (ServersWithSpecificFlavorTestJSON:setUpClass): 200 GET http://10.180.1.21/identity/v3/roles 0.204s
2025-04-17 05:33:29.230 68898 INFO tempest.lib.common.rest_client [req-34115752-8a09-45b2-a2e1-d9f302efd3ed req-34115752-8a09-45b2-a2e1-d9f302efd3ed ] Request (FloatingIPsAssociationTestJSON:setUpClass): 200 GET http://10.180.1.21/identity/v3/domains?name=Default 0.213s
2025-04-17 05:33:29.300 68908 INFO tempest.lib.common.rest_client [req-f728e841-d0f5-470d-80b2-6a5209c2acb6 req-f728e841-d0f5-470d-80b2-6a5209c2acb6 ] Request (ServicesAdminNegativeV253TestJSON:setUpClass): 201 POST http://10.180.1.21/identity/v3/auth/tokens 0.247s
2025-04-17 05:33:29.316 68904 INFO tempest.lib.common.rest_client [req-5dd2b8aa-45e6-4663-81c3-5f015c483de5 req-5dd2b8aa-45e6-4663-81c3-5f015c483de5 ] Request (FlavorsAccessTestJSON:setUpClass): 200 GET http://10.180.1.21/identity/v3/domains?name=Default 0.198s
2025-04-17 05:33:29.335 68920 INFO tempest.lib.common.rest_client [req-7628946b-b1fe-496b-b652-8aa35e18df40 req-7628946b-b1fe-496b-b652-8aa35e18df40 ] Request (ServersWithSpecificFlavorTestJSON:setUpClass): 204 PUT http://10.180.1.21/identity/v3/projects/b8b60b32dbf64cf58d5dd3c4df82cc11/users/f9ee538c19d440a0ae4bdf0c292795d6/roles/b18764c182954f4d9d9f227302ab998f 0.196s
2025-04-17 05:33:29.336 68920 INFO tempest.lib.common.dynamic_creds [-] Dynamic test user f9ee538c19d440a0ae4bdf0c292795d6 is created with scope project and roles: ['admin']
2025-04-17 05:33:29.336 68920 INFO tempest.lib.common.dynamic_creds [-] Acquired dynamic creds: credentials: Credentials: {'domain_id': 'default', 'domain_name': 'Default', 'username': 'tempest-ServersWithSpecificFlavorTestJSON-1447183490-project-admin', 'project_domain_id': 'default', 'project_domain_name': 'Default', 'project_id': 'b8b60b32dbf64cf58d5dd3c4df82cc11', 'project_name': 'tempest-ServersWithSpecificFlavorTestJSON-1447183490', 'tenant_id': 'b8b60b32dbf64cf58d5dd3c4df82cc11', 'tenant_name': 'tempest-ServersWithSpecificFlavorTestJSON-1447183490', 'user_domain_id': 'default', 'user_domain_name': 'Default', 'user_id': 'f9ee538c19d440a0ae4bdf0c292795d6', 'system': None}, Network: None, Subnet: None, Router: None
2025-04-17 05:33:29.341 68930 INFO tempest.lib.common.rest_client [req-b6683ccf-c062-48d9-ad49-c25bb8de8f82 req-b6683ccf-c062-48d9-ad49-c25bb8de8f82 ] Request (VolumesAssistedSnapshotsTest:setUpClass): 201 POST http://10.180.1.21/identity/v3/projects 0.206s
2025-04-17 05:33:29.402 68898 INFO tempest.lib.common.rest_client [req-58168cef-172c-4f05-bcab-246621de90f7 req-58168cef-172c-4f05-bcab-246621de90f7 ] Request (FloatingIPsAssociationTestJSON:setUpClass): 201 POST http://10.180.1.21/identity/v3/projects 0.171s
2025-04-17 05:33:29.404 68904 INFO tempest.lib.common.rest_client [req-afde2f93-856b-4af8-a5b2-6a34ea814710 req-afde2f93-856b-4af8-a5b2-6a34ea814710 ] Request (FlavorsAccessTestJSON:setUpClass): 201 POST http://10.180.1.21/identity/v3/projects 0.088s
2025-04-17 05:33:29.463 68930 INFO tempest.lib.common.rest_client [req-4aa9bb74-c35a-4bbb-9dab-75009421d21a req-4aa9bb74-c35a-4bbb-9dab-75009421d21a ] Request (VolumesAssistedSnapshotsTest:setUpClass): 201 POST http://10.180.1.21/identity/v3/users 0.121s
2025-04-17 05:33:29.488 68898 INFO tempest.lib.common.rest_client [req-94b94209-f7a7-4245-abfe-2a76a83d430f req-94b94209-f7a7-4245-abfe-2a76a83d430f ] Request (FloatingIPsAssociationTestJSON:setUpClass): 201 POST http://10.180.1.21/identity/v3/users 0.085s
2025-04-17 05:33:29.493 68904 INFO tempest.lib.common.rest_client [req-8bf34e1f-da87-41a0-9027-4b35111a928d req-8bf34e1f-da87-41a0-9027-4b35111a928d ] Request (FlavorsAccessTestJSON:setUpClass): 201 POST http://10.180.1.21/identity/v3/users 0.089s
2025-04-17 05:33:29.501 68936 INFO tempest.lib.common.rest_client [req-acfe5c67-b546-4a0c-a8eb-f3099352e4c0 req-acfe5c67-b546-4a0c-a8eb-f3099352e4c0 ] Request (FlavorsExtraSpecsNegativeTestJSON:tearDownClass): 204 DELETE http://10.180.1.21:9696/networking/v2.0/security-groups/5c3b8d20-6fb4-41dd-9c91-815771154607 0.476s
2025-04-17 05:33:29.503 68956 INFO tempest.lib.common.rest_client [req-28e2280a-42fb-4d49-9a3a-8f756f29986c req-28e2280a-42fb-4d49-9a3a-8f756f29986c ] Request (HypervisorAdminV253TestBase:tearDownClass): 200 GET http://10.180.1.21:9696/networking/v2.0/security-groups?tenant_id=b0cb64bf84ca4122a00a951123dcf33b&name=default 0.765s
2025-04-17 05:33:29.520 68930 INFO tempest.lib.common.rest_client [req-78052459-f875-4620-8d87-df909757c029 req-78052459-f875-4620-8d87-df909757c029 ] Request (VolumesAssistedSnapshotsTest:setUpClass): 200 GET http://10.180.1.21/identity/v3/roles 0.055s
2025-04-17 05:33:29.537 68898 INFO tempest.lib.common.rest_client [req-426b905e-6210-44c8-9210-86dd178f72bd req-426b905e-6210-44c8-9210-86dd178f72bd ] Request (FloatingIPsAssociationTestJSON:setUpClass): 200 GET http://10.180.1.21/identity/v3/roles 0.049s
2025-04-17 05:33:29.544 68904 INFO tempest.lib.common.rest_client [req-fe94985d-1808-4127-aba4-2a7c57f1963a req-fe94985d-1808-4127-aba4-2a7c57f1963a ] Request (FlavorsAccessTestJSON:setUpClass): 200 GET http://10.180.1.21/identity/v3/roles 0.050s
2025-04-17 05:33:29.601 68930 INFO tempest.lib.common.rest_client [req-ac671973-0741-430a-8731-2ed55c08b3a7 req-ac671973-0741-430a-8731-2ed55c08b3a7 ] Request (VolumesAssistedSnapshotsTest:setUpClass): 204 PUT http://10.180.1.21/identity/v3/projects/9be773dae96748249b2d15bd8035865a/users/2f9989f55c61475f9193fb6954747c20/roles/b18764c182954f4d9d9f227302ab998f 0.081s
2025-04-17 05:33:29.605 68922 INFO tempest.lib.common.rest_client [req-92f46628-981d-40e0-b24a-43a5c6da3fd8 req-92f46628-981d-40e0-b24a-43a5c6da3fd8 ] Request (AggregatesAdminNegativeTestJSON:test_aggregate_add_existent_host): 200 POST http://10.180.1.21/compute/v2.1/os-aggregates/1/action 3.279s
2025-04-17 05:33:29.628 68936 INFO tempest.lib.common.rest_client [req-3e591d23-a67d-4753-b912-64e2b62f2501 req-3e591d23-a67d-4753-b912-64e2b62f2501 ] Request (FlavorsExtraSpecsNegativeTestJSON:tearDownClass): 204 DELETE http://10.180.1.21/identity/v3/projects/0b9f98f0c81d4db2a3b13e67b39e8c96 0.127s
2025-04-17 05:33:29.628 68936 INFO tempest.lib.common.dynamic_creds [-] Deleting project and security group for project: 486f92ce693e40718981ea8848d39f32
2025-04-17 05:33:29.636 68954 INFO tempest.lib.common.rest_client [req-78227f25-1a39-43b8-948e-cc017de7cc9d req-78227f25-1a39-43b8-948e-cc017de7cc9d ] Request (FlavorMetadataValidation:_run_cleanups): 202 DELETE http://10.180.1.21/compute/v2.1/flavors/1281623803 2.785s
2025-04-17 05:33:29.694 68898 INFO tempest.lib.common.rest_client [req-2df0904e-8741-4a62-8a2a-391a59081eff req-2df0904e-8741-4a62-8a2a-391a59081eff ] Request (FloatingIPsAssociationTestJSON:setUpClass): 204 PUT http://10.180.1.21/identity/v3/projects/ec839b3b8dc74ab4aaf0c9fff8794afe/users/2f88c468845b4b91b928bcad4ddcabd4/roles/b044c4fc232a4f3987b9096f9158748d 0.156s
2025-04-17 05:33:29.694 68898 INFO tempest.lib.common.dynamic_creds [-] Dynamic test user 2f88c468845b4b91b928bcad4ddcabd4 is created with scope project and roles: ['member']
2025-04-17 05:33:29.694 68898 INFO tempest.lib.common.dynamic_creds [-] Acquired dynamic creds: credentials: Credentials: {'domain_id': 'default', 'domain_name': 'Default', 'username': 'tempest-FloatingIPsAssociationTestJSON-542062800-project-member', 'project_domain_id': 'default', 'project_domain_name': 'Default', 'project_id': 'ec839b3b8dc74ab4aaf0c9fff8794afe', 'project_name': 'tempest-FloatingIPsAssociationTestJSON-542062800', 'tenant_id': 'ec839b3b8dc74ab4aaf0c9fff8794afe', 'tenant_name': 'tempest-FloatingIPsAssociationTestJSON-542062800', 'user_domain_id': 'default', 'user_domain_name': 'Default', 'user_id': '2f88c468845b4b91b928bcad4ddcabd4', 'system': None}, Network: None, Subnet: None, Router: None
2025-04-17 05:33:29.695 68904 INFO tempest.lib.common.rest_client [req-fb300b71-e743-4595-9bcd-8e8aa987f3c1 req-fb300b71-e743-4595-9bcd-8e8aa987f3c1 ] Request (FlavorsAccessTestJSON:setUpClass): 204 PUT http://10.180.1.21/identity/v3/projects/fccddc93d86041ed9520e4391d1496ae/users/28356fb91b3e45efadd4b7d024282160/roles/b044c4fc232a4f3987b9096f9158748d 0.150s
2025-04-17 05:33:29.695 68904 INFO tempest.lib.common.dynamic_creds [-] Dynamic test user 28356fb91b3e45efadd4b7d024282160 is created with scope project and roles: ['member']
2025-04-17 05:33:29.695 68904 INFO tempest.lib.common.dynamic_creds [-] Acquired dynamic creds: credentials: Credentials: {'domain_id': 'default', 'domain_name': 'Default', 'username': 'tempest-FlavorsAccessTestJSON-2112064363-project-member', 'project_domain_id': 'default', 'project_domain_name': 'Default', 'project_id': 'fccddc93d86041ed9520e4391d1496ae', 'project_name': 'tempest-FlavorsAccessTestJSON-2112064363', 'tenant_id': 'fccddc93d86041ed9520e4391d1496ae', 'tenant_name': 'tempest-FlavorsAccessTestJSON-2112064363', 'user_domain_id': 'default', 'user_domain_name': 'Default', 'user_id': '28356fb91b3e45efadd4b7d024282160', 'system': None}, Network: None, Subnet: None, Router: None
2025-04-17 05:33:29.696 68904 INFO tempest.lib.common.dynamic_creds [-] Created isolated network resources for: credentials: Credentials: {'domain_id': 'default', 'domain_name': 'Default', 'username': 'tempest-FlavorsAccessTestJSON-2112064363-project-member', 'project_domain_id': 'default', 'project_domain_name': 'Default', 'project_id': 'fccddc93d86041ed9520e4391d1496ae', 'project_name': 'tempest-FlavorsAccessTestJSON-2112064363', 'tenant_id': 'fccddc93d86041ed9520e4391d1496ae', 'tenant_name': 'tempest-FlavorsAccessTestJSON-2112064363', 'user_domain_id': 'default', 'user_domain_name': 'Default', 'user_id': '28356fb91b3e45efadd4b7d024282160', 'system': None}, Network: None, Subnet: None, Router: None
2025-04-17 05:33:29.754 68898 INFO tempest.lib.common.rest_client [req-53ecbc2c-a9bb-4f7e-b961-64ba5ac22f6a req-53ecbc2c-a9bb-4f7e-b961-64ba5ac22f6a ] Request (FloatingIPsAssociationTestJSON:setUpClass): 201 POST http://10.180.1.21/identity/v3/auth/tokens 0.059s
2025-04-17 05:33:29.785 68930 INFO tempest.lib.common.rest_client [req-f042ebb8-bf13-4e42-a530-3ffb0600e103 req-f042ebb8-bf13-4e42-a530-3ffb0600e103 ] Request (VolumesAssistedSnapshotsTest:setUpClass): 200 GET http://10.180.1.21/identity/v3/roles 0.183s
2025-04-17 05:33:29.808 68930 INFO tempest.lib.common.rest_client [req-6a8d3f0a-5c75-49b5-87e1-56d70c9744dd req-6a8d3f0a-5c75-49b5-87e1-56d70c9744dd ] Request (VolumesAssistedSnapshotsTest:setUpClass): 204 PUT http://10.180.1.21/identity/v3/projects/9be773dae96748249b2d15bd8035865a/users/2f9989f55c61475f9193fb6954747c20/roles/b18764c182954f4d9d9f227302ab998f 0.023s
2025-04-17 05:33:29.809 68930 INFO tempest.lib.common.dynamic_creds [-] Dynamic test user 2f9989f55c61475f9193fb6954747c20 is created with scope project and roles: ['admin']
2025-04-17 05:33:29.809 68930 INFO tempest.lib.common.dynamic_creds [-] Acquired dynamic creds: credentials: Credentials: {'domain_id': 'default', 'domain_name': 'Default', 'username': 'tempest-VolumesAssistedSnapshotsTest-1770506846-project-admin', 'project_domain_id': 'default', 'project_domain_name': 'Default', 'project_id': '9be773dae96748249b2d15bd8035865a', 'project_name': 'tempest-VolumesAssistedSnapshotsTest-1770506846', 'tenant_id': '9be773dae96748249b2d15bd8035865a', 'tenant_name': 'tempest-VolumesAssistedSnapshotsTest-1770506846', 'user_domain_id': 'default', 'user_domain_name': 'Default', 'user_id': '2f9989f55c61475f9193fb6954747c20', 'system': None}, Network: None, Subnet: None, Router: None
2025-04-17 05:33:29.846 68904 INFO tempest.lib.common.rest_client [req-8843aae3-0b30-4acc-a606-56d0e4d89537 req-8843aae3-0b30-4acc-a606-56d0e4d89537 ] Request (FlavorsAccessTestJSON:setUpClass): 201 POST http://10.180.1.21/identity/v3/auth/tokens 0.145s
2025-04-17 05:33:29.881 68946 INFO tempest.lib.common.rest_client [req-37118d8a-b29d-40ff-98f7-3c48f4583872 req-37118d8a-b29d-40ff-98f7-3c48f4583872 ] Request (ListServerFiltersTestJSON:setUpClass): 201 POST http://10.180.1.21:9696/networking/v2.0/networks 0.893s
2025-04-17 05:33:29.926 68904 INFO tempest.lib.common.rest_client [req-69e02e0b-21fe-4022-b69a-0cbb54f3aa0f req-69e02e0b-21fe-4022-b69a-0cbb54f3aa0f ] Request (FlavorsAccessTestJSON:setUpClass): 201 POST http://10.180.1.21/identity/v3/projects 0.080s
2025-04-17 05:33:29.991 68904 INFO tempest.lib.common.rest_client [req-6a089bdc-944e-4d0c-87c2-1b650825df25 req-6a089bdc-944e-4d0c-87c2-1b650825df25 ] Request (FlavorsAccessTestJSON:setUpClass): 201 POST http://10.180.1.21/identity/v3/users 0.064s
2025-04-17 05:33:30.014 68904 INFO tempest.lib.common.rest_client [req-6e32b141-70e7-4628-9ee7-d5a38226e7b4 req-6e32b141-70e7-4628-9ee7-d5a38226e7b4 ] Request (FlavorsAccessTestJSON:setUpClass): 200 GET http://10.180.1.21/identity/v3/roles 0.022s
2025-04-17 05:33:30.043 68904 INFO tempest.lib.common.rest_client [req-386f4407-fe9d-476f-9e98-9d9cea7acffc req-386f4407-fe9d-476f-9e98-9d9cea7acffc ] Request (FlavorsAccessTestJSON:setUpClass): 204 PUT http://10.180.1.21/identity/v3/projects/ff2c633b41ce4f8580e51e3b25efadc9/users/2322b8b3ddb543418963f1c79c73b860/roles/b18764c182954f4d9d9f227302ab998f 0.029s
2025-04-17 05:33:30.052 68956 INFO tempest.lib.common.rest_client [req-b78a0e1c-6b18-4270-b2c6-ca281e713fb0 req-b78a0e1c-6b18-4270-b2c6-ca281e713fb0 ] Request (HypervisorAdminV253TestBase:tearDownClass): 204 DELETE http://10.180.1.21:9696/networking/v2.0/security-groups/41c6e649-f918-4c8c-b0be-e1aa6fafd91e 0.548s
2025-04-17 05:33:30.106 68904 INFO tempest.lib.common.rest_client [req-e861f0df-472f-4072-9f61-234cf7e41746 req-e861f0df-472f-4072-9f61-234cf7e41746 ] Request (FlavorsAccessTestJSON:setUpClass): 200 GET http://10.180.1.21/identity/v3/roles 0.062s
2025-04-17 05:33:30.129 68904 INFO tempest.lib.common.rest_client [req-e0d76d13-837f-4338-8da7-9cbcc7db56ee req-e0d76d13-837f-4338-8da7-9cbcc7db56ee ] Request (FlavorsAccessTestJSON:setUpClass): 204 PUT http://10.180.1.21/identity/v3/projects/ff2c633b41ce4f8580e51e3b25efadc9/users/2322b8b3ddb543418963f1c79c73b860/roles/b18764c182954f4d9d9f227302ab998f 0.022s
2025-04-17 05:33:30.129 68904 INFO tempest.lib.common.dynamic_creds [-] Dynamic test user 2322b8b3ddb543418963f1c79c73b860 is created with scope project and roles: ['admin']
2025-04-17 05:33:30.130 68904 INFO tempest.lib.common.dynamic_creds [-] Acquired dynamic creds: credentials: Credentials: {'domain_id': 'default', 'domain_name': 'Default', 'username': 'tempest-FlavorsAccessTestJSON-441358696-project-admin', 'project_domain_id': 'default', 'project_domain_name': 'Default', 'project_id': 'ff2c633b41ce4f8580e51e3b25efadc9', 'project_name': 'tempest-FlavorsAccessTestJSON-441358696', 'tenant_id': 'ff2c633b41ce4f8580e51e3b25efadc9', 'tenant_name': 'tempest-FlavorsAccessTestJSON-441358696', 'user_domain_id': 'default', 'user_domain_name': 'Default', 'user_id': '2322b8b3ddb543418963f1c79c73b860', 'system': None}, Network: None, Subnet: None, Router: None
2025-04-17 05:33:30.130 68904 INFO tempest.lib.common.dynamic_creds [-] Created isolated network resources for: credentials: Credentials: {'domain_id': 'default', 'domain_name': 'Default', 'username': 'tempest-FlavorsAccessTestJSON-441358696-project-admin', 'project_domain_id': 'default', 'project_domain_name': 'Default', 'project_id': 'ff2c633b41ce4f8580e51e3b25efadc9', 'project_name': 'tempest-FlavorsAccessTestJSON-441358696', 'tenant_id': 'ff2c633b41ce4f8580e51e3b25efadc9', 'tenant_name': 'tempest-FlavorsAccessTestJSON-441358696', 'user_domain_id': 'default', 'user_domain_name': 'Default', 'user_id': '2322b8b3ddb543418963f1c79c73b860', 'system': None}, Network: None, Subnet: None, Router: None
2025-04-17 05:33:30.147 68956 INFO tempest.lib.common.rest_client [req-53a56177-3596-4c58-8c77-629712a9b5b9 req-53a56177-3596-4c58-8c77-629712a9b5b9 ] Request (HypervisorAdminV253TestBase:tearDownClass): 204 DELETE http://10.180.1.21/identity/v3/projects/b0cb64bf84ca4122a00a951123dcf33b 0.095s
2025-04-17 05:33:30.147 68956 INFO tempest.lib.common.dynamic_creds [-] Deleting project and security group for project: a4442851e3a9452aaa209446736df428
2025-04-17 05:33:30.219 68904 INFO tempest.lib.common.rest_client [req-1bbd9803-365f-4103-adfa-5208ac8759dd req-1bbd9803-365f-4103-adfa-5208ac8759dd ] Request (FlavorsAccessTestJSON:setUpClass): 201 POST http://10.180.1.21/identity/v3/auth/tokens 0.087s
2025-04-17 05:33:30.220 68904 WARNING tempest.lib.common.rest_client [-] Deprecated: "tenant_id" property is deprecated for removal, use "project_id" instead
2025-04-17 05:33:30.266 68920 INFO tempest.lib.common.rest_client [req-3c44a1b5-c276-46a9-bd5d-2ede7b6fef8e req-3c44a1b5-c276-46a9-bd5d-2ede7b6fef8e ] Request (ServersWithSpecificFlavorTestJSON:setUpClass): 201 POST http://10.180.1.21:9696/networking/v2.0/networks 0.930s
2025-04-17 05:33:30.342 68936 INFO tempest.lib.common.rest_client [req-81d8c2f1-b55b-433e-a53e-b82ca060648c req-81d8c2f1-b55b-433e-a53e-b82ca060648c ] Request (FlavorsExtraSpecsNegativeTestJSON:tearDownClass): 200 GET http://10.180.1.21:9696/networking/v2.0/security-groups?tenant_id=486f92ce693e40718981ea8848d39f32&name=default 0.713s
2025-04-17 05:33:30.411 68948 INFO tempest.lib.common.rest_client [req-3e418b63-6014-424d-827d-086b71a27b47 req-3e418b63-6014-424d-827d-086b71a27b47 ] Request (ServerTagsTestJSON:setUpClass): 200 GET http://10.180.1.21/compute/v2.1/servers/b5707ff5-916e-49ce-9aac-9a08ac51bdf2 3.464s
2025-04-17 05:33:30.722 68956 INFO tempest.lib.common.rest_client [req-97489492-ad0d-455b-a7fa-e15f8728900c req-97489492-ad0d-455b-a7fa-e15f8728900c ] Request (HypervisorAdminV253TestBase:tearDownClass): 200 GET http://10.180.1.21:9696/networking/v2.0/security-groups?tenant_id=a4442851e3a9452aaa209446736df428&name=default 0.575s
2025-04-17 05:33:30.750 68932 INFO tempest.lib.common.rest_client [req-4fce5c98-8c77-4def-9b8a-40e434d5df10 req-4fce5c98-8c77-4def-9b8a-40e434d5df10 ] Request (NetworksTest:test_list_all_networks): 200 GET http://10.180.1.21/compute/v2.1/os-networks 3.630s
2025-04-17 05:33:30.833 68900 INFO tempest.lib.common.rest_client [req-06954f8f-3789-4c87-9858-e400628d7cb4 req-06954f8f-3789-4c87-9858-e400628d7cb4 ] Request (ServerDiskConfigTestJSON:setUpClass): 201 POST http://10.180.1.21:9696/networking/v2.0/routers 3.899s
2025-04-17 05:33:30.834 68952 INFO tempest.lib.common.rest_client [req-f2514bed-c4e2-47f1-97b2-385c09b8a096 req-f2514bed-c4e2-47f1-97b2-385c09b8a096 ] Request (VolumesAdminNegativeTest:setUpClass): 201 POST http://10.180.1.21:9696/networking/v2.0/routers 4.029s
2025-04-17 05:33:30.856 68936 INFO tempest.lib.common.rest_client [req-f574add4-0ef2-4d12-a202-ef950097fd22 req-f574add4-0ef2-4d12-a202-ef950097fd22 ] Request (FlavorsExtraSpecsNegativeTestJSON:tearDownClass): 204 DELETE http://10.180.1.21:9696/networking/v2.0/security-groups/2ae1d1a9-08ff-479c-be3e-e6f539ce7160 0.513s
2025-04-17 05:33:30.881 68932 INFO tempest.lib.common.rest_client [req-380f920e-7fac-4d93-a3bc-45a60f2cbcc6 req-380f920e-7fac-4d93-a3bc-45a60f2cbcc6 ] Request (NetworksTest:tearDownClass): 204 DELETE http://10.180.1.21/identity/v3/users/c17603da72464fc58afcdeac061c958a 0.129s
2025-04-17 05:33:30.888 68934 INFO tempest.lib.common.rest_client [req-8a589db0-de3b-459c-ad16-31c46fdaea75 req-8a589db0-de3b-459c-ad16-31c46fdaea75 ] Request (ServersAdmin275Test:test_rebuild_update_server_275): 200 GET http://10.180.1.21/compute/v2.1/servers/26f6016f-5fb5-4fd2-9ee3-648297d969b3 3.740s
2025-04-17 05:33:30.912 68929 INFO tempest.lib.common.rest_client [req-ca9c44be-c51f-4137-a841-275d33f7111e req-ca9c44be-c51f-4137-a841-275d33f7111e ] Request (HypervisorAdminTestJSON:test_get_hypervisor_stats): 200 GET http://10.180.1.21/compute/v2.1/os-hypervisors/statistics 3.147s
2025-04-17 05:33:30.930 68930 INFO tempest.lib.common.rest_client [req-7be15248-e261-4f42-adff-d07c56595c88 req-7be15248-e261-4f42-adff-d07c56595c88 ] Request (VolumesAssistedSnapshotsTest:setUpClass): 201 POST http://10.180.1.21:9696/networking/v2.0/networks 1.121s
2025-04-17 05:33:30.946 68940 INFO tempest.lib.common.rest_client [req-46ce8de4-0964-4796-a533-7113aa56ba0d req-46ce8de4-0964-4796-a533-7113aa56ba0d ] Request (FlavorsV255TestJSON:test_crud_flavor): 200 GET http://10.180.1.21/compute/v2.1/flavors/detail 3.119s
2025-04-17 05:33:30.985 68942 INFO tempest.lib.common.rest_client [req-9a4725be-5a60-45be-85f0-e82f9eb2dc99 req-9a4725be-5a60-45be-85f0-e82f9eb2dc99 ] Request (ServerPasswordTestJSON:setUpClass): 202 POST http://10.180.1.21/compute/v2.1/servers 4.213s
2025-04-17 05:33:31.008 68898 INFO tempest.lib.common.rest_client [req-bdec3647-f0af-4af9-a16f-5eb57b4997d9 req-bdec3647-f0af-4af9-a16f-5eb57b4997d9 ] Request (FloatingIPsAssociationTestJSON:setUpClass): 201 POST http://10.180.1.21:9696/networking/v2.0/networks 1.253s
2025-04-17 05:33:31.012 68932 INFO tempest.lib.common.rest_client [req-43652a6d-f6a3-402a-be99-a9aab6132d4e req-43652a6d-f6a3-402a-be99-a9aab6132d4e ] Request (NetworksTest:tearDownClass): 204 DELETE http://10.180.1.21/identity/v3/users/5f57974f228a47c7bd270202bec65e3a 0.128s
2025-04-17 05:33:31.012 68932 INFO tempest.lib.common.dynamic_creds [-] Deleting project and security group for project: 76de349837544661a3db62842764f32a
2025-04-17 05:33:31.050 68936 INFO tempest.lib.common.rest_client [req-5a757b63-4bb0-40a4-a15b-e405da9fad4f req-5a757b63-4bb0-40a4-a15b-e405da9fad4f ] Request (FlavorsExtraSpecsNegativeTestJSON:tearDownClass): 204 DELETE http://10.180.1.21/identity/v3/projects/486f92ce693e40718981ea8848d39f32 0.194s
2025-04-17 05:33:31.218 68929 INFO tempest.lib.common.rest_client [req-40bdd1d0-3dc3-4393-93b0-daa66a1f35ec req-40bdd1d0-3dc3-4393-93b0-daa66a1f35ec ] Request (HypervisorAdminTestJSON:tearDownClass): 204 DELETE http://10.180.1.21/identity/v3/users/97871d1db0db45e1bb278674427ccc3c 0.296s
2025-04-17 05:33:31.367 68932 INFO tempest.lib.common.rest_client [req-84d9bc0b-201b-46ab-8b62-5ee1eb644334 req-84d9bc0b-201b-46ab-8b62-5ee1eb644334 ] Request (NetworksTest:tearDownClass): 201 POST http://10.180.1.21/identity/v3/auth/tokens 0.353s
2025-04-17 05:33:31.395 68936 INFO tempest.lib.common.rest_client [req-8d9ead0c-2806-4aab-9b7f-3f6f9b39646e req-8d9ead0c-2806-4aab-9b7f-3f6f9b39646e ] Request (ServersAdminNegativeTestJSON:setUpClass): 201 POST http://10.180.1.21/identity/v3/auth/tokens 0.343s
2025-04-17 05:33:31.454 68929 INFO tempest.lib.common.rest_client [req-ea742228-1a7e-460f-bf66-7f542b533317 req-ea742228-1a7e-460f-bf66-7f542b533317 ] Request (HypervisorAdminTestJSON:tearDownClass): 204 DELETE http://10.180.1.21/identity/v3/users/01adcf699398462aa132f3036ddcec5e 0.236s
2025-04-17 05:33:31.454 68929 INFO tempest.lib.common.dynamic_creds [-] Deleting project and security group for project: 929fbfe712244250837f28c9a503965e
2025-04-17 05:33:31.476 68936 INFO tempest.lib.common.rest_client [req-2e40ccf3-45d5-4598-8162-5ab12be2248f req-2e40ccf3-45d5-4598-8162-5ab12be2248f ] Request (ServersAdminNegativeTestJSON:setUpClass): 201 POST http://10.180.1.21/identity/v3/auth/tokens 0.078s
2025-04-17 05:33:31.497 68946 INFO tempest.lib.common.rest_client [req-bf58a52e-00a4-4ce9-995a-a1e68d9ac972 req-bf58a52e-00a4-4ce9-995a-a1e68d9ac972 ] Request (ListServerFiltersTestJSON:setUpClass): 201 POST http://10.180.1.21:9696/networking/v2.0/subnets 1.616s
