2025-04-17 05:33:31.497 68946 INFO tempest.lib.common.dynamic_creds [-] Created isolated network resources for: credentials: Credentials: {'domain_id': 'default', 'domain_name': 'Default', 'username': 'tempest-ListServerFiltersTestJSON-136232528-project-member', 'project_domain_id': 'default', 'project_domain_name': 'Default', 'project_id': '828be21ced7d4d11a462ae49d04280ba', 'project_name': 'tempest-ListServerFiltersTestJSON-136232528', 'tenant_id': '828be21ced7d4d11a462ae49d04280ba', 'tenant_name': 'tempest-ListServerFiltersTestJSON-136232528', 'user_domain_id': 'default', 'user_domain_name': 'Default', 'user_id': '2c10f61e025e469890198c323de0578b', 'system': None}, Network: {'id': '0f2e6893-43e2-458a-8326-dd03f1a6b1a7', 'name': 'tempest-ListServerFiltersTestJSON-2034507765-network', 'tenant_id': '828be21ced7d4d11a462ae49d04280ba', 'admin_state_up': True, 'mtu': 8950, 'status': 'ACTIVE', 'subnets': [], 'shared': False, 'project_id': '828be21ced7d4d11a462ae49d04280ba', 'port_security_enabled': True, 'router:external': False, 'provider:network_type': 'vlan', 'provider:physical_network': 'default', 'provider:segmentation_id': 326, 'is_default': False, 'availability_zone_hints': [], 'availability_zones': [], 'ipv4_address_scope': None, 'ipv6_address_scope': None, 'description': '', 'tags': [], 'created_at': '2025-04-17T05:33:29Z', 'updated_at': '2025-04-17T05:33:29Z', 'revision_number': 1}, Subnet: {'id': '0777a71c-b318-49e2-9312-ae68ca53a6e2', 'name': 'tempest-ListServerFiltersTestJSON-2034507765-subnet', 'tenant_id': '828be21ced7d4d11a462ae49d04280ba', 'network_id': '0f2e6893-43e2-458a-8326-dd03f1a6b1a7', 'ip_version': 4, 'subnetpool_id': None, 'enable_dhcp': True, 'ipv6_ra_mode': None, 'ipv6_address_mode': None, 'gateway_ip': '192.168.128.1', 'cidr': '192.168.128.0/28', 'allocation_pools': [{'start': '192.168.128.2', 'end': '192.168.128.14'}], 'host_routes': [], 'dns_nameservers': [], 'description': '', 'service_types': [], 'tags': [], 'created_at': '2025-04-17T05:33:30Z', 'updated_at': '2025-04-17T05:33:30Z', 'revision_number': 0, 'project_id': '828be21ced7d4d11a462ae49d04280ba'}, Router: None
2025-04-17 05:33:31.532 68938 INFO tempest.lib.common.rest_client [req-6ad5117e-67aa-40f1-9f4f-047d8def1d78 req-6ad5117e-67aa-40f1-9f4f-047d8def1d78 ] Request (FloatingIPsNegativeTestJSON:setUpClass): 200 GET http://10.180.1.21/compute/v2.1/os-floating-ips 3.368s
2025-04-17 05:33:31.554 68929 INFO tempest.lib.common.rest_client [req-92167d0b-e0b7-4f89-ae98-793bd1427764 req-92167d0b-e0b7-4f89-ae98-793bd1427764 ] Request (HypervisorAdminTestJSON:tearDownClass): 201 POST http://10.180.1.21/identity/v3/auth/tokens 0.100s
2025-04-17 05:33:31.573 68896 INFO tempest.lib.common.rest_client [req-31f64f7a-b321-4da2-b03c-24157b94bf8f req-31f64f7a-b321-4da2-b03c-24157b94bf8f ] Request (FlavorsExtraSpecsTestJSON:test_flavor_non_admin_get_specific_key): 200 POST http://10.180.1.21/compute/v2.1/flavors/782838779/os-extra_specs 3.278s
2025-04-17 05:33:31.580 68936 INFO tempest.lib.common.rest_client [req-482041b3-e695-4bd1-89a0-16efbb448d94 req-482041b3-e695-4bd1-89a0-16efbb448d94 ] Request (ServersAdminNegativeTestJSON:setUpClass): 200 GET http://10.180.1.21/identity/v3/domains?name=Default 0.103s
2025-04-17 05:33:31.643 68936 INFO tempest.lib.common.rest_client [req-7c1de3fa-91c7-4fa5-846a-633cf6071ed6 req-7c1de3fa-91c7-4fa5-846a-633cf6071ed6 ] Request (ServersAdminNegativeTestJSON:setUpClass): 201 POST http://10.180.1.21/identity/v3/projects 0.062s
2025-04-17 05:33:31.659 68956 INFO tempest.lib.common.rest_client [req-3c1bfdc2-d848-4aa2-abe0-3fd87bae5a63 req-3c1bfdc2-d848-4aa2-abe0-3fd87bae5a63 ] Request (HypervisorAdminV253TestBase:tearDownClass): 204 DELETE http://10.180.1.21:9696/networking/v2.0/security-groups/5752ea30-6e10-4f4f-8c29-bbfb3d36775c 0.936s
2025-04-17 05:33:31.672 68946 INFO tempest.lib.common.rest_client [req-89f60b6c-3356-412d-b9c6-5b05d40d5873 req-89f60b6c-3356-412d-b9c6-5b05d40d5873 ] Request (ListServerFiltersTestJSON:setUpClass): 201 POST http://10.180.1.21/identity/v3/auth/tokens 0.169s
2025-04-17 05:33:31.735 68936 INFO tempest.lib.common.rest_client [req-59e3d139-8287-4e78-8e31-fc7c4d1bc7ea req-59e3d139-8287-4e78-8e31-fc7c4d1bc7ea ] Request (ServersAdminNegativeTestJSON:setUpClass): 201 POST http://10.180.1.21/identity/v3/users 0.092s
2025-04-17 05:33:31.811 68946 INFO tempest.lib.common.rest_client [req-c6f1204b-2643-4a38-9060-a31f14b13541 req-c6f1204b-2643-4a38-9060-a31f14b13541 ] Request (ListServerFiltersTestJSON:setUpClass): 201 POST http://10.180.1.21/identity/v3/auth/tokens 0.136s
2025-04-17 05:33:31.811 68946 INFO tempest.lib.common.fixed_network [-] (ListServerFiltersTestJSON:setUpClass) Found network {'id': '0f2e6893-43e2-458a-8326-dd03f1a6b1a7', 'name': 'tempest-ListServerFiltersTestJSON-2034507765-network', 'tenant_id': '828be21ced7d4d11a462ae49d04280ba', 'admin_state_up': True, 'mtu': 8950, 'status': 'ACTIVE', 'subnets': [], 'shared': False, 'project_id': '828be21ced7d4d11a462ae49d04280ba', 'port_security_enabled': True, 'router:external': False, 'provider:network_type': 'vlan', 'provider:physical_network': 'default', 'provider:segmentation_id': 326, 'is_default': False, 'availability_zone_hints': [], 'availability_zones': [], 'ipv4_address_scope': None, 'ipv6_address_scope': None, 'description': '', 'tags': [], 'created_at': '2025-04-17T05:33:29Z', 'updated_at': '2025-04-17T05:33:29Z', 'revision_number': 1} available for tenant
2025-04-17 05:33:31.832 68956 INFO tempest.lib.common.rest_client [req-f7b62384-7a36-471b-9251-c602659e265b req-f7b62384-7a36-471b-9251-c602659e265b ] Request (HypervisorAdminV253TestBase:tearDownClass): 204 DELETE http://10.180.1.21/identity/v3/projects/a4442851e3a9452aaa209446736df428 0.173s
2025-04-17 05:33:31.865 68946 INFO tempest.lib.common.rest_client [req-445d1957-3bf9-4664-97bb-54d1ade3caec req-445d1957-3bf9-4664-97bb-54d1ade3caec ] Request (ListServerFiltersTestJSON:setUpClass): 201 POST http://10.180.1.21/identity/v3/auth/tokens 0.049s
2025-04-17 05:33:31.865 68946 INFO tempest.lib.common.fixed_network [-] (ListServerFiltersTestJSON:setUpClass) Found network {'id': '0f2e6893-43e2-458a-8326-dd03f1a6b1a7', 'name': 'tempest-ListServerFiltersTestJSON-2034507765-network', 'tenant_id': '828be21ced7d4d11a462ae49d04280ba', 'admin_state_up': True, 'mtu': 8950, 'status': 'ACTIVE', 'subnets': [], 'shared': False, 'project_id': '828be21ced7d4d11a462ae49d04280ba', 'port_security_enabled': True, 'router:external': False, 'provider:network_type': 'vlan', 'provider:physical_network': 'default', 'provider:segmentation_id': 326, 'is_default': False, 'availability_zone_hints': [], 'availability_zones': [], 'ipv4_address_scope': None, 'ipv6_address_scope': None, 'description': '', 'tags': [], 'created_at': '2025-04-17T05:33:29Z', 'updated_at': '2025-04-17T05:33:29Z', 'revision_number': 1} available for tenant
2025-04-17 05:33:31.877 68936 INFO tempest.lib.common.rest_client [req-7bfbbb18-f360-47ae-b86e-0a41ce82e9fd req-7bfbbb18-f360-47ae-b86e-0a41ce82e9fd ] Request (ServersAdminNegativeTestJSON:setUpClass): 200 GET http://10.180.1.21/identity/v3/roles 0.141s
2025-04-17 05:33:31.887 68956 INFO tempest.lib.common.rest_client [req-419f3035-db07-4338-ac68-4e80dc0ec2dd req-419f3035-db07-4338-ac68-4e80dc0ec2dd ] Request (InstanceUsageAuditLogNegativeTestJSON:setUpClass): 201 POST http://10.180.1.21/identity/v3/auth/tokens 0.053s
2025-04-17 05:33:31.925 68936 INFO tempest.lib.common.rest_client [req-1d617019-76c5-4d43-a669-517221659cee req-1d617019-76c5-4d43-a669-517221659cee ] Request (ServersAdminNegativeTestJSON:setUpClass): 204 PUT http://10.180.1.21/identity/v3/projects/11dbafd8e6f143718a82d40b45d1e021/users/aa98a00a71c942828f98feb0ec7de637/roles/b044c4fc232a4f3987b9096f9158748d 0.048s
2025-04-17 05:33:31.925 68936 INFO tempest.lib.common.dynamic_creds [-] Dynamic test user aa98a00a71c942828f98feb0ec7de637 is created with scope project and roles: ['member']
2025-04-17 05:33:31.926 68936 INFO tempest.lib.common.dynamic_creds [-] Acquired dynamic creds: credentials: Credentials: {'domain_id': 'default', 'domain_name': 'Default', 'username': 'tempest-ServersAdminNegativeTestJSON-1454940715-project-member', 'project_domain_id': 'default', 'project_domain_name': 'Default', 'project_id': '11dbafd8e6f143718a82d40b45d1e021', 'project_name': 'tempest-ServersAdminNegativeTestJSON-1454940715', 'tenant_id': '11dbafd8e6f143718a82d40b45d1e021', 'tenant_name': 'tempest-ServersAdminNegativeTestJSON-1454940715', 'user_domain_id': 'default', 'user_domain_name': 'Default', 'user_id': 'aa98a00a71c942828f98feb0ec7de637', 'system': None}, Network: None, Subnet: None, Router: None
2025-04-17 05:33:31.926 68936 INFO tempest.lib.common.dynamic_creds [-] Created isolated network resources for: credentials: Credentials: {'domain_id': 'default', 'domain_name': 'Default', 'username': 'tempest-ServersAdminNegativeTestJSON-1454940715-project-member', 'project_domain_id': 'default', 'project_domain_name': 'Default', 'project_id': '11dbafd8e6f143718a82d40b45d1e021', 'project_name': 'tempest-ServersAdminNegativeTestJSON-1454940715', 'tenant_id': '11dbafd8e6f143718a82d40b45d1e021', 'tenant_name': 'tempest-ServersAdminNegativeTestJSON-1454940715', 'user_domain_id': 'default', 'user_domain_name': 'Default', 'user_id': 'aa98a00a71c942828f98feb0ec7de637', 'system': None}, Network: None, Subnet: None, Router: None
2025-04-17 05:33:31.988 68956 INFO tempest.lib.common.rest_client [req-5c67524a-2409-4527-8cb7-1bc0a9456074 req-5c67524a-2409-4527-8cb7-1bc0a9456074 ] Request (InstanceUsageAuditLogNegativeTestJSON:setUpClass): 201 POST http://10.180.1.21/identity/v3/auth/tokens 0.098s
2025-04-17 05:33:32.021 68956 INFO tempest.lib.common.rest_client [req-a577e8c7-7916-4374-932f-d6b9b4700405 req-a577e8c7-7916-4374-932f-d6b9b4700405 ] Request (InstanceUsageAuditLogNegativeTestJSON:setUpClass): 200 GET http://10.180.1.21/identity/v3/domains?name=Default 0.031s
2025-04-17 05:33:32.048 68936 INFO tempest.lib.common.rest_client [req-1480812f-f50a-495a-a345-ca9509a31490 req-1480812f-f50a-495a-a345-ca9509a31490 ] Request (ServersAdminNegativeTestJSON:setUpClass): 201 POST http://10.180.1.21/identity/v3/auth/tokens 0.114s
2025-04-17 05:33:32.066 68956 INFO tempest.lib.common.rest_client [req-dbb0da77-6887-497f-a604-f17cd2a655bb req-dbb0da77-6887-497f-a604-f17cd2a655bb ] Request (InstanceUsageAuditLogNegativeTestJSON:setUpClass): 201 POST http://10.180.1.21/identity/v3/projects 0.044s
2025-04-17 05:33:32.086 68936 INFO tempest.lib.common.rest_client [req-e6c9aee3-0d23-4ea2-b0f8-d861e5c88231 req-e6c9aee3-0d23-4ea2-b0f8-d861e5c88231 ] Request (ServersAdminNegativeTestJSON:setUpClass): 201 POST http://10.180.1.21/identity/v3/projects 0.037s
2025-04-17 05:33:32.185 68936 INFO tempest.lib.common.rest_client [req-02f03a42-afdb-481d-9fcf-076e43327cc7 req-02f03a42-afdb-481d-9fcf-076e43327cc7 ] Request (ServersAdminNegativeTestJSON:setUpClass): 201 POST http://10.180.1.21/identity/v3/users 0.099s
2025-04-17 05:33:32.211 68956 INFO tempest.lib.common.rest_client [req-168def9e-360b-41bd-a9f9-d6bb31fb9ec2 req-168def9e-360b-41bd-a9f9-d6bb31fb9ec2 ] Request (InstanceUsageAuditLogNegativeTestJSON:setUpClass): 201 POST http://10.180.1.21/identity/v3/users 0.144s
2025-04-17 05:33:32.216 68936 INFO tempest.lib.common.rest_client [req-8116e761-5412-45ed-b651-52f85fcc5fda req-8116e761-5412-45ed-b651-52f85fcc5fda ] Request (ServersAdminNegativeTestJSON:setUpClass): 200 GET http://10.180.1.21/identity/v3/roles 0.029s
2025-04-17 05:33:32.243 68956 INFO tempest.lib.common.rest_client [req-47570d04-c781-4583-9cbe-7bbe14b4ff52 req-47570d04-c781-4583-9cbe-7bbe14b4ff52 ] Request (InstanceUsageAuditLogNegativeTestJSON:setUpClass): 200 GET http://10.180.1.21/identity/v3/roles 0.032s
2025-04-17 05:33:32.282 68936 INFO tempest.lib.common.rest_client [req-03313b1b-f19d-4f9e-afa0-e68d35d72ebe req-03313b1b-f19d-4f9e-afa0-e68d35d72ebe ] Request (ServersAdminNegativeTestJSON:setUpClass): 204 PUT http://10.180.1.21/identity/v3/projects/e24e04c3236244858adf15f63b925934/users/f31aa6a318e34fac8eef2fde8044bf7a/roles/b18764c182954f4d9d9f227302ab998f 0.066s
2025-04-17 05:33:32.302 68956 INFO tempest.lib.common.rest_client [req-97ac23a7-d4c9-45e8-bdb3-8b60d6b05853 req-97ac23a7-d4c9-45e8-bdb3-8b60d6b05853 ] Request (InstanceUsageAuditLogNegativeTestJSON:setUpClass): 204 PUT http://10.180.1.21/identity/v3/projects/839a100d926c46edb623e987628f330e/users/1de92a968b7a4d8c96bea5dc4e36cd35/roles/b044c4fc232a4f3987b9096f9158748d 0.058s
2025-04-17 05:33:32.302 68956 INFO tempest.lib.common.dynamic_creds [-] Dynamic test user 1de92a968b7a4d8c96bea5dc4e36cd35 is created with scope project and roles: ['member']
2025-04-17 05:33:32.302 68956 INFO tempest.lib.common.dynamic_creds [-] Acquired dynamic creds: credentials: Credentials: {'domain_id': 'default', 'domain_name': 'Default', 'username': 'tempest-InstanceUsageAuditLogNegativeTestJSON-1632619116-project-member', 'project_domain_id': 'default', 'project_domain_name': 'Default', 'project_id': '839a100d926c46edb623e987628f330e', 'project_name': 'tempest-InstanceUsageAuditLogNegativeTestJSON-1632619116', 'tenant_id': '839a100d926c46edb623e987628f330e', 'tenant_name': 'tempest-InstanceUsageAuditLogNegativeTestJSON-1632619116', 'user_domain_id': 'default', 'user_domain_name': 'Default', 'user_id': '1de92a968b7a4d8c96bea5dc4e36cd35', 'system': None}, Network: None, Subnet: None, Router: None
2025-04-17 05:33:32.302 68956 INFO tempest.lib.common.dynamic_creds [-] Created isolated network resources for: credentials: Credentials: {'domain_id': 'default', 'domain_name': 'Default', 'username': 'tempest-InstanceUsageAuditLogNegativeTestJSON-1632619116-project-member', 'project_domain_id': 'default', 'project_domain_name': 'Default', 'project_id': '839a100d926c46edb623e987628f330e', 'project_name': 'tempest-InstanceUsageAuditLogNegativeTestJSON-1632619116', 'tenant_id': '839a100d926c46edb623e987628f330e', 'tenant_name': 'tempest-InstanceUsageAuditLogNegativeTestJSON-1632619116', 'user_domain_id': 'default', 'user_domain_name': 'Default', 'user_id': '1de92a968b7a4d8c96bea5dc4e36cd35', 'system': None}, Network: None, Subnet: None, Router: None
2025-04-17 05:33:32.328 68914 INFO tempest.lib.common.rest_client [req-79a75267-bf45-4662-8674-8ab4132899da req-79a75267-bf45-4662-8674-8ab4132899da ] Request (ServerDiagnosticsNegativeTest:test_get_server_diagnostics_by_non_admin): 200 GET http://10.180.1.21/compute/v2.1/servers/c507115c-92a0-4513-aae8-7dc8f95bc0ea 4.018s
2025-04-17 05:33:32.340 68920 INFO tempest.lib.common.rest_client [req-b5633824-e7dc-4045-b80f-69954c222aff req-b5633824-e7dc-4045-b80f-69954c222aff ] Request (ServersWithSpecificFlavorTestJSON:setUpClass): 201 POST http://10.180.1.21:9696/networking/v2.0/subnets 2.074s
2025-04-17 05:33:32.401 68936 INFO tempest.lib.common.rest_client [req-b8f66420-e21c-4997-a1a0-78e9ced0dee0 req-b8f66420-e21c-4997-a1a0-78e9ced0dee0 ] Request (ServersAdminNegativeTestJSON:setUpClass): 200 GET http://10.180.1.21/identity/v3/roles 0.118s
2025-04-17 05:33:32.416 68929 INFO tempest.lib.common.rest_client [req-6a6abcca-f09d-449f-a894-94269b146ddd req-6a6abcca-f09d-449f-a894-94269b146ddd ] Request (HypervisorAdminTestJSON:tearDownClass): 200 GET http://10.180.1.21:9696/networking/v2.0/security-groups?tenant_id=929fbfe712244250837f28c9a503965e&name=default 0.861s
2025-04-17 05:33:32.417 68930 INFO tempest.lib.common.rest_client [req-04ce95fa-4ded-43b4-9242-8acdc13c9a6d req-04ce95fa-4ded-43b4-9242-8acdc13c9a6d ] Request (VolumesAssistedSnapshotsTest:setUpClass): 201 POST http://10.180.1.21:9696/networking/v2.0/subnets 1.485s
2025-04-17 05:33:32.421 68956 INFO tempest.lib.common.rest_client [req-d179df96-86c4-4f55-84af-1d2cdd527521 req-d179df96-86c4-4f55-84af-1d2cdd527521 ] Request (InstanceUsageAuditLogNegativeTestJSON:setUpClass): 201 POST http://10.180.1.21/identity/v3/auth/tokens 0.102s
2025-04-17 05:33:32.439 68936 INFO tempest.lib.common.rest_client [req-dcfa4b3d-b4d4-49b0-a361-c3cfb7daf5a3 req-dcfa4b3d-b4d4-49b0-a361-c3cfb7daf5a3 ] Request (ServersAdminNegativeTestJSON:setUpClass): 204 PUT http://10.180.1.21/identity/v3/projects/e24e04c3236244858adf15f63b925934/users/f31aa6a318e34fac8eef2fde8044bf7a/roles/b18764c182954f4d9d9f227302ab998f 0.037s
2025-04-17 05:33:32.439 68936 INFO tempest.lib.common.dynamic_creds [-] Dynamic test user f31aa6a318e34fac8eef2fde8044bf7a is created with scope project and roles: ['admin']
2025-04-17 05:33:32.442 68936 INFO tempest.lib.common.dynamic_creds [-] Acquired dynamic creds: credentials: Credentials: {'domain_id': 'default', 'domain_name': 'Default', 'username': 'tempest-ServersAdminNegativeTestJSON-31745371-project-admin', 'project_domain_id': 'default', 'project_domain_name': 'Default', 'project_id': 'e24e04c3236244858adf15f63b925934', 'project_name': 'tempest-ServersAdminNegativeTestJSON-31745371', 'tenant_id': 'e24e04c3236244858adf15f63b925934', 'tenant_name': 'tempest-ServersAdminNegativeTestJSON-31745371', 'user_domain_id': 'default', 'user_domain_name': 'Default', 'user_id': 'f31aa6a318e34fac8eef2fde8044bf7a', 'system': None}, Network: None, Subnet: None, Router: None
2025-04-17 05:33:32.442 68936 INFO tempest.lib.common.dynamic_creds [-] Created isolated network resources for: credentials: Credentials: {'domain_id': 'default', 'domain_name': 'Default', 'username': 'tempest-ServersAdminNegativeTestJSON-31745371-project-admin', 'project_domain_id': 'default', 'project_domain_name': 'Default', 'project_id': 'e24e04c3236244858adf15f63b925934', 'project_name': 'tempest-ServersAdminNegativeTestJSON-31745371', 'tenant_id': 'e24e04c3236244858adf15f63b925934', 'tenant_name': 'tempest-ServersAdminNegativeTestJSON-31745371', 'user_domain_id': 'default', 'user_domain_name': 'Default', 'user_id': 'f31aa6a318e34fac8eef2fde8044bf7a', 'system': None}, Network: None, Subnet: None, Router: None
2025-04-17 05:33:32.514 68956 INFO tempest.lib.common.rest_client [req-5716169f-9b3b-49b7-a52b-76d550c233ca req-5716169f-9b3b-49b7-a52b-76d550c233ca ] Request (InstanceUsageAuditLogNegativeTestJSON:setUpClass): 201 POST http://10.180.1.21/identity/v3/projects 0.092s
2025-04-17 05:33:32.593 68936 INFO tempest.lib.common.rest_client [req-a1a44af3-4bc3-446c-ae49-9f4aed708f92 req-a1a44af3-4bc3-446c-ae49-9f4aed708f92 ] Request (ServersAdminNegativeTestJSON:setUpClass): 201 POST http://10.180.1.21/identity/v3/auth/tokens 0.148s
2025-04-17 05:33:32.594 68936 WARNING tempest.lib.common.rest_client [-] Deprecated: "tenant_id" property is deprecated for removal, use "project_id" instead
2025-04-17 05:33:32.616 68906 INFO tempest.lib.common.rest_client [req-3d72dbc5-5da3-40a5-a1d4-9379b5d72841 req-3d72dbc5-5da3-40a5-a1d4-9379b5d72841 ] Request (KeyPairsV22TestJSON:test_get_keypair_detail): 201 POST http://10.180.1.21/compute/v2.1/os-keypairs 4.276s
2025-04-17 05:33:32.701 68956 INFO tempest.lib.common.rest_client [req-c1091ce5-b67b-4fd6-8808-4078d0228379 req-c1091ce5-b67b-4fd6-8808-4078d0228379 ] Request (InstanceUsageAuditLogNegativeTestJSON:setUpClass): 201 POST http://10.180.1.21/identity/v3/users 0.186s
2025-04-17 05:33:32.712 68936 INFO tempest.lib.common.rest_client [req-ac827647-64b8-4035-8f16-22d1e47f83a1 req-ac827647-64b8-4035-8f16-22d1e47f83a1 ] Request (ServersAdminNegativeTestJSON:setUpClass): 201 POST http://10.180.1.21/identity/v3/auth/tokens 0.111s
2025-04-17 05:33:32.712 68936 INFO tempest.lib.common.fixed_network [-] (ServersAdminNegativeTestJSON:setUpClass) Found network None available for tenant
2025-04-17 05:33:32.742 68956 INFO tempest.lib.common.rest_client [req-022ce85f-375c-425c-803a-31f5c3188989 req-022ce85f-375c-425c-803a-31f5c3188989 ] Request (InstanceUsageAuditLogNegativeTestJSON:setUpClass): 200 GET http://10.180.1.21/identity/v3/roles 0.041s
2025-04-17 05:33:32.748 68932 INFO tempest.lib.common.rest_client [req-908b640c-09c5-4966-abb4-cfff0ae5c6e8 req-908b640c-09c5-4966-abb4-cfff0ae5c6e8 ] Request (NetworksTest:tearDownClass): 200 GET http://10.180.1.21:9696/networking/v2.0/security-groups?tenant_id=76de349837544661a3db62842764f32a&name=default 1.379s
2025-04-17 05:33:32.794 68956 INFO tempest.lib.common.rest_client [req-c42bd7b3-63c6-4b94-93bb-6726d4a860ae req-c42bd7b3-63c6-4b94-93bb-6726d4a860ae ] Request (InstanceUsageAuditLogNegativeTestJSON:setUpClass): 204 PUT http://10.180.1.21/identity/v3/projects/c1c0c646f5de48c3a9078b59b299c1fa/users/f37adef8249648a0af183f798201b5b3/roles/b18764c182954f4d9d9f227302ab998f 0.051s
2025-04-17 05:33:32.867 68956 INFO tempest.lib.common.rest_client [req-c106c792-2fa9-4549-9244-31d8babc7fdb req-c106c792-2fa9-4549-9244-31d8babc7fdb ] Request (InstanceUsageAuditLogNegativeTestJSON:setUpClass): 200 GET http://10.180.1.21/identity/v3/roles 0.073s
2025-04-17 05:33:32.909 68956 INFO tempest.lib.common.rest_client [req-182784af-4038-48b4-bfa8-2aefce00a2c9 req-182784af-4038-48b4-bfa8-2aefce00a2c9 ] Request (InstanceUsageAuditLogNegativeTestJSON:setUpClass): 204 PUT http://10.180.1.21/identity/v3/projects/c1c0c646f5de48c3a9078b59b299c1fa/users/f37adef8249648a0af183f798201b5b3/roles/b18764c182954f4d9d9f227302ab998f 0.041s
2025-04-17 05:33:32.909 68956 INFO tempest.lib.common.dynamic_creds [-] Dynamic test user f37adef8249648a0af183f798201b5b3 is created with scope project and roles: ['admin']
2025-04-17 05:33:32.909 68956 INFO tempest.lib.common.dynamic_creds [-] Acquired dynamic creds: credentials: Credentials: {'domain_id': 'default', 'domain_name': 'Default', 'username': 'tempest-InstanceUsageAuditLogNegativeTestJSON-718685474-project-admin', 'project_domain_id': 'default', 'project_domain_name': 'Default', 'project_id': 'c1c0c646f5de48c3a9078b59b299c1fa', 'project_name': 'tempest-InstanceUsageAuditLogNegativeTestJSON-718685474', 'tenant_id': 'c1c0c646f5de48c3a9078b59b299c1fa', 'tenant_name': 'tempest-InstanceUsageAuditLogNegativeTestJSON-718685474', 'user_domain_id': 'default', 'user_domain_name': 'Default', 'user_id': 'f37adef8249648a0af183f798201b5b3', 'system': None}, Network: None, Subnet: None, Router: None
2025-04-17 05:33:32.909 68956 INFO tempest.lib.common.dynamic_creds [-] Created isolated network resources for: credentials: Credentials: {'domain_id': 'default', 'domain_name': 'Default', 'username': 'tempest-InstanceUsageAuditLogNegativeTestJSON-718685474-project-admin', 'project_domain_id': 'default', 'project_domain_name': 'Default', 'project_id': 'c1c0c646f5de48c3a9078b59b299c1fa', 'project_name': 'tempest-InstanceUsageAuditLogNegativeTestJSON-718685474', 'tenant_id': 'c1c0c646f5de48c3a9078b59b299c1fa', 'tenant_name': 'tempest-InstanceUsageAuditLogNegativeTestJSON-718685474', 'user_domain_id': 'default', 'user_domain_name': 'Default', 'user_id': 'f37adef8249648a0af183f798201b5b3', 'system': None}, Network: None, Subnet: None, Router: None
2025-04-17 05:33:33.003 68956 INFO tempest.lib.common.rest_client [req-e617671f-ef71-4b7a-8059-e87f15cf6f28 req-e617671f-ef71-4b7a-8059-e87f15cf6f28 ] Request (InstanceUsageAuditLogNegativeTestJSON:setUpClass): 201 POST http://10.180.1.21/identity/v3/auth/tokens 0.090s
2025-04-17 05:33:33.118 68898 INFO tempest.lib.common.rest_client [req-e0cb8547-1cff-43a9-8392-d3212c84cf85 req-e0cb8547-1cff-43a9-8392-d3212c84cf85 ] Request (FloatingIPsAssociationTestJSON:setUpClass): 201 POST http://10.180.1.21:9696/networking/v2.0/subnets 2.109s
2025-04-17 05:33:33.173 68912 INFO tempest.lib.common.rest_client [req-6e2e8b35-06ab-4f3b-893b-f8397be7bcc8 req-6e2e8b35-06ab-4f3b-893b-f8397be7bcc8 ] Request (ImagesOneServerTestJSON:setUpClass): 200 GET http://10.180.1.21/compute/v2.1/servers/5f4991a3-c34b-45b1-a3af-94d7d990eef1 4.482s
2025-04-17 05:33:33.177 68929 INFO tempest.lib.common.rest_client [req-436fbc7c-efe5-42fe-8606-51a3cb9a3294 req-436fbc7c-efe5-42fe-8606-51a3cb9a3294 ] Request (HypervisorAdminTestJSON:tearDownClass): 204 DELETE http://10.180.1.21:9696/networking/v2.0/security-groups/e8bcd9b1-6bcf-468e-b899-615db6d8c649 0.760s
2025-04-17 05:33:33.199 68950 INFO tempest.lib.common.rest_client [req-8c0a1f1b-e654-4ab2-a303-5fa82a351e44 req-8c0a1f1b-e654-4ab2-a303-5fa82a351e44 ] Request (FlavorsAdminTestJSON:test_create_flavor_verify_entry_in_list_details): 200 POST http://10.180.1.21/compute/v2.1/flavors 4.466s
2025-04-17 05:33:33.303 68929 INFO tempest.lib.common.rest_client [req-1d012a3e-0c2a-47aa-a927-195016a03651 req-1d012a3e-0c2a-47aa-a927-195016a03651 ] Request (HypervisorAdminTestJSON:tearDownClass): 204 DELETE http://10.180.1.21/identity/v3/projects/929fbfe712244250837f28c9a503965e 0.126s
2025-04-17 05:33:33.304 68929 INFO tempest.lib.common.dynamic_creds [-] Deleting project and security group for project: 26e90e750ade449688a7d7736ee727b0
2025-04-17 05:33:33.443 68932 INFO tempest.lib.common.rest_client [req-7dfd7919-8963-4dac-8a6c-cbfbbe478ba5 req-7dfd7919-8963-4dac-8a6c-cbfbbe478ba5 ] Request (NetworksTest:tearDownClass): 204 DELETE http://10.180.1.21:9696/networking/v2.0/security-groups/fd53f5f2-1681-40c7-b769-3228503e80bb 0.694s
2025-04-17 05:33:33.458 68924 INFO tempest.lib.common.rest_client [req-8b1375bb-d13a-472c-96b1-c554f892d75b req-8b1375bb-d13a-472c-96b1-c554f892d75b ] Request (QuotasAdminTestV236:test_get_updated_quotas): 200 PUT http://10.180.1.21/compute/v2.1/os-quota-sets/33bf8c71972747078e262d36aeebe8ae?user_id=1c00638b57f846b1997212d752dad9d1 4.674s
2025-04-17 05:33:33.605 68932 INFO tempest.lib.common.rest_client [req-aae74ac7-ff2e-4b28-866f-dfb587531d53 req-aae74ac7-ff2e-4b28-866f-dfb587531d53 ] Request (NetworksTest:tearDownClass): 204 DELETE http://10.180.1.21/identity/v3/projects/76de349837544661a3db62842764f32a 0.161s
2025-04-17 05:33:33.605 68932 INFO tempest.lib.common.dynamic_creds [-] Deleting project and security group for project: 8dddc4299df942329088a642217dc89f
2025-04-17 05:33:33.662 68910 INFO tempest.lib.common.rest_client [req-86d6da3c-0efe-431f-be7b-e900da5d117b req-86d6da3c-0efe-431f-be7b-e900da5d117b ] Request (FlavorsAccessNegativeTestJSON:test_add_flavor_access_duplicate): 409 POST http://10.180.1.21/compute/v2.1/flavors/1283744537/action 4.725s
2025-04-17 05:33:33.687 68958 INFO tempest.lib.common.rest_client [req-21c9c3ba-de41-417b-a1ad-2cedc9fe1936 req-21c9c3ba-de41-417b-a1ad-2cedc9fe1936 ] Request (ServicesAdminNegativeTestJSON:test_get_service_by_invalid_service_and_valid_host): 200 GET http://10.180.1.21/compute/v2.1/os-services?host=devstack&binary=xxx 4.720s
2025-04-17 05:33:33.707 68944 INFO tempest.lib.common.rest_client [req-49336a52-b898-4d2c-94c0-9bf754297449 req-49336a52-b898-4d2c-94c0-9bf754297449 ] Request (HypervisorAdminUnderV252Test:test_search_hypervisor): 200 GET http://10.180.1.21/compute/v2.1/os-hypervisors/domain-c8.fc996f14-c53b-4953-92e3-bdfa48f5cc28/search 4.723s
2025-04-17 05:33:33.731 68902 INFO tempest.lib.common.rest_client [req-9058ecb8-e443-4993-af26-91d5ee41b337 req-9058ecb8-e443-4993-af26-91d5ee41b337 ] Request (FlavorsV261TestJSON:test_crud_flavor): 200 GET http://10.180.1.21/compute/v2.1/flavors/detail 4.717s
2025-04-17 05:33:33.735 68916 INFO tempest.lib.common.rest_client [req-3de33438-87ec-4f62-bd8c-725c4dfed04f req-3de33438-87ec-4f62-bd8c-725c4dfed04f ] Request (HypervisorAdminNegativeUnderV252Test:test_show_servers_with_non_admin_user): 403 GET http://10.180.1.21/compute/v2.1/os-hypervisors/1/servers 4.696s
2025-04-17 05:33:33.750 68926 INFO tempest.lib.common.rest_client [req-0d1dbf7b-458c-41c0-a8bd-00cc5412d077 req-0d1dbf7b-458c-41c0-a8bd-00cc5412d077 ] Request (HostsAdminNegativeTestJSON:test_reboot_nonexistent_host): 404 GET http://10.180.1.21/compute/v2.1/os-hosts/nonexistent_hostname/reboot 4.700s
2025-04-17 05:33:33.834 68944 INFO tempest.lib.common.rest_client [req-9a247d87-0045-4f0a-b4d2-e554f5fbee90 req-9a247d87-0045-4f0a-b4d2-e554f5fbee90 ] Request (HypervisorAdminUnderV252Test:tearDownClass): 204 DELETE http://10.180.1.21/identity/v3/users/129937ba8a6943dd9dd80dd7c1e6f22a 0.125s
2025-04-17 05:33:33.878 68908 INFO tempest.lib.common.rest_client [req-2122a421-47f4-47b6-92c3-53797afdf9a4 req-2122a421-47f4-47b6-92c3-53797afdf9a4 ] Request (ServicesAdminNegativeV253TestJSON:test_disable_log_reason_with_invalid_service_id): 404 PUT http://10.180.1.21/compute/v2.1/os-services/9c5231d0-da8c-4cea-93f2-477324a17856 4.576s
2025-04-17 05:33:33.897 68929 INFO tempest.lib.common.rest_client [req-986b0f26-7bdb-47c2-93f7-4937e32cd181 req-986b0f26-7bdb-47c2-93f7-4937e32cd181 ] Request (HypervisorAdminTestJSON:tearDownClass): 200 GET http://10.180.1.21:9696/networking/v2.0/security-groups?tenant_id=26e90e750ade449688a7d7736ee727b0&name=default 0.593s
2025-04-17 05:33:33.922 68922 INFO tempest.lib.common.rest_client [req-f1f07249-8a80-45ac-8f08-69674e58ff05 req-f1f07249-8a80-45ac-8f08-69674e58ff05 ] Request (AggregatesAdminNegativeTestJSON:test_aggregate_add_existent_host): 409 POST http://10.180.1.21/compute/v2.1/os-aggregates/1/action 4.314s
2025-04-17 05:33:33.938 68954 INFO tempest.lib.common.rest_client [req-30e8a057-2548-4dde-a3a1-d30a0cf9207c req-30e8a057-2548-4dde-a3a1-d30a0cf9207c ] Request (FlavorMetadataValidation:_run_cleanups): 200 GET http://10.180.1.21/compute/v2.1/flavors/detail 4.301s
2025-04-17 05:33:33.949 68944 INFO tempest.lib.common.rest_client [req-daeba41d-be8e-4b82-bc30-074b78a0d17d req-daeba41d-be8e-4b82-bc30-074b78a0d17d ] Request (HypervisorAdminUnderV252Test:tearDownClass): 204 DELETE http://10.180.1.21/identity/v3/users/19b9b3f2d89b497894c42aa5438c503e 0.114s
2025-04-17 05:33:33.950 68944 INFO tempest.lib.common.dynamic_creds [-] Deleting project and security group for project: 2a6c3c239ef443808ceda5d860365b77
2025-04-17 05:33:34.024 68944 INFO tempest.lib.common.rest_client [req-4ddbb545-25fd-476e-8f59-40bc9c618a8f req-4ddbb545-25fd-476e-8f59-40bc9c618a8f ] Request (HypervisorAdminUnderV252Test:tearDownClass): 201 POST http://10.180.1.21/identity/v3/auth/tokens 0.073s
2025-04-17 05:33:34.133 68954 INFO tempest.lib.common.rest_client [req-8d853472-91b6-4c5e-902b-a9918b46bcbc req-8d853472-91b6-4c5e-902b-a9918b46bcbc ] Request (FlavorMetadataValidation:tearDownClass): 204 DELETE http://10.180.1.21/identity/v3/users/d1e1b2c7e9d94ccb994c5ff0a1a22067 0.176s
2025-04-17 05:33:34.152 68932 INFO tempest.lib.common.rest_client [req-2cb59a41-d362-4523-90de-2ab81f9f5c12 req-2cb59a41-d362-4523-90de-2ab81f9f5c12 ] Request (NetworksTest:tearDownClass): 200 GET http://10.180.1.21:9696/networking/v2.0/security-groups?tenant_id=8dddc4299df942329088a642217dc89f&name=default 0.547s
2025-04-17 05:33:34.163 68904 INFO tempest.lib.common.rest_client [req-3646fc5d-2767-4726-bf41-5ea47649ee64 req-3646fc5d-2767-4726-bf41-5ea47649ee64 ] Request (FlavorsAccessTestJSON:test_flavor_access_add_remove): 200 POST http://10.180.1.21/compute/v2.1/flavors 3.942s
2025-04-17 05:33:34.182 68940 INFO tempest.lib.common.rest_client [req-bcb2c1ed-ae38-427e-8a4b-3aafbe769a0e req-bcb2c1ed-ae38-427e-8a4b-3aafbe769a0e ] Request (FlavorsV255TestJSON:test_crud_flavor): 200 GET http://10.180.1.21/compute/v2.1/flavors 3.228s
2025-04-17 05:33:34.386 68954 INFO tempest.lib.common.rest_client [req-af75e960-4108-4f8e-a3b9-49e0992df133 req-af75e960-4108-4f8e-a3b9-49e0992df133 ] Request (FlavorMetadataValidation:tearDownClass): 204 DELETE http://10.180.1.21/identity/v3/users/f7711ce23beb457981ebb32184e59fb3 0.252s
2025-04-17 05:33:34.386 68954 INFO tempest.lib.common.dynamic_creds [-] Deleting project and security group for project: 63da63b4968941fd87a6f79a49ef49d9
2025-04-17 05:33:34.446 68954 INFO tempest.lib.common.rest_client [req-3c212d71-fc2f-43ac-8a80-36a6523ed665 req-3c212d71-fc2f-43ac-8a80-36a6523ed665 ] Request (FlavorMetadataValidation:tearDownClass): 201 POST http://10.180.1.21/identity/v3/auth/tokens 0.059s
2025-04-17 05:33:34.508 68929 INFO tempest.lib.common.rest_client [req-bc39a9e5-d8d4-465b-b5b2-ace93f965fb5 req-bc39a9e5-d8d4-465b-b5b2-ace93f965fb5 ] Request (HypervisorAdminTestJSON:tearDownClass): 204 DELETE http://10.180.1.21:9696/networking/v2.0/security-groups/25cbe6b3-bf79-4e75-b515-e45c09f3a004 0.611s
2025-04-17 05:33:34.629 68929 INFO tempest.lib.common.rest_client [req-2ec88c23-0114-4541-abae-ad474f91f3ff req-2ec88c23-0114-4541-abae-ad474f91f3ff ] Request (HypervisorAdminTestJSON:tearDownClass): 204 DELETE http://10.180.1.21/identity/v3/projects/26e90e750ade449688a7d7736ee727b0 0.121s
2025-04-17 05:33:34.639 68932 INFO tempest.lib.common.rest_client [req-1f93c65e-30a3-4afc-82b3-728f21dea1b1 req-1f93c65e-30a3-4afc-82b3-728f21dea1b1 ] Request (NetworksTest:tearDownClass): 204 DELETE http://10.180.1.21:9696/networking/v2.0/security-groups/c57b692b-7fd5-4f1e-9592-54799b0810f4 0.487s
2025-04-17 05:33:34.704 68929 INFO tempest.lib.common.rest_client [req-7467c42e-b838-4b29-9ea6-fb3b03689636 req-7467c42e-b838-4b29-9ea6-fb3b03689636 ] Request (ServerDiagnosticsV248Test:setUpClass): 201 POST http://10.180.1.21/identity/v3/auth/tokens 0.073s
2025-04-17 05:33:34.750 68932 INFO tempest.lib.common.rest_client [req-1a91bd6a-04f4-4d27-96a4-fbcb2bc735d9 req-1a91bd6a-04f4-4d27-96a4-fbcb2bc735d9 ] Request (NetworksTest:tearDownClass): 204 DELETE http://10.180.1.21/identity/v3/projects/8dddc4299df942329088a642217dc89f 0.106s
2025-04-17 05:33:34.767 68929 INFO tempest.lib.common.rest_client [req-61cd4e88-dbee-4cdf-a902-a0f3ae3b3501 req-61cd4e88-dbee-4cdf-a902-a0f3ae3b3501 ] Request (ServerDiagnosticsV248Test:setUpClass): 201 POST http://10.180.1.21/identity/v3/auth/tokens 0.061s
2025-04-17 05:33:34.773 68942 INFO tempest.lib.common.rest_client [req-33dd61bf-2439-4884-b51b-e59b59f4b013 req-33dd61bf-2439-4884-b51b-e59b59f4b013 ] Request (ServerPasswordTestJSON:setUpClass): 200 GET http://10.180.1.21/compute/v2.1/servers/b95883b2-0366-4f52-bdf2-aa6259fafc58 3.786s
2025-04-17 05:33:34.782 68932 INFO tempest.lib.common.rest_client [req-98fedc2a-2c9d-462a-950d-6e9395430006 req-98fedc2a-2c9d-462a-950d-6e9395430006 ] Request (ServerDiagnosticsTest:setUpClass): 201 POST http://10.180.1.21/identity/v3/auth/tokens 0.030s
2025-04-17 05:33:34.798 68929 INFO tempest.lib.common.rest_client [req-5d313905-edd6-4065-bcc8-8b8caa8596c3 req-5d313905-edd6-4065-bcc8-8b8caa8596c3 ] Request (ServerDiagnosticsV248Test:setUpClass): 200 GET http://10.180.1.21/identity/v3/domains?name=Default 0.030s
2025-04-17 05:33:34.815 68932 INFO tempest.lib.common.rest_client [req-e653292f-6e80-4837-9a5a-743019bfa50d req-e653292f-6e80-4837-9a5a-743019bfa50d ] Request (ServerDiagnosticsTest:setUpClass): 201 POST http://10.180.1.21/identity/v3/auth/tokens 0.031s
2025-04-17 05:33:34.818 68918 INFO tempest.lib.common.rest_client [req-291327f0-8c60-4cde-9fba-8bfe819afbcb req-291327f0-8c60-4cde-9fba-8bfe819afbcb ] Request (FloatingIPDetailsTestJSON:setUpClass): 200 POST http://10.180.1.21/compute/v2.1/os-floating-ips 6.862s
2025-04-17 05:33:34.833 68929 INFO tempest.lib.common.rest_client [req-fbd46e3d-3cbf-4205-b12e-2be35c3ac16e req-fbd46e3d-3cbf-4205-b12e-2be35c3ac16e ] Request (ServerDiagnosticsV248Test:setUpClass): 201 POST http://10.180.1.21/identity/v3/projects 0.034s
2025-04-17 05:33:34.837 68932 INFO tempest.lib.common.rest_client [req-de84261b-0d6c-4413-9e61-9413fa285fb4 req-de84261b-0d6c-4413-9e61-9413fa285fb4 ] Request (ServerDiagnosticsTest:setUpClass): 200 GET http://10.180.1.21/identity/v3/domains?name=Default 0.021s
2025-04-17 05:33:34.884 68938 INFO tempest.lib.common.rest_client [req-131c3332-719c-4fda-aa88-fa5acab5a7d7 req-131c3332-719c-4fda-aa88-fa5acab5a7d7 ] Request (FloatingIPsNegativeTestJSON:test_allocate_floating_ip_from_nonexistent_pool): 404 POST http://10.180.1.21/compute/v2.1/os-floating-ips 3.346s
2025-04-17 05:33:34.900 68896 INFO tempest.lib.common.rest_client [req-cb2c5c31-b448-4286-97c9-fd25f462cea6 req-cb2c5c31-b448-4286-97c9-fd25f462cea6 ] Request (FlavorsExtraSpecsTestJSON:test_flavor_non_admin_get_specific_key): 200 GET http://10.180.1.21/compute/v2.1/flavors/782838779/os-extra_specs/hw:numa_nodes 3.326s
2025-04-17 05:33:34.937 68932 INFO tempest.lib.common.rest_client [req-3027205c-a1b2-42dc-ac12-b544c2ba8f6d req-3027205c-a1b2-42dc-ac12-b544c2ba8f6d ] Request (ServerDiagnosticsTest:setUpClass): 201 POST http://10.180.1.21/identity/v3/projects 0.099s
2025-04-17 05:33:34.971 68929 INFO tempest.lib.common.rest_client [req-7283cc36-b80e-4458-9788-0fdb08483926 req-7283cc36-b80e-4458-9788-0fdb08483926 ] Request (ServerDiagnosticsV248Test:setUpClass): 201 POST http://10.180.1.21/identity/v3/users 0.138s
2025-04-17 05:33:35.038 68932 INFO tempest.lib.common.rest_client [req-64f688c0-bb41-46e6-8c80-595ff9e2e4d7 req-64f688c0-bb41-46e6-8c80-595ff9e2e4d7 ] Request (ServerDiagnosticsTest:setUpClass): 201 POST http://10.180.1.21/identity/v3/users 0.100s
2025-04-17 05:33:35.053 68929 INFO tempest.lib.common.rest_client [req-3b4259ed-5b38-4083-a4df-57c69d172a11 req-3b4259ed-5b38-4083-a4df-57c69d172a11 ] Request (ServerDiagnosticsV248Test:setUpClass): 200 GET http://10.180.1.21/identity/v3/roles 0.082s
2025-04-17 05:33:35.058 68944 INFO tempest.lib.common.rest_client [req-35b16a04-a08c-4055-a187-457eb3a3a48d req-35b16a04-a08c-4055-a187-457eb3a3a48d ] Request (HypervisorAdminUnderV252Test:tearDownClass): 200 GET http://10.180.1.21:9696/networking/v2.0/security-groups?tenant_id=2a6c3c239ef443808ceda5d860365b77&name=default 1.033s
2025-04-17 05:33:35.067 68932 INFO tempest.lib.common.rest_client [req-3b717f45-1560-4166-9e17-fea514891476 req-3b717f45-1560-4166-9e17-fea514891476 ] Request (ServerDiagnosticsTest:setUpClass): 200 GET http://10.180.1.21/identity/v3/roles 0.029s
2025-04-17 05:33:35.083 68929 INFO tempest.lib.common.rest_client [req-563d19dd-d24a-4a67-95af-7fa9428f175d req-563d19dd-d24a-4a67-95af-7fa9428f175d ] Request (ServerDiagnosticsV248Test:setUpClass): 204 PUT http://10.180.1.21/identity/v3/projects/da442a9eb7cc47fca4f4ba5106bfedc5/users/0db36b44b39b4ba6896d487198927277/roles/b044c4fc232a4f3987b9096f9158748d 0.029s
2025-04-17 05:33:35.083 68929 INFO tempest.lib.common.dynamic_creds [-] Dynamic test user 0db36b44b39b4ba6896d487198927277 is created with scope project and roles: ['member']
2025-04-17 05:33:35.084 68929 INFO tempest.lib.common.dynamic_creds [-] Acquired dynamic creds: credentials: Credentials: {'domain_id': 'default', 'domain_name': 'Default', 'username': 'tempest-ServerDiagnosticsV248Test-305417211-project-member', 'project_domain_id': 'default', 'project_domain_name': 'Default', 'project_id': 'da442a9eb7cc47fca4f4ba5106bfedc5', 'project_name': 'tempest-ServerDiagnosticsV248Test-305417211', 'tenant_id': 'da442a9eb7cc47fca4f4ba5106bfedc5', 'tenant_name': 'tempest-ServerDiagnosticsV248Test-305417211', 'user_domain_id': 'default', 'user_domain_name': 'Default', 'user_id': '0db36b44b39b4ba6896d487198927277', 'system': None}, Network: None, Subnet: None, Router: None
2025-04-17 05:33:35.084 68929 INFO tempest.lib.common.dynamic_creds [-] Created isolated network resources for: credentials: Credentials: {'domain_id': 'default', 'domain_name': 'Default', 'username': 'tempest-ServerDiagnosticsV248Test-305417211-project-member', 'project_domain_id': 'default', 'project_domain_name': 'Default', 'project_id': 'da442a9eb7cc47fca4f4ba5106bfedc5', 'project_name': 'tempest-ServerDiagnosticsV248Test-305417211', 'tenant_id': 'da442a9eb7cc47fca4f4ba5106bfedc5', 'tenant_name': 'tempest-ServerDiagnosticsV248Test-305417211', 'user_domain_id': 'default', 'user_domain_name': 'Default', 'user_id': '0db36b44b39b4ba6896d487198927277', 'system': None}, Network: None, Subnet: None, Router: None
2025-04-17 05:33:35.135 68932 INFO tempest.lib.common.rest_client [req-bf4a39ed-bc2a-430b-b7b2-bfa0695beeee req-bf4a39ed-bc2a-430b-b7b2-bfa0695beeee ] Request (ServerDiagnosticsTest:setUpClass): 204 PUT http://10.180.1.21/identity/v3/projects/1fb6f6ef0b1f47f482b359aa265cb6a7/users/66e5dd7985e14876a2a3c68a0e93e489/roles/b044c4fc232a4f3987b9096f9158748d 0.067s
2025-04-17 05:33:35.135 68932 INFO tempest.lib.common.dynamic_creds [-] Dynamic test user 66e5dd7985e14876a2a3c68a0e93e489 is created with scope project and roles: ['member']
2025-04-17 05:33:35.135 68932 INFO tempest.lib.common.dynamic_creds [-] Acquired dynamic creds: credentials: Credentials: {'domain_id': 'default', 'domain_name': 'Default', 'username': 'tempest-ServerDiagnosticsTest-773527931-project-member', 'project_domain_id': 'default', 'project_domain_name': 'Default', 'project_id': '1fb6f6ef0b1f47f482b359aa265cb6a7', 'project_name': 'tempest-ServerDiagnosticsTest-773527931', 'tenant_id': '1fb6f6ef0b1f47f482b359aa265cb6a7', 'tenant_name': 'tempest-ServerDiagnosticsTest-773527931', 'user_domain_id': 'default', 'user_domain_name': 'Default', 'user_id': '66e5dd7985e14876a2a3c68a0e93e489', 'system': None}, Network: None, Subnet: None, Router: None
2025-04-17 05:33:35.136 68932 INFO tempest.lib.common.dynamic_creds [-] Created isolated network resources for: credentials: Credentials: {'domain_id': 'default', 'domain_name': 'Default', 'username': 'tempest-ServerDiagnosticsTest-773527931-project-member', 'project_domain_id': 'default', 'project_domain_name': 'Default', 'project_id': '1fb6f6ef0b1f47f482b359aa265cb6a7', 'project_name': 'tempest-ServerDiagnosticsTest-773527931', 'tenant_id': '1fb6f6ef0b1f47f482b359aa265cb6a7', 'tenant_name': 'tempest-ServerDiagnosticsTest-773527931', 'user_domain_id': 'default', 'user_domain_name': 'Default', 'user_id': '66e5dd7985e14876a2a3c68a0e93e489', 'system': None}, Network: None, Subnet: None, Router: None
2025-04-17 05:33:35.151 68948 INFO tempest.lib.common.rest_client [req-0ce6b1ed-8981-4a21-b1d1-30880df643f7 req-0ce6b1ed-8981-4a21-b1d1-30880df643f7 ] Request (ServerTagsTestJSON:setUpClass): 200 GET http://10.180.1.21/compute/v2.1/servers/b5707ff5-916e-49ce-9aac-9a08ac51bdf2 3.727s
2025-04-17 05:33:35.156 68929 INFO tempest.lib.common.rest_client [req-1dc19a9f-07ea-4cb2-8ba3-4c2bc4d1c532 req-1dc19a9f-07ea-4cb2-8ba3-4c2bc4d1c532 ] Request (ServerDiagnosticsV248Test:setUpClass): 201 POST http://10.180.1.21/identity/v3/auth/tokens 0.068s
2025-04-17 05:33:35.216 68932 INFO tempest.lib.common.rest_client [req-30f4f8df-fea0-4927-94b4-769600b5b4cf req-30f4f8df-fea0-4927-94b4-769600b5b4cf ] Request (ServerDiagnosticsTest:setUpClass): 201 POST http://10.180.1.21/identity/v3/auth/tokens 0.075s
2025-04-17 05:33:35.225 68929 INFO tempest.lib.common.rest_client [req-dda77a7b-bf05-42e8-98b6-78fbdc399fe6 req-dda77a7b-bf05-42e8-98b6-78fbdc399fe6 ] Request (ServerDiagnosticsV248Test:setUpClass): 201 POST http://10.180.1.21/identity/v3/projects 0.068s
2025-04-17 05:33:35.274 68954 INFO tempest.lib.common.rest_client [req-f75d2f78-c623-4b8a-a493-adb10058efef req-f75d2f78-c623-4b8a-a493-adb10058efef ] Request (FlavorMetadataValidation:tearDownClass): 200 GET http://10.180.1.21:9696/networking/v2.0/security-groups?tenant_id=63da63b4968941fd87a6f79a49ef49d9&name=default 0.828s
2025-04-17 05:33:35.279 68932 INFO tempest.lib.common.rest_client [req-1f19a44c-1116-425f-a8ee-59824edc8eec req-1f19a44c-1116-425f-a8ee-59824edc8eec ] Request (ServerDiagnosticsTest:setUpClass): 201 POST http://10.180.1.21/identity/v3/projects 0.063s
2025-04-17 05:33:35.284 68929 INFO tempest.lib.common.rest_client [req-33b8488f-9abb-4c8f-8a5f-57af30c456f8 req-33b8488f-9abb-4c8f-8a5f-57af30c456f8 ] Request (ServerDiagnosticsV248Test:setUpClass): 201 POST http://10.180.1.21/identity/v3/users 0.059s
2025-04-17 05:33:35.342 68929 INFO tempest.lib.common.rest_client [req-b91618c5-a6af-4092-a59a-2a95ee3af447 req-b91618c5-a6af-4092-a59a-2a95ee3af447 ] Request (ServerDiagnosticsV248Test:setUpClass): 200 GET http://10.180.1.21/identity/v3/roles 0.057s
2025-04-17 05:33:35.342 68932 INFO tempest.lib.common.rest_client [req-eb8f49a7-ca00-4ed5-9c83-f4fff4d1565a req-eb8f49a7-ca00-4ed5-9c83-f4fff4d1565a ] Request (ServerDiagnosticsTest:setUpClass): 201 POST http://10.180.1.21/identity/v3/users 0.062s
2025-04-17 05:33:35.359 68932 INFO tempest.lib.common.rest_client [req-0540aa21-6537-4a58-bd20-a9ac6b357a09 req-0540aa21-6537-4a58-bd20-a9ac6b357a09 ] Request (ServerDiagnosticsTest:setUpClass): 200 GET http://10.180.1.21/identity/v3/roles 0.017s
2025-04-17 05:33:35.375 68929 INFO tempest.lib.common.rest_client [req-bf00fbd7-83aa-4f28-b95f-b58e82b4d261 req-bf00fbd7-83aa-4f28-b95f-b58e82b4d261 ] Request (ServerDiagnosticsV248Test:setUpClass): 204 PUT http://10.180.1.21/identity/v3/projects/8ae780315e3f4e58ab3e0085c247c972/users/2e490d36fee84e8da585a63451faa3ba/roles/b18764c182954f4d9d9f227302ab998f 0.032s
2025-04-17 05:33:35.423 68932 INFO tempest.lib.common.rest_client [req-9a93c0e4-0153-4652-92d6-bbcc07fe7386 req-9a93c0e4-0153-4652-92d6-bbcc07fe7386 ] Request (ServerDiagnosticsTest:setUpClass): 204 PUT http://10.180.1.21/identity/v3/projects/35c0a90060b24fae83c3a3e780e1bcda/users/fe35a6db2daa4a3ebdfa955c0bbc6c72/roles/b18764c182954f4d9d9f227302ab998f 0.063s
2025-04-17 05:33:35.425 68929 INFO tempest.lib.common.rest_client [req-4640f505-ee0a-4fda-8e98-1f8deb1fd5be req-4640f505-ee0a-4fda-8e98-1f8deb1fd5be ] Request (ServerDiagnosticsV248Test:setUpClass): 200 GET http://10.180.1.21/identity/v3/roles 0.050s
2025-04-17 05:33:35.450 68934 INFO tempest.lib.common.rest_client [req-80da4395-f308-4107-b0eb-9b3ea43cc40f req-80da4395-f308-4107-b0eb-9b3ea43cc40f ] Request (ServersAdmin275Test:test_rebuild_update_server_275): 200 GET http://10.180.1.21/compute/v2.1/servers/26f6016f-5fb5-4fd2-9ee3-648297d969b3 3.542s
2025-04-17 05:33:35.458 68906 INFO tempest.lib.common.rest_client [req-1fac6434-03e9-4a96-8dca-bcdbdc158b5e req-1fac6434-03e9-4a96-8dca-bcdbdc158b5e ] Request (KeyPairsV22TestJSON:test_get_keypair_detail): 200 GET http://10.180.1.21/compute/v2.1/os-keypairs/tempest-keypair-856331596 2.840s
2025-04-17 05:33:35.481 68932 INFO tempest.lib.common.rest_client [req-180c8935-d098-4094-b79a-5ec6cddd4b1e req-180c8935-d098-4094-b79a-5ec6cddd4b1e ] Request (ServerDiagnosticsTest:setUpClass): 200 GET http://10.180.1.21/identity/v3/roles 0.056s
2025-04-17 05:33:35.484 68929 INFO tempest.lib.common.rest_client [req-f9eb7363-7f0c-429a-8514-d921c4e319d7 req-f9eb7363-7f0c-429a-8514-d921c4e319d7 ] Request (ServerDiagnosticsV248Test:setUpClass): 204 PUT http://10.180.1.21/identity/v3/projects/8ae780315e3f4e58ab3e0085c247c972/users/2e490d36fee84e8da585a63451faa3ba/roles/b18764c182954f4d9d9f227302ab998f 0.058s
2025-04-17 05:33:35.485 68929 INFO tempest.lib.common.dynamic_creds [-] Dynamic test user 2e490d36fee84e8da585a63451faa3ba is created with scope project and roles: ['admin']
2025-04-17 05:33:35.485 68929 INFO tempest.lib.common.dynamic_creds [-] Acquired dynamic creds: credentials: Credentials: {'domain_id': 'default', 'domain_name': 'Default', 'username': 'tempest-ServerDiagnosticsV248Test-1393120859-project-admin', 'project_domain_id': 'default', 'project_domain_name': 'Default', 'project_id': '8ae780315e3f4e58ab3e0085c247c972', 'project_name': 'tempest-ServerDiagnosticsV248Test-1393120859', 'tenant_id': '8ae780315e3f4e58ab3e0085c247c972', 'tenant_name': 'tempest-ServerDiagnosticsV248Test-1393120859', 'user_domain_id': 'default', 'user_domain_name': 'Default', 'user_id': '2e490d36fee84e8da585a63451faa3ba', 'system': None}, Network: None, Subnet: None, Router: None
2025-04-17 05:33:35.485 68929 INFO tempest.lib.common.dynamic_creds [-] Created isolated network resources for: credentials: Credentials: {'domain_id': 'default', 'domain_name': 'Default', 'username': 'tempest-ServerDiagnosticsV248Test-1393120859-project-admin', 'project_domain_id': 'default', 'project_domain_name': 'Default', 'project_id': '8ae780315e3f4e58ab3e0085c247c972', 'project_name': 'tempest-ServerDiagnosticsV248Test-1393120859', 'tenant_id': '8ae780315e3f4e58ab3e0085c247c972', 'tenant_name': 'tempest-ServerDiagnosticsV248Test-1393120859', 'user_domain_id': 'default', 'user_domain_name': 'Default', 'user_id': '2e490d36fee84e8da585a63451faa3ba', 'system': None}, Network: None, Subnet: None, Router: None
2025-04-17 05:33:35.540 68932 INFO tempest.lib.common.rest_client [req-20cd7cbe-2b87-4d06-a50a-e8ddec7fc3cc req-20cd7cbe-2b87-4d06-a50a-e8ddec7fc3cc ] Request (ServerDiagnosticsTest:setUpClass): 204 PUT http://10.180.1.21/identity/v3/projects/35c0a90060b24fae83c3a3e780e1bcda/users/fe35a6db2daa4a3ebdfa955c0bbc6c72/roles/b18764c182954f4d9d9f227302ab998f 0.057s
2025-04-17 05:33:35.540 68932 INFO tempest.lib.common.dynamic_creds [-] Dynamic test user fe35a6db2daa4a3ebdfa955c0bbc6c72 is created with scope project and roles: ['admin']
2025-04-17 05:33:35.540 68932 INFO tempest.lib.common.dynamic_creds [-] Acquired dynamic creds: credentials: Credentials: {'domain_id': 'default', 'domain_name': 'Default', 'username': 'tempest-ServerDiagnosticsTest-854214276-project-admin', 'project_domain_id': 'default', 'project_domain_name': 'Default', 'project_id': '35c0a90060b24fae83c3a3e780e1bcda', 'project_name': 'tempest-ServerDiagnosticsTest-854214276', 'tenant_id': '35c0a90060b24fae83c3a3e780e1bcda', 'tenant_name': 'tempest-ServerDiagnosticsTest-854214276', 'user_domain_id': 'default', 'user_domain_name': 'Default', 'user_id': 'fe35a6db2daa4a3ebdfa955c0bbc6c72', 'system': None}, Network: None, Subnet: None, Router: None
2025-04-17 05:33:35.541 68932 INFO tempest.lib.common.dynamic_creds [-] Created isolated network resources for: credentials: Credentials: {'domain_id': 'default', 'domain_name': 'Default', 'username': 'tempest-ServerDiagnosticsTest-854214276-project-admin', 'project_domain_id': 'default', 'project_domain_name': 'Default', 'project_id': '35c0a90060b24fae83c3a3e780e1bcda', 'project_name': 'tempest-ServerDiagnosticsTest-854214276', 'tenant_id': '35c0a90060b24fae83c3a3e780e1bcda', 'tenant_name': 'tempest-ServerDiagnosticsTest-854214276', 'user_domain_id': 'default', 'user_domain_name': 'Default', 'user_id': 'fe35a6db2daa4a3ebdfa955c0bbc6c72', 'system': None}, Network: None, Subnet: None, Router: None
2025-04-17 05:33:35.619 68929 INFO tempest.lib.common.rest_client [req-836acacb-ef84-47c3-8b43-886e2d934e6f req-836acacb-ef84-47c3-8b43-886e2d934e6f ] Request (ServerDiagnosticsV248Test:setUpClass): 201 POST http://10.180.1.21/identity/v3/auth/tokens 0.130s
