2025-04-17 05:34:12.007 68914 INFO tempest.lib.common.rest_client [req-43bf7715-5907-4bbd-b837-962e32f285a5 req-43bf7715-5907-4bbd-b837-962e32f285a5 ] Request (ServerDiagnosticsNegativeTest:test_get_server_diagnostics_by_non_admin): 200 GET http://10.180.1.21/compute/v2.1/servers/c507115c-92a0-4513-aae8-7dc8f95bc0ea 0.688s
2025-04-17 05:34:12.012 68922 INFO tempest.lib.common.rest_client [req-b1954618-a248-4c17-803b-81a4b7f7c6c5 req-b1954618-a248-4c17-803b-81a4b7f7c6c5 ] Request (AggregatesAdminNegativeTestJSON:test_aggregate_get_details_as_user): 403 GET http://10.180.1.21/compute/v2.1/os-aggregates/6 0.545s
2025-04-17 05:34:12.030 68926 INFO tempest.lib.common.rest_client [req-a77efca3-57ce-4b0b-acc0-32c202080eec req-a77efca3-57ce-4b0b-acc0-32c202080eec ] Request (KeyPairsV210TestJSON:tearDownClass): 204 DELETE http://10.180.1.21/identity/v3/users/52b3c03624c243968bfa6e4d8162ef4c 0.085s
2025-04-17 05:34:12.030 68926 INFO tempest.lib.common.dynamic_creds [-] Deleting project and security group for project: 29bf87948e884ee59798249785919543
2025-04-17 05:34:12.055 68908 INFO tempest.lib.common.rest_client [req-991cdbed-0989-4c32-8a6b-691a0cefe3be req-991cdbed-0989-4c32-8a6b-691a0cefe3be ] Request (InstanceActionsNegativeTestJSON:setUpClass): 200 GET http://10.180.1.21/compute/v2.1/servers/ee6e18cd-9af2-4440-8336-9e1858c28709 0.575s
2025-04-17 05:34:12.068 68896 INFO tempest.lib.common.rest_client [req-3e101bd2-a111-4efa-8ccd-9aca758b3b34 req-3e101bd2-a111-4efa-8ccd-9aca758b3b34 ] Request (FlavorsV2TestJSON:test_list_flavors): 200 GET http://10.180.1.21/compute/v2.1/flavors 0.508s
2025-04-17 05:34:12.079 68950 INFO tempest.lib.common.rest_client [req-05045b94-e6c6-45bb-bc92-e1f9075beda1 req-05045b94-e6c6-45bb-bc92-e1f9075beda1 ] Request (FlavorsAdminTestJSON:_run_cleanups): 202 DELETE http://10.180.1.21/compute/v2.1/flavors/1046995709 0.423s
2025-04-17 05:34:12.087 68926 INFO tempest.lib.common.rest_client [req-88fcef31-980c-49b9-96fb-a387b1c6e1e6 req-88fcef31-980c-49b9-96fb-a387b1c6e1e6 ] Request (KeyPairsV210TestJSON:tearDownClass): 201 POST http://10.180.1.21/identity/v3/auth/tokens 0.056s
2025-04-17 05:34:12.135 68918 INFO tempest.lib.common.rest_client [req-7d01ca48-8a65-4882-9977-01c7b37dfb3b req-7d01ca48-8a65-4882-9977-01c7b37dfb3b ] Request (ImagesMetadataTestJSON:test_delete_image_metadata_item): 204 DELETE http://10.180.1.21/compute/v2.1/images/4c8875b4-28d5-4351-b942-b45bace67364/metadata/os_version 0.695s
2025-04-17 05:34:12.163 68936 INFO tempest.lib.common.rest_client [req-5fe161fc-2623-4a26-8139-48581a3048ca req-5fe161fc-2623-4a26-8139-48581a3048ca ] Request (ServersAdminNegativeTestJSON:setUpClass): 200 GET http://10.180.1.21/compute/v2.1/servers/050e2b27-1311-4a9a-b5cf-6bc2f7128eba 0.506s
2025-04-17 05:34:12.211 68926 INFO tempest.lib.common.rest_client [req-92020734-27c6-4a1a-a2c6-649bc3cec0ee req-92020734-27c6-4a1a-a2c6-649bc3cec0ee ] Request (KeyPairsV210TestJSON:tearDownClass): 200 GET http://10.180.1.21:9696/networking/v2.0/security-groups?tenant_id=29bf87948e884ee59798249785919543&name=default 0.123s
2025-04-17 05:34:12.244 68932 INFO tempest.lib.common.rest_client [req-fb34393c-4df5-4d31-814c-81b64644b7af req-fb34393c-4df5-4d31-814c-81b64644b7af ] Request (ServerDiagnosticsTest:test_get_server_diagnostics): 200 GET http://10.180.1.21/compute/v2.1/servers/6300077d-5aa7-4794-8ba2-1ec30151c15c 0.580s
2025-04-17 05:34:12.254 68906 INFO tempest.lib.common.rest_client [req-c176da94-fbf1-4bcd-8654-aca8f92b0690 req-c176da94-fbf1-4bcd-8654-aca8f92b0690 ] Request (KeyPairsV22TestJSON:test_keypairsv22_create_list_show_with_type): 200 GET http://10.180.1.21/compute/v2.1/os-keypairs 0.519s
2025-04-17 05:34:12.271 68944 INFO tempest.lib.common.rest_client [req-0f8d0561-a35b-487f-9b0f-b65c46bc6aca req-0f8d0561-a35b-487f-9b0f-b65c46bc6aca ] Request (KeyPairsV2TestJSON:_run_cleanups): 202 DELETE http://10.180.1.21/compute/v2.1/os-keypairs/tempest-keypair-1292372307 0.512s
2025-04-17 05:34:12.280 68926 INFO tempest.lib.common.rest_client [req-15a3c8ae-62c7-4017-8fb7-eaae31edf4ca req-15a3c8ae-62c7-4017-8fb7-eaae31edf4ca ] Request (KeyPairsV210TestJSON:tearDownClass): 204 DELETE http://10.180.1.21:9696/networking/v2.0/security-groups/3d8d5dbd-64f5-4802-9104-eecdf8763d7f 0.069s
2025-04-17 05:34:12.281 68902 INFO tempest.lib.common.rest_client [req-ac3b0cdc-f18d-4a81-b4bb-494ed38ce1c6 req-ac3b0cdc-f18d-4a81-b4bb-494ed38ce1c6 ] Request (SecurityGroupRulesNegativeTestJSON:test_create_security_group_rule_with_invalid_port_range): 200 POST http://10.180.1.21/compute/v2.1/os-security-groups 0.555s
2025-04-17 05:34:12.339 68926 INFO tempest.lib.common.rest_client [req-bada171b-c390-4936-9919-53d25a0f81b6 req-bada171b-c390-4936-9919-53d25a0f81b6 ] Request (KeyPairsV210TestJSON:tearDownClass): 204 DELETE http://10.180.1.21/identity/v3/projects/29bf87948e884ee59798249785919543 0.059s
2025-04-17 05:34:12.340 68926 INFO tempest.lib.common.dynamic_creds [-] Deleting project and security group for project: 9165a266e4a7411a9dd406ca6dd080f5
2025-04-17 05:34:12.404 68912 INFO tempest.lib.common.rest_client [req-d03a51b6-39bd-4aef-b94d-ae2c65ffde3a req-d03a51b6-39bd-4aef-b94d-ae2c65ffde3a ] Request (ImagesOneServerTestJSON:setUpClass): 200 GET http://10.180.1.21/compute/v2.1/servers/5f4991a3-c34b-45b1-a3af-94d7d990eef1 0.637s
2025-04-17 05:34:12.416 68926 INFO tempest.lib.common.rest_client [req-28355ef7-ec26-42e2-844d-e7dd2cc23a24 req-28355ef7-ec26-42e2-844d-e7dd2cc23a24 ] Request (KeyPairsV210TestJSON:tearDownClass): 200 GET http://10.180.1.21:9696/networking/v2.0/security-groups?tenant_id=9165a266e4a7411a9dd406ca6dd080f5&name=default 0.076s
2025-04-17 05:34:12.417 68910 INFO tempest.lib.common.rest_client [req-fb227f17-86e7-4d5b-801a-157d5f414668 req-fb227f17-86e7-4d5b-801a-157d5f414668 ] Request (FlavorsAccessNegativeTestJSON:_run_cleanups): 202 DELETE http://10.180.1.21/compute/v2.1/flavors/1430791571 0.577s
2025-04-17 05:34:12.421 68904 INFO tempest.lib.common.rest_client [req-dd1a5e03-f286-4cd2-9888-f88dd83ee787 req-dd1a5e03-f286-4cd2-9888-f88dd83ee787 ] Request (QuotasAdminTestV257:test_get_updated_quotas): 200 GET http://10.180.1.21/compute/v2.1/os-quota-sets/9e9a03e82616421a92042e6a6b44074a?user_id=886c5d4a651b4538a5307f79d4487fd9 0.648s
2025-04-17 05:34:12.435 68922 INFO tempest.lib.common.rest_client [req-10318603-1c42-47bc-986e-e91f799b62ba req-10318603-1c42-47bc-986e-e91f799b62ba ] Request (AggregatesAdminNegativeTestJSON:_run_cleanups): 200 DELETE http://10.180.1.21/compute/v2.1/os-aggregates/6 0.423s
2025-04-17 05:34:12.444 68896 INFO tempest.lib.common.rest_client [req-a5f286f3-7647-4ffd-820f-04ea5716694f req-a5f286f3-7647-4ffd-820f-04ea5716694f ] Request (FlavorsV2TestJSON:test_list_flavors): 200 GET http://10.180.1.21/compute/v2.1/flavors/42 0.373s
2025-04-17 05:34:12.456 68950 INFO tempest.lib.common.rest_client [req-c2ef1322-7aca-4ba7-82a9-5d646aad4b50 req-c2ef1322-7aca-4ba7-82a9-5d646aad4b50 ] Request (FlavorsAdminTestJSON:_run_cleanups): 200 GET http://10.180.1.21/compute/v2.1/flavors/detail 0.377s
2025-04-17 05:34:12.479 68958 INFO tempest.lib.common.rest_client [req-66be6feb-199d-4709-a72c-f5e37e9e337b req-66be6feb-199d-4709-a72c-f5e37e9e337b ] Request (ServerShowV254Test:test_rebuild_server): 200 GET http://10.180.1.21/compute/v2.1/servers/9d10a63c-4c97-48c3-aca8-fd317aa2fbe7 0.442s
2025-04-17 05:34:12.489 68918 INFO tempest.lib.common.rest_client [req-e8a14528-43c0-491a-9246-c435f460d89c req-e8a14528-43c0-491a-9246-c435f460d89c ] Request (ImagesMetadataTestJSON:test_delete_image_metadata_item): 200 GET http://10.180.1.21/compute/v2.1/images/4c8875b4-28d5-4351-b942-b45bace67364/metadata 0.354s
2025-04-17 05:34:12.499 68904 INFO tempest.lib.common.rest_client [req-2280a402-a9cc-4e67-8cc7-11e84cdef5f0 req-2280a402-a9cc-4e67-8cc7-11e84cdef5f0 ] Request (QuotasAdminTestV257:_run_cleanups): 204 DELETE http://10.180.1.21/identity/v3/users/886c5d4a651b4538a5307f79d4487fd9 0.076s
2025-04-17 05:34:12.505 68926 INFO tempest.lib.common.rest_client [req-caf9fc7b-4f24-4ef1-b1ac-412561ae7887 req-caf9fc7b-4f24-4ef1-b1ac-412561ae7887 ] Request (KeyPairsV210TestJSON:tearDownClass): 204 DELETE http://10.180.1.21:9696/networking/v2.0/security-groups/02f93e03-9f4e-4c32-9a04-0e275c386ccc 0.089s
2025-04-17 05:34:12.544 68898 INFO tempest.lib.common.rest_client [req-60c6c454-8f44-4574-9749-29654c8f0b93 req-60c6c454-8f44-4574-9749-29654c8f0b93 ] Request (FloatingIPsAssociationTestJSON:setUpClass): 200 GET http://10.180.1.21/compute/v2.1/servers/71b1ebba-2019-4378-9bd2-98a7559c22e8 0.357s
2025-04-17 05:34:12.556 68934 INFO tempest.lib.common.rest_client [req-364d5da1-718d-4029-916a-b49a91ba23a1 req-364d5da1-718d-4029-916a-b49a91ba23a1 ] Request (ServersAdmin275Test:test_rebuild_update_server_275): 200 GET http://10.180.1.21/compute/v2.1/servers/26f6016f-5fb5-4fd2-9ee3-648297d969b3 0.334s
2025-04-17 05:34:12.569 68906 INFO tempest.lib.common.rest_client [req-e8796f0a-3396-47c9-bc48-4c382deedbf6 req-e8796f0a-3396-47c9-bc48-4c382deedbf6 ] Request (KeyPairsV22TestJSON:_run_cleanups): 204 DELETE http://10.180.1.21/compute/v2.1/os-keypairs/tempest-keypair-723289369 0.313s
2025-04-17 05:34:12.592 68916 INFO tempest.lib.common.rest_client [req-925bbe5b-b6b3-4990-8958-4143d54c7531 req-925bbe5b-b6b3-4990-8958-4143d54c7531 ] Request (ServerExternalEventsTest:test_create_server_external_events): 200 GET http://10.180.1.21/compute/v2.1/servers/e6b6cbdd-11d6-44a6-8da7-98e0f52cef67 0.365s
2025-04-17 05:34:12.598 68944 INFO tempest.lib.common.rest_client [req-77b5c84d-ffe3-4b10-b7cc-0492af714c4c req-77b5c84d-ffe3-4b10-b7cc-0492af714c4c ] Request (KeyPairsV2TestJSON:test_keypair_create_with_pub_key): 200 POST http://10.180.1.21/compute/v2.1/os-keypairs 0.326s
2025-04-17 05:34:12.598 68904 INFO tempest.lib.common.rest_client [req-ed739fae-4806-48a7-90f7-0c3368a761e8 req-ed739fae-4806-48a7-90f7-0c3368a761e8 ] Request (QuotasAdminTestV257:_run_cleanups): 204 DELETE http://10.180.1.21/identity/v3/projects/9e9a03e82616421a92042e6a6b44074a 0.098s
2025-04-17 05:34:12.601 68926 INFO tempest.lib.common.rest_client [req-c1bc13a3-8949-42e2-9903-c4c285375936 req-c1bc13a3-8949-42e2-9903-c4c285375936 ] Request (KeyPairsV210TestJSON:tearDownClass): 204 DELETE http://10.180.1.21/identity/v3/projects/9165a266e4a7411a9dd406ca6dd080f5 0.095s
2025-04-17 05:34:12.642 68956 INFO tempest.lib.common.rest_client [req-b96ec669-b447-4486-b746-405b14dc4c37 req-b96ec669-b447-4486-b746-405b14dc4c37 ] Request (ImagesNegativeTestJSON:test_create_image_from_deleted_server): 200 GET http://10.180.1.21/compute/v2.1/servers/e6e6c910-9485-48b0-bffa-4534cd7f87d4 0.366s
2025-04-17 05:34:12.643 68902 INFO tempest.lib.common.rest_client [req-9aeb52af-0d60-47f1-b6f0-7a1b9a8d7319 req-9aeb52af-0d60-47f1-b6f0-7a1b9a8d7319 ] Request (SecurityGroupRulesNegativeTestJSON:test_create_security_group_rule_with_invalid_port_range): 400 POST http://10.180.1.21/compute/v2.1/os-security-group-rules 0.358s
2025-04-17 05:34:12.652 68922 INFO tempest.lib.common.rest_client [req-4b73deff-518f-4609-81f8-b98a2fef5361 req-4b73deff-518f-4609-81f8-b98a2fef5361 ] Request (AggregatesAdminNegativeTestJSON:test_aggregate_get_details_with_invalid_id): 404 GET http://10.180.1.21/compute/v2.1/os-aggregates/-1 0.215s
2025-04-17 05:34:12.655 68910 INFO tempest.lib.common.rest_client [req-b7b10813-fb4f-439c-b86b-bba9b8a47a03 req-b7b10813-fb4f-439c-b86b-bba9b8a47a03 ] Request (FlavorsAccessNegativeTestJSON:_run_cleanups): 200 GET http://10.180.1.21/compute/v2.1/flavors/detail 0.237s
2025-04-17 05:34:12.661 68896 INFO tempest.lib.common.rest_client [req-2df10861-430b-42ff-8922-2c78a0e8889b req-2df10861-430b-42ff-8922-2c78a0e8889b ] Request (FlavorsV2TestJSON:test_list_flavors_detailed_filter_by_min_disk): 200 GET http://10.180.1.21/compute/v2.1/flavors/42 0.213s
2025-04-17 05:34:12.672 68950 INFO tempest.lib.common.rest_client [req-0de6df25-6aae-4f6e-9094-f407a0d63ae0 req-0de6df25-6aae-4f6e-9094-f407a0d63ae0 ] Request (FlavorsAdminTestJSON:test_is_public_string_variations): 200 POST http://10.180.1.21/compute/v2.1/flavors 0.209s
2025-04-17 05:34:12.690 68906 INFO tempest.lib.common.rest_client [req-c25b8ce1-7ab9-4be1-b960-7fcb5a5250d9 req-c25b8ce1-7ab9-4be1-b960-7fcb5a5250d9 ] Request (KeyPairsV22TestJSON:tearDownClass): 204 DELETE http://10.180.1.21/identity/v3/users/5ab741af868a4e2aa3ab1642d53a4dd2 0.119s
2025-04-17 05:34:12.690 68906 INFO tempest.lib.common.dynamic_creds [-] Deleting project and security group for project: a9620d2831e94170a43fe5b9ce38ccf8
2025-04-17 05:34:12.696 68904 INFO tempest.lib.common.rest_client [req-526acad6-34fc-4d86-b149-c0ba21a2884d req-526acad6-34fc-4d86-b149-c0ba21a2884d ] Request (QuotasAdminTestV257:tearDownClass): 204 DELETE http://10.180.1.21/identity/v3/users/797054f62a584adfbd154476a3868cc6 0.096s
2025-04-17 05:34:12.705 68946 INFO tempest.lib.common.rest_client [req-21c9edb4-53b5-41f7-9a08-17c7458a7065 req-21c9edb4-53b5-41f7-9a08-17c7458a7065 ] Request (ListServerFiltersTestJSON:setUpClass): 200 GET http://10.180.1.21/compute/v2.1/servers/b27ace75-e2fa-4acc-96cb-88dd49b89de5 0.246s
2025-04-17 05:34:12.742 68926 INFO tempest.lib.common.rest_client [req-47d6156b-6401-4487-87ee-c55b7b87e15a req-47d6156b-6401-4487-87ee-c55b7b87e15a ] Request (AttachInterfacesTestJSON:setUpClass): 201 POST http://10.180.1.21/identity/v3/auth/tokens 0.139s
2025-04-17 05:34:12.758 68900 INFO tempest.lib.common.rest_client [req-30c6702e-d548-4146-8e65-fcf0facfd964 req-30c6702e-d548-4146-8e65-fcf0facfd964 ] Request (ServerDiskConfigTestJSON:test_rebuild_server_with_auto_disk_config): 200 GET http://10.180.1.21/compute/v2.1/servers/6eef6e24-cf49-458b-ae37-8da4e02045f8 0.255s
2025-04-17 05:34:12.769 68944 INFO tempest.lib.common.rest_client [req-d6ef4eeb-6ec0-4db5-a2b2-6ede530b95d9 req-d6ef4eeb-6ec0-4db5-a2b2-6ede530b95d9 ] Request (KeyPairsV2TestJSON:_run_cleanups): 202 DELETE http://10.180.1.21/compute/v2.1/os-keypairs/tempest-keypair-900400421 0.169s
2025-04-17 05:34:12.779 68910 INFO tempest.lib.common.rest_client [req-85a07a79-c213-4c6a-a27e-737d3b433380 req-85a07a79-c213-4c6a-a27e-737d3b433380 ] Request (FlavorsAccessNegativeTestJSON:tearDownClass): 204 DELETE http://10.180.1.21/identity/v3/users/42305f229f0f4526843e26d92c55a4d6 0.118s
2025-04-17 05:34:12.792 68906 INFO tempest.lib.common.rest_client [req-288877ae-93be-4881-8f6b-d2442c43065a req-288877ae-93be-4881-8f6b-d2442c43065a ] Request (KeyPairsV22TestJSON:tearDownClass): 201 POST http://10.180.1.21/identity/v3/auth/tokens 0.101s
2025-04-17 05:34:12.847 68926 INFO tempest.lib.common.rest_client [req-69e56118-b2fe-48e0-9ffc-2878ba7bca7d req-69e56118-b2fe-48e0-9ffc-2878ba7bca7d ] Request (AttachInterfacesTestJSON:setUpClass): 201 POST http://10.180.1.21/identity/v3/auth/tokens 0.103s
2025-04-17 05:34:12.869 68904 INFO tempest.lib.common.rest_client [req-a0b0d22c-45c6-4b95-a806-61c06d297490 req-a0b0d22c-45c6-4b95-a806-61c06d297490 ] Request (QuotasAdminTestV257:tearDownClass): 204 DELETE http://10.180.1.21/identity/v3/users/09366a796f1f4bfba0163e717d402b87 0.172s
2025-04-17 05:34:12.869 68904 INFO tempest.lib.common.dynamic_creds [-] Deleting project and security group for project: 26d08bda71e643c88851dcbfb048c71b
2025-04-17 05:34:12.874 68942 INFO tempest.lib.common.rest_client [req-6209230d-2d47-47be-bf80-aa2ee530213e req-6209230d-2d47-47be-bf80-aa2ee530213e ] Request (ServerPasswordTestJSON:setUpClass): 200 GET http://10.180.1.21/compute/v2.1/servers/b95883b2-0366-4f52-bdf2-aa6259fafc58 0.268s
2025-04-17 05:34:12.922 68929 INFO tempest.lib.common.rest_client [req-c126eeeb-b473-477c-b1bc-08682806cf05 req-c126eeeb-b473-477c-b1bc-08682806cf05 ] Request (ServerDiagnosticsV248Test:test_get_server_diagnostics): 200 GET http://10.180.1.21/compute/v2.1/servers/3b95678b-dfc5-4610-a51e-2ae12fbe274b 0.307s
2025-04-17 05:34:12.939 68910 INFO tempest.lib.common.rest_client [req-6b7c05ea-50b9-48b7-bc9f-5e06347b6e3b req-6b7c05ea-50b9-48b7-bc9f-5e06347b6e3b ] Request (FlavorsAccessNegativeTestJSON:tearDownClass): 204 DELETE http://10.180.1.21/identity/v3/users/1acbacf72a7a43c58ee008ad36f1a187 0.159s
2025-04-17 05:34:12.950 68918 INFO tempest.lib.common.rest_client [req-752a005e-d81a-4762-a2cb-263392fdd0dd req-752a005e-d81a-4762-a2cb-263392fdd0dd ] Request (ImagesMetadataTestJSON:setUp): 200 PUT http://10.180.1.21/compute/v2.1/images/4c8875b4-28d5-4351-b942-b45bace67364/metadata 0.459s
2025-04-17 05:34:12.958 68922 INFO tempest.lib.common.rest_client [req-f8ac8a3d-dc75-4a76-8740-50ead2736583 req-f8ac8a3d-dc75-4a76-8740-50ead2736583 ] Request (AggregatesAdminNegativeTestJSON:test_aggregate_list_as_user): 403 GET http://10.180.1.21/compute/v2.1/os-aggregates 0.305s
2025-04-17 05:34:12.993 68926 INFO tempest.lib.common.rest_client [req-275e00ab-e0b4-4873-8ee4-3018c071afcb req-275e00ab-e0b4-4873-8ee4-3018c071afcb ] Request (AttachInterfacesTestJSON:setUpClass): 200 GET http://10.180.1.21/identity/v3/domains?name=Default 0.145s
2025-04-17 05:34:13.003 68904 INFO tempest.lib.common.rest_client [req-31648345-d716-4a8e-a8f2-ba2559a5b81d req-31648345-d716-4a8e-a8f2-ba2559a5b81d ] Request (QuotasAdminTestV257:tearDownClass): 201 POST http://10.180.1.21/identity/v3/auth/tokens 0.133s
2025-04-17 05:34:13.008 68952 INFO tempest.lib.common.rest_client [req-0af0e57c-e5e8-4392-ad70-e393aabfd41b req-0af0e57c-e5e8-4392-ad70-e393aabfd41b ] Request (VolumesAdminNegativeTest:test_update_attached_volume_with_nonexistent_volume_in_body): 200 GET http://10.180.1.21/compute/v2.1/servers/152f9e1d-dd1b-486f-94b8-8202c0f2d335 0.355s
2025-04-17 05:34:13.026 68906 INFO tempest.lib.common.rest_client [req-4ad893b3-fb30-4194-a527-dd754db4d73a req-4ad893b3-fb30-4194-a527-dd754db4d73a ] Request (KeyPairsV22TestJSON:tearDownClass): 200 GET http://10.180.1.21:9696/networking/v2.0/security-groups?tenant_id=a9620d2831e94170a43fe5b9ce38ccf8&name=default 0.233s
2025-04-17 05:34:13.029 68902 INFO tempest.lib.common.rest_client [req-6d559408-2e6e-4ec0-8349-4b52f5bb2973 req-6d559408-2e6e-4ec0-8349-4b52f5bb2973 ] Request (SecurityGroupRulesNegativeTestJSON:test_create_security_group_rule_with_invalid_to_port): 200 POST http://10.180.1.21/compute/v2.1/os-security-groups 0.385s
2025-04-17 05:34:13.039 68926 INFO tempest.lib.common.rest_client [req-e4ea2dc5-a830-473c-9a55-680d35a655b5 req-e4ea2dc5-a830-473c-9a55-680d35a655b5 ] Request (AttachInterfacesTestJSON:setUpClass): 201 POST http://10.180.1.21/identity/v3/projects 0.045s
2025-04-17 05:34:13.054 68910 INFO tempest.lib.common.rest_client [req-11f5cee5-95cf-4d4f-aa82-e7e8e3c6fb29 req-11f5cee5-95cf-4d4f-aa82-e7e8e3c6fb29 ] Request (FlavorsAccessNegativeTestJSON:tearDownClass): 204 DELETE http://10.180.1.21/identity/v3/users/ec4f381aa7d946ff9726328f70c70598 0.115s
2025-04-17 05:34:13.054 68910 INFO tempest.lib.common.dynamic_creds [-] Deleting project and security group for project: b5952149a2364959acd996f5078f375e
2025-04-17 05:34:13.055 68896 INFO tempest.lib.common.rest_client [req-6fb7b36d-5374-43d3-b783-c006fb74a2be req-6fb7b36d-5374-43d3-b783-c006fb74a2be ] Request (FlavorsV2TestJSON:test_list_flavors_detailed_filter_by_min_disk): 200 GET http://10.180.1.21/compute/v2.1/flavors/detail?minDisk=2 0.391s
2025-04-17 05:34:13.060 68940 INFO tempest.lib.common.rest_client [req-2028bfe2-c3b0-4742-b0db-c0acde64a59d req-2028bfe2-c3b0-4742-b0db-c0acde64a59d ] Request (ServersTestMultiNic:test_verify_duplicate_network_nics): 200 GET http://10.180.1.21/compute/v2.1/servers/1ec954d1-1bc9-4db3-9a48-7da759cebf21 0.398s
2025-04-17 05:34:13.072 68950 INFO tempest.lib.common.rest_client [req-57785f40-afa8-4377-8cfb-fcc1442d5ecd req-57785f40-afa8-4377-8cfb-fcc1442d5ecd ] Request (FlavorsAdminTestJSON:test_is_public_string_variations): 200 POST http://10.180.1.21/compute/v2.1/flavors 0.396s
2025-04-17 05:34:13.109 68906 INFO tempest.lib.common.rest_client [req-ab164b54-7e2d-4403-bf6c-a02e2df7a9fc req-ab164b54-7e2d-4403-bf6c-a02e2df7a9fc ] Request (KeyPairsV22TestJSON:tearDownClass): 204 DELETE http://10.180.1.21:9696/networking/v2.0/security-groups/c30d1dd5-d5f5-409d-bf03-5f3f4c5b1dbf 0.083s
2025-04-17 05:34:13.109 68926 INFO tempest.lib.common.rest_client [req-fccdcebd-36cd-4e80-982a-9f308fa2b836 req-fccdcebd-36cd-4e80-982a-9f308fa2b836 ] Request (AttachInterfacesTestJSON:setUpClass): 201 POST http://10.180.1.21/identity/v3/users 0.070s
2025-04-17 05:34:13.118 68938 INFO tempest.lib.common.rest_client [req-3d4c1cd6-7526-48e9-ac04-029b5fcb5082 req-3d4c1cd6-7526-48e9-ac04-029b5fcb5082 ] Request (SecurityGroupsTestJSON:test_list_security_groups_by_server): 200 GET http://10.180.1.21/compute/v2.1/servers/a43cf82a-c969-47eb-b8dc-d7fe7f7870d3 0.411s
2025-04-17 05:34:13.132 68910 INFO tempest.lib.common.rest_client [req-98175481-2032-496c-b78d-ef15aa75796f req-98175481-2032-496c-b78d-ef15aa75796f ] Request (FlavorsAccessNegativeTestJSON:tearDownClass): 201 POST http://10.180.1.21/identity/v3/auth/tokens 0.077s
2025-04-17 05:34:13.143 68944 INFO tempest.lib.common.rest_client [req-94ece5e7-1454-49b2-8e32-620146baaabf req-94ece5e7-1454-49b2-8e32-620146baaabf ] Request (KeyPairsV2TestJSON:test_keypairs_create_list_delete): 200 POST http://10.180.1.21/compute/v2.1/os-keypairs 0.371s
2025-04-17 05:34:13.184 68906 INFO tempest.lib.common.rest_client [req-1014c1e9-2e26-4371-b69f-e21cdd00c984 req-1014c1e9-2e26-4371-b69f-e21cdd00c984 ] Request (KeyPairsV22TestJSON:tearDownClass): 204 DELETE http://10.180.1.21/identity/v3/projects/a9620d2831e94170a43fe5b9ce38ccf8 0.075s
2025-04-17 05:34:13.194 68954 INFO tempest.lib.common.rest_client [req-ce62b072-5b6f-4fe7-b104-9cc7cbcd68d1 req-ce62b072-5b6f-4fe7-b104-9cc7cbcd68d1 ] Request (MigrationsAdminTest:test_list_migrations_in_flavor_resize_situation): 200 GET http://10.180.1.21/compute/v2.1/servers/dae068af-0c54-4715-bdc3-ecfd018b6294 0.286s
2025-04-17 05:34:13.199 68904 INFO tempest.lib.common.rest_client [req-46ade95f-884b-4279-a168-e065b33c5c8d req-46ade95f-884b-4279-a168-e065b33c5c8d ] Request (QuotasAdminTestV257:tearDownClass): 200 GET http://10.180.1.21:9696/networking/v2.0/security-groups?tenant_id=26d08bda71e643c88851dcbfb048c71b&name=default 0.195s
2025-04-17 05:34:13.238 68924 INFO tempest.lib.common.rest_client [req-2387b586-56c6-4807-bded-3d0bfb89bb6b req-2387b586-56c6-4807-bded-3d0bfb89bb6b ] Request (AbsoluteLimitsNegativeTestJSON:test_max_metadata_exceed_limit): 200 GET http://10.180.1.21/compute/v2.1/limits 0.570s
2025-04-17 05:34:13.241 68926 INFO tempest.lib.common.rest_client [req-49744731-ee14-4acc-9ac3-3a8480bb71cd req-49744731-ee14-4acc-9ac3-3a8480bb71cd ] Request (AttachInterfacesTestJSON:setUpClass): 200 GET http://10.180.1.21/identity/v3/roles 0.131s
2025-04-17 05:34:13.262 68906 INFO tempest.lib.common.rest_client [req-11eb5f0c-41b8-4bb4-a314-8cb793c2d59b req-11eb5f0c-41b8-4bb4-a314-8cb793c2d59b ] Request (ServersTestJSON:setUpClass): 201 POST http://10.180.1.21/identity/v3/auth/tokens 0.076s
2025-04-17 05:34:13.265 68918 INFO tempest.lib.common.rest_client [req-e7f16859-b148-47a0-84a6-f4cca0ff8c24 req-e7f16859-b148-47a0-84a6-f4cca0ff8c24 ] Request (ImagesMetadataTestJSON:test_get_image_metadata_item): 200 GET http://10.180.1.21/compute/v2.1/images/4c8875b4-28d5-4351-b942-b45bace67364/metadata/os_distro 0.314s
2025-04-17 05:34:13.292 68926 INFO tempest.lib.common.rest_client [req-3b5a9776-5f34-451b-a782-4ef0a86cda32 req-3b5a9776-5f34-451b-a782-4ef0a86cda32 ] Request (AttachInterfacesTestJSON:setUpClass): 204 PUT http://10.180.1.21/identity/v3/projects/1746fe27dce34ed8ac1c5d36f3b36db8/users/52b21bd3774e4313925fc724adc3ad64/roles/b044c4fc232a4f3987b9096f9158748d 0.051s
2025-04-17 05:34:13.292 68926 INFO tempest.lib.common.dynamic_creds [-] Dynamic test user 52b21bd3774e4313925fc724adc3ad64 is created with scope project and roles: ['member']
2025-04-17 05:34:13.292 68922 INFO tempest.lib.common.rest_client [req-ac07669a-6cfc-4cb6-b880-011c8f0a81e9 req-ac07669a-6cfc-4cb6-b880-011c8f0a81e9 ] Request (AggregatesAdminNegativeTestJSON:test_aggregate_remove_host_as_user): 200 POST http://10.180.1.21/compute/v2.1/os-aggregates 0.332s
2025-04-17 05:34:13.292 68926 INFO tempest.lib.common.dynamic_creds [-] Acquired dynamic creds: credentials: Credentials: {'domain_id': 'default', 'domain_name': 'Default', 'username': 'tempest-AttachInterfacesTestJSON-753337404-project-member', 'project_domain_id': 'default', 'project_domain_name': 'Default', 'project_id': '1746fe27dce34ed8ac1c5d36f3b36db8', 'project_name': 'tempest-AttachInterfacesTestJSON-753337404', 'tenant_id': '1746fe27dce34ed8ac1c5d36f3b36db8', 'tenant_name': 'tempest-AttachInterfacesTestJSON-753337404', 'user_domain_id': 'default', 'user_domain_name': 'Default', 'user_id': '52b21bd3774e4313925fc724adc3ad64', 'system': None}, Network: None, Subnet: None, Router: None
2025-04-17 05:34:13.313 68948 INFO tempest.lib.common.rest_client [req-b829578b-6bca-48ab-93d8-6e032198b6a3 req-b829578b-6bca-48ab-93d8-6e032198b6a3 ] Request (ServerTagsTestJSON:setUpClass): 200 GET http://10.180.1.21/compute/v2.1/servers/b5707ff5-916e-49ce-9aac-9a08ac51bdf2 0.401s
2025-04-17 05:34:13.315 68924 INFO tempest.lib.common.rest_client [req-135c3346-dc17-4ff6-9c65-6b9894dc6d23 req-135c3346-dc17-4ff6-9c65-6b9894dc6d23 ] Request (AbsoluteLimitsNegativeTestJSON:test_max_metadata_exceed_limit): 201 POST http://10.180.1.21/identity/v3/auth/tokens 0.068s
2025-04-17 05:34:13.316 68924 INFO tempest.lib.common.fixed_network [-] (AbsoluteLimitsNegativeTestJSON:test_max_metadata_exceed_limit) Found network None available for tenant
2025-04-17 05:34:13.317 68904 INFO tempest.lib.common.rest_client [req-a05f8e96-fc02-43cc-b8a0-d096596492b3 req-a05f8e96-fc02-43cc-b8a0-d096596492b3 ] Request (QuotasAdminTestV257:tearDownClass): 204 DELETE http://10.180.1.21:9696/networking/v2.0/security-groups/9ee93f97-e7e2-4ad3-bb6e-3a9245331e11 0.118s
2025-04-17 05:34:13.344 68920 INFO tempest.lib.common.rest_client [req-98337b7c-c5c6-4e88-a5d3-9fcf41599030 req-98337b7c-c5c6-4e88-a5d3-9fcf41599030 ] Request (ServersWithSpecificFlavorTestJSON:test_verify_created_server_ephemeral_disk): 200 GET http://10.180.1.21/compute/v2.1/servers/40c6521b-51d9-45cf-959c-21e4f3da7eb9 0.378s
2025-04-17 05:34:13.346 68906 INFO tempest.lib.common.rest_client [req-6f35b13d-f902-4a66-87d4-7701f1477584 req-6f35b13d-f902-4a66-87d4-7701f1477584 ] Request (ServersTestJSON:setUpClass): 201 POST http://10.180.1.21/identity/v3/auth/tokens 0.081s
2025-04-17 05:34:13.347 68910 INFO tempest.lib.common.rest_client [req-9a7dff6d-e510-48bc-90e8-5625224bcebb req-9a7dff6d-e510-48bc-90e8-5625224bcebb ] Request (FlavorsAccessNegativeTestJSON:tearDownClass): 200 GET http://10.180.1.21:9696/networking/v2.0/security-groups?tenant_id=b5952149a2364959acd996f5078f375e&name=default 0.215s
2025-04-17 05:34:13.363 68930 INFO tempest.lib.common.rest_client [req-9d9cd5c1-c6ed-4a65-bab3-32403292c175 req-9d9cd5c1-c6ed-4a65-bab3-32403292c175 ] Request (VolumesAssistedSnapshotsTest:test_volume_assisted_snapshot_create_delete): 200 GET http://10.180.1.21/compute/v2.1/servers/7d51d3c0-12fd-4118-80c6-16c1cca346db 0.351s
2025-04-17 05:34:13.374 68926 INFO tempest.lib.common.rest_client [req-b0822a4c-1c9b-446f-95bd-82a9798739bc req-b0822a4c-1c9b-446f-95bd-82a9798739bc ] Request (AttachInterfacesTestJSON:setUpClass): 201 POST http://10.180.1.21/identity/v3/auth/tokens 0.081s
2025-04-17 05:34:13.395 68904 INFO tempest.lib.common.rest_client [req-14cad725-7a25-40a1-91da-e95aa893a984 req-14cad725-7a25-40a1-91da-e95aa893a984 ] Request (QuotasAdminTestV257:tearDownClass): 204 DELETE http://10.180.1.21/identity/v3/projects/26d08bda71e643c88851dcbfb048c71b 0.078s
2025-04-17 05:34:13.395 68904 INFO tempest.lib.common.dynamic_creds [-] Deleting project and security group for project: 31617587074f44ab894240831a36c67a
2025-04-17 05:34:13.415 68910 INFO tempest.lib.common.rest_client [req-ab4fb4d0-e96e-4163-9574-abaec45c27ab req-ab4fb4d0-e96e-4163-9574-abaec45c27ab ] Request (FlavorsAccessNegativeTestJSON:tearDownClass): 204 DELETE http://10.180.1.21:9696/networking/v2.0/security-groups/0850bb2e-b12d-45d7-ae89-a8f350382907 0.067s
2025-04-17 05:34:13.417 68906 INFO tempest.lib.common.rest_client [req-d46796df-273f-4695-9f00-05a49471a3c8 req-d46796df-273f-4695-9f00-05a49471a3c8 ] Request (ServersTestJSON:setUpClass): 200 GET http://10.180.1.21/identity/v3/domains?name=Default 0.071s
2025-04-17 05:34:13.422 68902 INFO tempest.lib.common.rest_client [req-f40d6fc0-b862-4c01-9ade-3fbb98669c63 req-f40d6fc0-b862-4c01-9ade-3fbb98669c63 ] Request (SecurityGroupRulesNegativeTestJSON:test_create_security_group_rule_with_invalid_to_port): 400 POST http://10.180.1.21/compute/v2.1/os-security-group-rules 0.390s
2025-04-17 05:34:13.431 68896 INFO tempest.lib.common.rest_client [req-5bdd667c-d8ba-41ac-9799-5a63e5ae14f0 req-5bdd667c-d8ba-41ac-9799-5a63e5ae14f0 ] Request (FlavorsV2TestJSON:test_list_flavors_detailed_filter_by_min_ram): 200 GET http://10.180.1.21/compute/v2.1/flavors/42 0.372s
2025-04-17 05:34:13.475 68910 INFO tempest.lib.common.rest_client [req-c8aff5c8-308e-46f2-8a5c-bf810c0e6383 req-c8aff5c8-308e-46f2-8a5c-bf810c0e6383 ] Request (FlavorsAccessNegativeTestJSON:tearDownClass): 204 DELETE http://10.180.1.21/identity/v3/projects/b5952149a2364959acd996f5078f375e 0.059s
2025-04-17 05:34:13.475 68910 INFO tempest.lib.common.dynamic_creds [-] Deleting project and security group for project: ed3df61a00e54af3a4a8b467e17d3ddd
2025-04-17 05:34:13.493 68908 INFO tempest.lib.common.rest_client [req-4db6e7e3-c12d-4700-a6ba-8fa742b16fdb req-4db6e7e3-c12d-4700-a6ba-8fa742b16fdb ] Request (InstanceActionsNegativeTestJSON:setUpClass): 200 GET http://10.180.1.21/compute/v2.1/servers/ee6e18cd-9af2-4440-8336-9e1858c28709 0.429s
2025-04-17 05:34:13.494 68914 INFO tempest.lib.common.rest_client [req-7ddce2d6-af27-4818-be97-a8dccbc354a1 req-7ddce2d6-af27-4818-be97-a8dccbc354a1 ] Request (ServerDiagnosticsNegativeTest:test_get_server_diagnostics_by_non_admin): 200 GET http://10.180.1.21/compute/v2.1/servers/c507115c-92a0-4513-aae8-7dc8f95bc0ea 0.479s
2025-04-17 05:34:13.508 68950 INFO tempest.lib.common.rest_client [req-89cd4cca-29c5-46a9-a8ac-78a316383d27 req-89cd4cca-29c5-46a9-a8ac-78a316383d27 ] Request (FlavorsAdminTestJSON:test_is_public_string_variations): 200 GET http://10.180.1.21/compute/v2.1/flavors/detail?is_public=f 0.434s
2025-04-17 05:34:13.510 68906 INFO tempest.lib.common.rest_client [req-95baf26a-98e7-4ec9-85a5-11ec6db503b7 req-95baf26a-98e7-4ec9-85a5-11ec6db503b7 ] Request (ServersTestJSON:setUpClass): 201 POST http://10.180.1.21/identity/v3/projects 0.092s
2025-04-17 05:34:13.532 68944 INFO tempest.lib.common.rest_client [req-255b38ae-7368-47a3-958b-28c8a95d7792 req-255b38ae-7368-47a3-958b-28c8a95d7792 ] Request (KeyPairsV2TestJSON:test_keypairs_create_list_delete): 200 POST http://10.180.1.21/compute/v2.1/os-keypairs 0.387s
2025-04-17 05:34:13.533 68904 INFO tempest.lib.common.rest_client [req-effd1538-717a-4f67-afef-d10551164aa9 req-effd1538-717a-4f67-afef-d10551164aa9 ] Request (QuotasAdminTestV257:tearDownClass): 200 GET http://10.180.1.21:9696/networking/v2.0/security-groups?tenant_id=31617587074f44ab894240831a36c67a&name=default 0.138s
2025-04-17 05:34:13.575 68906 INFO tempest.lib.common.rest_client [req-ddfcc3df-dc97-4356-b7d4-c72e18e30747 req-ddfcc3df-dc97-4356-b7d4-c72e18e30747 ] Request (ServersTestJSON:setUpClass): 201 POST http://10.180.1.21/identity/v3/users 0.064s
2025-04-17 05:34:13.599 68906 INFO tempest.lib.common.rest_client [req-7543560b-a234-4bbf-86d4-c6859dbba622 req-7543560b-a234-4bbf-86d4-c6859dbba622 ] Request (ServersTestJSON:setUpClass): 200 GET http://10.180.1.21/identity/v3/roles 0.023s
2025-04-17 05:34:13.607 68910 INFO tempest.lib.common.rest_client [req-fac16faf-5638-4fbf-abd8-0af2d1c3fb13 req-fac16faf-5638-4fbf-abd8-0af2d1c3fb13 ] Request (FlavorsAccessNegativeTestJSON:tearDownClass): 200 GET http://10.180.1.21:9696/networking/v2.0/security-groups?tenant_id=ed3df61a00e54af3a4a8b467e17d3ddd&name=default 0.131s
2025-04-17 05:34:13.630 68906 INFO tempest.lib.common.rest_client [req-0b2ea837-7637-4766-b208-0979b9bd88a8 req-0b2ea837-7637-4766-b208-0979b9bd88a8 ] Request (ServersTestJSON:setUpClass): 204 PUT http://10.180.1.21/identity/v3/projects/aac07172e4f5410d8b740a76997d3b75/users/44a6fdd023584e078c15a154f1154a5e/roles/b044c4fc232a4f3987b9096f9158748d 0.030s
2025-04-17 05:34:13.630 68906 INFO tempest.lib.common.dynamic_creds [-] Dynamic test user 44a6fdd023584e078c15a154f1154a5e is created with scope project and roles: ['member']
2025-04-17 05:34:13.630 68906 INFO tempest.lib.common.dynamic_creds [-] Acquired dynamic creds: credentials: Credentials: {'domain_id': 'default', 'domain_name': 'Default', 'username': 'tempest-ServersTestJSON-1804119009-project-member', 'project_domain_id': 'default', 'project_domain_name': 'Default', 'project_id': 'aac07172e4f5410d8b740a76997d3b75', 'project_name': 'tempest-ServersTestJSON-1804119009', 'tenant_id': 'aac07172e4f5410d8b740a76997d3b75', 'tenant_name': 'tempest-ServersTestJSON-1804119009', 'user_domain_id': 'default', 'user_domain_name': 'Default', 'user_id': '44a6fdd023584e078c15a154f1154a5e', 'system': None}, Network: None, Subnet: None, Router: None
2025-04-17 05:34:13.687 68932 INFO tempest.lib.common.rest_client [req-a5d40848-c9ac-48e2-bfc6-1bbad0764843 req-a5d40848-c9ac-48e2-bfc6-1bbad0764843 ] Request (ServerDiagnosticsTest:test_get_server_diagnostics): 200 GET http://10.180.1.21/compute/v2.1/servers/6300077d-5aa7-4794-8ba2-1ec30151c15c 0.435s
2025-04-17 05:34:13.689 68936 INFO tempest.lib.common.rest_client [req-656163e4-7547-4ecb-a3e4-64d92fe6ef45 req-656163e4-7547-4ecb-a3e4-64d92fe6ef45 ] Request (ServersAdminNegativeTestJSON:setUpClass): 200 GET http://10.180.1.21/compute/v2.1/servers/050e2b27-1311-4a9a-b5cf-6bc2f7128eba 0.516s
2025-04-17 05:34:13.691 68906 INFO tempest.lib.common.rest_client [req-32ddf3ae-b582-44bf-941c-75dcb3f9e0ed req-32ddf3ae-b582-44bf-941c-75dcb3f9e0ed ] Request (ServersTestJSON:setUpClass): 201 POST http://10.180.1.21/identity/v3/auth/tokens 0.061s
2025-04-17 05:34:13.695 68926 INFO tempest.lib.common.rest_client [req-7685c0c2-c805-45ca-bdf6-36384db6850f req-7685c0c2-c805-45ca-bdf6-36384db6850f ] Request (AttachInterfacesTestJSON:setUpClass): 201 POST http://10.180.1.21:9696/networking/v2.0/networks 0.320s
2025-04-17 05:34:13.704 68904 INFO tempest.lib.common.rest_client [req-ba7084fe-c05d-462d-8ab7-364f2dfbaf36 req-ba7084fe-c05d-462d-8ab7-364f2dfbaf36 ] Request (QuotasAdminTestV257:tearDownClass): 204 DELETE http://10.180.1.21:9696/networking/v2.0/security-groups/06b3666d-6438-4b97-a3a7-f706861d8af5 0.170s
2025-04-17 05:34:13.734 68910 INFO tempest.lib.common.rest_client [req-b359ff9a-584e-4f95-859e-2fbcd67836f7 req-b359ff9a-584e-4f95-859e-2fbcd67836f7 ] Request (FlavorsAccessNegativeTestJSON:tearDownClass): 204 DELETE http://10.180.1.21:9696/networking/v2.0/security-groups/997b9b4d-4cab-45f0-9611-57a965cc6376 0.126s
2025-04-17 05:34:13.772 68904 INFO tempest.lib.common.rest_client [req-96462165-0098-4767-82d7-7510eb9c0f09 req-96462165-0098-4767-82d7-7510eb9c0f09 ] Request (QuotasAdminTestV257:tearDownClass): 204 DELETE http://10.180.1.21/identity/v3/projects/31617587074f44ab894240831a36c67a 0.068s
2025-04-17 05:34:13.787 68922 INFO tempest.lib.common.rest_client [req-d3dfa54a-a838-4e66-84cb-099ad65fa9d4 req-d3dfa54a-a838-4e66-84cb-099ad65fa9d4 ] Request (AggregatesAdminNegativeTestJSON:test_aggregate_remove_host_as_user): 200 POST http://10.180.1.21/compute/v2.1/os-aggregates/7/action 0.492s
2025-04-17 05:34:13.843 68918 INFO tempest.lib.common.rest_client [req-dd1f80de-c4e4-4c37-a87f-dd9aa10358e4 req-dd1f80de-c4e4-4c37-a87f-dd9aa10358e4 ] Request (ImagesMetadataTestJSON:setUp): 200 PUT http://10.180.1.21/compute/v2.1/images/4c8875b4-28d5-4351-b942-b45bace67364/metadata 0.576s
2025-04-17 05:34:13.858 68910 INFO tempest.lib.common.rest_client [req-55af877d-3479-407f-9a6b-b172ceaf0e2c req-55af877d-3479-407f-9a6b-b172ceaf0e2c ] Request (FlavorsAccessNegativeTestJSON:tearDownClass): 204 DELETE http://10.180.1.21/identity/v3/projects/ed3df61a00e54af3a4a8b467e17d3ddd 0.123s
2025-04-17 05:34:13.858 68910 INFO tempest.lib.common.dynamic_creds [-] Deleting project and security group for project: de672f8c676b4b87b1e3a772bb0632c3
2025-04-17 05:34:13.895 68904 INFO tempest.lib.common.rest_client [req-e1376d8b-77d6-4d1a-a89c-d8961305c6d1 req-e1376d8b-77d6-4d1a-a89c-d8961305c6d1 ] Request (SecurityGroupRulesTestJSON:setUpClass): 201 POST http://10.180.1.21/identity/v3/auth/tokens 0.119s
2025-04-17 05:34:13.923 68904 INFO tempest.lib.common.rest_client [req-417e2109-cbec-4d62-8dd3-34182149fc41 req-417e2109-cbec-4d62-8dd3-34182149fc41 ] Request (SecurityGroupRulesTestJSON:setUpClass): 201 POST http://10.180.1.21/identity/v3/auth/tokens 0.026s
2025-04-17 05:34:13.938 68910 INFO tempest.lib.common.rest_client [req-aed37edf-4d1b-47ea-b6aa-271061a920b6 req-aed37edf-4d1b-47ea-b6aa-271061a920b6 ] Request (FlavorsAccessNegativeTestJSON:tearDownClass): 200 GET http://10.180.1.21:9696/networking/v2.0/security-groups?tenant_id=de672f8c676b4b87b1e3a772bb0632c3&name=default 0.080s
2025-04-17 05:34:13.944 68904 INFO tempest.lib.common.rest_client [req-f9b06bb6-e38c-43ee-9e0f-67657fe669d8 req-f9b06bb6-e38c-43ee-9e0f-67657fe669d8 ] Request (SecurityGroupRulesTestJSON:setUpClass): 200 GET http://10.180.1.21/identity/v3/domains?name=Default 0.020s
2025-04-17 05:34:13.971 68904 INFO tempest.lib.common.rest_client [req-b4322288-423d-448b-b26f-845a0f4c36d0 req-b4322288-423d-448b-b26f-845a0f4c36d0 ] Request (SecurityGroupRulesTestJSON:setUpClass): 201 POST http://10.180.1.21/identity/v3/projects 0.027s
2025-04-17 05:34:14.000 68910 INFO tempest.lib.common.rest_client [req-78f4d9b7-72ff-4688-9669-045f0cc6897c req-78f4d9b7-72ff-4688-9669-045f0cc6897c ] Request (FlavorsAccessNegativeTestJSON:tearDownClass): 204 DELETE http://10.180.1.21:9696/networking/v2.0/security-groups/5c1fc73e-bbda-4306-ba75-66fc86e3072d 0.061s
2025-04-17 05:34:14.037 68926 INFO tempest.lib.common.rest_client [req-fcef15f2-d2b2-451f-83e0-8cd538e6a6da req-fcef15f2-d2b2-451f-83e0-8cd538e6a6da ] Request (AttachInterfacesTestJSON:setUpClass): 201 POST http://10.180.1.21:9696/networking/v2.0/subnets 0.342s
2025-04-17 05:34:14.041 68904 INFO tempest.lib.common.rest_client [req-6c68d7de-2ab3-4dba-b01b-2ee3208b8a5c req-6c68d7de-2ab3-4dba-b01b-2ee3208b8a5c ] Request (SecurityGroupRulesTestJSON:setUpClass): 201 POST http://10.180.1.21/identity/v3/users 0.070s
2025-04-17 05:34:14.041 68912 INFO tempest.lib.common.rest_client [req-d8fd8bfd-f989-4117-b6a9-eff4a796b095 req-d8fd8bfd-f989-4117-b6a9-eff4a796b095 ] Request (ImagesOneServerTestJSON:setUpClass): 200 GET http://10.180.1.21/compute/v2.1/servers/5f4991a3-c34b-45b1-a3af-94d7d990eef1 0.630s
2025-04-17 05:34:14.068 68904 INFO tempest.lib.common.rest_client [req-209e4113-2739-45d4-9db8-99f9ae94d106 req-209e4113-2739-45d4-9db8-99f9ae94d106 ] Request (SecurityGroupRulesTestJSON:setUpClass): 200 GET http://10.180.1.21/identity/v3/roles 0.027s
2025-04-17 05:34:14.074 68902 INFO tempest.lib.common.rest_client [req-0bbeaf69-3dfa-446e-878e-fd511d1db8ba req-0bbeaf69-3dfa-446e-878e-fd511d1db8ba ] Request (SecurityGroupRulesNegativeTestJSON:test_create_security_group_rule_with_non_existent_id): 404 POST http://10.180.1.21/compute/v2.1/os-security-group-rules 0.649s
2025-04-17 05:34:14.086 68924 INFO tempest.lib.common.rest_client [req-56170363-b405-4ae4-b6fa-0ee40f6e54a5 req-56170363-b405-4ae4-b6fa-0ee40f6e54a5 ] Request (AbsoluteLimitsNegativeTestJSON:test_max_metadata_exceed_limit): 403 POST http://10.180.1.21/compute/v2.1/servers 0.770s
2025-04-17 05:34:14.097 68896 INFO tempest.lib.common.rest_client [req-e180254d-411a-49f0-938e-527d2a842837 req-e180254d-411a-49f0-938e-527d2a842837 ] Request (FlavorsV2TestJSON:test_list_flavors_detailed_filter_by_min_ram): 200 GET http://10.180.1.21/compute/v2.1/flavors/detail?minRam=129 0.663s
2025-04-17 05:34:14.109 68904 INFO tempest.lib.common.rest_client [req-b4801bdc-fbbc-4421-863d-83e1bb4fe59b req-b4801bdc-fbbc-4421-863d-83e1bb4fe59b ] Request (SecurityGroupRulesTestJSON:setUpClass): 204 PUT http://10.180.1.21/identity/v3/projects/2a7c8c6bf3084dc2bb271a6af3ed6f07/users/d47a2dcce95b4ee7a57f02f5753b8648/roles/b044c4fc232a4f3987b9096f9158748d 0.040s
2025-04-17 05:34:14.109 68904 INFO tempest.lib.common.dynamic_creds [-] Dynamic test user d47a2dcce95b4ee7a57f02f5753b8648 is created with scope project and roles: ['member']
2025-04-17 05:34:14.109 68904 INFO tempest.lib.common.dynamic_creds [-] Acquired dynamic creds: credentials: Credentials: {'domain_id': 'default', 'domain_name': 'Default', 'username': 'tempest-SecurityGroupRulesTestJSON-1465039971-project-member', 'project_domain_id': 'default', 'project_domain_name': 'Default', 'project_id': '2a7c8c6bf3084dc2bb271a6af3ed6f07', 'project_name': 'tempest-SecurityGroupRulesTestJSON-1465039971', 'tenant_id': '2a7c8c6bf3084dc2bb271a6af3ed6f07', 'tenant_name': 'tempest-SecurityGroupRulesTestJSON-1465039971', 'user_domain_id': 'default', 'user_domain_name': 'Default', 'user_id': 'd47a2dcce95b4ee7a57f02f5753b8648', 'system': None}, Network: None, Subnet: None, Router: None
2025-04-17 05:34:14.114 68910 INFO tempest.lib.common.rest_client [req-36cda292-7de4-4f49-b117-fcf5b1767648 req-36cda292-7de4-4f49-b117-fcf5b1767648 ] Request (FlavorsAccessNegativeTestJSON:tearDownClass): 204 DELETE http://10.180.1.21/identity/v3/projects/de672f8c676b4b87b1e3a772bb0632c3 0.113s
2025-04-17 05:34:14.119 68950 INFO tempest.lib.common.rest_client [req-a286b43a-1250-4185-a3db-c7a4d76e6757 req-a286b43a-1250-4185-a3db-c7a4d76e6757 ] Request (FlavorsAdminTestJSON:test_is_public_string_variations): 200 GET http://10.180.1.21/compute/v2.1/flavors/detail?is_public=false 0.607s
2025-04-17 05:34:14.152 68944 INFO tempest.lib.common.rest_client [req-569eb3a6-91b8-4155-bd6b-9a6d5557c393 req-569eb3a6-91b8-4155-bd6b-9a6d5557c393 ] Request (KeyPairsV2TestJSON:test_keypairs_create_list_delete): 200 POST http://10.180.1.21/compute/v2.1/os-keypairs 0.617s
2025-04-17 05:34:14.155 68958 INFO tempest.lib.common.rest_client [req-72ec9afa-7555-4aae-9bce-5b97bd049215 req-72ec9afa-7555-4aae-9bce-5b97bd049215 ] Request (ServerShowV254Test:test_rebuild_server): 200 GET http://10.180.1.21/compute/v2.1/servers/9d10a63c-4c97-48c3-aca8-fd317aa2fbe7 0.665s
2025-04-17 05:34:14.181 68904 INFO tempest.lib.common.rest_client [req-8dde616a-afc5-4e77-989f-22e35f44faec req-8dde616a-afc5-4e77-989f-22e35f44faec ] Request (SecurityGroupRulesTestJSON:setUpClass): 201 POST http://10.180.1.21/identity/v3/auth/tokens 0.072s
2025-04-17 05:34:14.200 68924 INFO tempest.lib.common.rest_client [req-4a40258d-f6b5-482a-9a39-6739275a149e req-4a40258d-f6b5-482a-9a39-6739275a149e ] Request (AbsoluteLimitsNegativeTestJSON:tearDownClass): 204 DELETE http://10.180.1.21/identity/v3/users/dbc582cd7e5d4098950e7486ace49cb2 0.113s
2025-04-17 05:34:14.201 68924 INFO tempest.lib.common.dynamic_creds [-] Deleting project and security group for project: 8a0bdc71ad384afb83b917d272125dc1
2025-04-17 05:34:14.217 68898 INFO tempest.lib.common.rest_client [req-aa95a243-da0e-40b6-9990-93134f24900a req-aa95a243-da0e-40b6-9990-93134f24900a ] Request (FloatingIPsAssociationTestJSON:setUpClass): 200 GET http://10.180.1.21/compute/v2.1/servers/71b1ebba-2019-4378-9bd2-98a7559c22e8 0.665s
2025-04-17 05:34:14.219 68906 INFO tempest.lib.common.rest_client [req-a2606bc5-1965-42b7-bf18-29b9c2bc9de0 req-a2606bc5-1965-42b7-bf18-29b9c2bc9de0 ] Request (ServersTestJSON:setUpClass): 201 POST http://10.180.1.21:9696/networking/v2.0/networks 0.527s
2025-04-17 05:34:14.245 68910 INFO tempest.lib.common.rest_client [req-6625041b-c422-4d95-bd68-9c4e6e4b6d82 req-6625041b-c422-4d95-bd68-9c4e6e4b6d82 ] Request (QuotaClassesAdminTestJSON:setUpClass): 201 POST http://10.180.1.21/identity/v3/auth/tokens 0.129s
2025-04-17 05:34:14.249 68934 INFO tempest.lib.common.rest_client [req-40a60408-6391-4b13-9202-7bd06d79bf03 req-40a60408-6391-4b13-9202-7bd06d79bf03 ] Request (ServersAdmin275Test:test_rebuild_update_server_275): 200 GET http://10.180.1.21/compute/v2.1/servers/26f6016f-5fb5-4fd2-9ee3-648297d969b3 0.684s
2025-04-17 05:34:14.269 68916 INFO tempest.lib.common.rest_client [req-2565d0e2-5508-41b3-96a8-8bde992b66cd req-2565d0e2-5508-41b3-96a8-8bde992b66cd ] Request (ServerExternalEventsTest:test_create_server_external_events): 200 GET http://10.180.1.21/compute/v2.1/servers/e6b6cbdd-11d6-44a6-8da7-98e0f52cef67 0.669s
2025-04-17 05:34:14.272 68924 INFO tempest.lib.common.rest_client [req-a9e55868-507f-494d-ac24-fb4de1580ce8 req-a9e55868-507f-494d-ac24-fb4de1580ce8 ] Request (AbsoluteLimitsNegativeTestJSON:tearDownClass): 201 POST http://10.180.1.21/identity/v3/auth/tokens 0.071s
2025-04-17 05:34:14.288 68910 INFO tempest.lib.common.rest_client [req-4e44bdc3-bac4-41b2-92c2-b9b2b2d7598a req-4e44bdc3-bac4-41b2-92c2-b9b2b2d7598a ] Request (QuotaClassesAdminTestJSON:setUpClass): 201 POST http://10.180.1.21/identity/v3/auth/tokens 0.039s
2025-04-17 05:34:14.309 68910 INFO tempest.lib.common.rest_client [req-d7456fc9-67cc-4e11-aade-284b914bfc03 req-d7456fc9-67cc-4e11-aade-284b914bfc03 ] Request (QuotaClassesAdminTestJSON:setUpClass): 200 GET http://10.180.1.21/identity/v3/domains?name=Default 0.020s
2025-04-17 05:34:14.329 68956 INFO tempest.lib.common.rest_client [req-77947326-14c9-450b-a944-339e5a4cb028 req-77947326-14c9-450b-a944-339e5a4cb028 ] Request (ImagesNegativeTestJSON:test_create_image_from_deleted_server): 200 GET http://10.180.1.21/compute/v2.1/servers/e6e6c910-9485-48b0-bffa-4534cd7f87d4 0.676s
2025-04-17 05:34:14.335 68946 INFO tempest.lib.common.rest_client [req-17d4b1e6-b5ce-40a9-9d3d-19462b9a53f2 req-17d4b1e6-b5ce-40a9-9d3d-19462b9a53f2 ] Request (ListServerFiltersTestJSON:setUpClass): 200 GET http://10.180.1.21/compute/v2.1/servers/b27ace75-e2fa-4acc-96cb-88dd49b89de5 0.619s
2025-04-17 05:34:14.340 68922 INFO tempest.lib.common.rest_client [req-22af7f6c-dfcf-4376-b0af-27edf7f704f4 req-22af7f6c-dfcf-4376-b0af-27edf7f704f4 ] Request (AggregatesAdminNegativeTestJSON:test_aggregate_remove_host_as_user): 403 POST http://10.180.1.21/compute/v2.1/os-aggregates/7/action 0.551s
2025-04-17 05:34:14.343 68910 INFO tempest.lib.common.rest_client [req-dd711e79-6ae5-4379-9ae0-04106ed715dc req-dd711e79-6ae5-4379-9ae0-04106ed715dc ] Request (QuotaClassesAdminTestJSON:setUpClass): 201 POST http://10.180.1.21/identity/v3/projects 0.033s
2025-04-17 05:34:14.372 68918 INFO tempest.lib.common.rest_client [req-56041422-58c5-4b6f-b35f-5a449ea55acd req-56041422-58c5-4b6f-b35f-5a449ea55acd ] Request (ImagesMetadataTestJSON:test_list_image_metadata): 200 GET http://10.180.1.21/compute/v2.1/images/4c8875b4-28d5-4351-b942-b45bace67364/metadata 0.528s
2025-04-17 05:34:14.402 68900 INFO tempest.lib.common.rest_client [req-ec239935-87e4-44f3-8f68-5cb0ce778f5c req-ec239935-87e4-44f3-8f68-5cb0ce778f5c ] Request (ServerDiskConfigTestJSON:test_rebuild_server_with_auto_disk_config): 200 GET http://10.180.1.21/compute/v2.1/servers/6eef6e24-cf49-458b-ae37-8da4e02045f8 0.619s
2025-04-17 05:34:14.412 68910 INFO tempest.lib.common.rest_client [req-7b45ccc7-5588-41f6-855d-6d7dc0b74257 req-7b45ccc7-5588-41f6-855d-6d7dc0b74257 ] Request (QuotaClassesAdminTestJSON:setUpClass): 201 POST http://10.180.1.21/identity/v3/users 0.069s
2025-04-17 05:34:14.436 68910 INFO tempest.lib.common.rest_client [req-fa9a891c-8431-487c-a024-7edeca9ba863 req-fa9a891c-8431-487c-a024-7edeca9ba863 ] Request (QuotaClassesAdminTestJSON:setUpClass): 200 GET http://10.180.1.21/identity/v3/roles 0.023s
2025-04-17 05:34:14.464 68910 INFO tempest.lib.common.rest_client [req-2c79491d-c470-4dc5-a93e-4bf3321be8a0 req-2c79491d-c470-4dc5-a93e-4bf3321be8a0 ] Request (QuotaClassesAdminTestJSON:setUpClass): 204 PUT http://10.180.1.21/identity/v3/projects/3aac7ee8b76f4796bcf369f90da1fab6/users/5dce3c1b16fd417490e6b0badd637a70/roles/b044c4fc232a4f3987b9096f9158748d 0.027s
2025-04-17 05:34:14.464 68910 INFO tempest.lib.common.dynamic_creds [-] Dynamic test user 5dce3c1b16fd417490e6b0badd637a70 is created with scope project and roles: ['member']
2025-04-17 05:34:14.464 68910 INFO tempest.lib.common.dynamic_creds [-] Acquired dynamic creds: credentials: Credentials: {'domain_id': 'default', 'domain_name': 'Default', 'username': 'tempest-QuotaClassesAdminTestJSON-896281966-project-member', 'project_domain_id': 'default', 'project_domain_name': 'Default', 'project_id': '3aac7ee8b76f4796bcf369f90da1fab6', 'project_name': 'tempest-QuotaClassesAdminTestJSON-896281966', 'tenant_id': '3aac7ee8b76f4796bcf369f90da1fab6', 'tenant_name': 'tempest-QuotaClassesAdminTestJSON-896281966', 'user_domain_id': 'default', 'user_domain_name': 'Default', 'user_id': '5dce3c1b16fd417490e6b0badd637a70', 'system': None}, Network: None, Subnet: None, Router: None
2025-04-17 05:34:14.464 68910 INFO tempest.lib.common.dynamic_creds [-] Created isolated network resources for: credentials: Credentials: {'domain_id': 'default', 'domain_name': 'Default', 'username': 'tempest-QuotaClassesAdminTestJSON-896281966-project-member', 'project_domain_id': 'default', 'project_domain_name': 'Default', 'project_id': '3aac7ee8b76f4796bcf369f90da1fab6', 'project_name': 'tempest-QuotaClassesAdminTestJSON-896281966', 'tenant_id': '3aac7ee8b76f4796bcf369f90da1fab6', 'tenant_name': 'tempest-QuotaClassesAdminTestJSON-896281966', 'user_domain_id': 'default', 'user_domain_name': 'Default', 'user_id': '5dce3c1b16fd417490e6b0badd637a70', 'system': None}, Network: None, Subnet: None, Router: None
2025-04-17 05:34:14.479 68929 INFO tempest.lib.common.rest_client [req-042a03cf-bfdf-4693-b48a-3b467e9c8b53 req-042a03cf-bfdf-4693-b48a-3b467e9c8b53 ] Request (ServerDiagnosticsV248Test:test_get_server_diagnostics): 200 GET http://10.180.1.21/compute/v2.1/servers/3b95678b-dfc5-4610-a51e-2ae12fbe274b 0.547s
