2025-04-16 22:56:18.278 68267 INFO tempest.lib.common.fixed_network [-] (ServerTagsTestJSON:setUpClass) Found network {'id': '6e2377b7-448e-4b2c-b301-a1b4e6c46387', 'name': 'tempest-ServerTagsTestJSON-1504693402-network', 'tenant_id': 'abe41819b32a42feb9a88d80b4ee2bb0', 'admin_state_up': True, 'mtu': 8950, 'status': 'ACTIVE', 'subnets': [], 'shared': False, 'project_id': 'abe41819b32a42feb9a88d80b4ee2bb0', 'port_security_enabled': True, 'router:external': False, 'provider:network_type': 'vlan', 'provider:physical_network': 'default', 'provider:segmentation_id': 137, 'is_default': False, 'availability_zone_hints': [], 'availability_zones': [], 'ipv4_address_scope': None, 'ipv6_address_scope': None, 'description': '', 'tags': [], 'created_at': '2025-04-16T22:56:13Z', 'updated_at': '2025-04-16T22:56:13Z', 'revision_number': 1} available for tenant
2025-04-16 22:56:18.361 68279 INFO tempest.lib.common.rest_client [req-df723109-522d-4f92-83f4-52b0a1391524 req-df723109-522d-4f92-83f4-52b0a1391524 ] Request (DeleteServersAdminTestJSON:test_admin_delete_servers_of_others): 200 GET http://10.180.1.21/compute/v2.1/servers/b623a2f1-404e-4f48-aeb2-ebb372260a86 0.804s
2025-04-16 22:56:18.406 68283 INFO tempest.lib.common.rest_client [req-5a8eb214-9b00-41ee-aefb-3a5a200ecef2 req-5a8eb214-9b00-41ee-aefb-3a5a200ecef2 ] Request (QuotasAdminTestV236:test_get_updated_quotas): 200 PUT http://10.180.1.21/compute/v2.1/os-quota-sets/405ab618532c472a8e483b3a27b2a746 0.727s
2025-04-16 22:56:18.623 68265 INFO tempest.lib.common.rest_client [req-fb3e8ca3-51d2-4f94-b55d-721333169b3c req-fb3e8ca3-51d2-4f94-b55d-721333169b3c ] Request (DeleteServersTestJSON:test_delete_active_server): 200 GET http://10.180.1.21/compute/v2.1/servers/d7719b11-cef7-4878-a693-24dcd085a1d7 0.913s
2025-04-16 22:56:18.710 68263 INFO tempest.lib.common.rest_client [req-8262e918-f9a3-4a31-a935-4e6b4abe6be5 req-8262e918-f9a3-4a31-a935-4e6b4abe6be5 ] Request (FloatingIPsAssociationNegativeTestJSON:setUpClass): 200 GET http://10.180.1.21/compute/v2.1/servers/ee6c409a-0d32-48fa-a873-b9b62040aef7 0.916s
2025-04-16 22:56:18.828 68293 INFO tempest.lib.common.rest_client [req-7652deb9-ef28-4da8-9ec4-8ec4d5a8ab99 req-7652deb9-ef28-4da8-9ec4-8ec4d5a8ab99 ] Request (FloatingIPsAssociationTestJSON:setUpClass): 200 GET http://10.180.1.21/compute/v2.1/servers/faf24c4e-135e-47df-85a6-05024bc9b64b 1.011s
2025-04-16 22:56:18.889 68273 INFO tempest.lib.common.rest_client [req-64c4d58a-bc26-4467-ba2d-d92e564ed53b req-64c4d58a-bc26-4467-ba2d-d92e564ed53b ] Request (MigrationsAdminTest:test_list_migrations_in_flavor_resize_situation): 200 GET http://10.180.1.21/compute/v2.1/servers/7db91c79-1cdb-4101-a369-583b8bbae870 1.030s
2025-04-16 22:56:18.894 68275 INFO tempest.lib.common.rest_client [req-7d1919dc-0cd0-45d5-8cf0-86a3ab8d2924 req-7d1919dc-0cd0-45d5-8cf0-86a3ab8d2924 ] Request (MultipleCreateTestJSON:test_multiple_create): 202 POST http://10.180.1.21/compute/v2.1/servers 1.142s
2025-04-16 22:56:18.950 68259 INFO tempest.lib.common.rest_client [req-d37ead0b-3a5b-4051-91dd-f1bc2a434279 req-d37ead0b-3a5b-4051-91dd-f1bc2a434279 ] Request (ServersAdminNegativeTestJSON:setUpClass): 200 GET http://10.180.1.21/compute/v2.1/servers/21a172f7-20d4-4f17-af4d-cadc0fa33c1d 1.006s
2025-04-16 22:56:19.096 68291 INFO tempest.lib.common.rest_client [req-1dc0d03b-006c-4a56-b075-8fe6e3f2a1b8 req-1dc0d03b-006c-4a56-b075-8fe6e3f2a1b8 ] Request (ServerDiagnosticsNegativeTest:test_get_server_diagnostics_by_non_admin): 200 GET http://10.180.1.21/compute/v2.1/servers/04e59d76-a2d5-482c-90a0-fcb407c0bd4e 0.931s
2025-04-16 22:56:19.098 68261 INFO tempest.lib.common.rest_client [req-6620fe99-0ce3-42cc-9105-8471d8c4a40e req-6620fe99-0ce3-42cc-9105-8471d8c4a40e ] Request (ImagesMetadataTestJSON:setUp): 200 PUT http://10.180.1.21/compute/v2.1/images/1d267882-5039-4167-adc1-2a4bddc65bbf/metadata 1.083s
2025-04-16 22:56:19.268 68305 INFO tempest.lib.common.rest_client [req-501bd214-41ee-4ff5-b4a5-69d0727d462a req-501bd214-41ee-4ff5-b4a5-69d0727d462a ] Request (ServersTestBootFromVolume:setUpClass): 200 GET http://10.180.1.21/compute/v2.1/servers/1b5b8be5-7e9c-4269-994a-e54aeb75774f/os-interface 1.044s
2025-04-16 22:56:19.306 68281 INFO tempest.lib.common.rest_client [req-050e0958-f0cb-42b4-9407-4c4e10410379 req-050e0958-f0cb-42b4-9407-4c4e10410379 ] Request (ServerActionsV293TestJSON:setUpClass): 200 GET http://10.180.1.21/volume/v3/d0770bf6e86647cebcba3ab5a95f8b63/volumes/621f4932-869c-49e8-96d3-da1799a52604 0.035s
2025-04-16 22:56:19.364 68285 INFO tempest.lib.common.rest_client [req-b1f0f62b-d2c7-428d-b1d1-9438a0c90958 req-b1f0f62b-d2c7-428d-b1d1-9438a0c90958 ] Request (ListServersNegativeTestJSON:setUpClass): 200 GET http://10.180.1.21/compute/v2.1/servers/b017d568-1ad8-4d8d-84e8-5771341389bf 1.081s
2025-04-16 22:56:19.416 68289 INFO tempest.lib.common.rest_client [req-15636698-ef46-4ad4-ace6-ce8a57dea55a req-15636698-ef46-4ad4-ace6-ce8a57dea55a ] Request (ServerExternalEventsTest:test_create_server_external_events): 200 GET http://10.180.1.21/compute/v2.1/servers/e1027e0e-7938-4772-84c2-f879e9ce4144 1.102s
2025-04-16 22:56:19.469 68307 INFO tempest.lib.common.rest_client [req-0f73ca34-d908-4680-b14a-9defed8b77c5 req-0f73ca34-d908-4680-b14a-9defed8b77c5 ] Request (ServerDiagnosticsTest:test_get_server_diagnostics): 200 GET http://10.180.1.21/compute/v2.1/servers/bb8b7561-424e-48ba-9faa-65d6f6465a20 1.119s
2025-04-16 22:56:19.532 68301 INFO tempest.lib.common.rest_client [req-7a2c43c9-602b-460a-89ea-d26fedb4e58c req-7a2c43c9-602b-460a-89ea-d26fedb4e58c ] Request (ServersTestJSON:setUpClass): 200 GET http://10.180.1.21/compute/v2.1/servers/0d6c2ea5-71ff-49bb-ae23-3323e9b4a3f6 1.144s
2025-04-16 22:56:19.610 68283 INFO tempest.lib.common.rest_client [req-2b040c46-898a-4422-abc6-38b97bc8e295 req-2b040c46-898a-4422-abc6-38b97bc8e295 ] Request (QuotasAdminTestV236:test_get_updated_quotas): 200 GET http://10.180.1.21/compute/v2.1/os-quota-sets/405ab618532c472a8e483b3a27b2a746/detail 1.202s
2025-04-16 22:56:19.654 68283 INFO tempest.lib.common.rest_client [req-5de0cf46-6928-4db2-831a-bbf40e7a9635 req-5de0cf46-6928-4db2-831a-bbf40e7a9635 ] Request (QuotasAdminTestV236:test_get_updated_quotas): 200 GET http://10.180.1.21/identity/v3/domains?name=Default 0.039s
2025-04-16 22:56:19.671 68277 INFO tempest.lib.common.rest_client [req-b50da1fc-345c-44ba-b2e7-6314a6be9c07 req-b50da1fc-345c-44ba-b2e7-6314a6be9c07 ] Request (VolumesAssistedSnapshotsTest:test_volume_assisted_snapshot_create_delete): 200 GET http://10.180.1.21/compute/v2.1/servers/b462ac2e-d668-4ac1-a6b3-2cfb49a2e0cd 1.237s
2025-04-16 22:56:19.696 68283 INFO tempest.lib.common.rest_client [req-50f195bc-6a14-44a9-bee4-7eddd210d3f5 req-50f195bc-6a14-44a9-bee4-7eddd210d3f5 ] Request (QuotasAdminTestV236:test_get_updated_quotas): 201 POST http://10.180.1.21/identity/v3/users 0.042s
2025-04-16 22:56:19.721 68283 INFO tempest.lib.common.rest_client [req-43858de3-958b-4535-93c5-7565c02003b6 req-43858de3-958b-4535-93c5-7565c02003b6 ] Request (QuotasAdminTestV236:test_get_updated_quotas): 200 GET http://10.180.1.21/identity/v3/domains?name=Default 0.024s
2025-04-16 22:56:19.724 68271 INFO tempest.lib.common.rest_client [req-27593b25-8cc9-4594-b522-82dfd42987e5 req-27593b25-8cc9-4594-b522-82dfd42987e5 ] Request (ServerDiagnosticsV248Test:test_get_server_diagnostics): 200 GET http://10.180.1.21/compute/v2.1/servers/fece5f33-93ed-4202-8cd0-637924929ee4 1.209s
2025-04-16 22:56:19.810 68267 INFO tempest.lib.common.rest_client [req-23cf627c-ebfc-4435-8cda-1fe313b8c36d req-23cf627c-ebfc-4435-8cda-1fe313b8c36d ] Request (ServerTagsTestJSON:setUpClass): 202 POST http://10.180.1.21/compute/v2.1/servers 1.532s
2025-04-16 22:56:19.876 68257 INFO tempest.lib.common.rest_client [req-1738d5d6-6cf8-466b-b572-8ff45104b3a4 req-1738d5d6-6cf8-466b-b572-8ff45104b3a4 ] Request (ImagesOneServerTestJSON:setUpClass): 200 GET http://10.180.1.21/compute/v2.1/servers/02dea9f7-00be-4305-909c-ab9245b60e1d 1.302s
2025-04-16 22:56:20.013 68317 INFO tempest.lib.common.rest_client [req-758f76dd-333a-44fe-b3bb-9a29a5574e7d req-758f76dd-333a-44fe-b3bb-9a29a5574e7d ] Request (ServerPasswordTestJSON:setUpClass): 200 GET http://10.180.1.21/compute/v2.1/servers/b22ae1a7-c9b8-464b-a81c-73144a0176be 1.239s
2025-04-16 22:56:20.069 68297 INFO tempest.lib.common.rest_client [req-97fab675-e6d6-4f15-bff4-80a8a6f4923e req-97fab675-e6d6-4f15-bff4-80a8a6f4923e ] Request (ServersTestManualDisk:setUpClass): 200 GET http://10.180.1.21/compute/v2.1/servers/83b04c8c-39f6-4f58-b965-0a94c063b68b 1.244s
2025-04-16 22:56:20.170 68287 INFO tempest.lib.common.rest_client [req-ab115a7c-5a11-4d2b-89d8-147419f758a7 req-ab115a7c-5a11-4d2b-89d8-147419f758a7 ] Request (InstanceActionsTestJSON:setUpClass): 200 GET http://10.180.1.21/compute/v2.1/servers/a2fd776e-9a01-4b67-bc23-1605d6e2b23e 1.457s
2025-04-16 22:56:20.183 68275 INFO tempest.lib.common.rest_client [req-8f0e5005-6118-4802-9015-d37f9848eb6c req-8f0e5005-6118-4802-9015-d37f9848eb6c ] Request (MultipleCreateTestJSON:test_multiple_create): 200 GET http://10.180.1.21/compute/v2.1/servers 1.288s
2025-04-16 22:56:20.227 68299 INFO tempest.lib.common.rest_client [req-47cb3cf1-28dc-4e89-8485-ef7250aa270a req-47cb3cf1-28dc-4e89-8485-ef7250aa270a ] Request (VolumesAdminNegativeTest:test_update_attached_volume_with_nonexistent_volume_in_body): 200 GET http://10.180.1.21/compute/v2.1/servers/72a209af-5976-4943-9752-8c258bb24158 1.261s
2025-04-16 22:56:20.326 68269 INFO tempest.lib.common.rest_client [req-0c341457-e1fa-43be-9afe-f930f5d97ca4 req-0c341457-e1fa-43be-9afe-f930f5d97ca4 ] Request (TenantUsagesTestJSON:setUpClass): 200 GET http://10.180.1.21/compute/v2.1/servers/f6e698af-6d7e-40d5-988b-450f300b67a1 1.335s
2025-04-16 22:56:20.345 68281 INFO tempest.lib.common.rest_client [req-ebde6a9b-7704-46c5-a68b-69751225ed75 req-ebde6a9b-7704-46c5-a68b-69751225ed75 ] Request (ServerActionsV293TestJSON:setUpClass): 200 GET http://10.180.1.21/volume/v3/d0770bf6e86647cebcba3ab5a95f8b63/volumes/621f4932-869c-49e8-96d3-da1799a52604 0.029s
2025-04-16 22:56:20.380 68295 INFO tempest.lib.common.rest_client [req-ad9eb369-e64f-4aaa-9b0a-0a4a69493dc7 req-ad9eb369-e64f-4aaa-9b0a-0a4a69493dc7 ] Request (ServersAdminTestJSON:setUpClass): 200 GET http://10.180.1.21/compute/v2.1/servers/af6b3228-0e6e-4c8f-a9ef-5b5db684ec5f 1.484s
2025-04-16 22:56:20.397 68305 INFO tempest.lib.common.rest_client [req-5052bb3c-5809-49bb-bde9-40c1549fd098 req-5052bb3c-5809-49bb-bde9-40c1549fd098 ] Request (ServersTestBootFromVolume:setUpClass): 200 PUT http://10.180.1.21:9696/networking/v2.0/floatingips/7d44a5b5-b190-49d2-b69a-fd6432cad6a0 1.127s
2025-04-16 22:56:20.427 68261 INFO tempest.lib.common.rest_client [req-377bd50a-7428-4abe-b83c-3c273f8fc036 req-377bd50a-7428-4abe-b83c-3c273f8fc036 ] Request (ImagesMetadataTestJSON:test_get_image_metadata_item): 200 GET http://10.180.1.21/compute/v2.1/images/1d267882-5039-4167-adc1-2a4bddc65bbf/metadata/os_distro 1.327s
2025-04-16 22:56:20.475 68315 INFO tempest.lib.common.rest_client [req-fe2d05c4-08ec-4297-b02f-824ae6ddd10c req-fe2d05c4-08ec-4297-b02f-824ae6ddd10c ] Request (ServerAddressesNegativeTestJSON:setUpClass): 200 GET http://10.180.1.21/compute/v2.1/servers/3963518a-23de-434e-9f88-392a80daf120 1.329s
2025-04-16 22:56:20.530 68303 INFO tempest.lib.common.rest_client [req-832165d9-d68d-4376-8f2e-a6ae097f65b5 req-832165d9-d68d-4376-8f2e-a6ae097f65b5 ] Request (AttachInterfacesV270Test:test_create_get_list_interfaces): 200 GET http://10.180.1.21/compute/v2.1/servers/d6893024-9531-435b-8893-38f310224d7b 1.249s
2025-04-16 22:56:20.544 68309 INFO tempest.lib.common.rest_client [req-ff46a43f-dd03-4db7-a9f7-c80a01601c07 req-ff46a43f-dd03-4db7-a9f7-c80a01601c07 ] Request (ServersWithSpecificFlavorTestJSON:test_verify_created_server_ephemeral_disk): 200 GET http://10.180.1.21/compute/v2.1/servers/8870c8cf-bf83-482d-91a9-47fdedc79586 1.481s
2025-04-16 22:56:20.593 68265 INFO tempest.lib.common.rest_client [req-16c0733c-1bdb-4015-afe3-de10c530e5c5 req-16c0733c-1bdb-4015-afe3-de10c530e5c5 ] Request (DeleteServersTestJSON:test_delete_active_server): 200 GET http://10.180.1.21/compute/v2.1/servers/d7719b11-cef7-4878-a693-24dcd085a1d7 0.960s
2025-04-16 22:56:20.636 68263 INFO tempest.lib.common.rest_client [req-7852ae21-a734-47f7-a807-c450e5588306 req-7852ae21-a734-47f7-a807-c450e5588306 ] Request (FloatingIPsAssociationNegativeTestJSON:setUpClass): 200 GET http://10.180.1.21/compute/v2.1/servers/ee6c409a-0d32-48fa-a873-b9b62040aef7 0.917s
2025-04-16 22:56:20.644 68279 INFO tempest.lib.common.rest_client [req-4629efe6-b750-454a-b62f-44f96d50d28f req-4629efe6-b750-454a-b62f-44f96d50d28f ] Request (DeleteServersAdminTestJSON:test_admin_delete_servers_of_others): 200 GET http://10.180.1.21/compute/v2.1/servers/b623a2f1-404e-4f48-aeb2-ebb372260a86 1.270s
2025-04-16 22:56:20.699 68267 INFO tempest.lib.common.rest_client [req-51c6bc21-ec25-40a4-b724-4b6f94b5f88e req-51c6bc21-ec25-40a4-b724-4b6f94b5f88e ] Request (ServerTagsTestJSON:setUpClass): 200 GET http://10.180.1.21/compute/v2.1/servers/4a59ec41-924b-4eb0-a025-4820479d535b 0.887s
2025-04-16 22:56:20.739 68283 INFO tempest.lib.common.rest_client [req-78d2a5c6-51b8-433f-b89c-63845d1fd2de req-78d2a5c6-51b8-433f-b89c-63845d1fd2de ] Request (QuotasAdminTestV236:test_get_updated_quotas): 200 PUT http://10.180.1.21/compute/v2.1/os-quota-sets/405ab618532c472a8e483b3a27b2a746?user_id=13a3bf68c0cf4323a866ce9334caedea 1.018s
2025-04-16 22:56:20.784 68273 INFO tempest.lib.common.rest_client [req-54699ac0-de5e-470a-86a0-1deed5ab3f82 req-54699ac0-de5e-470a-86a0-1deed5ab3f82 ] Request (MigrationsAdminTest:test_list_migrations_in_flavor_resize_situation): 200 GET http://10.180.1.21/compute/v2.1/servers/7db91c79-1cdb-4101-a369-583b8bbae870 0.883s
2025-04-16 22:56:20.830 68259 INFO tempest.lib.common.rest_client [req-ea446aa2-a161-4811-ba39-27eaeb563794 req-ea446aa2-a161-4811-ba39-27eaeb563794 ] Request (ServersAdminNegativeTestJSON:setUpClass): 200 GET http://10.180.1.21/compute/v2.1/servers/21a172f7-20d4-4f17-af4d-cadc0fa33c1d 0.868s
2025-04-16 22:56:20.837 68293 INFO tempest.lib.common.rest_client [req-79d6254a-1379-4cbc-9379-003575ee8a89 req-79d6254a-1379-4cbc-9379-003575ee8a89 ] Request (FloatingIPsAssociationTestJSON:setUpClass): 200 GET http://10.180.1.21/compute/v2.1/servers/faf24c4e-135e-47df-85a6-05024bc9b64b 1.000s
2025-04-16 22:56:20.891 68275 INFO tempest.lib.common.rest_client [req-886d73b4-a4bc-47b9-906f-d36cb22d697d req-886d73b4-a4bc-47b9-906f-d36cb22d697d ] Request (MultipleCreateTestJSON:test_multiple_create): 200 GET http://10.180.1.21/compute/v2.1/servers/de7e2949-00a0-4ce7-9a54-c678d8722464 0.705s
2025-04-16 22:56:20.919 68291 INFO tempest.lib.common.rest_client [req-2460da3e-03a7-4609-9fa9-0f631ba6fefc req-2460da3e-03a7-4609-9fa9-0f631ba6fefc ] Request (ServerDiagnosticsNegativeTest:test_get_server_diagnostics_by_non_admin): 200 GET http://10.180.1.21/compute/v2.1/servers/04e59d76-a2d5-482c-90a0-fcb407c0bd4e 0.812s
2025-04-16 22:56:20.939 68285 INFO tempest.lib.common.rest_client [req-f6e5a13a-8544-41f6-9167-c28c98b9cef5 req-f6e5a13a-8544-41f6-9167-c28c98b9cef5 ] Request (ListServersNegativeTestJSON:setUpClass): 200 GET http://10.180.1.21/compute/v2.1/servers/b017d568-1ad8-4d8d-84e8-5771341389bf 0.565s
2025-04-16 22:56:21.007 68289 INFO tempest.lib.common.rest_client [req-9fabe36d-7539-441c-b837-e1e61294fc84 req-9fabe36d-7539-441c-b837-e1e61294fc84 ] Request (ServerExternalEventsTest:test_create_server_external_events): 200 GET http://10.180.1.21/compute/v2.1/servers/e1027e0e-7938-4772-84c2-f879e9ce4144 0.582s
2025-04-16 22:56:21.048 68305 INFO tempest.lib.common.rest_client [req-8ccd33b1-924a-4c1f-ae9b-11c5716e035f req-8ccd33b1-924a-4c1f-ae9b-11c5716e035f ] Request (ServersTestBootFromVolume:setUpClass): 200 GET http://10.180.1.21/compute/v2.1/servers/1b5b8be5-7e9c-4269-994a-e54aeb75774f 0.650s
2025-04-16 22:56:21.056 68305 INFO tempest.lib.common.ssh [-] Creating ssh connection to '10.180.180.150:22' as 'cirros' with public key authentication
2025-04-16 22:56:21.121 68307 INFO tempest.lib.common.rest_client [req-f9ec1734-1aa8-460d-87f9-d4be130d7cbf req-f9ec1734-1aa8-460d-87f9-d4be130d7cbf ] Request (ServerDiagnosticsTest:test_get_server_diagnostics): 200 GET http://10.180.1.21/compute/v2.1/servers/bb8b7561-424e-48ba-9faa-65d6f6465a20 0.642s
2025-04-16 22:56:21.177 68301 INFO tempest.lib.common.rest_client [req-bdef71f6-11db-4dc5-a8e0-3e2605500a18 req-bdef71f6-11db-4dc5-a8e0-3e2605500a18 ] Request (ServersTestJSON:setUpClass): 200 GET http://10.180.1.21/compute/v2.1/servers/0d6c2ea5-71ff-49bb-ae23-3323e9b4a3f6 0.637s
2025-04-16 22:56:21.232 68277 INFO tempest.lib.common.rest_client [req-e2f44999-d71d-4a4a-b294-747f50cb96c3 req-e2f44999-d71d-4a4a-b294-747f50cb96c3 ] Request (VolumesAssistedSnapshotsTest:test_volume_assisted_snapshot_create_delete): 200 GET http://10.180.1.21/compute/v2.1/servers/b462ac2e-d668-4ac1-a6b3-2cfb49a2e0cd 0.549s
2025-04-16 22:56:21.247 68261 INFO tempest.lib.common.rest_client [req-39bfd168-fdd4-4c3d-ab98-58f2ec2efad3 req-39bfd168-fdd4-4c3d-ab98-58f2ec2efad3 ] Request (ImagesMetadataTestJSON:setUp): 200 PUT http://10.180.1.21/compute/v2.1/images/1d267882-5039-4167-adc1-2a4bddc65bbf/metadata 0.818s
2025-04-16 22:56:21.290 68271 INFO tempest.lib.common.rest_client [req-6a462c9e-b875-4544-b487-fe0af8917a12 req-6a462c9e-b875-4544-b487-fe0af8917a12 ] Request (ServerDiagnosticsV248Test:test_get_server_diagnostics): 200 GET http://10.180.1.21/compute/v2.1/servers/fece5f33-93ed-4202-8cd0-637924929ee4 0.556s
2025-04-16 22:56:21.295 68283 INFO tempest.lib.common.rest_client [req-63f5f769-b88c-423e-b3b5-de146b9b3c80 req-63f5f769-b88c-423e-b3b5-de146b9b3c80 ] Request (QuotasAdminTestV236:test_get_updated_quotas): 200 GET http://10.180.1.21/compute/v2.1/os-quota-sets/405ab618532c472a8e483b3a27b2a746?user_id=13a3bf68c0cf4323a866ce9334caedea 0.554s
2025-04-16 22:56:21.386 68257 INFO tempest.lib.common.rest_client [req-9419f9d0-5132-4da7-9c5a-7169771eda51 req-9419f9d0-5132-4da7-9c5a-7169771eda51 ] Request (ImagesOneServerTestJSON:setUpClass): 200 GET http://10.180.1.21/compute/v2.1/servers/02dea9f7-00be-4305-909c-ab9245b60e1d 0.501s
2025-04-16 22:56:21.387 68281 INFO tempest.lib.common.rest_client [req-e337106a-8487-491d-a578-9bc512b0fee3 req-e337106a-8487-491d-a578-9bc512b0fee3 ] Request (ServerActionsV293TestJSON:setUpClass): 200 GET http://10.180.1.21/volume/v3/d0770bf6e86647cebcba3ab5a95f8b63/volumes/621f4932-869c-49e8-96d3-da1799a52604 0.034s
2025-04-16 22:56:21.390 68283 INFO tempest.lib.common.rest_client [req-e93e52ed-206a-4afd-bfde-e74dfe074577 req-e93e52ed-206a-4afd-bfde-e74dfe074577 ] Request (QuotasAdminTestV236:_run_cleanups): 204 DELETE http://10.180.1.21/identity/v3/users/13a3bf68c0cf4323a866ce9334caedea 0.093s
2025-04-16 22:56:21.430 68317 INFO tempest.lib.common.rest_client [req-4dd71df3-dada-4c95-9a6c-161b576d60a5 req-4dd71df3-dada-4c95-9a6c-161b576d60a5 ] Request (ServerPasswordTestJSON:setUpClass): 200 GET http://10.180.1.21/compute/v2.1/servers/b22ae1a7-c9b8-464b-a81c-73144a0176be 0.407s
2025-04-16 22:56:21.436 68297 INFO tempest.lib.common.rest_client [req-995b7ecf-d7bd-4a94-8380-d3ab98506e8e req-995b7ecf-d7bd-4a94-8380-d3ab98506e8e ] Request (ServersTestManualDisk:setUpClass): 200 GET http://10.180.1.21/compute/v2.1/servers/83b04c8c-39f6-4f58-b965-0a94c063b68b 0.359s
2025-04-16 22:56:21.480 68299 INFO tempest.lib.common.rest_client [req-83c67920-7b59-4db6-9ae2-5531fbcf4260 req-83c67920-7b59-4db6-9ae2-5531fbcf4260 ] Request (VolumesAdminNegativeTest:test_update_attached_volume_with_nonexistent_volume_in_body): 200 GET http://10.180.1.21/compute/v2.1/servers/72a209af-5976-4943-9752-8c258bb24158 0.244s
2025-04-16 22:56:21.488 68283 INFO tempest.lib.common.rest_client [req-cbbc0ad5-5404-4641-9283-af5a44d1360e req-cbbc0ad5-5404-4641-9283-af5a44d1360e ] Request (QuotasAdminTestV236:_run_cleanups): 204 DELETE http://10.180.1.21/identity/v3/projects/405ab618532c472a8e483b3a27b2a746 0.098s
2025-04-16 22:56:21.505 68261 INFO tempest.lib.common.rest_client [req-69019cd2-82d2-40a2-aa98-a03ac923a7f1 req-69019cd2-82d2-40a2-aa98-a03ac923a7f1 ] Request (ImagesMetadataTestJSON:test_list_image_metadata): 200 GET http://10.180.1.21/compute/v2.1/images/1d267882-5039-4167-adc1-2a4bddc65bbf/metadata 0.256s
2025-04-16 22:56:21.521 68287 INFO tempest.lib.common.rest_client [req-dd746584-d1b2-44a0-b764-b42f626c0cbd req-dd746584-d1b2-44a0-b764-b42f626c0cbd ] Request (InstanceActionsTestJSON:setUpClass): 200 GET http://10.180.1.21/compute/v2.1/servers/a2fd776e-9a01-4b67-bc23-1605d6e2b23e 0.341s
2025-04-16 22:56:21.608 68283 INFO tempest.lib.common.rest_client [req-9d42a858-641c-4cd5-98d5-c1ef2343348a req-9d42a858-641c-4cd5-98d5-c1ef2343348a ] Request (QuotasAdminTestV236:tearDownClass): 204 DELETE http://10.180.1.21/identity/v3/users/5c757842d005412cb51ef99324128c5e 0.117s
2025-04-16 22:56:21.611 68295 INFO tempest.lib.common.rest_client [req-30e8019d-3f5a-49b2-901a-e9d9befb0a1e req-30e8019d-3f5a-49b2-901a-e9d9befb0a1e ] Request (ServersAdminTestJSON:setUpClass): 200 GET http://10.180.1.21/compute/v2.1/servers/af6b3228-0e6e-4c8f-a9ef-5b5db684ec5f 0.221s
2025-04-16 22:56:21.612 68269 INFO tempest.lib.common.rest_client [req-e3899391-8676-4b41-8d22-c84e0bf80799 req-e3899391-8676-4b41-8d22-c84e0bf80799 ] Request (TenantUsagesTestJSON:setUpClass): 200 GET http://10.180.1.21/compute/v2.1/servers/f6e698af-6d7e-40d5-988b-450f300b67a1 0.269s
2025-04-16 22:56:21.660 68315 INFO tempest.lib.common.rest_client [req-f5c575a5-3b44-44ef-80fc-e1f36e276e8a req-f5c575a5-3b44-44ef-80fc-e1f36e276e8a ] Request (ServerAddressesNegativeTestJSON:setUpClass): 200 GET http://10.180.1.21/compute/v2.1/servers/3963518a-23de-434e-9f88-392a80daf120 0.176s
2025-04-16 22:56:21.701 68283 INFO tempest.lib.common.rest_client [req-1d4404b3-1837-4396-8663-332e61acd256 req-1d4404b3-1837-4396-8663-332e61acd256 ] Request (QuotasAdminTestV236:tearDownClass): 204 DELETE http://10.180.1.21/identity/v3/users/89a5d666e07041e69898ccd54d7498c9 0.093s
2025-04-16 22:56:21.702 68283 INFO tempest.lib.common.dynamic_creds [-] Deleting project and security group for project: 9d2f906da8f14e27b7004a91d5f5d5be
2025-04-16 22:56:21.709 68303 INFO tempest.lib.common.rest_client [req-f2cec13b-c65f-446e-b967-456c21fe7058 req-f2cec13b-c65f-446e-b967-456c21fe7058 ] Request (AttachInterfacesV270Test:test_create_get_list_interfaces): 200 GET http://10.180.1.21/compute/v2.1/servers/d6893024-9531-435b-8893-38f310224d7b 0.168s
2025-04-16 22:56:21.735 68261 INFO tempest.lib.common.rest_client [req-00a4381e-14f1-4229-af64-6c31b9ad69f1 req-00a4381e-14f1-4229-af64-6c31b9ad69f1 ] Request (ImagesMetadataTestJSON:setUp): 200 PUT http://10.180.1.21/compute/v2.1/images/1d267882-5039-4167-adc1-2a4bddc65bbf/metadata 0.228s
2025-04-16 22:56:21.756 68309 INFO tempest.lib.common.rest_client [req-31feadb9-7ac4-496b-9b24-1e325784fa7d req-31feadb9-7ac4-496b-9b24-1e325784fa7d ] Request (ServersWithSpecificFlavorTestJSON:test_verify_created_server_ephemeral_disk): 200 GET http://10.180.1.21/compute/v2.1/servers/8870c8cf-bf83-482d-91a9-47fdedc79586 0.204s
2025-04-16 22:56:21.758 68283 INFO tempest.lib.common.rest_client [req-0bdf3155-4e8f-47f5-82fb-35b1ed572edf req-0bdf3155-4e8f-47f5-82fb-35b1ed572edf ] Request (QuotasAdminTestV236:tearDownClass): 201 POST http://10.180.1.21/identity/v3/auth/tokens 0.056s
2025-04-16 22:56:21.785 68265 INFO tempest.lib.common.rest_client [req-aa74039a-d0bc-41ce-93cf-d391746bc5a3 req-aa74039a-d0bc-41ce-93cf-d391746bc5a3 ] Request (DeleteServersTestJSON:test_delete_active_server): 200 GET http://10.180.1.21/compute/v2.1/servers/d7719b11-cef7-4878-a693-24dcd085a1d7 0.180s
2025-04-16 22:56:21.803 68263 INFO tempest.lib.common.rest_client [req-32455239-3592-4efe-811a-6af509cf4962 req-32455239-3592-4efe-811a-6af509cf4962 ] Request (FloatingIPsAssociationNegativeTestJSON:setUpClass): 200 GET http://10.180.1.21/compute/v2.1/servers/ee6c409a-0d32-48fa-a873-b9b62040aef7 0.159s
2025-04-16 22:56:21.846 68267 INFO tempest.lib.common.rest_client [req-8fee461b-899e-4a7b-8ffe-123937255314 req-8fee461b-899e-4a7b-8ffe-123937255314 ] Request (ServerTagsTestJSON:setUpClass): 200 GET http://10.180.1.21/compute/v2.1/servers/4a59ec41-924b-4eb0-a025-4820479d535b 0.135s
2025-04-16 22:56:21.907 68279 INFO tempest.lib.common.rest_client [req-e06de317-af71-49d2-a918-795c7a0c9876 req-e06de317-af71-49d2-a918-795c7a0c9876 ] Request (DeleteServersAdminTestJSON:test_admin_delete_servers_of_others): 200 GET http://10.180.1.21/compute/v2.1/servers/b623a2f1-404e-4f48-aeb2-ebb372260a86 0.248s
2025-04-16 22:56:21.931 68283 INFO tempest.lib.common.rest_client [req-a2f13a8b-2e48-453d-bd53-f86c337d96f3 req-a2f13a8b-2e48-453d-bd53-f86c337d96f3 ] Request (QuotasAdminTestV236:tearDownClass): 200 GET http://10.180.1.21:9696/networking/v2.0/security-groups?tenant_id=9d2f906da8f14e27b7004a91d5f5d5be&name=default 0.172s
2025-04-16 22:56:21.964 68273 INFO tempest.lib.common.rest_client [req-4e5cd74f-92cb-430f-8a02-48614dcf94f8 req-4e5cd74f-92cb-430f-8a02-48614dcf94f8 ] Request (MigrationsAdminTest:test_list_migrations_in_flavor_resize_situation): 200 GET http://10.180.1.21/compute/v2.1/servers/7db91c79-1cdb-4101-a369-583b8bbae870 0.171s
2025-04-16 22:56:22.014 68259 INFO tempest.lib.common.rest_client [req-df3fec96-7686-4945-8492-de5633ab58f3 req-df3fec96-7686-4945-8492-de5633ab58f3 ] Request (ServersAdminNegativeTestJSON:setUpClass): 200 GET http://10.180.1.21/compute/v2.1/servers/21a172f7-20d4-4f17-af4d-cadc0fa33c1d 0.173s
2025-04-16 22:56:22.031 68261 INFO tempest.lib.common.rest_client [req-8624feb7-2e5e-4624-afa5-2552ff02ff5d req-8624feb7-2e5e-4624-afa5-2552ff02ff5d ] Request (ImagesMetadataTestJSON:test_set_image_metadata): 200 PUT http://10.180.1.21/compute/v2.1/images/1d267882-5039-4167-adc1-2a4bddc65bbf/metadata 0.295s
2025-04-16 22:56:22.031 68283 INFO tempest.lib.common.rest_client [req-901f8dcd-7640-4460-91e6-34847f346578 req-901f8dcd-7640-4460-91e6-34847f346578 ] Request (QuotasAdminTestV236:tearDownClass): 204 DELETE http://10.180.1.21:9696/networking/v2.0/security-groups/b2872607-2344-4368-a90b-08bec7a6de1e 0.100s
2025-04-16 22:56:22.079 68275 INFO tempest.lib.common.rest_client [req-abd86191-d80b-4553-8989-224b42685e08 req-abd86191-d80b-4553-8989-224b42685e08 ] Request (MultipleCreateTestJSON:test_multiple_create): 200 GET http://10.180.1.21/compute/v2.1/servers/de7e2949-00a0-4ce7-9a54-c678d8722464 0.179s
2025-04-16 22:56:22.096 68283 INFO tempest.lib.common.rest_client [req-95431432-5534-41dc-906d-867afa20b7f0 req-95431432-5534-41dc-906d-867afa20b7f0 ] Request (QuotasAdminTestV236:tearDownClass): 204 DELETE http://10.180.1.21/identity/v3/projects/9d2f906da8f14e27b7004a91d5f5d5be 0.064s
2025-04-16 22:56:22.096 68283 INFO tempest.lib.common.dynamic_creds [-] Deleting project and security group for project: 1d2e2eedeef743119bb1084e3eea6857
2025-04-16 22:56:22.150 68293 INFO tempest.lib.common.rest_client [req-3bb4992d-cbcc-4b87-9921-2fd7bd03129b req-3bb4992d-cbcc-4b87-9921-2fd7bd03129b ] Request (FloatingIPsAssociationTestJSON:setUpClass): 200 GET http://10.180.1.21/compute/v2.1/servers/faf24c4e-135e-47df-85a6-05024bc9b64b 0.304s
2025-04-16 22:56:22.194 68285 INFO tempest.lib.common.rest_client [req-05f010ed-8ad9-42ba-aae2-5ea50aa75311 req-05f010ed-8ad9-42ba-aae2-5ea50aa75311 ] Request (ListServersNegativeTestJSON:setUpClass): 200 GET http://10.180.1.21/compute/v2.1/servers/b017d568-1ad8-4d8d-84e8-5771341389bf 0.247s
2025-04-16 22:56:22.203 68291 INFO tempest.lib.common.rest_client [req-4c987449-9977-4af6-b7e0-d919f11c942b req-4c987449-9977-4af6-b7e0-d919f11c942b ] Request (ServerDiagnosticsNegativeTest:test_get_server_diagnostics_by_non_admin): 200 GET http://10.180.1.21/compute/v2.1/servers/04e59d76-a2d5-482c-90a0-fcb407c0bd4e 0.277s
2025-04-16 22:56:22.213 68283 INFO tempest.lib.common.rest_client [req-74ec7e99-f7c6-488c-b579-1875ad8b3d43 req-74ec7e99-f7c6-488c-b579-1875ad8b3d43 ] Request (QuotasAdminTestV236:tearDownClass): 200 GET http://10.180.1.21:9696/networking/v2.0/security-groups?tenant_id=1d2e2eedeef743119bb1084e3eea6857&name=default 0.116s
2025-04-16 22:56:22.229 68261 INFO tempest.lib.common.rest_client [req-9e052e29-8fe9-4a7e-b450-8a2661101a36 req-9e052e29-8fe9-4a7e-b450-8a2661101a36 ] Request (ImagesMetadataTestJSON:test_set_image_metadata): 200 GET http://10.180.1.21/compute/v2.1/images/1d267882-5039-4167-adc1-2a4bddc65bbf/metadata 0.198s
2025-04-16 22:56:22.246 68289 INFO tempest.lib.common.rest_client [req-dea90b7e-216a-4ae4-80d1-041b7232d5aa req-dea90b7e-216a-4ae4-80d1-041b7232d5aa ] Request (ServerExternalEventsTest:test_create_server_external_events): 200 GET http://10.180.1.21/compute/v2.1/servers/e1027e0e-7938-4772-84c2-f879e9ce4144 0.231s
2025-04-16 22:56:22.281 68307 INFO tempest.lib.common.rest_client [req-b50e0695-145d-4513-9953-118f13beed1c req-b50e0695-145d-4513-9953-118f13beed1c ] Request (ServerDiagnosticsTest:test_get_server_diagnostics): 200 GET http://10.180.1.21/compute/v2.1/servers/bb8b7561-424e-48ba-9faa-65d6f6465a20 0.152s
2025-04-16 22:56:22.314 68301 INFO tempest.lib.common.rest_client [req-2fc7faad-f502-4ba0-8a42-8d0c400689b5 req-2fc7faad-f502-4ba0-8a42-8d0c400689b5 ] Request (ServersTestJSON:setUpClass): 200 GET http://10.180.1.21/compute/v2.1/servers/0d6c2ea5-71ff-49bb-ae23-3323e9b4a3f6 0.125s
2025-04-16 22:56:22.326 68283 INFO tempest.lib.common.rest_client [req-59f4e4f2-580f-4882-aa61-714378588d44 req-59f4e4f2-580f-4882-aa61-714378588d44 ] Request (QuotasAdminTestV236:tearDownClass): 204 DELETE http://10.180.1.21:9696/networking/v2.0/security-groups/891d46ae-6db4-48dc-8430-fe08d7a012c0 0.112s
2025-04-16 22:56:22.364 68277 INFO tempest.lib.common.rest_client [req-65bcf1e3-fcf0-4459-9530-74200d8205c3 req-65bcf1e3-fcf0-4459-9530-74200d8205c3 ] Request (VolumesAssistedSnapshotsTest:test_volume_assisted_snapshot_create_delete): 200 GET http://10.180.1.21/compute/v2.1/servers/b462ac2e-d668-4ac1-a6b3-2cfb49a2e0cd 0.125s
2025-04-16 22:56:22.413 68271 INFO tempest.lib.common.rest_client [req-d495d6fe-58fc-4daf-8065-f076dbed02ad req-d495d6fe-58fc-4daf-8065-f076dbed02ad ] Request (ServerDiagnosticsV248Test:test_get_server_diagnostics): 200 GET http://10.180.1.21/compute/v2.1/servers/fece5f33-93ed-4202-8cd0-637924929ee4 0.114s
2025-04-16 22:56:22.418 68283 INFO tempest.lib.common.rest_client [req-18460707-1d17-44a0-a7e2-42e46f8ad713 req-18460707-1d17-44a0-a7e2-42e46f8ad713 ] Request (QuotasAdminTestV236:tearDownClass): 204 DELETE http://10.180.1.21/identity/v3/projects/1d2e2eedeef743119bb1084e3eea6857 0.091s
2025-04-16 22:56:22.421 68281 INFO tempest.lib.common.rest_client [req-fad06201-224d-45dd-b621-8dcdfaabd59e req-fad06201-224d-45dd-b621-8dcdfaabd59e ] Request (ServerActionsV293TestJSON:setUpClass): 200 GET http://10.180.1.21/volume/v3/d0770bf6e86647cebcba3ab5a95f8b63/volumes/621f4932-869c-49e8-96d3-da1799a52604 0.025s
2025-04-16 22:56:22.476 68261 INFO tempest.lib.common.rest_client [req-63388328-c3dd-4821-b5ed-fbdab7c4188b req-63388328-c3dd-4821-b5ed-fbdab7c4188b ] Request (ImagesMetadataTestJSON:setUp): 200 PUT http://10.180.1.21/compute/v2.1/images/1d267882-5039-4167-adc1-2a4bddc65bbf/metadata 0.245s
2025-04-16 22:56:22.479 68283 INFO tempest.lib.common.rest_client [req-976cf95b-b204-42ae-adad-290be9174979 req-976cf95b-b204-42ae-adad-290be9174979 ] Request (ServersTestFqdnHostnames:setUpClass): 201 POST http://10.180.1.21/identity/v3/auth/tokens 0.059s
2025-04-16 22:56:22.502 68257 INFO tempest.lib.common.rest_client [req-7c3dbaa3-5365-481f-bccc-c9a1e808825b req-7c3dbaa3-5365-481f-bccc-c9a1e808825b ] Request (ImagesOneServerTestJSON:setUpClass): 200 GET http://10.180.1.21/compute/v2.1/servers/02dea9f7-00be-4305-909c-ab9245b60e1d 0.108s
2025-04-16 22:56:22.510 68283 INFO tempest.lib.common.rest_client [req-8d42cc6b-046e-461c-84fc-bd0017870e62 req-8d42cc6b-046e-461c-84fc-bd0017870e62 ] Request (ServersTestFqdnHostnames:setUpClass): 201 POST http://10.180.1.21/identity/v3/auth/tokens 0.029s
2025-04-16 22:56:22.534 68283 INFO tempest.lib.common.rest_client [req-0b7b639f-624d-4b22-976c-9f101e6ed20b req-0b7b639f-624d-4b22-976c-9f101e6ed20b ] Request (ServersTestFqdnHostnames:setUpClass): 200 GET http://10.180.1.21/identity/v3/domains?name=Default 0.023s
2025-04-16 22:56:22.560 68297 INFO tempest.lib.common.rest_client [req-cf9eade5-d927-48ff-83d6-5803b538266d req-cf9eade5-d927-48ff-83d6-5803b538266d ] Request (ServersTestManualDisk:setUpClass): 200 GET http://10.180.1.21/compute/v2.1/servers/83b04c8c-39f6-4f58-b965-0a94c063b68b 0.116s
2025-04-16 22:56:22.562 68283 INFO tempest.lib.common.rest_client [req-82a62732-ee31-4c12-9319-7c674e98b9be req-82a62732-ee31-4c12-9319-7c674e98b9be ] Request (ServersTestFqdnHostnames:setUpClass): 201 POST http://10.180.1.21/identity/v3/projects 0.028s
2025-04-16 22:56:22.599 68317 INFO tempest.lib.common.rest_client [req-054c322f-1853-465d-952b-640acc1bc2b8 req-054c322f-1853-465d-952b-640acc1bc2b8 ] Request (ServerPasswordTestJSON:setUpClass): 200 GET http://10.180.1.21/compute/v2.1/servers/b22ae1a7-c9b8-464b-a81c-73144a0176be 0.161s
2025-04-16 22:56:22.624 68283 INFO tempest.lib.common.rest_client [req-3680a918-8af8-4551-b914-22bf1ba9428a req-3680a918-8af8-4551-b914-22bf1ba9428a ] Request (ServersTestFqdnHostnames:setUpClass): 201 POST http://10.180.1.21/identity/v3/users 0.061s
2025-04-16 22:56:22.646 68283 INFO tempest.lib.common.rest_client [req-5cf5cda4-0d0f-4e1d-95f0-b3a33f795069 req-5cf5cda4-0d0f-4e1d-95f0-b3a33f795069 ] Request (ServersTestFqdnHostnames:setUpClass): 200 GET http://10.180.1.21/identity/v3/roles 0.021s
2025-04-16 22:56:22.664 68299 INFO tempest.lib.common.rest_client [req-87eb84f7-c3a3-4b31-87d7-f4cb0fb95a51 req-87eb84f7-c3a3-4b31-87d7-f4cb0fb95a51 ] Request (VolumesAdminNegativeTest:test_update_attached_volume_with_nonexistent_volume_in_body): 200 GET http://10.180.1.21/compute/v2.1/servers/72a209af-5976-4943-9752-8c258bb24158 0.176s
2025-04-16 22:56:22.680 68283 INFO tempest.lib.common.rest_client [req-2c2ff8b8-0456-480e-8a9e-27ad129417aa req-2c2ff8b8-0456-480e-8a9e-27ad129417aa ] Request (ServersTestFqdnHostnames:setUpClass): 204 PUT http://10.180.1.21/identity/v3/projects/744821021d02456ea55ba11705b5cbe0/users/280faefdf6cf4e6097f3223d7d70f623/roles/918a5a8f204341fea68cada33246e8ab 0.033s
2025-04-16 22:56:22.680 68283 INFO tempest.lib.common.dynamic_creds [-] Dynamic test user 280faefdf6cf4e6097f3223d7d70f623 is created with scope project and roles: ['member']
2025-04-16 22:56:22.681 68283 INFO tempest.lib.common.dynamic_creds [-] Acquired dynamic creds: credentials: Credentials: {'domain_id': 'default', 'domain_name': 'Default', 'username': 'tempest-ServersTestFqdnHostnames-1425710566-project-member', 'project_domain_id': 'default', 'project_domain_name': 'Default', 'project_id': '744821021d02456ea55ba11705b5cbe0', 'project_name': 'tempest-ServersTestFqdnHostnames-1425710566', 'tenant_id': '744821021d02456ea55ba11705b5cbe0', 'tenant_name': 'tempest-ServersTestFqdnHostnames-1425710566', 'user_domain_id': 'default', 'user_domain_name': 'Default', 'user_id': '280faefdf6cf4e6097f3223d7d70f623', 'system': None}, Network: None, Subnet: None, Router: None
2025-04-16 22:56:22.739 68261 INFO tempest.lib.common.rest_client [req-f0964d4b-b47e-449e-9b83-84f3ecc5136c req-f0964d4b-b47e-449e-9b83-84f3ecc5136c ] Request (ImagesMetadataTestJSON:test_set_image_metadata_item): 200 PUT http://10.180.1.21/compute/v2.1/images/1d267882-5039-4167-adc1-2a4bddc65bbf/metadata/os_version 0.261s
2025-04-16 22:56:22.743 68283 INFO tempest.lib.common.rest_client [req-6245109f-7080-4043-a3ec-d92678edd159 req-6245109f-7080-4043-a3ec-d92678edd159 ] Request (ServersTestFqdnHostnames:setUpClass): 201 POST http://10.180.1.21/identity/v3/auth/tokens 0.062s
2025-04-16 22:56:22.770 68287 INFO tempest.lib.common.rest_client [req-29ff7952-4953-4bfb-a073-1e2e7ea73d10 req-29ff7952-4953-4bfb-a073-1e2e7ea73d10 ] Request (InstanceActionsTestJSON:setUpClass): 200 GET http://10.180.1.21/compute/v2.1/servers/a2fd776e-9a01-4b67-bc23-1605d6e2b23e 0.241s
2025-04-16 22:56:22.885 68295 INFO tempest.lib.common.rest_client [req-e327dace-c4f0-4537-b60d-abe30f3d5bff req-e327dace-c4f0-4537-b60d-abe30f3d5bff ] Request (ServersAdminTestJSON:setUpClass): 200 GET http://10.180.1.21/compute/v2.1/servers/af6b3228-0e6e-4c8f-a9ef-5b5db684ec5f 0.265s
2025-04-16 22:56:22.886 68269 INFO tempest.lib.common.rest_client [req-8f8438ce-a8d5-4802-837d-8c0e4e774df6 req-8f8438ce-a8d5-4802-837d-8c0e4e774df6 ] Request (TenantUsagesTestJSON:setUpClass): 200 GET http://10.180.1.21/compute/v2.1/servers/f6e698af-6d7e-40d5-988b-450f300b67a1 0.265s
2025-04-16 22:56:22.937 68315 INFO tempest.lib.common.rest_client [req-74a2f935-3dd2-4baa-a304-040ec79253a0 req-74a2f935-3dd2-4baa-a304-040ec79253a0 ] Request (ServerAddressesNegativeTestJSON:setUpClass): 200 GET http://10.180.1.21/compute/v2.1/servers/3963518a-23de-434e-9f88-392a80daf120 0.269s
2025-04-16 22:56:22.949 68303 INFO tempest.lib.common.rest_client [req-88471a1f-2e91-4df6-a8e3-67ed931e484d req-88471a1f-2e91-4df6-a8e3-67ed931e484d ] Request (AttachInterfacesV270Test:test_create_get_list_interfaces): 200 GET http://10.180.1.21/compute/v2.1/servers/d6893024-9531-435b-8893-38f310224d7b 0.229s
2025-04-16 22:56:22.965 68261 INFO tempest.lib.common.rest_client [req-b7acbfb1-e6bb-4f06-95c5-bec120eaf8e5 req-b7acbfb1-e6bb-4f06-95c5-bec120eaf8e5 ] Request (ImagesMetadataTestJSON:test_set_image_metadata_item): 200 GET http://10.180.1.21/compute/v2.1/images/1d267882-5039-4167-adc1-2a4bddc65bbf/metadata 0.226s
2025-04-16 22:56:23.013 68309 INFO tempest.lib.common.rest_client [req-a133e405-a297-433e-b128-268b5a0cecd5 req-a133e405-a297-433e-b128-268b5a0cecd5 ] Request (ServersWithSpecificFlavorTestJSON:test_verify_created_server_ephemeral_disk): 200 GET http://10.180.1.21/compute/v2.1/servers/8870c8cf-bf83-482d-91a9-47fdedc79586 0.247s
2025-04-16 22:56:23.014 68265 INFO tempest.lib.common.rest_client [req-6faf10e1-b897-4ebf-88aa-3c95c127593f req-6faf10e1-b897-4ebf-88aa-3c95c127593f ] Request (DeleteServersTestJSON:test_delete_active_server): 200 GET http://10.180.1.21/compute/v2.1/servers/d7719b11-cef7-4878-a693-24dcd085a1d7 0.221s
2025-04-16 22:56:23.014 68283 INFO tempest.lib.common.rest_client [req-0c024ec1-d0aa-4301-863b-a2f55a86095d req-0c024ec1-d0aa-4301-863b-a2f55a86095d ] Request (ServersTestFqdnHostnames:setUpClass): 201 POST http://10.180.1.21:9696/networking/v2.0/networks 0.270s
2025-04-16 22:56:23.062 68263 INFO tempest.lib.common.rest_client [req-3457eac2-a52b-4a3d-83ba-fb74a43e69f0 req-3457eac2-a52b-4a3d-83ba-fb74a43e69f0 ] Request (FloatingIPsAssociationNegativeTestJSON:setUpClass): 200 GET http://10.180.1.21/compute/v2.1/servers/ee6c409a-0d32-48fa-a873-b9b62040aef7 0.246s
2025-04-16 22:56:23.086 68267 INFO tempest.lib.common.rest_client [req-4b88065f-72ba-453a-9db6-5030bb708484 req-4b88065f-72ba-453a-9db6-5030bb708484 ] Request (ServerTagsTestJSON:setUpClass): 200 GET http://10.180.1.21/compute/v2.1/servers/4a59ec41-924b-4eb0-a025-4820479d535b 0.231s
2025-04-16 22:56:23.191 68279 INFO tempest.lib.common.rest_client [req-74c46f1f-e884-453b-8715-e11d3199690e req-74c46f1f-e884-453b-8715-e11d3199690e ] Request (DeleteServersAdminTestJSON:test_admin_delete_servers_of_others): 200 GET http://10.180.1.21/compute/v2.1/servers/b623a2f1-404e-4f48-aeb2-ebb372260a86 0.276s
2025-04-16 22:56:23.206 68283 INFO tempest.lib.common.rest_client [req-f6961817-40d1-4950-bb26-b390f8a99635 req-f6961817-40d1-4950-bb26-b390f8a99635 ] Request (ServersTestFqdnHostnames:setUpClass): 201 POST http://10.180.1.21:9696/networking/v2.0/subnets 0.191s
2025-04-16 22:56:23.240 68273 INFO tempest.lib.common.rest_client [req-9059d49b-c7e6-4d90-afab-87a772df15c8 req-9059d49b-c7e6-4d90-afab-87a772df15c8 ] Request (MigrationsAdminTest:test_list_migrations_in_flavor_resize_situation): 200 GET http://10.180.1.21/compute/v2.1/servers/7db91c79-1cdb-4101-a369-583b8bbae870 0.268s
2025-04-16 22:56:23.257 68261 INFO tempest.lib.common.rest_client [req-4784b232-a854-4967-8e42-f1bc49b81eb7 req-4784b232-a854-4967-8e42-f1bc49b81eb7 ] Request (ImagesMetadataTestJSON:setUp): 200 PUT http://10.180.1.21/compute/v2.1/images/1d267882-5039-4167-adc1-2a4bddc65bbf/metadata 0.289s
2025-04-16 22:56:23.293 68259 INFO tempest.lib.common.rest_client [req-7a6f42d1-7b04-421d-b1a8-ecaa93d10329 req-7a6f42d1-7b04-421d-b1a8-ecaa93d10329 ] Request (ServersAdminNegativeTestJSON:setUpClass): 200 GET http://10.180.1.21/compute/v2.1/servers/21a172f7-20d4-4f17-af4d-cadc0fa33c1d 0.270s
2025-04-16 22:56:23.304 68275 INFO tempest.lib.common.rest_client [req-22471852-f466-4ccb-b020-42a54de6d678 req-22471852-f466-4ccb-b020-42a54de6d678 ] Request (MultipleCreateTestJSON:test_multiple_create): 200 GET http://10.180.1.21/compute/v2.1/servers/de7e2949-00a0-4ce7-9a54-c678d8722464 0.214s
2025-04-16 22:56:23.348 68285 INFO tempest.lib.common.rest_client [req-ae4aab03-6b43-49db-b644-f606a35180fb req-ae4aab03-6b43-49db-b644-f606a35180fb ] Request (ListServersNegativeTestJSON:setUpClass): 200 GET http://10.180.1.21/compute/v2.1/servers/b017d568-1ad8-4d8d-84e8-5771341389bf 0.143s
2025-04-16 22:56:23.449 68293 INFO tempest.lib.common.rest_client [req-323e6a52-30bc-4757-bf20-4edb27dcc6d1 req-323e6a52-30bc-4757-bf20-4edb27dcc6d1 ] Request (FloatingIPsAssociationTestJSON:setUpClass): 200 GET http://10.180.1.21/compute/v2.1/servers/faf24c4e-135e-47df-85a6-05024bc9b64b 0.290s
2025-04-16 22:56:23.460 68281 INFO tempest.lib.common.rest_client [req-c59c5c90-a054-4ae5-912b-36ade87c74f0 req-c59c5c90-a054-4ae5-912b-36ade87c74f0 ] Request (ServerActionsV293TestJSON:setUpClass): 200 GET http://10.180.1.21/volume/v3/d0770bf6e86647cebcba3ab5a95f8b63/volumes/621f4932-869c-49e8-96d3-da1799a52604 0.031s
2025-04-16 22:56:23.500 68289 INFO tempest.lib.common.rest_client [req-2b88af73-483d-4e84-874d-871fc490736e req-2b88af73-483d-4e84-874d-871fc490736e ] Request (ServerExternalEventsTest:test_create_server_external_events): 200 GET http://10.180.1.21/compute/v2.1/servers/e1027e0e-7938-4772-84c2-f879e9ce4144 0.246s
2025-04-16 22:56:23.684 68291 INFO tempest.lib.common.rest_client [req-92ba6ada-3ebd-451d-8bd5-93249dd4b221 req-92ba6ada-3ebd-451d-8bd5-93249dd4b221 ] Request (ServerDiagnosticsNegativeTest:test_get_server_diagnostics_by_non_admin): 200 GET http://10.180.1.21/compute/v2.1/servers/04e59d76-a2d5-482c-90a0-fcb407c0bd4e 0.472s
2025-04-16 22:56:23.725 68261 INFO tempest.lib.common.rest_client [req-f467d193-5615-4b91-9498-b3394c89271c req-f467d193-5615-4b91-9498-b3394c89271c ] Request (ImagesMetadataTestJSON:test_update_image_metadata): 200 POST http://10.180.1.21/compute/v2.1/images/1d267882-5039-4167-adc1-2a4bddc65bbf/metadata 0.468s
2025-04-16 22:56:23.760 68307 INFO tempest.lib.common.rest_client [req-0ceafaf4-24a1-4986-8678-f483845ba9d7 req-0ceafaf4-24a1-4986-8678-f483845ba9d7 ] Request (ServerDiagnosticsTest:test_get_server_diagnostics): 200 GET http://10.180.1.21/compute/v2.1/servers/bb8b7561-424e-48ba-9faa-65d6f6465a20 0.469s
2025-04-16 22:56:23.809 68277 INFO tempest.lib.common.rest_client [req-377af93a-1a7e-409f-b215-8b9734c465bc req-377af93a-1a7e-409f-b215-8b9734c465bc ] Request (VolumesAssistedSnapshotsTest:test_volume_assisted_snapshot_create_delete): 200 GET http://10.180.1.21/compute/v2.1/servers/b462ac2e-d668-4ac1-a6b3-2cfb49a2e0cd 0.438s
2025-04-16 22:56:23.871 68271 INFO tempest.lib.common.rest_client [req-14dfa9e7-55af-4246-8e5d-be739b0c2550 req-14dfa9e7-55af-4246-8e5d-be739b0c2550 ] Request (ServerDiagnosticsV248Test:test_get_server_diagnostics): 200 GET http://10.180.1.21/compute/v2.1/servers/fece5f33-93ed-4202-8cd0-637924929ee4 0.449s
2025-04-16 22:56:23.935 68301 INFO tempest.lib.common.rest_client [req-b8f5e243-a55d-4121-8688-07d9b80c2adf req-b8f5e243-a55d-4121-8688-07d9b80c2adf ] Request (ServersTestJSON:setUpClass): 200 GET http://10.180.1.21/compute/v2.1/servers/0d6c2ea5-71ff-49bb-ae23-3323e9b4a3f6 0.612s
2025-04-16 22:56:23.979 68257 INFO tempest.lib.common.rest_client [req-c6a45aea-3791-402e-97f3-3979de852c06 req-c6a45aea-3791-402e-97f3-3979de852c06 ] Request (ImagesOneServerTestJSON:setUpClass): 200 GET http://10.180.1.21/compute/v2.1/servers/02dea9f7-00be-4305-909c-ab9245b60e1d 0.465s
2025-04-16 22:56:23.999 68297 INFO tempest.lib.common.rest_client [req-bde70cc4-23b5-40d9-b827-f2aa076392ea req-bde70cc4-23b5-40d9-b827-f2aa076392ea ] Request (ServersTestManualDisk:setUpClass): 200 GET http://10.180.1.21/compute/v2.1/servers/83b04c8c-39f6-4f58-b965-0a94c063b68b 0.431s
2025-04-16 22:56:24.064 68299 INFO tempest.lib.common.rest_client [req-9512978a-49e4-457a-9138-e9cc5587a6b2 req-9512978a-49e4-457a-9138-e9cc5587a6b2 ] Request (VolumesAdminNegativeTest:test_update_attached_volume_with_nonexistent_volume_in_body): 200 GET http://10.180.1.21/compute/v2.1/servers/72a209af-5976-4943-9752-8c258bb24158 0.393s
2025-04-16 22:56:24.084 68317 INFO tempest.lib.common.rest_client [req-0d46a4f5-89b0-484f-85a1-ff0c2fe5d22e req-0d46a4f5-89b0-484f-85a1-ff0c2fe5d22e ] Request (ServerPasswordTestJSON:setUpClass): 200 GET http://10.180.1.21/compute/v2.1/servers/b22ae1a7-c9b8-464b-a81c-73144a0176be 0.477s
2025-04-16 22:56:24.090 68261 INFO tempest.lib.common.rest_client [req-160a2bef-00d3-4070-91bf-904be55bb67a req-160a2bef-00d3-4070-91bf-904be55bb67a ] Request (ImagesMetadataTestJSON:test_update_image_metadata): 200 GET http://10.180.1.21/compute/v2.1/images/1d267882-5039-4167-adc1-2a4bddc65bbf/metadata 0.364s
2025-04-16 22:56:24.147 68261 INFO tempest.lib.common.rest_client [req-85ed25b3-b3da-4594-a3ae-233b4fd0b18c req-85ed25b3-b3da-4594-a3ae-233b4fd0b18c ] Request (ImagesMetadataTestJSON:tearDownClass): 204 DELETE http://10.180.1.21/image/v2/images/1d267882-5039-4167-adc1-2a4bddc65bbf 0.054s
2025-04-16 22:56:24.170 68305 WARNING tempest.lib.common.ssh [-] Failed to establish authenticated ssh connection to cirros@10.180.180.150 ([Errno None] Unable to connect to port 22 on 10.180.180.150). Number attempts: 1. Retry after 2 seconds.: paramiko.ssh_exception.NoValidConnectionsError: [Errno None] Unable to connect to port 22 on 10.180.180.150
2025-04-16 22:56:24.225 68261 INFO tempest.lib.common.rest_client [req-d5ce036d-cf27-475c-951b-c19667962e6c req-d5ce036d-cf27-475c-951b-c19667962e6c ] Request (ImagesMetadataTestJSON:tearDownClass): 204 DELETE http://10.180.1.21/identity/v3/users/dcd7314d192a4f7aaa34508fcc23a299 0.078s
2025-04-16 22:56:24.225 68261 INFO tempest.lib.common.dynamic_creds [-] Deleting project and security group for project: 870e4cc2a40f4a11a8ceb14885df1151
2025-04-16 22:56:24.239 68295 INFO tempest.lib.common.rest_client [req-38fc8642-c915-4fef-aaf2-5fe480d9bd92 req-38fc8642-c915-4fef-aaf2-5fe480d9bd92 ] Request (ServersAdminTestJSON:setUpClass): 200 GET http://10.180.1.21/compute/v2.1/servers/af6b3228-0e6e-4c8f-a9ef-5b5db684ec5f 0.347s
2025-04-16 22:56:24.247 68287 INFO tempest.lib.common.rest_client [req-f49070ad-5e6f-4dae-8f96-4e0555dedfed req-f49070ad-5e6f-4dae-8f96-4e0555dedfed ] Request (InstanceActionsTestJSON:setUpClass): 200 GET http://10.180.1.21/compute/v2.1/servers/a2fd776e-9a01-4b67-bc23-1605d6e2b23e 0.469s
2025-04-16 22:56:24.285 68261 INFO tempest.lib.common.rest_client [req-cc822d96-b1e8-472c-97a0-749975a4b7e7 req-cc822d96-b1e8-472c-97a0-749975a4b7e7 ] Request (ImagesMetadataTestJSON:tearDownClass): 201 POST http://10.180.1.21/identity/v3/auth/tokens 0.059s
2025-04-16 22:56:24.302 68315 INFO tempest.lib.common.rest_client [req-b2f05792-6bbc-4961-8e57-171e6b610dce req-b2f05792-6bbc-4961-8e57-171e6b610dce ] Request (ServerAddressesNegativeTestJSON:setUpClass): 200 GET http://10.180.1.21/compute/v2.1/servers/3963518a-23de-434e-9f88-392a80daf120 0.355s
2025-04-16 22:56:24.355 68303 INFO tempest.lib.common.rest_client [req-807fd1ec-9c91-4bb3-96b2-d3942329ac4b req-807fd1ec-9c91-4bb3-96b2-d3942329ac4b ] Request (AttachInterfacesV270Test:test_create_get_list_interfaces): 200 GET http://10.180.1.21/compute/v2.1/servers/d6893024-9531-435b-8893-38f310224d7b 0.395s
2025-04-16 22:56:24.376 68269 INFO tempest.lib.common.rest_client [req-27d05a7b-899f-4c53-867f-7e53d5961beb req-27d05a7b-899f-4c53-867f-7e53d5961beb ] Request (TenantUsagesTestJSON:setUpClass): 200 GET http://10.180.1.21/compute/v2.1/servers/f6e698af-6d7e-40d5-988b-450f300b67a1 0.478s
2025-04-16 22:56:24.378 68283 INFO tempest.lib.common.rest_client [req-d5eb579a-34e2-456d-b77f-11dc6c2538d2 req-d5eb579a-34e2-456d-b77f-11dc6c2538d2 ] Request (ServersTestFqdnHostnames:setUpClass): 201 POST http://10.180.1.21:9696/networking/v2.0/routers 1.171s
2025-04-16 22:56:24.406 68265 INFO tempest.lib.common.rest_client [req-9cd784f2-8bfc-47c2-85ad-5b6603a6f6ef req-9cd784f2-8bfc-47c2-85ad-5b6603a6f6ef ] Request (DeleteServersTestJSON:test_delete_active_server): 200 GET http://10.180.1.21/compute/v2.1/servers/d7719b11-cef7-4878-a693-24dcd085a1d7 0.381s
2025-04-16 22:56:24.457 68263 INFO tempest.lib.common.rest_client [req-f309869e-16fd-403a-88ad-649b8f984fb0 req-f309869e-16fd-403a-88ad-649b8f984fb0 ] Request (FloatingIPsAssociationNegativeTestJSON:setUpClass): 200 GET http://10.180.1.21/compute/v2.1/servers/ee6c409a-0d32-48fa-a873-b9b62040aef7 0.387s
2025-04-16 22:56:24.460 68309 INFO tempest.lib.common.rest_client [req-eb8c5dbd-e2f3-49bf-80e4-7d4e929ded65 req-eb8c5dbd-e2f3-49bf-80e4-7d4e929ded65 ] Request (ServersWithSpecificFlavorTestJSON:test_verify_created_server_ephemeral_disk): 200 GET http://10.180.1.21/compute/v2.1/servers/8870c8cf-bf83-482d-91a9-47fdedc79586 0.434s
2025-04-16 22:56:24.502 68281 INFO tempest.lib.common.rest_client [req-ffc638e1-d360-406a-886c-9d1facf0aecd req-ffc638e1-d360-406a-886c-9d1facf0aecd ] Request (ServerActionsV293TestJSON:setUpClass): 200 GET http://10.180.1.21/volume/v3/d0770bf6e86647cebcba3ab5a95f8b63/volumes/621f4932-869c-49e8-96d3-da1799a52604 0.030s
2025-04-16 22:56:24.515 68267 INFO tempest.lib.common.rest_client [req-0a7e83ee-7706-4acc-bebf-241985ca5862 req-0a7e83ee-7706-4acc-bebf-241985ca5862 ] Request (ServerTagsTestJSON:setUpClass): 200 GET http://10.180.1.21/compute/v2.1/servers/4a59ec41-924b-4eb0-a025-4820479d535b 0.421s
