2025-04-16 22:56:00.658 68267 INFO tempest.lib.common.rest_client [req-d8fa6aff-6270-4177-8865-e1e8342a9761 req-d8fa6aff-6270-4177-8865-e1e8342a9761 ] Request (SecurityGroupRulesTestJSON:test_security_group_rules_list): 200 POST http://10.180.1.21/compute/v2.1/os-security-group-rules 0.939s
2025-04-16 22:56:00.674 68283 INFO tempest.lib.common.rest_client [req-883ad903-a5bc-4d42-ad46-847b83ef859c req-883ad903-a5bc-4d42-ad46-847b83ef859c ] Request (FlavorsAdminTestJSON:test_is_public_string_variations): 200 GET http://10.180.1.21/compute/v2.1/flavors/detail?is_public=f 0.932s
2025-04-16 22:56:00.696 68257 INFO tempest.lib.common.rest_client [req-b4825d65-d5f0-4b2c-b40c-f9dbe26890c3 req-b4825d65-d5f0-4b2c-b40c-f9dbe26890c3 ] Request (ImagesOneServerTestJSON:setUpClass): 200 GET http://10.180.1.21/compute/v2.1/servers/02dea9f7-00be-4305-909c-ab9245b60e1d 1.102s
2025-04-16 22:56:00.758 68273 INFO tempest.lib.common.rest_client [req-39b10265-0eb5-4a57-8b99-a285748c326e req-39b10265-0eb5-4a57-8b99-a285748c326e ] Request (MigrationsAdminTest:test_list_migrations_in_flavor_resize_situation): 200 GET http://10.180.1.21/compute/v2.1/servers/7db91c79-1cdb-4101-a369-583b8bbae870 0.962s
2025-04-16 22:56:00.797 68259 INFO tempest.lib.common.rest_client [req-1b87a5b0-b60f-4180-8e02-7edc5f9e46c6 req-1b87a5b0-b60f-4180-8e02-7edc5f9e46c6 ] Request (QuotaClassesAdmin257Test:_run_cleanups): 200 PUT http://10.180.1.21/compute/v2.1/os-quota-class-sets/default 0.970s
2025-04-16 22:56:00.822 68287 INFO tempest.lib.common.rest_client [req-f1980d1a-505d-4ed7-a1a5-0467e3957b7b req-f1980d1a-505d-4ed7-a1a5-0467e3957b7b ] Request (InstanceActionsTestJSON:setUpClass): 200 GET http://10.180.1.21/compute/v2.1/servers/a2fd776e-9a01-4b67-bc23-1605d6e2b23e 1.032s
2025-04-16 22:56:00.827 68301 INFO tempest.lib.common.rest_client [req-194e3890-1110-40ae-9766-6f4e3dce1d8c req-194e3890-1110-40ae-9766-6f4e3dce1d8c ] Request (ServersTestJSON:setUpClass): 201 POST http://10.180.1.21:9696/networking/v2.0/floatingips 0.668s
2025-04-16 22:56:00.852 68311 INFO tempest.lib.common.rest_client [req-7b0c3b10-4c51-4bb5-906c-cb46257c8ef2 req-7b0c3b10-4c51-4bb5-906c-cb46257c8ef2 ] Request (AggregatesAdminNegativeTestJSON:test_aggregate_remove_host_as_user): 200 POST http://10.180.1.21/compute/v2.1/os-aggregates 0.803s
2025-04-16 22:56:00.866 68261 INFO tempest.lib.common.rest_client [req-7c064daa-7ea4-4e62-bf5b-5757f1a7f411 req-7c064daa-7ea4-4e62-bf5b-5757f1a7f411 ] Request (ServersAdmin275Test:test_rebuild_update_server_275): 200 GET http://10.180.1.21/compute/v2.1/servers/7900e978-def6-4636-a2cb-94c322a23d15 0.896s
2025-04-16 22:56:00.916 68285 INFO tempest.lib.common.rest_client [req-fefedf34-3bd1-4b58-afee-3754ca1609d5 req-fefedf34-3bd1-4b58-afee-3754ca1609d5 ] Request (ListServersNegativeTestJSON:setUpClass): 200 GET http://10.180.1.21/compute/v2.1/servers/b017d568-1ad8-4d8d-84e8-5771341389bf 0.752s
2025-04-16 22:56:00.919 68301 INFO tempest.lib.common.rest_client [req-9fc1b7bc-7dc2-4b91-9b20-7a22b0589b25 req-9fc1b7bc-7dc2-4b91-9b20-7a22b0589b25 ] Request (ServersTestJSON:setUpClass): 201 POST http://10.180.1.21/identity/v3/auth/tokens 0.089s
2025-04-16 22:56:00.919 68301 INFO tempest.lib.common.fixed_network [-] (ServersTestJSON:setUpClass) Found network {'id': 'e46d5ff7-0618-4c86-83ab-76009cc19aef', 'name': 'tempest-ServersTestJSON-1845096470-network', 'tenant_id': '47130cc531bd4a00ad4f70eef0cad15d', 'admin_state_up': True, 'mtu': 8950, 'status': 'ACTIVE', 'subnets': [], 'shared': False, 'project_id': '47130cc531bd4a00ad4f70eef0cad15d', 'port_security_enabled': True, 'router:external': False, 'provider:network_type': 'vlan', 'provider:physical_network': 'default', 'provider:segmentation_id': 934, 'is_default': False, 'availability_zone_hints': [], 'availability_zones': [], 'ipv4_address_scope': None, 'ipv6_address_scope': None, 'description': '', 'tags': [], 'created_at': '2025-04-16T22:55:54Z', 'updated_at': '2025-04-16T22:55:54Z', 'revision_number': 1} available for tenant
2025-04-16 22:56:00.963 68259 INFO tempest.lib.common.rest_client [req-427dcf66-84f4-427b-932e-f3e8f7a9756f req-427dcf66-84f4-427b-932e-f3e8f7a9756f ] Request (QuotaClassesAdmin257Test:tearDownClass): 204 DELETE http://10.180.1.21/identity/v3/users/6652cea3ad2a40f49e1d34f8e7f9d866 0.163s
2025-04-16 22:56:00.971 68269 INFO tempest.lib.common.rest_client [req-487ad97b-be60-43e5-a8ee-3b599b8b9494 req-487ad97b-be60-43e5-a8ee-3b599b8b9494 ] Request (TenantUsagesTestJSON:setUpClass): 200 GET http://10.180.1.21/compute/v2.1/servers/f6e698af-6d7e-40d5-988b-450f300b67a1 0.890s
2025-04-16 22:56:01.089 68259 INFO tempest.lib.common.rest_client [req-c096e949-e3c4-4ed2-ba63-41675e9366e9 req-c096e949-e3c4-4ed2-ba63-41675e9366e9 ] Request (QuotaClassesAdmin257Test:tearDownClass): 204 DELETE http://10.180.1.21/identity/v3/users/ccb6db199b964f5baf6c6e878b570adf 0.126s
2025-04-16 22:56:01.089 68259 INFO tempest.lib.common.dynamic_creds [-] Deleting project and security group for project: f32a3667827b4d0692a7e44e2bc6b9dd
2025-04-16 22:56:01.157 68259 INFO tempest.lib.common.rest_client [req-dddbffc5-1ec8-4c76-bb88-5eec2f68c52f req-dddbffc5-1ec8-4c76-bb88-5eec2f68c52f ] Request (QuotaClassesAdmin257Test:tearDownClass): 201 POST http://10.180.1.21/identity/v3/auth/tokens 0.067s
2025-04-16 22:56:01.204 68299 INFO tempest.lib.common.rest_client [req-37debf02-bac2-48ca-8aa6-1785bc217be1 req-37debf02-bac2-48ca-8aa6-1785bc217be1 ] Request (VolumesAdminNegativeTest:test_update_attached_volume_with_nonexistent_volume_in_body): 200 POST http://10.180.1.21/compute/v2.1/os-keypairs 0.997s
2025-04-16 22:56:01.264 68289 INFO tempest.lib.common.rest_client [req-4c0fcaa3-7c47-4d8c-ba1d-f3b11cb22f58 req-4c0fcaa3-7c47-4d8c-ba1d-f3b11cb22f58 ] Request (ServerExternalEventsTest:test_create_server_external_events): 200 GET http://10.180.1.21/compute/v2.1/servers/e1027e0e-7938-4772-84c2-f879e9ce4144 1.046s
2025-04-16 22:56:01.336 68307 INFO tempest.lib.common.rest_client [req-a872d3c1-8cc8-45dc-9d23-7667af2dc399 req-a872d3c1-8cc8-45dc-9d23-7667af2dc399 ] Request (ServerDiagnosticsTest:test_get_server_diagnostics): 200 GET http://10.180.1.21/compute/v2.1/servers/bb8b7561-424e-48ba-9faa-65d6f6465a20 1.044s
2025-04-16 22:56:01.366 68259 INFO tempest.lib.common.rest_client [req-9af9682d-0765-479a-ac5d-7fad4b9a6299 req-9af9682d-0765-479a-ac5d-7fad4b9a6299 ] Request (QuotaClassesAdmin257Test:tearDownClass): 200 GET http://10.180.1.21:9696/networking/v2.0/security-groups?tenant_id=f32a3667827b4d0692a7e44e2bc6b9dd&name=default 0.209s
2025-04-16 22:56:01.372 68299 INFO tempest.lib.common.rest_client [req-608a1b83-0bef-4740-ba07-72e1b97854fe req-608a1b83-0bef-4740-ba07-72e1b97854fe ] Request (VolumesAdminNegativeTest:test_update_attached_volume_with_nonexistent_volume_in_body): 201 POST http://10.180.1.21:9696/networking/v2.0/security-groups 0.166s
2025-04-16 22:56:01.405 68277 INFO tempest.lib.common.rest_client [req-329be069-96af-4e30-8487-1ed9338a10e3 req-329be069-96af-4e30-8487-1ed9338a10e3 ] Request (VolumesAssistedSnapshotsTest:test_volume_assisted_snapshot_create_delete): 200 GET http://10.180.1.21/compute/v2.1/servers/b462ac2e-d668-4ac1-a6b3-2cfb49a2e0cd 1.065s
2025-04-16 22:56:01.502 68303 INFO tempest.lib.common.rest_client [req-8273f9d9-aa1c-4d37-8c7f-7b17bde62d7c req-8273f9d9-aa1c-4d37-8c7f-7b17bde62d7c ] Request (AttachInterfacesV270Test:test_create_get_list_interfaces): 202 POST http://10.180.1.21/compute/v2.1/servers 1.328s
2025-04-16 22:56:01.545 68259 INFO tempest.lib.common.rest_client [req-86765744-85a9-4e21-834e-13b5bc1ced11 req-86765744-85a9-4e21-834e-13b5bc1ced11 ] Request (QuotaClassesAdmin257Test:tearDownClass): 204 DELETE http://10.180.1.21:9696/networking/v2.0/security-groups/61298604-eeb2-4ad8-ba17-a867e65c0946 0.179s
2025-04-16 22:56:01.551 68293 INFO tempest.lib.common.rest_client [req-1eaf7f62-e652-4e01-85a5-6e5e1c1fdbb3 req-1eaf7f62-e652-4e01-85a5-6e5e1c1fdbb3 ] Request (FloatingIPsAssociationTestJSON:setUpClass): 200 GET http://10.180.1.21/compute/v2.1/servers/faf24c4e-135e-47df-85a6-05024bc9b64b 1.180s
2025-04-16 22:56:01.587 68299 INFO tempest.lib.common.rest_client [req-ef284cc5-69c1-41a6-9c0f-9cd1a0d56816 req-ef284cc5-69c1-41a6-9c0f-9cd1a0d56816 ] Request (VolumesAdminNegativeTest:test_update_attached_volume_with_nonexistent_volume_in_body): 201 POST http://10.180.1.21:9696/networking/v2.0/security-group-rules 0.214s
2025-04-16 22:56:01.623 68281 INFO tempest.lib.common.rest_client [req-b0d7cebe-89a0-43d9-9a5f-9fdd9c3ccba7 req-b0d7cebe-89a0-43d9-9a5f-9fdd9c3ccba7 ] Request (SecurityGroupRulesNegativeTestJSON:tearDownClass): 202 DELETE http://10.180.1.21/compute/v2.1/os-security-groups/2f3ce5e4-04a4-42d2-b8f4-587bce21d0a8 1.176s
2025-04-16 22:56:01.639 68283 INFO tempest.lib.common.rest_client [req-2a681742-4965-4f99-84f3-5467b8465e89 req-2a681742-4965-4f99-84f3-5467b8465e89 ] Request (FlavorsAdminTestJSON:test_is_public_string_variations): 200 GET http://10.180.1.21/compute/v2.1/flavors/detail?is_public=false 0.962s
2025-04-16 22:56:01.687 68259 INFO tempest.lib.common.rest_client [req-d2b1beed-5906-4436-a097-fef6e0468778 req-d2b1beed-5906-4436-a097-fef6e0468778 ] Request (QuotaClassesAdmin257Test:tearDownClass): 204 DELETE http://10.180.1.21/identity/v3/projects/f32a3667827b4d0692a7e44e2bc6b9dd 0.141s
2025-04-16 22:56:01.687 68259 INFO tempest.lib.common.dynamic_creds [-] Deleting project and security group for project: 325e44e55a5841d3ad45ae5af34728c4
2025-04-16 22:56:01.752 68299 INFO tempest.lib.common.rest_client [req-6c53fe1f-8aa3-4dd6-b77e-f58d10b2940d req-6c53fe1f-8aa3-4dd6-b77e-f58d10b2940d ] Request (VolumesAdminNegativeTest:test_update_attached_volume_with_nonexistent_volume_in_body): 201 POST http://10.180.1.21:9696/networking/v2.0/security-group-rules 0.165s
2025-04-16 22:56:01.762 68267 INFO tempest.lib.common.rest_client [req-932359c0-f5a4-4188-95f0-72605ad5efa2 req-932359c0-f5a4-4188-95f0-72605ad5efa2 ] Request (SecurityGroupRulesTestJSON:test_security_group_rules_list): 200 POST http://10.180.1.21/compute/v2.1/os-security-group-rules 1.101s
2025-04-16 22:56:01.828 68259 INFO tempest.lib.common.rest_client [req-bf514f1e-b3ca-479c-96de-ee1e2c86f875 req-bf514f1e-b3ca-479c-96de-ee1e2c86f875 ] Request (QuotaClassesAdmin257Test:tearDownClass): 200 GET http://10.180.1.21:9696/networking/v2.0/security-groups?tenant_id=325e44e55a5841d3ad45ae5af34728c4&name=default 0.140s
2025-04-16 22:56:01.879 68295 INFO tempest.lib.common.rest_client [req-d5c230ea-5920-4a11-8cc0-d96a121ba8b7 req-d5c230ea-5920-4a11-8cc0-d96a121ba8b7 ] Request (ServersAdminTestJSON:setUpClass): 200 GET http://10.180.1.21/compute/v2.1/servers/af6b3228-0e6e-4c8f-a9ef-5b5db684ec5f 1.150s
2025-04-16 22:56:01.905 68259 INFO tempest.lib.common.rest_client [req-7a6316f7-1588-44bd-a6b5-d1f08a9126c5 req-7a6316f7-1588-44bd-a6b5-d1f08a9126c5 ] Request (QuotaClassesAdmin257Test:tearDownClass): 204 DELETE http://10.180.1.21:9696/networking/v2.0/security-groups/ef4d1128-2ea7-43c2-8afe-8ad968ac83f8 0.076s
2025-04-16 22:56:01.932 68265 INFO tempest.lib.common.rest_client [req-4a6eb03f-7679-40e7-a2f0-dfce86d785c5 req-4a6eb03f-7679-40e7-a2f0-dfce86d785c5 ] Request (AbsoluteLimitsNegativeTestJSON:test_max_metadata_exceed_limit): 200 GET http://10.180.1.21/compute/v2.1/limits 1.131s
2025-04-16 22:56:01.951 68271 INFO tempest.lib.common.rest_client [req-436ab851-2dfd-4b96-bdc4-d33f3c26f5b4 req-436ab851-2dfd-4b96-bdc4-d33f3c26f5b4 ] Request (ServerDiagnosticsV248Test:test_get_server_diagnostics): 200 GET http://10.180.1.21/compute/v2.1/servers/fece5f33-93ed-4202-8cd0-637924929ee4 1.131s
2025-04-16 22:56:01.969 68265 INFO tempest.lib.common.rest_client [req-8d190e22-c299-4eb7-bf10-70a6944cbfda req-8d190e22-c299-4eb7-bf10-70a6944cbfda ] Request (AbsoluteLimitsNegativeTestJSON:test_max_metadata_exceed_limit): 201 POST http://10.180.1.21/identity/v3/auth/tokens 0.028s
2025-04-16 22:56:01.969 68265 INFO tempest.lib.common.fixed_network [-] (AbsoluteLimitsNegativeTestJSON:test_max_metadata_exceed_limit) Found network None available for tenant
2025-04-16 22:56:02.000 68305 INFO tempest.lib.common.rest_client [req-4b13f405-8224-4218-a8be-99fbb2f6ef42 req-4b13f405-8224-4218-a8be-99fbb2f6ef42 ] Request (ServersTestBootFromVolume:setUpClass): 200 GET http://10.180.1.21/compute/v2.1/servers/1b5b8be5-7e9c-4269-994a-e54aeb75774f 1.174s
2025-04-16 22:56:02.043 68259 INFO tempest.lib.common.rest_client [req-025cc4f4-2226-4275-8641-7cd019006806 req-025cc4f4-2226-4275-8641-7cd019006806 ] Request (QuotaClassesAdmin257Test:tearDownClass): 204 DELETE http://10.180.1.21/identity/v3/projects/325e44e55a5841d3ad45ae5af34728c4 0.138s
2025-04-16 22:56:02.055 68317 INFO tempest.lib.common.rest_client [req-c0bf2dd1-6fc9-428a-b489-0ad798eee414 req-c0bf2dd1-6fc9-428a-b489-0ad798eee414 ] Request (ServerPasswordTestJSON:setUpClass): 200 GET http://10.180.1.21/compute/v2.1/servers/b22ae1a7-c9b8-464b-a81c-73144a0176be 1.150s
2025-04-16 22:56:02.058 68311 INFO tempest.lib.common.rest_client [req-cca37399-5d13-49da-96e4-f88be1ca7c20 req-cca37399-5d13-49da-96e4-f88be1ca7c20 ] Request (AggregatesAdminNegativeTestJSON:test_aggregate_remove_host_as_user): 200 POST http://10.180.1.21/compute/v2.1/os-aggregates/7/action 1.203s
2025-04-16 22:56:02.119 68259 INFO tempest.lib.common.rest_client [req-13d93d7c-d25e-4d78-8ffa-a85605482258 req-13d93d7c-d25e-4d78-8ffa-a85605482258 ] Request (ServersAdminNegativeTestJSON:setUpClass): 201 POST http://10.180.1.21/identity/v3/auth/tokens 0.074s
2025-04-16 22:56:02.151 68259 INFO tempest.lib.common.rest_client [req-e36a4d19-5c5a-444d-b79b-def1c339b024 req-e36a4d19-5c5a-444d-b79b-def1c339b024 ] Request (ServersAdminNegativeTestJSON:setUpClass): 201 POST http://10.180.1.21/identity/v3/auth/tokens 0.030s
2025-04-16 22:56:02.175 68259 INFO tempest.lib.common.rest_client [req-52ce62ec-78b8-4b9e-9e64-e1454b844284 req-52ce62ec-78b8-4b9e-9e64-e1454b844284 ] Request (ServersAdminNegativeTestJSON:setUpClass): 200 GET http://10.180.1.21/identity/v3/domains?name=Default 0.023s
2025-04-16 22:56:02.191 68279 INFO tempest.lib.common.rest_client [req-ad516a1d-a9aa-4996-8346-ad9fb391c2bd req-ad516a1d-a9aa-4996-8346-ad9fb391c2bd ] Request (DeleteServersAdminTestJSON:test_admin_delete_servers_of_others): 200 GET http://10.180.1.21/compute/v2.1/servers/b623a2f1-404e-4f48-aeb2-ebb372260a86 1.128s
2025-04-16 22:56:02.203 68259 INFO tempest.lib.common.rest_client [req-96b39e14-61c9-4856-a4b5-32299bf178cf req-96b39e14-61c9-4856-a4b5-32299bf178cf ] Request (ServersAdminNegativeTestJSON:setUpClass): 201 POST http://10.180.1.21/identity/v3/projects 0.028s
2025-04-16 22:56:02.288 68259 INFO tempest.lib.common.rest_client [req-df45804f-e146-416c-ae04-455b28c4f977 req-df45804f-e146-416c-ae04-455b28c4f977 ] Request (ServersAdminNegativeTestJSON:setUpClass): 201 POST http://10.180.1.21/identity/v3/users 0.084s
2025-04-16 22:56:02.310 68259 INFO tempest.lib.common.rest_client [req-c2f739fe-ffc9-48f3-ae76-0c6f3279cad9 req-c2f739fe-ffc9-48f3-ae76-0c6f3279cad9 ] Request (ServersAdminNegativeTestJSON:setUpClass): 200 GET http://10.180.1.21/identity/v3/roles 0.021s
2025-04-16 22:56:02.353 68259 INFO tempest.lib.common.rest_client [req-f7e9fad0-d59c-456e-b7fb-9e6370319d3f req-f7e9fad0-d59c-456e-b7fb-9e6370319d3f ] Request (ServersAdminNegativeTestJSON:setUpClass): 204 PUT http://10.180.1.21/identity/v3/projects/1a2cad8d427346bb97fbf41465adafd8/users/4601546e021147f0bc49d5d42d6461e6/roles/918a5a8f204341fea68cada33246e8ab 0.043s
2025-04-16 22:56:02.353 68259 INFO tempest.lib.common.dynamic_creds [-] Dynamic test user 4601546e021147f0bc49d5d42d6461e6 is created with scope project and roles: ['member']
2025-04-16 22:56:02.353 68259 INFO tempest.lib.common.dynamic_creds [-] Acquired dynamic creds: credentials: Credentials: {'domain_id': 'default', 'domain_name': 'Default', 'username': 'tempest-ServersAdminNegativeTestJSON-393042103-project-member', 'project_domain_id': 'default', 'project_domain_name': 'Default', 'project_id': '1a2cad8d427346bb97fbf41465adafd8', 'project_name': 'tempest-ServersAdminNegativeTestJSON-393042103', 'tenant_id': '1a2cad8d427346bb97fbf41465adafd8', 'tenant_name': 'tempest-ServersAdminNegativeTestJSON-393042103', 'user_domain_id': 'default', 'user_domain_name': 'Default', 'user_id': '4601546e021147f0bc49d5d42d6461e6', 'system': None}, Network: None, Subnet: None, Router: None
2025-04-16 22:56:02.353 68259 INFO tempest.lib.common.dynamic_creds [-] Created isolated network resources for: credentials: Credentials: {'domain_id': 'default', 'domain_name': 'Default', 'username': 'tempest-ServersAdminNegativeTestJSON-393042103-project-member', 'project_domain_id': 'default', 'project_domain_name': 'Default', 'project_id': '1a2cad8d427346bb97fbf41465adafd8', 'project_name': 'tempest-ServersAdminNegativeTestJSON-393042103', 'tenant_id': '1a2cad8d427346bb97fbf41465adafd8', 'tenant_name': 'tempest-ServersAdminNegativeTestJSON-393042103', 'user_domain_id': 'default', 'user_domain_name': 'Default', 'user_id': '4601546e021147f0bc49d5d42d6461e6', 'system': None}, Network: None, Subnet: None, Router: None
2025-04-16 22:56:02.437 68259 INFO tempest.lib.common.rest_client [req-622ed409-7e6e-4888-87ec-3d6f44acf5da req-622ed409-7e6e-4888-87ec-3d6f44acf5da ] Request (ServersAdminNegativeTestJSON:setUpClass): 201 POST http://10.180.1.21/identity/v3/auth/tokens 0.078s
2025-04-16 22:56:02.475 68301 INFO tempest.lib.common.rest_client [req-abeac5ed-1bd2-4ec7-91ee-5fab80fd36c9 req-abeac5ed-1bd2-4ec7-91ee-5fab80fd36c9 ] Request (ServersTestJSON:setUpClass): 202 POST http://10.180.1.21/compute/v2.1/servers 1.554s
2025-04-16 22:56:02.507 68291 INFO tempest.lib.common.rest_client [req-7888d75a-196d-438a-8f53-c0e56b9ef8eb req-7888d75a-196d-438a-8f53-c0e56b9ef8eb ] Request (ServerDiagnosticsNegativeTest:test_get_server_diagnostics_by_non_admin): 200 GET http://10.180.1.21/compute/v2.1/servers/04e59d76-a2d5-482c-90a0-fcb407c0bd4e 1.242s
2025-04-16 22:56:02.509 68259 INFO tempest.lib.common.rest_client [req-625e6f7b-8915-4604-8b9d-7ce3ed5f4540 req-625e6f7b-8915-4604-8b9d-7ce3ed5f4540 ] Request (ServersAdminNegativeTestJSON:setUpClass): 201 POST http://10.180.1.21/identity/v3/projects 0.072s
2025-04-16 22:56:02.533 68299 INFO tempest.lib.common.rest_client [req-d66abc6b-8263-4212-bdab-6731ba44b1e4 req-d66abc6b-8263-4212-bdab-6731ba44b1e4 ] Request (VolumesAdminNegativeTest:test_update_attached_volume_with_nonexistent_volume_in_body): 201 POST http://10.180.1.21:9696/networking/v2.0/floatingips 0.780s
2025-04-16 22:56:02.537 68297 INFO tempest.lib.common.rest_client [req-9a6ab4e7-047f-4256-9d72-d1e5c72adf40 req-9a6ab4e7-047f-4256-9d72-d1e5c72adf40 ] Request (ServersTestManualDisk:setUpClass): 200 GET http://10.180.1.21/compute/v2.1/servers/83b04c8c-39f6-4f58-b965-0a94c063b68b 1.183s
2025-04-16 22:56:02.557 68309 INFO tempest.lib.common.rest_client [req-be9d4ee9-27c8-4604-ad35-055c11cdbe09 req-be9d4ee9-27c8-4604-ad35-055c11cdbe09 ] Request (ServersWithSpecificFlavorTestJSON:test_verify_created_server_ephemeral_disk): 200 GET http://10.180.1.21/compute/v2.1/servers/8870c8cf-bf83-482d-91a9-47fdedc79586 1.142s
2025-04-16 22:56:02.594 68315 INFO tempest.lib.common.rest_client [req-3c8f09ea-d7ce-45bd-b920-b6c76d04ada7 req-3c8f09ea-d7ce-45bd-b920-b6c76d04ada7 ] Request (ServerAddressesNegativeTestJSON:setUpClass): 200 GET http://10.180.1.21/compute/v2.1/servers/3963518a-23de-434e-9f88-392a80daf120 1.125s
2025-04-16 22:56:02.598 68259 INFO tempest.lib.common.rest_client [req-072f1df4-b09e-46d4-a8a4-3b2f7ff0c3c2 req-072f1df4-b09e-46d4-a8a4-3b2f7ff0c3c2 ] Request (ServersAdminNegativeTestJSON:setUpClass): 201 POST http://10.180.1.21/identity/v3/users 0.088s
2025-04-16 22:56:02.604 68299 INFO tempest.lib.common.rest_client [req-f0d0fa1f-f738-4537-ace7-b2dae757d5fa req-f0d0fa1f-f738-4537-ace7-b2dae757d5fa ] Request (VolumesAdminNegativeTest:test_update_attached_volume_with_nonexistent_volume_in_body): 201 POST http://10.180.1.21/identity/v3/auth/tokens 0.068s
2025-04-16 22:56:02.605 68299 INFO tempest.lib.common.fixed_network [-] (VolumesAdminNegativeTest:test_update_attached_volume_with_nonexistent_volume_in_body) Found network {'id': 'e48d6ad9-f74c-456d-bfef-bf7663724220', 'name': 'tempest-VolumesAdminNegativeTest-355937063-network', 'tenant_id': '0345390d8442489bb91fc726088166a9', 'admin_state_up': True, 'mtu': 8950, 'status': 'ACTIVE', 'subnets': [], 'shared': False, 'project_id': '0345390d8442489bb91fc726088166a9', 'port_security_enabled': True, 'router:external': False, 'provider:network_type': 'vlan', 'provider:physical_network': 'default', 'provider:segmentation_id': 268, 'is_default': False, 'availability_zone_hints': [], 'availability_zones': [], 'ipv4_address_scope': None, 'ipv6_address_scope': None, 'description': '', 'tags': [], 'created_at': '2025-04-16T22:55:50Z', 'updated_at': '2025-04-16T22:55:50Z', 'revision_number': 1} available for tenant
2025-04-16 22:56:02.615 68303 INFO tempest.lib.common.rest_client [req-779b7208-e3b9-4b0c-89c1-d31436d6e3e4 req-779b7208-e3b9-4b0c-89c1-d31436d6e3e4 ] Request (AttachInterfacesV270Test:test_create_get_list_interfaces): 200 GET http://10.180.1.21/compute/v2.1/servers/d6893024-9531-435b-8893-38f310224d7b 1.111s
2025-04-16 22:56:02.622 68259 INFO tempest.lib.common.rest_client [req-3f2ecdd5-07f1-4206-8219-b33a7c712cdf req-3f2ecdd5-07f1-4206-8219-b33a7c712cdf ] Request (ServersAdminNegativeTestJSON:setUpClass): 200 GET http://10.180.1.21/identity/v3/roles 0.024s
2025-04-16 22:56:02.643 68263 INFO tempest.lib.common.rest_client [req-4707fbda-8075-4d13-8f13-63cd310bffbb req-4707fbda-8075-4d13-8f13-63cd310bffbb ] Request (FloatingIPsAssociationNegativeTestJSON:setUpClass): 200 GET http://10.180.1.21/compute/v2.1/servers/ee6c409a-0d32-48fa-a873-b9b62040aef7 1.119s
2025-04-16 22:56:02.652 68283 INFO tempest.lib.common.rest_client [req-3c7a832f-3240-4c22-8b35-592d555d9837 req-3c7a832f-3240-4c22-8b35-592d555d9837 ] Request (FlavorsAdminTestJSON:test_is_public_string_variations): 200 GET http://10.180.1.21/compute/v2.1/flavors/detail?is_public=no 1.010s
2025-04-16 22:56:02.656 68259 INFO tempest.lib.common.rest_client [req-dbc0824f-3654-4821-bc46-0b18b27e326d req-dbc0824f-3654-4821-bc46-0b18b27e326d ] Request (ServersAdminNegativeTestJSON:setUpClass): 204 PUT http://10.180.1.21/identity/v3/projects/7118d674ebdb43f3ab960da76c5f6fd8/users/710e38738e424d7b9d818002c7b429bd/roles/6ddc8d4ce6264d5ab27f7e0b128fbcff 0.033s
2025-04-16 22:56:02.710 68259 INFO tempest.lib.common.rest_client [req-a9025848-ec8d-4100-9aa2-114227cd1b2c req-a9025848-ec8d-4100-9aa2-114227cd1b2c ] Request (ServersAdminNegativeTestJSON:setUpClass): 200 GET http://10.180.1.21/identity/v3/roles 0.053s
2025-04-16 22:56:02.733 68259 INFO tempest.lib.common.rest_client [req-75799b94-e11e-4e1e-b186-f6d4e11f3b92 req-75799b94-e11e-4e1e-b186-f6d4e11f3b92 ] Request (ServersAdminNegativeTestJSON:setUpClass): 204 PUT http://10.180.1.21/identity/v3/projects/7118d674ebdb43f3ab960da76c5f6fd8/users/710e38738e424d7b9d818002c7b429bd/roles/6ddc8d4ce6264d5ab27f7e0b128fbcff 0.023s
2025-04-16 22:56:02.733 68259 INFO tempest.lib.common.dynamic_creds [-] Dynamic test user 710e38738e424d7b9d818002c7b429bd is created with scope project and roles: ['admin']
2025-04-16 22:56:02.733 68259 INFO tempest.lib.common.dynamic_creds [-] Acquired dynamic creds: credentials: Credentials: {'domain_id': 'default', 'domain_name': 'Default', 'username': 'tempest-ServersAdminNegativeTestJSON-638584199-project-admin', 'project_domain_id': 'default', 'project_domain_name': 'Default', 'project_id': '7118d674ebdb43f3ab960da76c5f6fd8', 'project_name': 'tempest-ServersAdminNegativeTestJSON-638584199', 'tenant_id': '7118d674ebdb43f3ab960da76c5f6fd8', 'tenant_name': 'tempest-ServersAdminNegativeTestJSON-638584199', 'user_domain_id': 'default', 'user_domain_name': 'Default', 'user_id': '710e38738e424d7b9d818002c7b429bd', 'system': None}, Network: None, Subnet: None, Router: None
2025-04-16 22:56:02.734 68259 INFO tempest.lib.common.dynamic_creds [-] Created isolated network resources for: credentials: Credentials: {'domain_id': 'default', 'domain_name': 'Default', 'username': 'tempest-ServersAdminNegativeTestJSON-638584199-project-admin', 'project_domain_id': 'default', 'project_domain_name': 'Default', 'project_id': '7118d674ebdb43f3ab960da76c5f6fd8', 'project_name': 'tempest-ServersAdminNegativeTestJSON-638584199', 'tenant_id': '7118d674ebdb43f3ab960da76c5f6fd8', 'tenant_name': 'tempest-ServersAdminNegativeTestJSON-638584199', 'user_domain_id': 'default', 'user_domain_name': 'Default', 'user_id': '710e38738e424d7b9d818002c7b429bd', 'system': None}, Network: None, Subnet: None, Router: None
2025-04-16 22:56:02.736 68281 INFO tempest.lib.common.rest_client [req-11d5ffaa-c6be-477d-b1fe-7aeb11ab40e7 req-11d5ffaa-c6be-477d-b1fe-7aeb11ab40e7 ] Request (SecurityGroupRulesNegativeTestJSON:tearDownClass): 202 DELETE http://10.180.1.21/compute/v2.1/os-security-groups/01593007-b809-4b42-8cfe-486cb7d6e857 1.113s
2025-04-16 22:56:02.763 68267 INFO tempest.lib.common.rest_client [req-0bad4717-f8ad-4775-b02d-dd436ab59448 req-0bad4717-f8ad-4775-b02d-dd436ab59448 ] Request (SecurityGroupRulesTestJSON:test_security_group_rules_list): 200 GET http://10.180.1.21/compute/v2.1/os-security-groups/f0c10a85-75dd-4633-bc5a-4ec8e59dcf6f 0.998s
2025-04-16 22:56:02.806 68257 INFO tempest.lib.common.rest_client [req-1922fe36-7499-4400-8067-eae5d223ed35 req-1922fe36-7499-4400-8067-eae5d223ed35 ] Request (ImagesOneServerTestJSON:setUpClass): 200 GET http://10.180.1.21/compute/v2.1/servers/02dea9f7-00be-4305-909c-ab9245b60e1d 1.102s
2025-04-16 22:56:02.808 68273 INFO tempest.lib.common.rest_client [req-3c04c701-9976-4ae9-89cf-422439c9869c req-3c04c701-9976-4ae9-89cf-422439c9869c ] Request (MigrationsAdminTest:test_list_migrations_in_flavor_resize_situation): 200 GET http://10.180.1.21/compute/v2.1/servers/7db91c79-1cdb-4101-a369-583b8bbae870 1.041s
2025-04-16 22:56:02.816 68259 INFO tempest.lib.common.rest_client [req-23dfe4aa-75b5-43e6-a32e-1ed96dbdb149 req-23dfe4aa-75b5-43e6-a32e-1ed96dbdb149 ] Request (ServersAdminNegativeTestJSON:setUpClass): 201 POST http://10.180.1.21/identity/v3/auth/tokens 0.078s
2025-04-16 22:56:02.817 68259 WARNING tempest.lib.common.rest_client [-] Deprecated: "tenant_id" property is deprecated for removal, use "project_id" instead
2025-04-16 22:56:02.858 68261 INFO tempest.lib.common.rest_client [req-00d392f4-351d-4675-8178-7699fb8f329b req-00d392f4-351d-4675-8178-7699fb8f329b ] Request (ServersAdmin275Test:test_rebuild_update_server_275): 200 GET http://10.180.1.21/compute/v2.1/servers/7900e978-def6-4636-a2cb-94c322a23d15 0.978s
2025-04-16 22:56:02.870 68259 INFO tempest.lib.common.rest_client [req-ff763370-e9ff-4037-ba03-dcf50c652162 req-ff763370-e9ff-4037-ba03-dcf50c652162 ] Request (ServersAdminNegativeTestJSON:setUpClass): 201 POST http://10.180.1.21/identity/v3/auth/tokens 0.050s
2025-04-16 22:56:02.870 68259 INFO tempest.lib.common.fixed_network [-] (ServersAdminNegativeTestJSON:setUpClass) Found network None available for tenant
2025-04-16 22:56:02.891 68287 INFO tempest.lib.common.rest_client [req-fde1144d-8acd-4015-a351-09c62bd8717c req-fde1144d-8acd-4015-a351-09c62bd8717c ] Request (InstanceActionsTestJSON:setUpClass): 200 GET http://10.180.1.21/compute/v2.1/servers/a2fd776e-9a01-4b67-bc23-1605d6e2b23e 1.060s
2025-04-16 22:56:02.900 68285 INFO tempest.lib.common.rest_client [req-8e640c0e-7e17-4a95-be2b-0e954613b04d req-8e640c0e-7e17-4a95-be2b-0e954613b04d ] Request (ListServersNegativeTestJSON:setUpClass): 200 GET http://10.180.1.21/compute/v2.1/servers/b017d568-1ad8-4d8d-84e8-5771341389bf 0.974s
2025-04-16 22:56:02.987 68269 INFO tempest.lib.common.rest_client [req-1663dffa-7474-4aa5-bc17-cb6e09325440 req-1663dffa-7474-4aa5-bc17-cb6e09325440 ] Request (TenantUsagesTestJSON:setUpClass): 200 GET http://10.180.1.21/compute/v2.1/servers/f6e698af-6d7e-40d5-988b-450f300b67a1 1.009s
2025-04-16 22:56:02.993 68311 INFO tempest.lib.common.rest_client [req-02977e9f-3460-4234-b1d9-b8d568581e29 req-02977e9f-3460-4234-b1d9-b8d568581e29 ] Request (AggregatesAdminNegativeTestJSON:test_aggregate_remove_host_as_user): 403 POST http://10.180.1.21/compute/v2.1/os-aggregates/7/action 0.933s
2025-04-16 22:56:03.041 68289 INFO tempest.lib.common.rest_client [req-a858dfcb-5cde-4c91-8bb0-4cca660132ae req-a858dfcb-5cde-4c91-8bb0-4cca660132ae ] Request (ServerExternalEventsTest:test_create_server_external_events): 200 GET http://10.180.1.21/compute/v2.1/servers/e1027e0e-7938-4772-84c2-f879e9ce4144 0.767s
2025-04-16 22:56:03.094 68307 INFO tempest.lib.common.rest_client [req-625ff58f-b18e-47a5-b752-60f6a87dbc4c req-625ff58f-b18e-47a5-b752-60f6a87dbc4c ] Request (ServerDiagnosticsTest:test_get_server_diagnostics): 200 GET http://10.180.1.21/compute/v2.1/servers/bb8b7561-424e-48ba-9faa-65d6f6465a20 0.746s
2025-04-16 22:56:03.136 68277 INFO tempest.lib.common.rest_client [req-64a2360c-e964-4a75-ab41-8897e7bd7e8c req-64a2360c-e964-4a75-ab41-8897e7bd7e8c ] Request (VolumesAssistedSnapshotsTest:test_volume_assisted_snapshot_create_delete): 200 GET http://10.180.1.21/compute/v2.1/servers/b462ac2e-d668-4ac1-a6b3-2cfb49a2e0cd 0.720s
2025-04-16 22:56:03.183 68301 INFO tempest.lib.common.rest_client [req-75fb17f2-e035-451e-84d8-f1746ae3f527 req-75fb17f2-e035-451e-84d8-f1746ae3f527 ] Request (ServersTestJSON:setUpClass): 200 GET http://10.180.1.21/compute/v2.1/servers/0d6c2ea5-71ff-49bb-ae23-3323e9b4a3f6 0.706s
2025-04-16 22:56:03.214 68265 INFO tempest.lib.common.rest_client [req-3112e200-ba1e-4fc1-ab9f-358b1905ab16 req-3112e200-ba1e-4fc1-ab9f-358b1905ab16 ] Request (AbsoluteLimitsNegativeTestJSON:test_max_metadata_exceed_limit): 403 POST http://10.180.1.21/compute/v2.1/servers 1.244s
2025-04-16 22:56:03.317 68293 INFO tempest.lib.common.rest_client [req-da11774d-2bb6-4a0a-b9d5-e0e3da54db13 req-da11774d-2bb6-4a0a-b9d5-e0e3da54db13 ] Request (FloatingIPsAssociationTestJSON:setUpClass): 200 GET http://10.180.1.21/compute/v2.1/servers/faf24c4e-135e-47df-85a6-05024bc9b64b 0.751s
2025-04-16 22:56:03.319 68265 INFO tempest.lib.common.rest_client [req-64d37324-8362-4542-b651-d16320943c84 req-64d37324-8362-4542-b651-d16320943c84 ] Request (AbsoluteLimitsNegativeTestJSON:tearDownClass): 204 DELETE http://10.180.1.21/identity/v3/users/7f83bfa15ca545b8887efc26593b2546 0.103s
2025-04-16 22:56:03.319 68265 INFO tempest.lib.common.dynamic_creds [-] Deleting project and security group for project: 971fa5e529ac492d9d05b30b4ea8525d
2025-04-16 22:56:03.327 68283 INFO tempest.lib.common.rest_client [req-c56a2a33-2abf-4792-ab88-b0d70e5a2cd4 req-c56a2a33-2abf-4792-ab88-b0d70e5a2cd4 ] Request (FlavorsAdminTestJSON:test_is_public_string_variations): 200 GET http://10.180.1.21/compute/v2.1/flavors/detail?is_public=0 0.672s
2025-04-16 22:56:03.368 68275 INFO tempest.lib.common.rest_client [req-4bb58536-af39-4305-bff4-d6315a40fa8d req-4bb58536-af39-4305-bff4-d6315a40fa8d ] Request (QuotasAdminTestV257:test_get_updated_quotas): 200 GET http://10.180.1.21/identity/v3/domains?name=Default 0.090s
2025-04-16 22:56:03.372 68265 INFO tempest.lib.common.rest_client [req-b18bb072-ab49-41d8-a5bb-6c08d43dc46c req-b18bb072-ab49-41d8-a5bb-6c08d43dc46c ] Request (AbsoluteLimitsNegativeTestJSON:tearDownClass): 201 POST http://10.180.1.21/identity/v3/auth/tokens 0.053s
2025-04-16 22:56:03.398 68275 INFO tempest.lib.common.rest_client [req-9fcd6e14-edb1-4ee9-ab52-2379482311d1 req-9fcd6e14-edb1-4ee9-ab52-2379482311d1 ] Request (QuotasAdminTestV257:test_get_updated_quotas): 201 POST http://10.180.1.21/identity/v3/projects 0.030s
2025-04-16 22:56:03.439 68281 INFO tempest.lib.common.rest_client [req-2f0d9084-116f-4218-9266-091aa15d663f req-2f0d9084-116f-4218-9266-091aa15d663f ] Request (SecurityGroupRulesNegativeTestJSON:tearDownClass): 202 DELETE http://10.180.1.21/compute/v2.1/os-security-groups/bcb0dd0d-0cac-4025-a491-dace967f20ba 0.702s
2025-04-16 22:56:03.448 68275 INFO tempest.lib.common.rest_client [req-1be0c09f-cc9f-4f91-996b-db65721179ae req-1be0c09f-cc9f-4f91-996b-db65721179ae ] Request (QuotasAdminTestV257:test_get_updated_quotas): 200 GET http://10.180.1.21/identity/v3/domains?name=Default 0.050s
2025-04-16 22:56:03.567 68267 INFO tempest.lib.common.rest_client [req-cfc4edbe-b6df-4fb5-9272-bb1b250ca29b req-cfc4edbe-b6df-4fb5-9272-bb1b250ca29b ] Request (SecurityGroupRulesTestJSON:_run_cleanups): 202 DELETE http://10.180.1.21/compute/v2.1/os-security-group-rules/9ec7c997-0335-4266-a2f3-5251b594721a 0.801s
2025-04-16 22:56:03.596 68299 INFO tempest.lib.common.rest_client [req-827b8bbb-c3bf-43cb-a135-ab3275182ba2 req-827b8bbb-c3bf-43cb-a135-ab3275182ba2 ] Request (VolumesAdminNegativeTest:test_update_attached_volume_with_nonexistent_volume_in_body): 202 POST http://10.180.1.21/compute/v2.1/servers 0.990s
2025-04-16 22:56:03.599 68265 INFO tempest.lib.common.rest_client [req-12f681b8-91c4-405a-8956-e91fd8b00069 req-12f681b8-91c4-405a-8956-e91fd8b00069 ] Request (AbsoluteLimitsNegativeTestJSON:tearDownClass): 200 GET http://10.180.1.21:9696/networking/v2.0/security-groups?tenant_id=971fa5e529ac492d9d05b30b4ea8525d&name=default 0.225s
2025-04-16 22:56:03.671 68265 INFO tempest.lib.common.rest_client [req-c26f8750-d73c-443e-ba94-3f15b2d45891 req-c26f8750-d73c-443e-ba94-3f15b2d45891 ] Request (AbsoluteLimitsNegativeTestJSON:tearDownClass): 204 DELETE http://10.180.1.21:9696/networking/v2.0/security-groups/1f59df90-a2f8-4056-ba3c-700c4ab0305d 0.072s
2025-04-16 22:56:03.732 68265 INFO tempest.lib.common.rest_client [req-da085830-da04-4bbb-a177-eabf1c15bedc req-da085830-da04-4bbb-a177-eabf1c15bedc ] Request (AbsoluteLimitsNegativeTestJSON:tearDownClass): 204 DELETE http://10.180.1.21/identity/v3/projects/971fa5e529ac492d9d05b30b4ea8525d 0.061s
2025-04-16 22:56:03.767 68295 INFO tempest.lib.common.rest_client [req-e86eafd8-0ad9-4694-a064-df2e08d28f0c req-e86eafd8-0ad9-4694-a064-df2e08d28f0c ] Request (ServersAdminTestJSON:setUpClass): 200 GET http://10.180.1.21/compute/v2.1/servers/af6b3228-0e6e-4c8f-a9ef-5b5db684ec5f 0.879s
2025-04-16 22:56:03.794 68265 INFO tempest.lib.common.rest_client [req-deb27e80-5877-4b8e-acca-4bc63a1612db req-deb27e80-5877-4b8e-acca-4bc63a1612db ] Request (DeleteServersTestJSON:setUpClass): 201 POST http://10.180.1.21/identity/v3/auth/tokens 0.060s
2025-04-16 22:56:03.820 68271 INFO tempest.lib.common.rest_client [req-67ed15dd-b7be-43eb-a584-e486080671ef req-67ed15dd-b7be-43eb-a584-e486080671ef ] Request (ServerDiagnosticsV248Test:test_get_server_diagnostics): 200 GET http://10.180.1.21/compute/v2.1/servers/fece5f33-93ed-4202-8cd0-637924929ee4 0.854s
2025-04-16 22:56:03.822 68265 INFO tempest.lib.common.rest_client [req-20ba50a9-80b9-4d7c-8924-21656ae169d4 req-20ba50a9-80b9-4d7c-8924-21656ae169d4 ] Request (DeleteServersTestJSON:setUpClass): 201 POST http://10.180.1.21/identity/v3/auth/tokens 0.026s
2025-04-16 22:56:03.845 68265 INFO tempest.lib.common.rest_client [req-299ac12c-b36b-44be-a317-84e500d27436 req-299ac12c-b36b-44be-a317-84e500d27436 ] Request (DeleteServersTestJSON:setUpClass): 200 GET http://10.180.1.21/identity/v3/domains?name=Default 0.022s
2025-04-16 22:56:03.874 68265 INFO tempest.lib.common.rest_client [req-e4520bd9-e992-4f59-81e5-92a426f8259a req-e4520bd9-e992-4f59-81e5-92a426f8259a ] Request (DeleteServersTestJSON:setUpClass): 201 POST http://10.180.1.21/identity/v3/projects 0.028s
2025-04-16 22:56:03.879 68259 INFO tempest.lib.common.rest_client [req-b59f81c3-59c6-487a-a1d4-f0c4b6f3c5f0 req-b59f81c3-59c6-487a-a1d4-f0c4b6f3c5f0 ] Request (ServersAdminNegativeTestJSON:setUpClass): 202 POST http://10.180.1.21/compute/v2.1/servers 1.008s
2025-04-16 22:56:03.927 68305 INFO tempest.lib.common.rest_client [req-8bc22333-3261-401a-9fee-7d2937a609f8 req-8bc22333-3261-401a-9fee-7d2937a609f8 ] Request (ServersTestBootFromVolume:setUpClass): 200 GET http://10.180.1.21/compute/v2.1/servers/1b5b8be5-7e9c-4269-994a-e54aeb75774f 0.920s
2025-04-16 22:56:03.937 68265 INFO tempest.lib.common.rest_client [req-5008e424-1992-4d53-a7c7-782cbc805b51 req-5008e424-1992-4d53-a7c7-782cbc805b51 ] Request (DeleteServersTestJSON:setUpClass): 201 POST http://10.180.1.21/identity/v3/users 0.063s
2025-04-16 22:56:03.957 68265 INFO tempest.lib.common.rest_client [req-f6e4747e-06f5-4a05-aeed-2e72a1937a6c req-f6e4747e-06f5-4a05-aeed-2e72a1937a6c ] Request (DeleteServersTestJSON:setUpClass): 200 GET http://10.180.1.21/identity/v3/roles 0.019s
2025-04-16 22:56:03.971 68317 INFO tempest.lib.common.rest_client [req-62d5e1bb-7a86-47bc-8990-7ca7c1a04cba req-62d5e1bb-7a86-47bc-8990-7ca7c1a04cba ] Request (ServerPasswordTestJSON:setUpClass): 200 GET http://10.180.1.21/compute/v2.1/servers/b22ae1a7-c9b8-464b-a81c-73144a0176be 0.906s
2025-04-16 22:56:03.992 68265 INFO tempest.lib.common.rest_client [req-b83bd11f-d095-48e8-8027-69780f1f872e req-b83bd11f-d095-48e8-8027-69780f1f872e ] Request (DeleteServersTestJSON:setUpClass): 204 PUT http://10.180.1.21/identity/v3/projects/4ff581ae563e45108f497cade6990d79/users/78df84566c65469890b3b6f15f3e5e01/roles/918a5a8f204341fea68cada33246e8ab 0.034s
2025-04-16 22:56:03.992 68265 INFO tempest.lib.common.dynamic_creds [-] Dynamic test user 78df84566c65469890b3b6f15f3e5e01 is created with scope project and roles: ['member']
2025-04-16 22:56:03.992 68265 INFO tempest.lib.common.dynamic_creds [-] Acquired dynamic creds: credentials: Credentials: {'domain_id': 'default', 'domain_name': 'Default', 'username': 'tempest-DeleteServersTestJSON-367932552-project-member', 'project_domain_id': 'default', 'project_domain_name': 'Default', 'project_id': '4ff581ae563e45108f497cade6990d79', 'project_name': 'tempest-DeleteServersTestJSON-367932552', 'tenant_id': '4ff581ae563e45108f497cade6990d79', 'tenant_name': 'tempest-DeleteServersTestJSON-367932552', 'user_domain_id': 'default', 'user_domain_name': 'Default', 'user_id': '78df84566c65469890b3b6f15f3e5e01', 'system': None}, Network: None, Subnet: None, Router: None
2025-04-16 22:56:04.050 68265 INFO tempest.lib.common.rest_client [req-4ed9a344-f7d4-4a86-be59-c762323e555f req-4ed9a344-f7d4-4a86-be59-c762323e555f ] Request (DeleteServersTestJSON:setUpClass): 201 POST http://10.180.1.21/identity/v3/auth/tokens 0.057s
2025-04-16 22:56:04.070 68311 INFO tempest.lib.common.rest_client [req-13876d6c-8274-4acf-a9c0-a71cc113cc95 req-13876d6c-8274-4acf-a9c0-a71cc113cc95 ] Request (AggregatesAdminNegativeTestJSON:_run_cleanups): 200 POST http://10.180.1.21/compute/v2.1/os-aggregates/7/action 1.076s
2025-04-16 22:56:04.079 68279 INFO tempest.lib.common.rest_client [req-b27519d8-bfa3-47df-87b5-8d660c578862 req-b27519d8-bfa3-47df-87b5-8d660c578862 ] Request (DeleteServersAdminTestJSON:test_admin_delete_servers_of_others): 200 GET http://10.180.1.21/compute/v2.1/servers/b623a2f1-404e-4f48-aeb2-ebb372260a86 0.878s
2025-04-16 22:56:04.091 68283 INFO tempest.lib.common.rest_client [req-e25792b7-9bff-4865-bc98-d746d9f46878 req-e25792b7-9bff-4865-bc98-d746d9f46878 ] Request (FlavorsAdminTestJSON:test_is_public_string_variations): 200 GET http://10.180.1.21/compute/v2.1/flavors/detail?is_public=t 0.761s
2025-04-16 22:56:04.196 68281 INFO tempest.lib.common.rest_client [req-693dae1c-bfc8-4877-8b9b-1e17236ba366 req-693dae1c-bfc8-4877-8b9b-1e17236ba366 ] Request (SecurityGroupRulesNegativeTestJSON:tearDownClass): 202 DELETE http://10.180.1.21/compute/v2.1/os-security-groups/d2cc7536-2af2-4ab4-992f-dcf45bc67e7d 0.757s
2025-04-16 22:56:04.265 68275 INFO tempest.lib.common.rest_client [req-f82b5158-8b17-4309-bac7-e790cdbc6ac2 req-f82b5158-8b17-4309-bac7-e790cdbc6ac2 ] Request (QuotasAdminTestV257:test_get_updated_quotas): 200 PUT http://10.180.1.21/compute/v2.1/os-quota-sets/cb78d104d113440fafaaedb1cd2f0849 0.816s
2025-04-16 22:56:04.300 68291 INFO tempest.lib.common.rest_client [req-213c716f-34ab-4789-809e-029f17d64c0b req-213c716f-34ab-4789-809e-029f17d64c0b ] Request (ServerDiagnosticsNegativeTest:test_get_server_diagnostics_by_non_admin): 200 GET http://10.180.1.21/compute/v2.1/servers/04e59d76-a2d5-482c-90a0-fcb407c0bd4e 0.780s
2025-04-16 22:56:04.320 68297 INFO tempest.lib.common.rest_client [req-86f1f646-c240-47f4-ba48-a2804b69fcc8 req-86f1f646-c240-47f4-ba48-a2804b69fcc8 ] Request (ServersTestManualDisk:setUpClass): 200 GET http://10.180.1.21/compute/v2.1/servers/83b04c8c-39f6-4f58-b965-0a94c063b68b 0.772s
2025-04-16 22:56:04.348 68309 INFO tempest.lib.common.rest_client [req-058f9a55-61dd-42f2-96ba-a89c850b098c req-058f9a55-61dd-42f2-96ba-a89c850b098c ] Request (ServersWithSpecificFlavorTestJSON:test_verify_created_server_ephemeral_disk): 200 GET http://10.180.1.21/compute/v2.1/servers/8870c8cf-bf83-482d-91a9-47fdedc79586 0.781s
2025-04-16 22:56:04.383 68265 INFO tempest.lib.common.rest_client [req-fd2cd7de-d608-4cbf-aec3-7da4b5739cc1 req-fd2cd7de-d608-4cbf-aec3-7da4b5739cc1 ] Request (DeleteServersTestJSON:setUpClass): 201 POST http://10.180.1.21:9696/networking/v2.0/networks 0.332s
2025-04-16 22:56:04.400 68299 INFO tempest.lib.common.rest_client [req-f6eaabf9-6bbe-4e75-a7b3-239a51a9ecd3 req-f6eaabf9-6bbe-4e75-a7b3-239a51a9ecd3 ] Request (VolumesAdminNegativeTest:test_update_attached_volume_with_nonexistent_volume_in_body): 200 GET http://10.180.1.21/compute/v2.1/servers/72a209af-5976-4943-9752-8c258bb24158 0.803s
2025-04-16 22:56:04.453 68315 INFO tempest.lib.common.rest_client [req-3e8eb42d-ba4b-4143-9d22-acffdbe99f68 req-3e8eb42d-ba4b-4143-9d22-acffdbe99f68 ] Request (ServerAddressesNegativeTestJSON:setUpClass): 200 GET http://10.180.1.21/compute/v2.1/servers/3963518a-23de-434e-9f88-392a80daf120 0.850s
2025-04-16 22:56:04.512 68303 INFO tempest.lib.common.rest_client [req-f6a13222-ce52-4c8a-b447-b310c7583ae2 req-f6a13222-ce52-4c8a-b447-b310c7583ae2 ] Request (AttachInterfacesV270Test:test_create_get_list_interfaces): 200 GET http://10.180.1.21/compute/v2.1/servers/d6893024-9531-435b-8893-38f310224d7b 0.884s
2025-04-16 22:56:04.566 68267 INFO tempest.lib.common.rest_client [req-a624d88c-a54c-43a9-a8cb-c67360d85fa4 req-a624d88c-a54c-43a9-a8cb-c67360d85fa4 ] Request (SecurityGroupRulesTestJSON:tearDownClass): 202 DELETE http://10.180.1.21/compute/v2.1/os-security-groups/f0c10a85-75dd-4633-bc5a-4ec8e59dcf6f 0.996s
2025-04-16 22:56:04.571 68263 INFO tempest.lib.common.rest_client [req-59259f7a-50af-40ec-b31f-01965fbb55ca req-59259f7a-50af-40ec-b31f-01965fbb55ca ] Request (FloatingIPsAssociationNegativeTestJSON:setUpClass): 200 GET http://10.180.1.21/compute/v2.1/servers/ee6c409a-0d32-48fa-a873-b9b62040aef7 0.920s
2025-04-16 22:56:04.623 68273 INFO tempest.lib.common.rest_client [req-c163d668-32fc-47d6-a951-7665bfba074f req-c163d668-32fc-47d6-a951-7665bfba074f ] Request (MigrationsAdminTest:test_list_migrations_in_flavor_resize_situation): 200 GET http://10.180.1.21/compute/v2.1/servers/7db91c79-1cdb-4101-a369-583b8bbae870 0.807s
2025-04-16 22:56:04.682 68265 INFO tempest.lib.common.rest_client [req-6dd368c3-79a1-4a50-820b-f778347a9578 req-6dd368c3-79a1-4a50-820b-f778347a9578 ] Request (DeleteServersTestJSON:setUpClass): 201 POST http://10.180.1.21:9696/networking/v2.0/subnets 0.299s
2025-04-16 22:56:04.688 68261 INFO tempest.lib.common.rest_client [req-f79a7609-1da5-4733-afde-239e9e44eb51 req-f79a7609-1da5-4733-afde-239e9e44eb51 ] Request (ServersAdmin275Test:test_rebuild_update_server_275): 200 GET http://10.180.1.21/compute/v2.1/servers/7900e978-def6-4636-a2cb-94c322a23d15 0.820s
2025-04-16 22:56:04.705 68257 INFO tempest.lib.common.rest_client [req-417a4991-144b-4e73-9d84-4be890af0636 req-417a4991-144b-4e73-9d84-4be890af0636 ] Request (ImagesOneServerTestJSON:setUpClass): 200 GET http://10.180.1.21/compute/v2.1/servers/02dea9f7-00be-4305-909c-ab9245b60e1d 0.891s
2025-04-16 22:56:04.750 68259 INFO tempest.lib.common.rest_client [req-349cc28f-41da-419c-95d1-1deb44f0394d req-349cc28f-41da-419c-95d1-1deb44f0394d ] Request (ServersAdminNegativeTestJSON:setUpClass): 200 GET http://10.180.1.21/compute/v2.1/servers/21a172f7-20d4-4f17-af4d-cadc0fa33c1d 0.869s
2025-04-16 22:56:04.819 68285 INFO tempest.lib.common.rest_client [req-26b8d5e7-3acf-4ce8-a8b0-1f9cccea9d3f req-26b8d5e7-3acf-4ce8-a8b0-1f9cccea9d3f ] Request (ListServersNegativeTestJSON:setUpClass): 200 GET http://10.180.1.21/compute/v2.1/servers/b017d568-1ad8-4d8d-84e8-5771341389bf 0.910s
2025-04-16 22:56:04.848 68287 INFO tempest.lib.common.rest_client [req-22152aef-f757-4059-96f1-95b1a2f9fe64 req-22152aef-f757-4059-96f1-95b1a2f9fe64 ] Request (InstanceActionsTestJSON:setUpClass): 200 GET http://10.180.1.21/compute/v2.1/servers/a2fd776e-9a01-4b67-bc23-1605d6e2b23e 0.948s
2025-04-16 22:56:04.913 68289 INFO tempest.lib.common.rest_client [req-8fecae5e-2f23-4467-bf41-fc46f1b0e22e req-8fecae5e-2f23-4467-bf41-fc46f1b0e22e ] Request (ServerExternalEventsTest:test_create_server_external_events): 200 GET http://10.180.1.21/compute/v2.1/servers/e1027e0e-7938-4772-84c2-f879e9ce4144 0.858s
2025-04-16 22:56:04.938 68311 INFO tempest.lib.common.rest_client [req-fbf1e8b1-cb49-4a39-b154-2d7e6e2bdb83 req-fbf1e8b1-cb49-4a39-b154-2d7e6e2bdb83 ] Request (AggregatesAdminNegativeTestJSON:_run_cleanups): 200 DELETE http://10.180.1.21/compute/v2.1/os-aggregates/7 0.865s
2025-04-16 22:56:04.952 68283 INFO tempest.lib.common.rest_client [req-fd597819-e0ee-4a6f-8fc3-6f9fb6fbb749 req-fd597819-e0ee-4a6f-8fc3-6f9fb6fbb749 ] Request (FlavorsAdminTestJSON:test_is_public_string_variations): 200 GET http://10.180.1.21/compute/v2.1/flavors/detail?is_public=true 0.856s
2025-04-16 22:56:04.968 68269 INFO tempest.lib.common.rest_client [req-73e1ad16-b45c-40cc-8c57-5d0175214919 req-73e1ad16-b45c-40cc-8c57-5d0175214919 ] Request (TenantUsagesTestJSON:setUpClass): 200 GET http://10.180.1.21/compute/v2.1/servers/f6e698af-6d7e-40d5-988b-450f300b67a1 0.972s
2025-04-16 22:56:05.019 68307 INFO tempest.lib.common.rest_client [req-6adfe7f4-eb01-4a3f-8325-fb11db47077c req-6adfe7f4-eb01-4a3f-8325-fb11db47077c ] Request (ServerDiagnosticsTest:test_get_server_diagnostics): 200 GET http://10.180.1.21/compute/v2.1/servers/bb8b7561-424e-48ba-9faa-65d6f6465a20 0.918s
2025-04-16 22:56:05.021 68277 INFO tempest.lib.common.rest_client [req-dc8fdd21-f2a5-4f46-bc23-db18b77afc8d req-dc8fdd21-f2a5-4f46-bc23-db18b77afc8d ] Request (VolumesAssistedSnapshotsTest:test_volume_assisted_snapshot_create_delete): 200 GET http://10.180.1.21/compute/v2.1/servers/b462ac2e-d668-4ac1-a6b3-2cfb49a2e0cd 0.877s
2025-04-16 22:56:05.077 68301 INFO tempest.lib.common.rest_client [req-efb02b42-79df-43ed-9dbe-2415a0242809 req-efb02b42-79df-43ed-9dbe-2415a0242809 ] Request (ServersTestJSON:setUpClass): 200 GET http://10.180.1.21/compute/v2.1/servers/0d6c2ea5-71ff-49bb-ae23-3323e9b4a3f6 0.885s
2025-04-16 22:56:05.094 68275 INFO tempest.lib.common.rest_client [req-5948b4b7-c838-412b-8016-381bf6d04e74 req-5948b4b7-c838-412b-8016-381bf6d04e74 ] Request (QuotasAdminTestV257:test_get_updated_quotas): 200 GET http://10.180.1.21/compute/v2.1/os-quota-sets/cb78d104d113440fafaaedb1cd2f0849/detail 0.828s
2025-04-16 22:56:05.122 68267 INFO tempest.lib.common.rest_client [req-879eb139-c19b-4907-a867-1f996498ecf4 req-879eb139-c19b-4907-a867-1f996498ecf4 ] Request (SecurityGroupRulesTestJSON:tearDownClass): 404 DELETE http://10.180.1.21/compute/v2.1/os-security-groups/f1f8bf99-3200-406d-b304-b4cba2c2d107 0.556s
2025-04-16 22:56:05.127 68275 INFO tempest.lib.common.rest_client [req-96229e2a-e61e-4626-846d-1a6423f945f2 req-96229e2a-e61e-4626-846d-1a6423f945f2 ] Request (QuotasAdminTestV257:test_get_updated_quotas): 200 GET http://10.180.1.21/identity/v3/domains?name=Default 0.029s
2025-04-16 22:56:05.163 68275 INFO tempest.lib.common.rest_client [req-80a93f96-80fb-4fac-a644-4666e941143c req-80a93f96-80fb-4fac-a644-4666e941143c ] Request (QuotasAdminTestV257:test_get_updated_quotas): 201 POST http://10.180.1.21/identity/v3/users 0.036s
2025-04-16 22:56:05.186 68275 INFO tempest.lib.common.rest_client [req-73e700ff-7007-4a53-806f-1270cc1e027c req-73e700ff-7007-4a53-806f-1270cc1e027c ] Request (QuotasAdminTestV257:test_get_updated_quotas): 200 GET http://10.180.1.21/identity/v3/domains?name=Default 0.022s
2025-04-16 22:56:05.297 68295 INFO tempest.lib.common.rest_client [req-4240a986-3deb-4060-b4ef-2736d2ea42d6 req-4240a986-3deb-4060-b4ef-2736d2ea42d6 ] Request (ServersAdminTestJSON:setUpClass): 200 GET http://10.180.1.21/compute/v2.1/servers/af6b3228-0e6e-4c8f-a9ef-5b5db684ec5f 0.522s
2025-04-16 22:56:05.365 68271 INFO tempest.lib.common.rest_client [req-062c920d-d2ca-4079-b3af-dcf160ac50a1 req-062c920d-d2ca-4079-b3af-dcf160ac50a1 ] Request (ServerDiagnosticsV248Test:test_get_server_diagnostics): 200 GET http://10.180.1.21/compute/v2.1/servers/fece5f33-93ed-4202-8cd0-637924929ee4 0.535s
2025-04-16 22:56:05.424 68305 INFO tempest.lib.common.rest_client [req-c597f509-59e9-4b20-b7a9-d11ea28b88b0 req-c597f509-59e9-4b20-b7a9-d11ea28b88b0 ] Request (ServersTestBootFromVolume:setUpClass): 200 GET http://10.180.1.21/compute/v2.1/servers/1b5b8be5-7e9c-4269-994a-e54aeb75774f 0.489s
2025-04-16 22:56:05.443 68311 INFO tempest.lib.common.rest_client [req-c9930028-83b4-40ab-b841-1000c2878f28 req-c9930028-83b4-40ab-b841-1000c2878f28 ] Request (AggregatesAdminNegativeTestJSON:test_aggregate_remove_nonexistent_host): 200 POST http://10.180.1.21/compute/v2.1/os-aggregates 0.504s
2025-04-16 22:56:05.456 68293 INFO tempest.lib.common.rest_client [req-ac195e69-5c98-4fb1-85ad-77fc3b8749e1 req-ac195e69-5c98-4fb1-85ad-77fc3b8749e1 ] Request (FloatingIPsAssociationTestJSON:setUpClass): 200 GET http://10.180.1.21/compute/v2.1/servers/faf24c4e-135e-47df-85a6-05024bc9b64b 1.129s
2025-04-16 22:56:05.457 68283 INFO tempest.lib.common.rest_client [req-76fd539c-7144-4bec-985e-b8846f8b2434 req-76fd539c-7144-4bec-985e-b8846f8b2434 ] Request (FlavorsAdminTestJSON:test_is_public_string_variations): 200 GET http://10.180.1.21/compute/v2.1/flavors/detail?is_public=yes 0.500s
2025-04-16 22:56:05.517 68317 INFO tempest.lib.common.rest_client [req-5cccd5d5-3438-4a47-9a8a-58e95b7c90eb req-5cccd5d5-3438-4a47-9a8a-58e95b7c90eb ] Request (ServerPasswordTestJSON:setUpClass): 200 GET http://10.180.1.21/compute/v2.1/servers/b22ae1a7-c9b8-464b-a81c-73144a0176be 0.536s
