2024-10-16 19:48:39.918 59722 INFO tempest.lib.common.dynamic_creds [-] Created isolated network resources for: credentials: Credentials: {'domain_id': 'default', 'domain_name': 'Default', 'username': 'tempest-ServersTestJSON-1479251508-project-member', 'project_domain_id': 'default', 'project_domain_name': 'Default', 'project_id': '32691d7e58fd4838bcbd980df316b8f3', 'project_name': 'tempest-ServersTestJSON-1479251508', 'tenant_id': '32691d7e58fd4838bcbd980df316b8f3', 'tenant_name': 'tempest-ServersTestJSON-1479251508', 'user_domain_id': 'default', 'user_domain_name': 'Default', 'user_id': 'f72d5bd85c1c4034a25e6bc045d2cde6', 'system': None}, Network: {'id': '359ec63c-d4d9-4a18-b041-afae05e0571e', 'name': 'tempest-ServersTestJSON-23978963-network', 'tenant_id': '32691d7e58fd4838bcbd980df316b8f3', 'admin_state_up': True, 'mtu': 8950, 'status': 'ACTIVE', 'subnets': [], 'shared': False, 'project_id': '32691d7e58fd4838bcbd980df316b8f3', 'port_security_enabled': True, 'router:external': False, 'provider:network_type': 'vlan', 'provider:physical_network': 'default', 'provider:segmentation_id': 188, 'is_default': False, 'availability_zone_hints': [], 'availability_zones': [], 'ipv4_address_scope': None, 'ipv6_address_scope': None, 'description': '', 'tags': [], 'created_at': '2024-10-16T19:48:27Z', 'updated_at': '2024-10-16T19:48:27Z', 'revision_number': 1}, Subnet: {'id': '5b6fad02-3341-48e7-9e76-e77153e6f03a', 'name': 'tempest-ServersTestJSON-23978963-subnet', 'tenant_id': '32691d7e58fd4838bcbd980df316b8f3', 'network_id': '359ec63c-d4d9-4a18-b041-afae05e0571e', 'ip_version': 4, 'subnetpool_id': None, 'enable_dhcp': True, 'ipv6_ra_mode': None, 'ipv6_address_mode': None, 'gateway_ip': '192.168.128.1', 'cidr': '192.168.128.0/28', 'allocation_pools': [{'start': '192.168.128.2', 'end': '192.168.128.14'}], 'host_routes': [], 'dns_nameservers': [], 'description': '', 'service_types': [], 'tags': [], 'created_at': '2024-10-16T19:48:28Z', 'updated_at': '2024-10-16T19:48:28Z', 'revision_number': 0, 'project_id': '32691d7e58fd4838bcbd980df316b8f3'}, Router: {'id': 'e0e74e27-a85f-4e6b-9b9c-9498ef07a2e3', 'name': 'tempest-ServersTestJSON-23978963-router', 'tenant_id': '32691d7e58fd4838bcbd980df316b8f3', 'admin_state_up': True, 'status': 'ACTIVE', 'external_gateway_info': {'network_id': '246ecd1a-65f7-4f89-a76f-f850f550be11', 'external_fixed_ips': [{'subnet_id': 'b3d57c9e-bdc0-4fe7-837e-74d9f9fbe4a4', 'ip_address': '10.180.180.151'}], 'enable_snat': True}, 'description': '', 'availability_zones': [], 'distributed': False, 'ha': False, 'availability_zone_hints': [], 'routes': [], 'flavor_id': None, 'tags': [], 'created_at': '2024-10-16T19:48:29Z', 'updated_at': '2024-10-16T19:48:32Z', 'revision_number': 2, 'project_id': '32691d7e58fd4838bcbd980df316b8f3'}
2024-10-16 19:48:39.952 59778 INFO tempest.lib.common.rest_client [req-6da5f1c9-98fc-4ab6-bffb-719c84f20551 req-6da5f1c9-98fc-4ab6-bffb-719c84f20551 ] Request (ImagesOneServerTestJSON:tearDownClass): 204 DELETE http://10.180.1.21:9696/networking/v2.0/routers/40b8f46d-a5df-4d47-8102-2872f9b688f9 2.133s
2024-10-16 19:48:39.997 59722 INFO tempest.lib.common.rest_client [req-fc9de6b4-694a-4320-b945-f608fc0190b0 req-fc9de6b4-694a-4320-b945-f608fc0190b0 ] Request (ServersTestJSON:setUpClass): 201 POST http://10.180.1.21/identity/v3/auth/tokens 0.076s
2024-10-16 19:48:40.015 59746 INFO tempest.lib.common.rest_client [req-b241ddb5-d9ca-4271-ae33-432c363acf59 req-b241ddb5-d9ca-4271-ae33-432c363acf59 ] Request (SecurityGroupsTestJSON:test_server_security_groups): 200 GET http://10.180.1.21/compute/v2.1/servers/1d35faf5-024d-435c-b79a-c69ca146d21f 0.296s
2024-10-16 19:48:40.026 59722 INFO tempest.lib.common.rest_client [req-9a6e5969-02b8-4df4-be50-eec27a169846 req-9a6e5969-02b8-4df4-be50-eec27a169846 ] Request (ServersTestJSON:setUpClass): 200 GET http://10.180.1.21/identity/v3/projects/32691d7e58fd4838bcbd980df316b8f3 0.028s
2024-10-16 19:48:40.026 59722 INFO tempest.lib.common.dynamic_creds [-] Using the existing project 32691d7e58fd4838bcbd980df316b8f3 for scope project and roles: ['reader']
2024-10-16 19:48:40.052 59722 INFO tempest.lib.common.rest_client [req-bb997e69-43dc-4037-bd8a-01cffdb6313d req-bb997e69-43dc-4037-bd8a-01cffdb6313d ] Request (ServersTestJSON:setUpClass): 201 POST http://10.180.1.21/identity/v3/users 0.026s
2024-10-16 19:48:40.076 59722 INFO tempest.lib.common.rest_client [req-497f848d-8ac0-4ae0-aaa3-51f9a90154af req-497f848d-8ac0-4ae0-aaa3-51f9a90154af ] Request (ServersTestJSON:setUpClass): 200 GET http://10.180.1.21/identity/v3/roles 0.023s
2024-10-16 19:48:40.089 59762 INFO tempest.lib.common.rest_client [req-cd786877-84d8-4625-b879-752c7c424106 req-cd786877-84d8-4625-b879-752c7c424106 ] Request (ServersNegativeTestMultiTenantJSON:tearDownClass): 204 DELETE http://10.180.1.21:9696/networking/v2.0/routers/c1f4bb01-f8b4-40de-86bd-6163f4044fc5 2.459s
2024-10-16 19:48:40.093 59726 INFO tempest.lib.common.rest_client [req-fb2f70b6-9439-41a6-95d5-bff3b91fecae req-fb2f70b6-9439-41a6-95d5-bff3b91fecae ] Request (ServerDiskConfigTestJSON:test_resize_server_from_auto_to_manual): 202 POST http://10.180.1.21/compute/v2.1/servers 1.789s
2024-10-16 19:48:40.106 59722 INFO tempest.lib.common.rest_client [req-1d572916-cf90-4649-b727-62b73680eb62 req-1d572916-cf90-4649-b727-62b73680eb62 ] Request (ServersTestJSON:setUpClass): 204 PUT http://10.180.1.21/identity/v3/projects/32691d7e58fd4838bcbd980df316b8f3/users/6fb3fe07f0f44d99ab60e71686a389a4/roles/92b71c10c8eb4d34a74de980630fda20 0.029s
2024-10-16 19:48:40.106 59722 INFO tempest.lib.common.dynamic_creds [-] Dynamic test user 6fb3fe07f0f44d99ab60e71686a389a4 is created with scope project and roles: ['reader']
2024-10-16 19:48:40.106 59722 INFO tempest.lib.common.dynamic_creds [-] Acquired dynamic creds: credentials: Credentials: {'domain_id': 'default', 'domain_name': 'Default', 'username': 'tempest-ServersTestJSON-1479251508-project-reader', 'project_domain_id': 'default', 'project_domain_name': 'Default', 'project_id': '32691d7e58fd4838bcbd980df316b8f3', 'project_name': 'tempest-ServersTestJSON-1479251508', 'tenant_id': '32691d7e58fd4838bcbd980df316b8f3', 'tenant_name': 'tempest-ServersTestJSON-1479251508', 'user_domain_id': 'default', 'user_domain_name': 'Default', 'user_id': '6fb3fe07f0f44d99ab60e71686a389a4', 'system': None}, Network: None, Subnet: None, Router: None
2024-10-16 19:48:40.107 59722 INFO tempest.lib.common.dynamic_creds [-] Network resources are not created for requested scope: project and credentials: Credentials: {'domain_id': 'default', 'domain_name': 'Default', 'username': 'tempest-ServersTestJSON-1479251508-project-reader', 'project_domain_id': 'default', 'project_domain_name': 'Default', 'project_id': '32691d7e58fd4838bcbd980df316b8f3', 'project_name': 'tempest-ServersTestJSON-1479251508', 'tenant_id': '32691d7e58fd4838bcbd980df316b8f3', 'tenant_name': 'tempest-ServersTestJSON-1479251508', 'user_domain_id': 'default', 'user_domain_name': 'Default', 'user_id': '6fb3fe07f0f44d99ab60e71686a389a4', 'system': None}, Network: None, Subnet: None, Router: None
2024-10-16 19:48:40.177 59722 INFO tempest.lib.common.rest_client [req-7808d162-bf21-4d33-810d-b90a22655be3 req-7808d162-bf21-4d33-810d-b90a22655be3 ] Request (ServersTestJSON:setUpClass): 201 POST http://10.180.1.21/identity/v3/auth/tokens 0.067s
2024-10-16 19:48:40.236 59722 INFO tempest.lib.common.rest_client [req-004a0d7b-a745-43bc-8ad7-b977093c3575 req-004a0d7b-a745-43bc-8ad7-b977093c3575 ] Request (ServersTestJSON:test_create_server_specify_multibyte_character_name): 201 POST http://10.180.1.21/identity/v3/auth/tokens 0.055s
2024-10-16 19:48:40.237 59722 INFO tempest.lib.common.fixed_network [-] (ServersTestJSON:test_create_server_specify_multibyte_character_name) Found network {'id': '359ec63c-d4d9-4a18-b041-afae05e0571e', 'name': 'tempest-ServersTestJSON-23978963-network', 'tenant_id': '32691d7e58fd4838bcbd980df316b8f3', 'admin_state_up': True, 'mtu': 8950, 'status': 'ACTIVE', 'subnets': [], 'shared': False, 'project_id': '32691d7e58fd4838bcbd980df316b8f3', 'port_security_enabled': True, 'router:external': False, 'provider:network_type': 'vlan', 'provider:physical_network': 'default', 'provider:segmentation_id': 188, 'is_default': False, 'availability_zone_hints': [], 'availability_zones': [], 'ipv4_address_scope': None, 'ipv6_address_scope': None, 'description': '', 'tags': [], 'created_at': '2024-10-16T19:48:27Z', 'updated_at': '2024-10-16T19:48:27Z', 'revision_number': 1} available for tenant
2024-10-16 19:48:40.259 59726 INFO tempest.lib.common.rest_client [req-a08e42e1-8468-4962-950d-b3dcfe597835 req-a08e42e1-8468-4962-950d-b3dcfe597835 ] Request (ServerDiskConfigTestJSON:test_resize_server_from_auto_to_manual): 200 GET http://10.180.1.21/compute/v2.1/servers/d52c6d74-a7ed-4799-b88b-05454b263287 0.164s
2024-10-16 19:48:40.359 59734 INFO tempest.lib.common.rest_client [req-321f064b-8a81-43f7-a465-911782caab94 req-321f064b-8a81-43f7-a465-911782caab94 ] Request (ServersNegativeTestJSON:setUpClass): 201 POST http://10.180.1.21:9696/networking/v2.0/networks 0.971s
2024-10-16 19:48:40.620 59782 INFO tempest.lib.common.rest_client [req-510c0ec9-82bf-41da-8537-a84b63d2f915 req-510c0ec9-82bf-41da-8537-a84b63d2f915 ] Request (SecurityGroupRulesTestJSON:tearDownClass): 204 DELETE http://10.180.1.21:9696/networking/v2.0/security-groups/90a223bf-2ee9-4826-be8c-6e648b8ef543 0.846s
2024-10-16 19:48:40.642 59742 INFO tempest.lib.common.rest_client [req-2263ae9f-6a69-42cd-acd0-d9d7bcc84242 req-2263ae9f-6a69-42cd-acd0-d9d7bcc84242 ] Request (FlavorsV261TestJSON:tearDownClass): 204 DELETE http://10.180.1.21:9696/networking/v2.0/security-groups/64ec5d6a-9551-4e1e-8f56-26a5bb6ce5e6 0.785s
2024-10-16 19:48:40.705 59762 INFO tempest.lib.common.rest_client [req-45d052ed-482f-488d-94bd-ecfdaa6a047e req-45d052ed-482f-488d-94bd-ecfdaa6a047e ] Request (ServersNegativeTestMultiTenantJSON:tearDownClass): 204 DELETE http://10.180.1.21:9696/networking/v2.0/subnets/1524c429-3082-41b7-92bb-3678408a73c3 0.616s
2024-10-16 19:48:40.717 59782 INFO tempest.lib.common.rest_client [req-44f620a8-49fa-48ac-96e4-6586949cca28 req-44f620a8-49fa-48ac-96e4-6586949cca28 ] Request (SecurityGroupRulesTestJSON:tearDownClass): 204 DELETE http://10.180.1.21/identity/v3/projects/0cbbcbe6defc4c12a9080f1e0290c95e 0.096s
2024-10-16 19:48:40.741 59742 INFO tempest.lib.common.rest_client [req-8aa21f33-975b-4d1c-9b23-46bd351581e5 req-8aa21f33-975b-4d1c-9b23-46bd351581e5 ] Request (FlavorsV261TestJSON:tearDownClass): 204 DELETE http://10.180.1.21/identity/v3/projects/3b37d38c890845d9b16d429793eb61a8 0.099s
2024-10-16 19:48:40.741 59742 INFO tempest.lib.common.dynamic_creds [-] Deleting project and security group for project: 0fbd5632407b47a6a970b0952a71800a
2024-10-16 19:48:40.876 59740 INFO tempest.lib.common.rest_client [req-26535bd5-b185-4c43-a971-488cf1fd51fb req-26535bd5-b185-4c43-a971-488cf1fd51fb ] Request (ServerAddressesTestJSON:tearDownClass): 200 PUT http://10.180.1.21:9696/networking/v2.0/routers/db2a886f-b0a7-4e38-befa-fa4bc3c6a67c/remove_router_interface 4.360s
2024-10-16 19:48:40.975 59738 INFO tempest.lib.common.rest_client [req-79f05439-4769-4feb-9aa4-f991bddb51db req-79f05439-4769-4feb-9aa4-f991bddb51db ] Request (ServerShowV247Test:test_update_rebuild_list_server): 200 GET http://10.180.1.21/compute/v2.1/servers/1d6fb105-7087-4bdf-9b1c-b194baf39a55 0.139s
2024-10-16 19:48:41.053 59778 INFO tempest.lib.common.rest_client [req-bdde54cb-3236-4944-9b22-dd7c684d95f6 req-bdde54cb-3236-4944-9b22-dd7c684d95f6 ] Request (ImagesOneServerTestJSON:tearDownClass): 204 DELETE http://10.180.1.21:9696/networking/v2.0/subnets/f599be59-001c-47a7-b6c2-613fffefe8c7 1.101s
2024-10-16 19:48:41.079 59732 INFO tempest.lib.common.rest_client [req-67666462-f20a-44b2-9b7e-bab6091878da req-67666462-f20a-44b2-9b7e-bab6091878da ] Request (AttachInterfacesV270Test:setUpClass): 200 PUT http://10.180.1.21:9696/networking/v2.0/routers/0ab4a76c-bf21-4e7e-b664-90b2aa87f91e/add_router_interface 5.265s
2024-10-16 19:48:41.079 59732 INFO tempest.lib.common.dynamic_creds [-] Created isolated network resources for: credentials: Credentials: {'domain_id': 'default', 'domain_name': 'Default', 'username': 'tempest-AttachInterfacesV270Test-345564379-project-member', 'project_domain_id': 'default', 'project_domain_name': 'Default', 'project_id': '4eb99fc0ff6248e58d01a7b1e3ba5948', 'project_name': 'tempest-AttachInterfacesV270Test-345564379', 'tenant_id': '4eb99fc0ff6248e58d01a7b1e3ba5948', 'tenant_name': 'tempest-AttachInterfacesV270Test-345564379', 'user_domain_id': 'default', 'user_domain_name': 'Default', 'user_id': 'ad5d108d0dca486f9caed3e033b2f1eb', 'system': None}, Network: {'id': 'baa9d852-3c35-474e-9852-81c4a9ead6e8', 'name': 'tempest-AttachInterfacesV270Test-1715912596-network', 'tenant_id': '4eb99fc0ff6248e58d01a7b1e3ba5948', 'admin_state_up': True, 'mtu': 8950, 'status': 'ACTIVE', 'subnets': [], 'shared': False, 'project_id': '4eb99fc0ff6248e58d01a7b1e3ba5948', 'port_security_enabled': True, 'router:external': False, 'provider:network_type': 'vlan', 'provider:physical_network': 'default', 'provider:segmentation_id': 321, 'is_default': False, 'availability_zone_hints': [], 'availability_zones': [], 'ipv4_address_scope': None, 'ipv6_address_scope': None, 'description': '', 'tags': [], 'created_at': '2024-10-16T19:48:31Z', 'updated_at': '2024-10-16T19:48:31Z', 'revision_number': 1}, Subnet: {'id': '66421d32-e794-40c4-af08-0fd0616df8f9', 'name': 'tempest-AttachInterfacesV270Test-1715912596-subnet', 'tenant_id': '4eb99fc0ff6248e58d01a7b1e3ba5948', 'network_id': 'baa9d852-3c35-474e-9852-81c4a9ead6e8', 'ip_version': 4, 'subnetpool_id': None, 'enable_dhcp': True, 'ipv6_ra_mode': None, 'ipv6_address_mode': None, 'gateway_ip': '192.168.128.1', 'cidr': '192.168.128.0/28', 'allocation_pools': [{'start': '192.168.128.2', 'end': '192.168.128.14'}], 'host_routes': [], 'dns_nameservers': [], 'description': '', 'service_types': [], 'tags': [], 'created_at': '2024-10-16T19:48:32Z', 'updated_at': '2024-10-16T19:48:32Z', 'revision_number': 0, 'project_id': '4eb99fc0ff6248e58d01a7b1e3ba5948'}, Router: {'id': '0ab4a76c-bf21-4e7e-b664-90b2aa87f91e', 'name': 'tempest-AttachInterfacesV270Test-1715912596-router', 'tenant_id': '4eb99fc0ff6248e58d01a7b1e3ba5948', 'admin_state_up': True, 'status': 'ACTIVE', 'external_gateway_info': {'network_id': '246ecd1a-65f7-4f89-a76f-f850f550be11', 'external_fixed_ips': [{'subnet_id': 'b3d57c9e-bdc0-4fe7-837e-74d9f9fbe4a4', 'ip_address': '10.180.180.138'}], 'enable_snat': True}, 'description': '', 'availability_zones': [], 'distributed': False, 'ha': False, 'availability_zone_hints': [], 'routes': [], 'flavor_id': None, 'tags': [], 'created_at': '2024-10-16T19:48:32Z', 'updated_at': '2024-10-16T19:48:34Z', 'revision_number': 2, 'project_id': '4eb99fc0ff6248e58d01a7b1e3ba5948'}
2024-10-16 19:48:41.167 59746 INFO tempest.lib.common.rest_client [req-dff627d8-0bab-48f3-9b01-b2a39cd2568b req-dff627d8-0bab-48f3-9b01-b2a39cd2568b ] Request (SecurityGroupsTestJSON:test_server_security_groups): 200 GET http://10.180.1.21/compute/v2.1/servers/1d35faf5-024d-435c-b79a-c69ca146d21f 0.144s
2024-10-16 19:48:41.175 59746 INFO tempest.common.waiters [-] State transition "BUILD/scheduling" ==> "ERROR/None" after 1 second wait
2024-10-16 19:48:41.306 59732 INFO tempest.lib.common.rest_client [req-72a4246f-4b7b-4538-8708-b906cd96b2eb req-72a4246f-4b7b-4538-8708-b906cd96b2eb ] Request (AttachInterfacesV270Test:setUpClass): 201 POST http://10.180.1.21/identity/v3/auth/tokens 0.222s
2024-10-16 19:48:41.339 59732 INFO tempest.lib.common.rest_client [req-d433d8b3-3e46-44a6-86be-0e6cb7ecaf5b req-d433d8b3-3e46-44a6-86be-0e6cb7ecaf5b ] Request (AttachInterfacesV270Test:test_create_get_list_interfaces): 201 POST http://10.180.1.21/identity/v3/auth/tokens 0.028s
2024-10-16 19:48:41.340 59732 INFO tempest.lib.common.fixed_network [-] (AttachInterfacesV270Test:test_create_get_list_interfaces) Found network {'id': 'baa9d852-3c35-474e-9852-81c4a9ead6e8', 'name': 'tempest-AttachInterfacesV270Test-1715912596-network', 'tenant_id': '4eb99fc0ff6248e58d01a7b1e3ba5948', 'admin_state_up': True, 'mtu': 8950, 'status': 'ACTIVE', 'subnets': [], 'shared': False, 'project_id': '4eb99fc0ff6248e58d01a7b1e3ba5948', 'port_security_enabled': True, 'router:external': False, 'provider:network_type': 'vlan', 'provider:physical_network': 'default', 'provider:segmentation_id': 321, 'is_default': False, 'availability_zone_hints': [], 'availability_zones': [], 'ipv4_address_scope': None, 'ipv6_address_scope': None, 'description': '', 'tags': [], 'created_at': '2024-10-16T19:48:31Z', 'updated_at': '2024-10-16T19:48:31Z', 'revision_number': 1} available for tenant
2024-10-16 19:48:41.386 59766 INFO tempest.lib.common.rest_client [req-3956fbbd-b985-4dbb-82bc-336e3086e8ba req-3956fbbd-b985-4dbb-82bc-336e3086e8ba ] Request (MultipleCreateTestJSON:tearDownClass): 200 PUT http://10.180.1.21:9696/networking/v2.0/routers/295d1744-1e0b-481f-a449-90203cd8f66f/remove_router_interface 4.521s
2024-10-16 19:48:41.415 59742 INFO tempest.lib.common.rest_client [req-4b58ec38-c24e-4595-be7f-d19e09ff1e25 req-4b58ec38-c24e-4595-be7f-d19e09ff1e25 ] Request (FlavorsV261TestJSON:tearDownClass): 200 GET http://10.180.1.21:9696/networking/v2.0/security-groups?tenant_id=0fbd5632407b47a6a970b0952a71800a&name=default 0.673s
2024-10-16 19:48:41.491 59746 INFO tempest.lib.common.rest_client [req-000296d2-6b79-4d8a-98ac-d8cb14984c71 req-000296d2-6b79-4d8a-98ac-d8cb14984c71 ] Request (SecurityGroupsTestJSON:test_server_security_groups): 204 DELETE http://10.180.1.21/compute/v2.1/servers/1d35faf5-024d-435c-b79a-c69ca146d21f 0.316s
2024-10-16 19:48:41.549 59734 INFO tempest.lib.common.rest_client [req-bff94130-beaa-4b84-8ea0-d6ae79edbae3 req-bff94130-beaa-4b84-8ea0-d6ae79edbae3 ] Request (ServersNegativeTestJSON:setUpClass): 201 POST http://10.180.1.21:9696/networking/v2.0/subnets 1.189s
2024-10-16 19:48:41.599 59762 INFO tempest.lib.common.rest_client [req-f2c9a929-872b-4e57-ad93-70d978f63f9a req-f2c9a929-872b-4e57-ad93-70d978f63f9a ] Request (ServersNegativeTestMultiTenantJSON:tearDownClass): 204 DELETE http://10.180.1.21:9696/networking/v2.0/networks/7c333ba7-8555-43f3-bed4-449740c51a41 0.893s
2024-10-16 19:48:41.712 59722 INFO tempest.lib.common.rest_client [req-473eaefc-c375-452b-ad0d-8d6b325627ba req-473eaefc-c375-452b-ad0d-8d6b325627ba ] Request (ServersTestJSON:test_create_server_specify_multibyte_character_name): 202 POST http://10.180.1.21/compute/v2.1/servers 1.474s
2024-10-16 19:48:41.726 59762 INFO tempest.lib.common.rest_client [req-920d4a2b-8e80-47c3-bade-7fa197348485 req-920d4a2b-8e80-47c3-bade-7fa197348485 ] Request (ServersNegativeTestMultiTenantJSON:tearDownClass): 204 DELETE http://10.180.1.21/identity/v3/users/0082b0572d2848f794c057a93291ae86 0.126s
2024-10-16 19:48:41.765 59742 INFO tempest.lib.common.rest_client [req-35fd5671-fa3f-420c-bae9-62d734b7c853 req-35fd5671-fa3f-420c-bae9-62d734b7c853 ] Request (FlavorsV261TestJSON:tearDownClass): 204 DELETE http://10.180.1.21:9696/networking/v2.0/security-groups/64e90bd0-b266-4593-889f-9428f69f373b 0.349s
2024-10-16 19:48:41.806 59726 INFO tempest.lib.common.rest_client [req-88697d1a-a4a7-4426-b13e-ee9f14404098 req-88697d1a-a4a7-4426-b13e-ee9f14404098 ] Request (ServerDiskConfigTestJSON:test_resize_server_from_auto_to_manual): 200 GET http://10.180.1.21/compute/v2.1/servers/d52c6d74-a7ed-4799-b88b-05454b263287 0.536s
2024-10-16 19:48:41.815 59726 INFO tempest.common.waiters [-] State transition "BUILD/scheduling" ==> "ERROR/None" after 1 second wait
2024-10-16 19:48:41.829 59762 INFO tempest.lib.common.rest_client [req-58ee9f1d-404e-44e9-9109-c168a049ea8f req-58ee9f1d-404e-44e9-9109-c168a049ea8f ] Request (ServersNegativeTestMultiTenantJSON:tearDownClass): 204 DELETE http://10.180.1.21/identity/v3/users/ee3474a299294d4e8b91d7d521b23a58 0.102s
2024-10-16 19:48:41.829 59762 INFO tempest.lib.common.dynamic_creds [-] Deleting project and security group for project: 4632fed38799437594e5019a85a7bf81
2024-10-16 19:48:41.837 59746 INFO tempest.lib.common.rest_client [req-b227b16b-fcfc-4942-8245-e7579fcfd525 req-b227b16b-fcfc-4942-8245-e7579fcfd525 ] Request (SecurityGroupsTestJSON:test_server_security_groups): 404 GET http://10.180.1.21/compute/v2.1/servers/1d35faf5-024d-435c-b79a-c69ca146d21f 0.345s
2024-10-16 19:48:41.923 59742 INFO tempest.lib.common.rest_client [req-39685547-2497-4869-b785-ed2db03f53d9 req-39685547-2497-4869-b785-ed2db03f53d9 ] Request (FlavorsV261TestJSON:tearDownClass): 204 DELETE http://10.180.1.21/identity/v3/projects/0fbd5632407b47a6a970b0952a71800a 0.158s
2024-10-16 19:48:41.946 59722 INFO tempest.lib.common.rest_client [req-827e5c47-b8d1-4ecd-9b29-6052b11e7ec6 req-827e5c47-b8d1-4ecd-9b29-6052b11e7ec6 ] Request (ServersTestJSON:test_create_server_specify_multibyte_character_name): 200 GET http://10.180.1.21/compute/v2.1/servers/3f44ba4d-7913-47dc-be84-eef6758a7464 0.228s
2024-10-16 19:48:41.979 59742 INFO tempest.lib.common.rest_client [req-fd43912d-4bd6-417b-a1fb-c3182aa25d70 req-fd43912d-4bd6-417b-a1fb-c3182aa25d70 ] Request (ServicesAdminNegativeTestJSON:setUpClass): 201 POST http://10.180.1.21/identity/v3/auth/tokens 0.055s
2024-10-16 19:48:41.999 59762 INFO tempest.lib.common.rest_client [req-2048d968-734f-4efa-8b61-f4a0c688fde2 req-2048d968-734f-4efa-8b61-f4a0c688fde2 ] Request (ServersNegativeTestMultiTenantJSON:tearDownClass): 200 GET http://10.180.1.21:9696/networking/v2.0/security-groups?tenant_id=4632fed38799437594e5019a85a7bf81&name=default 0.169s
2024-10-16 19:48:42.012 59742 INFO tempest.lib.common.rest_client [req-18a5a79d-ad1a-4ddf-8d11-0a1cf29eb468 req-18a5a79d-ad1a-4ddf-8d11-0a1cf29eb468 ] Request (ServicesAdminNegativeTestJSON:setUpClass): 201 POST http://10.180.1.21/identity/v3/auth/tokens 0.031s
2024-10-16 19:48:42.036 59742 INFO tempest.lib.common.rest_client [req-296e671f-532b-4899-b884-2683a2d122d5 req-296e671f-532b-4899-b884-2683a2d122d5 ] Request (ServicesAdminNegativeTestJSON:setUpClass): 200 GET http://10.180.1.21/identity/v3/domains?name=Default 0.023s
2024-10-16 19:48:42.065 59742 INFO tempest.lib.common.rest_client [req-d6749fe4-d615-40d1-b469-ab7dbb340666 req-d6749fe4-d615-40d1-b469-ab7dbb340666 ] Request (ServicesAdminNegativeTestJSON:setUpClass): 201 POST http://10.180.1.21/identity/v3/projects 0.027s
2024-10-16 19:48:42.121 59742 INFO tempest.lib.common.rest_client [req-5dc6b8d6-82a4-48fc-b94a-5fd1f5e5d9ee req-5dc6b8d6-82a4-48fc-b94a-5fd1f5e5d9ee ] Request (ServicesAdminNegativeTestJSON:setUpClass): 201 POST http://10.180.1.21/identity/v3/users 0.055s
2024-10-16 19:48:42.140 59742 INFO tempest.lib.common.rest_client [req-5419bd4a-aabb-43ea-b501-fa38d78f9c6a req-5419bd4a-aabb-43ea-b501-fa38d78f9c6a ] Request (ServicesAdminNegativeTestJSON:setUpClass): 200 GET http://10.180.1.21/identity/v3/roles 0.018s
2024-10-16 19:48:42.157 59726 INFO tempest.lib.common.rest_client [req-92668527-f17c-4320-9260-05bbd1564185 req-92668527-f17c-4320-9260-05bbd1564185 ] Request (ServerDiskConfigTestJSON:test_resize_server_from_auto_to_manual): 204 DELETE http://10.180.1.21/compute/v2.1/servers/d52c6d74-a7ed-4799-b88b-05454b263287 0.342s
2024-10-16 19:48:42.168 59742 INFO tempest.lib.common.rest_client [req-5923333c-ec58-447b-9ef1-ad215e2b87d9 req-5923333c-ec58-447b-9ef1-ad215e2b87d9 ] Request (ServicesAdminNegativeTestJSON:setUpClass): 204 PUT http://10.180.1.21/identity/v3/projects/7db1cac1ab6e450e911ab285eaaa34fa/users/b5f9326e6462467f99891d0590c6e0ab/roles/3c7a39534fae4266b3c64ae102d46edf 0.027s
2024-10-16 19:48:42.168 59742 INFO tempest.lib.common.dynamic_creds [-] Dynamic test user b5f9326e6462467f99891d0590c6e0ab is created with scope project and roles: ['member']
2024-10-16 19:48:42.168 59742 INFO tempest.lib.common.dynamic_creds [-] Acquired dynamic creds: credentials: Credentials: {'domain_id': 'default', 'domain_name': 'Default', 'username': 'tempest-ServicesAdminNegativeTestJSON-975728063-project-member', 'project_domain_id': 'default', 'project_domain_name': 'Default', 'project_id': '7db1cac1ab6e450e911ab285eaaa34fa', 'project_name': 'tempest-ServicesAdminNegativeTestJSON-975728063', 'tenant_id': '7db1cac1ab6e450e911ab285eaaa34fa', 'tenant_name': 'tempest-ServicesAdminNegativeTestJSON-975728063', 'user_domain_id': 'default', 'user_domain_name': 'Default', 'user_id': 'b5f9326e6462467f99891d0590c6e0ab', 'system': None}, Network: None, Subnet: None, Router: None
2024-10-16 19:48:42.168 59742 INFO tempest.lib.common.dynamic_creds [-] Created isolated network resources for: credentials: Credentials: {'domain_id': 'default', 'domain_name': 'Default', 'username': 'tempest-ServicesAdminNegativeTestJSON-975728063-project-member', 'project_domain_id': 'default', 'project_domain_name': 'Default', 'project_id': '7db1cac1ab6e450e911ab285eaaa34fa', 'project_name': 'tempest-ServicesAdminNegativeTestJSON-975728063', 'tenant_id': '7db1cac1ab6e450e911ab285eaaa34fa', 'tenant_name': 'tempest-ServicesAdminNegativeTestJSON-975728063', 'user_domain_id': 'default', 'user_domain_name': 'Default', 'user_id': 'b5f9326e6462467f99891d0590c6e0ab', 'system': None}, Network: None, Subnet: None, Router: None
2024-10-16 19:48:42.227 59742 INFO tempest.lib.common.rest_client [req-ce935d49-a27e-4e7f-9f10-f82da741ea28 req-ce935d49-a27e-4e7f-9f10-f82da741ea28 ] Request (ServicesAdminNegativeTestJSON:setUpClass): 201 POST http://10.180.1.21/identity/v3/auth/tokens 0.055s
2024-10-16 19:48:42.288 59742 INFO tempest.lib.common.rest_client [req-bfcc5d73-038c-4ded-8954-6bc5d33fd72d req-bfcc5d73-038c-4ded-8954-6bc5d33fd72d ] Request (ServicesAdminNegativeTestJSON:setUpClass): 201 POST http://10.180.1.21/identity/v3/projects 0.060s
2024-10-16 19:48:42.340 59742 INFO tempest.lib.common.rest_client [req-964678d5-76e5-4590-bdfd-41ac947b8782 req-964678d5-76e5-4590-bdfd-41ac947b8782 ] Request (ServicesAdminNegativeTestJSON:setUpClass): 201 POST http://10.180.1.21/identity/v3/users 0.052s
2024-10-16 19:48:42.359 59742 INFO tempest.lib.common.rest_client [req-df73094e-8cad-4584-aeef-d97f3b44a0dc req-df73094e-8cad-4584-aeef-d97f3b44a0dc ] Request (ServicesAdminNegativeTestJSON:setUpClass): 200 GET http://10.180.1.21/identity/v3/roles 0.019s
2024-10-16 19:48:42.385 59742 INFO tempest.lib.common.rest_client [req-9f47a55d-206d-4c08-b7fd-404a0c4da846 req-9f47a55d-206d-4c08-b7fd-404a0c4da846 ] Request (ServicesAdminNegativeTestJSON:setUpClass): 204 PUT http://10.180.1.21/identity/v3/projects/b59a6739d0294ed0b4fe8ce22ed7b875/users/8e15f58870c04e7eb896aa332437329c/roles/f15b9cd80e80401f9db5251672dc6a54 0.025s
2024-10-16 19:48:42.436 59742 INFO tempest.lib.common.rest_client [req-db756128-8875-47f1-bc3a-786055687e88 req-db756128-8875-47f1-bc3a-786055687e88 ] Request (ServicesAdminNegativeTestJSON:setUpClass): 200 GET http://10.180.1.21/identity/v3/roles 0.051s
2024-10-16 19:48:42.456 59742 INFO tempest.lib.common.rest_client [req-215ece8a-671d-463f-be48-51bf50640827 req-215ece8a-671d-463f-be48-51bf50640827 ] Request (ServicesAdminNegativeTestJSON:setUpClass): 204 PUT http://10.180.1.21/identity/v3/projects/b59a6739d0294ed0b4fe8ce22ed7b875/users/8e15f58870c04e7eb896aa332437329c/roles/f15b9cd80e80401f9db5251672dc6a54 0.019s
2024-10-16 19:48:42.456 59742 INFO tempest.lib.common.dynamic_creds [-] Dynamic test user 8e15f58870c04e7eb896aa332437329c is created with scope project and roles: ['admin']
2024-10-16 19:48:42.456 59742 INFO tempest.lib.common.dynamic_creds [-] Acquired dynamic creds: credentials: Credentials: {'domain_id': 'default', 'domain_name': 'Default', 'username': 'tempest-ServicesAdminNegativeTestJSON-1216217301-project-admin', 'project_domain_id': 'default', 'project_domain_name': 'Default', 'project_id': 'b59a6739d0294ed0b4fe8ce22ed7b875', 'project_name': 'tempest-ServicesAdminNegativeTestJSON-1216217301', 'tenant_id': 'b59a6739d0294ed0b4fe8ce22ed7b875', 'tenant_name': 'tempest-ServicesAdminNegativeTestJSON-1216217301', 'user_domain_id': 'default', 'user_domain_name': 'Default', 'user_id': '8e15f58870c04e7eb896aa332437329c', 'system': None}, Network: None, Subnet: None, Router: None
2024-10-16 19:48:42.457 59742 INFO tempest.lib.common.dynamic_creds [-] Created isolated network resources for: credentials: Credentials: {'domain_id': 'default', 'domain_name': 'Default', 'username': 'tempest-ServicesAdminNegativeTestJSON-1216217301-project-admin', 'project_domain_id': 'default', 'project_domain_name': 'Default', 'project_id': 'b59a6739d0294ed0b4fe8ce22ed7b875', 'project_name': 'tempest-ServicesAdminNegativeTestJSON-1216217301', 'tenant_id': 'b59a6739d0294ed0b4fe8ce22ed7b875', 'tenant_name': 'tempest-ServicesAdminNegativeTestJSON-1216217301', 'user_domain_id': 'default', 'user_domain_name': 'Default', 'user_id': '8e15f58870c04e7eb896aa332437329c', 'system': None}, Network: None, Subnet: None, Router: None
2024-10-16 19:48:42.529 59742 INFO tempest.lib.common.rest_client [req-11bcd418-6935-4c24-8064-1843e1adca69 req-11bcd418-6935-4c24-8064-1843e1adca69 ] Request (ServicesAdminNegativeTestJSON:setUpClass): 201 POST http://10.180.1.21/identity/v3/auth/tokens 0.068s
2024-10-16 19:48:42.530 59778 INFO tempest.lib.common.rest_client [req-fcfc3a82-b8fd-44d2-88c3-b825dc507b43 req-fcfc3a82-b8fd-44d2-88c3-b825dc507b43 ] Request (ImagesOneServerTestJSON:tearDownClass): 204 DELETE http://10.180.1.21:9696/networking/v2.0/networks/e68f85fb-6c18-4b85-b1bb-00ff9f6d9318 1.477s
2024-10-16 19:48:42.549 59736 INFO tempest.lib.common.rest_client [req-5937b462-b4f6-4b59-a200-62e7f34cb34d req-5937b462-b4f6-4b59-a200-62e7f34cb34d ] Request (ServersV294TestFqdnHostnames:setUpClass): 201 POST http://10.180.1.21:9696/networking/v2.0/floatingips 2.673s
2024-10-16 19:48:42.596 59762 INFO tempest.lib.common.rest_client [req-726493ee-3d46-49f2-94bb-94d5a99ffac5 req-726493ee-3d46-49f2-94bb-94d5a99ffac5 ] Request (ServersNegativeTestMultiTenantJSON:tearDownClass): 204 DELETE http://10.180.1.21:9696/networking/v2.0/security-groups/df0ae563-9c9a-4f15-bc30-bfd8cd3149b2 0.596s
2024-10-16 19:48:42.618 59778 INFO tempest.lib.common.rest_client [req-b932eb24-a34c-4c93-9b52-9bbf5afd4320 req-b932eb24-a34c-4c93-9b52-9bbf5afd4320 ] Request (ImagesOneServerTestJSON:tearDownClass): 204 DELETE http://10.180.1.21/identity/v3/users/36d75c18e68643fb96386273f98d6c08 0.087s
2024-10-16 19:48:42.620 59778 INFO tempest.lib.common.dynamic_creds [-] Deleting project and security group for project: 7c893f5f02774f5d8968f0ab9350daa1
2024-10-16 19:48:42.629 59736 INFO tempest.lib.common.rest_client [req-81c2fd0a-3c55-4baa-8f69-49b74647a1c1 req-81c2fd0a-3c55-4baa-8f69-49b74647a1c1 ] Request (ServersV294TestFqdnHostnames:setUpClass): 201 POST http://10.180.1.21/identity/v3/auth/tokens 0.076s
2024-10-16 19:48:42.630 59736 INFO tempest.lib.common.fixed_network [-] (ServersV294TestFqdnHostnames:setUpClass) Found network {'id': '8bb5a87c-d398-4b04-9d68-247254d742e3', 'name': 'tempest-ServersV294TestFqdnHostnames-1476153715-network', 'tenant_id': 'b8498c8902774f03931b80becc9aad8c', 'admin_state_up': True, 'mtu': 8950, 'status': 'ACTIVE', 'subnets': [], 'shared': False, 'project_id': 'b8498c8902774f03931b80becc9aad8c', 'port_security_enabled': True, 'router:external': False, 'provider:network_type': 'vlan', 'provider:physical_network': 'default', 'provider:segmentation_id': 107, 'is_default': False, 'availability_zone_hints': [], 'availability_zones': [], 'ipv4_address_scope': None, 'ipv6_address_scope': None, 'description': '', 'tags': [], 'created_at': '2024-10-16T19:48:27Z', 'updated_at': '2024-10-16T19:48:27Z', 'revision_number': 1} available for tenant
2024-10-16 19:48:42.656 59746 INFO tempest.lib.common.rest_client [req-3ac1e033-27cf-4e05-b569-db2a799249cd req-3ac1e033-27cf-4e05-b569-db2a799249cd ] Request (SecurityGroupsTestJSON:test_update_security_groups): 200 POST http://10.180.1.21/compute/v2.1/os-security-groups 0.812s
2024-10-16 19:48:42.714 59762 INFO tempest.lib.common.rest_client [req-b6dcc790-19c0-43fe-a716-136a536b2bb0 req-b6dcc790-19c0-43fe-a716-136a536b2bb0 ] Request (ServersNegativeTestMultiTenantJSON:tearDownClass): 204 DELETE http://10.180.1.21/identity/v3/projects/4632fed38799437594e5019a85a7bf81 0.117s
2024-10-16 19:48:42.715 59762 INFO tempest.lib.common.dynamic_creds [-] Deleting project and security group for project: c2d4d50f35f2456a894c9e8451c3f4c4
2024-10-16 19:48:42.755 59778 INFO tempest.lib.common.rest_client [req-807c8ef1-b89d-4af4-9bdc-82e4c083f015 req-807c8ef1-b89d-4af4-9bdc-82e4c083f015 ] Request (ImagesOneServerTestJSON:tearDownClass): 200 GET http://10.180.1.21:9696/networking/v2.0/security-groups?tenant_id=7c893f5f02774f5d8968f0ab9350daa1&name=default 0.134s
2024-10-16 19:48:42.764 59738 INFO tempest.lib.common.rest_client [req-1893a960-f576-483c-aed9-63f27fb5b196 req-1893a960-f576-483c-aed9-63f27fb5b196 ] Request (ServerShowV247Test:test_update_rebuild_list_server): 200 GET http://10.180.1.21/compute/v2.1/servers/1d6fb105-7087-4bdf-9b1c-b194baf39a55 0.778s
2024-10-16 19:48:42.786 59726 INFO tempest.lib.common.rest_client [req-1a64beea-dcc9-44b1-a736-a135b9aa1542 req-1a64beea-dcc9-44b1-a736-a135b9aa1542 ] Request (ServerDiskConfigTestJSON:test_resize_server_from_auto_to_manual): 404 GET http://10.180.1.21/compute/v2.1/servers/d52c6d74-a7ed-4799-b88b-05454b263287 0.628s
2024-10-16 19:48:42.809 59740 INFO tempest.lib.common.rest_client [req-75a8147b-c5c5-47cd-b2a2-d7cfda556b07 req-75a8147b-c5c5-47cd-b2a2-d7cfda556b07 ] Request (ServerAddressesTestJSON:tearDownClass): 204 DELETE http://10.180.1.21:9696/networking/v2.0/routers/db2a886f-b0a7-4e38-befa-fa4bc3c6a67c 1.932s
2024-10-16 19:48:42.852 59726 INFO tempest.lib.common.rest_client [req-b1e44d52-a752-4d74-a08b-deee3833c41b req-b1e44d52-a752-4d74-a08b-deee3833c41b ] Request (ServerDiskConfigTestJSON:test_resize_server_from_manual_to_auto): 201 POST http://10.180.1.21/identity/v3/auth/tokens 0.057s
2024-10-16 19:48:42.856 59726 INFO tempest.lib.common.fixed_network [-] (ServerDiskConfigTestJSON:test_resize_server_from_manual_to_auto) Found network {'id': 'b1afc014-1cd4-4c17-b878-a67c5e303f2b', 'name': 'tempest-ServerDiskConfigTestJSON-2061217496-network', 'tenant_id': 'b53e0ad3e7a2485ba3547c57d84748ef', 'admin_state_up': True, 'mtu': 8950, 'status': 'ACTIVE', 'subnets': [], 'shared': False, 'project_id': 'b53e0ad3e7a2485ba3547c57d84748ef', 'port_security_enabled': True, 'router:external': False, 'provider:network_type': 'vlan', 'provider:physical_network': 'default', 'provider:segmentation_id': 591, 'is_default': False, 'availability_zone_hints': [], 'availability_zones': [], 'ipv4_address_scope': None, 'ipv6_address_scope': None, 'description': '', 'tags': [], 'created_at': '2024-10-16T19:47:49Z', 'updated_at': '2024-10-16T19:47:49Z', 'revision_number': 1} available for tenant
2024-10-16 19:48:42.919 59758 INFO tempest.lib.common.rest_client [req-6170a981-d3ee-42bd-9851-e7f48184672e req-6170a981-d3ee-42bd-9851-e7f48184672e ] Request (ServersTestMultiNic:tearDownClass): 200 PUT http://10.180.1.21:9696/networking/v2.0/routers/89f650e4-0060-4382-81dc-5c1c255fb275/remove_router_interface 3.771s
2024-10-16 19:48:42.991 59742 INFO tempest.lib.common.rest_client [req-5575ec5d-e5eb-4fc7-89e3-7feda4f89dc6 req-5575ec5d-e5eb-4fc7-89e3-7feda4f89dc6 ] Request (ServicesAdminNegativeTestJSON:test_get_service_by_invalid_params): 200 GET http://10.180.1.21/compute/v2.1/os-services 0.461s
2024-10-16 19:48:43.057 59762 INFO tempest.lib.common.rest_client [req-1034ba40-3a5d-44a7-aad1-10b394465bac req-1034ba40-3a5d-44a7-aad1-10b394465bac ] Request (ServersNegativeTestMultiTenantJSON:tearDownClass): 200 GET http://10.180.1.21:9696/networking/v2.0/security-groups?tenant_id=c2d4d50f35f2456a894c9e8451c3f4c4&name=default 0.342s
2024-10-16 19:48:43.214 59732 INFO tempest.lib.common.rest_client [req-799e0132-9ce7-45f6-ba16-7262f3f4ca70 req-799e0132-9ce7-45f6-ba16-7262f3f4ca70 ] Request (AttachInterfacesV270Test:test_create_get_list_interfaces): 202 POST http://10.180.1.21/compute/v2.1/servers 1.874s
2024-10-16 19:48:43.288 59778 INFO tempest.lib.common.rest_client [req-cbf08100-21cb-48b6-91de-c737ae808986 req-cbf08100-21cb-48b6-91de-c737ae808986 ] Request (ImagesOneServerTestJSON:tearDownClass): 204 DELETE http://10.180.1.21:9696/networking/v2.0/security-groups/75922e3d-d4e3-4204-9bcd-85aabf0dbf46 0.533s
2024-10-16 19:48:43.367 59778 INFO tempest.lib.common.rest_client [req-ee6c5687-d070-4db0-9a0c-7d5c49ef570c req-ee6c5687-d070-4db0-9a0c-7d5c49ef570c ] Request (ImagesOneServerTestJSON:tearDownClass): 204 DELETE http://10.180.1.21/identity/v3/projects/7c893f5f02774f5d8968f0ab9350daa1 0.078s
2024-10-16 19:48:43.394 59762 INFO tempest.lib.common.rest_client [req-da3c3f04-9155-4bad-a24f-fcdce5607990 req-da3c3f04-9155-4bad-a24f-fcdce5607990 ] Request (ServersNegativeTestMultiTenantJSON:tearDownClass): 204 DELETE http://10.180.1.21:9696/networking/v2.0/security-groups/0db7a260-5930-4ae9-b1a6-660dec7638f4 0.337s
2024-10-16 19:48:43.402 59766 INFO tempest.lib.common.rest_client [req-4d46dba8-8e0d-4074-91f7-d03e031fa8ca req-4d46dba8-8e0d-4074-91f7-d03e031fa8ca ] Request (MultipleCreateTestJSON:tearDownClass): 204 DELETE http://10.180.1.21:9696/networking/v2.0/routers/295d1744-1e0b-481f-a449-90203cd8f66f 2.015s
2024-10-16 19:48:43.507 59762 INFO tempest.lib.common.rest_client [req-363b09ae-a6ee-4686-a881-72e0a14260a8 req-363b09ae-a6ee-4686-a881-72e0a14260a8 ] Request (ServersNegativeTestMultiTenantJSON:tearDownClass): 204 DELETE http://10.180.1.21/identity/v3/projects/c2d4d50f35f2456a894c9e8451c3f4c4 0.112s
2024-10-16 19:48:43.506 59768 INFO tempest.lib.common.rest_client [req-53421ba6-bc32-4321-901e-05666f1d810d req-53421ba6-bc32-4321-901e-05666f1d810d ] Request (ServerRescueTestJSONUnderV235:tearDownClass): 200 PUT http://10.180.1.21:9696/networking/v2.0/routers/a581b8a5-0647-4933-b901-47564f77bff9/remove_router_interface 3.666s
2024-10-16 19:48:43.582 59740 INFO tempest.lib.common.rest_client [req-d9764548-6a44-4cba-bfa3-e743f03538d2 req-d9764548-6a44-4cba-bfa3-e743f03538d2 ] Request (ServerAddressesTestJSON:tearDownClass): 204 DELETE http://10.180.1.21:9696/networking/v2.0/subnets/a14f96e2-1038-4462-a8c5-8a34b6aa7901 0.772s
2024-10-16 19:48:43.753 59744 INFO tempest.lib.common.rest_client [req-8b54e937-96cc-4f9c-8fca-5db71189f4b3 req-8b54e937-96cc-4f9c-8fca-5db71189f4b3 ] Request (DeleteServersTestJSON:tearDownClass): 200 PUT http://10.180.1.21:9696/networking/v2.0/routers/023047c7-cacc-4f79-a7f4-a4eef90a841c/remove_router_interface 3.895s
2024-10-16 19:48:43.766 59746 INFO tempest.lib.common.rest_client [req-33addd07-9a96-491d-a612-9b8c21c561e8 req-33addd07-9a96-491d-a612-9b8c21c561e8 ] Request (SecurityGroupsTestJSON:test_update_security_groups): 200 PUT http://10.180.1.21/compute/v2.1/os-security-groups/84bdbe39-b454-4917-a63b-af3e2c870df3 1.107s
2024-10-16 19:48:43.866 59766 INFO tempest.lib.common.rest_client [req-8f28090e-86af-4913-9305-a9627e66667e req-8f28090e-86af-4913-9305-a9627e66667e ] Request (MultipleCreateTestJSON:tearDownClass): 204 DELETE http://10.180.1.21:9696/networking/v2.0/subnets/9f84b181-9fe7-4c3a-8e20-58d99fac6c46 0.464s
2024-10-16 19:48:44.225 59736 INFO tempest.lib.common.rest_client [req-84825954-cc3f-4ef6-a85b-af1afe6097e8 req-84825954-cc3f-4ef6-a85b-af1afe6097e8 ] Request (ServersV294TestFqdnHostnames:setUpClass): 202 POST http://10.180.1.21/compute/v2.1/servers 1.595s
2024-10-16 19:48:44.307 59722 INFO tempest.lib.common.rest_client [req-0464c08c-f7e2-4ead-b88b-36400f9465c7 req-0464c08c-f7e2-4ead-b88b-36400f9465c7 ] Request (ServersTestJSON:test_create_server_specify_multibyte_character_name): 200 GET http://10.180.1.21/compute/v2.1/servers/3f44ba4d-7913-47dc-be84-eef6758a7464 1.353s
2024-10-16 19:48:44.314 59722 INFO tempest.common.waiters [-] State transition "BUILD/scheduling" ==> "ERROR/None" after 3 second wait
2024-10-16 19:48:44.325 59742 INFO tempest.lib.common.rest_client [req-fa9b59d1-3eea-4b55-b8bb-e8877dbbb8e0 req-fa9b59d1-3eea-4b55-b8bb-e8877dbbb8e0 ] Request (ServicesAdminNegativeTestJSON:test_get_service_by_invalid_params): 200 GET http://10.180.1.21/compute/v2.1/os-services?xxx=nova-compute 1.331s
2024-10-16 19:48:44.403 59732 INFO tempest.lib.common.rest_client [req-aaeccda9-6a4d-40ba-82cb-bbd500061c9e req-aaeccda9-6a4d-40ba-82cb-bbd500061c9e ] Request (AttachInterfacesV270Test:test_create_get_list_interfaces): 200 GET http://10.180.1.21/compute/v2.1/servers/00a35299-338b-473d-a4a0-b58578a6ea5a 1.187s
2024-10-16 19:48:44.487 59746 INFO tempest.lib.common.rest_client [req-a3af34ea-73fa-4044-93c3-1289c798a6d9 req-a3af34ea-73fa-4044-93c3-1289c798a6d9 ] Request (SecurityGroupsTestJSON:test_update_security_groups): 200 GET http://10.180.1.21/compute/v2.1/os-security-groups/84bdbe39-b454-4917-a63b-af3e2c870df3 0.718s
2024-10-16 19:48:44.571 59738 INFO tempest.lib.common.rest_client [req-511a1141-6856-4075-91c9-939c10eed5f0 req-511a1141-6856-4075-91c9-939c10eed5f0 ] Request (ServerShowV247Test:test_update_rebuild_list_server): 200 GET http://10.180.1.21/compute/v2.1/servers/1d6fb105-7087-4bdf-9b1c-b194baf39a55 0.794s
2024-10-16 19:48:44.628 59768 INFO tempest.lib.common.rest_client [req-d3e9f037-10e7-4f73-99ee-bc1db0002158 req-d3e9f037-10e7-4f73-99ee-bc1db0002158 ] Request (ServerRescueTestJSONUnderV235:tearDownClass): 204 DELETE http://10.180.1.21:9696/networking/v2.0/routers/a581b8a5-0647-4933-b901-47564f77bff9 1.118s
2024-10-16 19:48:44.647 59736 INFO tempest.lib.common.rest_client [req-22cc9ebc-de3e-4bc6-9257-634accee878a req-22cc9ebc-de3e-4bc6-9257-634accee878a ] Request (ServersV294TestFqdnHostnames:setUpClass): 200 GET http://10.180.1.21/compute/v2.1/servers/1f7884a5-5aca-46ab-893f-84f1d369bee1 0.420s
2024-10-16 19:48:44.739 59744 INFO tempest.lib.common.rest_client [req-fe7926c0-44d5-421c-8da0-8f915438cce9 req-fe7926c0-44d5-421c-8da0-8f915438cce9 ] Request (DeleteServersTestJSON:tearDownClass): 204 DELETE http://10.180.1.21:9696/networking/v2.0/routers/023047c7-cacc-4f79-a7f4-a4eef90a841c 0.986s
2024-10-16 19:48:44.787 59740 INFO tempest.lib.common.rest_client [req-83f0da3f-4154-4091-8dfc-3b2fe0145916 req-83f0da3f-4154-4091-8dfc-3b2fe0145916 ] Request (ServerAddressesTestJSON:tearDownClass): 204 DELETE http://10.180.1.21:9696/networking/v2.0/networks/52c4eff6-4513-4ede-8a1a-154ac94e77fc 1.204s
2024-10-16 19:48:44.849 59758 INFO tempest.lib.common.rest_client [req-4530d41f-8e5a-4242-b42f-70281748aef3 req-4530d41f-8e5a-4242-b42f-70281748aef3 ] Request (ServersTestMultiNic:tearDownClass): 204 DELETE http://10.180.1.21:9696/networking/v2.0/routers/89f650e4-0060-4382-81dc-5c1c255fb275 1.930s
2024-10-16 19:48:44.850 59722 INFO tempest.lib.common.rest_client [req-d2d72062-cf43-48c4-9167-4250c80e7dbd req-d2d72062-cf43-48c4-9167-4250c80e7dbd ] Request (ServersTestJSON:test_create_server_specify_multibyte_character_name): 204 DELETE http://10.180.1.21/compute/v2.1/servers/3f44ba4d-7913-47dc-be84-eef6758a7464 0.535s
2024-10-16 19:48:44.862 59726 INFO tempest.lib.common.rest_client [req-800b3b2c-143d-44b2-9545-1fe62a3fb4f4 req-800b3b2c-143d-44b2-9545-1fe62a3fb4f4 ] Request (ServerDiskConfigTestJSON:test_resize_server_from_manual_to_auto): 202 POST http://10.180.1.21/compute/v2.1/servers 2.005s
2024-10-16 19:48:44.868 59768 INFO tempest.lib.common.rest_client [req-2422d974-02f2-4b04-8f94-dd584e6f75f9 req-2422d974-02f2-4b04-8f94-dd584e6f75f9 ] Request (ServerRescueTestJSONUnderV235:tearDownClass): 204 DELETE http://10.180.1.21:9696/networking/v2.0/subnets/afe5a890-1aab-4223-b453-edb0617048a6 0.240s
2024-10-16 19:48:44.882 59742 INFO tempest.lib.common.rest_client [req-e015b82e-0536-4fb4-a0a3-4278cad8fc97 req-e015b82e-0536-4fb4-a0a3-4278cad8fc97 ] Request (ServicesAdminNegativeTestJSON:test_get_service_by_invalid_service_and_valid_host): 200 GET http://10.180.1.21/compute/v2.1/os-services 0.553s
2024-10-16 19:48:44.893 59740 INFO tempest.lib.common.rest_client [req-ffe5488f-b099-4555-8d98-1f3bce28680a req-ffe5488f-b099-4555-8d98-1f3bce28680a ] Request (ServerAddressesTestJSON:tearDownClass): 204 DELETE http://10.180.1.21/identity/v3/users/879129d13b1c4560acfeae37c767728b 0.106s
2024-10-16 19:48:44.894 59740 INFO tempest.lib.common.dynamic_creds [-] Deleting project and security group for project: da113f0cb07241c2ac0008e36040e2f5
2024-10-16 19:48:44.907 59722 INFO tempest.lib.common.rest_client [req-f312a7fd-bca9-4746-a109-930b28b365d8 req-f312a7fd-bca9-4746-a109-930b28b365d8 ] Request (ServersTestJSON:test_create_server_specify_multibyte_character_name): 404 GET http://10.180.1.21/compute/v2.1/servers/3f44ba4d-7913-47dc-be84-eef6758a7464 0.056s
2024-10-16 19:48:44.907 59722 ERROR tempest.lib.decorators [-] Hints: This test was made for the bug_type 1730756. The failure could be related to https://launchpad.net/bugs/1730756: tempest.exceptions.BuildErrorException: Server 3f44ba4d-7913-47dc-be84-eef6758a7464 failed to build and is in ERROR status
2024-10-16 19:48:44.932 59734 INFO tempest.lib.common.rest_client [req-c33287cb-4902-4956-a991-8df13cd58a8a req-c33287cb-4902-4956-a991-8df13cd58a8a ] Request (ServersNegativeTestJSON:setUpClass): 201 POST http://10.180.1.21:9696/networking/v2.0/routers 3.383s
2024-10-16 19:48:44.964 59726 INFO tempest.lib.common.rest_client [req-652dca06-e408-495c-872d-710afbd66f28 req-652dca06-e408-495c-872d-710afbd66f28 ] Request (ServerDiskConfigTestJSON:test_resize_server_from_manual_to_auto): 200 GET http://10.180.1.21/compute/v2.1/servers/ad52ca55-6de4-4c0e-bb6e-22b32ea5277e 0.101s
2024-10-16 19:48:44.984 59742 INFO tempest.lib.common.rest_client [req-d57e2b05-1def-41f9-8dd1-fd97f59c6229 req-d57e2b05-1def-41f9-8dd1-fd97f59c6229 ] Request (ServicesAdminNegativeTestJSON:test_get_service_by_invalid_service_and_valid_host): 200 GET http://10.180.1.21/compute/v2.1/os-services?host=devstack&binary=xxx 0.100s
2024-10-16 19:48:44.995 59740 INFO tempest.lib.common.rest_client [req-6a990ce3-ae95-45ce-a79a-69354cad5143 req-6a990ce3-ae95-45ce-a79a-69354cad5143 ] Request (ServerAddressesTestJSON:tearDownClass): 200 GET http://10.180.1.21:9696/networking/v2.0/security-groups?tenant_id=da113f0cb07241c2ac0008e36040e2f5&name=default 0.101s
2024-10-16 19:48:44.997 59722 INFO tempest.lib.common.rest_client [req-f47a7757-99b0-4a24-9847-a606598514e0 req-f47a7757-99b0-4a24-9847-a606598514e0 ] Request (ServersTestJSON:test_create_server_with_admin_password): 201 POST http://10.180.1.21/identity/v3/auth/tokens 0.085s
2024-10-16 19:48:44.997 59722 INFO tempest.lib.common.fixed_network [-] (ServersTestJSON:test_create_server_with_admin_password) Found network {'id': '359ec63c-d4d9-4a18-b041-afae05e0571e', 'name': 'tempest-ServersTestJSON-23978963-network', 'tenant_id': '32691d7e58fd4838bcbd980df316b8f3', 'admin_state_up': True, 'mtu': 8950, 'status': 'ACTIVE', 'subnets': [], 'shared': False, 'project_id': '32691d7e58fd4838bcbd980df316b8f3', 'port_security_enabled': True, 'router:external': False, 'provider:network_type': 'vlan', 'provider:physical_network': 'default', 'provider:segmentation_id': 188, 'is_default': False, 'availability_zone_hints': [], 'availability_zones': [], 'ipv4_address_scope': None, 'ipv6_address_scope': None, 'description': '', 'tags': [], 'created_at': '2024-10-16T19:48:27Z', 'updated_at': '2024-10-16T19:48:27Z', 'revision_number': 1} available for tenant
2024-10-16 19:48:45.015 59744 INFO tempest.lib.common.rest_client [req-bfafec12-ef98-41d8-abb9-1a86c7ad4e06 req-bfafec12-ef98-41d8-abb9-1a86c7ad4e06 ] Request (DeleteServersTestJSON:tearDownClass): 204 DELETE http://10.180.1.21:9696/networking/v2.0/subnets/4ebcf5ff-4c48-4786-8092-9abbad2f1e20 0.276s
2024-10-16 19:48:45.018 59742 INFO tempest.lib.common.rest_client [req-372b39e0-538e-49d7-9784-7a7436ed35e0 req-372b39e0-538e-49d7-9784-7a7436ed35e0 ] Request (ServicesAdminNegativeTestJSON:test_get_service_with_valid_service_and_invalid_host): 200 GET http://10.180.1.21/compute/v2.1/os-services 0.026s
2024-10-16 19:48:45.020 59766 INFO tempest.lib.common.rest_client [req-48c6c1cb-2ccd-4cf1-99fe-97cba5141774 req-48c6c1cb-2ccd-4cf1-99fe-97cba5141774 ] Request (MultipleCreateTestJSON:tearDownClass): 204 DELETE http://10.180.1.21:9696/networking/v2.0/networks/41d37dc7-7062-45e0-ad80-ef1406297632 1.153s
2024-10-16 19:48:45.111 59766 INFO tempest.lib.common.rest_client [req-53c5e310-8afa-4d96-9600-6aafb00350dc req-53c5e310-8afa-4d96-9600-6aafb00350dc ] Request (MultipleCreateTestJSON:tearDownClass): 204 DELETE http://10.180.1.21/identity/v3/users/00bb3812655e400ea181ea219b316f42 0.091s
2024-10-16 19:48:45.112 59766 INFO tempest.lib.common.dynamic_creds [-] Deleting project and security group for project: e63775eb8bc34a52a2b1e79624c417e8
2024-10-16 19:48:45.171 59746 INFO tempest.lib.common.rest_client [req-a0e4bd06-4981-447f-b30f-182bfb50bcb5 req-a0e4bd06-4981-447f-b30f-182bfb50bcb5 ] Request (SecurityGroupsTestJSON:tearDownClass): 202 DELETE http://10.180.1.21/compute/v2.1/os-security-groups/84bdbe39-b454-4917-a63b-af3e2c870df3 0.680s
2024-10-16 19:48:45.182 59766 INFO tempest.lib.common.rest_client [req-3976b70e-c181-4b99-a81c-1ec32d6744b0 req-3976b70e-c181-4b99-a81c-1ec32d6744b0 ] Request (MultipleCreateTestJSON:tearDownClass): 200 GET http://10.180.1.21:9696/networking/v2.0/security-groups?tenant_id=e63775eb8bc34a52a2b1e79624c417e8&name=default 0.070s
2024-10-16 19:48:45.193 59742 INFO tempest.lib.common.rest_client [req-6c45118b-63e7-4f56-9330-7c43ef1dc302 req-6c45118b-63e7-4f56-9330-7c43ef1dc302 ] Request (ServicesAdminNegativeTestJSON:test_get_service_with_valid_service_and_invalid_host): 200 GET http://10.180.1.21/compute/v2.1/os-services?host=xxx&binary=nova-scheduler 0.173s
2024-10-16 19:48:45.194 59758 INFO tempest.lib.common.rest_client [req-c79531d9-fefe-47d4-9660-862fec3db288 req-c79531d9-fefe-47d4-9660-862fec3db288 ] Request (ServersTestMultiNic:tearDownClass): 204 DELETE http://10.180.1.21:9696/networking/v2.0/subnets/126d0d9e-4200-4998-b901-17bfd4c15ea8 0.344s
