2024-10-16 19:46:38.225 59748 INFO tempest.lib.common.rest_client [req-768c6961-0afc-43ad-8473-433d26f769c1 req-768c6961-0afc-43ad-8473-433d26f769c1 ] Request (FlavorsV2NegativeTest:_run_cleanups): 204 DELETE http://10.180.1.21/image/v2/images/f3e7e726-804a-4e8c-bac5-3b259818aa42 0.071s
2024-10-16 19:46:38.308 59748 INFO tempest.lib.common.rest_client [req-553ae932-466a-4635-b72e-1d91a2f94564 req-553ae932-466a-4635-b72e-1d91a2f94564 ] Request (FlavorsV2NegativeTest:tearDownClass): 204 DELETE http://10.180.1.21/identity/v3/users/2fd61da3fd7046ae8f9ebb1df4904614 0.082s
2024-10-16 19:46:38.309 59748 INFO tempest.lib.common.dynamic_creds [-] Deleting project and security group for project: c60247f72d494992b843ac8e84ba4f80
2024-10-16 19:46:38.367 59748 INFO tempest.lib.common.rest_client [req-85e25f8e-619a-45c2-b878-cd18403369d5 req-85e25f8e-619a-45c2-b878-cd18403369d5 ] Request (FlavorsV2NegativeTest:tearDownClass): 201 POST http://10.180.1.21/identity/v3/auth/tokens 0.058s
2024-10-16 19:46:38.377 59738 INFO tempest.lib.common.rest_client [req-b1a3cc0e-94af-4a9e-b25d-f969702cc55b req-b1a3cc0e-94af-4a9e-b25d-f969702cc55b ] Request (ServerActionsTestOtherA:setUpClass): 200 GET http://10.180.1.21/compute/v2.1/servers/3028cdf7-9f75-4885-890b-674fa5d8fb8e 2.765s
2024-10-16 19:46:38.487 59732 INFO tempest.lib.common.rest_client [req-22389125-66b1-4028-ac36-0e73802bbb3b req-22389125-66b1-4028-ac36-0e73802bbb3b ] Request (VolumesAssistedSnapshotsTest:test_volume_assisted_snapshot_create_delete): 200 GET http://10.180.1.21/compute/v2.1/servers/20d8b47b-db01-4d01-876d-1fd495213586 2.115s
2024-10-16 19:46:38.505 59770 INFO tempest.lib.common.rest_client [req-8ef2663a-5974-437e-aa22-c57e6f49f115 req-8ef2663a-5974-437e-aa22-c57e6f49f115 ] Request (AttachInterfacesTestJSON:_run_cleanups): 202 DELETE http://10.180.1.21/compute/v2.1/os-keypairs/tempest-keypair-277633175 2.116s
2024-10-16 19:46:38.512 59746 INFO tempest.lib.common.rest_client [req-0235b7cd-0c67-47cd-8e37-d71dbe3502f6 req-0235b7cd-0c67-47cd-8e37-d71dbe3502f6 ] Request (HostsAdminNegativeTestJSON:test_reboot_host_with_non_admin_user): 403 GET http://10.180.1.21/compute/v2.1/os-hosts/devstack/reboot 1.934s
2024-10-16 19:46:38.584 59776 INFO tempest.lib.common.rest_client [req-d092545e-e2db-491e-8001-b3b82b72c593 req-d092545e-e2db-491e-8001-b3b82b72c593 ] Request (ServersTestBootFromVolume:setUpClass): 200 GET http://10.180.1.21/volume/v3/1c27bc040150437ba306acab1e5de5d5/volumes/42f479e8-1b74-4e24-ae3b-8e7c6d7f1d04 0.026s
2024-10-16 19:46:38.626 59778 INFO tempest.lib.common.rest_client [req-fdda26a5-a5d6-4562-8520-9776cb2d748e req-fdda26a5-a5d6-4562-8520-9776cb2d748e ] Request (QuotasAdminTestJSON:test_get_default_quotas): 200 GET http://10.180.1.21/compute/v2.1/os-quota-sets/9a5fa626ebda48c8ae7227f4fa978c02/defaults 1.753s
2024-10-16 19:46:38.630 59762 INFO tempest.lib.common.rest_client [req-a9c38d5a-9672-4d67-9558-7de7b12b52e2 req-a9c38d5a-9672-4d67-9558-7de7b12b52e2 ] Request (ServerActionsTestOtherB:tearDownClass): 204 DELETE http://10.180.1.21:9696/networking/v2.0/floatingips/01833108-52e2-456f-9f2b-e49cc0a6bd03 1.181s
2024-10-16 19:46:38.640 59726 INFO tempest.lib.common.rest_client [req-e904d17e-b4b9-4d05-9478-e21f9ca85f94 req-e904d17e-b4b9-4d05-9478-e21f9ca85f94 ] Request (FlavorsAdminTestJSON:test_is_public_string_variations): 200 GET http://10.180.1.21/compute/v2.1/flavors/detail?is_public=f 1.745s
2024-10-16 19:46:38.664 59778 INFO tempest.lib.common.rest_client [req-1d3402de-2376-4e98-a0c4-a2b0f539910d req-1d3402de-2376-4e98-a0c4-a2b0f539910d ] Request (QuotasAdminTestJSON:test_get_updated_quotas): 200 GET http://10.180.1.21/identity/v3/domains?name=Default 0.031s
2024-10-16 19:46:38.670 59724 INFO tempest.lib.common.rest_client [req-744fa403-f8cb-4e6a-9c28-3eda433d8968 req-744fa403-f8cb-4e6a-9c28-3eda433d8968 ] Request (FlavorsV2TestJSON:test_list_flavors_detailed_using_marker): 200 GET http://10.180.1.21/compute/v2.1/flavors/detail?marker=42 1.751s
2024-10-16 19:46:38.705 59778 INFO tempest.lib.common.rest_client [req-70c0c770-5b08-421b-a729-57e67258638b req-70c0c770-5b08-421b-a729-57e67258638b ] Request (QuotasAdminTestJSON:test_get_updated_quotas): 201 POST http://10.180.1.21/identity/v3/projects 0.041s
2024-10-16 19:46:38.744 59765 INFO tempest.lib.common.rest_client [req-fc931cdb-90a6-4bb6-b41a-aa9943cbd923 req-fc931cdb-90a6-4bb6-b41a-aa9943cbd923 ] Request (ServerAddressesNegativeTestJSON:setUpClass): 201 POST http://10.180.1.21:9696/networking/v2.0/subnets 1.131s
2024-10-16 19:46:38.771 59778 INFO tempest.lib.common.rest_client [req-5692603f-c33c-4af1-a6d5-be9811fda790 req-5692603f-c33c-4af1-a6d5-be9811fda790 ] Request (QuotasAdminTestJSON:test_get_updated_quotas): 200 GET http://10.180.1.21/identity/v3/domains?name=Default 0.066s
2024-10-16 19:46:38.804 59744 INFO tempest.lib.common.rest_client [req-e105415b-2ab5-4aee-915a-c0def4733ba6 req-e105415b-2ab5-4aee-915a-c0def4733ba6 ] Request (SecurityGroupsNegativeTestJSON:tearDownClass): 204 DELETE http://10.180.1.21:9696/networking/v2.0/routers/0a523217-52eb-472b-800a-1894ec90d90d 2.110s
2024-10-16 19:46:38.815 59760 INFO tempest.lib.common.rest_client [req-0e08471c-66d2-437d-b319-b59f52007f24 req-0e08471c-66d2-437d-b319-b59f52007f24 ] Request (ServersTestManualDisk:tearDownClass): 204 DELETE http://10.180.1.21:9696/networking/v2.0/routers/03557b6f-83bb-4c8f-8fdb-cc1be6c8c021 2.216s
2024-10-16 19:46:38.971 59772 INFO tempest.lib.common.rest_client [req-3ffef9bc-aa4e-4d8b-bf83-cc64804531c3 req-3ffef9bc-aa4e-4d8b-bf83-cc64804531c3 ] Request (ListServersNegativeTestJSON:setUpClass): 201 POST http://10.180.1.21:9696/networking/v2.0/networks 1.080s
2024-10-16 19:46:39.107 59748 INFO tempest.lib.common.rest_client [req-6c799ef0-6a9e-4203-bed8-2796aa7e5378 req-6c799ef0-6a9e-4203-bed8-2796aa7e5378 ] Request (FlavorsV2NegativeTest:tearDownClass): 200 GET http://10.180.1.21:9696/networking/v2.0/security-groups?tenant_id=c60247f72d494992b843ac8e84ba4f80&name=default 0.739s
2024-10-16 19:46:39.176 59770 INFO tempest.lib.common.rest_client [req-a09f14b1-17ac-4225-b07e-ab684d95bbcc req-a09f14b1-17ac-4225-b07e-ab684d95bbcc ] Request (AttachInterfacesTestJSON:_run_cleanups): 204 DELETE http://10.180.1.21:9696/networking/v2.0/security-groups/8afcfaf2-dbb4-4ae7-89fd-88a707f8eb3b 0.670s
2024-10-16 19:46:39.285 59770 INFO tempest.lib.common.rest_client [req-a520174f-0623-4117-867f-6046b702279b req-a520174f-0623-4117-867f-6046b702279b ] Request (AttachInterfacesTestJSON:_run_cleanups): 404 GET http://10.180.1.21:9696/networking/v2.0/security-groups/8afcfaf2-dbb4-4ae7-89fd-88a707f8eb3b 0.108s
2024-10-16 19:46:39.325 59774 INFO tempest.lib.common.rest_client [req-2c7fbfc2-5e0c-49ef-a1c4-d13ad4b5af75 req-2c7fbfc2-5e0c-49ef-a1c4-d13ad4b5af75 ] Request (ServerMetadataNegativeTestJSON:setUpClass): 201 POST http://10.180.1.21:9696/networking/v2.0/subnets 1.277s
2024-10-16 19:46:39.440 59744 INFO tempest.lib.common.rest_client [req-43c49068-4999-4582-a85a-4a653372e8e9 req-43c49068-4999-4582-a85a-4a653372e8e9 ] Request (SecurityGroupsNegativeTestJSON:tearDownClass): 204 DELETE http://10.180.1.21:9696/networking/v2.0/subnets/3fd1b854-7edb-439a-88fa-011cebcbba36 0.636s
2024-10-16 19:46:39.476 59768 INFO tempest.lib.common.rest_client [req-05df4335-ed9d-4666-8d80-38a0499b014c req-05df4335-ed9d-4666-8d80-38a0499b014c ] Request (MigrationsAdminTest:test_resize_server_revert_deleted_flavor): 202 POST http://10.180.1.21/compute/v2.1/servers 2.488s
2024-10-16 19:46:39.494 59752 INFO tempest.lib.common.rest_client [req-be7ab7ab-23cc-4d6f-8e88-6756a57dfe0d req-be7ab7ab-23cc-4d6f-8e88-6756a57dfe0d ] Request (DeleteServersAdminTestJSON:test_delete_server_while_in_error_state): 404 GET http://10.180.1.21/compute/v2.1/servers/491e0bb0-af3e-45fc-b17e-2c7bf1946a0f 2.369s
2024-10-16 19:46:39.515 59754 INFO tempest.lib.common.rest_client [req-233c6043-c37c-46a0-ba00-880328cf6710 req-233c6043-c37c-46a0-ba00-880328cf6710 ] Request (ServerRescueNegativeTestJSON:tearDownClass): 404 GET http://10.180.1.21/compute/v2.1/servers/89c6b8db-b87a-4a05-9fab-72eff91e4fe3 2.182s
2024-10-16 19:46:39.534 59728 INFO tempest.lib.common.rest_client [req-e3205c9a-0f01-4fca-942c-2277b63e86d4 req-e3205c9a-0f01-4fca-942c-2277b63e86d4 ] Request (FloatingIPsAssociationTestJSON:setUpClass): 404 GET http://10.180.1.21/compute/v2.1/servers/b8804093-83e2-4e28-ba2d-c33af1dfbf7a 1.989s
2024-10-16 19:46:39.534 59728 INFO tempest.test [-] raised in FloatingIPsAssociationTestJSON.setUpClass. Invoking tearDownClass.
2024-10-16 19:46:39.613 59748 INFO tempest.lib.common.rest_client [req-26bab55b-8be5-4605-812a-a3fa06f6d306 req-26bab55b-8be5-4605-812a-a3fa06f6d306 ] Request (FlavorsV2NegativeTest:tearDownClass): 204 DELETE http://10.180.1.21:9696/networking/v2.0/security-groups/10cc962e-0d79-42fa-b3cc-a3ba8b5550a7 0.505s
2024-10-16 19:46:39.615 59760 INFO tempest.lib.common.rest_client [req-4694f6f3-b3b4-42ae-9804-10beaf0b3d41 req-4694f6f3-b3b4-42ae-9804-10beaf0b3d41 ] Request (ServersTestManualDisk:tearDownClass): 204 DELETE http://10.180.1.21:9696/networking/v2.0/subnets/c4d055ac-d5c0-4880-8724-5c5f43a46f91 0.800s
2024-10-16 19:46:39.626 59776 INFO tempest.lib.common.rest_client [req-3634cd4a-9dcd-4dca-a495-d38a701ea709 req-3634cd4a-9dcd-4dca-a495-d38a701ea709 ] Request (ServersTestBootFromVolume:setUpClass): 200 GET http://10.180.1.21/volume/v3/1c27bc040150437ba306acab1e5de5d5/volumes/42f479e8-1b74-4e24-ae3b-8e7c6d7f1d04 0.031s
2024-10-16 19:46:39.681 59752 INFO tempest.lib.common.rest_client [req-0b99ca20-6d37-49b3-8ef2-a32f29c26c41 req-0b99ca20-6d37-49b3-8ef2-a32f29c26c41 ] Request (DeleteServersAdminTestJSON:tearDownClass): 204 DELETE http://10.180.1.21/identity/v3/users/3bfa18770e114e418c7f762f5a50586d 0.185s
2024-10-16 19:46:39.702 59748 INFO tempest.lib.common.rest_client [req-7957156b-3e74-4e6e-933c-c3b342127421 req-7957156b-3e74-4e6e-933c-c3b342127421 ] Request (FlavorsV2NegativeTest:tearDownClass): 204 DELETE http://10.180.1.21/identity/v3/projects/c60247f72d494992b843ac8e84ba4f80 0.088s
2024-10-16 19:46:39.750 59740 INFO tempest.lib.common.rest_client [req-01d25fc4-03c1-473d-a146-a23bd90f8ec9 req-01d25fc4-03c1-473d-a146-a23bd90f8ec9 ] Request (FloatingIPDetailsNegativeTestJSON:setUpClass): 201 POST http://10.180.1.21:9696/networking/v2.0/routers 3.236s
2024-10-16 19:46:39.783 59748 INFO tempest.lib.common.rest_client [req-30bfcf80-4ce2-41c4-8f55-a49df03baebb req-30bfcf80-4ce2-41c4-8f55-a49df03baebb ] Request (ImagesMetadataTestJSON:setUpClass): 201 POST http://10.180.1.21/identity/v3/auth/tokens 0.079s
2024-10-16 19:46:39.818 59748 INFO tempest.lib.common.rest_client [req-24f12838-1238-4fcb-949a-e107cc40d0d0 req-24f12838-1238-4fcb-949a-e107cc40d0d0 ] Request (ImagesMetadataTestJSON:setUpClass): 201 POST http://10.180.1.21/identity/v3/auth/tokens 0.033s
2024-10-16 19:46:39.839 59748 INFO tempest.lib.common.rest_client [req-4cfbe3d4-53eb-4b9d-936d-34e2d677f0ac req-4cfbe3d4-53eb-4b9d-936d-34e2d677f0ac ] Request (ImagesMetadataTestJSON:setUpClass): 200 GET http://10.180.1.21/identity/v3/domains?name=Default 0.020s
2024-10-16 19:46:39.855 59752 INFO tempest.lib.common.rest_client [req-521d4232-42ee-4ad0-926d-63b38c5c5aed req-521d4232-42ee-4ad0-926d-63b38c5c5aed ] Request (DeleteServersAdminTestJSON:tearDownClass): 204 DELETE http://10.180.1.21/identity/v3/users/888875bbe9f8429cb4a5fa32a475a4e9 0.174s
2024-10-16 19:46:39.856 59752 INFO tempest.lib.common.dynamic_creds [-] Deleting project and security group for project: 773cb4b13c2a482da29a23b37c208b2c
2024-10-16 19:46:39.923 59752 INFO tempest.lib.common.rest_client [req-5fa64a84-0457-4782-96b0-605e6a48d3f5 req-5fa64a84-0457-4782-96b0-605e6a48d3f5 ] Request (DeleteServersAdminTestJSON:tearDownClass): 201 POST http://10.180.1.21/identity/v3/auth/tokens 0.067s
2024-10-16 19:46:39.927 59748 INFO tempest.lib.common.rest_client [req-7506c231-1d75-4531-8d21-4eaf61781840 req-7506c231-1d75-4531-8d21-4eaf61781840 ] Request (ImagesMetadataTestJSON:setUpClass): 201 POST http://10.180.1.21/identity/v3/projects 0.086s
2024-10-16 19:46:39.985 59748 INFO tempest.lib.common.rest_client [req-cd88ddd4-2d6b-498a-b6c8-e48f26b7efa8 req-cd88ddd4-2d6b-498a-b6c8-e48f26b7efa8 ] Request (ImagesMetadataTestJSON:setUpClass): 201 POST http://10.180.1.21/identity/v3/users 0.058s
2024-10-16 19:46:40.008 59748 INFO tempest.lib.common.rest_client [req-2d50ccb6-0b7f-4740-937c-7ff8c116fc1c req-2d50ccb6-0b7f-4740-937c-7ff8c116fc1c ] Request (ImagesMetadataTestJSON:setUpClass): 200 GET http://10.180.1.21/identity/v3/roles 0.023s
2024-10-16 19:46:40.042 59748 INFO tempest.lib.common.rest_client [req-013065c5-366f-4939-9faa-842f06c89c25 req-013065c5-366f-4939-9faa-842f06c89c25 ] Request (ImagesMetadataTestJSON:setUpClass): 204 PUT http://10.180.1.21/identity/v3/projects/b500d53daa8c4a7187e3a81ee8350c5c/users/4716c25d009f40e5b711560af06d2331/roles/3c7a39534fae4266b3c64ae102d46edf 0.033s
2024-10-16 19:46:40.042 59748 INFO tempest.lib.common.dynamic_creds [-] Dynamic test user 4716c25d009f40e5b711560af06d2331 is created with scope project and roles: ['member']
2024-10-16 19:46:40.042 59748 INFO tempest.lib.common.dynamic_creds [-] Acquired dynamic creds: credentials: Credentials: {'domain_id': 'default', 'domain_name': 'Default', 'username': 'tempest-ImagesMetadataTestJSON-260104262-project-member', 'project_domain_id': 'default', 'project_domain_name': 'Default', 'project_id': 'b500d53daa8c4a7187e3a81ee8350c5c', 'project_name': 'tempest-ImagesMetadataTestJSON-260104262', 'tenant_id': 'b500d53daa8c4a7187e3a81ee8350c5c', 'tenant_name': 'tempest-ImagesMetadataTestJSON-260104262', 'user_domain_id': 'default', 'user_domain_name': 'Default', 'user_id': '4716c25d009f40e5b711560af06d2331', 'system': None}, Network: None, Subnet: None, Router: None
2024-10-16 19:46:40.042 59748 INFO tempest.lib.common.dynamic_creds [-] Created isolated network resources for: credentials: Credentials: {'domain_id': 'default', 'domain_name': 'Default', 'username': 'tempest-ImagesMetadataTestJSON-260104262-project-member', 'project_domain_id': 'default', 'project_domain_name': 'Default', 'project_id': 'b500d53daa8c4a7187e3a81ee8350c5c', 'project_name': 'tempest-ImagesMetadataTestJSON-260104262', 'tenant_id': 'b500d53daa8c4a7187e3a81ee8350c5c', 'tenant_name': 'tempest-ImagesMetadataTestJSON-260104262', 'user_domain_id': 'default', 'user_domain_name': 'Default', 'user_id': '4716c25d009f40e5b711560af06d2331', 'system': None}, Network: None, Subnet: None, Router: None
2024-10-16 19:46:40.111 59748 INFO tempest.lib.common.rest_client [req-3fd81da1-e9d6-4709-8109-cee3ba8e7650 req-3fd81da1-e9d6-4709-8109-cee3ba8e7650 ] Request (ImagesMetadataTestJSON:setUpClass): 201 POST http://10.180.1.21/identity/v3/auth/tokens 0.065s
2024-10-16 19:46:40.268 59782 INFO tempest.lib.common.rest_client [req-2d090131-0bf5-419a-bb3f-f033b5a4240e req-2d090131-0bf5-419a-bb3f-f033b5a4240e ] Request (ImagesOneServerNegativeTestJSON:setUpClass): 201 POST http://10.180.1.21:9696/networking/v2.0/routers 3.433s
2024-10-16 19:46:40.552 59748 INFO tempest.lib.common.rest_client [req-31859251-18c7-4696-98fb-c64bf01890eb req-31859251-18c7-4696-98fb-c64bf01890eb ] Request (ImagesMetadataTestJSON:setUpClass): 201 POST http://10.180.1.21/image/v2/images 0.439s
2024-10-16 19:46:40.615 59772 INFO tempest.lib.common.rest_client [req-55e7308b-2dc7-46fc-a8ab-63b59fd151ea req-55e7308b-2dc7-46fc-a8ab-63b59fd151ea ] Request (ListServersNegativeTestJSON:setUpClass): 201 POST http://10.180.1.21:9696/networking/v2.0/subnets 1.644s
2024-10-16 19:46:40.658 59752 INFO tempest.lib.common.rest_client [req-af67afea-b4d6-418d-b421-8775ba80d638 req-af67afea-b4d6-418d-b421-8775ba80d638 ] Request (DeleteServersAdminTestJSON:tearDownClass): 200 GET http://10.180.1.21:9696/networking/v2.0/security-groups?tenant_id=773cb4b13c2a482da29a23b37c208b2c&name=default 0.734s
2024-10-16 19:46:40.660 59776 INFO tempest.lib.common.rest_client [req-4bebcfb7-ebe3-4fbc-abf7-f2baf3a0024f req-4bebcfb7-ebe3-4fbc-abf7-f2baf3a0024f ] Request (ServersTestBootFromVolume:setUpClass): 200 GET http://10.180.1.21/volume/v3/1c27bc040150437ba306acab1e5de5d5/volumes/42f479e8-1b74-4e24-ae3b-8e7c6d7f1d04 0.028s
2024-10-16 19:46:41.176 59770 INFO tempest.lib.common.rest_client [req-2e129265-a511-46b0-a243-65647749662b req-2e129265-a511-46b0-a243-65647749662b ] Request (AttachInterfacesTestJSON:_run_cleanups): 204 DELETE http://10.180.1.21:9696/networking/v2.0/floatingips/3b5838b8-bb68-413c-bde1-99049642812f 1.891s
2024-10-16 19:46:41.315 59748 INFO tempest.lib.common.rest_client [req-98635dfd-39dc-4967-8a83-3d3d759f0264 req-98635dfd-39dc-4967-8a83-3d3d759f0264 ] Request (ImagesMetadataTestJSON:setUpClass): 204 PUT http://10.180.1.21/image/v2/images/b33e6b3d-0079-4092-9fe5-16ad455eca73/file 0.762s
2024-10-16 19:46:41.380 59742 INFO tempest.lib.common.rest_client [req-170db7a1-1255-425e-b10d-d95cca39d743 req-170db7a1-1255-425e-b10d-d95cca39d743 ] Request (ServersWithSpecificFlavorTestJSON:test_verify_created_server_ephemeral_disk): 202 POST http://10.180.1.21/compute/v2.1/servers 3.646s
2024-10-16 19:46:41.388 59752 INFO tempest.lib.common.rest_client [req-9d81f2f8-fe62-4cdd-840e-8af83a2f82d8 req-9d81f2f8-fe62-4cdd-840e-8af83a2f82d8 ] Request (DeleteServersAdminTestJSON:tearDownClass): 204 DELETE http://10.180.1.21:9696/networking/v2.0/security-groups/541cc235-cb2f-440f-9d15-27fedae2a9b3 0.730s
2024-10-16 19:46:41.401 59760 INFO tempest.lib.common.rest_client [req-04e45799-348a-41a8-9f47-a441e53d91c4 req-04e45799-348a-41a8-9f47-a441e53d91c4 ] Request (ServersTestManualDisk:tearDownClass): 204 DELETE http://10.180.1.21:9696/networking/v2.0/networks/f4364606-45a1-4f44-937c-6bd8a24d2e89 1.785s
2024-10-16 19:46:41.517 59752 INFO tempest.lib.common.rest_client [req-2a70af5c-869f-46d1-a58c-0436ac430f69 req-2a70af5c-869f-46d1-a58c-0436ac430f69 ] Request (DeleteServersAdminTestJSON:tearDownClass): 204 DELETE http://10.180.1.21/identity/v3/projects/773cb4b13c2a482da29a23b37c208b2c 0.128s
2024-10-16 19:46:41.517 59752 INFO tempest.lib.common.dynamic_creds [-] Deleting project and security group for project: 26daced2efba4563aad36c2b98b1cc85
2024-10-16 19:46:41.545 59760 INFO tempest.lib.common.rest_client [req-9d7d4d87-3ba3-42b0-aaaa-fd697b5b6d67 req-9d7d4d87-3ba3-42b0-aaaa-fd697b5b6d67 ] Request (ServersTestManualDisk:tearDownClass): 204 DELETE http://10.180.1.21/identity/v3/users/4b86ceed91444f8d99b5ca8f859c837f 0.143s
2024-10-16 19:46:41.545 59760 INFO tempest.lib.common.dynamic_creds [-] Deleting project and security group for project: c151ec284e644559b18bf267868e96ef
2024-10-16 19:46:41.562 59730 INFO tempest.lib.common.rest_client [req-879c43ce-b3d1-475b-9cfc-b1f1d6c7a037 req-879c43ce-b3d1-475b-9cfc-b1f1d6c7a037 ] Request (ServersAdmin275Test:test_rebuild_update_server_275): 200 GET http://10.180.1.21/compute/v2.1/servers/c456969d-a960-4e7f-9bab-ddcd0aac9a27 3.697s
2024-10-16 19:46:41.694 59776 INFO tempest.lib.common.rest_client [req-b306325f-c1fc-40a2-96cc-8383939cc8c1 req-b306325f-c1fc-40a2-96cc-8383939cc8c1 ] Request (ServersTestBootFromVolume:setUpClass): 200 GET http://10.180.1.21/volume/v3/1c27bc040150437ba306acab1e5de5d5/volumes/42f479e8-1b74-4e24-ae3b-8e7c6d7f1d04 0.026s
2024-10-16 19:46:41.758 59760 INFO tempest.lib.common.rest_client [req-75947750-f277-481b-9731-c04b81f7527f req-75947750-f277-481b-9731-c04b81f7527f ] Request (ServersTestManualDisk:tearDownClass): 200 GET http://10.180.1.21:9696/networking/v2.0/security-groups?tenant_id=c151ec284e644559b18bf267868e96ef&name=default 0.212s
2024-10-16 19:46:41.764 59752 INFO tempest.lib.common.rest_client [req-51cc1d17-f7a8-45c0-8cf3-a283a94bc762 req-51cc1d17-f7a8-45c0-8cf3-a283a94bc762 ] Request (DeleteServersAdminTestJSON:tearDownClass): 200 GET http://10.180.1.21:9696/networking/v2.0/security-groups?tenant_id=26daced2efba4563aad36c2b98b1cc85&name=default 0.246s
2024-10-16 19:46:42.086 59744 INFO tempest.lib.common.rest_client [req-213b14ca-2f39-4232-bb39-fc6f6c2ca9cd req-213b14ca-2f39-4232-bb39-fc6f6c2ca9cd ] Request (SecurityGroupsNegativeTestJSON:tearDownClass): 204 DELETE http://10.180.1.21:9696/networking/v2.0/networks/1aa51b37-d8ce-4755-93f6-214269f7d828 2.646s
2024-10-16 19:46:42.186 59744 INFO tempest.lib.common.rest_client [req-2d07f1ac-6ce2-4f70-8b72-170f873329a6 req-2d07f1ac-6ce2-4f70-8b72-170f873329a6 ] Request (SecurityGroupsNegativeTestJSON:tearDownClass): 204 DELETE http://10.180.1.21/identity/v3/users/fb98d3582a2b4057ae6f0461934a0adb 0.099s
2024-10-16 19:46:42.186 59744 INFO tempest.lib.common.dynamic_creds [-] Deleting project and security group for project: e7d8f96acb614933a976ee7964f6fe38
2024-10-16 19:46:42.398 59744 INFO tempest.lib.common.rest_client [req-6b72359f-9089-430e-a318-2c5ef4b0d85e req-6b72359f-9089-430e-a318-2c5ef4b0d85e ] Request (SecurityGroupsNegativeTestJSON:tearDownClass): 200 GET http://10.180.1.21:9696/networking/v2.0/security-groups?tenant_id=e7d8f96acb614933a976ee7964f6fe38&name=default 0.212s
2024-10-16 19:46:42.531 59760 INFO tempest.lib.common.rest_client [req-52af033d-c4e2-4e84-a3c9-c5f8b0571097 req-52af033d-c4e2-4e84-a3c9-c5f8b0571097 ] Request (ServersTestManualDisk:tearDownClass): 204 DELETE http://10.180.1.21:9696/networking/v2.0/security-groups/eea7f26d-4788-4a3f-b8c9-de38d6c27e1f 0.773s
2024-10-16 19:46:42.550 59752 INFO tempest.lib.common.rest_client [req-90a1c8f7-2588-4789-883e-925318512e73 req-90a1c8f7-2588-4789-883e-925318512e73 ] Request (DeleteServersAdminTestJSON:tearDownClass): 204 DELETE http://10.180.1.21:9696/networking/v2.0/security-groups/49ca520f-ab19-4703-8a9b-ba7b196d0465 0.786s
2024-10-16 19:46:42.662 59752 INFO tempest.lib.common.rest_client [req-a627977c-e60c-480d-b71a-634d1acb7f49 req-a627977c-e60c-480d-b71a-634d1acb7f49 ] Request (DeleteServersAdminTestJSON:tearDownClass): 204 DELETE http://10.180.1.21/identity/v3/projects/26daced2efba4563aad36c2b98b1cc85 0.112s
2024-10-16 19:46:42.686 59760 INFO tempest.lib.common.rest_client [req-a8836681-949d-4e63-8f71-c276f85299ae req-a8836681-949d-4e63-8f71-c276f85299ae ] Request (ServersTestManualDisk:tearDownClass): 204 DELETE http://10.180.1.21/identity/v3/projects/c151ec284e644559b18bf267868e96ef 0.154s
2024-10-16 19:46:42.731 59752 INFO tempest.lib.common.rest_client [req-f55e6f9d-3176-4ca6-ba8e-d9253a9c17eb req-f55e6f9d-3176-4ca6-ba8e-d9253a9c17eb ] Request (FlavorsAccessTestJSON:setUpClass): 201 POST http://10.180.1.21/identity/v3/auth/tokens 0.066s
2024-10-16 19:46:42.759 59760 INFO tempest.lib.common.rest_client [req-3bac5762-34c2-4d12-8aad-ec9633d8eea8 req-3bac5762-34c2-4d12-8aad-ec9633d8eea8 ] Request (ExtensionsTest:setUpClass): 201 POST http://10.180.1.21/identity/v3/auth/tokens 0.069s
2024-10-16 19:46:42.773 59752 INFO tempest.lib.common.rest_client [req-6ab78a9c-95ac-4dbd-ab70-2ea218e234c3 req-6ab78a9c-95ac-4dbd-ab70-2ea218e234c3 ] Request (FlavorsAccessTestJSON:setUpClass): 201 POST http://10.180.1.21/identity/v3/auth/tokens 0.039s
2024-10-16 19:46:42.823 59752 INFO tempest.lib.common.rest_client [req-3d688fd3-5c87-4ee8-bb34-af1b8e500f55 req-3d688fd3-5c87-4ee8-bb34-af1b8e500f55 ] Request (FlavorsAccessTestJSON:setUpClass): 200 GET http://10.180.1.21/identity/v3/domains?name=Default 0.049s
2024-10-16 19:46:42.860 59752 INFO tempest.lib.common.rest_client [req-44a65461-a151-4ba1-b557-7b470193bf3a req-44a65461-a151-4ba1-b557-7b470193bf3a ] Request (FlavorsAccessTestJSON:setUpClass): 201 POST http://10.180.1.21/identity/v3/projects 0.037s
2024-10-16 19:46:42.860 59760 INFO tempest.lib.common.rest_client [req-16c897e2-8650-4ad4-8db5-483ae5efa8cc req-16c897e2-8650-4ad4-8db5-483ae5efa8cc ] Request (ExtensionsTest:setUpClass): 201 POST http://10.180.1.21/identity/v3/auth/tokens 0.043s
2024-10-16 19:46:42.876 59776 INFO tempest.lib.common.rest_client [req-bc946654-a393-43f7-addc-0ff32fc541f1 req-bc946654-a393-43f7-addc-0ff32fc541f1 ] Request (ServersTestBootFromVolume:setUpClass): 200 GET http://10.180.1.21/volume/v3/1c27bc040150437ba306acab1e5de5d5/volumes/42f479e8-1b74-4e24-ae3b-8e7c6d7f1d04 0.172s
2024-10-16 19:46:42.923 59760 INFO tempest.lib.common.rest_client [req-6af31858-2ec3-4403-b06f-d98dd812706b req-6af31858-2ec3-4403-b06f-d98dd812706b ] Request (ExtensionsTest:setUpClass): 200 GET http://10.180.1.21/identity/v3/domains?name=Default 0.063s
2024-10-16 19:46:42.929 59752 INFO tempest.lib.common.rest_client [req-abfe5f4e-d5a1-4e64-a41d-de376ae31591 req-abfe5f4e-d5a1-4e64-a41d-de376ae31591 ] Request (FlavorsAccessTestJSON:setUpClass): 201 POST http://10.180.1.21/identity/v3/users 0.067s
2024-10-16 19:46:42.943 59744 INFO tempest.lib.common.rest_client [req-1ce4ed7e-25d4-4bfb-b1e4-d2b050049533 req-1ce4ed7e-25d4-4bfb-b1e4-d2b050049533 ] Request (SecurityGroupsNegativeTestJSON:tearDownClass): 204 DELETE http://10.180.1.21:9696/networking/v2.0/security-groups/0532c7ab-062d-4944-a4a0-5a53c082952b 0.544s
2024-10-16 19:46:42.953 59752 INFO tempest.lib.common.rest_client [req-02d78886-d355-4b43-af04-dd8d24638fad req-02d78886-d355-4b43-af04-dd8d24638fad ] Request (FlavorsAccessTestJSON:setUpClass): 200 GET http://10.180.1.21/identity/v3/roles 0.023s
2024-10-16 19:46:42.974 59760 INFO tempest.lib.common.rest_client [req-0cc26019-6963-4578-a66c-ff9a3c3c7f48 req-0cc26019-6963-4578-a66c-ff9a3c3c7f48 ] Request (ExtensionsTest:setUpClass): 201 POST http://10.180.1.21/identity/v3/projects 0.050s
2024-10-16 19:46:43.024 59762 INFO tempest.lib.common.rest_client [req-10290f83-27a9-40c7-ab27-3a19c4ba2f73 req-10290f83-27a9-40c7-ab27-3a19c4ba2f73 ] Request (ServerActionsTestOtherB:tearDownClass): 200 PUT http://10.180.1.21:9696/networking/v2.0/routers/0f427ad3-c504-4491-b4e5-317daf4c84af/remove_router_interface 4.393s
2024-10-16 19:46:43.036 59744 INFO tempest.lib.common.rest_client [req-d74401ef-d475-4f89-ba6d-031eb8aa0d45 req-d74401ef-d475-4f89-ba6d-031eb8aa0d45 ] Request (SecurityGroupsNegativeTestJSON:tearDownClass): 204 DELETE http://10.180.1.21/identity/v3/projects/e7d8f96acb614933a976ee7964f6fe38 0.091s
2024-10-16 19:46:43.084 59752 INFO tempest.lib.common.rest_client [req-9994e044-a1dc-49af-a99c-7e1da47f79db req-9994e044-a1dc-49af-a99c-7e1da47f79db ] Request (FlavorsAccessTestJSON:setUpClass): 204 PUT http://10.180.1.21/identity/v3/projects/0b162596bb2e48ebadd02250b3fa6df8/users/5c9690d1c5a041709177930e3ea67762/roles/3c7a39534fae4266b3c64ae102d46edf 0.130s
2024-10-16 19:46:43.084 59752 INFO tempest.lib.common.dynamic_creds [-] Dynamic test user 5c9690d1c5a041709177930e3ea67762 is created with scope project and roles: ['member']
2024-10-16 19:46:43.084 59752 INFO tempest.lib.common.dynamic_creds [-] Acquired dynamic creds: credentials: Credentials: {'domain_id': 'default', 'domain_name': 'Default', 'username': 'tempest-FlavorsAccessTestJSON-1621547884-project-member', 'project_domain_id': 'default', 'project_domain_name': 'Default', 'project_id': '0b162596bb2e48ebadd02250b3fa6df8', 'project_name': 'tempest-FlavorsAccessTestJSON-1621547884', 'tenant_id': '0b162596bb2e48ebadd02250b3fa6df8', 'tenant_name': 'tempest-FlavorsAccessTestJSON-1621547884', 'user_domain_id': 'default', 'user_domain_name': 'Default', 'user_id': '5c9690d1c5a041709177930e3ea67762', 'system': None}, Network: None, Subnet: None, Router: None
2024-10-16 19:46:43.084 59752 INFO tempest.lib.common.dynamic_creds [-] Created isolated network resources for: credentials: Credentials: {'domain_id': 'default', 'domain_name': 'Default', 'username': 'tempest-FlavorsAccessTestJSON-1621547884-project-member', 'project_domain_id': 'default', 'project_domain_name': 'Default', 'project_id': '0b162596bb2e48ebadd02250b3fa6df8', 'project_name': 'tempest-FlavorsAccessTestJSON-1621547884', 'tenant_id': '0b162596bb2e48ebadd02250b3fa6df8', 'tenant_name': 'tempest-FlavorsAccessTestJSON-1621547884', 'user_domain_id': 'default', 'user_domain_name': 'Default', 'user_id': '5c9690d1c5a041709177930e3ea67762', 'system': None}, Network: None, Subnet: None, Router: None
2024-10-16 19:46:43.162 59760 INFO tempest.lib.common.rest_client [req-2ac3363f-f659-40b5-a4ac-9828d2cb5c3c req-2ac3363f-f659-40b5-a4ac-9828d2cb5c3c ] Request (ExtensionsTest:setUpClass): 201 POST http://10.180.1.21/identity/v3/users 0.188s
2024-10-16 19:46:43.176 59744 INFO tempest.lib.common.rest_client [req-545892bc-3d6f-4fe6-b6a1-a780b2187890 req-545892bc-3d6f-4fe6-b6a1-a780b2187890 ] Request (DeleteServersTestJSON:setUpClass): 201 POST http://10.180.1.21/identity/v3/auth/tokens 0.137s
2024-10-16 19:46:43.195 59760 INFO tempest.lib.common.rest_client [req-15fa5c4f-1059-456b-a879-6cecab28e5c9 req-15fa5c4f-1059-456b-a879-6cecab28e5c9 ] Request (ExtensionsTest:setUpClass): 200 GET http://10.180.1.21/identity/v3/roles 0.032s
2024-10-16 19:46:43.218 59744 INFO tempest.lib.common.rest_client [req-10207204-23bc-43b3-9b57-40a244a76c15 req-10207204-23bc-43b3-9b57-40a244a76c15 ] Request (DeleteServersTestJSON:setUpClass): 201 POST http://10.180.1.21/identity/v3/auth/tokens 0.040s
2024-10-16 19:46:43.229 59752 INFO tempest.lib.common.rest_client [req-972e1508-ee76-45e5-93bc-509545f6df36 req-972e1508-ee76-45e5-93bc-509545f6df36 ] Request (FlavorsAccessTestJSON:setUpClass): 201 POST http://10.180.1.21/identity/v3/auth/tokens 0.141s
2024-10-16 19:46:43.248 59760 INFO tempest.lib.common.rest_client [req-db0a9779-c715-409d-92a1-3eb516529389 req-db0a9779-c715-409d-92a1-3eb516529389 ] Request (ExtensionsTest:setUpClass): 204 PUT http://10.180.1.21/identity/v3/projects/70d895b1f41a478ea150548760641e4a/users/950473a044e443dc96a28aa65469d1e7/roles/3c7a39534fae4266b3c64ae102d46edf 0.052s
2024-10-16 19:46:43.248 59760 INFO tempest.lib.common.dynamic_creds [-] Dynamic test user 950473a044e443dc96a28aa65469d1e7 is created with scope project and roles: ['member']
2024-10-16 19:46:43.248 59760 INFO tempest.lib.common.dynamic_creds [-] Acquired dynamic creds: credentials: Credentials: {'domain_id': 'default', 'domain_name': 'Default', 'username': 'tempest-ExtensionsTest-603575788-project-member', 'project_domain_id': 'default', 'project_domain_name': 'Default', 'project_id': '70d895b1f41a478ea150548760641e4a', 'project_name': 'tempest-ExtensionsTest-603575788', 'tenant_id': '70d895b1f41a478ea150548760641e4a', 'tenant_name': 'tempest-ExtensionsTest-603575788', 'user_domain_id': 'default', 'user_domain_name': 'Default', 'user_id': '950473a044e443dc96a28aa65469d1e7', 'system': None}, Network: None, Subnet: None, Router: None
2024-10-16 19:46:43.248 59760 INFO tempest.lib.common.dynamic_creds [-] Created isolated network resources for: credentials: Credentials: {'domain_id': 'default', 'domain_name': 'Default', 'username': 'tempest-ExtensionsTest-603575788-project-member', 'project_domain_id': 'default', 'project_domain_name': 'Default', 'project_id': '70d895b1f41a478ea150548760641e4a', 'project_name': 'tempest-ExtensionsTest-603575788', 'tenant_id': '70d895b1f41a478ea150548760641e4a', 'tenant_name': 'tempest-ExtensionsTest-603575788', 'user_domain_id': 'default', 'user_domain_name': 'Default', 'user_id': '950473a044e443dc96a28aa65469d1e7', 'system': None}, Network: None, Subnet: None, Router: None
2024-10-16 19:46:43.249 59744 INFO tempest.lib.common.rest_client [req-9ccfd04e-78f0-4298-9c3e-58498a792407 req-9ccfd04e-78f0-4298-9c3e-58498a792407 ] Request (DeleteServersTestJSON:setUpClass): 200 GET http://10.180.1.21/identity/v3/domains?name=Default 0.030s
2024-10-16 19:46:43.297 59736 INFO tempest.lib.common.rest_client [req-56270c1b-ae26-4b7e-ae67-1231ac6565e3 req-56270c1b-ae26-4b7e-ae67-1231ac6565e3 ] Request (VolumesAdminNegativeTest:test_update_attached_volume_with_nonexistent_volume_in_body): 202 POST http://10.180.1.21/compute/v2.1/servers 5.353s
2024-10-16 19:46:43.313 59752 INFO tempest.lib.common.rest_client [req-89a7d4d9-6447-42e4-a925-619b7bcc5e20 req-89a7d4d9-6447-42e4-a925-619b7bcc5e20 ] Request (FlavorsAccessTestJSON:setUpClass): 201 POST http://10.180.1.21/identity/v3/projects 0.083s
2024-10-16 19:46:43.317 59744 INFO tempest.lib.common.rest_client [req-c7f11fbc-7da4-4103-8aff-87c514a7ed8f req-c7f11fbc-7da4-4103-8aff-87c514a7ed8f ] Request (DeleteServersTestJSON:setUpClass): 201 POST http://10.180.1.21/identity/v3/projects 0.068s
2024-10-16 19:46:43.344 59784 INFO tempest.lib.common.rest_client [req-efbb60c7-c7fc-40e6-898e-2ca753c77613 req-efbb60c7-c7fc-40e6-898e-2ca753c77613 ] Request (ServersAdminTestJSON:setUpClass): 201 POST http://10.180.1.21:9696/networking/v2.0/routers 5.244s
2024-10-16 19:46:43.370 59752 INFO tempest.lib.common.rest_client [req-178bd95b-8b3b-42b8-aea0-487e23c27f89 req-178bd95b-8b3b-42b8-aea0-487e23c27f89 ] Request (FlavorsAccessTestJSON:setUpClass): 201 POST http://10.180.1.21/identity/v3/users 0.056s
2024-10-16 19:46:43.382 59750 INFO tempest.lib.common.rest_client [req-77292118-336f-4c12-b03d-c30f9efa8dcf req-77292118-336f-4c12-b03d-c30f9efa8dcf ] Request (SecurityGroupsTestAdminJSON:test_list_security_groups_list_all_tenants_filter): 200 GET http://10.180.1.21/compute/v2.1/os-security-groups?all_tenants=true 11.113s
2024-10-16 19:46:43.389 59760 INFO tempest.lib.common.rest_client [req-6f11b876-7f1c-4109-97ce-b4bf8d9bdac7 req-6f11b876-7f1c-4109-97ce-b4bf8d9bdac7 ] Request (ExtensionsTest:setUpClass): 201 POST http://10.180.1.21/identity/v3/auth/tokens 0.134s
2024-10-16 19:46:43.396 59744 INFO tempest.lib.common.rest_client [req-ee65ab47-fe5a-42f4-943a-6236f8180f58 req-ee65ab47-fe5a-42f4-943a-6236f8180f58 ] Request (DeleteServersTestJSON:setUpClass): 201 POST http://10.180.1.21/identity/v3/users 0.078s
2024-10-16 19:46:43.404 59752 INFO tempest.lib.common.rest_client [req-f42a9ba0-dac2-4e75-841d-99966973c7f6 req-f42a9ba0-dac2-4e75-841d-99966973c7f6 ] Request (FlavorsAccessTestJSON:setUpClass): 200 GET http://10.180.1.21/identity/v3/roles 0.034s
2024-10-16 19:46:43.411 59722 INFO tempest.lib.common.rest_client [req-d463e891-8984-4948-b8ea-4c220d9d02d2 req-d463e891-8984-4948-b8ea-4c220d9d02d2 ] Request (AggregatesAdminNegativeTestJSON:_run_cleanups): 200 DELETE http://10.180.1.21/compute/v2.1/os-aggregates/4 5.228s
2024-10-16 19:46:43.420 59744 INFO tempest.lib.common.rest_client [req-3a11b075-2488-48b5-977b-d9c35e90c26b req-3a11b075-2488-48b5-977b-d9c35e90c26b ] Request (DeleteServersTestJSON:setUpClass): 200 GET http://10.180.1.21/identity/v3/roles 0.023s
2024-10-16 19:46:43.427 59734 INFO tempest.lib.common.rest_client [req-a6ef3089-b719-4b93-9256-ebbe204a4bc8 req-a6ef3089-b719-4b93-9256-ebbe204a4bc8 ] Request (ServerGroupTestJSON:test_create_delete_multiple_server_groups_with_same_name_policy): 200 GET http://10.180.1.21/compute/v2.1/os-server-groups 5.221s
2024-10-16 19:46:43.438 59752 INFO tempest.lib.common.rest_client [req-60dd3534-4b22-46c1-a4fc-15890c3d9185 req-60dd3534-4b22-46c1-a4fc-15890c3d9185 ] Request (FlavorsAccessTestJSON:setUpClass): 204 PUT http://10.180.1.21/identity/v3/projects/4d5ed13e2562450b92489fdb2ec04308/users/598d688f4bcc4afb95079a2160ff96a7/roles/f15b9cd80e80401f9db5251672dc6a54 0.033s
2024-10-16 19:46:43.445 59758 INFO tempest.lib.common.rest_client [req-ee3d4118-caed-4c92-ba60-35010ee824b6 req-ee3d4118-caed-4c92-ba60-35010ee824b6 ] Request (KeyPairsV22TestJSON:_run_cleanups): 204 DELETE http://10.180.1.21/compute/v2.1/os-keypairs/tempest-KeyPairsV22TestJSON-keypair-684179092 5.223s
2024-10-16 19:46:43.456 59744 INFO tempest.lib.common.rest_client [req-11aa54d9-329d-4acc-9c19-d27ec5831e10 req-11aa54d9-329d-4acc-9c19-d27ec5831e10 ] Request (DeleteServersTestJSON:setUpClass): 204 PUT http://10.180.1.21/identity/v3/projects/f07a595f0d54471b9b09e9b1b9b0b5a5/users/f1de811c49e4475e8bebd9420cb053e3/roles/3c7a39534fae4266b3c64ae102d46edf 0.035s
2024-10-16 19:46:43.456 59744 INFO tempest.lib.common.dynamic_creds [-] Dynamic test user f1de811c49e4475e8bebd9420cb053e3 is created with scope project and roles: ['member']
2024-10-16 19:46:43.456 59744 INFO tempest.lib.common.dynamic_creds [-] Acquired dynamic creds: credentials: Credentials: {'domain_id': 'default', 'domain_name': 'Default', 'username': 'tempest-DeleteServersTestJSON-824782706-project-member', 'project_domain_id': 'default', 'project_domain_name': 'Default', 'project_id': 'f07a595f0d54471b9b09e9b1b9b0b5a5', 'project_name': 'tempest-DeleteServersTestJSON-824782706', 'tenant_id': 'f07a595f0d54471b9b09e9b1b9b0b5a5', 'tenant_name': 'tempest-DeleteServersTestJSON-824782706', 'user_domain_id': 'default', 'user_domain_name': 'Default', 'user_id': 'f1de811c49e4475e8bebd9420cb053e3', 'system': None}, Network: None, Subnet: None, Router: None
2024-10-16 19:46:43.516 59744 INFO tempest.lib.common.rest_client [req-1b3a6afd-6e0d-47d8-812a-05dca7880b89 req-1b3a6afd-6e0d-47d8-812a-05dca7880b89 ] Request (DeleteServersTestJSON:setUpClass): 201 POST http://10.180.1.21/identity/v3/auth/tokens 0.059s
2024-10-16 19:46:43.517 59752 INFO tempest.lib.common.rest_client [req-7a8cdfb1-ad24-40b0-86c8-71169fe5d738 req-7a8cdfb1-ad24-40b0-86c8-71169fe5d738 ] Request (FlavorsAccessTestJSON:setUpClass): 200 GET http://10.180.1.21/identity/v3/roles 0.079s
2024-10-16 19:46:43.542 59752 INFO tempest.lib.common.rest_client [req-7dea30b0-4144-476e-9663-5b548a11c39c req-7dea30b0-4144-476e-9663-5b548a11c39c ] Request (FlavorsAccessTestJSON:setUpClass): 204 PUT http://10.180.1.21/identity/v3/projects/4d5ed13e2562450b92489fdb2ec04308/users/598d688f4bcc4afb95079a2160ff96a7/roles/f15b9cd80e80401f9db5251672dc6a54 0.025s
2024-10-16 19:46:43.543 59752 INFO tempest.lib.common.dynamic_creds [-] Dynamic test user 598d688f4bcc4afb95079a2160ff96a7 is created with scope project and roles: ['admin']
2024-10-16 19:46:43.543 59752 INFO tempest.lib.common.dynamic_creds [-] Acquired dynamic creds: credentials: Credentials: {'domain_id': 'default', 'domain_name': 'Default', 'username': 'tempest-FlavorsAccessTestJSON-1822639109-project-admin', 'project_domain_id': 'default', 'project_domain_name': 'Default', 'project_id': '4d5ed13e2562450b92489fdb2ec04308', 'project_name': 'tempest-FlavorsAccessTestJSON-1822639109', 'tenant_id': '4d5ed13e2562450b92489fdb2ec04308', 'tenant_name': 'tempest-FlavorsAccessTestJSON-1822639109', 'user_domain_id': 'default', 'user_domain_name': 'Default', 'user_id': '598d688f4bcc4afb95079a2160ff96a7', 'system': None}, Network: None, Subnet: None, Router: None
2024-10-16 19:46:43.543 59752 INFO tempest.lib.common.dynamic_creds [-] Created isolated network resources for: credentials: Credentials: {'domain_id': 'default', 'domain_name': 'Default', 'username': 'tempest-FlavorsAccessTestJSON-1822639109-project-admin', 'project_domain_id': 'default', 'project_domain_name': 'Default', 'project_id': '4d5ed13e2562450b92489fdb2ec04308', 'project_name': 'tempest-FlavorsAccessTestJSON-1822639109', 'tenant_id': '4d5ed13e2562450b92489fdb2ec04308', 'tenant_name': 'tempest-FlavorsAccessTestJSON-1822639109', 'user_domain_id': 'default', 'user_domain_name': 'Default', 'user_id': '598d688f4bcc4afb95079a2160ff96a7', 'system': None}, Network: None, Subnet: None, Router: None
2024-10-16 19:46:43.626 59752 INFO tempest.lib.common.rest_client [req-e33cfccb-8192-4251-b1f5-f717fa42a3d2 req-e33cfccb-8192-4251-b1f5-f717fa42a3d2 ] Request (FlavorsAccessTestJSON:setUpClass): 201 POST http://10.180.1.21/identity/v3/auth/tokens 0.076s
2024-10-16 19:46:43.627 59752 WARNING tempest.lib.common.rest_client [-] Deprecated: "tenant_id" property is deprecated for removal, use "project_id" instead
2024-10-16 19:46:43.725 59738 INFO tempest.lib.common.rest_client [req-bc15a464-4fd9-41d7-9e14-dac5388ed934 req-bc15a464-4fd9-41d7-9e14-dac5388ed934 ] Request (ServerActionsTestOtherA:setUpClass): 204 DELETE http://10.180.1.21/compute/v2.1/servers/3028cdf7-9f75-4885-890b-674fa5d8fb8e 5.341s
2024-10-16 19:46:43.735 59746 INFO tempest.lib.common.rest_client [req-2d74c264-dabb-41e4-a611-7ae08ae20db5 req-2d74c264-dabb-41e4-a611-7ae08ae20db5 ] Request (HostsAdminNegativeTestJSON:test_reboot_nonexistent_host): 404 GET http://10.180.1.21/compute/v2.1/os-hosts/nonexistent_hostname/reboot 5.222s
2024-10-16 19:46:43.751 59726 INFO tempest.lib.common.rest_client [req-80203a4e-af24-453f-aa12-0bb2e94bd706 req-80203a4e-af24-453f-aa12-0bb2e94bd706 ] Request (FlavorsAdminTestJSON:test_is_public_string_variations): 200 GET http://10.180.1.21/compute/v2.1/flavors/detail?is_public=false 5.108s
2024-10-16 19:46:43.759 59724 INFO tempest.lib.common.rest_client [req-4d602cd5-2e9a-4ebf-8fe9-48a4fd449435 req-4d602cd5-2e9a-4ebf-8fe9-48a4fd449435 ] Request (FlavorsV2TestJSON:test_list_flavors_filter_by_min_disk): 200 GET http://10.180.1.21/compute/v2.1/flavors/42 5.080s
2024-10-16 19:46:43.773 59765 INFO tempest.lib.common.rest_client [req-11dc098e-ce3e-4a74-b4be-2210ac14e6f6 req-11dc098e-ce3e-4a74-b4be-2210ac14e6f6 ] Request (ServerAddressesNegativeTestJSON:setUpClass): 201 POST http://10.180.1.21:9696/networking/v2.0/routers 5.028s
2024-10-16 19:46:43.901 59778 INFO tempest.lib.common.rest_client [req-5744ba2e-3905-429f-9a0a-ba05c766ec2a req-5744ba2e-3905-429f-9a0a-ba05c766ec2a ] Request (QuotasAdminTestJSON:test_get_updated_quotas): 200 PUT http://10.180.1.21/compute/v2.1/os-quota-sets/f93fd04053754d54a3c885c1bbb33de5 5.129s
2024-10-16 19:46:43.910 59754 INFO tempest.lib.common.rest_client [req-9b6b6299-55b3-4542-97ed-558e9671f54b req-9b6b6299-55b3-4542-97ed-558e9671f54b ] Request (ServerRescueNegativeTestJSON:tearDownClass): 200 PUT http://10.180.1.21:9696/networking/v2.0/routers/5fa632f6-efb8-4879-a4a5-76749f445b4b/remove_router_interface 4.394s
2024-10-16 19:46:43.915 59776 INFO tempest.lib.common.rest_client [req-e4697bc5-c185-448b-9925-21451c80022a req-e4697bc5-c185-448b-9925-21451c80022a ] Request (ServersTestBootFromVolume:setUpClass): 200 GET http://10.180.1.21/volume/v3/1c27bc040150437ba306acab1e5de5d5/volumes/42f479e8-1b74-4e24-ae3b-8e7c6d7f1d04 0.030s
2024-10-16 19:46:43.978 59766 INFO tempest.lib.common.rest_client [req-bb70132e-b86b-499c-af35-f969bd13a4eb req-bb70132e-b86b-499c-af35-f969bd13a4eb ] Request (SecurityGroupRulesNegativeTestJSON:test_create_security_group_rule_with_invalid_ip_protocol): 200 POST http://10.180.1.21/compute/v2.1/os-security-groups 5.813s
2024-10-16 19:46:44.013 59768 INFO tempest.lib.common.rest_client [req-d75bef10-c86f-412a-9d29-7638c8e2482e req-d75bef10-c86f-412a-9d29-7638c8e2482e ] Request (MigrationsAdminTest:test_resize_server_revert_deleted_flavor): 200 GET http://10.180.1.21/compute/v2.1/servers/e8107072-246c-4343-b683-db23907b1008 4.533s
2024-10-16 19:46:44.043 59770 INFO tempest.lib.common.rest_client [req-282bf273-25fb-4567-ba3d-e9c2b6872121 req-282bf273-25fb-4567-ba3d-e9c2b6872121 ] Request (ValidationResourcesFixture:setUp): 200 POST http://10.180.1.21/compute/v2.1/os-keypairs 2.864s
2024-10-16 19:46:44.070 59748 INFO tempest.lib.common.rest_client [req-74b5d031-bebd-43e6-bb30-e47bd63aa38a req-74b5d031-bebd-43e6-bb30-e47bd63aa38a ] Request (ImagesMetadataTestJSON:setUpClass): 200 GET http://10.180.1.21/compute/v2.1/images/b33e6b3d-0079-4092-9fe5-16ad455eca73 2.755s
2024-10-16 19:46:44.080 59732 INFO tempest.lib.common.rest_client [req-a5fab1d9-eb68-4735-9d2c-1e862140c2e0 req-a5fab1d9-eb68-4735-9d2c-1e862140c2e0 ] Request (VolumesAssistedSnapshotsTest:test_volume_assisted_snapshot_create_delete): 200 GET http://10.180.1.21/compute/v2.1/servers/20d8b47b-db01-4d01-876d-1fd495213586 4.584s
2024-10-16 19:46:44.319 59730 INFO tempest.lib.common.rest_client [req-1fb98bfa-2af0-45d8-a380-b501ab862110 req-1fb98bfa-2af0-45d8-a380-b501ab862110 ] Request (ServersAdmin275Test:tearDownClass): 204 DELETE http://10.180.1.21/compute/v2.1/servers/c456969d-a960-4e7f-9bab-ddcd0aac9a27 2.739s
2024-10-16 19:46:44.397 59742 INFO tempest.lib.common.rest_client [req-ce110825-92e7-4f7d-aec8-963a5e7f0763 req-ce110825-92e7-4f7d-aec8-963a5e7f0763 ] Request (ServersWithSpecificFlavorTestJSON:test_verify_created_server_ephemeral_disk): 200 GET http://10.180.1.21/compute/v2.1/servers/6ce0aed4-9742-4bf0-8724-8acdf130f234 3.015s
2024-10-16 19:46:44.426 59736 INFO tempest.lib.common.rest_client [req-72346cf0-52c6-4b35-8104-0b6b98e1198d req-72346cf0-52c6-4b35-8104-0b6b98e1198d ] Request (VolumesAdminNegativeTest:test_update_attached_volume_with_nonexistent_volume_in_body): 200 GET http://10.180.1.21/compute/v2.1/servers/3dcc917a-ad87-4f2f-a2c5-b281c8d600c9 1.127s
2024-10-16 19:46:44.461 59770 INFO tempest.lib.common.rest_client [req-00c4dcb7-a784-4d71-805d-cf98efb9ff56 req-00c4dcb7-a784-4d71-805d-cf98efb9ff56 ] Request (ValidationResourcesFixture:setUp): 201 POST http://10.180.1.21:9696/networking/v2.0/security-groups 0.417s
2024-10-16 19:46:44.469 59760 INFO tempest.lib.common.rest_client [req-b7734b4c-da92-4bbe-9c3f-d2a7d1bb0bc5 req-b7734b4c-da92-4bbe-9c3f-d2a7d1bb0bc5 ] Request (ExtensionsTest:test_get_extension): 200 GET http://10.180.1.21/compute/v2.1/extensions/os-consoles 1.079s
2024-10-16 19:46:44.495 59722 INFO tempest.lib.common.rest_client [req-55dc8558-0a88-4eef-a95d-3d9d48c237dd req-55dc8558-0a88-4eef-a95d-3d9d48c237dd ] Request (AggregatesAdminNegativeTestJSON:test_aggregate_delete_as_user): 200 POST http://10.180.1.21/compute/v2.1/os-aggregates 1.083s
2024-10-16 19:46:44.548 59734 INFO tempest.lib.common.rest_client [req-e20c762c-1162-4705-a613-697226e1607b req-e20c762c-1162-4705-a613-697226e1607b ] Request (ServerGroupTestJSON:test_create_delete_server_group_with_affinity_policy): 200 POST http://10.180.1.21/compute/v2.1/os-server-groups 1.115s
2024-10-16 19:46:44.562 59758 INFO tempest.lib.common.rest_client [req-32cf9279-bec1-49ef-a283-a85770b247f7 req-32cf9279-bec1-49ef-a283-a85770b247f7 ] Request (KeyPairsV22TestJSON:_run_cleanups): 204 DELETE http://10.180.1.21/compute/v2.1/os-keypairs/tempest-KeyPairsV22TestJSON-keypair-267054995 1.116s
2024-10-16 19:46:44.597 59774 INFO tempest.lib.common.rest_client [req-5009c24e-2fd3-4b5b-bd0a-f1792548dfd1 req-5009c24e-2fd3-4b5b-bd0a-f1792548dfd1 ] Request (ServerMetadataNegativeTestJSON:setUpClass): 201 POST http://10.180.1.21:9696/networking/v2.0/routers 5.271s
2024-10-16 19:46:44.598 59752 INFO tempest.lib.common.rest_client [req-e845367a-764d-4c76-8d93-8bf118ee0c6f req-e845367a-764d-4c76-8d93-8bf118ee0c6f ] Request (FlavorsAccessTestJSON:test_flavor_access_add_remove): 200 POST http://10.180.1.21/compute/v2.1/flavors 0.970s
2024-10-16 19:46:44.614 59738 INFO tempest.lib.common.rest_client [req-b8343676-3011-4fce-9180-b2977f76557d req-b8343676-3011-4fce-9180-b2977f76557d ] Request (ServerActionsTestOtherA:setUpClass): 404 GET http://10.180.1.21/compute/v2.1/servers/3028cdf7-9f75-4885-890b-674fa5d8fb8e 0.888s
2024-10-16 19:46:44.614 59738 INFO tempest.test [-] raised in ServerActionsTestOtherA.setUpClass. Invoking tearDownClass.
2024-10-16 19:46:44.618 59746 INFO tempest.lib.common.rest_client [req-f81c9f66-3152-460c-82ec-43c89b9d314a req-f81c9f66-3152-460c-82ec-43c89b9d314a ] Request (HostsAdminNegativeTestJSON:test_show_host_detail_with_non_admin_user): 403 GET http://10.180.1.21/compute/v2.1/os-hosts/devstack 0.880s
2024-10-16 19:46:44.626 59726 INFO tempest.lib.common.rest_client [req-7017fe03-cef0-4666-b23d-a66a8c2fb6da req-7017fe03-cef0-4666-b23d-a66a8c2fb6da ] Request (FlavorsAdminTestJSON:test_is_public_string_variations): 200 GET http://10.180.1.21/compute/v2.1/flavors/detail?is_public=no 0.871s
2024-10-16 19:46:44.641 59724 INFO tempest.lib.common.rest_client [req-407af543-bbf5-442e-93c6-ae765a3b7e7e req-407af543-bbf5-442e-93c6-ae765a3b7e7e ] Request (FlavorsV2TestJSON:test_list_flavors_filter_by_min_disk): 200 GET http://10.180.1.21/compute/v2.1/flavors?minDisk=2 0.880s
2024-10-16 19:46:44.688 59778 INFO tempest.lib.common.rest_client [req-56cdea15-3e2d-4b2c-8330-862055597182 req-56cdea15-3e2d-4b2c-8330-862055597182 ] Request (QuotasAdminTestJSON:test_get_updated_quotas): 200 GET http://10.180.1.21/compute/v2.1/os-quota-sets/f93fd04053754d54a3c885c1bbb33de5/detail 0.783s
2024-10-16 19:46:44.725 59778 INFO tempest.lib.common.rest_client [req-433f399c-a051-4114-86ac-328a74e9d6f5 req-433f399c-a051-4114-86ac-328a74e9d6f5 ] Request (QuotasAdminTestJSON:test_get_updated_quotas): 200 GET http://10.180.1.21/identity/v3/domains?name=Default 0.026s
2024-10-16 19:46:44.739 59728 INFO tempest.lib.common.rest_client [req-460d9e43-e585-4b68-9ddd-9bb1ad3e772b req-460d9e43-e585-4b68-9ddd-9bb1ad3e772b ] Request (FloatingIPsAssociationTestJSON:tearDownClass): 200 PUT http://10.180.1.21:9696/networking/v2.0/routers/fd86692c-f7ee-4d3f-8e17-ac03315fff75/remove_router_interface 5.204s
2024-10-16 19:46:44.750 59778 INFO tempest.lib.common.rest_client [req-303f7953-8c75-427d-8ae2-40064faa140c req-303f7953-8c75-427d-8ae2-40064faa140c ] Request (QuotasAdminTestJSON:test_get_updated_quotas): 201 POST http://10.180.1.21/identity/v3/users 0.024s
2024-10-16 19:46:44.778 59778 INFO tempest.lib.common.rest_client [req-8d1c4b9e-be18-45e8-a250-7987a1faf7ab req-8d1c4b9e-be18-45e8-a250-7987a1faf7ab ] Request (QuotasAdminTestJSON:test_get_updated_quotas): 200 GET http://10.180.1.21/identity/v3/domains?name=Default 0.027s
2024-10-16 19:46:44.797 59744 INFO tempest.lib.common.rest_client [req-d5ef1d87-7049-4137-883b-97515909c536 req-d5ef1d87-7049-4137-883b-97515909c536 ] Request (DeleteServersTestJSON:setUpClass): 201 POST http://10.180.1.21:9696/networking/v2.0/networks 1.280s
2024-10-16 19:46:44.950 59776 INFO tempest.lib.common.rest_client [req-c9d0d291-25ef-496e-ae7f-db78bcc7dd0a req-c9d0d291-25ef-496e-ae7f-db78bcc7dd0a ] Request (ServersTestBootFromVolume:setUpClass): 200 GET http://10.180.1.21/volume/v3/1c27bc040150437ba306acab1e5de5d5/volumes/42f479e8-1b74-4e24-ae3b-8e7c6d7f1d04 0.027s
2024-10-16 19:46:44.953 59766 INFO tempest.lib.common.rest_client [req-84f39a9b-840e-4327-9bfe-871cb4f7ba40 req-84f39a9b-840e-4327-9bfe-871cb4f7ba40 ] Request (SecurityGroupRulesNegativeTestJSON:test_create_security_group_rule_with_invalid_ip_protocol): 400 POST http://10.180.1.21/compute/v2.1/os-security-group-rules 0.972s
2024-10-16 19:46:45.032 59770 INFO tempest.lib.common.rest_client [req-03bef1ef-42a3-42c8-bf19-09462dac9104 req-03bef1ef-42a3-42c8-bf19-09462dac9104 ] Request (ValidationResourcesFixture:setUp): 201 POST http://10.180.1.21:9696/networking/v2.0/security-group-rules 0.571s
