2024-10-18 09:02:10.602 62747 INFO tempest.lib.common.rest_client [req-54bffb8e-58b9-4681-90cd-d48d916d7bf0 req-54bffb8e-58b9-4681-90cd-d48d916d7bf0 ] Request (ServersTestJSON:test_create_server_specify_multibyte_character_name): 200 GET http://10.180.1.21/compute/v2.1/servers/9c7a44b1-d87a-42a7-95f3-b0b064ce1ef6 0.048s
2024-10-18 09:02:10.631 62709 INFO tempest.lib.common.rest_client [req-a84d1eec-9f98-4d0b-905c-3014b410fb01 req-a84d1eec-9f98-4d0b-905c-3014b410fb01 ] Request (ServersTestMultiNic:test_verify_multiple_nics_order): 200 GET http://10.180.1.21/compute/v2.1/servers/02cb219f-989f-45b5-a9ba-d0b5a521cfa2 0.045s
2024-10-18 09:02:10.754 62739 INFO tempest.lib.common.rest_client [req-932c21c0-da2d-4d32-94c5-b2cf1adcbaed req-932c21c0-da2d-4d32-94c5-b2cf1adcbaed ] Request (ServerRescueTestJSONUnderV235:setUpClass): 200 GET http://10.180.1.21/compute/v2.1/servers/0e00ca48-f9e1-4999-aad5-d7965f7ddc28 0.045s
2024-10-18 09:02:10.815 62751 INFO tempest.lib.common.rest_client [req-f87caf46-f847-4a83-a8f5-bf241c043d0c req-f87caf46-f847-4a83-a8f5-bf241c043d0c ] Request (AttachVolumeNegativeTest:test_attach_attached_volume_to_different_server): 200 GET http://10.180.1.21/compute/v2.1/servers/a24776d9-9950-4c83-9641-9675cabd5fd3 0.055s
2024-10-18 09:02:10.820 62717 INFO tempest.lib.common.rest_client [req-17a8bce9-717e-4741-a25b-dcbb09b910a4 req-17a8bce9-717e-4741-a25b-dcbb09b910a4 ] Request (SecurityGroupsTestJSON:test_server_security_groups): 200 GET http://10.180.1.21/compute/v2.1/servers/01a3e1be-d29b-45d7-987e-66a4395ae2a4 0.052s
2024-10-18 09:02:10.857 62719 INFO tempest.lib.common.rest_client [req-65e70a56-00ce-4bb2-9af1-c7b1365808d7 req-65e70a56-00ce-4bb2-9af1-c7b1365808d7 ] Request (ServerActionsTestOtherB:setUpClass): 200 GET http://10.180.1.21/compute/v2.1/servers/578627be-e695-4953-8d0e-9763d12b9a28 0.057s
2024-10-18 09:02:10.862 62755 INFO tempest.lib.common.rest_client [req-835be729-7d69-448a-b518-3e7d3e456e92 req-835be729-7d69-448a-b518-3e7d3e456e92 ] Request (ServerMetadataTestJSON:setUpClass): 200 GET http://10.180.1.21/compute/v2.1/servers/c4c5abc4-a5ed-4337-a930-d37d579819f8 0.052s
2024-10-18 09:02:10.900 62741 INFO tempest.lib.common.rest_client [req-da7d8830-8553-4d3e-8b3d-9c9a288edf97 req-da7d8830-8553-4d3e-8b3d-9c9a288edf97 ] Request (ServerRescueNegativeTestJSON:setUpClass): 200 GET http://10.180.1.21/compute/v2.1/servers/02b7a3c3-bdfd-47d9-acf7-afd7725cea64 0.056s
2024-10-18 09:02:10.938 62727 INFO tempest.lib.common.rest_client [req-4bfd846e-8d5d-4286-9c84-f899dd21e24a req-4bfd846e-8d5d-4286-9c84-f899dd21e24a ] Request (ServersTestJSON:setUpClass): 200 GET http://10.180.1.21/compute/v2.1/servers/724a8083-2bde-483e-bd5a-a928def284bf 0.043s
2024-10-18 09:02:10.985 62732 INFO tempest.lib.common.rest_client [req-0c851796-0dfd-43ed-9411-859456ca5b21 req-0c851796-0dfd-43ed-9411-859456ca5b21 ] Request (ImagesOneServerNegativeTestJSON:setUpClass): 200 GET http://10.180.1.21/compute/v2.1/servers/770b6195-ab31-4df0-84b0-e8382732ec32 0.044s
2024-10-18 09:02:11.042 62703 INFO tempest.lib.common.rest_client [req-c0bd9208-51f3-4cae-9603-faa5208f271d req-c0bd9208-51f3-4cae-9603-faa5208f271d ] Request (TenantUsagesTestJSON:setUpClass): 200 GET http://10.180.1.21/compute/v2.1/servers/c37f1b55-7a06-4c93-9492-d2bd6d2bfe83 0.047s
2024-10-18 09:02:11.077 62711 INFO tempest.lib.common.rest_client [req-4e09bce9-03c6-46cc-8d8c-662473353282 req-4e09bce9-03c6-46cc-8d8c-662473353282 ] Request (ServerDiagnosticsNegativeTest:test_get_server_diagnostics_by_non_admin): 200 GET http://10.180.1.21/compute/v2.1/servers/252df6ad-e29d-4596-bc99-4aae144bbcc5 0.047s
2024-10-18 09:02:11.084 62757 INFO tempest.lib.common.rest_client [req-eba3ef14-2573-4fc6-8134-1d306c1c34f6 req-eba3ef14-2573-4fc6-8134-1d306c1c34f6 ] Request (MigrationsAdminTest:test_resize_server_revert_deleted_flavor): 200 GET http://10.180.1.21/compute/v2.1/servers/dba18c87-50a2-4ac8-8bd2-77f8f62b723c 0.053s
2024-10-18 09:02:11.116 62725 INFO tempest.lib.common.rest_client [req-a346249f-8649-4d92-81e0-fb6d595074d3 req-a346249f-8649-4d92-81e0-fb6d595074d3 ] Request (DeleteServersTestJSON:test_delete_server_while_in_attached_volume): 200 GET http://10.180.1.21/compute/v2.1/servers/ec2297bb-1d29-4ea9-90f7-f4f39716c103 0.047s
2024-10-18 09:02:11.223 62743 INFO tempest.lib.common.rest_client [req-5ea22246-93f4-46d5-86c0-20ff2ecce063 req-5ea22246-93f4-46d5-86c0-20ff2ecce063 ] Request (ServerPasswordTestJSON:setUpClass): 200 GET http://10.180.1.21/compute/v2.1/servers/61426715-7a38-475d-895a-0eb6d6040c66 0.048s
2024-10-18 09:02:11.260 62715 INFO tempest.lib.common.rest_client [req-15d2f2a0-c422-49a0-9391-1841c167b886 req-15d2f2a0-c422-49a0-9391-1841c167b886 ] Request (ServersV294TestFqdnHostnames:setUpClass): 200 GET http://10.180.1.21/compute/v2.1/servers/47e44ea5-15f2-4ea3-bda9-ae4820c4b9c4 0.048s
2024-10-18 09:02:11.341 62697 INFO tempest.lib.common.rest_client [req-4da82a97-765e-4f4f-bfe8-64c71144cbea req-4da82a97-765e-4f4f-bfe8-64c71144cbea ] Request (ServersTestFqdnHostnames:test_create_server_with_fqdn_name): 200 GET http://10.180.1.21/compute/v2.1/servers/3426ace3-0cff-4119-85fe-31e681a8597b 0.049s
2024-10-18 09:02:11.376 62701 INFO tempest.lib.common.rest_client [req-e94996c3-6746-446f-bb83-c187610be17e req-e94996c3-6746-446f-bb83-c187610be17e ] Request (ImagesNegativeTestJSON:test_create_image_from_deleted_server): 200 GET http://10.180.1.21/compute/v2.1/servers/2213bb98-48cd-4a9e-8a9b-4b6db30ea2ae 0.045s
2024-10-18 09:02:11.423 62713 INFO tempest.lib.common.rest_client [req-7eef2b86-32f7-406d-b899-1330fa821e80 req-7eef2b86-32f7-406d-b899-1330fa821e80 ] Request (ServerDiagnosticsTest:test_get_server_diagnostics): 200 GET http://10.180.1.21/compute/v2.1/servers/94703126-bb31-40af-b945-2ef5ff37e094 0.045s
2024-10-18 09:02:11.467 62699 INFO tempest.lib.common.rest_client [req-84538a28-0565-4e5d-8fd2-9df1383c1c6c req-84538a28-0565-4e5d-8fd2-9df1383c1c6c ] Request (VolumesAdminNegativeTest:test_update_attached_volume_with_nonexistent_volume_in_body): 200 GET http://10.180.1.21/compute/v2.1/servers/8c64f76d-cb18-41c5-9afa-e88af038f2b0 0.048s
2024-10-18 09:02:11.473 62733 INFO tempest.lib.common.rest_client [req-1e8fa663-d9e5-408c-874d-a92948098fd2 req-1e8fa663-d9e5-408c-874d-a92948098fd2 ] Request (ServersAaction247Test:tearDownClass): 200 GET http://10.180.1.21/compute/v2.1/servers/3b71c366-cbd9-4b98-aa0d-c55b56e69231 0.051s
2024-10-18 09:02:11.510 62745 INFO tempest.lib.common.rest_client [req-1ebea930-ce74-4dd0-99dc-010091ba9af6 req-1ebea930-ce74-4dd0-99dc-010091ba9af6 ] Request (FloatingIPsAssociationTestJSON:setUpClass): 200 GET http://10.180.1.21/compute/v2.1/servers/ecaa6bf7-e7bd-44c2-811c-1edf9a1039ee 0.050s
2024-10-18 09:02:11.606 62737 INFO tempest.lib.common.rest_client [req-ecd65cb3-b224-438e-809d-5e6a019f87d7 req-ecd65cb3-b224-438e-809d-5e6a019f87d7 ] Request (ImagesTestJSON:test_create_image_from_suspended_server): 200 GET http://10.180.1.21/compute/v2.1/servers/01bbc9ec-f2ee-4a48-a33c-784861e81097 0.049s
2024-10-18 09:02:11.621 62760 INFO tempest.lib.common.rest_client [req-6c786c42-83ff-4bd0-bfa2-384eeef17ed3 req-6c786c42-83ff-4bd0-bfa2-384eeef17ed3 ] Request (ServerShowV247Test:test_update_rebuild_list_server): 200 GET http://10.180.1.21/compute/v2.1/servers/5214f4a1-3e28-41bf-88d9-161511385e1b 0.051s
2024-10-18 09:02:11.650 62735 INFO tempest.lib.common.rest_client [req-70413dd5-8fa8-433c-820b-b2ab2846a75e req-70413dd5-8fa8-433c-820b-b2ab2846a75e ] Request (AttachInterfacesTestJSON:test_create_list_show_delete_interfaces_by_fixed_ip): 200 GET http://10.180.1.21/compute/v2.1/servers/b6efad50-aa2e-49f9-9ce7-5fead31db7a8 0.053s
2024-10-18 09:02:11.664 62747 INFO tempest.lib.common.rest_client [req-f150046e-6f22-4db1-a8db-05741a6acbb7 req-f150046e-6f22-4db1-a8db-05741a6acbb7 ] Request (ServersTestJSON:test_create_server_specify_multibyte_character_name): 200 GET http://10.180.1.21/compute/v2.1/servers/9c7a44b1-d87a-42a7-95f3-b0b064ce1ef6 0.055s
2024-10-18 09:02:11.690 62709 INFO tempest.lib.common.rest_client [req-327fe952-40bd-4ce0-a9a0-d3d5f57e6f68 req-327fe952-40bd-4ce0-a9a0-d3d5f57e6f68 ] Request (ServersTestMultiNic:test_verify_multiple_nics_order): 200 GET http://10.180.1.21/compute/v2.1/servers/02cb219f-989f-45b5-a9ba-d0b5a521cfa2 0.053s
2024-10-18 09:02:11.806 62739 INFO tempest.lib.common.rest_client [req-c80db7fc-5a8f-4cf8-8b72-8a0c60a34cfd req-c80db7fc-5a8f-4cf8-8b72-8a0c60a34cfd ] Request (ServerRescueTestJSONUnderV235:setUpClass): 200 GET http://10.180.1.21/compute/v2.1/servers/0e00ca48-f9e1-4999-aad5-d7965f7ddc28 0.045s
2024-10-18 09:02:11.868 62751 INFO tempest.lib.common.rest_client [req-71bacb28-47fb-47bc-9ae5-187af49682d9 req-71bacb28-47fb-47bc-9ae5-187af49682d9 ] Request (AttachVolumeNegativeTest:test_attach_attached_volume_to_different_server): 200 GET http://10.180.1.21/compute/v2.1/servers/a24776d9-9950-4c83-9641-9675cabd5fd3 0.046s
2024-10-18 09:02:11.871 62717 INFO tempest.lib.common.rest_client [req-7c62bff6-079a-4c4c-8baa-f4db063af259 req-7c62bff6-079a-4c4c-8baa-f4db063af259 ] Request (SecurityGroupsTestJSON:test_server_security_groups): 200 GET http://10.180.1.21/compute/v2.1/servers/01a3e1be-d29b-45d7-987e-66a4395ae2a4 0.043s
2024-10-18 09:02:11.907 62719 INFO tempest.lib.common.rest_client [req-bbb91a4a-2aa0-48ec-a31a-d4c5fcb0a039 req-bbb91a4a-2aa0-48ec-a31a-d4c5fcb0a039 ] Request (ServerActionsTestOtherB:setUpClass): 200 GET http://10.180.1.21/compute/v2.1/servers/578627be-e695-4953-8d0e-9763d12b9a28 0.043s
2024-10-18 09:02:11.913 62755 INFO tempest.lib.common.rest_client [req-fe013582-3fb2-4f78-8976-bc3726f628ec req-fe013582-3fb2-4f78-8976-bc3726f628ec ] Request (ServerMetadataTestJSON:setUpClass): 200 GET http://10.180.1.21/compute/v2.1/servers/c4c5abc4-a5ed-4337-a930-d37d579819f8 0.043s
2024-10-18 09:02:11.947 62741 INFO tempest.lib.common.rest_client [req-18a84497-515c-44bc-a805-fb1aa68bd3c9 req-18a84497-515c-44bc-a805-fb1aa68bd3c9 ] Request (ServerRescueNegativeTestJSON:setUpClass): 200 GET http://10.180.1.21/compute/v2.1/servers/02b7a3c3-bdfd-47d9-acf7-afd7725cea64 0.040s
2024-10-18 09:02:11.988 62727 INFO tempest.lib.common.rest_client [req-eea8dcdd-8ada-441e-8415-5e61f80b768d req-eea8dcdd-8ada-441e-8415-5e61f80b768d ] Request (ServersTestJSON:setUpClass): 200 GET http://10.180.1.21/compute/v2.1/servers/724a8083-2bde-483e-bd5a-a928def284bf 0.044s
2024-10-18 09:02:12.036 62732 INFO tempest.lib.common.rest_client [req-d5cbcdb5-3857-4460-b745-7506e129b3a6 req-d5cbcdb5-3857-4460-b745-7506e129b3a6 ] Request (ImagesOneServerNegativeTestJSON:setUpClass): 200 GET http://10.180.1.21/compute/v2.1/servers/770b6195-ab31-4df0-84b0-e8382732ec32 0.045s
2024-10-18 09:02:12.092 62703 INFO tempest.lib.common.rest_client [req-851b5240-c2d3-478f-8589-247871d17465 req-851b5240-c2d3-478f-8589-247871d17465 ] Request (TenantUsagesTestJSON:setUpClass): 200 GET http://10.180.1.21/compute/v2.1/servers/c37f1b55-7a06-4c93-9492-d2bd6d2bfe83 0.043s
2024-10-18 09:02:12.126 62711 INFO tempest.lib.common.rest_client [req-e7ef07b2-363c-4073-939c-5fd6507fb120 req-e7ef07b2-363c-4073-939c-5fd6507fb120 ] Request (ServerDiagnosticsNegativeTest:test_get_server_diagnostics_by_non_admin): 200 GET http://10.180.1.21/compute/v2.1/servers/252df6ad-e29d-4596-bc99-4aae144bbcc5 0.042s
2024-10-18 09:02:12.133 62757 INFO tempest.lib.common.rest_client [req-491859bf-9d54-4d4e-bf7b-7d2e4ad3c48f req-491859bf-9d54-4d4e-bf7b-7d2e4ad3c48f ] Request (MigrationsAdminTest:test_resize_server_revert_deleted_flavor): 200 GET http://10.180.1.21/compute/v2.1/servers/dba18c87-50a2-4ac8-8bd2-77f8f62b723c 0.041s
2024-10-18 09:02:12.166 62725 INFO tempest.lib.common.rest_client [req-852d559b-6f83-433e-8090-b60b103bbb6c req-852d559b-6f83-433e-8090-b60b103bbb6c ] Request (DeleteServersTestJSON:test_delete_server_while_in_attached_volume): 200 GET http://10.180.1.21/compute/v2.1/servers/ec2297bb-1d29-4ea9-90f7-f4f39716c103 0.041s
2024-10-18 09:02:12.277 62743 INFO tempest.lib.common.rest_client [req-85824faa-27c6-4282-bcea-415b7295c468 req-85824faa-27c6-4282-bcea-415b7295c468 ] Request (ServerPasswordTestJSON:setUpClass): 200 GET http://10.180.1.21/compute/v2.1/servers/61426715-7a38-475d-895a-0eb6d6040c66 0.046s
2024-10-18 09:02:12.317 62715 INFO tempest.lib.common.rest_client [req-f8e73be0-ff15-432a-8074-9eab98fe38e2 req-f8e73be0-ff15-432a-8074-9eab98fe38e2 ] Request (ServersV294TestFqdnHostnames:setUpClass): 200 GET http://10.180.1.21/compute/v2.1/servers/47e44ea5-15f2-4ea3-bda9-ae4820c4b9c4 0.048s
2024-10-18 09:02:12.392 62697 INFO tempest.lib.common.rest_client [req-817f7a44-18dd-4351-8d69-beaf00fc651c req-817f7a44-18dd-4351-8d69-beaf00fc651c ] Request (ServersTestFqdnHostnames:test_create_server_with_fqdn_name): 200 GET http://10.180.1.21/compute/v2.1/servers/3426ace3-0cff-4119-85fe-31e681a8597b 0.044s
2024-10-18 09:02:12.427 62701 INFO tempest.lib.common.rest_client [req-da3b4a50-cd36-4a49-bcce-03c4dcca1dd9 req-da3b4a50-cd36-4a49-bcce-03c4dcca1dd9 ] Request (ImagesNegativeTestJSON:test_create_image_from_deleted_server): 200 GET http://10.180.1.21/compute/v2.1/servers/2213bb98-48cd-4a9e-8a9b-4b6db30ea2ae 0.044s
2024-10-18 09:02:12.475 62713 INFO tempest.lib.common.rest_client [req-4c728f2d-5ac7-4b53-8fa1-a96d6faeede7 req-4c728f2d-5ac7-4b53-8fa1-a96d6faeede7 ] Request (ServerDiagnosticsTest:test_get_server_diagnostics): 200 GET http://10.180.1.21/compute/v2.1/servers/94703126-bb31-40af-b945-2ef5ff37e094 0.045s
2024-10-18 09:02:12.520 62699 INFO tempest.lib.common.rest_client [req-10daf14c-d9cc-4fe5-be74-3e5a4ba4ca5a req-10daf14c-d9cc-4fe5-be74-3e5a4ba4ca5a ] Request (VolumesAdminNegativeTest:test_update_attached_volume_with_nonexistent_volume_in_body): 200 GET http://10.180.1.21/compute/v2.1/servers/8c64f76d-cb18-41c5-9afa-e88af038f2b0 0.046s
2024-10-18 09:02:12.535 62733 INFO tempest.lib.common.rest_client [req-ad26f4a7-5f96-4c8a-a73c-6b16f7f0c9a2 req-ad26f4a7-5f96-4c8a-a73c-6b16f7f0c9a2 ] Request (ServersAaction247Test:tearDownClass): 200 GET http://10.180.1.21/compute/v2.1/servers/3b71c366-cbd9-4b98-aa0d-c55b56e69231 0.054s
2024-10-18 09:02:12.564 62745 INFO tempest.lib.common.rest_client [req-425a856a-cfd4-4fcf-9d16-5718818f02c0 req-425a856a-cfd4-4fcf-9d16-5718818f02c0 ] Request (FloatingIPsAssociationTestJSON:setUpClass): 200 GET http://10.180.1.21/compute/v2.1/servers/ecaa6bf7-e7bd-44c2-811c-1edf9a1039ee 0.047s
2024-10-18 09:02:12.680 62760 INFO tempest.lib.common.rest_client [req-9a753fdf-bea8-421d-b111-87bf10f72e23 req-9a753fdf-bea8-421d-b111-87bf10f72e23 ] Request (ServerShowV247Test:test_update_rebuild_list_server): 200 GET http://10.180.1.21/compute/v2.1/servers/5214f4a1-3e28-41bf-88d9-161511385e1b 0.050s
2024-10-18 09:02:12.726 62735 INFO tempest.lib.common.rest_client [req-7eba6f35-da64-493f-8e1d-866755930e12 req-7eba6f35-da64-493f-8e1d-866755930e12 ] Request (AttachInterfacesTestJSON:test_create_list_show_delete_interfaces_by_fixed_ip): 200 GET http://10.180.1.21/compute/v2.1/servers/b6efad50-aa2e-49f9-9ce7-5fead31db7a8 0.069s
2024-10-18 09:02:12.779 62747 INFO tempest.lib.common.rest_client [req-98f8fee5-aea6-405d-aad8-fe64d69b3519 req-98f8fee5-aea6-405d-aad8-fe64d69b3519 ] Request (ServersTestJSON:test_create_server_specify_multibyte_character_name): 200 GET http://10.180.1.21/compute/v2.1/servers/9c7a44b1-d87a-42a7-95f3-b0b064ce1ef6 0.107s
2024-10-18 09:02:12.828 62709 INFO tempest.lib.common.rest_client [req-5ab3caae-24c6-4a63-85cb-61ad80fc3e2c req-5ab3caae-24c6-4a63-85cb-61ad80fc3e2c ] Request (ServersTestMultiNic:test_verify_multiple_nics_order): 200 GET http://10.180.1.21/compute/v2.1/servers/02cb219f-989f-45b5-a9ba-d0b5a521cfa2 0.130s
2024-10-18 09:02:12.864 62737 INFO tempest.lib.common.rest_client [req-4e2131b0-ad97-4d10-8667-5dbfa9858547 req-4e2131b0-ad97-4d10-8667-5dbfa9858547 ] Request (ImagesTestJSON:test_create_image_from_suspended_server): 200 GET http://10.180.1.21/compute/v2.1/servers/01bbc9ec-f2ee-4a48-a33c-784861e81097 0.251s
2024-10-18 09:02:12.870 62739 INFO tempest.lib.common.rest_client [req-d642b49b-4cf2-4cda-91b0-30ad94fec6b3 req-d642b49b-4cf2-4cda-91b0-30ad94fec6b3 ] Request (ServerRescueTestJSONUnderV235:setUpClass): 200 GET http://10.180.1.21/compute/v2.1/servers/0e00ca48-f9e1-4999-aad5-d7965f7ddc28 0.057s
2024-10-18 09:02:12.919 62751 INFO tempest.lib.common.rest_client [req-beceb960-e821-4bed-909a-6f0ae2849ebf req-beceb960-e821-4bed-909a-6f0ae2849ebf ] Request (AttachVolumeNegativeTest:test_attach_attached_volume_to_different_server): 200 GET http://10.180.1.21/compute/v2.1/servers/a24776d9-9950-4c83-9641-9675cabd5fd3 0.043s
2024-10-18 09:02:12.924 62717 INFO tempest.lib.common.rest_client [req-df3bfdba-91a3-4209-abd3-9abc336322f1 req-df3bfdba-91a3-4209-abd3-9abc336322f1 ] Request (SecurityGroupsTestJSON:test_server_security_groups): 200 GET http://10.180.1.21/compute/v2.1/servers/01a3e1be-d29b-45d7-987e-66a4395ae2a4 0.045s
2024-10-18 09:02:12.930 62717 INFO tempest.common.waiters [-] State transition "BUILD/None" ==> "BUILD/networking" after 76 second wait
2024-10-18 09:02:12.960 62719 INFO tempest.lib.common.rest_client [req-680521a6-a254-498e-9e33-bea782dbc4f9 req-680521a6-a254-498e-9e33-bea782dbc4f9 ] Request (ServerActionsTestOtherB:setUpClass): 200 GET http://10.180.1.21/compute/v2.1/servers/578627be-e695-4953-8d0e-9763d12b9a28 0.046s
2024-10-18 09:02:12.965 62755 INFO tempest.lib.common.rest_client [req-141aefb7-d1fe-4243-953a-127cf6fd35e3 req-141aefb7-d1fe-4243-953a-127cf6fd35e3 ] Request (ServerMetadataTestJSON:setUpClass): 200 GET http://10.180.1.21/compute/v2.1/servers/c4c5abc4-a5ed-4337-a930-d37d579819f8 0.046s
2024-10-18 09:02:13.002 62741 INFO tempest.lib.common.rest_client [req-1a2535f0-1c7d-4866-b61f-4bd99ad72320 req-1a2535f0-1c7d-4866-b61f-4bd99ad72320 ] Request (ServerRescueNegativeTestJSON:setUpClass): 200 GET http://10.180.1.21/compute/v2.1/servers/02b7a3c3-bdfd-47d9-acf7-afd7725cea64 0.049s
2024-10-18 09:02:13.043 62727 INFO tempest.lib.common.rest_client [req-6a1cfc6d-cb47-467a-850a-fd807743adf1 req-6a1cfc6d-cb47-467a-850a-fd807743adf1 ] Request (ServersTestJSON:setUpClass): 200 GET http://10.180.1.21/compute/v2.1/servers/724a8083-2bde-483e-bd5a-a928def284bf 0.048s
2024-10-18 09:02:13.089 62732 INFO tempest.lib.common.rest_client [req-0d77da52-51f2-431e-b168-aa517484b729 req-0d77da52-51f2-431e-b168-aa517484b729 ] Request (ImagesOneServerNegativeTestJSON:setUpClass): 200 GET http://10.180.1.21/compute/v2.1/servers/770b6195-ab31-4df0-84b0-e8382732ec32 0.045s
2024-10-18 09:02:13.151 62703 INFO tempest.lib.common.rest_client [req-20b6cfa1-7e98-474a-b67a-385402046cf8 req-20b6cfa1-7e98-474a-b67a-385402046cf8 ] Request (TenantUsagesTestJSON:setUpClass): 200 GET http://10.180.1.21/compute/v2.1/servers/c37f1b55-7a06-4c93-9492-d2bd6d2bfe83 0.052s
2024-10-18 09:02:13.184 62711 INFO tempest.lib.common.rest_client [req-c8a92404-3a77-4774-adcb-a5e105a3764a req-c8a92404-3a77-4774-adcb-a5e105a3764a ] Request (ServerDiagnosticsNegativeTest:test_get_server_diagnostics_by_non_admin): 200 GET http://10.180.1.21/compute/v2.1/servers/252df6ad-e29d-4596-bc99-4aae144bbcc5 0.051s
2024-10-18 09:02:13.195 62757 INFO tempest.lib.common.rest_client [req-c5fc29a8-9c0d-4fb4-a473-75b6adc3cd33 req-c5fc29a8-9c0d-4fb4-a473-75b6adc3cd33 ] Request (MigrationsAdminTest:test_resize_server_revert_deleted_flavor): 200 GET http://10.180.1.21/compute/v2.1/servers/dba18c87-50a2-4ac8-8bd2-77f8f62b723c 0.055s
2024-10-18 09:02:13.225 62725 INFO tempest.lib.common.rest_client [req-f8f5ca30-1143-4546-9b6c-7d195ca4a72a req-f8f5ca30-1143-4546-9b6c-7d195ca4a72a ] Request (DeleteServersTestJSON:test_delete_server_while_in_attached_volume): 200 GET http://10.180.1.21/compute/v2.1/servers/ec2297bb-1d29-4ea9-90f7-f4f39716c103 0.052s
2024-10-18 09:02:13.335 62743 INFO tempest.lib.common.rest_client [req-64e6d58e-7db7-45d7-9996-020847915d84 req-64e6d58e-7db7-45d7-9996-020847915d84 ] Request (ServerPasswordTestJSON:setUpClass): 200 GET http://10.180.1.21/compute/v2.1/servers/61426715-7a38-475d-895a-0eb6d6040c66 0.050s
2024-10-18 09:02:13.380 62715 INFO tempest.lib.common.rest_client [req-d5142484-317d-4c75-8fb9-0ad8d90950af req-d5142484-317d-4c75-8fb9-0ad8d90950af ] Request (ServersV294TestFqdnHostnames:setUpClass): 200 GET http://10.180.1.21/compute/v2.1/servers/47e44ea5-15f2-4ea3-bda9-ae4820c4b9c4 0.054s
2024-10-18 09:02:13.455 62697 INFO tempest.lib.common.rest_client [req-daccca10-d21d-4623-bd19-0518946a9282 req-daccca10-d21d-4623-bd19-0518946a9282 ] Request (ServersTestFqdnHostnames:test_create_server_with_fqdn_name): 200 GET http://10.180.1.21/compute/v2.1/servers/3426ace3-0cff-4119-85fe-31e681a8597b 0.056s
2024-10-18 09:02:13.480 62701 INFO tempest.lib.common.rest_client [req-f6e0c148-0ca7-4666-9f3e-41a1014f418b req-f6e0c148-0ca7-4666-9f3e-41a1014f418b ] Request (ImagesNegativeTestJSON:test_create_image_from_deleted_server): 200 GET http://10.180.1.21/compute/v2.1/servers/2213bb98-48cd-4a9e-8a9b-4b6db30ea2ae 0.046s
2024-10-18 09:02:13.535 62713 INFO tempest.lib.common.rest_client [req-70265476-75c7-443f-b09f-93d7cfa3d8e6 req-70265476-75c7-443f-b09f-93d7cfa3d8e6 ] Request (ServerDiagnosticsTest:test_get_server_diagnostics): 200 GET http://10.180.1.21/compute/v2.1/servers/94703126-bb31-40af-b945-2ef5ff37e094 0.053s
2024-10-18 09:02:13.582 62699 INFO tempest.lib.common.rest_client [req-754beff6-c9de-4ba6-963d-da18c8ae0545 req-754beff6-c9de-4ba6-963d-da18c8ae0545 ] Request (VolumesAdminNegativeTest:test_update_attached_volume_with_nonexistent_volume_in_body): 200 GET http://10.180.1.21/compute/v2.1/servers/8c64f76d-cb18-41c5-9afa-e88af038f2b0 0.055s
2024-10-18 09:02:13.602 62733 INFO tempest.lib.common.rest_client [req-8cc702ea-e526-4d32-abbd-ab6af1ab3535 req-8cc702ea-e526-4d32-abbd-ab6af1ab3535 ] Request (ServersAaction247Test:tearDownClass): 200 GET http://10.180.1.21/compute/v2.1/servers/3b71c366-cbd9-4b98-aa0d-c55b56e69231 0.059s
2024-10-18 09:02:13.632 62745 INFO tempest.lib.common.rest_client [req-2cf5a44b-0964-433a-8629-19cf26eb6d86 req-2cf5a44b-0964-433a-8629-19cf26eb6d86 ] Request (FloatingIPsAssociationTestJSON:setUpClass): 200 GET http://10.180.1.21/compute/v2.1/servers/ecaa6bf7-e7bd-44c2-811c-1edf9a1039ee 0.062s
2024-10-18 09:02:13.746 62760 INFO tempest.lib.common.rest_client [req-947e13dc-2603-4b47-8a27-1c3e5e0bdfca req-947e13dc-2603-4b47-8a27-1c3e5e0bdfca ] Request (ServerShowV247Test:test_update_rebuild_list_server): 200 GET http://10.180.1.21/compute/v2.1/servers/5214f4a1-3e28-41bf-88d9-161511385e1b 0.053s
2024-10-18 09:02:13.782 62735 INFO tempest.lib.common.rest_client [req-257c97ba-9a58-4a44-a96d-d950c2c48a17 req-257c97ba-9a58-4a44-a96d-d950c2c48a17 ] Request (AttachInterfacesTestJSON:test_create_list_show_delete_interfaces_by_fixed_ip): 200 GET http://10.180.1.21/compute/v2.1/servers/b6efad50-aa2e-49f9-9ce7-5fead31db7a8 0.048s
2024-10-18 09:02:13.836 62747 INFO tempest.lib.common.rest_client [req-5dbcadd7-08a7-4ee0-a05b-26a0a4c4b285 req-5dbcadd7-08a7-4ee0-a05b-26a0a4c4b285 ] Request (ServersTestJSON:test_create_server_specify_multibyte_character_name): 200 GET http://10.180.1.21/compute/v2.1/servers/9c7a44b1-d87a-42a7-95f3-b0b064ce1ef6 0.050s
2024-10-18 09:02:13.894 62709 INFO tempest.lib.common.rest_client [req-bd0466a5-84a8-4f42-8a8d-c28ab8010a1a req-bd0466a5-84a8-4f42-8a8d-c28ab8010a1a ] Request (ServersTestMultiNic:test_verify_multiple_nics_order): 200 GET http://10.180.1.21/compute/v2.1/servers/02cb219f-989f-45b5-a9ba-d0b5a521cfa2 0.059s
2024-10-18 09:02:13.925 62737 INFO tempest.lib.common.rest_client [req-f38df1fd-ad2e-499f-b9a1-e99b9a22f43a req-f38df1fd-ad2e-499f-b9a1-e99b9a22f43a ] Request (ImagesTestJSON:test_create_image_from_suspended_server): 200 GET http://10.180.1.21/compute/v2.1/servers/01bbc9ec-f2ee-4a48-a33c-784861e81097 0.051s
2024-10-18 09:02:13.940 62739 INFO tempest.lib.common.rest_client [req-e2997e0a-4794-43e6-aa39-3ea3083532c3 req-e2997e0a-4794-43e6-aa39-3ea3083532c3 ] Request (ServerRescueTestJSONUnderV235:setUpClass): 200 GET http://10.180.1.21/compute/v2.1/servers/0e00ca48-f9e1-4999-aad5-d7965f7ddc28 0.063s
2024-10-18 09:02:13.974 62751 INFO tempest.lib.common.rest_client [req-543415e5-ea5b-4e1d-929f-0c370956bf6c req-543415e5-ea5b-4e1d-929f-0c370956bf6c ] Request (AttachVolumeNegativeTest:test_attach_attached_volume_to_different_server): 200 GET http://10.180.1.21/compute/v2.1/servers/a24776d9-9950-4c83-9641-9675cabd5fd3 0.049s
2024-10-18 09:02:14.023 62719 INFO tempest.lib.common.rest_client [req-a9a2cf64-9be7-4b48-a8db-ef0fe8f154ef req-a9a2cf64-9be7-4b48-a8db-ef0fe8f154ef ] Request (ServerActionsTestOtherB:setUpClass): 200 GET http://10.180.1.21/compute/v2.1/servers/578627be-e695-4953-8d0e-9763d12b9a28 0.057s
2024-10-18 09:02:14.069 62755 INFO tempest.lib.common.rest_client [req-9224c761-ffea-42cb-bd1c-a4d86744776e req-9224c761-ffea-42cb-bd1c-a4d86744776e ] Request (ServerMetadataTestJSON:setUpClass): 200 GET http://10.180.1.21/compute/v2.1/servers/c4c5abc4-a5ed-4337-a930-d37d579819f8 0.097s
2024-10-18 09:02:14.074 62717 INFO tempest.lib.common.rest_client [req-f869b97d-6083-49b1-876a-5150f4ea4d1d req-f869b97d-6083-49b1-876a-5150f4ea4d1d ] Request (SecurityGroupsTestJSON:test_server_security_groups): 200 GET http://10.180.1.21/compute/v2.1/servers/01a3e1be-d29b-45d7-987e-66a4395ae2a4 0.143s
2024-10-18 09:02:14.080 62717 INFO tempest.common.waiters [-] State transition "BUILD/networking" ==> "BUILD/block_device_mapping" after 78 second wait
2024-10-18 09:02:14.125 62741 INFO tempest.lib.common.rest_client [req-b8033cf1-ccab-453a-95eb-17e6182586a0 req-b8033cf1-ccab-453a-95eb-17e6182586a0 ] Request (ServerRescueNegativeTestJSON:setUpClass): 200 GET http://10.180.1.21/compute/v2.1/servers/02b7a3c3-bdfd-47d9-acf7-afd7725cea64 0.116s
2024-10-18 09:02:14.133 62727 INFO tempest.lib.common.rest_client [req-a3d639ec-4e42-4b36-ac23-4cdbfb63fa6b req-a3d639ec-4e42-4b36-ac23-4cdbfb63fa6b ] Request (ServersTestJSON:setUpClass): 200 GET http://10.180.1.21/compute/v2.1/servers/724a8083-2bde-483e-bd5a-a928def284bf 0.083s
2024-10-18 09:02:14.177 62732 INFO tempest.lib.common.rest_client [req-81e95bf4-13a1-47fe-b724-434bed9b6c49 req-81e95bf4-13a1-47fe-b724-434bed9b6c49 ] Request (ImagesOneServerNegativeTestJSON:setUpClass): 200 GET http://10.180.1.21/compute/v2.1/servers/770b6195-ab31-4df0-84b0-e8382732ec32 0.081s
2024-10-18 09:02:14.205 62703 INFO tempest.lib.common.rest_client [req-deb5e1b6-9770-4159-b256-04d310ac2132 req-deb5e1b6-9770-4159-b256-04d310ac2132 ] Request (TenantUsagesTestJSON:setUpClass): 200 GET http://10.180.1.21/compute/v2.1/servers/c37f1b55-7a06-4c93-9492-d2bd6d2bfe83 0.045s
2024-10-18 09:02:14.245 62711 INFO tempest.lib.common.rest_client [req-bdb8fc0e-40a7-4339-89ff-48b64300cf19 req-bdb8fc0e-40a7-4339-89ff-48b64300cf19 ] Request (ServerDiagnosticsNegativeTest:test_get_server_diagnostics_by_non_admin): 200 GET http://10.180.1.21/compute/v2.1/servers/252df6ad-e29d-4596-bc99-4aae144bbcc5 0.054s
2024-10-18 09:02:14.249 62757 INFO tempest.lib.common.rest_client [req-eaf81dd2-9522-4165-bef5-1786a2d99947 req-eaf81dd2-9522-4165-bef5-1786a2d99947 ] Request (MigrationsAdminTest:test_resize_server_revert_deleted_flavor): 200 GET http://10.180.1.21/compute/v2.1/servers/dba18c87-50a2-4ac8-8bd2-77f8f62b723c 0.047s
2024-10-18 09:02:14.289 62725 INFO tempest.lib.common.rest_client [req-7c326330-c4c0-464e-9a6e-59e5deaf2626 req-7c326330-c4c0-464e-9a6e-59e5deaf2626 ] Request (DeleteServersTestJSON:test_delete_server_while_in_attached_volume): 200 GET http://10.180.1.21/compute/v2.1/servers/ec2297bb-1d29-4ea9-90f7-f4f39716c103 0.057s
2024-10-18 09:02:14.389 62743 INFO tempest.lib.common.rest_client [req-763b6c9a-2d95-43ad-bba6-006d4a5cb47d req-763b6c9a-2d95-43ad-bba6-006d4a5cb47d ] Request (ServerPasswordTestJSON:setUpClass): 200 GET http://10.180.1.21/compute/v2.1/servers/61426715-7a38-475d-895a-0eb6d6040c66 0.045s
2024-10-18 09:02:14.441 62715 INFO tempest.lib.common.rest_client [req-c53ef253-1025-4e14-af17-2e49b9ce1ca8 req-c53ef253-1025-4e14-af17-2e49b9ce1ca8 ] Request (ServersV294TestFqdnHostnames:setUpClass): 200 GET http://10.180.1.21/compute/v2.1/servers/47e44ea5-15f2-4ea3-bda9-ae4820c4b9c4 0.052s
2024-10-18 09:02:14.513 62697 INFO tempest.lib.common.rest_client [req-6f7f148f-7039-4f15-888c-41c33103471b req-6f7f148f-7039-4f15-888c-41c33103471b ] Request (ServersTestFqdnHostnames:test_create_server_with_fqdn_name): 200 GET http://10.180.1.21/compute/v2.1/servers/3426ace3-0cff-4119-85fe-31e681a8597b 0.051s
2024-10-18 09:02:14.534 62701 INFO tempest.lib.common.rest_client [req-ec53eb3c-0140-48cc-9fb0-3f8347344fc4 req-ec53eb3c-0140-48cc-9fb0-3f8347344fc4 ] Request (ImagesNegativeTestJSON:test_create_image_from_deleted_server): 200 GET http://10.180.1.21/compute/v2.1/servers/2213bb98-48cd-4a9e-8a9b-4b6db30ea2ae 0.046s
2024-10-18 09:02:14.590 62713 INFO tempest.lib.common.rest_client [req-57274f49-50a9-4aad-9e13-0cb5d41129cf req-57274f49-50a9-4aad-9e13-0cb5d41129cf ] Request (ServerDiagnosticsTest:test_get_server_diagnostics): 200 GET http://10.180.1.21/compute/v2.1/servers/94703126-bb31-40af-b945-2ef5ff37e094 0.048s
2024-10-18 09:02:14.640 62699 INFO tempest.lib.common.rest_client [req-c155026b-44f9-4d59-ab71-8f9f491f8ff6 req-c155026b-44f9-4d59-ab71-8f9f491f8ff6 ] Request (VolumesAdminNegativeTest:test_update_attached_volume_with_nonexistent_volume_in_body): 200 GET http://10.180.1.21/compute/v2.1/servers/8c64f76d-cb18-41c5-9afa-e88af038f2b0 0.051s
2024-10-18 09:02:14.664 62733 INFO tempest.lib.common.rest_client [req-f3a9946b-1a04-4a8b-86a6-100932e428a6 req-f3a9946b-1a04-4a8b-86a6-100932e428a6 ] Request (ServersAaction247Test:tearDownClass): 200 GET http://10.180.1.21/compute/v2.1/servers/3b71c366-cbd9-4b98-aa0d-c55b56e69231 0.054s
2024-10-18 09:02:14.685 62745 INFO tempest.lib.common.rest_client [req-8e98df7a-649f-43b1-9fe5-b108274bee17 req-8e98df7a-649f-43b1-9fe5-b108274bee17 ] Request (FloatingIPsAssociationTestJSON:setUpClass): 200 GET http://10.180.1.21/compute/v2.1/servers/ecaa6bf7-e7bd-44c2-811c-1edf9a1039ee 0.045s
2024-10-18 09:02:14.803 62760 INFO tempest.lib.common.rest_client [req-237c9128-531d-484e-98df-7a1662239d75 req-237c9128-531d-484e-98df-7a1662239d75 ] Request (ServerShowV247Test:test_update_rebuild_list_server): 200 GET http://10.180.1.21/compute/v2.1/servers/5214f4a1-3e28-41bf-88d9-161511385e1b 0.048s
2024-10-18 09:02:14.834 62735 INFO tempest.lib.common.rest_client [req-abf42ded-58f3-4425-b5ff-10ac6ac6d764 req-abf42ded-58f3-4425-b5ff-10ac6ac6d764 ] Request (AttachInterfacesTestJSON:test_create_list_show_delete_interfaces_by_fixed_ip): 200 GET http://10.180.1.21/compute/v2.1/servers/b6efad50-aa2e-49f9-9ce7-5fead31db7a8 0.045s
2024-10-18 09:02:14.886 62747 INFO tempest.lib.common.rest_client [req-be6dac6e-6a0c-4b1b-996c-19cba3549f0c req-be6dac6e-6a0c-4b1b-996c-19cba3549f0c ] Request (ServersTestJSON:test_create_server_specify_multibyte_character_name): 200 GET http://10.180.1.21/compute/v2.1/servers/9c7a44b1-d87a-42a7-95f3-b0b064ce1ef6 0.043s
2024-10-18 09:02:14.952 62709 INFO tempest.lib.common.rest_client [req-03afc8c6-161a-4001-8f85-50d3bed2c9e0 req-03afc8c6-161a-4001-8f85-50d3bed2c9e0 ] Request (ServersTestMultiNic:test_verify_multiple_nics_order): 200 GET http://10.180.1.21/compute/v2.1/servers/02cb219f-989f-45b5-a9ba-d0b5a521cfa2 0.049s
2024-10-18 09:02:14.980 62737 INFO tempest.lib.common.rest_client [req-73ea0b5a-2d5c-48b9-8735-59cfc6416091 req-73ea0b5a-2d5c-48b9-8735-59cfc6416091 ] Request (ImagesTestJSON:test_create_image_from_suspended_server): 200 GET http://10.180.1.21/compute/v2.1/servers/01bbc9ec-f2ee-4a48-a33c-784861e81097 0.046s
2024-10-18 09:02:14.993 62739 INFO tempest.lib.common.rest_client [req-0ad327ff-1b24-402c-b8e2-d0ca7d66057f req-0ad327ff-1b24-402c-b8e2-d0ca7d66057f ] Request (ServerRescueTestJSONUnderV235:setUpClass): 200 GET http://10.180.1.21/compute/v2.1/servers/0e00ca48-f9e1-4999-aad5-d7965f7ddc28 0.045s
2024-10-18 09:02:15.027 62751 INFO tempest.lib.common.rest_client [req-0207fa0d-009c-4e53-9af1-145b2cf32486 req-0207fa0d-009c-4e53-9af1-145b2cf32486 ] Request (AttachVolumeNegativeTest:test_attach_attached_volume_to_different_server): 200 GET http://10.180.1.21/compute/v2.1/servers/a24776d9-9950-4c83-9641-9675cabd5fd3 0.045s
2024-10-18 09:02:15.075 62719 INFO tempest.lib.common.rest_client [req-d8d12a6f-f3b2-484e-bcdd-10aaf8d00853 req-d8d12a6f-f3b2-484e-bcdd-10aaf8d00853 ] Request (ServerActionsTestOtherB:setUpClass): 200 GET http://10.180.1.21/compute/v2.1/servers/578627be-e695-4953-8d0e-9763d12b9a28 0.045s
2024-10-18 09:02:15.125 62755 INFO tempest.lib.common.rest_client [req-b9cd09de-cd48-47a2-8f35-fd4316e294dd req-b9cd09de-cd48-47a2-8f35-fd4316e294dd ] Request (ServerMetadataTestJSON:setUpClass): 200 GET http://10.180.1.21/compute/v2.1/servers/c4c5abc4-a5ed-4337-a930-d37d579819f8 0.049s
2024-10-18 09:02:15.126 62717 INFO tempest.lib.common.rest_client [req-fc891380-7bdb-4286-b337-679cbf514bb6 req-fc891380-7bdb-4286-b337-679cbf514bb6 ] Request (SecurityGroupsTestJSON:test_server_security_groups): 200 GET http://10.180.1.21/compute/v2.1/servers/01a3e1be-d29b-45d7-987e-66a4395ae2a4 0.045s
2024-10-18 09:02:15.133 62717 INFO tempest.common.waiters [-] State transition "BUILD/block_device_mapping" ==> "BUILD/spawning" after 79 second wait
2024-10-18 09:02:15.176 62741 INFO tempest.lib.common.rest_client [req-bde3eba0-8c38-44ea-af17-e9c30213e0a5 req-bde3eba0-8c38-44ea-af17-e9c30213e0a5 ] Request (ServerRescueNegativeTestJSON:setUpClass): 200 GET http://10.180.1.21/compute/v2.1/servers/02b7a3c3-bdfd-47d9-acf7-afd7725cea64 0.043s
2024-10-18 09:02:15.183 62727 INFO tempest.lib.common.rest_client [req-80bcb0cc-70db-432a-a2cf-0c32abb6438a req-80bcb0cc-70db-432a-a2cf-0c32abb6438a ] Request (ServersTestJSON:setUpClass): 200 GET http://10.180.1.21/compute/v2.1/servers/724a8083-2bde-483e-bd5a-a928def284bf 0.043s
2024-10-18 09:02:15.225 62732 INFO tempest.lib.common.rest_client [req-faf328b1-59c0-4b5e-af40-04f717764771 req-faf328b1-59c0-4b5e-af40-04f717764771 ] Request (ImagesOneServerNegativeTestJSON:setUpClass): 200 GET http://10.180.1.21/compute/v2.1/servers/770b6195-ab31-4df0-84b0-e8382732ec32 0.042s
2024-10-18 09:02:15.255 62703 INFO tempest.lib.common.rest_client [req-377cf085-13f5-4c02-8914-5df4f8f0a30d req-377cf085-13f5-4c02-8914-5df4f8f0a30d ] Request (TenantUsagesTestJSON:setUpClass): 200 GET http://10.180.1.21/compute/v2.1/servers/c37f1b55-7a06-4c93-9492-d2bd6d2bfe83 0.043s
2024-10-18 09:02:15.302 62711 INFO tempest.lib.common.rest_client [req-05f29d52-57fe-48cc-9695-1d71c2659ce8 req-05f29d52-57fe-48cc-9695-1d71c2659ce8 ] Request (ServerDiagnosticsNegativeTest:test_get_server_diagnostics_by_non_admin): 200 GET http://10.180.1.21/compute/v2.1/servers/252df6ad-e29d-4596-bc99-4aae144bbcc5 0.047s
2024-10-18 09:02:15.303 62757 INFO tempest.lib.common.rest_client [req-dd194480-658a-4cee-8c7c-bfa50f515505 req-dd194480-658a-4cee-8c7c-bfa50f515505 ] Request (MigrationsAdminTest:test_resize_server_revert_deleted_flavor): 200 GET http://10.180.1.21/compute/v2.1/servers/dba18c87-50a2-4ac8-8bd2-77f8f62b723c 0.046s
2024-10-18 09:02:15.342 62725 INFO tempest.lib.common.rest_client [req-fcdf073c-4316-4053-a4d9-73451c0fe5a2 req-fcdf073c-4316-4053-a4d9-73451c0fe5a2 ] Request (DeleteServersTestJSON:test_delete_server_while_in_attached_volume): 200 GET http://10.180.1.21/compute/v2.1/servers/ec2297bb-1d29-4ea9-90f7-f4f39716c103 0.046s
2024-10-18 09:02:15.443 62743 INFO tempest.lib.common.rest_client [req-eb7580e1-20f7-45f8-993e-1b8c8ef96bc2 req-eb7580e1-20f7-45f8-993e-1b8c8ef96bc2 ] Request (ServerPasswordTestJSON:setUpClass): 200 GET http://10.180.1.21/compute/v2.1/servers/61426715-7a38-475d-895a-0eb6d6040c66 0.048s
2024-10-18 09:02:15.500 62715 INFO tempest.lib.common.rest_client [req-afe22042-59b2-47d9-ba36-8d8d2407c393 req-afe22042-59b2-47d9-ba36-8d8d2407c393 ] Request (ServersV294TestFqdnHostnames:setUpClass): 200 GET http://10.180.1.21/compute/v2.1/servers/47e44ea5-15f2-4ea3-bda9-ae4820c4b9c4 0.049s
2024-10-18 09:02:15.571 62697 INFO tempest.lib.common.rest_client [req-7cfb6a44-40c2-43ac-a24b-a3999d14759d req-7cfb6a44-40c2-43ac-a24b-a3999d14759d ] Request (ServersTestFqdnHostnames:test_create_server_with_fqdn_name): 200 GET http://10.180.1.21/compute/v2.1/servers/3426ace3-0cff-4119-85fe-31e681a8597b 0.050s
2024-10-18 09:02:15.588 62701 INFO tempest.lib.common.rest_client [req-37713c7d-7c63-4d58-8636-b65543637826 req-37713c7d-7c63-4d58-8636-b65543637826 ] Request (ImagesNegativeTestJSON:test_create_image_from_deleted_server): 200 GET http://10.180.1.21/compute/v2.1/servers/2213bb98-48cd-4a9e-8a9b-4b6db30ea2ae 0.046s
2024-10-18 09:02:15.651 62713 INFO tempest.lib.common.rest_client [req-9f5a79c2-199f-4461-bcf8-681743bbb952 req-9f5a79c2-199f-4461-bcf8-681743bbb952 ] Request (ServerDiagnosticsTest:test_get_server_diagnostics): 200 GET http://10.180.1.21/compute/v2.1/servers/94703126-bb31-40af-b945-2ef5ff37e094 0.054s
2024-10-18 09:02:15.731 62733 INFO tempest.lib.common.rest_client [req-08152f0a-2b15-44df-b256-8a792495be60 req-08152f0a-2b15-44df-b256-8a792495be60 ] Request (ServersAaction247Test:tearDownClass): 200 GET http://10.180.1.21/compute/v2.1/servers/3b71c366-cbd9-4b98-aa0d-c55b56e69231 0.059s
2024-10-18 09:02:15.769 62699 INFO tempest.lib.common.rest_client [req-a7ef1557-3ab5-42b8-aa25-b419a4129cce req-a7ef1557-3ab5-42b8-aa25-b419a4129cce ] Request (VolumesAdminNegativeTest:test_update_attached_volume_with_nonexistent_volume_in_body): 200 GET http://10.180.1.21/compute/v2.1/servers/8c64f76d-cb18-41c5-9afa-e88af038f2b0 0.122s
2024-10-18 09:02:15.776 62699 INFO tempest.common.waiters [-] State transition "BUILD/None" ==> "BUILD/networking" after 73 second wait
2024-10-18 09:02:15.787 62745 INFO tempest.lib.common.rest_client [req-53cb5958-6110-4952-9f31-a39fff8d94f5 req-53cb5958-6110-4952-9f31-a39fff8d94f5 ] Request (FloatingIPsAssociationTestJSON:setUpClass): 200 GET http://10.180.1.21/compute/v2.1/servers/ecaa6bf7-e7bd-44c2-811c-1edf9a1039ee 0.092s
2024-10-18 09:02:15.860 62760 INFO tempest.lib.common.rest_client [req-dfc21b5b-e90e-454f-ac25-d378b8d945c2 req-dfc21b5b-e90e-454f-ac25-d378b8d945c2 ] Request (ServerShowV247Test:test_update_rebuild_list_server): 200 GET http://10.180.1.21/compute/v2.1/servers/5214f4a1-3e28-41bf-88d9-161511385e1b 0.049s
2024-10-18 09:02:15.893 62735 INFO tempest.lib.common.rest_client [req-76986b0b-f1e8-41b8-ad04-9686e8cf6290 req-76986b0b-f1e8-41b8-ad04-9686e8cf6290 ] Request (AttachInterfacesTestJSON:test_create_list_show_delete_interfaces_by_fixed_ip): 200 GET http://10.180.1.21/compute/v2.1/servers/b6efad50-aa2e-49f9-9ce7-5fead31db7a8 0.052s
2024-10-18 09:02:15.948 62747 INFO tempest.lib.common.rest_client [req-18495d6b-e23f-4ce9-b4ef-7d4b17252fb6 req-18495d6b-e23f-4ce9-b4ef-7d4b17252fb6 ] Request (ServersTestJSON:test_create_server_specify_multibyte_character_name): 200 GET http://10.180.1.21/compute/v2.1/servers/9c7a44b1-d87a-42a7-95f3-b0b064ce1ef6 0.055s
2024-10-18 09:02:16.008 62709 INFO tempest.lib.common.rest_client [req-7ca5707e-9cc2-4ac7-a423-673fe7e37ee8 req-7ca5707e-9cc2-4ac7-a423-673fe7e37ee8 ] Request (ServersTestMultiNic:test_verify_multiple_nics_order): 200 GET http://10.180.1.21/compute/v2.1/servers/02cb219f-989f-45b5-a9ba-d0b5a521cfa2 0.049s
2024-10-18 09:02:16.037 62737 INFO tempest.lib.common.rest_client [req-50ef15f5-a64b-402d-91f2-d9884a65fe92 req-50ef15f5-a64b-402d-91f2-d9884a65fe92 ] Request (ImagesTestJSON:test_create_image_from_suspended_server): 200 GET http://10.180.1.21/compute/v2.1/servers/01bbc9ec-f2ee-4a48-a33c-784861e81097 0.050s
2024-10-18 09:02:16.054 62739 INFO tempest.lib.common.rest_client [req-8455ae28-33a9-4602-ac03-57db74742633 req-8455ae28-33a9-4602-ac03-57db74742633 ] Request (ServerRescueTestJSONUnderV235:setUpClass): 200 GET http://10.180.1.21/compute/v2.1/servers/0e00ca48-f9e1-4999-aad5-d7965f7ddc28 0.054s
2024-10-18 09:02:16.081 62751 INFO tempest.lib.common.rest_client [req-15017c55-5f1b-4cac-94ed-adf9e124b3a1 req-15017c55-5f1b-4cac-94ed-adf9e124b3a1 ] Request (AttachVolumeNegativeTest:test_attach_attached_volume_to_different_server): 200 GET http://10.180.1.21/compute/v2.1/servers/a24776d9-9950-4c83-9641-9675cabd5fd3 0.046s
2024-10-18 09:02:16.139 62719 INFO tempest.lib.common.rest_client [req-c1a77b86-f5b5-4843-bf87-2347374d384b req-c1a77b86-f5b5-4843-bf87-2347374d384b ] Request (ServerActionsTestOtherB:setUpClass): 200 GET http://10.180.1.21/compute/v2.1/servers/578627be-e695-4953-8d0e-9763d12b9a28 0.057s
2024-10-18 09:02:16.185 62755 INFO tempest.lib.common.rest_client [req-6cf0772f-be3b-4a35-a4ca-b1268a54a4de req-6cf0772f-be3b-4a35-a4ca-b1268a54a4de ] Request (ServerMetadataTestJSON:setUpClass): 200 GET http://10.180.1.21/compute/v2.1/servers/c4c5abc4-a5ed-4337-a930-d37d579819f8 0.053s
2024-10-18 09:02:16.200 62717 INFO tempest.lib.common.rest_client [req-3454dc53-a746-45b6-8fcf-31e6ab368ee5 req-3454dc53-a746-45b6-8fcf-31e6ab368ee5 ] Request (SecurityGroupsTestJSON:test_server_security_groups): 200 GET http://10.180.1.21/compute/v2.1/servers/01a3e1be-d29b-45d7-987e-66a4395ae2a4 0.066s
2024-10-18 09:02:16.233 62741 INFO tempest.lib.common.rest_client [req-5c48c393-49e3-4717-bb15-e30546fc5c85 req-5c48c393-49e3-4717-bb15-e30546fc5c85 ] Request (ServerRescueNegativeTestJSON:setUpClass): 200 GET http://10.180.1.21/compute/v2.1/servers/02b7a3c3-bdfd-47d9-acf7-afd7725cea64 0.051s
2024-10-18 09:02:16.250 62727 INFO tempest.lib.common.rest_client [req-0661b24e-9c10-42f5-ba17-213f407305ca req-0661b24e-9c10-42f5-ba17-213f407305ca ] Request (ServersTestJSON:setUpClass): 200 GET http://10.180.1.21/compute/v2.1/servers/724a8083-2bde-483e-bd5a-a928def284bf 0.058s
2024-10-18 09:02:16.284 62732 INFO tempest.lib.common.rest_client [req-70d4c12f-2aca-42f2-91e8-a2bcc18a5318 req-70d4c12f-2aca-42f2-91e8-a2bcc18a5318 ] Request (ImagesOneServerNegativeTestJSON:setUpClass): 200 GET http://10.180.1.21/compute/v2.1/servers/770b6195-ab31-4df0-84b0-e8382732ec32 0.051s
2024-10-18 09:02:16.315 62703 INFO tempest.lib.common.rest_client [req-6eb9c999-ea6f-4f8a-b4c6-879451223c4f req-6eb9c999-ea6f-4f8a-b4c6-879451223c4f ] Request (TenantUsagesTestJSON:setUpClass): 200 GET http://10.180.1.21/compute/v2.1/servers/c37f1b55-7a06-4c93-9492-d2bd6d2bfe83 0.050s
2024-10-18 09:02:16.360 62711 INFO tempest.lib.common.rest_client [req-d57b1f9b-0e90-476b-87a3-15493ee09e8f req-d57b1f9b-0e90-476b-87a3-15493ee09e8f ] Request (ServerDiagnosticsNegativeTest:test_get_server_diagnostics_by_non_admin): 200 GET http://10.180.1.21/compute/v2.1/servers/252df6ad-e29d-4596-bc99-4aae144bbcc5 0.051s
2024-10-18 09:02:16.370 62757 INFO tempest.lib.common.rest_client [req-1a06e807-fc0e-44f3-a8f4-dff7f6842873 req-1a06e807-fc0e-44f3-a8f4-dff7f6842873 ] Request (MigrationsAdminTest:test_resize_server_revert_deleted_flavor): 200 GET http://10.180.1.21/compute/v2.1/servers/dba18c87-50a2-4ac8-8bd2-77f8f62b723c 0.060s
2024-10-18 09:02:16.409 62725 INFO tempest.lib.common.rest_client [req-7b062f9f-27ab-4595-915b-f63d906147f6 req-7b062f9f-27ab-4595-915b-f63d906147f6 ] Request (DeleteServersTestJSON:test_delete_server_while_in_attached_volume): 200 GET http://10.180.1.21/compute/v2.1/servers/ec2297bb-1d29-4ea9-90f7-f4f39716c103 0.060s
2024-10-18 09:02:16.503 62743 INFO tempest.lib.common.rest_client [req-979b795b-5b30-40b8-9226-b5c4369b80fd req-979b795b-5b30-40b8-9226-b5c4369b80fd ] Request (ServerPasswordTestJSON:setUpClass): 200 GET http://10.180.1.21/compute/v2.1/servers/61426715-7a38-475d-895a-0eb6d6040c66 0.053s
2024-10-18 09:02:16.559 62715 INFO tempest.lib.common.rest_client [req-19f9127c-894d-4470-8715-479d26be8088 req-19f9127c-894d-4470-8715-479d26be8088 ] Request (ServersV294TestFqdnHostnames:setUpClass): 200 GET http://10.180.1.21/compute/v2.1/servers/47e44ea5-15f2-4ea3-bda9-ae4820c4b9c4 0.051s
2024-10-18 09:02:16.631 62697 INFO tempest.lib.common.rest_client [req-4183e8da-b861-4512-990c-a0aa0117ae6d req-4183e8da-b861-4512-990c-a0aa0117ae6d ] Request (ServersTestFqdnHostnames:test_create_server_with_fqdn_name): 200 GET http://10.180.1.21/compute/v2.1/servers/3426ace3-0cff-4119-85fe-31e681a8597b 0.053s
2024-10-18 09:02:16.640 62701 INFO tempest.lib.common.rest_client [req-1eb075c0-a194-4ca1-835c-f0894aa7a398 req-1eb075c0-a194-4ca1-835c-f0894aa7a398 ] Request (ImagesNegativeTestJSON:test_create_image_from_deleted_server): 200 GET http://10.180.1.21/compute/v2.1/servers/2213bb98-48cd-4a9e-8a9b-4b6db30ea2ae 0.045s
2024-10-18 09:02:16.704 62713 INFO tempest.lib.common.rest_client [req-84d019d5-c69a-4d25-8000-609f3852b258 req-84d019d5-c69a-4d25-8000-609f3852b258 ] Request (ServerDiagnosticsTest:test_get_server_diagnostics): 200 GET http://10.180.1.21/compute/v2.1/servers/94703126-bb31-40af-b945-2ef5ff37e094 0.046s
2024-10-18 09:02:16.797 62733 INFO tempest.lib.common.rest_client [req-79a06ea4-7974-480f-b7a7-98d266e4967f req-79a06ea4-7974-480f-b7a7-98d266e4967f ] Request (ServersAaction247Test:tearDownClass): 200 GET http://10.180.1.21/compute/v2.1/servers/3b71c366-cbd9-4b98-aa0d-c55b56e69231 0.058s
2024-10-18 09:02:16.823 62699 INFO tempest.lib.common.rest_client [req-4c0107e1-92ef-4185-93d6-0c2a6b6b9cf8 req-4c0107e1-92ef-4185-93d6-0c2a6b6b9cf8 ] Request (VolumesAdminNegativeTest:test_update_attached_volume_with_nonexistent_volume_in_body): 200 GET http://10.180.1.21/compute/v2.1/servers/8c64f76d-cb18-41c5-9afa-e88af038f2b0 0.046s
2024-10-18 09:02:16.829 62699 INFO tempest.common.waiters [-] State transition "BUILD/networking" ==> "BUILD/spawning" after 74 second wait
2024-10-18 09:02:16.840 62745 INFO tempest.lib.common.rest_client [req-a999ac3b-e8c3-4a94-8573-a49f34fa7a47 req-a999ac3b-e8c3-4a94-8573-a49f34fa7a47 ] Request (FloatingIPsAssociationTestJSON:setUpClass): 200 GET http://10.180.1.21/compute/v2.1/servers/ecaa6bf7-e7bd-44c2-811c-1edf9a1039ee 0.046s
2024-10-18 09:02:16.919 62760 INFO tempest.lib.common.rest_client [req-3d145e26-4887-4aff-b631-c9c6e92e1338 req-3d145e26-4887-4aff-b631-c9c6e92e1338 ] Request (ServerShowV247Test:test_update_rebuild_list_server): 200 GET http://10.180.1.21/compute/v2.1/servers/5214f4a1-3e28-41bf-88d9-161511385e1b 0.051s
2024-10-18 09:02:16.951 62735 INFO tempest.lib.common.rest_client [req-1fcf66b6-c92c-4885-b150-8ad319a7b6f3 req-1fcf66b6-c92c-4885-b150-8ad319a7b6f3 ] Request (AttachInterfacesTestJSON:test_create_list_show_delete_interfaces_by_fixed_ip): 200 GET http://10.180.1.21/compute/v2.1/servers/b6efad50-aa2e-49f9-9ce7-5fead31db7a8 0.051s
2024-10-18 09:02:17.002 62747 INFO tempest.lib.common.rest_client [req-3d8680d1-38b7-466d-b08e-0fe23227c6c5 req-3d8680d1-38b7-466d-b08e-0fe23227c6c5 ] Request (ServersTestJSON:test_create_server_specify_multibyte_character_name): 200 GET http://10.180.1.21/compute/v2.1/servers/9c7a44b1-d87a-42a7-95f3-b0b064ce1ef6 0.047s
2024-10-18 09:02:17.060 62709 INFO tempest.lib.common.rest_client [req-7fa2a2d4-4761-4c86-ab77-63250fb533f7 req-7fa2a2d4-4761-4c86-ab77-63250fb533f7 ] Request (ServersTestMultiNic:test_verify_multiple_nics_order): 200 GET http://10.180.1.21/compute/v2.1/servers/02cb219f-989f-45b5-a9ba-d0b5a521cfa2 0.045s
2024-10-18 09:02:17.090 62737 INFO tempest.lib.common.rest_client [req-e60e624c-17db-40bc-bad4-f18968761a05 req-e60e624c-17db-40bc-bad4-f18968761a05 ] Request (ImagesTestJSON:test_create_image_from_suspended_server): 200 GET http://10.180.1.21/compute/v2.1/servers/01bbc9ec-f2ee-4a48-a33c-784861e81097 0.043s
2024-10-18 09:02:17.103 62739 INFO tempest.lib.common.rest_client [req-16b6ae9e-eb83-413f-8478-a0b733237414 req-16b6ae9e-eb83-413f-8478-a0b733237414 ] Request (ServerRescueTestJSONUnderV235:setUpClass): 200 GET http://10.180.1.21/compute/v2.1/servers/0e00ca48-f9e1-4999-aad5-d7965f7ddc28 0.042s
2024-10-18 09:02:17.135 62751 INFO tempest.lib.common.rest_client [req-3785e8b8-72cf-426d-b924-558e952271ed req-3785e8b8-72cf-426d-b924-558e952271ed ] Request (AttachVolumeNegativeTest:test_attach_attached_volume_to_different_server): 200 GET http://10.180.1.21/compute/v2.1/servers/a24776d9-9950-4c83-9641-9675cabd5fd3 0.042s
2024-10-18 09:02:17.190 62719 INFO tempest.lib.common.rest_client [req-6a9dc31e-031e-44d6-a286-7c2eb64bef64 req-6a9dc31e-031e-44d6-a286-7c2eb64bef64 ] Request (ServerActionsTestOtherB:setUpClass): 200 GET http://10.180.1.21/compute/v2.1/servers/578627be-e695-4953-8d0e-9763d12b9a28 0.043s
2024-10-18 09:02:17.234 62755 INFO tempest.lib.common.rest_client [req-349e8ebe-0856-46f4-902e-1369116904cd req-349e8ebe-0856-46f4-902e-1369116904cd ] Request (ServerMetadataTestJSON:setUpClass): 200 GET http://10.180.1.21/compute/v2.1/servers/c4c5abc4-a5ed-4337-a930-d37d579819f8 0.042s
2024-10-18 09:02:17.251 62717 INFO tempest.lib.common.rest_client [req-01437b95-78e8-4b84-a295-8538e02909f2 req-01437b95-78e8-4b84-a295-8538e02909f2 ] Request (SecurityGroupsTestJSON:test_server_security_groups): 200 GET http://10.180.1.21/compute/v2.1/servers/01a3e1be-d29b-45d7-987e-66a4395ae2a4 0.044s
2024-10-18 09:02:17.285 62741 INFO tempest.lib.common.rest_client [req-13727ffe-22b8-46ca-9b68-4277f642370f req-13727ffe-22b8-46ca-9b68-4277f642370f ] Request (ServerRescueNegativeTestJSON:setUpClass): 200 GET http://10.180.1.21/compute/v2.1/servers/02b7a3c3-bdfd-47d9-acf7-afd7725cea64 0.044s
2024-10-18 09:02:17.303 62727 INFO tempest.lib.common.rest_client [req-7430e0f4-ec20-4253-80d2-c7512c1e284e req-7430e0f4-ec20-4253-80d2-c7512c1e284e ] Request (ServersTestJSON:setUpClass): 200 GET http://10.180.1.21/compute/v2.1/servers/724a8083-2bde-483e-bd5a-a928def284bf 0.045s
2024-10-18 09:02:17.339 62732 INFO tempest.lib.common.rest_client [req-59e23280-0496-4c48-8bdf-e44e59860f82 req-59e23280-0496-4c48-8bdf-e44e59860f82 ] Request (ImagesOneServerNegativeTestJSON:setUpClass): 200 GET http://10.180.1.21/compute/v2.1/servers/770b6195-ab31-4df0-84b0-e8382732ec32 0.048s
2024-10-18 09:02:17.367 62703 INFO tempest.lib.common.rest_client [req-7921e1a3-86d6-478b-af3c-fe5274f8970e req-7921e1a3-86d6-478b-af3c-fe5274f8970e ] Request (TenantUsagesTestJSON:setUpClass): 200 GET http://10.180.1.21/compute/v2.1/servers/c37f1b55-7a06-4c93-9492-d2bd6d2bfe83 0.045s
