2024-10-18 09:02:03.657 62711 INFO tempest.lib.common.rest_client [req-f510b3b3-3787-4015-9b47-5c9f05040bb7 req-f510b3b3-3787-4015-9b47-5c9f05040bb7 ] Request (ServerDiagnosticsNegativeTest:test_get_server_diagnostics_by_non_admin): 200 GET http://10.180.1.21/compute/v2.1/servers/252df6ad-e29d-4596-bc99-4aae144bbcc5 0.046s
2024-10-18 09:02:03.738 62725 INFO tempest.lib.common.rest_client [req-0044b649-8aaf-432e-8fd4-c66004402797 req-0044b649-8aaf-432e-8fd4-c66004402797 ] Request (DeleteServersTestJSON:test_delete_server_while_in_attached_volume): 200 GET http://10.180.1.21/compute/v2.1/servers/ec2297bb-1d29-4ea9-90f7-f4f39716c103 0.049s
2024-10-18 09:02:03.843 62743 INFO tempest.lib.common.rest_client [req-3812cb40-db8e-4cac-880d-eb1a875408df req-3812cb40-db8e-4cac-880d-eb1a875408df ] Request (ServerPasswordTestJSON:setUpClass): 200 GET http://10.180.1.21/compute/v2.1/servers/61426715-7a38-475d-895a-0eb6d6040c66 0.048s
2024-10-18 09:02:03.849 62715 INFO tempest.lib.common.rest_client [req-1748bc58-385c-4ef3-89de-da5ebd5528a2 req-1748bc58-385c-4ef3-89de-da5ebd5528a2 ] Request (ServersV294TestFqdnHostnames:setUpClass): 200 GET http://10.180.1.21/compute/v2.1/servers/47e44ea5-15f2-4ea3-bda9-ae4820c4b9c4 0.050s
2024-10-18 09:02:03.971 62697 INFO tempest.lib.common.rest_client [req-4842a1ab-0dcb-4d21-bee5-908016887303 req-4842a1ab-0dcb-4d21-bee5-908016887303 ] Request (ServersTestFqdnHostnames:test_create_server_with_fqdn_name): 200 GET http://10.180.1.21/compute/v2.1/servers/3426ace3-0cff-4119-85fe-31e681a8597b 0.046s
2024-10-18 09:02:04.021 62701 INFO tempest.lib.common.rest_client [req-65c2683f-35cf-42bb-b5c2-95f875887650 req-65c2683f-35cf-42bb-b5c2-95f875887650 ] Request (ImagesNegativeTestJSON:test_create_image_from_deleted_server): 200 GET http://10.180.1.21/compute/v2.1/servers/2213bb98-48cd-4a9e-8a9b-4b6db30ea2ae 0.045s
2024-10-18 09:02:04.038 62733 INFO tempest.lib.common.rest_client [req-bc4e7f99-4010-45f5-920d-0774ae3597ee req-bc4e7f99-4010-45f5-920d-0774ae3597ee ] Request (ServersAaction247Test:tearDownClass): 200 GET http://10.180.1.21/compute/v2.1/servers/3b71c366-cbd9-4b98-aa0d-c55b56e69231 0.052s
2024-10-18 09:02:04.064 62713 INFO tempest.lib.common.rest_client [req-8215489e-35c5-4ef3-befc-ef0d72dc337b req-8215489e-35c5-4ef3-befc-ef0d72dc337b ] Request (ServerDiagnosticsTest:test_get_server_diagnostics): 200 GET http://10.180.1.21/compute/v2.1/servers/94703126-bb31-40af-b945-2ef5ff37e094 0.045s
2024-10-18 09:02:04.079 62699 INFO tempest.lib.common.rest_client [req-c8ef7c19-96bd-4a40-a34e-1a65d9ca7c45 req-c8ef7c19-96bd-4a40-a34e-1a65d9ca7c45 ] Request (VolumesAdminNegativeTest:test_update_attached_volume_with_nonexistent_volume_in_body): 200 GET http://10.180.1.21/compute/v2.1/servers/8c64f76d-cb18-41c5-9afa-e88af038f2b0 0.052s
2024-10-18 09:02:04.108 62745 INFO tempest.lib.common.rest_client [req-0db762d8-f876-4c28-a1e8-c8670bc22890 req-0db762d8-f876-4c28-a1e8-c8670bc22890 ] Request (FloatingIPsAssociationTestJSON:setUpClass): 200 GET http://10.180.1.21/compute/v2.1/servers/ecaa6bf7-e7bd-44c2-811c-1edf9a1039ee 0.046s
2024-10-18 09:02:04.226 62760 INFO tempest.lib.common.rest_client [req-2415f93b-35ca-4f94-9607-087f43bb7086 req-2415f93b-35ca-4f94-9607-087f43bb7086 ] Request (ServerShowV247Test:test_update_rebuild_list_server): 200 GET http://10.180.1.21/compute/v2.1/servers/5214f4a1-3e28-41bf-88d9-161511385e1b 0.047s
2024-10-18 09:02:04.226 62737 INFO tempest.lib.common.rest_client [req-dcd0fa38-7064-4797-ac52-630b31ff4b4f req-dcd0fa38-7064-4797-ac52-630b31ff4b4f ] Request (ImagesTestJSON:test_create_image_from_suspended_server): 200 GET http://10.180.1.21/compute/v2.1/servers/01bbc9ec-f2ee-4a48-a33c-784861e81097 0.048s
2024-10-18 09:02:04.271 62735 INFO tempest.lib.common.rest_client [req-42e71600-9c1f-4080-8097-7fb13a368817 req-42e71600-9c1f-4080-8097-7fb13a368817 ] Request (AttachInterfacesTestJSON:test_create_list_show_delete_interfaces_by_fixed_ip): 200 GET http://10.180.1.21/compute/v2.1/servers/b6efad50-aa2e-49f9-9ce7-5fead31db7a8 0.052s
2024-10-18 09:02:04.272 62747 INFO tempest.lib.common.rest_client [req-e3849367-fea3-4858-8ffb-1cf346ca251f req-e3849367-fea3-4858-8ffb-1cf346ca251f ] Request (ServersTestJSON:test_create_server_specify_multibyte_character_name): 200 GET http://10.180.1.21/compute/v2.1/servers/9c7a44b1-d87a-42a7-95f3-b0b064ce1ef6 0.052s
2024-10-18 09:02:04.325 62709 INFO tempest.lib.common.rest_client [req-43f3a597-c984-4743-8e63-67529b604741 req-43f3a597-c984-4743-8e63-67529b604741 ] Request (ServersTestMultiNic:test_verify_multiple_nics_order): 200 GET http://10.180.1.21/compute/v2.1/servers/02cb219f-989f-45b5-a9ba-d0b5a521cfa2 0.043s
2024-10-18 09:02:04.433 62739 INFO tempest.lib.common.rest_client [req-d9c4e74a-800e-4ea0-a24d-bc95f9fffa21 req-d9c4e74a-800e-4ea0-a24d-bc95f9fffa21 ] Request (ServerRescueTestJSONUnderV235:setUpClass): 200 GET http://10.180.1.21/compute/v2.1/servers/0e00ca48-f9e1-4999-aad5-d7965f7ddc28 0.048s
2024-10-18 09:02:04.481 62751 INFO tempest.lib.common.rest_client [req-f153294f-3873-4472-9bc5-5df027bf9a4f req-f153294f-3873-4472-9bc5-5df027bf9a4f ] Request (AttachVolumeNegativeTest:test_attach_attached_volume_to_different_server): 200 GET http://10.180.1.21/compute/v2.1/servers/a24776d9-9950-4c83-9641-9675cabd5fd3 0.063s
2024-10-18 09:02:04.505 62717 INFO tempest.lib.common.rest_client [req-1365584c-f88d-4c96-8a21-239c14e6853e req-1365584c-f88d-4c96-8a21-239c14e6853e ] Request (SecurityGroupsTestJSON:test_server_security_groups): 200 GET http://10.180.1.21/compute/v2.1/servers/01a3e1be-d29b-45d7-987e-66a4395ae2a4 0.188s
2024-10-18 09:02:04.522 62719 INFO tempest.lib.common.rest_client [req-26b00c14-67f9-4208-9f0f-771dcb46f3f8 req-26b00c14-67f9-4208-9f0f-771dcb46f3f8 ] Request (ServerActionsTestOtherB:setUpClass): 200 GET http://10.180.1.21/compute/v2.1/servers/578627be-e695-4953-8d0e-9763d12b9a28 0.099s
2024-10-18 09:02:04.545 62755 INFO tempest.lib.common.rest_client [req-4641d376-16e5-459a-93ec-3e7cc402c197 req-4641d376-16e5-459a-93ec-3e7cc402c197 ] Request (ServerMetadataTestJSON:setUpClass): 200 GET http://10.180.1.21/compute/v2.1/servers/c4c5abc4-a5ed-4337-a930-d37d579819f8 0.063s
2024-10-18 09:02:04.588 62741 INFO tempest.lib.common.rest_client [req-7505f921-2fa1-479a-8cd9-7971af398b37 req-7505f921-2fa1-479a-8cd9-7971af398b37 ] Request (ServerRescueNegativeTestJSON:setUpClass): 200 GET http://10.180.1.21/compute/v2.1/servers/02b7a3c3-bdfd-47d9-acf7-afd7725cea64 0.044s
2024-10-18 09:02:04.617 62757 INFO tempest.lib.common.rest_client [req-c1badb10-5ca4-4c13-9ef6-69fe3016ba08 req-c1badb10-5ca4-4c13-9ef6-69fe3016ba08 ] Request (MigrationsAdminTest:test_resize_server_revert_deleted_flavor): 200 GET http://10.180.1.21/compute/v2.1/servers/dba18c87-50a2-4ac8-8bd2-77f8f62b723c 0.042s
2024-10-18 09:02:04.628 62727 INFO tempest.lib.common.rest_client [req-aec29ded-b870-4044-b866-9d0e54ad855c req-aec29ded-b870-4044-b866-9d0e54ad855c ] Request (ServersTestJSON:setUpClass): 200 GET http://10.180.1.21/compute/v2.1/servers/724a8083-2bde-483e-bd5a-a928def284bf 0.041s
2024-10-18 09:02:04.658 62732 INFO tempest.lib.common.rest_client [req-4d83d403-9a41-428f-a83e-8e4f853607d8 req-4d83d403-9a41-428f-a83e-8e4f853607d8 ] Request (ImagesOneServerNegativeTestJSON:setUpClass): 200 GET http://10.180.1.21/compute/v2.1/servers/770b6195-ab31-4df0-84b0-e8382732ec32 0.040s
2024-10-18 09:02:04.676 62703 INFO tempest.lib.common.rest_client [req-8e75a91c-7f9f-4724-88f5-293965e236aa req-8e75a91c-7f9f-4724-88f5-293965e236aa ] Request (TenantUsagesTestJSON:setUpClass): 200 GET http://10.180.1.21/compute/v2.1/servers/c37f1b55-7a06-4c93-9492-d2bd6d2bfe83 0.043s
2024-10-18 09:02:04.703 62711 INFO tempest.lib.common.rest_client [req-548a7224-7e3f-4b36-bceb-a16bd24a3cb9 req-548a7224-7e3f-4b36-bceb-a16bd24a3cb9 ] Request (ServerDiagnosticsNegativeTest:test_get_server_diagnostics_by_non_admin): 200 GET http://10.180.1.21/compute/v2.1/servers/252df6ad-e29d-4596-bc99-4aae144bbcc5 0.040s
2024-10-18 09:02:04.790 62725 INFO tempest.lib.common.rest_client [req-33368418-c408-4173-ac72-ff57c9828bae req-33368418-c408-4173-ac72-ff57c9828bae ] Request (DeleteServersTestJSON:test_delete_server_while_in_attached_volume): 200 GET http://10.180.1.21/compute/v2.1/servers/ec2297bb-1d29-4ea9-90f7-f4f39716c103 0.045s
2024-10-18 09:02:04.895 62743 INFO tempest.lib.common.rest_client [req-6dd38941-3cb6-4dda-b2dc-c1b20228ff7b req-6dd38941-3cb6-4dda-b2dc-c1b20228ff7b ] Request (ServerPasswordTestJSON:setUpClass): 200 GET http://10.180.1.21/compute/v2.1/servers/61426715-7a38-475d-895a-0eb6d6040c66 0.045s
2024-10-18 09:02:04.906 62715 INFO tempest.lib.common.rest_client [req-7f7046f0-226a-4e8b-b847-a151f3638780 req-7f7046f0-226a-4e8b-b847-a151f3638780 ] Request (ServersV294TestFqdnHostnames:setUpClass): 200 GET http://10.180.1.21/compute/v2.1/servers/47e44ea5-15f2-4ea3-bda9-ae4820c4b9c4 0.048s
2024-10-18 09:02:05.024 62697 INFO tempest.lib.common.rest_client [req-4e4c0105-efcd-4103-9482-46c2e0ced601 req-4e4c0105-efcd-4103-9482-46c2e0ced601 ] Request (ServersTestFqdnHostnames:test_create_server_with_fqdn_name): 200 GET http://10.180.1.21/compute/v2.1/servers/3426ace3-0cff-4119-85fe-31e681a8597b 0.045s
2024-10-18 09:02:05.071 62701 INFO tempest.lib.common.rest_client [req-a502e676-5b0a-43b0-83f2-0a1071e1b5a9 req-a502e676-5b0a-43b0-83f2-0a1071e1b5a9 ] Request (ImagesNegativeTestJSON:test_create_image_from_deleted_server): 200 GET http://10.180.1.21/compute/v2.1/servers/2213bb98-48cd-4a9e-8a9b-4b6db30ea2ae 0.043s
2024-10-18 09:02:05.102 62733 INFO tempest.lib.common.rest_client [req-1f8eceb1-13c3-4917-a207-3ce100131202 req-1f8eceb1-13c3-4917-a207-3ce100131202 ] Request (ServersAaction247Test:tearDownClass): 200 GET http://10.180.1.21/compute/v2.1/servers/3b71c366-cbd9-4b98-aa0d-c55b56e69231 0.055s
2024-10-18 09:02:05.115 62713 INFO tempest.lib.common.rest_client [req-73c86e2b-a5bd-49de-8c3d-1ce0cc4b8866 req-73c86e2b-a5bd-49de-8c3d-1ce0cc4b8866 ] Request (ServerDiagnosticsTest:test_get_server_diagnostics): 200 GET http://10.180.1.21/compute/v2.1/servers/94703126-bb31-40af-b945-2ef5ff37e094 0.045s
2024-10-18 09:02:05.142 62699 INFO tempest.lib.common.rest_client [req-44b110ba-dae5-4203-85d2-f178dff76367 req-44b110ba-dae5-4203-85d2-f178dff76367 ] Request (VolumesAdminNegativeTest:test_update_attached_volume_with_nonexistent_volume_in_body): 200 GET http://10.180.1.21/compute/v2.1/servers/8c64f76d-cb18-41c5-9afa-e88af038f2b0 0.056s
2024-10-18 09:02:05.157 62745 INFO tempest.lib.common.rest_client [req-e3740b9c-44e4-495d-9251-7fe4a45b6298 req-e3740b9c-44e4-495d-9251-7fe4a45b6298 ] Request (FloatingIPsAssociationTestJSON:setUpClass): 200 GET http://10.180.1.21/compute/v2.1/servers/ecaa6bf7-e7bd-44c2-811c-1edf9a1039ee 0.042s
2024-10-18 09:02:05.280 62737 INFO tempest.lib.common.rest_client [req-6e60dbe7-4d39-4c3a-9be4-05c0482d5dba req-6e60dbe7-4d39-4c3a-9be4-05c0482d5dba ] Request (ImagesTestJSON:test_create_image_from_suspended_server): 200 GET http://10.180.1.21/compute/v2.1/servers/01bbc9ec-f2ee-4a48-a33c-784861e81097 0.046s
2024-10-18 09:02:05.281 62760 INFO tempest.lib.common.rest_client [req-d27ec8a2-ee4c-45db-a7ec-620ee9f51898 req-d27ec8a2-ee4c-45db-a7ec-620ee9f51898 ] Request (ServerShowV247Test:test_update_rebuild_list_server): 200 GET http://10.180.1.21/compute/v2.1/servers/5214f4a1-3e28-41bf-88d9-161511385e1b 0.046s
2024-10-18 09:02:05.321 62735 INFO tempest.lib.common.rest_client [req-80feea0b-dd0e-4f22-8992-8c8e4c03ca8d req-80feea0b-dd0e-4f22-8992-8c8e4c03ca8d ] Request (AttachInterfacesTestJSON:test_create_list_show_delete_interfaces_by_fixed_ip): 200 GET http://10.180.1.21/compute/v2.1/servers/b6efad50-aa2e-49f9-9ce7-5fead31db7a8 0.044s
2024-10-18 09:02:05.325 62747 INFO tempest.lib.common.rest_client [req-2db8a58c-e4fa-4634-9c82-eeda39093e6c req-2db8a58c-e4fa-4634-9c82-eeda39093e6c ] Request (ServersTestJSON:test_create_server_specify_multibyte_character_name): 200 GET http://10.180.1.21/compute/v2.1/servers/9c7a44b1-d87a-42a7-95f3-b0b064ce1ef6 0.045s
2024-10-18 09:02:05.376 62709 INFO tempest.lib.common.rest_client [req-5471e827-1c4e-4dd8-b1eb-1cbd42c5636c req-5471e827-1c4e-4dd8-b1eb-1cbd42c5636c ] Request (ServersTestMultiNic:test_verify_multiple_nics_order): 200 GET http://10.180.1.21/compute/v2.1/servers/02cb219f-989f-45b5-a9ba-d0b5a521cfa2 0.044s
2024-10-18 09:02:05.489 62739 INFO tempest.lib.common.rest_client [req-232d810b-6d92-46a0-b442-12b2ebbe422e req-232d810b-6d92-46a0-b442-12b2ebbe422e ] Request (ServerRescueTestJSONUnderV235:setUpClass): 200 GET http://10.180.1.21/compute/v2.1/servers/0e00ca48-f9e1-4999-aad5-d7965f7ddc28 0.044s
2024-10-18 09:02:05.539 62751 INFO tempest.lib.common.rest_client [req-31a39a7f-3566-49ea-a7d1-bb54d3058db3 req-31a39a7f-3566-49ea-a7d1-bb54d3058db3 ] Request (AttachVolumeNegativeTest:test_attach_attached_volume_to_different_server): 200 GET http://10.180.1.21/compute/v2.1/servers/a24776d9-9950-4c83-9641-9675cabd5fd3 0.047s
2024-10-18 09:02:05.556 62717 INFO tempest.lib.common.rest_client [req-4ce92f56-f2a3-4298-b156-4186c8ece587 req-4ce92f56-f2a3-4298-b156-4186c8ece587 ] Request (SecurityGroupsTestJSON:test_server_security_groups): 200 GET http://10.180.1.21/compute/v2.1/servers/01a3e1be-d29b-45d7-987e-66a4395ae2a4 0.045s
2024-10-18 09:02:05.580 62719 INFO tempest.lib.common.rest_client [req-5741a76d-f8b2-4083-8bda-9d3dc861d7de req-5741a76d-f8b2-4083-8bda-9d3dc861d7de ] Request (ServerActionsTestOtherB:setUpClass): 200 GET http://10.180.1.21/compute/v2.1/servers/578627be-e695-4953-8d0e-9763d12b9a28 0.050s
2024-10-18 09:02:05.598 62755 INFO tempest.lib.common.rest_client [req-f06a33f8-339c-4f64-98b9-049c646577a9 req-f06a33f8-339c-4f64-98b9-049c646577a9 ] Request (ServerMetadataTestJSON:setUpClass): 200 GET http://10.180.1.21/compute/v2.1/servers/c4c5abc4-a5ed-4337-a930-d37d579819f8 0.045s
2024-10-18 09:02:05.638 62741 INFO tempest.lib.common.rest_client [req-c36929e9-9b49-4af8-b366-a11656985eac req-c36929e9-9b49-4af8-b366-a11656985eac ] Request (ServerRescueNegativeTestJSON:setUpClass): 200 GET http://10.180.1.21/compute/v2.1/servers/02b7a3c3-bdfd-47d9-acf7-afd7725cea64 0.044s
2024-10-18 09:02:05.666 62757 INFO tempest.lib.common.rest_client [req-15da833f-e336-4b6a-91a1-df50793d76c1 req-15da833f-e336-4b6a-91a1-df50793d76c1 ] Request (MigrationsAdminTest:test_resize_server_revert_deleted_flavor): 200 GET http://10.180.1.21/compute/v2.1/servers/dba18c87-50a2-4ac8-8bd2-77f8f62b723c 0.043s
2024-10-18 09:02:05.679 62727 INFO tempest.lib.common.rest_client [req-c764f87d-7a90-4e37-9c65-0bb616a2eb05 req-c764f87d-7a90-4e37-9c65-0bb616a2eb05 ] Request (ServersTestJSON:setUpClass): 200 GET http://10.180.1.21/compute/v2.1/servers/724a8083-2bde-483e-bd5a-a928def284bf 0.044s
2024-10-18 09:02:05.708 62732 INFO tempest.lib.common.rest_client [req-43d55439-fb03-471c-b5d8-4e10c9a606fc req-43d55439-fb03-471c-b5d8-4e10c9a606fc ] Request (ImagesOneServerNegativeTestJSON:setUpClass): 200 GET http://10.180.1.21/compute/v2.1/servers/770b6195-ab31-4df0-84b0-e8382732ec32 0.042s
2024-10-18 09:02:05.723 62703 INFO tempest.lib.common.rest_client [req-b8e7734f-a944-4342-bff8-052253ffcd85 req-b8e7734f-a944-4342-bff8-052253ffcd85 ] Request (TenantUsagesTestJSON:setUpClass): 200 GET http://10.180.1.21/compute/v2.1/servers/c37f1b55-7a06-4c93-9492-d2bd6d2bfe83 0.041s
2024-10-18 09:02:05.751 62711 INFO tempest.lib.common.rest_client [req-8d5a5af1-4959-46e8-9497-6ebbd15517e3 req-8d5a5af1-4959-46e8-9497-6ebbd15517e3 ] Request (ServerDiagnosticsNegativeTest:test_get_server_diagnostics_by_non_admin): 200 GET http://10.180.1.21/compute/v2.1/servers/252df6ad-e29d-4596-bc99-4aae144bbcc5 0.041s
2024-10-18 09:02:05.842 62725 INFO tempest.lib.common.rest_client [req-ea2720dc-f041-4716-972a-df2b91c78567 req-ea2720dc-f041-4716-972a-df2b91c78567 ] Request (DeleteServersTestJSON:test_delete_server_while_in_attached_volume): 200 GET http://10.180.1.21/compute/v2.1/servers/ec2297bb-1d29-4ea9-90f7-f4f39716c103 0.046s
2024-10-18 09:02:05.950 62743 INFO tempest.lib.common.rest_client [req-4b21fbd6-47b4-4b7d-be1d-3b432fc9bd3c req-4b21fbd6-47b4-4b7d-be1d-3b432fc9bd3c ] Request (ServerPasswordTestJSON:setUpClass): 200 GET http://10.180.1.21/compute/v2.1/servers/61426715-7a38-475d-895a-0eb6d6040c66 0.047s
2024-10-18 09:02:05.968 62715 INFO tempest.lib.common.rest_client [req-9c2fb4e4-a37a-44da-870f-ea17814575b7 req-9c2fb4e4-a37a-44da-870f-ea17814575b7 ] Request (ServersV294TestFqdnHostnames:setUpClass): 200 GET http://10.180.1.21/compute/v2.1/servers/47e44ea5-15f2-4ea3-bda9-ae4820c4b9c4 0.054s
2024-10-18 09:02:06.075 62697 INFO tempest.lib.common.rest_client [req-0b9ef54b-ab63-4e98-8370-865b446c4499 req-0b9ef54b-ab63-4e98-8370-865b446c4499 ] Request (ServersTestFqdnHostnames:test_create_server_with_fqdn_name): 200 GET http://10.180.1.21/compute/v2.1/servers/3426ace3-0cff-4119-85fe-31e681a8597b 0.044s
2024-10-18 09:02:06.120 62701 INFO tempest.lib.common.rest_client [req-8c747f5f-4664-401c-8c7b-29a590c3ea1a req-8c747f5f-4664-401c-8c7b-29a590c3ea1a ] Request (ImagesNegativeTestJSON:test_create_image_from_deleted_server): 200 GET http://10.180.1.21/compute/v2.1/servers/2213bb98-48cd-4a9e-8a9b-4b6db30ea2ae 0.042s
2024-10-18 09:02:06.162 62713 INFO tempest.lib.common.rest_client [req-e216f18e-dd27-43e1-bb22-d6af9aab9dee req-e216f18e-dd27-43e1-bb22-d6af9aab9dee ] Request (ServerDiagnosticsTest:test_get_server_diagnostics): 200 GET http://10.180.1.21/compute/v2.1/servers/94703126-bb31-40af-b945-2ef5ff37e094 0.040s
2024-10-18 09:02:06.164 62733 INFO tempest.lib.common.rest_client [req-1aca7ec6-29f3-496f-89cb-5f6451191bd7 req-1aca7ec6-29f3-496f-89cb-5f6451191bd7 ] Request (ServersAaction247Test:tearDownClass): 200 GET http://10.180.1.21/compute/v2.1/servers/3b71c366-cbd9-4b98-aa0d-c55b56e69231 0.052s
2024-10-18 09:02:06.202 62699 INFO tempest.lib.common.rest_client [req-922f2d05-3ec7-4fa1-8325-85cc2d6b52f1 req-922f2d05-3ec7-4fa1-8325-85cc2d6b52f1 ] Request (VolumesAdminNegativeTest:test_update_attached_volume_with_nonexistent_volume_in_body): 200 GET http://10.180.1.21/compute/v2.1/servers/8c64f76d-cb18-41c5-9afa-e88af038f2b0 0.053s
2024-10-18 09:02:06.204 62745 INFO tempest.lib.common.rest_client [req-57708b0d-52d5-488f-ad73-b27cf1efbbfd req-57708b0d-52d5-488f-ad73-b27cf1efbbfd ] Request (FloatingIPsAssociationTestJSON:setUpClass): 200 GET http://10.180.1.21/compute/v2.1/servers/ecaa6bf7-e7bd-44c2-811c-1edf9a1039ee 0.040s
2024-10-18 09:02:06.331 62737 INFO tempest.lib.common.rest_client [req-3973b72a-61d2-472d-a985-6e49c840f01a req-3973b72a-61d2-472d-a985-6e49c840f01a ] Request (ImagesTestJSON:test_create_image_from_suspended_server): 200 GET http://10.180.1.21/compute/v2.1/servers/01bbc9ec-f2ee-4a48-a33c-784861e81097 0.044s
2024-10-18 09:02:06.337 62760 INFO tempest.lib.common.rest_client [req-de6478b8-f7ee-494b-966b-4cf01672f65c req-de6478b8-f7ee-494b-966b-4cf01672f65c ] Request (ServerShowV247Test:test_update_rebuild_list_server): 200 GET http://10.180.1.21/compute/v2.1/servers/5214f4a1-3e28-41bf-88d9-161511385e1b 0.047s
2024-10-18 09:02:06.371 62735 INFO tempest.lib.common.rest_client [req-c644fbb9-055f-4f62-b222-3d0e6b67e1bc req-c644fbb9-055f-4f62-b222-3d0e6b67e1bc ] Request (AttachInterfacesTestJSON:test_create_list_show_delete_interfaces_by_fixed_ip): 200 GET http://10.180.1.21/compute/v2.1/servers/b6efad50-aa2e-49f9-9ce7-5fead31db7a8 0.043s
2024-10-18 09:02:06.378 62747 INFO tempest.lib.common.rest_client [req-41fc5d77-6589-4cd3-a381-7e93dd148fb6 req-41fc5d77-6589-4cd3-a381-7e93dd148fb6 ] Request (ServersTestJSON:test_create_server_specify_multibyte_character_name): 200 GET http://10.180.1.21/compute/v2.1/servers/9c7a44b1-d87a-42a7-95f3-b0b064ce1ef6 0.047s
2024-10-18 09:02:06.424 62709 INFO tempest.lib.common.rest_client [req-ebeede19-17ef-4b7a-a573-a8739a67fb21 req-ebeede19-17ef-4b7a-a573-a8739a67fb21 ] Request (ServersTestMultiNic:test_verify_multiple_nics_order): 200 GET http://10.180.1.21/compute/v2.1/servers/02cb219f-989f-45b5-a9ba-d0b5a521cfa2 0.041s
2024-10-18 09:02:06.542 62739 INFO tempest.lib.common.rest_client [req-98159643-fda3-4999-9f80-534cb746d0cd req-98159643-fda3-4999-9f80-534cb746d0cd ] Request (ServerRescueTestJSONUnderV235:setUpClass): 200 GET http://10.180.1.21/compute/v2.1/servers/0e00ca48-f9e1-4999-aad5-d7965f7ddc28 0.046s
2024-10-18 09:02:06.596 62751 INFO tempest.lib.common.rest_client [req-f2bd1137-7f4e-47a7-a96f-666f261d3e1c req-f2bd1137-7f4e-47a7-a96f-666f261d3e1c ] Request (AttachVolumeNegativeTest:test_attach_attached_volume_to_different_server): 200 GET http://10.180.1.21/compute/v2.1/servers/a24776d9-9950-4c83-9641-9675cabd5fd3 0.049s
2024-10-18 09:02:06.610 62717 INFO tempest.lib.common.rest_client [req-8ec0bfab-fc5e-408f-86d4-38d47a481225 req-8ec0bfab-fc5e-408f-86d4-38d47a481225 ] Request (SecurityGroupsTestJSON:test_server_security_groups): 200 GET http://10.180.1.21/compute/v2.1/servers/01a3e1be-d29b-45d7-987e-66a4395ae2a4 0.047s
2024-10-18 09:02:06.639 62719 INFO tempest.lib.common.rest_client [req-fedfbefe-cb03-4fc5-bb3a-2dd307c215fd req-fedfbefe-cb03-4fc5-bb3a-2dd307c215fd ] Request (ServerActionsTestOtherB:setUpClass): 200 GET http://10.180.1.21/compute/v2.1/servers/578627be-e695-4953-8d0e-9763d12b9a28 0.051s
2024-10-18 09:02:06.652 62755 INFO tempest.lib.common.rest_client [req-85a53c0b-b928-4df0-8d41-8cfbf103546b req-85a53c0b-b928-4df0-8d41-8cfbf103546b ] Request (ServerMetadataTestJSON:setUpClass): 200 GET http://10.180.1.21/compute/v2.1/servers/c4c5abc4-a5ed-4337-a930-d37d579819f8 0.047s
2024-10-18 09:02:06.689 62741 INFO tempest.lib.common.rest_client [req-228547c7-d52a-4209-a325-bc51eac99c94 req-228547c7-d52a-4209-a325-bc51eac99c94 ] Request (ServerRescueNegativeTestJSON:setUpClass): 200 GET http://10.180.1.21/compute/v2.1/servers/02b7a3c3-bdfd-47d9-acf7-afd7725cea64 0.043s
2024-10-18 09:02:06.730 62727 INFO tempest.lib.common.rest_client [req-a09565c3-3e39-4514-8371-ffbb0f23892b req-a09565c3-3e39-4514-8371-ffbb0f23892b ] Request (ServersTestJSON:setUpClass): 200 GET http://10.180.1.21/compute/v2.1/servers/724a8083-2bde-483e-bd5a-a928def284bf 0.045s
2024-10-18 09:02:06.779 62732 INFO tempest.lib.common.rest_client [req-91c35b93-1226-4bf2-99ba-7ab0f02f5ec1 req-91c35b93-1226-4bf2-99ba-7ab0f02f5ec1 ] Request (ImagesOneServerNegativeTestJSON:setUpClass): 200 GET http://10.180.1.21/compute/v2.1/servers/770b6195-ab31-4df0-84b0-e8382732ec32 0.064s
2024-10-18 09:02:06.822 62703 INFO tempest.lib.common.rest_client [req-2a9077c1-254e-4c6f-b353-a393332784b1 req-2a9077c1-254e-4c6f-b353-a393332784b1 ] Request (TenantUsagesTestJSON:setUpClass): 200 GET http://10.180.1.21/compute/v2.1/servers/c37f1b55-7a06-4c93-9492-d2bd6d2bfe83 0.092s
2024-10-18 09:02:06.858 62757 INFO tempest.lib.common.rest_client [req-715373dc-c636-43c3-a3fd-ddea10182a7a req-715373dc-c636-43c3-a3fd-ddea10182a7a ] Request (MigrationsAdminTest:test_resize_server_revert_deleted_flavor): 200 GET http://10.180.1.21/compute/v2.1/servers/dba18c87-50a2-4ac8-8bd2-77f8f62b723c 0.185s
2024-10-18 09:02:06.862 62711 INFO tempest.lib.common.rest_client [req-8cae4fd0-f820-4d5f-b156-0c2435611469 req-8cae4fd0-f820-4d5f-b156-0c2435611469 ] Request (ServerDiagnosticsNegativeTest:test_get_server_diagnostics_by_non_admin): 200 GET http://10.180.1.21/compute/v2.1/servers/252df6ad-e29d-4596-bc99-4aae144bbcc5 0.104s
2024-10-18 09:02:06.899 62725 INFO tempest.lib.common.rest_client [req-e36200a3-d25d-4b9c-a00e-0dbf98991d25 req-e36200a3-d25d-4b9c-a00e-0dbf98991d25 ] Request (DeleteServersTestJSON:test_delete_server_while_in_attached_volume): 200 GET http://10.180.1.21/compute/v2.1/servers/ec2297bb-1d29-4ea9-90f7-f4f39716c103 0.048s
2024-10-18 09:02:07.007 62743 INFO tempest.lib.common.rest_client [req-540aee80-f974-42c2-9c69-344edd8e856c req-540aee80-f974-42c2-9c69-344edd8e856c ] Request (ServerPasswordTestJSON:setUpClass): 200 GET http://10.180.1.21/compute/v2.1/servers/61426715-7a38-475d-895a-0eb6d6040c66 0.050s
2024-10-18 09:02:07.028 62715 INFO tempest.lib.common.rest_client [req-c52b62da-7860-4b32-825a-103e6ea47d79 req-c52b62da-7860-4b32-825a-103e6ea47d79 ] Request (ServersV294TestFqdnHostnames:setUpClass): 200 GET http://10.180.1.21/compute/v2.1/servers/47e44ea5-15f2-4ea3-bda9-ae4820c4b9c4 0.051s
2024-10-18 09:02:07.130 62697 INFO tempest.lib.common.rest_client [req-95217279-4618-4909-8d4f-1a879f3c1cd0 req-95217279-4618-4909-8d4f-1a879f3c1cd0 ] Request (ServersTestFqdnHostnames:test_create_server_with_fqdn_name): 200 GET http://10.180.1.21/compute/v2.1/servers/3426ace3-0cff-4119-85fe-31e681a8597b 0.048s
2024-10-18 09:02:07.172 62701 INFO tempest.lib.common.rest_client [req-c96af0a8-9ea1-46a0-b165-325aefc62739 req-c96af0a8-9ea1-46a0-b165-325aefc62739 ] Request (ImagesNegativeTestJSON:test_create_image_from_deleted_server): 200 GET http://10.180.1.21/compute/v2.1/servers/2213bb98-48cd-4a9e-8a9b-4b6db30ea2ae 0.044s
2024-10-18 09:02:07.215 62713 INFO tempest.lib.common.rest_client [req-71e12eaf-186f-453e-aac1-eea07b456796 req-71e12eaf-186f-453e-aac1-eea07b456796 ] Request (ServerDiagnosticsTest:test_get_server_diagnostics): 200 GET http://10.180.1.21/compute/v2.1/servers/94703126-bb31-40af-b945-2ef5ff37e094 0.046s
2024-10-18 09:02:07.221 62733 INFO tempest.lib.common.rest_client [req-730f5576-bdda-4d88-b064-db3dc05b4268 req-730f5576-bdda-4d88-b064-db3dc05b4268 ] Request (ServersAaction247Test:tearDownClass): 200 GET http://10.180.1.21/compute/v2.1/servers/3b71c366-cbd9-4b98-aa0d-c55b56e69231 0.049s
2024-10-18 09:02:07.256 62699 INFO tempest.lib.common.rest_client [req-6c352d1e-25b7-4f13-a943-2858014f0154 req-6c352d1e-25b7-4f13-a943-2858014f0154 ] Request (VolumesAdminNegativeTest:test_update_attached_volume_with_nonexistent_volume_in_body): 200 GET http://10.180.1.21/compute/v2.1/servers/8c64f76d-cb18-41c5-9afa-e88af038f2b0 0.046s
2024-10-18 09:02:07.267 62745 INFO tempest.lib.common.rest_client [req-70b37ade-3b3a-42f7-880a-ec7c3f611961 req-70b37ade-3b3a-42f7-880a-ec7c3f611961 ] Request (FloatingIPsAssociationTestJSON:setUpClass): 200 GET http://10.180.1.21/compute/v2.1/servers/ecaa6bf7-e7bd-44c2-811c-1edf9a1039ee 0.057s
2024-10-18 09:02:07.386 62737 INFO tempest.lib.common.rest_client [req-1dd3cc7e-1687-4e0e-a8d5-8f3c68576a8c req-1dd3cc7e-1687-4e0e-a8d5-8f3c68576a8c ] Request (ImagesTestJSON:test_create_image_from_suspended_server): 200 GET http://10.180.1.21/compute/v2.1/servers/01bbc9ec-f2ee-4a48-a33c-784861e81097 0.047s
2024-10-18 09:02:07.394 62760 INFO tempest.lib.common.rest_client [req-fec6a42d-2d87-4d07-8482-1d18bbe5fc78 req-fec6a42d-2d87-4d07-8482-1d18bbe5fc78 ] Request (ServerShowV247Test:test_update_rebuild_list_server): 200 GET http://10.180.1.21/compute/v2.1/servers/5214f4a1-3e28-41bf-88d9-161511385e1b 0.048s
2024-10-18 09:02:07.427 62735 INFO tempest.lib.common.rest_client [req-b0661eb6-a2b6-4064-850c-9c7183752ae1 req-b0661eb6-a2b6-4064-850c-9c7183752ae1 ] Request (AttachInterfacesTestJSON:test_create_list_show_delete_interfaces_by_fixed_ip): 200 GET http://10.180.1.21/compute/v2.1/servers/b6efad50-aa2e-49f9-9ce7-5fead31db7a8 0.048s
2024-10-18 09:02:07.436 62747 INFO tempest.lib.common.rest_client [req-764e0e77-47aa-45f2-9c71-029d2318e161 req-764e0e77-47aa-45f2-9c71-029d2318e161 ] Request (ServersTestJSON:test_create_server_specify_multibyte_character_name): 200 GET http://10.180.1.21/compute/v2.1/servers/9c7a44b1-d87a-42a7-95f3-b0b064ce1ef6 0.052s
2024-10-18 09:02:07.474 62709 INFO tempest.lib.common.rest_client [req-319cab65-aeda-4cd1-b95b-a60416c41a8e req-319cab65-aeda-4cd1-b95b-a60416c41a8e ] Request (ServersTestMultiNic:test_verify_multiple_nics_order): 200 GET http://10.180.1.21/compute/v2.1/servers/02cb219f-989f-45b5-a9ba-d0b5a521cfa2 0.042s
2024-10-18 09:02:07.599 62739 INFO tempest.lib.common.rest_client [req-b20f7f1c-6908-40df-8501-053647ab1185 req-b20f7f1c-6908-40df-8501-053647ab1185 ] Request (ServerRescueTestJSONUnderV235:setUpClass): 200 GET http://10.180.1.21/compute/v2.1/servers/0e00ca48-f9e1-4999-aad5-d7965f7ddc28 0.050s
2024-10-18 09:02:07.648 62751 INFO tempest.lib.common.rest_client [req-cccac37c-0a12-4935-b01a-edbc11a49c79 req-cccac37c-0a12-4935-b01a-edbc11a49c79 ] Request (AttachVolumeNegativeTest:test_attach_attached_volume_to_different_server): 200 GET http://10.180.1.21/compute/v2.1/servers/a24776d9-9950-4c83-9641-9675cabd5fd3 0.045s
2024-10-18 09:02:07.661 62717 INFO tempest.lib.common.rest_client [req-697cd79e-3fd0-48a1-bd7c-1a9572f2e065 req-697cd79e-3fd0-48a1-bd7c-1a9572f2e065 ] Request (SecurityGroupsTestJSON:test_server_security_groups): 200 GET http://10.180.1.21/compute/v2.1/servers/01a3e1be-d29b-45d7-987e-66a4395ae2a4 0.044s
2024-10-18 09:02:07.689 62719 INFO tempest.lib.common.rest_client [req-ef098741-a6e6-4795-8ecf-024b406bd62b req-ef098741-a6e6-4795-8ecf-024b406bd62b ] Request (ServerActionsTestOtherB:setUpClass): 200 GET http://10.180.1.21/compute/v2.1/servers/578627be-e695-4953-8d0e-9763d12b9a28 0.043s
2024-10-18 09:02:07.701 62755 INFO tempest.lib.common.rest_client [req-13cdabe3-4ab2-428b-827f-359bd63f8bcc req-13cdabe3-4ab2-428b-827f-359bd63f8bcc ] Request (ServerMetadataTestJSON:setUpClass): 200 GET http://10.180.1.21/compute/v2.1/servers/c4c5abc4-a5ed-4337-a930-d37d579819f8 0.042s
2024-10-18 09:02:07.739 62741 INFO tempest.lib.common.rest_client [req-6e6cb6d9-c87c-4fbb-8ee4-614a3efcc985 req-6e6cb6d9-c87c-4fbb-8ee4-614a3efcc985 ] Request (ServerRescueNegativeTestJSON:setUpClass): 200 GET http://10.180.1.21/compute/v2.1/servers/02b7a3c3-bdfd-47d9-acf7-afd7725cea64 0.042s
2024-10-18 09:02:07.782 62727 INFO tempest.lib.common.rest_client [req-f664feda-e92c-4a2b-a407-1b747acdfd7a req-f664feda-e92c-4a2b-a407-1b747acdfd7a ] Request (ServersTestJSON:setUpClass): 200 GET http://10.180.1.21/compute/v2.1/servers/724a8083-2bde-483e-bd5a-a928def284bf 0.045s
2024-10-18 09:02:07.831 62732 INFO tempest.lib.common.rest_client [req-fe82865d-d984-4ddf-be79-0e50fc77c292 req-fe82865d-d984-4ddf-be79-0e50fc77c292 ] Request (ImagesOneServerNegativeTestJSON:setUpClass): 200 GET http://10.180.1.21/compute/v2.1/servers/770b6195-ab31-4df0-84b0-e8382732ec32 0.045s
2024-10-18 09:02:07.875 62703 INFO tempest.lib.common.rest_client [req-8fd087b4-2bc8-493e-baf8-24a9a5c17c04 req-8fd087b4-2bc8-493e-baf8-24a9a5c17c04 ] Request (TenantUsagesTestJSON:setUpClass): 200 GET http://10.180.1.21/compute/v2.1/servers/c37f1b55-7a06-4c93-9492-d2bd6d2bfe83 0.046s
2024-10-18 09:02:07.910 62757 INFO tempest.lib.common.rest_client [req-d42ce56f-bd42-48e9-a811-eddb10a24b43 req-d42ce56f-bd42-48e9-a811-eddb10a24b43 ] Request (MigrationsAdminTest:test_resize_server_revert_deleted_flavor): 200 GET http://10.180.1.21/compute/v2.1/servers/dba18c87-50a2-4ac8-8bd2-77f8f62b723c 0.046s
2024-10-18 09:02:07.916 62711 INFO tempest.lib.common.rest_client [req-5bd0ed9a-5a53-4003-b383-638b90baa934 req-5bd0ed9a-5a53-4003-b383-638b90baa934 ] Request (ServerDiagnosticsNegativeTest:test_get_server_diagnostics_by_non_admin): 200 GET http://10.180.1.21/compute/v2.1/servers/252df6ad-e29d-4596-bc99-4aae144bbcc5 0.047s
2024-10-18 09:02:07.950 62725 INFO tempest.lib.common.rest_client [req-39e350f8-8a51-4f07-91ec-58591609240c req-39e350f8-8a51-4f07-91ec-58591609240c ] Request (DeleteServersTestJSON:test_delete_server_while_in_attached_volume): 200 GET http://10.180.1.21/compute/v2.1/servers/ec2297bb-1d29-4ea9-90f7-f4f39716c103 0.044s
2024-10-18 09:02:08.059 62743 INFO tempest.lib.common.rest_client [req-bcc9186a-25b0-447c-80e1-a1c2116e30b2 req-bcc9186a-25b0-447c-80e1-a1c2116e30b2 ] Request (ServerPasswordTestJSON:setUpClass): 200 GET http://10.180.1.21/compute/v2.1/servers/61426715-7a38-475d-895a-0eb6d6040c66 0.045s
2024-10-18 09:02:08.084 62715 INFO tempest.lib.common.rest_client [req-14960e76-0ed6-41e1-a5eb-1fd604ac6a46 req-14960e76-0ed6-41e1-a5eb-1fd604ac6a46 ] Request (ServersV294TestFqdnHostnames:setUpClass): 200 GET http://10.180.1.21/compute/v2.1/servers/47e44ea5-15f2-4ea3-bda9-ae4820c4b9c4 0.047s
2024-10-18 09:02:08.184 62697 INFO tempest.lib.common.rest_client [req-4dc9fc70-42cd-48fb-9158-3cf24248236a req-4dc9fc70-42cd-48fb-9158-3cf24248236a ] Request (ServersTestFqdnHostnames:test_create_server_with_fqdn_name): 200 GET http://10.180.1.21/compute/v2.1/servers/3426ace3-0cff-4119-85fe-31e681a8597b 0.047s
2024-10-18 09:02:08.223 62701 INFO tempest.lib.common.rest_client [req-23af7b1a-70c9-443e-b30d-bbc1adafa542 req-23af7b1a-70c9-443e-b30d-bbc1adafa542 ] Request (ImagesNegativeTestJSON:test_create_image_from_deleted_server): 200 GET http://10.180.1.21/compute/v2.1/servers/2213bb98-48cd-4a9e-8a9b-4b6db30ea2ae 0.044s
2024-10-18 09:02:08.268 62713 INFO tempest.lib.common.rest_client [req-19f10b66-9f4b-4189-9628-b48f51ffc636 req-19f10b66-9f4b-4189-9628-b48f51ffc636 ] Request (ServerDiagnosticsTest:test_get_server_diagnostics): 200 GET http://10.180.1.21/compute/v2.1/servers/94703126-bb31-40af-b945-2ef5ff37e094 0.046s
2024-10-18 09:02:08.287 62733 INFO tempest.lib.common.rest_client [req-af9797ff-3562-44c5-99fd-98ddbfd5f356 req-af9797ff-3562-44c5-99fd-98ddbfd5f356 ] Request (ServersAaction247Test:tearDownClass): 200 GET http://10.180.1.21/compute/v2.1/servers/3b71c366-cbd9-4b98-aa0d-c55b56e69231 0.052s
2024-10-18 09:02:08.309 62699 INFO tempest.lib.common.rest_client [req-c4544412-d02e-4b3c-8c5b-9ac9dbdcb119 req-c4544412-d02e-4b3c-8c5b-9ac9dbdcb119 ] Request (VolumesAdminNegativeTest:test_update_attached_volume_with_nonexistent_volume_in_body): 200 GET http://10.180.1.21/compute/v2.1/servers/8c64f76d-cb18-41c5-9afa-e88af038f2b0 0.047s
2024-10-18 09:02:08.329 62745 INFO tempest.lib.common.rest_client [req-a98cfa6f-0d33-4691-adff-f39dc1c475e3 req-a98cfa6f-0d33-4691-adff-f39dc1c475e3 ] Request (FloatingIPsAssociationTestJSON:setUpClass): 200 GET http://10.180.1.21/compute/v2.1/servers/ecaa6bf7-e7bd-44c2-811c-1edf9a1039ee 0.055s
2024-10-18 09:02:08.441 62737 INFO tempest.lib.common.rest_client [req-ea8d8ce9-6ac2-491b-8535-62becabdcc3a req-ea8d8ce9-6ac2-491b-8535-62becabdcc3a ] Request (ImagesTestJSON:test_create_image_from_suspended_server): 200 GET http://10.180.1.21/compute/v2.1/servers/01bbc9ec-f2ee-4a48-a33c-784861e81097 0.048s
2024-10-18 09:02:08.449 62760 INFO tempest.lib.common.rest_client [req-19d463a0-3156-4490-ac18-0f2f23831ba8 req-19d463a0-3156-4490-ac18-0f2f23831ba8 ] Request (ServerShowV247Test:test_update_rebuild_list_server): 200 GET http://10.180.1.21/compute/v2.1/servers/5214f4a1-3e28-41bf-88d9-161511385e1b 0.047s
2024-10-18 09:02:08.484 62735 INFO tempest.lib.common.rest_client [req-0750370b-7cb7-4730-b435-dda3bee26211 req-0750370b-7cb7-4730-b435-dda3bee26211 ] Request (AttachInterfacesTestJSON:test_create_list_show_delete_interfaces_by_fixed_ip): 200 GET http://10.180.1.21/compute/v2.1/servers/b6efad50-aa2e-49f9-9ce7-5fead31db7a8 0.049s
2024-10-18 09:02:08.491 62747 INFO tempest.lib.common.rest_client [req-0b11bed1-9436-4cf8-a750-bd6d596d7183 req-0b11bed1-9436-4cf8-a750-bd6d596d7183 ] Request (ServersTestJSON:test_create_server_specify_multibyte_character_name): 200 GET http://10.180.1.21/compute/v2.1/servers/9c7a44b1-d87a-42a7-95f3-b0b064ce1ef6 0.049s
2024-10-18 09:02:08.523 62709 INFO tempest.lib.common.rest_client [req-4b428007-adf5-4058-9d0c-6a571d0259bc req-4b428007-adf5-4058-9d0c-6a571d0259bc ] Request (ServersTestMultiNic:test_verify_multiple_nics_order): 200 GET http://10.180.1.21/compute/v2.1/servers/02cb219f-989f-45b5-a9ba-d0b5a521cfa2 0.042s
2024-10-18 09:02:08.651 62739 INFO tempest.lib.common.rest_client [req-40c4d4ce-3afd-42c7-886b-d5167e56b3e0 req-40c4d4ce-3afd-42c7-886b-d5167e56b3e0 ] Request (ServerRescueTestJSONUnderV235:setUpClass): 200 GET http://10.180.1.21/compute/v2.1/servers/0e00ca48-f9e1-4999-aad5-d7965f7ddc28 0.044s
2024-10-18 09:02:08.701 62751 INFO tempest.lib.common.rest_client [req-06c06cae-2f7e-4e07-bd52-26eb1349d0e7 req-06c06cae-2f7e-4e07-bd52-26eb1349d0e7 ] Request (AttachVolumeNegativeTest:test_attach_attached_volume_to_different_server): 200 GET http://10.180.1.21/compute/v2.1/servers/a24776d9-9950-4c83-9641-9675cabd5fd3 0.046s
2024-10-18 09:02:08.712 62717 INFO tempest.lib.common.rest_client [req-3a904968-fd8e-4a9f-845f-9e41d82d98b3 req-3a904968-fd8e-4a9f-845f-9e41d82d98b3 ] Request (SecurityGroupsTestJSON:test_server_security_groups): 200 GET http://10.180.1.21/compute/v2.1/servers/01a3e1be-d29b-45d7-987e-66a4395ae2a4 0.044s
2024-10-18 09:02:08.743 62719 INFO tempest.lib.common.rest_client [req-cff8f1cb-8cc6-4bf3-8e59-020413ffc822 req-cff8f1cb-8cc6-4bf3-8e59-020413ffc822 ] Request (ServerActionsTestOtherB:setUpClass): 200 GET http://10.180.1.21/compute/v2.1/servers/578627be-e695-4953-8d0e-9763d12b9a28 0.046s
2024-10-18 09:02:08.754 62755 INFO tempest.lib.common.rest_client [req-eb1ffe4a-9dbc-44af-8921-e49760aa07c9 req-eb1ffe4a-9dbc-44af-8921-e49760aa07c9 ] Request (ServerMetadataTestJSON:setUpClass): 200 GET http://10.180.1.21/compute/v2.1/servers/c4c5abc4-a5ed-4337-a930-d37d579819f8 0.046s
2024-10-18 09:02:08.788 62741 INFO tempest.lib.common.rest_client [req-afe6568b-cfd4-422d-8399-d2143d2e8c7c req-afe6568b-cfd4-422d-8399-d2143d2e8c7c ] Request (ServerRescueNegativeTestJSON:setUpClass): 200 GET http://10.180.1.21/compute/v2.1/servers/02b7a3c3-bdfd-47d9-acf7-afd7725cea64 0.042s
2024-10-18 09:02:08.835 62727 INFO tempest.lib.common.rest_client [req-75767395-59ed-4304-b344-4f6d774f9891 req-75767395-59ed-4304-b344-4f6d774f9891 ] Request (ServersTestJSON:setUpClass): 200 GET http://10.180.1.21/compute/v2.1/servers/724a8083-2bde-483e-bd5a-a928def284bf 0.046s
2024-10-18 09:02:08.883 62732 INFO tempest.lib.common.rest_client [req-f0c4edd9-4c89-4aee-92b1-6c4d33aeddc2 req-f0c4edd9-4c89-4aee-92b1-6c4d33aeddc2 ] Request (ImagesOneServerNegativeTestJSON:setUpClass): 200 GET http://10.180.1.21/compute/v2.1/servers/770b6195-ab31-4df0-84b0-e8382732ec32 0.045s
2024-10-18 09:02:08.928 62703 INFO tempest.lib.common.rest_client [req-dec7912c-edd9-42a5-9c04-4d1a043478a8 req-dec7912c-edd9-42a5-9c04-4d1a043478a8 ] Request (TenantUsagesTestJSON:setUpClass): 200 GET http://10.180.1.21/compute/v2.1/servers/c37f1b55-7a06-4c93-9492-d2bd6d2bfe83 0.046s
2024-10-18 09:02:08.965 62757 INFO tempest.lib.common.rest_client [req-d1bdb189-3180-42f3-8b06-a3dfbb2b27fd req-d1bdb189-3180-42f3-8b06-a3dfbb2b27fd ] Request (MigrationsAdminTest:test_resize_server_revert_deleted_flavor): 200 GET http://10.180.1.21/compute/v2.1/servers/dba18c87-50a2-4ac8-8bd2-77f8f62b723c 0.048s
2024-10-18 09:02:08.971 62711 INFO tempest.lib.common.rest_client [req-6dbc6360-39cd-45ed-9858-278c6d312c36 req-6dbc6360-39cd-45ed-9858-278c6d312c36 ] Request (ServerDiagnosticsNegativeTest:test_get_server_diagnostics_by_non_admin): 200 GET http://10.180.1.21/compute/v2.1/servers/252df6ad-e29d-4596-bc99-4aae144bbcc5 0.048s
2024-10-18 09:02:09.006 62725 INFO tempest.lib.common.rest_client [req-35b3845c-5885-4ab6-a445-b42622a0f242 req-35b3845c-5885-4ab6-a445-b42622a0f242 ] Request (DeleteServersTestJSON:test_delete_server_while_in_attached_volume): 200 GET http://10.180.1.21/compute/v2.1/servers/ec2297bb-1d29-4ea9-90f7-f4f39716c103 0.049s
2024-10-18 09:02:09.110 62743 INFO tempest.lib.common.rest_client [req-b6e1bbe2-b808-4eb6-ba66-4ec2d4c7be5a req-b6e1bbe2-b808-4eb6-ba66-4ec2d4c7be5a ] Request (ServerPasswordTestJSON:setUpClass): 200 GET http://10.180.1.21/compute/v2.1/servers/61426715-7a38-475d-895a-0eb6d6040c66 0.044s
2024-10-18 09:02:09.144 62715 INFO tempest.lib.common.rest_client [req-72e33aa0-6dc9-437a-a43c-c1ec6315a5b9 req-72e33aa0-6dc9-437a-a43c-c1ec6315a5b9 ] Request (ServersV294TestFqdnHostnames:setUpClass): 200 GET http://10.180.1.21/compute/v2.1/servers/47e44ea5-15f2-4ea3-bda9-ae4820c4b9c4 0.051s
2024-10-18 09:02:09.235 62697 INFO tempest.lib.common.rest_client [req-33c27ffd-b010-4802-a971-e909c2bd5c81 req-33c27ffd-b010-4802-a971-e909c2bd5c81 ] Request (ServersTestFqdnHostnames:test_create_server_with_fqdn_name): 200 GET http://10.180.1.21/compute/v2.1/servers/3426ace3-0cff-4119-85fe-31e681a8597b 0.044s
2024-10-18 09:02:09.273 62701 INFO tempest.lib.common.rest_client [req-f3ab14cb-930f-4ace-b259-f8823dddfaa1 req-f3ab14cb-930f-4ace-b259-f8823dddfaa1 ] Request (ImagesNegativeTestJSON:test_create_image_from_deleted_server): 200 GET http://10.180.1.21/compute/v2.1/servers/2213bb98-48cd-4a9e-8a9b-4b6db30ea2ae 0.044s
2024-10-18 09:02:09.322 62713 INFO tempest.lib.common.rest_client [req-2beb9a07-f2ad-4523-b426-c1681ed41dd8 req-2beb9a07-f2ad-4523-b426-c1681ed41dd8 ] Request (ServerDiagnosticsTest:test_get_server_diagnostics): 200 GET http://10.180.1.21/compute/v2.1/servers/94703126-bb31-40af-b945-2ef5ff37e094 0.047s
2024-10-18 09:02:09.351 62733 INFO tempest.lib.common.rest_client [req-f9d6af24-8a76-4fa2-8fd0-637ca92181f3 req-f9d6af24-8a76-4fa2-8fd0-637ca92181f3 ] Request (ServersAaction247Test:tearDownClass): 200 GET http://10.180.1.21/compute/v2.1/servers/3b71c366-cbd9-4b98-aa0d-c55b56e69231 0.055s
2024-10-18 09:02:09.363 62699 INFO tempest.lib.common.rest_client [req-a8daf4cc-5080-4ebd-89df-7e8fe6f63b3d req-a8daf4cc-5080-4ebd-89df-7e8fe6f63b3d ] Request (VolumesAdminNegativeTest:test_update_attached_volume_with_nonexistent_volume_in_body): 200 GET http://10.180.1.21/compute/v2.1/servers/8c64f76d-cb18-41c5-9afa-e88af038f2b0 0.047s
2024-10-18 09:02:09.394 62745 INFO tempest.lib.common.rest_client [req-5f7f3007-8879-4067-b252-249ddf19ad35 req-5f7f3007-8879-4067-b252-249ddf19ad35 ] Request (FloatingIPsAssociationTestJSON:setUpClass): 200 GET http://10.180.1.21/compute/v2.1/servers/ecaa6bf7-e7bd-44c2-811c-1edf9a1039ee 0.059s
2024-10-18 09:02:09.495 62737 INFO tempest.lib.common.rest_client [req-366ec044-d917-4665-89ad-cc754839ef16 req-366ec044-d917-4665-89ad-cc754839ef16 ] Request (ImagesTestJSON:test_create_image_from_suspended_server): 200 GET http://10.180.1.21/compute/v2.1/servers/01bbc9ec-f2ee-4a48-a33c-784861e81097 0.047s
2024-10-18 09:02:09.507 62760 INFO tempest.lib.common.rest_client [req-f6fcd672-0687-463f-a395-07983337cd26 req-f6fcd672-0687-463f-a395-07983337cd26 ] Request (ServerShowV247Test:test_update_rebuild_list_server): 200 GET http://10.180.1.21/compute/v2.1/servers/5214f4a1-3e28-41bf-88d9-161511385e1b 0.049s
2024-10-18 09:02:09.538 62735 INFO tempest.lib.common.rest_client [req-8b41980c-e1ef-4fea-a218-3e5ea8654210 req-8b41980c-e1ef-4fea-a218-3e5ea8654210 ] Request (AttachInterfacesTestJSON:test_create_list_show_delete_interfaces_by_fixed_ip): 200 GET http://10.180.1.21/compute/v2.1/servers/b6efad50-aa2e-49f9-9ce7-5fead31db7a8 0.047s
2024-10-18 09:02:09.548 62747 INFO tempest.lib.common.rest_client [req-b61b42a2-806f-4344-8912-a1cb94062d37 req-b61b42a2-806f-4344-8912-a1cb94062d37 ] Request (ServersTestJSON:test_create_server_specify_multibyte_character_name): 200 GET http://10.180.1.21/compute/v2.1/servers/9c7a44b1-d87a-42a7-95f3-b0b064ce1ef6 0.049s
2024-10-18 09:02:09.579 62709 INFO tempest.lib.common.rest_client [req-4fcf91a1-4373-44dc-bfbe-e9ca5d6b3c1a req-4fcf91a1-4373-44dc-bfbe-e9ca5d6b3c1a ] Request (ServersTestMultiNic:test_verify_multiple_nics_order): 200 GET http://10.180.1.21/compute/v2.1/servers/02cb219f-989f-45b5-a9ba-d0b5a521cfa2 0.048s
2024-10-18 09:02:09.702 62739 INFO tempest.lib.common.rest_client [req-bcec7ced-c81e-4700-a330-b6239a54091d req-bcec7ced-c81e-4700-a330-b6239a54091d ] Request (ServerRescueTestJSONUnderV235:setUpClass): 200 GET http://10.180.1.21/compute/v2.1/servers/0e00ca48-f9e1-4999-aad5-d7965f7ddc28 0.044s
2024-10-18 09:02:09.752 62751 INFO tempest.lib.common.rest_client [req-2f6e6f48-ca93-471f-b505-69c4a83f8efe req-2f6e6f48-ca93-471f-b505-69c4a83f8efe ] Request (AttachVolumeNegativeTest:test_attach_attached_volume_to_different_server): 200 GET http://10.180.1.21/compute/v2.1/servers/a24776d9-9950-4c83-9641-9675cabd5fd3 0.044s
2024-10-18 09:02:09.761 62717 INFO tempest.lib.common.rest_client [req-448eb56c-bb47-41e8-bdb5-847f63f00756 req-448eb56c-bb47-41e8-bdb5-847f63f00756 ] Request (SecurityGroupsTestJSON:test_server_security_groups): 200 GET http://10.180.1.21/compute/v2.1/servers/01a3e1be-d29b-45d7-987e-66a4395ae2a4 0.042s
2024-10-18 09:02:09.792 62719 INFO tempest.lib.common.rest_client [req-71b1c85a-b7bb-4f9f-93a7-0dc02f61d416 req-71b1c85a-b7bb-4f9f-93a7-0dc02f61d416 ] Request (ServerActionsTestOtherB:setUpClass): 200 GET http://10.180.1.21/compute/v2.1/servers/578627be-e695-4953-8d0e-9763d12b9a28 0.042s
2024-10-18 09:02:09.802 62755 INFO tempest.lib.common.rest_client [req-f4f1cd74-83bf-4390-9ea4-9b712373e288 req-f4f1cd74-83bf-4390-9ea4-9b712373e288 ] Request (ServerMetadataTestJSON:setUpClass): 200 GET http://10.180.1.21/compute/v2.1/servers/c4c5abc4-a5ed-4337-a930-d37d579819f8 0.041s
2024-10-18 09:02:09.836 62741 INFO tempest.lib.common.rest_client [req-8b473c08-7a76-4f48-a732-a17bf5dba9ed req-8b473c08-7a76-4f48-a732-a17bf5dba9ed ] Request (ServerRescueNegativeTestJSON:setUpClass): 200 GET http://10.180.1.21/compute/v2.1/servers/02b7a3c3-bdfd-47d9-acf7-afd7725cea64 0.041s
2024-10-18 09:02:09.887 62727 INFO tempest.lib.common.rest_client [req-8f68be25-0cee-416a-b97a-a3d4eacd10de req-8f68be25-0cee-416a-b97a-a3d4eacd10de ] Request (ServersTestJSON:setUpClass): 200 GET http://10.180.1.21/compute/v2.1/servers/724a8083-2bde-483e-bd5a-a928def284bf 0.045s
2024-10-18 09:02:09.934 62732 INFO tempest.lib.common.rest_client [req-b5c8b9ed-b7e1-4d3e-9f77-9b5c5638a29b req-b5c8b9ed-b7e1-4d3e-9f77-9b5c5638a29b ] Request (ImagesOneServerNegativeTestJSON:setUpClass): 200 GET http://10.180.1.21/compute/v2.1/servers/770b6195-ab31-4df0-84b0-e8382732ec32 0.045s
2024-10-18 09:02:09.986 62703 INFO tempest.lib.common.rest_client [req-feee30db-770d-461c-8107-5574fa0d2a02 req-feee30db-770d-461c-8107-5574fa0d2a02 ] Request (TenantUsagesTestJSON:setUpClass): 200 GET http://10.180.1.21/compute/v2.1/servers/c37f1b55-7a06-4c93-9492-d2bd6d2bfe83 0.051s
2024-10-18 09:02:10.024 62711 INFO tempest.lib.common.rest_client [req-850e6c26-afec-47b5-8a6c-fe00bda9ee4b req-850e6c26-afec-47b5-8a6c-fe00bda9ee4b ] Request (ServerDiagnosticsNegativeTest:test_get_server_diagnostics_by_non_admin): 200 GET http://10.180.1.21/compute/v2.1/servers/252df6ad-e29d-4596-bc99-4aae144bbcc5 0.047s
2024-10-18 09:02:10.025 62757 INFO tempest.lib.common.rest_client [req-012ec304-1ece-462c-a09d-fa14b5271ae8 req-012ec304-1ece-462c-a09d-fa14b5271ae8 ] Request (MigrationsAdminTest:test_resize_server_revert_deleted_flavor): 200 GET http://10.180.1.21/compute/v2.1/servers/dba18c87-50a2-4ac8-8bd2-77f8f62b723c 0.053s
2024-10-18 09:02:10.062 62725 INFO tempest.lib.common.rest_client [req-a4af50c8-672c-47d6-966f-624868b8bb65 req-a4af50c8-672c-47d6-966f-624868b8bb65 ] Request (DeleteServersTestJSON:test_delete_server_while_in_attached_volume): 200 GET http://10.180.1.21/compute/v2.1/servers/ec2297bb-1d29-4ea9-90f7-f4f39716c103 0.048s
2024-10-18 09:02:10.168 62743 INFO tempest.lib.common.rest_client [req-4778498b-5b43-400c-8baa-0c8d241204a6 req-4778498b-5b43-400c-8baa-0c8d241204a6 ] Request (ServerPasswordTestJSON:setUpClass): 200 GET http://10.180.1.21/compute/v2.1/servers/61426715-7a38-475d-895a-0eb6d6040c66 0.051s
2024-10-18 09:02:10.203 62715 INFO tempest.lib.common.rest_client [req-3db99793-6149-4c8b-b10f-5626aef677dd req-3db99793-6149-4c8b-b10f-5626aef677dd ] Request (ServersV294TestFqdnHostnames:setUpClass): 200 GET http://10.180.1.21/compute/v2.1/servers/47e44ea5-15f2-4ea3-bda9-ae4820c4b9c4 0.049s
2024-10-18 09:02:10.286 62697 INFO tempest.lib.common.rest_client [req-e69be6b0-2800-4201-8fc3-db3a205e5376 req-e69be6b0-2800-4201-8fc3-db3a205e5376 ] Request (ServersTestFqdnHostnames:test_create_server_with_fqdn_name): 200 GET http://10.180.1.21/compute/v2.1/servers/3426ace3-0cff-4119-85fe-31e681a8597b 0.044s
2024-10-18 09:02:10.324 62701 INFO tempest.lib.common.rest_client [req-54156664-303d-4d5d-82fe-a122a1b79e76 req-54156664-303d-4d5d-82fe-a122a1b79e76 ] Request (ImagesNegativeTestJSON:test_create_image_from_deleted_server): 200 GET http://10.180.1.21/compute/v2.1/servers/2213bb98-48cd-4a9e-8a9b-4b6db30ea2ae 0.044s
2024-10-18 09:02:10.371 62713 INFO tempest.lib.common.rest_client [req-d481b53f-ef1c-4be1-a989-75f82f244e42 req-d481b53f-ef1c-4be1-a989-75f82f244e42 ] Request (ServerDiagnosticsTest:test_get_server_diagnostics): 200 GET http://10.180.1.21/compute/v2.1/servers/94703126-bb31-40af-b945-2ef5ff37e094 0.043s
2024-10-18 09:02:10.412 62699 INFO tempest.lib.common.rest_client [req-2e843fd5-c122-4ddc-b2a8-487007480379 req-2e843fd5-c122-4ddc-b2a8-487007480379 ] Request (VolumesAdminNegativeTest:test_update_attached_volume_with_nonexistent_volume_in_body): 200 GET http://10.180.1.21/compute/v2.1/servers/8c64f76d-cb18-41c5-9afa-e88af038f2b0 0.043s
2024-10-18 09:02:10.414 62733 INFO tempest.lib.common.rest_client [req-e458b2db-1776-4e51-acf9-c72bcab5e354 req-e458b2db-1776-4e51-acf9-c72bcab5e354 ] Request (ServersAaction247Test:tearDownClass): 200 GET http://10.180.1.21/compute/v2.1/servers/3b71c366-cbd9-4b98-aa0d-c55b56e69231 0.055s
2024-10-18 09:02:10.453 62745 INFO tempest.lib.common.rest_client [req-76b91f1b-9a67-4ac7-80a2-b17c41b1a1d8 req-76b91f1b-9a67-4ac7-80a2-b17c41b1a1d8 ] Request (FloatingIPsAssociationTestJSON:setUpClass): 200 GET http://10.180.1.21/compute/v2.1/servers/ecaa6bf7-e7bd-44c2-811c-1edf9a1039ee 0.052s
2024-10-18 09:02:10.550 62737 INFO tempest.lib.common.rest_client [req-ab56ea26-4479-492e-9479-1071b7dbc621 req-ab56ea26-4479-492e-9479-1071b7dbc621 ] Request (ImagesTestJSON:test_create_image_from_suspended_server): 200 GET http://10.180.1.21/compute/v2.1/servers/01bbc9ec-f2ee-4a48-a33c-784861e81097 0.048s
2024-10-18 09:02:10.562 62760 INFO tempest.lib.common.rest_client [req-81b63899-1a79-414f-b130-28cfdbf67b95 req-81b63899-1a79-414f-b130-28cfdbf67b95 ] Request (ServerShowV247Test:test_update_rebuild_list_server): 200 GET http://10.180.1.21/compute/v2.1/servers/5214f4a1-3e28-41bf-88d9-161511385e1b 0.047s
2024-10-18 09:02:10.591 62735 INFO tempest.lib.common.rest_client [req-95fd5df9-75a2-4b00-9276-a53e8a0602b1 req-95fd5df9-75a2-4b00-9276-a53e8a0602b1 ] Request (AttachInterfacesTestJSON:test_create_list_show_delete_interfaces_by_fixed_ip): 200 GET http://10.180.1.21/compute/v2.1/servers/b6efad50-aa2e-49f9-9ce7-5fead31db7a8 0.045s
