2024-10-18 09:00:04.338 62753 INFO tempest.lib.common.rest_client [req-5fab4d26-a0eb-4822-a77c-279d59f4f288 req-5fab4d26-a0eb-4822-a77c-279d59f4f288 ] Request (HypervisorAdminTestJSON:tearDownClass): 204 DELETE http://10.180.1.21/identity/v3/users/ee7d16937bef42179977971e6be603a8 0.124s
2024-10-18 09:00:04.390 62707 INFO tempest.lib.common.rest_client [req-cfb30c0b-6bc0-4028-9f7a-ce9fdb9bfde2 req-cfb30c0b-6bc0-4028-9f7a-ce9fdb9bfde2 ] Request (HypervisorAdminV253TestBase:setUpClass): 200 GET http://10.180.1.21/identity/v3/roles 0.138s
2024-10-18 09:00:04.420 62717 INFO tempest.lib.common.rest_client [req-089469fb-7c5a-4dd8-974a-ed2f07f15911 req-089469fb-7c5a-4dd8-974a-ed2f07f15911 ] Request (SecurityGroupsTestJSON:test_list_security_groups_by_server): 200 GET http://10.180.1.21/compute/v2.1/servers/2ad87bc0-a6c1-4a63-bb56-8cea825ffc4f 1.318s
2024-10-18 09:00:04.445 62727 INFO tempest.lib.common.rest_client [req-5e68bd06-fa25-4135-998f-109264d656d1 req-5e68bd06-fa25-4135-998f-109264d656d1 ] Request (KeyPairsV210TestJSON:test_admin_manage_keypairs_for_other_users): 200 GET http://10.180.1.21/compute/v2.1/os-keypairs?user_id=3edbedf7adf348feb1bb780de9b4a34c 1.336s
2024-10-18 09:00:04.451 62697 INFO tempest.lib.common.rest_client [req-62c03b8a-b23f-4596-91e9-ecf669e03201 req-62c03b8a-b23f-4596-91e9-ecf669e03201 ] Request (FlavorsExtraSpecsNegativeTestJSON:test_flavor_non_admin_unset_keys): 403 DELETE http://10.180.1.21/compute/v2.1/flavors/1739954287/os-extra_specs/hw:numa_nodes 1.323s
2024-10-18 09:00:04.477 62753 INFO tempest.lib.common.rest_client [req-7ea86e49-3a06-4d6a-b727-ecba2debcd1a req-7ea86e49-3a06-4d6a-b727-ecba2debcd1a ] Request (HypervisorAdminTestJSON:tearDownClass): 204 DELETE http://10.180.1.21/identity/v3/users/18a5b5842e89499a874d5b1b9a24b486 0.138s
2024-10-18 09:00:04.477 62753 INFO tempest.lib.common.dynamic_creds [-] Deleting project and security group for project: ff0b3286e45c4b7a8823ccaf8f3da571
2024-10-18 09:00:04.520 62753 INFO tempest.lib.common.rest_client [req-44cbd9e2-db86-4f4e-9464-f365c2e2926f req-44cbd9e2-db86-4f4e-9464-f365c2e2926f ] Request (HypervisorAdminTestJSON:tearDownClass): 201 POST http://10.180.1.21/identity/v3/auth/tokens 0.043s
2024-10-18 09:00:04.522 62713 INFO tempest.lib.common.rest_client [req-85b4d739-917c-4d8c-b82e-5accbef582f7 req-85b4d739-917c-4d8c-b82e-5accbef582f7 ] Request (FlavorsAccessNegativeTestJSON:_run_cleanups): 200 POST http://10.180.1.21/compute/v2.1/flavors/1862574193/action 1.514s
2024-10-18 09:00:04.551 62707 INFO tempest.lib.common.rest_client [req-a6db8fd4-6672-4d01-9355-f84b74b0828d req-a6db8fd4-6672-4d01-9355-f84b74b0828d ] Request (HypervisorAdminV253TestBase:setUpClass): 204 PUT http://10.180.1.21/identity/v3/projects/cdc5625262784e348ff07513bb944845/users/96e35cbec7dd4a99ab93dcb98c8828be/roles/b989ffef3a154cda9b1ea3de159ceffd 0.160s
2024-10-18 09:00:04.551 62707 INFO tempest.lib.common.dynamic_creds [-] Dynamic test user 96e35cbec7dd4a99ab93dcb98c8828be is created with scope project and roles: ['member']
2024-10-18 09:00:04.552 62707 INFO tempest.lib.common.dynamic_creds [-] Acquired dynamic creds: credentials: Credentials: {'domain_id': 'default', 'domain_name': 'Default', 'username': 'tempest-HypervisorAdminV253TestBase-313161249-project-member', 'project_domain_id': 'default', 'project_domain_name': 'Default', 'project_id': 'cdc5625262784e348ff07513bb944845', 'project_name': 'tempest-HypervisorAdminV253TestBase-313161249', 'tenant_id': 'cdc5625262784e348ff07513bb944845', 'tenant_name': 'tempest-HypervisorAdminV253TestBase-313161249', 'user_domain_id': 'default', 'user_domain_name': 'Default', 'user_id': '96e35cbec7dd4a99ab93dcb98c8828be', 'system': None}, Network: None, Subnet: None, Router: None
2024-10-18 09:00:04.552 62707 INFO tempest.lib.common.dynamic_creds [-] Created isolated network resources for: credentials: Credentials: {'domain_id': 'default', 'domain_name': 'Default', 'username': 'tempest-HypervisorAdminV253TestBase-313161249-project-member', 'project_domain_id': 'default', 'project_domain_name': 'Default', 'project_id': 'cdc5625262784e348ff07513bb944845', 'project_name': 'tempest-HypervisorAdminV253TestBase-313161249', 'tenant_id': 'cdc5625262784e348ff07513bb944845', 'tenant_name': 'tempest-HypervisorAdminV253TestBase-313161249', 'user_domain_id': 'default', 'user_domain_name': 'Default', 'user_id': '96e35cbec7dd4a99ab93dcb98c8828be', 'system': None}, Network: None, Subnet: None, Router: None
2024-10-18 09:00:04.561 62732 INFO tempest.lib.common.rest_client [req-1c1326bc-4d1f-42c9-939d-b11511f64dec req-1c1326bc-4d1f-42c9-939d-b11511f64dec ] Request (VolumesAssistedSnapshotsTest:setUpClass): 200 PUT http://10.180.1.21:9696/networking/v2.0/routers/b2dd3e5c-8442-4adf-bce4-197e1f36b36d/add_router_interface 1.656s
2024-10-18 09:00:04.561 62732 INFO tempest.lib.common.dynamic_creds [-] Created isolated network resources for: credentials: Credentials: {'domain_id': 'default', 'domain_name': 'Default', 'username': 'tempest-VolumesAssistedSnapshotsTest-553567324-project', 'project_domain_id': 'default', 'project_domain_name': 'Default', 'project_id': '763a2af22a9e4132a2b40f9ad8fcb60c', 'project_name': 'tempest-VolumesAssistedSnapshotsTest-553567324', 'tenant_id': '763a2af22a9e4132a2b40f9ad8fcb60c', 'tenant_name': 'tempest-VolumesAssistedSnapshotsTest-553567324', 'user_domain_id': 'default', 'user_domain_name': 'Default', 'user_id': '2343c3c25a794892b381599236d67eec', 'system': None}, Network: {'id': '34db9868-4cfc-4c44-a320-c6ef1f0ca3be', 'name': 'tempest-VolumesAssistedSnapshotsTest-1687166222-network', 'tenant_id': '763a2af22a9e4132a2b40f9ad8fcb60c', 'admin_state_up': True, 'mtu': 8950, 'status': 'ACTIVE', 'subnets': [], 'shared': False, 'project_id': '763a2af22a9e4132a2b40f9ad8fcb60c', 'port_security_enabled': True, 'router:external': False, 'provider:network_type': 'vlan', 'provider:physical_network': 'default', 'provider:segmentation_id': 749, 'is_default': False, 'availability_zone_hints': [], 'availability_zones': [], 'ipv4_address_scope': None, 'ipv6_address_scope': None, 'description': '', 'tags': [], 'created_at': '2024-10-18T09:00:01Z', 'updated_at': '2024-10-18T09:00:01Z', 'revision_number': 1}, Subnet: {'id': '70e048d7-f4e9-4bb4-b392-86bc23e9810a', 'name': 'tempest-VolumesAssistedSnapshotsTest-1687166222-subnet', 'tenant_id': '763a2af22a9e4132a2b40f9ad8fcb60c', 'network_id': '34db9868-4cfc-4c44-a320-c6ef1f0ca3be', 'ip_version': 4, 'subnetpool_id': None, 'enable_dhcp': True, 'ipv6_ra_mode': None, 'ipv6_address_mode': None, 'gateway_ip': '192.168.128.1', 'cidr': '192.168.128.0/28', 'allocation_pools': [{'start': '192.168.128.2', 'end': '192.168.128.14'}], 'host_routes': [], 'dns_nameservers': [], 'description': '', 'router:external': False, 'service_types': [], 'tags': [], 'created_at': '2024-10-18T09:00:01Z', 'updated_at': '2024-10-18T09:00:01Z', 'revision_number': 0, 'project_id': '763a2af22a9e4132a2b40f9ad8fcb60c'}, Router: {'id': 'b2dd3e5c-8442-4adf-bce4-197e1f36b36d', 'name': 'tempest-VolumesAssistedSnapshotsTest-1687166222-router', 'tenant_id': '763a2af22a9e4132a2b40f9ad8fcb60c', 'admin_state_up': True, 'status': 'ACTIVE', 'external_gateway_info': {'network_id': '03038c2c-0908-484e-8ef5-1ade2e834e52', 'external_fixed_ips': [{'subnet_id': 'a29531a5-4bc4-4aae-8429-2829aa5e8b74', 'ip_address': '10.180.180.228'}], 'enable_snat': True}, 'description': '', 'availability_zones': [], 'distributed': False, 'ha': False, 'availability_zone_hints': [], 'routes': [], 'flavor_id': None, 'tags': [], 'created_at': '2024-10-18T09:00:01Z', 'updated_at': '2024-10-18T09:00:02Z', 'revision_number': 2, 'project_id': '763a2af22a9e4132a2b40f9ad8fcb60c'}
2024-10-18 09:00:04.572 62715 INFO tempest.lib.common.rest_client [req-a942fa92-5e12-4959-b6b2-18f62f12e2a4 req-a942fa92-5e12-4959-b6b2-18f62f12e2a4 ] Request (ServersAdmin275Test:test_rebuild_update_server_275): 200 GET http://10.180.1.21/compute/v2.1/servers/44a2ac83-3fff-4958-a1d3-b3884b42c211 1.414s
2024-10-18 09:00:04.578 62757 INFO tempest.lib.common.rest_client [req-3d491e5f-f807-47fd-9d13-4b555b5bbe50 req-3d491e5f-f807-47fd-9d13-4b555b5bbe50 ] Request (HypervisorAdminUnderV252Test:tearDownClass): 204 DELETE http://10.180.1.21:9696/networking/v2.0/security-groups/4605dd4d-e28c-4bbb-971e-b347ec57b12f 0.286s
2024-10-18 09:00:04.584 62715 INFO tempest.common.waiters [-] State transition "BUILD/None" ==> "BUILD/spawning" after 2 second wait
2024-10-18 09:00:04.592 62745 INFO tempest.lib.common.rest_client [req-b0668500-4b54-4f70-9ead-58f28eb6743d req-b0668500-4b54-4f70-9ead-58f28eb6743d ] Request (FlavorsV261TestJSON:test_crud_flavor): 200 GET http://10.180.1.21/compute/v2.1/flavors 1.327s
2024-10-18 09:00:04.602 62737 INFO tempest.lib.common.rest_client [req-f3b35b54-ae1a-4c86-b1f1-4393d8f944ab req-f3b35b54-ae1a-4c86-b1f1-4393d8f944ab ] Request (ImagesTestJSON:test_create_image_from_stopped_server): 200 GET http://10.180.1.21/compute/v2.1/servers/073b92a2-8db9-4337-af2e-5e85c78d4b93 1.424s
2024-10-18 09:00:04.613 62750 INFO tempest.lib.common.rest_client [req-9c789687-bc39-4d2b-9d27-360e6a95e782 req-9c789687-bc39-4d2b-9d27-360e6a95e782 ] Request (FlavorsExtraSpecsTestJSON:test_flavor_non_admin_get_specific_key): 200 GET http://10.180.1.21/compute/v2.1/flavors/275177923/os-extra_specs/hw:numa_nodes 1.313s
2024-10-18 09:00:04.616 62729 INFO tempest.lib.common.rest_client [req-7796ca34-b450-40de-9dde-5a772a360b1e req-7796ca34-b450-40de-9dde-5a772a360b1e ] Request (ServicesAdminNegativeV253TestJSON:test_get_service_by_invalid_params): 200 GET http://10.180.1.21/compute/v2.1/os-services?xxx=nova-compute 1.331s
2024-10-18 09:00:04.624 62699 INFO tempest.lib.common.rest_client [req-e6fd4c2c-0c07-4bb7-8fd1-e40e50adb3d4 req-e6fd4c2c-0c07-4bb7-8fd1-e40e50adb3d4 ] Request (HypervisorAdminNegativeTestJSON:test_get_hypervisor_uptime_with_non_admin_user): 403 GET http://10.180.1.21/compute/v2.1/os-hypervisors/1/uptime 1.277s
2024-10-18 09:00:04.636 62709 INFO tempest.lib.common.rest_client [req-4000431a-d0a2-44c9-866f-31c637e4c080 req-4000431a-d0a2-44c9-866f-31c637e4c080 ] Request (TenantUsagesNegativeTestJSON:tearDownClass): 200 GET http://10.180.1.21:9696/networking/v2.0/security-groups?tenant_id=99c8fdc87a544d2a9b6278c170207b8f&name=default 0.319s
2024-10-18 09:00:04.638 62741 INFO tempest.lib.common.rest_client [req-50d54d72-2478-4f3b-9416-ff3efb595fb9 req-50d54d72-2478-4f3b-9416-ff3efb595fb9 ] Request (AggregatesAdminNegativeTestJSON:_run_cleanups): 200 DELETE http://10.180.1.21/compute/v2.1/os-aggregates/1 0.945s
2024-10-18 09:00:04.640 62739 INFO tempest.lib.common.rest_client [req-c863a5dc-0856-48a8-bb4c-4c41e2013d5f req-c863a5dc-0856-48a8-bb4c-4c41e2013d5f ] Request (HypervisorAdminNegativeUnderV252Test:test_show_servers_with_nonexistent_hypervisor): 404 GET http://10.180.1.21/compute/v2.1/os-hypervisors/ae443f10-fa52-41e0-8319-996f9f814df6/servers 0.792s
2024-10-18 09:00:04.655 62711 INFO tempest.lib.common.rest_client [req-c2b2bd94-e924-4be8-ad42-e4c4163e775f req-c2b2bd94-e924-4be8-ad42-e4c4163e775f ] Request (ServersWithSpecificFlavorTestJSON:test_verify_created_server_ephemeral_disk): 200 POST http://10.180.1.21/compute/v2.1/flavors 0.772s
2024-10-18 09:00:04.656 62707 INFO tempest.lib.common.rest_client [req-e2599e56-e9c2-4f29-ad63-86cf6301c261 req-e2599e56-e9c2-4f29-ad63-86cf6301c261 ] Request (HypervisorAdminV253TestBase:setUpClass): 201 POST http://10.180.1.21/identity/v3/auth/tokens 0.097s
2024-10-18 09:00:04.749 62757 INFO tempest.lib.common.rest_client [req-32d99d60-4311-4529-a841-c6adb4721698 req-32d99d60-4311-4529-a841-c6adb4721698 ] Request (HypervisorAdminUnderV252Test:tearDownClass): 204 DELETE http://10.180.1.21/identity/v3/projects/d014b584cd904bc6a7d92e49f286b198 0.170s
2024-10-18 09:00:04.754 62732 INFO tempest.lib.common.rest_client [req-ba34324b-e3f9-4bc7-bf33-96a10cef590c req-ba34324b-e3f9-4bc7-bf33-96a10cef590c ] Request (VolumesAssistedSnapshotsTest:setUpClass): 201 POST http://10.180.1.21/identity/v3/auth/tokens 0.128s
2024-10-18 09:00:04.791 62709 INFO tempest.lib.common.rest_client [req-64c4981b-1862-40c9-bbf1-c15dc48f2f86 req-64c4981b-1862-40c9-bbf1-c15dc48f2f86 ] Request (TenantUsagesNegativeTestJSON:tearDownClass): 204 DELETE http://10.180.1.21:9696/networking/v2.0/security-groups/98c02a82-279c-4508-b53a-d5ba8f1c3c94 0.153s
2024-10-18 09:00:04.830 62753 INFO tempest.lib.common.rest_client [req-8a089c81-c791-4571-b731-deb06ded39ec req-8a089c81-c791-4571-b731-deb06ded39ec ] Request (HypervisorAdminTestJSON:tearDownClass): 200 GET http://10.180.1.21:9696/networking/v2.0/security-groups?tenant_id=ff0b3286e45c4b7a8823ccaf8f3da571&name=default 0.308s
2024-10-18 09:00:04.838 62707 INFO tempest.lib.common.rest_client [req-bce4807d-9c23-4620-ace0-88c3b4e49c6a req-bce4807d-9c23-4620-ace0-88c3b4e49c6a ] Request (HypervisorAdminV253TestBase:setUpClass): 201 POST http://10.180.1.21/identity/v3/projects 0.181s
2024-10-18 09:00:04.864 62739 INFO tempest.lib.common.rest_client [req-4ebafa33-5a1d-44b4-ad64-122edbd8cbc3 req-4ebafa33-5a1d-44b4-ad64-122edbd8cbc3 ] Request (HypervisorAdminNegativeUnderV252Test:tearDownClass): 204 DELETE http://10.180.1.21/identity/v3/users/607931c2c57f4f1bbad6415e9cd9dc43 0.223s
2024-10-18 09:00:04.913 62757 INFO tempest.lib.common.rest_client [req-219a955f-c4f6-4ccc-91d7-c00a93179a89 req-219a955f-c4f6-4ccc-91d7-c00a93179a89 ] Request (MigrationsAdminTest:setUpClass): 201 POST http://10.180.1.21/identity/v3/auth/tokens 0.162s
2024-10-18 09:00:04.975 62701 INFO tempest.lib.common.rest_client [req-ad158529-b609-4a9d-a35b-9680421e59de req-ad158529-b609-4a9d-a35b-9680421e59de ] Request (QuotasAdminTestJSON:test_get_default_quotas): 200 GET http://10.180.1.21/compute/v2.1/os-quota-sets/efdf88e597c2412da7088dd18d21b545/defaults 1.006s
2024-10-18 09:00:05.036 62709 INFO tempest.lib.common.rest_client [req-4854f937-9139-4fba-a428-b50138514b13 req-4854f937-9139-4fba-a428-b50138514b13 ] Request (TenantUsagesNegativeTestJSON:tearDownClass): 204 DELETE http://10.180.1.21/identity/v3/projects/99c8fdc87a544d2a9b6278c170207b8f 0.244s
2024-10-18 09:00:05.100 62707 INFO tempest.lib.common.rest_client [req-094c8208-1e46-43ed-acf3-54a5f5064426 req-094c8208-1e46-43ed-acf3-54a5f5064426 ] Request (HypervisorAdminV253TestBase:setUpClass): 201 POST http://10.180.1.21/identity/v3/users 0.262s
2024-10-18 09:00:05.131 62733 INFO tempest.lib.common.rest_client [req-bacddb36-e8c0-4285-8848-ce739371a430 req-bacddb36-e8c0-4285-8848-ce739371a430 ] Request (SecurityGroupRulesNegativeTestJSON:setUpClass): 201 POST http://10.180.1.21:9696/networking/v2.0/routers 1.723s
2024-10-18 09:00:05.136 62725 INFO tempest.lib.common.rest_client [req-954ae04f-9065-4249-9751-f29d73c2b864 req-954ae04f-9065-4249-9751-f29d73c2b864 ] Request (FloatingIPDetailsTestJSON:test_list_floating_ips): 200 GET http://10.180.1.21/compute/v2.1/os-floating-ips 0.947s
2024-10-18 09:00:05.158 62721 INFO tempest.lib.common.rest_client [req-53402283-81ea-4261-b01b-283e84905b76 req-53402283-81ea-4261-b01b-283e84905b76 ] Request (FlavorsAccessTestJSON:_run_cleanups): 202 DELETE http://10.180.1.21/compute/v2.1/flavors/652545022 0.926s
2024-10-18 09:00:05.174 62747 INFO tempest.lib.common.rest_client [req-8f55efa9-e4e8-4c24-8709-d16ae8a4135c req-8f55efa9-e4e8-4c24-8709-d16ae8a4135c ] Request (FlavorsV255TestJSON:_run_cleanups): 202 DELETE http://10.180.1.21/compute/v2.1/flavors/587129944 0.866s
2024-10-18 09:00:05.180 62703 INFO tempest.lib.common.rest_client [req-1090251c-780b-49d4-85d7-a639443c66e3 req-1090251c-780b-49d4-85d7-a639443c66e3 ] Request (QuotasAdminNegativeTest:test_create_server_when_instances_quota_is_full): 200 PUT http://10.180.1.21/compute/v2.1/os-quota-sets/55a9d777bbd9408f9f69cb871680234c 0.999s
2024-10-18 09:00:05.190 62739 INFO tempest.lib.common.rest_client [req-4e37be62-5a43-490c-9922-6fc036a6473d req-4e37be62-5a43-490c-9922-6fc036a6473d ] Request (HypervisorAdminNegativeUnderV252Test:tearDownClass): 204 DELETE http://10.180.1.21/identity/v3/users/24af1821fc5c48fd9964c4e3b1bd0316 0.325s
2024-10-18 09:00:05.191 62739 INFO tempest.lib.common.dynamic_creds [-] Deleting project and security group for project: 56b8140201ac45a09651a0dcf68466df
2024-10-18 09:00:05.193 62753 INFO tempest.lib.common.rest_client [req-2209f4dc-19db-462c-a242-2d6a5be26396 req-2209f4dc-19db-462c-a242-2d6a5be26396 ] Request (HypervisorAdminTestJSON:tearDownClass): 204 DELETE http://10.180.1.21:9696/networking/v2.0/security-groups/1be87627-4579-4ffd-bec8-571b3a6065c8 0.362s
2024-10-18 09:00:05.196 62735 INFO tempest.lib.common.rest_client [req-6d6ebb91-7572-4d84-bbec-4e5e49166e75 req-6d6ebb91-7572-4d84-bbec-4e5e49166e75 ] Request (FlavorsAdminTestJSON:_run_cleanups): 202 DELETE http://10.180.1.21/compute/v2.1/flavors/1887508465 0.871s
2024-10-18 09:00:05.203 62727 INFO tempest.lib.common.rest_client [req-25568afc-36d3-48b8-aa96-79c9f849426c req-25568afc-36d3-48b8-aa96-79c9f849426c ] Request (KeyPairsV210TestJSON:_run_cleanups): 204 DELETE http://10.180.1.21/compute/v2.1/os-keypairs/tempest-KeyPairsV210TestJSON-keypair-2040258322 0.757s
2024-10-18 09:00:05.222 62713 INFO tempest.lib.common.rest_client [req-69d187ef-970c-4921-830d-cc6a41642311 req-69d187ef-970c-4921-830d-cc6a41642311 ] Request (FlavorsAccessNegativeTestJSON:_run_cleanups): 202 DELETE http://10.180.1.21/compute/v2.1/flavors/1862574193 0.696s
2024-10-18 09:00:05.228 62697 INFO tempest.lib.common.rest_client [req-c25ad546-417e-4160-ae80-6da061fae76f req-c25ad546-417e-4160-ae80-6da061fae76f ] Request (FlavorsExtraSpecsNegativeTestJSON:test_flavor_non_admin_update_specific_key): 200 POST http://10.180.1.21/compute/v2.1/flavors/1739954287/os-extra_specs 0.776s
2024-10-18 09:00:05.237 62745 INFO tempest.lib.common.rest_client [req-972d2d55-4e13-4129-8816-29972cc54a4b req-972d2d55-4e13-4129-8816-29972cc54a4b ] Request (FlavorsV261TestJSON:_run_cleanups): 202 DELETE http://10.180.1.21/compute/v2.1/flavors/1233987688 0.637s
2024-10-18 09:00:05.241 62757 INFO tempest.lib.common.rest_client [req-cbeffc3a-ffd9-4449-be7d-fe6f80fc089a req-cbeffc3a-ffd9-4449-be7d-fe6f80fc089a ] Request (MigrationsAdminTest:setUpClass): 201 POST http://10.180.1.21/identity/v3/auth/tokens 0.325s
2024-10-18 09:00:05.251 62750 INFO tempest.lib.common.rest_client [req-e55e545e-868f-49db-b8a5-3600f22e1d1b req-e55e545e-868f-49db-b8a5-3600f22e1d1b ] Request (FlavorsExtraSpecsTestJSON:test_flavor_set_get_update_show_unset_keys): 200 POST http://10.180.1.21/compute/v2.1/flavors/275177923/os-extra_specs 0.636s
2024-10-18 09:00:05.251 62701 INFO tempest.lib.common.rest_client [req-a428ffd4-9f09-4fad-b321-ff38841ecba0 req-a428ffd4-9f09-4fad-b321-ff38841ecba0 ] Request (QuotasAdminTestJSON:test_get_updated_quotas): 200 GET http://10.180.1.21/identity/v3/domains?name=Default 0.271s
2024-10-18 09:00:05.257 62699 INFO tempest.lib.common.rest_client [req-9f12c6b5-0e76-4326-bc11-d6adfa813343 req-9f12c6b5-0e76-4326-bc11-d6adfa813343 ] Request (HypervisorAdminNegativeTestJSON:test_get_nonexistent_hypervisor_uptime): 404 GET http://10.180.1.21/compute/v2.1/os-hypervisors/e7b56fe7-80f5-4602-a7bd-ca507107975e/uptime 0.630s
2024-10-18 09:00:05.267 62729 INFO tempest.lib.common.rest_client [req-7f6c0e10-1495-464f-9ea1-bf20121ac635 req-7f6c0e10-1495-464f-9ea1-bf20121ac635 ] Request (ServicesAdminNegativeV253TestJSON:test_get_service_by_invalid_service_and_valid_host): 200 GET http://10.180.1.21/compute/v2.1/os-services 0.649s
2024-10-18 09:00:05.269 62711 INFO tempest.lib.common.rest_client [req-276b265c-16d3-4a0c-a004-15343f241601 req-276b265c-16d3-4a0c-a004-15343f241601 ] Request (ServersWithSpecificFlavorTestJSON:test_verify_created_server_ephemeral_disk): 200 GET http://10.180.1.21/compute/v2.1/flavors/42/os-extra_specs 0.611s
2024-10-18 09:00:05.288 62723 INFO tempest.lib.common.rest_client [req-774fa771-4a3e-4297-ad6a-8daa8899504a req-774fa771-4a3e-4297-ad6a-8daa8899504a ] Request (HostsAdminTestJSON:test_list_hosts_with_zone): 200 GET http://10.180.1.21/compute/v2.1/os-hosts 0.550s
2024-10-18 09:00:05.293 62741 INFO tempest.lib.common.rest_client [req-78f36f25-0348-4075-bd2e-32c2fc5aabdf req-78f36f25-0348-4075-bd2e-32c2fc5aabdf ] Request (AggregatesAdminNegativeTestJSON:test_aggregate_add_host_as_user): 200 POST http://10.180.1.21/compute/v2.1/os-aggregates 0.594s
2024-10-18 09:00:05.302 62707 INFO tempest.lib.common.rest_client [req-3a36d263-5da9-40da-9d18-f8397ad60ba9 req-3a36d263-5da9-40da-9d18-f8397ad60ba9 ] Request (HypervisorAdminV253TestBase:setUpClass): 200 GET http://10.180.1.21/identity/v3/roles 0.201s
2024-10-18 09:00:05.323 62709 INFO tempest.lib.common.rest_client [req-03c7d5bb-8153-4146-a6cc-87170ab74260 req-03c7d5bb-8153-4146-a6cc-87170ab74260 ] Request (ServersTestMultiNic:setUpClass): 201 POST http://10.180.1.21/identity/v3/auth/tokens 0.284s
2024-10-18 09:00:05.375 62760 INFO tempest.lib.common.rest_client [req-0c1bf429-5d57-472b-8920-638f5891e36a req-0c1bf429-5d57-472b-8920-638f5891e36a ] Request (DeleteServersAdminTestJSON:test_admin_delete_servers_of_others): 200 GET http://10.180.1.21/compute/v2.1/servers/61d0d996-78ad-4b20-a7f4-b8a8f130d969 0.302s
2024-10-18 09:00:05.378 62743 INFO tempest.lib.common.rest_client [req-e5531df0-1397-4123-b285-2f89bca5c202 req-e5531df0-1397-4123-b285-2f89bca5c202 ] Request (ServersAdminNegativeTestJSON:setUpClass): 200 GET http://10.180.1.21/compute/v2.1/servers/82afa576-f501-4a30-b8f7-e8b6334130cb 0.377s
2024-10-18 09:00:05.387 62743 INFO tempest.common.waiters [-] State transition "BUILD/None" ==> "BUILD/networking" after 4 second wait
2024-10-18 09:00:05.394 62703 INFO tempest.lib.common.rest_client [req-f829331c-6252-401f-b438-1bbc9d385066 req-f829331c-6252-401f-b438-1bbc9d385066 ] Request (QuotasAdminNegativeTest:test_create_server_when_instances_quota_is_full): 201 POST http://10.180.1.21/identity/v3/auth/tokens 0.207s
2024-10-18 09:00:05.394 62703 INFO tempest.lib.common.fixed_network [-] (QuotasAdminNegativeTest:test_create_server_when_instances_quota_is_full) Found network None available for tenant
2024-10-18 09:00:05.403 62739 INFO tempest.lib.common.rest_client [req-61cff4e7-a175-47fb-b65a-86bbe6853192 req-61cff4e7-a175-47fb-b65a-86bbe6853192 ] Request (HypervisorAdminNegativeUnderV252Test:tearDownClass): 201 POST http://10.180.1.21/identity/v3/auth/tokens 0.212s
2024-10-18 09:00:05.406 62721 INFO tempest.lib.common.rest_client [req-a3076e86-aada-4098-9e1b-f3ba2e6f6c07 req-a3076e86-aada-4098-9e1b-f3ba2e6f6c07 ] Request (FlavorsAccessTestJSON:_run_cleanups): 200 GET http://10.180.1.21/compute/v2.1/flavors/detail 0.247s
2024-10-18 09:00:05.422 62757 INFO tempest.lib.common.rest_client [req-9d45e37b-0ceb-423d-83d6-7be66e82eb9d req-9d45e37b-0ceb-423d-83d6-7be66e82eb9d ] Request (MigrationsAdminTest:setUpClass): 200 GET http://10.180.1.21/identity/v3/domains?name=Default 0.181s
2024-10-18 09:00:05.423 62747 INFO tempest.lib.common.rest_client [req-aa137df5-c8b6-4aa4-91d8-442d69c0738f req-aa137df5-c8b6-4aa4-91d8-442d69c0738f ] Request (FlavorsV255TestJSON:_run_cleanups): 200 GET http://10.180.1.21/compute/v2.1/flavors/detail 0.249s
2024-10-18 09:00:05.434 62732 INFO tempest.lib.common.rest_client [req-dfe02f3f-b6d4-487f-b4e2-95c24335cabe req-dfe02f3f-b6d4-487f-b4e2-95c24335cabe ] Request (VolumesAssistedSnapshotsTest:test_volume_assisted_snapshot_create_delete): 202 POST http://10.180.1.21/volume/v3/volumes 0.678s
2024-10-18 09:00:05.440 62735 INFO tempest.lib.common.rest_client [req-f2460bee-c5e6-4ebb-bf63-dd554d052017 req-f2460bee-c5e6-4ebb-bf63-dd554d052017 ] Request (FlavorsAdminTestJSON:_run_cleanups): 200 GET http://10.180.1.21/compute/v2.1/flavors/detail 0.243s
2024-10-18 09:00:05.455 62701 INFO tempest.lib.common.rest_client [req-309ce446-e545-4211-b5d6-2c957e1f8f8e req-309ce446-e545-4211-b5d6-2c957e1f8f8e ] Request (QuotasAdminTestJSON:test_get_updated_quotas): 201 POST http://10.180.1.21/identity/v3/projects 0.204s
2024-10-18 09:00:05.470 62727 INFO tempest.lib.common.rest_client [req-f8f2aa9e-ba96-4eb8-bbe2-366621f884ca req-f8f2aa9e-ba96-4eb8-bbe2-366621f884ca ] Request (KeyPairsV210TestJSON:_run_cleanups): 204 DELETE http://10.180.1.21/compute/v2.1/os-keypairs/tempest-keypair-1257811256?user_id=3edbedf7adf348feb1bb780de9b4a34c 0.267s
2024-10-18 09:00:05.471 62753 INFO tempest.lib.common.rest_client [req-dabcac08-d25d-4682-b202-c694fcbbb6bd req-dabcac08-d25d-4682-b202-c694fcbbb6bd ] Request (HypervisorAdminTestJSON:tearDownClass): 204 DELETE http://10.180.1.21/identity/v3/projects/ff0b3286e45c4b7a8823ccaf8f3da571 0.277s
2024-10-18 09:00:05.471 62753 INFO tempest.lib.common.dynamic_creds [-] Deleting project and security group for project: ce24d50229bd404fa8d4cf0d20b71e08
2024-10-18 09:00:05.494 62713 INFO tempest.lib.common.rest_client [req-bb61baf4-a3bb-44d6-a51f-01a8b2a43ecd req-bb61baf4-a3bb-44d6-a51f-01a8b2a43ecd ] Request (FlavorsAccessNegativeTestJSON:_run_cleanups): 200 GET http://10.180.1.21/compute/v2.1/flavors/detail 0.268s
2024-10-18 09:00:05.506 62697 INFO tempest.lib.common.rest_client [req-db3d9ce1-cdfc-4ff2-ab79-9dd2455a6ac0 req-db3d9ce1-cdfc-4ff2-ab79-9dd2455a6ac0 ] Request (FlavorsExtraSpecsNegativeTestJSON:test_flavor_non_admin_update_specific_key): 403 PUT http://10.180.1.21/compute/v2.1/flavors/1739954287/os-extra_specs/hw:numa_nodes 0.277s
2024-10-18 09:00:05.512 62709 INFO tempest.lib.common.rest_client [req-552d0b6e-773e-49fb-8bd3-e1fc2b640781 req-552d0b6e-773e-49fb-8bd3-e1fc2b640781 ] Request (ServersTestMultiNic:setUpClass): 201 POST http://10.180.1.21/identity/v3/auth/tokens 0.186s
2024-10-18 09:00:05.517 62745 INFO tempest.lib.common.rest_client [req-67d79e69-b9d6-40e7-bf4c-79331b33b388 req-67d79e69-b9d6-40e7-bf4c-79331b33b388 ] Request (FlavorsV261TestJSON:_run_cleanups): 200 GET http://10.180.1.21/compute/v2.1/flavors/detail 0.277s
2024-10-18 09:00:05.517 62707 INFO tempest.lib.common.rest_client [req-ddc7d297-5cd5-46b6-95f3-18ab8fd4be56 req-ddc7d297-5cd5-46b6-95f3-18ab8fd4be56 ] Request (HypervisorAdminV253TestBase:setUpClass): 204 PUT http://10.180.1.21/identity/v3/projects/02328193246249bc89abf7a5d05d9579/users/78fe650b71904b4bb8f56a202199d328/roles/a7f48d5068ff4f98aa5b28cd0bc90952 0.213s
2024-10-18 09:00:05.526 62750 INFO tempest.lib.common.rest_client [req-0f575ffc-14ba-47f7-8c28-92ea78168ef3 req-0f575ffc-14ba-47f7-8c28-92ea78168ef3 ] Request (FlavorsExtraSpecsTestJSON:test_flavor_set_get_update_show_unset_keys): 200 GET http://10.180.1.21/compute/v2.1/flavors/275177923/os-extra_specs 0.274s
2024-10-18 09:00:05.549 62732 INFO tempest.lib.common.rest_client [req-f9a13b9f-11f7-46f2-98fa-d5991bde4065 req-f9a13b9f-11f7-46f2-98fa-d5991bde4065 ] Request (VolumesAssistedSnapshotsTest:test_volume_assisted_snapshot_create_delete): 200 GET http://10.180.1.21/volume/v3/volumes/58459134-8d63-43bd-9695-11e4c549ab36 0.098s
2024-10-18 09:00:05.559 62699 INFO tempest.lib.common.rest_client [req-6dc243df-33d2-44d5-b22a-cd932b0b841c req-6dc243df-33d2-44d5-b22a-cd932b0b841c ] Request (HypervisorAdminNegativeTestJSON:test_show_hypervisor_with_non_admin_user): 200 GET http://10.180.1.21/compute/v2.1/os-hypervisors 0.300s
2024-10-18 09:00:05.599 62729 INFO tempest.lib.common.rest_client [req-3d01457b-9235-425d-a3cb-2a94bd17d3e3 req-3d01457b-9235-425d-a3cb-2a94bd17d3e3 ] Request (ServicesAdminNegativeV253TestJSON:test_get_service_by_invalid_service_and_valid_host): 200 GET http://10.180.1.21/compute/v2.1/os-services?host=devstack&binary=xxx 0.330s
2024-10-18 09:00:05.615 62757 INFO tempest.lib.common.rest_client [req-89f7303f-2b09-421d-b484-ef039d2311a1 req-89f7303f-2b09-421d-b484-ef039d2311a1 ] Request (MigrationsAdminTest:setUpClass): 201 POST http://10.180.1.21/identity/v3/projects 0.192s
2024-10-18 09:00:05.636 62711 INFO tempest.lib.common.rest_client [req-401cab1d-3130-4a86-86e1-8b1ddb14aea2 req-401cab1d-3130-4a86-86e1-8b1ddb14aea2 ] Request (ServersWithSpecificFlavorTestJSON:test_verify_created_server_ephemeral_disk): 200 POST http://10.180.1.21/compute/v2.1/flavors/1401376678/os-extra_specs 0.367s
2024-10-18 09:00:05.682 62701 INFO tempest.lib.common.rest_client [req-c19e994d-a82e-479b-a825-ecc515cbbf8e req-c19e994d-a82e-479b-a825-ecc515cbbf8e ] Request (QuotasAdminTestJSON:test_get_updated_quotas): 200 GET http://10.180.1.21/identity/v3/domains?name=Default 0.226s
2024-10-18 09:00:05.686 62709 INFO tempest.lib.common.rest_client [req-a0110966-3909-4714-89cc-592d755d6fef req-a0110966-3909-4714-89cc-592d755d6fef ] Request (ServersTestMultiNic:setUpClass): 200 GET http://10.180.1.21/identity/v3/domains?name=Default 0.171s
2024-10-18 09:00:05.705 62707 INFO tempest.lib.common.rest_client [req-41067ea0-1887-42d6-a272-05a4e129d5f2 req-41067ea0-1887-42d6-a272-05a4e129d5f2 ] Request (HypervisorAdminV253TestBase:setUpClass): 200 GET http://10.180.1.21/identity/v3/roles 0.186s
2024-10-18 09:00:05.728 62757 INFO tempest.lib.common.rest_client [req-a72c322b-f069-4be4-a234-c9c60210272e req-a72c322b-f069-4be4-a234-c9c60210272e ] Request (MigrationsAdminTest:setUpClass): 201 POST http://10.180.1.21/identity/v3/users 0.112s
2024-10-18 09:00:05.735 62751 INFO tempest.lib.common.rest_client [req-02a1faae-24ca-41dc-9ac4-607dc6197127 req-02a1faae-24ca-41dc-9ac4-607dc6197127 ] Request (ImagesOneServerTestJSON:setUpClass): 200 GET http://10.180.1.21/compute/v2.1/servers/7da5a822-6681-4dc6-b637-926ce425a042 0.446s
2024-10-18 09:00:05.761 62723 INFO tempest.lib.common.rest_client [req-4d696370-1ad0-49de-9e91-e7b99b78ea19 req-4d696370-1ad0-49de-9e91-e7b99b78ea19 ] Request (HostsAdminTestJSON:test_list_hosts_with_zone): 200 GET http://10.180.1.21/compute/v2.1/os-hosts?zone=internal 0.465s
2024-10-18 09:00:05.762 62747 INFO tempest.lib.common.rest_client [req-c9b8093e-4426-4e43-9b26-36531a4a5c12 req-c9b8093e-4426-4e43-9b26-36531a4a5c12 ] Request (FlavorsV255TestJSON:tearDownClass): 204 DELETE http://10.180.1.21/identity/v3/users/48a7d0000b7b42c49781f450223fa621 0.242s
2024-10-18 09:00:05.827 62745 INFO tempest.lib.common.rest_client [req-c43ed8ea-0a2b-47ad-86e9-6b51600e3d3f req-c43ed8ea-0a2b-47ad-86e9-6b51600e3d3f ] Request (FlavorsV261TestJSON:tearDownClass): 204 DELETE http://10.180.1.21/identity/v3/users/2af9bd2b64f142ce82ad658c963761e4 0.184s
2024-10-18 09:00:05.834 62755 INFO tempest.lib.common.rest_client [req-3425d8ab-2146-439b-b1c8-2e7c7bcee732 req-3425d8ab-2146-439b-b1c8-2e7c7bcee732 ] Request (ServerActionsV293TestJSON:setUpClass): 201 POST http://10.180.1.21:9696/networking/v2.0/routers 1.862s
2024-10-18 09:00:05.839 62753 INFO tempest.lib.common.rest_client [req-aed6c2b0-81cc-42e0-81eb-62f1f3d306f6 req-aed6c2b0-81cc-42e0-81eb-62f1f3d306f6 ] Request (HypervisorAdminTestJSON:tearDownClass): 200 GET http://10.180.1.21:9696/networking/v2.0/security-groups?tenant_id=ce24d50229bd404fa8d4cf0d20b71e08&name=default 0.367s
2024-10-18 09:00:05.867 62709 INFO tempest.lib.common.rest_client [req-d1c8b2dc-2fc6-43b1-b57e-a37530001e14 req-d1c8b2dc-2fc6-43b1-b57e-a37530001e14 ] Request (ServersTestMultiNic:setUpClass): 201 POST http://10.180.1.21/identity/v3/projects 0.180s
2024-10-18 09:00:05.909 62707 INFO tempest.lib.common.rest_client [req-13a85ba7-aa5b-4027-aa7b-9fb8eb3a4d34 req-13a85ba7-aa5b-4027-aa7b-9fb8eb3a4d34 ] Request (HypervisorAdminV253TestBase:setUpClass): 204 PUT http://10.180.1.21/identity/v3/projects/02328193246249bc89abf7a5d05d9579/users/78fe650b71904b4bb8f56a202199d328/roles/a7f48d5068ff4f98aa5b28cd0bc90952 0.203s
2024-10-18 09:00:05.910 62707 INFO tempest.lib.common.dynamic_creds [-] Dynamic test user 78fe650b71904b4bb8f56a202199d328 is created with scope project and roles: ['admin']
2024-10-18 09:00:05.910 62707 INFO tempest.lib.common.dynamic_creds [-] Acquired dynamic creds: credentials: Credentials: {'domain_id': 'default', 'domain_name': 'Default', 'username': 'tempest-HypervisorAdminV253TestBase-1521533614-project-admin', 'project_domain_id': 'default', 'project_domain_name': 'Default', 'project_id': '02328193246249bc89abf7a5d05d9579', 'project_name': 'tempest-HypervisorAdminV253TestBase-1521533614', 'tenant_id': '02328193246249bc89abf7a5d05d9579', 'tenant_name': 'tempest-HypervisorAdminV253TestBase-1521533614', 'user_domain_id': 'default', 'user_domain_name': 'Default', 'user_id': '78fe650b71904b4bb8f56a202199d328', 'system': None}, Network: None, Subnet: None, Router: None
2024-10-18 09:00:05.910 62707 INFO tempest.lib.common.dynamic_creds [-] Created isolated network resources for: credentials: Credentials: {'domain_id': 'default', 'domain_name': 'Default', 'username': 'tempest-HypervisorAdminV253TestBase-1521533614-project-admin', 'project_domain_id': 'default', 'project_domain_name': 'Default', 'project_id': '02328193246249bc89abf7a5d05d9579', 'project_name': 'tempest-HypervisorAdminV253TestBase-1521533614', 'tenant_id': '02328193246249bc89abf7a5d05d9579', 'tenant_name': 'tempest-HypervisorAdminV253TestBase-1521533614', 'user_domain_id': 'default', 'user_domain_name': 'Default', 'user_id': '78fe650b71904b4bb8f56a202199d328', 'system': None}, Network: None, Subnet: None, Router: None
2024-10-18 09:00:05.939 62739 INFO tempest.lib.common.rest_client [req-9a57cfb2-eac9-4972-a8e8-1facb88bb5c5 req-9a57cfb2-eac9-4972-a8e8-1facb88bb5c5 ] Request (HypervisorAdminNegativeUnderV252Test:tearDownClass): 200 GET http://10.180.1.21:9696/networking/v2.0/security-groups?tenant_id=56b8140201ac45a09651a0dcf68466df&name=default 0.535s
2024-10-18 09:00:05.953 62757 INFO tempest.lib.common.rest_client [req-1f5a730d-d447-4500-a1cb-32fc90f19668 req-1f5a730d-d447-4500-a1cb-32fc90f19668 ] Request (MigrationsAdminTest:setUpClass): 200 GET http://10.180.1.21/identity/v3/roles 0.225s
2024-10-18 09:00:06.029 62747 INFO tempest.lib.common.rest_client [req-1e1d4fed-88ad-4427-9cf3-90fd2d82e1be req-1e1d4fed-88ad-4427-9cf3-90fd2d82e1be ] Request (FlavorsV255TestJSON:tearDownClass): 204 DELETE http://10.180.1.21/identity/v3/users/d7495ae97d3d4411b38e5f800fa14c3f 0.267s
2024-10-18 09:00:06.029 62747 INFO tempest.lib.common.dynamic_creds [-] Deleting project and security group for project: a0b24271fd614c4fabd137265a907fe4
2024-10-18 09:00:06.088 62741 INFO tempest.lib.common.rest_client [req-684a2d3d-d3ba-4e57-8842-cac5aa5879d4 req-684a2d3d-d3ba-4e57-8842-cac5aa5879d4 ] Request (AggregatesAdminNegativeTestJSON:test_aggregate_add_host_as_user): 403 POST http://10.180.1.21/compute/v2.1/os-aggregates/2/action 0.789s
2024-10-18 09:00:06.103 62753 INFO tempest.lib.common.rest_client [req-b324e92b-b8a5-4f2e-9c17-ea90e9b9bbf8 req-b324e92b-b8a5-4f2e-9c17-ea90e9b9bbf8 ] Request (HypervisorAdminTestJSON:tearDownClass): 204 DELETE http://10.180.1.21:9696/networking/v2.0/security-groups/1d1f125a-04ae-47b3-b192-084b6b324497 0.264s
2024-10-18 09:00:06.132 62709 INFO tempest.lib.common.rest_client [req-8d6f31a7-d5ac-4524-9272-3a0f6dc34654 req-8d6f31a7-d5ac-4524-9272-3a0f6dc34654 ] Request (ServersTestMultiNic:setUpClass): 201 POST http://10.180.1.21/identity/v3/users 0.264s
2024-10-18 09:00:06.174 62745 INFO tempest.lib.common.rest_client [req-4da87890-2857-401e-a70a-06d8d0d091f2 req-4da87890-2857-401e-a70a-06d8d0d091f2 ] Request (FlavorsV261TestJSON:tearDownClass): 204 DELETE http://10.180.1.21/identity/v3/users/ffccd247e51d490a821b23381d520b88 0.346s
2024-10-18 09:00:06.175 62745 INFO tempest.lib.common.dynamic_creds [-] Deleting project and security group for project: c61294c25470427c8ec09746b8851298
2024-10-18 09:00:06.212 62707 INFO tempest.lib.common.rest_client [req-53cf7f7d-571e-4110-9506-e53f1bed85e5 req-53cf7f7d-571e-4110-9506-e53f1bed85e5 ] Request (HypervisorAdminV253TestBase:setUpClass): 201 POST http://10.180.1.21/identity/v3/auth/tokens 0.297s
2024-10-18 09:00:06.238 62725 INFO tempest.lib.common.rest_client [req-7a97ee99-c6b6-41c0-9b79-6ec36a3be0c1 req-7a97ee99-c6b6-41c0-9b79-6ec36a3be0c1 ] Request (FloatingIPDetailsTestJSON:tearDownClass): 202 DELETE http://10.180.1.21/compute/v2.1/os-floating-ips/f73f8500-fcb4-4c8a-945f-dbc4b37ccec1 1.098s
2024-10-18 09:00:06.245 62757 INFO tempest.lib.common.rest_client [req-cca9ca4e-c178-46fe-aef0-47a683c0aee7 req-cca9ca4e-c178-46fe-aef0-47a683c0aee7 ] Request (MigrationsAdminTest:setUpClass): 204 PUT http://10.180.1.21/identity/v3/projects/91a65d30ffe14c9f8c5d869164ce7b86/users/5d0676367f10488e9aa21fa9f64bbb2f/roles/b989ffef3a154cda9b1ea3de159ceffd 0.291s
2024-10-18 09:00:06.245 62747 INFO tempest.lib.common.rest_client [req-35ffaddb-a74f-495d-9ea8-fbccabdc926e req-35ffaddb-a74f-495d-9ea8-fbccabdc926e ] Request (FlavorsV255TestJSON:tearDownClass): 201 POST http://10.180.1.21/identity/v3/auth/tokens 0.215s
2024-10-18 09:00:06.245 62757 INFO tempest.lib.common.dynamic_creds [-] Dynamic test user 5d0676367f10488e9aa21fa9f64bbb2f is created with scope project and roles: ['member']
2024-10-18 09:00:06.245 62757 INFO tempest.lib.common.dynamic_creds [-] Acquired dynamic creds: credentials: Credentials: {'domain_id': 'default', 'domain_name': 'Default', 'username': 'tempest-MigrationsAdminTest-857886804-project-member', 'project_domain_id': 'default', 'project_domain_name': 'Default', 'project_id': '91a65d30ffe14c9f8c5d869164ce7b86', 'project_name': 'tempest-MigrationsAdminTest-857886804', 'tenant_id': '91a65d30ffe14c9f8c5d869164ce7b86', 'tenant_name': 'tempest-MigrationsAdminTest-857886804', 'user_domain_id': 'default', 'user_domain_name': 'Default', 'user_id': '5d0676367f10488e9aa21fa9f64bbb2f', 'system': None}, Network: None, Subnet: None, Router: None
2024-10-18 09:00:06.245 62757 INFO tempest.lib.common.dynamic_creds [-] Created isolated network resources for: credentials: Credentials: {'domain_id': 'default', 'domain_name': 'Default', 'username': 'tempest-MigrationsAdminTest-857886804-project-member', 'project_domain_id': 'default', 'project_domain_name': 'Default', 'project_id': '91a65d30ffe14c9f8c5d869164ce7b86', 'project_name': 'tempest-MigrationsAdminTest-857886804', 'tenant_id': '91a65d30ffe14c9f8c5d869164ce7b86', 'tenant_name': 'tempest-MigrationsAdminTest-857886804', 'user_domain_id': 'default', 'user_domain_name': 'Default', 'user_id': '5d0676367f10488e9aa21fa9f64bbb2f', 'system': None}, Network: None, Subnet: None, Router: None
2024-10-18 09:00:06.257 62739 INFO tempest.lib.common.rest_client [req-de4803f8-7f02-4975-961f-1975fb1ee6a3 req-de4803f8-7f02-4975-961f-1975fb1ee6a3 ] Request (HypervisorAdminNegativeUnderV252Test:tearDownClass): 204 DELETE http://10.180.1.21:9696/networking/v2.0/security-groups/dc24c533-b649-48d0-ac0d-2b6bc375ee0f 0.317s
2024-10-18 09:00:06.308 62709 INFO tempest.lib.common.rest_client [req-3f1f111b-880d-4853-86a1-5f2d69801d17 req-3f1f111b-880d-4853-86a1-5f2d69801d17 ] Request (ServersTestMultiNic:setUpClass): 200 GET http://10.180.1.21/identity/v3/roles 0.176s
2024-10-18 09:00:06.314 62717 INFO tempest.lib.common.rest_client [req-2f76697b-362b-4e29-9d75-fc1d2010581f req-2f76697b-362b-4e29-9d75-fc1d2010581f ] Request (SecurityGroupsTestJSON:test_list_security_groups_by_server): 200 GET http://10.180.1.21/compute/v2.1/servers/2ad87bc0-a6c1-4a63-bb56-8cea825ffc4f 0.879s
2024-10-18 09:00:06.330 62735 INFO tempest.lib.common.rest_client [req-e5647be4-b436-4fcd-a2b8-137d0c94cc1c req-e5647be4-b436-4fcd-a2b8-137d0c94cc1c ] Request (FlavorsAdminTestJSON:test_create_flavor_with_int_id): 200 POST http://10.180.1.21/compute/v2.1/flavors 0.877s
2024-10-18 09:00:06.345 62721 INFO tempest.lib.common.rest_client [req-38f55dfe-3539-42d0-9786-ecc2aa6fa713 req-38f55dfe-3539-42d0-9786-ecc2aa6fa713 ] Request (FlavorsAccessTestJSON:test_flavor_access_list_with_private_flavor): 200 POST http://10.180.1.21/compute/v2.1/flavors 0.885s
2024-10-18 09:00:06.346 62753 INFO tempest.lib.common.rest_client [req-40f09d3b-be97-4620-a72c-ea982188f2fb req-40f09d3b-be97-4620-a72c-ea982188f2fb ] Request (HypervisorAdminTestJSON:tearDownClass): 204 DELETE http://10.180.1.21/identity/v3/projects/ce24d50229bd404fa8d4cf0d20b71e08 0.242s
2024-10-18 09:00:06.348 62753 INFO tempest.test [-] raised in UnshelveToHostMultiNodesTest.setUpClass. Invoking tearDownClass.
2024-10-18 09:00:06.365 62745 INFO tempest.lib.common.rest_client [req-f321c0f3-96b0-4bc8-b1bb-431e0befae04 req-f321c0f3-96b0-4bc8-b1bb-431e0befae04 ] Request (FlavorsV261TestJSON:tearDownClass): 201 POST http://10.180.1.21/identity/v3/auth/tokens 0.190s
2024-10-18 09:00:06.369 62727 INFO tempest.lib.common.rest_client [req-ad970ac0-a94a-406c-8fea-d94bdc5d043b req-ad970ac0-a94a-406c-8fea-d94bdc5d043b ] Request (KeyPairsV210TestJSON:_run_cleanups): 204 DELETE http://10.180.1.21/compute/v2.1/os-keypairs/tempest-keypair-1757610785?user_id=3edbedf7adf348feb1bb780de9b4a34c 0.897s
2024-10-18 09:00:06.379 62697 INFO tempest.lib.common.rest_client [req-f3e85855-d8e4-433c-ad9a-3784f3e1a484 req-f3e85855-d8e4-433c-ad9a-3784f3e1a484 ] Request (FlavorsExtraSpecsNegativeTestJSON:test_flavor_unset_nonexistent_key): 404 DELETE http://10.180.1.21/compute/v2.1/flavors/1739954287/os-extra_specs/hw:cpu_thread_policy 0.871s
2024-10-18 09:00:06.403 62713 INFO tempest.lib.common.rest_client [req-3c217e5d-c042-47aa-9ce5-a60cd649f27a req-3c217e5d-c042-47aa-9ce5-a60cd649f27a ] Request (FlavorsAccessNegativeTestJSON:test_flavor_access_list_with_public_flavor): 200 POST http://10.180.1.21/compute/v2.1/flavors 0.878s
2024-10-18 09:00:06.438 62750 INFO tempest.lib.common.rest_client [req-45ab844b-77f2-4668-a0c8-4cb4d7f123f4 req-45ab844b-77f2-4668-a0c8-4cb4d7f123f4 ] Request (FlavorsExtraSpecsTestJSON:test_flavor_set_get_update_show_unset_keys): 200 PUT http://10.180.1.21/compute/v2.1/flavors/275177923/os-extra_specs/hw:numa_nodes 0.911s
2024-10-18 09:00:06.439 62757 INFO tempest.lib.common.rest_client [req-33d03998-67cc-4aba-af8b-19d2badbb1f0 req-33d03998-67cc-4aba-af8b-19d2badbb1f0 ] Request (MigrationsAdminTest:setUpClass): 201 POST http://10.180.1.21/identity/v3/auth/tokens 0.188s
2024-10-18 09:00:06.444 62699 INFO tempest.lib.common.rest_client [req-81613b76-7572-409a-ab63-011931026b79 req-81613b76-7572-409a-ab63-011931026b79 ] Request (HypervisorAdminNegativeTestJSON:test_show_hypervisor_with_non_admin_user): 403 GET http://10.180.1.21/compute/v2.1/os-hypervisors/1 0.882s
2024-10-18 09:00:06.451 62703 INFO tempest.lib.common.rest_client [req-067d9f4a-7b80-45f5-b91f-048dc8505f6e req-067d9f4a-7b80-45f5-b91f-048dc8505f6e ] Request (QuotasAdminNegativeTest:test_create_server_when_instances_quota_is_full): 403 POST http://10.180.1.21/compute/v2.1/servers 1.057s
2024-10-18 09:00:06.461 62739 INFO tempest.lib.common.rest_client [req-335d550e-2b3f-4af4-93e4-f7b6fe0f43ba req-335d550e-2b3f-4af4-93e4-f7b6fe0f43ba ] Request (HypervisorAdminNegativeUnderV252Test:tearDownClass): 204 DELETE http://10.180.1.21/identity/v3/projects/56b8140201ac45a09651a0dcf68466df 0.203s
2024-10-18 09:00:06.462 62739 INFO tempest.lib.common.dynamic_creds [-] Deleting project and security group for project: a80ec8656b7941649968fff006a11ffb
2024-10-18 09:00:06.470 62729 INFO tempest.lib.common.rest_client [req-f92b3e2b-2e64-4e1c-9c31-ac2ca8e0c8df req-f92b3e2b-2e64-4e1c-9c31-ac2ca8e0c8df ] Request (ServicesAdminNegativeV253TestJSON:test_get_service_with_valid_service_and_invalid_host): 200 GET http://10.180.1.21/compute/v2.1/os-services 0.868s
2024-10-18 09:00:06.506 62709 INFO tempest.lib.common.rest_client [req-9b2091a1-06c8-4075-b74d-ad641a0770d8 req-9b2091a1-06c8-4075-b74d-ad641a0770d8 ] Request (ServersTestMultiNic:setUpClass): 204 PUT http://10.180.1.21/identity/v3/projects/19e53e9f113e4465924f75c1f9a39008/users/7684644b29ad4d709309cadf8c154449/roles/b989ffef3a154cda9b1ea3de159ceffd 0.196s
2024-10-18 09:00:06.507 62709 INFO tempest.lib.common.dynamic_creds [-] Dynamic test user 7684644b29ad4d709309cadf8c154449 is created with scope project and roles: ['member']
2024-10-18 09:00:06.507 62709 INFO tempest.lib.common.dynamic_creds [-] Acquired dynamic creds: credentials: Credentials: {'domain_id': 'default', 'domain_name': 'Default', 'username': 'tempest-ServersTestMultiNic-798367234-project-member', 'project_domain_id': 'default', 'project_domain_name': 'Default', 'project_id': '19e53e9f113e4465924f75c1f9a39008', 'project_name': 'tempest-ServersTestMultiNic-798367234', 'tenant_id': '19e53e9f113e4465924f75c1f9a39008', 'tenant_name': 'tempest-ServersTestMultiNic-798367234', 'user_domain_id': 'default', 'user_domain_name': 'Default', 'user_id': '7684644b29ad4d709309cadf8c154449', 'system': None}, Network: None, Subnet: None, Router: None
2024-10-18 09:00:06.516 62737 INFO tempest.lib.common.rest_client [req-8c80b9fe-d777-4ecc-8f86-28ab46818874 req-8c80b9fe-d777-4ecc-8f86-28ab46818874 ] Request (ImagesTestJSON:test_create_image_from_stopped_server): 200 GET http://10.180.1.21/compute/v2.1/servers/073b92a2-8db9-4337-af2e-5e85c78d4b93 0.897s
2024-10-18 09:00:06.531 62715 INFO tempest.lib.common.rest_client [req-de03ce4a-8d21-459b-b94c-bdde6d9ec1c4 req-de03ce4a-8d21-459b-b94c-bdde6d9ec1c4 ] Request (ServersAdmin275Test:test_rebuild_update_server_275): 200 GET http://10.180.1.21/compute/v2.1/servers/44a2ac83-3fff-4958-a1d3-b3884b42c211 0.945s
2024-10-18 09:00:06.533 62753 INFO tempest.lib.common.rest_client [req-81a8682c-21fd-4e3d-be41-19a699ebce74 req-81a8682c-21fd-4e3d-be41-19a699ebce74 ] Request (ServerAddressesTestJSON:setUpClass): 201 POST http://10.180.1.21/identity/v3/auth/tokens 0.179s
2024-10-18 09:00:06.547 62711 INFO tempest.lib.common.rest_client [req-4e4db0f2-92c5-4d98-af12-3f1b37a7e7b1 req-4e4db0f2-92c5-4d98-af12-3f1b37a7e7b1 ] Request (ValidationResourcesFixture:setUp): 200 POST http://10.180.1.21/compute/v2.1/os-keypairs 0.908s
2024-10-18 09:00:06.569 62723 INFO tempest.lib.common.rest_client [req-fd1a4e3d-acff-4af9-83f5-f90291ad9714 req-fd1a4e3d-acff-4af9-83f5-f90291ad9714 ] Request (HostsAdminTestJSON:test_show_host_detail): 200 GET http://10.180.1.21/compute/v2.1/os-hosts 0.805s
2024-10-18 09:00:06.589 62741 INFO tempest.lib.common.rest_client [req-f4786775-bde8-4be7-a7c3-660394e44c72 req-f4786775-bde8-4be7-a7c3-660394e44c72 ] Request (AggregatesAdminNegativeTestJSON:_run_cleanups): 200 DELETE http://10.180.1.21/compute/v2.1/os-aggregates/2 0.500s
2024-10-18 09:00:06.591 62757 INFO tempest.lib.common.rest_client [req-2f27f5c1-8f4e-491b-9a4a-2d332b8aa25e req-2f27f5c1-8f4e-491b-9a4a-2d332b8aa25e ] Request (MigrationsAdminTest:setUpClass): 201 POST http://10.180.1.21/identity/v3/projects 0.151s
2024-10-18 09:00:06.622 62732 INFO tempest.lib.common.rest_client [req-e2f90af2-263e-4e32-b208-c808fbb44b2e req-e2f90af2-263e-4e32-b208-c808fbb44b2e ] Request (VolumesAssistedSnapshotsTest:test_volume_assisted_snapshot_create_delete): 200 GET http://10.180.1.21/volume/v3/volumes/58459134-8d63-43bd-9695-11e4c549ab36 0.045s
2024-10-18 09:00:06.632 62732 INFO tempest.common.waiters [-] volume 58459134-8d63-43bd-9695-11e4c549ab36 reached available after waiting for 1.632254 seconds
2024-10-18 09:00:06.652 62709 INFO tempest.lib.common.rest_client [req-25854f33-558f-45b8-9228-fd78f3ab0dcf req-25854f33-558f-45b8-9228-fd78f3ab0dcf ] Request (ServersTestMultiNic:setUpClass): 201 POST http://10.180.1.21/identity/v3/auth/tokens 0.145s
2024-10-18 09:00:06.671 62711 INFO tempest.lib.common.rest_client [req-d0c18723-1279-41ec-ae77-ca1df77847a1 req-d0c18723-1279-41ec-ae77-ca1df77847a1 ] Request (ValidationResourcesFixture:setUp): 201 POST http://10.180.1.21:9696/networking/v2.0/security-groups 0.122s
2024-10-18 09:00:06.679 62727 INFO tempest.lib.common.rest_client [req-b2320f44-6a5e-417d-bc93-460dc4ead48e req-b2320f44-6a5e-417d-bc93-460dc4ead48e ] Request (KeyPairsV210TestJSON:tearDownClass): 204 DELETE http://10.180.1.21/identity/v3/users/3edbedf7adf348feb1bb780de9b4a34c 0.237s
2024-10-18 09:00:06.716 62753 INFO tempest.lib.common.rest_client [req-ef60c13f-19fb-4a2d-87d2-ba55122575ba req-ef60c13f-19fb-4a2d-87d2-ba55122575ba ] Request (ServerAddressesTestJSON:setUpClass): 201 POST http://10.180.1.21/identity/v3/auth/tokens 0.179s
2024-10-18 09:00:06.741 62757 INFO tempest.lib.common.rest_client [req-7748bb59-2bc7-4538-8702-9efbc72d0c79 req-7748bb59-2bc7-4538-8702-9efbc72d0c79 ] Request (MigrationsAdminTest:setUpClass): 201 POST http://10.180.1.21/identity/v3/users 0.149s
2024-10-18 09:00:06.762 62711 INFO tempest.lib.common.rest_client [req-8e4651d5-db3a-49aa-bc98-089c41e18ea5 req-8e4651d5-db3a-49aa-bc98-089c41e18ea5 ] Request (ValidationResourcesFixture:setUp): 201 POST http://10.180.1.21:9696/networking/v2.0/security-group-rules 0.091s
2024-10-18 09:00:06.853 62711 INFO tempest.lib.common.rest_client [req-d45f06b4-c161-4a5e-a810-c699859a646a req-d45f06b4-c161-4a5e-a810-c699859a646a ] Request (ValidationResourcesFixture:setUp): 201 POST http://10.180.1.21:9696/networking/v2.0/security-group-rules 0.090s
2024-10-18 09:00:06.890 62707 INFO tempest.lib.common.rest_client [req-5ae46f36-255c-4745-8518-eada7c290d7f req-5ae46f36-255c-4745-8518-eada7c290d7f ] Request (HypervisorAdminV253TestBase:test_list_show_detail_hypervisors): 200 GET http://10.180.1.21/compute/v2.1/os-hypervisors/detail?with_servers=True 0.677s
2024-10-18 09:00:06.916 62727 INFO tempest.lib.common.rest_client [req-3d696894-7d5f-408a-a5db-417256e555e3 req-3d696894-7d5f-408a-a5db-417256e555e3 ] Request (KeyPairsV210TestJSON:tearDownClass): 204 DELETE http://10.180.1.21/identity/v3/users/19ebe219949746cf8d55a87da3988273 0.236s
2024-10-18 09:00:06.916 62727 INFO tempest.lib.common.dynamic_creds [-] Deleting project and security group for project: 99639c21211c4bd2b39feb4ccc332ef6
2024-10-18 09:00:06.946 62747 INFO tempest.lib.common.rest_client [req-bec399ab-8b76-4f24-9fcb-ace33a51b6fb req-bec399ab-8b76-4f24-9fcb-ace33a51b6fb ] Request (FlavorsV255TestJSON:tearDownClass): 200 GET http://10.180.1.21:9696/networking/v2.0/security-groups?tenant_id=a0b24271fd614c4fabd137265a907fe4&name=default 0.701s
2024-10-18 09:00:06.975 62739 INFO tempest.lib.common.rest_client [req-af6174fa-9876-46bf-956d-c8907610c66b req-af6174fa-9876-46bf-956d-c8907610c66b ] Request (HypervisorAdminNegativeUnderV252Test:tearDownClass): 200 GET http://10.180.1.21:9696/networking/v2.0/security-groups?tenant_id=a80ec8656b7941649968fff006a11ffb&name=default 0.513s
