2024-10-18 08:59:57.102 62755 INFO tempest.lib.common.rest_client [req-aa501d54-1a84-4871-a1c5-79a0046f1652 req-aa501d54-1a84-4871-a1c5-79a0046f1652 ] Request (MultipleCreateNegativeTestJSON:test_min_count_less_than_one): 201 POST http://10.180.1.21/identity/v3/auth/tokens 0.222s
2024-10-18 08:59:57.103 62755 INFO tempest.lib.common.fixed_network [-] (MultipleCreateNegativeTestJSON:test_min_count_less_than_one) Found network None available for tenant
2024-10-18 08:59:57.125 62709 INFO tempest.lib.common.rest_client [req-aa315649-6b61-479d-9c70-0c81ccb4f463 req-aa315649-6b61-479d-9c70-0c81ccb4f463 ] Request (TenantUsagesNegativeTestJSON:setUpClass): 201 POST http://10.180.1.21/identity/v3/auth/tokens 0.226s
2024-10-18 08:59:57.143 62713 INFO tempest.lib.common.rest_client [req-bb45fa4d-46af-4f9b-9ef1-e0a4292762fe req-bb45fa4d-46af-4f9b-9ef1-e0a4292762fe ] Request (FlavorsAccessNegativeTestJSON:setUpClass): 200 GET http://10.180.1.21/identity/v3/roles 0.241s
2024-10-18 08:59:57.152 62737 INFO tempest.lib.common.rest_client [req-2390e2d0-20bd-403d-8f73-6f1b3b3ba61c req-2390e2d0-20bd-403d-8f73-6f1b3b3ba61c ] Request (ImagesTestJSON:setUpClass): 201 POST http://10.180.1.21/identity/v3/auth/tokens 0.227s
2024-10-18 08:59:57.162 62739 INFO tempest.lib.common.rest_client [req-8890d8df-5a3d-4d06-8d71-469b66a85c58 req-8890d8df-5a3d-4d06-8d71-469b66a85c58 ] Request (HypervisorAdminNegativeUnderV252Test:test_search_hypervisor_with_non_admin_user): 200 GET http://10.180.1.21/compute/v2.1/os-hypervisors 1.784s
2024-10-18 08:59:57.163 62732 INFO tempest.lib.common.rest_client [req-a0347faf-05c1-4ba2-bf88-f22abd82c3df req-a0347faf-05c1-4ba2-bf88-f22abd82c3df ] Request (VolumesAssistedSnapshotsTest:setUpClass): 200 GET http://10.180.1.21/identity/v3/roles 0.115s
2024-10-18 08:59:57.176 62705 INFO tempest.lib.common.rest_client [req-1b7c20cd-927a-417e-97d4-09fdd3650b2a req-1b7c20cd-927a-417e-97d4-09fdd3650b2a ] Request (QuotasAdminTestV236:setUpClass): 200 GET http://10.180.1.21/identity/v3/roles 0.120s
2024-10-18 08:59:57.180 62733 INFO tempest.lib.common.rest_client [req-92c2ac49-e585-43ed-ad45-d58b9f09fa71 req-92c2ac49-e585-43ed-ad45-d58b9f09fa71 ] Request (ImagesDeleteNegativeTestJSON:test_delete_image_with_id_over_character_limit): 404 DELETE http://10.180.1.21/compute/v2.1/images/c575c9db-7177-4574-aece-d914169f99581 1.764s
2024-10-18 08:59:57.182 62717 INFO tempest.lib.common.rest_client [req-4313684a-a3e9-42c0-8f7d-778ddfbbc133 req-4313684a-a3e9-42c0-8f7d-778ddfbbc133 ] Request (SecurityGroupsTestJSON:test_list_security_groups_by_server): 200 POST http://10.180.1.21/compute/v2.1/os-security-groups 1.794s
2024-10-18 08:59:57.201 62707 INFO tempest.lib.common.rest_client [req-34725f6e-f9f0-4d5f-b394-1ce98d815999 req-34725f6e-f9f0-4d5f-b394-1ce98d815999 ] Request (AZAdminNegativeTestJSON:tearDownClass): 204 DELETE http://10.180.1.21/identity/v3/users/ed458dbed1994a1aa4410bd9d4bc530b 0.208s
2024-10-18 08:59:57.202 62707 INFO tempest.lib.common.dynamic_creds [-] Deleting project and security group for project: 27e501456c2f45e9976c022d3f7ab084
2024-10-18 08:59:57.235 62711 INFO tempest.lib.common.rest_client [req-5763e588-26ed-43db-afa5-47b51afdc7e1 req-5763e588-26ed-43db-afa5-47b51afdc7e1 ] Request (ServersWithSpecificFlavorTestJSON:setUpClass): 201 POST http://10.180.1.21/identity/v3/auth/tokens 0.149s
2024-10-18 08:59:57.246 62709 INFO tempest.lib.common.rest_client [req-53d42f14-ed0c-4228-b840-d5bffca8f6f7 req-53d42f14-ed0c-4228-b840-d5bffca8f6f7 ] Request (TenantUsagesNegativeTestJSON:setUpClass): 200 GET http://10.180.1.21/identity/v3/domains?name=Default 0.120s
2024-10-18 08:59:57.265 62737 INFO tempest.lib.common.rest_client [req-998b3758-cc50-47ef-804d-c74d096cd8e8 req-998b3758-cc50-47ef-804d-c74d096cd8e8 ] Request (ImagesTestJSON:setUpClass): 200 GET http://10.180.1.21/identity/v3/domains?name=Default 0.112s
2024-10-18 08:59:57.287 62713 INFO tempest.lib.common.rest_client [req-8b63d30a-d535-44a8-83dc-20e387299f15 req-8b63d30a-d535-44a8-83dc-20e387299f15 ] Request (FlavorsAccessNegativeTestJSON:setUpClass): 204 PUT http://10.180.1.21/identity/v3/projects/73cf3b44aaa745bab984f334ef236ca8/users/42aaab5f8c6a4f5383a5dae42abd4f3a/roles/b989ffef3a154cda9b1ea3de159ceffd 0.144s
2024-10-18 08:59:57.288 62713 INFO tempest.lib.common.dynamic_creds [-] Dynamic test user 42aaab5f8c6a4f5383a5dae42abd4f3a is created with scope project and roles: ['member']
2024-10-18 08:59:57.288 62732 INFO tempest.lib.common.rest_client [req-5fe82957-eb19-4512-a7fe-864caca98635 req-5fe82957-eb19-4512-a7fe-864caca98635 ] Request (VolumesAssistedSnapshotsTest:setUpClass): 204 PUT http://10.180.1.21/identity/v3/projects/27d0a819f8374f858cdfb4e7a133f395/users/a7c73e07fcfe4445be484efbcb0aa54b/roles/a7f48d5068ff4f98aa5b28cd0bc90952 0.124s
2024-10-18 08:59:57.288 62713 INFO tempest.lib.common.dynamic_creds [-] Acquired dynamic creds: credentials: Credentials: {'domain_id': 'default', 'domain_name': 'Default', 'username': 'tempest-FlavorsAccessNegativeTestJSON-1150661741-project-member', 'project_domain_id': 'default', 'project_domain_name': 'Default', 'project_id': '73cf3b44aaa745bab984f334ef236ca8', 'project_name': 'tempest-FlavorsAccessNegativeTestJSON-1150661741', 'tenant_id': '73cf3b44aaa745bab984f334ef236ca8', 'tenant_name': 'tempest-FlavorsAccessNegativeTestJSON-1150661741', 'user_domain_id': 'default', 'user_domain_name': 'Default', 'user_id': '42aaab5f8c6a4f5383a5dae42abd4f3a', 'system': None}, Network: None, Subnet: None, Router: None
2024-10-18 08:59:57.288 62713 INFO tempest.lib.common.dynamic_creds [-] Created isolated network resources for: credentials: Credentials: {'domain_id': 'default', 'domain_name': 'Default', 'username': 'tempest-FlavorsAccessNegativeTestJSON-1150661741-project-member', 'project_domain_id': 'default', 'project_domain_name': 'Default', 'project_id': '73cf3b44aaa745bab984f334ef236ca8', 'project_name': 'tempest-FlavorsAccessNegativeTestJSON-1150661741', 'tenant_id': '73cf3b44aaa745bab984f334ef236ca8', 'tenant_name': 'tempest-FlavorsAccessNegativeTestJSON-1150661741', 'user_domain_id': 'default', 'user_domain_name': 'Default', 'user_id': '42aaab5f8c6a4f5383a5dae42abd4f3a', 'system': None}, Network: None, Subnet: None, Router: None
2024-10-18 08:59:57.379 62705 INFO tempest.lib.common.rest_client [req-7122344c-8a1e-4197-88e3-41132c5f42c4 req-7122344c-8a1e-4197-88e3-41132c5f42c4 ] Request (QuotasAdminTestV236:setUpClass): 204 PUT http://10.180.1.21/identity/v3/projects/76fefb8424924e019e94a334a703f611/users/e5a69a552ea04f22aff84d88c29a3492/roles/b989ffef3a154cda9b1ea3de159ceffd 0.203s
2024-10-18 08:59:57.379 62705 INFO tempest.lib.common.dynamic_creds [-] Dynamic test user e5a69a552ea04f22aff84d88c29a3492 is created with scope project and roles: ['member']
2024-10-18 08:59:57.380 62705 INFO tempest.lib.common.dynamic_creds [-] Acquired dynamic creds: credentials: Credentials: {'domain_id': 'default', 'domain_name': 'Default', 'username': 'tempest-QuotasAdminTestV236-1089893011-project-member', 'project_domain_id': 'default', 'project_domain_name': 'Default', 'project_id': '76fefb8424924e019e94a334a703f611', 'project_name': 'tempest-QuotasAdminTestV236-1089893011', 'tenant_id': '76fefb8424924e019e94a334a703f611', 'tenant_name': 'tempest-QuotasAdminTestV236-1089893011', 'user_domain_id': 'default', 'user_domain_name': 'Default', 'user_id': 'e5a69a552ea04f22aff84d88c29a3492', 'system': None}, Network: None, Subnet: None, Router: None
2024-10-18 08:59:57.380 62705 INFO tempest.lib.common.dynamic_creds [-] Created isolated network resources for: credentials: Credentials: {'domain_id': 'default', 'domain_name': 'Default', 'username': 'tempest-QuotasAdminTestV236-1089893011-project-member', 'project_domain_id': 'default', 'project_domain_name': 'Default', 'project_id': '76fefb8424924e019e94a334a703f611', 'project_name': 'tempest-QuotasAdminTestV236-1089893011', 'tenant_id': '76fefb8424924e019e94a334a703f611', 'tenant_name': 'tempest-QuotasAdminTestV236-1089893011', 'user_domain_id': 'default', 'user_domain_name': 'Default', 'user_id': 'e5a69a552ea04f22aff84d88c29a3492', 'system': None}, Network: None, Subnet: None, Router: None
2024-10-18 08:59:57.388 62721 INFO tempest.lib.common.rest_client [req-1cef165d-f6af-43da-a721-b5dd5f35cb81 req-1cef165d-f6af-43da-a721-b5dd5f35cb81 ] Request (FlavorsAccessTestJSON:test_flavor_access_add_remove): 200 POST http://10.180.1.21/compute/v2.1/flavors 1.934s
2024-10-18 08:59:57.437 62717 INFO tempest.lib.common.rest_client [req-a018ddcd-65e4-4abb-a9ab-ab63090726b5 req-a018ddcd-65e4-4abb-a9ab-ab63090726b5 ] Request (SecurityGroupsTestJSON:test_list_security_groups_by_server): 201 POST http://10.180.1.21/identity/v3/auth/tokens 0.249s
2024-10-18 08:59:57.441 62717 INFO tempest.lib.common.fixed_network [-] (SecurityGroupsTestJSON:test_list_security_groups_by_server) Found network {'id': '92dc367c-4b8b-49a2-a318-716977648218', 'name': 'tempest-SecurityGroupsTestJSON-834470967-network', 'tenant_id': '210ef0c43440478b9dcc5360edf52241', 'admin_state_up': True, 'mtu': 8950, 'status': 'ACTIVE', 'subnets': [], 'shared': False, 'project_id': '210ef0c43440478b9dcc5360edf52241', 'port_security_enabled': True, 'router:external': False, 'provider:network_type': 'vlan', 'provider:physical_network': 'default', 'provider:segmentation_id': 96, 'is_default': False, 'availability_zone_hints': [], 'availability_zones': [], 'ipv4_address_scope': None, 'ipv6_address_scope': None, 'description': '', 'tags': [], 'created_at': '2024-10-18T08:59:48Z', 'updated_at': '2024-10-18T08:59:48Z', 'revision_number': 1} available for tenant
2024-10-18 08:59:57.504 62707 INFO tempest.lib.common.rest_client [req-011ae53b-6ea5-437e-b637-2a98965d66e8 req-011ae53b-6ea5-437e-b637-2a98965d66e8 ] Request (AZAdminNegativeTestJSON:tearDownClass): 201 POST http://10.180.1.21/identity/v3/auth/tokens 0.302s
2024-10-18 08:59:57.519 62753 INFO tempest.lib.common.rest_client [req-3d28c0bc-7d27-4293-adc3-75a8970dea5c req-3d28c0bc-7d27-4293-adc3-75a8970dea5c ] Request (HypervisorAdminTestJSON:test_get_hypervisor_list): 200 GET http://10.180.1.21/compute/v2.1/os-hypervisors 2.002s
2024-10-18 08:59:57.528 62709 INFO tempest.lib.common.rest_client [req-626ee06c-a5dd-4022-9041-3590728e9bbb req-626ee06c-a5dd-4022-9041-3590728e9bbb ] Request (TenantUsagesNegativeTestJSON:setUpClass): 201 POST http://10.180.1.21/identity/v3/projects 0.282s
2024-10-18 08:59:57.531 62737 INFO tempest.lib.common.rest_client [req-207d49b5-9797-4a3e-b31a-b2498d04f27b req-207d49b5-9797-4a3e-b31a-b2498d04f27b ] Request (ImagesTestJSON:setUpClass): 201 POST http://10.180.1.21/identity/v3/projects 0.266s
2024-10-18 08:59:57.590 62713 INFO tempest.lib.common.rest_client [req-b302e756-be53-41c8-8e3b-2e997749ccf2 req-b302e756-be53-41c8-8e3b-2e997749ccf2 ] Request (FlavorsAccessNegativeTestJSON:setUpClass): 201 POST http://10.180.1.21/identity/v3/auth/tokens 0.250s
2024-10-18 08:59:57.591 62713 WARNING tempest.lib.common.rest_client [-] Deprecated: "tenant_id" property is deprecated for removal, use "project_id" instead
2024-10-18 08:59:57.603 62732 INFO tempest.lib.common.rest_client [req-e91e89bf-5f3c-437e-9535-97a609526eb9 req-e91e89bf-5f3c-437e-9535-97a609526eb9 ] Request (VolumesAssistedSnapshotsTest:setUpClass): 200 GET http://10.180.1.21/identity/v3/roles 0.314s
2024-10-18 08:59:57.648 62705 INFO tempest.lib.common.rest_client [req-ba4b482b-e43a-47b2-8564-a183d122124c req-ba4b482b-e43a-47b2-8564-a183d122124c ] Request (QuotasAdminTestV236:setUpClass): 201 POST http://10.180.1.21/identity/v3/auth/tokens 0.264s
2024-10-18 08:59:57.685 62709 INFO tempest.lib.common.rest_client [req-b2148328-0023-4680-b6d3-229b44b65aae req-b2148328-0023-4680-b6d3-229b44b65aae ] Request (TenantUsagesNegativeTestJSON:setUpClass): 201 POST http://10.180.1.21/identity/v3/users 0.156s
2024-10-18 08:59:57.705 62737 INFO tempest.lib.common.rest_client [req-317b6c8a-8a6c-44f5-a05c-6f3b9ad3a473 req-317b6c8a-8a6c-44f5-a05c-6f3b9ad3a473 ] Request (ImagesTestJSON:setUpClass): 201 POST http://10.180.1.21/identity/v3/users 0.174s
2024-10-18 08:59:57.722 62732 INFO tempest.lib.common.rest_client [req-7121a47f-da71-4df4-b972-d73cfc2bac9b req-7121a47f-da71-4df4-b972-d73cfc2bac9b ] Request (VolumesAssistedSnapshotsTest:setUpClass): 204 PUT http://10.180.1.21/identity/v3/projects/27d0a819f8374f858cdfb4e7a133f395/users/a7c73e07fcfe4445be484efbcb0aa54b/roles/a7f48d5068ff4f98aa5b28cd0bc90952 0.118s
2024-10-18 08:59:57.722 62732 INFO tempest.lib.common.dynamic_creds [-] Dynamic test user a7c73e07fcfe4445be484efbcb0aa54b is created with scope project and roles: ['admin']
2024-10-18 08:59:57.722 62732 INFO tempest.lib.common.dynamic_creds [-] Acquired dynamic creds: credentials: Credentials: {'domain_id': 'default', 'domain_name': 'Default', 'username': 'tempest-VolumesAssistedSnapshotsTest-604076072-project-admin', 'project_domain_id': 'default', 'project_domain_name': 'Default', 'project_id': '27d0a819f8374f858cdfb4e7a133f395', 'project_name': 'tempest-VolumesAssistedSnapshotsTest-604076072', 'tenant_id': '27d0a819f8374f858cdfb4e7a133f395', 'tenant_name': 'tempest-VolumesAssistedSnapshotsTest-604076072', 'user_domain_id': 'default', 'user_domain_name': 'Default', 'user_id': 'a7c73e07fcfe4445be484efbcb0aa54b', 'system': None}, Network: None, Subnet: None, Router: None
2024-10-18 08:59:57.782 62707 INFO tempest.lib.common.rest_client [req-9f6aa7be-95d6-4a34-b95c-14a4e34b8a76 req-9f6aa7be-95d6-4a34-b95c-14a4e34b8a76 ] Request (AZAdminNegativeTestJSON:tearDownClass): 200 GET http://10.180.1.21:9696/networking/v2.0/security-groups?tenant_id=27e501456c2f45e9976c022d3f7ab084&name=default 0.277s
2024-10-18 08:59:57.785 62705 INFO tempest.lib.common.rest_client [req-7416ccc9-637c-4437-8ff0-bc78041dc855 req-7416ccc9-637c-4437-8ff0-bc78041dc855 ] Request (QuotasAdminTestV236:setUpClass): 201 POST http://10.180.1.21/identity/v3/projects 0.136s
2024-10-18 08:59:57.797 62709 INFO tempest.lib.common.rest_client [req-5c750b9b-0ae2-4580-8670-968a3e7a48ce req-5c750b9b-0ae2-4580-8670-968a3e7a48ce ] Request (TenantUsagesNegativeTestJSON:setUpClass): 200 GET http://10.180.1.21/identity/v3/roles 0.112s
2024-10-18 08:59:57.842 62737 INFO tempest.lib.common.rest_client [req-334fe023-80c8-4a59-9bca-f8b7f3c616b7 req-334fe023-80c8-4a59-9bca-f8b7f3c616b7 ] Request (ImagesTestJSON:setUpClass): 200 GET http://10.180.1.21/identity/v3/roles 0.136s
2024-10-18 08:59:57.855 62705 INFO tempest.lib.common.rest_client [req-5e1939c1-100c-438a-836b-905083ebd65f req-5e1939c1-100c-438a-836b-905083ebd65f ] Request (QuotasAdminTestV236:setUpClass): 201 POST http://10.180.1.21/identity/v3/users 0.069s
2024-10-18 08:59:57.872 62709 INFO tempest.lib.common.rest_client [req-695924e9-36be-484f-b1c0-d51f1be06f5e req-695924e9-36be-484f-b1c0-d51f1be06f5e ] Request (TenantUsagesNegativeTestJSON:setUpClass): 204 PUT http://10.180.1.21/identity/v3/projects/99c8fdc87a544d2a9b6278c170207b8f/users/49c71f00eda44bd4b6ccf6e5cefcdbe0/roles/b989ffef3a154cda9b1ea3de159ceffd 0.071s
2024-10-18 08:59:57.872 62709 INFO tempest.lib.common.dynamic_creds [-] Dynamic test user 49c71f00eda44bd4b6ccf6e5cefcdbe0 is created with scope project and roles: ['member']
2024-10-18 08:59:57.872 62709 INFO tempest.lib.common.dynamic_creds [-] Acquired dynamic creds: credentials: Credentials: {'domain_id': 'default', 'domain_name': 'Default', 'username': 'tempest-TenantUsagesNegativeTestJSON-1862818346-project-member', 'project_domain_id': 'default', 'project_domain_name': 'Default', 'project_id': '99c8fdc87a544d2a9b6278c170207b8f', 'project_name': 'tempest-TenantUsagesNegativeTestJSON-1862818346', 'tenant_id': '99c8fdc87a544d2a9b6278c170207b8f', 'tenant_name': 'tempest-TenantUsagesNegativeTestJSON-1862818346', 'user_domain_id': 'default', 'user_domain_name': 'Default', 'user_id': '49c71f00eda44bd4b6ccf6e5cefcdbe0', 'system': None}, Network: None, Subnet: None, Router: None
2024-10-18 08:59:57.872 62709 INFO tempest.lib.common.dynamic_creds [-] Created isolated network resources for: credentials: Credentials: {'domain_id': 'default', 'domain_name': 'Default', 'username': 'tempest-TenantUsagesNegativeTestJSON-1862818346-project-member', 'project_domain_id': 'default', 'project_domain_name': 'Default', 'project_id': '99c8fdc87a544d2a9b6278c170207b8f', 'project_name': 'tempest-TenantUsagesNegativeTestJSON-1862818346', 'tenant_id': '99c8fdc87a544d2a9b6278c170207b8f', 'tenant_name': 'tempest-TenantUsagesNegativeTestJSON-1862818346', 'user_domain_id': 'default', 'user_domain_name': 'Default', 'user_id': '49c71f00eda44bd4b6ccf6e5cefcdbe0', 'system': None}, Network: None, Subnet: None, Router: None
2024-10-18 08:59:57.899 62737 INFO tempest.lib.common.rest_client [req-663227b5-18bc-469a-856d-5de9f312432c req-663227b5-18bc-469a-856d-5de9f312432c ] Request (ImagesTestJSON:setUpClass): 204 PUT http://10.180.1.21/identity/v3/projects/11491a5610734d96bac82035c46bd5d1/users/4d95c2a24f0841de8990410e24f325e9/roles/b989ffef3a154cda9b1ea3de159ceffd 0.056s
2024-10-18 08:59:57.899 62737 INFO tempest.lib.common.dynamic_creds [-] Dynamic test user 4d95c2a24f0841de8990410e24f325e9 is created with scope project and roles: ['member']
2024-10-18 08:59:57.900 62737 INFO tempest.lib.common.dynamic_creds [-] Acquired dynamic creds: credentials: Credentials: {'domain_id': 'default', 'domain_name': 'Default', 'username': 'tempest-ImagesTestJSON-75209480-project-member', 'project_domain_id': 'default', 'project_domain_name': 'Default', 'project_id': '11491a5610734d96bac82035c46bd5d1', 'project_name': 'tempest-ImagesTestJSON-75209480', 'tenant_id': '11491a5610734d96bac82035c46bd5d1', 'tenant_name': 'tempest-ImagesTestJSON-75209480', 'user_domain_id': 'default', 'user_domain_name': 'Default', 'user_id': '4d95c2a24f0841de8990410e24f325e9', 'system': None}, Network: None, Subnet: None, Router: None
2024-10-18 08:59:57.927 62735 INFO tempest.lib.common.rest_client [req-26a99f4a-3089-4328-b18a-3b4b25c31c1e req-26a99f4a-3089-4328-b18a-3b4b25c31c1e ] Request (FlavorsAdminTestJSON:test_create_flavor_using_string_ram): 200 POST http://10.180.1.21/compute/v2.1/flavors 2.277s
2024-10-18 08:59:57.937 62707 INFO tempest.lib.common.rest_client [req-47b8b6d9-d21e-460e-b57b-08d14e1f93bd req-47b8b6d9-d21e-460e-b57b-08d14e1f93bd ] Request (AZAdminNegativeTestJSON:tearDownClass): 204 DELETE http://10.180.1.21:9696/networking/v2.0/security-groups/2f6f927a-cbc7-4de5-9cc6-30b7bedd1ac8 0.154s
2024-10-18 08:59:57.942 62705 INFO tempest.lib.common.rest_client [req-9150e65e-b9d0-40f3-ac6d-f8f386351870 req-9150e65e-b9d0-40f3-ac6d-f8f386351870 ] Request (QuotasAdminTestV236:setUpClass): 200 GET http://10.180.1.21/identity/v3/roles 0.087s
2024-10-18 08:59:57.965 62737 INFO tempest.lib.common.rest_client [req-11b4d498-56c2-4cd8-8a21-23617bd0f08d req-11b4d498-56c2-4cd8-8a21-23617bd0f08d ] Request (ImagesTestJSON:setUpClass): 201 POST http://10.180.1.21/identity/v3/auth/tokens 0.065s
2024-10-18 08:59:57.977 62709 INFO tempest.lib.common.rest_client [req-01638203-0ded-4fa1-8da3-99d7707133f4 req-01638203-0ded-4fa1-8da3-99d7707133f4 ] Request (TenantUsagesNegativeTestJSON:setUpClass): 201 POST http://10.180.1.21/identity/v3/auth/tokens 0.099s
2024-10-18 08:59:58.036 62707 INFO tempest.lib.common.rest_client [req-6651f667-9c7c-44b7-a60c-2cf73ed9ab33 req-6651f667-9c7c-44b7-a60c-2cf73ed9ab33 ] Request (AZAdminNegativeTestJSON:tearDownClass): 204 DELETE http://10.180.1.21/identity/v3/projects/27e501456c2f45e9976c022d3f7ab084 0.099s
2024-10-18 08:59:58.037 62707 INFO tempest.lib.common.dynamic_creds [-] Deleting project and security group for project: 8a4e43a1a885426e8ed88236fa9cf210
2024-10-18 08:59:58.049 62732 INFO tempest.lib.common.rest_client [req-e73af7f2-b29c-4926-bee9-4312b187306a req-e73af7f2-b29c-4926-bee9-4312b187306a ] Request (VolumesAssistedSnapshotsTest:setUpClass): 201 POST http://10.180.1.21:9696/networking/v2.0/networks 0.327s
2024-10-18 08:59:58.060 62747 INFO tempest.lib.common.rest_client [req-489573e4-fc92-4130-a5cf-cbfca46e1b6b req-489573e4-fc92-4130-a5cf-cbfca46e1b6b ] Request (FlavorsV255TestJSON:test_crud_flavor): 200 POST http://10.180.1.21/compute/v2.1/flavors 2.326s
2024-10-18 08:59:58.101 62705 INFO tempest.lib.common.rest_client [req-d31aa17b-3658-402a-a6ab-c869270bd756 req-d31aa17b-3658-402a-a6ab-c869270bd756 ] Request (QuotasAdminTestV236:setUpClass): 204 PUT http://10.180.1.21/identity/v3/projects/38c34a92323f4218b19a7ea9d89b0be7/users/7c477c159d14451cb9a99e6eeb1e1ea4/roles/a7f48d5068ff4f98aa5b28cd0bc90952 0.158s
2024-10-18 08:59:58.171 62709 INFO tempest.lib.common.rest_client [req-4eaba7a0-4acb-4173-bf03-3cc4b6dceb60 req-4eaba7a0-4acb-4173-bf03-3cc4b6dceb60 ] Request (TenantUsagesNegativeTestJSON:setUpClass): 201 POST http://10.180.1.21/identity/v3/projects 0.193s
2024-10-18 08:59:58.191 62707 INFO tempest.lib.common.rest_client [req-662ebbb6-6123-42ea-92d7-f981b8c8e0db req-662ebbb6-6123-42ea-92d7-f981b8c8e0db ] Request (AZAdminNegativeTestJSON:tearDownClass): 200 GET http://10.180.1.21:9696/networking/v2.0/security-groups?tenant_id=8a4e43a1a885426e8ed88236fa9cf210&name=default 0.153s
2024-10-18 08:59:58.199 62725 INFO tempest.lib.common.rest_client [req-2800eacf-ccc5-44cf-90a3-fd76b319e245 req-2800eacf-ccc5-44cf-90a3-fd76b319e245 ] Request (FloatingIPDetailsTestJSON:setUpClass): 200 POST http://10.180.1.21/compute/v2.1/os-floating-ips 2.550s
2024-10-18 08:59:58.218 62705 INFO tempest.lib.common.rest_client [req-c6387cf9-15dd-4ae9-8b77-fbd402ce74fd req-c6387cf9-15dd-4ae9-8b77-fbd402ce74fd ] Request (QuotasAdminTestV236:setUpClass): 200 GET http://10.180.1.21/identity/v3/roles 0.116s
2024-10-18 08:59:58.243 62709 INFO tempest.lib.common.rest_client [req-0da741a5-18b9-402e-afab-b911c6d5a85b req-0da741a5-18b9-402e-afab-b911c6d5a85b ] Request (TenantUsagesNegativeTestJSON:setUpClass): 201 POST http://10.180.1.21/identity/v3/users 0.071s
2024-10-18 08:59:58.259 62705 INFO tempest.lib.common.rest_client [req-a9c1d67b-1f49-4f78-b41a-1ba1753ecf1f req-a9c1d67b-1f49-4f78-b41a-1ba1753ecf1f ] Request (QuotasAdminTestV236:setUpClass): 204 PUT http://10.180.1.21/identity/v3/projects/38c34a92323f4218b19a7ea9d89b0be7/users/7c477c159d14451cb9a99e6eeb1e1ea4/roles/a7f48d5068ff4f98aa5b28cd0bc90952 0.040s
2024-10-18 08:59:58.259 62705 INFO tempest.lib.common.dynamic_creds [-] Dynamic test user 7c477c159d14451cb9a99e6eeb1e1ea4 is created with scope project and roles: ['admin']
2024-10-18 08:59:58.259 62705 INFO tempest.lib.common.dynamic_creds [-] Acquired dynamic creds: credentials: Credentials: {'domain_id': 'default', 'domain_name': 'Default', 'username': 'tempest-QuotasAdminTestV236-1804333930-project-admin', 'project_domain_id': 'default', 'project_domain_name': 'Default', 'project_id': '38c34a92323f4218b19a7ea9d89b0be7', 'project_name': 'tempest-QuotasAdminTestV236-1804333930', 'tenant_id': '38c34a92323f4218b19a7ea9d89b0be7', 'tenant_name': 'tempest-QuotasAdminTestV236-1804333930', 'user_domain_id': 'default', 'user_domain_name': 'Default', 'user_id': '7c477c159d14451cb9a99e6eeb1e1ea4', 'system': None}, Network: None, Subnet: None, Router: None
2024-10-18 08:59:58.259 62705 INFO tempest.lib.common.dynamic_creds [-] Created isolated network resources for: credentials: Credentials: {'domain_id': 'default', 'domain_name': 'Default', 'username': 'tempest-QuotasAdminTestV236-1804333930-project-admin', 'project_domain_id': 'default', 'project_domain_name': 'Default', 'project_id': '38c34a92323f4218b19a7ea9d89b0be7', 'project_name': 'tempest-QuotasAdminTestV236-1804333930', 'tenant_id': '38c34a92323f4218b19a7ea9d89b0be7', 'tenant_name': 'tempest-QuotasAdminTestV236-1804333930', 'user_domain_id': 'default', 'user_domain_name': 'Default', 'user_id': '7c477c159d14451cb9a99e6eeb1e1ea4', 'system': None}, Network: None, Subnet: None, Router: None
2024-10-18 08:59:58.260 62757 INFO tempest.lib.common.rest_client [req-62d90e92-7ded-44cd-9b50-e74f45f24bde req-62d90e92-7ded-44cd-9b50-e74f45f24bde ] Request (HypervisorAdminUnderV252Test:test_get_hypervisor_show_servers): 200 GET http://10.180.1.21/compute/v2.1/os-hypervisors 2.460s
2024-10-18 08:59:58.304 62709 INFO tempest.lib.common.rest_client [req-aa4854d6-97aa-4c19-ac39-bfdcb4cda675 req-aa4854d6-97aa-4c19-ac39-bfdcb4cda675 ] Request (TenantUsagesNegativeTestJSON:setUpClass): 200 GET http://10.180.1.21/identity/v3/roles 0.061s
2024-10-18 08:59:58.323 62707 INFO tempest.lib.common.rest_client [req-0c8ab14c-d85d-4647-8e84-581933a6f938 req-0c8ab14c-d85d-4647-8e84-581933a6f938 ] Request (AZAdminNegativeTestJSON:tearDownClass): 204 DELETE http://10.180.1.21:9696/networking/v2.0/security-groups/bf91fc79-ec3d-4691-8558-7764d8291d8d 0.132s
2024-10-18 08:59:58.338 62737 INFO tempest.lib.common.rest_client [req-47717602-0fde-4daa-b53b-093cdc084b39 req-47717602-0fde-4daa-b53b-093cdc084b39 ] Request (ImagesTestJSON:setUpClass): 201 POST http://10.180.1.21:9696/networking/v2.0/networks 0.372s
2024-10-18 08:59:58.342 62697 INFO tempest.lib.common.rest_client [req-a6e56792-3ecb-4471-a933-d73103bc7627 req-a6e56792-3ecb-4471-a933-d73103bc7627 ] Request (FlavorsExtraSpecsNegativeTestJSON:setUpClass): 200 POST http://10.180.1.21/compute/v2.1/flavors 2.523s
2024-10-18 08:59:58.347 62732 INFO tempest.lib.common.rest_client [req-fa25ba0b-6d57-422e-8b52-70c5e59d921c req-fa25ba0b-6d57-422e-8b52-70c5e59d921c ] Request (VolumesAssistedSnapshotsTest:setUpClass): 201 POST http://10.180.1.21:9696/networking/v2.0/subnets 0.297s
2024-10-18 08:59:58.399 62705 INFO tempest.lib.common.rest_client [req-9791c0ca-ba8e-4e9e-ba95-e3d8e5c4e51e req-9791c0ca-ba8e-4e9e-ba95-e3d8e5c4e51e ] Request (QuotasAdminTestV236:setUpClass): 201 POST http://10.180.1.21/identity/v3/auth/tokens 0.134s
2024-10-18 08:59:58.404 62705 WARNING tempest.lib.common.rest_client [-] Deprecated: "tenant_id" property is deprecated for removal, use "project_id" instead
2024-10-18 08:59:58.414 62709 INFO tempest.lib.common.rest_client [req-b3cab2a9-b7d7-4678-a182-106471cc1a90 req-b3cab2a9-b7d7-4678-a182-106471cc1a90 ] Request (TenantUsagesNegativeTestJSON:setUpClass): 204 PUT http://10.180.1.21/identity/v3/projects/e08eea52ef1e45388e1c0a47aed1b99d/users/a6f4a310bf854375990025bbf1a63d05/roles/a7f48d5068ff4f98aa5b28cd0bc90952 0.108s
2024-10-18 08:59:58.462 62707 INFO tempest.lib.common.rest_client [req-9d57ea1b-b967-43dc-91ea-3e4d0c1d5dea req-9d57ea1b-b967-43dc-91ea-3e4d0c1d5dea ] Request (AZAdminNegativeTestJSON:tearDownClass): 204 DELETE http://10.180.1.21/identity/v3/projects/8a4e43a1a885426e8ed88236fa9cf210 0.138s
2024-10-18 08:59:58.525 62709 INFO tempest.lib.common.rest_client [req-9359b532-75fd-40e4-ac3a-83d2753ae06b req-9359b532-75fd-40e4-ac3a-83d2753ae06b ] Request (TenantUsagesNegativeTestJSON:setUpClass): 200 GET http://10.180.1.21/identity/v3/roles 0.111s
2024-10-18 08:59:58.542 62707 INFO tempest.lib.common.rest_client [req-448b49a7-d304-49a3-9087-aa3909831763 req-448b49a7-d304-49a3-9087-aa3909831763 ] Request (HypervisorAdminV228Test:setUpClass): 201 POST http://10.180.1.21/identity/v3/auth/tokens 0.078s
2024-10-18 08:59:58.553 62709 INFO tempest.lib.common.rest_client [req-7272722a-4cfe-4602-9550-07a1e0176c28 req-7272722a-4cfe-4602-9550-07a1e0176c28 ] Request (TenantUsagesNegativeTestJSON:setUpClass): 204 PUT http://10.180.1.21/identity/v3/projects/e08eea52ef1e45388e1c0a47aed1b99d/users/a6f4a310bf854375990025bbf1a63d05/roles/a7f48d5068ff4f98aa5b28cd0bc90952 0.028s
2024-10-18 08:59:58.554 62709 INFO tempest.lib.common.dynamic_creds [-] Dynamic test user a6f4a310bf854375990025bbf1a63d05 is created with scope project and roles: ['admin']
2024-10-18 08:59:58.554 62709 INFO tempest.lib.common.dynamic_creds [-] Acquired dynamic creds: credentials: Credentials: {'domain_id': 'default', 'domain_name': 'Default', 'username': 'tempest-TenantUsagesNegativeTestJSON-1201394120-project-admin', 'project_domain_id': 'default', 'project_domain_name': 'Default', 'project_id': 'e08eea52ef1e45388e1c0a47aed1b99d', 'project_name': 'tempest-TenantUsagesNegativeTestJSON-1201394120', 'tenant_id': 'e08eea52ef1e45388e1c0a47aed1b99d', 'tenant_name': 'tempest-TenantUsagesNegativeTestJSON-1201394120', 'user_domain_id': 'default', 'user_domain_name': 'Default', 'user_id': 'a6f4a310bf854375990025bbf1a63d05', 'system': None}, Network: None, Subnet: None, Router: None
2024-10-18 08:59:58.554 62709 INFO tempest.lib.common.dynamic_creds [-] Created isolated network resources for: credentials: Credentials: {'domain_id': 'default', 'domain_name': 'Default', 'username': 'tempest-TenantUsagesNegativeTestJSON-1201394120-project-admin', 'project_domain_id': 'default', 'project_domain_name': 'Default', 'project_id': 'e08eea52ef1e45388e1c0a47aed1b99d', 'project_name': 'tempest-TenantUsagesNegativeTestJSON-1201394120', 'tenant_id': 'e08eea52ef1e45388e1c0a47aed1b99d', 'tenant_name': 'tempest-TenantUsagesNegativeTestJSON-1201394120', 'user_domain_id': 'default', 'user_domain_name': 'Default', 'user_id': 'a6f4a310bf854375990025bbf1a63d05', 'system': None}, Network: None, Subnet: None, Router: None
2024-10-18 08:59:58.561 62727 INFO tempest.lib.common.rest_client [req-96fbceec-b88c-4605-9835-0bb0263d2d1a req-96fbceec-b88c-4605-9835-0bb0263d2d1a ] Request (KeyPairsV210TestJSON:test_admin_manage_keypairs_for_other_users): 201 POST http://10.180.1.21/compute/v2.1/os-keypairs 2.658s
2024-10-18 08:59:58.619 62707 INFO tempest.lib.common.rest_client [req-461670af-87c7-402c-a6c5-15f4ca80ed12 req-461670af-87c7-402c-a6c5-15f4ca80ed12 ] Request (HypervisorAdminV228Test:setUpClass): 201 POST http://10.180.1.21/identity/v3/auth/tokens 0.075s
2024-10-18 08:59:58.642 62737 INFO tempest.lib.common.rest_client [req-d2f1fbc2-4a87-4429-a71a-8f20be468f05 req-d2f1fbc2-4a87-4429-a71a-8f20be468f05 ] Request (ImagesTestJSON:setUpClass): 201 POST http://10.180.1.21:9696/networking/v2.0/subnets 0.303s
2024-10-18 08:59:58.644 62709 INFO tempest.lib.common.rest_client [req-a783889d-eb70-4c22-afed-4b47f5a1e8c2 req-a783889d-eb70-4c22-afed-4b47f5a1e8c2 ] Request (TenantUsagesNegativeTestJSON:setUpClass): 201 POST http://10.180.1.21/identity/v3/auth/tokens 0.084s
2024-10-18 08:59:58.662 62707 INFO tempest.lib.common.rest_client [req-b379a5b1-aeff-4d50-a2fb-9d4cd662834e req-b379a5b1-aeff-4d50-a2fb-9d4cd662834e ] Request (HypervisorAdminV228Test:setUpClass): 200 GET http://10.180.1.21/identity/v3/domains?name=Default 0.042s
2024-10-18 08:59:58.664 62715 INFO tempest.lib.common.rest_client [req-7f802588-df97-4be4-b18f-9460471367f9 req-7f802588-df97-4be4-b18f-9460471367f9 ] Request (ServersAdmin275Test:test_rebuild_update_server_275): 202 POST http://10.180.1.21/compute/v2.1/servers 2.810s
2024-10-18 08:59:58.697 62707 INFO tempest.lib.common.rest_client [req-04d2ab11-e439-42f8-9ee0-6d5b6f3223be req-04d2ab11-e439-42f8-9ee0-6d5b6f3223be ] Request (HypervisorAdminV228Test:setUpClass): 201 POST http://10.180.1.21/identity/v3/projects 0.035s
2024-10-18 08:59:58.745 62750 INFO tempest.lib.common.rest_client [req-11b1698f-4b24-467d-8bd4-97dd421e2624 req-11b1698f-4b24-467d-8bd4-97dd421e2624 ] Request (FlavorsExtraSpecsTestJSON:setUpClass): 200 POST http://10.180.1.21/compute/v2.1/flavors 2.622s
2024-10-18 08:59:58.786 62707 INFO tempest.lib.common.rest_client [req-8fd9ba6e-3112-478b-bc65-1eeb7fd3fec6 req-8fd9ba6e-3112-478b-bc65-1eeb7fd3fec6 ] Request (HypervisorAdminV228Test:setUpClass): 201 POST http://10.180.1.21/identity/v3/users 0.088s
2024-10-18 08:59:58.812 62723 INFO tempest.lib.common.rest_client [req-5e717816-2b09-4e13-be9d-08a0f6654bd2 req-5e717816-2b09-4e13-be9d-08a0f6654bd2 ] Request (HostsAdminTestJSON:test_list_hosts): 200 GET http://10.180.1.21/compute/v2.1/os-hosts 2.679s
2024-10-18 08:59:58.852 62699 INFO tempest.lib.common.rest_client [req-e99cff28-0757-4d3e-b057-13b4b67943f9 req-e99cff28-0757-4d3e-b057-13b4b67943f9 ] Request (HypervisorAdminNegativeTestJSON:test_get_hypervisor_list_details_with_non_admin_user): 403 GET http://10.180.1.21/compute/v2.1/os-hypervisors/detail 2.651s
2024-10-18 08:59:58.859 62707 INFO tempest.lib.common.rest_client [req-5e7b4b25-f63d-418b-8fbe-f1725e2d7ebe req-5e7b4b25-f63d-418b-8fbe-f1725e2d7ebe ] Request (HypervisorAdminV228Test:setUpClass): 200 GET http://10.180.1.21/identity/v3/roles 0.073s
2024-10-18 08:59:58.904 62707 INFO tempest.lib.common.rest_client [req-b79953cd-851b-4111-b34c-ea52aacb27b0 req-b79953cd-851b-4111-b34c-ea52aacb27b0 ] Request (HypervisorAdminV228Test:setUpClass): 204 PUT http://10.180.1.21/identity/v3/projects/5b0988a201344a679f45d242976a309d/users/f3ab691b4e384048ad5380a45f28dd83/roles/b989ffef3a154cda9b1ea3de159ceffd 0.044s
2024-10-18 08:59:58.905 62707 INFO tempest.lib.common.dynamic_creds [-] Dynamic test user f3ab691b4e384048ad5380a45f28dd83 is created with scope project and roles: ['member']
2024-10-18 08:59:58.905 62707 INFO tempest.lib.common.dynamic_creds [-] Acquired dynamic creds: credentials: Credentials: {'domain_id': 'default', 'domain_name': 'Default', 'username': 'tempest-HypervisorAdminV228Test-1201893150-project-member', 'project_domain_id': 'default', 'project_domain_name': 'Default', 'project_id': '5b0988a201344a679f45d242976a309d', 'project_name': 'tempest-HypervisorAdminV228Test-1201893150', 'tenant_id': '5b0988a201344a679f45d242976a309d', 'tenant_name': 'tempest-HypervisorAdminV228Test-1201893150', 'user_domain_id': 'default', 'user_domain_name': 'Default', 'user_id': 'f3ab691b4e384048ad5380a45f28dd83', 'system': None}, Network: None, Subnet: None, Router: None
2024-10-18 08:59:58.905 62707 INFO tempest.lib.common.dynamic_creds [-] Created isolated network resources for: credentials: Credentials: {'domain_id': 'default', 'domain_name': 'Default', 'username': 'tempest-HypervisorAdminV228Test-1201893150-project-member', 'project_domain_id': 'default', 'project_domain_name': 'Default', 'project_id': '5b0988a201344a679f45d242976a309d', 'project_name': 'tempest-HypervisorAdminV228Test-1201893150', 'tenant_id': '5b0988a201344a679f45d242976a309d', 'tenant_name': 'tempest-HypervisorAdminV228Test-1201893150', 'user_domain_id': 'default', 'user_domain_name': 'Default', 'user_id': 'f3ab691b4e384048ad5380a45f28dd83', 'system': None}, Network: None, Subnet: None, Router: None
2024-10-18 08:59:58.921 62741 INFO tempest.lib.common.rest_client [req-b6644f72-bd03-44eb-b8ee-dae338f09e31 req-b6644f72-bd03-44eb-b8ee-dae338f09e31 ] Request (AggregatesAdminNegativeTestJSON:test_aggregate_add_existent_host): 200 POST http://10.180.1.21/compute/v2.1/os-aggregates 2.688s
2024-10-18 08:59:58.955 62745 INFO tempest.lib.common.rest_client [req-01b0ccfe-fbcb-4c77-8571-33a147086e7e req-01b0ccfe-fbcb-4c77-8571-33a147086e7e ] Request (FlavorsV261TestJSON:test_crud_flavor): 200 POST http://10.180.1.21/compute/v2.1/flavors 2.614s
2024-10-18 08:59:58.995 62707 INFO tempest.lib.common.rest_client [req-da3c9166-c2a5-405b-ba39-7367c0f8b7c4 req-da3c9166-c2a5-405b-ba39-7367c0f8b7c4 ] Request (HypervisorAdminV228Test:setUpClass): 201 POST http://10.180.1.21/identity/v3/auth/tokens 0.085s
2024-10-18 08:59:59.046 62729 INFO tempest.lib.common.rest_client [req-1221c320-8ef8-4904-a0bc-0c007be1d860 req-1221c320-8ef8-4904-a0bc-0c007be1d860 ] Request (ServicesAdminNegativeV253TestJSON:test_disable_log_reason_with_invalid_service_id): 404 PUT http://10.180.1.21/compute/v2.1/os-services/74b5a7af-bae1-420f-971d-cbc6c1c039ca 2.697s
2024-10-18 08:59:59.076 62707 INFO tempest.lib.common.rest_client [req-1cb96d85-dbd3-4559-a46b-2a9cc78c64f6 req-1cb96d85-dbd3-4559-a46b-2a9cc78c64f6 ] Request (HypervisorAdminV228Test:setUpClass): 201 POST http://10.180.1.21/identity/v3/projects 0.080s
2024-10-18 08:59:59.141 62707 INFO tempest.lib.common.rest_client [req-d4bcd558-c2ec-484b-a687-0280e2040f44 req-d4bcd558-c2ec-484b-a687-0280e2040f44 ] Request (HypervisorAdminV228Test:setUpClass): 201 POST http://10.180.1.21/identity/v3/users 0.065s
2024-10-18 08:59:59.157 62701 INFO tempest.lib.common.rest_client [req-b5dd7bd8-5984-4423-84e4-e4c0bff53852 req-b5dd7bd8-5984-4423-84e4-e4c0bff53852 ] Request (QuotasAdminTestJSON:test_delete_quota): 200 GET http://10.180.1.21/compute/v2.1/os-quota-sets/25e38dd4e58a44f8804c052b64010cba 2.594s
2024-10-18 08:59:59.160 62707 INFO tempest.lib.common.rest_client [req-f8c9edc4-f9ca-4dbc-b304-2eddee368ee7 req-f8c9edc4-f9ca-4dbc-b304-2eddee368ee7 ] Request (HypervisorAdminV228Test:setUpClass): 200 GET http://10.180.1.21/identity/v3/roles 0.018s
2024-10-18 08:59:59.186 62707 INFO tempest.lib.common.rest_client [req-41fb2f5e-ec95-4e83-8c85-4ce9125c328b req-41fb2f5e-ec95-4e83-8c85-4ce9125c328b ] Request (HypervisorAdminV228Test:setUpClass): 204 PUT http://10.180.1.21/identity/v3/projects/d605b8126d924f72b3d416e08cf590ac/users/f69994afd6b941088189a9c49b2165d9/roles/a7f48d5068ff4f98aa5b28cd0bc90952 0.024s
2024-10-18 08:59:59.228 62707 INFO tempest.lib.common.rest_client [req-2ab0b939-7cdf-46ab-a103-b4f63240020f req-2ab0b939-7cdf-46ab-a103-b4f63240020f ] Request (HypervisorAdminV228Test:setUpClass): 200 GET http://10.180.1.21/identity/v3/roles 0.042s
2024-10-18 08:59:59.243 62707 INFO tempest.lib.common.rest_client [req-cf24879a-126a-401c-929d-d797184257cb req-cf24879a-126a-401c-929d-d797184257cb ] Request (HypervisorAdminV228Test:setUpClass): 204 PUT http://10.180.1.21/identity/v3/projects/d605b8126d924f72b3d416e08cf590ac/users/f69994afd6b941088189a9c49b2165d9/roles/a7f48d5068ff4f98aa5b28cd0bc90952 0.014s
2024-10-18 08:59:59.243 62707 INFO tempest.lib.common.dynamic_creds [-] Dynamic test user f69994afd6b941088189a9c49b2165d9 is created with scope project and roles: ['admin']
2024-10-18 08:59:59.243 62707 INFO tempest.lib.common.dynamic_creds [-] Acquired dynamic creds: credentials: Credentials: {'domain_id': 'default', 'domain_name': 'Default', 'username': 'tempest-HypervisorAdminV228Test-143379603-project-admin', 'project_domain_id': 'default', 'project_domain_name': 'Default', 'project_id': 'd605b8126d924f72b3d416e08cf590ac', 'project_name': 'tempest-HypervisorAdminV228Test-143379603', 'tenant_id': 'd605b8126d924f72b3d416e08cf590ac', 'tenant_name': 'tempest-HypervisorAdminV228Test-143379603', 'user_domain_id': 'default', 'user_domain_name': 'Default', 'user_id': 'f69994afd6b941088189a9c49b2165d9', 'system': None}, Network: None, Subnet: None, Router: None
2024-10-18 08:59:59.244 62707 INFO tempest.lib.common.dynamic_creds [-] Created isolated network resources for: credentials: Credentials: {'domain_id': 'default', 'domain_name': 'Default', 'username': 'tempest-HypervisorAdminV228Test-143379603-project-admin', 'project_domain_id': 'default', 'project_domain_name': 'Default', 'project_id': 'd605b8126d924f72b3d416e08cf590ac', 'project_name': 'tempest-HypervisorAdminV228Test-143379603', 'tenant_id': 'd605b8126d924f72b3d416e08cf590ac', 'tenant_name': 'tempest-HypervisorAdminV228Test-143379603', 'user_domain_id': 'default', 'user_domain_name': 'Default', 'user_id': 'f69994afd6b941088189a9c49b2165d9', 'system': None}, Network: None, Subnet: None, Router: None
2024-10-18 08:59:59.316 62707 INFO tempest.lib.common.rest_client [req-df82ed8f-3b8c-4641-bdc8-170ee433e0dc req-df82ed8f-3b8c-4641-bdc8-170ee433e0dc ] Request (HypervisorAdminV228Test:setUpClass): 201 POST http://10.180.1.21/identity/v3/auth/tokens 0.069s
2024-10-18 08:59:59.349 62743 INFO tempest.lib.common.rest_client [req-42a658d8-7567-44db-b7ab-8a69192fd38c req-42a658d8-7567-44db-b7ab-8a69192fd38c ] Request (ServersAdminNegativeTestJSON:setUpClass): 202 POST http://10.180.1.21/compute/v2.1/servers 2.683s
2024-10-18 08:59:59.655 62732 INFO tempest.lib.common.rest_client [req-67ab37e3-170a-4427-b029-6ddebba9e1bd req-67ab37e3-170a-4427-b029-6ddebba9e1bd ] Request (VolumesAssistedSnapshotsTest:setUpClass): 201 POST http://10.180.1.21:9696/networking/v2.0/routers 1.303s
2024-10-18 08:59:59.724 62760 INFO tempest.lib.common.rest_client [req-82541b1f-fba1-4d6a-8514-54a228504215 req-82541b1f-fba1-4d6a-8514-54a228504215 ] Request (DeleteServersAdminTestJSON:test_admin_delete_servers_of_others): 202 POST http://10.180.1.21/compute/v2.1/servers 3.009s
2024-10-18 08:59:59.854 62703 INFO tempest.lib.common.rest_client [req-2b650485-01e9-4832-822d-7c89f8aa7ef3 req-2b650485-01e9-4832-822d-7c89f8aa7ef3 ] Request (QuotasAdminNegativeTest:test_create_server_when_cpu_quota_is_full): 200 PUT http://10.180.1.21/compute/v2.1/os-quota-sets/55a9d777bbd9408f9f69cb871680234c 2.805s
2024-10-18 08:59:59.859 62755 INFO tempest.lib.common.rest_client [req-d463cb7d-7e3e-4aeb-86eb-fb1976e380f4 req-d463cb7d-7e3e-4aeb-86eb-fb1976e380f4 ] Request (MultipleCreateNegativeTestJSON:test_min_count_less_than_one): 400 POST http://10.180.1.21/compute/v2.1/servers 2.756s
2024-10-18 08:59:59.875 62751 INFO tempest.lib.common.rest_client [req-30878139-1902-4a27-a352-ac27783c9c40 req-30878139-1902-4a27-a352-ac27783c9c40 ] Request (ImagesOneServerTestJSON:setUpClass): 202 POST http://10.180.1.21/compute/v2.1/servers 3.094s
2024-10-18 08:59:59.901 62733 INFO tempest.lib.common.rest_client [req-15fa50a5-a4cf-48d0-be51-a06a14ac865e req-15fa50a5-a4cf-48d0-be51-a06a14ac865e ] Request (ImagesDeleteNegativeTestJSON:test_delete_image_with_invalid_image_id): 404 DELETE http://10.180.1.21/compute/v2.1/images/tempest-invalid-46908747 2.719s
2024-10-18 08:59:59.935 62755 INFO tempest.lib.common.rest_client [req-ff7deac6-1a80-4598-85ac-9619a201f025 req-ff7deac6-1a80-4598-85ac-9619a201f025 ] Request (MultipleCreateNegativeTestJSON:test_min_count_non_integer): 201 POST http://10.180.1.21/identity/v3/auth/tokens 0.070s
2024-10-18 08:59:59.935 62755 INFO tempest.lib.common.fixed_network [-] (MultipleCreateNegativeTestJSON:test_min_count_non_integer) Found network None available for tenant
2024-10-18 08:59:59.946 62737 INFO tempest.lib.common.rest_client [req-a676b43c-fea0-4f90-940b-d92f0f3f2e5b req-a676b43c-fea0-4f90-940b-d92f0f3f2e5b ] Request (ImagesTestJSON:setUpClass): 201 POST http://10.180.1.21:9696/networking/v2.0/routers 1.303s
2024-10-18 08:59:59.947 62739 INFO tempest.lib.common.rest_client [req-4d66d775-12be-4e16-b251-305362006e32 req-4d66d775-12be-4e16-b251-305362006e32 ] Request (HypervisorAdminNegativeUnderV252Test:test_search_hypervisor_with_non_admin_user): 403 GET http://10.180.1.21/compute/v2.1/os-hypervisors/domain-c8.fc996f14-c53b-4953-92e3-bdfa48f5cc28/search 2.782s
2024-10-18 08:59:59.987 62703 INFO tempest.lib.common.rest_client [req-7dc36798-6077-4334-ab1b-ff30faf98c93 req-7dc36798-6077-4334-ab1b-ff30faf98c93 ] Request (QuotasAdminNegativeTest:test_create_server_when_cpu_quota_is_full): 201 POST http://10.180.1.21/identity/v3/auth/tokens 0.075s
2024-10-18 08:59:59.989 62703 INFO tempest.lib.common.fixed_network [-] (QuotasAdminNegativeTest:test_create_server_when_cpu_quota_is_full) Found network None available for tenant
2024-10-18 09:00:00.011 62711 INFO tempest.lib.common.rest_client [req-0fe216a7-0b8b-41c2-98dd-0919e7143744 req-0fe216a7-0b8b-41c2-98dd-0919e7143744 ] Request (ServersWithSpecificFlavorTestJSON:test_verify_created_server_ephemeral_disk): 200 GET http://10.180.1.21/compute/v2.1/flavors/42 2.775s
2024-10-18 09:00:00.072 62721 INFO tempest.lib.common.rest_client [req-f1f09daa-52ba-4785-bd60-610540bf796d req-f1f09daa-52ba-4785-bd60-610540bf796d ] Request (FlavorsAccessTestJSON:test_flavor_access_add_remove): 200 POST http://10.180.1.21/compute/v2.1/flavors/652545022/action 2.682s
2024-10-18 09:00:00.091 62753 INFO tempest.lib.common.rest_client [req-85ffe859-811c-4406-8217-dffeaef3394c req-85ffe859-811c-4406-8217-dffeaef3394c ] Request (HypervisorAdminTestJSON:test_get_hypervisor_list_details): 200 GET http://10.180.1.21/compute/v2.1/os-hypervisors/detail 2.528s
2024-10-18 09:00:00.180 62713 INFO tempest.lib.common.rest_client [req-d72a12ae-0a74-432d-b4af-68ed4d05b941 req-d72a12ae-0a74-432d-b4af-68ed4d05b941 ] Request (FlavorsAccessNegativeTestJSON:test_add_flavor_access_duplicate): 200 POST http://10.180.1.21/compute/v2.1/flavors 2.588s
2024-10-18 09:00:00.197 62735 INFO tempest.lib.common.rest_client [req-745f68cf-2945-4a43-805b-80bdddbb7edf req-745f68cf-2945-4a43-805b-80bdddbb7edf ] Request (FlavorsAdminTestJSON:_run_cleanups): 202 DELETE http://10.180.1.21/compute/v2.1/flavors/1026280560 2.267s
2024-10-18 09:00:00.267 62747 INFO tempest.lib.common.rest_client [req-6b9f9713-551f-46b9-a182-ff8698c2ab34 req-6b9f9713-551f-46b9-a182-ff8698c2ab34 ] Request (FlavorsV255TestJSON:test_crud_flavor): 200 GET http://10.180.1.21/compute/v2.1/flavors/587129944 2.200s
2024-10-18 09:00:00.481 62717 INFO tempest.lib.common.rest_client [req-b7cd36a5-7dd3-48bc-a845-7f34ba19d880 req-b7cd36a5-7dd3-48bc-a845-7f34ba19d880 ] Request (SecurityGroupsTestJSON:test_list_security_groups_by_server): 202 POST http://10.180.1.21/compute/v2.1/servers 3.039s
2024-10-18 09:00:00.569 62757 INFO tempest.lib.common.rest_client [req-0088a0a7-1b1e-4e72-9a8b-0749b005549f req-0088a0a7-1b1e-4e72-9a8b-0749b005549f ] Request (HypervisorAdminUnderV252Test:test_get_hypervisor_show_servers): 200 GET http://10.180.1.21/compute/v2.1/os-hypervisors/domain-c8.fc996f14-c53b-4953-92e3-bdfa48f5cc28/servers 2.307s
2024-10-18 09:00:00.672 62697 INFO tempest.lib.common.rest_client [req-96e9f57d-5250-40ce-9e27-d859bf887d8d req-96e9f57d-5250-40ce-9e27-d859bf887d8d ] Request (FlavorsExtraSpecsNegativeTestJSON:test_flavor_get_nonexistent_key): 404 GET http://10.180.1.21/compute/v2.1/flavors/1739954287/os-extra_specs/hw:cpu_thread_policy 2.325s
2024-10-18 09:00:00.714 62727 INFO tempest.lib.common.rest_client [req-e20340ce-6375-4248-be1e-94693af85d60 req-e20340ce-6375-4248-be1e-94693af85d60 ] Request (KeyPairsV210TestJSON:test_admin_manage_keypairs_for_other_users): 201 POST http://10.180.1.21/compute/v2.1/os-keypairs 2.150s
2024-10-18 09:00:00.766 62709 INFO tempest.lib.common.rest_client [req-7c1ac082-3a0f-4b82-9a9f-72233d160104 req-7c1ac082-3a0f-4b82-9a9f-72233d160104 ] Request (TenantUsagesNegativeTestJSON:test_get_usage_tenant_with_empty_tenant_id): 404 GET http://10.180.1.21/compute/v2.1/os-simple-tenant-usage/?start=2024-10-17T08%3A59%3A58.645035&end=2024-10-19T08%3A59%3A58.645035 2.121s
2024-10-18 09:00:00.768 62709 WARNING tempest.lib.common.rest_client [-] Deprecated: "tenant_id" property is deprecated for removal, use "project_id" instead
2024-10-18 09:00:00.895 62715 INFO tempest.lib.common.rest_client [req-1980bf5c-66d4-440b-a290-ac59ea52d709 req-1980bf5c-66d4-440b-a290-ac59ea52d709 ] Request (ServersAdmin275Test:test_rebuild_update_server_275): 200 PUT http://10.180.1.21/compute/v2.1/servers/44a2ac83-3fff-4958-a1d3-b3884b42c211 2.229s
2024-10-18 09:00:00.920 62750 INFO tempest.lib.common.rest_client [req-838c1a61-e64e-491a-968d-c13385c53639 req-838c1a61-e64e-491a-968d-c13385c53639 ] Request (FlavorsExtraSpecsTestJSON:test_flavor_non_admin_get_all_keys): 200 POST http://10.180.1.21/compute/v2.1/flavors/275177923/os-extra_specs 2.168s
2024-10-18 09:00:00.946 62723 INFO tempest.lib.common.rest_client [req-3d404b72-9dc3-4fa5-b974-0d1016068771 req-3d404b72-9dc3-4fa5-b974-0d1016068771 ] Request (HostsAdminTestJSON:test_list_hosts_with_a_blank_zone): 200 GET http://10.180.1.21/compute/v2.1/os-hosts?zone= 2.076s
2024-10-18 09:00:00.952 62699 INFO tempest.lib.common.rest_client [req-798a6efb-e8d3-47e6-a8d3-b60d6a5a3537 req-798a6efb-e8d3-47e6-a8d3-b60d6a5a3537 ] Request (HypervisorAdminNegativeTestJSON:test_get_hypervisor_list_with_non_admin_user): 403 GET http://10.180.1.21/compute/v2.1/os-hypervisors 2.045s
2024-10-18 09:00:00.960 62732 INFO tempest.lib.common.rest_client [req-a8179ee5-b4b9-434e-89c2-ace8d4802d21 req-a8179ee5-b4b9-434e-89c2-ace8d4802d21 ] Request (VolumesAssistedSnapshotsTest:setUpClass): 200 PUT http://10.180.1.21:9696/networking/v2.0/routers/c34e0dc9-241a-45e3-b985-9b03ea05f478/add_router_interface 1.305s
