2024-10-18 09:01:16.061 62732 INFO tempest.lib.common.rest_client [req-6d4e8e00-1b09-492d-a845-bcde0e75e1f5 req-6d4e8e00-1b09-492d-a845-bcde0e75e1f5 ] Request (NetworksTest:tearDownClass): 204 DELETE http://10.180.1.21/identity/v3/projects/556a8fa6b0454890be60b9b32e387d30 0.153s
2024-10-18 09:01:16.061 62732 INFO tempest.lib.common.dynamic_creds [-] Deleting project and security group for project: 69025aa487664687b09c41357e9ccc3a
2024-10-18 09:01:16.069 62729 INFO tempest.lib.common.rest_client [req-345f6eec-a80d-4765-9b96-a00ccaa54a7b req-345f6eec-a80d-4765-9b96-a00ccaa54a7b ] Request (ServerRescueTestJSON:setUpClass): 200 GET http://10.180.1.21/compute/v2.1/servers/a8d7055e-e7a3-470a-ae96-f89753afa9df 0.247s
2024-10-18 09:01:16.076 62715 INFO tempest.lib.common.rest_client [req-1ac3f0b9-bd2b-4582-900a-fab689220385 req-1ac3f0b9-bd2b-4582-900a-fab689220385 ] Request (ServersV294TestFqdnHostnames:setUpClass): 201 POST http://10.180.1.21/identity/v3/auth/tokens 0.093s
2024-10-18 09:01:16.083 62729 INFO tempest.common.waiters [-] State transition "BUILD/None" ==> "BUILD/networking" after 40 second wait
2024-10-18 09:01:16.101 62713 INFO tempest.lib.common.rest_client [req-3a8324bf-73a0-4aa8-a9b6-5a013dbbffd8 req-3a8324bf-73a0-4aa8-a9b6-5a013dbbffd8 ] Request (ServerDiagnosticsTest:test_get_server_diagnostics): 200 GET http://10.180.1.21/compute/v2.1/servers/94703126-bb31-40af-b945-2ef5ff37e094 0.214s
2024-10-18 09:01:16.125 62699 INFO tempest.lib.common.rest_client [req-3725a9f5-af3c-41e0-a73e-827cb76e844f req-3725a9f5-af3c-41e0-a73e-827cb76e844f ] Request (VolumesAdminNegativeTest:test_update_attached_volume_with_nonexistent_volume_in_body): 200 GET http://10.180.1.21/compute/v2.1/servers/8c64f76d-cb18-41c5-9afa-e88af038f2b0 0.238s
2024-10-18 09:01:16.177 62737 INFO tempest.lib.common.rest_client [req-a36bd852-842c-431f-bd96-a0cd8f707f1c req-a36bd852-842c-431f-bd96-a0cd8f707f1c ] Request (ImagesTestJSON:test_create_image_from_suspended_server): 200 GET http://10.180.1.21/compute/v2.1/servers/01bbc9ec-f2ee-4a48-a33c-784861e81097 0.213s
2024-10-18 09:01:16.177 62750 INFO tempest.lib.common.rest_client [req-3f23e4a2-0475-47d5-b933-6fba6796f57e req-3f23e4a2-0475-47d5-b933-6fba6796f57e ] Request (InstanceActionsTestJSON:setUpClass): 200 GET http://10.180.1.21/compute/v2.1/servers/291beb16-db0e-4eb6-a224-2acfc14d6d77 0.133s
2024-10-18 09:01:16.203 62732 INFO tempest.lib.common.rest_client [req-aeed2806-9f48-46b9-9978-a18ea31dae5b req-aeed2806-9f48-46b9-9978-a18ea31dae5b ] Request (NetworksTest:tearDownClass): 200 GET http://10.180.1.21:9696/networking/v2.0/security-groups?tenant_id=69025aa487664687b09c41357e9ccc3a&name=default 0.142s
2024-10-18 09:01:16.230 62760 INFO tempest.lib.common.rest_client [req-226a7801-6c3e-4c2a-8f21-82ebe10b20a4 req-226a7801-6c3e-4c2a-8f21-82ebe10b20a4 ] Request (DeleteServersAdminTestJSON:test_delete_server_while_in_error_state): 200 GET http://10.180.1.21/compute/v2.1/servers/443e235d-32b2-4af7-bdae-3f30e8196ee3 0.123s
2024-10-18 09:01:16.284 62701 INFO tempest.lib.common.rest_client [req-1e860a33-67f8-4a72-8c13-480730d07ba7 req-1e860a33-67f8-4a72-8c13-480730d07ba7 ] Request (FloatingIPsAssociationNegativeTestJSON:setUpClass): 200 GET http://10.180.1.21/compute/v2.1/servers/a3f7edbe-4bba-4fff-9e62-99b7a85f971b 0.125s
2024-10-18 09:01:16.286 62732 INFO tempest.lib.common.rest_client [req-1bcc5924-f33a-4df6-b73c-12fae00893b8 req-1bcc5924-f33a-4df6-b73c-12fae00893b8 ] Request (NetworksTest:tearDownClass): 204 DELETE http://10.180.1.21:9696/networking/v2.0/security-groups/7929bc39-0425-467f-a695-34dcfc89122d 0.082s
2024-10-18 09:01:16.297 62715 INFO tempest.lib.common.rest_client [req-7b20a421-684e-4860-a490-f493e60825a3 req-7b20a421-684e-4860-a490-f493e60825a3 ] Request (ServersV294TestFqdnHostnames:setUpClass): 201 POST http://10.180.1.21/compute/v2.1/os-keypairs 0.220s
2024-10-18 09:01:16.344 62697 INFO tempest.lib.common.rest_client [req-71fefad5-2678-4ed7-ab35-2bdfe717de1e req-71fefad5-2678-4ed7-ab35-2bdfe717de1e ] Request (ServersTestFqdnHostnames:test_create_server_with_fqdn_name): 200 GET http://10.180.1.21/compute/v2.1/servers/3426ace3-0cff-4119-85fe-31e681a8597b 0.160s
2024-10-18 09:01:16.347 62717 INFO tempest.lib.common.rest_client [req-f03705de-00fc-4794-ae9e-600ab4ab8fdb req-f03705de-00fc-4794-ae9e-600ab4ab8fdb ] Request (SecurityGroupsTestJSON:test_server_security_groups): 200 GET http://10.180.1.21/compute/v2.1/servers/01a3e1be-d29b-45d7-987e-66a4395ae2a4 0.130s
2024-10-18 09:01:16.380 62732 INFO tempest.lib.common.rest_client [req-e3e21939-54a9-4672-b9a7-aca42c89b88b req-e3e21939-54a9-4672-b9a7-aca42c89b88b ] Request (NetworksTest:tearDownClass): 204 DELETE http://10.180.1.21/identity/v3/projects/69025aa487664687b09c41357e9ccc3a 0.093s
2024-10-18 09:01:16.400 62735 INFO tempest.lib.common.rest_client [req-d6df781d-fa1b-4a2f-8553-006d54eba37d req-d6df781d-fa1b-4a2f-8553-006d54eba37d ] Request (AttachInterfacesTestJSON:test_create_list_show_delete_interfaces_by_fixed_ip): 200 GET http://10.180.1.21/compute/v2.1/servers/b6efad50-aa2e-49f9-9ce7-5fead31db7a8 0.113s
2024-10-18 09:01:16.407 62709 INFO tempest.lib.common.rest_client [req-558a824a-d675-4855-8e4b-cd1d429760fe req-558a824a-d675-4855-8e4b-cd1d429760fe ] Request (ServersTestMultiNic:test_verify_multiple_nics_order): 200 GET http://10.180.1.21/compute/v2.1/servers/02cb219f-989f-45b5-a9ba-d0b5a521cfa2 0.159s
2024-10-18 09:01:16.410 62715 INFO tempest.lib.common.rest_client [req-7fd54034-f00b-4c74-88ee-166f9af1e59f req-7fd54034-f00b-4c74-88ee-166f9af1e59f ] Request (ServersV294TestFqdnHostnames:setUpClass): 201 POST http://10.180.1.21:9696/networking/v2.0/security-groups 0.111s
2024-10-18 09:01:16.454 62719 INFO tempest.lib.common.rest_client [req-3d885d38-9122-497d-93cb-a1040671c420 req-3d885d38-9122-497d-93cb-a1040671c420 ] Request (ServerActionsTestOtherB:setUpClass): 200 GET http://10.180.1.21/compute/v2.1/servers/578627be-e695-4953-8d0e-9763d12b9a28 0.145s
2024-10-18 09:01:16.462 62732 INFO tempest.lib.common.rest_client [req-48ddcebc-953a-4f5c-bfb5-161fc7562921 req-48ddcebc-953a-4f5c-bfb5-161fc7562921 ] Request (ImagesOneServerNegativeTestJSON:setUpClass): 201 POST http://10.180.1.21/identity/v3/auth/tokens 0.080s
2024-10-18 09:01:16.482 62755 INFO tempest.lib.common.rest_client [req-0504dd43-76af-4693-aa42-5d9c4a27a78d req-0504dd43-76af-4693-aa42-5d9c4a27a78d ] Request (ServerActionsV293TestJSON:setUpClass): 200 GET http://10.180.1.21/compute/v2.1/servers/a2747204-95c5-4200-8742-9ec39b4368c8 0.133s
2024-10-18 09:01:16.496 62732 INFO tempest.lib.common.rest_client [req-8339f535-b684-4aa6-9994-c461135089f7 req-8339f535-b684-4aa6-9994-c461135089f7 ] Request (ImagesOneServerNegativeTestJSON:setUpClass): 201 POST http://10.180.1.21/identity/v3/auth/tokens 0.030s
2024-10-18 09:01:16.505 62741 INFO tempest.lib.common.rest_client [req-7b765127-767b-44dc-9080-10a03efd5c96 req-7b765127-767b-44dc-9080-10a03efd5c96 ] Request (ServerRescueNegativeTestJSON:setUpClass): 200 GET http://10.180.1.21/compute/v2.1/servers/02b7a3c3-bdfd-47d9-acf7-afd7725cea64 0.143s
2024-10-18 09:01:16.520 62715 INFO tempest.lib.common.rest_client [req-d75cb2b3-0a29-4220-8af3-025d623f76c6 req-d75cb2b3-0a29-4220-8af3-025d623f76c6 ] Request (ServersV294TestFqdnHostnames:setUpClass): 201 POST http://10.180.1.21:9696/networking/v2.0/security-group-rules 0.110s
2024-10-18 09:01:16.526 62732 INFO tempest.lib.common.rest_client [req-1cca2e98-bcf8-4ee4-bde9-61467d489485 req-1cca2e98-bcf8-4ee4-bde9-61467d489485 ] Request (ImagesOneServerNegativeTestJSON:setUpClass): 200 GET http://10.180.1.21/identity/v3/domains?name=Default 0.029s
2024-10-18 09:01:16.534 62745 INFO tempest.lib.common.rest_client [req-8a3b75c5-eac8-4753-8a15-17c1c46c9daf req-8a3b75c5-eac8-4753-8a15-17c1c46c9daf ] Request (ServersAdminTestJSON:setUpClass): 200 GET http://10.180.1.21/compute/v2.1/servers/9b8ff88e-9e13-42b2-92b0-13af6873c916 0.137s
2024-10-18 09:01:16.558 62751 INFO tempest.lib.common.rest_client [req-f5023f86-1ab0-4ffe-a2a4-f76952d40e94 req-f5023f86-1ab0-4ffe-a2a4-f76952d40e94 ] Request (AttachVolumeNegativeTest:test_attach_attached_volume_to_different_server): 200 GET http://10.180.1.21/compute/v2.1/servers/a24776d9-9950-4c83-9641-9675cabd5fd3 0.093s
2024-10-18 09:01:16.564 62732 INFO tempest.lib.common.rest_client [req-7e72e88d-b130-432f-aeac-c2d2a24dbf6f req-7e72e88d-b130-432f-aeac-c2d2a24dbf6f ] Request (ImagesOneServerNegativeTestJSON:setUpClass): 201 POST http://10.180.1.21/identity/v3/projects 0.037s
2024-10-18 09:01:16.611 62703 INFO tempest.lib.common.rest_client [req-ebf29b9a-0a88-4d25-8902-2b3dc1868d47 req-ebf29b9a-0a88-4d25-8902-2b3dc1868d47 ] Request (ServerDiagnosticsV248Test:tearDownClass): 200 GET http://10.180.1.21/compute/v2.1/servers/00544d2a-1a15-4347-abe4-3641b5bf0cfe 0.071s
2024-10-18 09:01:16.617 62715 INFO tempest.lib.common.rest_client [req-34388cb5-4089-4380-b1de-b070b0711740 req-34388cb5-4089-4380-b1de-b070b0711740 ] Request (ServersV294TestFqdnHostnames:setUpClass): 201 POST http://10.180.1.21:9696/networking/v2.0/security-group-rules 0.097s
2024-10-18 09:01:16.629 62732 INFO tempest.lib.common.rest_client [req-669deefa-8233-4407-adaf-f4e71f9ea418 req-669deefa-8233-4407-adaf-f4e71f9ea418 ] Request (ImagesOneServerNegativeTestJSON:setUpClass): 201 POST http://10.180.1.21/identity/v3/users 0.064s
2024-10-18 09:01:16.658 62732 INFO tempest.lib.common.rest_client [req-c62057dc-98a0-4afd-93c7-aea151acd1f5 req-c62057dc-98a0-4afd-93c7-aea151acd1f5 ] Request (ImagesOneServerNegativeTestJSON:setUpClass): 200 GET http://10.180.1.21/identity/v3/roles 0.028s
2024-10-18 09:01:16.688 62732 INFO tempest.lib.common.rest_client [req-95fec411-2bce-4fa5-a2d5-a8d1c1a88178 req-95fec411-2bce-4fa5-a2d5-a8d1c1a88178 ] Request (ImagesOneServerNegativeTestJSON:setUpClass): 204 PUT http://10.180.1.21/identity/v3/projects/17fe89d746cd45458ab11731a253c25d/users/810ffd6bd798494cb98cdff99387f3f0/roles/b989ffef3a154cda9b1ea3de159ceffd 0.030s
2024-10-18 09:01:16.688 62732 INFO tempest.lib.common.dynamic_creds [-] Dynamic test user 810ffd6bd798494cb98cdff99387f3f0 is created with scope project and roles: ['member']
2024-10-18 09:01:16.688 62732 INFO tempest.lib.common.dynamic_creds [-] Acquired dynamic creds: credentials: Credentials: {'domain_id': 'default', 'domain_name': 'Default', 'username': 'tempest-ImagesOneServerNegativeTestJSON-472538221-project-member', 'project_domain_id': 'default', 'project_domain_name': 'Default', 'project_id': '17fe89d746cd45458ab11731a253c25d', 'project_name': 'tempest-ImagesOneServerNegativeTestJSON-472538221', 'tenant_id': '17fe89d746cd45458ab11731a253c25d', 'tenant_name': 'tempest-ImagesOneServerNegativeTestJSON-472538221', 'user_domain_id': 'default', 'user_domain_name': 'Default', 'user_id': '810ffd6bd798494cb98cdff99387f3f0', 'system': None}, Network: None, Subnet: None, Router: None
2024-10-18 09:01:16.705 62739 INFO tempest.lib.common.rest_client [req-8d688c5c-ca27-4e47-9162-52b251ae0712 req-8d688c5c-ca27-4e47-9162-52b251ae0712 ] Request (ListImageFiltersTestJSON:setUpClass): 200 GET http://10.180.1.21/compute/v2.1/servers/8a2699f3-3cc4-4ec3-899a-216e09ad086a 0.063s
2024-10-18 09:01:16.743 62725 INFO tempest.lib.common.rest_client [req-10849dfb-130a-4309-a815-5ee29145db87 req-10849dfb-130a-4309-a815-5ee29145db87 ] Request (DeleteServersTestJSON:test_delete_active_server): 200 GET http://10.180.1.21/compute/v2.1/servers/b51ddc3a-de97-4d51-adc9-e92b4fb0a150 0.052s
2024-10-18 09:01:16.752 62732 INFO tempest.lib.common.rest_client [req-01f9ca4f-b622-4199-b460-3e94c19c2548 req-01f9ca4f-b622-4199-b460-3e94c19c2548 ] Request (ImagesOneServerNegativeTestJSON:setUpClass): 201 POST http://10.180.1.21/identity/v3/auth/tokens 0.063s
2024-10-18 09:01:16.800 62757 INFO tempest.lib.common.rest_client [req-d80f5e2b-97db-4c4b-b134-e60f3e7a122d req-d80f5e2b-97db-4c4b-b134-e60f3e7a122d ] Request (MigrationsAdminTest:test_resize_server_revert_deleted_flavor): 200 GET http://10.180.1.21/compute/v2.1/servers/dba18c87-50a2-4ac8-8bd2-77f8f62b723c 0.056s
2024-10-18 09:01:16.883 62727 INFO tempest.lib.common.rest_client [req-7de06240-39a1-42b5-b59f-9c5516387293 req-7de06240-39a1-42b5-b59f-9c5516387293 ] Request (ServersTestJSON:setUpClass): 200 GET http://10.180.1.21/compute/v2.1/servers/724a8083-2bde-483e-bd5a-a928def284bf 0.060s
2024-10-18 09:01:16.979 62743 INFO tempest.lib.common.rest_client [req-c29db906-379d-4dda-90f8-8e2dbd52f94b req-c29db906-379d-4dda-90f8-8e2dbd52f94b ] Request (ServerPasswordTestJSON:setUpClass): 200 GET http://10.180.1.21/compute/v2.1/servers/61426715-7a38-475d-895a-0eb6d6040c66 0.086s
2024-10-18 09:01:17.020 62711 INFO tempest.lib.common.rest_client [req-ff65a0ea-2ae2-4984-af2c-49216b423595 req-ff65a0ea-2ae2-4984-af2c-49216b423595 ] Request (ServerDiagnosticsNegativeTest:test_get_server_diagnostics_by_non_admin): 200 GET http://10.180.1.21/compute/v2.1/servers/252df6ad-e29d-4596-bc99-4aae144bbcc5 0.055s
2024-10-18 09:01:17.100 62747 INFO tempest.lib.common.rest_client [req-eda2909c-d8ca-4a52-b2c4-b42c17490430 req-eda2909c-d8ca-4a52-b2c4-b42c17490430 ] Request (ServersTestJSON:test_create_server_specify_multibyte_character_name): 200 GET http://10.180.1.21/compute/v2.1/servers/9c7a44b1-d87a-42a7-95f3-b0b064ce1ef6 0.050s
2024-10-18 09:01:17.103 62733 INFO tempest.lib.common.rest_client [req-8d152207-0018-4167-97f8-2b8748281ec8 req-8d152207-0018-4167-97f8-2b8748281ec8 ] Request (ServersAaction247Test:test_create_backup): 200 GET http://10.180.1.21/compute/v2.1/servers/3b71c366-cbd9-4b98-aa0d-c55b56e69231 0.072s
2024-10-18 09:01:17.174 62713 INFO tempest.lib.common.rest_client [req-26744c3a-0c3e-46d3-900f-109f5e7a14c0 req-26744c3a-0c3e-46d3-900f-109f5e7a14c0 ] Request (ServerDiagnosticsTest:test_get_server_diagnostics): 200 GET http://10.180.1.21/compute/v2.1/servers/94703126-bb31-40af-b945-2ef5ff37e094 0.061s
2024-10-18 09:01:17.220 62732 INFO tempest.lib.common.rest_client [req-fe9d329b-167a-424a-bd57-697f46e67982 req-fe9d329b-167a-424a-bd57-697f46e67982 ] Request (ImagesOneServerNegativeTestJSON:setUpClass): 201 POST http://10.180.1.21:9696/networking/v2.0/networks 0.468s
2024-10-18 09:01:17.224 62729 INFO tempest.lib.common.rest_client [req-ed49875e-e39d-4a77-9ce1-a35720cd6647 req-ed49875e-e39d-4a77-9ce1-a35720cd6647 ] Request (ServerRescueTestJSON:setUpClass): 200 GET http://10.180.1.21/compute/v2.1/servers/a8d7055e-e7a3-470a-ae96-f89753afa9df 0.139s
2024-10-18 09:01:17.229 62699 INFO tempest.lib.common.rest_client [req-07029c75-2017-458f-a964-c07c27298099 req-07029c75-2017-458f-a964-c07c27298099 ] Request (VolumesAdminNegativeTest:test_update_attached_volume_with_nonexistent_volume_in_body): 200 GET http://10.180.1.21/compute/v2.1/servers/8c64f76d-cb18-41c5-9afa-e88af038f2b0 0.092s
2024-10-18 09:01:17.237 62729 INFO tempest.common.waiters [-] State transition "BUILD/networking" ==> "BUILD/spawning" after 41 second wait
2024-10-18 09:01:17.271 62715 INFO tempest.lib.common.rest_client [req-1c6787ad-7cb1-4320-aa8b-b92507d20be1 req-1c6787ad-7cb1-4320-aa8b-b92507d20be1 ] Request (ServersV294TestFqdnHostnames:setUpClass): 201 POST http://10.180.1.21:9696/networking/v2.0/floatingips 0.653s
2024-10-18 09:01:17.275 62737 INFO tempest.lib.common.rest_client [req-2f9b272e-bbeb-4749-83de-0a54acdc3413 req-2f9b272e-bbeb-4749-83de-0a54acdc3413 ] Request (ImagesTestJSON:test_create_image_from_suspended_server): 200 GET http://10.180.1.21/compute/v2.1/servers/01bbc9ec-f2ee-4a48-a33c-784861e81097 0.091s
2024-10-18 09:01:17.282 62750 INFO tempest.lib.common.rest_client [req-2ea6f949-d357-4a32-8a21-87a7b302810c req-2ea6f949-d357-4a32-8a21-87a7b302810c ] Request (InstanceActionsTestJSON:setUpClass): 200 GET http://10.180.1.21/compute/v2.1/servers/291beb16-db0e-4eb6-a224-2acfc14d6d77 0.098s
2024-10-18 09:01:17.327 62760 INFO tempest.lib.common.rest_client [req-4943e393-6a89-44f7-8707-0b184fb21df1 req-4943e393-6a89-44f7-8707-0b184fb21df1 ] Request (DeleteServersAdminTestJSON:test_delete_server_while_in_error_state): 200 GET http://10.180.1.21/compute/v2.1/servers/443e235d-32b2-4af7-bdae-3f30e8196ee3 0.089s
2024-10-18 09:01:17.352 62701 INFO tempest.lib.common.rest_client [req-e1075123-f2f2-4b2b-9059-9889274657bb req-e1075123-f2f2-4b2b-9059-9889274657bb ] Request (FloatingIPsAssociationNegativeTestJSON:setUpClass): 200 GET http://10.180.1.21/compute/v2.1/servers/a3f7edbe-4bba-4fff-9e62-99b7a85f971b 0.059s
2024-10-18 09:01:17.355 62715 INFO tempest.lib.common.rest_client [req-9b68cc88-02ba-40ce-9175-9fee14771a5a req-9b68cc88-02ba-40ce-9175-9fee14771a5a ] Request (ServersV294TestFqdnHostnames:setUpClass): 201 POST http://10.180.1.21/identity/v3/auth/tokens 0.079s
2024-10-18 09:01:17.355 62715 INFO tempest.lib.common.fixed_network [-] (ServersV294TestFqdnHostnames:setUpClass) Found network {'id': '5dfe6613-f8a3-4285-a696-2992c8329aa6', 'name': 'tempest-ServersV294TestFqdnHostnames-949560001-network', 'tenant_id': '001591acb4df47a29c7e639b3eba7ad0', 'admin_state_up': True, 'mtu': 8950, 'status': 'ACTIVE', 'subnets': [], 'shared': False, 'project_id': '001591acb4df47a29c7e639b3eba7ad0', 'port_security_enabled': True, 'router:external': False, 'provider:network_type': 'vlan', 'provider:physical_network': 'default', 'provider:segmentation_id': 58, 'is_default': False, 'availability_zone_hints': [], 'availability_zones': [], 'ipv4_address_scope': None, 'ipv6_address_scope': None, 'description': '', 'tags': [], 'created_at': '2024-10-18T09:01:13Z', 'updated_at': '2024-10-18T09:01:13Z', 'revision_number': 1} available for tenant
2024-10-18 09:01:17.406 62697 INFO tempest.lib.common.rest_client [req-020aebd6-a804-462c-8106-22aff46adb13 req-020aebd6-a804-462c-8106-22aff46adb13 ] Request (ServersTestFqdnHostnames:test_create_server_with_fqdn_name): 200 GET http://10.180.1.21/compute/v2.1/servers/3426ace3-0cff-4119-85fe-31e681a8597b 0.051s
2024-10-18 09:01:17.445 62732 INFO tempest.lib.common.rest_client [req-399a486a-5d93-4d91-b718-ae8989d5cc10 req-399a486a-5d93-4d91-b718-ae8989d5cc10 ] Request (ImagesOneServerNegativeTestJSON:setUpClass): 201 POST http://10.180.1.21:9696/networking/v2.0/subnets 0.224s
2024-10-18 09:01:17.450 62717 INFO tempest.lib.common.rest_client [req-4fe98d0e-b090-45f5-bd82-18d25989bb81 req-4fe98d0e-b090-45f5-bd82-18d25989bb81 ] Request (SecurityGroupsTestJSON:test_server_security_groups): 200 GET http://10.180.1.21/compute/v2.1/servers/01a3e1be-d29b-45d7-987e-66a4395ae2a4 0.089s
2024-10-18 09:01:17.499 62735 INFO tempest.lib.common.rest_client [req-4bb0da80-2cfb-4d92-8c5b-395590a664c9 req-4bb0da80-2cfb-4d92-8c5b-395590a664c9 ] Request (AttachInterfacesTestJSON:test_create_list_show_delete_interfaces_by_fixed_ip): 200 GET http://10.180.1.21/compute/v2.1/servers/b6efad50-aa2e-49f9-9ce7-5fead31db7a8 0.081s
2024-10-18 09:01:17.543 62709 INFO tempest.lib.common.rest_client [req-6d84881f-fd3f-4d0b-ace5-c248ceb69fab req-6d84881f-fd3f-4d0b-ace5-c248ceb69fab ] Request (ServersTestMultiNic:test_verify_multiple_nics_order): 200 GET http://10.180.1.21/compute/v2.1/servers/02cb219f-989f-45b5-a9ba-d0b5a521cfa2 0.124s
2024-10-18 09:01:17.586 62719 INFO tempest.lib.common.rest_client [req-0fcdb178-0d4f-4f63-ab00-c16e08339894 req-0fcdb178-0d4f-4f63-ab00-c16e08339894 ] Request (ServerActionsTestOtherB:setUpClass): 200 GET http://10.180.1.21/compute/v2.1/servers/578627be-e695-4953-8d0e-9763d12b9a28 0.120s
2024-10-18 09:01:17.643 62755 INFO tempest.lib.common.rest_client [req-d13f41e1-e368-41e0-b598-8e3e539d2c35 req-d13f41e1-e368-41e0-b598-8e3e539d2c35 ] Request (ServerActionsV293TestJSON:setUpClass): 200 GET http://10.180.1.21/compute/v2.1/servers/a2747204-95c5-4200-8742-9ec39b4368c8 0.149s
2024-10-18 09:01:17.703 62741 INFO tempest.lib.common.rest_client [req-d49de1d4-a046-4c83-8df4-e1b76914f713 req-d49de1d4-a046-4c83-8df4-e1b76914f713 ] Request (ServerRescueNegativeTestJSON:setUpClass): 200 GET http://10.180.1.21/compute/v2.1/servers/02b7a3c3-bdfd-47d9-acf7-afd7725cea64 0.189s
2024-10-18 09:01:17.752 62745 INFO tempest.lib.common.rest_client [req-4f30fd31-6ebb-403a-9bba-3987633c8c51 req-4f30fd31-6ebb-403a-9bba-3987633c8c51 ] Request (ServersAdminTestJSON:setUpClass): 200 GET http://10.180.1.21/compute/v2.1/servers/9b8ff88e-9e13-42b2-92b0-13af6873c916 0.211s
2024-10-18 09:01:17.794 62751 INFO tempest.lib.common.rest_client [req-9fd7bbc5-8b9a-475a-a9c7-01eb875d79da req-9fd7bbc5-8b9a-475a-a9c7-01eb875d79da ] Request (AttachVolumeNegativeTest:test_attach_attached_volume_to_different_server): 200 GET http://10.180.1.21/compute/v2.1/servers/a24776d9-9950-4c83-9641-9675cabd5fd3 0.229s
2024-10-18 09:01:17.848 62703 INFO tempest.lib.common.rest_client [req-aefed66b-77f9-4144-9ba9-e6639c02a44b req-aefed66b-77f9-4144-9ba9-e6639c02a44b ] Request (ServerDiagnosticsV248Test:tearDownClass): 200 GET http://10.180.1.21/compute/v2.1/servers/00544d2a-1a15-4347-abe4-3641b5bf0cfe 0.229s
2024-10-18 09:01:17.882 62715 INFO tempest.lib.common.rest_client [req-ded32dcd-5c71-42d9-9444-091ea8a3ec9e req-ded32dcd-5c71-42d9-9444-091ea8a3ec9e ] Request (ServersV294TestFqdnHostnames:setUpClass): 202 POST http://10.180.1.21/compute/v2.1/servers 0.525s
2024-10-18 09:01:17.906 62739 INFO tempest.lib.common.rest_client [req-78f95aad-0c83-4358-8bd7-25bdb8614d2c req-78f95aad-0c83-4358-8bd7-25bdb8614d2c ] Request (ListImageFiltersTestJSON:setUpClass): 200 GET http://10.180.1.21/compute/v2.1/servers/8a2699f3-3cc4-4ec3-899a-216e09ad086a 0.191s
2024-10-18 09:01:17.949 62725 INFO tempest.lib.common.rest_client [req-a8921c72-4eec-4b7a-9313-73f42c29747d req-a8921c72-4eec-4b7a-9313-73f42c29747d ] Request (DeleteServersTestJSON:test_delete_active_server): 200 GET http://10.180.1.21/compute/v2.1/servers/b51ddc3a-de97-4d51-adc9-e92b4fb0a150 0.200s
2024-10-18 09:01:17.957 62757 INFO tempest.lib.common.rest_client [req-6c4f4f12-5ea0-404a-9175-79c94e730614 req-6c4f4f12-5ea0-404a-9175-79c94e730614 ] Request (MigrationsAdminTest:test_resize_server_revert_deleted_flavor): 200 GET http://10.180.1.21/compute/v2.1/servers/dba18c87-50a2-4ac8-8bd2-77f8f62b723c 0.145s
2024-10-18 09:01:18.009 62727 INFO tempest.lib.common.rest_client [req-99e38ccf-dee9-4a40-91d7-f0ec09d9215f req-99e38ccf-dee9-4a40-91d7-f0ec09d9215f ] Request (ServersTestJSON:setUpClass): 200 GET http://10.180.1.21/compute/v2.1/servers/724a8083-2bde-483e-bd5a-a928def284bf 0.119s
2024-10-18 09:01:18.018 62715 INFO tempest.lib.common.rest_client [req-1a441bc1-c46f-4848-a6f9-f3723d78fd04 req-1a441bc1-c46f-4848-a6f9-f3723d78fd04 ] Request (ServersV294TestFqdnHostnames:setUpClass): 200 GET http://10.180.1.21/compute/v2.1/servers/47e44ea5-15f2-4ea3-bda9-ae4820c4b9c4 0.135s
2024-10-18 09:01:18.057 62743 INFO tempest.lib.common.rest_client [req-7c8634ad-4b8b-4c32-a37a-fa2c5117dcf6 req-7c8634ad-4b8b-4c32-a37a-fa2c5117dcf6 ] Request (ServerPasswordTestJSON:setUpClass): 200 GET http://10.180.1.21/compute/v2.1/servers/61426715-7a38-475d-895a-0eb6d6040c66 0.069s
2024-10-18 09:01:18.092 62711 INFO tempest.lib.common.rest_client [req-bd23d956-0c2c-4b37-8a6a-c2cf0ae64ec7 req-bd23d956-0c2c-4b37-8a6a-c2cf0ae64ec7 ] Request (ServerDiagnosticsNegativeTest:test_get_server_diagnostics_by_non_admin): 200 GET http://10.180.1.21/compute/v2.1/servers/252df6ad-e29d-4596-bc99-4aae144bbcc5 0.061s
2024-10-18 09:01:18.164 62747 INFO tempest.lib.common.rest_client [req-03bd2028-c211-4d0d-a1ae-0f8f4fb778f7 req-03bd2028-c211-4d0d-a1ae-0f8f4fb778f7 ] Request (ServersTestJSON:test_create_server_specify_multibyte_character_name): 200 GET http://10.180.1.21/compute/v2.1/servers/9c7a44b1-d87a-42a7-95f3-b0b064ce1ef6 0.056s
2024-10-18 09:01:18.179 62733 INFO tempest.lib.common.rest_client [req-3f18ad55-6ed2-4fe6-8670-5d8372073699 req-3f18ad55-6ed2-4fe6-8670-5d8372073699 ] Request (ServersAaction247Test:test_create_backup): 200 GET http://10.180.1.21/compute/v2.1/servers/3b71c366-cbd9-4b98-aa0d-c55b56e69231 0.066s
2024-10-18 09:01:18.246 62713 INFO tempest.lib.common.rest_client [req-5a5fada1-625c-44e7-9966-b4c7a56f0d28 req-5a5fada1-625c-44e7-9966-b4c7a56f0d28 ] Request (ServerDiagnosticsTest:test_get_server_diagnostics): 200 GET http://10.180.1.21/compute/v2.1/servers/94703126-bb31-40af-b945-2ef5ff37e094 0.056s
2024-10-18 09:01:18.302 62729 INFO tempest.lib.common.rest_client [req-6901e45e-bbb1-409f-b91e-8f3a9f121d94 req-6901e45e-bbb1-409f-b91e-8f3a9f121d94 ] Request (ServerRescueTestJSON:setUpClass): 200 GET http://10.180.1.21/compute/v2.1/servers/a8d7055e-e7a3-470a-ae96-f89753afa9df 0.064s
2024-10-18 09:01:18.303 62699 INFO tempest.lib.common.rest_client [req-abfe2f85-85c9-44ef-b2b5-5f7b496848aa req-abfe2f85-85c9-44ef-b2b5-5f7b496848aa ] Request (VolumesAdminNegativeTest:test_update_attached_volume_with_nonexistent_volume_in_body): 200 GET http://10.180.1.21/compute/v2.1/servers/8c64f76d-cb18-41c5-9afa-e88af038f2b0 0.063s
2024-10-18 09:01:18.358 62737 INFO tempest.lib.common.rest_client [req-0e737ef0-818b-48f0-a4e2-55fb0ea033bf req-0e737ef0-818b-48f0-a4e2-55fb0ea033bf ] Request (ImagesTestJSON:test_create_image_from_suspended_server): 200 GET http://10.180.1.21/compute/v2.1/servers/01bbc9ec-f2ee-4a48-a33c-784861e81097 0.075s
2024-10-18 09:01:18.360 62750 INFO tempest.lib.common.rest_client [req-5796b93e-693a-4cb7-969f-f910de7cf554 req-5796b93e-693a-4cb7-969f-f910de7cf554 ] Request (InstanceActionsTestJSON:setUpClass): 200 GET http://10.180.1.21/compute/v2.1/servers/291beb16-db0e-4eb6-a224-2acfc14d6d77 0.065s
2024-10-18 09:01:18.413 62701 INFO tempest.lib.common.rest_client [req-f11e4340-c63a-496b-a9e6-a00839df937b req-f11e4340-c63a-496b-a9e6-a00839df937b ] Request (FloatingIPsAssociationNegativeTestJSON:setUpClass): 200 GET http://10.180.1.21/compute/v2.1/servers/a3f7edbe-4bba-4fff-9e62-99b7a85f971b 0.053s
2024-10-18 09:01:18.420 62760 INFO tempest.lib.common.rest_client [req-af5e8b3c-29c3-431f-8d12-1f03b6be845b req-af5e8b3c-29c3-431f-8d12-1f03b6be845b ] Request (DeleteServersAdminTestJSON:test_delete_server_while_in_error_state): 200 GET http://10.180.1.21/compute/v2.1/servers/443e235d-32b2-4af7-bdae-3f30e8196ee3 0.083s
2024-10-18 09:01:18.451 62732 INFO tempest.lib.common.rest_client [req-1725b740-5f67-432f-b94b-8ad3008d80c0 req-1725b740-5f67-432f-b94b-8ad3008d80c0 ] Request (ImagesOneServerNegativeTestJSON:setUpClass): 201 POST http://10.180.1.21:9696/networking/v2.0/routers 1.005s
2024-10-18 09:01:18.499 62697 INFO tempest.lib.common.rest_client [req-f47e2779-585c-48df-ae33-5ad587389895 req-f47e2779-585c-48df-ae33-5ad587389895 ] Request (ServersTestFqdnHostnames:test_create_server_with_fqdn_name): 200 GET http://10.180.1.21/compute/v2.1/servers/3426ace3-0cff-4119-85fe-31e681a8597b 0.087s
2024-10-18 09:01:18.534 62717 INFO tempest.lib.common.rest_client [req-b3b2fe33-9f88-43d0-926c-8c8ca51fcdb7 req-b3b2fe33-9f88-43d0-926c-8c8ca51fcdb7 ] Request (SecurityGroupsTestJSON:test_server_security_groups): 200 GET http://10.180.1.21/compute/v2.1/servers/01a3e1be-d29b-45d7-987e-66a4395ae2a4 0.073s
2024-10-18 09:01:18.561 62735 INFO tempest.lib.common.rest_client [req-42388bf3-58d0-49db-a985-803e05897308 req-42388bf3-58d0-49db-a985-803e05897308 ] Request (AttachInterfacesTestJSON:test_create_list_show_delete_interfaces_by_fixed_ip): 200 GET http://10.180.1.21/compute/v2.1/servers/b6efad50-aa2e-49f9-9ce7-5fead31db7a8 0.055s
2024-10-18 09:01:18.605 62709 INFO tempest.lib.common.rest_client [req-285529d5-2d0f-4f5c-86a8-be8c9512b14e req-285529d5-2d0f-4f5c-86a8-be8c9512b14e ] Request (ServersTestMultiNic:test_verify_multiple_nics_order): 200 GET http://10.180.1.21/compute/v2.1/servers/02cb219f-989f-45b5-a9ba-d0b5a521cfa2 0.054s
2024-10-18 09:01:18.668 62719 INFO tempest.lib.common.rest_client [req-00e1d563-9ec0-4dad-b98d-ea5aa8b31eae req-00e1d563-9ec0-4dad-b98d-ea5aa8b31eae ] Request (ServerActionsTestOtherB:setUpClass): 200 GET http://10.180.1.21/compute/v2.1/servers/578627be-e695-4953-8d0e-9763d12b9a28 0.074s
2024-10-18 09:01:18.706 62755 INFO tempest.lib.common.rest_client [req-0296e11b-270c-4710-94b8-ed052b80fe9a req-0296e11b-270c-4710-94b8-ed052b80fe9a ] Request (ServerActionsV293TestJSON:setUpClass): 200 GET http://10.180.1.21/compute/v2.1/servers/a2747204-95c5-4200-8742-9ec39b4368c8 0.052s
2024-10-18 09:01:18.771 62741 INFO tempest.lib.common.rest_client [req-59ffe6d1-2457-4904-b470-d6b842119a3b req-59ffe6d1-2457-4904-b470-d6b842119a3b ] Request (ServerRescueNegativeTestJSON:setUpClass): 200 GET http://10.180.1.21/compute/v2.1/servers/02b7a3c3-bdfd-47d9-acf7-afd7725cea64 0.059s
2024-10-18 09:01:18.807 62745 INFO tempest.lib.common.rest_client [req-9de606d9-e355-48f4-be92-55f3bdb65545 req-9de606d9-e355-48f4-be92-55f3bdb65545 ] Request (ServersAdminTestJSON:setUpClass): 200 GET http://10.180.1.21/compute/v2.1/servers/9b8ff88e-9e13-42b2-92b0-13af6873c916 0.047s
2024-10-18 09:01:18.855 62751 INFO tempest.lib.common.rest_client [req-90c8016f-efbc-4064-8521-302ca366f1de req-90c8016f-efbc-4064-8521-302ca366f1de ] Request (AttachVolumeNegativeTest:test_attach_attached_volume_to_different_server): 200 GET http://10.180.1.21/compute/v2.1/servers/a24776d9-9950-4c83-9641-9675cabd5fd3 0.054s
2024-10-18 09:01:18.921 62703 INFO tempest.lib.common.rest_client [req-e4247ae1-a54f-44c4-9ede-199f00bba16a req-e4247ae1-a54f-44c4-9ede-199f00bba16a ] Request (ServerDiagnosticsV248Test:tearDownClass): 200 GET http://10.180.1.21/compute/v2.1/servers/00544d2a-1a15-4347-abe4-3641b5bf0cfe 0.065s
2024-10-18 09:01:18.972 62739 INFO tempest.lib.common.rest_client [req-c39bbf5d-e0da-4b96-930a-138fb2ba3320 req-c39bbf5d-e0da-4b96-930a-138fb2ba3320 ] Request (ListImageFiltersTestJSON:setUpClass): 200 GET http://10.180.1.21/compute/v2.1/servers/8a2699f3-3cc4-4ec3-899a-216e09ad086a 0.059s
2024-10-18 09:01:19.011 62725 INFO tempest.lib.common.rest_client [req-b2620516-4b48-4c24-966e-da54da0035a3 req-b2620516-4b48-4c24-966e-da54da0035a3 ] Request (DeleteServersTestJSON:test_delete_active_server): 200 GET http://10.180.1.21/compute/v2.1/servers/b51ddc3a-de97-4d51-adc9-e92b4fb0a150 0.055s
2024-10-18 09:01:19.029 62757 INFO tempest.lib.common.rest_client [req-ced774ce-d21e-42c0-bdb3-39df2ebe70a5 req-ced774ce-d21e-42c0-bdb3-39df2ebe70a5 ] Request (MigrationsAdminTest:test_resize_server_revert_deleted_flavor): 200 GET http://10.180.1.21/compute/v2.1/servers/dba18c87-50a2-4ac8-8bd2-77f8f62b723c 0.062s
2024-10-18 09:01:19.069 62727 INFO tempest.lib.common.rest_client [req-fbf13dac-6c11-4ec0-8243-766914e2a72e req-fbf13dac-6c11-4ec0-8243-766914e2a72e ] Request (ServersTestJSON:setUpClass): 200 GET http://10.180.1.21/compute/v2.1/servers/724a8083-2bde-483e-bd5a-a928def284bf 0.052s
2024-10-18 09:01:19.104 62715 INFO tempest.lib.common.rest_client [req-d135599a-e1e1-467f-86e7-99c475343dfe req-d135599a-e1e1-467f-86e7-99c475343dfe ] Request (ServersV294TestFqdnHostnames:setUpClass): 200 GET http://10.180.1.21/compute/v2.1/servers/47e44ea5-15f2-4ea3-bda9-ae4820c4b9c4 0.077s
2024-10-18 09:01:19.124 62743 INFO tempest.lib.common.rest_client [req-dfc3773a-fe99-4471-a892-1405d55cd6c9 req-dfc3773a-fe99-4471-a892-1405d55cd6c9 ] Request (ServerPasswordTestJSON:setUpClass): 200 GET http://10.180.1.21/compute/v2.1/servers/61426715-7a38-475d-895a-0eb6d6040c66 0.060s
2024-10-18 09:01:19.164 62711 INFO tempest.lib.common.rest_client [req-e7207348-de16-47cf-9b20-22f21fd32add req-e7207348-de16-47cf-9b20-22f21fd32add ] Request (ServerDiagnosticsNegativeTest:test_get_server_diagnostics_by_non_admin): 200 GET http://10.180.1.21/compute/v2.1/servers/252df6ad-e29d-4596-bc99-4aae144bbcc5 0.064s
2024-10-18 09:01:19.225 62747 INFO tempest.lib.common.rest_client [req-6a8c5d94-2352-4d02-85ec-6e089d27b09f req-6a8c5d94-2352-4d02-85ec-6e089d27b09f ] Request (ServersTestJSON:test_create_server_specify_multibyte_character_name): 200 GET http://10.180.1.21/compute/v2.1/servers/9c7a44b1-d87a-42a7-95f3-b0b064ce1ef6 0.053s
2024-10-18 09:01:19.261 62733 INFO tempest.lib.common.rest_client [req-d335be74-3625-4f21-9a3c-a8385b01b384 req-d335be74-3625-4f21-9a3c-a8385b01b384 ] Request (ServersAaction247Test:test_create_backup): 200 GET http://10.180.1.21/compute/v2.1/servers/3b71c366-cbd9-4b98-aa0d-c55b56e69231 0.070s
2024-10-18 09:01:19.297 62713 INFO tempest.lib.common.rest_client [req-8ca10653-b5c6-45af-b498-482aa60e1d8c req-8ca10653-b5c6-45af-b498-482aa60e1d8c ] Request (ServerDiagnosticsTest:test_get_server_diagnostics): 200 GET http://10.180.1.21/compute/v2.1/servers/94703126-bb31-40af-b945-2ef5ff37e094 0.044s
2024-10-18 09:01:19.359 62729 INFO tempest.lib.common.rest_client [req-c6af8132-e7c8-4003-b60c-f07f2f8449af req-c6af8132-e7c8-4003-b60c-f07f2f8449af ] Request (ServerRescueTestJSON:setUpClass): 200 GET http://10.180.1.21/compute/v2.1/servers/a8d7055e-e7a3-470a-ae96-f89753afa9df 0.045s
2024-10-18 09:01:19.371 62699 INFO tempest.lib.common.rest_client [req-c0f242ae-f44f-4353-b1f3-930a4b1b9bb1 req-c0f242ae-f44f-4353-b1f3-930a4b1b9bb1 ] Request (VolumesAdminNegativeTest:test_update_attached_volume_with_nonexistent_volume_in_body): 200 GET http://10.180.1.21/compute/v2.1/servers/8c64f76d-cb18-41c5-9afa-e88af038f2b0 0.061s
2024-10-18 09:01:19.414 62737 INFO tempest.lib.common.rest_client [req-3591e100-7db1-4703-afd6-7ed362c946ac req-3591e100-7db1-4703-afd6-7ed362c946ac ] Request (ImagesTestJSON:test_create_image_from_suspended_server): 200 GET http://10.180.1.21/compute/v2.1/servers/01bbc9ec-f2ee-4a48-a33c-784861e81097 0.048s
2024-10-18 09:01:19.476 62701 INFO tempest.lib.common.rest_client [req-5aace55b-c036-4a30-9321-625a98da1c7a req-5aace55b-c036-4a30-9321-625a98da1c7a ] Request (FloatingIPsAssociationNegativeTestJSON:setUpClass): 200 GET http://10.180.1.21/compute/v2.1/servers/a3f7edbe-4bba-4fff-9e62-99b7a85f971b 0.053s
2024-10-18 09:01:19.526 62760 INFO tempest.lib.common.rest_client [req-bfb7c736-c50b-405d-bfe8-7ff51c4644d3 req-bfb7c736-c50b-405d-bfe8-7ff51c4644d3 ] Request (DeleteServersAdminTestJSON:test_delete_server_while_in_error_state): 200 GET http://10.180.1.21/compute/v2.1/servers/443e235d-32b2-4af7-bdae-3f30e8196ee3 0.096s
2024-10-18 09:01:19.578 62697 INFO tempest.lib.common.rest_client [req-7abeaabf-684f-4b0d-83fc-f0b3bbda3010 req-7abeaabf-684f-4b0d-83fc-f0b3bbda3010 ] Request (ServersTestFqdnHostnames:test_create_server_with_fqdn_name): 200 GET http://10.180.1.21/compute/v2.1/servers/3426ace3-0cff-4119-85fe-31e681a8597b 0.066s
2024-10-18 09:01:19.580 62750 INFO tempest.lib.common.rest_client [req-497543cd-c910-4755-bfaa-71478494bafc req-497543cd-c910-4755-bfaa-71478494bafc ] Request (InstanceActionsTestJSON:setUpClass): 200 GET http://10.180.1.21/compute/v2.1/servers/291beb16-db0e-4eb6-a224-2acfc14d6d77 0.212s
2024-10-18 09:01:19.595 62732 INFO tempest.lib.common.rest_client [req-f049b8a9-9cf1-4522-8de8-8920dc5daffd req-f049b8a9-9cf1-4522-8de8-8920dc5daffd ] Request (ImagesOneServerNegativeTestJSON:setUpClass): 200 PUT http://10.180.1.21:9696/networking/v2.0/routers/c4c65030-4fef-4b98-8640-2048ec618bca/add_router_interface 1.144s
2024-10-18 09:01:19.595 62732 INFO tempest.lib.common.dynamic_creds [-] Created isolated network resources for: credentials: Credentials: {'domain_id': 'default', 'domain_name': 'Default', 'username': 'tempest-ImagesOneServerNegativeTestJSON-472538221-project-member', 'project_domain_id': 'default', 'project_domain_name': 'Default', 'project_id': '17fe89d746cd45458ab11731a253c25d', 'project_name': 'tempest-ImagesOneServerNegativeTestJSON-472538221', 'tenant_id': '17fe89d746cd45458ab11731a253c25d', 'tenant_name': 'tempest-ImagesOneServerNegativeTestJSON-472538221', 'user_domain_id': 'default', 'user_domain_name': 'Default', 'user_id': '810ffd6bd798494cb98cdff99387f3f0', 'system': None}, Network: {'id': '083e212e-c97d-451c-86c3-8dd58af8ad85', 'name': 'tempest-ImagesOneServerNegativeTestJSON-1720905158-network', 'tenant_id': '17fe89d746cd45458ab11731a253c25d', 'admin_state_up': True, 'mtu': 8950, 'status': 'ACTIVE', 'subnets': [], 'shared': False, 'project_id': '17fe89d746cd45458ab11731a253c25d', 'port_security_enabled': True, 'router:external': False, 'provider:network_type': 'vlan', 'provider:physical_network': 'default', 'provider:segmentation_id': 735, 'is_default': False, 'availability_zone_hints': [], 'availability_zones': [], 'ipv4_address_scope': None, 'ipv6_address_scope': None, 'description': '', 'tags': [], 'created_at': '2024-10-18T09:01:16Z', 'updated_at': '2024-10-18T09:01:17Z', 'revision_number': 1}, Subnet: {'id': '35cf84fb-2da0-4ff9-a820-fea797fccb36', 'name': 'tempest-ImagesOneServerNegativeTestJSON-1720905158-subnet', 'tenant_id': '17fe89d746cd45458ab11731a253c25d', 'network_id': '083e212e-c97d-451c-86c3-8dd58af8ad85', 'ip_version': 4, 'subnetpool_id': None, 'enable_dhcp': True, 'ipv6_ra_mode': None, 'ipv6_address_mode': None, 'gateway_ip': '192.168.128.1', 'cidr': '192.168.128.0/28', 'allocation_pools': [{'start': '192.168.128.2', 'end': '192.168.128.14'}], 'host_routes': [], 'dns_nameservers': [], 'description': '', 'router:external': False, 'service_types': [], 'tags': [], 'created_at': '2024-10-18T09:01:17Z', 'updated_at': '2024-10-18T09:01:17Z', 'revision_number': 0, 'project_id': '17fe89d746cd45458ab11731a253c25d'}, Router: {'id': 'c4c65030-4fef-4b98-8640-2048ec618bca', 'name': 'tempest-ImagesOneServerNegativeTestJSON-1720905158-router', 'tenant_id': '17fe89d746cd45458ab11731a253c25d', 'admin_state_up': True, 'status': 'ACTIVE', 'external_gateway_info': {'network_id': '03038c2c-0908-484e-8ef5-1ade2e834e52', 'external_fixed_ips': [{'subnet_id': 'a29531a5-4bc4-4aae-8429-2829aa5e8b74', 'ip_address': '10.180.180.243'}], 'enable_snat': True}, 'description': '', 'availability_zones': [], 'distributed': False, 'ha': False, 'availability_zone_hints': [], 'routes': [], 'flavor_id': None, 'tags': [], 'created_at': '2024-10-18T09:01:17Z', 'updated_at': '2024-10-18T09:01:18Z', 'revision_number': 2, 'project_id': '17fe89d746cd45458ab11731a253c25d'}
2024-10-18 09:01:19.624 62735 INFO tempest.lib.common.rest_client [req-5262fca2-a8bd-4356-9cc2-93ab074ad772 req-5262fca2-a8bd-4356-9cc2-93ab074ad772 ] Request (AttachInterfacesTestJSON:test_create_list_show_delete_interfaces_by_fixed_ip): 200 GET http://10.180.1.21/compute/v2.1/servers/b6efad50-aa2e-49f9-9ce7-5fead31db7a8 0.050s
2024-10-18 09:01:19.626 62717 INFO tempest.lib.common.rest_client [req-8bf8b306-46c0-4beb-a839-6116bc97b2b5 req-8bf8b306-46c0-4beb-a839-6116bc97b2b5 ] Request (SecurityGroupsTestJSON:test_server_security_groups): 200 GET http://10.180.1.21/compute/v2.1/servers/01a3e1be-d29b-45d7-987e-66a4395ae2a4 0.083s
2024-10-18 09:01:19.670 62709 INFO tempest.lib.common.rest_client [req-14f3f6f4-badc-4a5a-a615-afd322e4eef2 req-14f3f6f4-badc-4a5a-a615-afd322e4eef2 ] Request (ServersTestMultiNic:test_verify_multiple_nics_order): 200 GET http://10.180.1.21/compute/v2.1/servers/02cb219f-989f-45b5-a9ba-d0b5a521cfa2 0.056s
2024-10-18 09:01:19.680 62732 INFO tempest.lib.common.rest_client [req-e14c0c4f-5442-4410-8208-7461f7f51891 req-e14c0c4f-5442-4410-8208-7461f7f51891 ] Request (ImagesOneServerNegativeTestJSON:setUpClass): 201 POST http://10.180.1.21/identity/v3/auth/tokens 0.081s
2024-10-18 09:01:19.708 62732 INFO tempest.lib.common.rest_client [req-05338831-e7dc-42bb-bcd4-8ae608b8871e req-05338831-e7dc-42bb-bcd4-8ae608b8871e ] Request (ImagesOneServerNegativeTestJSON:setUpClass): 201 POST http://10.180.1.21/identity/v3/auth/tokens 0.024s
2024-10-18 09:01:19.709 62732 INFO tempest.lib.common.fixed_network [-] (ImagesOneServerNegativeTestJSON:setUpClass) Found network {'id': '083e212e-c97d-451c-86c3-8dd58af8ad85', 'name': 'tempest-ImagesOneServerNegativeTestJSON-1720905158-network', 'tenant_id': '17fe89d746cd45458ab11731a253c25d', 'admin_state_up': True, 'mtu': 8950, 'status': 'ACTIVE', 'subnets': [], 'shared': False, 'project_id': '17fe89d746cd45458ab11731a253c25d', 'port_security_enabled': True, 'router:external': False, 'provider:network_type': 'vlan', 'provider:physical_network': 'default', 'provider:segmentation_id': 735, 'is_default': False, 'availability_zone_hints': [], 'availability_zones': [], 'ipv4_address_scope': None, 'ipv6_address_scope': None, 'description': '', 'tags': [], 'created_at': '2024-10-18T09:01:16Z', 'updated_at': '2024-10-18T09:01:17Z', 'revision_number': 1} available for tenant
2024-10-18 09:01:19.725 62719 INFO tempest.lib.common.rest_client [req-daeb6bef-45da-466e-a024-f1d6cb5a30b2 req-daeb6bef-45da-466e-a024-f1d6cb5a30b2 ] Request (ServerActionsTestOtherB:setUpClass): 200 GET http://10.180.1.21/compute/v2.1/servers/578627be-e695-4953-8d0e-9763d12b9a28 0.049s
2024-10-18 09:01:19.778 62755 INFO tempest.lib.common.rest_client [req-efb200ef-0d1f-480f-a898-a224a361db76 req-efb200ef-0d1f-480f-a898-a224a361db76 ] Request (ServerActionsV293TestJSON:setUpClass): 200 GET http://10.180.1.21/compute/v2.1/servers/a2747204-95c5-4200-8742-9ec39b4368c8 0.062s
2024-10-18 09:01:19.825 62741 INFO tempest.lib.common.rest_client [req-96ada308-5a31-4a91-a726-1cc84d8086af req-96ada308-5a31-4a91-a726-1cc84d8086af ] Request (ServerRescueNegativeTestJSON:setUpClass): 200 GET http://10.180.1.21/compute/v2.1/servers/02b7a3c3-bdfd-47d9-acf7-afd7725cea64 0.046s
2024-10-18 09:01:19.881 62745 INFO tempest.lib.common.rest_client [req-5c9f330a-609b-4a64-8277-877b993b835d req-5c9f330a-609b-4a64-8277-877b993b835d ] Request (ServersAdminTestJSON:setUpClass): 200 GET http://10.180.1.21/compute/v2.1/servers/9b8ff88e-9e13-42b2-92b0-13af6873c916 0.067s
2024-10-18 09:01:19.934 62751 INFO tempest.lib.common.rest_client [req-b0ff597e-18f7-442e-a2fb-e2ede9d45fcd req-b0ff597e-18f7-442e-a2fb-e2ede9d45fcd ] Request (AttachVolumeNegativeTest:test_attach_attached_volume_to_different_server): 200 GET http://10.180.1.21/compute/v2.1/servers/a24776d9-9950-4c83-9641-9675cabd5fd3 0.072s
2024-10-18 09:01:19.993 62703 INFO tempest.lib.common.rest_client [req-66441461-660c-45f2-8394-d4fc92a7d399 req-66441461-660c-45f2-8394-d4fc92a7d399 ] Request (ServerDiagnosticsV248Test:tearDownClass): 200 GET http://10.180.1.21/compute/v2.1/servers/00544d2a-1a15-4347-abe4-3641b5bf0cfe 0.064s
2024-10-18 09:01:20.043 62739 INFO tempest.lib.common.rest_client [req-f60d34d8-a0f7-4a5e-a788-e886fe02e567 req-f60d34d8-a0f7-4a5e-a788-e886fe02e567 ] Request (ListImageFiltersTestJSON:setUpClass): 200 GET http://10.180.1.21/compute/v2.1/servers/8a2699f3-3cc4-4ec3-899a-216e09ad086a 0.064s
2024-10-18 09:01:20.094 62725 INFO tempest.lib.common.rest_client [req-6e9f9e41-f27c-40f4-bfe2-4f1a72f0200b req-6e9f9e41-f27c-40f4-bfe2-4f1a72f0200b ] Request (DeleteServersTestJSON:test_delete_active_server): 200 GET http://10.180.1.21/compute/v2.1/servers/b51ddc3a-de97-4d51-adc9-e92b4fb0a150 0.073s
2024-10-18 09:01:20.123 62732 INFO tempest.lib.common.rest_client [req-c8bd0a08-40c4-4d8a-b3e6-4557beb01326 req-c8bd0a08-40c4-4d8a-b3e6-4557beb01326 ] Request (ImagesOneServerNegativeTestJSON:setUpClass): 202 POST http://10.180.1.21/compute/v2.1/servers 0.413s
2024-10-18 09:01:20.143 62757 INFO tempest.lib.common.rest_client [req-d1badef8-4e35-48fc-bb2e-15178e4592dd req-d1badef8-4e35-48fc-bb2e-15178e4592dd ] Request (MigrationsAdminTest:test_resize_server_revert_deleted_flavor): 200 GET http://10.180.1.21/compute/v2.1/servers/dba18c87-50a2-4ac8-8bd2-77f8f62b723c 0.107s
2024-10-18 09:01:20.182 62727 INFO tempest.lib.common.rest_client [req-7f445f71-2dad-4bdd-88f7-2485a6a32426 req-7f445f71-2dad-4bdd-88f7-2485a6a32426 ] Request (ServersTestJSON:setUpClass): 200 GET http://10.180.1.21/compute/v2.1/servers/724a8083-2bde-483e-bd5a-a928def284bf 0.106s
2024-10-18 09:01:20.197 62715 INFO tempest.lib.common.rest_client [req-b45b51be-8047-43dd-84bb-db45cd703ff4 req-b45b51be-8047-43dd-84bb-db45cd703ff4 ] Request (ServersV294TestFqdnHostnames:setUpClass): 200 GET http://10.180.1.21/compute/v2.1/servers/47e44ea5-15f2-4ea3-bda9-ae4820c4b9c4 0.080s
2024-10-18 09:01:20.216 62732 INFO tempest.lib.common.rest_client [req-8c2d2e57-8414-4f8a-beb6-858a820a65d4 req-8c2d2e57-8414-4f8a-beb6-858a820a65d4 ] Request (ImagesOneServerNegativeTestJSON:setUpClass): 200 GET http://10.180.1.21/compute/v2.1/servers/770b6195-ab31-4df0-84b0-e8382732ec32 0.091s
2024-10-18 09:01:20.275 62711 INFO tempest.lib.common.rest_client [req-4a99f3a8-e279-4626-8268-40a88b255f04 req-4a99f3a8-e279-4626-8268-40a88b255f04 ] Request (ServerDiagnosticsNegativeTest:test_get_server_diagnostics_by_non_admin): 200 GET http://10.180.1.21/compute/v2.1/servers/252df6ad-e29d-4596-bc99-4aae144bbcc5 0.103s
2024-10-18 09:01:20.340 62747 INFO tempest.lib.common.rest_client [req-24b9370f-5a48-40d2-9399-7571e6890e07 req-24b9370f-5a48-40d2-9399-7571e6890e07 ] Request (ServersTestJSON:test_create_server_specify_multibyte_character_name): 200 GET http://10.180.1.21/compute/v2.1/servers/9c7a44b1-d87a-42a7-95f3-b0b064ce1ef6 0.107s
2024-10-18 09:01:20.403 62733 INFO tempest.lib.common.rest_client [req-3eddbf20-5062-48bf-aaef-2e455fa4746f req-3eddbf20-5062-48bf-aaef-2e455fa4746f ] Request (ServersAaction247Test:test_create_backup): 200 GET http://10.180.1.21/compute/v2.1/servers/3b71c366-cbd9-4b98-aa0d-c55b56e69231 0.130s
2024-10-18 09:01:20.405 62743 INFO tempest.lib.common.rest_client [req-7ac6ee4a-e1d5-4839-a8a0-924849034b82 req-7ac6ee4a-e1d5-4839-a8a0-924849034b82 ] Request (ServerPasswordTestJSON:setUpClass): 200 GET http://10.180.1.21/compute/v2.1/servers/61426715-7a38-475d-895a-0eb6d6040c66 0.273s
2024-10-18 09:01:20.452 62729 INFO tempest.lib.common.rest_client [req-be1f7de1-bc6c-44fb-b399-c221c6773167 req-be1f7de1-bc6c-44fb-b399-c221c6773167 ] Request (ServerRescueTestJSON:setUpClass): 200 GET http://10.180.1.21/compute/v2.1/servers/a8d7055e-e7a3-470a-ae96-f89753afa9df 0.086s
2024-10-18 09:01:20.465 62713 INFO tempest.lib.common.rest_client [req-b2829055-3a2b-45b3-bfbb-1e47b50c8d29 req-b2829055-3a2b-45b3-bfbb-1e47b50c8d29 ] Request (ServerDiagnosticsTest:test_get_server_diagnostics): 200 GET http://10.180.1.21/compute/v2.1/servers/94703126-bb31-40af-b945-2ef5ff37e094 0.162s
2024-10-18 09:01:20.506 62699 INFO tempest.lib.common.rest_client [req-51528b69-5389-4c15-b15c-46d5894df5c4 req-51528b69-5389-4c15-b15c-46d5894df5c4 ] Request (VolumesAdminNegativeTest:test_update_attached_volume_with_nonexistent_volume_in_body): 200 GET http://10.180.1.21/compute/v2.1/servers/8c64f76d-cb18-41c5-9afa-e88af038f2b0 0.127s
2024-10-18 09:01:20.520 62737 INFO tempest.lib.common.rest_client [req-39bfb452-fdd8-4b2e-9bf8-d562fbb54aab req-39bfb452-fdd8-4b2e-9bf8-d562fbb54aab ] Request (ImagesTestJSON:test_create_image_from_suspended_server): 200 GET http://10.180.1.21/compute/v2.1/servers/01bbc9ec-f2ee-4a48-a33c-784861e81097 0.098s
2024-10-18 09:01:20.552 62701 INFO tempest.lib.common.rest_client [req-ec3e19ce-13b6-4f21-8880-7f126ba03db0 req-ec3e19ce-13b6-4f21-8880-7f126ba03db0 ] Request (FloatingIPsAssociationNegativeTestJSON:setUpClass): 200 GET http://10.180.1.21/compute/v2.1/servers/a3f7edbe-4bba-4fff-9e62-99b7a85f971b 0.069s
2024-10-18 09:01:20.593 62760 INFO tempest.lib.common.rest_client [req-3531860f-091f-4378-83fc-704f1c676c56 req-3531860f-091f-4378-83fc-704f1c676c56 ] Request (DeleteServersAdminTestJSON:test_delete_server_while_in_error_state): 200 GET http://10.180.1.21/compute/v2.1/servers/443e235d-32b2-4af7-bdae-3f30e8196ee3 0.058s
2024-10-18 09:01:20.641 62697 INFO tempest.lib.common.rest_client [req-6a1ec584-58a3-4f6d-9d54-03086e50a9fc req-6a1ec584-58a3-4f6d-9d54-03086e50a9fc ] Request (ServersTestFqdnHostnames:test_create_server_with_fqdn_name): 200 GET http://10.180.1.21/compute/v2.1/servers/3426ace3-0cff-4119-85fe-31e681a8597b 0.055s
2024-10-18 09:01:20.652 62750 INFO tempest.lib.common.rest_client [req-e09a0e1b-44c4-43a1-9631-18d7a0061bbe req-e09a0e1b-44c4-43a1-9631-18d7a0061bbe ] Request (InstanceActionsTestJSON:setUpClass): 200 GET http://10.180.1.21/compute/v2.1/servers/291beb16-db0e-4eb6-a224-2acfc14d6d77 0.064s
2024-10-18 09:01:20.697 62735 INFO tempest.lib.common.rest_client [req-c7db5bc2-4118-4308-84e4-c4a96669ce40 req-c7db5bc2-4118-4308-84e4-c4a96669ce40 ] Request (AttachInterfacesTestJSON:test_create_list_show_delete_interfaces_by_fixed_ip): 200 GET http://10.180.1.21/compute/v2.1/servers/b6efad50-aa2e-49f9-9ce7-5fead31db7a8 0.063s
2024-10-18 09:01:20.709 62717 INFO tempest.lib.common.rest_client [req-4dc7ba35-8eae-44b2-92de-2a5b5ab1b16e req-4dc7ba35-8eae-44b2-92de-2a5b5ab1b16e ] Request (SecurityGroupsTestJSON:test_server_security_groups): 200 GET http://10.180.1.21/compute/v2.1/servers/01a3e1be-d29b-45d7-987e-66a4395ae2a4 0.076s
2024-10-18 09:01:20.745 62709 INFO tempest.lib.common.rest_client [req-c6b39e95-f29c-408c-975e-2736b5c10229 req-c6b39e95-f29c-408c-975e-2736b5c10229 ] Request (ServersTestMultiNic:test_verify_multiple_nics_order): 200 GET http://10.180.1.21/compute/v2.1/servers/02cb219f-989f-45b5-a9ba-d0b5a521cfa2 0.068s
2024-10-18 09:01:20.801 62719 INFO tempest.lib.common.rest_client [req-c4f60a23-5327-4138-9b27-2f24a541dc0c req-c4f60a23-5327-4138-9b27-2f24a541dc0c ] Request (ServerActionsTestOtherB:setUpClass): 200 GET http://10.180.1.21/compute/v2.1/servers/578627be-e695-4953-8d0e-9763d12b9a28 0.066s
2024-10-18 09:01:20.891 62741 INFO tempest.lib.common.rest_client [req-a3f7d960-11cf-44af-8dbe-089b916cfddf req-a3f7d960-11cf-44af-8dbe-089b916cfddf ] Request (ServerRescueNegativeTestJSON:setUpClass): 200 GET http://10.180.1.21/compute/v2.1/servers/02b7a3c3-bdfd-47d9-acf7-afd7725cea64 0.057s
2024-10-18 09:01:20.947 62755 INFO tempest.lib.common.rest_client [req-4206df64-7d56-4fb8-8c43-420e075a01fc req-4206df64-7d56-4fb8-8c43-420e075a01fc ] Request (ServerActionsV293TestJSON:setUpClass): 200 GET http://10.180.1.21/compute/v2.1/servers/a2747204-95c5-4200-8742-9ec39b4368c8 0.160s
2024-10-18 09:01:20.955 62755 INFO tempest.common.waiters [-] State transition "BUILD/None" ==> "BUILD/block_device_mapping" after 42 second wait
2024-10-18 09:01:20.965 62745 INFO tempest.lib.common.rest_client [req-b5d004ba-e536-4a22-ab5e-268dbcaf5baa req-b5d004ba-e536-4a22-ab5e-268dbcaf5baa ] Request (ServersAdminTestJSON:setUpClass): 200 GET http://10.180.1.21/compute/v2.1/servers/9b8ff88e-9e13-42b2-92b0-13af6873c916 0.074s
