2024-10-18 09:00:10.023 62707 INFO tempest.lib.common.rest_client [req-26d49015-7f39-4df0-8be0-1a1e2c68100e req-26d49015-7f39-4df0-8be0-1a1e2c68100e ] Request (HypervisorAdminV253TestBase:tearDownClass): 201 POST http://10.180.1.21/identity/v3/auth/tokens 0.336s
2024-10-18 09:00:10.051 62747 INFO tempest.lib.common.rest_client [req-9d2d0c9f-760e-4710-b93c-0fcbd6f9621d req-9d2d0c9f-760e-4710-b93c-0fcbd6f9621d ] Request (FlavorsV2TestJSON:setUpClass): 201 POST http://10.180.1.21/identity/v3/users 0.218s
2024-10-18 09:00:10.107 62699 INFO tempest.lib.common.rest_client [req-6b4250cf-c748-4d17-9a94-42d51ad3010c req-6b4250cf-c748-4d17-9a94-42d51ad3010c ] Request (HypervisorAdminNegativeTestJSON:tearDownClass): 204 DELETE http://10.180.1.21/identity/v3/projects/681b397eaf4d403582660358444209f1 0.242s
2024-10-18 09:00:10.122 62739 INFO tempest.lib.common.rest_client [req-8fbfab41-0a4d-46ad-a436-5295dd6dbe3e req-8fbfab41-0a4d-46ad-a436-5295dd6dbe3e ] Request (ListImageFiltersTestJSON:setUpClass): 201 POST http://10.180.1.21/image/v2/images 1.392s
2024-10-18 09:00:10.146 62745 INFO tempest.lib.common.rest_client [req-b0b83972-d99c-452e-b5bd-336d043e9d9b req-b0b83972-d99c-452e-b5bd-336d043e9d9b ] Request (ServersAdminTestJSON:setUpClass): 204 PUT http://10.180.1.21/identity/v3/projects/619748a24fb4457aaea6b0c596e2932d/users/b8f440f68fba4dc89e91c301b0fe07b7/roles/b989ffef3a154cda9b1ea3de159ceffd 0.244s
2024-10-18 09:00:10.146 62745 INFO tempest.lib.common.dynamic_creds [-] Dynamic test user b8f440f68fba4dc89e91c301b0fe07b7 is created with scope project and roles: ['member']
2024-10-18 09:00:10.146 62745 INFO tempest.lib.common.dynamic_creds [-] Acquired dynamic creds: credentials: Credentials: {'domain_id': 'default', 'domain_name': 'Default', 'username': 'tempest-ServersAdminTestJSON-1906789592-project-member', 'project_domain_id': 'default', 'project_domain_name': 'Default', 'project_id': '619748a24fb4457aaea6b0c596e2932d', 'project_name': 'tempest-ServersAdminTestJSON-1906789592', 'tenant_id': '619748a24fb4457aaea6b0c596e2932d', 'tenant_name': 'tempest-ServersAdminTestJSON-1906789592', 'user_domain_id': 'default', 'user_domain_name': 'Default', 'user_id': 'b8f440f68fba4dc89e91c301b0fe07b7', 'system': None}, Network: None, Subnet: None, Router: None
2024-10-18 09:00:10.189 62733 INFO tempest.lib.common.rest_client [req-4ad4e697-1371-41e4-b3cd-aad68b4a281a req-4ad4e697-1371-41e4-b3cd-aad68b4a281a ] Request (SecurityGroupRulesNegativeTestJSON:test_create_security_group_rule_duplicate): 200 POST http://10.180.1.21/compute/v2.1/os-security-groups 1.731s
2024-10-18 09:00:10.202 62727 INFO tempest.lib.common.rest_client [req-20e30e30-d7d5-47e9-b4d3-d92038e5d48f req-20e30e30-d7d5-47e9-b4d3-d92038e5d48f ] Request (SecurityGroupRulesTestJSON:setUpClass): 201 POST http://10.180.1.21/identity/v3/projects 0.189s
2024-10-18 09:00:10.252 62723 INFO tempest.lib.common.rest_client [req-fbdbe1a8-5bf9-455c-ad75-dec5bd9ef502 req-fbdbe1a8-5bf9-455c-ad75-dec5bd9ef502 ] Request (HostsAdminTestJSON:tearDownClass): 200 GET http://10.180.1.21:9696/networking/v2.0/security-groups?tenant_id=eb251bd347aa450889d72a976d47a378&name=default 0.303s
2024-10-18 09:00:10.264 62747 INFO tempest.lib.common.rest_client [req-7952db00-317b-4338-9165-5858269a2f63 req-7952db00-317b-4338-9165-5858269a2f63 ] Request (FlavorsV2TestJSON:setUpClass): 200 GET http://10.180.1.21/identity/v3/roles 0.212s
2024-10-18 09:00:10.279 62699 INFO tempest.lib.common.rest_client [req-b1b6f0b8-34d1-47c1-817f-6a6576f3ad4f req-b1b6f0b8-34d1-47c1-817f-6a6576f3ad4f ] Request (QuotasAdminTestV257:setUpClass): 201 POST http://10.180.1.21/identity/v3/auth/tokens 0.168s
2024-10-18 09:00:10.293 62745 INFO tempest.lib.common.rest_client [req-95bed6e8-457c-40d8-8b23-68cba3b21210 req-95bed6e8-457c-40d8-8b23-68cba3b21210 ] Request (ServersAdminTestJSON:setUpClass): 201 POST http://10.180.1.21/identity/v3/auth/tokens 0.146s
2024-10-18 09:00:10.312 62727 INFO tempest.lib.common.rest_client [req-04bf7202-3aae-47c2-9d3e-107893061f9a req-04bf7202-3aae-47c2-9d3e-107893061f9a ] Request (SecurityGroupRulesTestJSON:setUpClass): 201 POST http://10.180.1.21/identity/v3/users 0.110s
2024-10-18 09:00:10.343 62747 INFO tempest.lib.common.rest_client [req-d015810e-6858-4b73-94a6-e52f563163dc req-d015810e-6858-4b73-94a6-e52f563163dc ] Request (FlavorsV2TestJSON:setUpClass): 204 PUT http://10.180.1.21/identity/v3/projects/0ff61330f9b1467db76411bbac17f974/users/4a125529c39a41d5a48e9b260337d46e/roles/b989ffef3a154cda9b1ea3de159ceffd 0.078s
2024-10-18 09:00:10.343 62747 INFO tempest.lib.common.dynamic_creds [-] Dynamic test user 4a125529c39a41d5a48e9b260337d46e is created with scope project and roles: ['member']
2024-10-18 09:00:10.343 62747 INFO tempest.lib.common.dynamic_creds [-] Acquired dynamic creds: credentials: Credentials: {'domain_id': 'default', 'domain_name': 'Default', 'username': 'tempest-FlavorsV2TestJSON-916851612-project-member', 'project_domain_id': 'default', 'project_domain_name': 'Default', 'project_id': '0ff61330f9b1467db76411bbac17f974', 'project_name': 'tempest-FlavorsV2TestJSON-916851612', 'tenant_id': '0ff61330f9b1467db76411bbac17f974', 'tenant_name': 'tempest-FlavorsV2TestJSON-916851612', 'user_domain_id': 'default', 'user_domain_name': 'Default', 'user_id': '4a125529c39a41d5a48e9b260337d46e', 'system': None}, Network: None, Subnet: None, Router: None
2024-10-18 09:00:10.343 62747 INFO tempest.lib.common.dynamic_creds [-] Created isolated network resources for: credentials: Credentials: {'domain_id': 'default', 'domain_name': 'Default', 'username': 'tempest-FlavorsV2TestJSON-916851612-project-member', 'project_domain_id': 'default', 'project_domain_name': 'Default', 'project_id': '0ff61330f9b1467db76411bbac17f974', 'project_name': 'tempest-FlavorsV2TestJSON-916851612', 'tenant_id': '0ff61330f9b1467db76411bbac17f974', 'tenant_name': 'tempest-FlavorsV2TestJSON-916851612', 'user_domain_id': 'default', 'user_domain_name': 'Default', 'user_id': '4a125529c39a41d5a48e9b260337d46e', 'system': None}, Network: None, Subnet: None, Router: None
2024-10-18 09:00:10.403 62699 INFO tempest.lib.common.rest_client [req-4e5be86d-87ee-484e-9e66-ccba6aced38a req-4e5be86d-87ee-484e-9e66-ccba6aced38a ] Request (QuotasAdminTestV257:setUpClass): 201 POST http://10.180.1.21/identity/v3/auth/tokens 0.120s
2024-10-18 09:00:10.417 62760 INFO tempest.lib.common.rest_client [req-eddf0582-34ec-4c3b-bc2d-a9214b5e86b3 req-eddf0582-34ec-4c3b-bc2d-a9214b5e86b3 ] Request (DeleteServersAdminTestJSON:test_admin_delete_servers_of_others): 200 GET http://10.180.1.21/compute/v2.1/servers/61d0d996-78ad-4b20-a7f4-b8a8f130d969 1.949s
2024-10-18 09:00:10.426 62760 INFO tempest.common.waiters [-] State transition "BUILD/networking" ==> "BUILD/spawning" after 9 second wait
2024-10-18 09:00:10.438 62750 INFO tempest.lib.common.rest_client [req-2a162929-66bb-410d-84ce-b253f8e19486 req-2a162929-66bb-410d-84ce-b253f8e19486 ] Request (FlavorsExtraSpecsTestJSON:test_flavor_set_get_update_show_unset_keys): 200 DELETE http://10.180.1.21/compute/v2.1/flavors/275177923/os-extra_specs/hw:cpu_policy 1.962s
2024-10-18 09:00:10.450 62727 INFO tempest.lib.common.rest_client [req-149ef6ec-f038-4e58-b1e3-33bbc4a5a136 req-149ef6ec-f038-4e58-b1e3-33bbc4a5a136 ] Request (SecurityGroupRulesTestJSON:setUpClass): 200 GET http://10.180.1.21/identity/v3/roles 0.137s
2024-10-18 09:00:10.476 62699 INFO tempest.lib.common.rest_client [req-cbb5cf2b-1be7-4563-8a50-6cc3117dbc8e req-cbb5cf2b-1be7-4563-8a50-6cc3117dbc8e ] Request (QuotasAdminTestV257:setUpClass): 200 GET http://10.180.1.21/identity/v3/domains?name=Default 0.072s
2024-10-18 09:00:10.511 62727 INFO tempest.lib.common.rest_client [req-c1a21525-e9fe-43d4-bad7-865d76755bb9 req-c1a21525-e9fe-43d4-bad7-865d76755bb9 ] Request (SecurityGroupRulesTestJSON:setUpClass): 204 PUT http://10.180.1.21/identity/v3/projects/e6d1ea67d09f4e80a491052a8ac5b949/users/cb3d53560b114d7c94c4034e3b32296b/roles/b989ffef3a154cda9b1ea3de159ceffd 0.061s
2024-10-18 09:00:10.512 62727 INFO tempest.lib.common.dynamic_creds [-] Dynamic test user cb3d53560b114d7c94c4034e3b32296b is created with scope project and roles: ['member']
2024-10-18 09:00:10.512 62727 INFO tempest.lib.common.dynamic_creds [-] Acquired dynamic creds: credentials: Credentials: {'domain_id': 'default', 'domain_name': 'Default', 'username': 'tempest-SecurityGroupRulesTestJSON-121082116-project-member', 'project_domain_id': 'default', 'project_domain_name': 'Default', 'project_id': 'e6d1ea67d09f4e80a491052a8ac5b949', 'project_name': 'tempest-SecurityGroupRulesTestJSON-121082116', 'tenant_id': 'e6d1ea67d09f4e80a491052a8ac5b949', 'tenant_name': 'tempest-SecurityGroupRulesTestJSON-121082116', 'user_domain_id': 'default', 'user_domain_name': 'Default', 'user_id': 'cb3d53560b114d7c94c4034e3b32296b', 'system': None}, Network: None, Subnet: None, Router: None
2024-10-18 09:00:10.530 62747 INFO tempest.lib.common.rest_client [req-9b63ddf2-77f1-4aae-8277-26c83f890415 req-9b63ddf2-77f1-4aae-8277-26c83f890415 ] Request (FlavorsV2TestJSON:setUpClass): 201 POST http://10.180.1.21/identity/v3/auth/tokens 0.183s
2024-10-18 09:00:10.579 62699 INFO tempest.lib.common.rest_client [req-75051e43-59d8-4b76-b7ad-510cde7860af req-75051e43-59d8-4b76-b7ad-510cde7860af ] Request (QuotasAdminTestV257:setUpClass): 201 POST http://10.180.1.21/identity/v3/projects 0.102s
2024-10-18 09:00:10.597 62729 INFO tempest.lib.common.rest_client [req-d6e051f8-7094-40d4-a58c-0d6de4c6a02d req-d6e051f8-7094-40d4-a58c-0d6de4c6a02d ] Request (ServicesAdminNegativeV253TestJSON:tearDownClass): 200 GET http://10.180.1.21:9696/networking/v2.0/security-groups?tenant_id=3635633c4da6415f8fb681232fdb894b&name=default 0.627s
2024-10-18 09:00:10.617 62732 INFO tempest.lib.common.rest_client [req-b987dc46-0a1b-49d2-8577-0096ce102ff9 req-b987dc46-0a1b-49d2-8577-0096ce102ff9 ] Request (VolumesAssistedSnapshotsTest:test_volume_assisted_snapshot_create_delete): 201 POST http://10.180.1.21:9696/networking/v2.0/floatingips 1.266s
2024-10-18 09:00:10.626 62709 INFO tempest.lib.common.rest_client [req-0d37d471-8dbb-41d1-83e3-241226e54ccc req-0d37d471-8dbb-41d1-83e3-241226e54ccc ] Request (ServersTestMultiNic:setUpClass): 201 POST http://10.180.1.21:9696/networking/v2.0/routers 2.005s
2024-10-18 09:00:10.650 62727 INFO tempest.lib.common.rest_client [req-a7c94395-4e18-48c6-8a8f-5ec706e0baec req-a7c94395-4e18-48c6-8a8f-5ec706e0baec ] Request (SecurityGroupRulesTestJSON:setUpClass): 201 POST http://10.180.1.21/identity/v3/auth/tokens 0.137s
2024-10-18 09:00:10.673 62699 INFO tempest.lib.common.rest_client [req-518334d6-a5ff-4a41-8402-781482ca51c1 req-518334d6-a5ff-4a41-8402-781482ca51c1 ] Request (QuotasAdminTestV257:setUpClass): 201 POST http://10.180.1.21/identity/v3/users 0.094s
2024-10-18 09:00:10.682 62721 INFO tempest.lib.common.rest_client [req-99796996-4a75-4429-aba5-2bf2f18a21e5 req-99796996-4a75-4429-aba5-2bf2f18a21e5 ] Request (FlavorsAccessTestJSON:tearDownClass): 200 GET http://10.180.1.21:9696/networking/v2.0/security-groups?tenant_id=ffda340664e64152af0eadb39635ce48&name=default 0.682s
2024-10-18 09:00:10.720 62699 INFO tempest.lib.common.rest_client [req-208b0d52-f037-4258-a3aa-f6e45ae2f07f req-208b0d52-f037-4258-a3aa-f6e45ae2f07f ] Request (QuotasAdminTestV257:setUpClass): 200 GET http://10.180.1.21/identity/v3/roles 0.047s
2024-10-18 09:00:10.729 62732 INFO tempest.lib.common.rest_client [req-32d33c10-2470-401b-980d-e9dcd834a941 req-32d33c10-2470-401b-980d-e9dcd834a941 ] Request (VolumesAssistedSnapshotsTest:test_volume_assisted_snapshot_create_delete): 201 POST http://10.180.1.21/identity/v3/auth/tokens 0.107s
2024-10-18 09:00:10.730 62732 INFO tempest.lib.common.fixed_network [-] (VolumesAssistedSnapshotsTest:test_volume_assisted_snapshot_create_delete) Found network {'id': '8bd83e8b-fa08-4121-891c-68a53be24064', 'name': 'tempest-VolumesAssistedSnapshotsTest-1352517110-network', 'tenant_id': '26d2a78cc07d4ca686d7b4d3beea449a', 'admin_state_up': True, 'mtu': 8950, 'status': 'ACTIVE', 'subnets': [], 'shared': False, 'project_id': '26d2a78cc07d4ca686d7b4d3beea449a', 'port_security_enabled': True, 'router:external': False, 'provider:network_type': 'vlan', 'provider:physical_network': 'default', 'provider:segmentation_id': 551, 'is_default': False, 'availability_zone_hints': [], 'availability_zones': [], 'ipv4_address_scope': None, 'ipv6_address_scope': None, 'description': '', 'tags': [], 'created_at': '2024-10-18T08:59:52Z', 'updated_at': '2024-10-18T08:59:52Z', 'revision_number': 1} available for tenant
2024-10-18 09:00:10.746 62707 INFO tempest.lib.common.rest_client [req-5cbda5a1-d000-4a40-a02f-40583e3fe186 req-5cbda5a1-d000-4a40-a02f-40583e3fe186 ] Request (HypervisorAdminV253TestBase:tearDownClass): 200 GET http://10.180.1.21:9696/networking/v2.0/security-groups?tenant_id=cdc5625262784e348ff07513bb944845&name=default 0.723s
2024-10-18 09:00:10.750 62699 INFO tempest.lib.common.rest_client [req-0909e283-2765-420f-8861-2b0d82cd6350 req-0909e283-2765-420f-8861-2b0d82cd6350 ] Request (QuotasAdminTestV257:setUpClass): 204 PUT http://10.180.1.21/identity/v3/projects/db4c360eecde42bfae0baceaeb32fcd2/users/f0423840fc3b462ab77527567dc73a7d/roles/b989ffef3a154cda9b1ea3de159ceffd 0.029s
2024-10-18 09:00:10.750 62699 INFO tempest.lib.common.dynamic_creds [-] Dynamic test user f0423840fc3b462ab77527567dc73a7d is created with scope project and roles: ['member']
2024-10-18 09:00:10.750 62699 INFO tempest.lib.common.dynamic_creds [-] Acquired dynamic creds: credentials: Credentials: {'domain_id': 'default', 'domain_name': 'Default', 'username': 'tempest-QuotasAdminTestV257-1477947211-project-member', 'project_domain_id': 'default', 'project_domain_name': 'Default', 'project_id': 'db4c360eecde42bfae0baceaeb32fcd2', 'project_name': 'tempest-QuotasAdminTestV257-1477947211', 'tenant_id': 'db4c360eecde42bfae0baceaeb32fcd2', 'tenant_name': 'tempest-QuotasAdminTestV257-1477947211', 'user_domain_id': 'default', 'user_domain_name': 'Default', 'user_id': 'f0423840fc3b462ab77527567dc73a7d', 'system': None}, Network: None, Subnet: None, Router: None
2024-10-18 09:00:10.751 62699 INFO tempest.lib.common.dynamic_creds [-] Created isolated network resources for: credentials: Credentials: {'domain_id': 'default', 'domain_name': 'Default', 'username': 'tempest-QuotasAdminTestV257-1477947211-project-member', 'project_domain_id': 'default', 'project_domain_name': 'Default', 'project_id': 'db4c360eecde42bfae0baceaeb32fcd2', 'project_name': 'tempest-QuotasAdminTestV257-1477947211', 'tenant_id': 'db4c360eecde42bfae0baceaeb32fcd2', 'tenant_name': 'tempest-QuotasAdminTestV257-1477947211', 'user_domain_id': 'default', 'user_domain_name': 'Default', 'user_id': 'f0423840fc3b462ab77527567dc73a7d', 'system': None}, Network: None, Subnet: None, Router: None
2024-10-18 09:00:10.771 62701 INFO tempest.lib.common.rest_client [req-1df19e7f-0cb2-44ad-94e1-4447f85b145b req-1df19e7f-0cb2-44ad-94e1-4447f85b145b ] Request (QuotasAdminTestJSON:test_get_updated_quotas): 200 PUT http://10.180.1.21/compute/v2.1/os-quota-sets/1ab645fbd9564ed4a8d513a0f697007d?user_id=211d502439dd4dfdbd3c78987976ad38 2.060s
2024-10-18 09:00:10.842 62699 INFO tempest.lib.common.rest_client [req-cbf9a79f-639e-4e28-a6d2-f68c44ad59ca req-cbf9a79f-639e-4e28-a6d2-f68c44ad59ca ] Request (QuotasAdminTestV257:setUpClass): 201 POST http://10.180.1.21/identity/v3/auth/tokens 0.087s
2024-10-18 09:00:10.903 62723 INFO tempest.lib.common.rest_client [req-76d9d886-8ac4-460f-884f-0d3908facf65 req-76d9d886-8ac4-460f-884f-0d3908facf65 ] Request (HostsAdminTestJSON:tearDownClass): 204 DELETE http://10.180.1.21:9696/networking/v2.0/security-groups/87804178-4912-4a6e-b0a8-b8cec0c42fca 0.650s
2024-10-18 09:00:10.933 62757 INFO tempest.lib.common.rest_client [req-6ad964b0-59a6-43cc-9199-75bf00806935 req-6ad964b0-59a6-43cc-9199-75bf00806935 ] Request (MigrationsAdminTest:test_list_migrations_in_flavor_resize_situation): 202 POST http://10.180.1.21/compute/v2.1/servers 2.457s
2024-10-18 09:00:10.944 62699 INFO tempest.lib.common.rest_client [req-8a7b1a1e-c4f4-4a70-81f2-6b551ec5ed75 req-8a7b1a1e-c4f4-4a70-81f2-6b551ec5ed75 ] Request (QuotasAdminTestV257:setUpClass): 201 POST http://10.180.1.21/identity/v3/projects 0.101s
2024-10-18 09:00:11.021 62707 INFO tempest.lib.common.rest_client [req-327124a2-8a22-40d5-8111-8d8ed441c33c req-327124a2-8a22-40d5-8111-8d8ed441c33c ] Request (HypervisorAdminV253TestBase:tearDownClass): 204 DELETE http://10.180.1.21:9696/networking/v2.0/security-groups/6a30af08-632f-4347-88fb-9e9268c675c5 0.274s
2024-10-18 09:00:11.065 62723 INFO tempest.lib.common.rest_client [req-b80530a8-abb8-40e5-b6bf-6d2947b6f09e req-b80530a8-abb8-40e5-b6bf-6d2947b6f09e ] Request (HostsAdminTestJSON:tearDownClass): 204 DELETE http://10.180.1.21/identity/v3/projects/eb251bd347aa450889d72a976d47a378 0.162s
2024-10-18 09:00:11.070 62699 INFO tempest.lib.common.rest_client [req-225cb160-f6d8-4c6c-9dad-0251bd174524 req-225cb160-f6d8-4c6c-9dad-0251bd174524 ] Request (QuotasAdminTestV257:setUpClass): 201 POST http://10.180.1.21/identity/v3/users 0.126s
2024-10-18 09:00:11.079 62703 INFO tempest.lib.common.rest_client [req-2f3c66d6-e66f-4658-8d83-83f24b72f199 req-2f3c66d6-e66f-4658-8d83-83f24b72f199 ] Request (QuotasAdminNegativeTest:test_create_server_when_memory_quota_is_full): 200 PUT http://10.180.1.21/compute/v2.1/os-quota-sets/55a9d777bbd9408f9f69cb871680234c 2.232s
2024-10-18 09:00:11.131 62723 INFO tempest.lib.common.rest_client [req-fbcad00d-0115-4599-8100-c5d169406a23 req-fbcad00d-0115-4599-8100-c5d169406a23 ] Request (ServicesAdminNegativeTestJSON:setUpClass): 201 POST http://10.180.1.21/identity/v3/auth/tokens 0.064s
2024-10-18 09:00:11.150 62707 INFO tempest.lib.common.rest_client [req-75e67091-4610-475b-9b21-ae70d6fcc0e9 req-75e67091-4610-475b-9b21-ae70d6fcc0e9 ] Request (HypervisorAdminV253TestBase:tearDownClass): 204 DELETE http://10.180.1.21/identity/v3/projects/cdc5625262784e348ff07513bb944845 0.127s
2024-10-18 09:00:11.150 62707 INFO tempest.lib.common.dynamic_creds [-] Deleting project and security group for project: 02328193246249bc89abf7a5d05d9579
2024-10-18 09:00:11.186 62699 INFO tempest.lib.common.rest_client [req-5ae4428d-6b3e-4c03-aee4-f8a19acaac58 req-5ae4428d-6b3e-4c03-aee4-f8a19acaac58 ] Request (QuotasAdminTestV257:setUpClass): 200 GET http://10.180.1.21/identity/v3/roles 0.115s
2024-10-18 09:00:11.200 62703 INFO tempest.lib.common.rest_client [req-aa0a2341-c34f-44e8-acc4-0070d392e530 req-aa0a2341-c34f-44e8-acc4-0070d392e530 ] Request (QuotasAdminNegativeTest:test_create_server_when_memory_quota_is_full): 201 POST http://10.180.1.21/identity/v3/auth/tokens 0.113s
2024-10-18 09:00:11.201 62703 INFO tempest.lib.common.fixed_network [-] (QuotasAdminNegativeTest:test_create_server_when_memory_quota_is_full) Found network None available for tenant
2024-10-18 09:00:11.213 62751 INFO tempest.lib.common.rest_client [req-c5c8126f-aead-422b-8659-36637549a6d3 req-c5c8126f-aead-422b-8659-36637549a6d3 ] Request (ImagesOneServerTestJSON:setUpClass): 200 GET http://10.180.1.21/compute/v2.1/servers/7da5a822-6681-4dc6-b637-926ce425a042 2.116s
2024-10-18 09:00:11.222 62751 INFO tempest.common.waiters [-] State transition "BUILD/None" ==> "BUILD/spawning" after 10 second wait
2024-10-18 09:00:11.222 62723 INFO tempest.lib.common.rest_client [req-231895ac-5797-4a85-aed9-f5c2506927f1 req-231895ac-5797-4a85-aed9-f5c2506927f1 ] Request (ServicesAdminNegativeTestJSON:setUpClass): 201 POST http://10.180.1.21/identity/v3/auth/tokens 0.088s
2024-10-18 09:00:11.234 62741 INFO tempest.lib.common.rest_client [req-6cd90852-fb6f-4a41-915b-455c99423df7 req-6cd90852-fb6f-4a41-915b-455c99423df7 ] Request (AggregatesAdminNegativeTestJSON:_run_cleanups): 200 DELETE http://10.180.1.21/compute/v2.1/os-aggregates/3 2.100s
2024-10-18 09:00:11.250 62699 INFO tempest.lib.common.rest_client [req-3034d499-5624-48ea-ab64-e1411f5e1df6 req-3034d499-5624-48ea-ab64-e1411f5e1df6 ] Request (QuotasAdminTestV257:setUpClass): 204 PUT http://10.180.1.21/identity/v3/projects/fa8f84ccdf8a4fcca55b5c0ee98c494e/users/550f12b6ee3645b583a56368f8d3eed7/roles/a7f48d5068ff4f98aa5b28cd0bc90952 0.064s
2024-10-18 09:00:11.252 62735 INFO tempest.lib.common.rest_client [req-45023baf-36be-4537-a9f2-4e91fe9f12fd req-45023baf-36be-4537-a9f2-4e91fe9f12fd ] Request (FlavorsAdminTestJSON:_run_cleanups): 202 DELETE http://10.180.1.21/compute/v2.1/flavors/54c591d8-c423-4353-855a-75ca0829c6af 2.074s
2024-10-18 09:00:11.268 62697 INFO tempest.lib.common.rest_client [req-f1a536bd-9240-4429-8edc-7c35ba7e4b2b req-f1a536bd-9240-4429-8edc-7c35ba7e4b2b ] Request (FlavorsExtraSpecsNegativeTestJSON:tearDownClass): 200 GET http://10.180.1.21/compute/v2.1/flavors/detail 2.058s
2024-10-18 09:00:11.283 62713 INFO tempest.lib.common.rest_client [req-f0534b40-983e-4f29-95ec-b87149492977 req-f0534b40-983e-4f29-95ec-b87149492977 ] Request (FlavorsAccessNegativeTestJSON:test_flavor_non_admin_add): 200 POST http://10.180.1.21/compute/v2.1/flavors 1.859s
2024-10-18 09:00:11.298 62723 INFO tempest.lib.common.rest_client [req-9c017ff4-d9d3-40c5-b038-714e0d503933 req-9c017ff4-d9d3-40c5-b038-714e0d503933 ] Request (ServicesAdminNegativeTestJSON:setUpClass): 200 GET http://10.180.1.21/identity/v3/domains?name=Default 0.075s
2024-10-18 09:00:11.305 62699 INFO tempest.lib.common.rest_client [req-a67a01a7-f439-48d9-8ab6-16aa1d0dee43 req-a67a01a7-f439-48d9-8ab6-16aa1d0dee43 ] Request (QuotasAdminTestV257:setUpClass): 200 GET http://10.180.1.21/identity/v3/roles 0.054s
2024-10-18 09:00:11.387 62697 INFO tempest.lib.common.rest_client [req-d75fe3e0-7205-4155-aac6-864c2579d832 req-d75fe3e0-7205-4155-aac6-864c2579d832 ] Request (FlavorsExtraSpecsNegativeTestJSON:tearDownClass): 204 DELETE http://10.180.1.21/identity/v3/users/4012b80401b54cf2ad0aca565bfa018c 0.115s
2024-10-18 09:00:11.391 62707 INFO tempest.lib.common.rest_client [req-69c45bdf-be8f-4ffb-8f69-0d763dd79e89 req-69c45bdf-be8f-4ffb-8f69-0d763dd79e89 ] Request (HypervisorAdminV253TestBase:tearDownClass): 200 GET http://10.180.1.21:9696/networking/v2.0/security-groups?tenant_id=02328193246249bc89abf7a5d05d9579&name=default 0.240s
2024-10-18 09:00:11.442 62723 INFO tempest.lib.common.rest_client [req-0dcaa0fd-1614-4598-8659-897df0a229b5 req-0dcaa0fd-1614-4598-8659-897df0a229b5 ] Request (ServicesAdminNegativeTestJSON:setUpClass): 201 POST http://10.180.1.21/identity/v3/projects 0.144s
2024-10-18 09:00:11.471 62721 INFO tempest.lib.common.rest_client [req-b79e6a22-2492-4793-82d0-95cffe94de21 req-b79e6a22-2492-4793-82d0-95cffe94de21 ] Request (FlavorsAccessTestJSON:tearDownClass): 204 DELETE http://10.180.1.21:9696/networking/v2.0/security-groups/9b572acf-3174-42ce-8e08-6ba649ca5566 0.789s
2024-10-18 09:00:11.507 62699 INFO tempest.lib.common.rest_client [req-f3f94be4-d47c-4145-926a-7077867c3a6a req-f3f94be4-d47c-4145-926a-7077867c3a6a ] Request (QuotasAdminTestV257:setUpClass): 204 PUT http://10.180.1.21/identity/v3/projects/fa8f84ccdf8a4fcca55b5c0ee98c494e/users/550f12b6ee3645b583a56368f8d3eed7/roles/a7f48d5068ff4f98aa5b28cd0bc90952 0.201s
2024-10-18 09:00:11.507 62699 INFO tempest.lib.common.dynamic_creds [-] Dynamic test user 550f12b6ee3645b583a56368f8d3eed7 is created with scope project and roles: ['admin']
2024-10-18 09:00:11.508 62699 INFO tempest.lib.common.dynamic_creds [-] Acquired dynamic creds: credentials: Credentials: {'domain_id': 'default', 'domain_name': 'Default', 'username': 'tempest-QuotasAdminTestV257-963953242-project-admin', 'project_domain_id': 'default', 'project_domain_name': 'Default', 'project_id': 'fa8f84ccdf8a4fcca55b5c0ee98c494e', 'project_name': 'tempest-QuotasAdminTestV257-963953242', 'tenant_id': 'fa8f84ccdf8a4fcca55b5c0ee98c494e', 'tenant_name': 'tempest-QuotasAdminTestV257-963953242', 'user_domain_id': 'default', 'user_domain_name': 'Default', 'user_id': '550f12b6ee3645b583a56368f8d3eed7', 'system': None}, Network: None, Subnet: None, Router: None
2024-10-18 09:00:11.510 62699 INFO tempest.lib.common.dynamic_creds [-] Created isolated network resources for: credentials: Credentials: {'domain_id': 'default', 'domain_name': 'Default', 'username': 'tempest-QuotasAdminTestV257-963953242-project-admin', 'project_domain_id': 'default', 'project_domain_name': 'Default', 'project_id': 'fa8f84ccdf8a4fcca55b5c0ee98c494e', 'project_name': 'tempest-QuotasAdminTestV257-963953242', 'tenant_id': 'fa8f84ccdf8a4fcca55b5c0ee98c494e', 'tenant_name': 'tempest-QuotasAdminTestV257-963953242', 'user_domain_id': 'default', 'user_domain_name': 'Default', 'user_id': '550f12b6ee3645b583a56368f8d3eed7', 'system': None}, Network: None, Subnet: None, Router: None
2024-10-18 09:00:11.518 62755 INFO tempest.lib.common.rest_client [req-c6620945-f72e-4ad2-b7b6-dcac64ec2e6e req-c6620945-f72e-4ad2-b7b6-dcac64ec2e6e ] Request (ServerActionsV293TestJSON:setUpClass): 201 POST http://10.180.1.21/compute/v2.1/os-keypairs 2.037s
2024-10-18 09:00:11.518 62729 INFO tempest.lib.common.rest_client [req-ecb73eeb-807c-4b73-8746-ca95452ee74b req-ecb73eeb-807c-4b73-8746-ca95452ee74b ] Request (ServicesAdminNegativeV253TestJSON:tearDownClass): 204 DELETE http://10.180.1.21:9696/networking/v2.0/security-groups/8b8b34c8-6f1f-4fb8-be67-9c850f08786c 0.921s
2024-10-18 09:00:11.610 62707 INFO tempest.lib.common.rest_client [req-4280f8ea-6372-47e5-86fd-759b811ede87 req-4280f8ea-6372-47e5-86fd-759b811ede87 ] Request (HypervisorAdminV253TestBase:tearDownClass): 204 DELETE http://10.180.1.21:9696/networking/v2.0/security-groups/f2398177-a45d-46fb-aada-c2ff70a4cd06 0.219s
2024-10-18 09:00:11.628 62723 INFO tempest.lib.common.rest_client [req-19605bd4-99e2-4606-9a4f-68db68d6f241 req-19605bd4-99e2-4606-9a4f-68db68d6f241 ] Request (ServicesAdminNegativeTestJSON:setUpClass): 201 POST http://10.180.1.21/identity/v3/users 0.184s
2024-10-18 09:00:11.653 62711 INFO tempest.lib.common.rest_client [req-4793cf6a-9b1a-48e0-a3cb-1ab21d1756a2 req-4793cf6a-9b1a-48e0-a3cb-1ab21d1756a2 ] Request (ServersWithSpecificFlavorTestJSON:test_verify_created_server_ephemeral_disk): 202 POST http://10.180.1.21/compute/v2.1/servers 2.771s
2024-10-18 09:00:11.656 62697 INFO tempest.lib.common.rest_client [req-93808ccb-76d8-4f4b-805d-fa8bf00c7eb3 req-93808ccb-76d8-4f4b-805d-fa8bf00c7eb3 ] Request (FlavorsExtraSpecsNegativeTestJSON:tearDownClass): 204 DELETE http://10.180.1.21/identity/v3/users/9910266812f64a57a3e1e5467ad9b35d 0.268s
2024-10-18 09:00:11.657 62697 INFO tempest.lib.common.dynamic_creds [-] Deleting project and security group for project: 593a861ee0a34402a340ed156293fc7a
2024-10-18 09:00:11.662 62717 INFO tempest.lib.common.rest_client [req-45ada139-2c58-4822-884e-f3a85fb563b0 req-45ada139-2c58-4822-884e-f3a85fb563b0 ] Request (SecurityGroupsTestJSON:test_list_security_groups_by_server): 200 GET http://10.180.1.21/compute/v2.1/servers/2ad87bc0-a6c1-4a63-bb56-8cea825ffc4f 2.174s
2024-10-18 09:00:11.725 62721 INFO tempest.lib.common.rest_client [req-6b87d07c-57c8-4df1-a3eb-cb813f7f8676 req-6b87d07c-57c8-4df1-a3eb-cb813f7f8676 ] Request (FlavorsAccessTestJSON:tearDownClass): 204 DELETE http://10.180.1.21/identity/v3/projects/ffda340664e64152af0eadb39635ce48 0.253s
2024-10-18 09:00:11.726 62721 INFO tempest.lib.common.dynamic_creds [-] Deleting project and security group for project: 178f1ac58f9a4a7a9d74c96b7d29af37
2024-10-18 09:00:11.743 62699 INFO tempest.lib.common.rest_client [req-ff7ef268-580f-4d3e-8a0b-ae0d1ecd71cf req-ff7ef268-580f-4d3e-8a0b-ae0d1ecd71cf ] Request (QuotasAdminTestV257:setUpClass): 201 POST http://10.180.1.21/identity/v3/auth/tokens 0.228s
2024-10-18 09:00:11.745 62699 WARNING tempest.lib.common.rest_client [-] Deprecated: "tenant_id" property is deprecated for removal, use "project_id" instead
2024-10-18 09:00:11.776 62737 INFO tempest.lib.common.rest_client [req-fe06ef47-a5ea-4c2d-ba3a-2d5b435ce77b req-fe06ef47-a5ea-4c2d-ba3a-2d5b435ce77b ] Request (ImagesTestJSON:test_create_image_from_stopped_server): 200 GET http://10.180.1.21/compute/v2.1/servers/073b92a2-8db9-4337-af2e-5e85c78d4b93 2.219s
2024-10-18 09:00:11.805 62715 INFO tempest.lib.common.rest_client [req-ed27237c-1636-4336-86d6-0ed34377c6be req-ed27237c-1636-4336-86d6-0ed34377c6be ] Request (ServersAdmin275Test:test_rebuild_update_server_275): 200 GET http://10.180.1.21/compute/v2.1/servers/44a2ac83-3fff-4958-a1d3-b3884b42c211 2.152s
2024-10-18 09:00:11.864 62755 INFO tempest.lib.common.rest_client [req-73167e11-87cf-4c99-b4f1-9fae8fbaf09b req-73167e11-87cf-4c99-b4f1-9fae8fbaf09b ] Request (ServerActionsV293TestJSON:setUpClass): 201 POST http://10.180.1.21:9696/networking/v2.0/security-groups 0.342s
2024-10-18 09:00:11.898 62729 INFO tempest.lib.common.rest_client [req-5ea93e55-57c6-4635-a6e8-2973cb418391 req-5ea93e55-57c6-4635-a6e8-2973cb418391 ] Request (ServicesAdminNegativeV253TestJSON:tearDownClass): 204 DELETE http://10.180.1.21/identity/v3/projects/3635633c4da6415f8fb681232fdb894b 0.379s
2024-10-18 09:00:11.898 62729 INFO tempest.lib.common.dynamic_creds [-] Deleting project and security group for project: 72f382c73b014df4b26335075f2c698c
2024-10-18 09:00:11.977 62723 INFO tempest.lib.common.rest_client [req-8a2d0900-ad1f-4bdb-9b50-c567e910b4be req-8a2d0900-ad1f-4bdb-9b50-c567e910b4be ] Request (ServicesAdminNegativeTestJSON:setUpClass): 200 GET http://10.180.1.21/identity/v3/roles 0.348s
2024-10-18 09:00:11.985 62745 INFO tempest.lib.common.rest_client [req-982eb35e-4d94-486a-b020-56d23cf8cf90 req-982eb35e-4d94-486a-b020-56d23cf8cf90 ] Request (ServersAdminTestJSON:setUpClass): 201 POST http://10.180.1.21:9696/networking/v2.0/networks 1.692s
2024-10-18 09:00:11.993 62707 INFO tempest.lib.common.rest_client [req-35fe9053-5753-4489-836c-3b3eeb80c483 req-35fe9053-5753-4489-836c-3b3eeb80c483 ] Request (HypervisorAdminV253TestBase:tearDownClass): 204 DELETE http://10.180.1.21/identity/v3/projects/02328193246249bc89abf7a5d05d9579 0.382s
2024-10-18 09:00:12.031 62697 INFO tempest.lib.common.rest_client [req-0a3acb6f-c7e2-439b-92e5-9ea815f587fb req-0a3acb6f-c7e2-439b-92e5-9ea815f587fb ] Request (FlavorsExtraSpecsNegativeTestJSON:tearDownClass): 201 POST http://10.180.1.21/identity/v3/auth/tokens 0.374s
2024-10-18 09:00:12.067 62723 INFO tempest.lib.common.rest_client [req-6277fe9b-7901-4621-b137-14136f740524 req-6277fe9b-7901-4621-b137-14136f740524 ] Request (ServicesAdminNegativeTestJSON:setUpClass): 204 PUT http://10.180.1.21/identity/v3/projects/51e92060df2c43f5ab4fb93700dc5f45/users/765a205a7ac34bd98082b4e1f74ab933/roles/b989ffef3a154cda9b1ea3de159ceffd 0.089s
2024-10-18 09:00:12.067 62723 INFO tempest.lib.common.dynamic_creds [-] Dynamic test user 765a205a7ac34bd98082b4e1f74ab933 is created with scope project and roles: ['member']
2024-10-18 09:00:12.068 62723 INFO tempest.lib.common.dynamic_creds [-] Acquired dynamic creds: credentials: Credentials: {'domain_id': 'default', 'domain_name': 'Default', 'username': 'tempest-ServicesAdminNegativeTestJSON-1298920673-project-member', 'project_domain_id': 'default', 'project_domain_name': 'Default', 'project_id': '51e92060df2c43f5ab4fb93700dc5f45', 'project_name': 'tempest-ServicesAdminNegativeTestJSON-1298920673', 'tenant_id': '51e92060df2c43f5ab4fb93700dc5f45', 'tenant_name': 'tempest-ServicesAdminNegativeTestJSON-1298920673', 'user_domain_id': 'default', 'user_domain_name': 'Default', 'user_id': '765a205a7ac34bd98082b4e1f74ab933', 'system': None}, Network: None, Subnet: None, Router: None
2024-10-18 09:00:12.068 62723 INFO tempest.lib.common.dynamic_creds [-] Created isolated network resources for: credentials: Credentials: {'domain_id': 'default', 'domain_name': 'Default', 'username': 'tempest-ServicesAdminNegativeTestJSON-1298920673-project-member', 'project_domain_id': 'default', 'project_domain_name': 'Default', 'project_id': '51e92060df2c43f5ab4fb93700dc5f45', 'project_name': 'tempest-ServicesAdminNegativeTestJSON-1298920673', 'tenant_id': '51e92060df2c43f5ab4fb93700dc5f45', 'tenant_name': 'tempest-ServicesAdminNegativeTestJSON-1298920673', 'user_domain_id': 'default', 'user_domain_name': 'Default', 'user_id': '765a205a7ac34bd98082b4e1f74ab933', 'system': None}, Network: None, Subnet: None, Router: None
2024-10-18 09:00:12.118 62707 INFO tempest.lib.common.rest_client [req-a0d8e458-7e53-4949-870e-bbaa10f18a8e req-a0d8e458-7e53-4949-870e-bbaa10f18a8e ] Request (AZV2TestJSON:setUpClass): 201 POST http://10.180.1.21/identity/v3/auth/tokens 0.123s
2024-10-18 09:00:12.195 62707 INFO tempest.lib.common.rest_client [req-6ee69ab5-ab33-4064-9865-beb282c01de0 req-6ee69ab5-ab33-4064-9865-beb282c01de0 ] Request (AZV2TestJSON:setUpClass): 201 POST http://10.180.1.21/identity/v3/auth/tokens 0.075s
2024-10-18 09:00:12.208 62723 INFO tempest.lib.common.rest_client [req-577bda12-837a-4125-a716-8055a95eb780 req-577bda12-837a-4125-a716-8055a95eb780 ] Request (ServicesAdminNegativeTestJSON:setUpClass): 201 POST http://10.180.1.21/identity/v3/auth/tokens 0.135s
2024-10-18 09:00:12.243 62707 INFO tempest.lib.common.rest_client [req-5bce6561-ebab-4201-a521-29b765c5f03b req-5bce6561-ebab-4201-a521-29b765c5f03b ] Request (AZV2TestJSON:setUpClass): 200 GET http://10.180.1.21/identity/v3/domains?name=Default 0.048s
2024-10-18 09:00:12.270 62723 INFO tempest.lib.common.rest_client [req-441b0e6c-ae7a-4006-9783-cdd7e5bb3d6b req-441b0e6c-ae7a-4006-9783-cdd7e5bb3d6b ] Request (ServicesAdminNegativeTestJSON:setUpClass): 201 POST http://10.180.1.21/identity/v3/projects 0.060s
2024-10-18 09:00:12.287 62707 INFO tempest.lib.common.rest_client [req-b3e6e12d-3f00-43f8-b3f7-55677bf14fc7 req-b3e6e12d-3f00-43f8-b3f7-55677bf14fc7 ] Request (AZV2TestJSON:setUpClass): 201 POST http://10.180.1.21/identity/v3/projects 0.043s
2024-10-18 09:00:12.296 62743 INFO tempest.lib.common.rest_client [req-3865166c-891d-48a3-b875-edbbb1fe76b9 req-3865166c-891d-48a3-b875-edbbb1fe76b9 ] Request (ServersAdminNegativeTestJSON:setUpClass): 200 GET http://10.180.1.21/compute/v2.1/servers/82afa576-f501-4a30-b8f7-e8b6334130cb 1.893s
2024-10-18 09:00:12.315 62750 INFO tempest.lib.common.rest_client [req-f9158a3e-c9ba-4a1c-828f-1a2c701e8263 req-f9158a3e-c9ba-4a1c-828f-1a2c701e8263 ] Request (FlavorsExtraSpecsTestJSON:test_flavor_set_get_update_show_unset_keys): 200 GET http://10.180.1.21/compute/v2.1/flavors/275177923/os-extra_specs 1.876s
2024-10-18 09:00:12.315 62721 INFO tempest.lib.common.rest_client [req-8810f4ab-4eb6-434c-ad1f-805566ca2954 req-8810f4ab-4eb6-434c-ad1f-805566ca2954 ] Request (FlavorsAccessTestJSON:tearDownClass): 200 GET http://10.180.1.21:9696/networking/v2.0/security-groups?tenant_id=178f1ac58f9a4a7a9d74c96b7d29af37&name=default 0.589s
2024-10-18 09:00:12.401 62727 INFO tempest.lib.common.rest_client [req-51211e03-06db-4960-a9b6-db1d356a9380 req-51211e03-06db-4960-a9b6-db1d356a9380 ] Request (SecurityGroupRulesTestJSON:setUpClass): 201 POST http://10.180.1.21:9696/networking/v2.0/networks 1.751s
2024-10-18 09:00:12.427 62723 INFO tempest.lib.common.rest_client [req-adfe2456-8414-42f9-8d2e-b2e48bc57f27 req-adfe2456-8414-42f9-8d2e-b2e48bc57f27 ] Request (ServicesAdminNegativeTestJSON:setUpClass): 201 POST http://10.180.1.21/identity/v3/users 0.156s
2024-10-18 09:00:12.427 62707 INFO tempest.lib.common.rest_client [req-ff06e701-f37e-4cf1-b399-469956625cdc req-ff06e701-f37e-4cf1-b399-469956625cdc ] Request (AZV2TestJSON:setUpClass): 201 POST http://10.180.1.21/identity/v3/users 0.139s
2024-10-18 09:00:12.456 62723 INFO tempest.lib.common.rest_client [req-f7fb64f0-62a3-4d72-9d71-598c5e032fc7 req-f7fb64f0-62a3-4d72-9d71-598c5e032fc7 ] Request (ServicesAdminNegativeTestJSON:setUpClass): 200 GET http://10.180.1.21/identity/v3/roles 0.029s
2024-10-18 09:00:12.480 62755 INFO tempest.lib.common.rest_client [req-4a72a9e0-2614-4b4e-94fd-5f30156bece3 req-4a72a9e0-2614-4b4e-94fd-5f30156bece3 ] Request (ServerActionsV293TestJSON:setUpClass): 201 POST http://10.180.1.21:9696/networking/v2.0/security-group-rules 0.615s
2024-10-18 09:00:12.487 62733 INFO tempest.lib.common.rest_client [req-eb5214c8-423e-457d-93a5-27d297b787f9 req-eb5214c8-423e-457d-93a5-27d297b787f9 ] Request (SecurityGroupRulesNegativeTestJSON:test_create_security_group_rule_duplicate): 200 POST http://10.180.1.21/compute/v2.1/os-security-group-rules 2.295s
2024-10-18 09:00:12.497 62707 INFO tempest.lib.common.rest_client [req-78a0139c-9ddd-46de-90ab-bf48dd083c9b req-78a0139c-9ddd-46de-90ab-bf48dd083c9b ] Request (AZV2TestJSON:setUpClass): 200 GET http://10.180.1.21/identity/v3/roles 0.070s
2024-10-18 09:00:12.507 62739 INFO tempest.lib.common.rest_client [req-6d45cf50-c89b-4f7b-a3a9-bd34ad8b8dfe req-6d45cf50-c89b-4f7b-a3a9-bd34ad8b8dfe ] Request (ListImageFiltersTestJSON:setUpClass): 204 PUT http://10.180.1.21/image/v2/images/3b3c997d-ae98-49bb-9808-b08180585587/file 1.384s
2024-10-18 09:00:12.543 62729 INFO tempest.lib.common.rest_client [req-b1c75d1d-494c-41fb-b841-0931c3574d76 req-b1c75d1d-494c-41fb-b841-0931c3574d76 ] Request (ServicesAdminNegativeV253TestJSON:tearDownClass): 200 GET http://10.180.1.21:9696/networking/v2.0/security-groups?tenant_id=72f382c73b014df4b26335075f2c698c&name=default 0.644s
2024-10-18 09:00:12.558 62747 INFO tempest.lib.common.rest_client [req-d322aa3d-70c7-4c7c-b955-c1cadc1b527c req-d322aa3d-70c7-4c7c-b955-c1cadc1b527c ] Request (FlavorsV2TestJSON:test_get_flavor): 200 GET http://10.180.1.21/compute/v2.1/flavors/42 2.026s
2024-10-18 09:00:12.569 62723 INFO tempest.lib.common.rest_client [req-eac50650-b51b-4146-8deb-7d788367f53b req-eac50650-b51b-4146-8deb-7d788367f53b ] Request (ServicesAdminNegativeTestJSON:setUpClass): 204 PUT http://10.180.1.21/identity/v3/projects/d44f1f6a7b5f4782bdf745dc123fb1a8/users/7fcf5dd476e94ebfbbca9bb467e78393/roles/a7f48d5068ff4f98aa5b28cd0bc90952 0.113s
2024-10-18 09:00:12.600 62707 INFO tempest.lib.common.rest_client [req-849b2966-f562-4f4d-8a52-d05eb22e3906 req-849b2966-f562-4f4d-8a52-d05eb22e3906 ] Request (AZV2TestJSON:setUpClass): 204 PUT http://10.180.1.21/identity/v3/projects/a0d0f5f286fb440fb5d1326ce37515b4/users/3177683c0dfd4aae9034472b3f76dc10/roles/b989ffef3a154cda9b1ea3de159ceffd 0.103s
2024-10-18 09:00:12.601 62707 INFO tempest.lib.common.dynamic_creds [-] Dynamic test user 3177683c0dfd4aae9034472b3f76dc10 is created with scope project and roles: ['member']
2024-10-18 09:00:12.601 62707 INFO tempest.lib.common.dynamic_creds [-] Acquired dynamic creds: credentials: Credentials: {'domain_id': 'default', 'domain_name': 'Default', 'username': 'tempest-AZV2TestJSON-873631204-project-member', 'project_domain_id': 'default', 'project_domain_name': 'Default', 'project_id': 'a0d0f5f286fb440fb5d1326ce37515b4', 'project_name': 'tempest-AZV2TestJSON-873631204', 'tenant_id': 'a0d0f5f286fb440fb5d1326ce37515b4', 'tenant_name': 'tempest-AZV2TestJSON-873631204', 'user_domain_id': 'default', 'user_domain_name': 'Default', 'user_id': '3177683c0dfd4aae9034472b3f76dc10', 'system': None}, Network: None, Subnet: None, Router: None
2024-10-18 09:00:12.601 62707 INFO tempest.lib.common.dynamic_creds [-] Created isolated network resources for: credentials: Credentials: {'domain_id': 'default', 'domain_name': 'Default', 'username': 'tempest-AZV2TestJSON-873631204-project-member', 'project_domain_id': 'default', 'project_domain_name': 'Default', 'project_id': 'a0d0f5f286fb440fb5d1326ce37515b4', 'project_name': 'tempest-AZV2TestJSON-873631204', 'tenant_id': 'a0d0f5f286fb440fb5d1326ce37515b4', 'tenant_name': 'tempest-AZV2TestJSON-873631204', 'user_domain_id': 'default', 'user_domain_name': 'Default', 'user_id': '3177683c0dfd4aae9034472b3f76dc10', 'system': None}, Network: None, Subnet: None, Router: None
2024-10-18 09:00:12.676 62723 INFO tempest.lib.common.rest_client [req-4e0a1c92-a280-45e3-bb56-6f57dcf699e4 req-4e0a1c92-a280-45e3-bb56-6f57dcf699e4 ] Request (ServicesAdminNegativeTestJSON:setUpClass): 200 GET http://10.180.1.21/identity/v3/roles 0.106s
2024-10-18 09:00:12.676 62707 INFO tempest.lib.common.rest_client [req-96f6ec02-9706-4d3b-b9fe-56b3d556f30c req-96f6ec02-9706-4d3b-b9fe-56b3d556f30c ] Request (AZV2TestJSON:setUpClass): 201 POST http://10.180.1.21/identity/v3/auth/tokens 0.072s
2024-10-18 09:00:12.695 62723 INFO tempest.lib.common.rest_client [req-b2a3bb6d-bc97-4be9-b61b-59527b209626 req-b2a3bb6d-bc97-4be9-b61b-59527b209626 ] Request (ServicesAdminNegativeTestJSON:setUpClass): 204 PUT http://10.180.1.21/identity/v3/projects/d44f1f6a7b5f4782bdf745dc123fb1a8/users/7fcf5dd476e94ebfbbca9bb467e78393/roles/a7f48d5068ff4f98aa5b28cd0bc90952 0.018s
2024-10-18 09:00:12.695 62723 INFO tempest.lib.common.dynamic_creds [-] Dynamic test user 7fcf5dd476e94ebfbbca9bb467e78393 is created with scope project and roles: ['admin']
2024-10-18 09:00:12.696 62723 INFO tempest.lib.common.dynamic_creds [-] Acquired dynamic creds: credentials: Credentials: {'domain_id': 'default', 'domain_name': 'Default', 'username': 'tempest-ServicesAdminNegativeTestJSON-258515667-project-admin', 'project_domain_id': 'default', 'project_domain_name': 'Default', 'project_id': 'd44f1f6a7b5f4782bdf745dc123fb1a8', 'project_name': 'tempest-ServicesAdminNegativeTestJSON-258515667', 'tenant_id': 'd44f1f6a7b5f4782bdf745dc123fb1a8', 'tenant_name': 'tempest-ServicesAdminNegativeTestJSON-258515667', 'user_domain_id': 'default', 'user_domain_name': 'Default', 'user_id': '7fcf5dd476e94ebfbbca9bb467e78393', 'system': None}, Network: None, Subnet: None, Router: None
2024-10-18 09:00:12.696 62723 INFO tempest.lib.common.dynamic_creds [-] Created isolated network resources for: credentials: Credentials: {'domain_id': 'default', 'domain_name': 'Default', 'username': 'tempest-ServicesAdminNegativeTestJSON-258515667-project-admin', 'project_domain_id': 'default', 'project_domain_name': 'Default', 'project_id': 'd44f1f6a7b5f4782bdf745dc123fb1a8', 'project_name': 'tempest-ServicesAdminNegativeTestJSON-258515667', 'tenant_id': 'd44f1f6a7b5f4782bdf745dc123fb1a8', 'tenant_name': 'tempest-ServicesAdminNegativeTestJSON-258515667', 'user_domain_id': 'default', 'user_domain_name': 'Default', 'user_id': '7fcf5dd476e94ebfbbca9bb467e78393', 'system': None}, Network: None, Subnet: None, Router: None
2024-10-18 09:00:12.735 62721 INFO tempest.lib.common.rest_client [req-b40c0b4d-d94e-47bd-8fbb-f785c90f6da1 req-b40c0b4d-d94e-47bd-8fbb-f785c90f6da1 ] Request (FlavorsAccessTestJSON:tearDownClass): 204 DELETE http://10.180.1.21:9696/networking/v2.0/security-groups/1737d8bd-6402-4428-b90f-08913167d089 0.419s
2024-10-18 09:00:12.777 62723 INFO tempest.lib.common.rest_client [req-16561a17-9090-4bf7-8d19-0867a200d408 req-16561a17-9090-4bf7-8d19-0867a200d408 ] Request (ServicesAdminNegativeTestJSON:setUpClass): 201 POST http://10.180.1.21/identity/v3/auth/tokens 0.077s
2024-10-18 09:00:12.778 62697 INFO tempest.lib.common.rest_client [req-e5af66f5-d544-4ae9-b363-9b5590597afa req-e5af66f5-d544-4ae9-b363-9b5590597afa ] Request (FlavorsExtraSpecsNegativeTestJSON:tearDownClass): 200 GET http://10.180.1.21:9696/networking/v2.0/security-groups?tenant_id=593a861ee0a34402a340ed156293fc7a&name=default 0.746s
2024-10-18 09:00:12.840 62701 INFO tempest.lib.common.rest_client [req-88c456bd-3024-496a-9c32-7b81256f3259 req-88c456bd-3024-496a-9c32-7b81256f3259 ] Request (QuotasAdminTestJSON:test_get_updated_quotas): 200 GET http://10.180.1.21/compute/v2.1/os-quota-sets/1ab645fbd9564ed4a8d513a0f697007d?user_id=211d502439dd4dfdbd3c78987976ad38 2.067s
2024-10-18 09:00:12.955 62753 INFO tempest.lib.common.rest_client [req-d83b4419-88ca-46d8-ac98-f56f4030608b req-d83b4419-88ca-46d8-ac98-f56f4030608b ] Request (ServerAddressesTestJSON:setUpClass): 201 POST http://10.180.1.21:9696/networking/v2.0/routers 3.958s
2024-10-18 09:00:12.973 62755 INFO tempest.lib.common.rest_client [req-3f7d5ebc-81d7-42ec-afb6-4aa8c8bd5887 req-3f7d5ebc-81d7-42ec-afb6-4aa8c8bd5887 ] Request (ServerActionsV293TestJSON:setUpClass): 201 POST http://10.180.1.21:9696/networking/v2.0/security-group-rules 0.493s
2024-10-18 09:00:12.984 62757 INFO tempest.lib.common.rest_client [req-4e381adc-c979-4457-90c9-530d3112b98d req-4e381adc-c979-4457-90c9-530d3112b98d ] Request (MigrationsAdminTest:test_list_migrations_in_flavor_resize_situation): 200 GET http://10.180.1.21/compute/v2.1/servers/48e50ab0-9d4e-4c5d-96d5-55399b3a8e19 2.050s
2024-10-18 09:00:13.026 62721 INFO tempest.lib.common.rest_client [req-a4857cda-7297-4098-a687-e84c1a6a46bd req-a4857cda-7297-4098-a687-e84c1a6a46bd ] Request (FlavorsAccessTestJSON:tearDownClass): 204 DELETE http://10.180.1.21/identity/v3/projects/178f1ac58f9a4a7a9d74c96b7d29af37 0.291s
2024-10-18 09:00:13.028 62729 INFO tempest.lib.common.rest_client [req-ea1c1e24-c49d-4dc8-b125-4e74715317dd req-ea1c1e24-c49d-4dc8-b125-4e74715317dd ] Request (ServicesAdminNegativeV253TestJSON:tearDownClass): 204 DELETE http://10.180.1.21:9696/networking/v2.0/security-groups/c8956975-1e8b-4f31-b7a2-6ba9f2c3d9d4 0.484s
2024-10-18 09:00:13.040 62701 INFO tempest.lib.common.rest_client [req-3e85fc9c-e389-4d80-b9f8-e209109b0fad req-3e85fc9c-e389-4d80-b9f8-e209109b0fad ] Request (QuotasAdminTestJSON:_run_cleanups): 204 DELETE http://10.180.1.21/identity/v3/users/211d502439dd4dfdbd3c78987976ad38 0.196s
2024-10-18 09:00:13.120 62721 INFO tempest.lib.common.rest_client [req-c35cf664-a5d5-4b20-8b4e-f78798dc3cfb req-c35cf664-a5d5-4b20-8b4e-f78798dc3cfb ] Request (HostsAdminNegativeTestJSON:setUpClass): 201 POST http://10.180.1.21/identity/v3/auth/tokens 0.092s
2024-10-18 09:00:13.156 62729 INFO tempest.lib.common.rest_client [req-64819b1a-10b3-41d9-aec6-d19525de3416 req-64819b1a-10b3-41d9-aec6-d19525de3416 ] Request (ServicesAdminNegativeV253TestJSON:tearDownClass): 204 DELETE http://10.180.1.21/identity/v3/projects/72f382c73b014df4b26335075f2c698c 0.127s
2024-10-18 09:00:13.216 62721 INFO tempest.lib.common.rest_client [req-ae9b437f-17da-4917-8ff8-b31823237851 req-ae9b437f-17da-4917-8ff8-b31823237851 ] Request (HostsAdminNegativeTestJSON:setUpClass): 201 POST http://10.180.1.21/identity/v3/auth/tokens 0.093s
2024-10-18 09:00:13.241 62729 INFO tempest.lib.common.rest_client [req-b775f3da-1e84-4519-bd05-8dfb647e9bbf req-b775f3da-1e84-4519-bd05-8dfb647e9bbf ] Request (KeyPairsNegativeTestJSON:setUpClass): 201 POST http://10.180.1.21/identity/v3/auth/tokens 0.084s
2024-10-18 09:00:13.259 62727 INFO tempest.lib.common.rest_client [req-43d6494e-1b86-4edc-bdfd-c90c2d513236 req-43d6494e-1b86-4edc-bdfd-c90c2d513236 ] Request (SecurityGroupRulesTestJSON:setUpClass): 201 POST http://10.180.1.21:9696/networking/v2.0/subnets 0.858s
2024-10-18 09:00:13.275 62701 INFO tempest.lib.common.rest_client [req-a002ad4e-7ad4-470e-ae70-2db76044cea3 req-a002ad4e-7ad4-470e-ae70-2db76044cea3 ] Request (QuotasAdminTestJSON:_run_cleanups): 204 DELETE http://10.180.1.21/identity/v3/projects/1ab645fbd9564ed4a8d513a0f697007d 0.234s
2024-10-18 09:00:13.295 62721 INFO tempest.lib.common.rest_client [req-b2bf7e00-7d6d-4d52-9f09-9ad74c37b71c req-b2bf7e00-7d6d-4d52-9f09-9ad74c37b71c ] Request (HostsAdminNegativeTestJSON:setUpClass): 200 GET http://10.180.1.21/identity/v3/domains?name=Default 0.078s
2024-10-18 09:00:13.304 62729 INFO tempest.lib.common.rest_client [req-fd920f16-e40a-4b54-8dba-7d3bbba10320 req-fd920f16-e40a-4b54-8dba-7d3bbba10320 ] Request (KeyPairsNegativeTestJSON:setUpClass): 201 POST http://10.180.1.21/identity/v3/auth/tokens 0.061s
2024-10-18 09:00:13.322 62729 INFO tempest.lib.common.rest_client [req-efc511a0-a569-44c2-a7ec-4476f43bbc87 req-efc511a0-a569-44c2-a7ec-4476f43bbc87 ] Request (KeyPairsNegativeTestJSON:setUpClass): 200 GET http://10.180.1.21/identity/v3/domains?name=Default 0.017s
2024-10-18 09:00:13.331 62721 INFO tempest.lib.common.rest_client [req-07926c9a-e402-4312-821c-f6faec6579b2 req-07926c9a-e402-4312-821c-f6faec6579b2 ] Request (HostsAdminNegativeTestJSON:setUpClass): 201 POST http://10.180.1.21/identity/v3/projects 0.035s
2024-10-18 09:00:13.387 62721 INFO tempest.lib.common.rest_client [req-e6ed794a-d2f8-4385-b8e1-c44afd0e8493 req-e6ed794a-d2f8-4385-b8e1-c44afd0e8493 ] Request (HostsAdminNegativeTestJSON:setUpClass): 201 POST http://10.180.1.21/identity/v3/users 0.055s
2024-10-18 09:00:13.389 62729 INFO tempest.lib.common.rest_client [req-968abd24-ca56-40a7-bb68-e8c3cb8e77ac req-968abd24-ca56-40a7-bb68-e8c3cb8e77ac ] Request (KeyPairsNegativeTestJSON:setUpClass): 201 POST http://10.180.1.21/identity/v3/projects 0.065s
2024-10-18 09:00:13.438 62745 INFO tempest.lib.common.rest_client [req-56890aa6-f1ce-432a-b247-8af4d880fbb9 req-56890aa6-f1ce-432a-b247-8af4d880fbb9 ] Request (ServersAdminTestJSON:setUpClass): 201 POST http://10.180.1.21:9696/networking/v2.0/subnets 1.453s
2024-10-18 09:00:13.444 62721 INFO tempest.lib.common.rest_client [req-b1525945-993b-4d57-abba-c83aceec9ede req-b1525945-993b-4d57-abba-c83aceec9ede ] Request (HostsAdminNegativeTestJSON:setUpClass): 200 GET http://10.180.1.21/identity/v3/roles 0.057s
2024-10-18 09:00:13.447 62729 INFO tempest.lib.common.rest_client [req-990f98f9-f89e-4f40-90c9-9201073b8a21 req-990f98f9-f89e-4f40-90c9-9201073b8a21 ] Request (KeyPairsNegativeTestJSON:setUpClass): 201 POST http://10.180.1.21/identity/v3/users 0.057s
2024-10-18 09:00:13.466 62729 INFO tempest.lib.common.rest_client [req-bbe09ca6-f7f2-4fa4-a63d-77c555ae44a1 req-bbe09ca6-f7f2-4fa4-a63d-77c555ae44a1 ] Request (KeyPairsNegativeTestJSON:setUpClass): 200 GET http://10.180.1.21/identity/v3/roles 0.019s
2024-10-18 09:00:13.473 62721 INFO tempest.lib.common.rest_client [req-6993229b-175e-4af1-a99b-5ca233d37a75 req-6993229b-175e-4af1-a99b-5ca233d37a75 ] Request (HostsAdminNegativeTestJSON:setUpClass): 204 PUT http://10.180.1.21/identity/v3/projects/2ef11d013e1247b08f31c5ed4144a382/users/f0c720f87c7349a596ad0bd6d725536d/roles/b989ffef3a154cda9b1ea3de159ceffd 0.028s
2024-10-18 09:00:13.474 62721 INFO tempest.lib.common.dynamic_creds [-] Dynamic test user f0c720f87c7349a596ad0bd6d725536d is created with scope project and roles: ['member']
