2024-10-20 00:31:01.281 62767 INFO tempest.lib.common.rest_client [req-f73c6b9d-5fec-4bec-bc00-54424f936e73 req-f73c6b9d-5fec-4bec-bc00-54424f936e73 ] Request (VolumesAssistedSnapshotsTest:test_volume_assisted_snapshot_create_delete): 200 GET http://10.180.1.21/compute/v2.1/servers/da34c648-4074-494e-a569-e8e839207a70 0.855s
2024-10-20 00:31:01.320 62791 INFO tempest.lib.common.rest_client [req-e5b57ff9-5f8e-4957-8cbb-b297db6549b2 req-e5b57ff9-5f8e-4957-8cbb-b297db6549b2 ] Request (ImagesTestJSON:test_create_image_from_suspended_server): 201 POST http://10.180.1.21/identity/v3/auth/tokens 0.088s
2024-10-20 00:31:01.320 62791 INFO tempest.lib.common.fixed_network [-] (ImagesTestJSON:test_create_image_from_suspended_server) Found network {'id': 'ce7ccdc7-e99d-48bd-93a9-c8c14725d58b', 'name': 'tempest-ImagesTestJSON-1698306226-network', 'tenant_id': '25420ed4f82e478989a011d40f037a24', 'admin_state_up': True, 'mtu': 8950, 'status': 'ACTIVE', 'subnets': [], 'shared': False, 'project_id': '25420ed4f82e478989a011d40f037a24', 'port_security_enabled': True, 'router:external': False, 'provider:network_type': 'vlan', 'provider:physical_network': 'default', 'provider:segmentation_id': 301, 'is_default': False, 'availability_zone_hints': [], 'availability_zones': [], 'ipv4_address_scope': None, 'ipv6_address_scope': None, 'description': '', 'tags': [], 'created_at': '2024-10-20T00:30:15Z', 'updated_at': '2024-10-20T00:30:15Z', 'revision_number': 1} available for tenant
2024-10-20 00:31:01.379 62781 INFO tempest.lib.common.rest_client [req-887937b6-9069-4d72-99f8-c0bff19a5c72 req-887937b6-9069-4d72-99f8-c0bff19a5c72 ] Request (SecurityGroupsTestAdminJSON:test_list_security_groups_list_all_tenants_filter): 200 GET http://10.180.1.21/compute/v2.1/os-security-groups?all_tenants=true 0.707s
2024-10-20 00:31:01.448 62771 INFO tempest.lib.common.rest_client [req-f6297399-606d-4a12-b4d3-7776e3698b35 req-f6297399-606d-4a12-b4d3-7776e3698b35 ] Request (ServersWithSpecificFlavorTestJSON:test_verify_created_server_ephemeral_disk): 200 GET http://10.180.1.21/compute/v2.1/servers/6d2a2f98-aa84-4766-a872-dc6e22bcc3e4 0.680s
2024-10-20 00:31:01.468 62795 INFO tempest.lib.common.rest_client [req-4385b099-8357-4c2f-856b-c95fa37fe1df req-4385b099-8357-4c2f-856b-c95fa37fe1df ] Request (SecurityGroupRulesTestJSON:test_security_group_rules_create): 200 POST http://10.180.1.21/compute/v2.1/os-security-groups 0.707s
2024-10-20 00:31:01.474 62759 INFO tempest.lib.common.rest_client [req-fce0d29a-ea9d-4d64-a8f6-2af3acae906f req-fce0d29a-ea9d-4d64-a8f6-2af3acae906f ] Request (AggregatesAdminNegativeTestJSON:test_aggregate_remove_nonexistent_host): 200 POST http://10.180.1.21/compute/v2.1/os-aggregates 0.688s
2024-10-20 00:31:01.480 62763 INFO tempest.lib.common.rest_client [req-f25d6136-de1e-4fb6-84f1-e47d9395b3ec req-f25d6136-de1e-4fb6-84f1-e47d9395b3ec ] Request (ServerDiskConfigTestJSON:setUpClass): 200 PUT http://10.180.1.21:9696/networking/v2.0/routers/ce883444-44ff-48cb-abe5-872fde8fbcc9/add_router_interface 1.295s
2024-10-20 00:31:01.480 62763 INFO tempest.lib.common.dynamic_creds [-] Created isolated network resources for: credentials: Credentials: {'domain_id': 'default', 'domain_name': 'Default', 'username': 'tempest-ServerDiskConfigTestJSON-282309071-project-member', 'project_domain_id': 'default', 'project_domain_name': 'Default', 'project_id': '7e6baab1556e4b00b07ab554664b4445', 'project_name': 'tempest-ServerDiskConfigTestJSON-282309071', 'tenant_id': '7e6baab1556e4b00b07ab554664b4445', 'tenant_name': 'tempest-ServerDiskConfigTestJSON-282309071', 'user_domain_id': 'default', 'user_domain_name': 'Default', 'user_id': '5d7aab6f3f6245c2b56979677428a9df', 'system': None}, Network: {'id': '17f39e70-2318-4eec-ba54-622fe1c2232d', 'name': 'tempest-ServerDiskConfigTestJSON-1602646973-network', 'tenant_id': '7e6baab1556e4b00b07ab554664b4445', 'admin_state_up': True, 'mtu': 8950, 'status': 'ACTIVE', 'subnets': [], 'shared': False, 'project_id': '7e6baab1556e4b00b07ab554664b4445', 'port_security_enabled': True, 'router:external': False, 'provider:network_type': 'vlan', 'provider:physical_network': 'default', 'provider:segmentation_id': 896, 'is_default': False, 'availability_zone_hints': [], 'availability_zones': [], 'ipv4_address_scope': None, 'ipv6_address_scope': None, 'description': '', 'tags': [], 'created_at': '2024-10-20T00:30:58Z', 'updated_at': '2024-10-20T00:30:58Z', 'revision_number': 1}, Subnet: {'id': 'c209cc69-ceb5-4d21-8533-4aa6416b9aeb', 'name': 'tempest-ServerDiskConfigTestJSON-1602646973-subnet', 'tenant_id': '7e6baab1556e4b00b07ab554664b4445', 'network_id': '17f39e70-2318-4eec-ba54-622fe1c2232d', 'ip_version': 4, 'subnetpool_id': None, 'enable_dhcp': True, 'ipv6_ra_mode': None, 'ipv6_address_mode': None, 'gateway_ip': '192.168.128.1', 'cidr': '192.168.128.0/28', 'allocation_pools': [{'start': '192.168.128.2', 'end': '192.168.128.14'}], 'host_routes': [], 'dns_nameservers': [], 'description': '', 'router:external': False, 'service_types': [], 'tags': [], 'created_at': '2024-10-20T00:30:58Z', 'updated_at': '2024-10-20T00:30:58Z', 'revision_number': 0, 'project_id': '7e6baab1556e4b00b07ab554664b4445'}, Router: {'id': 'ce883444-44ff-48cb-abe5-872fde8fbcc9', 'name': 'tempest-ServerDiskConfigTestJSON-1602646973-router', 'tenant_id': '7e6baab1556e4b00b07ab554664b4445', 'admin_state_up': True, 'status': 'ACTIVE', 'external_gateway_info': {'network_id': 'e83b845d-d5d6-4421-ad3e-da8b066f5a3b', 'external_fixed_ips': [{'subnet_id': '023b1906-927c-4aed-b038-2054cbcd4264', 'ip_address': '10.180.180.153'}], 'enable_snat': True}, 'description': '', 'availability_zones': [], 'distributed': False, 'ha': False, 'availability_zone_hints': [], 'routes': [], 'flavor_id': None, 'tags': [], 'created_at': '2024-10-20T00:30:59Z', 'updated_at': '2024-10-20T00:30:59Z', 'revision_number': 2, 'project_id': '7e6baab1556e4b00b07ab554664b4445'}
2024-10-20 00:31:01.487 62815 INFO tempest.lib.common.rest_client [req-350cd110-47ab-46c2-b71b-e23ab9d0dc67 req-350cd110-47ab-46c2-b71b-e23ab9d0dc67 ] Request (FlavorsAdminTestJSON:test_is_public_string_variations): 200 GET http://10.180.1.21/compute/v2.1/flavors/detail?is_public=t 0.693s
2024-10-20 00:31:01.524 62777 INFO tempest.lib.common.rest_client [req-5c8cadc3-876c-4346-b001-efdb66495671 req-5c8cadc3-876c-4346-b001-efdb66495671 ] Request (ServerDiagnosticsNegativeTest:test_get_server_diagnostics_by_non_admin): 200 GET http://10.180.1.21/compute/v2.1/servers/fb33026e-b607-477f-b75f-779db7c5c34f 0.704s
2024-10-20 00:31:01.565 62763 INFO tempest.lib.common.rest_client [req-34556b17-7dfc-4f9b-afec-78dc7144889a req-34556b17-7dfc-4f9b-afec-78dc7144889a ] Request (ServerDiskConfigTestJSON:setUpClass): 201 POST http://10.180.1.21/identity/v3/auth/tokens 0.081s
2024-10-20 00:31:01.572 62799 INFO tempest.lib.common.rest_client [req-8ce574f6-cade-409d-ab40-5a8fb0d84b97 req-8ce574f6-cade-409d-ab40-5a8fb0d84b97 ] Request (DeleteServersAdminTestJSON:test_delete_server_while_in_error_state): 200 GET http://10.180.1.21/compute/v2.1/servers/104b64ff-a042-4bee-a5fd-bbbdf288f63f 0.630s
2024-10-20 00:31:01.599 62775 INFO tempest.lib.common.rest_client [req-32e2c2a9-941f-4264-ab9b-a8e346a3d707 req-32e2c2a9-941f-4264-ab9b-a8e346a3d707 ] Request (HypervisorAdminNegativeUnderV252Test:test_show_servers_with_non_admin_user): 200 GET http://10.180.1.21/compute/v2.1/os-hypervisors 0.658s
2024-10-20 00:31:01.615 62763 INFO tempest.lib.common.rest_client [req-ff4b4afe-0a4f-4599-99ad-8d017da890ba req-ff4b4afe-0a4f-4599-99ad-8d017da890ba ] Request (ServerDiskConfigTestJSON:test_rebuild_server_with_auto_disk_config): 201 POST http://10.180.1.21/identity/v3/auth/tokens 0.044s
2024-10-20 00:31:01.615 62763 INFO tempest.lib.common.fixed_network [-] (ServerDiskConfigTestJSON:test_rebuild_server_with_auto_disk_config) Found network {'id': '17f39e70-2318-4eec-ba54-622fe1c2232d', 'name': 'tempest-ServerDiskConfigTestJSON-1602646973-network', 'tenant_id': '7e6baab1556e4b00b07ab554664b4445', 'admin_state_up': True, 'mtu': 8950, 'status': 'ACTIVE', 'subnets': [], 'shared': False, 'project_id': '7e6baab1556e4b00b07ab554664b4445', 'port_security_enabled': True, 'router:external': False, 'provider:network_type': 'vlan', 'provider:physical_network': 'default', 'provider:segmentation_id': 896, 'is_default': False, 'availability_zone_hints': [], 'availability_zones': [], 'ipv4_address_scope': None, 'ipv6_address_scope': None, 'description': '', 'tags': [], 'created_at': '2024-10-20T00:30:58Z', 'updated_at': '2024-10-20T00:30:58Z', 'revision_number': 1} available for tenant
2024-10-20 00:31:01.678 62817 INFO tempest.lib.common.rest_client [req-f8ea4114-5bfb-4d4f-90f0-4dc7b116cb07 req-f8ea4114-5bfb-4d4f-90f0-4dc7b116cb07 ] Request (ServersTestJSON:setUpClass): 200 GET http://10.180.1.21/compute/v2.1/servers/71c6b4ec-60a5-4c8d-a529-a841e1b36a53 0.700s
2024-10-20 00:31:01.689 62817 INFO tempest.common.waiters [-] State transition "BUILD/spawning" ==> "ERROR/None" after 35 second wait
2024-10-20 00:31:01.738 62761 INFO tempest.lib.common.rest_client [req-aa11b695-bbc7-443d-a132-5b11e3712eae req-aa11b695-bbc7-443d-a132-5b11e3712eae ] Request (ListImageFiltersTestJSON:setUpClass): 200 GET http://10.180.1.21/compute/v2.1/servers/1c892e78-a863-4561-940d-b44701e97041 0.697s
2024-10-20 00:31:01.804 62779 INFO tempest.lib.common.rest_client [req-5a84c2e3-d9b9-41e8-b155-88dd97b9c7b6 req-5a84c2e3-d9b9-41e8-b155-88dd97b9c7b6 ] Request (ServerDiagnosticsV248Test:test_get_server_diagnostics): 200 GET http://10.180.1.21/compute/v2.1/servers/7653f469-5ce5-4d74-9a3f-55a6adb3a255 0.689s
2024-10-20 00:31:01.850 62811 INFO tempest.lib.common.rest_client [req-17527ef7-deec-4243-8077-6e68fa697f57 req-17527ef7-deec-4243-8077-6e68fa697f57 ] Request (ServersAdminTestJSON:setUpClass): 200 GET http://10.180.1.21/compute/v2.1/servers/fe69caab-dd71-4b01-a121-2591111b193d 0.666s
2024-10-20 00:31:01.871 62787 INFO tempest.lib.common.rest_client [req-7088294b-286b-4dcd-8d93-81b7d6db64c8 req-7088294b-286b-4dcd-8d93-81b7d6db64c8 ] Request (ServerExternalEventsTest:test_create_server_external_events): 404 GET http://10.180.1.21/compute/v2.1/servers/0ecd5e0c-e61d-45ff-ba4e-70ff83b26745 0.673s
2024-10-20 00:31:01.940 62769 INFO tempest.lib.common.rest_client [req-a6195d60-b6fb-40ef-a5e1-95acb7880525 req-a6195d60-b6fb-40ef-a5e1-95acb7880525 ] Request (ImagesNegativeTestJSON:test_create_image_from_deleted_server): 202 POST http://10.180.1.21/compute/v2.1/servers 1.012s
2024-10-20 00:31:02.046 62787 INFO tempest.lib.common.rest_client [req-d0bf035c-a4f1-47b2-ad69-b0cbc59df756 req-d0bf035c-a4f1-47b2-ad69-b0cbc59df756 ] Request (ServerExternalEventsTest:tearDownClass): 204 DELETE http://10.180.1.21/identity/v3/users/1026d148b67b4133a8db1eb6eb024782 0.166s
2024-10-20 00:31:02.106 62781 INFO tempest.lib.common.rest_client [req-077676ae-d2dd-4eeb-a175-ed0cc3e6a88d req-077676ae-d2dd-4eeb-a175-ed0cc3e6a88d ] Request (SecurityGroupsTestAdminJSON:_run_cleanups): 202 DELETE http://10.180.1.21/compute/v2.1/os-security-groups/d8a04ab6-e7e2-44d4-b1b0-932eb969c2e5 0.724s
2024-10-20 00:31:02.150 62759 INFO tempest.lib.common.rest_client [req-318dc963-af2e-445e-9ca0-62e63e1b9b51 req-318dc963-af2e-445e-9ca0-62e63e1b9b51 ] Request (AggregatesAdminNegativeTestJSON:test_aggregate_remove_nonexistent_host): 404 POST http://10.180.1.21/compute/v2.1/os-aggregates/8/action 0.674s
2024-10-20 00:31:02.157 62787 INFO tempest.lib.common.rest_client [req-0035eaf1-3bf2-4f27-b950-44000c907183 req-0035eaf1-3bf2-4f27-b950-44000c907183 ] Request (ServerExternalEventsTest:tearDownClass): 204 DELETE http://10.180.1.21/identity/v3/users/4e0a951c1a05403594a3865d4fdf98dc 0.111s
2024-10-20 00:31:02.219 62803 INFO tempest.lib.common.rest_client [req-ee79b8c5-e2ff-4cdb-b2f9-0b5ae66ae206 req-ee79b8c5-e2ff-4cdb-b2f9-0b5ae66ae206 ] Request (ServersTestBootFromVolume:setUpClass): 200 GET http://10.180.1.21/volume/v3/volumes/7853bc84-b6fa-4d53-b7b0-b82c12e612d2 0.037s
2024-10-20 00:31:02.225 62803 INFO tempest.common.waiters [-] volume 7853bc84-b6fa-4d53-b7b0-b82c12e612d2 reached available after waiting for 21.225218 seconds
2024-10-20 00:31:02.259 62787 INFO tempest.lib.common.rest_client [req-5a90c8fe-1200-407c-bcde-ce5f4209cacf req-5a90c8fe-1200-407c-bcde-ce5f4209cacf ] Request (ServerExternalEventsTest:tearDownClass): 204 DELETE http://10.180.1.21/identity/v3/users/de7cb6dd835a482cb3754c8bb5220bf1 0.101s
2024-10-20 00:31:02.259 62787 INFO tempest.lib.common.dynamic_creds [-] Deleting project and security group for project: aab5528ac8af49eeb8eb0e51a9d9057e
2024-10-20 00:31:02.338 62787 INFO tempest.lib.common.rest_client [req-979c3db8-2456-403b-b91e-64f9adfc8602 req-979c3db8-2456-403b-b91e-64f9adfc8602 ] Request (ServerExternalEventsTest:tearDownClass): 201 POST http://10.180.1.21/identity/v3/auth/tokens 0.079s
2024-10-20 00:31:02.339 62795 INFO tempest.lib.common.rest_client [req-d1bcdd6c-eedb-4cd8-b530-b3b903c4323c req-d1bcdd6c-eedb-4cd8-b530-b3b903c4323c ] Request (SecurityGroupRulesTestJSON:test_security_group_rules_create): 200 POST http://10.180.1.21/compute/v2.1/os-security-group-rules 0.863s
2024-10-20 00:31:02.348 62791 INFO tempest.lib.common.rest_client [req-e758cd2b-3b2c-444e-b17b-f3ef4af218ef req-e758cd2b-3b2c-444e-b17b-f3ef4af218ef ] Request (ImagesTestJSON:test_create_image_from_suspended_server): 202 POST http://10.180.1.21/compute/v2.1/servers 1.026s
2024-10-20 00:31:02.366 62815 INFO tempest.lib.common.rest_client [req-23fcdd48-4fac-4726-8cf6-f48990d0702a req-23fcdd48-4fac-4726-8cf6-f48990d0702a ] Request (FlavorsAdminTestJSON:test_is_public_string_variations): 200 GET http://10.180.1.21/compute/v2.1/flavors/detail?is_public=true 0.873s
2024-10-20 00:31:02.428 62807 INFO tempest.lib.common.rest_client [req-1b052976-6e96-48d9-b5e7-c241972206df req-1b052976-6e96-48d9-b5e7-c241972206df ] Request (ServersTestManualDisk:setUpClass): 200 GET http://10.180.1.21/compute/v2.1/servers/e944e6e5-7bc0-4efb-a811-38221734ec4f 0.883s
2024-10-20 00:31:02.434 62801 INFO tempest.lib.common.rest_client [req-b595079b-442a-467c-94c1-532b700ea0f2 req-b595079b-442a-467c-94c1-532b700ea0f2 ] Request (ServersAaction247Test:tearDownClass): 200 GET http://10.180.1.21/compute/v2.1/servers/e976d2d2-aa69-473b-9dfc-e616b0132754 0.952s
2024-10-20 00:31:02.435 62775 INFO tempest.lib.common.rest_client [req-2c41d999-2cf1-4caf-859f-a6add1737578 req-2c41d999-2cf1-4caf-859f-a6add1737578 ] Request (HypervisorAdminNegativeUnderV252Test:test_show_servers_with_non_admin_user): 403 GET http://10.180.1.21/compute/v2.1/os-hypervisors/1/servers 0.834s
2024-10-20 00:31:02.458 62787 INFO tempest.lib.common.rest_client [req-b48b5d4c-129f-41ce-9c54-b60419cfa71e req-b48b5d4c-129f-41ce-9c54-b60419cfa71e ] Request (ServerExternalEventsTest:tearDownClass): 200 GET http://10.180.1.21:9696/networking/v2.0/security-groups?tenant_id=aab5528ac8af49eeb8eb0e51a9d9057e&name=default 0.119s
2024-10-20 00:31:02.501 62809 INFO tempest.lib.common.rest_client [req-36512ffc-22ec-436f-91c5-094189f9f6fa req-36512ffc-22ec-436f-91c5-094189f9f6fa ] Request (MultipleCreateTestJSON:test_multiple_create): 200 GET http://10.180.1.21/compute/v2.1/servers/1d25cdca-3c87-47a2-85aa-86f7132297b5 0.893s
2024-10-20 00:31:02.510 62809 INFO tempest.common.waiters [-] State transition "BUILD/scheduling" ==> "BUILD/None" after 16 second wait
2024-10-20 00:31:02.591 62787 INFO tempest.lib.common.rest_client [req-3feac19b-244e-43c4-92dc-f89ad5c30f76 req-3feac19b-244e-43c4-92dc-f89ad5c30f76 ] Request (ServerExternalEventsTest:tearDownClass): 204 DELETE http://10.180.1.21:9696/networking/v2.0/security-groups/500080df-a376-4a56-ab90-cace71ed3646 0.133s
2024-10-20 00:31:02.682 62787 INFO tempest.lib.common.rest_client [req-95242ed2-a2dd-49fe-8819-d2c83e9d6f8c req-95242ed2-a2dd-49fe-8819-d2c83e9d6f8c ] Request (ServerExternalEventsTest:tearDownClass): 204 DELETE http://10.180.1.21/identity/v3/projects/aab5528ac8af49eeb8eb0e51a9d9057e 0.090s
2024-10-20 00:31:02.682 62787 INFO tempest.lib.common.dynamic_creds [-] Deleting project and security group for project: 353a1e7e20b74490a238e05aa4e9e897
2024-10-20 00:31:02.731 62817 INFO tempest.lib.common.rest_client [req-fd859acd-ccb6-419d-be89-3652a3ef4160 req-fd859acd-ccb6-419d-be89-3652a3ef4160 ] Request (ServersTestJSON:setUpClass): 204 DELETE http://10.180.1.21/compute/v2.1/servers/71c6b4ec-60a5-4c8d-a529-a841e1b36a53 1.042s
2024-10-20 00:31:02.791 62783 INFO tempest.lib.common.rest_client [req-3ebe494d-a29c-4e3b-84b5-b587fc6d1f9e req-3ebe494d-a29c-4e3b-84b5-b587fc6d1f9e ] Request (TenantUsagesTestJSON:setUpClass): 200 GET http://10.180.1.21/compute/v2.1/servers/c3a43b3a-cb59-4431-a5d2-4c96db16337f 1.030s
2024-10-20 00:31:02.840 62785 INFO tempest.lib.common.rest_client [req-4c995b5c-cb1e-4b4a-adee-76270b08eb9b req-4c995b5c-cb1e-4b4a-adee-76270b08eb9b ] Request (ServerShowV257Test:test_rebuild_server): 200 GET http://10.180.1.21/compute/v2.1/servers/20b01df0-4ced-4668-a786-046251a0c7ed 0.965s
2024-10-20 00:31:02.868 62787 INFO tempest.lib.common.rest_client [req-aa23b236-7536-499c-b1bf-1bc8592b4a1c req-aa23b236-7536-499c-b1bf-1bc8592b4a1c ] Request (ServerExternalEventsTest:tearDownClass): 200 GET http://10.180.1.21:9696/networking/v2.0/security-groups?tenant_id=353a1e7e20b74490a238e05aa4e9e897&name=default 0.186s
2024-10-20 00:31:02.895 62769 INFO tempest.lib.common.rest_client [req-f8f2b33d-89ea-46e5-853f-72671f67a8ba req-f8f2b33d-89ea-46e5-853f-72671f67a8ba ] Request (ImagesNegativeTestJSON:test_create_image_from_deleted_server): 200 GET http://10.180.1.21/compute/v2.1/servers/e0aabeb7-7d4c-4358-8f6c-e423a0baea3b 0.953s
2024-10-20 00:31:02.956 62793 INFO tempest.lib.common.rest_client [req-58c91fcc-4eb5-42b7-bd53-998bbeb0ee45 req-58c91fcc-4eb5-42b7-bd53-998bbeb0ee45 ] Request (AttachInterfacesV270Test:test_create_get_list_interfaces): 200 GET http://10.180.1.21/compute/v2.1/servers/9c2c0e66-5c67-4e0a-9205-4080bda44a66 1.008s
2024-10-20 00:31:02.980 62763 INFO tempest.lib.common.rest_client [req-6ba77609-e654-4472-b579-df920c23c409 req-6ba77609-e654-4472-b579-df920c23c409 ] Request (ServerDiskConfigTestJSON:test_rebuild_server_with_auto_disk_config): 202 POST http://10.180.1.21/compute/v2.1/servers 1.364s
2024-10-20 00:31:02.982 62787 INFO tempest.lib.common.rest_client [req-c5e2de70-3d6d-407c-885c-eb9e254cb5bd req-c5e2de70-3d6d-407c-885c-eb9e254cb5bd ] Request (ServerExternalEventsTest:tearDownClass): 204 DELETE http://10.180.1.21:9696/networking/v2.0/security-groups/dcc8b752-5c02-49b8-8fc6-2df63cf26988 0.111s
2024-10-20 00:31:03.002 62789 INFO tempest.lib.common.rest_client [req-443368c3-9fd9-4508-8085-0dae08ff2f35 req-443368c3-9fd9-4508-8085-0dae08ff2f35 ] Request (ServerActionsTestOtherA:setUpClass): 200 GET http://10.180.1.21/compute/v2.1/servers/da9d2279-79ae-4371-bef5-08ae15f2d9c9 0.971s
2024-10-20 00:31:03.034 62765 INFO tempest.lib.common.rest_client [req-2f55eeea-903d-4038-b98f-d317e1691ba7 req-2f55eeea-903d-4038-b98f-d317e1691ba7 ] Request (VolumesAdminNegativeTest:test_update_attached_volume_with_nonexistent_volume_in_body): 200 GET http://10.180.1.21/compute/v2.1/servers/df69e966-4580-42c5-8c88-53008807c1d0 0.944s
2024-10-20 00:31:03.100 62787 INFO tempest.lib.common.rest_client [req-329edd05-5f19-42f3-acb9-5601817a062e req-329edd05-5f19-42f3-acb9-5601817a062e ] Request (ServerExternalEventsTest:tearDownClass): 204 DELETE http://10.180.1.21/identity/v3/projects/353a1e7e20b74490a238e05aa4e9e897 0.118s
2024-10-20 00:31:03.100 62787 INFO tempest.lib.common.dynamic_creds [-] Deleting project and security group for project: ad0deb9a4b4344bbbeaa66346bf8a0ee
2024-10-20 00:31:03.101 62773 INFO tempest.lib.common.rest_client [req-992ba70f-300f-45b1-b2c8-0a8e2ae7bbab req-992ba70f-300f-45b1-b2c8-0a8e2ae7bbab ] Request (ServersAdmin275Test:_run_cleanups): 200 GET http://10.180.1.21/compute/v2.1/servers/4f3a0a33-43c0-42fb-8660-198ff4a8529a 0.952s
2024-10-20 00:31:03.111 62773 INFO tempest.common.waiters [-] State transition "REBUILD/rebuild_spawning" ==> "ACTIVE/None" after 9 second wait
2024-10-20 00:31:03.120 62759 INFO tempest.lib.common.rest_client [req-510d296a-1de2-415c-af18-8a87099f8a9f req-510d296a-1de2-415c-af18-8a87099f8a9f ] Request (AggregatesAdminNegativeTestJSON:_run_cleanups): 200 DELETE http://10.180.1.21/compute/v2.1/os-aggregates/8 0.970s
2024-10-20 00:31:03.129 62781 INFO tempest.lib.common.rest_client [req-72d2b7a8-1bd4-4e14-af6c-b3b8e32cef4b req-72d2b7a8-1bd4-4e14-af6c-b3b8e32cef4b ] Request (SecurityGroupsTestAdminJSON:_run_cleanups): 202 DELETE http://10.180.1.21/compute/v2.1/os-security-groups/969f2e48-c8a6-4609-a4db-9a56d6af4a2e 1.022s
2024-10-20 00:31:03.179 62805 INFO tempest.lib.common.rest_client [req-25fc9982-4d91-45ae-95dd-e50788d94d1b req-25fc9982-4d91-45ae-95dd-e50788d94d1b ] Request (SecurityGroupsTestJSON:test_list_security_groups_by_server): 200 GET http://10.180.1.21/compute/v2.1/servers/dba06415-d503-4420-825e-76afc59f6153 0.981s
2024-10-20 00:31:03.223 62787 INFO tempest.lib.common.rest_client [req-39953b06-384e-4f9c-9c28-3e0054183f34 req-39953b06-384e-4f9c-9c28-3e0054183f34 ] Request (ServerExternalEventsTest:tearDownClass): 200 GET http://10.180.1.21:9696/networking/v2.0/security-groups?tenant_id=ad0deb9a4b4344bbbeaa66346bf8a0ee&name=default 0.123s
2024-10-20 00:31:03.234 62797 INFO tempest.lib.common.rest_client [req-5eb19b15-9e05-44a2-8675-ffdbb796a7e2 req-5eb19b15-9e05-44a2-8675-ffdbb796a7e2 ] Request (ServerTagsTestJSON:setUpClass): 200 GET http://10.180.1.21/compute/v2.1/servers/edd89a57-f026-4a3e-8b6b-111cc2321d9d 0.977s
2024-10-20 00:31:03.243 62759 INFO tempest.lib.common.rest_client [req-158f33e7-a4df-4fdd-8c51-a9c58a42e124 req-158f33e7-a4df-4fdd-8c51-a9c58a42e124 ] Request (AggregatesAdminNegativeTestJSON:tearDownClass): 204 DELETE http://10.180.1.21/identity/v3/users/e073b5dec9ed4e939a9e9082a9fee1a6 0.122s
2024-10-20 00:31:03.296 62767 INFO tempest.lib.common.rest_client [req-1752039f-5ed4-4fc8-8d81-422255620d3f req-1752039f-5ed4-4fc8-8d81-422255620d3f ] Request (VolumesAssistedSnapshotsTest:test_volume_assisted_snapshot_create_delete): 200 GET http://10.180.1.21/compute/v2.1/servers/da34c648-4074-494e-a569-e8e839207a70 1.005s
2024-10-20 00:31:03.362 62759 INFO tempest.lib.common.rest_client [req-805cc059-ff20-4ea3-9c9d-9a47d99f3718 req-805cc059-ff20-4ea3-9c9d-9a47d99f3718 ] Request (AggregatesAdminNegativeTestJSON:tearDownClass): 204 DELETE http://10.180.1.21/identity/v3/users/9cc9c7dde3244ad898fc9bc1b3c01a3a 0.118s
2024-10-20 00:31:03.362 62759 INFO tempest.lib.common.dynamic_creds [-] Deleting project and security group for project: 7acec1ee492942108d7e05a08fe882a2
2024-10-20 00:31:03.398 62787 INFO tempest.lib.common.rest_client [req-3352d42d-8722-4e59-b2fb-757686fa3851 req-3352d42d-8722-4e59-b2fb-757686fa3851 ] Request (ServerExternalEventsTest:tearDownClass): 204 DELETE http://10.180.1.21:9696/networking/v2.0/security-groups/dd5922e1-a9b0-4f61-92a4-fc05d4be3787 0.174s
2024-10-20 00:31:03.427 62759 INFO tempest.lib.common.rest_client [req-980b5b0e-2ec4-43a0-8d7c-9eeb0a7e2d43 req-980b5b0e-2ec4-43a0-8d7c-9eeb0a7e2d43 ] Request (AggregatesAdminNegativeTestJSON:tearDownClass): 201 POST http://10.180.1.21/identity/v3/auth/tokens 0.065s
2024-10-20 00:31:03.492 62795 INFO tempest.lib.common.rest_client [req-2b208c5b-5101-4df0-860d-8a1b8cf643c8 req-2b208c5b-5101-4df0-860d-8a1b8cf643c8 ] Request (SecurityGroupRulesTestJSON:test_security_group_rules_create_with_optional_cidr): 200 POST http://10.180.1.21/compute/v2.1/os-security-groups 1.144s
2024-10-20 00:31:03.500 62787 INFO tempest.lib.common.rest_client [req-3058fa78-512f-4b60-b7be-0753fd72c5b5 req-3058fa78-512f-4b60-b7be-0753fd72c5b5 ] Request (ServerExternalEventsTest:tearDownClass): 204 DELETE http://10.180.1.21/identity/v3/projects/ad0deb9a4b4344bbbeaa66346bf8a0ee 0.101s
2024-10-20 00:31:03.565 62791 INFO tempest.lib.common.rest_client [req-17b7bfbc-1f49-47b1-875e-435ca82c5336 req-17b7bfbc-1f49-47b1-875e-435ca82c5336 ] Request (ImagesTestJSON:test_create_image_from_suspended_server): 200 GET http://10.180.1.21/compute/v2.1/servers/215472ea-402c-4eb5-8ad3-b7ef756dfdc5 1.215s
2024-10-20 00:31:03.572 62787 INFO tempest.lib.common.rest_client [req-ba8b9083-3f2e-42b2-ada6-8c06d3c8dc08 req-ba8b9083-3f2e-42b2-ada6-8c06d3c8dc08 ] Request (FloatingIPDetailsTestJSON:setUpClass): 201 POST http://10.180.1.21/identity/v3/auth/tokens 0.070s
2024-10-20 00:31:03.589 62815 INFO tempest.lib.common.rest_client [req-659a3599-fc16-4d4a-a552-3f666bbf6e4e req-659a3599-fc16-4d4a-a552-3f666bbf6e4e ] Request (FlavorsAdminTestJSON:test_is_public_string_variations): 200 GET http://10.180.1.21/compute/v2.1/flavors/detail?is_public=yes 1.219s
2024-10-20 00:31:03.604 62775 INFO tempest.lib.common.rest_client [req-a6129fa3-fbdb-4453-b92b-96a9cf5bbecc req-a6129fa3-fbdb-4453-b92b-96a9cf5bbecc ] Request (HypervisorAdminNegativeUnderV252Test:test_show_servers_with_nonexistent_hypervisor): 404 GET http://10.180.1.21/compute/v2.1/os-hypervisors/79d92ee1-4831-4fc8-8c3d-8545e238b47e/servers 1.168s
2024-10-20 00:31:03.611 62787 INFO tempest.lib.common.rest_client [req-32d05222-dcd8-4b35-a49a-804d4511505b req-32d05222-dcd8-4b35-a49a-804d4511505b ] Request (FloatingIPDetailsTestJSON:setUpClass): 201 POST http://10.180.1.21/identity/v3/auth/tokens 0.035s
2024-10-20 00:31:03.641 62787 INFO tempest.lib.common.rest_client [req-2b5e1032-b946-4377-9270-03e6c197178b req-2b5e1032-b946-4377-9270-03e6c197178b ] Request (FloatingIPDetailsTestJSON:setUpClass): 200 GET http://10.180.1.21/identity/v3/domains?name=Default 0.029s
2024-10-20 00:31:03.672 62771 INFO tempest.lib.common.rest_client [req-cb7782e5-2688-42ed-8cb6-e353016a9067 req-cb7782e5-2688-42ed-8cb6-e353016a9067 ] Request (ServersWithSpecificFlavorTestJSON:test_verify_created_server_ephemeral_disk): 200 GET http://10.180.1.21/compute/v2.1/servers/6d2a2f98-aa84-4766-a872-dc6e22bcc3e4 1.214s
2024-10-20 00:31:03.682 62787 INFO tempest.lib.common.rest_client [req-3ce49ddf-5465-489b-adbd-19d2a0470d2c req-3ce49ddf-5465-489b-adbd-19d2a0470d2c ] Request (FloatingIPDetailsTestJSON:setUpClass): 201 POST http://10.180.1.21/identity/v3/projects 0.040s
2024-10-20 00:31:03.711 62775 INFO tempest.lib.common.rest_client [req-abd9843e-89dc-40da-ac15-bb4a6d870630 req-abd9843e-89dc-40da-ac15-bb4a6d870630 ] Request (HypervisorAdminNegativeUnderV252Test:tearDownClass): 204 DELETE http://10.180.1.21/identity/v3/users/9726a83cd3014799addd737a61aec139 0.105s
2024-10-20 00:31:03.720 62759 INFO tempest.lib.common.rest_client [req-bd1b7265-e0a5-47e2-b48a-c2568a95bfb7 req-bd1b7265-e0a5-47e2-b48a-c2568a95bfb7 ] Request (AggregatesAdminNegativeTestJSON:tearDownClass): 200 GET http://10.180.1.21:9696/networking/v2.0/security-groups?tenant_id=7acec1ee492942108d7e05a08fe882a2&name=default 0.292s
2024-10-20 00:31:03.728 62777 INFO tempest.lib.common.rest_client [req-e179ca26-5bb0-4302-9240-3c0b234dc3e2 req-e179ca26-5bb0-4302-9240-3c0b234dc3e2 ] Request (ServerDiagnosticsNegativeTest:test_get_server_diagnostics_by_non_admin): 200 GET http://10.180.1.21/compute/v2.1/servers/fb33026e-b607-477f-b75f-779db7c5c34f 1.195s
2024-10-20 00:31:03.791 62799 INFO tempest.lib.common.rest_client [req-fa41b48f-1109-4e43-95aa-ca712308a544 req-fa41b48f-1109-4e43-95aa-ca712308a544 ] Request (DeleteServersAdminTestJSON:test_delete_server_while_in_error_state): 200 GET http://10.180.1.21/compute/v2.1/servers/104b64ff-a042-4bee-a5fd-bbbdf288f63f 1.210s
2024-10-20 00:31:03.808 62787 INFO tempest.lib.common.rest_client [req-0ae3521d-23c0-44d1-a525-0984c380aacc req-0ae3521d-23c0-44d1-a525-0984c380aacc ] Request (FloatingIPDetailsTestJSON:setUpClass): 201 POST http://10.180.1.21/identity/v3/users 0.125s
2024-10-20 00:31:03.813 62803 INFO tempest.lib.common.rest_client [req-21a4aee8-800e-480e-87d1-1f455e3aa0b8 req-21a4aee8-800e-480e-87d1-1f455e3aa0b8 ] Request (ServersTestBootFromVolume:setUpClass): 202 POST http://10.180.1.21/compute/v2.1/servers 1.585s
2024-10-20 00:31:03.814 62817 INFO tempest.lib.common.rest_client [req-3cbfcb77-fefd-4503-94a0-8ead23309bfe req-3cbfcb77-fefd-4503-94a0-8ead23309bfe ] Request (ServersTestJSON:setUpClass): 404 GET http://10.180.1.21/compute/v2.1/servers/71c6b4ec-60a5-4c8d-a529-a841e1b36a53 1.082s
2024-10-20 00:31:03.814 62817 INFO tempest.test [-] raised in ServersTestJSON.setUpClass. Invoking tearDownClass.
2024-10-20 00:31:03.824 62759 INFO tempest.lib.common.rest_client [req-d887a8b4-8456-477e-94b8-da02aa487285 req-d887a8b4-8456-477e-94b8-da02aa487285 ] Request (AggregatesAdminNegativeTestJSON:tearDownClass): 204 DELETE http://10.180.1.21:9696/networking/v2.0/security-groups/b1418311-8ecf-4d9a-9b4c-976f37627fcb 0.103s
2024-10-20 00:31:03.833 62775 INFO tempest.lib.common.rest_client [req-e186ec0d-700d-4fda-aebd-cd72e879ea1f req-e186ec0d-700d-4fda-aebd-cd72e879ea1f ] Request (HypervisorAdminNegativeUnderV252Test:tearDownClass): 204 DELETE http://10.180.1.21/identity/v3/users/3bd3a496f00f4ca1811d38c26f3517c1 0.120s
2024-10-20 00:31:03.834 62775 INFO tempest.lib.common.dynamic_creds [-] Deleting project and security group for project: f7bb8431ae914d6986c1c7b575cf7f78
2024-10-20 00:31:03.863 62787 INFO tempest.lib.common.rest_client [req-182c970e-c387-4dd8-8c73-9c3e85c7fd60 req-182c970e-c387-4dd8-8c73-9c3e85c7fd60 ] Request (FloatingIPDetailsTestJSON:setUpClass): 200 GET http://10.180.1.21/identity/v3/roles 0.055s
2024-10-20 00:31:03.875 62779 INFO tempest.lib.common.rest_client [req-806af608-b69b-49d7-a1a4-18d22584c99b req-806af608-b69b-49d7-a1a4-18d22584c99b ] Request (ServerDiagnosticsV248Test:test_get_server_diagnostics): 200 GET http://10.180.1.21/compute/v2.1/servers/7653f469-5ce5-4d74-9a3f-55a6adb3a255 1.060s
2024-10-20 00:31:03.875 62761 INFO tempest.lib.common.rest_client [req-6d19c724-ee9f-4c3e-a6ad-03780c4ac4bb req-6d19c724-ee9f-4c3e-a6ad-03780c4ac4bb ] Request (ListImageFiltersTestJSON:setUpClass): 200 GET http://10.180.1.21/compute/v2.1/servers/1c892e78-a863-4561-940d-b44701e97041 1.130s
2024-10-20 00:31:03.893 62775 INFO tempest.lib.common.rest_client [req-c2cd5eb0-c807-4059-9898-276b8ea8186e req-c2cd5eb0-c807-4059-9898-276b8ea8186e ] Request (HypervisorAdminNegativeUnderV252Test:tearDownClass): 201 POST http://10.180.1.21/identity/v3/auth/tokens 0.059s
2024-10-20 00:31:03.919 62787 INFO tempest.lib.common.rest_client [req-d7a37dcf-6c67-4428-b38a-f71ef7d05f74 req-d7a37dcf-6c67-4428-b38a-f71ef7d05f74 ] Request (FloatingIPDetailsTestJSON:setUpClass): 204 PUT http://10.180.1.21/identity/v3/projects/35fe361aa6b4485bb8e337aa891650ab/users/6769506ec37c4c6db5af1c48228acd65/roles/ac4825c5bde34a7083f6a97f96de035b 0.055s
2024-10-20 00:31:03.919 62787 INFO tempest.lib.common.dynamic_creds [-] Dynamic test user 6769506ec37c4c6db5af1c48228acd65 is created with scope project and roles: ['member']
2024-10-20 00:31:03.919 62787 INFO tempest.lib.common.dynamic_creds [-] Acquired dynamic creds: credentials: Credentials: {'domain_id': 'default', 'domain_name': 'Default', 'username': 'tempest-FloatingIPDetailsTestJSON-1693054422-project-member', 'project_domain_id': 'default', 'project_domain_name': 'Default', 'project_id': '35fe361aa6b4485bb8e337aa891650ab', 'project_name': 'tempest-FloatingIPDetailsTestJSON-1693054422', 'tenant_id': '35fe361aa6b4485bb8e337aa891650ab', 'tenant_name': 'tempest-FloatingIPDetailsTestJSON-1693054422', 'user_domain_id': 'default', 'user_domain_name': 'Default', 'user_id': '6769506ec37c4c6db5af1c48228acd65', 'system': None}, Network: None, Subnet: None, Router: None
2024-10-20 00:31:03.933 62811 INFO tempest.lib.common.rest_client [req-76014c96-c47e-47ef-84d2-081465285c0e req-76014c96-c47e-47ef-84d2-081465285c0e ] Request (ServersAdminTestJSON:setUpClass): 200 GET http://10.180.1.21/compute/v2.1/servers/fe69caab-dd71-4b01-a121-2591111b193d 1.074s
2024-10-20 00:31:03.934 62763 INFO tempest.lib.common.rest_client [req-040017c5-6fe8-4725-8341-ebcb42ee752d req-040017c5-6fe8-4725-8341-ebcb42ee752d ] Request (ServerDiskConfigTestJSON:test_rebuild_server_with_auto_disk_config): 200 GET http://10.180.1.21/compute/v2.1/servers/f7611f03-73bb-4c0c-b787-d3c7f077f5bf 0.951s
2024-10-20 00:31:03.951 62759 INFO tempest.lib.common.rest_client [req-9db1e1dd-339a-4562-9bb4-c61cd6f3c58b req-9db1e1dd-339a-4562-9bb4-c61cd6f3c58b ] Request (AggregatesAdminNegativeTestJSON:tearDownClass): 204 DELETE http://10.180.1.21/identity/v3/projects/7acec1ee492942108d7e05a08fe882a2 0.126s
2024-10-20 00:31:03.952 62759 INFO tempest.lib.common.dynamic_creds [-] Deleting project and security group for project: 613ab71ab46646a1b2cef754b0009a3e
2024-10-20 00:31:04.018 62787 INFO tempest.lib.common.rest_client [req-2cfc5ce0-6fa8-402e-b66e-ac4c2a0b34d2 req-2cfc5ce0-6fa8-402e-b66e-ac4c2a0b34d2 ] Request (FloatingIPDetailsTestJSON:setUpClass): 201 POST http://10.180.1.21/identity/v3/auth/tokens 0.098s
2024-10-20 00:31:04.038 62773 INFO tempest.lib.common.rest_client [req-26fb24de-866e-4a22-aeba-ea9b282c56a4 req-26fb24de-866e-4a22-aeba-ea9b282c56a4 ] Request (ServersAdmin275Test:tearDownClass): 204 DELETE http://10.180.1.21/compute/v2.1/servers/4f3a0a33-43c0-42fb-8660-198ff4a8529a 0.921s
2024-10-20 00:31:04.060 62759 INFO tempest.lib.common.rest_client [req-659372e8-9cbb-4f2a-881c-fc3dd29720d0 req-659372e8-9cbb-4f2a-881c-fc3dd29720d0 ] Request (AggregatesAdminNegativeTestJSON:tearDownClass): 200 GET http://10.180.1.21:9696/networking/v2.0/security-groups?tenant_id=613ab71ab46646a1b2cef754b0009a3e&name=default 0.108s
2024-10-20 00:31:04.104 62781 INFO tempest.lib.common.rest_client [req-dbd6f22b-637a-4e23-905d-2d773f10ab45 req-dbd6f22b-637a-4e23-905d-2d773f10ab45 ] Request (SecurityGroupsTestAdminJSON:_run_cleanups): 202 DELETE http://10.180.1.21/compute/v2.1/os-security-groups/dbae3118-192a-44f1-aeaf-098e99f093b1 0.975s
2024-10-20 00:31:04.105 62807 INFO tempest.lib.common.rest_client [req-5ba24352-3b07-4327-9d31-7196a8b9df36 req-5ba24352-3b07-4327-9d31-7196a8b9df36 ] Request (ServersTestManualDisk:setUpClass): 200 GET http://10.180.1.21/compute/v2.1/servers/e944e6e5-7bc0-4efb-a811-38221734ec4f 0.666s
2024-10-20 00:31:04.131 62759 INFO tempest.lib.common.rest_client [req-3f70890f-f19d-4ea8-b3b2-39b383ab9ceb req-3f70890f-f19d-4ea8-b3b2-39b383ab9ceb ] Request (AggregatesAdminNegativeTestJSON:tearDownClass): 204 DELETE http://10.180.1.21:9696/networking/v2.0/security-groups/572a6597-968e-449d-96cd-a778eedcabd1 0.071s
2024-10-20 00:31:04.183 62801 INFO tempest.lib.common.rest_client [req-5e6fb73a-ae28-442b-a4d0-a396f329370a req-5e6fb73a-ae28-442b-a4d0-a396f329370a ] Request (ServersAaction247Test:tearDownClass): 200 GET http://10.180.1.21/compute/v2.1/servers/e976d2d2-aa69-473b-9dfc-e616b0132754 0.738s
2024-10-20 00:31:04.192 62801 INFO tempest.common.waiters [-] State transition "ACTIVE/deleting" ==> "DELETED/None" after 4 second wait
2024-10-20 00:31:04.193 62759 INFO tempest.lib.common.rest_client [req-82aede9b-6ee7-472d-b3c0-f112f50f5ca5 req-82aede9b-6ee7-472d-b3c0-f112f50f5ca5 ] Request (AggregatesAdminNegativeTestJSON:tearDownClass): 204 DELETE http://10.180.1.21/identity/v3/projects/613ab71ab46646a1b2cef754b0009a3e 0.062s
2024-10-20 00:31:04.255 62809 INFO tempest.lib.common.rest_client [req-639b1ac0-147e-4a7b-9280-888a1a3deef7 req-639b1ac0-147e-4a7b-9280-888a1a3deef7 ] Request (MultipleCreateTestJSON:test_multiple_create): 200 GET http://10.180.1.21/compute/v2.1/servers/1d25cdca-3c87-47a2-85aa-86f7132297b5 0.743s
2024-10-20 00:31:04.256 62759 INFO tempest.lib.common.rest_client [req-eafd5e22-0bd6-446b-b6b9-6f742a82e49f req-eafd5e22-0bd6-446b-b6b9-6f742a82e49f ] Request (AZAdminV2TestJSON:setUpClass): 201 POST http://10.180.1.21/identity/v3/auth/tokens 0.061s
2024-10-20 00:31:04.273 62815 INFO tempest.lib.common.rest_client [req-7f093cae-cbdd-40d2-b4ba-4a7c43faf1c4 req-7f093cae-cbdd-40d2-b4ba-4a7c43faf1c4 ] Request (FlavorsAdminTestJSON:test_is_public_string_variations): 200 GET http://10.180.1.21/compute/v2.1/flavors/detail?is_public=1 0.678s
2024-10-20 00:31:04.293 62759 INFO tempest.lib.common.rest_client [req-000e1ab3-3935-4d1d-9b0d-762cab449d2d req-000e1ab3-3935-4d1d-9b0d-762cab449d2d ] Request (AZAdminV2TestJSON:setUpClass): 201 POST http://10.180.1.21/identity/v3/auth/tokens 0.035s
2024-10-20 00:31:04.316 62759 INFO tempest.lib.common.rest_client [req-68b7638d-a3c1-4aab-8331-975eabe3ae1a req-68b7638d-a3c1-4aab-8331-975eabe3ae1a ] Request (AZAdminV2TestJSON:setUpClass): 200 GET http://10.180.1.21/identity/v3/domains?name=Default 0.021s
2024-10-20 00:31:04.346 62759 INFO tempest.lib.common.rest_client [req-02d8ce70-8b3e-493f-978c-be690284e3ec req-02d8ce70-8b3e-493f-978c-be690284e3ec ] Request (AZAdminV2TestJSON:setUpClass): 201 POST http://10.180.1.21/identity/v3/projects 0.029s
2024-10-20 00:31:04.412 62759 INFO tempest.lib.common.rest_client [req-ff6d57d3-95e5-495f-ba4e-f531ec180757 req-ff6d57d3-95e5-495f-ba4e-f531ec180757 ] Request (AZAdminV2TestJSON:setUpClass): 201 POST http://10.180.1.21/identity/v3/users 0.066s
2024-10-20 00:31:04.431 62759 INFO tempest.lib.common.rest_client [req-632cb8f9-4378-4c7e-b532-6fc24c09cf2e req-632cb8f9-4378-4c7e-b532-6fc24c09cf2e ] Request (AZAdminV2TestJSON:setUpClass): 200 GET http://10.180.1.21/identity/v3/roles 0.018s
2024-10-20 00:31:04.443 62775 INFO tempest.lib.common.rest_client [req-67e49edc-b594-46f6-9892-969f58a72742 req-67e49edc-b594-46f6-9892-969f58a72742 ] Request (HypervisorAdminNegativeUnderV252Test:tearDownClass): 200 GET http://10.180.1.21:9696/networking/v2.0/security-groups?tenant_id=f7bb8431ae914d6986c1c7b575cf7f78&name=default 0.549s
2024-10-20 00:31:04.454 62783 INFO tempest.lib.common.rest_client [req-b05ca01a-5f8a-4b84-8c29-191f28dd2ca4 req-b05ca01a-5f8a-4b84-8c29-191f28dd2ca4 ] Request (TenantUsagesTestJSON:setUpClass): 200 GET http://10.180.1.21/compute/v2.1/servers/c3a43b3a-cb59-4431-a5d2-4c96db16337f 0.654s
2024-10-20 00:31:04.471 62759 INFO tempest.lib.common.rest_client [req-2e404246-6a6a-4712-a6b9-db86ecc5e1c0 req-2e404246-6a6a-4712-a6b9-db86ecc5e1c0 ] Request (AZAdminV2TestJSON:setUpClass): 204 PUT http://10.180.1.21/identity/v3/projects/c4481195aa804aedb763a8b9d6cce9bc/users/36b2fac892a7427689d7b11c3fe98c6f/roles/ac4825c5bde34a7083f6a97f96de035b 0.039s
2024-10-20 00:31:04.472 62759 INFO tempest.lib.common.dynamic_creds [-] Dynamic test user 36b2fac892a7427689d7b11c3fe98c6f is created with scope project and roles: ['member']
2024-10-20 00:31:04.472 62759 INFO tempest.lib.common.dynamic_creds [-] Acquired dynamic creds: credentials: Credentials: {'domain_id': 'default', 'domain_name': 'Default', 'username': 'tempest-AZAdminV2TestJSON-595139442-project-member', 'project_domain_id': 'default', 'project_domain_name': 'Default', 'project_id': 'c4481195aa804aedb763a8b9d6cce9bc', 'project_name': 'tempest-AZAdminV2TestJSON-595139442', 'tenant_id': 'c4481195aa804aedb763a8b9d6cce9bc', 'tenant_name': 'tempest-AZAdminV2TestJSON-595139442', 'user_domain_id': 'default', 'user_domain_name': 'Default', 'user_id': '36b2fac892a7427689d7b11c3fe98c6f', 'system': None}, Network: None, Subnet: None, Router: None
2024-10-20 00:31:04.472 62759 INFO tempest.lib.common.dynamic_creds [-] Created isolated network resources for: credentials: Credentials: {'domain_id': 'default', 'domain_name': 'Default', 'username': 'tempest-AZAdminV2TestJSON-595139442-project-member', 'project_domain_id': 'default', 'project_domain_name': 'Default', 'project_id': 'c4481195aa804aedb763a8b9d6cce9bc', 'project_name': 'tempest-AZAdminV2TestJSON-595139442', 'tenant_id': 'c4481195aa804aedb763a8b9d6cce9bc', 'tenant_name': 'tempest-AZAdminV2TestJSON-595139442', 'user_domain_id': 'default', 'user_domain_name': 'Default', 'user_id': '36b2fac892a7427689d7b11c3fe98c6f', 'system': None}, Network: None, Subnet: None, Router: None
2024-10-20 00:31:04.478 62817 INFO tempest.lib.common.rest_client [req-c1ec7789-ae9a-413b-8ce8-56217e001641 req-c1ec7789-ae9a-413b-8ce8-56217e001641 ] Request (ServersTestJSON:tearDownClass): 202 DELETE http://10.180.1.21/compute/v2.1/os-keypairs/tempest-keypair-379010098 0.663s
2024-10-20 00:31:04.527 62775 INFO tempest.lib.common.rest_client [req-c9685f68-f272-4e5d-8aee-098c429cfe80 req-c9685f68-f272-4e5d-8aee-098c429cfe80 ] Request (HypervisorAdminNegativeUnderV252Test:tearDownClass): 204 DELETE http://10.180.1.21:9696/networking/v2.0/security-groups/f27cd00b-aa25-47bf-80dd-ef018308cf34 0.084s
2024-10-20 00:31:04.548 62759 INFO tempest.lib.common.rest_client [req-8af8c51d-b86e-4880-bb55-ce368b3a4a38 req-8af8c51d-b86e-4880-bb55-ce368b3a4a38 ] Request (AZAdminV2TestJSON:setUpClass): 201 POST http://10.180.1.21/identity/v3/auth/tokens 0.072s
2024-10-20 00:31:04.556 62803 INFO tempest.lib.common.rest_client [req-4d490ae7-442f-4860-840c-e89999fbe618 req-4d490ae7-442f-4860-840c-e89999fbe618 ] Request (ServersTestBootFromVolume:setUpClass): 200 GET http://10.180.1.21/compute/v2.1/servers/e1ead278-d904-41cc-bdfe-65174e8d6816 0.742s
2024-10-20 00:31:04.557 62795 INFO tempest.lib.common.rest_client [req-3913ba6e-264a-41bb-b575-13ef216e1f80 req-3913ba6e-264a-41bb-b575-13ef216e1f80 ] Request (SecurityGroupRulesTestJSON:test_security_group_rules_create_with_optional_cidr): 200 POST http://10.180.1.21/compute/v2.1/os-security-group-rules 1.057s
2024-10-20 00:31:04.625 62759 INFO tempest.lib.common.rest_client [req-a126a79c-2484-4dca-b2c0-f55ee0505e63 req-a126a79c-2484-4dca-b2c0-f55ee0505e63 ] Request (AZAdminV2TestJSON:setUpClass): 201 POST http://10.180.1.21/identity/v3/projects 0.076s
2024-10-20 00:31:04.636 62769 INFO tempest.lib.common.rest_client [req-c0ec8238-eaf7-4c7a-96b2-262a84a86389 req-c0ec8238-eaf7-4c7a-96b2-262a84a86389 ] Request (ImagesNegativeTestJSON:test_create_image_from_deleted_server): 200 GET http://10.180.1.21/compute/v2.1/servers/e0aabeb7-7d4c-4358-8f6c-e423a0baea3b 0.732s
2024-10-20 00:31:04.638 62787 INFO tempest.lib.common.rest_client [req-d37c3e3a-ddc3-4969-9772-aa48440a0704 req-d37c3e3a-ddc3-4969-9772-aa48440a0704 ] Request (FloatingIPDetailsTestJSON:setUpClass): 201 POST http://10.180.1.21:9696/networking/v2.0/networks 0.620s
2024-10-20 00:31:04.645 62775 INFO tempest.lib.common.rest_client [req-c3d89b22-727e-45fb-a3f9-cd6b562d0e91 req-c3d89b22-727e-45fb-a3f9-cd6b562d0e91 ] Request (HypervisorAdminNegativeUnderV252Test:tearDownClass): 204 DELETE http://10.180.1.21/identity/v3/projects/f7bb8431ae914d6986c1c7b575cf7f78 0.117s
2024-10-20 00:31:04.645 62775 INFO tempest.lib.common.dynamic_creds [-] Deleting project and security group for project: 8f9e32cefd7f4b1581dfd1123bbeb88e
2024-10-20 00:31:04.649 62785 INFO tempest.lib.common.rest_client [req-6ca5cb3b-eb3f-4501-99ee-c943055bfdd1 req-6ca5cb3b-eb3f-4501-99ee-c943055bfdd1 ] Request (ServerShowV257Test:test_rebuild_server): 200 GET http://10.180.1.21/compute/v2.1/servers/20b01df0-4ced-4668-a786-046251a0c7ed 0.796s
2024-10-20 00:31:04.685 62817 INFO tempest.lib.common.rest_client [req-fd21e009-fc23-4bbb-a4e8-d33a66c3c6ad req-fd21e009-fc23-4bbb-a4e8-d33a66c3c6ad ] Request (ServersTestJSON:tearDownClass): 204 DELETE http://10.180.1.21:9696/networking/v2.0/security-groups/06b186a6-ce91-471f-a688-553413f85ace 0.206s
2024-10-20 00:31:04.687 62759 INFO tempest.lib.common.rest_client [req-3c57126c-ab3d-4335-8990-9b5b10008aae req-3c57126c-ab3d-4335-8990-9b5b10008aae ] Request (AZAdminV2TestJSON:setUpClass): 201 POST http://10.180.1.21/identity/v3/users 0.061s
2024-10-20 00:31:04.695 62817 INFO tempest.lib.common.rest_client [req-7bcd6ff9-cd6c-44fc-b4e2-ea747f24b4bf req-7bcd6ff9-cd6c-44fc-b4e2-ea747f24b4bf ] Request (ServersTestJSON:tearDownClass): 404 GET http://10.180.1.21:9696/networking/v2.0/security-groups/06b186a6-ce91-471f-a688-553413f85ace 0.010s
2024-10-20 00:31:04.722 62789 INFO tempest.lib.common.rest_client [req-533161b7-a761-4719-a392-c0173a91bf81 req-533161b7-a761-4719-a392-c0173a91bf81 ] Request (ServerActionsTestOtherA:setUpClass): 200 GET http://10.180.1.21/compute/v2.1/servers/da9d2279-79ae-4371-bef5-08ae15f2d9c9 0.711s
2024-10-20 00:31:04.726 62793 INFO tempest.lib.common.rest_client [req-644fd910-c7b8-484e-8294-e60048d8888a req-644fd910-c7b8-484e-8294-e60048d8888a ] Request (AttachInterfacesV270Test:test_create_get_list_interfaces): 200 GET http://10.180.1.21/compute/v2.1/servers/9c2c0e66-5c67-4e0a-9205-4080bda44a66 0.756s
2024-10-20 00:31:04.750 62759 INFO tempest.lib.common.rest_client [req-011c769a-3dd7-49d1-bef7-6bf9fa135847 req-011c769a-3dd7-49d1-bef7-6bf9fa135847 ] Request (AZAdminV2TestJSON:setUpClass): 200 GET http://10.180.1.21/identity/v3/roles 0.062s
2024-10-20 00:31:04.777 62759 INFO tempest.lib.common.rest_client [req-c58fc731-71ae-4ca4-9467-a5c2de230a8f req-c58fc731-71ae-4ca4-9467-a5c2de230a8f ] Request (AZAdminV2TestJSON:setUpClass): 204 PUT http://10.180.1.21/identity/v3/projects/db3e659e105d490fb591e416fe730c08/users/d479213f05454ddb9fb8a9ff8e4e72b0/roles/c0bfcf8067f8425cb0fbd21c582ba7f1 0.027s
2024-10-20 00:31:04.802 62773 INFO tempest.lib.common.rest_client [req-4fa9c09b-f2cb-4ddb-b65c-ca6a7c9182d9 req-4fa9c09b-f2cb-4ddb-b65c-ca6a7c9182d9 ] Request (ServersAdmin275Test:tearDownClass): 200 GET http://10.180.1.21/compute/v2.1/servers/4f3a0a33-43c0-42fb-8660-198ff4a8529a 0.764s
2024-10-20 00:31:04.813 62765 INFO tempest.lib.common.rest_client [req-3a97ec45-1a37-459a-8a5b-c15c616b4a5f req-3a97ec45-1a37-459a-8a5b-c15c616b4a5f ] Request (VolumesAdminNegativeTest:test_update_attached_volume_with_nonexistent_volume_in_body): 200 GET http://10.180.1.21/compute/v2.1/servers/df69e966-4580-42c5-8c88-53008807c1d0 0.772s
2024-10-20 00:31:04.838 62759 INFO tempest.lib.common.rest_client [req-90765706-a5ee-4e56-b488-02d0f61058e3 req-90765706-a5ee-4e56-b488-02d0f61058e3 ] Request (AZAdminV2TestJSON:setUpClass): 200 GET http://10.180.1.21/identity/v3/roles 0.059s
2024-10-20 00:31:04.859 62759 INFO tempest.lib.common.rest_client [req-20d5d3da-2ae9-4747-9b05-a2aa19a5d607 req-20d5d3da-2ae9-4747-9b05-a2aa19a5d607 ] Request (AZAdminV2TestJSON:setUpClass): 204 PUT http://10.180.1.21/identity/v3/projects/db3e659e105d490fb591e416fe730c08/users/d479213f05454ddb9fb8a9ff8e4e72b0/roles/c0bfcf8067f8425cb0fbd21c582ba7f1 0.020s
2024-10-20 00:31:04.859 62759 INFO tempest.lib.common.dynamic_creds [-] Dynamic test user d479213f05454ddb9fb8a9ff8e4e72b0 is created with scope project and roles: ['admin']
2024-10-20 00:31:04.859 62759 INFO tempest.lib.common.dynamic_creds [-] Acquired dynamic creds: credentials: Credentials: {'domain_id': 'default', 'domain_name': 'Default', 'username': 'tempest-AZAdminV2TestJSON-1491127817-project-admin', 'project_domain_id': 'default', 'project_domain_name': 'Default', 'project_id': 'db3e659e105d490fb591e416fe730c08', 'project_name': 'tempest-AZAdminV2TestJSON-1491127817', 'tenant_id': 'db3e659e105d490fb591e416fe730c08', 'tenant_name': 'tempest-AZAdminV2TestJSON-1491127817', 'user_domain_id': 'default', 'user_domain_name': 'Default', 'user_id': 'd479213f05454ddb9fb8a9ff8e4e72b0', 'system': None}, Network: None, Subnet: None, Router: None
2024-10-20 00:31:04.859 62759 INFO tempest.lib.common.dynamic_creds [-] Created isolated network resources for: credentials: Credentials: {'domain_id': 'default', 'domain_name': 'Default', 'username': 'tempest-AZAdminV2TestJSON-1491127817-project-admin', 'project_domain_id': 'default', 'project_domain_name': 'Default', 'project_id': 'db3e659e105d490fb591e416fe730c08', 'project_name': 'tempest-AZAdminV2TestJSON-1491127817', 'tenant_id': 'db3e659e105d490fb591e416fe730c08', 'tenant_name': 'tempest-AZAdminV2TestJSON-1491127817', 'user_domain_id': 'default', 'user_domain_name': 'Default', 'user_id': 'd479213f05454ddb9fb8a9ff8e4e72b0', 'system': None}, Network: None, Subnet: None, Router: None
2024-10-20 00:31:04.873 62775 INFO tempest.lib.common.rest_client [req-662dcef9-5e38-45b4-939f-eadf61b72193 req-662dcef9-5e38-45b4-939f-eadf61b72193 ] Request (HypervisorAdminNegativeUnderV252Test:tearDownClass): 200 GET http://10.180.1.21:9696/networking/v2.0/security-groups?tenant_id=8f9e32cefd7f4b1581dfd1123bbeb88e&name=default 0.227s
2024-10-20 00:31:04.876 62805 INFO tempest.lib.common.rest_client [req-2f620957-3881-4bad-983c-cb25a1eae875 req-2f620957-3881-4bad-983c-cb25a1eae875 ] Request (SecurityGroupsTestJSON:test_list_security_groups_by_server): 200 GET http://10.180.1.21/compute/v2.1/servers/dba06415-d503-4420-825e-76afc59f6153 0.687s
2024-10-20 00:31:04.937 62797 INFO tempest.lib.common.rest_client [req-617fd32d-a2f5-4261-a773-1f08f50b4ca3 req-617fd32d-a2f5-4261-a773-1f08f50b4ca3 ] Request (ServerTagsTestJSON:setUpClass): 200 GET http://10.180.1.21/compute/v2.1/servers/edd89a57-f026-4a3e-8b6b-111cc2321d9d 0.691s
2024-10-20 00:31:04.939 62759 INFO tempest.lib.common.rest_client [req-74d151c1-f537-4b9e-9b05-e272e8d72186 req-74d151c1-f537-4b9e-9b05-e272e8d72186 ] Request (AZAdminV2TestJSON:setUpClass): 201 POST http://10.180.1.21/identity/v3/auth/tokens 0.076s
2024-10-20 00:31:04.954 62815 INFO tempest.lib.common.rest_client [req-cc193065-fd55-4dbd-b216-215a6fbcf8bb req-cc193065-fd55-4dbd-b216-215a6fbcf8bb ] Request (FlavorsAdminTestJSON:_run_cleanups): 202 DELETE http://10.180.1.21/compute/v2.1/flavors/1470500407 0.675s
2024-10-20 00:31:04.989 62781 INFO tempest.lib.common.rest_client [req-f8e7e428-904f-4e66-ab31-a7442fa9e0ea req-f8e7e428-904f-4e66-ab31-a7442fa9e0ea ] Request (SecurityGroupsTestAdminJSON:_run_cleanups): 202 DELETE http://10.180.1.21/compute/v2.1/os-security-groups/206fcc98-7ff7-4a8f-9523-74e1568fa487 0.884s
2024-10-20 00:31:04.990 62817 INFO tempest.lib.common.rest_client [req-1486ea33-5f92-4a8e-af69-fc320336d873 req-1486ea33-5f92-4a8e-af69-fc320336d873 ] Request (ServersTestJSON:tearDownClass): 204 DELETE http://10.180.1.21:9696/networking/v2.0/floatingips/66085585-3b63-42a0-b020-c3e4e3b82fe2 0.294s
2024-10-20 00:31:04.996 62787 INFO tempest.lib.common.rest_client [req-31971ca3-3b03-4477-a150-772a417e3310 req-31971ca3-3b03-4477-a150-772a417e3310 ] Request (FloatingIPDetailsTestJSON:setUpClass): 201 POST http://10.180.1.21:9696/networking/v2.0/subnets 0.358s
