2024-10-20 00:32:00.394 62759 INFO tempest.lib.common.rest_client [req-58aebc87-770d-496a-a9ec-38dbb6a11499 req-58aebc87-770d-496a-a9ec-38dbb6a11499 ] Request (FloatingIPsAssociationNegativeTestJSON:setUpClass): 200 GET http://10.180.1.21/compute/v2.1/servers/cd3d793a-aa56-4f07-a2fa-c56693548dfb 0.044s
2024-10-20 00:32:00.450 62799 INFO tempest.lib.common.rest_client [req-8c4f7756-51e1-44ae-ba80-2a951b69a249 req-8c4f7756-51e1-44ae-ba80-2a951b69a249 ] Request (DeleteServersAdminTestJSON:test_delete_server_while_in_error_state): 200 GET http://10.180.1.21/compute/v2.1/servers/104b64ff-a042-4bee-a5fd-bbbdf288f63f 0.044s
2024-10-20 00:32:00.461 62773 INFO tempest.lib.common.rest_client [req-a50db76a-f067-41e1-9918-49d09716f88d req-a50db76a-f067-41e1-9918-49d09716f88d ] Request (ImagesOneServerTestJSON:setUpClass): 200 GET http://10.180.1.21/compute/v2.1/servers/63abbe0a-af36-4679-8cf1-87f9e9abf7b9 0.046s
2024-10-20 00:32:00.470 62771 INFO tempest.lib.common.rest_client [req-83fbefdf-be1c-432b-89af-8ff315d24b76 req-83fbefdf-be1c-432b-89af-8ff315d24b76 ] Request (ServersWithSpecificFlavorTestJSON:tearDownClass): 204 DELETE http://10.180.1.21:9696/networking/v2.0/subnets/62889cc7-30f5-43d9-a580-f49b90d0bf96 0.095s
2024-10-20 00:32:00.509 62811 INFO tempest.lib.common.rest_client [req-6dfc13a9-7e71-4ea3-8f2b-8bd8de766dd2 req-6dfc13a9-7e71-4ea3-8f2b-8bd8de766dd2 ] Request (ServersAdminTestJSON:setUpClass): 200 GET http://10.180.1.21/compute/v2.1/servers/fe69caab-dd71-4b01-a121-2591111b193d 0.051s
2024-10-20 00:32:00.581 62761 INFO tempest.lib.common.rest_client [req-7d3eaccc-887f-412f-a598-e263c90baf6c req-7d3eaccc-887f-412f-a598-e263c90baf6c ] Request (ListImageFiltersTestJSON:setUpClass): 200 GET http://10.180.1.21/compute/v2.1/servers/1c892e78-a863-4561-940d-b44701e97041 0.054s
2024-10-20 00:32:00.643 62805 INFO tempest.lib.common.rest_client [req-280cbc8c-49da-42af-b631-756dc6a20a68 req-280cbc8c-49da-42af-b631-756dc6a20a68 ] Request (SecurityGroupsTestJSON:test_server_security_groups): 200 GET http://10.180.1.21/compute/v2.1/servers/86727bdc-342a-429c-85ce-adec8823b799 0.103s
2024-10-20 00:32:00.686 62771 INFO tempest.lib.common.rest_client [req-395f7433-69d2-471f-93ef-73fdb857c88a req-395f7433-69d2-471f-93ef-73fdb857c88a ] Request (ServersWithSpecificFlavorTestJSON:tearDownClass): 204 DELETE http://10.180.1.21:9696/networking/v2.0/networks/b8657524-1aa8-4ee3-97c2-90d76c0464a9 0.216s
2024-10-20 00:32:00.719 62777 INFO tempest.lib.common.rest_client [req-0fb41c97-fe4d-401d-8314-3425fe5355ff req-0fb41c97-fe4d-401d-8314-3425fe5355ff ] Request (ServerDiagnosticsNegativeTest:test_get_server_diagnostics_by_non_admin): 200 GET http://10.180.1.21/compute/v2.1/servers/fb33026e-b607-477f-b75f-779db7c5c34f 0.134s
2024-10-20 00:32:00.724 62801 INFO tempest.lib.common.rest_client [req-29426ff8-35f8-4a45-a0a8-dc28799b9da7 req-29426ff8-35f8-4a45-a0a8-dc28799b9da7 ] Request (ServerGroupTestJSON:test_create_server_with_scheduler_hint_group): 200 GET http://10.180.1.21/compute/v2.1/servers/32c0268b-eee6-4e45-b9c3-077ec81bd314 0.256s
2024-10-20 00:32:00.781 62771 INFO tempest.lib.common.rest_client [req-c54792ca-2af3-447f-8973-26f8ee869bf3 req-c54792ca-2af3-447f-8973-26f8ee869bf3 ] Request (ServersWithSpecificFlavorTestJSON:tearDownClass): 204 DELETE http://10.180.1.21/identity/v3/users/55fcd711563544e4b2dcf96b1765058c 0.094s
2024-10-20 00:32:00.786 62763 INFO tempest.lib.common.rest_client [req-68f6dc3c-790c-497e-9f4f-c74c72d7bc41 req-68f6dc3c-790c-497e-9f4f-c74c72d7bc41 ] Request (ServerDiskConfigTestJSON:test_rebuild_server_with_auto_disk_config): 200 GET http://10.180.1.21/compute/v2.1/servers/f7611f03-73bb-4c0c-b787-d3c7f077f5bf 0.191s
2024-10-20 00:32:00.788 62815 INFO tempest.lib.common.rest_client [req-cba6fba0-2940-4255-a2ff-d493a34c2eb0 req-cba6fba0-2940-4255-a2ff-d493a34c2eb0 ] Request (ListServersNegativeTestJSON:setUpClass): 200 GET http://10.180.1.21/compute/v2.1/servers/5adbe047-7055-428f-b72b-67023c68cc04 0.151s
2024-10-20 00:32:00.854 62783 INFO tempest.lib.common.rest_client [req-e3b2d46a-4830-4bf6-af3f-cad3554155b3 req-e3b2d46a-4830-4bf6-af3f-cad3554155b3 ] Request (ListServerFiltersTestJSON:setUpClass): 200 GET http://10.180.1.21/compute/v2.1/servers/72e3b843-c54a-4de7-ace9-ee25c5df14bd 0.207s
2024-10-20 00:32:00.857 62775 INFO tempest.lib.common.rest_client [req-76519a46-5a26-4f25-a043-4c3639068522 req-76519a46-5a26-4f25-a043-4c3639068522 ] Request (ServersV294TestFqdnHostnames:setUpClass): 200 GET http://10.180.1.21/compute/v2.1/servers/a4965864-0127-4842-9478-76e369e2ecbe 0.152s
2024-10-20 00:32:00.887 62771 INFO tempest.lib.common.rest_client [req-8c76848f-b238-4afb-8c80-47181ee73c91 req-8c76848f-b238-4afb-8c80-47181ee73c91 ] Request (ServersWithSpecificFlavorTestJSON:tearDownClass): 204 DELETE http://10.180.1.21/identity/v3/users/4859be1048474addbd65476b769c1c34 0.105s
2024-10-20 00:32:00.887 62771 INFO tempest.lib.common.dynamic_creds [-] Deleting project and security group for project: b62287dee4a845acba6d27b0cd80dfb4
2024-10-20 00:32:00.907 62807 INFO tempest.lib.common.rest_client [req-4ca3ffea-edc6-48fb-8d49-977f8e724ef6 req-4ca3ffea-edc6-48fb-8d49-977f8e724ef6 ] Request (ServersTestManualDisk:setUpClass): 200 GET http://10.180.1.21/compute/v2.1/servers/e944e6e5-7bc0-4efb-a811-38221734ec4f 0.198s
2024-10-20 00:32:00.912 62803 INFO tempest.lib.common.rest_client [req-b6046e45-4484-4462-a976-20cb50afd24f req-b6046e45-4484-4462-a976-20cb50afd24f ] Request (ServersTestBootFromVolume:setUpClass): 200 GET http://10.180.1.21/compute/v2.1/servers/e1ead278-d904-41cc-bdfe-65174e8d6816 0.145s
2024-10-20 00:32:00.931 62771 INFO tempest.lib.common.rest_client [req-bebd8cf2-2dbf-4985-bb67-15772db22e64 req-bebd8cf2-2dbf-4985-bb67-15772db22e64 ] Request (ServersWithSpecificFlavorTestJSON:tearDownClass): 200 GET http://10.180.1.21:9696/networking/v2.0/security-groups?tenant_id=b62287dee4a845acba6d27b0cd80dfb4&name=default 0.043s
2024-10-20 00:32:00.970 62769 INFO tempest.lib.common.rest_client [req-7dac4a77-7e85-41ec-9af1-c4e9c77a0162 req-7dac4a77-7e85-41ec-9af1-c4e9c77a0162 ] Request (ImagesNegativeTestJSON:test_create_image_from_deleted_server): 200 GET http://10.180.1.21/compute/v2.1/servers/e0aabeb7-7d4c-4358-8f6c-e423a0baea3b 0.200s
2024-10-20 00:32:00.978 62809 INFO tempest.lib.common.rest_client [req-a28d56d2-6b39-47b4-ac52-10416822724c req-a28d56d2-6b39-47b4-ac52-10416822724c ] Request (MultipleCreateTestJSON:test_multiple_create): 200 GET http://10.180.1.21/compute/v2.1/servers/1d25cdca-3c87-47a2-85aa-86f7132297b5 0.152s
2024-10-20 00:32:01.015 62771 INFO tempest.lib.common.rest_client [req-b6bfb9b1-366e-4b5a-a4de-89af25ad1809 req-b6bfb9b1-366e-4b5a-a4de-89af25ad1809 ] Request (ServersWithSpecificFlavorTestJSON:tearDownClass): 204 DELETE http://10.180.1.21:9696/networking/v2.0/security-groups/b9a34a02-edcc-4ab2-b376-f5cde4c373ac 0.083s
2024-10-20 00:32:01.021 62765 INFO tempest.lib.common.rest_client [req-5ba6f008-166a-431f-9952-f13ec6cfadd5 req-5ba6f008-166a-431f-9952-f13ec6cfadd5 ] Request (VolumesAdminNegativeTest:test_update_attached_volume_with_nonexistent_volume_in_uri): 200 GET http://10.180.1.21/compute/v2.1/servers/cf71efc9-cfa1-4856-a733-5434bf4465b1 0.134s
2024-10-20 00:32:01.029 62767 INFO tempest.lib.common.rest_client [req-fbba6a13-a29d-4fa7-a1f9-e1addc7315bb req-fbba6a13-a29d-4fa7-a1f9-e1addc7315bb ] Request (ServersAdminNegativeTestJSON:setUpClass): 200 GET http://10.180.1.21/compute/v2.1/servers/277ecbd7-e770-4ea0-ae2e-b49598428d0f 0.202s
2024-10-20 00:32:01.081 62779 INFO tempest.lib.common.rest_client [req-a72b20ab-de83-4c41-a84f-9563a1da07c7 req-a72b20ab-de83-4c41-a84f-9563a1da07c7 ] Request (ServerDiagnosticsV248Test:tearDownClass): 200 GET http://10.180.1.21/compute/v2.1/servers/7653f469-5ce5-4d74-9a3f-55a6adb3a255 0.182s
2024-10-20 00:32:01.085 62789 INFO tempest.lib.common.rest_client [req-950d302f-b373-49c5-8f73-66b0307bd09b req-950d302f-b373-49c5-8f73-66b0307bd09b ] Request (ServerActionsTestOtherA:setUpClass): 200 GET http://10.180.1.21/compute/v2.1/servers/da9d2279-79ae-4371-bef5-08ae15f2d9c9 0.146s
2024-10-20 00:32:01.111 62771 INFO tempest.lib.common.rest_client [req-cf4192f0-b008-4f10-8d87-beb9e54b0368 req-cf4192f0-b008-4f10-8d87-beb9e54b0368 ] Request (ServersWithSpecificFlavorTestJSON:tearDownClass): 204 DELETE http://10.180.1.21/identity/v3/projects/b62287dee4a845acba6d27b0cd80dfb4 0.096s
2024-10-20 00:32:01.112 62771 INFO tempest.lib.common.dynamic_creds [-] Deleting project and security group for project: 42624a377e774a029e68f658517c8a70
2024-10-20 00:32:01.151 62785 INFO tempest.lib.common.rest_client [req-37afb8f5-3418-42f0-a19f-ac3e81eaef84 req-37afb8f5-3418-42f0-a19f-ac3e81eaef84 ] Request (ServerShowV257Test:tearDownClass): 200 GET http://10.180.1.21/compute/v2.1/servers/20b01df0-4ced-4668-a786-046251a0c7ed 0.192s
2024-10-20 00:32:01.151 62795 INFO tempest.lib.common.rest_client [req-f6098add-e0b6-4088-97f7-6519a1b04faa req-f6098add-e0b6-4088-97f7-6519a1b04faa ] Request (ServerAddressesTestJSON:setUpClass): 200 GET http://10.180.1.21/compute/v2.1/servers/d7575b46-ecf9-4154-92b1-86119e727dda 0.084s
2024-10-20 00:32:01.158 62771 INFO tempest.lib.common.rest_client [req-2d95faa4-363c-4b6b-b5d7-a25ee083f0f4 req-2d95faa4-363c-4b6b-b5d7-a25ee083f0f4 ] Request (ServersWithSpecificFlavorTestJSON:tearDownClass): 200 GET http://10.180.1.21:9696/networking/v2.0/security-groups?tenant_id=42624a377e774a029e68f658517c8a70&name=default 0.046s
2024-10-20 00:32:01.210 62791 INFO tempest.lib.common.rest_client [req-8d871753-69c2-4546-8ed6-c8b3102abdff req-8d871753-69c2-4546-8ed6-c8b3102abdff ] Request (ImagesTestJSON:test_create_image_from_suspended_server): 200 GET http://10.180.1.21/compute/v2.1/servers/215472ea-402c-4eb5-8ad3-b7ef756dfdc5 0.080s
2024-10-20 00:32:01.215 62797 INFO tempest.lib.common.rest_client [req-84a9c4e8-b6de-4aea-b60d-15ca9cfb058f req-84a9c4e8-b6de-4aea-b60d-15ca9cfb058f ] Request (ServerTagsTestJSON:setUpClass): 200 GET http://10.180.1.21/compute/v2.1/servers/edd89a57-f026-4a3e-8b6b-111cc2321d9d 0.110s
2024-10-20 00:32:01.260 62771 INFO tempest.lib.common.rest_client [req-d71fe3d8-3e17-45da-a19d-f0b81ca30ca4 req-d71fe3d8-3e17-45da-a19d-f0b81ca30ca4 ] Request (ServersWithSpecificFlavorTestJSON:tearDownClass): 204 DELETE http://10.180.1.21:9696/networking/v2.0/security-groups/25ec78f7-2e28-4971-a3a4-9765ff04854a 0.101s
2024-10-20 00:32:01.274 62793 INFO tempest.lib.common.rest_client [req-d9947e64-d289-487f-96c3-9ab2718d0624 req-d9947e64-d289-487f-96c3-9ab2718d0624 ] Request (AttachInterfacesV270Test:test_create_get_list_interfaces): 200 GET http://10.180.1.21/compute/v2.1/servers/9c2c0e66-5c67-4e0a-9205-4080bda44a66 0.124s
2024-10-20 00:32:01.342 62771 INFO tempest.lib.common.rest_client [req-70ee4381-dfd5-4134-9c7c-ca8ce621e9e1 req-70ee4381-dfd5-4134-9c7c-ca8ce621e9e1 ] Request (ServersWithSpecificFlavorTestJSON:tearDownClass): 204 DELETE http://10.180.1.21/identity/v3/projects/42624a377e774a029e68f658517c8a70 0.082s
2024-10-20 00:32:01.382 62817 INFO tempest.lib.common.rest_client [req-08de5afd-37c5-4fe9-b356-4ed8de0a98b8 req-08de5afd-37c5-4fe9-b356-4ed8de0a98b8 ] Request (ServerAddressesNegativeTestJSON:setUpClass): 200 GET http://10.180.1.21/compute/v2.1/servers/166786ee-4b89-4683-831b-9f3c1c57fb08 0.060s
2024-10-20 00:32:01.408 62771 INFO tempest.lib.common.rest_client [req-c43f230b-f745-4dc5-afe3-fb1d21b35337 req-c43f230b-f745-4dc5-afe3-fb1d21b35337 ] Request (HypervisorAdminV228Test:setUpClass): 201 POST http://10.180.1.21/identity/v3/auth/tokens 0.064s
2024-10-20 00:32:01.440 62787 INFO tempest.lib.common.rest_client [req-957736b1-8df2-44fc-97c7-0395f36a5055 req-957736b1-8df2-44fc-97c7-0395f36a5055 ] Request (AttachInterfacesUnderV243Test:test_add_remove_fixed_ip): 200 GET http://10.180.1.21/compute/v2.1/servers/0b6fb3f8-07ce-458c-9efe-33ea85bbe62a 0.059s
2024-10-20 00:32:01.442 62771 INFO tempest.lib.common.rest_client [req-7137f1ae-ca76-4453-a2d0-d46f05849158 req-7137f1ae-ca76-4453-a2d0-d46f05849158 ] Request (HypervisorAdminV228Test:setUpClass): 201 POST http://10.180.1.21/identity/v3/auth/tokens 0.030s
2024-10-20 00:32:01.458 62759 INFO tempest.lib.common.rest_client [req-7edb0495-87d2-4b78-a2f3-04c6f0d7e254 req-7edb0495-87d2-4b78-a2f3-04c6f0d7e254 ] Request (FloatingIPsAssociationNegativeTestJSON:setUpClass): 200 GET http://10.180.1.21/compute/v2.1/servers/cd3d793a-aa56-4f07-a2fa-c56693548dfb 0.057s
2024-10-20 00:32:01.468 62771 INFO tempest.lib.common.rest_client [req-1dbe725c-6f63-4543-bc27-0565c4fe6097 req-1dbe725c-6f63-4543-bc27-0565c4fe6097 ] Request (HypervisorAdminV228Test:setUpClass): 200 GET http://10.180.1.21/identity/v3/domains?name=Default 0.026s
2024-10-20 00:32:01.505 62771 INFO tempest.lib.common.rest_client [req-6b5d7da1-b1ec-4107-a7e7-865ebd3ed147 req-6b5d7da1-b1ec-4107-a7e7-865ebd3ed147 ] Request (HypervisorAdminV228Test:setUpClass): 201 POST http://10.180.1.21/identity/v3/projects 0.036s
2024-10-20 00:32:01.510 62799 INFO tempest.lib.common.rest_client [req-d0c78704-e126-4f9b-9a86-5488eef74435 req-d0c78704-e126-4f9b-9a86-5488eef74435 ] Request (DeleteServersAdminTestJSON:test_delete_server_while_in_error_state): 200 GET http://10.180.1.21/compute/v2.1/servers/104b64ff-a042-4bee-a5fd-bbbdf288f63f 0.054s
2024-10-20 00:32:01.521 62773 INFO tempest.lib.common.rest_client [req-a7ab2a66-f52c-4f03-9f0c-922f6b8649bd req-a7ab2a66-f52c-4f03-9f0c-922f6b8649bd ] Request (ImagesOneServerTestJSON:setUpClass): 200 GET http://10.180.1.21/compute/v2.1/servers/63abbe0a-af36-4679-8cf1-87f9e9abf7b9 0.047s
2024-10-20 00:32:01.556 62771 INFO tempest.lib.common.rest_client [req-7c878059-2725-4f13-90b4-04f9aa9a5bf5 req-7c878059-2725-4f13-90b4-04f9aa9a5bf5 ] Request (HypervisorAdminV228Test:setUpClass): 201 POST http://10.180.1.21/identity/v3/users 0.051s
2024-10-20 00:32:01.563 62811 INFO tempest.lib.common.rest_client [req-ec90cc7f-5eb9-4539-924f-1dfdcfcf6af8 req-ec90cc7f-5eb9-4539-924f-1dfdcfcf6af8 ] Request (ServersAdminTestJSON:setUpClass): 200 GET http://10.180.1.21/compute/v2.1/servers/fe69caab-dd71-4b01-a121-2591111b193d 0.047s
2024-10-20 00:32:01.576 62771 INFO tempest.lib.common.rest_client [req-9fd38095-c858-41e4-9314-378bf28b5018 req-9fd38095-c858-41e4-9314-378bf28b5018 ] Request (HypervisorAdminV228Test:setUpClass): 200 GET http://10.180.1.21/identity/v3/roles 0.019s
2024-10-20 00:32:01.604 62771 INFO tempest.lib.common.rest_client [req-7598ed45-20bd-40a2-a706-3874c68da41c req-7598ed45-20bd-40a2-a706-3874c68da41c ] Request (HypervisorAdminV228Test:setUpClass): 204 PUT http://10.180.1.21/identity/v3/projects/21cf0894a47f469399cb2eaead89f992/users/7d3c2dd68211479987c6efd84e874e2d/roles/ac4825c5bde34a7083f6a97f96de035b 0.028s
2024-10-20 00:32:01.604 62771 INFO tempest.lib.common.dynamic_creds [-] Dynamic test user 7d3c2dd68211479987c6efd84e874e2d is created with scope project and roles: ['member']
2024-10-20 00:32:01.604 62771 INFO tempest.lib.common.dynamic_creds [-] Acquired dynamic creds: credentials: Credentials: {'domain_id': 'default', 'domain_name': 'Default', 'username': 'tempest-HypervisorAdminV228Test-1227843873-project-member', 'project_domain_id': 'default', 'project_domain_name': 'Default', 'project_id': '21cf0894a47f469399cb2eaead89f992', 'project_name': 'tempest-HypervisorAdminV228Test-1227843873', 'tenant_id': '21cf0894a47f469399cb2eaead89f992', 'tenant_name': 'tempest-HypervisorAdminV228Test-1227843873', 'user_domain_id': 'default', 'user_domain_name': 'Default', 'user_id': '7d3c2dd68211479987c6efd84e874e2d', 'system': None}, Network: None, Subnet: None, Router: None
2024-10-20 00:32:01.604 62771 INFO tempest.lib.common.dynamic_creds [-] Created isolated network resources for: credentials: Credentials: {'domain_id': 'default', 'domain_name': 'Default', 'username': 'tempest-HypervisorAdminV228Test-1227843873-project-member', 'project_domain_id': 'default', 'project_domain_name': 'Default', 'project_id': '21cf0894a47f469399cb2eaead89f992', 'project_name': 'tempest-HypervisorAdminV228Test-1227843873', 'tenant_id': '21cf0894a47f469399cb2eaead89f992', 'tenant_name': 'tempest-HypervisorAdminV228Test-1227843873', 'user_domain_id': 'default', 'user_domain_name': 'Default', 'user_id': '7d3c2dd68211479987c6efd84e874e2d', 'system': None}, Network: None, Subnet: None, Router: None
2024-10-20 00:32:01.644 62761 INFO tempest.lib.common.rest_client [req-f10515f5-7e5c-4554-bb8c-a0cc8a0bd508 req-f10515f5-7e5c-4554-bb8c-a0cc8a0bd508 ] Request (ListImageFiltersTestJSON:setUpClass): 200 GET http://10.180.1.21/compute/v2.1/servers/1c892e78-a863-4561-940d-b44701e97041 0.056s
2024-10-20 00:32:01.693 62771 INFO tempest.lib.common.rest_client [req-7b274968-1d9c-4550-a1d7-6a267e08de38 req-7b274968-1d9c-4550-a1d7-6a267e08de38 ] Request (HypervisorAdminV228Test:setUpClass): 201 POST http://10.180.1.21/identity/v3/auth/tokens 0.085s
2024-10-20 00:32:01.717 62805 INFO tempest.lib.common.rest_client [req-47623d7a-fda2-4a1d-b1d9-25a64635d82f req-47623d7a-fda2-4a1d-b1d9-25a64635d82f ] Request (SecurityGroupsTestJSON:test_server_security_groups): 200 GET http://10.180.1.21/compute/v2.1/servers/86727bdc-342a-429c-85ce-adec8823b799 0.065s
2024-10-20 00:32:01.768 62771 INFO tempest.lib.common.rest_client [req-ac578996-1103-4dff-bc37-a76637ca4aa9 req-ac578996-1103-4dff-bc37-a76637ca4aa9 ] Request (HypervisorAdminV228Test:setUpClass): 201 POST http://10.180.1.21/identity/v3/projects 0.074s
2024-10-20 00:32:01.789 62801 INFO tempest.lib.common.rest_client [req-c9e73f2c-6d55-474d-8487-2155c5d62817 req-c9e73f2c-6d55-474d-8487-2155c5d62817 ] Request (ServerGroupTestJSON:test_create_server_with_scheduler_hint_group): 200 GET http://10.180.1.21/compute/v2.1/servers/32c0268b-eee6-4e45-b9c3-077ec81bd314 0.058s
2024-10-20 00:32:01.796 62777 INFO tempest.lib.common.rest_client [req-cdea8524-351f-4ae2-9810-e9f6a4d2a59e req-cdea8524-351f-4ae2-9810-e9f6a4d2a59e ] Request (ServerDiagnosticsNegativeTest:test_get_server_diagnostics_by_non_admin): 200 GET http://10.180.1.21/compute/v2.1/servers/fb33026e-b607-477f-b75f-779db7c5c34f 0.062s
2024-10-20 00:32:01.825 62771 INFO tempest.lib.common.rest_client [req-04d72423-43eb-40e3-8f83-4571e74cd098 req-04d72423-43eb-40e3-8f83-4571e74cd098 ] Request (HypervisorAdminV228Test:setUpClass): 201 POST http://10.180.1.21/identity/v3/users 0.056s
2024-10-20 00:32:01.841 62771 INFO tempest.lib.common.rest_client [req-726bc24a-5bad-4145-855d-d33c6eabef19 req-726bc24a-5bad-4145-855d-d33c6eabef19 ] Request (HypervisorAdminV228Test:setUpClass): 200 GET http://10.180.1.21/identity/v3/roles 0.016s
2024-10-20 00:32:01.847 62815 INFO tempest.lib.common.rest_client [req-5720a729-5803-4012-a3fc-979cafb0c872 req-5720a729-5803-4012-a3fc-979cafb0c872 ] Request (ListServersNegativeTestJSON:setUpClass): 200 GET http://10.180.1.21/compute/v2.1/servers/5adbe047-7055-428f-b72b-67023c68cc04 0.050s
2024-10-20 00:32:01.851 62763 INFO tempest.lib.common.rest_client [req-dbd8ae8b-6df1-448b-b59a-9db987e144f1 req-dbd8ae8b-6df1-448b-b59a-9db987e144f1 ] Request (ServerDiskConfigTestJSON:test_rebuild_server_with_auto_disk_config): 200 GET http://10.180.1.21/compute/v2.1/servers/f7611f03-73bb-4c0c-b787-d3c7f077f5bf 0.055s
2024-10-20 00:32:01.865 62771 INFO tempest.lib.common.rest_client [req-f480e07d-690b-4aec-bc4c-eb6924d70587 req-f480e07d-690b-4aec-bc4c-eb6924d70587 ] Request (HypervisorAdminV228Test:setUpClass): 204 PUT http://10.180.1.21/identity/v3/projects/8f5bfccbee644bf09cfead00d8c0d231/users/f660c36a62f1448b88caf8016453873c/roles/c0bfcf8067f8425cb0fbd21c582ba7f1 0.024s
2024-10-20 00:32:01.914 62771 INFO tempest.lib.common.rest_client [req-5c4a7d61-3f41-4028-addb-0ce0e4c13e6a req-5c4a7d61-3f41-4028-addb-0ce0e4c13e6a ] Request (HypervisorAdminV228Test:setUpClass): 200 GET http://10.180.1.21/identity/v3/roles 0.049s
2024-10-20 00:32:01.928 62783 INFO tempest.lib.common.rest_client [req-8260c6a2-886c-4c6a-8a16-d860a6f6c7ae req-8260c6a2-886c-4c6a-8a16-d860a6f6c7ae ] Request (ListServerFiltersTestJSON:setUpClass): 200 GET http://10.180.1.21/compute/v2.1/servers/72e3b843-c54a-4de7-ace9-ee25c5df14bd 0.062s
2024-10-20 00:32:01.929 62771 INFO tempest.lib.common.rest_client [req-4679416f-9c30-4c44-b411-4a50271e23a9 req-4679416f-9c30-4c44-b411-4a50271e23a9 ] Request (HypervisorAdminV228Test:setUpClass): 204 PUT http://10.180.1.21/identity/v3/projects/8f5bfccbee644bf09cfead00d8c0d231/users/f660c36a62f1448b88caf8016453873c/roles/c0bfcf8067f8425cb0fbd21c582ba7f1 0.015s
2024-10-20 00:32:01.929 62771 INFO tempest.lib.common.dynamic_creds [-] Dynamic test user f660c36a62f1448b88caf8016453873c is created with scope project and roles: ['admin']
2024-10-20 00:32:01.930 62771 INFO tempest.lib.common.dynamic_creds [-] Acquired dynamic creds: credentials: Credentials: {'domain_id': 'default', 'domain_name': 'Default', 'username': 'tempest-HypervisorAdminV228Test-682308481-project-admin', 'project_domain_id': 'default', 'project_domain_name': 'Default', 'project_id': '8f5bfccbee644bf09cfead00d8c0d231', 'project_name': 'tempest-HypervisorAdminV228Test-682308481', 'tenant_id': '8f5bfccbee644bf09cfead00d8c0d231', 'tenant_name': 'tempest-HypervisorAdminV228Test-682308481', 'user_domain_id': 'default', 'user_domain_name': 'Default', 'user_id': 'f660c36a62f1448b88caf8016453873c', 'system': None}, Network: None, Subnet: None, Router: None
2024-10-20 00:32:01.930 62771 INFO tempest.lib.common.dynamic_creds [-] Created isolated network resources for: credentials: Credentials: {'domain_id': 'default', 'domain_name': 'Default', 'username': 'tempest-HypervisorAdminV228Test-682308481-project-admin', 'project_domain_id': 'default', 'project_domain_name': 'Default', 'project_id': '8f5bfccbee644bf09cfead00d8c0d231', 'project_name': 'tempest-HypervisorAdminV228Test-682308481', 'tenant_id': '8f5bfccbee644bf09cfead00d8c0d231', 'tenant_name': 'tempest-HypervisorAdminV228Test-682308481', 'user_domain_id': 'default', 'user_domain_name': 'Default', 'user_id': 'f660c36a62f1448b88caf8016453873c', 'system': None}, Network: None, Subnet: None, Router: None
2024-10-20 00:32:01.934 62775 INFO tempest.lib.common.rest_client [req-5cf571b3-1a73-4ed8-bf8c-7b92c88396f3 req-5cf571b3-1a73-4ed8-bf8c-7b92c88396f3 ] Request (ServersV294TestFqdnHostnames:setUpClass): 200 GET http://10.180.1.21/compute/v2.1/servers/a4965864-0127-4842-9478-76e369e2ecbe 0.066s
2024-10-20 00:32:01.979 62807 INFO tempest.lib.common.rest_client [req-911eab4a-f158-42af-98fd-de8693d48592 req-911eab4a-f158-42af-98fd-de8693d48592 ] Request (ServersTestManualDisk:setUpClass): 200 GET http://10.180.1.21/compute/v2.1/servers/e944e6e5-7bc0-4efb-a811-38221734ec4f 0.065s
2024-10-20 00:32:01.985 62803 INFO tempest.lib.common.rest_client [req-8b444f0b-0309-403d-9d4c-4ee04290eb36 req-8b444f0b-0309-403d-9d4c-4ee04290eb36 ] Request (ServersTestBootFromVolume:setUpClass): 200 GET http://10.180.1.21/compute/v2.1/servers/e1ead278-d904-41cc-bdfe-65174e8d6816 0.060s
2024-10-20 00:32:01.996 62771 INFO tempest.lib.common.rest_client [req-c9cb3ab7-c04b-4cd2-bdd2-593ed3b0159e req-c9cb3ab7-c04b-4cd2-bdd2-593ed3b0159e ] Request (HypervisorAdminV228Test:setUpClass): 201 POST http://10.180.1.21/identity/v3/auth/tokens 0.064s
2024-10-20 00:32:02.031 62769 INFO tempest.lib.common.rest_client [req-da101b2d-7f50-4746-952e-c23247ab0fec req-da101b2d-7f50-4746-952e-c23247ab0fec ] Request (ImagesNegativeTestJSON:test_create_image_from_deleted_server): 200 GET http://10.180.1.21/compute/v2.1/servers/e0aabeb7-7d4c-4358-8f6c-e423a0baea3b 0.047s
2024-10-20 00:32:02.037 62809 INFO tempest.lib.common.rest_client [req-a26233bf-c3b8-4dec-ab2c-0524d1930435 req-a26233bf-c3b8-4dec-ab2c-0524d1930435 ] Request (MultipleCreateTestJSON:test_multiple_create): 200 GET http://10.180.1.21/compute/v2.1/servers/1d25cdca-3c87-47a2-85aa-86f7132297b5 0.049s
2024-10-20 00:32:02.079 62767 INFO tempest.lib.common.rest_client [req-e79874aa-5232-4662-a542-648eb39ea0c3 req-e79874aa-5232-4662-a542-648eb39ea0c3 ] Request (ServersAdminNegativeTestJSON:setUpClass): 200 GET http://10.180.1.21/compute/v2.1/servers/277ecbd7-e770-4ea0-ae2e-b49598428d0f 0.043s
2024-10-20 00:32:02.107 62771 INFO tempest.lib.common.rest_client [req-b62d7bc9-93aa-46d1-bb10-ec755aa25381 req-b62d7bc9-93aa-46d1-bb10-ec755aa25381 ] Request (HypervisorAdminV228Test:test_get_list_hypervisor_details): 200 GET http://10.180.1.21/compute/v2.1/os-hypervisors 0.109s
2024-10-20 00:32:02.121 62765 INFO tempest.lib.common.rest_client [req-98e68eb5-982c-424e-bad8-09d05b4e2c90 req-98e68eb5-982c-424e-bad8-09d05b4e2c90 ] Request (VolumesAdminNegativeTest:test_update_attached_volume_with_nonexistent_volume_in_uri): 200 GET http://10.180.1.21/compute/v2.1/servers/cf71efc9-cfa1-4856-a733-5434bf4465b1 0.084s
2024-10-20 00:32:02.295 62789 INFO tempest.lib.common.rest_client [req-f99ca9a3-7a26-4bc0-88bb-332c188f1021 req-f99ca9a3-7a26-4bc0-88bb-332c188f1021 ] Request (ServerActionsTestOtherA:setUpClass): 200 GET http://10.180.1.21/compute/v2.1/servers/da9d2279-79ae-4371-bef5-08ae15f2d9c9 0.203s
2024-10-20 00:32:02.305 62779 INFO tempest.lib.common.rest_client [req-2a4abf81-b028-4f8c-b7ac-a6d5f4f763ab req-2a4abf81-b028-4f8c-b7ac-a6d5f4f763ab ] Request (ServerDiagnosticsV248Test:tearDownClass): 200 GET http://10.180.1.21/compute/v2.1/servers/7653f469-5ce5-4d74-9a3f-55a6adb3a255 0.216s
2024-10-20 00:32:02.310 62771 INFO tempest.lib.common.rest_client [req-03e1cce4-a732-425d-b841-a1027f10e1ab req-03e1cce4-a732-425d-b841-a1027f10e1ab ] Request (HypervisorAdminV228Test:test_get_list_hypervisor_details): 200 GET http://10.180.1.21/compute/v2.1/os-hypervisors/1 0.202s
2024-10-20 00:32:02.363 62795 INFO tempest.lib.common.rest_client [req-951dbf3d-e7ea-4e54-8933-6a1a09a44565 req-951dbf3d-e7ea-4e54-8933-6a1a09a44565 ] Request (ServerAddressesTestJSON:setUpClass): 200 GET http://10.180.1.21/compute/v2.1/servers/d7575b46-ecf9-4154-92b1-86119e727dda 0.204s
2024-10-20 00:32:02.382 62785 INFO tempest.lib.common.rest_client [req-45d971f2-4098-4f86-87b3-75f443786bf9 req-45d971f2-4098-4f86-87b3-75f443786bf9 ] Request (ServerShowV257Test:tearDownClass): 200 GET http://10.180.1.21/compute/v2.1/servers/20b01df0-4ced-4668-a786-046251a0c7ed 0.221s
2024-10-20 00:32:02.408 62771 INFO tempest.lib.common.rest_client [req-79473951-6c4e-4200-b702-e6adcda9c71d req-79473951-6c4e-4200-b702-e6adcda9c71d ] Request (HypervisorAdminV228Test:tearDownClass): 204 DELETE http://10.180.1.21/identity/v3/users/7d3c2dd68211479987c6efd84e874e2d 0.093s
2024-10-20 00:32:02.414 62791 INFO tempest.lib.common.rest_client [req-6ca336cf-3715-49ef-b87b-81b3b471e50d req-6ca336cf-3715-49ef-b87b-81b3b471e50d ] Request (ImagesTestJSON:test_create_image_from_suspended_server): 200 GET http://10.180.1.21/compute/v2.1/servers/215472ea-402c-4eb5-8ad3-b7ef756dfdc5 0.195s
2024-10-20 00:32:02.437 62797 INFO tempest.lib.common.rest_client [req-cb94bc25-c254-4ec2-93b5-1bd42dee9a06 req-cb94bc25-c254-4ec2-93b5-1bd42dee9a06 ] Request (ServerTagsTestJSON:setUpClass): 200 GET http://10.180.1.21/compute/v2.1/servers/edd89a57-f026-4a3e-8b6b-111cc2321d9d 0.206s
2024-10-20 00:32:02.463 62793 INFO tempest.lib.common.rest_client [req-d7cba8c9-350c-49d9-add0-09879271e487 req-d7cba8c9-350c-49d9-add0-09879271e487 ] Request (AttachInterfacesV270Test:test_create_get_list_interfaces): 200 GET http://10.180.1.21/compute/v2.1/servers/9c2c0e66-5c67-4e0a-9205-4080bda44a66 0.179s
2024-10-20 00:32:02.479 62817 INFO tempest.lib.common.rest_client [req-1808963e-727e-48f3-a5a4-950aed9dfa48 req-1808963e-727e-48f3-a5a4-950aed9dfa48 ] Request (ServerAddressesNegativeTestJSON:setUpClass): 200 GET http://10.180.1.21/compute/v2.1/servers/166786ee-4b89-4683-831b-9f3c1c57fb08 0.090s
2024-10-20 00:32:02.488 62771 INFO tempest.lib.common.rest_client [req-4615ccd4-40e7-4800-91d5-c5f89b234fb7 req-4615ccd4-40e7-4800-91d5-c5f89b234fb7 ] Request (HypervisorAdminV228Test:tearDownClass): 204 DELETE http://10.180.1.21/identity/v3/users/f660c36a62f1448b88caf8016453873c 0.080s
2024-10-20 00:32:02.488 62771 INFO tempest.lib.common.dynamic_creds [-] Deleting project and security group for project: 8f5bfccbee644bf09cfead00d8c0d231
2024-10-20 00:32:02.506 62787 INFO tempest.lib.common.rest_client [req-13b75726-77be-49db-b468-bcf8b5bfd0c9 req-13b75726-77be-49db-b468-bcf8b5bfd0c9 ] Request (AttachInterfacesUnderV243Test:test_add_remove_fixed_ip): 200 GET http://10.180.1.21/compute/v2.1/servers/0b6fb3f8-07ce-458c-9efe-33ea85bbe62a 0.059s
2024-10-20 00:32:02.519 62759 INFO tempest.lib.common.rest_client [req-29e9516c-b0a7-408d-920c-01a6a8a96490 req-29e9516c-b0a7-408d-920c-01a6a8a96490 ] Request (FloatingIPsAssociationNegativeTestJSON:setUpClass): 200 GET http://10.180.1.21/compute/v2.1/servers/cd3d793a-aa56-4f07-a2fa-c56693548dfb 0.050s
2024-10-20 00:32:02.542 62771 INFO tempest.lib.common.rest_client [req-add95fb5-21f9-438c-9f03-45e8ce9c50bf req-add95fb5-21f9-438c-9f03-45e8ce9c50bf ] Request (HypervisorAdminV228Test:tearDownClass): 201 POST http://10.180.1.21/identity/v3/auth/tokens 0.053s
2024-10-20 00:32:02.561 62799 INFO tempest.lib.common.rest_client [req-2be52b38-0dcb-4032-b25c-70e932fdacf5 req-2be52b38-0dcb-4032-b25c-70e932fdacf5 ] Request (DeleteServersAdminTestJSON:test_delete_server_while_in_error_state): 200 GET http://10.180.1.21/compute/v2.1/servers/104b64ff-a042-4bee-a5fd-bbbdf288f63f 0.044s
2024-10-20 00:32:02.579 62773 INFO tempest.lib.common.rest_client [req-459c57f4-dd3e-4a2c-9d1d-c323db192a08 req-459c57f4-dd3e-4a2c-9d1d-c323db192a08 ] Request (ImagesOneServerTestJSON:setUpClass): 200 GET http://10.180.1.21/compute/v2.1/servers/63abbe0a-af36-4679-8cf1-87f9e9abf7b9 0.049s
2024-10-20 00:32:02.614 62811 INFO tempest.lib.common.rest_client [req-96a095dc-9715-4088-8dea-cb78234bf63b req-96a095dc-9715-4088-8dea-cb78234bf63b ] Request (ServersAdminTestJSON:setUpClass): 200 GET http://10.180.1.21/compute/v2.1/servers/fe69caab-dd71-4b01-a121-2591111b193d 0.043s
2024-10-20 00:32:02.683 62771 INFO tempest.lib.common.rest_client [req-c33a05cd-5a12-4427-a10f-3d83f214d623 req-c33a05cd-5a12-4427-a10f-3d83f214d623 ] Request (HypervisorAdminV228Test:tearDownClass): 200 GET http://10.180.1.21:9696/networking/v2.0/security-groups?tenant_id=8f5bfccbee644bf09cfead00d8c0d231&name=default 0.140s
2024-10-20 00:32:02.708 62761 INFO tempest.lib.common.rest_client [req-3f578cd9-58e8-4e12-b7fd-27c05e1220d0 req-3f578cd9-58e8-4e12-b7fd-27c05e1220d0 ] Request (ListImageFiltersTestJSON:setUpClass): 200 GET http://10.180.1.21/compute/v2.1/servers/1c892e78-a863-4561-940d-b44701e97041 0.057s
2024-10-20 00:32:02.752 62771 INFO tempest.lib.common.rest_client [req-328b4174-9b49-4d33-b2bc-c532b6299edc req-328b4174-9b49-4d33-b2bc-c532b6299edc ] Request (HypervisorAdminV228Test:tearDownClass): 204 DELETE http://10.180.1.21:9696/networking/v2.0/security-groups/31d71e14-3f4b-435f-9e4b-7a715da0f95d 0.069s
2024-10-20 00:32:02.774 62805 INFO tempest.lib.common.rest_client [req-22950ce6-9f52-4d56-9301-33137d70f102 req-22950ce6-9f52-4d56-9301-33137d70f102 ] Request (SecurityGroupsTestJSON:test_server_security_groups): 200 GET http://10.180.1.21/compute/v2.1/servers/86727bdc-342a-429c-85ce-adec8823b799 0.044s
2024-10-20 00:32:02.804 62771 INFO tempest.lib.common.rest_client [req-9f65ef51-02f9-4c2f-88ef-6937f6c84096 req-9f65ef51-02f9-4c2f-88ef-6937f6c84096 ] Request (HypervisorAdminV228Test:tearDownClass): 204 DELETE http://10.180.1.21/identity/v3/projects/8f5bfccbee644bf09cfead00d8c0d231 0.051s
2024-10-20 00:32:02.804 62771 INFO tempest.lib.common.dynamic_creds [-] Deleting project and security group for project: 21cf0894a47f469399cb2eaead89f992
2024-10-20 00:32:02.856 62801 INFO tempest.lib.common.rest_client [req-ff25a184-4e08-4db9-b04b-b367272d1109 req-ff25a184-4e08-4db9-b04b-b367272d1109 ] Request (ServerGroupTestJSON:test_create_server_with_scheduler_hint_group): 200 GET http://10.180.1.21/compute/v2.1/servers/32c0268b-eee6-4e45-b9c3-077ec81bd314 0.055s
2024-10-20 00:32:02.857 62777 INFO tempest.lib.common.rest_client [req-01acf10c-0135-4828-b2b3-b4fe9b904cd5 req-01acf10c-0135-4828-b2b3-b4fe9b904cd5 ] Request (ServerDiagnosticsNegativeTest:test_get_server_diagnostics_by_non_admin): 200 GET http://10.180.1.21/compute/v2.1/servers/fb33026e-b607-477f-b75f-779db7c5c34f 0.054s
2024-10-20 00:32:02.889 62771 INFO tempest.lib.common.rest_client [req-d619c6ed-d4df-4adf-b1d3-782844986a76 req-d619c6ed-d4df-4adf-b1d3-782844986a76 ] Request (HypervisorAdminV228Test:tearDownClass): 200 GET http://10.180.1.21:9696/networking/v2.0/security-groups?tenant_id=21cf0894a47f469399cb2eaead89f992&name=default 0.085s
2024-10-20 00:32:02.911 62815 INFO tempest.lib.common.rest_client [req-55712929-6d6d-4f17-bf59-9b5ae6f96fbe req-55712929-6d6d-4f17-bf59-9b5ae6f96fbe ] Request (ListServersNegativeTestJSON:setUpClass): 200 GET http://10.180.1.21/compute/v2.1/servers/5adbe047-7055-428f-b72b-67023c68cc04 0.057s
2024-10-20 00:32:02.912 62763 INFO tempest.lib.common.rest_client [req-b8d7e9b1-f7b6-43cc-9eae-3c5078207086 req-b8d7e9b1-f7b6-43cc-9eae-3c5078207086 ] Request (ServerDiskConfigTestJSON:test_rebuild_server_with_auto_disk_config): 200 GET http://10.180.1.21/compute/v2.1/servers/f7611f03-73bb-4c0c-b787-d3c7f077f5bf 0.055s
2024-10-20 00:32:02.961 62771 INFO tempest.lib.common.rest_client [req-1b24ad3e-a8fd-45b9-898a-732f7344c9da req-1b24ad3e-a8fd-45b9-898a-732f7344c9da ] Request (HypervisorAdminV228Test:tearDownClass): 204 DELETE http://10.180.1.21:9696/networking/v2.0/security-groups/e592ad2e-9e41-4835-afe9-ee9b2d63c54a 0.071s
2024-10-20 00:32:03.004 62775 INFO tempest.lib.common.rest_client [req-6de0547c-cafc-4e31-8b9f-a0511a45a928 req-6de0547c-cafc-4e31-8b9f-a0511a45a928 ] Request (ServersV294TestFqdnHostnames:setUpClass): 200 GET http://10.180.1.21/compute/v2.1/servers/a4965864-0127-4842-9478-76e369e2ecbe 0.062s
2024-10-20 00:32:03.075 62807 INFO tempest.lib.common.rest_client [req-a08c81b2-24bb-4caf-842c-a4f13c6ac837 req-a08c81b2-24bb-4caf-842c-a4f13c6ac837 ] Request (ServersTestManualDisk:setUpClass): 200 GET http://10.180.1.21/compute/v2.1/servers/e944e6e5-7bc0-4efb-a811-38221734ec4f 0.088s
2024-10-20 00:32:03.116 62771 INFO tempest.lib.common.rest_client [req-756aa4fa-9ca2-46e8-b2b5-40719194597b req-756aa4fa-9ca2-46e8-b2b5-40719194597b ] Request (HypervisorAdminV228Test:tearDownClass): 204 DELETE http://10.180.1.21/identity/v3/projects/21cf0894a47f469399cb2eaead89f992 0.155s
2024-10-20 00:32:03.117 62771 INFO tempest.test [-] raised in LiveAutoBlockMigrationV225Test.setUpClass. Invoking tearDownClass.
2024-10-20 00:32:03.128 62803 INFO tempest.lib.common.rest_client [req-7e7cc7a0-b742-488b-8eb1-5db7260e152e req-7e7cc7a0-b742-488b-8eb1-5db7260e152e ] Request (ServersTestBootFromVolume:setUpClass): 200 GET http://10.180.1.21/compute/v2.1/servers/e1ead278-d904-41cc-bdfe-65174e8d6816 0.134s
2024-10-20 00:32:03.172 62771 INFO tempest.lib.common.rest_client [req-a45f520b-f0d9-42e1-a6ed-5f07776e81bc req-a45f520b-f0d9-42e1-a6ed-5f07776e81bc ] Request (FloatingIPsAssociationTestJSON:setUpClass): 201 POST http://10.180.1.21/identity/v3/auth/tokens 0.052s
2024-10-20 00:32:03.176 62769 INFO tempest.lib.common.rest_client [req-b04c8be2-f8f1-4996-8174-786385322a3f req-b04c8be2-f8f1-4996-8174-786385322a3f ] Request (ImagesNegativeTestJSON:test_create_image_from_deleted_server): 200 GET http://10.180.1.21/compute/v2.1/servers/e0aabeb7-7d4c-4358-8f6c-e423a0baea3b 0.138s
2024-10-20 00:32:03.195 62783 INFO tempest.lib.common.rest_client [req-916a6612-3c10-4871-9fd9-09995d411928 req-916a6612-3c10-4871-9fd9-09995d411928 ] Request (ListServerFiltersTestJSON:setUpClass): 200 GET http://10.180.1.21/compute/v2.1/servers/72e3b843-c54a-4de7-ace9-ee25c5df14bd 0.260s
2024-10-20 00:32:03.203 62771 INFO tempest.lib.common.rest_client [req-c7aa1b61-6d56-4da9-867d-fc1df44435d1 req-c7aa1b61-6d56-4da9-867d-fc1df44435d1 ] Request (FloatingIPsAssociationTestJSON:setUpClass): 201 POST http://10.180.1.21/identity/v3/auth/tokens 0.027s
2024-10-20 00:32:03.222 62771 INFO tempest.lib.common.rest_client [req-67a7f3ad-e869-407a-8328-c78a2f45b109 req-67a7f3ad-e869-407a-8328-c78a2f45b109 ] Request (FloatingIPsAssociationTestJSON:setUpClass): 200 GET http://10.180.1.21/identity/v3/domains?name=Default 0.018s
2024-10-20 00:32:03.224 62809 INFO tempest.lib.common.rest_client [req-5b1a88de-dce1-478e-b2f2-620d4b660a42 req-5b1a88de-dce1-478e-b2f2-620d4b660a42 ] Request (MultipleCreateTestJSON:test_multiple_create): 200 GET http://10.180.1.21/compute/v2.1/servers/1d25cdca-3c87-47a2-85aa-86f7132297b5 0.180s
2024-10-20 00:32:03.234 62767 INFO tempest.lib.common.rest_client [req-7ba141e1-6136-4a7d-954f-8a72c16dad44 req-7ba141e1-6136-4a7d-954f-8a72c16dad44 ] Request (ServersAdminNegativeTestJSON:setUpClass): 200 GET http://10.180.1.21/compute/v2.1/servers/277ecbd7-e770-4ea0-ae2e-b49598428d0f 0.148s
2024-10-20 00:32:03.246 62771 INFO tempest.lib.common.rest_client [req-5f08914f-3036-47d7-8376-7b4ca132a159 req-5f08914f-3036-47d7-8376-7b4ca132a159 ] Request (FloatingIPsAssociationTestJSON:setUpClass): 201 POST http://10.180.1.21/identity/v3/projects 0.024s
2024-10-20 00:32:03.266 62765 INFO tempest.lib.common.rest_client [req-34b203fd-e7b5-4c64-9567-eb599f24153a req-34b203fd-e7b5-4c64-9567-eb599f24153a ] Request (VolumesAdminNegativeTest:test_update_attached_volume_with_nonexistent_volume_in_uri): 200 GET http://10.180.1.21/compute/v2.1/servers/cf71efc9-cfa1-4856-a733-5434bf4465b1 0.138s
2024-10-20 00:32:03.296 62771 INFO tempest.lib.common.rest_client [req-b938ea54-93c1-4b41-9f37-78778e418101 req-b938ea54-93c1-4b41-9f37-78778e418101 ] Request (FloatingIPsAssociationTestJSON:setUpClass): 201 POST http://10.180.1.21/identity/v3/users 0.049s
2024-10-20 00:32:03.312 62771 INFO tempest.lib.common.rest_client [req-f872e695-84ca-4f39-a062-4be9d213f5c7 req-f872e695-84ca-4f39-a062-4be9d213f5c7 ] Request (FloatingIPsAssociationTestJSON:setUpClass): 200 GET http://10.180.1.21/identity/v3/roles 0.016s
2024-10-20 00:32:03.339 62771 INFO tempest.lib.common.rest_client [req-b96663d2-084e-48d0-8e52-91ae05166ed5 req-b96663d2-084e-48d0-8e52-91ae05166ed5 ] Request (FloatingIPsAssociationTestJSON:setUpClass): 204 PUT http://10.180.1.21/identity/v3/projects/cd1ea05250f5497c80a295a98b155b6a/users/6452a974466a460fb7b2ccaf4e73cc5b/roles/ac4825c5bde34a7083f6a97f96de035b 0.026s
2024-10-20 00:32:03.340 62771 INFO tempest.lib.common.dynamic_creds [-] Dynamic test user 6452a974466a460fb7b2ccaf4e73cc5b is created with scope project and roles: ['member']
2024-10-20 00:32:03.340 62771 INFO tempest.lib.common.dynamic_creds [-] Acquired dynamic creds: credentials: Credentials: {'domain_id': 'default', 'domain_name': 'Default', 'username': 'tempest-FloatingIPsAssociationTestJSON-1689899208-project-member', 'project_domain_id': 'default', 'project_domain_name': 'Default', 'project_id': 'cd1ea05250f5497c80a295a98b155b6a', 'project_name': 'tempest-FloatingIPsAssociationTestJSON-1689899208', 'tenant_id': 'cd1ea05250f5497c80a295a98b155b6a', 'tenant_name': 'tempest-FloatingIPsAssociationTestJSON-1689899208', 'user_domain_id': 'default', 'user_domain_name': 'Default', 'user_id': '6452a974466a460fb7b2ccaf4e73cc5b', 'system': None}, Network: None, Subnet: None, Router: None
2024-10-20 00:32:03.359 62789 INFO tempest.lib.common.rest_client [req-2adee672-3281-4cfa-a6cd-f1ae0d77d575 req-2adee672-3281-4cfa-a6cd-f1ae0d77d575 ] Request (ServerActionsTestOtherA:setUpClass): 200 GET http://10.180.1.21/compute/v2.1/servers/da9d2279-79ae-4371-bef5-08ae15f2d9c9 0.055s
2024-10-20 00:32:03.378 62779 INFO tempest.lib.common.rest_client [req-d746e453-c3e7-450d-8944-0f39f2c57aeb req-d746e453-c3e7-450d-8944-0f39f2c57aeb ] Request (ServerDiagnosticsV248Test:tearDownClass): 200 GET http://10.180.1.21/compute/v2.1/servers/7653f469-5ce5-4d74-9a3f-55a6adb3a255 0.063s
2024-10-20 00:32:03.392 62771 INFO tempest.lib.common.rest_client [req-c0e479ce-fd77-46e6-8d1d-39fd897e3263 req-c0e479ce-fd77-46e6-8d1d-39fd897e3263 ] Request (FloatingIPsAssociationTestJSON:setUpClass): 201 POST http://10.180.1.21/identity/v3/auth/tokens 0.052s
2024-10-20 00:32:03.421 62795 INFO tempest.lib.common.rest_client [req-05b23aaf-045f-43f4-8368-426f24d7d729 req-05b23aaf-045f-43f4-8368-426f24d7d729 ] Request (ServerAddressesTestJSON:setUpClass): 200 GET http://10.180.1.21/compute/v2.1/servers/d7575b46-ecf9-4154-92b1-86119e727dda 0.050s
2024-10-20 00:32:03.455 62785 INFO tempest.lib.common.rest_client [req-25b06e17-8704-402c-8fbf-6ff903fe89fd req-25b06e17-8704-402c-8fbf-6ff903fe89fd ] Request (ServerShowV257Test:tearDownClass): 200 GET http://10.180.1.21/compute/v2.1/servers/20b01df0-4ced-4668-a786-046251a0c7ed 0.065s
2024-10-20 00:32:03.474 62791 INFO tempest.lib.common.rest_client [req-f47ce493-d073-487d-a436-af172d6c6bbf req-f47ce493-d073-487d-a436-af172d6c6bbf ] Request (ImagesTestJSON:test_create_image_from_suspended_server): 200 GET http://10.180.1.21/compute/v2.1/servers/215472ea-402c-4eb5-8ad3-b7ef756dfdc5 0.054s
2024-10-20 00:32:03.503 62797 INFO tempest.lib.common.rest_client [req-3414f67e-5f6e-4ccb-8069-e30ddc4792a5 req-3414f67e-5f6e-4ccb-8069-e30ddc4792a5 ] Request (ServerTagsTestJSON:setUpClass): 200 GET http://10.180.1.21/compute/v2.1/servers/edd89a57-f026-4a3e-8b6b-111cc2321d9d 0.057s
2024-10-20 00:32:03.533 62793 INFO tempest.lib.common.rest_client [req-fbfc76d6-4647-4002-ba63-d46b6b45e28e req-fbfc76d6-4647-4002-ba63-d46b6b45e28e ] Request (AttachInterfacesV270Test:test_create_get_list_interfaces): 200 GET http://10.180.1.21/compute/v2.1/servers/9c2c0e66-5c67-4e0a-9205-4080bda44a66 0.061s
2024-10-20 00:32:03.553 62817 INFO tempest.lib.common.rest_client [req-16486cf4-e81c-44ba-8216-bd8d3d827983 req-16486cf4-e81c-44ba-8216-bd8d3d827983 ] Request (ServerAddressesNegativeTestJSON:setUpClass): 200 GET http://10.180.1.21/compute/v2.1/servers/166786ee-4b89-4683-831b-9f3c1c57fb08 0.064s
2024-10-20 00:32:03.587 62787 INFO tempest.lib.common.rest_client [req-6434d7e4-2544-4f56-bb6a-72fb1e3466f1 req-6434d7e4-2544-4f56-bb6a-72fb1e3466f1 ] Request (AttachInterfacesUnderV243Test:test_add_remove_fixed_ip): 200 GET http://10.180.1.21/compute/v2.1/servers/0b6fb3f8-07ce-458c-9efe-33ea85bbe62a 0.075s
2024-10-20 00:32:03.604 62759 INFO tempest.lib.common.rest_client [req-96b5a41c-b706-4df3-955a-64ba7809a572 req-96b5a41c-b706-4df3-955a-64ba7809a572 ] Request (FloatingIPsAssociationNegativeTestJSON:setUpClass): 200 GET http://10.180.1.21/compute/v2.1/servers/cd3d793a-aa56-4f07-a2fa-c56693548dfb 0.077s
2024-10-20 00:32:03.635 62799 INFO tempest.lib.common.rest_client [req-45c81936-0771-4dd5-9b4e-4c38417a8e62 req-45c81936-0771-4dd5-9b4e-4c38417a8e62 ] Request (DeleteServersAdminTestJSON:test_delete_server_while_in_error_state): 200 GET http://10.180.1.21/compute/v2.1/servers/104b64ff-a042-4bee-a5fd-bbbdf288f63f 0.068s
2024-10-20 00:32:03.652 62773 INFO tempest.lib.common.rest_client [req-f557bc75-ee91-4918-a470-2004b4ffa38e req-f557bc75-ee91-4918-a470-2004b4ffa38e ] Request (ImagesOneServerTestJSON:setUpClass): 200 GET http://10.180.1.21/compute/v2.1/servers/63abbe0a-af36-4679-8cf1-87f9e9abf7b9 0.066s
2024-10-20 00:32:03.686 62811 INFO tempest.lib.common.rest_client [req-3eb9020e-6c3d-401d-8a78-62711dc38822 req-3eb9020e-6c3d-401d-8a78-62711dc38822 ] Request (ServersAdminTestJSON:setUpClass): 200 GET http://10.180.1.21/compute/v2.1/servers/fe69caab-dd71-4b01-a121-2591111b193d 0.064s
2024-10-20 00:32:03.706 62771 INFO tempest.lib.common.rest_client [req-2a6d47bf-0920-4b96-bc5c-70474c333bee req-2a6d47bf-0920-4b96-bc5c-70474c333bee ] Request (FloatingIPsAssociationTestJSON:setUpClass): 201 POST http://10.180.1.21:9696/networking/v2.0/networks 0.313s
2024-10-20 00:32:03.765 62761 INFO tempest.lib.common.rest_client [req-2a2d00ad-703f-4bd4-8e90-3dce1ea30a16 req-2a2d00ad-703f-4bd4-8e90-3dce1ea30a16 ] Request (ListImageFiltersTestJSON:setUpClass): 200 GET http://10.180.1.21/compute/v2.1/servers/1c892e78-a863-4561-940d-b44701e97041 0.051s
2024-10-20 00:32:03.835 62805 INFO tempest.lib.common.rest_client [req-bccb77ed-86ad-4f96-8bb0-007d8e632987 req-bccb77ed-86ad-4f96-8bb0-007d8e632987 ] Request (SecurityGroupsTestJSON:test_server_security_groups): 200 GET http://10.180.1.21/compute/v2.1/servers/86727bdc-342a-429c-85ce-adec8823b799 0.053s
2024-10-20 00:32:03.874 62771 INFO tempest.lib.common.rest_client [req-b4a9e2b1-045b-4482-a63c-b21986e1046b req-b4a9e2b1-045b-4482-a63c-b21986e1046b ] Request (FloatingIPsAssociationTestJSON:setUpClass): 201 POST http://10.180.1.21:9696/networking/v2.0/subnets 0.168s
2024-10-20 00:32:03.920 62777 INFO tempest.lib.common.rest_client [req-d39b6687-708c-4641-808c-2c6f662dd2a1 req-d39b6687-708c-4641-808c-2c6f662dd2a1 ] Request (ServerDiagnosticsNegativeTest:test_get_server_diagnostics_by_non_admin): 200 GET http://10.180.1.21/compute/v2.1/servers/fb33026e-b607-477f-b75f-779db7c5c34f 0.055s
2024-10-20 00:32:03.922 62801 INFO tempest.lib.common.rest_client [req-106000d0-b132-441d-8cac-e73c1922f579 req-106000d0-b132-441d-8cac-e73c1922f579 ] Request (ServerGroupTestJSON:test_create_server_with_scheduler_hint_group): 200 GET http://10.180.1.21/compute/v2.1/servers/32c0268b-eee6-4e45-b9c3-077ec81bd314 0.059s
2024-10-20 00:32:03.991 62763 INFO tempest.lib.common.rest_client [req-b18b45b4-d6ed-409e-aa72-94f0197759bc req-b18b45b4-d6ed-409e-aa72-94f0197759bc ] Request (ServerDiskConfigTestJSON:test_rebuild_server_with_auto_disk_config): 200 GET http://10.180.1.21/compute/v2.1/servers/f7611f03-73bb-4c0c-b787-d3c7f077f5bf 0.072s
2024-10-20 00:32:03.992 62815 INFO tempest.lib.common.rest_client [req-809fe788-0738-4f2d-9007-ad5f09e7f243 req-809fe788-0738-4f2d-9007-ad5f09e7f243 ] Request (ListServersNegativeTestJSON:setUpClass): 200 GET http://10.180.1.21/compute/v2.1/servers/5adbe047-7055-428f-b72b-67023c68cc04 0.074s
2024-10-20 00:32:04.075 62775 INFO tempest.lib.common.rest_client [req-ba67622d-732a-4b14-bd6f-5a861744c148 req-ba67622d-732a-4b14-bd6f-5a861744c148 ] Request (ServersV294TestFqdnHostnames:setUpClass): 200 GET http://10.180.1.21/compute/v2.1/servers/a4965864-0127-4842-9478-76e369e2ecbe 0.059s
2024-10-20 00:32:04.141 62807 INFO tempest.lib.common.rest_client [req-3541b150-b366-4892-818c-d78f91ddc0b1 req-3541b150-b366-4892-818c-d78f91ddc0b1 ] Request (ServersTestManualDisk:setUpClass): 200 GET http://10.180.1.21/compute/v2.1/servers/e944e6e5-7bc0-4efb-a811-38221734ec4f 0.055s
2024-10-20 00:32:04.190 62803 INFO tempest.lib.common.rest_client [req-2d80fea6-aac6-46b0-aa11-68b298e8b996 req-2d80fea6-aac6-46b0-aa11-68b298e8b996 ] Request (ServersTestBootFromVolume:setUpClass): 200 GET http://10.180.1.21/compute/v2.1/servers/e1ead278-d904-41cc-bdfe-65174e8d6816 0.054s
2024-10-20 00:32:04.240 62769 INFO tempest.lib.common.rest_client [req-92b59a6d-ebee-46e4-9876-718112f00dcb req-92b59a6d-ebee-46e4-9876-718112f00dcb ] Request (ImagesNegativeTestJSON:test_create_image_from_deleted_server): 200 GET http://10.180.1.21/compute/v2.1/servers/e0aabeb7-7d4c-4358-8f6c-e423a0baea3b 0.055s
2024-10-20 00:32:04.255 62783 INFO tempest.lib.common.rest_client [req-2eaef398-c92d-4e83-b50f-516ad62e4b3a req-2eaef398-c92d-4e83-b50f-516ad62e4b3a ] Request (ListServerFiltersTestJSON:setUpClass): 200 GET http://10.180.1.21/compute/v2.1/servers/72e3b843-c54a-4de7-ace9-ee25c5df14bd 0.049s
2024-10-20 00:32:04.286 62809 INFO tempest.lib.common.rest_client [req-0fcaa5f0-8de0-48a4-a7ca-544f4c5e1101 req-0fcaa5f0-8de0-48a4-a7ca-544f4c5e1101 ] Request (MultipleCreateTestJSON:test_multiple_create): 200 GET http://10.180.1.21/compute/v2.1/servers/1d25cdca-3c87-47a2-85aa-86f7132297b5 0.055s
2024-10-20 00:32:04.310 62767 INFO tempest.lib.common.rest_client [req-1202cd1f-0e9b-4889-9160-28431cbf802d req-1202cd1f-0e9b-4889-9160-28431cbf802d ] Request (ServersAdminNegativeTestJSON:setUpClass): 200 GET http://10.180.1.21/compute/v2.1/servers/277ecbd7-e770-4ea0-ae2e-b49598428d0f 0.068s
2024-10-20 00:32:04.332 62765 INFO tempest.lib.common.rest_client [req-2cc1d9eb-bcf4-47a0-904a-7e9e1927bec2 req-2cc1d9eb-bcf4-47a0-904a-7e9e1927bec2 ] Request (VolumesAdminNegativeTest:test_update_attached_volume_with_nonexistent_volume_in_uri): 200 GET http://10.180.1.21/compute/v2.1/servers/cf71efc9-cfa1-4856-a733-5434bf4465b1 0.059s
2024-10-20 00:32:04.417 62789 INFO tempest.lib.common.rest_client [req-a85fcb0b-3167-4ea0-b912-0195c1e92cbd req-a85fcb0b-3167-4ea0-b912-0195c1e92cbd ] Request (ServerActionsTestOtherA:setUpClass): 200 GET http://10.180.1.21/compute/v2.1/servers/da9d2279-79ae-4371-bef5-08ae15f2d9c9 0.051s
2024-10-20 00:32:04.447 62779 INFO tempest.lib.common.rest_client [req-4a5bfec9-e36c-4959-bce7-2b545a5286c0 req-4a5bfec9-e36c-4959-bce7-2b545a5286c0 ] Request (ServerDiagnosticsV248Test:tearDownClass): 200 GET http://10.180.1.21/compute/v2.1/servers/7653f469-5ce5-4d74-9a3f-55a6adb3a255 0.060s
2024-10-20 00:32:04.477 62795 INFO tempest.lib.common.rest_client [req-5212b479-f2cf-4906-b598-eefb68c9d051 req-5212b479-f2cf-4906-b598-eefb68c9d051 ] Request (ServerAddressesTestJSON:setUpClass): 200 GET http://10.180.1.21/compute/v2.1/servers/d7575b46-ecf9-4154-92b1-86119e727dda 0.049s
2024-10-20 00:32:04.542 62791 INFO tempest.lib.common.rest_client [req-7861ba38-eaeb-4055-840e-0462bcbe3507 req-7861ba38-eaeb-4055-840e-0462bcbe3507 ] Request (ImagesTestJSON:test_create_image_from_suspended_server): 200 GET http://10.180.1.21/compute/v2.1/servers/215472ea-402c-4eb5-8ad3-b7ef756dfdc5 0.060s
2024-10-20 00:32:04.542 62785 INFO tempest.lib.common.rest_client [req-99812d14-ecb5-443a-bf0c-d1da58ba1621 req-99812d14-ecb5-443a-bf0c-d1da58ba1621 ] Request (ServerShowV257Test:tearDownClass): 200 GET http://10.180.1.21/compute/v2.1/servers/20b01df0-4ced-4668-a786-046251a0c7ed 0.075s
2024-10-20 00:32:04.598 62797 INFO tempest.lib.common.rest_client [req-a77a928f-1d02-4ea0-a92f-e88ffa7a73b4 req-a77a928f-1d02-4ea0-a92f-e88ffa7a73b4 ] Request (ServerTagsTestJSON:setUpClass): 200 GET http://10.180.1.21/compute/v2.1/servers/edd89a57-f026-4a3e-8b6b-111cc2321d9d 0.084s
2024-10-20 00:32:04.600 62793 INFO tempest.lib.common.rest_client [req-bcd93a11-eb4d-414a-a614-af9e70c3ad2f req-bcd93a11-eb4d-414a-a614-af9e70c3ad2f ] Request (AttachInterfacesV270Test:test_create_get_list_interfaces): 200 GET http://10.180.1.21/compute/v2.1/servers/9c2c0e66-5c67-4e0a-9205-4080bda44a66 0.058s
