2024-10-20 00:30:33.014 62805 INFO tempest.lib.common.rest_client [req-e40deeb2-51db-4ac9-83bc-366174881c61 req-e40deeb2-51db-4ac9-83bc-366174881c61 ] Request (SecurityGroupsTestJSON:test_list_security_groups_by_server): 200 GET http://10.180.1.21/compute/v2.1/servers/dba06415-d503-4420-825e-76afc59f6153 1.141s
2024-10-20 00:30:33.019 62807 INFO tempest.lib.common.rest_client [req-db421b69-27e2-476b-aff3-ec646887f364 req-db421b69-27e2-476b-aff3-ec646887f364 ] Request (FlavorsV261TestJSON:tearDownClass): 204 DELETE http://10.180.1.21/identity/v3/projects/6f0472c8aefa4108917fffa127c5c5bb 0.103s
2024-10-20 00:30:33.052 62763 INFO tempest.lib.common.rest_client [req-e663361c-38b8-42e3-a075-77a0d1896550 req-e663361c-38b8-42e3-a075-77a0d1896550 ] Request (FloatingIPsTestJSON:setUpClass): 201 POST http://10.180.1.21/identity/v3/auth/tokens 0.052s
2024-10-20 00:30:33.077 62807 INFO tempest.lib.common.rest_client [req-2ca78ce5-8230-4c60-98b4-a71335b0f43b req-2ca78ce5-8230-4c60-98b4-a71335b0f43b ] Request (TenantUsagesNegativeTestJSON:setUpClass): 201 POST http://10.180.1.21/identity/v3/auth/tokens 0.055s
2024-10-20 00:30:33.079 62797 INFO tempest.lib.common.rest_client [req-51ddcb31-0fc8-454b-8add-837cfcc187ae req-51ddcb31-0fc8-454b-8add-837cfcc187ae ] Request (SecurityGroupRulesNegativeTestJSON:test_create_security_group_rule_with_invalid_ip_protocol): 200 POST http://10.180.1.21/compute/v2.1/os-security-groups 1.251s
2024-10-20 00:30:33.145 62809 INFO tempest.lib.common.rest_client [req-21e1218d-5cab-40c5-b1df-8cd419968477 req-21e1218d-5cab-40c5-b1df-8cd419968477 ] Request (KeyPairsV210TestJSON:tearDownClass): 204 DELETE http://10.180.1.21/identity/v3/projects/b1b03bce2683474284ce4f9f91211e81 0.170s
2024-10-20 00:30:33.145 62809 INFO tempest.lib.common.dynamic_creds [-] Deleting project and security group for project: 129709d7e7ad4613b91b071b28ad6e61
2024-10-20 00:30:33.281 62807 INFO tempest.lib.common.rest_client [req-9df956b8-a859-4264-bd24-b6a05c3aee31 req-9df956b8-a859-4264-bd24-b6a05c3aee31 ] Request (TenantUsagesNegativeTestJSON:setUpClass): 201 POST http://10.180.1.21/identity/v3/auth/tokens 0.202s
2024-10-20 00:30:33.302 62821 INFO tempest.lib.common.rest_client [req-86c44943-5c82-481e-a260-c10cfa50b344 req-86c44943-5c82-481e-a260-c10cfa50b344 ] Request (QuotasAdminNegativeTest:_run_cleanups): 200 PUT http://10.180.1.21/compute/v2.1/os-quota-sets/688c95e6a4874f999d8cf519a9b3ba75 1.284s
2024-10-20 00:30:33.304 62785 INFO tempest.lib.common.rest_client [req-15227d08-c731-42ba-973b-32b8f33df8ce req-15227d08-c731-42ba-973b-32b8f33df8ce ] Request (ServerShowV263Test:tearDownClass): 200 GET http://10.180.1.21:9696/networking/v2.0/security-groups?tenant_id=60096a4d44674b7785373f7c986b3cc4&name=default 0.510s
2024-10-20 00:30:33.312 62807 INFO tempest.lib.common.rest_client [req-4e931527-95ee-43a9-b010-61bdd654bc79 req-4e931527-95ee-43a9-b010-61bdd654bc79 ] Request (TenantUsagesNegativeTestJSON:setUpClass): 200 GET http://10.180.1.21/identity/v3/domains?name=Default 0.030s
2024-10-20 00:30:33.325 62759 INFO tempest.lib.common.rest_client [req-2044caa2-3791-43a3-a75a-ac1c9c14126a req-2044caa2-3791-43a3-a75a-ac1c9c14126a ] Request (AggregatesAdminNegativeTestJSON:test_aggregate_add_non_exist_host): 200 POST http://10.180.1.21/compute/v2.1/os-aggregates 1.273s
2024-10-20 00:30:33.343 62807 INFO tempest.lib.common.rest_client [req-6b415daf-502a-438f-981c-0c11cd7dacd1 req-6b415daf-502a-438f-981c-0c11cd7dacd1 ] Request (TenantUsagesNegativeTestJSON:setUpClass): 201 POST http://10.180.1.21/identity/v3/projects 0.030s
2024-10-20 00:30:33.363 62779 INFO tempest.lib.common.rest_client [req-d5be7240-cc8b-4515-a421-3708b6eb36e9 req-d5be7240-cc8b-4515-a421-3708b6eb36e9 ] Request (HostsAdminTestJSON:test_show_host_detail): 200 GET http://10.180.1.21/compute/v2.1/os-hosts/cpu-1 1.268s
2024-10-20 00:30:33.411 62807 INFO tempest.lib.common.rest_client [req-f7e92289-8439-48db-9423-9fd659a75167 req-f7e92289-8439-48db-9423-9fd659a75167 ] Request (TenantUsagesNegativeTestJSON:setUpClass): 201 POST http://10.180.1.21/identity/v3/users 0.068s
2024-10-20 00:30:33.432 62787 INFO tempest.lib.common.rest_client [req-0ed3ac9b-9537-4610-984f-e3141ce12002 req-0ed3ac9b-9537-4610-984f-e3141ce12002 ] Request (ServerExternalEventsTest:test_create_server_external_events): 200 GET http://10.180.1.21/compute/v2.1/servers/0ecd5e0c-e61d-45ff-ba4e-70ff83b26745 1.335s
2024-10-20 00:30:33.440 62807 INFO tempest.lib.common.rest_client [req-5e69b415-6b89-40cc-94ce-3958f92f38ff req-5e69b415-6b89-40cc-94ce-3958f92f38ff ] Request (TenantUsagesNegativeTestJSON:setUpClass): 200 GET http://10.180.1.21/identity/v3/roles 0.028s
2024-10-20 00:30:33.442 62787 INFO tempest.common.waiters [-] State transition "BUILD/None" ==> "BUILD/networking" after 7 second wait
2024-10-20 00:30:33.453 62809 INFO tempest.lib.common.rest_client [req-3a1aac78-28a6-4262-9cf3-5e52ca96e9bb req-3a1aac78-28a6-4262-9cf3-5e52ca96e9bb ] Request (KeyPairsV210TestJSON:tearDownClass): 200 GET http://10.180.1.21:9696/networking/v2.0/security-groups?tenant_id=129709d7e7ad4613b91b071b28ad6e61&name=default 0.308s
2024-10-20 00:30:33.465 62771 INFO tempest.lib.common.rest_client [req-4b2239f2-dc0f-4a6e-838f-c300bcfb0738 req-4b2239f2-dc0f-4a6e-838f-c300bcfb0738 ] Request (ValidationResourcesFixture:setUp): 200 POST http://10.180.1.21/compute/v2.1/os-keypairs 1.347s
2024-10-20 00:30:33.471 62807 INFO tempest.lib.common.rest_client [req-05b9c0bf-7fa2-4634-92a7-a94a4c44bff8 req-05b9c0bf-7fa2-4634-92a7-a94a4c44bff8 ] Request (TenantUsagesNegativeTestJSON:setUpClass): 204 PUT http://10.180.1.21/identity/v3/projects/e0eebddd1c4247eca84bbd1fa6696a43/users/fac5d78a76cd45c48e7243036da3c986/roles/ac4825c5bde34a7083f6a97f96de035b 0.030s
2024-10-20 00:30:33.472 62807 INFO tempest.lib.common.dynamic_creds [-] Dynamic test user fac5d78a76cd45c48e7243036da3c986 is created with scope project and roles: ['member']
2024-10-20 00:30:33.472 62807 INFO tempest.lib.common.dynamic_creds [-] Acquired dynamic creds: credentials: Credentials: {'domain_id': 'default', 'domain_name': 'Default', 'username': 'tempest-TenantUsagesNegativeTestJSON-802244704-project-member', 'project_domain_id': 'default', 'project_domain_name': 'Default', 'project_id': 'e0eebddd1c4247eca84bbd1fa6696a43', 'project_name': 'tempest-TenantUsagesNegativeTestJSON-802244704', 'tenant_id': 'e0eebddd1c4247eca84bbd1fa6696a43', 'tenant_name': 'tempest-TenantUsagesNegativeTestJSON-802244704', 'user_domain_id': 'default', 'user_domain_name': 'Default', 'user_id': 'fac5d78a76cd45c48e7243036da3c986', 'system': None}, Network: None, Subnet: None, Router: None
2024-10-20 00:30:33.472 62807 INFO tempest.lib.common.dynamic_creds [-] Created isolated network resources for: credentials: Credentials: {'domain_id': 'default', 'domain_name': 'Default', 'username': 'tempest-TenantUsagesNegativeTestJSON-802244704-project-member', 'project_domain_id': 'default', 'project_domain_name': 'Default', 'project_id': 'e0eebddd1c4247eca84bbd1fa6696a43', 'project_name': 'tempest-TenantUsagesNegativeTestJSON-802244704', 'tenant_id': 'e0eebddd1c4247eca84bbd1fa6696a43', 'tenant_name': 'tempest-TenantUsagesNegativeTestJSON-802244704', 'user_domain_id': 'default', 'user_domain_name': 'Default', 'user_id': 'fac5d78a76cd45c48e7243036da3c986', 'system': None}, Network: None, Subnet: None, Router: None
2024-10-20 00:30:33.477 62811 INFO tempest.lib.common.rest_client [req-74f83f49-4980-43d7-9e22-3bfe030d6eea req-74f83f49-4980-43d7-9e22-3bfe030d6eea ] Request (HostsAdminNegativeTestJSON:test_startup_host_with_non_admin_user): 403 GET http://10.180.1.21/compute/v2.1/os-hosts/devstack/startup 1.332s
2024-10-20 00:30:33.479 62779 INFO tempest.lib.common.rest_client [req-f08c6b68-d305-4b9c-b0cf-8180c3ee874b req-f08c6b68-d305-4b9c-b0cf-8180c3ee874b ] Request (HostsAdminTestJSON:tearDownClass): 204 DELETE http://10.180.1.21/identity/v3/users/b2ab509b5a024117abaa2c62d511b1c6 0.111s
2024-10-20 00:30:33.493 62793 INFO tempest.lib.common.rest_client [req-fcd4377c-526c-44e8-a4f9-854f71165692 req-fcd4377c-526c-44e8-a4f9-854f71165692 ] Request (FlavorsExtraSpecsTestJSON:test_flavor_set_get_update_show_unset_keys): 200 GET http://10.180.1.21/compute/v2.1/flavors/1314711378/os-extra_specs 1.334s
2024-10-20 00:30:33.506 62815 INFO tempest.lib.common.rest_client [req-f71fbc93-332a-4d76-a93a-887af7142320 req-f71fbc93-332a-4d76-a93a-887af7142320 ] Request (FlavorsAdminTestJSON:_run_cleanups): 202 DELETE http://10.180.1.21/compute/v2.1/flavors/73026067 1.343s
2024-10-20 00:30:33.528 62813 INFO tempest.lib.common.rest_client [req-38b64646-17d3-4e71-a664-0f646031f95f req-38b64646-17d3-4e71-a664-0f646031f95f ] Request (ServicesAdminNegativeTestJSON:test_get_service_with_valid_service_and_invalid_host): 200 GET http://10.180.1.21/compute/v2.1/os-services 1.338s
2024-10-20 00:30:33.553 62807 INFO tempest.lib.common.rest_client [req-90284796-4ff9-4de0-b69f-ad3f6342f939 req-90284796-4ff9-4de0-b69f-ad3f6342f939 ] Request (TenantUsagesNegativeTestJSON:setUpClass): 201 POST http://10.180.1.21/identity/v3/auth/tokens 0.078s
2024-10-20 00:30:33.590 62779 INFO tempest.lib.common.rest_client [req-d75090bc-f6d3-4d98-9132-ca10510fffe6 req-d75090bc-f6d3-4d98-9132-ca10510fffe6 ] Request (HostsAdminTestJSON:tearDownClass): 204 DELETE http://10.180.1.21/identity/v3/users/87c81e20f7f74eb79cca5492b721c4fe 0.110s
2024-10-20 00:30:33.590 62779 INFO tempest.lib.common.dynamic_creds [-] Deleting project and security group for project: 3ce70c33884b4943b8ddb2711df17782
2024-10-20 00:30:33.616 62785 INFO tempest.lib.common.rest_client [req-a157430d-c579-45e4-9db0-34f2a3600a4c req-a157430d-c579-45e4-9db0-34f2a3600a4c ] Request (ServerShowV263Test:tearDownClass): 204 DELETE http://10.180.1.21:9696/networking/v2.0/security-groups/8191e713-fa0f-468a-b243-aeba84f88925 0.312s
2024-10-20 00:30:33.636 62807 INFO tempest.lib.common.rest_client [req-412f5c80-b4dd-4c3a-a707-5b01e00af9df req-412f5c80-b4dd-4c3a-a707-5b01e00af9df ] Request (TenantUsagesNegativeTestJSON:setUpClass): 201 POST http://10.180.1.21/identity/v3/projects 0.082s
2024-10-20 00:30:33.658 62779 INFO tempest.lib.common.rest_client [req-513db31f-649f-4871-a3fd-dc066e11b4bb req-513db31f-649f-4871-a3fd-dc066e11b4bb ] Request (HostsAdminTestJSON:tearDownClass): 201 POST http://10.180.1.21/identity/v3/auth/tokens 0.067s
2024-10-20 00:30:33.658 62817 INFO tempest.lib.common.rest_client [req-c7d7d9ad-90bd-4958-9c45-a7566282edd0 req-c7d7d9ad-90bd-4958-9c45-a7566282edd0 ] Request (ServersTestJSON:setUpClass): 200 GET http://10.180.1.21/compute/v2.1/servers/71c6b4ec-60a5-4c8d-a529-a841e1b36a53 1.387s
2024-10-20 00:30:33.690 62781 INFO tempest.lib.common.rest_client [req-309d84aa-2a9b-4d75-8eda-155f06555c65 req-309d84aa-2a9b-4d75-8eda-155f06555c65 ] Request (QuotaClassesAdminTestJSON:test_update_default_quotas): 200 GET http://10.180.1.21/compute/v2.1/os-quota-class-sets/default 1.366s
2024-10-20 00:30:33.700 62807 INFO tempest.lib.common.rest_client [req-159e9512-abc5-4c7f-b3d3-f0669e483fb3 req-159e9512-abc5-4c7f-b3d3-f0669e483fb3 ] Request (TenantUsagesNegativeTestJSON:setUpClass): 201 POST http://10.180.1.21/identity/v3/users 0.064s
2024-10-20 00:30:33.705 62769 INFO tempest.lib.common.rest_client [req-13df8860-718c-4090-8c44-2f88010fefd8 req-13df8860-718c-4090-8c44-2f88010fefd8 ] Request (FlavorsExtraSpecsNegativeTestJSON:test_flavor_update_more_key): 400 PUT http://10.180.1.21/compute/v2.1/flavors/2052379389/os-extra_specs/hw:numa_nodes 1.375s
2024-10-20 00:30:33.742 62761 INFO tempest.lib.common.rest_client [req-f0338839-e1a9-4569-8bd9-ae329025892b req-f0338839-e1a9-4569-8bd9-ae329025892b ] Request (ListImageFiltersTestJSON:setUpClass): 200 GET http://10.180.1.21/compute/v2.1/images/1f643d25-f39c-4891-9f1a-b852489ad16f 1.339s
2024-10-20 00:30:33.748 62785 INFO tempest.lib.common.rest_client [req-985f9e2c-d635-4eae-a2e1-1fc48e494a9b req-985f9e2c-d635-4eae-a2e1-1fc48e494a9b ] Request (ServerShowV263Test:tearDownClass): 204 DELETE http://10.180.1.21/identity/v3/projects/60096a4d44674b7785373f7c986b3cc4 0.131s
2024-10-20 00:30:33.802 62763 INFO tempest.lib.common.rest_client [req-ada1c8c6-43a0-47ad-b207-f25efb9c1309 req-ada1c8c6-43a0-47ad-b207-f25efb9c1309 ] Request (FloatingIPsTestJSON:setUpClass): 201 POST http://10.180.1.21:9696/networking/v2.0/networks 0.749s
2024-10-20 00:30:33.808 62807 INFO tempest.lib.common.rest_client [req-037991f5-2b1f-42da-ab4b-c5b8d2cb4230 req-037991f5-2b1f-42da-ab4b-c5b8d2cb4230 ] Request (TenantUsagesNegativeTestJSON:setUpClass): 200 GET http://10.180.1.21/identity/v3/roles 0.107s
2024-10-20 00:30:33.834 62785 INFO tempest.lib.common.rest_client [req-80c3885c-f7c5-4ec6-a6d8-3c8ccd1f3e82 req-80c3885c-f7c5-4ec6-a6d8-3c8ccd1f3e82 ] Request (ServerShowV257Test:setUpClass): 201 POST http://10.180.1.21/identity/v3/auth/tokens 0.085s
2024-10-20 00:30:33.855 62807 INFO tempest.lib.common.rest_client [req-9cd9daa7-0a0f-496c-bcfc-5de0fce3f2d0 req-9cd9daa7-0a0f-496c-bcfc-5de0fce3f2d0 ] Request (TenantUsagesNegativeTestJSON:setUpClass): 204 PUT http://10.180.1.21/identity/v3/projects/ec3b5dd82d894d54ad7331631d544a0e/users/4a7e610aca664eef9a63d149b235dbe6/roles/c0bfcf8067f8425cb0fbd21c582ba7f1 0.046s
2024-10-20 00:30:33.895 62785 INFO tempest.lib.common.rest_client [req-03a1b011-dd3e-42ec-a9f2-ba31c3e17355 req-03a1b011-dd3e-42ec-a9f2-ba31c3e17355 ] Request (ServerShowV257Test:setUpClass): 201 POST http://10.180.1.21/identity/v3/auth/tokens 0.057s
2024-10-20 00:30:33.901 62801 INFO tempest.lib.common.rest_client [req-9c668e8e-c775-4182-9a13-cc0310df7fc0 req-9c668e8e-c775-4182-9a13-cc0310df7fc0 ] Request (ServersAaction247Test:test_create_backup): 200 GET http://10.180.1.21/compute/v2.1/servers/e976d2d2-aa69-473b-9dfc-e616b0132754 1.336s
2024-10-20 00:30:33.902 62807 INFO tempest.lib.common.rest_client [req-403be8e8-21e5-4b79-bf69-365d39906e61 req-403be8e8-21e5-4b79-bf69-365d39906e61 ] Request (TenantUsagesNegativeTestJSON:setUpClass): 200 GET http://10.180.1.21/identity/v3/roles 0.047s
2024-10-20 00:30:33.913 62809 INFO tempest.lib.common.rest_client [req-2ab92139-2d08-41f8-af32-7db5f12c0a05 req-2ab92139-2d08-41f8-af32-7db5f12c0a05 ] Request (KeyPairsV210TestJSON:tearDownClass): 204 DELETE http://10.180.1.21:9696/networking/v2.0/security-groups/d039b11e-c6f9-4c1b-a698-e9d748a17c41 0.458s
2024-10-20 00:30:33.918 62785 INFO tempest.lib.common.rest_client [req-0eaf3d67-8caf-45ef-ad83-1c24d9741d73 req-0eaf3d67-8caf-45ef-ad83-1c24d9741d73 ] Request (ServerShowV257Test:setUpClass): 200 GET http://10.180.1.21/identity/v3/domains?name=Default 0.023s
2024-10-20 00:30:33.918 62777 INFO tempest.lib.common.rest_client [req-62b68a41-b382-4fe9-bd11-8ef3092b233e req-62b68a41-b382-4fe9-bd11-8ef3092b233e ] Request (FlavorsAccessTestJSON:_run_cleanups): 202 DELETE http://10.180.1.21/compute/v2.1/flavors/496767065 1.331s
2024-10-20 00:30:33.926 62807 INFO tempest.lib.common.rest_client [req-ecc7433a-fbc5-44e9-939b-90aef0c5e493 req-ecc7433a-fbc5-44e9-939b-90aef0c5e493 ] Request (TenantUsagesNegativeTestJSON:setUpClass): 204 PUT http://10.180.1.21/identity/v3/projects/ec3b5dd82d894d54ad7331631d544a0e/users/4a7e610aca664eef9a63d149b235dbe6/roles/c0bfcf8067f8425cb0fbd21c582ba7f1 0.023s
2024-10-20 00:30:33.926 62807 INFO tempest.lib.common.dynamic_creds [-] Dynamic test user 4a7e610aca664eef9a63d149b235dbe6 is created with scope project and roles: ['admin']
2024-10-20 00:30:33.927 62807 INFO tempest.lib.common.dynamic_creds [-] Acquired dynamic creds: credentials: Credentials: {'domain_id': 'default', 'domain_name': 'Default', 'username': 'tempest-TenantUsagesNegativeTestJSON-1458716489-project-admin', 'project_domain_id': 'default', 'project_domain_name': 'Default', 'project_id': 'ec3b5dd82d894d54ad7331631d544a0e', 'project_name': 'tempest-TenantUsagesNegativeTestJSON-1458716489', 'tenant_id': 'ec3b5dd82d894d54ad7331631d544a0e', 'tenant_name': 'tempest-TenantUsagesNegativeTestJSON-1458716489', 'user_domain_id': 'default', 'user_domain_name': 'Default', 'user_id': '4a7e610aca664eef9a63d149b235dbe6', 'system': None}, Network: None, Subnet: None, Router: None
2024-10-20 00:30:33.927 62807 INFO tempest.lib.common.dynamic_creds [-] Created isolated network resources for: credentials: Credentials: {'domain_id': 'default', 'domain_name': 'Default', 'username': 'tempest-TenantUsagesNegativeTestJSON-1458716489-project-admin', 'project_domain_id': 'default', 'project_domain_name': 'Default', 'project_id': 'ec3b5dd82d894d54ad7331631d544a0e', 'project_name': 'tempest-TenantUsagesNegativeTestJSON-1458716489', 'tenant_id': 'ec3b5dd82d894d54ad7331631d544a0e', 'tenant_name': 'tempest-TenantUsagesNegativeTestJSON-1458716489', 'user_domain_id': 'default', 'user_domain_name': 'Default', 'user_id': '4a7e610aca664eef9a63d149b235dbe6', 'system': None}, Network: None, Subnet: None, Router: None
2024-10-20 00:30:33.968 62771 INFO tempest.lib.common.rest_client [req-2caf63b9-9272-4433-9da8-367d1bc7e2f7 req-2caf63b9-9272-4433-9da8-367d1bc7e2f7 ] Request (ValidationResourcesFixture:setUp): 201 POST http://10.180.1.21:9696/networking/v2.0/security-groups 0.501s
2024-10-20 00:30:33.984 62785 INFO tempest.lib.common.rest_client [req-cb2b15f4-488d-445e-a6f3-91e833d6e9af req-cb2b15f4-488d-445e-a6f3-91e833d6e9af ] Request (ServerShowV257Test:setUpClass): 201 POST http://10.180.1.21/identity/v3/projects 0.065s
2024-10-20 00:30:34.012 62809 INFO tempest.lib.common.rest_client [req-fdf62687-00a5-4e46-9d2c-221ab91ef297 req-fdf62687-00a5-4e46-9d2c-221ab91ef297 ] Request (KeyPairsV210TestJSON:tearDownClass): 204 DELETE http://10.180.1.21/identity/v3/projects/129709d7e7ad4613b91b071b28ad6e61 0.099s
2024-10-20 00:30:34.019 62773 INFO tempest.lib.common.rest_client [req-fd4fba75-e135-4892-9396-d7d425bcbc2f req-fd4fba75-e135-4892-9396-d7d425bcbc2f ] Request (ServersAdmin275Test:test_rebuild_update_server_275): 200 GET http://10.180.1.21/compute/v2.1/servers/4f3a0a33-43c0-42fb-8660-198ff4a8529a 1.412s
2024-10-20 00:30:34.031 62775 INFO tempest.lib.common.rest_client [req-45dc12c8-bdbc-45a1-a3fc-2147a965e38f req-45dc12c8-bdbc-45a1-a3fc-2147a965e38f ] Request (FlavorsAccessNegativeTestJSON:_run_cleanups): 202 DELETE http://10.180.1.21/compute/v2.1/flavors/262718134 1.240s
2024-10-20 00:30:34.066 62807 INFO tempest.lib.common.rest_client [req-c24c1e92-96bd-482e-8fe0-e0c91b2a4d23 req-c24c1e92-96bd-482e-8fe0-e0c91b2a4d23 ] Request (TenantUsagesNegativeTestJSON:setUpClass): 201 POST http://10.180.1.21/identity/v3/auth/tokens 0.130s
2024-10-20 00:30:34.097 62785 INFO tempest.lib.common.rest_client [req-d7ab72e5-5f3b-48c3-90ef-46c02e8e4234 req-d7ab72e5-5f3b-48c3-90ef-46c02e8e4234 ] Request (ServerShowV257Test:setUpClass): 201 POST http://10.180.1.21/identity/v3/users 0.112s
2024-10-20 00:30:34.097 62809 INFO tempest.lib.common.rest_client [req-b14f6366-b230-483d-a6d7-81fabd155ccf req-b14f6366-b230-483d-a6d7-81fabd155ccf ] Request (MultipleCreateTestJSON:setUpClass): 201 POST http://10.180.1.21/identity/v3/auth/tokens 0.082s
2024-10-20 00:30:34.117 62783 INFO tempest.lib.common.rest_client [req-3e61d403-fbcd-471b-9d9d-424788d10e04 req-3e61d403-fbcd-471b-9d9d-424788d10e04 ] Request (TenantUsagesTestJSON:setUpClass): 200 GET http://10.180.1.21/compute/v2.1/servers/c3a43b3a-cb59-4431-a5d2-4c96db16337f 1.144s
2024-10-20 00:30:34.124 62785 INFO tempest.lib.common.rest_client [req-9796ca18-935c-4e4b-ab9c-9fb792ca464b req-9796ca18-935c-4e4b-ab9c-9fb792ca464b ] Request (ServerShowV257Test:setUpClass): 200 GET http://10.180.1.21/identity/v3/roles 0.027s
2024-10-20 00:30:34.139 62767 INFO tempest.lib.common.rest_client [req-0ed9f0ee-4fc0-4328-9a4d-d7caaf648615 req-0ed9f0ee-4fc0-4328-9a4d-d7caaf648615 ] Request (VolumesAssistedSnapshotsTest:test_volume_assisted_snapshot_create_delete): 202 POST http://10.180.1.21/compute/v2.1/servers 2.115s
2024-10-20 00:30:34.150 62809 INFO tempest.lib.common.rest_client [req-3249ace7-77fa-4c48-9f3d-ca2f8dfc0e4a req-3249ace7-77fa-4c48-9f3d-ca2f8dfc0e4a ] Request (MultipleCreateTestJSON:setUpClass): 201 POST http://10.180.1.21/identity/v3/auth/tokens 0.050s
2024-10-20 00:30:34.167 62785 INFO tempest.lib.common.rest_client [req-659945bc-9aa3-4847-8fc4-1b56e67b0c75 req-659945bc-9aa3-4847-8fc4-1b56e67b0c75 ] Request (ServerShowV257Test:setUpClass): 204 PUT http://10.180.1.21/identity/v3/projects/2f811c6ab74248ea9ae53722989fdd39/users/8ba6f7b400234b8894cc383e7a9a42f6/roles/ac4825c5bde34a7083f6a97f96de035b 0.042s
2024-10-20 00:30:34.167 62785 INFO tempest.lib.common.dynamic_creds [-] Dynamic test user 8ba6f7b400234b8894cc383e7a9a42f6 is created with scope project and roles: ['member']
2024-10-20 00:30:34.167 62785 INFO tempest.lib.common.dynamic_creds [-] Acquired dynamic creds: credentials: Credentials: {'domain_id': 'default', 'domain_name': 'Default', 'username': 'tempest-ServerShowV257Test-1594865257-project-member', 'project_domain_id': 'default', 'project_domain_name': 'Default', 'project_id': '2f811c6ab74248ea9ae53722989fdd39', 'project_name': 'tempest-ServerShowV257Test-1594865257', 'tenant_id': '2f811c6ab74248ea9ae53722989fdd39', 'tenant_name': 'tempest-ServerShowV257Test-1594865257', 'user_domain_id': 'default', 'user_domain_name': 'Default', 'user_id': '8ba6f7b400234b8894cc383e7a9a42f6', 'system': None}, Network: None, Subnet: None, Router: None
2024-10-20 00:30:34.167 62785 INFO tempest.lib.common.dynamic_creds [-] Created isolated network resources for: credentials: Credentials: {'domain_id': 'default', 'domain_name': 'Default', 'username': 'tempest-ServerShowV257Test-1594865257-project-member', 'project_domain_id': 'default', 'project_domain_name': 'Default', 'project_id': '2f811c6ab74248ea9ae53722989fdd39', 'project_name': 'tempest-ServerShowV257Test-1594865257', 'tenant_id': '2f811c6ab74248ea9ae53722989fdd39', 'tenant_name': 'tempest-ServerShowV257Test-1594865257', 'user_domain_id': 'default', 'user_domain_name': 'Default', 'user_id': '8ba6f7b400234b8894cc383e7a9a42f6', 'system': None}, Network: None, Subnet: None, Router: None
2024-10-20 00:30:34.188 62779 INFO tempest.lib.common.rest_client [req-cbbc7f62-9e8e-4121-bc44-b3bcc4623221 req-cbbc7f62-9e8e-4121-bc44-b3bcc4623221 ] Request (HostsAdminTestJSON:tearDownClass): 200 GET http://10.180.1.21:9696/networking/v2.0/security-groups?tenant_id=3ce70c33884b4943b8ddb2711df17782&name=default 0.530s
2024-10-20 00:30:34.213 62795 INFO tempest.lib.common.rest_client [req-e84debd8-63b4-40b8-aadd-794927ecfba0 req-e84debd8-63b4-40b8-aadd-794927ecfba0 ] Request (ServerDiagnosticsTest:test_get_server_diagnostics): 200 GET http://10.180.1.21/compute/v2.1/servers/b51682d1-e510-4573-af69-e6dc2528b323 1.140s
2024-10-20 00:30:34.243 62809 INFO tempest.lib.common.rest_client [req-5db07c6c-6a51-430d-a512-0a84555bead8 req-5db07c6c-6a51-430d-a512-0a84555bead8 ] Request (MultipleCreateTestJSON:setUpClass): 200 GET http://10.180.1.21/identity/v3/domains?name=Default 0.092s
2024-10-20 00:30:34.244 62797 INFO tempest.lib.common.rest_client [req-f28e8b8f-28a9-49e4-8b3e-1139230a9915 req-f28e8b8f-28a9-49e4-8b3e-1139230a9915 ] Request (SecurityGroupRulesNegativeTestJSON:test_create_security_group_rule_with_invalid_ip_protocol): 400 POST http://10.180.1.21/compute/v2.1/os-security-group-rules 1.158s
2024-10-20 00:30:34.272 62785 INFO tempest.lib.common.rest_client [req-6d43b899-973c-4064-b6a1-1a24fd87ba01 req-6d43b899-973c-4064-b6a1-1a24fd87ba01 ] Request (ServerShowV257Test:setUpClass): 201 POST http://10.180.1.21/identity/v3/auth/tokens 0.102s
2024-10-20 00:30:34.290 62809 INFO tempest.lib.common.rest_client [req-350d69dc-3327-4052-b6fc-cd8112caa9b6 req-350d69dc-3327-4052-b6fc-cd8112caa9b6 ] Request (MultipleCreateTestJSON:setUpClass): 201 POST http://10.180.1.21/identity/v3/projects 0.047s
2024-10-20 00:30:34.315 62765 INFO tempest.lib.common.rest_client [req-6aa25196-a68d-4645-81ae-3a6716a0fc7c req-6aa25196-a68d-4645-81ae-3a6716a0fc7c ] Request (VolumesAdminNegativeTest:test_update_attached_volume_with_nonexistent_volume_in_body): 200 GET http://10.180.1.21/compute/v2.1/servers/df69e966-4580-42c5-8c88-53008807c1d0 1.173s
2024-10-20 00:30:34.344 62759 INFO tempest.lib.common.rest_client [req-b2ed50f4-686f-4d2b-9128-121925b3d42b req-b2ed50f4-686f-4d2b-9128-121925b3d42b ] Request (AggregatesAdminNegativeTestJSON:test_aggregate_add_non_exist_host): 404 POST http://10.180.1.21/compute/v2.1/os-aggregates/3/action 1.017s
2024-10-20 00:30:34.378 62785 INFO tempest.lib.common.rest_client [req-d419cb5c-3801-4289-88f0-6013ffaefe23 req-d419cb5c-3801-4289-88f0-6013ffaefe23 ] Request (ServerShowV257Test:test_rebuild_server): 201 POST http://10.180.1.21/identity/v3/auth/tokens 0.099s
2024-10-20 00:30:34.378 62785 INFO tempest.lib.common.fixed_network [-] (ServerShowV257Test:test_rebuild_server) Found network None available for tenant
2024-10-20 00:30:34.402 62771 INFO tempest.lib.common.rest_client [req-55fbfcf5-21c7-4595-a2f9-7236926c412d req-55fbfcf5-21c7-4595-a2f9-7236926c412d ] Request (ValidationResourcesFixture:setUp): 201 POST http://10.180.1.21:9696/networking/v2.0/security-group-rules 0.433s
2024-10-20 00:30:34.441 62799 INFO tempest.lib.common.rest_client [req-440bd037-0e4f-4505-b3b1-fadbc5389cb2 req-440bd037-0e4f-4505-b3b1-fadbc5389cb2 ] Request (DeleteServersAdminTestJSON:test_admin_delete_servers_of_others): 200 GET http://10.180.1.21/compute/v2.1/servers/3b674a12-d3fb-45f6-94ed-5c2ac2452f7a 1.061s
2024-10-20 00:30:34.452 62821 INFO tempest.lib.common.rest_client [req-c26dd0d9-d12b-472e-97c9-9652ec645c75 req-c26dd0d9-d12b-472e-97c9-9652ec645c75 ] Request (QuotasAdminNegativeTest:test_create_server_when_memory_quota_is_full): 200 GET http://10.180.1.21/compute/v2.1/os-quota-sets/688c95e6a4874f999d8cf519a9b3ba75 1.143s
2024-10-20 00:30:34.478 62809 INFO tempest.lib.common.rest_client [req-5e40d72b-58cf-41e1-9b72-3930ff8bdc5c req-5e40d72b-58cf-41e1-9b72-3930ff8bdc5c ] Request (MultipleCreateTestJSON:setUpClass): 201 POST http://10.180.1.21/identity/v3/users 0.187s
2024-10-20 00:30:34.479 62811 INFO tempest.lib.common.rest_client [req-07706a0d-bc6d-40ad-aa47-f32bcb8edb83 req-07706a0d-bc6d-40ad-aa47-f32bcb8edb83 ] Request (HostsAdminNegativeTestJSON:test_startup_nonexistent_host): 404 GET http://10.180.1.21/compute/v2.1/os-hosts/nonexistent_hostname/startup 1.001s
2024-10-20 00:30:34.502 62815 INFO tempest.lib.common.rest_client [req-62eabf6c-f1bb-429e-ade2-3ce9dcf5b900 req-62eabf6c-f1bb-429e-ade2-3ce9dcf5b900 ] Request (FlavorsAdminTestJSON:_run_cleanups): 200 GET http://10.180.1.21/compute/v2.1/flavors/detail 0.995s
2024-10-20 00:30:34.516 62809 INFO tempest.lib.common.rest_client [req-0be82f8f-5994-49f3-97b5-82c98167b278 req-0be82f8f-5994-49f3-97b5-82c98167b278 ] Request (MultipleCreateTestJSON:setUpClass): 200 GET http://10.180.1.21/identity/v3/roles 0.034s
2024-10-20 00:30:34.525 62793 INFO tempest.lib.common.rest_client [req-e42849c3-d823-48aa-ae55-dc4da443791f req-e42849c3-d823-48aa-ae55-dc4da443791f ] Request (FlavorsExtraSpecsTestJSON:test_flavor_set_get_update_show_unset_keys): 200 DELETE http://10.180.1.21/compute/v2.1/flavors/1314711378/os-extra_specs/hw:numa_nodes 1.030s
2024-10-20 00:30:34.533 62813 INFO tempest.lib.common.rest_client [req-702e0380-b0f3-4c69-9218-edd39db54880 req-702e0380-b0f3-4c69-9218-edd39db54880 ] Request (ServicesAdminNegativeTestJSON:test_get_service_with_valid_service_and_invalid_host): 200 GET http://10.180.1.21/compute/v2.1/os-services?host=xxx&binary=nova-scheduler 1.002s
2024-10-20 00:30:34.539 62763 INFO tempest.lib.common.rest_client [req-3a127abe-5222-4f4f-a65c-9c02bece0658 req-3a127abe-5222-4f4f-a65c-9c02bece0658 ] Request (FloatingIPsTestJSON:setUpClass): 201 POST http://10.180.1.21:9696/networking/v2.0/subnets 0.735s
2024-10-20 00:30:34.546 62789 INFO tempest.lib.common.rest_client [req-d38a9f5a-2ad5-45ac-8b20-8259ee16035d req-d38a9f5a-2ad5-45ac-8b20-8259ee16035d ] Request (SecurityGroupsNegativeTestJSON:tearDownClass): 200 PUT http://10.180.1.21:9696/networking/v2.0/routers/76dd5b6f-4be2-4a85-b700-febabcbb557e/remove_router_interface 2.130s
2024-10-20 00:30:34.555 62769 INFO tempest.lib.common.rest_client [req-3a4cfe28-0b63-4743-b584-0758763d0be1 req-3a4cfe28-0b63-4743-b584-0758763d0be1 ] Request (FlavorsExtraSpecsNegativeTestJSON:tearDownClass): 202 DELETE http://10.180.1.21/compute/v2.1/flavors/2052379389 0.848s
2024-10-20 00:30:34.565 62809 INFO tempest.lib.common.rest_client [req-11aaad87-0f83-4835-9aa9-16da276c91eb req-11aaad87-0f83-4835-9aa9-16da276c91eb ] Request (MultipleCreateTestJSON:setUpClass): 204 PUT http://10.180.1.21/identity/v3/projects/63ec3a6586ee49059b51ccfcaaeab7b9/users/05e0e43e72b74039b813d71aebd21872/roles/ac4825c5bde34a7083f6a97f96de035b 0.048s
2024-10-20 00:30:34.565 62809 INFO tempest.lib.common.dynamic_creds [-] Dynamic test user 05e0e43e72b74039b813d71aebd21872 is created with scope project and roles: ['member']
2024-10-20 00:30:34.565 62809 INFO tempest.lib.common.dynamic_creds [-] Acquired dynamic creds: credentials: Credentials: {'domain_id': 'default', 'domain_name': 'Default', 'username': 'tempest-MultipleCreateTestJSON-1403609722-project-member', 'project_domain_id': 'default', 'project_domain_name': 'Default', 'project_id': '63ec3a6586ee49059b51ccfcaaeab7b9', 'project_name': 'tempest-MultipleCreateTestJSON-1403609722', 'tenant_id': '63ec3a6586ee49059b51ccfcaaeab7b9', 'tenant_name': 'tempest-MultipleCreateTestJSON-1403609722', 'user_domain_id': 'default', 'user_domain_name': 'Default', 'user_id': '05e0e43e72b74039b813d71aebd21872', 'system': None}, Network: None, Subnet: None, Router: None
2024-10-20 00:30:34.587 62779 INFO tempest.lib.common.rest_client [req-aa4b9ab6-bf32-48a3-bde4-cc0064b8b855 req-aa4b9ab6-bf32-48a3-bde4-cc0064b8b855 ] Request (HostsAdminTestJSON:tearDownClass): 204 DELETE http://10.180.1.21:9696/networking/v2.0/security-groups/0f3da34a-bac8-4d22-a3e3-219e41fe4193 0.398s
2024-10-20 00:30:34.595 62761 INFO tempest.lib.common.rest_client [req-08fbeb7b-8adb-499c-bb43-c65a14a8d1fc req-08fbeb7b-8adb-499c-bb43-c65a14a8d1fc ] Request (ListImageFiltersTestJSON:setUpClass): 200 GET http://10.180.1.21/compute/v2.1/images/1f643d25-f39c-4891-9f1a-b852489ad16f 0.847s
2024-10-20 00:30:34.634 62781 INFO tempest.lib.common.rest_client [req-8641dc5f-1129-4d2a-8950-11fef5f9917c req-8641dc5f-1129-4d2a-8950-11fef5f9917c ] Request (QuotaClassesAdminTestJSON:_run_cleanups): 200 PUT http://10.180.1.21/compute/v2.1/os-quota-class-sets/default 0.938s
2024-10-20 00:30:34.660 62777 INFO tempest.lib.common.rest_client [req-34bd96c2-01c7-48c3-ac0b-eb35441cab7a req-34bd96c2-01c7-48c3-ac0b-eb35441cab7a ] Request (FlavorsAccessTestJSON:_run_cleanups): 200 GET http://10.180.1.21/compute/v2.1/flavors/detail 0.741s
2024-10-20 00:30:34.687 62809 INFO tempest.lib.common.rest_client [req-72985516-d9b5-4a4c-84b0-ba3be3d9608c req-72985516-d9b5-4a4c-84b0-ba3be3d9608c ] Request (MultipleCreateTestJSON:setUpClass): 201 POST http://10.180.1.21/identity/v3/auth/tokens 0.121s
2024-10-20 00:30:34.760 62779 INFO tempest.lib.common.rest_client [req-dca301c3-2405-4ac9-bccc-be70cd5a4eae req-dca301c3-2405-4ac9-bccc-be70cd5a4eae ] Request (HostsAdminTestJSON:tearDownClass): 204 DELETE http://10.180.1.21/identity/v3/projects/3ce70c33884b4943b8ddb2711df17782 0.168s
2024-10-20 00:30:34.760 62779 INFO tempest.lib.common.dynamic_creds [-] Deleting project and security group for project: d449b11c08a840309318004fb697b994
2024-10-20 00:30:34.802 62805 INFO tempest.lib.common.rest_client [req-7a1376cb-f0fa-40bc-853a-0f9d503435f8 req-7a1376cb-f0fa-40bc-853a-0f9d503435f8 ] Request (SecurityGroupsTestJSON:test_list_security_groups_by_server): 200 GET http://10.180.1.21/compute/v2.1/servers/dba06415-d503-4420-825e-76afc59f6153 0.776s
2024-10-20 00:30:34.805 62771 INFO tempest.lib.common.rest_client [req-420e91d4-c64b-49af-a757-89dd073b57e7 req-420e91d4-c64b-49af-a757-89dd073b57e7 ] Request (ValidationResourcesFixture:setUp): 201 POST http://10.180.1.21:9696/networking/v2.0/security-group-rules 0.402s
2024-10-20 00:30:34.826 62775 INFO tempest.lib.common.rest_client [req-fdfb25c5-8b75-47d6-8bca-f2e6d6db45c2 req-fdfb25c5-8b75-47d6-8bca-f2e6d6db45c2 ] Request (FlavorsAccessNegativeTestJSON:_run_cleanups): 200 GET http://10.180.1.21/compute/v2.1/flavors/detail 0.794s
2024-10-20 00:30:34.831 62781 INFO tempest.lib.common.rest_client [req-d0c1bfe5-d736-4496-aded-e4a10fa4ef1e req-d0c1bfe5-d736-4496-aded-e4a10fa4ef1e ] Request (QuotaClassesAdminTestJSON:tearDownClass): 204 DELETE http://10.180.1.21/identity/v3/users/973fe6546dbd464eab369d122a4a3642 0.193s
2024-10-20 00:30:34.983 62791 INFO tempest.lib.common.rest_client [req-8d4e7275-8cbb-4df5-b9d4-41dddb0675d5 req-8d4e7275-8cbb-4df5-b9d4-41dddb0675d5 ] Request (ImagesTestJSON:test_create_image_from_stopped_server): 200 GET http://10.180.1.21/compute/v2.1/servers/bc94294f-206a-4f54-87af-2248c5ed1ba4 1.195s
2024-10-20 00:30:35.002 62777 INFO tempest.lib.common.rest_client [req-ce6170b4-ed62-4250-8676-69560a48d9ac req-ce6170b4-ed62-4250-8676-69560a48d9ac ] Request (FlavorsAccessTestJSON:tearDownClass): 204 DELETE http://10.180.1.21/identity/v3/users/69c19ed0e5004798824032386a9e491c 0.329s
2024-10-20 00:30:35.059 62767 INFO tempest.lib.common.rest_client [req-680c51cf-50cf-49c9-904d-7360736ed471 req-680c51cf-50cf-49c9-904d-7360736ed471 ] Request (VolumesAssistedSnapshotsTest:test_volume_assisted_snapshot_create_delete): 200 GET http://10.180.1.21/compute/v2.1/servers/da34c648-4074-494e-a569-e8e839207a70 0.918s
2024-10-20 00:30:35.064 62807 INFO tempest.lib.common.rest_client [req-727fb949-d5f5-485f-bec6-103a69c7016b req-727fb949-d5f5-485f-bec6-103a69c7016b ] Request (TenantUsagesNegativeTestJSON:test_get_usage_tenant_with_empty_tenant_id): 404 GET http://10.180.1.21/compute/v2.1/os-simple-tenant-usage/?start=2024-10-19T00%3A30%3A34.067147&end=2024-10-21T00%3A30%3A34.067147 0.996s
2024-10-20 00:30:35.065 62807 WARNING tempest.lib.common.rest_client [-] Deprecated: "tenant_id" property is deprecated for removal, use "project_id" instead
2024-10-20 00:30:35.090 62759 INFO tempest.lib.common.rest_client [req-dd5fed06-2bed-4509-aa6a-b5b1e0026740 req-dd5fed06-2bed-4509-aa6a-b5b1e0026740 ] Request (AggregatesAdminNegativeTestJSON:_run_cleanups): 200 DELETE http://10.180.1.21/compute/v2.1/os-aggregates/3 0.744s
2024-10-20 00:30:35.100 62781 INFO tempest.lib.common.rest_client [req-ecd94078-4582-4609-b4bc-16e47725bbf2 req-ecd94078-4582-4609-b4bc-16e47725bbf2 ] Request (QuotaClassesAdminTestJSON:tearDownClass): 204 DELETE http://10.180.1.21/identity/v3/users/b8b9fdf5c8964b36aef7468c970dcd5c 0.269s
2024-10-20 00:30:35.100 62781 INFO tempest.lib.common.dynamic_creds [-] Deleting project and security group for project: e3be200211bf4aa0b8be7cb797c0d6ab
2024-10-20 00:30:35.252 62777 INFO tempest.lib.common.rest_client [req-753394a8-d443-48cf-9748-5a00c2ed6c67 req-753394a8-d443-48cf-9748-5a00c2ed6c67 ] Request (FlavorsAccessTestJSON:tearDownClass): 204 DELETE http://10.180.1.21/identity/v3/users/c9733b51f677444b9bae9e8ab9f405f1 0.250s
2024-10-20 00:30:35.253 62777 INFO tempest.lib.common.dynamic_creds [-] Deleting project and security group for project: 69f33bde0e6e4a29821e7b917833e289
2024-10-20 00:30:35.266 62779 INFO tempest.lib.common.rest_client [req-d96dfe50-a743-429d-9c3e-2df0887cbaf5 req-d96dfe50-a743-429d-9c3e-2df0887cbaf5 ] Request (HostsAdminTestJSON:tearDownClass): 200 GET http://10.180.1.21:9696/networking/v2.0/security-groups?tenant_id=d449b11c08a840309318004fb697b994&name=default 0.506s
2024-10-20 00:30:35.268 62781 INFO tempest.lib.common.rest_client [req-1bd91589-ea08-4c15-9d61-3ca76f69dfbc req-1bd91589-ea08-4c15-9d61-3ca76f69dfbc ] Request (QuotaClassesAdminTestJSON:tearDownClass): 201 POST http://10.180.1.21/identity/v3/auth/tokens 0.167s
2024-10-20 00:30:35.324 62777 INFO tempest.lib.common.rest_client [req-a28464d0-92ec-4ed0-8272-9efa1c3d5746 req-a28464d0-92ec-4ed0-8272-9efa1c3d5746 ] Request (FlavorsAccessTestJSON:tearDownClass): 201 POST http://10.180.1.21/identity/v3/auth/tokens 0.071s
2024-10-20 00:30:35.344 62785 INFO tempest.lib.common.rest_client [req-dcf2b652-9f8c-411d-864c-10915e423270 req-dcf2b652-9f8c-411d-864c-10915e423270 ] Request (ServerShowV257Test:test_rebuild_server): 202 POST http://10.180.1.21/compute/v2.1/servers 0.964s
2024-10-20 00:30:35.409 62761 INFO tempest.lib.common.rest_client [req-f15d9f21-b46d-455a-95cc-0a4e0b08e27b req-f15d9f21-b46d-455a-95cc-0a4e0b08e27b ] Request (ListImageFiltersTestJSON:setUpClass): 201 POST http://10.180.1.21/image/v2/images 0.809s
2024-10-20 00:30:35.420 62797 INFO tempest.lib.common.rest_client [req-22e19aee-4ad8-4e57-a717-24981e5b71ec req-22e19aee-4ad8-4e57-a717-24981e5b71ec ] Request (SecurityGroupRulesNegativeTestJSON:test_create_security_group_rule_with_invalid_port_range): 200 POST http://10.180.1.21/compute/v2.1/os-security-groups 1.174s
2024-10-20 00:30:35.580 62821 INFO tempest.lib.common.rest_client [req-671d3804-2c2a-417c-8119-263307dc77be req-671d3804-2c2a-417c-8119-263307dc77be ] Request (QuotasAdminNegativeTest:test_create_server_when_memory_quota_is_full): 200 PUT http://10.180.1.21/compute/v2.1/os-quota-sets/688c95e6a4874f999d8cf519a9b3ba75 1.126s
2024-10-20 00:30:35.585 62811 INFO tempest.lib.common.rest_client [req-07123b81-e89a-4150-8f68-c98fc3ca4642 req-07123b81-e89a-4150-8f68-c98fc3ca4642 ] Request (HostsAdminNegativeTestJSON:test_update_host_with_invalid_maintenance_mode): 400 PUT http://10.180.1.21/compute/v2.1/os-hosts/devstack 1.101s
2024-10-20 00:30:35.608 62815 INFO tempest.lib.common.rest_client [req-08e9b97e-913b-4928-a31b-af01e43d3f04 req-08e9b97e-913b-4928-a31b-af01e43d3f04 ] Request (FlavorsAdminTestJSON:test_create_flavor_with_none_id): 200 POST http://10.180.1.21/compute/v2.1/flavors 1.098s
2024-10-20 00:30:35.633 62793 INFO tempest.lib.common.rest_client [req-4fde9cc5-e09b-4380-8aa4-943cffe7d79b req-4fde9cc5-e09b-4380-8aa4-943cffe7d79b ] Request (FlavorsExtraSpecsTestJSON:test_flavor_set_get_update_show_unset_keys): 200 DELETE http://10.180.1.21/compute/v2.1/flavors/1314711378/os-extra_specs/hw:cpu_policy 1.108s
2024-10-20 00:30:35.663 62821 INFO tempest.lib.common.rest_client [req-c02fe1ac-4ed8-47ea-bed6-cf7c63f13c49 req-c02fe1ac-4ed8-47ea-bed6-cf7c63f13c49 ] Request (QuotasAdminNegativeTest:test_create_server_when_memory_quota_is_full): 201 POST http://10.180.1.21/identity/v3/auth/tokens 0.077s
2024-10-20 00:30:35.664 62821 INFO tempest.lib.common.fixed_network [-] (QuotasAdminNegativeTest:test_create_server_when_memory_quota_is_full) Found network None available for tenant
2024-10-20 00:30:35.732 62813 INFO tempest.lib.common.rest_client [req-3619b66c-f905-48aa-924b-34e1d5ecedfc req-3619b66c-f905-48aa-924b-34e1d5ecedfc ] Request (ServicesAdminNegativeTestJSON:test_list_services_with_non_admin_user): 403 GET http://10.180.1.21/compute/v2.1/os-services 1.195s
2024-10-20 00:30:35.754 62809 INFO tempest.lib.common.rest_client [req-7c911dd9-8d63-4c88-aed9-710ec2397fb6 req-7c911dd9-8d63-4c88-aed9-710ec2397fb6 ] Request (MultipleCreateTestJSON:setUpClass): 201 POST http://10.180.1.21:9696/networking/v2.0/networks 1.067s
2024-10-20 00:30:35.759 62769 INFO tempest.lib.common.rest_client [req-20f164da-9a45-44dc-ae78-59d115d2cb37 req-20f164da-9a45-44dc-ae78-59d115d2cb37 ] Request (FlavorsExtraSpecsNegativeTestJSON:tearDownClass): 200 GET http://10.180.1.21/compute/v2.1/flavors/detail 1.203s
2024-10-20 00:30:35.813 62777 INFO tempest.lib.common.rest_client [req-a2c14f8d-ae92-4f89-8b0b-b265818684b7 req-a2c14f8d-ae92-4f89-8b0b-b265818684b7 ] Request (FlavorsAccessTestJSON:tearDownClass): 200 GET http://10.180.1.21:9696/networking/v2.0/security-groups?tenant_id=69f33bde0e6e4a29821e7b917833e289&name=default 0.489s
2024-10-20 00:30:35.816 62787 INFO tempest.lib.common.rest_client [req-d36daf5d-5101-4b68-98d0-a59b0ba2e278 req-d36daf5d-5101-4b68-98d0-a59b0ba2e278 ] Request (ServerExternalEventsTest:test_create_server_external_events): 200 GET http://10.180.1.21/compute/v2.1/servers/0ecd5e0c-e61d-45ff-ba4e-70ff83b26745 1.373s
2024-10-20 00:30:35.824 62787 INFO tempest.common.waiters [-] State transition "BUILD/networking" ==> "BUILD/spawning" after 9 second wait
2024-10-20 00:30:35.825 62779 INFO tempest.lib.common.rest_client [req-77eaf14f-49df-48dc-835e-8f37c8e2dc64 req-77eaf14f-49df-48dc-835e-8f37c8e2dc64 ] Request (HostsAdminTestJSON:tearDownClass): 204 DELETE http://10.180.1.21:9696/networking/v2.0/security-groups/2aec1f37-f676-4f15-96b2-a5ad5b6f0e59 0.558s
2024-10-20 00:30:35.842 62813 INFO tempest.lib.common.rest_client [req-f5144251-b8ee-413a-a9b6-cf2648d18eb9 req-f5144251-b8ee-413a-a9b6-cf2648d18eb9 ] Request (ServicesAdminNegativeTestJSON:tearDownClass): 204 DELETE http://10.180.1.21/identity/v3/users/418c0220e5eb4dfdbc67731741be2709 0.109s
2024-10-20 00:30:35.877 62789 INFO tempest.lib.common.rest_client [req-56b4ad7c-8046-495d-89bf-4b08331a3919 req-56b4ad7c-8046-495d-89bf-4b08331a3919 ] Request (SecurityGroupsNegativeTestJSON:tearDownClass): 204 DELETE http://10.180.1.21:9696/networking/v2.0/routers/76dd5b6f-4be2-4a85-b700-febabcbb557e 1.331s
2024-10-20 00:30:35.910 62817 INFO tempest.lib.common.rest_client [req-67266288-9540-4511-84ff-ba7c073bd1a4 req-67266288-9540-4511-84ff-ba7c073bd1a4 ] Request (ServersTestJSON:setUpClass): 200 GET http://10.180.1.21/compute/v2.1/servers/71c6b4ec-60a5-4c8d-a529-a841e1b36a53 1.235s
2024-10-20 00:30:35.927 62817 INFO tempest.common.waiters [-] State transition "BUILD/None" ==> "BUILD/networking" after 9 second wait
2024-10-20 00:30:35.942 62775 INFO tempest.lib.common.rest_client [req-5287ccbb-3638-459d-8cab-16561587d604 req-5287ccbb-3638-459d-8cab-16561587d604 ] Request (FlavorsAccessNegativeTestJSON:test_flavor_non_admin_add): 200 POST http://10.180.1.21/compute/v2.1/flavors 1.107s
2024-10-20 00:30:35.942 62781 INFO tempest.lib.common.rest_client [req-d0f5fc9d-3d88-4544-a981-19a2f199af6b req-d0f5fc9d-3d88-4544-a981-19a2f199af6b ] Request (QuotaClassesAdminTestJSON:tearDownClass): 200 GET http://10.180.1.21:9696/networking/v2.0/security-groups?tenant_id=e3be200211bf4aa0b8be7cb797c0d6ab&name=default 0.673s
2024-10-20 00:30:35.954 62779 INFO tempest.lib.common.rest_client [req-1503d4f5-78dc-4255-9831-59351805f476 req-1503d4f5-78dc-4255-9831-59351805f476 ] Request (HostsAdminTestJSON:tearDownClass): 204 DELETE http://10.180.1.21/identity/v3/projects/d449b11c08a840309318004fb697b994 0.128s
2024-10-20 00:30:35.976 62769 INFO tempest.lib.common.rest_client [req-dbd040b4-8957-4779-9dde-c7e914124111 req-dbd040b4-8957-4779-9dde-c7e914124111 ] Request (FlavorsExtraSpecsNegativeTestJSON:tearDownClass): 204 DELETE http://10.180.1.21/identity/v3/users/29cb1a5c8253436ba277f21b6cdbe84a 0.212s
2024-10-20 00:30:36.047 62779 INFO tempest.lib.common.rest_client [req-fa342dd5-8878-4027-80c6-81077dad6aeb req-fa342dd5-8878-4027-80c6-81077dad6aeb ] Request (ServerDiagnosticsV248Test:setUpClass): 201 POST http://10.180.1.21/identity/v3/auth/tokens 0.092s
2024-10-20 00:30:36.057 62803 INFO tempest.lib.common.rest_client [req-9fc777a8-ed65-4b65-b540-2a2e60d56820 req-9fc777a8-ed65-4b65-b540-2a2e60d56820 ] Request (ServersTestBootFromVolume:setUpClass): 200 PUT http://10.180.1.21:9696/networking/v2.0/routers/a3b1e73c-5fe0-4f64-b416-e22be10d4037/add_router_interface 3.357s
2024-10-20 00:30:36.057 62803 INFO tempest.lib.common.dynamic_creds [-] Created isolated network resources for: credentials: Credentials: {'domain_id': 'default', 'domain_name': 'Default', 'username': 'tempest-ServersTestBootFromVolume-616516316-project-member', 'project_domain_id': 'default', 'project_domain_name': 'Default', 'project_id': '9312e294a9424f0099432a60240d7ac2', 'project_name': 'tempest-ServersTestBootFromVolume-616516316', 'tenant_id': '9312e294a9424f0099432a60240d7ac2', 'tenant_name': 'tempest-ServersTestBootFromVolume-616516316', 'user_domain_id': 'default', 'user_domain_name': 'Default', 'user_id': 'f014b326172f4c958dcac8cddc519193', 'system': None}, Network: {'id': '52693605-1c73-4ac7-bd76-ad2b95c85230', 'name': 'tempest-ServersTestBootFromVolume-1289663516-network', 'tenant_id': '9312e294a9424f0099432a60240d7ac2', 'admin_state_up': True, 'mtu': 8950, 'status': 'ACTIVE', 'subnets': [], 'shared': False, 'project_id': '9312e294a9424f0099432a60240d7ac2', 'port_security_enabled': True, 'router:external': False, 'provider:network_type': 'vlan', 'provider:physical_network': 'default', 'provider:segmentation_id': 420, 'is_default': False, 'availability_zone_hints': [], 'availability_zones': [], 'ipv4_address_scope': None, 'ipv6_address_scope': None, 'description': '', 'tags': [], 'created_at': '2024-10-20T00:30:30Z', 'updated_at': '2024-10-20T00:30:30Z', 'revision_number': 1}, Subnet: {'id': '8413d88d-c084-4c2d-8c6a-6bf6d697ec33', 'name': 'tempest-ServersTestBootFromVolume-1289663516-subnet', 'tenant_id': '9312e294a9424f0099432a60240d7ac2', 'network_id': '52693605-1c73-4ac7-bd76-ad2b95c85230', 'ip_version': 4, 'subnetpool_id': None, 'enable_dhcp': True, 'ipv6_ra_mode': None, 'ipv6_address_mode': None, 'gateway_ip': '192.168.128.1', 'cidr': '192.168.128.0/28', 'allocation_pools': [{'start': '192.168.128.2', 'end': '192.168.128.14'}], 'host_routes': [], 'dns_nameservers': [], 'description': '', 'router:external': False, 'service_types': [], 'tags': [], 'created_at': '2024-10-20T00:30:30Z', 'updated_at': '2024-10-20T00:30:30Z', 'revision_number': 0, 'project_id': '9312e294a9424f0099432a60240d7ac2'}, Router: {'id': 'a3b1e73c-5fe0-4f64-b416-e22be10d4037', 'name': 'tempest-ServersTestBootFromVolume-1289663516-router', 'tenant_id': '9312e294a9424f0099432a60240d7ac2', 'admin_state_up': True, 'status': 'ACTIVE', 'external_gateway_info': {'network_id': 'e83b845d-d5d6-4421-ad3e-da8b066f5a3b', 'external_fixed_ips': [{'subnet_id': '023b1906-927c-4aed-b038-2054cbcd4264', 'ip_address': '10.180.180.219'}], 'enable_snat': True}, 'description': '', 'availability_zones': [], 'distributed': False, 'ha': False, 'availability_zone_hints': [], 'routes': [], 'flavor_id': None, 'tags': [], 'created_at': '2024-10-20T00:30:30Z', 'updated_at': '2024-10-20T00:30:31Z', 'revision_number': 2, 'project_id': '9312e294a9424f0099432a60240d7ac2'}
2024-10-20 00:30:36.092 62801 INFO tempest.lib.common.rest_client [req-34caae79-712c-4996-aa46-85568f35dd0e req-34caae79-712c-4996-aa46-85568f35dd0e ] Request (ServersAaction247Test:test_create_backup): 200 GET http://10.180.1.21/compute/v2.1/servers/e976d2d2-aa69-473b-9dfc-e616b0132754 1.180s
2024-10-20 00:30:36.103 62801 INFO tempest.common.waiters [-] State transition "BUILD/scheduling" ==> "BUILD/None" after 3 second wait
2024-10-20 00:30:36.159 62813 INFO tempest.lib.common.rest_client [req-6c8fa5d3-bb36-4e46-8fed-763b10ac5767 req-6c8fa5d3-bb36-4e46-8fed-763b10ac5767 ] Request (ServicesAdminNegativeTestJSON:tearDownClass): 204 DELETE http://10.180.1.21/identity/v3/users/9a747fc1507649d09fab411ed4dd9f0d 0.317s
2024-10-20 00:30:36.161 62813 INFO tempest.lib.common.dynamic_creds [-] Deleting project and security group for project: 1a12f34f9a0f4c5ca3d83488f1fb93e3
2024-10-20 00:30:36.176 62777 INFO tempest.lib.common.rest_client [req-017ae77d-76db-4a30-bef7-3d1d2b2f26d8 req-017ae77d-76db-4a30-bef7-3d1d2b2f26d8 ] Request (FlavorsAccessTestJSON:tearDownClass): 204 DELETE http://10.180.1.21:9696/networking/v2.0/security-groups/51fad756-ef14-47b3-a43b-44dfea23f124 0.362s
2024-10-20 00:30:36.188 62773 INFO tempest.lib.common.rest_client [req-0179eb85-662b-42e6-8fd8-de225440c8c2 req-0179eb85-662b-42e6-8fd8-de225440c8c2 ] Request (ServersAdmin275Test:test_rebuild_update_server_275): 200 GET http://10.180.1.21/compute/v2.1/servers/4f3a0a33-43c0-42fb-8660-198ff4a8529a 1.157s
2024-10-20 00:30:36.198 62807 INFO tempest.lib.common.rest_client [req-c4078d54-19ca-4867-942b-6d6e87c6f2b3 req-c4078d54-19ca-4867-942b-6d6e87c6f2b3 ] Request (TenantUsagesNegativeTestJSON:test_get_usage_tenant_with_invalid_date): 400 GET http://10.180.1.21/compute/v2.1/os-simple-tenant-usage/e0eebddd1c4247eca84bbd1fa6696a43?start=2024-10-21T00%3A30%3A34.067147&end=2024-10-19T00%3A30%3A34.067147 1.133s
2024-10-20 00:30:36.199 62773 INFO tempest.common.waiters [-] State transition "BUILD/spawning" ==> "ACTIVE/None" after 16 second wait
2024-10-20 00:30:36.206 62819 INFO tempest.lib.common.rest_client [req-0a7b2ef4-ee16-4b6c-8600-c881d011509b req-0a7b2ef4-ee16-4b6c-8600-c881d011509b ] Request (QuotasTestJSON:test_compare_tenant_quotas_with_default_quotas): 200 GET http://10.180.1.21/compute/v2.1/os-quota-sets/f1664133dea04054a3a141fb1d171dc8/defaults 1.554s
2024-10-20 00:30:36.208 62759 INFO tempest.lib.common.rest_client [req-d9153a76-e48f-431a-aeef-bf979d54e2b4 req-d9153a76-e48f-431a-aeef-bf979d54e2b4 ] Request (AggregatesAdminNegativeTestJSON:test_aggregate_create_aggregate_name_length_exceeds_255): 400 POST http://10.180.1.21/compute/v2.1/os-aggregates 1.117s
2024-10-20 00:30:36.225 62779 INFO tempest.lib.common.rest_client [req-42101cc9-c303-4376-af6b-a513886edde0 req-42101cc9-c303-4376-af6b-a513886edde0 ] Request (ServerDiagnosticsV248Test:setUpClass): 201 POST http://10.180.1.21/identity/v3/auth/tokens 0.173s
2024-10-20 00:30:36.260 62789 INFO tempest.lib.common.rest_client [req-fa788a1b-984b-47a1-8d2c-65e57c242e9c req-fa788a1b-984b-47a1-8d2c-65e57c242e9c ] Request (SecurityGroupsNegativeTestJSON:tearDownClass): 204 DELETE http://10.180.1.21:9696/networking/v2.0/subnets/9f885bd0-13e5-4a25-9417-93860a20f987 0.383s
2024-10-20 00:30:36.276 62783 INFO tempest.lib.common.rest_client [req-163334e4-aa67-4a35-ac0b-bc8b1a464d37 req-163334e4-aa67-4a35-ac0b-bc8b1a464d37 ] Request (TenantUsagesTestJSON:setUpClass): 200 GET http://10.180.1.21/compute/v2.1/servers/c3a43b3a-cb59-4431-a5d2-4c96db16337f 1.150s
2024-10-20 00:30:36.278 62769 INFO tempest.lib.common.rest_client [req-8809d8c6-3fa0-48c6-9b7a-a52fa26dbfd1 req-8809d8c6-3fa0-48c6-9b7a-a52fa26dbfd1 ] Request (FlavorsExtraSpecsNegativeTestJSON:tearDownClass): 204 DELETE http://10.180.1.21/identity/v3/users/0db557cfdc494b0d9948ce905b1acabe 0.302s
2024-10-20 00:30:36.278 62769 INFO tempest.lib.common.dynamic_creds [-] Deleting project and security group for project: c4fc02434c3a4bf28bc6c4d8178b8e4e
