2024-10-20 00:31:17.030 62807 INFO tempest.lib.common.rest_client [req-21d6f8c0-d5af-43ff-b9cc-2826be5afe0c req-21d6f8c0-d5af-43ff-b9cc-2826be5afe0c ] Request (ServersTestManualDisk:setUpClass): 200 GET http://10.180.1.21/compute/v2.1/servers/e944e6e5-7bc0-4efb-a811-38221734ec4f 0.645s
2024-10-20 00:31:17.031 62783 INFO tempest.lib.common.rest_client [req-8e28220c-8085-4778-b955-145e9ac210e9 req-8e28220c-8085-4778-b955-145e9ac210e9 ] Request (ImagesDeleteNegativeTestJSON:setUpClass): 204 PUT http://10.180.1.21/identity/v3/projects/24caf947a7fd4758959086974e827c70/users/15d55208e66b459293cef9b41f0eda59/roles/ac4825c5bde34a7083f6a97f96de035b 0.027s
2024-10-20 00:31:17.031 62783 INFO tempest.lib.common.dynamic_creds [-] Dynamic test user 15d55208e66b459293cef9b41f0eda59 is created with scope project and roles: ['member']
2024-10-20 00:31:17.031 62783 INFO tempest.lib.common.dynamic_creds [-] Acquired dynamic creds: credentials: Credentials: {'domain_id': 'default', 'domain_name': 'Default', 'username': 'tempest-ImagesDeleteNegativeTestJSON-764614816-project-member', 'project_domain_id': 'default', 'project_domain_name': 'Default', 'project_id': '24caf947a7fd4758959086974e827c70', 'project_name': 'tempest-ImagesDeleteNegativeTestJSON-764614816', 'tenant_id': '24caf947a7fd4758959086974e827c70', 'tenant_name': 'tempest-ImagesDeleteNegativeTestJSON-764614816', 'user_domain_id': 'default', 'user_domain_name': 'Default', 'user_id': '15d55208e66b459293cef9b41f0eda59', 'system': None}, Network: None, Subnet: None, Router: None
2024-10-20 00:31:17.032 62783 INFO tempest.lib.common.dynamic_creds [-] Created isolated network resources for: credentials: Credentials: {'domain_id': 'default', 'domain_name': 'Default', 'username': 'tempest-ImagesDeleteNegativeTestJSON-764614816-project-member', 'project_domain_id': 'default', 'project_domain_name': 'Default', 'project_id': '24caf947a7fd4758959086974e827c70', 'project_name': 'tempest-ImagesDeleteNegativeTestJSON-764614816', 'tenant_id': '24caf947a7fd4758959086974e827c70', 'tenant_name': 'tempest-ImagesDeleteNegativeTestJSON-764614816', 'user_domain_id': 'default', 'user_domain_name': 'Default', 'user_id': '15d55208e66b459293cef9b41f0eda59', 'system': None}, Network: None, Subnet: None, Router: None
2024-10-20 00:31:17.043 62775 INFO tempest.lib.common.rest_client [req-c3ac6001-b83f-48cc-97fd-1b6df5f3a69e req-c3ac6001-b83f-48cc-97fd-1b6df5f3a69e ] Request (ServersV294TestFqdnHostnames:setUpClass): 201 POST http://10.180.1.21:9696/networking/v2.0/routers 1.103s
2024-10-20 00:31:17.054 62801 INFO tempest.lib.common.rest_client [req-66246da1-7362-46a8-aac4-21d068debe57 req-66246da1-7362-46a8-aac4-21d068debe57 ] Request (ServersAaction247Test:tearDownClass): 200 GET http://10.180.1.21/compute/v2.1/servers/e976d2d2-aa69-473b-9dfc-e616b0132754 0.575s
2024-10-20 00:31:17.090 62809 INFO tempest.lib.common.rest_client [req-5a7f554b-22b0-4170-9450-e3eb54187a49 req-5a7f554b-22b0-4170-9450-e3eb54187a49 ] Request (MultipleCreateTestJSON:test_multiple_create): 200 GET http://10.180.1.21/compute/v2.1/servers/1d25cdca-3c87-47a2-85aa-86f7132297b5 0.599s
2024-10-20 00:31:17.103 62815 INFO tempest.lib.common.rest_client [req-3d7d73f9-3093-4219-9357-da66e1fec44d req-3d7d73f9-3093-4219-9357-da66e1fec44d ] Request (InstanceUsageAuditLogTestJSON:setUpClass): 201 POST http://10.180.1.21/identity/v3/users 0.087s
2024-10-20 00:31:17.107 62803 INFO tempest.lib.common.rest_client [req-29da0207-c93f-4f75-bc80-7a6306c72495 req-29da0207-c93f-4f75-bc80-7a6306c72495 ] Request (ServersTestBootFromVolume:setUpClass): 200 GET http://10.180.1.21/compute/v2.1/servers/e1ead278-d904-41cc-bdfe-65174e8d6816 0.573s
2024-10-20 00:31:17.119 62783 INFO tempest.lib.common.rest_client [req-8e97285c-98ee-4dab-a678-48a64af1c6dc req-8e97285c-98ee-4dab-a678-48a64af1c6dc ] Request (ImagesDeleteNegativeTestJSON:setUpClass): 201 POST http://10.180.1.21/identity/v3/auth/tokens 0.075s
2024-10-20 00:31:17.126 62815 INFO tempest.lib.common.rest_client [req-280197de-c616-49dc-97fb-90dd40cd7379 req-280197de-c616-49dc-97fb-90dd40cd7379 ] Request (InstanceUsageAuditLogTestJSON:setUpClass): 200 GET http://10.180.1.21/identity/v3/roles 0.022s
2024-10-20 00:31:17.147 62769 INFO tempest.lib.common.rest_client [req-31879acd-da8e-4494-9b00-17915f419af0 req-31879acd-da8e-4494-9b00-17915f419af0 ] Request (ImagesNegativeTestJSON:test_create_image_from_deleted_server): 200 GET http://10.180.1.21/compute/v2.1/servers/e0aabeb7-7d4c-4358-8f6c-e423a0baea3b 0.530s
2024-10-20 00:31:17.157 62815 INFO tempest.lib.common.rest_client [req-888eebf5-50e7-4381-a407-d4fe3ba2dc96 req-888eebf5-50e7-4381-a407-d4fe3ba2dc96 ] Request (InstanceUsageAuditLogTestJSON:setUpClass): 204 PUT http://10.180.1.21/identity/v3/projects/e43275a9767b44ee83e141a8979a386a/users/dbc7936a7aa8419e85a141a09e0d088c/roles/ac4825c5bde34a7083f6a97f96de035b 0.030s
2024-10-20 00:31:17.157 62815 INFO tempest.lib.common.dynamic_creds [-] Dynamic test user dbc7936a7aa8419e85a141a09e0d088c is created with scope project and roles: ['member']
2024-10-20 00:31:17.157 62815 INFO tempest.lib.common.dynamic_creds [-] Acquired dynamic creds: credentials: Credentials: {'domain_id': 'default', 'domain_name': 'Default', 'username': 'tempest-InstanceUsageAuditLogTestJSON-1221429382-project-member', 'project_domain_id': 'default', 'project_domain_name': 'Default', 'project_id': 'e43275a9767b44ee83e141a8979a386a', 'project_name': 'tempest-InstanceUsageAuditLogTestJSON-1221429382', 'tenant_id': 'e43275a9767b44ee83e141a8979a386a', 'tenant_name': 'tempest-InstanceUsageAuditLogTestJSON-1221429382', 'user_domain_id': 'default', 'user_domain_name': 'Default', 'user_id': 'dbc7936a7aa8419e85a141a09e0d088c', 'system': None}, Network: None, Subnet: None, Router: None
2024-10-20 00:31:17.157 62815 INFO tempest.lib.common.dynamic_creds [-] Created isolated network resources for: credentials: Credentials: {'domain_id': 'default', 'domain_name': 'Default', 'username': 'tempest-InstanceUsageAuditLogTestJSON-1221429382-project-member', 'project_domain_id': 'default', 'project_domain_name': 'Default', 'project_id': 'e43275a9767b44ee83e141a8979a386a', 'project_name': 'tempest-InstanceUsageAuditLogTestJSON-1221429382', 'tenant_id': 'e43275a9767b44ee83e141a8979a386a', 'tenant_name': 'tempest-InstanceUsageAuditLogTestJSON-1221429382', 'user_domain_id': 'default', 'user_domain_name': 'Default', 'user_id': 'dbc7936a7aa8419e85a141a09e0d088c', 'system': None}, Network: None, Subnet: None, Router: None
2024-10-20 00:31:17.171 62785 INFO tempest.lib.common.rest_client [req-d8fa868c-8017-490b-95e7-ebfe6d2992be req-d8fa868c-8017-490b-95e7-ebfe6d2992be ] Request (ServerShowV257Test:test_rebuild_server): 200 GET http://10.180.1.21/compute/v2.1/servers/20b01df0-4ced-4668-a786-046251a0c7ed 0.464s
2024-10-20 00:31:17.184 62785 INFO tempest.common.waiters [-] State transition "BUILD/networking" ==> "BUILD/spawning" after 41 second wait
2024-10-20 00:31:17.215 62789 INFO tempest.lib.common.rest_client [req-cd7520bb-521d-497f-be84-8c2324cfc689 req-cd7520bb-521d-497f-be84-8c2324cfc689 ] Request (ServerActionsTestOtherA:setUpClass): 200 GET http://10.180.1.21/compute/v2.1/servers/da9d2279-79ae-4371-bef5-08ae15f2d9c9 0.461s
2024-10-20 00:31:17.231 62815 INFO tempest.lib.common.rest_client [req-32c8ebbe-c0f1-4514-acd6-801e8ebecf35 req-32c8ebbe-c0f1-4514-acd6-801e8ebecf35 ] Request (InstanceUsageAuditLogTestJSON:setUpClass): 201 POST http://10.180.1.21/identity/v3/auth/tokens 0.070s
2024-10-20 00:31:17.237 62805 INFO tempest.lib.common.rest_client [req-9ae05d38-542e-4b9b-94df-8f7f081d05de req-9ae05d38-542e-4b9b-94df-8f7f081d05de ] Request (SecurityGroupsTestJSON:test_list_security_groups_by_server): 404 GET http://10.180.1.21/compute/v2.1/servers/dba06415-d503-4420-825e-76afc59f6153 0.271s
2024-10-20 00:31:17.302 62815 INFO tempest.lib.common.rest_client [req-d61fc648-c333-45ef-8572-749e61388833 req-d61fc648-c333-45ef-8572-749e61388833 ] Request (InstanceUsageAuditLogTestJSON:setUpClass): 201 POST http://10.180.1.21/identity/v3/projects 0.071s
2024-10-20 00:31:17.361 62815 INFO tempest.lib.common.rest_client [req-b32184b9-76b5-4402-a3a3-d4bd348ce9e2 req-b32184b9-76b5-4402-a3a3-d4bd348ce9e2 ] Request (InstanceUsageAuditLogTestJSON:setUpClass): 201 POST http://10.180.1.21/identity/v3/users 0.058s
2024-10-20 00:31:17.378 62815 INFO tempest.lib.common.rest_client [req-e6254bdd-1dac-497b-8b42-9a0441bf1d50 req-e6254bdd-1dac-497b-8b42-9a0441bf1d50 ] Request (InstanceUsageAuditLogTestJSON:setUpClass): 200 GET http://10.180.1.21/identity/v3/roles 0.017s
2024-10-20 00:31:17.404 62815 INFO tempest.lib.common.rest_client [req-7fddc007-3e11-41e3-ad13-6abfaac18fed req-7fddc007-3e11-41e3-ad13-6abfaac18fed ] Request (InstanceUsageAuditLogTestJSON:setUpClass): 204 PUT http://10.180.1.21/identity/v3/projects/bfa0591c24e644588a2c7f3144290c11/users/5b6aca2d32034f388c40f18a2421ad4b/roles/c0bfcf8067f8425cb0fbd21c582ba7f1 0.025s
2024-10-20 00:31:17.421 62793 INFO tempest.lib.common.rest_client [req-4112b04f-eb55-4091-94c9-aaae4a45b529 req-4112b04f-eb55-4091-94c9-aaae4a45b529 ] Request (AttachInterfacesV270Test:test_create_get_list_interfaces): 200 GET http://10.180.1.21/compute/v2.1/servers/9c2c0e66-5c67-4e0a-9205-4080bda44a66 0.409s
2024-10-20 00:31:17.432 62793 INFO tempest.common.waiters [-] State transition "BUILD/scheduling" ==> "BUILD/None" after 26 second wait
2024-10-20 00:31:17.461 62815 INFO tempest.lib.common.rest_client [req-575a349d-a1ec-498b-9623-b35894e052e9 req-575a349d-a1ec-498b-9623-b35894e052e9 ] Request (InstanceUsageAuditLogTestJSON:setUpClass): 200 GET http://10.180.1.21/identity/v3/roles 0.057s
2024-10-20 00:31:17.478 62815 INFO tempest.lib.common.rest_client [req-a1c688a4-6f70-4d86-b2d7-b30e8f1db1cb req-a1c688a4-6f70-4d86-b2d7-b30e8f1db1cb ] Request (InstanceUsageAuditLogTestJSON:setUpClass): 204 PUT http://10.180.1.21/identity/v3/projects/bfa0591c24e644588a2c7f3144290c11/users/5b6aca2d32034f388c40f18a2421ad4b/roles/c0bfcf8067f8425cb0fbd21c582ba7f1 0.016s
2024-10-20 00:31:17.478 62815 INFO tempest.lib.common.dynamic_creds [-] Dynamic test user 5b6aca2d32034f388c40f18a2421ad4b is created with scope project and roles: ['admin']
2024-10-20 00:31:17.478 62815 INFO tempest.lib.common.dynamic_creds [-] Acquired dynamic creds: credentials: Credentials: {'domain_id': 'default', 'domain_name': 'Default', 'username': 'tempest-InstanceUsageAuditLogTestJSON-2074511893-project-admin', 'project_domain_id': 'default', 'project_domain_name': 'Default', 'project_id': 'bfa0591c24e644588a2c7f3144290c11', 'project_name': 'tempest-InstanceUsageAuditLogTestJSON-2074511893', 'tenant_id': 'bfa0591c24e644588a2c7f3144290c11', 'tenant_name': 'tempest-InstanceUsageAuditLogTestJSON-2074511893', 'user_domain_id': 'default', 'user_domain_name': 'Default', 'user_id': '5b6aca2d32034f388c40f18a2421ad4b', 'system': None}, Network: None, Subnet: None, Router: None
2024-10-20 00:31:17.479 62815 INFO tempest.lib.common.dynamic_creds [-] Created isolated network resources for: credentials: Credentials: {'domain_id': 'default', 'domain_name': 'Default', 'username': 'tempest-InstanceUsageAuditLogTestJSON-2074511893-project-admin', 'project_domain_id': 'default', 'project_domain_name': 'Default', 'project_id': 'bfa0591c24e644588a2c7f3144290c11', 'project_name': 'tempest-InstanceUsageAuditLogTestJSON-2074511893', 'tenant_id': 'bfa0591c24e644588a2c7f3144290c11', 'tenant_name': 'tempest-InstanceUsageAuditLogTestJSON-2074511893', 'user_domain_id': 'default', 'user_domain_name': 'Default', 'user_id': '5b6aca2d32034f388c40f18a2421ad4b', 'system': None}, Network: None, Subnet: None, Router: None
2024-10-20 00:31:17.490 62765 INFO tempest.lib.common.rest_client [req-660c08b3-ebfe-42b3-bac9-0a81f5640ea6 req-660c08b3-ebfe-42b3-bac9-0a81f5640ea6 ] Request (VolumesAdminNegativeTest:test_update_attached_volume_with_nonexistent_volume_in_body): 200 GET http://10.180.1.21/compute/v2.1/servers/df69e966-4580-42c5-8c88-53008807c1d0 0.414s
2024-10-20 00:31:17.557 62815 INFO tempest.lib.common.rest_client [req-844ec1d6-db34-432a-9bee-c3f5fcde79b9 req-844ec1d6-db34-432a-9bee-c3f5fcde79b9 ] Request (InstanceUsageAuditLogTestJSON:setUpClass): 201 POST http://10.180.1.21/identity/v3/auth/tokens 0.075s
2024-10-20 00:31:17.584 62783 INFO tempest.lib.common.rest_client [req-c486d2f7-f494-41ce-ba36-134294fbe5c6 req-c486d2f7-f494-41ce-ba36-134294fbe5c6 ] Request (ImagesDeleteNegativeTestJSON:test_delete_image_blank_id): 404 DELETE http://10.180.1.21/compute/v2.1/images/ 0.463s
2024-10-20 00:31:17.704 62773 INFO tempest.lib.common.rest_client [req-bff33123-7e8d-4930-b97e-79f844717dec req-bff33123-7e8d-4930-b97e-79f844717dec ] Request (ServersAdmin275Test:tearDownClass): 200 GET http://10.180.1.21/compute/v2.1/servers/4f3a0a33-43c0-42fb-8660-198ff4a8529a 0.542s
2024-10-20 00:31:17.784 62795 INFO tempest.lib.common.rest_client [req-0b3435a7-9d28-46ef-bbe7-e2972c4968d9 req-0b3435a7-9d28-46ef-bbe7-e2972c4968d9 ] Request (SecurityGroupRulesTestJSON:tearDownClass): 200 PUT http://10.180.1.21:9696/networking/v2.0/routers/cc09f581-9b58-4709-bed4-46ec670f99a8/remove_router_interface 1.376s
2024-10-20 00:31:17.902 62805 INFO tempest.lib.common.rest_client [req-872c46a4-4768-48bc-b34f-6af0346290b5 req-872c46a4-4768-48bc-b34f-6af0346290b5 ] Request (SecurityGroupsTestJSON:test_security_group_create_get_delete): 200 POST http://10.180.1.21/compute/v2.1/os-security-groups 0.656s
2024-10-20 00:31:17.911 62787 INFO tempest.lib.common.rest_client [req-c2f0ee89-dfbc-4977-90ec-bef3e8ecc519 req-c2f0ee89-dfbc-4977-90ec-bef3e8ecc519 ] Request (FloatingIPDetailsTestJSON:tearDownClass): 202 DELETE http://10.180.1.21/compute/v2.1/os-floating-ips/667ee5cb-bb15-4ba0-ba60-6b382187619b 0.979s
2024-10-20 00:31:17.985 62767 INFO tempest.lib.common.rest_client [req-7d61947d-753e-40b6-b7a0-593dd41b4e75 req-7d61947d-753e-40b6-b7a0-593dd41b4e75 ] Request (VolumesAssistedSnapshotsTest:test_volume_assisted_snapshot_create_delete): 200 GET http://10.180.1.21/compute/v2.1/servers/da34c648-4074-494e-a569-e8e839207a70 0.529s
2024-10-20 00:31:17.994 62797 INFO tempest.lib.common.rest_client [req-52cdb218-fab5-4bf0-b3f3-033163469898 req-52cdb218-fab5-4bf0-b3f3-033163469898 ] Request (ServerTagsTestJSON:setUpClass): 200 GET http://10.180.1.21/compute/v2.1/servers/edd89a57-f026-4a3e-8b6b-111cc2321d9d 0.608s
2024-10-20 00:31:18.031 62775 INFO tempest.lib.common.rest_client [req-43509b3d-4f24-4d36-8b87-28fd9dab2b75 req-43509b3d-4f24-4d36-8b87-28fd9dab2b75 ] Request (ServersV294TestFqdnHostnames:setUpClass): 200 PUT http://10.180.1.21:9696/networking/v2.0/routers/18902096-d75c-47c5-86a7-abc3e4e9ead9/add_router_interface 0.988s
2024-10-20 00:31:18.032 62775 INFO tempest.lib.common.dynamic_creds [-] Created isolated network resources for: credentials: Credentials: {'domain_id': 'default', 'domain_name': 'Default', 'username': 'tempest-ServersV294TestFqdnHostnames-620975717-project-member', 'project_domain_id': 'default', 'project_domain_name': 'Default', 'project_id': 'e84f7147da104173b0807ea29b94cf41', 'project_name': 'tempest-ServersV294TestFqdnHostnames-620975717', 'tenant_id': 'e84f7147da104173b0807ea29b94cf41', 'tenant_name': 'tempest-ServersV294TestFqdnHostnames-620975717', 'user_domain_id': 'default', 'user_domain_name': 'Default', 'user_id': '016f2b75120648999bdb139b28f60900', 'system': None}, Network: {'id': 'd4cabf21-3e72-47b5-bf03-1da3d7fba707', 'name': 'tempest-ServersV294TestFqdnHostnames-1544104582-network', 'tenant_id': 'e84f7147da104173b0807ea29b94cf41', 'admin_state_up': True, 'mtu': 8950, 'status': 'ACTIVE', 'subnets': [], 'shared': False, 'project_id': 'e84f7147da104173b0807ea29b94cf41', 'port_security_enabled': True, 'router:external': False, 'provider:network_type': 'vlan', 'provider:physical_network': 'default', 'provider:segmentation_id': 720, 'is_default': False, 'availability_zone_hints': [], 'availability_zones': [], 'ipv4_address_scope': None, 'ipv6_address_scope': None, 'description': '', 'tags': [], 'created_at': '2024-10-20T00:31:15Z', 'updated_at': '2024-10-20T00:31:15Z', 'revision_number': 1}, Subnet: {'id': 'ac84a048-0b6f-4ea4-9d9a-756bfebfd701', 'name': 'tempest-ServersV294TestFqdnHostnames-1544104582-subnet', 'tenant_id': 'e84f7147da104173b0807ea29b94cf41', 'network_id': 'd4cabf21-3e72-47b5-bf03-1da3d7fba707', 'ip_version': 4, 'subnetpool_id': None, 'enable_dhcp': True, 'ipv6_ra_mode': None, 'ipv6_address_mode': None, 'gateway_ip': '192.168.128.1', 'cidr': '192.168.128.0/28', 'allocation_pools': [{'start': '192.168.128.2', 'end': '192.168.128.14'}], 'host_routes': [], 'dns_nameservers': [], 'description': '', 'router:external': False, 'service_types': [], 'tags': [], 'created_at': '2024-10-20T00:31:15Z', 'updated_at': '2024-10-20T00:31:15Z', 'revision_number': 0, 'project_id': 'e84f7147da104173b0807ea29b94cf41'}, Router: {'id': '18902096-d75c-47c5-86a7-abc3e4e9ead9', 'name': 'tempest-ServersV294TestFqdnHostnames-1544104582-router', 'tenant_id': 'e84f7147da104173b0807ea29b94cf41', 'admin_state_up': True, 'status': 'ACTIVE', 'external_gateway_info': {'network_id': 'e83b845d-d5d6-4421-ad3e-da8b066f5a3b', 'external_fixed_ips': [{'subnet_id': '023b1906-927c-4aed-b038-2054cbcd4264', 'ip_address': '10.180.180.138'}], 'enable_snat': True}, 'description': '', 'availability_zones': [], 'distributed': False, 'ha': False, 'availability_zone_hints': [], 'routes': [], 'flavor_id': None, 'tags': [], 'created_at': '2024-10-20T00:31:15Z', 'updated_at': '2024-10-20T00:31:16Z', 'revision_number': 2, 'project_id': 'e84f7147da104173b0807ea29b94cf41'}
2024-10-20 00:31:18.050 62817 INFO tempest.lib.common.rest_client [req-1c1879a1-3d0e-4fe6-8f1d-19864e0ee9c0 req-1c1879a1-3d0e-4fe6-8f1d-19864e0ee9c0 ] Request (ServerAddressesNegativeTestJSON:setUpClass): 200 GET http://10.180.1.21/compute/v2.1/servers/166786ee-4b89-4683-831b-9f3c1c57fb08 0.559s
2024-10-20 00:31:18.060 62791 INFO tempest.lib.common.rest_client [req-2bd01fdd-4797-4cf7-a046-ef112ecd2b28 req-2bd01fdd-4797-4cf7-a046-ef112ecd2b28 ] Request (ImagesTestJSON:test_create_image_from_suspended_server): 200 GET http://10.180.1.21/compute/v2.1/servers/215472ea-402c-4eb5-8ad3-b7ef756dfdc5 0.544s
2024-10-20 00:31:18.106 62815 INFO tempest.lib.common.rest_client [req-1305b976-cc14-4005-a29a-2c8a0c876d1c req-1305b976-cc14-4005-a29a-2c8a0c876d1c ] Request (InstanceUsageAuditLogTestJSON:test_get_instance_usage_audit_log): 200 GET http://10.180.1.21/compute/v2.1/os-instance_usage_audit_log/2024-10-20%2000%3A31%3A17 0.548s
2024-10-20 00:31:18.108 62771 INFO tempest.lib.common.rest_client [req-6d584cfa-1b82-4aed-8860-b44369b55068 req-6d584cfa-1b82-4aed-8860-b44369b55068 ] Request (ServersWithSpecificFlavorTestJSON:test_verify_created_server_ephemeral_disk): 200 GET http://10.180.1.21/compute/v2.1/servers/6d2a2f98-aa84-4766-a872-dc6e22bcc3e4 0.557s
2024-10-20 00:31:18.131 62783 INFO tempest.lib.common.rest_client [req-ba91b0bb-04ed-45f9-aa94-109e7eb6f5ee req-ba91b0bb-04ed-45f9-aa94-109e7eb6f5ee ] Request (ImagesDeleteNegativeTestJSON:test_delete_image_negative_image_id): 404 DELETE http://10.180.1.21/compute/v2.1/images/-1 0.545s
2024-10-20 00:31:18.156 62775 INFO tempest.lib.common.rest_client [req-3e2146cc-7997-4a84-b752-fcb35837fb4c req-3e2146cc-7997-4a84-b752-fcb35837fb4c ] Request (ServersV294TestFqdnHostnames:setUpClass): 201 POST http://10.180.1.21/identity/v3/auth/tokens 0.122s
2024-10-20 00:31:18.171 62799 INFO tempest.lib.common.rest_client [req-ad93f6ce-3106-46b5-bfe2-b6ae3fbcb67d req-ad93f6ce-3106-46b5-bfe2-b6ae3fbcb67d ] Request (DeleteServersAdminTestJSON:test_delete_server_while_in_error_state): 200 GET http://10.180.1.21/compute/v2.1/servers/104b64ff-a042-4bee-a5fd-bbbdf288f63f 0.587s
2024-10-20 00:31:18.186 62759 INFO tempest.lib.common.rest_client [req-aa83f77e-027a-4df1-af17-2b075fa878f7 req-aa83f77e-027a-4df1-af17-2b075fa878f7 ] Request (FloatingIPsAssociationNegativeTestJSON:setUpClass): 200 GET http://10.180.1.21/compute/v2.1/servers/cd3d793a-aa56-4f07-a2fa-c56693548dfb 0.550s
2024-10-20 00:31:18.216 62761 INFO tempest.lib.common.rest_client [req-bd680196-26ec-4c09-ba15-57b344ae0045 req-bd680196-26ec-4c09-ba15-57b344ae0045 ] Request (ListImageFiltersTestJSON:setUpClass): 200 GET http://10.180.1.21/compute/v2.1/servers/1c892e78-a863-4561-940d-b44701e97041 0.562s
2024-10-20 00:31:18.234 62777 INFO tempest.lib.common.rest_client [req-32384c20-5aca-4293-a9c7-e766de0bd48f req-32384c20-5aca-4293-a9c7-e766de0bd48f ] Request (ServerDiagnosticsNegativeTest:test_get_server_diagnostics_by_non_admin): 200 GET http://10.180.1.21/compute/v2.1/servers/fb33026e-b607-477f-b75f-779db7c5c34f 0.518s
2024-10-20 00:31:18.264 62811 INFO tempest.lib.common.rest_client [req-94f05e48-8a67-420e-8635-ec005f893f36 req-94f05e48-8a67-420e-8635-ec005f893f36 ] Request (ServersAdminTestJSON:setUpClass): 200 GET http://10.180.1.21/compute/v2.1/servers/fe69caab-dd71-4b01-a121-2591111b193d 0.542s
2024-10-20 00:31:18.265 62795 INFO tempest.lib.common.rest_client [req-9667e03f-3c53-4de4-afd2-ea4b027652e2 req-9667e03f-3c53-4de4-afd2-ea4b027652e2 ] Request (SecurityGroupRulesTestJSON:tearDownClass): 204 DELETE http://10.180.1.21:9696/networking/v2.0/routers/cc09f581-9b58-4709-bed4-46ec670f99a8 0.480s
2024-10-20 00:31:18.283 62779 INFO tempest.lib.common.rest_client [req-a375cb5c-d672-4d97-ba0a-5fb3854e4a9c req-a375cb5c-d672-4d97-ba0a-5fb3854e4a9c ] Request (ServerDiagnosticsV248Test:test_get_server_diagnostics): 200 GET http://10.180.1.21/compute/v2.1/servers/7653f469-5ce5-4d74-9a3f-55a6adb3a255 0.494s
2024-10-20 00:31:18.301 62805 INFO tempest.lib.common.rest_client [req-aedaef14-e166-4967-9f5b-a39195706246 req-aedaef14-e166-4967-9f5b-a39195706246 ] Request (SecurityGroupsTestJSON:test_security_group_create_get_delete): 200 GET http://10.180.1.21/compute/v2.1/os-security-groups/2af1dd84-eb5c-430c-ab08-c1f23fff3ce6 0.397s
2024-10-20 00:31:18.370 62763 INFO tempest.lib.common.rest_client [req-50baba99-d4e2-4833-9c9e-928ed8599288 req-50baba99-d4e2-4833-9c9e-928ed8599288 ] Request (ServerDiskConfigTestJSON:test_rebuild_server_with_auto_disk_config): 200 GET http://10.180.1.21/compute/v2.1/servers/f7611f03-73bb-4c0c-b787-d3c7f077f5bf 0.369s
2024-10-20 00:31:18.378 62795 INFO tempest.lib.common.rest_client [req-85b35395-9aa8-4947-bf2d-79db726af55a req-85b35395-9aa8-4947-bf2d-79db726af55a ] Request (SecurityGroupRulesTestJSON:tearDownClass): 204 DELETE http://10.180.1.21:9696/networking/v2.0/subnets/90ed1cf6-ada6-4081-afab-23b0d0ba80dd 0.113s
2024-10-20 00:31:18.441 62807 INFO tempest.lib.common.rest_client [req-a5566954-99dc-445a-9534-33f73f7c5e94 req-a5566954-99dc-445a-9534-33f73f7c5e94 ] Request (ServersTestManualDisk:setUpClass): 200 GET http://10.180.1.21/compute/v2.1/servers/e944e6e5-7bc0-4efb-a811-38221734ec4f 0.392s
2024-10-20 00:31:18.522 62801 INFO tempest.lib.common.rest_client [req-795e7e96-b4d2-46c9-a34d-8ec313ef112b req-795e7e96-b4d2-46c9-a34d-8ec313ef112b ] Request (ServersAaction247Test:tearDownClass): 200 GET http://10.180.1.21/compute/v2.1/servers/e976d2d2-aa69-473b-9dfc-e616b0132754 0.455s
2024-10-20 00:31:18.583 62809 INFO tempest.lib.common.rest_client [req-0621ce66-50a6-481e-aa0b-86a6b8ad48b4 req-0621ce66-50a6-481e-aa0b-86a6b8ad48b4 ] Request (MultipleCreateTestJSON:test_multiple_create): 200 GET http://10.180.1.21/compute/v2.1/servers/1d25cdca-3c87-47a2-85aa-86f7132297b5 0.487s
2024-10-20 00:31:18.602 62815 INFO tempest.lib.common.rest_client [req-755e353b-8020-4d82-9333-3fd65ff2b0db req-755e353b-8020-4d82-9333-3fd65ff2b0db ] Request (InstanceUsageAuditLogTestJSON:test_list_instance_usage_audit_logs): 200 GET http://10.180.1.21/compute/v2.1/os-instance_usage_audit_log 0.492s
2024-10-20 00:31:18.629 62795 INFO tempest.lib.common.rest_client [req-4d39e394-2ed7-462f-b9db-7c7d3ce0782a req-4d39e394-2ed7-462f-b9db-7c7d3ce0782a ] Request (SecurityGroupRulesTestJSON:tearDownClass): 204 DELETE http://10.180.1.21:9696/networking/v2.0/networks/79605f36-58e9-42e1-af42-f9e08c9b44cc 0.250s
2024-10-20 00:31:18.689 62803 INFO tempest.lib.common.rest_client [req-be06b999-4682-4588-992b-1e5d6090f47e req-be06b999-4682-4588-992b-1e5d6090f47e ] Request (ServersTestBootFromVolume:setUpClass): 200 GET http://10.180.1.21/compute/v2.1/servers/e1ead278-d904-41cc-bdfe-65174e8d6816 0.575s
2024-10-20 00:31:18.708 62787 INFO tempest.lib.common.rest_client [req-e3d24b0d-7135-44c1-9161-6aba9168c348 req-e3d24b0d-7135-44c1-9161-6aba9168c348 ] Request (FloatingIPDetailsTestJSON:tearDownClass): 202 DELETE http://10.180.1.21/compute/v2.1/os-floating-ips/8fb7d54c-3038-4b45-abbd-de976a2cac17 0.795s
2024-10-20 00:31:18.709 62783 INFO tempest.lib.common.rest_client [req-40c5791a-c140-4b88-889d-260d6a727abc req-40c5791a-c140-4b88-889d-260d6a727abc ] Request (ImagesDeleteNegativeTestJSON:test_delete_image_non_hex_string_id): 404 DELETE http://10.180.1.21/compute/v2.1/images/25339732-a0f8-40fa-8f0c-9cc16c2b291j 0.577s
2024-10-20 00:31:18.758 62769 INFO tempest.lib.common.rest_client [req-c0dc5b1d-c916-4b6b-adb9-ea3e6854ab62 req-c0dc5b1d-c916-4b6b-adb9-ea3e6854ab62 ] Request (ImagesNegativeTestJSON:test_create_image_from_deleted_server): 200 GET http://10.180.1.21/compute/v2.1/servers/e0aabeb7-7d4c-4358-8f6c-e423a0baea3b 0.601s
2024-10-20 00:31:18.768 62815 INFO tempest.lib.common.rest_client [req-afebd64c-08dc-4974-8a10-5337d571fbda req-afebd64c-08dc-4974-8a10-5337d571fbda ] Request (InstanceUsageAuditLogTestJSON:tearDownClass): 204 DELETE http://10.180.1.21/identity/v3/users/dbc7936a7aa8419e85a141a09e0d088c 0.160s
2024-10-20 00:31:18.769 62795 INFO tempest.lib.common.rest_client [req-03068d4c-b3c9-4209-8c64-205d0a38606f req-03068d4c-b3c9-4209-8c64-205d0a38606f ] Request (SecurityGroupRulesTestJSON:tearDownClass): 204 DELETE http://10.180.1.21/identity/v3/users/b7afb577ada4430dba7e25da2fc448f7 0.139s
2024-10-20 00:31:18.769 62795 INFO tempest.lib.common.dynamic_creds [-] Deleting project and security group for project: 2f568a7b28ef4308a8eb0616f478a68d
2024-10-20 00:31:18.798 62795 INFO tempest.lib.common.rest_client [req-91fda732-3e02-48f8-bb00-9f48740eb963 req-91fda732-3e02-48f8-bb00-9f48740eb963 ] Request (SecurityGroupRulesTestJSON:tearDownClass): 200 GET http://10.180.1.21:9696/networking/v2.0/security-groups?tenant_id=2f568a7b28ef4308a8eb0616f478a68d&name=default 0.029s
2024-10-20 00:31:18.833 62785 INFO tempest.lib.common.rest_client [req-13f40dfc-9867-43d0-9312-7239244fe84d req-13f40dfc-9867-43d0-9312-7239244fe84d ] Request (ServerShowV257Test:test_rebuild_server): 200 GET http://10.180.1.21/compute/v2.1/servers/20b01df0-4ced-4668-a786-046251a0c7ed 0.648s
2024-10-20 00:31:18.888 62815 INFO tempest.lib.common.rest_client [req-36ea8b83-8ef0-4a2e-8296-0c3986b76da8 req-36ea8b83-8ef0-4a2e-8296-0c3986b76da8 ] Request (InstanceUsageAuditLogTestJSON:tearDownClass): 204 DELETE http://10.180.1.21/identity/v3/users/5b6aca2d32034f388c40f18a2421ad4b 0.120s
2024-10-20 00:31:18.889 62815 INFO tempest.lib.common.dynamic_creds [-] Deleting project and security group for project: bfa0591c24e644588a2c7f3144290c11
2024-10-20 00:31:18.889 62789 INFO tempest.lib.common.rest_client [req-16f45362-17be-4762-bb20-d9f932e1f0c3 req-16f45362-17be-4762-bb20-d9f932e1f0c3 ] Request (ServerActionsTestOtherA:setUpClass): 200 GET http://10.180.1.21/compute/v2.1/servers/da9d2279-79ae-4371-bef5-08ae15f2d9c9 0.666s
2024-10-20 00:31:18.935 62795 INFO tempest.lib.common.rest_client [req-df67f709-542f-413e-89ff-b806466925e7 req-df67f709-542f-413e-89ff-b806466925e7 ] Request (SecurityGroupRulesTestJSON:tearDownClass): 204 DELETE http://10.180.1.21:9696/networking/v2.0/security-groups/30c6a303-9d5d-44da-97b5-c2b011fba25a 0.136s
2024-10-20 00:31:18.945 62775 INFO tempest.lib.common.rest_client [req-e3cba938-7069-49a6-9170-80c5079f3d56 req-e3cba938-7069-49a6-9170-80c5079f3d56 ] Request (ServersV294TestFqdnHostnames:setUpClass): 201 POST http://10.180.1.21/compute/v2.1/os-keypairs 0.786s
2024-10-20 00:31:18.961 62815 INFO tempest.lib.common.rest_client [req-181c49cd-eea5-44e0-92a1-f8a9c8f1ead9 req-181c49cd-eea5-44e0-92a1-f8a9c8f1ead9 ] Request (InstanceUsageAuditLogTestJSON:tearDownClass): 201 POST http://10.180.1.21/identity/v3/auth/tokens 0.072s
2024-10-20 00:31:19.004 62793 INFO tempest.lib.common.rest_client [req-a3838f8e-11c8-4565-ae90-db03b3124827 req-a3838f8e-11c8-4565-ae90-db03b3124827 ] Request (AttachInterfacesV270Test:test_create_get_list_interfaces): 200 GET http://10.180.1.21/compute/v2.1/servers/9c2c0e66-5c67-4e0a-9205-4080bda44a66 0.570s
2024-10-20 00:31:19.022 62805 INFO tempest.lib.common.rest_client [req-86d848cd-c005-4998-a604-64d9a6544c35 req-86d848cd-c005-4998-a604-64d9a6544c35 ] Request (SecurityGroupsTestJSON:test_security_group_create_get_delete): 202 DELETE http://10.180.1.21/compute/v2.1/os-security-groups/2af1dd84-eb5c-430c-ab08-c1f23fff3ce6 0.717s
2024-10-20 00:31:19.038 62795 INFO tempest.lib.common.rest_client [req-0f31a2e8-8cec-4b90-97dd-d11d8ce178b1 req-0f31a2e8-8cec-4b90-97dd-d11d8ce178b1 ] Request (SecurityGroupRulesTestJSON:tearDownClass): 204 DELETE http://10.180.1.21/identity/v3/projects/2f568a7b28ef4308a8eb0616f478a68d 0.103s
2024-10-20 00:31:19.075 62765 INFO tempest.lib.common.rest_client [req-d6a9ef90-0f87-44d1-97f7-389ca4bd5282 req-d6a9ef90-0f87-44d1-97f7-389ca4bd5282 ] Request (VolumesAdminNegativeTest:test_update_attached_volume_with_nonexistent_volume_in_body): 200 GET http://10.180.1.21/compute/v2.1/servers/df69e966-4580-42c5-8c88-53008807c1d0 0.575s
2024-10-20 00:31:19.079 62775 INFO tempest.lib.common.rest_client [req-009fbf20-33c8-451c-b7b0-e543c6390e39 req-009fbf20-33c8-451c-b7b0-e543c6390e39 ] Request (ServersV294TestFqdnHostnames:setUpClass): 201 POST http://10.180.1.21:9696/networking/v2.0/security-groups 0.132s
2024-10-20 00:31:19.089 62783 INFO tempest.lib.common.rest_client [req-9743f507-c304-4aaf-8103-ea85af947c4e req-9743f507-c304-4aaf-8103-ea85af947c4e ] Request (ImagesDeleteNegativeTestJSON:test_delete_image_with_id_over_character_limit): 404 DELETE http://10.180.1.21/compute/v2.1/images/a3969862-7878-4c3c-bdf2-7e0e766d28271 0.378s
2024-10-20 00:31:19.103 62795 INFO tempest.lib.common.rest_client [req-f2358efd-ad52-4d75-b056-9888a7498fd6 req-f2358efd-ad52-4d75-b056-9888a7498fd6 ] Request (ServerAddressesTestJSON:setUpClass): 201 POST http://10.180.1.21/identity/v3/auth/tokens 0.063s
2024-10-20 00:31:19.138 62795 INFO tempest.lib.common.rest_client [req-3a46375f-7b00-476d-91b2-851fa6613620 req-3a46375f-7b00-476d-91b2-851fa6613620 ] Request (ServerAddressesTestJSON:setUpClass): 201 POST http://10.180.1.21/identity/v3/auth/tokens 0.032s
2024-10-20 00:31:19.164 62795 INFO tempest.lib.common.rest_client [req-43750b4a-9f59-45a0-88d2-25f20b22427d req-43750b4a-9f59-45a0-88d2-25f20b22427d ] Request (ServerAddressesTestJSON:setUpClass): 200 GET http://10.180.1.21/identity/v3/domains?name=Default 0.026s
2024-10-20 00:31:19.175 62815 INFO tempest.lib.common.rest_client [req-e4e5692c-bf4a-4f88-9a96-18c0451adb00 req-e4e5692c-bf4a-4f88-9a96-18c0451adb00 ] Request (InstanceUsageAuditLogTestJSON:tearDownClass): 200 GET http://10.180.1.21:9696/networking/v2.0/security-groups?tenant_id=bfa0591c24e644588a2c7f3144290c11&name=default 0.214s
2024-10-20 00:31:19.187 62773 INFO tempest.lib.common.rest_client [req-be5f2de8-828d-42e9-bac7-b378763a3341 req-be5f2de8-828d-42e9-bac7-b378763a3341 ] Request (ServersAdmin275Test:tearDownClass): 200 GET http://10.180.1.21/compute/v2.1/servers/4f3a0a33-43c0-42fb-8660-198ff4a8529a 0.473s
2024-10-20 00:31:19.200 62795 INFO tempest.lib.common.rest_client [req-7c9e6c68-8e24-42fc-8161-4bcabd984191 req-7c9e6c68-8e24-42fc-8161-4bcabd984191 ] Request (ServerAddressesTestJSON:setUpClass): 201 POST http://10.180.1.21/identity/v3/projects 0.035s
2024-10-20 00:31:19.236 62775 INFO tempest.lib.common.rest_client [req-1ddcd170-5f98-47bf-ba4a-fc22b7804a84 req-1ddcd170-5f98-47bf-ba4a-fc22b7804a84 ] Request (ServersV294TestFqdnHostnames:setUpClass): 201 POST http://10.180.1.21:9696/networking/v2.0/security-group-rules 0.157s
2024-10-20 00:31:19.251 62767 INFO tempest.lib.common.rest_client [req-db49f94b-7876-4d7a-9365-bda0da1fe80d req-db49f94b-7876-4d7a-9365-bda0da1fe80d ] Request (VolumesAssistedSnapshotsTest:test_volume_assisted_snapshot_create_delete): 200 GET http://10.180.1.21/compute/v2.1/servers/da34c648-4074-494e-a569-e8e839207a70 0.259s
2024-10-20 00:31:19.261 62795 INFO tempest.lib.common.rest_client [req-654dbc9a-7e01-4679-b473-978aa40e9ea9 req-654dbc9a-7e01-4679-b473-978aa40e9ea9 ] Request (ServerAddressesTestJSON:setUpClass): 201 POST http://10.180.1.21/identity/v3/users 0.060s
2024-10-20 00:31:19.284 62795 INFO tempest.lib.common.rest_client [req-f3781f4e-5be1-4a9e-8328-f05eb2b1d2db req-f3781f4e-5be1-4a9e-8328-f05eb2b1d2db ] Request (ServerAddressesTestJSON:setUpClass): 200 GET http://10.180.1.21/identity/v3/roles 0.023s
2024-10-20 00:31:19.312 62815 INFO tempest.lib.common.rest_client [req-fa69a334-2328-4bb4-be57-2d9e35a082cd req-fa69a334-2328-4bb4-be57-2d9e35a082cd ] Request (InstanceUsageAuditLogTestJSON:tearDownClass): 204 DELETE http://10.180.1.21:9696/networking/v2.0/security-groups/6b6153a6-785f-4bf2-a17a-d046d9b39594 0.137s
2024-10-20 00:31:19.325 62797 INFO tempest.lib.common.rest_client [req-636fd90a-2f4a-4dbc-9faf-29d748bc163b req-636fd90a-2f4a-4dbc-9faf-29d748bc163b ] Request (ServerTagsTestJSON:setUpClass): 200 GET http://10.180.1.21/compute/v2.1/servers/edd89a57-f026-4a3e-8b6b-111cc2321d9d 0.317s
2024-10-20 00:31:19.333 62795 INFO tempest.lib.common.rest_client [req-b613a130-4462-473d-9a32-26262d1130a8 req-b613a130-4462-473d-9a32-26262d1130a8 ] Request (ServerAddressesTestJSON:setUpClass): 204 PUT http://10.180.1.21/identity/v3/projects/85061f2b127f4c0190b21f89a80a9294/users/19da1cbfe7094022863f0fa869aeb7dd/roles/ac4825c5bde34a7083f6a97f96de035b 0.048s
2024-10-20 00:31:19.333 62795 INFO tempest.lib.common.dynamic_creds [-] Dynamic test user 19da1cbfe7094022863f0fa869aeb7dd is created with scope project and roles: ['member']
2024-10-20 00:31:19.334 62795 INFO tempest.lib.common.dynamic_creds [-] Acquired dynamic creds: credentials: Credentials: {'domain_id': 'default', 'domain_name': 'Default', 'username': 'tempest-ServerAddressesTestJSON-621897147-project-member', 'project_domain_id': 'default', 'project_domain_name': 'Default', 'project_id': '85061f2b127f4c0190b21f89a80a9294', 'project_name': 'tempest-ServerAddressesTestJSON-621897147', 'tenant_id': '85061f2b127f4c0190b21f89a80a9294', 'tenant_name': 'tempest-ServerAddressesTestJSON-621897147', 'user_domain_id': 'default', 'user_domain_name': 'Default', 'user_id': '19da1cbfe7094022863f0fa869aeb7dd', 'system': None}, Network: None, Subnet: None, Router: None
2024-10-20 00:31:19.362 62805 INFO tempest.lib.common.rest_client [req-f32d7474-0ed8-4415-a43d-40335f1e22b3 req-f32d7474-0ed8-4415-a43d-40335f1e22b3 ] Request (SecurityGroupsTestJSON:test_security_group_create_get_delete): 404 GET http://10.180.1.21/compute/v2.1/os-security-groups/2af1dd84-eb5c-430c-ab08-c1f23fff3ce6 0.340s
2024-10-20 00:31:19.363 62775 INFO tempest.lib.common.rest_client [req-5604da4e-d30b-451b-9fa4-450f1211730e req-5604da4e-d30b-451b-9fa4-450f1211730e ] Request (ServersV294TestFqdnHostnames:setUpClass): 201 POST http://10.180.1.21:9696/networking/v2.0/security-group-rules 0.126s
2024-10-20 00:31:19.401 62795 INFO tempest.lib.common.rest_client [req-6c50a797-3bd9-4c54-afd0-14b10bb6f554 req-6c50a797-3bd9-4c54-afd0-14b10bb6f554 ] Request (ServerAddressesTestJSON:setUpClass): 201 POST http://10.180.1.21/identity/v3/auth/tokens 0.067s
2024-10-20 00:31:19.417 62817 INFO tempest.lib.common.rest_client [req-10053e93-bbf3-4d2c-8557-927a2b4c717f req-10053e93-bbf3-4d2c-8557-927a2b4c717f ] Request (ServerAddressesNegativeTestJSON:setUpClass): 200 GET http://10.180.1.21/compute/v2.1/servers/166786ee-4b89-4683-831b-9f3c1c57fb08 0.352s
2024-10-20 00:31:19.446 62815 INFO tempest.lib.common.rest_client [req-b2242ee9-2d41-4014-9292-32fed0b2c684 req-b2242ee9-2d41-4014-9292-32fed0b2c684 ] Request (InstanceUsageAuditLogTestJSON:tearDownClass): 204 DELETE http://10.180.1.21/identity/v3/projects/bfa0591c24e644588a2c7f3144290c11 0.134s
2024-10-20 00:31:19.447 62815 INFO tempest.lib.common.dynamic_creds [-] Deleting project and security group for project: e43275a9767b44ee83e141a8979a386a
2024-10-20 00:31:19.477 62791 INFO tempest.lib.common.rest_client [req-fb9850c9-6464-41ac-ba30-f5d9af06cfc7 req-fb9850c9-6464-41ac-ba30-f5d9af06cfc7 ] Request (ImagesTestJSON:test_create_image_from_suspended_server): 200 GET http://10.180.1.21/compute/v2.1/servers/215472ea-402c-4eb5-8ad3-b7ef756dfdc5 0.408s
2024-10-20 00:31:19.492 62787 INFO tempest.lib.common.rest_client [req-6b864618-770f-408b-8c9a-b6e2eef367ba req-6b864618-770f-408b-8c9a-b6e2eef367ba ] Request (FloatingIPDetailsTestJSON:tearDownClass): 202 DELETE http://10.180.1.21/compute/v2.1/os-floating-ips/3e69ea59-5926-4995-b1ad-af4ce03331d7 0.783s
2024-10-20 00:31:19.501 62783 INFO tempest.lib.common.rest_client [req-a02f4104-9f13-402c-acb6-a94c567248cd req-a02f4104-9f13-402c-acb6-a94c567248cd ] Request (ImagesDeleteNegativeTestJSON:test_delete_image_with_invalid_image_id): 404 DELETE http://10.180.1.21/compute/v2.1/images/tempest-invalid-1824597634 0.410s
2024-10-20 00:31:19.556 62771 INFO tempest.lib.common.rest_client [req-a575c190-27a3-4a7c-acff-e82fe5960239 req-a575c190-27a3-4a7c-acff-e82fe5960239 ] Request (ServersWithSpecificFlavorTestJSON:test_verify_created_server_ephemeral_disk): 200 GET http://10.180.1.21/compute/v2.1/servers/6d2a2f98-aa84-4766-a872-dc6e22bcc3e4 0.439s
2024-10-20 00:31:19.566 62799 INFO tempest.lib.common.rest_client [req-b9c0399a-19bd-48a4-be5e-3d15847a58ef req-b9c0399a-19bd-48a4-be5e-3d15847a58ef ] Request (DeleteServersAdminTestJSON:test_delete_server_while_in_error_state): 200 GET http://10.180.1.21/compute/v2.1/servers/104b64ff-a042-4bee-a5fd-bbbdf288f63f 0.386s
2024-10-20 00:31:19.620 62759 INFO tempest.lib.common.rest_client [req-c6556681-fb66-4712-a0d0-8ceddfb60fde req-c6556681-fb66-4712-a0d0-8ceddfb60fde ] Request (FloatingIPsAssociationNegativeTestJSON:setUpClass): 200 GET http://10.180.1.21/compute/v2.1/servers/cd3d793a-aa56-4f07-a2fa-c56693548dfb 0.427s
2024-10-20 00:31:19.631 62815 INFO tempest.lib.common.rest_client [req-ed77623f-f8f1-447a-ac91-62f3b3b9b8c4 req-ed77623f-f8f1-447a-ac91-62f3b3b9b8c4 ] Request (InstanceUsageAuditLogTestJSON:tearDownClass): 200 GET http://10.180.1.21:9696/networking/v2.0/security-groups?tenant_id=e43275a9767b44ee83e141a8979a386a&name=default 0.183s
2024-10-20 00:31:19.635 62761 INFO tempest.lib.common.rest_client [req-16e44f82-361d-4ad8-a48e-892ad914344a req-16e44f82-361d-4ad8-a48e-892ad914344a ] Request (ListImageFiltersTestJSON:setUpClass): 200 GET http://10.180.1.21/compute/v2.1/servers/1c892e78-a863-4561-940d-b44701e97041 0.412s
2024-10-20 00:31:19.692 62777 INFO tempest.lib.common.rest_client [req-77940f35-7f1c-45e6-8c56-6f923b09566e req-77940f35-7f1c-45e6-8c56-6f923b09566e ] Request (ServerDiagnosticsNegativeTest:test_get_server_diagnostics_by_non_admin): 200 GET http://10.180.1.21/compute/v2.1/servers/fb33026e-b607-477f-b75f-779db7c5c34f 0.451s
2024-10-20 00:31:19.710 62811 INFO tempest.lib.common.rest_client [req-125e2ae8-3bfa-4f13-8117-36cd4484bbf0 req-125e2ae8-3bfa-4f13-8117-36cd4484bbf0 ] Request (ServersAdminTestJSON:setUpClass): 200 GET http://10.180.1.21/compute/v2.1/servers/fe69caab-dd71-4b01-a121-2591111b193d 0.439s
2024-10-20 00:31:19.775 62779 INFO tempest.lib.common.rest_client [req-e03d5c2e-93ac-4977-819c-7b66c8640f1a req-e03d5c2e-93ac-4977-819c-7b66c8640f1a ] Request (ServerDiagnosticsV248Test:test_get_server_diagnostics): 200 GET http://10.180.1.21/compute/v2.1/servers/7653f469-5ce5-4d74-9a3f-55a6adb3a255 0.481s
2024-10-20 00:31:19.848 62795 INFO tempest.lib.common.rest_client [req-033615e2-5c61-443d-8ba1-abda03c28bc0 req-033615e2-5c61-443d-8ba1-abda03c28bc0 ] Request (ServerAddressesTestJSON:setUpClass): 201 POST http://10.180.1.21:9696/networking/v2.0/networks 0.447s
2024-10-20 00:31:19.852 62763 INFO tempest.lib.common.rest_client [req-b3192978-091e-4f72-a351-aab7439a2e42 req-b3192978-091e-4f72-a351-aab7439a2e42 ] Request (ServerDiskConfigTestJSON:test_rebuild_server_with_auto_disk_config): 200 GET http://10.180.1.21/compute/v2.1/servers/f7611f03-73bb-4c0c-b787-d3c7f077f5bf 0.471s
2024-10-20 00:31:19.861 62815 INFO tempest.lib.common.rest_client [req-58ae4ace-ae37-436a-a202-1565aa7cbe5e req-58ae4ace-ae37-436a-a202-1565aa7cbe5e ] Request (InstanceUsageAuditLogTestJSON:tearDownClass): 204 DELETE http://10.180.1.21:9696/networking/v2.0/security-groups/52def152-3b0e-49a1-b2bd-4ec98406f102 0.229s
2024-10-20 00:31:19.911 62807 INFO tempest.lib.common.rest_client [req-e23b2b04-ce78-4b6c-9299-95b799a5edfa req-e23b2b04-ce78-4b6c-9299-95b799a5edfa ] Request (ServersTestManualDisk:setUpClass): 200 GET http://10.180.1.21/compute/v2.1/servers/e944e6e5-7bc0-4efb-a811-38221734ec4f 0.458s
2024-10-20 00:31:19.936 62783 INFO tempest.lib.common.rest_client [req-241eba6d-8120-4e3d-a320-ece964228b27 req-241eba6d-8120-4e3d-a320-ece964228b27 ] Request (ImagesDeleteNegativeTestJSON:test_delete_non_existent_image): 404 DELETE http://10.180.1.21/compute/v2.1/images/c766e532-a415-40eb-9702-572a23d768b8 0.434s
2024-10-20 00:31:19.940 62815 INFO tempest.lib.common.rest_client [req-86c9e8cc-b275-4673-a974-82c3058cc11d req-86c9e8cc-b275-4673-a974-82c3058cc11d ] Request (InstanceUsageAuditLogTestJSON:tearDownClass): 204 DELETE http://10.180.1.21/identity/v3/projects/e43275a9767b44ee83e141a8979a386a 0.079s
2024-10-20 00:31:19.970 62805 INFO tempest.lib.common.rest_client [req-5dff6954-53f3-49f9-b701-42289b70686c req-5dff6954-53f3-49f9-b701-42289b70686c ] Request (SecurityGroupsTestJSON:test_security_groups_create_list_delete): 200 POST http://10.180.1.21/compute/v2.1/os-security-groups 0.607s
2024-10-20 00:31:20.018 62801 INFO tempest.lib.common.rest_client [req-f538cac2-3e54-497f-9159-6d8c4ea87a3b req-f538cac2-3e54-497f-9159-6d8c4ea87a3b ] Request (ServersAaction247Test:tearDownClass): 200 GET http://10.180.1.21/compute/v2.1/servers/e976d2d2-aa69-473b-9dfc-e616b0132754 0.485s
2024-10-20 00:31:20.022 62815 INFO tempest.lib.common.rest_client [req-3a52de71-d4f1-4a26-b5cc-00633910c0cc req-3a52de71-d4f1-4a26-b5cc-00633910c0cc ] Request (ListServersNegativeTestJSON:setUpClass): 201 POST http://10.180.1.21/identity/v3/auth/tokens 0.080s
2024-10-20 00:31:20.038 62775 INFO tempest.lib.common.rest_client [req-9d0f0f7f-1d3f-4df4-b08c-be235f16e3bd req-9d0f0f7f-1d3f-4df4-b08c-be235f16e3bd ] Request (ServersV294TestFqdnHostnames:setUpClass): 201 POST http://10.180.1.21:9696/networking/v2.0/floatingips 0.672s
2024-10-20 00:31:20.047 62809 INFO tempest.lib.common.rest_client [req-b08b5a91-ee3c-40ec-a5ed-3cfe35125ad7 req-b08b5a91-ee3c-40ec-a5ed-3cfe35125ad7 ] Request (MultipleCreateTestJSON:test_multiple_create): 200 GET http://10.180.1.21/compute/v2.1/servers/1d25cdca-3c87-47a2-85aa-86f7132297b5 0.455s
2024-10-20 00:31:20.054 62815 INFO tempest.lib.common.rest_client [req-af48aaae-fd99-44c3-8f94-ddbd4233dbd9 req-af48aaae-fd99-44c3-8f94-ddbd4233dbd9 ] Request (ListServersNegativeTestJSON:setUpClass): 201 POST http://10.180.1.21/identity/v3/auth/tokens 0.029s
2024-10-20 00:31:20.087 62803 INFO tempest.lib.common.rest_client [req-6243feec-24e7-46d1-9549-952846a94375 req-6243feec-24e7-46d1-9549-952846a94375 ] Request (ServersTestBootFromVolume:setUpClass): 200 GET http://10.180.1.21/compute/v2.1/servers/e1ead278-d904-41cc-bdfe-65174e8d6816 0.387s
2024-10-20 00:31:20.095 62795 INFO tempest.lib.common.rest_client [req-773257ac-ea91-4d75-aadb-5405ebb2edc3 req-773257ac-ea91-4d75-aadb-5405ebb2edc3 ] Request (ServerAddressesTestJSON:setUpClass): 201 POST http://10.180.1.21:9696/networking/v2.0/subnets 0.247s
2024-10-20 00:31:20.100 62775 INFO tempest.lib.common.rest_client [req-1fd4a14d-727f-4e34-bb37-89245ed70a28 req-1fd4a14d-727f-4e34-bb37-89245ed70a28 ] Request (ServersV294TestFqdnHostnames:setUpClass): 201 POST http://10.180.1.21/identity/v3/auth/tokens 0.057s
2024-10-20 00:31:20.100 62775 INFO tempest.lib.common.fixed_network [-] (ServersV294TestFqdnHostnames:setUpClass) Found network {'id': 'd4cabf21-3e72-47b5-bf03-1da3d7fba707', 'name': 'tempest-ServersV294TestFqdnHostnames-1544104582-network', 'tenant_id': 'e84f7147da104173b0807ea29b94cf41', 'admin_state_up': True, 'mtu': 8950, 'status': 'ACTIVE', 'subnets': [], 'shared': False, 'project_id': 'e84f7147da104173b0807ea29b94cf41', 'port_security_enabled': True, 'router:external': False, 'provider:network_type': 'vlan', 'provider:physical_network': 'default', 'provider:segmentation_id': 720, 'is_default': False, 'availability_zone_hints': [], 'availability_zones': [], 'ipv4_address_scope': None, 'ipv6_address_scope': None, 'description': '', 'tags': [], 'created_at': '2024-10-20T00:31:15Z', 'updated_at': '2024-10-20T00:31:15Z', 'revision_number': 1} available for tenant
2024-10-20 00:31:20.106 62769 INFO tempest.lib.common.rest_client [req-ca35b28f-5de6-4078-8679-09a6da8b3f40 req-ca35b28f-5de6-4078-8679-09a6da8b3f40 ] Request (ImagesNegativeTestJSON:test_create_image_from_deleted_server): 200 GET http://10.180.1.21/compute/v2.1/servers/e0aabeb7-7d4c-4358-8f6c-e423a0baea3b 0.339s
2024-10-20 00:31:20.123 62783 INFO tempest.lib.common.rest_client [req-d862ee0b-9808-4021-98eb-d189d5847cc8 req-d862ee0b-9808-4021-98eb-d189d5847cc8 ] Request (ImagesDeleteNegativeTestJSON:tearDownClass): 204 DELETE http://10.180.1.21/identity/v3/users/15d55208e66b459293cef9b41f0eda59 0.185s
2024-10-20 00:31:20.123 62783 INFO tempest.lib.common.dynamic_creds [-] Deleting project and security group for project: 24caf947a7fd4758959086974e827c70
2024-10-20 00:31:20.146 62785 INFO tempest.lib.common.rest_client [req-f6f6db32-e72f-4225-9337-eb32aa0e720e req-f6f6db32-e72f-4225-9337-eb32aa0e720e ] Request (ServerShowV257Test:test_rebuild_server): 200 GET http://10.180.1.21/compute/v2.1/servers/20b01df0-4ced-4668-a786-046251a0c7ed 0.299s
2024-10-20 00:31:20.150 62815 INFO tempest.lib.common.rest_client [req-10ddb332-8028-43af-b777-13f6d6076f98 req-10ddb332-8028-43af-b777-13f6d6076f98 ] Request (ListServersNegativeTestJSON:setUpClass): 200 GET http://10.180.1.21/identity/v3/domains?name=Default 0.095s
2024-10-20 00:31:20.164 62789 INFO tempest.lib.common.rest_client [req-b4afafe3-b430-4a3e-9a4f-2ea4837e1d11 req-b4afafe3-b430-4a3e-9a4f-2ea4837e1d11 ] Request (ServerActionsTestOtherA:setUpClass): 200 GET http://10.180.1.21/compute/v2.1/servers/da9d2279-79ae-4371-bef5-08ae15f2d9c9 0.267s
2024-10-20 00:31:20.186 62783 INFO tempest.lib.common.rest_client [req-571ffa4d-6444-4a68-999a-b7463e5f5e38 req-571ffa4d-6444-4a68-999a-b7463e5f5e38 ] Request (ImagesDeleteNegativeTestJSON:tearDownClass): 201 POST http://10.180.1.21/identity/v3/auth/tokens 0.062s
2024-10-20 00:31:20.214 62815 INFO tempest.lib.common.rest_client [req-7752def0-28ad-4daa-9ef4-26f3c07a60cf req-7752def0-28ad-4daa-9ef4-26f3c07a60cf ] Request (ListServersNegativeTestJSON:setUpClass): 201 POST http://10.180.1.21/identity/v3/projects 0.063s
2024-10-20 00:31:20.229 62793 INFO tempest.lib.common.rest_client [req-4593df0c-0d24-4af7-8976-5122fb447cba req-4593df0c-0d24-4af7-8976-5122fb447cba ] Request (AttachInterfacesV270Test:test_create_get_list_interfaces): 200 GET http://10.180.1.21/compute/v2.1/servers/9c2c0e66-5c67-4e0a-9205-4080bda44a66 0.216s
2024-10-20 00:31:20.266 62815 INFO tempest.lib.common.rest_client [req-4a3f59d0-d654-4b09-bc3e-bfcb5ae45bc9 req-4a3f59d0-d654-4b09-bc3e-bfcb5ae45bc9 ] Request (ListServersNegativeTestJSON:setUpClass): 201 POST http://10.180.1.21/identity/v3/users 0.051s
2024-10-20 00:31:20.281 62815 INFO tempest.lib.common.rest_client [req-9586fde9-24af-479f-8c13-364c008ef801 req-9586fde9-24af-479f-8c13-364c008ef801 ] Request (ListServersNegativeTestJSON:setUpClass): 200 GET http://10.180.1.21/identity/v3/roles 0.015s
2024-10-20 00:31:20.305 62815 INFO tempest.lib.common.rest_client [req-461b62ef-80e3-49f3-bb5c-c7922f199214 req-461b62ef-80e3-49f3-bb5c-c7922f199214 ] Request (ListServersNegativeTestJSON:setUpClass): 204 PUT http://10.180.1.21/identity/v3/projects/2a99691b0c9a407fb90fd95bf9232c48/users/b8c0ef26e3b5414aa6f7ad999051f076/roles/ac4825c5bde34a7083f6a97f96de035b 0.024s
2024-10-20 00:31:20.306 62815 INFO tempest.lib.common.dynamic_creds [-] Dynamic test user b8c0ef26e3b5414aa6f7ad999051f076 is created with scope project and roles: ['member']
2024-10-20 00:31:20.306 62815 INFO tempest.lib.common.dynamic_creds [-] Acquired dynamic creds: credentials: Credentials: {'domain_id': 'default', 'domain_name': 'Default', 'username': 'tempest-ListServersNegativeTestJSON-584888524-project-member', 'project_domain_id': 'default', 'project_domain_name': 'Default', 'project_id': '2a99691b0c9a407fb90fd95bf9232c48', 'project_name': 'tempest-ListServersNegativeTestJSON-584888524', 'tenant_id': '2a99691b0c9a407fb90fd95bf9232c48', 'tenant_name': 'tempest-ListServersNegativeTestJSON-584888524', 'user_domain_id': 'default', 'user_domain_name': 'Default', 'user_id': 'b8c0ef26e3b5414aa6f7ad999051f076', 'system': None}, Network: None, Subnet: None, Router: None
2024-10-20 00:31:20.365 62815 INFO tempest.lib.common.rest_client [req-f314bcc1-7dd1-4fea-8001-7d809d530cde req-f314bcc1-7dd1-4fea-8001-7d809d530cde ] Request (ListServersNegativeTestJSON:setUpClass): 201 POST http://10.180.1.21/identity/v3/auth/tokens 0.059s
2024-10-20 00:31:20.416 62765 INFO tempest.lib.common.rest_client [req-6c36ee44-7110-4b02-80e7-fe30269fad5d req-6c36ee44-7110-4b02-80e7-fe30269fad5d ] Request (VolumesAdminNegativeTest:test_update_attached_volume_with_nonexistent_volume_in_body): 200 GET http://10.180.1.21/compute/v2.1/servers/df69e966-4580-42c5-8c88-53008807c1d0 0.332s
2024-10-20 00:31:20.425 62765 INFO tempest.common.waiters [-] State transition "BUILD/spawning" ==> "ERROR/None" after 50 second wait
