2024-10-20 00:31:11.734 62775 INFO tempest.lib.common.rest_client [req-3cab5b91-2908-4e50-af3c-dffb08d079d3 req-3cab5b91-2908-4e50-af3c-dffb08d079d3 ] Request (QuotasAdminTestJSON:_run_cleanups): 204 DELETE http://10.180.1.21/identity/v3/users/4856c1236e1b44b38ae96403047f4751 0.071s
2024-10-20 00:31:11.770 62811 INFO tempest.lib.common.rest_client [req-1eaeca58-63dd-4c9f-a407-5516f1bd37f9 req-1eaeca58-63dd-4c9f-a407-5516f1bd37f9 ] Request (ServersAdminTestJSON:setUpClass): 200 GET http://10.180.1.21/compute/v2.1/servers/fe69caab-dd71-4b01-a121-2591111b193d 0.659s
2024-10-20 00:31:11.825 62779 INFO tempest.lib.common.rest_client [req-d42321f3-c2de-4bd2-bab6-540910569c4f req-d42321f3-c2de-4bd2-bab6-540910569c4f ] Request (ServerDiagnosticsV248Test:test_get_server_diagnostics): 200 GET http://10.180.1.21/compute/v2.1/servers/7653f469-5ce5-4d74-9a3f-55a6adb3a255 0.697s
2024-10-20 00:31:11.825 62775 INFO tempest.lib.common.rest_client [req-58b1f6cd-4476-4043-a6e9-9769251bfe79 req-58b1f6cd-4476-4043-a6e9-9769251bfe79 ] Request (QuotasAdminTestJSON:_run_cleanups): 204 DELETE http://10.180.1.21/identity/v3/projects/6dbdcd03c6044be3b395363e58000c9d 0.090s
2024-10-20 00:31:11.846 62795 INFO tempest.lib.common.rest_client [req-e7654f08-a6ce-49f0-b271-15b67fdf9a6c req-e7654f08-a6ce-49f0-b271-15b67fdf9a6c ] Request (SecurityGroupRulesTestJSON:tearDownClass): 202 DELETE http://10.180.1.21/compute/v2.1/os-security-groups/67a95182-0967-401f-a828-808042f83ede 0.748s
2024-10-20 00:31:11.873 62763 INFO tempest.lib.common.rest_client [req-83d3fc17-53c3-45b1-b177-7fadacf7b700 req-83d3fc17-53c3-45b1-b177-7fadacf7b700 ] Request (ServerDiskConfigTestJSON:test_rebuild_server_with_auto_disk_config): 200 GET http://10.180.1.21/compute/v2.1/servers/f7611f03-73bb-4c0c-b787-d3c7f077f5bf 0.690s
2024-10-20 00:31:11.900 62807 INFO tempest.lib.common.rest_client [req-e8be1199-6c60-44d3-877e-ae7a9718b6ea req-e8be1199-6c60-44d3-877e-ae7a9718b6ea ] Request (ServersTestManualDisk:setUpClass): 200 GET http://10.180.1.21/compute/v2.1/servers/e944e6e5-7bc0-4efb-a811-38221734ec4f 0.656s
2024-10-20 00:31:11.929 62801 INFO tempest.lib.common.rest_client [req-0ec3ac8f-72a7-434a-be51-17d03e533ef7 req-0ec3ac8f-72a7-434a-be51-17d03e533ef7 ] Request (ServersAaction247Test:tearDownClass): 200 GET http://10.180.1.21/compute/v2.1/servers/e976d2d2-aa69-473b-9dfc-e616b0132754 0.672s
2024-10-20 00:31:11.943 62783 INFO tempest.lib.common.rest_client [req-6e394a02-f32c-41fa-bebf-c1912c47b19d req-6e394a02-f32c-41fa-bebf-c1912c47b19d ] Request (TenantUsagesTestJSON:setUpClass): 200 GET http://10.180.1.21/compute/v2.1/servers/c3a43b3a-cb59-4431-a5d2-4c96db16337f 0.633s
2024-10-20 00:31:11.978 62809 INFO tempest.lib.common.rest_client [req-fa5d3d60-730c-4371-97d7-e9820d4c6d02 req-fa5d3d60-730c-4371-97d7-e9820d4c6d02 ] Request (MultipleCreateTestJSON:test_multiple_create): 200 GET http://10.180.1.21/compute/v2.1/servers/1d25cdca-3c87-47a2-85aa-86f7132297b5 0.665s
2024-10-20 00:31:12.027 62803 INFO tempest.lib.common.rest_client [req-8ad0ae61-bd13-4630-b7b8-1d807595405c req-8ad0ae61-bd13-4630-b7b8-1d807595405c ] Request (ServersTestBootFromVolume:setUpClass): 200 GET http://10.180.1.21/compute/v2.1/servers/e1ead278-d904-41cc-bdfe-65174e8d6816 0.675s
2024-10-20 00:31:12.074 62769 INFO tempest.lib.common.rest_client [req-23a30163-c6d0-4b55-8287-71de1f24f874 req-23a30163-c6d0-4b55-8287-71de1f24f874 ] Request (ImagesNegativeTestJSON:test_create_image_from_deleted_server): 200 GET http://10.180.1.21/compute/v2.1/servers/e0aabeb7-7d4c-4358-8f6c-e423a0baea3b 0.700s
2024-10-20 00:31:12.093 62781 INFO tempest.lib.common.rest_client [req-6655747d-c21f-499a-9c08-6f887b690d5f req-6655747d-c21f-499a-9c08-6f887b690d5f ] Request (ServerGroup264TestJSON:test_create_get_server_group): 200 GET http://10.180.1.21/compute/v2.1/os-server-groups/96f326ac-7d64-4ca2-bc40-2832606bb10c 0.688s
2024-10-20 00:31:12.162 62785 INFO tempest.lib.common.rest_client [req-0d6ae5cb-da61-401a-96e8-41e943c5aa91 req-0d6ae5cb-da61-401a-96e8-41e943c5aa91 ] Request (ServerShowV257Test:test_rebuild_server): 200 GET http://10.180.1.21/compute/v2.1/servers/20b01df0-4ced-4668-a786-046251a0c7ed 0.746s
2024-10-20 00:31:12.226 62789 INFO tempest.lib.common.rest_client [req-9cee92a7-951d-45a8-9040-ef8811151e8c req-9cee92a7-951d-45a8-9040-ef8811151e8c ] Request (ServerActionsTestOtherA:setUpClass): 200 GET http://10.180.1.21/compute/v2.1/servers/da9d2279-79ae-4371-bef5-08ae15f2d9c9 0.762s
2024-10-20 00:31:12.431 62817 INFO tempest.lib.common.rest_client [req-69fb3c2a-405d-41a8-9f7d-26505eea5e34 req-69fb3c2a-405d-41a8-9f7d-26505eea5e34 ] Request (ServerAddressesNegativeTestJSON:setUpClass): 202 POST http://10.180.1.21/compute/v2.1/servers 1.083s
2024-10-20 00:31:12.683 62759 INFO tempest.lib.common.rest_client [req-085462b3-1597-426a-91c8-697050599d2e req-085462b3-1597-426a-91c8-697050599d2e ] Request (FloatingIPsAssociationNegativeTestJSON:setUpClass): 202 POST http://10.180.1.21/compute/v2.1/servers 1.162s
2024-10-20 00:31:12.713 62815 INFO tempest.lib.common.rest_client [req-512e8b16-6a6e-424b-aedb-71bf6408c528 req-512e8b16-6a6e-424b-aedb-71bf6408c528 ] Request (FlavorsV255TestJSON:test_crud_flavor): 200 PUT http://10.180.1.21/compute/v2.1/flavors/1690710626 1.097s
2024-10-20 00:31:12.787 62793 INFO tempest.lib.common.rest_client [req-b2ae97a9-a894-4f88-ad61-429fb9315fbb req-b2ae97a9-a894-4f88-ad61-429fb9315fbb ] Request (AttachInterfacesV270Test:test_create_get_list_interfaces): 200 GET http://10.180.1.21/compute/v2.1/servers/9c2c0e66-5c67-4e0a-9205-4080bda44a66 1.100s
2024-10-20 00:31:12.887 62775 INFO tempest.lib.common.rest_client [req-191b223c-7b7d-48d8-a244-eb8fae4ef08a req-191b223c-7b7d-48d8-a244-eb8fae4ef08a ] Request (QuotasAdminTestJSON:test_update_all_quota_resources_for_tenant): 200 GET http://10.180.1.21/compute/v2.1/os-quota-sets/97268d51352f429998eac29b949c2a83/defaults 1.060s
2024-10-20 00:31:12.906 62795 INFO tempest.lib.common.rest_client [req-55681427-a6ee-4fd1-bc8e-8f8551cb20bb req-55681427-a6ee-4fd1-bc8e-8f8551cb20bb ] Request (SecurityGroupRulesTestJSON:tearDownClass): 404 DELETE http://10.180.1.21/compute/v2.1/os-security-groups/ed957d77-5513-4216-8aec-cc655d49a66a 1.060s
2024-10-20 00:31:12.932 62781 INFO tempest.lib.common.rest_client [req-2d51450f-d21b-4bae-88aa-06461f04e5f9 req-2d51450f-d21b-4bae-88aa-06461f04e5f9 ] Request (ServerGroup264TestJSON:_run_cleanups): 204 DELETE http://10.180.1.21/compute/v2.1/os-server-groups/96f326ac-7d64-4ca2-bc40-2832606bb10c 0.837s
2024-10-20 00:31:13.012 62773 INFO tempest.lib.common.rest_client [req-6fa4c5f2-29f1-4ea5-82a1-a236857ba4a7 req-6fa4c5f2-29f1-4ea5-82a1-a236857ba4a7 ] Request (ServersAdmin275Test:tearDownClass): 200 GET http://10.180.1.21/compute/v2.1/servers/4f3a0a33-43c0-42fb-8660-198ff4a8529a 0.815s
2024-10-20 00:31:13.026 62787 INFO tempest.lib.common.rest_client [req-e850aff8-0e98-426e-a6e5-041f86e5c190 req-e850aff8-0e98-426e-a6e5-041f86e5c190 ] Request (FloatingIPDetailsTestJSON:setUpClass): 200 POST http://10.180.1.21/compute/v2.1/os-floating-ips 1.477s
2024-10-20 00:31:13.063 62765 INFO tempest.lib.common.rest_client [req-d0311f8c-e152-42df-93ad-957e675ae081 req-d0311f8c-e152-42df-93ad-957e675ae081 ] Request (VolumesAdminNegativeTest:test_update_attached_volume_with_nonexistent_volume_in_body): 200 GET http://10.180.1.21/compute/v2.1/servers/df69e966-4580-42c5-8c88-53008807c1d0 0.796s
2024-10-20 00:31:13.084 62805 INFO tempest.lib.common.rest_client [req-7be46a5e-2c22-417a-9103-6995cf150b47 req-7be46a5e-2c22-417a-9103-6995cf150b47 ] Request (SecurityGroupsTestJSON:test_list_security_groups_by_server): 200 GET http://10.180.1.21/compute/v2.1/servers/dba06415-d503-4420-825e-76afc59f6153 0.750s
2024-10-20 00:31:13.112 62797 INFO tempest.lib.common.rest_client [req-2ebf7178-4cda-4e50-939b-e2cf175814eb req-2ebf7178-4cda-4e50-939b-e2cf175814eb ] Request (ServerTagsTestJSON:setUpClass): 200 GET http://10.180.1.21/compute/v2.1/servers/edd89a57-f026-4a3e-8b6b-111cc2321d9d 0.714s
2024-10-20 00:31:13.127 62817 INFO tempest.lib.common.rest_client [req-d9ebb5d1-19ea-4fc8-b609-b493156d60dc req-d9ebb5d1-19ea-4fc8-b609-b493156d60dc ] Request (ServerAddressesNegativeTestJSON:setUpClass): 200 GET http://10.180.1.21/compute/v2.1/servers/166786ee-4b89-4683-831b-9f3c1c57fb08 0.695s
2024-10-20 00:31:13.177 62791 INFO tempest.lib.common.rest_client [req-4eb5dac1-ade3-484e-8bb8-915a78481c73 req-4eb5dac1-ade3-484e-8bb8-915a78481c73 ] Request (ImagesTestJSON:test_create_image_from_suspended_server): 200 GET http://10.180.1.21/compute/v2.1/servers/215472ea-402c-4eb5-8ad3-b7ef756dfdc5 0.638s
2024-10-20 00:31:13.178 62767 INFO tempest.lib.common.rest_client [req-b58b2d8e-e646-41a4-9560-316637ed7ea3 req-b58b2d8e-e646-41a4-9560-316637ed7ea3 ] Request (VolumesAssistedSnapshotsTest:test_volume_assisted_snapshot_create_delete): 200 GET http://10.180.1.21/compute/v2.1/servers/da34c648-4074-494e-a569-e8e839207a70 0.702s
2024-10-20 00:31:13.230 62771 INFO tempest.lib.common.rest_client [req-35b9b041-5293-480e-bd64-633f2d39f13f req-35b9b041-5293-480e-bd64-633f2d39f13f ] Request (ServersWithSpecificFlavorTestJSON:test_verify_created_server_ephemeral_disk): 200 GET http://10.180.1.21/compute/v2.1/servers/6d2a2f98-aa84-4766-a872-dc6e22bcc3e4 0.618s
2024-10-20 00:31:13.233 62799 INFO tempest.lib.common.rest_client [req-a0c08c00-cc1a-44f0-b5e9-6319dedb1243 req-a0c08c00-cc1a-44f0-b5e9-6319dedb1243 ] Request (DeleteServersAdminTestJSON:test_delete_server_while_in_error_state): 200 GET http://10.180.1.21/compute/v2.1/servers/104b64ff-a042-4bee-a5fd-bbbdf288f63f 0.561s
2024-10-20 00:31:13.249 62815 INFO tempest.lib.common.rest_client [req-bda128dc-ec65-4fb9-99df-fa2ee2ef9359 req-bda128dc-ec65-4fb9-99df-fa2ee2ef9359 ] Request (FlavorsV255TestJSON:test_crud_flavor): 200 GET http://10.180.1.21/compute/v2.1/flavors/detail 0.530s
2024-10-20 00:31:13.274 62759 INFO tempest.lib.common.rest_client [req-05a097c7-859c-44a3-8838-082268a05c01 req-05a097c7-859c-44a3-8838-082268a05c01 ] Request (FloatingIPsAssociationNegativeTestJSON:setUpClass): 200 GET http://10.180.1.21/compute/v2.1/servers/cd3d793a-aa56-4f07-a2fa-c56693548dfb 0.587s
2024-10-20 00:31:13.307 62761 INFO tempest.lib.common.rest_client [req-5937a68b-7799-4d5e-9a84-50b3f1d4e269 req-5937a68b-7799-4d5e-9a84-50b3f1d4e269 ] Request (ListImageFiltersTestJSON:setUpClass): 200 GET http://10.180.1.21/compute/v2.1/servers/1c892e78-a863-4561-940d-b44701e97041 0.586s
2024-10-20 00:31:13.323 62777 INFO tempest.lib.common.rest_client [req-b5a554c3-9f9b-4875-8e3c-a30e603e3ddc req-b5a554c3-9f9b-4875-8e3c-a30e603e3ddc ] Request (ServerDiagnosticsNegativeTest:test_get_server_diagnostics_by_non_admin): 200 GET http://10.180.1.21/compute/v2.1/servers/fb33026e-b607-477f-b75f-779db7c5c34f 0.597s
2024-10-20 00:31:13.361 62811 INFO tempest.lib.common.rest_client [req-80414257-292a-48c9-a01e-458ae7d01a22 req-80414257-292a-48c9-a01e-458ae7d01a22 ] Request (ServersAdminTestJSON:setUpClass): 200 GET http://10.180.1.21/compute/v2.1/servers/fe69caab-dd71-4b01-a121-2591111b193d 0.584s
2024-10-20 00:31:13.373 62779 INFO tempest.lib.common.rest_client [req-bfd7b73c-1e7a-48c7-bf54-9a6b8cd1aa7f req-bfd7b73c-1e7a-48c7-bf54-9a6b8cd1aa7f ] Request (ServerDiagnosticsV248Test:test_get_server_diagnostics): 200 GET http://10.180.1.21/compute/v2.1/servers/7653f469-5ce5-4d74-9a3f-55a6adb3a255 0.539s
2024-10-20 00:31:13.417 62763 INFO tempest.lib.common.rest_client [req-4d653457-8ef6-4f62-9c0d-c1bfb432bd34 req-4d653457-8ef6-4f62-9c0d-c1bfb432bd34 ] Request (ServerDiskConfigTestJSON:test_rebuild_server_with_auto_disk_config): 200 GET http://10.180.1.21/compute/v2.1/servers/f7611f03-73bb-4c0c-b787-d3c7f077f5bf 0.536s
2024-10-20 00:31:13.512 62775 INFO tempest.lib.common.rest_client [req-e2200d4b-03ba-43dd-b031-9c4871d3e038 req-e2200d4b-03ba-43dd-b031-9c4871d3e038 ] Request (QuotasAdminTestJSON:test_update_all_quota_resources_for_tenant): 200 PUT http://10.180.1.21/compute/v2.1/os-quota-sets/97268d51352f429998eac29b949c2a83 0.623s
2024-10-20 00:31:13.525 62795 INFO tempest.lib.common.rest_client [req-457c0e53-3703-42ae-a471-9989c7a01087 req-457c0e53-3703-42ae-a471-9989c7a01087 ] Request (SecurityGroupRulesTestJSON:tearDownClass): 202 DELETE http://10.180.1.21/compute/v2.1/os-security-groups/c2c117c4-a543-4f82-b116-d1fb29e24e29 0.619s
2024-10-20 00:31:13.551 62807 INFO tempest.lib.common.rest_client [req-608da3eb-a979-4331-a035-eea189aaae7a req-608da3eb-a979-4331-a035-eea189aaae7a ] Request (ServersTestManualDisk:setUpClass): 200 GET http://10.180.1.21/compute/v2.1/servers/e944e6e5-7bc0-4efb-a811-38221734ec4f 0.641s
2024-10-20 00:31:13.564 62781 INFO tempest.lib.common.rest_client [req-989f1697-2e92-4d16-8064-4812499cd806 req-989f1697-2e92-4d16-8064-4812499cd806 ] Request (ServerGroup264TestJSON:tearDownClass): 404 DELETE http://10.180.1.21/compute/v2.1/os-server-groups/96f326ac-7d64-4ca2-bc40-2832606bb10c 0.626s
2024-10-20 00:31:13.607 62801 INFO tempest.lib.common.rest_client [req-554b5f9e-53a7-424d-98c7-995e59899eca req-554b5f9e-53a7-424d-98c7-995e59899eca ] Request (ServersAaction247Test:tearDownClass): 200 GET http://10.180.1.21/compute/v2.1/servers/e976d2d2-aa69-473b-9dfc-e616b0132754 0.669s
2024-10-20 00:31:13.637 62783 INFO tempest.lib.common.rest_client [req-bea882b4-e6d2-49c9-a0ee-292d67f87c10 req-bea882b4-e6d2-49c9-a0ee-292d67f87c10 ] Request (TenantUsagesTestJSON:setUpClass): 200 GET http://10.180.1.21/compute/v2.1/servers/c3a43b3a-cb59-4431-a5d2-4c96db16337f 0.681s
2024-10-20 00:31:13.643 62783 INFO tempest.common.waiters [-] State transition "BUILD/spawning" ==> "ERROR/None" after 45 second wait
2024-10-20 00:31:13.670 62809 INFO tempest.lib.common.rest_client [req-593bf10d-c905-4fbd-bfc9-385069ccfaf5 req-593bf10d-c905-4fbd-bfc9-385069ccfaf5 ] Request (MultipleCreateTestJSON:test_multiple_create): 200 GET http://10.180.1.21/compute/v2.1/servers/1d25cdca-3c87-47a2-85aa-86f7132297b5 0.684s
2024-10-20 00:31:13.732 62803 INFO tempest.lib.common.rest_client [req-8cda6bc9-dad4-4e5e-98a7-7fb2267c40ea req-8cda6bc9-dad4-4e5e-98a7-7fb2267c40ea ] Request (ServersTestBootFromVolume:setUpClass): 200 GET http://10.180.1.21/compute/v2.1/servers/e1ead278-d904-41cc-bdfe-65174e8d6816 0.698s
2024-10-20 00:31:13.792 62769 INFO tempest.lib.common.rest_client [req-cb09d7ff-5bf6-4a53-9803-7e674e9ff6cc req-cb09d7ff-5bf6-4a53-9803-7e674e9ff6cc ] Request (ImagesNegativeTestJSON:test_create_image_from_deleted_server): 200 GET http://10.180.1.21/compute/v2.1/servers/e0aabeb7-7d4c-4358-8f6c-e423a0baea3b 0.711s
2024-10-20 00:31:13.858 62785 INFO tempest.lib.common.rest_client [req-d3f578d3-439b-4df8-acd5-30046a61585b req-d3f578d3-439b-4df8-acd5-30046a61585b ] Request (ServerShowV257Test:test_rebuild_server): 200 GET http://10.180.1.21/compute/v2.1/servers/20b01df0-4ced-4668-a786-046251a0c7ed 0.687s
2024-10-20 00:31:13.916 62789 INFO tempest.lib.common.rest_client [req-7f84cd52-0f74-4ca3-9247-f9bf71eacc57 req-7f84cd52-0f74-4ca3-9247-f9bf71eacc57 ] Request (ServerActionsTestOtherA:setUpClass): 200 GET http://10.180.1.21/compute/v2.1/servers/da9d2279-79ae-4371-bef5-08ae15f2d9c9 0.683s
2024-10-20 00:31:13.936 62815 INFO tempest.lib.common.rest_client [req-260fff1c-e59e-4aff-990f-d3c99ff827fd req-260fff1c-e59e-4aff-990f-d3c99ff827fd ] Request (FlavorsV255TestJSON:test_crud_flavor): 200 GET http://10.180.1.21/compute/v2.1/flavors 0.680s
2024-10-20 00:31:14.110 62775 INFO tempest.lib.common.rest_client [req-1e5044a2-6ed7-40b1-8710-59ddda908eab req-1e5044a2-6ed7-40b1-8710-59ddda908eab ] Request (QuotasAdminTestJSON:_run_cleanups): 200 PUT http://10.180.1.21/compute/v2.1/os-quota-sets/97268d51352f429998eac29b949c2a83 0.595s
2024-10-20 00:31:14.232 62775 INFO tempest.lib.common.rest_client [req-4fc72088-ede9-4072-bbd8-ead44f741597 req-4fc72088-ede9-4072-bbd8-ead44f741597 ] Request (QuotasAdminTestJSON:tearDownClass): 204 DELETE http://10.180.1.21/identity/v3/users/eabc79448ef74638a814922bdf098004 0.115s
2024-10-20 00:31:14.326 62775 INFO tempest.lib.common.rest_client [req-6d75af37-4454-45ef-8945-4a1d232feed5 req-6d75af37-4454-45ef-8945-4a1d232feed5 ] Request (QuotasAdminTestJSON:tearDownClass): 204 DELETE http://10.180.1.21/identity/v3/users/5c7b567efe1640e0853edf28a6cf0b71 0.094s
2024-10-20 00:31:14.327 62775 INFO tempest.lib.common.dynamic_creds [-] Deleting project and security group for project: 97268d51352f429998eac29b949c2a83
2024-10-20 00:31:14.377 62795 INFO tempest.lib.common.rest_client [req-bfd06eb0-f52f-4ee1-85ce-bdbf09905490 req-bfd06eb0-f52f-4ee1-85ce-bdbf09905490 ] Request (SecurityGroupRulesTestJSON:tearDownClass): 202 DELETE http://10.180.1.21/compute/v2.1/os-security-groups/d3e832a0-6c78-4e4a-bf91-0b4731ffafc4 0.851s
2024-10-20 00:31:14.390 62775 INFO tempest.lib.common.rest_client [req-fc0f8fb5-6ae1-4401-83be-fdc2cf89a768 req-fc0f8fb5-6ae1-4401-83be-fdc2cf89a768 ] Request (QuotasAdminTestJSON:tearDownClass): 201 POST http://10.180.1.21/identity/v3/auth/tokens 0.063s
2024-10-20 00:31:14.539 62775 INFO tempest.lib.common.rest_client [req-9cee5d2d-cc8a-48ef-91a0-e0e352582508 req-9cee5d2d-cc8a-48ef-91a0-e0e352582508 ] Request (QuotasAdminTestJSON:tearDownClass): 200 GET http://10.180.1.21:9696/networking/v2.0/security-groups?tenant_id=97268d51352f429998eac29b949c2a83&name=default 0.149s
2024-10-20 00:31:14.564 62783 INFO tempest.lib.common.rest_client [req-b01718d4-cc11-43c8-a07e-a5999564f2e4 req-b01718d4-cc11-43c8-a07e-a5999564f2e4 ] Request (TenantUsagesTestJSON:setUpClass): 204 DELETE http://10.180.1.21/compute/v2.1/servers/c3a43b3a-cb59-4431-a5d2-4c96db16337f 0.921s
2024-10-20 00:31:14.631 62775 INFO tempest.lib.common.rest_client [req-5ea9dd9c-729f-4f82-a468-cd05d97d80ed req-5ea9dd9c-729f-4f82-a468-cd05d97d80ed ] Request (QuotasAdminTestJSON:tearDownClass): 204 DELETE http://10.180.1.21:9696/networking/v2.0/security-groups/86da16e5-26a2-4098-83a6-ad225fc5045e 0.091s
2024-10-20 00:31:14.694 62775 INFO tempest.lib.common.rest_client [req-508a619c-d61e-4fc1-af64-68f05653c7b5 req-508a619c-d61e-4fc1-af64-68f05653c7b5 ] Request (QuotasAdminTestJSON:tearDownClass): 204 DELETE http://10.180.1.21/identity/v3/projects/97268d51352f429998eac29b949c2a83 0.063s
2024-10-20 00:31:14.694 62775 INFO tempest.lib.common.dynamic_creds [-] Deleting project and security group for project: 923b637833614de38d88576a5823135b
2024-10-20 00:31:14.735 62793 INFO tempest.lib.common.rest_client [req-80b279b1-4003-40c2-af34-638377bc4562 req-80b279b1-4003-40c2-af34-638377bc4562 ] Request (AttachInterfacesV270Test:test_create_get_list_interfaces): 200 GET http://10.180.1.21/compute/v2.1/servers/9c2c0e66-5c67-4e0a-9205-4080bda44a66 0.936s
2024-10-20 00:31:14.752 62815 INFO tempest.lib.common.rest_client [req-637b1215-23e3-4c98-a84d-543e16b1c259 req-637b1215-23e3-4c98-a84d-543e16b1c259 ] Request (FlavorsV255TestJSON:_run_cleanups): 202 DELETE http://10.180.1.21/compute/v2.1/flavors/1690710626 0.813s
2024-10-20 00:31:14.766 62787 INFO tempest.lib.common.rest_client [req-a6c3c882-e9ae-4b24-8e19-1bf11b801a9c req-a6c3c882-e9ae-4b24-8e19-1bf11b801a9c ] Request (FloatingIPDetailsTestJSON:test_get_floating_ip_details): 200 POST http://10.180.1.21/compute/v2.1/os-floating-ips 1.738s
2024-10-20 00:31:14.791 62775 INFO tempest.lib.common.rest_client [req-33c8f2e6-16ae-418b-b2c3-f885f283f57b req-33c8f2e6-16ae-418b-b2c3-f885f283f57b ] Request (QuotasAdminTestJSON:tearDownClass): 200 GET http://10.180.1.21:9696/networking/v2.0/security-groups?tenant_id=923b637833614de38d88576a5823135b&name=default 0.096s
2024-10-20 00:31:14.834 62765 INFO tempest.lib.common.rest_client [req-d1a487c4-dc0d-43b0-85cc-787a4f3ecc15 req-d1a487c4-dc0d-43b0-85cc-787a4f3ecc15 ] Request (VolumesAdminNegativeTest:test_update_attached_volume_with_nonexistent_volume_in_body): 200 GET http://10.180.1.21/compute/v2.1/servers/df69e966-4580-42c5-8c88-53008807c1d0 0.764s
2024-10-20 00:31:14.834 62773 INFO tempest.lib.common.rest_client [req-5cebbde7-1e1c-4de0-ae9c-5e9061b75264 req-5cebbde7-1e1c-4de0-ae9c-5e9061b75264 ] Request (ServersAdmin275Test:tearDownClass): 200 GET http://10.180.1.21/compute/v2.1/servers/4f3a0a33-43c0-42fb-8660-198ff4a8529a 0.806s
2024-10-20 00:31:14.877 62775 INFO tempest.lib.common.rest_client [req-2f719795-6e31-4466-b8f3-e77389cd7e23 req-2f719795-6e31-4466-b8f3-e77389cd7e23 ] Request (QuotasAdminTestJSON:tearDownClass): 204 DELETE http://10.180.1.21:9696/networking/v2.0/security-groups/262b00f4-972a-49b5-a032-3805f44457bc 0.084s
2024-10-20 00:31:14.895 62805 INFO tempest.lib.common.rest_client [req-5a8547cd-b9b8-459a-81e6-84337dd6a278 req-5a8547cd-b9b8-459a-81e6-84337dd6a278 ] Request (SecurityGroupsTestJSON:test_list_security_groups_by_server): 200 GET http://10.180.1.21/compute/v2.1/servers/dba06415-d503-4420-825e-76afc59f6153 0.803s
2024-10-20 00:31:14.897 62797 INFO tempest.lib.common.rest_client [req-a4dd1a93-d55b-463b-9f82-0bf494855b77 req-a4dd1a93-d55b-463b-9f82-0bf494855b77 ] Request (ServerTagsTestJSON:setUpClass): 200 GET http://10.180.1.21/compute/v2.1/servers/edd89a57-f026-4a3e-8b6b-111cc2321d9d 0.773s
2024-10-20 00:31:14.899 62781 INFO tempest.lib.common.rest_client [req-d11f3952-7eb1-4ccc-b4c0-b165b7818714 req-d11f3952-7eb1-4ccc-b4c0-b165b7818714 ] Request (ServerGroup264TestJSON:tearDownClass): 200 PUT http://10.180.1.21:9696/networking/v2.0/routers/c3cbea28-34ec-467d-95c6-d8f6d6ca4305/remove_router_interface 1.334s
2024-10-20 00:31:14.902 62805 INFO tempest.common.waiters [-] State transition "BUILD/spawning" ==> "BUILD/scheduling" after 46 second wait
2024-10-20 00:31:14.957 62767 INFO tempest.lib.common.rest_client [req-c71fd339-0d6e-40bb-ae4d-98bf35f4ef82 req-c71fd339-0d6e-40bb-ae4d-98bf35f4ef82 ] Request (VolumesAssistedSnapshotsTest:test_volume_assisted_snapshot_create_delete): 200 GET http://10.180.1.21/compute/v2.1/servers/da34c648-4074-494e-a569-e8e839207a70 0.769s
2024-10-20 00:31:14.957 62817 INFO tempest.lib.common.rest_client [req-45d4f214-8ad9-4dfa-a359-96dab246abe9 req-45d4f214-8ad9-4dfa-a359-96dab246abe9 ] Request (ServerAddressesNegativeTestJSON:setUpClass): 200 GET http://10.180.1.21/compute/v2.1/servers/166786ee-4b89-4683-831b-9f3c1c57fb08 0.820s
2024-10-20 00:31:14.979 62775 INFO tempest.lib.common.rest_client [req-4d2d56cf-0390-46b3-9303-dfbbf28b4ba6 req-4d2d56cf-0390-46b3-9303-dfbbf28b4ba6 ] Request (QuotasAdminTestJSON:tearDownClass): 204 DELETE http://10.180.1.21/identity/v3/projects/923b637833614de38d88576a5823135b 0.102s
2024-10-20 00:31:14.980 62775 INFO tempest.test [-] raised in TestMultiAttachVolumeSwap.setUpClass. Invoking tearDownClass.
2024-10-20 00:31:15.014 62791 INFO tempest.lib.common.rest_client [req-6fa70ea3-ae94-491b-9334-b3c18ed30fc8 req-6fa70ea3-ae94-491b-9334-b3c18ed30fc8 ] Request (ImagesTestJSON:test_create_image_from_suspended_server): 200 GET http://10.180.1.21/compute/v2.1/servers/215472ea-402c-4eb5-8ad3-b7ef756dfdc5 0.826s
2024-10-20 00:31:15.023 62771 INFO tempest.lib.common.rest_client [req-a1bc51b1-55ee-4508-bd9a-4cff1da5522e req-a1bc51b1-55ee-4508-bd9a-4cff1da5522e ] Request (ServersWithSpecificFlavorTestJSON:test_verify_created_server_ephemeral_disk): 200 GET http://10.180.1.21/compute/v2.1/servers/6d2a2f98-aa84-4766-a872-dc6e22bcc3e4 0.783s
2024-10-20 00:31:15.052 62775 INFO tempest.lib.common.rest_client [req-f07b68e9-677b-463a-993e-1c01b4b0adce req-f07b68e9-677b-463a-993e-1c01b4b0adce ] Request (ServersV294TestFqdnHostnames:setUpClass): 201 POST http://10.180.1.21/identity/v3/auth/tokens 0.066s
2024-10-20 00:31:15.067 62799 INFO tempest.lib.common.rest_client [req-95b69977-1f84-4c4c-97d4-21c450d1fdfe req-95b69977-1f84-4c4c-97d4-21c450d1fdfe ] Request (DeleteServersAdminTestJSON:test_delete_server_while_in_error_state): 200 GET http://10.180.1.21/compute/v2.1/servers/104b64ff-a042-4bee-a5fd-bbbdf288f63f 0.822s
2024-10-20 00:31:15.081 62759 INFO tempest.lib.common.rest_client [req-da82616d-b8e1-4544-bb35-3748741ca683 req-da82616d-b8e1-4544-bb35-3748741ca683 ] Request (FloatingIPsAssociationNegativeTestJSON:setUpClass): 200 GET http://10.180.1.21/compute/v2.1/servers/cd3d793a-aa56-4f07-a2fa-c56693548dfb 0.794s
2024-10-20 00:31:15.094 62775 INFO tempest.lib.common.rest_client [req-b4e2eb55-29ac-4b4c-a620-572311ccf902 req-b4e2eb55-29ac-4b4c-a620-572311ccf902 ] Request (ServersV294TestFqdnHostnames:setUpClass): 201 POST http://10.180.1.21/identity/v3/auth/tokens 0.039s
2024-10-20 00:31:15.120 62761 INFO tempest.lib.common.rest_client [req-9009e64a-8962-425f-bd06-5f458991b518 req-9009e64a-8962-425f-bd06-5f458991b518 ] Request (ListImageFiltersTestJSON:setUpClass): 200 GET http://10.180.1.21/compute/v2.1/servers/1c892e78-a863-4561-940d-b44701e97041 0.800s
2024-10-20 00:31:15.127 62761 INFO tempest.common.waiters [-] State transition "BUILD/scheduling" ==> "BUILD/None" after 29 second wait
2024-10-20 00:31:15.129 62775 INFO tempest.lib.common.rest_client [req-94749b81-be49-4157-8062-21f8fa7d9359 req-94749b81-be49-4157-8062-21f8fa7d9359 ] Request (ServersV294TestFqdnHostnames:setUpClass): 200 GET http://10.180.1.21/identity/v3/domains?name=Default 0.035s
2024-10-20 00:31:15.147 62777 INFO tempest.lib.common.rest_client [req-712ea96f-1d22-4de3-bc98-9109d65584d7 req-712ea96f-1d22-4de3-bc98-9109d65584d7 ] Request (ServerDiagnosticsNegativeTest:test_get_server_diagnostics_by_non_admin): 200 GET http://10.180.1.21/compute/v2.1/servers/fb33026e-b607-477f-b75f-779db7c5c34f 0.814s
2024-10-20 00:31:15.174 62775 INFO tempest.lib.common.rest_client [req-f4741d23-928a-4911-af45-c39c7be80c32 req-f4741d23-928a-4911-af45-c39c7be80c32 ] Request (ServersV294TestFqdnHostnames:setUpClass): 201 POST http://10.180.1.21/identity/v3/projects 0.044s
2024-10-20 00:31:15.178 62811 INFO tempest.lib.common.rest_client [req-d972b7cd-77b0-42ab-8f95-e9fc74b7710a req-d972b7cd-77b0-42ab-8f95-e9fc74b7710a ] Request (ServersAdminTestJSON:setUpClass): 200 GET http://10.180.1.21/compute/v2.1/servers/fe69caab-dd71-4b01-a121-2591111b193d 0.809s
2024-10-20 00:31:15.240 62775 INFO tempest.lib.common.rest_client [req-a668f08d-53d6-4260-8979-5633bde75db1 req-a668f08d-53d6-4260-8979-5633bde75db1 ] Request (ServersV294TestFqdnHostnames:setUpClass): 201 POST http://10.180.1.21/identity/v3/users 0.066s
2024-10-20 00:31:15.244 62779 INFO tempest.lib.common.rest_client [req-3e130635-f0ac-406b-aa53-e58432d4814e req-3e130635-f0ac-406b-aa53-e58432d4814e ] Request (ServerDiagnosticsV248Test:test_get_server_diagnostics): 200 GET http://10.180.1.21/compute/v2.1/servers/7653f469-5ce5-4d74-9a3f-55a6adb3a255 0.858s
2024-10-20 00:31:15.269 62775 INFO tempest.lib.common.rest_client [req-d118b7d9-213d-47dc-b692-28b52882223e req-d118b7d9-213d-47dc-b692-28b52882223e ] Request (ServersV294TestFqdnHostnames:setUpClass): 200 GET http://10.180.1.21/identity/v3/roles 0.029s
2024-10-20 00:31:15.303 62775 INFO tempest.lib.common.rest_client [req-4e466277-ca70-483a-9f08-5b5cdcebac2d req-4e466277-ca70-483a-9f08-5b5cdcebac2d ] Request (ServersV294TestFqdnHostnames:setUpClass): 204 PUT http://10.180.1.21/identity/v3/projects/e84f7147da104173b0807ea29b94cf41/users/016f2b75120648999bdb139b28f60900/roles/ac4825c5bde34a7083f6a97f96de035b 0.033s
2024-10-20 00:31:15.303 62775 INFO tempest.lib.common.dynamic_creds [-] Dynamic test user 016f2b75120648999bdb139b28f60900 is created with scope project and roles: ['member']
2024-10-20 00:31:15.304 62775 INFO tempest.lib.common.dynamic_creds [-] Acquired dynamic creds: credentials: Credentials: {'domain_id': 'default', 'domain_name': 'Default', 'username': 'tempest-ServersV294TestFqdnHostnames-620975717-project-member', 'project_domain_id': 'default', 'project_domain_name': 'Default', 'project_id': 'e84f7147da104173b0807ea29b94cf41', 'project_name': 'tempest-ServersV294TestFqdnHostnames-620975717', 'tenant_id': 'e84f7147da104173b0807ea29b94cf41', 'tenant_name': 'tempest-ServersV294TestFqdnHostnames-620975717', 'user_domain_id': 'default', 'user_domain_name': 'Default', 'user_id': '016f2b75120648999bdb139b28f60900', 'system': None}, Network: None, Subnet: None, Router: None
2024-10-20 00:31:15.309 62763 INFO tempest.lib.common.rest_client [req-824219a6-ff56-4dbb-80ec-a896d4a828ef req-824219a6-ff56-4dbb-80ec-a896d4a828ef ] Request (ServerDiskConfigTestJSON:test_rebuild_server_with_auto_disk_config): 200 GET http://10.180.1.21/compute/v2.1/servers/f7611f03-73bb-4c0c-b787-d3c7f077f5bf 0.883s
2024-10-20 00:31:15.338 62795 INFO tempest.lib.common.rest_client [req-c11d5db2-ba49-4e04-8966-12ed431e5158 req-c11d5db2-ba49-4e04-8966-12ed431e5158 ] Request (SecurityGroupRulesTestJSON:tearDownClass): 202 DELETE http://10.180.1.21/compute/v2.1/os-security-groups/ed8aa800-fcf2-4252-9797-47b3950ac89d 0.961s
2024-10-20 00:31:15.362 62775 INFO tempest.lib.common.rest_client [req-4fb54a7b-0647-419b-a9bc-675c946304ce req-4fb54a7b-0647-419b-a9bc-675c946304ce ] Request (ServersV294TestFqdnHostnames:setUpClass): 201 POST http://10.180.1.21/identity/v3/auth/tokens 0.058s
2024-10-20 00:31:15.363 62783 INFO tempest.lib.common.rest_client [req-db697beb-3683-4e8a-9f65-b153cc9e577d req-db697beb-3683-4e8a-9f65-b153cc9e577d ] Request (TenantUsagesTestJSON:setUpClass): 404 GET http://10.180.1.21/compute/v2.1/servers/c3a43b3a-cb59-4431-a5d2-4c96db16337f 0.798s
2024-10-20 00:31:15.363 62783 INFO tempest.test [-] raised in TenantUsagesTestJSON.setUpClass. Invoking tearDownClass.
2024-10-20 00:31:15.373 62807 INFO tempest.lib.common.rest_client [req-e6390a35-7609-4938-9fde-77c05cbb14c4 req-e6390a35-7609-4938-9fde-77c05cbb14c4 ] Request (ServersTestManualDisk:setUpClass): 200 GET http://10.180.1.21/compute/v2.1/servers/e944e6e5-7bc0-4efb-a811-38221734ec4f 0.816s
2024-10-20 00:31:15.450 62783 INFO tempest.lib.common.rest_client [req-37a0486f-39ba-4e03-9f5e-95a859fd12b6 req-37a0486f-39ba-4e03-9f5e-95a859fd12b6 ] Request (TenantUsagesTestJSON:tearDownClass): 204 DELETE http://10.180.1.21/identity/v3/users/0310c36a6d5e4738b821dbca13aa1049 0.086s
2024-10-20 00:31:15.467 62801 INFO tempest.lib.common.rest_client [req-a056bd72-978f-4188-92ec-3de132aec13a req-a056bd72-978f-4188-92ec-3de132aec13a ] Request (ServersAaction247Test:tearDownClass): 200 GET http://10.180.1.21/compute/v2.1/servers/e976d2d2-aa69-473b-9dfc-e616b0132754 0.849s
2024-10-20 00:31:15.480 62781 INFO tempest.lib.common.rest_client [req-0220ff22-5b97-4019-a93d-ed2e2965d7c5 req-0220ff22-5b97-4019-a93d-ed2e2965d7c5 ] Request (ServerGroup264TestJSON:tearDownClass): 204 DELETE http://10.180.1.21:9696/networking/v2.0/routers/c3cbea28-34ec-467d-95c6-d8f6d6ca4305 0.581s
2024-10-20 00:31:15.482 62809 INFO tempest.lib.common.rest_client [req-649aa262-6650-42f8-9c5c-0fbc074a8149 req-649aa262-6650-42f8-9c5c-0fbc074a8149 ] Request (MultipleCreateTestJSON:test_multiple_create): 200 GET http://10.180.1.21/compute/v2.1/servers/1d25cdca-3c87-47a2-85aa-86f7132297b5 0.803s
2024-10-20 00:31:15.501 62815 INFO tempest.lib.common.rest_client [req-07856c4a-7919-40ab-8eb8-75ef6a126870 req-07856c4a-7919-40ab-8eb8-75ef6a126870 ] Request (FlavorsV255TestJSON:_run_cleanups): 200 GET http://10.180.1.21/compute/v2.1/flavors/detail 0.748s
2024-10-20 00:31:15.527 62803 INFO tempest.lib.common.rest_client [req-7e7f2905-c511-45df-9b18-871fc85c3e22 req-7e7f2905-c511-45df-9b18-871fc85c3e22 ] Request (ServersTestBootFromVolume:setUpClass): 200 GET http://10.180.1.21/compute/v2.1/servers/e1ead278-d904-41cc-bdfe-65174e8d6816 0.783s
2024-10-20 00:31:15.572 62783 INFO tempest.lib.common.rest_client [req-55e5f17c-6cb2-4860-b426-38afda2eebe8 req-55e5f17c-6cb2-4860-b426-38afda2eebe8 ] Request (TenantUsagesTestJSON:tearDownClass): 204 DELETE http://10.180.1.21/identity/v3/users/de476b7c0d7d47e390f4a1c1efb2d06e 0.122s
2024-10-20 00:31:15.573 62783 INFO tempest.lib.common.dynamic_creds [-] Deleting project and security group for project: 4790f943d139446a85bb0fcb412a4341
2024-10-20 00:31:15.592 62815 INFO tempest.lib.common.rest_client [req-f71f0895-3a93-471f-b293-30543b8c09f3 req-f71f0895-3a93-471f-b293-30543b8c09f3 ] Request (FlavorsV255TestJSON:tearDownClass): 204 DELETE http://10.180.1.21/identity/v3/users/ae5b085a273e4ca595f1c9cbd6c05b3e 0.084s
2024-10-20 00:31:15.608 62769 INFO tempest.lib.common.rest_client [req-8f02ad09-6882-409c-b1cb-14de5ea429e1 req-8f02ad09-6882-409c-b1cb-14de5ea429e1 ] Request (ImagesNegativeTestJSON:test_create_image_from_deleted_server): 200 GET http://10.180.1.21/compute/v2.1/servers/e0aabeb7-7d4c-4358-8f6c-e423a0baea3b 0.803s
2024-10-20 00:31:15.642 62775 INFO tempest.lib.common.rest_client [req-f4a6f6dc-6409-400a-b932-a2785ea9fbc2 req-f4a6f6dc-6409-400a-b932-a2785ea9fbc2 ] Request (ServersV294TestFqdnHostnames:setUpClass): 201 POST http://10.180.1.21:9696/networking/v2.0/networks 0.279s
2024-10-20 00:31:15.652 62783 INFO tempest.lib.common.rest_client [req-9c528c2c-9573-44e8-ab2e-422eb84ff324 req-9c528c2c-9573-44e8-ab2e-422eb84ff324 ] Request (TenantUsagesTestJSON:tearDownClass): 201 POST http://10.180.1.21/identity/v3/auth/tokens 0.079s
2024-10-20 00:31:15.661 62787 INFO tempest.lib.common.rest_client [req-9e2ac758-f757-4031-a907-81913068f02e req-9e2ac758-f757-4031-a907-81913068f02e ] Request (FloatingIPDetailsTestJSON:test_get_floating_ip_details): 200 GET http://10.180.1.21/compute/v2.1/os-floating-ips/4cedfea9-087e-470e-b880-36d8aa0e7f88 0.893s
2024-10-20 00:31:15.693 62785 INFO tempest.lib.common.rest_client [req-1f8523dd-1784-45d6-a991-726da78bb913 req-1f8523dd-1784-45d6-a991-726da78bb913 ] Request (ServerShowV257Test:test_rebuild_server): 200 GET http://10.180.1.21/compute/v2.1/servers/20b01df0-4ced-4668-a786-046251a0c7ed 0.824s
2024-10-20 00:31:15.704 62785 INFO tempest.common.waiters [-] State transition "BUILD/None" ==> "BUILD/networking" after 39 second wait
2024-10-20 00:31:15.710 62781 INFO tempest.lib.common.rest_client [req-177e91ec-70b2-403c-b51c-ad42d7189773 req-177e91ec-70b2-403c-b51c-ad42d7189773 ] Request (ServerGroup264TestJSON:tearDownClass): 204 DELETE http://10.180.1.21:9696/networking/v2.0/subnets/a5cb701f-f200-4de9-a49b-4218f6ecbbb3 0.229s
2024-10-20 00:31:15.740 62815 INFO tempest.lib.common.rest_client [req-ccc43e51-19eb-408b-a992-f621d6d71033 req-ccc43e51-19eb-408b-a992-f621d6d71033 ] Request (FlavorsV255TestJSON:tearDownClass): 204 DELETE http://10.180.1.21/identity/v3/users/819fa9663e944235940344de0c6db95f 0.146s
2024-10-20 00:31:15.740 62815 INFO tempest.lib.common.dynamic_creds [-] Deleting project and security group for project: d3258007233c4b60bc332e5cc4cbea54
2024-10-20 00:31:15.742 62789 INFO tempest.lib.common.rest_client [req-2b0f5902-9cb9-4e39-ae4e-d0dbe5e1b743 req-2b0f5902-9cb9-4e39-ae4e-d0dbe5e1b743 ] Request (ServerActionsTestOtherA:setUpClass): 200 GET http://10.180.1.21/compute/v2.1/servers/da9d2279-79ae-4371-bef5-08ae15f2d9c9 0.818s
2024-10-20 00:31:15.801 62815 INFO tempest.lib.common.rest_client [req-7d7fd654-275d-4cad-995d-c7d39ba388c6 req-7d7fd654-275d-4cad-995d-c7d39ba388c6 ] Request (FlavorsV255TestJSON:tearDownClass): 201 POST http://10.180.1.21/identity/v3/auth/tokens 0.060s
2024-10-20 00:31:15.875 62783 INFO tempest.lib.common.rest_client [req-e72b5acb-5c37-441f-ad0c-cb3647d40d23 req-e72b5acb-5c37-441f-ad0c-cb3647d40d23 ] Request (TenantUsagesTestJSON:tearDownClass): 200 GET http://10.180.1.21:9696/networking/v2.0/security-groups?tenant_id=4790f943d139446a85bb0fcb412a4341&name=default 0.222s
2024-10-20 00:31:15.904 62795 INFO tempest.lib.common.rest_client [req-af84eab3-77a4-43c0-8862-3ed6e74d6733 req-af84eab3-77a4-43c0-8862-3ed6e74d6733 ] Request (SecurityGroupRulesTestJSON:tearDownClass): 202 DELETE http://10.180.1.21/compute/v2.1/os-security-groups/9225f5d0-95aa-49a3-b09e-c4f99b6b80b1 0.565s
2024-10-20 00:31:15.936 62781 INFO tempest.lib.common.rest_client [req-35dd76ee-4d8a-4c02-8a65-42e3ff46df71 req-35dd76ee-4d8a-4c02-8a65-42e3ff46df71 ] Request (ServerGroup264TestJSON:tearDownClass): 204 DELETE http://10.180.1.21:9696/networking/v2.0/networks/d902a998-c818-49a6-bac1-97caa9096daf 0.226s
2024-10-20 00:31:15.940 62775 INFO tempest.lib.common.rest_client [req-3bd78116-ca16-4398-9bd3-8183ed053aae req-3bd78116-ca16-4398-9bd3-8183ed053aae ] Request (ServersV294TestFqdnHostnames:setUpClass): 201 POST http://10.180.1.21:9696/networking/v2.0/subnets 0.297s
2024-10-20 00:31:16.002 62793 INFO tempest.lib.common.rest_client [req-282a5d52-9c06-464e-830d-3e392828d5d5 req-282a5d52-9c06-464e-830d-3e392828d5d5 ] Request (AttachInterfacesV270Test:test_create_get_list_interfaces): 200 GET http://10.180.1.21/compute/v2.1/servers/9c2c0e66-5c67-4e0a-9205-4080bda44a66 0.256s
2024-10-20 00:31:16.024 62781 INFO tempest.lib.common.rest_client [req-ca2f4f5f-52ff-4eef-a72e-2b63bb84729b req-ca2f4f5f-52ff-4eef-a72e-2b63bb84729b ] Request (ServerGroup264TestJSON:tearDownClass): 204 DELETE http://10.180.1.21/identity/v3/users/c1fab665e5ac457daa2477cd918be3a8 0.087s
2024-10-20 00:31:16.024 62781 INFO tempest.lib.common.dynamic_creds [-] Deleting project and security group for project: 78340e41772c4806812a49815161b5d7
2024-10-20 00:31:16.027 62815 INFO tempest.lib.common.rest_client [req-e322c785-2a2c-4291-80ec-22ec1807da74 req-e322c785-2a2c-4291-80ec-22ec1807da74 ] Request (FlavorsV255TestJSON:tearDownClass): 200 GET http://10.180.1.21:9696/networking/v2.0/security-groups?tenant_id=d3258007233c4b60bc332e5cc4cbea54&name=default 0.226s
2024-10-20 00:31:16.032 62783 INFO tempest.lib.common.rest_client [req-5a274db1-fd41-46e9-b8fd-dd007b56f6d1 req-5a274db1-fd41-46e9-b8fd-dd007b56f6d1 ] Request (TenantUsagesTestJSON:tearDownClass): 204 DELETE http://10.180.1.21:9696/networking/v2.0/security-groups/abd1ca4c-e2dc-408f-bbd9-2305fa4dd640 0.156s
2024-10-20 00:31:16.068 62765 INFO tempest.lib.common.rest_client [req-c35c3a5b-5f5b-40c7-80a0-a8a261c8f461 req-c35c3a5b-5f5b-40c7-80a0-a8a261c8f461 ] Request (VolumesAdminNegativeTest:test_update_attached_volume_with_nonexistent_volume_in_body): 200 GET http://10.180.1.21/compute/v2.1/servers/df69e966-4580-42c5-8c88-53008807c1d0 0.227s
2024-10-20 00:31:16.084 62781 INFO tempest.lib.common.rest_client [req-19393df6-1347-4389-93c7-f3f886746c89 req-19393df6-1347-4389-93c7-f3f886746c89 ] Request (ServerGroup264TestJSON:tearDownClass): 200 GET http://10.180.1.21:9696/networking/v2.0/security-groups?tenant_id=78340e41772c4806812a49815161b5d7&name=default 0.060s
2024-10-20 00:31:16.120 62783 INFO tempest.lib.common.rest_client [req-2f7f5fbb-b022-4e22-998c-fba4e6019159 req-2f7f5fbb-b022-4e22-998c-fba4e6019159 ] Request (TenantUsagesTestJSON:tearDownClass): 204 DELETE http://10.180.1.21/identity/v3/projects/4790f943d139446a85bb0fcb412a4341 0.088s
2024-10-20 00:31:16.121 62783 INFO tempest.lib.common.dynamic_creds [-] Deleting project and security group for project: d9426fc6f1c94f5caee503ea51ef3bad
2024-10-20 00:31:16.151 62773 INFO tempest.lib.common.rest_client [req-7dd6e8fd-803c-4d32-a6e8-4c3cb988f86e req-7dd6e8fd-803c-4d32-a6e8-4c3cb988f86e ] Request (ServersAdmin275Test:tearDownClass): 200 GET http://10.180.1.21/compute/v2.1/servers/4f3a0a33-43c0-42fb-8660-198ff4a8529a 0.307s
2024-10-20 00:31:16.203 62815 INFO tempest.lib.common.rest_client [req-5229e71a-e8fb-445b-93ba-5b0548c9f981 req-5229e71a-e8fb-445b-93ba-5b0548c9f981 ] Request (FlavorsV255TestJSON:tearDownClass): 204 DELETE http://10.180.1.21:9696/networking/v2.0/security-groups/5232c159-adfb-45a6-abf1-670f6104b72a 0.175s
2024-10-20 00:31:16.228 62805 INFO tempest.lib.common.rest_client [req-76d4fa43-89e2-4c09-925e-f7d087c29002 req-76d4fa43-89e2-4c09-925e-f7d087c29002 ] Request (SecurityGroupsTestJSON:test_list_security_groups_by_server): 200 GET http://10.180.1.21/compute/v2.1/servers/dba06415-d503-4420-825e-76afc59f6153 0.325s
2024-10-20 00:31:16.234 62805 INFO tempest.common.waiters [-] State transition "BUILD/scheduling" ==> "ERROR/None" after 48 second wait
2024-10-20 00:31:16.267 62781 INFO tempest.lib.common.rest_client [req-8d68f85e-6504-4d7d-a5e9-710d977f98f6 req-8d68f85e-6504-4d7d-a5e9-710d977f98f6 ] Request (ServerGroup264TestJSON:tearDownClass): 204 DELETE http://10.180.1.21:9696/networking/v2.0/security-groups/899c3f00-3966-47a5-8374-845e60955a60 0.182s
2024-10-20 00:31:16.302 62787 INFO tempest.lib.common.rest_client [req-40eeddb3-0bec-4dba-87a8-5128860f7926 req-40eeddb3-0bec-4dba-87a8-5128860f7926 ] Request (FloatingIPDetailsTestJSON:_run_cleanups): 202 DELETE http://10.180.1.21/compute/v2.1/os-floating-ips/4cedfea9-087e-470e-b880-36d8aa0e7f88 0.639s
2024-10-20 00:31:16.341 62783 INFO tempest.lib.common.rest_client [req-e91a9f73-866a-4c11-83b1-9823ed853513 req-e91a9f73-866a-4c11-83b1-9823ed853513 ] Request (TenantUsagesTestJSON:tearDownClass): 200 GET http://10.180.1.21:9696/networking/v2.0/security-groups?tenant_id=d9426fc6f1c94f5caee503ea51ef3bad&name=default 0.220s
2024-10-20 00:31:16.347 62815 INFO tempest.lib.common.rest_client [req-f95e6788-b2d3-441e-b689-ad47d980d1a0 req-f95e6788-b2d3-441e-b689-ad47d980d1a0 ] Request (FlavorsV255TestJSON:tearDownClass): 204 DELETE http://10.180.1.21/identity/v3/projects/d3258007233c4b60bc332e5cc4cbea54 0.142s
2024-10-20 00:31:16.347 62815 INFO tempest.lib.common.dynamic_creds [-] Deleting project and security group for project: 41be0cebf4e043ef8b18442a60d2eee4
2024-10-20 00:31:16.359 62781 INFO tempest.lib.common.rest_client [req-c7c1f7cb-5ad4-42c7-8cce-f24c93488384 req-c7c1f7cb-5ad4-42c7-8cce-f24c93488384 ] Request (ServerGroup264TestJSON:tearDownClass): 204 DELETE http://10.180.1.21/identity/v3/projects/78340e41772c4806812a49815161b5d7 0.092s
2024-10-20 00:31:16.370 62797 INFO tempest.lib.common.rest_client [req-54cf8124-24be-46de-b993-653bf687f6bd req-54cf8124-24be-46de-b993-653bf687f6bd ] Request (ServerTagsTestJSON:setUpClass): 200 GET http://10.180.1.21/compute/v2.1/servers/edd89a57-f026-4a3e-8b6b-111cc2321d9d 0.464s
2024-10-20 00:31:16.408 62795 INFO tempest.lib.common.rest_client [req-7b119b79-8ad2-409b-b5dc-c012291afcb2 req-7b119b79-8ad2-409b-b5dc-c012291afcb2 ] Request (SecurityGroupRulesTestJSON:tearDownClass): 202 DELETE http://10.180.1.21/compute/v2.1/os-security-groups/69de8af0-7115-4156-aaf9-8a975b247c3d 0.504s
2024-10-20 00:31:16.443 62767 INFO tempest.lib.common.rest_client [req-b38fa739-2e95-48c8-beac-a86e5e878f2e req-b38fa739-2e95-48c8-beac-a86e5e878f2e ] Request (VolumesAssistedSnapshotsTest:test_volume_assisted_snapshot_create_delete): 200 GET http://10.180.1.21/compute/v2.1/servers/da34c648-4074-494e-a569-e8e839207a70 0.477s
2024-10-20 00:31:16.482 62817 INFO tempest.lib.common.rest_client [req-6a0da7ff-aa1b-4124-8844-82ba5ba2880f req-6a0da7ff-aa1b-4124-8844-82ba5ba2880f ] Request (ServerAddressesNegativeTestJSON:setUpClass): 200 GET http://10.180.1.21/compute/v2.1/servers/166786ee-4b89-4683-831b-9f3c1c57fb08 0.516s
2024-10-20 00:31:16.507 62783 INFO tempest.lib.common.rest_client [req-5a129b5f-f343-4b9e-a2fc-286c39e95253 req-5a129b5f-f343-4b9e-a2fc-286c39e95253 ] Request (TenantUsagesTestJSON:tearDownClass): 204 DELETE http://10.180.1.21:9696/networking/v2.0/security-groups/c2b254ed-476e-47aa-b208-7861f126fcd4 0.164s
2024-10-20 00:31:16.509 62791 INFO tempest.lib.common.rest_client [req-4e1b2c5a-05be-4fef-850f-9373852a4929 req-4e1b2c5a-05be-4fef-850f-9373852a4929 ] Request (ImagesTestJSON:test_create_image_from_suspended_server): 200 GET http://10.180.1.21/compute/v2.1/servers/215472ea-402c-4eb5-8ad3-b7ef756dfdc5 0.483s
2024-10-20 00:31:16.543 62771 INFO tempest.lib.common.rest_client [req-c82e1057-bb27-4560-9480-7c9fdf9615cf req-c82e1057-bb27-4560-9480-7c9fdf9615cf ] Request (ServersWithSpecificFlavorTestJSON:test_verify_created_server_ephemeral_disk): 200 GET http://10.180.1.21/compute/v2.1/servers/6d2a2f98-aa84-4766-a872-dc6e22bcc3e4 0.513s
2024-10-20 00:31:16.554 62815 INFO tempest.lib.common.rest_client [req-062e41f8-8638-4b75-8da0-0af5a5e516c7 req-062e41f8-8638-4b75-8da0-0af5a5e516c7 ] Request (FlavorsV255TestJSON:tearDownClass): 200 GET http://10.180.1.21:9696/networking/v2.0/security-groups?tenant_id=41be0cebf4e043ef8b18442a60d2eee4&name=default 0.206s
2024-10-20 00:31:16.570 62799 INFO tempest.lib.common.rest_client [req-ccea97c3-7dce-4d43-808b-2a8239f75354 req-ccea97c3-7dce-4d43-808b-2a8239f75354 ] Request (DeleteServersAdminTestJSON:test_delete_server_while_in_error_state): 200 GET http://10.180.1.21/compute/v2.1/servers/104b64ff-a042-4bee-a5fd-bbbdf288f63f 0.492s
2024-10-20 00:31:16.624 62759 INFO tempest.lib.common.rest_client [req-a5087670-2144-4d96-9a28-4468d5aecee0 req-a5087670-2144-4d96-9a28-4468d5aecee0 ] Request (FloatingIPsAssociationNegativeTestJSON:setUpClass): 200 GET http://10.180.1.21/compute/v2.1/servers/cd3d793a-aa56-4f07-a2fa-c56693548dfb 0.528s
2024-10-20 00:31:16.638 62761 INFO tempest.lib.common.rest_client [req-c448461f-cc36-4688-b263-d26ca0b3ef3c req-c448461f-cc36-4688-b263-d26ca0b3ef3c ] Request (ListImageFiltersTestJSON:setUpClass): 200 GET http://10.180.1.21/compute/v2.1/servers/1c892e78-a863-4561-940d-b44701e97041 0.509s
2024-10-20 00:31:16.685 62783 INFO tempest.lib.common.rest_client [req-5bfc2d9f-005b-4bb3-9dc9-b521b8d65529 req-5bfc2d9f-005b-4bb3-9dc9-b521b8d65529 ] Request (TenantUsagesTestJSON:tearDownClass): 204 DELETE http://10.180.1.21/identity/v3/projects/d9426fc6f1c94f5caee503ea51ef3bad 0.177s
2024-10-20 00:31:16.709 62777 INFO tempest.lib.common.rest_client [req-d1cde8a2-600b-439a-b4c2-5cd14c243a48 req-d1cde8a2-600b-439a-b4c2-5cd14c243a48 ] Request (ServerDiagnosticsNegativeTest:test_get_server_diagnostics_by_non_admin): 200 GET http://10.180.1.21/compute/v2.1/servers/fb33026e-b607-477f-b75f-779db7c5c34f 0.552s
2024-10-20 00:31:16.710 62811 INFO tempest.lib.common.rest_client [req-ea30c5e0-6868-40db-a6f5-01b2e22baff0 req-ea30c5e0-6868-40db-a6f5-01b2e22baff0 ] Request (ServersAdminTestJSON:setUpClass): 200 GET http://10.180.1.21/compute/v2.1/servers/fe69caab-dd71-4b01-a121-2591111b193d 0.524s
2024-10-20 00:31:16.780 62779 INFO tempest.lib.common.rest_client [req-37b396a4-3cd5-47e9-ab72-cf1b69341007 req-37b396a4-3cd5-47e9-ab72-cf1b69341007 ] Request (ServerDiagnosticsV248Test:test_get_server_diagnostics): 200 GET http://10.180.1.21/compute/v2.1/servers/7653f469-5ce5-4d74-9a3f-55a6adb3a255 0.522s
2024-10-20 00:31:16.783 62783 INFO tempest.lib.common.rest_client [req-166ee16f-b89c-4a52-8343-3913de7c4484 req-166ee16f-b89c-4a52-8343-3913de7c4484 ] Request (ImagesDeleteNegativeTestJSON:setUpClass): 201 POST http://10.180.1.21/identity/v3/auth/tokens 0.091s
2024-10-20 00:31:16.800 62815 INFO tempest.lib.common.rest_client [req-289620fa-5f91-4ed8-8094-785d90890db1 req-289620fa-5f91-4ed8-8094-785d90890db1 ] Request (FlavorsV255TestJSON:tearDownClass): 204 DELETE http://10.180.1.21:9696/networking/v2.0/security-groups/df611c4d-a354-4009-810f-e9c06981fd59 0.245s
2024-10-20 00:31:16.828 62783 INFO tempest.lib.common.rest_client [req-b1777389-042a-4c92-8dd8-bef014c2606b req-b1777389-042a-4c92-8dd8-bef014c2606b ] Request (ImagesDeleteNegativeTestJSON:setUpClass): 201 POST http://10.180.1.21/identity/v3/auth/tokens 0.039s
2024-10-20 00:31:16.850 62783 INFO tempest.lib.common.rest_client [req-9eacd031-f014-44f8-80f3-700cd0abd6a3 req-9eacd031-f014-44f8-80f3-700cd0abd6a3 ] Request (ImagesDeleteNegativeTestJSON:setUpClass): 200 GET http://10.180.1.21/identity/v3/domains?name=Default 0.021s
2024-10-20 00:31:16.875 62815 INFO tempest.lib.common.rest_client [req-5e527bf5-1e98-4ac8-8a53-86e448206423 req-5e527bf5-1e98-4ac8-8a53-86e448206423 ] Request (FlavorsV255TestJSON:tearDownClass): 204 DELETE http://10.180.1.21/identity/v3/projects/41be0cebf4e043ef8b18442a60d2eee4 0.075s
2024-10-20 00:31:16.903 62815 INFO tempest.lib.common.rest_client [req-09fa766b-f526-4673-9c09-feaa8f19f9bd req-09fa766b-f526-4673-9c09-feaa8f19f9bd ] Request (InstanceUsageAuditLogTestJSON:setUpClass): 201 POST http://10.180.1.21/identity/v3/auth/tokens 0.026s
2024-10-20 00:31:16.922 62783 INFO tempest.lib.common.rest_client [req-11ac8a91-d892-445c-86e4-a1be3b989541 req-11ac8a91-d892-445c-86e4-a1be3b989541 ] Request (ImagesDeleteNegativeTestJSON:setUpClass): 201 POST http://10.180.1.21/identity/v3/projects 0.071s
2024-10-20 00:31:16.928 62787 INFO tempest.lib.common.rest_client [req-242ae678-0f7e-413b-83a9-c2b6f9141ce6 req-242ae678-0f7e-413b-83a9-c2b6f9141ce6 ] Request (FloatingIPDetailsTestJSON:test_list_floating_ips): 200 GET http://10.180.1.21/compute/v2.1/os-floating-ips 0.624s
2024-10-20 00:31:16.963 62815 INFO tempest.lib.common.rest_client [req-28fac678-27c6-4832-8d17-fb49d535e022 req-28fac678-27c6-4832-8d17-fb49d535e022 ] Request (InstanceUsageAuditLogTestJSON:setUpClass): 201 POST http://10.180.1.21/identity/v3/auth/tokens 0.058s
2024-10-20 00:31:16.965 62805 INFO tempest.lib.common.rest_client [req-733bbb12-3e64-4aec-b126-a4b8951b0ad9 req-733bbb12-3e64-4aec-b126-a4b8951b0ad9 ] Request (SecurityGroupsTestJSON:test_list_security_groups_by_server): 204 DELETE http://10.180.1.21/compute/v2.1/servers/dba06415-d503-4420-825e-76afc59f6153 0.731s
2024-10-20 00:31:16.984 62815 INFO tempest.lib.common.rest_client [req-60270c30-d050-4095-a9dc-b1f9c381b401 req-60270c30-d050-4095-a9dc-b1f9c381b401 ] Request (InstanceUsageAuditLogTestJSON:setUpClass): 200 GET http://10.180.1.21/identity/v3/domains?name=Default 0.019s
2024-10-20 00:31:16.986 62783 INFO tempest.lib.common.rest_client [req-5d98c165-0b77-4a85-8969-4fff0b6489d7 req-5d98c165-0b77-4a85-8969-4fff0b6489d7 ] Request (ImagesDeleteNegativeTestJSON:setUpClass): 201 POST http://10.180.1.21/identity/v3/users 0.063s
2024-10-20 00:31:16.988 62763 INFO tempest.lib.common.rest_client [req-6a681300-3da7-4a20-b78c-b22f66549c68 req-6a681300-3da7-4a20-b78c-b22f66549c68 ] Request (ServerDiskConfigTestJSON:test_rebuild_server_with_auto_disk_config): 200 GET http://10.180.1.21/compute/v2.1/servers/f7611f03-73bb-4c0c-b787-d3c7f077f5bf 0.669s
2024-10-20 00:31:17.003 62783 INFO tempest.lib.common.rest_client [req-4178e4f1-9a75-4e11-b5b1-e5dd79404317 req-4178e4f1-9a75-4e11-b5b1-e5dd79404317 ] Request (ImagesDeleteNegativeTestJSON:setUpClass): 200 GET http://10.180.1.21/identity/v3/roles 0.017s
2024-10-20 00:31:17.015 62815 INFO tempest.lib.common.rest_client [req-046f0e11-f062-49f2-9c18-52f81bd2e5ae req-046f0e11-f062-49f2-9c18-52f81bd2e5ae ] Request (InstanceUsageAuditLogTestJSON:setUpClass): 201 POST http://10.180.1.21/identity/v3/projects 0.030s
