2024-10-20 00:31:35.326 62787 INFO tempest.lib.common.dynamic_creds [-] Created isolated network resources for: credentials: Credentials: {'domain_id': 'default', 'domain_name': 'Default', 'username': 'tempest-AttachInterfacesUnderV243Test-475351532-project-member', 'project_domain_id': 'default', 'project_domain_name': 'Default', 'project_id': '0d80f916ee8d4b039d1ca4a1faade851', 'project_name': 'tempest-AttachInterfacesUnderV243Test-475351532', 'tenant_id': '0d80f916ee8d4b039d1ca4a1faade851', 'tenant_name': 'tempest-AttachInterfacesUnderV243Test-475351532', 'user_domain_id': 'default', 'user_domain_name': 'Default', 'user_id': 'e4cdc04a54564499892146525ba8b1f7', 'system': None}, Network: {'id': '30b75eee-0359-4fb9-a85e-55067d39df14', 'name': 'tempest-AttachInterfacesUnderV243Test-1515329731-network', 'tenant_id': '0d80f916ee8d4b039d1ca4a1faade851', 'admin_state_up': True, 'mtu': 8950, 'status': 'ACTIVE', 'subnets': [], 'shared': False, 'project_id': '0d80f916ee8d4b039d1ca4a1faade851', 'port_security_enabled': True, 'router:external': False, 'provider:network_type': 'vlan', 'provider:physical_network': 'default', 'provider:segmentation_id': 650, 'is_default': False, 'availability_zone_hints': [], 'availability_zones': [], 'ipv4_address_scope': None, 'ipv6_address_scope': None, 'description': '', 'tags': [], 'created_at': '2024-10-20T00:31:32Z', 'updated_at': '2024-10-20T00:31:32Z', 'revision_number': 1}, Subnet: {'id': 'f7e317c4-745b-4307-a930-071f0aeb147a', 'name': 'tempest-AttachInterfacesUnderV243Test-1515329731-subnet', 'tenant_id': '0d80f916ee8d4b039d1ca4a1faade851', 'network_id': '30b75eee-0359-4fb9-a85e-55067d39df14', 'ip_version': 4, 'subnetpool_id': None, 'enable_dhcp': True, 'ipv6_ra_mode': None, 'ipv6_address_mode': None, 'gateway_ip': '192.168.128.1', 'cidr': '192.168.128.0/28', 'allocation_pools': [{'start': '192.168.128.2', 'end': '192.168.128.14'}], 'host_routes': [], 'dns_nameservers': [], 'description': '', 'router:external': False, 'service_types': [], 'tags': [], 'created_at': '2024-10-20T00:31:32Z', 'updated_at': '2024-10-20T00:31:32Z', 'revision_number': 0, 'project_id': '0d80f916ee8d4b039d1ca4a1faade851'}, Router: {'id': 'cc1ece9f-b30a-4230-9d0e-2c45cb951096', 'name': 'tempest-AttachInterfacesUnderV243Test-1515329731-router', 'tenant_id': '0d80f916ee8d4b039d1ca4a1faade851', 'admin_state_up': True, 'status': 'ACTIVE', 'external_gateway_info': {'network_id': 'e83b845d-d5d6-4421-ad3e-da8b066f5a3b', 'external_fixed_ips': [{'subnet_id': '023b1906-927c-4aed-b038-2054cbcd4264', 'ip_address': '10.180.180.151'}], 'enable_snat': True}, 'description': '', 'availability_zones': [], 'distributed': False, 'ha': False, 'availability_zone_hints': [], 'routes': [], 'flavor_id': None, 'tags': [], 'created_at': '2024-10-20T00:31:32Z', 'updated_at': '2024-10-20T00:31:33Z', 'revision_number': 2, 'project_id': '0d80f916ee8d4b039d1ca4a1faade851'}
2024-10-20 00:31:35.346 62811 INFO tempest.lib.common.rest_client [req-72224b1c-2b05-42f2-a797-9b60cde3f177 req-72224b1c-2b05-42f2-a797-9b60cde3f177 ] Request (ServersAdminTestJSON:setUpClass): 200 GET http://10.180.1.21/compute/v2.1/servers/fe69caab-dd71-4b01-a121-2591111b193d 0.064s
2024-10-20 00:31:35.362 62763 INFO tempest.lib.common.rest_client [req-41236cf4-b466-4ddf-b141-9a52d719c2fc req-41236cf4-b466-4ddf-b141-9a52d719c2fc ] Request (ServerDiskConfigTestJSON:test_rebuild_server_with_auto_disk_config): 200 GET http://10.180.1.21/compute/v2.1/servers/f7611f03-73bb-4c0c-b787-d3c7f077f5bf 0.061s
2024-10-20 00:31:35.405 62767 INFO tempest.lib.common.rest_client [req-19e6a48d-c833-49c4-8dcf-193bbf16aea5 req-19e6a48d-c833-49c4-8dcf-193bbf16aea5 ] Request (VolumesAssistedSnapshotsTest:tearDownClass): 204 DELETE http://10.180.1.21/identity/v3/projects/dd8558ede7d84e2a80833b953d4d23b5 0.109s
2024-10-20 00:31:35.413 62807 INFO tempest.lib.common.rest_client [req-ac90bc71-c2a7-4569-b11c-0dde1bd2cd5c req-ac90bc71-c2a7-4569-b11c-0dde1bd2cd5c ] Request (ServersTestManualDisk:setUpClass): 200 GET http://10.180.1.21/compute/v2.1/servers/e944e6e5-7bc0-4efb-a811-38221734ec4f 0.071s
2024-10-20 00:31:35.426 62787 INFO tempest.lib.common.rest_client [req-cbf312e0-b48a-43bb-a1f5-50732bbf2c49 req-cbf312e0-b48a-43bb-a1f5-50732bbf2c49 ] Request (AttachInterfacesUnderV243Test:setUpClass): 201 POST http://10.180.1.21/identity/v3/auth/tokens 0.096s
2024-10-20 00:31:35.466 62801 INFO tempest.lib.common.rest_client [req-b9a49403-609d-49c4-927b-66c7b6ab23c1 req-b9a49403-609d-49c4-927b-66c7b6ab23c1 ] Request (ServersAaction247Test:tearDownClass): 200 GET http://10.180.1.21/compute/v2.1/servers/e976d2d2-aa69-473b-9dfc-e616b0132754 0.083s
2024-10-20 00:31:35.478 62775 INFO tempest.lib.common.rest_client [req-62ffbf39-7dbe-4bee-947a-9fa62bfe7144 req-62ffbf39-7dbe-4bee-947a-9fa62bfe7144 ] Request (ServersV294TestFqdnHostnames:setUpClass): 200 GET http://10.180.1.21/compute/v2.1/servers/a4965864-0127-4842-9478-76e369e2ecbe 0.070s
2024-10-20 00:31:35.495 62767 INFO tempest.lib.common.rest_client [req-b62cd899-88d5-4c38-b2fa-8318f5a6b3a8 req-b62cd899-88d5-4c38-b2fa-8318f5a6b3a8 ] Request (ServersAdminNegativeTestJSON:setUpClass): 201 POST http://10.180.1.21/identity/v3/auth/tokens 0.088s
2024-10-20 00:31:35.528 62767 INFO tempest.lib.common.rest_client [req-57d85a1e-4de1-414e-80d3-7e04084fd232 req-57d85a1e-4de1-414e-80d3-7e04084fd232 ] Request (ServersAdminNegativeTestJSON:setUpClass): 201 POST http://10.180.1.21/identity/v3/auth/tokens 0.029s
2024-10-20 00:31:35.532 62815 INFO tempest.lib.common.rest_client [req-bfe39563-a4bf-494b-b4db-0f4e9c24d245 req-bfe39563-a4bf-494b-b4db-0f4e9c24d245 ] Request (ListServersNegativeTestJSON:setUpClass): 200 GET http://10.180.1.21/compute/v2.1/servers/5adbe047-7055-428f-b72b-67023c68cc04 0.094s
2024-10-20 00:31:35.556 62767 INFO tempest.lib.common.rest_client [req-ef040b72-aac5-4bf6-83b9-94021883d51b req-ef040b72-aac5-4bf6-83b9-94021883d51b ] Request (ServersAdminNegativeTestJSON:setUpClass): 200 GET http://10.180.1.21/identity/v3/domains?name=Default 0.026s
2024-10-20 00:31:35.586 62783 INFO tempest.lib.common.rest_client [req-d6e8470b-f520-46a7-a51e-8db2c03a665a req-d6e8470b-f520-46a7-a51e-8db2c03a665a ] Request (ListServerFiltersTestJSON:setUpClass): 200 GET http://10.180.1.21/compute/v2.1/servers/72e3b843-c54a-4de7-ace9-ee25c5df14bd 0.050s
2024-10-20 00:31:35.591 62767 INFO tempest.lib.common.rest_client [req-bc5bcae3-2563-4b57-b372-fe237a2a48d1 req-bc5bcae3-2563-4b57-b372-fe237a2a48d1 ] Request (ServersAdminNegativeTestJSON:setUpClass): 201 POST http://10.180.1.21/identity/v3/projects 0.035s
2024-10-20 00:31:35.637 62803 INFO tempest.lib.common.rest_client [req-c5ead724-7bdf-4639-9169-108fc2fc007e req-c5ead724-7bdf-4639-9169-108fc2fc007e ] Request (ServersTestBootFromVolume:setUpClass): 200 GET http://10.180.1.21/compute/v2.1/servers/e1ead278-d904-41cc-bdfe-65174e8d6816 0.095s
2024-10-20 00:31:35.647 62787 INFO tempest.lib.common.rest_client [req-e6d3dcaf-9973-462b-b5e2-48499c47b4ca req-e6d3dcaf-9973-462b-b5e2-48499c47b4ca ] Request (ValidationResourcesFixture:setUp): 200 POST http://10.180.1.21/compute/v2.1/os-keypairs 0.217s
2024-10-20 00:31:35.675 62767 INFO tempest.lib.common.rest_client [req-df23b4da-bb2c-4a33-89f7-01ac4ffe292a req-df23b4da-bb2c-4a33-89f7-01ac4ffe292a ] Request (ServersAdminNegativeTestJSON:setUpClass): 201 POST http://10.180.1.21/identity/v3/users 0.083s
2024-10-20 00:31:35.701 62767 INFO tempest.lib.common.rest_client [req-50cc0bee-be1e-4cc7-9aa2-35d95db2cab2 req-50cc0bee-be1e-4cc7-9aa2-35d95db2cab2 ] Request (ServersAdminNegativeTestJSON:setUpClass): 200 GET http://10.180.1.21/identity/v3/roles 0.025s
2024-10-20 00:31:35.745 62767 INFO tempest.lib.common.rest_client [req-334d3c20-5f30-414c-b492-29ec1ee481da req-334d3c20-5f30-414c-b492-29ec1ee481da ] Request (ServersAdminNegativeTestJSON:setUpClass): 204 PUT http://10.180.1.21/identity/v3/projects/8e6034d8bc2645e491d404fd8ba25c3c/users/0880cde418fd4cf1b03c7c2fe2a3991c/roles/ac4825c5bde34a7083f6a97f96de035b 0.044s
2024-10-20 00:31:35.745 62767 INFO tempest.lib.common.dynamic_creds [-] Dynamic test user 0880cde418fd4cf1b03c7c2fe2a3991c is created with scope project and roles: ['member']
2024-10-20 00:31:35.746 62767 INFO tempest.lib.common.dynamic_creds [-] Acquired dynamic creds: credentials: Credentials: {'domain_id': 'default', 'domain_name': 'Default', 'username': 'tempest-ServersAdminNegativeTestJSON-1018915910-project-member', 'project_domain_id': 'default', 'project_domain_name': 'Default', 'project_id': '8e6034d8bc2645e491d404fd8ba25c3c', 'project_name': 'tempest-ServersAdminNegativeTestJSON-1018915910', 'tenant_id': '8e6034d8bc2645e491d404fd8ba25c3c', 'tenant_name': 'tempest-ServersAdminNegativeTestJSON-1018915910', 'user_domain_id': 'default', 'user_domain_name': 'Default', 'user_id': '0880cde418fd4cf1b03c7c2fe2a3991c', 'system': None}, Network: None, Subnet: None, Router: None
2024-10-20 00:31:35.746 62767 INFO tempest.lib.common.dynamic_creds [-] Created isolated network resources for: credentials: Credentials: {'domain_id': 'default', 'domain_name': 'Default', 'username': 'tempest-ServersAdminNegativeTestJSON-1018915910-project-member', 'project_domain_id': 'default', 'project_domain_name': 'Default', 'project_id': '8e6034d8bc2645e491d404fd8ba25c3c', 'project_name': 'tempest-ServersAdminNegativeTestJSON-1018915910', 'tenant_id': '8e6034d8bc2645e491d404fd8ba25c3c', 'tenant_name': 'tempest-ServersAdminNegativeTestJSON-1018915910', 'user_domain_id': 'default', 'user_domain_name': 'Default', 'user_id': '0880cde418fd4cf1b03c7c2fe2a3991c', 'system': None}, Network: None, Subnet: None, Router: None
2024-10-20 00:31:35.802 62769 INFO tempest.lib.common.rest_client [req-44f79e7b-5fcc-476d-a502-5d7fc678e8ca req-44f79e7b-5fcc-476d-a502-5d7fc678e8ca ] Request (ImagesNegativeTestJSON:test_create_image_from_deleted_server): 200 GET http://10.180.1.21/compute/v2.1/servers/e0aabeb7-7d4c-4358-8f6c-e423a0baea3b 0.071s
2024-10-20 00:31:35.808 62809 INFO tempest.lib.common.rest_client [req-8fb076b0-317a-4b37-9b03-16e2344cbc47 req-8fb076b0-317a-4b37-9b03-16e2344cbc47 ] Request (MultipleCreateTestJSON:test_multiple_create): 200 GET http://10.180.1.21/compute/v2.1/servers/1d25cdca-3c87-47a2-85aa-86f7132297b5 0.077s
2024-10-20 00:31:35.812 62787 INFO tempest.lib.common.rest_client [req-d9e7da7d-e737-4e93-9542-2e95bb7922e0 req-d9e7da7d-e737-4e93-9542-2e95bb7922e0 ] Request (ValidationResourcesFixture:setUp): 201 POST http://10.180.1.21:9696/networking/v2.0/security-groups 0.163s
2024-10-20 00:31:35.820 62767 INFO tempest.lib.common.rest_client [req-a104465b-3f09-44c2-b2b1-de3167cd0636 req-a104465b-3f09-44c2-b2b1-de3167cd0636 ] Request (ServersAdminNegativeTestJSON:setUpClass): 201 POST http://10.180.1.21/identity/v3/auth/tokens 0.070s
2024-10-20 00:31:35.871 62789 INFO tempest.lib.common.rest_client [req-78763d3a-02c1-48f3-867a-e0f9b9086272 req-78763d3a-02c1-48f3-867a-e0f9b9086272 ] Request (ServerActionsTestOtherA:setUpClass): 200 GET http://10.180.1.21/compute/v2.1/servers/da9d2279-79ae-4371-bef5-08ae15f2d9c9 0.061s
2024-10-20 00:31:35.880 62785 INFO tempest.lib.common.rest_client [req-befc9ab3-c4ae-4dd0-81df-7c34ba99f611 req-befc9ab3-c4ae-4dd0-81df-7c34ba99f611 ] Request (ServerShowV257Test:tearDownClass): 200 GET http://10.180.1.21/compute/v2.1/servers/20b01df0-4ced-4668-a786-046251a0c7ed 0.055s
2024-10-20 00:31:35.887 62767 INFO tempest.lib.common.rest_client [req-98800d6b-4347-4f01-b0d0-fb1e49baf938 req-98800d6b-4347-4f01-b0d0-fb1e49baf938 ] Request (ServersAdminNegativeTestJSON:setUpClass): 201 POST http://10.180.1.21/identity/v3/projects 0.066s
2024-10-20 00:31:35.907 62787 INFO tempest.lib.common.rest_client [req-7b02e4de-9701-4179-ac10-f900de908023 req-7b02e4de-9701-4179-ac10-f900de908023 ] Request (ValidationResourcesFixture:setUp): 201 POST http://10.180.1.21:9696/networking/v2.0/security-group-rules 0.094s
2024-10-20 00:31:35.948 62765 INFO tempest.lib.common.rest_client [req-828608f0-0f55-4ecc-81f9-3b6c73d3eed5 req-828608f0-0f55-4ecc-81f9-3b6c73d3eed5 ] Request (VolumesAdminNegativeTest:test_update_attached_volume_with_nonexistent_volume_in_uri): 200 GET http://10.180.1.21/compute/v2.1/servers/cf71efc9-cfa1-4856-a733-5434bf4465b1 0.059s
2024-10-20 00:31:35.950 62793 INFO tempest.lib.common.rest_client [req-b4b0d9cb-8e1d-49f8-8019-71b1af5f7182 req-b4b0d9cb-8e1d-49f8-8019-71b1af5f7182 ] Request (AttachInterfacesV270Test:test_create_get_list_interfaces): 200 GET http://10.180.1.21/compute/v2.1/servers/9c2c0e66-5c67-4e0a-9205-4080bda44a66 0.068s
2024-10-20 00:31:35.958 62767 INFO tempest.lib.common.rest_client [req-ab290892-a116-4755-a374-dfc28dfed878 req-ab290892-a116-4755-a374-dfc28dfed878 ] Request (ServersAdminNegativeTestJSON:setUpClass): 201 POST http://10.180.1.21/identity/v3/users 0.070s
2024-10-20 00:31:35.980 62767 INFO tempest.lib.common.rest_client [req-e52f3cc2-6190-42a3-b59b-8d843b6a9faa req-e52f3cc2-6190-42a3-b59b-8d843b6a9faa ] Request (ServersAdminNegativeTestJSON:setUpClass): 200 GET http://10.180.1.21/identity/v3/roles 0.022s
2024-10-20 00:31:36.017 62787 INFO tempest.lib.common.rest_client [req-88610056-edc5-4b37-baa5-71dce4ed45de req-88610056-edc5-4b37-baa5-71dce4ed45de ] Request (ValidationResourcesFixture:setUp): 201 POST http://10.180.1.21:9696/networking/v2.0/security-group-rules 0.109s
2024-10-20 00:31:36.018 62767 INFO tempest.lib.common.rest_client [req-ef48698f-6078-492c-80d1-711e8a95cd01 req-ef48698f-6078-492c-80d1-711e8a95cd01 ] Request (ServersAdminNegativeTestJSON:setUpClass): 204 PUT http://10.180.1.21/identity/v3/projects/1fca90c7e0c74a6fa286058ab05d8065/users/64072092451143f5aecf4af70f101869/roles/c0bfcf8067f8425cb0fbd21c582ba7f1 0.037s
2024-10-20 00:31:36.019 62797 INFO tempest.lib.common.rest_client [req-245fa2d1-e3f7-43bb-bda8-0a787f2f17a4 req-245fa2d1-e3f7-43bb-bda8-0a787f2f17a4 ] Request (ServerTagsTestJSON:setUpClass): 200 GET http://10.180.1.21/compute/v2.1/servers/edd89a57-f026-4a3e-8b6b-111cc2321d9d 0.064s
2024-10-20 00:31:36.069 62767 INFO tempest.lib.common.rest_client [req-68599085-28f6-4b75-bbe5-397aa5893cd5 req-68599085-28f6-4b75-bbe5-397aa5893cd5 ] Request (ServersAdminNegativeTestJSON:setUpClass): 200 GET http://10.180.1.21/identity/v3/roles 0.050s
2024-10-20 00:31:36.080 62795 INFO tempest.lib.common.rest_client [req-2f16bf46-fba9-4791-b283-6a2b14ea2aec req-2f16bf46-fba9-4791-b283-6a2b14ea2aec ] Request (ServerAddressesTestJSON:setUpClass): 200 GET http://10.180.1.21/compute/v2.1/servers/d7575b46-ecf9-4154-92b1-86119e727dda 0.066s
2024-10-20 00:31:36.080 62773 INFO tempest.lib.common.rest_client [req-62510285-a856-48c5-928f-7c6fee8d53f7 req-62510285-a856-48c5-928f-7c6fee8d53f7 ] Request (ServersAdmin275Test:tearDownClass): 200 GET http://10.180.1.21/compute/v2.1/servers/4f3a0a33-43c0-42fb-8660-198ff4a8529a 0.083s
2024-10-20 00:31:36.090 62767 INFO tempest.lib.common.rest_client [req-203f77e9-54e2-4b73-ac91-55c8dde692e4 req-203f77e9-54e2-4b73-ac91-55c8dde692e4 ] Request (ServersAdminNegativeTestJSON:setUpClass): 204 PUT http://10.180.1.21/identity/v3/projects/1fca90c7e0c74a6fa286058ab05d8065/users/64072092451143f5aecf4af70f101869/roles/c0bfcf8067f8425cb0fbd21c582ba7f1 0.021s
2024-10-20 00:31:36.091 62767 INFO tempest.lib.common.dynamic_creds [-] Dynamic test user 64072092451143f5aecf4af70f101869 is created with scope project and roles: ['admin']
2024-10-20 00:31:36.091 62767 INFO tempest.lib.common.dynamic_creds [-] Acquired dynamic creds: credentials: Credentials: {'domain_id': 'default', 'domain_name': 'Default', 'username': 'tempest-ServersAdminNegativeTestJSON-209557258-project-admin', 'project_domain_id': 'default', 'project_domain_name': 'Default', 'project_id': '1fca90c7e0c74a6fa286058ab05d8065', 'project_name': 'tempest-ServersAdminNegativeTestJSON-209557258', 'tenant_id': '1fca90c7e0c74a6fa286058ab05d8065', 'tenant_name': 'tempest-ServersAdminNegativeTestJSON-209557258', 'user_domain_id': 'default', 'user_domain_name': 'Default', 'user_id': '64072092451143f5aecf4af70f101869', 'system': None}, Network: None, Subnet: None, Router: None
2024-10-20 00:31:36.091 62767 INFO tempest.lib.common.dynamic_creds [-] Created isolated network resources for: credentials: Credentials: {'domain_id': 'default', 'domain_name': 'Default', 'username': 'tempest-ServersAdminNegativeTestJSON-209557258-project-admin', 'project_domain_id': 'default', 'project_domain_name': 'Default', 'project_id': '1fca90c7e0c74a6fa286058ab05d8065', 'project_name': 'tempest-ServersAdminNegativeTestJSON-209557258', 'tenant_id': '1fca90c7e0c74a6fa286058ab05d8065', 'tenant_name': 'tempest-ServersAdminNegativeTestJSON-209557258', 'user_domain_id': 'default', 'user_domain_name': 'Default', 'user_id': '64072092451143f5aecf4af70f101869', 'system': None}, Network: None, Subnet: None, Router: None
2024-10-20 00:31:36.133 62791 INFO tempest.lib.common.rest_client [req-2002741e-69af-42c5-87f6-fe61702dde9f req-2002741e-69af-42c5-87f6-fe61702dde9f ] Request (ImagesTestJSON:test_create_image_from_suspended_server): 200 GET http://10.180.1.21/compute/v2.1/servers/215472ea-402c-4eb5-8ad3-b7ef756dfdc5 0.086s
2024-10-20 00:31:36.180 62771 INFO tempest.lib.common.rest_client [req-a5f25daa-3f30-460e-9845-6067f755e48e req-a5f25daa-3f30-460e-9845-6067f755e48e ] Request (ServersWithSpecificFlavorTestJSON:test_verify_created_server_ephemeral_disk): 200 GET http://10.180.1.21/compute/v2.1/servers/6d2a2f98-aa84-4766-a872-dc6e22bcc3e4 0.062s
2024-10-20 00:31:36.181 62767 INFO tempest.lib.common.rest_client [req-f81f8b73-e4f0-4fba-8227-854940e44f90 req-f81f8b73-e4f0-4fba-8227-854940e44f90 ] Request (ServersAdminNegativeTestJSON:setUpClass): 201 POST http://10.180.1.21/identity/v3/auth/tokens 0.087s
2024-10-20 00:31:36.182 62767 WARNING tempest.lib.common.rest_client [-] Deprecated: "tenant_id" property is deprecated for removal, use "project_id" instead
2024-10-20 00:31:36.195 62817 INFO tempest.lib.common.rest_client [req-bd806dfe-052b-4842-b7a4-f74f94aea9e5 req-bd806dfe-052b-4842-b7a4-f74f94aea9e5 ] Request (ServerAddressesNegativeTestJSON:setUpClass): 200 GET http://10.180.1.21/compute/v2.1/servers/166786ee-4b89-4683-831b-9f3c1c57fb08 0.062s
2024-10-20 00:31:36.228 62799 INFO tempest.lib.common.rest_client [req-cb14ded1-9f0f-44b6-b08b-f8bf36cf8537 req-cb14ded1-9f0f-44b6-b08b-f8bf36cf8537 ] Request (DeleteServersAdminTestJSON:test_delete_server_while_in_error_state): 200 GET http://10.180.1.21/compute/v2.1/servers/104b64ff-a042-4bee-a5fd-bbbdf288f63f 0.052s
2024-10-20 00:31:36.249 62767 INFO tempest.lib.common.rest_client [req-c3c526d2-bea3-4709-a3b5-fb68a36f3861 req-c3c526d2-bea3-4709-a3b5-fb68a36f3861 ] Request (ServersAdminNegativeTestJSON:setUpClass): 201 POST http://10.180.1.21/identity/v3/auth/tokens 0.063s
2024-10-20 00:31:36.250 62767 INFO tempest.lib.common.fixed_network [-] (ServersAdminNegativeTestJSON:setUpClass) Found network None available for tenant
2024-10-20 00:31:36.259 62759 INFO tempest.lib.common.rest_client [req-4a28b4b9-08dc-4c7d-8a32-0ad95609ac0e req-4a28b4b9-08dc-4c7d-8a32-0ad95609ac0e ] Request (FloatingIPsAssociationNegativeTestJSON:setUpClass): 200 GET http://10.180.1.21/compute/v2.1/servers/cd3d793a-aa56-4f07-a2fa-c56693548dfb 0.070s
2024-10-20 00:31:36.295 62761 INFO tempest.lib.common.rest_client [req-e35f83d6-54ee-4f9c-bbba-d1d6ced09924 req-e35f83d6-54ee-4f9c-bbba-d1d6ced09924 ] Request (ListImageFiltersTestJSON:setUpClass): 200 GET http://10.180.1.21/compute/v2.1/servers/1c892e78-a863-4561-940d-b44701e97041 0.064s
2024-10-20 00:31:36.350 62777 INFO tempest.lib.common.rest_client [req-b941c09f-d23c-4b6c-ae31-ea98bb576bbb req-b941c09f-d23c-4b6c-ae31-ea98bb576bbb ] Request (ServerDiagnosticsNegativeTest:test_get_server_diagnostics_by_non_admin): 200 GET http://10.180.1.21/compute/v2.1/servers/fb33026e-b607-477f-b75f-779db7c5c34f 0.093s
2024-10-20 00:31:36.402 62805 INFO tempest.lib.common.rest_client [req-cab5e552-c5bc-4dd8-9d5f-9fdc9ef1402a req-cab5e552-c5bc-4dd8-9d5f-9fdc9ef1402a ] Request (SecurityGroupsTestJSON:test_server_security_groups): 200 GET http://10.180.1.21/compute/v2.1/servers/86727bdc-342a-429c-85ce-adec8823b799 0.128s
2024-10-20 00:31:36.416 62787 INFO tempest.lib.common.rest_client [req-0ba2a1c5-c1e6-43aa-88e6-f0755063e058 req-0ba2a1c5-c1e6-43aa-88e6-f0755063e058 ] Request (ValidationResourcesFixture:setUp): 201 POST http://10.180.1.21:9696/networking/v2.0/floatingips 0.398s
2024-10-20 00:31:36.457 62811 INFO tempest.lib.common.rest_client [req-5b7393aa-8b02-4259-aade-dbdd8f7fd4df req-5b7393aa-8b02-4259-aade-dbdd8f7fd4df ] Request (ServersAdminTestJSON:setUpClass): 200 GET http://10.180.1.21/compute/v2.1/servers/fe69caab-dd71-4b01-a121-2591111b193d 0.100s
2024-10-20 00:31:36.478 62787 INFO tempest.lib.common.rest_client [req-08480227-d7d5-4efd-b7ac-b4f1c71bdc94 req-08480227-d7d5-4efd-b7ac-b4f1c71bdc94 ] Request (AttachInterfacesUnderV243Test:test_add_remove_fixed_ip): 201 POST http://10.180.1.21/identity/v3/auth/tokens 0.059s
2024-10-20 00:31:36.478 62787 INFO tempest.lib.common.fixed_network [-] (AttachInterfacesUnderV243Test:test_add_remove_fixed_ip) Found network {'id': '30b75eee-0359-4fb9-a85e-55067d39df14', 'name': 'tempest-AttachInterfacesUnderV243Test-1515329731-network', 'tenant_id': '0d80f916ee8d4b039d1ca4a1faade851', 'admin_state_up': True, 'mtu': 8950, 'status': 'ACTIVE', 'subnets': [], 'shared': False, 'project_id': '0d80f916ee8d4b039d1ca4a1faade851', 'port_security_enabled': True, 'router:external': False, 'provider:network_type': 'vlan', 'provider:physical_network': 'default', 'provider:segmentation_id': 650, 'is_default': False, 'availability_zone_hints': [], 'availability_zones': [], 'ipv4_address_scope': None, 'ipv6_address_scope': None, 'description': '', 'tags': [], 'created_at': '2024-10-20T00:31:32Z', 'updated_at': '2024-10-20T00:31:32Z', 'revision_number': 1} available for tenant
2024-10-20 00:31:36.500 62763 INFO tempest.lib.common.rest_client [req-7948b480-b379-4cdb-baa3-8a5b8d894e20 req-7948b480-b379-4cdb-baa3-8a5b8d894e20 ] Request (ServerDiskConfigTestJSON:test_rebuild_server_with_auto_disk_config): 200 GET http://10.180.1.21/compute/v2.1/servers/f7611f03-73bb-4c0c-b787-d3c7f077f5bf 0.129s
2024-10-20 00:31:36.553 62807 INFO tempest.lib.common.rest_client [req-2863370e-5563-4b39-bd3d-b83c7a69f7b5 req-2863370e-5563-4b39-bd3d-b83c7a69f7b5 ] Request (ServersTestManualDisk:setUpClass): 200 GET http://10.180.1.21/compute/v2.1/servers/e944e6e5-7bc0-4efb-a811-38221734ec4f 0.129s
2024-10-20 00:31:36.574 62801 INFO tempest.lib.common.rest_client [req-6cb30cb4-d76a-43b5-bfdd-1e7c3d9082cd req-6cb30cb4-d76a-43b5-bfdd-1e7c3d9082cd ] Request (ServersAaction247Test:tearDownClass): 404 GET http://10.180.1.21/compute/v2.1/servers/e976d2d2-aa69-473b-9dfc-e616b0132754 0.097s
2024-10-20 00:31:36.602 62767 INFO tempest.lib.common.rest_client [req-67b9c51c-d326-4926-8207-0b68c6064969 req-67b9c51c-d326-4926-8207-0b68c6064969 ] Request (ServersAdminNegativeTestJSON:setUpClass): 202 POST http://10.180.1.21/compute/v2.1/servers 0.351s
2024-10-20 00:31:36.664 62775 INFO tempest.lib.common.rest_client [req-128f0b92-249c-41a4-9eb3-3e08bde8961d req-128f0b92-249c-41a4-9eb3-3e08bde8961d ] Request (ServersV294TestFqdnHostnames:setUpClass): 200 GET http://10.180.1.21/compute/v2.1/servers/a4965864-0127-4842-9478-76e369e2ecbe 0.176s
2024-10-20 00:31:36.709 62801 INFO tempest.lib.common.rest_client [req-928729fd-3a14-4f09-a652-91df5f31a365 req-928729fd-3a14-4f09-a652-91df5f31a365 ] Request (ServersAaction247Test:tearDownClass): 204 DELETE http://10.180.1.21/identity/v3/users/280e16e9483e442c80243c7860840b4a 0.135s
2024-10-20 00:31:36.710 62801 INFO tempest.lib.common.dynamic_creds [-] Deleting project and security group for project: 5f188aadf4524949aed68326682ec65c
2024-10-20 00:31:36.725 62815 INFO tempest.lib.common.rest_client [req-b328eff7-4154-479e-abc7-d844dcab8f01 req-b328eff7-4154-479e-abc7-d844dcab8f01 ] Request (ListServersNegativeTestJSON:setUpClass): 200 GET http://10.180.1.21/compute/v2.1/servers/5adbe047-7055-428f-b72b-67023c68cc04 0.180s
2024-10-20 00:31:36.781 62801 INFO tempest.lib.common.rest_client [req-eb15ec0f-793e-47ff-ba4b-ddab57841b99 req-eb15ec0f-793e-47ff-ba4b-ddab57841b99 ] Request (ServersAaction247Test:tearDownClass): 201 POST http://10.180.1.21/identity/v3/auth/tokens 0.071s
2024-10-20 00:31:36.785 62783 INFO tempest.lib.common.rest_client [req-7c8f3d55-614e-40a0-9d8d-a4491e530ad9 req-7c8f3d55-614e-40a0-9d8d-a4491e530ad9 ] Request (ListServerFiltersTestJSON:setUpClass): 200 GET http://10.180.1.21/compute/v2.1/servers/72e3b843-c54a-4de7-ace9-ee25c5df14bd 0.192s
2024-10-20 00:31:36.941 62801 INFO tempest.lib.common.rest_client [req-0b26de27-66c1-49f8-ad26-04e344399ae9 req-0b26de27-66c1-49f8-ad26-04e344399ae9 ] Request (ServersAaction247Test:tearDownClass): 200 GET http://10.180.1.21:9696/networking/v2.0/security-groups?tenant_id=5f188aadf4524949aed68326682ec65c&name=default 0.160s
2024-10-20 00:31:36.997 62767 INFO tempest.lib.common.rest_client [req-feac7d1d-01df-4b07-bc52-18c15800a411 req-feac7d1d-01df-4b07-bc52-18c15800a411 ] Request (ServersAdminNegativeTestJSON:setUpClass): 200 GET http://10.180.1.21/compute/v2.1/servers/277ecbd7-e770-4ea0-ae2e-b49598428d0f 0.394s
2024-10-20 00:31:37.036 62801 INFO tempest.lib.common.rest_client [req-9e03e5a6-fef6-4e5e-9ed0-abb2edd5bc34 req-9e03e5a6-fef6-4e5e-9ed0-abb2edd5bc34 ] Request (ServersAaction247Test:tearDownClass): 204 DELETE http://10.180.1.21:9696/networking/v2.0/security-groups/4f2abb00-c9e5-4ef2-b6f5-0775b24a086f 0.094s
2024-10-20 00:31:37.055 62803 INFO tempest.lib.common.rest_client [req-0cf1cea6-4584-4ae9-b76a-2e7efd8db06a req-0cf1cea6-4584-4ae9-b76a-2e7efd8db06a ] Request (ServersTestBootFromVolume:setUpClass): 200 GET http://10.180.1.21/compute/v2.1/servers/e1ead278-d904-41cc-bdfe-65174e8d6816 0.407s
2024-10-20 00:31:37.098 62801 INFO tempest.lib.common.rest_client [req-8a1cf22a-d4ae-4657-a1f8-0c2d02bbd8b2 req-8a1cf22a-d4ae-4657-a1f8-0c2d02bbd8b2 ] Request (ServersAaction247Test:tearDownClass): 204 DELETE http://10.180.1.21/identity/v3/projects/5f188aadf4524949aed68326682ec65c 0.061s
2024-10-20 00:31:37.109 62769 INFO tempest.lib.common.rest_client [req-61bd5040-9833-43d2-8a44-c40d6437b87d req-61bd5040-9833-43d2-8a44-c40d6437b87d ] Request (ImagesNegativeTestJSON:test_create_image_from_deleted_server): 200 GET http://10.180.1.21/compute/v2.1/servers/e0aabeb7-7d4c-4358-8f6c-e423a0baea3b 0.299s
2024-10-20 00:31:37.172 62809 INFO tempest.lib.common.rest_client [req-55b06754-c8db-4010-8489-1bd266fa8d87 req-55b06754-c8db-4010-8489-1bd266fa8d87 ] Request (MultipleCreateTestJSON:test_multiple_create): 200 GET http://10.180.1.21/compute/v2.1/servers/1d25cdca-3c87-47a2-85aa-86f7132297b5 0.355s
2024-10-20 00:31:37.182 62801 INFO tempest.lib.common.rest_client [req-442fd602-0c4f-46c4-a2b6-e85ba5a3fe96 req-442fd602-0c4f-46c4-a2b6-e85ba5a3fe96 ] Request (ServerGroupTestJSON:setUpClass): 201 POST http://10.180.1.21/identity/v3/auth/tokens 0.083s
2024-10-20 00:31:37.199 62787 INFO tempest.lib.common.rest_client [req-02d05c33-7cd3-44dc-8def-2de9004f0802 req-02d05c33-7cd3-44dc-8def-2de9004f0802 ] Request (AttachInterfacesUnderV243Test:test_add_remove_fixed_ip): 202 POST http://10.180.1.21/compute/v2.1/servers 0.719s
2024-10-20 00:31:37.219 62801 INFO tempest.lib.common.rest_client [req-da9e6bd3-549d-4b76-ae28-b6eee8eaaed2 req-da9e6bd3-549d-4b76-ae28-b6eee8eaaed2 ] Request (ServerGroupTestJSON:setUpClass): 201 POST http://10.180.1.21/identity/v3/auth/tokens 0.035s
2024-10-20 00:31:37.225 62789 INFO tempest.lib.common.rest_client [req-fdead7c7-0a19-4713-ad94-8fa86f8c6979 req-fdead7c7-0a19-4713-ad94-8fa86f8c6979 ] Request (ServerActionsTestOtherA:setUpClass): 200 GET http://10.180.1.21/compute/v2.1/servers/da9d2279-79ae-4371-bef5-08ae15f2d9c9 0.345s
2024-10-20 00:31:37.251 62801 INFO tempest.lib.common.rest_client [req-f4453b5b-b831-4620-98f4-55468a2277c5 req-f4453b5b-b831-4620-98f4-55468a2277c5 ] Request (ServerGroupTestJSON:setUpClass): 200 GET http://10.180.1.21/identity/v3/domains?name=Default 0.031s
2024-10-20 00:31:37.263 62785 INFO tempest.lib.common.rest_client [req-bef635ce-0e1c-4777-9e93-4e2658d9eb57 req-bef635ce-0e1c-4777-9e93-4e2658d9eb57 ] Request (ServerShowV257Test:tearDownClass): 200 GET http://10.180.1.21/compute/v2.1/servers/20b01df0-4ced-4668-a786-046251a0c7ed 0.374s
2024-10-20 00:31:37.278 62765 INFO tempest.lib.common.rest_client [req-19dbe4dd-ed25-432a-9bd3-e0efb9ada9cc req-19dbe4dd-ed25-432a-9bd3-e0efb9ada9cc ] Request (VolumesAdminNegativeTest:test_update_attached_volume_with_nonexistent_volume_in_uri): 200 GET http://10.180.1.21/compute/v2.1/servers/cf71efc9-cfa1-4856-a733-5434bf4465b1 0.322s
2024-10-20 00:31:37.279 62801 INFO tempest.lib.common.rest_client [req-89b5ea29-8c3e-42a3-9dff-1ce3469f5778 req-89b5ea29-8c3e-42a3-9dff-1ce3469f5778 ] Request (ServerGroupTestJSON:setUpClass): 201 POST http://10.180.1.21/identity/v3/projects 0.028s
2024-10-20 00:31:37.319 62793 INFO tempest.lib.common.rest_client [req-c05c2d84-89e9-4ea4-af8d-1dbc9f21b2c8 req-c05c2d84-89e9-4ea4-af8d-1dbc9f21b2c8 ] Request (AttachInterfacesV270Test:test_create_get_list_interfaces): 200 GET http://10.180.1.21/compute/v2.1/servers/9c2c0e66-5c67-4e0a-9205-4080bda44a66 0.359s
2024-10-20 00:31:37.331 62797 INFO tempest.lib.common.rest_client [req-6691fe61-c5f4-46bf-b50b-b0ae7fd94659 req-6691fe61-c5f4-46bf-b50b-b0ae7fd94659 ] Request (ServerTagsTestJSON:setUpClass): 200 GET http://10.180.1.21/compute/v2.1/servers/edd89a57-f026-4a3e-8b6b-111cc2321d9d 0.302s
2024-10-20 00:31:37.348 62801 INFO tempest.lib.common.rest_client [req-1caabf79-50e8-44f0-8670-17f8a0bf3cc7 req-1caabf79-50e8-44f0-8670-17f8a0bf3cc7 ] Request (ServerGroupTestJSON:setUpClass): 201 POST http://10.180.1.21/identity/v3/users 0.068s
2024-10-20 00:31:37.371 62795 INFO tempest.lib.common.rest_client [req-50347a96-c954-4f2c-bf6f-6d7c19b3bdba req-50347a96-c954-4f2c-bf6f-6d7c19b3bdba ] Request (ServerAddressesTestJSON:setUpClass): 200 GET http://10.180.1.21/compute/v2.1/servers/d7575b46-ecf9-4154-92b1-86119e727dda 0.284s
2024-10-20 00:31:37.378 62801 INFO tempest.lib.common.rest_client [req-e31c19ca-b6db-49e8-9d9a-4a2a5069d20e req-e31c19ca-b6db-49e8-9d9a-4a2a5069d20e ] Request (ServerGroupTestJSON:setUpClass): 200 GET http://10.180.1.21/identity/v3/roles 0.029s
2024-10-20 00:31:37.402 62773 INFO tempest.lib.common.rest_client [req-ee3e7f7b-410d-4da8-ac24-43660a7f7bb9 req-ee3e7f7b-410d-4da8-ac24-43660a7f7bb9 ] Request (ServersAdmin275Test:tearDownClass): 200 GET http://10.180.1.21/compute/v2.1/servers/4f3a0a33-43c0-42fb-8660-198ff4a8529a 0.311s
2024-10-20 00:31:37.403 62801 INFO tempest.lib.common.rest_client [req-d6a2118e-da63-4389-a075-b387108d60a8 req-d6a2118e-da63-4389-a075-b387108d60a8 ] Request (ServerGroupTestJSON:setUpClass): 204 PUT http://10.180.1.21/identity/v3/projects/d75697fd8970468fb135fa55396411e8/users/6ae45536cb624e45811d1aa06e2e1c58/roles/ac4825c5bde34a7083f6a97f96de035b 0.025s
2024-10-20 00:31:37.404 62801 INFO tempest.lib.common.dynamic_creds [-] Dynamic test user 6ae45536cb624e45811d1aa06e2e1c58 is created with scope project and roles: ['member']
2024-10-20 00:31:37.404 62801 INFO tempest.lib.common.dynamic_creds [-] Acquired dynamic creds: credentials: Credentials: {'domain_id': 'default', 'domain_name': 'Default', 'username': 'tempest-ServerGroupTestJSON-1192523842-project-member', 'project_domain_id': 'default', 'project_domain_name': 'Default', 'project_id': 'd75697fd8970468fb135fa55396411e8', 'project_name': 'tempest-ServerGroupTestJSON-1192523842', 'tenant_id': 'd75697fd8970468fb135fa55396411e8', 'tenant_name': 'tempest-ServerGroupTestJSON-1192523842', 'user_domain_id': 'default', 'user_domain_name': 'Default', 'user_id': '6ae45536cb624e45811d1aa06e2e1c58', 'system': None}, Network: None, Subnet: None, Router: None
2024-10-20 00:31:37.417 62791 INFO tempest.lib.common.rest_client [req-d3cb84dc-1f82-43dd-9611-7564d064b562 req-d3cb84dc-1f82-43dd-9611-7564d064b562 ] Request (ImagesTestJSON:test_create_image_from_suspended_server): 200 GET http://10.180.1.21/compute/v2.1/servers/215472ea-402c-4eb5-8ad3-b7ef756dfdc5 0.271s
2024-10-20 00:31:37.450 62771 INFO tempest.lib.common.rest_client [req-7ca3bc78-ed85-4e83-930b-c85cc997ed6c req-7ca3bc78-ed85-4e83-930b-c85cc997ed6c ] Request (ServersWithSpecificFlavorTestJSON:test_verify_created_server_ephemeral_disk): 200 GET http://10.180.1.21/compute/v2.1/servers/6d2a2f98-aa84-4766-a872-dc6e22bcc3e4 0.261s
2024-10-20 00:31:37.454 62801 INFO tempest.lib.common.rest_client [req-87a61cc2-f18a-4004-a75b-ff2ce6ca3c78 req-87a61cc2-f18a-4004-a75b-ff2ce6ca3c78 ] Request (ServerGroupTestJSON:setUpClass): 201 POST http://10.180.1.21/identity/v3/auth/tokens 0.050s
2024-10-20 00:31:37.462 62787 INFO tempest.lib.common.rest_client [req-9e37071a-ab18-4f99-a748-f3ab4e5f6521 req-9e37071a-ab18-4f99-a748-f3ab4e5f6521 ] Request (AttachInterfacesUnderV243Test:test_add_remove_fixed_ip): 200 GET http://10.180.1.21/compute/v2.1/servers/0b6fb3f8-07ce-458c-9efe-33ea85bbe62a 0.262s
2024-10-20 00:31:37.504 62817 INFO tempest.lib.common.rest_client [req-3462d833-61f5-4e35-9900-f741e7bc4ead req-3462d833-61f5-4e35-9900-f741e7bc4ead ] Request (ServerAddressesNegativeTestJSON:setUpClass): 200 GET http://10.180.1.21/compute/v2.1/servers/166786ee-4b89-4683-831b-9f3c1c57fb08 0.303s
2024-10-20 00:31:37.512 62799 INFO tempest.lib.common.rest_client [req-785f61af-1d0e-4bd8-ac1e-5f970b61f492 req-785f61af-1d0e-4bd8-ac1e-5f970b61f492 ] Request (DeleteServersAdminTestJSON:test_delete_server_while_in_error_state): 200 GET http://10.180.1.21/compute/v2.1/servers/104b64ff-a042-4bee-a5fd-bbbdf288f63f 0.276s
2024-10-20 00:31:37.555 62759 INFO tempest.lib.common.rest_client [req-629f331c-5d8d-43a0-9fc1-749abe4133fa req-629f331c-5d8d-43a0-9fc1-749abe4133fa ] Request (FloatingIPsAssociationNegativeTestJSON:setUpClass): 200 GET http://10.180.1.21/compute/v2.1/servers/cd3d793a-aa56-4f07-a2fa-c56693548dfb 0.288s
2024-10-20 00:31:37.562 62761 INFO tempest.lib.common.rest_client [req-c08e903c-c8bd-4717-bbf6-c48204b89352 req-c08e903c-c8bd-4717-bbf6-c48204b89352 ] Request (ListImageFiltersTestJSON:setUpClass): 200 GET http://10.180.1.21/compute/v2.1/servers/1c892e78-a863-4561-940d-b44701e97041 0.259s
2024-10-20 00:31:37.602 62777 INFO tempest.lib.common.rest_client [req-f1957620-0912-428c-96be-3dc6e2f9dc6c req-f1957620-0912-428c-96be-3dc6e2f9dc6c ] Request (ServerDiagnosticsNegativeTest:test_get_server_diagnostics_by_non_admin): 200 GET http://10.180.1.21/compute/v2.1/servers/fb33026e-b607-477f-b75f-779db7c5c34f 0.241s
2024-10-20 00:31:37.610 62805 INFO tempest.lib.common.rest_client [req-19b8acfc-012a-4444-a43b-5bea9f01ac93 req-19b8acfc-012a-4444-a43b-5bea9f01ac93 ] Request (SecurityGroupsTestJSON:test_server_security_groups): 200 GET http://10.180.1.21/compute/v2.1/servers/86727bdc-342a-429c-85ce-adec8823b799 0.200s
2024-10-20 00:31:37.656 62811 INFO tempest.lib.common.rest_client [req-96c950d4-3044-42f8-a64d-3bf73b7c9c18 req-96c950d4-3044-42f8-a64d-3bf73b7c9c18 ] Request (ServersAdminTestJSON:setUpClass): 200 GET http://10.180.1.21/compute/v2.1/servers/fe69caab-dd71-4b01-a121-2591111b193d 0.188s
2024-10-20 00:31:37.662 62763 INFO tempest.lib.common.rest_client [req-f32050ef-9160-4d7c-9a2c-7d64b1bc27ec req-f32050ef-9160-4d7c-9a2c-7d64b1bc27ec ] Request (ServerDiskConfigTestJSON:test_rebuild_server_with_auto_disk_config): 200 GET http://10.180.1.21/compute/v2.1/servers/f7611f03-73bb-4c0c-b787-d3c7f077f5bf 0.154s
2024-10-20 00:31:37.713 62807 INFO tempest.lib.common.rest_client [req-f1d46c33-c9cb-4154-9acf-7d48d92c17ef req-f1d46c33-c9cb-4154-9acf-7d48d92c17ef ] Request (ServersTestManualDisk:setUpClass): 200 GET http://10.180.1.21/compute/v2.1/servers/e944e6e5-7bc0-4efb-a811-38221734ec4f 0.152s
2024-10-20 00:31:37.730 62775 INFO tempest.lib.common.rest_client [req-4a521ea8-f2ed-4b08-9deb-32fe5cc64e18 req-4a521ea8-f2ed-4b08-9deb-32fe5cc64e18 ] Request (ServersV294TestFqdnHostnames:setUpClass): 200 GET http://10.180.1.21/compute/v2.1/servers/a4965864-0127-4842-9478-76e369e2ecbe 0.055s
2024-10-20 00:31:37.742 62801 INFO tempest.lib.common.rest_client [req-59454ebd-105a-4266-8a33-a9c3c30c222c req-59454ebd-105a-4266-8a33-a9c3c30c222c ] Request (ServerGroupTestJSON:setUpClass): 201 POST http://10.180.1.21:9696/networking/v2.0/networks 0.287s
2024-10-20 00:31:37.785 62815 INFO tempest.lib.common.rest_client [req-7a604c64-ef9c-4c75-9d46-bf286874edb9 req-7a604c64-ef9c-4c75-9d46-bf286874edb9 ] Request (ListServersNegativeTestJSON:setUpClass): 200 GET http://10.180.1.21/compute/v2.1/servers/5adbe047-7055-428f-b72b-67023c68cc04 0.052s
2024-10-20 00:31:37.847 62783 INFO tempest.lib.common.rest_client [req-1365e533-398a-4a41-a22e-5caa575c3ae9 req-1365e533-398a-4a41-a22e-5caa575c3ae9 ] Request (ListServerFiltersTestJSON:setUpClass): 200 GET http://10.180.1.21/compute/v2.1/servers/72e3b843-c54a-4de7-ace9-ee25c5df14bd 0.050s
2024-10-20 00:31:37.904 62801 INFO tempest.lib.common.rest_client [req-93b4f0a0-fb85-437f-957e-10bdf2bd844f req-93b4f0a0-fb85-437f-957e-10bdf2bd844f ] Request (ServerGroupTestJSON:setUpClass): 201 POST http://10.180.1.21:9696/networking/v2.0/subnets 0.161s
2024-10-20 00:31:38.066 62767 INFO tempest.lib.common.rest_client [req-472c0c5d-eda1-4f9f-9390-4dffe6d7495d req-472c0c5d-eda1-4f9f-9390-4dffe6d7495d ] Request (ServersAdminNegativeTestJSON:setUpClass): 200 GET http://10.180.1.21/compute/v2.1/servers/277ecbd7-e770-4ea0-ae2e-b49598428d0f 0.058s
2024-10-20 00:31:38.115 62803 INFO tempest.lib.common.rest_client [req-2190d82b-bf48-4503-9f08-951cb9dd70ab req-2190d82b-bf48-4503-9f08-951cb9dd70ab ] Request (ServersTestBootFromVolume:setUpClass): 200 GET http://10.180.1.21/compute/v2.1/servers/e1ead278-d904-41cc-bdfe-65174e8d6816 0.052s
2024-10-20 00:31:38.163 62769 INFO tempest.lib.common.rest_client [req-1900fe2b-10e9-428a-a248-1ff6438cc12f req-1900fe2b-10e9-428a-a248-1ff6438cc12f ] Request (ImagesNegativeTestJSON:test_create_image_from_deleted_server): 200 GET http://10.180.1.21/compute/v2.1/servers/e0aabeb7-7d4c-4358-8f6c-e423a0baea3b 0.047s
2024-10-20 00:31:38.234 62809 INFO tempest.lib.common.rest_client [req-763a6134-5cd4-438b-9c32-583bf92bc983 req-763a6134-5cd4-438b-9c32-583bf92bc983 ] Request (MultipleCreateTestJSON:test_multiple_create): 200 GET http://10.180.1.21/compute/v2.1/servers/1d25cdca-3c87-47a2-85aa-86f7132297b5 0.055s
2024-10-20 00:31:38.289 62789 INFO tempest.lib.common.rest_client [req-6a289667-1736-4a51-baca-7bfbf639e2ca req-6a289667-1736-4a51-baca-7bfbf639e2ca ] Request (ServerActionsTestOtherA:setUpClass): 200 GET http://10.180.1.21/compute/v2.1/servers/da9d2279-79ae-4371-bef5-08ae15f2d9c9 0.054s
2024-10-20 00:31:38.346 62765 INFO tempest.lib.common.rest_client [req-71c42a05-c115-4c1a-afea-ce78051ee410 req-71c42a05-c115-4c1a-afea-ce78051ee410 ] Request (VolumesAdminNegativeTest:test_update_attached_volume_with_nonexistent_volume_in_uri): 200 GET http://10.180.1.21/compute/v2.1/servers/cf71efc9-cfa1-4856-a733-5434bf4465b1 0.060s
2024-10-20 00:31:38.347 62785 INFO tempest.lib.common.rest_client [req-6e78fd05-1263-42ba-98d2-9246768e31cf req-6e78fd05-1263-42ba-98d2-9246768e31cf ] Request (ServerShowV257Test:tearDownClass): 200 GET http://10.180.1.21/compute/v2.1/servers/20b01df0-4ced-4668-a786-046251a0c7ed 0.075s
2024-10-20 00:31:38.410 62793 INFO tempest.lib.common.rest_client [req-8663a7a5-51d7-4c91-8e7c-370d157bc0a5 req-8663a7a5-51d7-4c91-8e7c-370d157bc0a5 ] Request (AttachInterfacesV270Test:test_create_get_list_interfaces): 200 GET http://10.180.1.21/compute/v2.1/servers/9c2c0e66-5c67-4e0a-9205-4080bda44a66 0.080s
2024-10-20 00:31:38.416 62797 INFO tempest.lib.common.rest_client [req-8abf3311-8b13-4656-8fbe-08f8512aec21 req-8abf3311-8b13-4656-8fbe-08f8512aec21 ] Request (ServerTagsTestJSON:setUpClass): 200 GET http://10.180.1.21/compute/v2.1/servers/edd89a57-f026-4a3e-8b6b-111cc2321d9d 0.072s
2024-10-20 00:31:38.443 62773 INFO tempest.lib.common.rest_client [req-4291e5d1-e20b-4d60-a718-65800e19b661 req-4291e5d1-e20b-4d60-a718-65800e19b661 ] Request (ServersAdmin275Test:tearDownClass): 404 GET http://10.180.1.21/compute/v2.1/servers/4f3a0a33-43c0-42fb-8660-198ff4a8529a 0.032s
2024-10-20 00:31:38.459 62795 INFO tempest.lib.common.rest_client [req-c4c554aa-0f1c-4cdd-8b9d-3351545110af req-c4c554aa-0f1c-4cdd-8b9d-3351545110af ] Request (ServerAddressesTestJSON:setUpClass): 200 GET http://10.180.1.21/compute/v2.1/servers/d7575b46-ecf9-4154-92b1-86119e727dda 0.077s
2024-10-20 00:31:38.514 62791 INFO tempest.lib.common.rest_client [req-24c7266a-944c-4b1e-ac8a-40ee24fe3dde req-24c7266a-944c-4b1e-ac8a-40ee24fe3dde ] Request (ImagesTestJSON:test_create_image_from_suspended_server): 200 GET http://10.180.1.21/compute/v2.1/servers/215472ea-402c-4eb5-8ad3-b7ef756dfdc5 0.090s
2024-10-20 00:31:38.520 62771 INFO tempest.lib.common.rest_client [req-393f0941-78a7-4be1-be63-1c59845e8b31 req-393f0941-78a7-4be1-be63-1c59845e8b31 ] Request (ServersWithSpecificFlavorTestJSON:test_verify_created_server_ephemeral_disk): 200 GET http://10.180.1.21/compute/v2.1/servers/6d2a2f98-aa84-4766-a872-dc6e22bcc3e4 0.061s
2024-10-20 00:31:38.525 62773 INFO tempest.lib.common.rest_client [req-d4497bf8-74c7-43bc-8ffc-8760f676ba69 req-d4497bf8-74c7-43bc-8ffc-8760f676ba69 ] Request (ServersAdmin275Test:tearDownClass): 204 DELETE http://10.180.1.21/identity/v3/users/38c6f57e921c4743ab028f6a42a62485 0.081s
2024-10-20 00:31:38.568 62801 INFO tempest.lib.common.rest_client [req-0b5700a4-216c-4229-8b1f-d556f712732f req-0b5700a4-216c-4229-8b1f-d556f712732f ] Request (ServerGroupTestJSON:setUpClass): 201 POST http://10.180.1.21:9696/networking/v2.0/routers 0.664s
2024-10-20 00:31:38.576 62787 INFO tempest.lib.common.rest_client [req-1a03fd7e-6ad2-4a68-9ed2-93b19be99490 req-1a03fd7e-6ad2-4a68-9ed2-93b19be99490 ] Request (AttachInterfacesUnderV243Test:test_add_remove_fixed_ip): 200 GET http://10.180.1.21/compute/v2.1/servers/0b6fb3f8-07ce-458c-9efe-33ea85bbe62a 0.106s
2024-10-20 00:31:38.581 62817 INFO tempest.lib.common.rest_client [req-5435b964-1888-4750-b40e-1b922db485b0 req-5435b964-1888-4750-b40e-1b922db485b0 ] Request (ServerAddressesNegativeTestJSON:setUpClass): 200 GET http://10.180.1.21/compute/v2.1/servers/166786ee-4b89-4683-831b-9f3c1c57fb08 0.069s
2024-10-20 00:31:38.647 62773 INFO tempest.lib.common.rest_client [req-49b1e181-2855-47a8-b897-6d2e47c46b45 req-49b1e181-2855-47a8-b897-6d2e47c46b45 ] Request (ServersAdmin275Test:tearDownClass): 204 DELETE http://10.180.1.21/identity/v3/users/d609aa615dad4cc4a0709031a2aae4dc 0.122s
2024-10-20 00:31:38.648 62773 INFO tempest.lib.common.dynamic_creds [-] Deleting project and security group for project: b8d2c36e29d546e1b2130721edd8c3cb
2024-10-20 00:31:38.651 62759 INFO tempest.lib.common.rest_client [req-5e1b8bb5-1fbc-4ba7-b1be-9cb8829e8f78 req-5e1b8bb5-1fbc-4ba7-b1be-9cb8829e8f78 ] Request (FloatingIPsAssociationNegativeTestJSON:setUpClass): 200 GET http://10.180.1.21/compute/v2.1/servers/cd3d793a-aa56-4f07-a2fa-c56693548dfb 0.088s
2024-10-20 00:31:38.652 62799 INFO tempest.lib.common.rest_client [req-0a275ccf-bc69-4534-9095-981d45ad1a3d req-0a275ccf-bc69-4534-9095-981d45ad1a3d ] Request (DeleteServersAdminTestJSON:test_delete_server_while_in_error_state): 200 GET http://10.180.1.21/compute/v2.1/servers/104b64ff-a042-4bee-a5fd-bbbdf288f63f 0.131s
2024-10-20 00:31:38.717 62773 INFO tempest.lib.common.rest_client [req-55cfb114-9304-48a8-89f9-9280ecf9712e req-55cfb114-9304-48a8-89f9-9280ecf9712e ] Request (ServersAdmin275Test:tearDownClass): 201 POST http://10.180.1.21/identity/v3/auth/tokens 0.069s
2024-10-20 00:31:38.729 62777 INFO tempest.lib.common.rest_client [req-f6a5b173-2087-4489-87cc-e4f45ecb17b9 req-f6a5b173-2087-4489-87cc-e4f45ecb17b9 ] Request (ServerDiagnosticsNegativeTest:test_get_server_diagnostics_by_non_admin): 200 GET http://10.180.1.21/compute/v2.1/servers/fb33026e-b607-477f-b75f-779db7c5c34f 0.119s
2024-10-20 00:31:38.737 62761 INFO tempest.lib.common.rest_client [req-66aaead5-1a56-4745-932f-8b3f5c700a7a req-66aaead5-1a56-4745-932f-8b3f5c700a7a ] Request (ListImageFiltersTestJSON:setUpClass): 200 GET http://10.180.1.21/compute/v2.1/servers/1c892e78-a863-4561-940d-b44701e97041 0.167s
2024-10-20 00:31:38.808 62811 INFO tempest.lib.common.rest_client [req-6c11f208-90f1-4892-b13a-486a25a8009e req-6c11f208-90f1-4892-b13a-486a25a8009e ] Request (ServersAdminTestJSON:setUpClass): 200 GET http://10.180.1.21/compute/v2.1/servers/fe69caab-dd71-4b01-a121-2591111b193d 0.143s
2024-10-20 00:31:38.809 62805 INFO tempest.lib.common.rest_client [req-508a86ea-a278-49b6-b512-8d7d4700058d req-508a86ea-a278-49b6-b512-8d7d4700058d ] Request (SecurityGroupsTestJSON:test_server_security_groups): 200 GET http://10.180.1.21/compute/v2.1/servers/86727bdc-342a-429c-85ce-adec8823b799 0.193s
2024-10-20 00:31:38.873 62763 INFO tempest.lib.common.rest_client [req-b0e8653f-4445-4f23-b476-1cb38d0a9ee2 req-b0e8653f-4445-4f23-b476-1cb38d0a9ee2 ] Request (ServerDiskConfigTestJSON:test_rebuild_server_with_auto_disk_config): 200 GET http://10.180.1.21/compute/v2.1/servers/f7611f03-73bb-4c0c-b787-d3c7f077f5bf 0.204s
2024-10-20 00:31:38.887 62807 INFO tempest.lib.common.rest_client [req-1e0dc3ca-5ac1-4db0-8eac-5b14464eb670 req-1e0dc3ca-5ac1-4db0-8eac-5b14464eb670 ] Request (ServersTestManualDisk:setUpClass): 200 GET http://10.180.1.21/compute/v2.1/servers/e944e6e5-7bc0-4efb-a811-38221734ec4f 0.161s
2024-10-20 00:31:38.956 62815 INFO tempest.lib.common.rest_client [req-0a6040ec-5026-48b3-95d0-6d5dd2d76197 req-0a6040ec-5026-48b3-95d0-6d5dd2d76197 ] Request (ListServersNegativeTestJSON:setUpClass): 200 GET http://10.180.1.21/compute/v2.1/servers/5adbe047-7055-428f-b72b-67023c68cc04 0.163s
2024-10-20 00:31:38.961 62775 INFO tempest.lib.common.rest_client [req-251f7b8f-d4ea-4271-8fd2-23df6d10870d req-251f7b8f-d4ea-4271-8fd2-23df6d10870d ] Request (ServersV294TestFqdnHostnames:setUpClass): 200 GET http://10.180.1.21/compute/v2.1/servers/a4965864-0127-4842-9478-76e369e2ecbe 0.217s
2024-10-20 00:31:38.972 62773 INFO tempest.lib.common.rest_client [req-7d21175d-bb6e-47c9-a35b-b289cbfac23e req-7d21175d-bb6e-47c9-a35b-b289cbfac23e ] Request (ServersAdmin275Test:tearDownClass): 200 GET http://10.180.1.21:9696/networking/v2.0/security-groups?tenant_id=b8d2c36e29d546e1b2130721edd8c3cb&name=default 0.255s
2024-10-20 00:31:39.013 62783 INFO tempest.lib.common.rest_client [req-08bd6a8a-32df-414a-849c-647c2de2f2f9 req-08bd6a8a-32df-414a-849c-647c2de2f2f9 ] Request (ListServerFiltersTestJSON:setUpClass): 200 GET http://10.180.1.21/compute/v2.1/servers/72e3b843-c54a-4de7-ace9-ee25c5df14bd 0.159s
2024-10-20 00:31:39.108 62773 INFO tempest.lib.common.rest_client [req-ef7b8885-f948-4cef-a85d-2ec1cd1f568c req-ef7b8885-f948-4cef-a85d-2ec1cd1f568c ] Request (ServersAdmin275Test:tearDownClass): 204 DELETE http://10.180.1.21:9696/networking/v2.0/security-groups/3de07ffb-f394-4e26-a076-174ae4f4dff1 0.135s
2024-10-20 00:31:39.137 62767 INFO tempest.lib.common.rest_client [req-642e2701-2d95-48e7-b2aa-c6cc9910ea56 req-642e2701-2d95-48e7-b2aa-c6cc9910ea56 ] Request (ServersAdminNegativeTestJSON:setUpClass): 200 GET http://10.180.1.21/compute/v2.1/servers/277ecbd7-e770-4ea0-ae2e-b49598428d0f 0.064s
2024-10-20 00:31:39.179 62803 INFO tempest.lib.common.rest_client [req-b8237983-538e-4ace-b30e-d0f90a35f6ca req-b8237983-538e-4ace-b30e-d0f90a35f6ca ] Request (ServersTestBootFromVolume:setUpClass): 200 GET http://10.180.1.21/compute/v2.1/servers/e1ead278-d904-41cc-bdfe-65174e8d6816 0.057s
2024-10-20 00:31:39.202 62773 INFO tempest.lib.common.rest_client [req-9eca336d-a58d-42ec-ba1c-f3a577c7251b req-9eca336d-a58d-42ec-ba1c-f3a577c7251b ] Request (ServersAdmin275Test:tearDownClass): 204 DELETE http://10.180.1.21/identity/v3/projects/b8d2c36e29d546e1b2130721edd8c3cb 0.094s
2024-10-20 00:31:39.202 62773 INFO tempest.lib.common.dynamic_creds [-] Deleting project and security group for project: 1a5582769e084d7b9a2fc1c455925b4d
2024-10-20 00:31:39.237 62769 INFO tempest.lib.common.rest_client [req-715d24ba-77ca-4bca-a19c-bab81fe60fe8 req-715d24ba-77ca-4bca-a19c-bab81fe60fe8 ] Request (ImagesNegativeTestJSON:test_create_image_from_deleted_server): 200 GET http://10.180.1.21/compute/v2.1/servers/e0aabeb7-7d4c-4358-8f6c-e423a0baea3b 0.066s
2024-10-20 00:31:39.310 62809 INFO tempest.lib.common.rest_client [req-ea81b8ad-ba3a-4f77-a4ee-dcff1d5e05c1 req-ea81b8ad-ba3a-4f77-a4ee-dcff1d5e05c1 ] Request (MultipleCreateTestJSON:test_multiple_create): 200 GET http://10.180.1.21/compute/v2.1/servers/1d25cdca-3c87-47a2-85aa-86f7132297b5 0.064s
2024-10-20 00:31:39.330 62773 INFO tempest.lib.common.rest_client [req-4696ff95-8d6e-4f35-bca4-094c75bc95ff req-4696ff95-8d6e-4f35-bca4-094c75bc95ff ] Request (ServersAdmin275Test:tearDownClass): 200 GET http://10.180.1.21:9696/networking/v2.0/security-groups?tenant_id=1a5582769e084d7b9a2fc1c455925b4d&name=default 0.128s
2024-10-20 00:31:39.362 62789 INFO tempest.lib.common.rest_client [req-d105d326-1524-45b1-a871-f1f6143d661b req-d105d326-1524-45b1-a871-f1f6143d661b ] Request (ServerActionsTestOtherA:setUpClass): 200 GET http://10.180.1.21/compute/v2.1/servers/da9d2279-79ae-4371-bef5-08ae15f2d9c9 0.065s
2024-10-20 00:31:39.415 62765 INFO tempest.lib.common.rest_client [req-3f888760-a994-4801-b7ea-a06fde59f484 req-3f888760-a994-4801-b7ea-a06fde59f484 ] Request (VolumesAdminNegativeTest:test_update_attached_volume_with_nonexistent_volume_in_uri): 200 GET http://10.180.1.21/compute/v2.1/servers/cf71efc9-cfa1-4856-a733-5434bf4465b1 0.059s
2024-10-20 00:31:39.437 62773 INFO tempest.lib.common.rest_client [req-ce8f0b34-a43c-4a65-9378-0e4b25b1b627 req-ce8f0b34-a43c-4a65-9378-0e4b25b1b627 ] Request (ServersAdmin275Test:tearDownClass): 204 DELETE http://10.180.1.21:9696/networking/v2.0/security-groups/5ba23e53-f979-4d63-8f23-ee940e45dd1e 0.106s
2024-10-20 00:31:39.440 62785 INFO tempest.lib.common.rest_client [req-fc0c16d7-1aa2-496d-bb6d-d5d5ac88c3a7 req-fc0c16d7-1aa2-496d-bb6d-d5d5ac88c3a7 ] Request (ServerShowV257Test:tearDownClass): 200 GET http://10.180.1.21/compute/v2.1/servers/20b01df0-4ced-4668-a786-046251a0c7ed 0.085s
