2024-10-21 17:35:24.860 63580 INFO tempest.lib.common.rest_client [req-a3c6afa0-4cbb-4e57-b047-a12efc7024ad req-a3c6afa0-4cbb-4e57-b047-a12efc7024ad ] Request (ServerPasswordTestJSON:setUpClass): 200 GET http://10.180.1.21/compute/v2.1/servers/1d9c3eee-eefe-4a9a-b3d9-aac847892cc9 0.051s
2024-10-21 17:35:24.864 63568 INFO tempest.lib.common.rest_client [req-073c6315-0539-4da0-8dbd-b60a3cc440cb req-073c6315-0539-4da0-8dbd-b60a3cc440cb ] Request (VolumesAdminNegativeTest:test_update_attached_volume_with_nonexistent_volume_in_body): 200 GET http://10.180.1.21/compute/v2.1/servers/510b9ea6-04f1-4704-b5e4-e19db57769a8 0.102s
2024-10-21 17:35:24.876 63538 INFO tempest.lib.common.rest_client [req-612ec37b-2565-4430-aae8-105c3067d9d4 req-612ec37b-2565-4430-aae8-105c3067d9d4 ] Request (ImagesMetadataNegativeTestJSON:test_update_nonexistent_image_metadata): 404 POST http://10.180.1.21/compute/v2.1/images/2b48327b-e63a-4365-9401-7c110af629ec/metadata 0.056s
2024-10-21 17:35:24.915 63544 INFO tempest.lib.common.rest_client [req-79789bc1-e0fb-45cf-9ea7-2b454f539fd0 req-79789bc1-e0fb-45cf-9ea7-2b454f539fd0 ] Request (ImagesNegativeTestJSON:test_create_image_from_deleted_server): 200 GET http://10.180.1.21/compute/v2.1/servers/a63744c8-b9bf-4a89-9319-061d53de6b5f 0.052s
2024-10-21 17:35:24.962 63570 INFO tempest.lib.common.rest_client [req-2b3d46a7-c3e3-4704-83e0-ad9d074062d3 req-2b3d46a7-c3e3-4704-83e0-ad9d074062d3 ] Request (ServersAaction247Test:test_create_backup): 200 GET http://10.180.1.21/compute/v2.1/servers/0aade4da-882a-4342-aefb-07eb306b17ff 0.052s
2024-10-21 17:35:24.983 63538 INFO tempest.lib.common.rest_client [req-68fe6768-0706-460b-917e-7f75e92866b3 req-68fe6768-0706-460b-917e-7f75e92866b3 ] Request (ImagesMetadataNegativeTestJSON:tearDownClass): 204 DELETE http://10.180.1.21/identity/v3/users/7ac7ec1f52604ab8b563ebf10a451ab1 0.106s
2024-10-21 17:35:24.983 63538 INFO tempest.lib.common.dynamic_creds [-] Deleting project and security group for project: 4fd61e7ff001420e87ef0c621f80a56b
2024-10-21 17:35:25.002 63583 INFO tempest.lib.common.rest_client [req-76d373f0-0f8b-47c8-92a4-93724585207c req-76d373f0-0f8b-47c8-92a4-93724585207c ] Request (AttachInterfacesTestJSON:test_create_list_show_delete_interfaces_by_fixed_ip): 200 GET http://10.180.1.21/compute/v2.1/servers/f5c47736-381f-4979-b804-494ca8cf16a1 0.080s
2024-10-21 17:35:25.014 63550 INFO tempest.lib.common.rest_client [req-7c4d05c3-04e2-40e9-a305-02e0900a0d45 req-7c4d05c3-04e2-40e9-a305-02e0900a0d45 ] Request (ServersTestMultiNic:test_verify_duplicate_network_nics): 200 GET http://10.180.1.21/compute/v2.1/servers/db04bc40-1106-46dd-ad9a-f9b11a6c8774 0.062s
2024-10-21 17:35:25.034 63538 INFO tempest.lib.common.rest_client [req-185e0e84-a2d3-4d7b-bfa7-975a8d834be5 req-185e0e84-a2d3-4d7b-bfa7-975a8d834be5 ] Request (ImagesMetadataNegativeTestJSON:tearDownClass): 201 POST http://10.180.1.21/identity/v3/auth/tokens 0.050s
2024-10-21 17:35:25.069 63562 INFO tempest.lib.common.rest_client [req-ed45c8dc-c456-4885-a387-d7a0a9872c60 req-ed45c8dc-c456-4885-a387-d7a0a9872c60 ] Request (VolumesAssistedSnapshotsTest:test_volume_assisted_snapshot_create_delete): 200 GET http://10.180.1.21/compute/v2.1/servers/c1f9f075-7d1c-4c05-9dfd-43820d2d07ad 0.055s
2024-10-21 17:35:25.071 63566 INFO tempest.lib.common.rest_client [req-4ada2355-944f-49c1-96b3-7f9246933be5 req-4ada2355-944f-49c1-96b3-7f9246933be5 ] Request (DeleteServersAdminTestJSON:test_delete_server_while_in_error_state): 200 GET http://10.180.1.21/compute/v2.1/servers/769c2643-57eb-456c-8083-997a8c9c48cc 0.094s
2024-10-21 17:35:25.124 63554 INFO tempest.lib.common.rest_client [req-78ea3922-0898-4d7a-a73a-e5d3eef3e9ac req-78ea3922-0898-4d7a-a73a-e5d3eef3e9ac ] Request (ServersTestJSON:test_create_server_specify_multibyte_character_name): 200 GET http://10.180.1.21/compute/v2.1/servers/e86185ea-7aa6-43ad-920d-645e18194b04 0.064s
2024-10-21 17:35:25.137 63591 INFO tempest.lib.common.rest_client [req-0fb3e441-5d5b-4dce-b685-4af4cf1c6dba req-0fb3e441-5d5b-4dce-b685-4af4cf1c6dba ] Request (ServerActionsTestJSON:setUpClass): 200 GET http://10.180.1.21/compute/v2.1/servers/8b4b041b-5d3f-479a-8241-c75cce650d1e 0.075s
2024-10-21 17:35:25.178 63574 INFO tempest.lib.common.rest_client [req-9ccc892b-5b3f-4fad-9126-88375fd890e4 req-9ccc892b-5b3f-4fad-9126-88375fd890e4 ] Request (ServerDiskConfigTestJSON:test_rebuild_server_with_auto_disk_config): 200 GET http://10.180.1.21/compute/v2.1/servers/947f69fa-77cf-4c7d-ba62-37567318b969 0.078s
2024-10-21 17:35:25.216 63540 INFO tempest.lib.common.rest_client [req-15c0254d-6940-4faf-9c41-b29cad2cbdaf req-15c0254d-6940-4faf-9c41-b29cad2cbdaf ] Request (ImagesOneServerNegativeTestJSON:setUpClass): 200 GET http://10.180.1.21/compute/v2.1/servers/25f0de66-914f-46b9-a15b-d936df5b3ab4 0.107s
2024-10-21 17:35:25.223 63572 INFO tempest.lib.common.rest_client [req-48093bbe-4b2d-4487-a486-324eaf08c0fc req-48093bbe-4b2d-4487-a486-324eaf08c0fc ] Request (FloatingIPsAssociationTestJSON:setUpClass): 200 GET http://10.180.1.21/compute/v2.1/servers/5bf150a5-ad49-4bf8-a8fa-e376e0f00926 0.068s
2024-10-21 17:35:25.231 63538 INFO tempest.lib.common.rest_client [req-d4193926-0d8d-486a-9ca8-b629d73e981d req-d4193926-0d8d-486a-9ca8-b629d73e981d ] Request (ImagesMetadataNegativeTestJSON:tearDownClass): 200 GET http://10.180.1.21:9696/networking/v2.0/security-groups?tenant_id=4fd61e7ff001420e87ef0c621f80a56b&name=default 0.197s
2024-10-21 17:35:25.296 63532 INFO tempest.lib.common.rest_client [req-082da1ef-ff50-4dc5-ab9d-f4f55e451e5a req-082da1ef-ff50-4dc5-ab9d-f4f55e451e5a ] Request (DeleteServersTestJSON:test_delete_server_while_in_attached_volume): 200 GET http://10.180.1.21/compute/v2.1/servers/fd67940d-9552-42b3-b472-2ce0e7899ea6 0.071s
2024-10-21 17:35:25.317 63552 INFO tempest.lib.common.rest_client [req-a67dfd12-7a47-405c-aeac-02fdf79e693c req-a67dfd12-7a47-405c-aeac-02fdf79e693c ] Request (FloatingIPsAssociationNegativeTestJSON:setUpClass): 200 GET http://10.180.1.21/compute/v2.1/servers/76ceec24-eebe-4b32-b77d-f57203881a94 0.049s
2024-10-21 17:35:25.323 63552 INFO tempest.common.waiters [-] State transition "BUILD/spawning" ==> "BUILD/scheduling" after 92 second wait
2024-10-21 17:35:25.373 63546 INFO tempest.lib.common.rest_client [req-3540c572-ec55-4625-82e3-267aed3a6243 req-3540c572-ec55-4625-82e3-267aed3a6243 ] Request (ServersWithSpecificFlavorTestJSON:test_verify_created_server_ephemeral_disk): 200 GET http://10.180.1.21/compute/v2.1/servers/a492b0a0-0bf1-4e64-bd51-ad131cd17a3b 0.100s
2024-10-21 17:35:25.383 63530 INFO tempest.lib.common.rest_client [req-10b0c91e-a79c-407a-ae75-dd7d4181c4c9 req-10b0c91e-a79c-407a-ae75-dd7d4181c4c9 ] Request (ImagesTestJSON:test_create_image_from_stopped_server): 200 GET http://10.180.1.21/compute/v2.1/servers/1814ebc5-7869-4ec6-8cf6-790daed5e271 0.061s
2024-10-21 17:35:25.401 63538 INFO tempest.lib.common.rest_client [req-e062b642-8b12-4707-8fe9-96c11225fe23 req-e062b642-8b12-4707-8fe9-96c11225fe23 ] Request (ImagesMetadataNegativeTestJSON:tearDownClass): 204 DELETE http://10.180.1.21:9696/networking/v2.0/security-groups/f696ccd7-693c-48e9-932a-846459b88326 0.169s
2024-10-21 17:35:25.440 63536 INFO tempest.lib.common.rest_client [req-c270c987-341c-4ef1-adbb-164fb22a6b43 req-c270c987-341c-4ef1-adbb-164fb22a6b43 ] Request (ServerRescueNegativeTestJSON:setUpClass): 200 GET http://10.180.1.21/compute/v2.1/servers/8c2439e1-26ce-45e5-9179-164c0dbbbf76 0.072s
2024-10-21 17:35:25.459 63578 INFO tempest.lib.common.rest_client [req-e2aa601d-78d8-4529-8b81-1a0d0e8c1e00 req-e2aa601d-78d8-4529-8b81-1a0d0e8c1e00 ] Request (MigrationsAdminTest:test_resize_server_revert_deleted_flavor): 200 GET http://10.180.1.21/compute/v2.1/servers/305e3a9c-27cf-47b8-8825-09e5abe220ee 0.054s
2024-10-21 17:35:25.481 63538 INFO tempest.lib.common.rest_client [req-916221c9-40c5-4482-a8ea-a4cc027089c6 req-916221c9-40c5-4482-a8ea-a4cc027089c6 ] Request (ImagesMetadataNegativeTestJSON:tearDownClass): 204 DELETE http://10.180.1.21/identity/v3/projects/4fd61e7ff001420e87ef0c621f80a56b 0.079s
2024-10-21 17:35:25.546 63538 INFO tempest.lib.common.rest_client [req-483ac0f1-3762-49eb-8b4a-1f59ee92ebff req-483ac0f1-3762-49eb-8b4a-1f59ee92ebff ] Request (AbsoluteLimitsTestJSON:setUpClass): 201 POST http://10.180.1.21/identity/v3/auth/tokens 0.064s
2024-10-21 17:35:25.583 63538 INFO tempest.lib.common.rest_client [req-4c25c384-5172-4909-a36b-5c3bf044a972 req-4c25c384-5172-4909-a36b-5c3bf044a972 ] Request (AbsoluteLimitsTestJSON:setUpClass): 201 POST http://10.180.1.21/identity/v3/auth/tokens 0.032s
2024-10-21 17:35:25.592 63588 INFO tempest.lib.common.rest_client [req-751f6f8c-94ca-4698-93f0-bfb234b880ca req-751f6f8c-94ca-4698-93f0-bfb234b880ca ] Request (ServerTagsTestJSON:setUpClass): 201 POST http://10.180.1.21:9696/networking/v2.0/routers 0.904s
2024-10-21 17:35:25.610 63538 INFO tempest.lib.common.rest_client [req-fdac60b0-314d-45de-8f6f-f4af11601ef1 req-fdac60b0-314d-45de-8f6f-f4af11601ef1 ] Request (AbsoluteLimitsTestJSON:setUpClass): 200 GET http://10.180.1.21/identity/v3/domains?name=Default 0.026s
2024-10-21 17:35:25.648 63542 INFO tempest.lib.common.rest_client [req-dd45675d-7b04-4b49-a7c6-55bf64c27061 req-dd45675d-7b04-4b49-a7c6-55bf64c27061 ] Request (AttachInterfacesV270Test:test_create_get_list_interfaces): 200 GET http://10.180.1.21/compute/v2.1/servers/a236be17-8965-4785-834e-9ce22eeb75eb 0.063s
2024-10-21 17:35:25.656 63538 INFO tempest.lib.common.rest_client [req-b24aa114-459d-4446-8426-2ffcb95f4daa req-b24aa114-459d-4446-8426-2ffcb95f4daa ] Request (AbsoluteLimitsTestJSON:setUpClass): 201 POST http://10.180.1.21/identity/v3/projects 0.046s
2024-10-21 17:35:25.705 63584 INFO tempest.lib.common.rest_client [req-0a27a173-b385-4a0a-9275-d9f808a340d9 req-0a27a173-b385-4a0a-9275-d9f808a340d9 ] Request (ServerGroupTestJSON:test_create_server_with_scheduler_hint_group): 200 GET http://10.180.1.21/compute/v2.1/servers/dc9ae29a-a61b-4402-a16f-460cf74bc10c 0.055s
2024-10-21 17:35:25.731 63538 INFO tempest.lib.common.rest_client [req-0a3e6537-860a-4999-bdfb-d00a5cb1e091 req-0a3e6537-860a-4999-bdfb-d00a5cb1e091 ] Request (AbsoluteLimitsTestJSON:setUpClass): 201 POST http://10.180.1.21/identity/v3/users 0.073s
2024-10-21 17:35:25.752 63538 INFO tempest.lib.common.rest_client [req-398b2cb0-d339-4ba5-96e3-6e65c7605734 req-398b2cb0-d339-4ba5-96e3-6e65c7605734 ] Request (AbsoluteLimitsTestJSON:setUpClass): 200 GET http://10.180.1.21/identity/v3/roles 0.021s
2024-10-21 17:35:25.765 63586 INFO tempest.lib.common.rest_client [req-00458c39-19dd-4852-82ee-1f18e0fb5af8 req-00458c39-19dd-4852-82ee-1f18e0fb5af8 ] Request (ServerActionsTestOtherA:setUpClass): 200 GET http://10.180.1.21/compute/v2.1/servers/63f13b3b-d0e3-46d7-ab73-c6bf04d6f1d5 0.098s
2024-10-21 17:35:25.790 63538 INFO tempest.lib.common.rest_client [req-65d3edc6-b166-4768-8100-0b077ca64e8f req-65d3edc6-b166-4768-8100-0b077ca64e8f ] Request (AbsoluteLimitsTestJSON:setUpClass): 204 PUT http://10.180.1.21/identity/v3/projects/a11b8c59322c4e98a8597b58efacc784/users/5ab25016a98246498db95f4892bafdad/roles/25690f8d4e1546faa1afcbd533b33425 0.037s
2024-10-21 17:35:25.790 63538 INFO tempest.lib.common.dynamic_creds [-] Dynamic test user 5ab25016a98246498db95f4892bafdad is created with scope project and roles: ['member']
2024-10-21 17:35:25.791 63538 INFO tempest.lib.common.dynamic_creds [-] Acquired dynamic creds: credentials: Credentials: {'domain_id': 'default', 'domain_name': 'Default', 'username': 'tempest-AbsoluteLimitsTestJSON-1524838370-project-member', 'project_domain_id': 'default', 'project_domain_name': 'Default', 'project_id': 'a11b8c59322c4e98a8597b58efacc784', 'project_name': 'tempest-AbsoluteLimitsTestJSON-1524838370', 'tenant_id': 'a11b8c59322c4e98a8597b58efacc784', 'tenant_name': 'tempest-AbsoluteLimitsTestJSON-1524838370', 'user_domain_id': 'default', 'user_domain_name': 'Default', 'user_id': '5ab25016a98246498db95f4892bafdad', 'system': None}, Network: None, Subnet: None, Router: None
2024-10-21 17:35:25.791 63538 INFO tempest.lib.common.dynamic_creds [-] Created isolated network resources for: credentials: Credentials: {'domain_id': 'default', 'domain_name': 'Default', 'username': 'tempest-AbsoluteLimitsTestJSON-1524838370-project-member', 'project_domain_id': 'default', 'project_domain_name': 'Default', 'project_id': 'a11b8c59322c4e98a8597b58efacc784', 'project_name': 'tempest-AbsoluteLimitsTestJSON-1524838370', 'tenant_id': 'a11b8c59322c4e98a8597b58efacc784', 'tenant_name': 'tempest-AbsoluteLimitsTestJSON-1524838370', 'user_domain_id': 'default', 'user_domain_name': 'Default', 'user_id': '5ab25016a98246498db95f4892bafdad', 'system': None}, Network: None, Subnet: None, Router: None
2024-10-21 17:35:25.813 63558 INFO tempest.lib.common.rest_client [req-a0afd5f1-db8b-47f3-b436-bb20e9aac9ed req-a0afd5f1-db8b-47f3-b436-bb20e9aac9ed ] Request (ServersTestFqdnHostnames:test_create_server_with_fqdn_name): 200 GET http://10.180.1.21/compute/v2.1/servers/2afc50fb-138c-4523-b086-db11026ae52f 0.119s
2024-10-21 17:35:25.868 63556 INFO tempest.lib.common.rest_client [req-64e9f647-141a-4bae-b2bf-ae1b9145fa3f req-64e9f647-141a-4bae-b2bf-ae1b9145fa3f ] Request (SecurityGroupsTestJSON:test_list_security_groups_by_server): 200 GET http://10.180.1.21/compute/v2.1/servers/eaaf2515-cc4b-42c7-aacd-14074c760924 0.133s
2024-10-21 17:35:25.873 63564 INFO tempest.lib.common.rest_client [req-542a7abe-1649-48a9-89f3-203b3241ccbe req-542a7abe-1649-48a9-89f3-203b3241ccbe ] Request (ListImageFiltersTestJSON:setUpClass): 200 GET http://10.180.1.21/compute/v2.1/servers/b2c1e806-d0ae-455f-95e9-405a9557697f 0.253s
2024-10-21 17:35:25.882 63538 INFO tempest.lib.common.rest_client [req-3fddcf3a-c8c6-41af-92aa-2e66544a7604 req-3fddcf3a-c8c6-41af-92aa-2e66544a7604 ] Request (AbsoluteLimitsTestJSON:setUpClass): 201 POST http://10.180.1.21/identity/v3/auth/tokens 0.087s
2024-10-21 17:35:25.925 63561 INFO tempest.lib.common.rest_client [req-ae37cf65-b4c5-48b2-beb6-c91e8934d9db req-ae37cf65-b4c5-48b2-beb6-c91e8934d9db ] Request (ServerDiagnosticsV248Test:test_get_server_diagnostics): 200 GET http://10.180.1.21/compute/v2.1/servers/b2055187-edd8-4a8c-9811-183cf7ba3b39 0.175s
2024-10-21 17:35:25.926 63534 INFO tempest.lib.common.rest_client [req-3df0137b-5e5a-4e00-947b-6d4475f00cf3 req-3df0137b-5e5a-4e00-947b-6d4475f00cf3 ] Request (ServerExternalEventsTest:test_create_server_external_events): 200 GET http://10.180.1.21/compute/v2.1/servers/e0e08728-b6c3-4610-bc27-348c5594fefc 0.117s
2024-10-21 17:35:25.974 63580 INFO tempest.lib.common.rest_client [req-725e7783-afc4-441e-8591-4cfecac2f5fe req-725e7783-afc4-441e-8591-4cfecac2f5fe ] Request (ServerPasswordTestJSON:setUpClass): 200 GET http://10.180.1.21/compute/v2.1/servers/1d9c3eee-eefe-4a9a-b3d9-aac847892cc9 0.104s
2024-10-21 17:35:25.986 63592 INFO tempest.lib.common.rest_client [req-60d5b9ef-42bb-4e58-a4f2-cd524ddd0476 req-60d5b9ef-42bb-4e58-a4f2-cd524ddd0476 ] Request (ServersTestJSON:setUpClass): 200 GET http://10.180.1.21/compute/v2.1/servers/263d1329-a81a-4d50-91b6-3927bffe8d4c 0.170s
2024-10-21 17:35:26.026 63568 INFO tempest.lib.common.rest_client [req-e8043cc1-7be0-4368-9aaa-7cd06e55f155 req-e8043cc1-7be0-4368-9aaa-7cd06e55f155 ] Request (VolumesAdminNegativeTest:test_update_attached_volume_with_nonexistent_volume_in_body): 200 GET http://10.180.1.21/compute/v2.1/servers/510b9ea6-04f1-4704-b5e4-e19db57769a8 0.154s
2024-10-21 17:35:26.075 63544 INFO tempest.lib.common.rest_client [req-e2f3de0e-981a-4928-b09a-ee80c8cc8ae2 req-e2f3de0e-981a-4928-b09a-ee80c8cc8ae2 ] Request (ImagesNegativeTestJSON:test_create_image_from_deleted_server): 200 GET http://10.180.1.21/compute/v2.1/servers/a63744c8-b9bf-4a89-9319-061d53de6b5f 0.152s
2024-10-21 17:35:26.083 63538 INFO tempest.lib.common.rest_client [req-97e19bad-3c35-4a2e-881f-e9c8d092ae69 req-97e19bad-3c35-4a2e-881f-e9c8d092ae69 ] Request (AbsoluteLimitsTestJSON:test_absLimits_get): 200 GET http://10.180.1.21/compute/v2.1/limits 0.200s
2024-10-21 17:35:26.138 63570 INFO tempest.lib.common.rest_client [req-893d4f4a-473d-468d-9367-7b9fa21f5086 req-893d4f4a-473d-468d-9367-7b9fa21f5086 ] Request (ServersAaction247Test:test_create_backup): 200 GET http://10.180.1.21/compute/v2.1/servers/0aade4da-882a-4342-aefb-07eb306b17ff 0.166s
2024-10-21 17:35:26.146 63583 INFO tempest.lib.common.rest_client [req-518a04d0-5131-415f-b7eb-ce2f45731b66 req-518a04d0-5131-415f-b7eb-ce2f45731b66 ] Request (AttachInterfacesTestJSON:test_create_list_show_delete_interfaces_by_fixed_ip): 200 GET http://10.180.1.21/compute/v2.1/servers/f5c47736-381f-4979-b804-494ca8cf16a1 0.134s
2024-10-21 17:35:26.197 63550 INFO tempest.lib.common.rest_client [req-598c772b-33e7-4d2b-98de-6aa443f1c4ef req-598c772b-33e7-4d2b-98de-6aa443f1c4ef ] Request (ServersTestMultiNic:test_verify_duplicate_network_nics): 200 GET http://10.180.1.21/compute/v2.1/servers/db04bc40-1106-46dd-ad9a-f9b11a6c8774 0.174s
2024-10-21 17:35:26.198 63562 INFO tempest.lib.common.rest_client [req-eb698805-d53a-469b-a628-e2c9c0b6e680 req-eb698805-d53a-469b-a628-e2c9c0b6e680 ] Request (VolumesAssistedSnapshotsTest:test_volume_assisted_snapshot_create_delete): 200 GET http://10.180.1.21/compute/v2.1/servers/c1f9f075-7d1c-4c05-9dfd-43820d2d07ad 0.122s
2024-10-21 17:35:26.212 63538 INFO tempest.lib.common.rest_client [req-a33e8c9b-af6c-48dc-a56f-c05baff504ae req-a33e8c9b-af6c-48dc-a56f-c05baff504ae ] Request (AbsoluteLimitsTestJSON:tearDownClass): 204 DELETE http://10.180.1.21/identity/v3/users/5ab25016a98246498db95f4892bafdad 0.124s
2024-10-21 17:35:26.213 63538 INFO tempest.lib.common.dynamic_creds [-] Deleting project and security group for project: a11b8c59322c4e98a8597b58efacc784
2024-10-21 17:35:26.249 63566 INFO tempest.lib.common.rest_client [req-0d207d20-6649-41c0-b89b-d0038f83380a req-0d207d20-6649-41c0-b89b-d0038f83380a ] Request (DeleteServersAdminTestJSON:test_delete_server_while_in_error_state): 200 GET http://10.180.1.21/compute/v2.1/servers/769c2643-57eb-456c-8083-997a8c9c48cc 0.167s
2024-10-21 17:35:26.253 63554 INFO tempest.lib.common.rest_client [req-a1087da2-a07c-42b4-8996-171d01c39065 req-a1087da2-a07c-42b4-8996-171d01c39065 ] Request (ServersTestJSON:test_create_server_specify_multibyte_character_name): 200 GET http://10.180.1.21/compute/v2.1/servers/e86185ea-7aa6-43ad-920d-645e18194b04 0.122s
2024-10-21 17:35:26.280 63538 INFO tempest.lib.common.rest_client [req-99909bf3-f4ae-4b11-b4cc-9623126c9e25 req-99909bf3-f4ae-4b11-b4cc-9623126c9e25 ] Request (AbsoluteLimitsTestJSON:tearDownClass): 201 POST http://10.180.1.21/identity/v3/auth/tokens 0.067s
2024-10-21 17:35:26.297 63591 INFO tempest.lib.common.rest_client [req-157c8a03-b5ca-4816-825c-d00b4264ce7f req-157c8a03-b5ca-4816-825c-d00b4264ce7f ] Request (ServerActionsTestJSON:setUpClass): 200 GET http://10.180.1.21/compute/v2.1/servers/8b4b041b-5d3f-479a-8241-c75cce650d1e 0.150s
2024-10-21 17:35:26.303 63574 INFO tempest.lib.common.rest_client [req-86ba301f-2169-417e-b0c1-d784ac420102 req-86ba301f-2169-417e-b0c1-d784ac420102 ] Request (ServerDiskConfigTestJSON:test_rebuild_server_with_auto_disk_config): 200 GET http://10.180.1.21/compute/v2.1/servers/947f69fa-77cf-4c7d-ba62-37567318b969 0.111s
2024-10-21 17:35:26.356 63572 INFO tempest.lib.common.rest_client [req-5b6ddbc5-c3d4-4359-a5ba-0bf68d5c5d11 req-5b6ddbc5-c3d4-4359-a5ba-0bf68d5c5d11 ] Request (FloatingIPsAssociationTestJSON:setUpClass): 200 GET http://10.180.1.21/compute/v2.1/servers/5bf150a5-ad49-4bf8-a8fa-e376e0f00926 0.125s
2024-10-21 17:35:26.365 63540 INFO tempest.lib.common.rest_client [req-23c10db4-4160-4165-b352-3133d2f20b18 req-23c10db4-4160-4165-b352-3133d2f20b18 ] Request (ImagesOneServerNegativeTestJSON:setUpClass): 200 GET http://10.180.1.21/compute/v2.1/servers/25f0de66-914f-46b9-a15b-d936df5b3ab4 0.133s
2024-10-21 17:35:26.414 63532 INFO tempest.lib.common.rest_client [req-168c0140-0f5e-43e5-9aaf-dc5b49567eae req-168c0140-0f5e-43e5-9aaf-dc5b49567eae ] Request (DeleteServersTestJSON:test_delete_server_while_in_attached_volume): 200 GET http://10.180.1.21/compute/v2.1/servers/fd67940d-9552-42b3-b472-2ce0e7899ea6 0.108s
2024-10-21 17:35:26.434 63552 INFO tempest.lib.common.rest_client [req-a0f2a664-d1d3-4473-b24f-e8df45ab154a req-a0f2a664-d1d3-4473-b24f-e8df45ab154a ] Request (FloatingIPsAssociationNegativeTestJSON:setUpClass): 200 GET http://10.180.1.21/compute/v2.1/servers/76ceec24-eebe-4b32-b77d-f57203881a94 0.110s
2024-10-21 17:35:26.444 63552 INFO tempest.common.waiters [-] State transition "BUILD/scheduling" ==> "ERROR/None" after 93 second wait
2024-10-21 17:35:26.463 63546 INFO tempest.lib.common.rest_client [req-b8deaa6c-4ba3-4790-bd8f-1f1f7a826d44 req-b8deaa6c-4ba3-4790-bd8f-1f1f7a826d44 ] Request (ServersWithSpecificFlavorTestJSON:test_verify_created_server_ephemeral_disk): 200 GET http://10.180.1.21/compute/v2.1/servers/a492b0a0-0bf1-4e64-bd51-ad131cd17a3b 0.076s
2024-10-21 17:35:26.500 63530 INFO tempest.lib.common.rest_client [req-2aae88a6-d8fd-40af-a342-c4fb018fb2db req-2aae88a6-d8fd-40af-a342-c4fb018fb2db ] Request (ImagesTestJSON:test_create_image_from_stopped_server): 200 GET http://10.180.1.21/compute/v2.1/servers/1814ebc5-7869-4ec6-8cf6-790daed5e271 0.110s
2024-10-21 17:35:26.521 63538 INFO tempest.lib.common.rest_client [req-3be449db-961d-4a71-a321-1ac3f0b90728 req-3be449db-961d-4a71-a321-1ac3f0b90728 ] Request (AbsoluteLimitsTestJSON:tearDownClass): 200 GET http://10.180.1.21:9696/networking/v2.0/security-groups?tenant_id=a11b8c59322c4e98a8597b58efacc784&name=default 0.241s
2024-10-21 17:35:26.552 63536 INFO tempest.lib.common.rest_client [req-95468b88-298b-40c9-a368-1b2edb8552de req-95468b88-298b-40c9-a368-1b2edb8552de ] Request (ServerRescueNegativeTestJSON:setUpClass): 200 GET http://10.180.1.21/compute/v2.1/servers/8c2439e1-26ce-45e5-9179-164c0dbbbf76 0.104s
2024-10-21 17:35:26.604 63578 INFO tempest.lib.common.rest_client [req-ebbc6e7a-33be-403e-87b1-c0822e5605f7 req-ebbc6e7a-33be-403e-87b1-c0822e5605f7 ] Request (MigrationsAdminTest:test_resize_server_revert_deleted_flavor): 200 GET http://10.180.1.21/compute/v2.1/servers/305e3a9c-27cf-47b8-8825-09e5abe220ee 0.139s
2024-10-21 17:35:26.625 63538 INFO tempest.lib.common.rest_client [req-123ef8d9-7f90-49c4-b80e-ace45a469dbb req-123ef8d9-7f90-49c4-b80e-ace45a469dbb ] Request (AbsoluteLimitsTestJSON:tearDownClass): 204 DELETE http://10.180.1.21:9696/networking/v2.0/security-groups/6203cfb0-fa79-46bb-9961-72f1c1677ab1 0.103s
2024-10-21 17:35:26.663 63552 INFO tempest.lib.common.rest_client [req-c69c0e0a-166a-4acf-820a-8382023a8f13 req-c69c0e0a-166a-4acf-820a-8382023a8f13 ] Request (FloatingIPsAssociationNegativeTestJSON:setUpClass): 204 DELETE http://10.180.1.21/compute/v2.1/servers/76ceec24-eebe-4b32-b77d-f57203881a94 0.219s
2024-10-21 17:35:26.672 63588 INFO tempest.lib.common.rest_client [req-96595234-356a-45f8-b1ae-10e093a35bdb req-96595234-356a-45f8-b1ae-10e093a35bdb ] Request (ServerTagsTestJSON:setUpClass): 200 PUT http://10.180.1.21:9696/networking/v2.0/routers/76b90071-f749-4e02-ae72-aa5cdb08cb2f/add_router_interface 1.079s
2024-10-21 17:35:26.673 63588 INFO tempest.lib.common.dynamic_creds [-] Created isolated network resources for: credentials: Credentials: {'domain_id': 'default', 'domain_name': 'Default', 'username': 'tempest-ServerTagsTestJSON-1821821476-project-member', 'project_domain_id': 'default', 'project_domain_name': 'Default', 'project_id': 'bcb70627939d4addb756ccbc409fd07f', 'project_name': 'tempest-ServerTagsTestJSON-1821821476', 'tenant_id': 'bcb70627939d4addb756ccbc409fd07f', 'tenant_name': 'tempest-ServerTagsTestJSON-1821821476', 'user_domain_id': 'default', 'user_domain_name': 'Default', 'user_id': 'b02cabad3b564ff09b26abe1dfde8ad4', 'system': None}, Network: {'id': '4e7ef51d-bbbd-4801-b2bd-29d4bf6824cf', 'name': 'tempest-ServerTagsTestJSON-1673865898-network', 'tenant_id': 'bcb70627939d4addb756ccbc409fd07f', 'admin_state_up': True, 'mtu': 8950, 'status': 'ACTIVE', 'subnets': [], 'shared': False, 'project_id': 'bcb70627939d4addb756ccbc409fd07f', 'port_security_enabled': True, 'router:external': False, 'provider:network_type': 'vlan', 'provider:physical_network': 'default', 'provider:segmentation_id': 835, 'is_default': False, 'availability_zone_hints': [], 'availability_zones': [], 'ipv4_address_scope': None, 'ipv6_address_scope': None, 'description': '', 'tags': [], 'created_at': '2024-10-21T17:35:24Z', 'updated_at': '2024-10-21T17:35:24Z', 'revision_number': 1}, Subnet: {'id': '2b5305f7-1e66-495f-9874-7bcd12dd528d', 'name': 'tempest-ServerTagsTestJSON-1673865898-subnet', 'tenant_id': 'bcb70627939d4addb756ccbc409fd07f', 'network_id': '4e7ef51d-bbbd-4801-b2bd-29d4bf6824cf', 'ip_version': 4, 'subnetpool_id': None, 'enable_dhcp': True, 'ipv6_ra_mode': None, 'ipv6_address_mode': None, 'gateway_ip': '192.168.128.1', 'cidr': '192.168.128.0/28', 'allocation_pools': [{'start': '192.168.128.2', 'end': '192.168.128.14'}], 'host_routes': [], 'dns_nameservers': [], 'description': '', 'router:external': False, 'service_types': [], 'tags': [], 'created_at': '2024-10-21T17:35:24Z', 'updated_at': '2024-10-21T17:35:24Z', 'revision_number': 0, 'project_id': 'bcb70627939d4addb756ccbc409fd07f'}, Router: {'id': '76b90071-f749-4e02-ae72-aa5cdb08cb2f', 'name': 'tempest-ServerTagsTestJSON-1673865898-router', 'tenant_id': 'bcb70627939d4addb756ccbc409fd07f', 'admin_state_up': True, 'status': 'ACTIVE', 'external_gateway_info': {'network_id': '41ad7a8e-a1cd-440c-8992-e490c43901ae', 'external_fixed_ips': [{'subnet_id': 'b07e7804-9216-4371-a50c-2c5e19eaaf2e', 'ip_address': '10.180.180.246'}], 'enable_snat': True}, 'description': '', 'availability_zones': [], 'distributed': False, 'ha': False, 'availability_zone_hints': [], 'routes': [], 'flavor_id': None, 'tags': [], 'created_at': '2024-10-21T17:35:24Z', 'updated_at': '2024-10-21T17:35:25Z', 'revision_number': 2, 'project_id': 'bcb70627939d4addb756ccbc409fd07f'}
2024-10-21 17:35:26.692 63552 INFO tempest.lib.common.rest_client [req-c5f4e66e-d7f9-4dfb-9aed-9bfbacd2becf req-c5f4e66e-d7f9-4dfb-9aed-9bfbacd2becf ] Request (FloatingIPsAssociationNegativeTestJSON:setUpClass): 404 GET http://10.180.1.21/compute/v2.1/servers/76ceec24-eebe-4b32-b77d-f57203881a94 0.028s
2024-10-21 17:35:26.693 63552 INFO tempest.test [-] raised in FloatingIPsAssociationNegativeTestJSON.setUpClass. Invoking tearDownClass.
2024-10-21 17:35:26.701 63538 INFO tempest.lib.common.rest_client [req-0d2d3a29-9e16-4dfd-bc44-3f2d4f8a9576 req-0d2d3a29-9e16-4dfd-bc44-3f2d4f8a9576 ] Request (AbsoluteLimitsTestJSON:tearDownClass): 204 DELETE http://10.180.1.21/identity/v3/projects/a11b8c59322c4e98a8597b58efacc784 0.076s
2024-10-21 17:35:26.731 63542 INFO tempest.lib.common.rest_client [req-8bbc0286-7bcb-4a71-901b-acefbd94f00e req-8bbc0286-7bcb-4a71-901b-acefbd94f00e ] Request (AttachInterfacesV270Test:test_create_get_list_interfaces): 200 GET http://10.180.1.21/compute/v2.1/servers/a236be17-8965-4785-834e-9ce22eeb75eb 0.073s
2024-10-21 17:35:26.753 63538 INFO tempest.lib.common.rest_client [req-40c36e11-681e-4ab8-96d1-75f858fe6a7d req-40c36e11-681e-4ab8-96d1-75f858fe6a7d ] Request (ServersTestBootFromVolume:setUpClass): 201 POST http://10.180.1.21/identity/v3/auth/tokens 0.050s
2024-10-21 17:35:26.754 63588 INFO tempest.lib.common.rest_client [req-ea70b6dc-a110-4dd6-8be4-0b588dc5bf62 req-ea70b6dc-a110-4dd6-8be4-0b588dc5bf62 ] Request (ServerTagsTestJSON:setUpClass): 201 POST http://10.180.1.21/identity/v3/auth/tokens 0.075s
2024-10-21 17:35:26.769 63584 INFO tempest.lib.common.rest_client [req-2cf9ec80-8cf3-454a-8f5f-b01a39a48fac req-2cf9ec80-8cf3-454a-8f5f-b01a39a48fac ] Request (ServerGroupTestJSON:test_create_server_with_scheduler_hint_group): 200 GET http://10.180.1.21/compute/v2.1/servers/dc9ae29a-a61b-4402-a16f-460cf74bc10c 0.051s
2024-10-21 17:35:26.780 63538 INFO tempest.lib.common.rest_client [req-cd1b69cc-b2bc-4b93-8fd2-383d135a6549 req-cd1b69cc-b2bc-4b93-8fd2-383d135a6549 ] Request (ServersTestBootFromVolume:setUpClass): 201 POST http://10.180.1.21/identity/v3/auth/tokens 0.025s
2024-10-21 17:35:26.787 63588 INFO tempest.lib.common.rest_client [req-9b0c1c21-35df-42d4-a400-5538980f2ec3 req-9b0c1c21-35df-42d4-a400-5538980f2ec3 ] Request (ServerTagsTestJSON:setUpClass): 201 POST http://10.180.1.21/identity/v3/auth/tokens 0.027s
2024-10-21 17:35:26.787 63588 INFO tempest.lib.common.fixed_network [-] (ServerTagsTestJSON:setUpClass) Found network {'id': '4e7ef51d-bbbd-4801-b2bd-29d4bf6824cf', 'name': 'tempest-ServerTagsTestJSON-1673865898-network', 'tenant_id': 'bcb70627939d4addb756ccbc409fd07f', 'admin_state_up': True, 'mtu': 8950, 'status': 'ACTIVE', 'subnets': [], 'shared': False, 'project_id': 'bcb70627939d4addb756ccbc409fd07f', 'port_security_enabled': True, 'router:external': False, 'provider:network_type': 'vlan', 'provider:physical_network': 'default', 'provider:segmentation_id': 835, 'is_default': False, 'availability_zone_hints': [], 'availability_zones': [], 'ipv4_address_scope': None, 'ipv6_address_scope': None, 'description': '', 'tags': [], 'created_at': '2024-10-21T17:35:24Z', 'updated_at': '2024-10-21T17:35:24Z', 'revision_number': 1} available for tenant
2024-10-21 17:35:26.797 63538 INFO tempest.lib.common.rest_client [req-54fb28a1-cdf5-4eab-9d3e-b627efb26e61 req-54fb28a1-cdf5-4eab-9d3e-b627efb26e61 ] Request (ServersTestBootFromVolume:setUpClass): 200 GET http://10.180.1.21/identity/v3/domains?name=Default 0.017s
2024-10-21 17:35:26.823 63538 INFO tempest.lib.common.rest_client [req-410765ab-7d42-4cd5-b6b8-f2cf83f2ccbd req-410765ab-7d42-4cd5-b6b8-f2cf83f2ccbd ] Request (ServersTestBootFromVolume:setUpClass): 201 POST http://10.180.1.21/identity/v3/projects 0.025s
2024-10-21 17:35:26.828 63586 INFO tempest.lib.common.rest_client [req-ec05c708-ef5e-4971-bb9e-012619823032 req-ec05c708-ef5e-4971-bb9e-012619823032 ] Request (ServerActionsTestOtherA:setUpClass): 200 GET http://10.180.1.21/compute/v2.1/servers/63f13b3b-d0e3-46d7-ab73-c6bf04d6f1d5 0.053s
2024-10-21 17:35:26.876 63558 INFO tempest.lib.common.rest_client [req-9cbb56b3-7584-4aa9-a50c-cab359a72a8f req-9cbb56b3-7584-4aa9-a50c-cab359a72a8f ] Request (ServersTestFqdnHostnames:test_create_server_with_fqdn_name): 200 GET http://10.180.1.21/compute/v2.1/servers/2afc50fb-138c-4523-b086-db11026ae52f 0.053s
2024-10-21 17:35:26.876 63538 INFO tempest.lib.common.rest_client [req-9fb76083-91a7-44c1-b52b-6a8a875c1852 req-9fb76083-91a7-44c1-b52b-6a8a875c1852 ] Request (ServersTestBootFromVolume:setUpClass): 201 POST http://10.180.1.21/identity/v3/users 0.053s
2024-10-21 17:35:26.892 63538 INFO tempest.lib.common.rest_client [req-5abf4e47-ec20-4717-afe0-71bccc52b9aa req-5abf4e47-ec20-4717-afe0-71bccc52b9aa ] Request (ServersTestBootFromVolume:setUpClass): 200 GET http://10.180.1.21/identity/v3/roles 0.015s
2024-10-21 17:35:26.923 63538 INFO tempest.lib.common.rest_client [req-20a3b9da-b817-4018-bd60-89c776a02fec req-20a3b9da-b817-4018-bd60-89c776a02fec ] Request (ServersTestBootFromVolume:setUpClass): 204 PUT http://10.180.1.21/identity/v3/projects/ff9b6966a9a5406da28f997b19e58139/users/8c78ec5284164f19bf27698c667ac630/roles/25690f8d4e1546faa1afcbd533b33425 0.030s
2024-10-21 17:35:26.923 63538 INFO tempest.lib.common.dynamic_creds [-] Dynamic test user 8c78ec5284164f19bf27698c667ac630 is created with scope project and roles: ['member']
2024-10-21 17:35:26.925 63538 INFO tempest.lib.common.dynamic_creds [-] Acquired dynamic creds: credentials: Credentials: {'domain_id': 'default', 'domain_name': 'Default', 'username': 'tempest-ServersTestBootFromVolume-2134488671-project-member', 'project_domain_id': 'default', 'project_domain_name': 'Default', 'project_id': 'ff9b6966a9a5406da28f997b19e58139', 'project_name': 'tempest-ServersTestBootFromVolume-2134488671', 'tenant_id': 'ff9b6966a9a5406da28f997b19e58139', 'tenant_name': 'tempest-ServersTestBootFromVolume-2134488671', 'user_domain_id': 'default', 'user_domain_name': 'Default', 'user_id': '8c78ec5284164f19bf27698c667ac630', 'system': None}, Network: None, Subnet: None, Router: None
2024-10-21 17:35:26.931 63556 INFO tempest.lib.common.rest_client [req-cc8aa49c-8be2-4f30-8f2b-868972e43bc1 req-cc8aa49c-8be2-4f30-8f2b-868972e43bc1 ] Request (SecurityGroupsTestJSON:test_list_security_groups_by_server): 200 GET http://10.180.1.21/compute/v2.1/servers/eaaf2515-cc4b-42c7-aacd-14074c760924 0.056s
2024-10-21 17:35:26.985 63538 INFO tempest.lib.common.rest_client [req-428b8131-d955-4ca7-8359-0b8d0c0a9b22 req-428b8131-d955-4ca7-8359-0b8d0c0a9b22 ] Request (ServersTestBootFromVolume:setUpClass): 201 POST http://10.180.1.21/identity/v3/auth/tokens 0.059s
2024-10-21 17:35:26.995 63564 INFO tempest.lib.common.rest_client [req-f5af4278-282a-4bb9-8997-c15f22177662 req-f5af4278-282a-4bb9-8997-c15f22177662 ] Request (ListImageFiltersTestJSON:setUpClass): 200 GET http://10.180.1.21/compute/v2.1/servers/b2c1e806-d0ae-455f-95e9-405a9557697f 0.109s
2024-10-21 17:35:27.047 63534 INFO tempest.lib.common.rest_client [req-80490512-097d-41a4-9d8b-766db9580c16 req-80490512-097d-41a4-9d8b-766db9580c16 ] Request (ServerExternalEventsTest:test_create_server_external_events): 200 GET http://10.180.1.21/compute/v2.1/servers/e0e08728-b6c3-4610-bc27-348c5594fefc 0.112s
2024-10-21 17:35:27.109 63561 INFO tempest.lib.common.rest_client [req-d2776aa9-f002-48ee-9cbb-377acbc1e00a req-d2776aa9-f002-48ee-9cbb-377acbc1e00a ] Request (ServerDiagnosticsV248Test:test_get_server_diagnostics): 200 GET http://10.180.1.21/compute/v2.1/servers/b2055187-edd8-4a8c-9811-183cf7ba3b39 0.169s
2024-10-21 17:35:27.176 63580 INFO tempest.lib.common.rest_client [req-b7a18b51-048d-412b-a556-4aa4c138701d req-b7a18b51-048d-412b-a556-4aa4c138701d ] Request (ServerPasswordTestJSON:setUpClass): 200 GET http://10.180.1.21/compute/v2.1/servers/1d9c3eee-eefe-4a9a-b3d9-aac847892cc9 0.196s
2024-10-21 17:35:27.241 63592 INFO tempest.lib.common.rest_client [req-6b022e9e-ce8c-4c66-a5f3-712dc06803a1 req-6b022e9e-ce8c-4c66-a5f3-712dc06803a1 ] Request (ServersTestJSON:setUpClass): 200 GET http://10.180.1.21/compute/v2.1/servers/263d1329-a81a-4d50-91b6-3927bffe8d4c 0.246s
2024-10-21 17:35:27.255 63588 INFO tempest.lib.common.rest_client [req-7b136c0a-3314-46c4-bca1-8d5573c7cd51 req-7b136c0a-3314-46c4-bca1-8d5573c7cd51 ] Request (ServerTagsTestJSON:setUpClass): 202 POST http://10.180.1.21/compute/v2.1/servers 0.467s
2024-10-21 17:35:27.300 63568 INFO tempest.lib.common.rest_client [req-08698bb1-782d-49ab-894a-4dd94493fdaf req-08698bb1-782d-49ab-894a-4dd94493fdaf ] Request (VolumesAdminNegativeTest:test_update_attached_volume_with_nonexistent_volume_in_body): 200 GET http://10.180.1.21/compute/v2.1/servers/510b9ea6-04f1-4704-b5e4-e19db57769a8 0.263s
2024-10-21 17:35:27.312 63544 INFO tempest.lib.common.rest_client [req-6f522c79-1570-4acb-a826-9bfdfc78db09 req-6f522c79-1570-4acb-a826-9bfdfc78db09 ] Request (ImagesNegativeTestJSON:test_create_image_from_deleted_server): 200 GET http://10.180.1.21/compute/v2.1/servers/a63744c8-b9bf-4a89-9319-061d53de6b5f 0.228s
2024-10-21 17:35:27.376 63570 INFO tempest.lib.common.rest_client [req-447df1dc-ff3b-4319-a2cf-44771da9dd29 req-447df1dc-ff3b-4319-a2cf-44771da9dd29 ] Request (ServersAaction247Test:test_create_backup): 200 GET http://10.180.1.21/compute/v2.1/servers/0aade4da-882a-4342-aefb-07eb306b17ff 0.228s
2024-10-21 17:35:27.374 63583 INFO tempest.lib.common.rest_client [req-bb045ef5-971a-423f-b886-654a8afac5fa req-bb045ef5-971a-423f-b886-654a8afac5fa ] Request (AttachInterfacesTestJSON:test_create_list_show_delete_interfaces_by_fixed_ip): 200 GET http://10.180.1.21/compute/v2.1/servers/f5c47736-381f-4979-b804-494ca8cf16a1 0.218s
2024-10-21 17:35:27.404 63538 INFO tempest.lib.common.rest_client [req-0c7a1611-eb19-4da2-a371-031f121c32ff req-0c7a1611-eb19-4da2-a371-031f121c32ff ] Request (ServersTestBootFromVolume:setUpClass): 201 POST http://10.180.1.21:9696/networking/v2.0/networks 0.418s
2024-10-21 17:35:27.439 63562 INFO tempest.lib.common.rest_client [req-5c069b20-669a-4224-a09c-2bf24c742679 req-5c069b20-669a-4224-a09c-2bf24c742679 ] Request (VolumesAssistedSnapshotsTest:test_volume_assisted_snapshot_create_delete): 200 GET http://10.180.1.21/compute/v2.1/servers/c1f9f075-7d1c-4c05-9dfd-43820d2d07ad 0.234s
2024-10-21 17:35:27.445 63550 INFO tempest.lib.common.rest_client [req-9cf851a2-ecb3-4560-960a-69026926daae req-9cf851a2-ecb3-4560-960a-69026926daae ] Request (ServersTestMultiNic:test_verify_duplicate_network_nics): 200 GET http://10.180.1.21/compute/v2.1/servers/db04bc40-1106-46dd-ad9a-f9b11a6c8774 0.237s
2024-10-21 17:35:27.486 63588 INFO tempest.lib.common.rest_client [req-2224e788-23b5-498b-97b6-05746100bb58 req-2224e788-23b5-498b-97b6-05746100bb58 ] Request (ServerTagsTestJSON:setUpClass): 200 GET http://10.180.1.21/compute/v2.1/servers/985a5c30-551f-4de7-bc85-d53f002e0f72 0.229s
2024-10-21 17:35:27.513 63566 INFO tempest.lib.common.rest_client [req-7c0a3421-0a57-4f8e-af06-cf2da21ffb51 req-7c0a3421-0a57-4f8e-af06-cf2da21ffb51 ] Request (DeleteServersAdminTestJSON:test_delete_server_while_in_error_state): 200 GET http://10.180.1.21/compute/v2.1/servers/769c2643-57eb-456c-8083-997a8c9c48cc 0.253s
2024-10-21 17:35:27.532 63554 INFO tempest.lib.common.rest_client [req-3de82360-5599-4652-acd8-9208c5ba3448 req-3de82360-5599-4652-acd8-9208c5ba3448 ] Request (ServersTestJSON:test_create_server_specify_multibyte_character_name): 200 GET http://10.180.1.21/compute/v2.1/servers/e86185ea-7aa6-43ad-920d-645e18194b04 0.270s
2024-10-21 17:35:27.575 63574 INFO tempest.lib.common.rest_client [req-778896ba-4bf5-4c70-beab-05b1a46dde68 req-778896ba-4bf5-4c70-beab-05b1a46dde68 ] Request (ServerDiskConfigTestJSON:test_rebuild_server_with_auto_disk_config): 200 GET http://10.180.1.21/compute/v2.1/servers/947f69fa-77cf-4c7d-ba62-37567318b969 0.262s
2024-10-21 17:35:27.619 63572 INFO tempest.lib.common.rest_client [req-b1558477-98b5-4985-b202-ff579686bfa6 req-b1558477-98b5-4985-b202-ff579686bfa6 ] Request (FloatingIPsAssociationTestJSON:setUpClass): 200 GET http://10.180.1.21/compute/v2.1/servers/5bf150a5-ad49-4bf8-a8fa-e376e0f00926 0.251s
2024-10-21 17:35:27.665 63540 INFO tempest.lib.common.rest_client [req-0f411bef-5f5a-46b9-a3df-eb1d7b0d6c8d req-0f411bef-5f5a-46b9-a3df-eb1d7b0d6c8d ] Request (ImagesOneServerNegativeTestJSON:setUpClass): 200 GET http://10.180.1.21/compute/v2.1/servers/25f0de66-914f-46b9-a15b-d936df5b3ab4 0.289s
2024-10-21 17:35:27.717 63591 INFO tempest.lib.common.rest_client [req-b507bf43-d536-4eff-879e-80364d04539e req-b507bf43-d536-4eff-879e-80364d04539e ] Request (ServerActionsTestJSON:setUpClass): 200 GET http://10.180.1.21/compute/v2.1/servers/8b4b041b-5d3f-479a-8241-c75cce650d1e 0.413s
2024-10-21 17:35:27.722 63532 INFO tempest.lib.common.rest_client [req-5521106b-c509-4dc0-9067-23b132d01b4d req-5521106b-c509-4dc0-9067-23b132d01b4d ] Request (DeleteServersTestJSON:test_delete_server_while_in_attached_volume): 200 GET http://10.180.1.21/compute/v2.1/servers/fd67940d-9552-42b3-b472-2ce0e7899ea6 0.299s
2024-10-21 17:35:27.785 63530 INFO tempest.lib.common.rest_client [req-7c92066b-61dc-4a2f-9eff-8fe9296b2912 req-7c92066b-61dc-4a2f-9eff-8fe9296b2912 ] Request (ImagesTestJSON:test_create_image_from_stopped_server): 200 GET http://10.180.1.21/compute/v2.1/servers/1814ebc5-7869-4ec6-8cf6-790daed5e271 0.274s
2024-10-21 17:35:27.800 63546 INFO tempest.lib.common.rest_client [req-0a83739b-52ae-4c0e-82e2-44cc5b4b89d5 req-0a83739b-52ae-4c0e-82e2-44cc5b4b89d5 ] Request (ServersWithSpecificFlavorTestJSON:test_verify_created_server_ephemeral_disk): 200 GET http://10.180.1.21/compute/v2.1/servers/a492b0a0-0bf1-4e64-bd51-ad131cd17a3b 0.327s
2024-10-21 17:35:27.840 63536 INFO tempest.lib.common.rest_client [req-a1a18a3b-8bf4-4040-94a1-0b6c289d999c req-a1a18a3b-8bf4-4040-94a1-0b6c289d999c ] Request (ServerRescueNegativeTestJSON:setUpClass): 200 GET http://10.180.1.21/compute/v2.1/servers/8c2439e1-26ce-45e5-9179-164c0dbbbf76 0.281s
2024-10-21 17:35:27.880 63578 INFO tempest.lib.common.rest_client [req-509822e0-f73e-496e-9bea-3a42c4aa2dcb req-509822e0-f73e-496e-9bea-3a42c4aa2dcb ] Request (MigrationsAdminTest:test_resize_server_revert_deleted_flavor): 200 GET http://10.180.1.21/compute/v2.1/servers/305e3a9c-27cf-47b8-8825-09e5abe220ee 0.268s
2024-10-21 17:35:27.894 63542 INFO tempest.lib.common.rest_client [req-2f9ee353-661b-4b12-8ac3-1305769d1ecd req-2f9ee353-661b-4b12-8ac3-1305769d1ecd ] Request (AttachInterfacesV270Test:test_create_get_list_interfaces): 200 GET http://10.180.1.21/compute/v2.1/servers/a236be17-8965-4785-834e-9ce22eeb75eb 0.153s
2024-10-21 17:35:27.942 63584 INFO tempest.lib.common.rest_client [req-0fae845b-3da1-4a84-8cf7-4490f4b0a6db req-0fae845b-3da1-4a84-8cf7-4490f4b0a6db ] Request (ServerGroupTestJSON:test_create_server_with_scheduler_hint_group): 200 GET http://10.180.1.21/compute/v2.1/servers/dc9ae29a-a61b-4402-a16f-460cf74bc10c 0.162s
2024-10-21 17:35:27.951 63586 INFO tempest.lib.common.rest_client [req-cae950da-7182-4bd6-848b-5774c563c9d2 req-cae950da-7182-4bd6-848b-5774c563c9d2 ] Request (ServerActionsTestOtherA:setUpClass): 200 GET http://10.180.1.21/compute/v2.1/servers/63f13b3b-d0e3-46d7-ab73-c6bf04d6f1d5 0.115s
2024-10-21 17:35:27.961 63538 INFO tempest.lib.common.rest_client [req-382a2ada-3c3f-4e2f-a9d7-9a9aca35b4d9 req-382a2ada-3c3f-4e2f-a9d7-9a9aca35b4d9 ] Request (ServersTestBootFromVolume:setUpClass): 201 POST http://10.180.1.21:9696/networking/v2.0/subnets 0.556s
2024-10-21 17:35:27.993 63558 INFO tempest.lib.common.rest_client [req-55766a9f-25bd-46ed-b3e5-c9e1d74fd5dc req-55766a9f-25bd-46ed-b3e5-c9e1d74fd5dc ] Request (ServersTestFqdnHostnames:test_create_server_with_fqdn_name): 200 GET http://10.180.1.21/compute/v2.1/servers/2afc50fb-138c-4523-b086-db11026ae52f 0.106s
2024-10-21 17:35:28.010 63556 INFO tempest.lib.common.rest_client [req-5e98b5be-5691-4b4c-a624-ba069efe82bd req-5e98b5be-5691-4b4c-a624-ba069efe82bd ] Request (SecurityGroupsTestJSON:test_list_security_groups_by_server): 200 GET http://10.180.1.21/compute/v2.1/servers/eaaf2515-cc4b-42c7-aacd-14074c760924 0.073s
2024-10-21 17:35:28.023 63552 INFO tempest.lib.common.rest_client [req-da29966f-e204-48e2-8e05-2359393dd887 req-da29966f-e204-48e2-8e05-2359393dd887 ] Request (FloatingIPsAssociationNegativeTestJSON:tearDownClass): 200 PUT http://10.180.1.21:9696/networking/v2.0/routers/30c1051c-df28-4059-9a0f-ecb7d935d50c/remove_router_interface 1.329s
2024-10-21 17:35:28.061 63564 INFO tempest.lib.common.rest_client [req-46b65a64-8484-4cc0-9b85-b070ba551471 req-46b65a64-8484-4cc0-9b85-b070ba551471 ] Request (ListImageFiltersTestJSON:setUpClass): 200 GET http://10.180.1.21/compute/v2.1/servers/b2c1e806-d0ae-455f-95e9-405a9557697f 0.058s
2024-10-21 17:35:28.116 63534 INFO tempest.lib.common.rest_client [req-c2749451-c172-421e-a408-477095e3ce5d req-c2749451-c172-421e-a408-477095e3ce5d ] Request (ServerExternalEventsTest:test_create_server_external_events): 200 GET http://10.180.1.21/compute/v2.1/servers/e0e08728-b6c3-4610-bc27-348c5594fefc 0.059s
2024-10-21 17:35:28.190 63561 INFO tempest.lib.common.rest_client [req-feb74644-b5f2-4487-b292-d683c6f6b51c req-feb74644-b5f2-4487-b292-d683c6f6b51c ] Request (ServerDiagnosticsV248Test:test_get_server_diagnostics): 200 GET http://10.180.1.21/compute/v2.1/servers/b2055187-edd8-4a8c-9811-183cf7ba3b39 0.068s
2024-10-21 17:35:28.255 63580 INFO tempest.lib.common.rest_client [req-8f5a9006-0e50-4945-a3e6-e954afe294a4 req-8f5a9006-0e50-4945-a3e6-e954afe294a4 ] Request (ServerPasswordTestJSON:setUpClass): 200 GET http://10.180.1.21/compute/v2.1/servers/1d9c3eee-eefe-4a9a-b3d9-aac847892cc9 0.069s
2024-10-21 17:35:28.314 63592 INFO tempest.lib.common.rest_client [req-a4b35e0d-9000-4866-a3a1-cce6962eab73 req-a4b35e0d-9000-4866-a3a1-cce6962eab73 ] Request (ServersTestJSON:setUpClass): 200 GET http://10.180.1.21/compute/v2.1/servers/263d1329-a81a-4d50-91b6-3927bffe8d4c 0.066s
2024-10-21 17:35:28.364 63568 INFO tempest.lib.common.rest_client [req-dda6081a-458e-404d-a635-0f92a2e0d941 req-dda6081a-458e-404d-a635-0f92a2e0d941 ] Request (VolumesAdminNegativeTest:test_update_attached_volume_with_nonexistent_volume_in_body): 200 GET http://10.180.1.21/compute/v2.1/servers/510b9ea6-04f1-4704-b5e4-e19db57769a8 0.057s
2024-10-21 17:35:28.389 63544 INFO tempest.lib.common.rest_client [req-2529a753-fd49-48b1-909a-c82937cfb827 req-2529a753-fd49-48b1-909a-c82937cfb827 ] Request (ImagesNegativeTestJSON:test_create_image_from_deleted_server): 200 GET http://10.180.1.21/compute/v2.1/servers/a63744c8-b9bf-4a89-9319-061d53de6b5f 0.068s
2024-10-21 17:35:28.447 63583 INFO tempest.lib.common.rest_client [req-4df21987-e8dc-4b2e-ae3f-a30994df8459 req-4df21987-e8dc-4b2e-ae3f-a30994df8459 ] Request (AttachInterfacesTestJSON:test_create_list_show_delete_interfaces_by_fixed_ip): 200 GET http://10.180.1.21/compute/v2.1/servers/f5c47736-381f-4979-b804-494ca8cf16a1 0.060s
2024-10-21 17:35:28.452 63570 INFO tempest.lib.common.rest_client [req-1e6bc4d8-2261-4d4a-9441-02ab207ce958 req-1e6bc4d8-2261-4d4a-9441-02ab207ce958 ] Request (ServersAaction247Test:test_create_backup): 200 GET http://10.180.1.21/compute/v2.1/servers/0aade4da-882a-4342-aefb-07eb306b17ff 0.064s
2024-10-21 17:35:28.452 63552 INFO tempest.lib.common.rest_client [req-4dfb092d-5295-4231-afdc-28bbce7aeaf5 req-4dfb092d-5295-4231-afdc-28bbce7aeaf5 ] Request (FloatingIPsAssociationNegativeTestJSON:tearDownClass): 204 DELETE http://10.180.1.21:9696/networking/v2.0/routers/30c1051c-df28-4059-9a0f-ecb7d935d50c 0.429s
2024-10-21 17:35:28.502 63562 INFO tempest.lib.common.rest_client [req-129dbca0-0a51-44dc-838b-7a926c0fe769 req-129dbca0-0a51-44dc-838b-7a926c0fe769 ] Request (VolumesAssistedSnapshotsTest:test_volume_assisted_snapshot_create_delete): 200 GET http://10.180.1.21/compute/v2.1/servers/c1f9f075-7d1c-4c05-9dfd-43820d2d07ad 0.054s
2024-10-21 17:35:28.510 63550 INFO tempest.lib.common.rest_client [req-dac54d2b-b4b0-427d-ad2a-f3d2cf5641a5 req-dac54d2b-b4b0-427d-ad2a-f3d2cf5641a5 ] Request (ServersTestMultiNic:test_verify_duplicate_network_nics): 200 GET http://10.180.1.21/compute/v2.1/servers/db04bc40-1106-46dd-ad9a-f9b11a6c8774 0.057s
2024-10-21 17:35:28.564 63588 INFO tempest.lib.common.rest_client [req-6c7b6e2b-d60f-4e28-b750-5daa2811aeb8 req-6c7b6e2b-d60f-4e28-b750-5daa2811aeb8 ] Request (ServerTagsTestJSON:setUpClass): 200 GET http://10.180.1.21/compute/v2.1/servers/985a5c30-551f-4de7-bc85-d53f002e0f72 0.069s
2024-10-21 17:35:28.579 63566 INFO tempest.lib.common.rest_client [req-cf35df1a-e2f0-44bd-bf00-b93ccf976186 req-cf35df1a-e2f0-44bd-bf00-b93ccf976186 ] Request (DeleteServersAdminTestJSON:test_delete_server_while_in_error_state): 200 GET http://10.180.1.21/compute/v2.1/servers/769c2643-57eb-456c-8083-997a8c9c48cc 0.058s
2024-10-21 17:35:28.590 63552 INFO tempest.lib.common.rest_client [req-f4177646-b0d5-4998-bc0a-27b0d656f3a8 req-f4177646-b0d5-4998-bc0a-27b0d656f3a8 ] Request (FloatingIPsAssociationNegativeTestJSON:tearDownClass): 204 DELETE http://10.180.1.21:9696/networking/v2.0/subnets/c5a57fc0-043c-4822-bfdc-82f78c83de75 0.137s
2024-10-21 17:35:28.628 63554 INFO tempest.lib.common.rest_client [req-04ae5293-ea20-426c-bafb-6004b48e73fd req-04ae5293-ea20-426c-bafb-6004b48e73fd ] Request (ServersTestJSON:test_create_server_specify_multibyte_character_name): 200 GET http://10.180.1.21/compute/v2.1/servers/e86185ea-7aa6-43ad-920d-645e18194b04 0.089s
2024-10-21 17:35:28.639 63574 INFO tempest.lib.common.rest_client [req-cc025d6b-bdc2-4328-9470-45c9050ac6a6 req-cc025d6b-bdc2-4328-9470-45c9050ac6a6 ] Request (ServerDiskConfigTestJSON:test_rebuild_server_with_auto_disk_config): 200 GET http://10.180.1.21/compute/v2.1/servers/947f69fa-77cf-4c7d-ba62-37567318b969 0.056s
2024-10-21 17:35:28.701 63572 INFO tempest.lib.common.rest_client [req-6c869839-acf3-495a-8ed8-e276d777b396 req-6c869839-acf3-495a-8ed8-e276d777b396 ] Request (FloatingIPsAssociationTestJSON:setUpClass): 200 GET http://10.180.1.21/compute/v2.1/servers/5bf150a5-ad49-4bf8-a8fa-e376e0f00926 0.064s
2024-10-21 17:35:28.735 63538 INFO tempest.lib.common.rest_client [req-90a333c5-07d1-418a-b488-368e3307acd7 req-90a333c5-07d1-418a-b488-368e3307acd7 ] Request (ServersTestBootFromVolume:setUpClass): 201 POST http://10.180.1.21:9696/networking/v2.0/routers 0.774s
2024-10-21 17:35:28.749 63540 INFO tempest.lib.common.rest_client [req-586f231b-4510-48ae-b9d7-80449f148b0d req-586f231b-4510-48ae-b9d7-80449f148b0d ] Request (ImagesOneServerNegativeTestJSON:setUpClass): 200 GET http://10.180.1.21/compute/v2.1/servers/25f0de66-914f-46b9-a15b-d936df5b3ab4 0.077s
2024-10-21 17:35:28.756 63540 INFO tempest.common.waiters [-] State transition "BUILD/spawning" ==> "ERROR/None" after 92 second wait
2024-10-21 17:35:28.785 63591 INFO tempest.lib.common.rest_client [req-137ac592-0f5c-40cf-969c-9417bb8c37be req-137ac592-0f5c-40cf-969c-9417bb8c37be ] Request (ServerActionsTestJSON:setUpClass): 200 GET http://10.180.1.21/compute/v2.1/servers/8b4b041b-5d3f-479a-8241-c75cce650d1e 0.061s
2024-10-21 17:35:28.799 63532 INFO tempest.lib.common.rest_client [req-3dccad71-6ba1-4481-8826-515f1ecccafd req-3dccad71-6ba1-4481-8826-515f1ecccafd ] Request (DeleteServersTestJSON:test_delete_server_while_in_attached_volume): 200 GET http://10.180.1.21/compute/v2.1/servers/fd67940d-9552-42b3-b472-2ce0e7899ea6 0.065s
2024-10-21 17:35:28.856 63530 INFO tempest.lib.common.rest_client [req-b6cb0a1f-4bfe-4764-9f8c-8d48dd5767dc req-b6cb0a1f-4bfe-4764-9f8c-8d48dd5767dc ] Request (ImagesTestJSON:test_create_image_from_stopped_server): 200 GET http://10.180.1.21/compute/v2.1/servers/1814ebc5-7869-4ec6-8cf6-790daed5e271 0.063s
2024-10-21 17:35:28.868 63552 INFO tempest.lib.common.rest_client [req-940d1e71-ab10-4344-a8b1-5c2141575817 req-940d1e71-ab10-4344-a8b1-5c2141575817 ] Request (FloatingIPsAssociationNegativeTestJSON:tearDownClass): 204 DELETE http://10.180.1.21:9696/networking/v2.0/networks/df9f5053-0911-49de-a0bf-6212b5d91a29 0.278s
