2024-10-21 17:35:05.714 63530 INFO tempest.lib.common.rest_client [req-72238a80-7cf2-44f1-bdf0-f6ac386cb2fe req-72238a80-7cf2-44f1-bdf0-f6ac386cb2fe ] Request (ImagesTestJSON:test_create_image_from_stopped_server): 200 GET http://10.180.1.21/compute/v2.1/servers/1814ebc5-7869-4ec6-8cf6-790daed5e271 0.046s
2024-10-21 17:35:05.757 63536 INFO tempest.lib.common.rest_client [req-ce0d6d28-1415-482e-92e3-f8da3d0737ff req-ce0d6d28-1415-482e-92e3-f8da3d0737ff ] Request (ServerRescueNegativeTestJSON:setUpClass): 200 GET http://10.180.1.21/compute/v2.1/servers/8c2439e1-26ce-45e5-9179-164c0dbbbf76 0.061s
2024-10-21 17:35:05.764 63578 INFO tempest.lib.common.rest_client [req-4160b6e1-10bc-4e09-95c2-fac78eb96b35 req-4160b6e1-10bc-4e09-95c2-fac78eb96b35 ] Request (MigrationsAdminTest:test_resize_server_revert_deleted_flavor): 200 GET http://10.180.1.21/compute/v2.1/servers/305e3a9c-27cf-47b8-8825-09e5abe220ee 0.050s
2024-10-21 17:35:05.803 63586 INFO tempest.lib.common.rest_client [req-648bc535-2c0d-4fb6-9d4c-7124dab654eb req-648bc535-2c0d-4fb6-9d4c-7124dab654eb ] Request (ServerActionsTestOtherA:setUpClass): 200 GET http://10.180.1.21/compute/v2.1/servers/63f13b3b-d0e3-46d7-ab73-c6bf04d6f1d5 0.049s
2024-10-21 17:35:05.816 63564 INFO tempest.lib.common.rest_client [req-56eeb9d0-8868-4260-9a11-0c4e5aad0701 req-56eeb9d0-8868-4260-9a11-0c4e5aad0701 ] Request (ListImageFiltersTestJSON:setUpClass): 200 GET http://10.180.1.21/compute/v2.1/servers/b2c1e806-d0ae-455f-95e9-405a9557697f 0.053s
2024-10-21 17:35:05.853 63532 INFO tempest.lib.common.rest_client [req-64f95c4a-dcab-42ba-9540-2ecea619b646 req-64f95c4a-dcab-42ba-9540-2ecea619b646 ] Request (DeleteServersTestJSON:test_delete_active_server): 200 GET http://10.180.1.21/compute/v2.1/servers/4dce2ec6-6f7b-4294-a32e-4cd222ae3492 0.050s
2024-10-21 17:35:05.862 63558 INFO tempest.lib.common.rest_client [req-1eec7a66-ccc9-4e31-963f-1c53d41af4c8 req-1eec7a66-ccc9-4e31-963f-1c53d41af4c8 ] Request (ServersTestFqdnHostnames:test_create_server_with_fqdn_name): 200 GET http://10.180.1.21/compute/v2.1/servers/2afc50fb-138c-4523-b086-db11026ae52f 0.056s
2024-10-21 17:35:05.898 63584 INFO tempest.lib.common.rest_client [req-8240907d-bb2a-43b6-87ae-c339262d6589 req-8240907d-bb2a-43b6-87ae-c339262d6589 ] Request (ServerGroupTestJSON:test_create_server_with_scheduler_hint_group): 200 GET http://10.180.1.21/compute/v2.1/servers/dc9ae29a-a61b-4402-a16f-460cf74bc10c 0.050s
2024-10-21 17:35:05.915 63561 INFO tempest.lib.common.rest_client [req-76019622-d84a-47fb-89ba-25c9f572364c req-76019622-d84a-47fb-89ba-25c9f572364c ] Request (ServerDiagnosticsV248Test:test_get_server_diagnostics): 200 GET http://10.180.1.21/compute/v2.1/servers/b2055187-edd8-4a8c-9811-183cf7ba3b39 0.066s
2024-10-21 17:35:05.943 63556 INFO tempest.lib.common.rest_client [req-96d0f68a-8781-41e3-8599-79f6518d6b04 req-96d0f68a-8781-41e3-8599-79f6518d6b04 ] Request (SecurityGroupsTestJSON:test_list_security_groups_by_server): 200 GET http://10.180.1.21/compute/v2.1/servers/eaaf2515-cc4b-42c7-aacd-14074c760924 0.054s
2024-10-21 17:35:06.101 63538 INFO tempest.lib.common.rest_client [req-36de37eb-d03f-42f2-9e24-4ec67fe2d35f req-36de37eb-d03f-42f2-9e24-4ec67fe2d35f ] Request (ServersAdminTestJSON:setUpClass): 200 GET http://10.180.1.21/compute/v2.1/servers/1ac2f52a-27ef-4ce4-9540-288658f08344 0.057s
2024-10-21 17:35:06.135 63534 INFO tempest.lib.common.rest_client [req-443b14ee-7f7e-4b73-8ca9-0bd3e36c7813 req-443b14ee-7f7e-4b73-8ca9-0bd3e36c7813 ] Request (ServerExternalEventsTest:test_create_server_external_events): 200 GET http://10.180.1.21/compute/v2.1/servers/e0e08728-b6c3-4610-bc27-348c5594fefc 0.050s
2024-10-21 17:35:06.196 63588 INFO tempest.lib.common.rest_client [req-1b70812b-c8c9-4abc-acde-57f26ae3f67d req-1b70812b-c8c9-4abc-acde-57f26ae3f67d ] Request (ListServerFiltersTestJSON:setUpClass): 200 GET http://10.180.1.21/compute/v2.1/servers/db725426-1b67-437c-aea5-cf0da50454a2 0.054s
2024-10-21 17:35:06.237 63568 INFO tempest.lib.common.rest_client [req-15df8269-8b4b-455a-8f87-0a9e2ffbe35f req-15df8269-8b4b-455a-8f87-0a9e2ffbe35f ] Request (VolumesAdminNegativeTest:test_update_attached_volume_with_nonexistent_volume_in_body): 200 GET http://10.180.1.21/compute/v2.1/servers/510b9ea6-04f1-4704-b5e4-e19db57769a8 0.047s
2024-10-21 17:35:06.330 63570 INFO tempest.lib.common.rest_client [req-06172cc9-8c14-4716-bd67-bf39bf761fd8 req-06172cc9-8c14-4716-bd67-bf39bf761fd8 ] Request (ServersAaction247Test:test_create_backup): 200 GET http://10.180.1.21/compute/v2.1/servers/0aade4da-882a-4342-aefb-07eb306b17ff 0.073s
2024-10-21 17:35:06.369 63544 INFO tempest.lib.common.rest_client [req-babd1c95-2457-420d-a1bd-5d91dd5a0e8b req-babd1c95-2457-420d-a1bd-5d91dd5a0e8b ] Request (ImagesNegativeTestJSON:test_create_image_from_deleted_server): 200 GET http://10.180.1.21/compute/v2.1/servers/a63744c8-b9bf-4a89-9319-061d53de6b5f 0.066s
2024-10-21 17:35:06.415 63583 INFO tempest.lib.common.rest_client [req-0ec7393a-b7ea-48bc-b5e5-933c8e136a3d req-0ec7393a-b7ea-48bc-b5e5-933c8e136a3d ] Request (AttachInterfacesTestJSON:test_create_list_show_delete_interfaces_by_fixed_ip): 200 GET http://10.180.1.21/compute/v2.1/servers/f5c47736-381f-4979-b804-494ca8cf16a1 0.071s
2024-10-21 17:35:06.468 63566 INFO tempest.lib.common.rest_client [req-5adcd2e8-2ee8-49e4-be7b-62cf7f4e750d req-5adcd2e8-2ee8-49e4-be7b-62cf7f4e750d ] Request (DeleteServersAdminTestJSON:test_delete_server_while_in_error_state): 200 GET http://10.180.1.21/compute/v2.1/servers/769c2643-57eb-456c-8083-997a8c9c48cc 0.065s
2024-10-21 17:35:06.524 63562 INFO tempest.lib.common.rest_client [req-4767f15f-21bb-41c2-9563-a6efe26d3879 req-4767f15f-21bb-41c2-9563-a6efe26d3879 ] Request (VolumesAssistedSnapshotsTest:test_volume_assisted_snapshot_create_delete): 200 GET http://10.180.1.21/compute/v2.1/servers/c1f9f075-7d1c-4c05-9dfd-43820d2d07ad 0.156s
2024-10-21 17:35:06.528 63550 INFO tempest.lib.common.rest_client [req-2f0aa065-67b3-4d7f-9b50-d286547771c5 req-2f0aa065-67b3-4d7f-9b50-d286547771c5 ] Request (ServersTestMultiNic:test_verify_duplicate_network_nics): 200 GET http://10.180.1.21/compute/v2.1/servers/db04bc40-1106-46dd-ad9a-f9b11a6c8774 0.116s
2024-10-21 17:35:06.532 63562 INFO tempest.common.waiters [-] State transition "BUILD/networking" ==> "BUILD/block_device_mapping" after 70 second wait
2024-10-21 17:35:06.572 63580 INFO tempest.lib.common.rest_client [req-b4bdd2cf-7b25-45ca-aa25-d35813efe987 req-b4bdd2cf-7b25-45ca-aa25-d35813efe987 ] Request (ListServersNegativeTestJSON:setUpClass): 200 GET http://10.180.1.21/compute/v2.1/servers/0b381f4c-372f-41c8-9661-7e6bab6dd306 0.122s
2024-10-21 17:35:06.599 63591 INFO tempest.lib.common.rest_client [req-ed0e1953-7a9d-4a5a-87a5-db48036e905f req-ed0e1953-7a9d-4a5a-87a5-db48036e905f ] Request (ServerActionsTestJSON:setUpClass): 200 GET http://10.180.1.21/compute/v2.1/servers/8b4b041b-5d3f-479a-8241-c75cce650d1e 0.136s
2024-10-21 17:35:06.635 63546 INFO tempest.lib.common.rest_client [req-d90ea08d-8c15-45fb-b6b8-8e7a0e95049c req-d90ea08d-8c15-45fb-b6b8-8e7a0e95049c ] Request (ServersWithSpecificFlavorTestJSON:test_verify_created_server_ephemeral_disk): 200 GET http://10.180.1.21/compute/v2.1/servers/a492b0a0-0bf1-4e64-bd51-ad131cd17a3b 0.143s
2024-10-21 17:35:06.663 63540 INFO tempest.lib.common.rest_client [req-a0d580e1-f41e-44a2-a48b-3cd084dcdb8b req-a0d580e1-f41e-44a2-a48b-3cd084dcdb8b ] Request (ImagesOneServerNegativeTestJSON:setUpClass): 200 GET http://10.180.1.21/compute/v2.1/servers/25f0de66-914f-46b9-a15b-d936df5b3ab4 0.147s
2024-10-21 17:35:06.693 63554 INFO tempest.lib.common.rest_client [req-f5f11779-4319-468e-b9c9-f396ed9f094a req-f5f11779-4319-468e-b9c9-f396ed9f094a ] Request (ServersTestJSON:test_create_server_specify_multibyte_character_name): 200 GET http://10.180.1.21/compute/v2.1/servers/e86185ea-7aa6-43ad-920d-645e18194b04 0.157s
2024-10-21 17:35:06.733 63574 INFO tempest.lib.common.rest_client [req-4806f54d-42bd-4941-91f8-ccb7a9d843eb req-4806f54d-42bd-4941-91f8-ccb7a9d843eb ] Request (ServerDiskConfigTestJSON:test_rebuild_server_with_auto_disk_config): 200 GET http://10.180.1.21/compute/v2.1/servers/947f69fa-77cf-4c7d-ba62-37567318b969 0.172s
2024-10-21 17:35:06.752 63592 INFO tempest.lib.common.rest_client [req-d87d0f12-ccb0-485d-8d7c-0a345ad995d0 req-d87d0f12-ccb0-485d-8d7c-0a345ad995d0 ] Request (ServersTestJSON:setUpClass): 200 PUT http://10.180.1.21:9696/networking/v2.0/routers/1834ae87-04ba-4185-9f1c-451a81cf579f/add_router_interface 1.329s
2024-10-21 17:35:06.753 63592 INFO tempest.lib.common.dynamic_creds [-] Created isolated network resources for: credentials: Credentials: {'domain_id': 'default', 'domain_name': 'Default', 'username': 'tempest-ServersTestJSON-607300979-project-member', 'project_domain_id': 'default', 'project_domain_name': 'Default', 'project_id': 'f43f59c7120e45928cb1f3ad16a84b5f', 'project_name': 'tempest-ServersTestJSON-607300979', 'tenant_id': 'f43f59c7120e45928cb1f3ad16a84b5f', 'tenant_name': 'tempest-ServersTestJSON-607300979', 'user_domain_id': 'default', 'user_domain_name': 'Default', 'user_id': '99317b99397c403eab3b3571bf844377', 'system': None}, Network: {'id': 'c0470ff7-c10b-44bd-9c0f-9df04cc1fe18', 'name': 'tempest-ServersTestJSON-33492219-network', 'tenant_id': 'f43f59c7120e45928cb1f3ad16a84b5f', 'admin_state_up': True, 'mtu': 8950, 'status': 'ACTIVE', 'subnets': [], 'shared': False, 'project_id': 'f43f59c7120e45928cb1f3ad16a84b5f', 'port_security_enabled': True, 'router:external': False, 'provider:network_type': 'vlan', 'provider:physical_network': 'default', 'provider:segmentation_id': 320, 'is_default': False, 'availability_zone_hints': [], 'availability_zones': [], 'ipv4_address_scope': None, 'ipv6_address_scope': None, 'description': '', 'tags': [], 'created_at': '2024-10-21T17:35:04Z', 'updated_at': '2024-10-21T17:35:04Z', 'revision_number': 1}, Subnet: {'id': 'cfdd3b22-cd78-4d13-836c-d43d432e0b63', 'name': 'tempest-ServersTestJSON-33492219-subnet', 'tenant_id': 'f43f59c7120e45928cb1f3ad16a84b5f', 'network_id': 'c0470ff7-c10b-44bd-9c0f-9df04cc1fe18', 'ip_version': 4, 'subnetpool_id': None, 'enable_dhcp': True, 'ipv6_ra_mode': None, 'ipv6_address_mode': None, 'gateway_ip': '192.168.128.1', 'cidr': '192.168.128.0/28', 'allocation_pools': [{'start': '192.168.128.2', 'end': '192.168.128.14'}], 'host_routes': [], 'dns_nameservers': [], 'description': '', 'router:external': False, 'service_types': [], 'tags': [], 'created_at': '2024-10-21T17:35:04Z', 'updated_at': '2024-10-21T17:35:04Z', 'revision_number': 0, 'project_id': 'f43f59c7120e45928cb1f3ad16a84b5f'}, Router: {'id': '1834ae87-04ba-4185-9f1c-451a81cf579f', 'name': 'tempest-ServersTestJSON-33492219-router', 'tenant_id': 'f43f59c7120e45928cb1f3ad16a84b5f', 'admin_state_up': True, 'status': 'ACTIVE', 'external_gateway_info': {'network_id': '41ad7a8e-a1cd-440c-8992-e490c43901ae', 'external_fixed_ips': [{'subnet_id': 'b07e7804-9216-4371-a50c-2c5e19eaaf2e', 'ip_address': '10.180.180.252'}], 'enable_snat': True}, 'description': '', 'availability_zones': [], 'distributed': False, 'ha': False, 'availability_zone_hints': [], 'routes': [], 'flavor_id': None, 'tags': [], 'created_at': '2024-10-21T17:35:04Z', 'updated_at': '2024-10-21T17:35:05Z', 'revision_number': 2, 'project_id': 'f43f59c7120e45928cb1f3ad16a84b5f'}
2024-10-21 17:35:06.771 63542 INFO tempest.lib.common.rest_client [req-0bb0c4f9-bf59-4e77-aabd-f1697c3274ec req-0bb0c4f9-bf59-4e77-aabd-f1697c3274ec ] Request (AttachInterfacesV270Test:test_create_get_list_interfaces): 200 GET http://10.180.1.21/compute/v2.1/servers/a236be17-8965-4785-834e-9ce22eeb75eb 0.131s
2024-10-21 17:35:06.793 63572 INFO tempest.lib.common.rest_client [req-5a8caaa4-5745-4032-a879-2b411b6a19d6 req-5a8caaa4-5745-4032-a879-2b411b6a19d6 ] Request (FloatingIPsAssociationTestJSON:setUpClass): 200 GET http://10.180.1.21/compute/v2.1/servers/5bf150a5-ad49-4bf8-a8fa-e376e0f00926 0.119s
2024-10-21 17:35:06.828 63552 INFO tempest.lib.common.rest_client [req-b4ae8e52-02b5-4ed9-adc0-b8ba36182707 req-b4ae8e52-02b5-4ed9-adc0-b8ba36182707 ] Request (FloatingIPsAssociationNegativeTestJSON:setUpClass): 200 GET http://10.180.1.21/compute/v2.1/servers/76ceec24-eebe-4b32-b77d-f57203881a94 0.123s
2024-10-21 17:35:06.854 63530 INFO tempest.lib.common.rest_client [req-4605409b-3429-4229-ade8-d09d50aaba77 req-4605409b-3429-4229-ade8-d09d50aaba77 ] Request (ImagesTestJSON:test_create_image_from_stopped_server): 200 GET http://10.180.1.21/compute/v2.1/servers/1814ebc5-7869-4ec6-8cf6-790daed5e271 0.133s
2024-10-21 17:35:06.868 63592 INFO tempest.lib.common.rest_client [req-eefc0e77-1a64-4990-943f-734e6637eb87 req-eefc0e77-1a64-4990-943f-734e6637eb87 ] Request (ServersTestJSON:setUpClass): 201 POST http://10.180.1.21/identity/v3/auth/tokens 0.112s
2024-10-21 17:35:06.886 63536 INFO tempest.lib.common.rest_client [req-b9a3cc42-ef19-4a2b-af58-decbb20d7ccd req-b9a3cc42-ef19-4a2b-af58-decbb20d7ccd ] Request (ServerRescueNegativeTestJSON:setUpClass): 200 GET http://10.180.1.21/compute/v2.1/servers/8c2439e1-26ce-45e5-9179-164c0dbbbf76 0.118s
2024-10-21 17:35:06.904 63578 INFO tempest.lib.common.rest_client [req-45bb098a-f2cd-4b38-8e38-d5b89f8896fb req-45bb098a-f2cd-4b38-8e38-d5b89f8896fb ] Request (MigrationsAdminTest:test_resize_server_revert_deleted_flavor): 200 GET http://10.180.1.21/compute/v2.1/servers/305e3a9c-27cf-47b8-8825-09e5abe220ee 0.132s
2024-10-21 17:35:06.941 63586 INFO tempest.lib.common.rest_client [req-cd7a3669-fa48-47a7-a99b-43d7798e32f2 req-cd7a3669-fa48-47a7-a99b-43d7798e32f2 ] Request (ServerActionsTestOtherA:setUpClass): 200 GET http://10.180.1.21/compute/v2.1/servers/63f13b3b-d0e3-46d7-ab73-c6bf04d6f1d5 0.129s
2024-10-21 17:35:06.956 63564 INFO tempest.lib.common.rest_client [req-3e5bab3d-53d0-4849-a5e1-26f20abaea3c req-3e5bab3d-53d0-4849-a5e1-26f20abaea3c ] Request (ListImageFiltersTestJSON:setUpClass): 200 GET http://10.180.1.21/compute/v2.1/servers/b2c1e806-d0ae-455f-95e9-405a9557697f 0.131s
2024-10-21 17:35:07.005 63532 INFO tempest.lib.common.rest_client [req-d85ba17a-fa43-49d6-9e90-cf1d3bce054f req-d85ba17a-fa43-49d6-9e90-cf1d3bce054f ] Request (DeleteServersTestJSON:test_delete_active_server): 200 GET http://10.180.1.21/compute/v2.1/servers/4dce2ec6-6f7b-4294-a32e-4cd222ae3492 0.144s
2024-10-21 17:35:07.055 63558 INFO tempest.lib.common.rest_client [req-69e24593-59ec-4ad5-8fba-ec56ab309050 req-69e24593-59ec-4ad5-8fba-ec56ab309050 ] Request (ServersTestFqdnHostnames:test_create_server_with_fqdn_name): 200 GET http://10.180.1.21/compute/v2.1/servers/2afc50fb-138c-4523-b086-db11026ae52f 0.185s
2024-10-21 17:35:07.071 63592 INFO tempest.lib.common.rest_client [req-c611b09f-0dbe-4635-806b-2d7fa6804c19 req-c611b09f-0dbe-4635-806b-2d7fa6804c19 ] Request (ServersTestJSON:setUpClass): 200 POST http://10.180.1.21/compute/v2.1/os-keypairs 0.201s
2024-10-21 17:35:07.108 63584 INFO tempest.lib.common.rest_client [req-a5e1cced-9118-464c-b357-545e2c7637a2 req-a5e1cced-9118-464c-b357-545e2c7637a2 ] Request (ServerGroupTestJSON:test_create_server_with_scheduler_hint_group): 200 GET http://10.180.1.21/compute/v2.1/servers/dc9ae29a-a61b-4402-a16f-460cf74bc10c 0.194s
2024-10-21 17:35:07.128 63561 INFO tempest.lib.common.rest_client [req-23b5b497-523c-4de0-82fd-407a7cc4f28b req-23b5b497-523c-4de0-82fd-407a7cc4f28b ] Request (ServerDiagnosticsV248Test:test_get_server_diagnostics): 200 GET http://10.180.1.21/compute/v2.1/servers/b2055187-edd8-4a8c-9811-183cf7ba3b39 0.203s
2024-10-21 17:35:07.158 63556 INFO tempest.lib.common.rest_client [req-b0393a15-cd3d-426c-b1e9-cea684272ba2 req-b0393a15-cd3d-426c-b1e9-cea684272ba2 ] Request (SecurityGroupsTestJSON:test_list_security_groups_by_server): 200 GET http://10.180.1.21/compute/v2.1/servers/eaaf2515-cc4b-42c7-aacd-14074c760924 0.207s
2024-10-21 17:35:07.176 63538 INFO tempest.lib.common.rest_client [req-a01a7311-c2f6-436b-9d56-3ea1b6ffdbab req-a01a7311-c2f6-436b-9d56-3ea1b6ffdbab ] Request (ServersAdminTestJSON:setUpClass): 200 GET http://10.180.1.21/compute/v2.1/servers/1ac2f52a-27ef-4ce4-9540-288658f08344 0.067s
2024-10-21 17:35:07.210 63534 INFO tempest.lib.common.rest_client [req-c94e6933-edda-4571-b4ef-c9e7ab74bbaf req-c94e6933-edda-4571-b4ef-c9e7ab74bbaf ] Request (ServerExternalEventsTest:test_create_server_external_events): 200 GET http://10.180.1.21/compute/v2.1/servers/e0e08728-b6c3-4610-bc27-348c5594fefc 0.067s
2024-10-21 17:35:07.217 63592 INFO tempest.lib.common.rest_client [req-d9ea323d-892b-4ffe-a566-24197fc79e92 req-d9ea323d-892b-4ffe-a566-24197fc79e92 ] Request (ServersTestJSON:setUpClass): 201 POST http://10.180.1.21:9696/networking/v2.0/security-groups 0.145s
2024-10-21 17:35:07.259 63588 INFO tempest.lib.common.rest_client [req-7fc7edae-7cf6-4344-a2a5-6f78f679c33d req-7fc7edae-7cf6-4344-a2a5-6f78f679c33d ] Request (ListServerFiltersTestJSON:setUpClass): 200 GET http://10.180.1.21/compute/v2.1/servers/db725426-1b67-437c-aea5-cf0da50454a2 0.053s
2024-10-21 17:35:07.304 63568 INFO tempest.lib.common.rest_client [req-c8a8425f-ad37-4315-883f-b27e9702db9f req-c8a8425f-ad37-4315-883f-b27e9702db9f ] Request (VolumesAdminNegativeTest:test_update_attached_volume_with_nonexistent_volume_in_body): 200 GET http://10.180.1.21/compute/v2.1/servers/510b9ea6-04f1-4704-b5e4-e19db57769a8 0.059s
2024-10-21 17:35:07.309 63592 INFO tempest.lib.common.rest_client [req-69c36c06-6b92-4725-9ce4-399e504bcc97 req-69c36c06-6b92-4725-9ce4-399e504bcc97 ] Request (ServersTestJSON:setUpClass): 201 POST http://10.180.1.21:9696/networking/v2.0/security-group-rules 0.091s
2024-10-21 17:35:07.400 63592 INFO tempest.lib.common.rest_client [req-d627550d-5dde-455b-b957-a26a5135152d req-d627550d-5dde-455b-b957-a26a5135152d ] Request (ServersTestJSON:setUpClass): 201 POST http://10.180.1.21:9696/networking/v2.0/security-group-rules 0.090s
2024-10-21 17:35:07.419 63570 INFO tempest.lib.common.rest_client [req-b879551c-a36a-4b3e-83e6-2f7584b19f93 req-b879551c-a36a-4b3e-83e6-2f7584b19f93 ] Request (ServersAaction247Test:test_create_backup): 200 GET http://10.180.1.21/compute/v2.1/servers/0aade4da-882a-4342-aefb-07eb306b17ff 0.075s
2024-10-21 17:35:07.447 63544 INFO tempest.lib.common.rest_client [req-954b961a-2c68-4287-9a62-a04a13a7e48e req-954b961a-2c68-4287-9a62-a04a13a7e48e ] Request (ImagesNegativeTestJSON:test_create_image_from_deleted_server): 200 GET http://10.180.1.21/compute/v2.1/servers/a63744c8-b9bf-4a89-9319-061d53de6b5f 0.066s
2024-10-21 17:35:07.482 63583 INFO tempest.lib.common.rest_client [req-9d22526f-0a7f-4c25-960e-f0a72427a3ff req-9d22526f-0a7f-4c25-960e-f0a72427a3ff ] Request (AttachInterfacesTestJSON:test_create_list_show_delete_interfaces_by_fixed_ip): 200 GET http://10.180.1.21/compute/v2.1/servers/f5c47736-381f-4979-b804-494ca8cf16a1 0.054s
2024-10-21 17:35:07.531 63566 INFO tempest.lib.common.rest_client [req-766c7de6-18ee-47e1-a300-b04ec3c3c713 req-766c7de6-18ee-47e1-a300-b04ec3c3c713 ] Request (DeleteServersAdminTestJSON:test_delete_server_while_in_error_state): 200 GET http://10.180.1.21/compute/v2.1/servers/769c2643-57eb-456c-8083-997a8c9c48cc 0.055s
2024-10-21 17:35:07.596 63550 INFO tempest.lib.common.rest_client [req-696f8b0b-b658-48ee-b5df-dd8af33eb50a req-696f8b0b-b658-48ee-b5df-dd8af33eb50a ] Request (ServersTestMultiNic:test_verify_duplicate_network_nics): 200 GET http://10.180.1.21/compute/v2.1/servers/db04bc40-1106-46dd-ad9a-f9b11a6c8774 0.061s
2024-10-21 17:35:07.599 63562 INFO tempest.lib.common.rest_client [req-6de24c57-c41e-4ea2-8fb8-644dfa34845e req-6de24c57-c41e-4ea2-8fb8-644dfa34845e ] Request (VolumesAssistedSnapshotsTest:test_volume_assisted_snapshot_create_delete): 200 GET http://10.180.1.21/compute/v2.1/servers/c1f9f075-7d1c-4c05-9dfd-43820d2d07ad 0.066s
2024-10-21 17:35:07.608 63562 INFO tempest.common.waiters [-] State transition "BUILD/block_device_mapping" ==> "BUILD/spawning" after 71 second wait
2024-10-21 17:35:07.649 63580 INFO tempest.lib.common.rest_client [req-4787368c-3778-426e-aeb8-d8fb2a0ab6fb req-4787368c-3778-426e-aeb8-d8fb2a0ab6fb ] Request (ListServersNegativeTestJSON:setUpClass): 200 GET http://10.180.1.21/compute/v2.1/servers/0b381f4c-372f-41c8-9661-7e6bab6dd306 0.070s
2024-10-21 17:35:07.661 63591 INFO tempest.lib.common.rest_client [req-4b123c23-7993-4f57-85e6-a3dd3108e3e6 req-4b123c23-7993-4f57-85e6-a3dd3108e3e6 ] Request (ServerActionsTestJSON:setUpClass): 200 GET http://10.180.1.21/compute/v2.1/servers/8b4b041b-5d3f-479a-8241-c75cce650d1e 0.052s
2024-10-21 17:35:07.704 63546 INFO tempest.lib.common.rest_client [req-4181e6f9-8095-4f48-9b42-80e534d9330c req-4181e6f9-8095-4f48-9b42-80e534d9330c ] Request (ServersWithSpecificFlavorTestJSON:test_verify_created_server_ephemeral_disk): 200 GET http://10.180.1.21/compute/v2.1/servers/a492b0a0-0bf1-4e64-bd51-ad131cd17a3b 0.059s
2024-10-21 17:35:07.721 63540 INFO tempest.lib.common.rest_client [req-06cc74db-0a63-4e99-9e32-4807399ba6e0 req-06cc74db-0a63-4e99-9e32-4807399ba6e0 ] Request (ImagesOneServerNegativeTestJSON:setUpClass): 200 GET http://10.180.1.21/compute/v2.1/servers/25f0de66-914f-46b9-a15b-d936df5b3ab4 0.050s
2024-10-21 17:35:07.754 63554 INFO tempest.lib.common.rest_client [req-4f6a939f-4f82-448d-b3f7-9e127844d91d req-4f6a939f-4f82-448d-b3f7-9e127844d91d ] Request (ServersTestJSON:test_create_server_specify_multibyte_character_name): 200 GET http://10.180.1.21/compute/v2.1/servers/e86185ea-7aa6-43ad-920d-645e18194b04 0.052s
2024-10-21 17:35:07.791 63574 INFO tempest.lib.common.rest_client [req-1885a785-f33f-4955-8d2a-02d244b7f380 req-1885a785-f33f-4955-8d2a-02d244b7f380 ] Request (ServerDiskConfigTestJSON:test_rebuild_server_with_auto_disk_config): 200 GET http://10.180.1.21/compute/v2.1/servers/947f69fa-77cf-4c7d-ba62-37567318b969 0.052s
2024-10-21 17:35:07.838 63542 INFO tempest.lib.common.rest_client [req-6ecbbc9d-a3b6-4a67-934b-34188a2b871a req-6ecbbc9d-a3b6-4a67-934b-34188a2b871a ] Request (AttachInterfacesV270Test:test_create_get_list_interfaces): 200 GET http://10.180.1.21/compute/v2.1/servers/a236be17-8965-4785-834e-9ce22eeb75eb 0.054s
2024-10-21 17:35:07.841 63592 INFO tempest.lib.common.rest_client [req-64c99780-bd89-40c1-9b3a-5bf0a4831d17 req-64c99780-bd89-40c1-9b3a-5bf0a4831d17 ] Request (ServersTestJSON:setUpClass): 201 POST http://10.180.1.21:9696/networking/v2.0/floatingips 0.440s
2024-10-21 17:35:07.847 63572 INFO tempest.lib.common.rest_client [req-deeb258d-ec08-4866-98a4-385ea25d6492 req-deeb258d-ec08-4866-98a4-385ea25d6492 ] Request (FloatingIPsAssociationTestJSON:setUpClass): 200 GET http://10.180.1.21/compute/v2.1/servers/5bf150a5-ad49-4bf8-a8fa-e376e0f00926 0.046s
2024-10-21 17:35:07.885 63592 INFO tempest.lib.common.rest_client [req-ffd60ddb-f57f-4a65-80d0-fdbbf08be511 req-ffd60ddb-f57f-4a65-80d0-fdbbf08be511 ] Request (ServersTestJSON:setUpClass): 201 POST http://10.180.1.21/identity/v3/auth/tokens 0.041s
2024-10-21 17:35:07.885 63592 INFO tempest.lib.common.fixed_network [-] (ServersTestJSON:setUpClass) Found network {'id': 'c0470ff7-c10b-44bd-9c0f-9df04cc1fe18', 'name': 'tempest-ServersTestJSON-33492219-network', 'tenant_id': 'f43f59c7120e45928cb1f3ad16a84b5f', 'admin_state_up': True, 'mtu': 8950, 'status': 'ACTIVE', 'subnets': [], 'shared': False, 'project_id': 'f43f59c7120e45928cb1f3ad16a84b5f', 'port_security_enabled': True, 'router:external': False, 'provider:network_type': 'vlan', 'provider:physical_network': 'default', 'provider:segmentation_id': 320, 'is_default': False, 'availability_zone_hints': [], 'availability_zones': [], 'ipv4_address_scope': None, 'ipv6_address_scope': None, 'description': '', 'tags': [], 'created_at': '2024-10-21T17:35:04Z', 'updated_at': '2024-10-21T17:35:04Z', 'revision_number': 1} available for tenant
2024-10-21 17:35:07.893 63552 INFO tempest.lib.common.rest_client [req-5819b55f-cbd8-4aeb-9b7b-f86a2f4443f1 req-5819b55f-cbd8-4aeb-9b7b-f86a2f4443f1 ] Request (FloatingIPsAssociationNegativeTestJSON:setUpClass): 200 GET http://10.180.1.21/compute/v2.1/servers/76ceec24-eebe-4b32-b77d-f57203881a94 0.055s
2024-10-21 17:35:07.925 63530 INFO tempest.lib.common.rest_client [req-9680341b-d78f-4de3-b31f-f97be56df6ef req-9680341b-d78f-4de3-b31f-f97be56df6ef ] Request (ImagesTestJSON:test_create_image_from_stopped_server): 200 GET http://10.180.1.21/compute/v2.1/servers/1814ebc5-7869-4ec6-8cf6-790daed5e271 0.062s
2024-10-21 17:35:07.975 63536 INFO tempest.lib.common.rest_client [req-f536f300-ce55-42d2-85f8-b1c581aea5eb req-f536f300-ce55-42d2-85f8-b1c581aea5eb ] Request (ServerRescueNegativeTestJSON:setUpClass): 200 GET http://10.180.1.21/compute/v2.1/servers/8c2439e1-26ce-45e5-9179-164c0dbbbf76 0.080s
2024-10-21 17:35:08.023 63578 INFO tempest.lib.common.rest_client [req-f2d1319d-b82c-4085-ab9c-8dbd3ab79359 req-f2d1319d-b82c-4085-ab9c-8dbd3ab79359 ] Request (MigrationsAdminTest:test_resize_server_revert_deleted_flavor): 200 GET http://10.180.1.21/compute/v2.1/servers/305e3a9c-27cf-47b8-8825-09e5abe220ee 0.105s
2024-10-21 17:35:08.063 63586 INFO tempest.lib.common.rest_client [req-76e98aa4-b34f-4363-8b6c-81920f314292 req-76e98aa4-b34f-4363-8b6c-81920f314292 ] Request (ServerActionsTestOtherA:setUpClass): 200 GET http://10.180.1.21/compute/v2.1/servers/63f13b3b-d0e3-46d7-ab73-c6bf04d6f1d5 0.111s
2024-10-21 17:35:08.106 63564 INFO tempest.lib.common.rest_client [req-b6a5e713-7b61-4f8d-a517-4089e1a0979f req-b6a5e713-7b61-4f8d-a517-4089e1a0979f ] Request (ListImageFiltersTestJSON:setUpClass): 200 GET http://10.180.1.21/compute/v2.1/servers/b2c1e806-d0ae-455f-95e9-405a9557697f 0.142s
2024-10-21 17:35:08.151 63532 INFO tempest.lib.common.rest_client [req-9b66bc29-4ba2-45c3-aaf8-30efc75c8832 req-9b66bc29-4ba2-45c3-aaf8-30efc75c8832 ] Request (DeleteServersTestJSON:test_delete_active_server): 200 GET http://10.180.1.21/compute/v2.1/servers/4dce2ec6-6f7b-4294-a32e-4cd222ae3492 0.139s
2024-10-21 17:35:08.193 63558 INFO tempest.lib.common.rest_client [req-fbb83f04-76b4-4c7f-84ac-ec3f7143f8fa req-fbb83f04-76b4-4c7f-84ac-ec3f7143f8fa ] Request (ServersTestFqdnHostnames:test_create_server_with_fqdn_name): 200 GET http://10.180.1.21/compute/v2.1/servers/2afc50fb-138c-4523-b086-db11026ae52f 0.130s
2024-10-21 17:35:08.210 63592 INFO tempest.lib.common.rest_client [req-28cba3d3-9efa-4555-aa1b-854e56d22c39 req-28cba3d3-9efa-4555-aa1b-854e56d22c39 ] Request (ServersTestJSON:setUpClass): 202 POST http://10.180.1.21/compute/v2.1/servers 0.324s
2024-10-21 17:35:08.242 63584 INFO tempest.lib.common.rest_client [req-c311029e-8ae1-4f9c-985d-8ada74babc85 req-c311029e-8ae1-4f9c-985d-8ada74babc85 ] Request (ServerGroupTestJSON:test_create_server_with_scheduler_hint_group): 200 GET http://10.180.1.21/compute/v2.1/servers/dc9ae29a-a61b-4402-a16f-460cf74bc10c 0.127s
2024-10-21 17:35:08.271 63561 INFO tempest.lib.common.rest_client [req-7883cb89-f412-49dd-8711-a5f810e07476 req-7883cb89-f412-49dd-8711-a5f810e07476 ] Request (ServerDiagnosticsV248Test:test_get_server_diagnostics): 200 GET http://10.180.1.21/compute/v2.1/servers/b2055187-edd8-4a8c-9811-183cf7ba3b39 0.134s
2024-10-21 17:35:08.301 63556 INFO tempest.lib.common.rest_client [req-a537523d-22e3-4f6d-b240-93455666a5a8 req-a537523d-22e3-4f6d-b240-93455666a5a8 ] Request (SecurityGroupsTestJSON:test_list_security_groups_by_server): 200 GET http://10.180.1.21/compute/v2.1/servers/eaaf2515-cc4b-42c7-aacd-14074c760924 0.137s
2024-10-21 17:35:08.319 63538 INFO tempest.lib.common.rest_client [req-18721143-9e25-41fc-9825-443efd200706 req-18721143-9e25-41fc-9825-443efd200706 ] Request (ServersAdminTestJSON:setUpClass): 200 GET http://10.180.1.21/compute/v2.1/servers/1ac2f52a-27ef-4ce4-9540-288658f08344 0.135s
2024-10-21 17:35:08.338 63592 INFO tempest.lib.common.rest_client [req-ca197873-3591-45c4-92c4-878377946e90 req-ca197873-3591-45c4-92c4-878377946e90 ] Request (ServersTestJSON:setUpClass): 200 GET http://10.180.1.21/compute/v2.1/servers/263d1329-a81a-4d50-91b6-3927bffe8d4c 0.127s
2024-10-21 17:35:08.370 63534 INFO tempest.lib.common.rest_client [req-03a3089e-c7c3-4e4c-8959-e550f204b6d9 req-03a3089e-c7c3-4e4c-8959-e550f204b6d9 ] Request (ServerExternalEventsTest:test_create_server_external_events): 200 GET http://10.180.1.21/compute/v2.1/servers/e0e08728-b6c3-4610-bc27-348c5594fefc 0.151s
2024-10-21 17:35:08.399 63588 INFO tempest.lib.common.rest_client [req-e1af1d2a-bff0-44aa-b788-dc78d0939989 req-e1af1d2a-bff0-44aa-b788-dc78d0939989 ] Request (ListServerFiltersTestJSON:setUpClass): 200 GET http://10.180.1.21/compute/v2.1/servers/db725426-1b67-437c-aea5-cf0da50454a2 0.134s
2024-10-21 17:35:08.418 63568 INFO tempest.lib.common.rest_client [req-dcd9204c-6134-40dc-af58-45d1a1d8348e req-dcd9204c-6134-40dc-af58-45d1a1d8348e ] Request (VolumesAdminNegativeTest:test_update_attached_volume_with_nonexistent_volume_in_body): 200 GET http://10.180.1.21/compute/v2.1/servers/510b9ea6-04f1-4704-b5e4-e19db57769a8 0.107s
2024-10-21 17:35:08.481 63570 INFO tempest.lib.common.rest_client [req-5ac22871-ff0f-413c-9e0b-2eb858d6728a req-5ac22871-ff0f-413c-9e0b-2eb858d6728a ] Request (ServersAaction247Test:test_create_backup): 200 GET http://10.180.1.21/compute/v2.1/servers/0aade4da-882a-4342-aefb-07eb306b17ff 0.053s
2024-10-21 17:35:08.501 63544 INFO tempest.lib.common.rest_client [req-f829c407-9bc1-4bfe-987b-3056babf94d6 req-f829c407-9bc1-4bfe-987b-3056babf94d6 ] Request (ImagesNegativeTestJSON:test_create_image_from_deleted_server): 200 GET http://10.180.1.21/compute/v2.1/servers/a63744c8-b9bf-4a89-9319-061d53de6b5f 0.046s
2024-10-21 17:35:08.541 63583 INFO tempest.lib.common.rest_client [req-a91e87dd-0647-4b01-a30d-5a7d2a9eef86 req-a91e87dd-0647-4b01-a30d-5a7d2a9eef86 ] Request (AttachInterfacesTestJSON:test_create_list_show_delete_interfaces_by_fixed_ip): 200 GET http://10.180.1.21/compute/v2.1/servers/f5c47736-381f-4979-b804-494ca8cf16a1 0.051s
2024-10-21 17:35:08.588 63566 INFO tempest.lib.common.rest_client [req-5ad6dcad-d92d-4177-a513-b19db68c74f9 req-5ad6dcad-d92d-4177-a513-b19db68c74f9 ] Request (DeleteServersAdminTestJSON:test_delete_server_while_in_error_state): 200 GET http://10.180.1.21/compute/v2.1/servers/769c2643-57eb-456c-8083-997a8c9c48cc 0.046s
2024-10-21 17:35:08.658 63550 INFO tempest.lib.common.rest_client [req-0a1ef790-b054-4124-b9cf-392c98dc713f req-0a1ef790-b054-4124-b9cf-392c98dc713f ] Request (ServersTestMultiNic:test_verify_duplicate_network_nics): 200 GET http://10.180.1.21/compute/v2.1/servers/db04bc40-1106-46dd-ad9a-f9b11a6c8774 0.055s
2024-10-21 17:35:08.661 63562 INFO tempest.lib.common.rest_client [req-22c156de-5522-49dc-b10b-8d8b4280d55f req-22c156de-5522-49dc-b10b-8d8b4280d55f ] Request (VolumesAssistedSnapshotsTest:test_volume_assisted_snapshot_create_delete): 200 GET http://10.180.1.21/compute/v2.1/servers/c1f9f075-7d1c-4c05-9dfd-43820d2d07ad 0.053s
2024-10-21 17:35:08.710 63580 INFO tempest.lib.common.rest_client [req-c312f44e-ae76-42b2-ab3c-b4ac05d61f0f req-c312f44e-ae76-42b2-ab3c-b4ac05d61f0f ] Request (ListServersNegativeTestJSON:setUpClass): 200 GET http://10.180.1.21/compute/v2.1/servers/0b381f4c-372f-41c8-9661-7e6bab6dd306 0.054s
2024-10-21 17:35:08.720 63591 INFO tempest.lib.common.rest_client [req-ddb3fe8c-1d5e-4035-a94b-a3fd4ee5d178 req-ddb3fe8c-1d5e-4035-a94b-a3fd4ee5d178 ] Request (ServerActionsTestJSON:setUpClass): 200 GET http://10.180.1.21/compute/v2.1/servers/8b4b041b-5d3f-479a-8241-c75cce650d1e 0.052s
2024-10-21 17:35:08.766 63546 INFO tempest.lib.common.rest_client [req-10a3b4b9-4963-4ba9-9b53-3e70b9aa4c28 req-10a3b4b9-4963-4ba9-9b53-3e70b9aa4c28 ] Request (ServersWithSpecificFlavorTestJSON:test_verify_created_server_ephemeral_disk): 200 GET http://10.180.1.21/compute/v2.1/servers/a492b0a0-0bf1-4e64-bd51-ad131cd17a3b 0.052s
2024-10-21 17:35:08.784 63540 INFO tempest.lib.common.rest_client [req-e1623d85-b5a6-4d3c-89b6-f047eb750900 req-e1623d85-b5a6-4d3c-89b6-f047eb750900 ] Request (ImagesOneServerNegativeTestJSON:setUpClass): 200 GET http://10.180.1.21/compute/v2.1/servers/25f0de66-914f-46b9-a15b-d936df5b3ab4 0.056s
2024-10-21 17:35:08.823 63554 INFO tempest.lib.common.rest_client [req-cf9007a0-c8e4-4c46-9899-36d2b628c8d7 req-cf9007a0-c8e4-4c46-9899-36d2b628c8d7 ] Request (ServersTestJSON:test_create_server_specify_multibyte_character_name): 200 GET http://10.180.1.21/compute/v2.1/servers/e86185ea-7aa6-43ad-920d-645e18194b04 0.054s
2024-10-21 17:35:08.849 63574 INFO tempest.lib.common.rest_client [req-0f91a5f5-9018-4336-8231-0cccc2568b98 req-0f91a5f5-9018-4336-8231-0cccc2568b98 ] Request (ServerDiskConfigTestJSON:test_rebuild_server_with_auto_disk_config): 200 GET http://10.180.1.21/compute/v2.1/servers/947f69fa-77cf-4c7d-ba62-37567318b969 0.048s
2024-10-21 17:35:08.904 63572 INFO tempest.lib.common.rest_client [req-dc1c1ba5-4573-457f-ba75-d4dc74e7799a req-dc1c1ba5-4573-457f-ba75-d4dc74e7799a ] Request (FloatingIPsAssociationTestJSON:setUpClass): 200 GET http://10.180.1.21/compute/v2.1/servers/5bf150a5-ad49-4bf8-a8fa-e376e0f00926 0.050s
2024-10-21 17:35:08.963 63552 INFO tempest.lib.common.rest_client [req-32619679-acf7-4721-baf4-369989def725 req-32619679-acf7-4721-baf4-369989def725 ] Request (FloatingIPsAssociationNegativeTestJSON:setUpClass): 200 GET http://10.180.1.21/compute/v2.1/servers/76ceec24-eebe-4b32-b77d-f57203881a94 0.062s
2024-10-21 17:35:09.005 63530 INFO tempest.lib.common.rest_client [req-88daaec7-408f-4f2f-bb2f-fdafda6cd6fd req-88daaec7-408f-4f2f-bb2f-fdafda6cd6fd ] Request (ImagesTestJSON:test_create_image_from_stopped_server): 200 GET http://10.180.1.21/compute/v2.1/servers/1814ebc5-7869-4ec6-8cf6-790daed5e271 0.073s
2024-10-21 17:35:09.052 63536 INFO tempest.lib.common.rest_client [req-9a5c5f19-6348-4954-8f84-f06b62aef0d8 req-9a5c5f19-6348-4954-8f84-f06b62aef0d8 ] Request (ServerRescueNegativeTestJSON:setUpClass): 200 GET http://10.180.1.21/compute/v2.1/servers/8c2439e1-26ce-45e5-9179-164c0dbbbf76 0.071s
2024-10-21 17:35:09.098 63578 INFO tempest.lib.common.rest_client [req-05e1a767-4e0a-402e-9ff1-7fa9a3aad89b req-05e1a767-4e0a-402e-9ff1-7fa9a3aad89b ] Request (MigrationsAdminTest:test_resize_server_revert_deleted_flavor): 200 GET http://10.180.1.21/compute/v2.1/servers/305e3a9c-27cf-47b8-8825-09e5abe220ee 0.068s
2024-10-21 17:35:09.140 63586 INFO tempest.lib.common.rest_client [req-1c2d4d0e-196f-4647-93fa-4b7ae1d3f549 req-1c2d4d0e-196f-4647-93fa-4b7ae1d3f549 ] Request (ServerActionsTestOtherA:setUpClass): 200 GET http://10.180.1.21/compute/v2.1/servers/63f13b3b-d0e3-46d7-ab73-c6bf04d6f1d5 0.069s
2024-10-21 17:35:09.180 63564 INFO tempest.lib.common.rest_client [req-31579743-b8a6-48b7-aa7f-37120def26cc req-31579743-b8a6-48b7-aa7f-37120def26cc ] Request (ListImageFiltersTestJSON:setUpClass): 200 GET http://10.180.1.21/compute/v2.1/servers/b2c1e806-d0ae-455f-95e9-405a9557697f 0.066s
2024-10-21 17:35:09.227 63542 INFO tempest.lib.common.rest_client [req-d5fce69a-52e5-4f3e-8d5b-088748a4a767 req-d5fce69a-52e5-4f3e-8d5b-088748a4a767 ] Request (AttachInterfacesV270Test:test_create_get_list_interfaces): 200 GET http://10.180.1.21/compute/v2.1/servers/a236be17-8965-4785-834e-9ce22eeb75eb 0.374s
2024-10-21 17:35:09.230 63532 INFO tempest.lib.common.rest_client [req-3ddcb91d-8fc4-4100-8680-153abfe91600 req-3ddcb91d-8fc4-4100-8680-153abfe91600 ] Request (DeleteServersTestJSON:test_delete_active_server): 200 GET http://10.180.1.21/compute/v2.1/servers/4dce2ec6-6f7b-4294-a32e-4cd222ae3492 0.073s
2024-10-21 17:35:09.239 63542 INFO tempest.common.waiters [-] State transition "BUILD/None" ==> "BUILD/networking" after 69 second wait
2024-10-21 17:35:09.278 63558 INFO tempest.lib.common.rest_client [req-9bb6b85a-d8b3-4973-92e1-fd10224d43c0 req-9bb6b85a-d8b3-4973-92e1-fd10224d43c0 ] Request (ServersTestFqdnHostnames:test_create_server_with_fqdn_name): 200 GET http://10.180.1.21/compute/v2.1/servers/2afc50fb-138c-4523-b086-db11026ae52f 0.077s
2024-10-21 17:35:09.297 63584 INFO tempest.lib.common.rest_client [req-609f50a5-ae37-4150-b88b-177ea6b7b701 req-609f50a5-ae37-4150-b88b-177ea6b7b701 ] Request (ServerGroupTestJSON:test_create_server_with_scheduler_hint_group): 200 GET http://10.180.1.21/compute/v2.1/servers/dc9ae29a-a61b-4402-a16f-460cf74bc10c 0.048s
2024-10-21 17:35:09.338 63561 INFO tempest.lib.common.rest_client [req-691841ce-da0e-410f-b170-66cde2769720 req-691841ce-da0e-410f-b170-66cde2769720 ] Request (ServerDiagnosticsV248Test:test_get_server_diagnostics): 200 GET http://10.180.1.21/compute/v2.1/servers/b2055187-edd8-4a8c-9811-183cf7ba3b39 0.053s
2024-10-21 17:35:09.367 63556 INFO tempest.lib.common.rest_client [req-81a84683-4c1d-434e-8771-9e502f3975d6 req-81a84683-4c1d-434e-8771-9e502f3975d6 ] Request (SecurityGroupsTestJSON:test_list_security_groups_by_server): 200 GET http://10.180.1.21/compute/v2.1/servers/eaaf2515-cc4b-42c7-aacd-14074c760924 0.057s
2024-10-21 17:35:09.391 63538 INFO tempest.lib.common.rest_client [req-6c88c579-48ee-4b2b-8fc1-f0972ca9c0b8 req-6c88c579-48ee-4b2b-8fc1-f0972ca9c0b8 ] Request (ServersAdminTestJSON:setUpClass): 200 GET http://10.180.1.21/compute/v2.1/servers/1ac2f52a-27ef-4ce4-9540-288658f08344 0.063s
2024-10-21 17:35:09.422 63592 INFO tempest.lib.common.rest_client [req-adbb9b3c-64ad-4704-b922-58748fead548 req-adbb9b3c-64ad-4704-b922-58748fead548 ] Request (ServersTestJSON:setUpClass): 200 GET http://10.180.1.21/compute/v2.1/servers/263d1329-a81a-4d50-91b6-3927bffe8d4c 0.076s
2024-10-21 17:35:09.438 63534 INFO tempest.lib.common.rest_client [req-4840705a-fed5-437c-8814-5881c0ac72bc req-4840705a-fed5-437c-8814-5881c0ac72bc ] Request (ServerExternalEventsTest:test_create_server_external_events): 200 GET http://10.180.1.21/compute/v2.1/servers/e0e08728-b6c3-4610-bc27-348c5594fefc 0.062s
2024-10-21 17:35:09.489 63568 INFO tempest.lib.common.rest_client [req-ffc9f6ea-3b6a-48da-8077-51f30a53c590 req-ffc9f6ea-3b6a-48da-8077-51f30a53c590 ] Request (VolumesAdminNegativeTest:test_update_attached_volume_with_nonexistent_volume_in_body): 200 GET http://10.180.1.21/compute/v2.1/servers/510b9ea6-04f1-4704-b5e4-e19db57769a8 0.064s
2024-10-21 17:35:09.489 63588 INFO tempest.lib.common.rest_client [req-a32503da-ba9b-493b-8631-16c3163b6907 req-a32503da-ba9b-493b-8631-16c3163b6907 ] Request (ListServerFiltersTestJSON:setUpClass): 200 GET http://10.180.1.21/compute/v2.1/servers/db725426-1b67-437c-aea5-cf0da50454a2 0.083s
2024-10-21 17:35:09.543 63570 INFO tempest.lib.common.rest_client [req-967b82c7-a924-4e82-bb94-fbcd1ceb0f11 req-967b82c7-a924-4e82-bb94-fbcd1ceb0f11 ] Request (ServersAaction247Test:test_create_backup): 200 GET http://10.180.1.21/compute/v2.1/servers/0aade4da-882a-4342-aefb-07eb306b17ff 0.051s
2024-10-21 17:35:09.554 63544 INFO tempest.lib.common.rest_client [req-13713e63-96df-4614-ba86-35768fabf13b req-13713e63-96df-4614-ba86-35768fabf13b ] Request (ImagesNegativeTestJSON:test_create_image_from_deleted_server): 200 GET http://10.180.1.21/compute/v2.1/servers/a63744c8-b9bf-4a89-9319-061d53de6b5f 0.046s
2024-10-21 17:35:09.591 63583 INFO tempest.lib.common.rest_client [req-9075bc93-baea-445e-a47b-181861110c69 req-9075bc93-baea-445e-a47b-181861110c69 ] Request (AttachInterfacesTestJSON:test_create_list_show_delete_interfaces_by_fixed_ip): 200 GET http://10.180.1.21/compute/v2.1/servers/f5c47736-381f-4979-b804-494ca8cf16a1 0.044s
2024-10-21 17:35:09.637 63566 INFO tempest.lib.common.rest_client [req-44dd0465-8d19-4272-aa9c-5d8d841329f3 req-44dd0465-8d19-4272-aa9c-5d8d841329f3 ] Request (DeleteServersAdminTestJSON:test_delete_server_while_in_error_state): 200 GET http://10.180.1.21/compute/v2.1/servers/769c2643-57eb-456c-8083-997a8c9c48cc 0.042s
2024-10-21 17:35:09.712 63562 INFO tempest.lib.common.rest_client [req-6c97f87e-8a3e-4b63-bf2d-16e94cf1cd14 req-6c97f87e-8a3e-4b63-bf2d-16e94cf1cd14 ] Request (VolumesAssistedSnapshotsTest:test_volume_assisted_snapshot_create_delete): 200 GET http://10.180.1.21/compute/v2.1/servers/c1f9f075-7d1c-4c05-9dfd-43820d2d07ad 0.044s
2024-10-21 17:35:09.713 63550 INFO tempest.lib.common.rest_client [req-e997b863-f879-47af-80c7-0e3a11f1f600 req-e997b863-f879-47af-80c7-0e3a11f1f600 ] Request (ServersTestMultiNic:test_verify_duplicate_network_nics): 200 GET http://10.180.1.21/compute/v2.1/servers/db04bc40-1106-46dd-ad9a-f9b11a6c8774 0.047s
2024-10-21 17:35:09.766 63580 INFO tempest.lib.common.rest_client [req-e5b0d682-a7dd-4eef-8be5-32f5fc8a2a29 req-e5b0d682-a7dd-4eef-8be5-32f5fc8a2a29 ] Request (ListServersNegativeTestJSON:setUpClass): 200 GET http://10.180.1.21/compute/v2.1/servers/0b381f4c-372f-41c8-9661-7e6bab6dd306 0.047s
2024-10-21 17:35:09.773 63591 INFO tempest.lib.common.rest_client [req-77961b3d-1a5c-4b95-b437-f881b26f0aef req-77961b3d-1a5c-4b95-b437-f881b26f0aef ] Request (ServerActionsTestJSON:setUpClass): 200 GET http://10.180.1.21/compute/v2.1/servers/8b4b041b-5d3f-479a-8241-c75cce650d1e 0.046s
2024-10-21 17:35:09.822 63546 INFO tempest.lib.common.rest_client [req-2a6f65a5-9884-4069-923d-cdfc6b53e980 req-2a6f65a5-9884-4069-923d-cdfc6b53e980 ] Request (ServersWithSpecificFlavorTestJSON:test_verify_created_server_ephemeral_disk): 200 GET http://10.180.1.21/compute/v2.1/servers/a492b0a0-0bf1-4e64-bd51-ad131cd17a3b 0.048s
2024-10-21 17:35:09.852 63540 INFO tempest.lib.common.rest_client [req-8848b329-b896-42d8-a31a-7ccb2f38facc req-8848b329-b896-42d8-a31a-7ccb2f38facc ] Request (ImagesOneServerNegativeTestJSON:setUpClass): 200 GET http://10.180.1.21/compute/v2.1/servers/25f0de66-914f-46b9-a15b-d936df5b3ab4 0.059s
2024-10-21 17:35:09.892 63554 INFO tempest.lib.common.rest_client [req-801a23b9-33de-4036-8c38-c0b2bc6e29cc req-801a23b9-33de-4036-8c38-c0b2bc6e29cc ] Request (ServersTestJSON:test_create_server_specify_multibyte_character_name): 200 GET http://10.180.1.21/compute/v2.1/servers/e86185ea-7aa6-43ad-920d-645e18194b04 0.056s
2024-10-21 17:35:09.917 63574 INFO tempest.lib.common.rest_client [req-930db776-2f6b-4b85-8ab2-df9327b2e44c req-930db776-2f6b-4b85-8ab2-df9327b2e44c ] Request (ServerDiskConfigTestJSON:test_rebuild_server_with_auto_disk_config): 200 GET http://10.180.1.21/compute/v2.1/servers/947f69fa-77cf-4c7d-ba62-37567318b969 0.061s
2024-10-21 17:35:09.968 63572 INFO tempest.lib.common.rest_client [req-31a662d8-07e0-404e-b4ea-9fb310b36b02 req-31a662d8-07e0-404e-b4ea-9fb310b36b02 ] Request (FloatingIPsAssociationTestJSON:setUpClass): 200 GET http://10.180.1.21/compute/v2.1/servers/5bf150a5-ad49-4bf8-a8fa-e376e0f00926 0.055s
2024-10-21 17:35:10.030 63552 INFO tempest.lib.common.rest_client [req-db7a8d74-c134-4271-861c-6a0c55447853 req-db7a8d74-c134-4271-861c-6a0c55447853 ] Request (FloatingIPsAssociationNegativeTestJSON:setUpClass): 200 GET http://10.180.1.21/compute/v2.1/servers/76ceec24-eebe-4b32-b77d-f57203881a94 0.059s
2024-10-21 17:35:10.067 63530 INFO tempest.lib.common.rest_client [req-6b661980-e366-4ee1-8b44-760be6988c21 req-6b661980-e366-4ee1-8b44-760be6988c21 ] Request (ImagesTestJSON:test_create_image_from_stopped_server): 200 GET http://10.180.1.21/compute/v2.1/servers/1814ebc5-7869-4ec6-8cf6-790daed5e271 0.051s
2024-10-21 17:35:10.103 63536 INFO tempest.lib.common.rest_client [req-4ee3e034-3172-4fa5-83d2-8c3c49d65053 req-4ee3e034-3172-4fa5-83d2-8c3c49d65053 ] Request (ServerRescueNegativeTestJSON:setUpClass): 200 GET http://10.180.1.21/compute/v2.1/servers/8c2439e1-26ce-45e5-9179-164c0dbbbf76 0.044s
2024-10-21 17:35:10.150 63578 INFO tempest.lib.common.rest_client [req-da503f71-fb12-4edd-a434-b39dd21907bc req-da503f71-fb12-4edd-a434-b39dd21907bc ] Request (MigrationsAdminTest:test_resize_server_revert_deleted_flavor): 200 GET http://10.180.1.21/compute/v2.1/servers/305e3a9c-27cf-47b8-8825-09e5abe220ee 0.044s
2024-10-21 17:35:10.191 63586 INFO tempest.lib.common.rest_client [req-a9f889e7-383e-448d-a83c-162a4cb9a1c2 req-a9f889e7-383e-448d-a83c-162a4cb9a1c2 ] Request (ServerActionsTestOtherA:setUpClass): 200 GET http://10.180.1.21/compute/v2.1/servers/63f13b3b-d0e3-46d7-ab73-c6bf04d6f1d5 0.044s
2024-10-21 17:35:10.241 63564 INFO tempest.lib.common.rest_client [req-f11f01ce-398b-4fb5-8826-b2c6079d2d01 req-f11f01ce-398b-4fb5-8826-b2c6079d2d01 ] Request (ListImageFiltersTestJSON:setUpClass): 200 GET http://10.180.1.21/compute/v2.1/servers/b2c1e806-d0ae-455f-95e9-405a9557697f 0.045s
2024-10-21 17:35:10.282 63532 INFO tempest.lib.common.rest_client [req-a416685b-0d5e-4c0c-b006-27bdae5377f0 req-a416685b-0d5e-4c0c-b006-27bdae5377f0 ] Request (DeleteServersTestJSON:test_delete_active_server): 200 GET http://10.180.1.21/compute/v2.1/servers/4dce2ec6-6f7b-4294-a32e-4cd222ae3492 0.045s
2024-10-21 17:35:10.287 63542 INFO tempest.lib.common.rest_client [req-8403674e-bd86-46b6-b00a-b1668a1cd7ce req-8403674e-bd86-46b6-b00a-b1668a1cd7ce ] Request (AttachInterfacesV270Test:test_create_get_list_interfaces): 200 GET http://10.180.1.21/compute/v2.1/servers/a236be17-8965-4785-834e-9ce22eeb75eb 0.044s
2024-10-21 17:35:10.295 63542 INFO tempest.common.waiters [-] State transition "BUILD/networking" ==> "BUILD/spawning" after 70 second wait
2024-10-21 17:35:10.329 63558 INFO tempest.lib.common.rest_client [req-16a7ab4c-f510-4c82-8f03-def4d28fa703 req-16a7ab4c-f510-4c82-8f03-def4d28fa703 ] Request (ServersTestFqdnHostnames:test_create_server_with_fqdn_name): 200 GET http://10.180.1.21/compute/v2.1/servers/2afc50fb-138c-4523-b086-db11026ae52f 0.044s
2024-10-21 17:35:10.350 63584 INFO tempest.lib.common.rest_client [req-1dc919cc-0013-4d0d-af70-213438ffd587 req-1dc919cc-0013-4d0d-af70-213438ffd587 ] Request (ServerGroupTestJSON:test_create_server_with_scheduler_hint_group): 200 GET http://10.180.1.21/compute/v2.1/servers/dc9ae29a-a61b-4402-a16f-460cf74bc10c 0.046s
2024-10-21 17:35:10.399 63561 INFO tempest.lib.common.rest_client [req-d9940dbb-c0c6-4e9f-a390-f30afc25cbb2 req-d9940dbb-c0c6-4e9f-a390-f30afc25cbb2 ] Request (ServerDiagnosticsV248Test:test_get_server_diagnostics): 200 GET http://10.180.1.21/compute/v2.1/servers/b2055187-edd8-4a8c-9811-183cf7ba3b39 0.052s
2024-10-21 17:35:10.432 63556 INFO tempest.lib.common.rest_client [req-2334d4f9-4243-4b92-8d41-344bb5200b1c req-2334d4f9-4243-4b92-8d41-344bb5200b1c ] Request (SecurityGroupsTestJSON:test_list_security_groups_by_server): 200 GET http://10.180.1.21/compute/v2.1/servers/eaaf2515-cc4b-42c7-aacd-14074c760924 0.051s
2024-10-21 17:35:10.455 63538 INFO tempest.lib.common.rest_client [req-af68d9d6-75b3-41e4-8283-dd11150bb0f7 req-af68d9d6-75b3-41e4-8283-dd11150bb0f7 ] Request (ServersAdminTestJSON:setUpClass): 200 GET http://10.180.1.21/compute/v2.1/servers/1ac2f52a-27ef-4ce4-9540-288658f08344 0.053s
2024-10-21 17:35:10.479 63592 INFO tempest.lib.common.rest_client [req-318a1165-e72c-4dd2-ae27-602866ddb490 req-318a1165-e72c-4dd2-ae27-602866ddb490 ] Request (ServersTestJSON:setUpClass): 200 GET http://10.180.1.21/compute/v2.1/servers/263d1329-a81a-4d50-91b6-3927bffe8d4c 0.051s
2024-10-21 17:35:10.508 63534 INFO tempest.lib.common.rest_client [req-f49095aa-0293-468c-b1a0-ae8aebc3e44a req-f49095aa-0293-468c-b1a0-ae8aebc3e44a ] Request (ServerExternalEventsTest:test_create_server_external_events): 200 GET http://10.180.1.21/compute/v2.1/servers/e0e08728-b6c3-4610-bc27-348c5594fefc 0.063s
2024-10-21 17:35:10.546 63568 INFO tempest.lib.common.rest_client [req-d2f59aa9-eed4-4279-ae3d-44b1a0f2459c req-d2f59aa9-eed4-4279-ae3d-44b1a0f2459c ] Request (VolumesAdminNegativeTest:test_update_attached_volume_with_nonexistent_volume_in_body): 200 GET http://10.180.1.21/compute/v2.1/servers/510b9ea6-04f1-4704-b5e4-e19db57769a8 0.049s
2024-10-21 17:35:10.553 63588 INFO tempest.lib.common.rest_client [req-10ca570d-9199-448f-9f81-a62ccf1d4593 req-10ca570d-9199-448f-9f81-a62ccf1d4593 ] Request (ListServerFiltersTestJSON:setUpClass): 200 GET http://10.180.1.21/compute/v2.1/servers/db725426-1b67-437c-aea5-cf0da50454a2 0.055s
2024-10-21 17:35:10.600 63570 INFO tempest.lib.common.rest_client [req-41efd36f-c199-41ce-aa8e-d71e13ed97bd req-41efd36f-c199-41ce-aa8e-d71e13ed97bd ] Request (ServersAaction247Test:test_create_backup): 200 GET http://10.180.1.21/compute/v2.1/servers/0aade4da-882a-4342-aefb-07eb306b17ff 0.047s
2024-10-21 17:35:10.609 63544 INFO tempest.lib.common.rest_client [req-10dc0bc8-87f3-4f31-929a-b530a987cd86 req-10dc0bc8-87f3-4f31-929a-b530a987cd86 ] Request (ImagesNegativeTestJSON:test_create_image_from_deleted_server): 200 GET http://10.180.1.21/compute/v2.1/servers/a63744c8-b9bf-4a89-9319-061d53de6b5f 0.048s
2024-10-21 17:35:10.641 63583 INFO tempest.lib.common.rest_client [req-3eda85f2-060b-4c8b-8ef7-3c28e7be75d1 req-3eda85f2-060b-4c8b-8ef7-3c28e7be75d1 ] Request (AttachInterfacesTestJSON:test_create_list_show_delete_interfaces_by_fixed_ip): 200 GET http://10.180.1.21/compute/v2.1/servers/f5c47736-381f-4979-b804-494ca8cf16a1 0.043s
2024-10-21 17:35:10.690 63566 INFO tempest.lib.common.rest_client [req-2ec4277b-e11b-4c27-a9e2-21d6f9266f88 req-2ec4277b-e11b-4c27-a9e2-21d6f9266f88 ] Request (DeleteServersAdminTestJSON:test_delete_server_while_in_error_state): 200 GET http://10.180.1.21/compute/v2.1/servers/769c2643-57eb-456c-8083-997a8c9c48cc 0.046s
2024-10-21 17:35:10.764 63562 INFO tempest.lib.common.rest_client [req-9add7b05-5811-4bfd-a28d-3e812036ff91 req-9add7b05-5811-4bfd-a28d-3e812036ff91 ] Request (VolumesAssistedSnapshotsTest:test_volume_assisted_snapshot_create_delete): 200 GET http://10.180.1.21/compute/v2.1/servers/c1f9f075-7d1c-4c05-9dfd-43820d2d07ad 0.044s
2024-10-21 17:35:10.764 63550 INFO tempest.lib.common.rest_client [req-5b1e968e-9729-4a19-89f8-8cdf2cd77241 req-5b1e968e-9729-4a19-89f8-8cdf2cd77241 ] Request (ServersTestMultiNic:test_verify_duplicate_network_nics): 200 GET http://10.180.1.21/compute/v2.1/servers/db04bc40-1106-46dd-ad9a-f9b11a6c8774 0.044s
2024-10-21 17:35:10.831 63580 INFO tempest.lib.common.rest_client [req-82172bda-6999-46b8-8751-7db0916484ff req-82172bda-6999-46b8-8751-7db0916484ff ] Request (ListServersNegativeTestJSON:setUpClass): 200 GET http://10.180.1.21/compute/v2.1/servers/0b381f4c-372f-41c8-9661-7e6bab6dd306 0.058s
2024-10-21 17:35:10.837 63591 INFO tempest.lib.common.rest_client [req-84a59f79-9e7f-49ec-ac32-fc94b24f3c06 req-84a59f79-9e7f-49ec-ac32-fc94b24f3c06 ] Request (ServerActionsTestJSON:setUpClass): 200 GET http://10.180.1.21/compute/v2.1/servers/8b4b041b-5d3f-479a-8241-c75cce650d1e 0.056s
