2024-10-21 17:33:50.301 63542 INFO tempest.lib.common.rest_client [req-3492f47a-8b09-4757-a0ff-b413ef6ae0c1 req-3492f47a-8b09-4757-a0ff-b413ef6ae0c1 ] Request (ServicesAdminTestJSON:tearDownClass): 204 DELETE http://10.180.1.21/identity/v3/users/aaeba9f0e638496f826d14289b35ae77 0.172s
2024-10-21 17:33:50.316 63562 INFO tempest.lib.common.rest_client [req-a4f9d35e-823c-4abf-a274-f9e5699e4de9 req-a4f9d35e-823c-4abf-a274-f9e5699e4de9 ] Request (VolumesAssistedSnapshotsTest:test_volume_assisted_snapshot_create_delete): 200 POST http://10.180.1.21/compute/v2.1/os-keypairs 2.843s
2024-10-21 17:33:50.353 63568 INFO tempest.lib.common.rest_client [req-d0a51a5f-3302-41f7-8f72-1d880f5e87c6 req-d0a51a5f-3302-41f7-8f72-1d880f5e87c6 ] Request (VolumesAdminNegativeTest:setUpClass): 201 POST http://10.180.1.21:9696/networking/v2.0/routers 1.773s
2024-10-21 17:33:50.394 63572 INFO tempest.lib.common.rest_client [req-8b09d081-2716-4cf4-ace9-444bc7d10b94 req-8b09d081-2716-4cf4-ace9-444bc7d10b94 ] Request (ServerDiagnosticsNegativeTest:test_get_server_diagnostics_by_non_admin): 200 GET http://10.180.1.21/compute/v2.1/servers/f9e64134-f233-48a3-afc3-be7765a67c35 2.907s
2024-10-21 17:33:50.401 63572 INFO tempest.common.waiters [-] State transition "BUILD/networking" ==> "BUILD/spawning" after 7 second wait
2024-10-21 17:33:50.413 63542 INFO tempest.lib.common.rest_client [req-b099cc4d-0a6a-42c6-afdd-74bb277e0064 req-b099cc4d-0a6a-42c6-afdd-74bb277e0064 ] Request (ServicesAdminTestJSON:tearDownClass): 204 DELETE http://10.180.1.21/identity/v3/users/a40579fc57d744e6b01a35274b2d6e12 0.111s
2024-10-21 17:33:50.413 63542 INFO tempest.lib.common.dynamic_creds [-] Deleting project and security group for project: e005d45f0e584a748f6b097e719b129a
2024-10-21 17:33:50.478 63542 INFO tempest.lib.common.rest_client [req-506dacf9-b8a3-4e22-9edf-9a8621175c02 req-506dacf9-b8a3-4e22-9edf-9a8621175c02 ] Request (ServicesAdminTestJSON:tearDownClass): 201 POST http://10.180.1.21/identity/v3/auth/tokens 0.064s
2024-10-21 17:33:50.638 63562 INFO tempest.lib.common.rest_client [req-cfb96c64-2fd9-4c8c-9e9d-6f0874f19eb6 req-cfb96c64-2fd9-4c8c-9e9d-6f0874f19eb6 ] Request (VolumesAssistedSnapshotsTest:test_volume_assisted_snapshot_create_delete): 201 POST http://10.180.1.21:9696/networking/v2.0/security-groups 0.321s
2024-10-21 17:33:50.730 63591 INFO tempest.lib.common.rest_client [req-82b17e26-8be9-4acf-9c34-0c2b684e34f0 req-82b17e26-8be9-4acf-9c34-0c2b684e34f0 ] Request (ImagesOneServerTestJSON:setUpClass): 200 GET http://10.180.1.21/compute/v2.1/servers/c3cb139f-0e36-4044-bb8a-9deb8bc4c0f4 3.113s
2024-10-21 17:33:50.737 63591 INFO tempest.common.waiters [-] State transition "BUILD/None" ==> "BUILD/spawning" after 7 second wait
2024-10-21 17:33:50.769 63542 INFO tempest.lib.common.rest_client [req-d165e85b-f1d0-4764-b7b8-4f2d46ba4337 req-d165e85b-f1d0-4764-b7b8-4f2d46ba4337 ] Request (ServicesAdminTestJSON:tearDownClass): 200 GET http://10.180.1.21:9696/networking/v2.0/security-groups?tenant_id=e005d45f0e584a748f6b097e719b129a&name=default 0.291s
2024-10-21 17:33:50.806 63566 INFO tempest.lib.common.rest_client [req-d07d6289-bfb4-40e9-b03f-aa197093225c req-d07d6289-bfb4-40e9-b03f-aa197093225c ] Request (DeleteServersAdminTestJSON:test_admin_delete_servers_of_others): 200 GET http://10.180.1.21/compute/v2.1/servers/d9d24a3a-078a-49a6-a02c-3fb0e09ef772 3.131s
2024-10-21 17:33:50.933 63580 INFO tempest.lib.common.rest_client [req-cd8dfab3-b1d9-4e5e-90a9-842de798dc9d req-cd8dfab3-b1d9-4e5e-90a9-842de798dc9d ] Request (ListServersNegativeTestJSON:setUpClass): 200 GET http://10.180.1.21/compute/v2.1/servers 3.047s
2024-10-21 17:33:50.954 63562 INFO tempest.lib.common.rest_client [req-b08e5aa6-63b2-43b2-b21c-afd4c9d41352 req-b08e5aa6-63b2-43b2-b21c-afd4c9d41352 ] Request (VolumesAssistedSnapshotsTest:test_volume_assisted_snapshot_create_delete): 201 POST http://10.180.1.21:9696/networking/v2.0/security-group-rules 0.315s
2024-10-21 17:33:50.965 63534 INFO tempest.lib.common.rest_client [req-1a05a5a2-5c07-498a-a5e1-de4a249e8a50 req-1a05a5a2-5c07-498a-a5e1-de4a249e8a50 ] Request (AggregatesAdminNegativeTestJSON:_run_cleanups): 200 DELETE http://10.180.1.21/compute/v2.1/os-aggregates/1 2.972s
2024-10-21 17:33:50.983 63556 INFO tempest.lib.common.rest_client [req-bf8ffe22-f81a-4a41-bcbc-81bbda26f7ae req-bf8ffe22-f81a-4a41-bcbc-81bbda26f7ae ] Request (ImagesDeleteNegativeTestJSON:test_delete_image_non_hex_string_id): 404 DELETE http://10.180.1.21/compute/v2.1/images/c22c322c-67f2-4e33-9304-d813df4c143j 2.964s
2024-10-21 17:33:51.022 63542 INFO tempest.lib.common.rest_client [req-f6f4f564-6542-47e1-b42c-e4d8fc36074c req-f6f4f564-6542-47e1-b42c-e4d8fc36074c ] Request (ServicesAdminTestJSON:tearDownClass): 204 DELETE http://10.180.1.21:9696/networking/v2.0/security-groups/27818b41-37a2-41b2-819a-77dead1002ca 0.253s
2024-10-21 17:33:51.059 63554 INFO tempest.lib.common.rest_client [req-b630f7af-603b-4798-b38f-457e7edd849a req-b630f7af-603b-4798-b38f-457e7edd849a ] Request (ServersTestManualDisk:setUpClass): 200 GET http://10.180.1.21/compute/v2.1/servers/dddc6041-4436-48da-8ed8-45be063b566b 3.036s
2024-10-21 17:33:51.127 63542 INFO tempest.lib.common.rest_client [req-e5e17070-0e14-4153-b12b-fddfaa1f65df req-e5e17070-0e14-4153-b12b-fddfaa1f65df ] Request (ServicesAdminTestJSON:tearDownClass): 204 DELETE http://10.180.1.21/identity/v3/projects/e005d45f0e584a748f6b097e719b129a 0.104s
2024-10-21 17:33:51.127 63542 INFO tempest.lib.common.dynamic_creds [-] Deleting project and security group for project: f01087aa6cf244eba7d4775a98ddf436
2024-10-21 17:33:51.200 63562 INFO tempest.lib.common.rest_client [req-9033ec3c-6a1e-46b6-9c31-42d76388e88d req-9033ec3c-6a1e-46b6-9c31-42d76388e88d ] Request (VolumesAssistedSnapshotsTest:test_volume_assisted_snapshot_create_delete): 201 POST http://10.180.1.21:9696/networking/v2.0/security-group-rules 0.245s
2024-10-21 17:33:51.318 63558 INFO tempest.lib.common.rest_client [req-e512f11d-a10d-4a24-8df4-f5d81613a78b req-e512f11d-a10d-4a24-8df4-f5d81613a78b ] Request (ImagesMetadataTestJSON:setUp): 200 PUT http://10.180.1.21/compute/v2.1/images/1b0277a0-2f02-4601-8b64-a806baed9376/metadata 3.265s
2024-10-21 17:33:51.419 63532 INFO tempest.lib.common.rest_client [req-6ad17d8c-0692-4dd2-a6cd-01c7eb9fa83e req-6ad17d8c-0692-4dd2-a6cd-01c7eb9fa83e ] Request (DeleteServersTestJSON:test_delete_active_server): 200 GET http://10.180.1.21/compute/v2.1/servers/4dce2ec6-6f7b-4294-a32e-4cd222ae3492 3.238s
2024-10-21 17:33:51.484 63570 INFO tempest.lib.common.rest_client [req-de15d5e9-e4a1-4d52-a8c0-7c8b8231fa1a req-de15d5e9-e4a1-4d52-a8c0-7c8b8231fa1a ] Request (FlavorsAccessNegativeTestJSON:_run_cleanups): 202 DELETE http://10.180.1.21/compute/v2.1/flavors/856139397 3.175s
2024-10-21 17:33:51.535 63542 INFO tempest.lib.common.rest_client [req-d563c38a-98f0-4bcf-9967-ba2f420ef49c req-d563c38a-98f0-4bcf-9967-ba2f420ef49c ] Request (ServicesAdminTestJSON:tearDownClass): 200 GET http://10.180.1.21:9696/networking/v2.0/security-groups?tenant_id=f01087aa6cf244eba7d4775a98ddf436&name=default 0.407s
2024-10-21 17:33:51.679 63540 INFO tempest.lib.common.rest_client [req-d6d3fc5d-4e88-460d-a287-456b8aee3353 req-d6d3fc5d-4e88-460d-a287-456b8aee3353 ] Request (ImagesOneServerNegativeTestJSON:setUpClass): 200 PUT http://10.180.1.21:9696/networking/v2.0/routers/dcbb68c5-cdd9-45b8-91a0-471ca87e371b/add_router_interface 2.576s
2024-10-21 17:33:51.680 63540 INFO tempest.lib.common.dynamic_creds [-] Created isolated network resources for: credentials: Credentials: {'domain_id': 'default', 'domain_name': 'Default', 'username': 'tempest-ImagesOneServerNegativeTestJSON-661176166-project-member', 'project_domain_id': 'default', 'project_domain_name': 'Default', 'project_id': 'a0b610289cb8435797f8e9b3cafe962f', 'project_name': 'tempest-ImagesOneServerNegativeTestJSON-661176166', 'tenant_id': 'a0b610289cb8435797f8e9b3cafe962f', 'tenant_name': 'tempest-ImagesOneServerNegativeTestJSON-661176166', 'user_domain_id': 'default', 'user_domain_name': 'Default', 'user_id': '9b0819e2b6ce4bd0a7ec7edf5cc409b3', 'system': None}, Network: {'id': 'b4d76d21-f5be-47fb-a4a0-8aa630efbbf2', 'name': 'tempest-ImagesOneServerNegativeTestJSON-973541559-network', 'tenant_id': 'a0b610289cb8435797f8e9b3cafe962f', 'admin_state_up': True, 'mtu': 8950, 'status': 'ACTIVE', 'subnets': [], 'shared': False, 'project_id': 'a0b610289cb8435797f8e9b3cafe962f', 'port_security_enabled': True, 'router:external': False, 'provider:network_type': 'vlan', 'provider:physical_network': 'default', 'provider:segmentation_id': 158, 'is_default': False, 'availability_zone_hints': [], 'availability_zones': [], 'ipv4_address_scope': None, 'ipv6_address_scope': None, 'description': '', 'tags': [], 'created_at': '2024-10-21T17:33:46Z', 'updated_at': '2024-10-21T17:33:46Z', 'revision_number': 1}, Subnet: {'id': 'c603b3ca-22de-405d-8c36-2eb763fc08e9', 'name': 'tempest-ImagesOneServerNegativeTestJSON-973541559-subnet', 'tenant_id': 'a0b610289cb8435797f8e9b3cafe962f', 'network_id': 'b4d76d21-f5be-47fb-a4a0-8aa630efbbf2', 'ip_version': 4, 'subnetpool_id': None, 'enable_dhcp': True, 'ipv6_ra_mode': None, 'ipv6_address_mode': None, 'gateway_ip': '192.168.128.1', 'cidr': '192.168.128.0/28', 'allocation_pools': [{'start': '192.168.128.2', 'end': '192.168.128.14'}], 'host_routes': [], 'dns_nameservers': [], 'description': '', 'router:external': False, 'service_types': [], 'tags': [], 'created_at': '2024-10-21T17:33:46Z', 'updated_at': '2024-10-21T17:33:46Z', 'revision_number': 0, 'project_id': 'a0b610289cb8435797f8e9b3cafe962f'}, Router: {'id': 'dcbb68c5-cdd9-45b8-91a0-471ca87e371b', 'name': 'tempest-ImagesOneServerNegativeTestJSON-973541559-router', 'tenant_id': 'a0b610289cb8435797f8e9b3cafe962f', 'admin_state_up': True, 'status': 'ACTIVE', 'external_gateway_info': {'network_id': '41ad7a8e-a1cd-440c-8992-e490c43901ae', 'external_fixed_ips': [{'subnet_id': 'b07e7804-9216-4371-a50c-2c5e19eaaf2e', 'ip_address': '10.180.180.208'}], 'enable_snat': True}, 'description': '', 'availability_zones': [], 'distributed': False, 'ha': False, 'availability_zone_hints': [], 'routes': [], 'flavor_id': None, 'tags': [], 'created_at': '2024-10-21T17:33:47Z', 'updated_at': '2024-10-21T17:33:48Z', 'revision_number': 2, 'project_id': 'a0b610289cb8435797f8e9b3cafe962f'}
2024-10-21 17:33:51.775 63540 INFO tempest.lib.common.rest_client [req-406fe9eb-6e49-452b-bb12-993a3f47148a req-406fe9eb-6e49-452b-bb12-993a3f47148a ] Request (ImagesOneServerNegativeTestJSON:setUpClass): 201 POST http://10.180.1.21/identity/v3/auth/tokens 0.092s
2024-10-21 17:33:51.814 63540 INFO tempest.lib.common.rest_client [req-5e137f42-cbe5-4290-b153-a5dc83111353 req-5e137f42-cbe5-4290-b153-a5dc83111353 ] Request (ImagesOneServerNegativeTestJSON:setUpClass): 201 POST http://10.180.1.21/identity/v3/auth/tokens 0.034s
2024-10-21 17:33:51.814 63540 INFO tempest.lib.common.fixed_network [-] (ImagesOneServerNegativeTestJSON:setUpClass) Found network {'id': 'b4d76d21-f5be-47fb-a4a0-8aa630efbbf2', 'name': 'tempest-ImagesOneServerNegativeTestJSON-973541559-network', 'tenant_id': 'a0b610289cb8435797f8e9b3cafe962f', 'admin_state_up': True, 'mtu': 8950, 'status': 'ACTIVE', 'subnets': [], 'shared': False, 'project_id': 'a0b610289cb8435797f8e9b3cafe962f', 'port_security_enabled': True, 'router:external': False, 'provider:network_type': 'vlan', 'provider:physical_network': 'default', 'provider:segmentation_id': 158, 'is_default': False, 'availability_zone_hints': [], 'availability_zones': [], 'ipv4_address_scope': None, 'ipv6_address_scope': None, 'description': '', 'tags': [], 'created_at': '2024-10-21T17:33:46Z', 'updated_at': '2024-10-21T17:33:46Z', 'revision_number': 1} available for tenant
2024-10-21 17:33:52.098 63542 INFO tempest.lib.common.rest_client [req-9056898c-5c7a-4de4-96f3-24fa411a9572 req-9056898c-5c7a-4de4-96f3-24fa411a9572 ] Request (ServicesAdminTestJSON:tearDownClass): 204 DELETE http://10.180.1.21:9696/networking/v2.0/security-groups/2150fa88-5076-4651-9203-2b004378dbea 0.563s
2024-10-21 17:33:52.192 63552 INFO tempest.lib.common.rest_client [req-9745712e-eb69-4a97-8613-bdcae0991087 req-9745712e-eb69-4a97-8613-bdcae0991087 ] Request (FloatingIPsAssociationNegativeTestJSON:setUpClass): 202 POST http://10.180.1.21/compute/v2.1/servers 3.866s
2024-10-21 17:33:52.230 63542 INFO tempest.lib.common.rest_client [req-89c9de3e-da04-4275-88ae-5775589e5346 req-89c9de3e-da04-4275-88ae-5775589e5346 ] Request (ServicesAdminTestJSON:tearDownClass): 204 DELETE http://10.180.1.21/identity/v3/projects/f01087aa6cf244eba7d4775a98ddf436 0.131s
2024-10-21 17:33:52.274 63538 INFO tempest.lib.common.rest_client [req-beee6af6-77ab-46cc-b0c1-5f28880b20ea req-beee6af6-77ab-46cc-b0c1-5f28880b20ea ] Request (ServersAdminTestJSON:setUpClass): 200 GET http://10.180.1.21/compute/v2.1/servers/1ac2f52a-27ef-4ce4-9540-288658f08344 3.657s
2024-10-21 17:33:52.315 63542 INFO tempest.lib.common.rest_client [req-8a819ad8-0009-4b05-a3a3-f8057b776fe1 req-8a819ad8-0009-4b05-a3a3-f8057b776fe1 ] Request (AttachInterfacesV270Test:setUpClass): 201 POST http://10.180.1.21/identity/v3/auth/tokens 0.084s
2024-10-21 17:33:52.323 63574 INFO tempest.lib.common.rest_client [req-20e6346f-2045-4661-9dca-f630f8cd122a req-20e6346f-2045-4661-9dca-f630f8cd122a ] Request (FlavorsExtraSpecsTestJSON:test_flavor_set_get_update_show_unset_keys): 200 POST http://10.180.1.21/compute/v2.1/flavors/576079516/os-extra_specs 3.597s
2024-10-21 17:33:52.358 63542 INFO tempest.lib.common.rest_client [req-9c17f241-1821-4e83-8e1f-64b8b2dd7d0f req-9c17f241-1821-4e83-8e1f-64b8b2dd7d0f ] Request (AttachInterfacesV270Test:setUpClass): 201 POST http://10.180.1.21/identity/v3/auth/tokens 0.040s
2024-10-21 17:33:52.367 63548 INFO tempest.lib.common.rest_client [req-59e762ff-63c3-49b5-9352-3de9994b9770 req-59e762ff-63c3-49b5-9352-3de9994b9770 ] Request (FlavorsV255TestJSON:_run_cleanups): 202 DELETE http://10.180.1.21/compute/v2.1/flavors/1170143361 3.610s
2024-10-21 17:33:52.384 63530 INFO tempest.lib.common.rest_client [req-be92298a-c085-42c9-83a4-4b9348b2cfa4 req-be92298a-c085-42c9-83a4-4b9348b2cfa4 ] Request (SecurityGroupsTestAdminJSON:test_list_security_groups_list_all_tenants_filter): 200 GET http://10.180.1.21/compute/v2.1/os-security-groups?all_tenants=true 5.304s
2024-10-21 17:33:52.400 63542 INFO tempest.lib.common.rest_client [req-f643611f-0a28-470a-ae4e-df07cafc1453 req-f643611f-0a28-470a-ae4e-df07cafc1453 ] Request (AttachInterfacesV270Test:setUpClass): 200 GET http://10.180.1.21/identity/v3/domains?name=Default 0.042s
2024-10-21 17:33:52.486 63564 INFO tempest.lib.common.rest_client [req-db790fbe-1d7d-48fd-8c99-dd20f155b104 req-db790fbe-1d7d-48fd-8c99-dd20f155b104 ] Request (HypervisorAdminUnderV252Test:test_get_hypervisor_show_servers): 200 GET http://10.180.1.21/compute/v2.1/os-hypervisors 3.379s
2024-10-21 17:33:52.490 63542 INFO tempest.lib.common.rest_client [req-a477d955-89fa-4534-aeb5-9bf419a8d655 req-a477d955-89fa-4534-aeb5-9bf419a8d655 ] Request (AttachInterfacesV270Test:setUpClass): 201 POST http://10.180.1.21/identity/v3/projects 0.088s
2024-10-21 17:33:52.562 63544 INFO tempest.lib.common.rest_client [req-7c7072d1-f4fb-4969-abc9-947515d6c0d9 req-7c7072d1-f4fb-4969-abc9-947515d6c0d9 ] Request (TenantUsagesTestJSON:setUpClass): 200 GET http://10.180.1.21/compute/v2.1/servers/aa4611e2-6254-4983-8565-899aea616726 3.160s
2024-10-21 17:33:52.572 63544 INFO tempest.common.waiters [-] State transition "BUILD/None" ==> "BUILD/spawning" after 7 second wait
2024-10-21 17:33:52.586 63542 INFO tempest.lib.common.rest_client [req-1b0ca03f-352a-40a5-9886-844a458463c5 req-1b0ca03f-352a-40a5-9886-844a458463c5 ] Request (AttachInterfacesV270Test:setUpClass): 201 POST http://10.180.1.21/identity/v3/users 0.096s
2024-10-21 17:33:52.608 63542 INFO tempest.lib.common.rest_client [req-90aca388-7459-4963-9f11-5fe3ee2a7a0d req-90aca388-7459-4963-9f11-5fe3ee2a7a0d ] Request (AttachInterfacesV270Test:setUpClass): 200 GET http://10.180.1.21/identity/v3/roles 0.022s
2024-10-21 17:33:52.652 63542 INFO tempest.lib.common.rest_client [req-5934c6e4-f8ea-4ccd-8357-e76b9591bd8c req-5934c6e4-f8ea-4ccd-8357-e76b9591bd8c ] Request (AttachInterfacesV270Test:setUpClass): 204 PUT http://10.180.1.21/identity/v3/projects/e84f511614aa4e06915c25edbb3a9ce7/users/a141691de4b442a392e083ad1423ecaa/roles/25690f8d4e1546faa1afcbd533b33425 0.043s
2024-10-21 17:33:52.652 63542 INFO tempest.lib.common.dynamic_creds [-] Dynamic test user a141691de4b442a392e083ad1423ecaa is created with scope project and roles: ['member']
2024-10-21 17:33:52.652 63542 INFO tempest.lib.common.dynamic_creds [-] Acquired dynamic creds: credentials: Credentials: {'domain_id': 'default', 'domain_name': 'Default', 'username': 'tempest-AttachInterfacesV270Test-485999998-project-member', 'project_domain_id': 'default', 'project_domain_name': 'Default', 'project_id': 'e84f511614aa4e06915c25edbb3a9ce7', 'project_name': 'tempest-AttachInterfacesV270Test-485999998', 'tenant_id': 'e84f511614aa4e06915c25edbb3a9ce7', 'tenant_name': 'tempest-AttachInterfacesV270Test-485999998', 'user_domain_id': 'default', 'user_domain_name': 'Default', 'user_id': 'a141691de4b442a392e083ad1423ecaa', 'system': None}, Network: None, Subnet: None, Router: None
2024-10-21 17:33:52.714 63542 INFO tempest.lib.common.rest_client [req-b715b65c-858b-43d9-82e4-61207a7f0230 req-b715b65c-858b-43d9-82e4-61207a7f0230 ] Request (AttachInterfacesV270Test:setUpClass): 201 POST http://10.180.1.21/identity/v3/auth/tokens 0.062s
2024-10-21 17:33:52.787 63536 INFO tempest.lib.common.rest_client [req-b69c698f-e3fe-4c48-aa60-9c310116d9b6 req-b69c698f-e3fe-4c48-aa60-9c310116d9b6 ] Request (QuotasAdminNegativeTest:test_create_server_when_cpu_quota_is_full): 403 POST http://10.180.1.21/compute/v2.1/servers 3.670s
2024-10-21 17:33:52.797 63576 INFO tempest.lib.common.rest_client [req-cf78662a-2d22-424e-8f38-5fecf8caf083 req-cf78662a-2d22-424e-8f38-5fecf8caf083 ] Request (HostsAdminNegativeTestJSON:test_show_host_detail_with_nonexistent_hostname): 404 GET http://10.180.1.21/compute/v2.1/os-hosts/nonexistent_hostname 3.349s
2024-10-21 17:33:52.808 63584 INFO tempest.lib.common.rest_client [req-0a80e533-cb60-489f-987d-39ea5eacdb21 req-0a80e533-cb60-489f-987d-39ea5eacdb21 ] Request (HypervisorAdminNegativeUnderV252Test:test_show_servers_with_nonexistent_hypervisor): 404 GET http://10.180.1.21/compute/v2.1/os-hypervisors/a33b811e-624c-4954-bca5-99f35aa0c757/servers 3.349s
2024-10-21 17:33:52.854 63562 INFO tempest.lib.common.rest_client [req-47751d57-ecec-4a71-84d7-8984de6dfcc0 req-47751d57-ecec-4a71-84d7-8984de6dfcc0 ] Request (VolumesAssistedSnapshotsTest:test_volume_assisted_snapshot_create_delete): 201 POST http://10.180.1.21:9696/networking/v2.0/floatingips 1.653s
2024-10-21 17:33:52.912 63584 INFO tempest.lib.common.rest_client [req-1d622cb1-76b6-479b-b6f9-1631de703e91 req-1d622cb1-76b6-479b-b6f9-1631de703e91 ] Request (HypervisorAdminNegativeUnderV252Test:tearDownClass): 204 DELETE http://10.180.1.21/identity/v3/users/fa00669ab0ba48fe8d6542ad2c897b13 0.101s
2024-10-21 17:33:52.979 63562 INFO tempest.lib.common.rest_client [req-1af2943c-0934-4301-8944-746048ce9363 req-1af2943c-0934-4301-8944-746048ce9363 ] Request (VolumesAssistedSnapshotsTest:test_volume_assisted_snapshot_create_delete): 201 POST http://10.180.1.21/identity/v3/auth/tokens 0.122s
2024-10-21 17:33:52.979 63562 INFO tempest.lib.common.fixed_network [-] (VolumesAssistedSnapshotsTest:test_volume_assisted_snapshot_create_delete) Found network {'id': 'da74651c-ff86-4abb-9376-4bc76461f713', 'name': 'tempest-VolumesAssistedSnapshotsTest-1438441950-network', 'tenant_id': 'cc2129595c9a4f5793e1f35a760b1393', 'admin_state_up': True, 'mtu': 8950, 'status': 'ACTIVE', 'subnets': [], 'shared': False, 'project_id': 'cc2129595c9a4f5793e1f35a760b1393', 'port_security_enabled': True, 'router:external': False, 'provider:network_type': 'vlan', 'provider:physical_network': 'default', 'provider:segmentation_id': 574, 'is_default': False, 'availability_zone_hints': [], 'availability_zones': [], 'ipv4_address_scope': None, 'ipv6_address_scope': None, 'description': '', 'tags': [], 'created_at': '2024-10-21T17:33:31Z', 'updated_at': '2024-10-21T17:33:31Z', 'revision_number': 1} available for tenant
2024-10-21 17:33:53.003 63568 INFO tempest.lib.common.rest_client [req-1a701df6-71c3-43ef-906c-7f3f9a724e16 req-1a701df6-71c3-43ef-906c-7f3f9a724e16 ] Request (VolumesAdminNegativeTest:setUpClass): 200 PUT http://10.180.1.21:9696/networking/v2.0/routers/4b8d708d-f55f-4db8-a7c4-c47a7e7990ed/add_router_interface 2.650s
2024-10-21 17:33:53.004 63568 INFO tempest.lib.common.dynamic_creds [-] Created isolated network resources for: credentials: Credentials: {'domain_id': 'default', 'domain_name': 'Default', 'username': 'tempest-VolumesAdminNegativeTest-932678640-project-member', 'project_domain_id': 'default', 'project_domain_name': 'Default', 'project_id': '3b67ae2932d741c4b3a03d5d344127ef', 'project_name': 'tempest-VolumesAdminNegativeTest-932678640', 'tenant_id': '3b67ae2932d741c4b3a03d5d344127ef', 'tenant_name': 'tempest-VolumesAdminNegativeTest-932678640', 'user_domain_id': 'default', 'user_domain_name': 'Default', 'user_id': 'b71c6c0cc133419ea1df4ff2ebba1d8b', 'system': None}, Network: {'id': '8fa78b94-cb99-4538-82c2-24bd65b49e2e', 'name': 'tempest-VolumesAdminNegativeTest-1527619107-network', 'tenant_id': '3b67ae2932d741c4b3a03d5d344127ef', 'admin_state_up': True, 'mtu': 8950, 'status': 'ACTIVE', 'subnets': [], 'shared': False, 'project_id': '3b67ae2932d741c4b3a03d5d344127ef', 'port_security_enabled': True, 'router:external': False, 'provider:network_type': 'vlan', 'provider:physical_network': 'default', 'provider:segmentation_id': 103, 'is_default': False, 'availability_zone_hints': [], 'availability_zones': [], 'ipv4_address_scope': None, 'ipv6_address_scope': None, 'description': '', 'tags': [], 'created_at': '2024-10-21T17:33:47Z', 'updated_at': '2024-10-21T17:33:47Z', 'revision_number': 1}, Subnet: {'id': '1e761d31-775d-45f6-b1bf-d1743d9495dd', 'name': 'tempest-VolumesAdminNegativeTest-1527619107-subnet', 'tenant_id': '3b67ae2932d741c4b3a03d5d344127ef', 'network_id': '8fa78b94-cb99-4538-82c2-24bd65b49e2e', 'ip_version': 4, 'subnetpool_id': None, 'enable_dhcp': True, 'ipv6_ra_mode': None, 'ipv6_address_mode': None, 'gateway_ip': '192.168.128.1', 'cidr': '192.168.128.0/28', 'allocation_pools': [{'start': '192.168.128.2', 'end': '192.168.128.14'}], 'host_routes': [], 'dns_nameservers': [], 'description': '', 'router:external': False, 'service_types': [], 'tags': [], 'created_at': '2024-10-21T17:33:48Z', 'updated_at': '2024-10-21T17:33:48Z', 'revision_number': 0, 'project_id': '3b67ae2932d741c4b3a03d5d344127ef'}, Router: {'id': '4b8d708d-f55f-4db8-a7c4-c47a7e7990ed', 'name': 'tempest-VolumesAdminNegativeTest-1527619107-router', 'tenant_id': '3b67ae2932d741c4b3a03d5d344127ef', 'admin_state_up': True, 'status': 'ACTIVE', 'external_gateway_info': {'network_id': '41ad7a8e-a1cd-440c-8992-e490c43901ae', 'external_fixed_ips': [{'subnet_id': 'b07e7804-9216-4371-a50c-2c5e19eaaf2e', 'ip_address': '10.180.180.195'}], 'enable_snat': True}, 'description': '', 'availability_zones': [], 'distributed': False, 'ha': False, 'availability_zone_hints': [], 'routes': [], 'flavor_id': None, 'tags': [], 'created_at': '2024-10-21T17:33:48Z', 'updated_at': '2024-10-21T17:33:49Z', 'revision_number': 2, 'project_id': '3b67ae2932d741c4b3a03d5d344127ef'}
2024-10-21 17:33:53.009 63583 INFO tempest.lib.common.rest_client [req-62397a4f-ccf3-4e98-87d3-5cc775f0cbb7 req-62397a4f-ccf3-4e98-87d3-5cc775f0cbb7 ] Request (QuotasAdminTestJSON:test_get_default_quotas): 200 GET http://10.180.1.21/compute/v2.1/os-quota-sets/531fbcd8300147f7b0f90ace3d8a62ac/defaults 3.503s
2024-10-21 17:33:53.081 63542 INFO tempest.lib.common.rest_client [req-8eeccd56-d7fc-49c6-a326-6ea216a8b82c req-8eeccd56-d7fc-49c6-a326-6ea216a8b82c ] Request (AttachInterfacesV270Test:setUpClass): 201 POST http://10.180.1.21:9696/networking/v2.0/networks 0.366s
2024-10-21 17:33:53.084 63568 INFO tempest.lib.common.rest_client [req-5d9d0b98-54f1-4850-a830-7c479821a560 req-5d9d0b98-54f1-4850-a830-7c479821a560 ] Request (VolumesAdminNegativeTest:setUpClass): 201 POST http://10.180.1.21/identity/v3/auth/tokens 0.076s
2024-10-21 17:33:53.090 63584 INFO tempest.lib.common.rest_client [req-0b92d8a2-dc25-4e8d-baf3-02383760e076 req-0b92d8a2-dc25-4e8d-baf3-02383760e076 ] Request (HypervisorAdminNegativeUnderV252Test:tearDownClass): 204 DELETE http://10.180.1.21/identity/v3/users/c23fdc45fb054fc1ac3ce5b0b2fa7828 0.177s
2024-10-21 17:33:53.091 63584 INFO tempest.lib.common.dynamic_creds [-] Deleting project and security group for project: ef697d3e99ed4ac8ad934d163e38881e
2024-10-21 17:33:53.094 63578 INFO tempest.lib.common.rest_client [req-2be1e282-a473-434f-a335-e3ee334e1942 req-2be1e282-a473-434f-a335-e3ee334e1942 ] Request (MigrationsAdminTest:test_list_migrations_in_flavor_resize_situation): 200 GET http://10.180.1.21/compute/v2.1/servers/c9221012-9f13-4881-9a0a-1b9c1c84d910 3.378s
2024-10-21 17:33:53.138 63583 INFO tempest.lib.common.rest_client [req-d25f57ba-b929-4861-82af-82723ffcc0c0 req-d25f57ba-b929-4861-82af-82723ffcc0c0 ] Request (QuotasAdminTestJSON:test_get_updated_quotas): 200 GET http://10.180.1.21/identity/v3/domains?name=Default 0.122s
2024-10-21 17:33:53.156 63568 INFO tempest.lib.common.rest_client [req-ecf789a8-ef25-4546-93f2-5e1be82e92f3 req-ecf789a8-ef25-4546-93f2-5e1be82e92f3 ] Request (VolumesAdminNegativeTest:setUpClass): 201 POST http://10.180.1.21/identity/v3/projects 0.071s
2024-10-21 17:33:53.162 63588 INFO tempest.lib.common.rest_client [req-d7ce8c31-d265-4299-a9d4-5a28577d596a req-d7ce8c31-d265-4299-a9d4-5a28577d596a ] Request (ListServerFiltersTestJSON:setUpClass): 200 GET http://10.180.1.21/compute/v2.1/servers/db725426-1b67-437c-aea5-cf0da50454a2 3.078s
2024-10-21 17:33:53.180 63550 INFO tempest.lib.common.rest_client [req-c9f1052c-67f8-45f9-a251-a984c6c469b8 req-c9f1052c-67f8-45f9-a251-a984c6c469b8 ] Request (FlavorsAccessTestJSON:_run_cleanups): 202 DELETE http://10.180.1.21/compute/v2.1/flavors/1298681473 3.072s
2024-10-21 17:33:53.197 63584 INFO tempest.lib.common.rest_client [req-e2e6cd0f-003b-4f9d-bd91-05631551cc3a req-e2e6cd0f-003b-4f9d-bd91-05631551cc3a ] Request (HypervisorAdminNegativeUnderV252Test:tearDownClass): 201 POST http://10.180.1.21/identity/v3/auth/tokens 0.106s
2024-10-21 17:33:53.204 63546 INFO tempest.lib.common.rest_client [req-336f8a74-d22f-48f2-a30d-e4b50735d9d4 req-336f8a74-d22f-48f2-a30d-e4b50735d9d4 ] Request (ServersWithSpecificFlavorTestJSON:test_verify_created_server_ephemeral_disk): 200 POST http://10.180.1.21/compute/v2.1/flavors/734823834/os-extra_specs 3.071s
2024-10-21 17:33:53.216 63568 INFO tempest.lib.common.rest_client [req-9b56f297-c83d-4583-88cd-3468e62b9a0c req-9b56f297-c83d-4583-88cd-3468e62b9a0c ] Request (VolumesAdminNegativeTest:setUpClass): 201 POST http://10.180.1.21/identity/v3/users 0.060s
2024-10-21 17:33:53.217 63583 INFO tempest.lib.common.rest_client [req-f96a76e2-b101-4d0e-9b8d-17a20a054471 req-f96a76e2-b101-4d0e-9b8d-17a20a054471 ] Request (QuotasAdminTestJSON:test_get_updated_quotas): 201 POST http://10.180.1.21/identity/v3/projects 0.078s
2024-10-21 17:33:53.269 63568 INFO tempest.lib.common.rest_client [req-740c579c-86cb-452a-a9b1-c68420f1c5d7 req-740c579c-86cb-452a-a9b1-c68420f1c5d7 ] Request (VolumesAdminNegativeTest:setUpClass): 200 GET http://10.180.1.21/identity/v3/roles 0.052s
2024-10-21 17:33:53.281 63592 INFO tempest.lib.common.rest_client [req-9016592d-3ddd-485a-869d-f07ecfabe089 req-9016592d-3ddd-485a-869d-f07ecfabe089 ] Request (ServersAdmin275Test:test_rebuild_update_server_275): 200 GET http://10.180.1.21/compute/v2.1/servers/e80209b3-273c-4045-ad8a-2a3c4c48200a 3.105s
2024-10-21 17:33:53.290 63586 INFO tempest.lib.common.rest_client [req-a7442459-58a8-42ca-9cb6-f3a0c06b861c req-a7442459-58a8-42ca-9cb6-f3a0c06b861c ] Request (FloatingIPsTestJSON:test_delete_floating_ip): 200 POST http://10.180.1.21/compute/v2.1/os-floating-ips 3.852s
2024-10-21 17:33:53.317 63568 INFO tempest.lib.common.rest_client [req-74a131ea-67d3-4deb-96f0-8b6c70b77920 req-74a131ea-67d3-4deb-96f0-8b6c70b77920 ] Request (VolumesAdminNegativeTest:setUpClass): 204 PUT http://10.180.1.21/identity/v3/projects/11a7e11113244b5ba655fad38cb7eb2d/users/3fed8ebb59b34ebea9d03262e35b7e44/roles/00bc54c293e245b297360883ad0ead23 0.048s
2024-10-21 17:33:53.368 63556 INFO tempest.lib.common.rest_client [req-6f719a17-2aa9-4c26-a00a-e0ac29b1d1f2 req-6f719a17-2aa9-4c26-a00a-e0ac29b1d1f2 ] Request (ImagesDeleteNegativeTestJSON:test_delete_image_with_id_over_character_limit): 404 DELETE http://10.180.1.21/compute/v2.1/images/09f0a0de-e999-47e6-9d7a-a1ee4aaebd281 2.383s
2024-10-21 17:33:53.382 63580 INFO tempest.lib.common.rest_client [req-0b5fce8f-b773-4443-9f76-463af5b26657 req-0b5fce8f-b773-4443-9f76-463af5b26657 ] Request (ListServersNegativeTestJSON:setUpClass): 200 GET http://10.180.1.21/compute/v2.1/servers/0b381f4c-372f-41c8-9661-7e6bab6dd306 2.446s
2024-10-21 17:33:53.391 63561 INFO tempest.lib.common.rest_client [req-346038de-3e6c-4ff7-b1ad-77fafbe34260 req-346038de-3e6c-4ff7-b1ad-77fafbe34260 ] Request (HostsAdminTestJSON:test_list_hosts_with_zone): 200 GET http://10.180.1.21/compute/v2.1/os-hosts 2.406s
2024-10-21 17:33:53.400 63583 INFO tempest.lib.common.rest_client [req-13bda445-bab7-4515-a3bf-1dafc9a36e25 req-13bda445-bab7-4515-a3bf-1dafc9a36e25 ] Request (QuotasAdminTestJSON:test_get_updated_quotas): 200 GET http://10.180.1.21/identity/v3/domains?name=Default 0.182s
2024-10-21 17:33:53.410 63568 INFO tempest.lib.common.rest_client [req-caefb121-812a-4de5-b3c0-88d28e39ed6d req-caefb121-812a-4de5-b3c0-88d28e39ed6d ] Request (VolumesAdminNegativeTest:setUpClass): 200 GET http://10.180.1.21/identity/v3/roles 0.092s
2024-10-21 17:33:53.438 63558 INFO tempest.lib.common.rest_client [req-3851cc3e-79ed-4fa3-8e74-e1661b33e114 req-3851cc3e-79ed-4fa3-8e74-e1661b33e114 ] Request (ImagesMetadataTestJSON:test_get_image_metadata_item): 200 GET http://10.180.1.21/compute/v2.1/images/1b0277a0-2f02-4601-8b64-a806baed9376/metadata/os_distro 2.119s
2024-10-21 17:33:53.447 63568 INFO tempest.lib.common.rest_client [req-b96bb8fe-a73e-4243-a60f-725866d0cf82 req-b96bb8fe-a73e-4243-a60f-725866d0cf82 ] Request (VolumesAdminNegativeTest:setUpClass): 204 PUT http://10.180.1.21/identity/v3/projects/11a7e11113244b5ba655fad38cb7eb2d/users/3fed8ebb59b34ebea9d03262e35b7e44/roles/00bc54c293e245b297360883ad0ead23 0.037s
2024-10-21 17:33:53.448 63568 INFO tempest.lib.common.dynamic_creds [-] Dynamic test user 3fed8ebb59b34ebea9d03262e35b7e44 is created with scope project and roles: ['admin']
2024-10-21 17:33:53.448 63568 INFO tempest.lib.common.dynamic_creds [-] Acquired dynamic creds: credentials: Credentials: {'domain_id': 'default', 'domain_name': 'Default', 'username': 'tempest-VolumesAdminNegativeTest-1144292033-project-admin', 'project_domain_id': 'default', 'project_domain_name': 'Default', 'project_id': '11a7e11113244b5ba655fad38cb7eb2d', 'project_name': 'tempest-VolumesAdminNegativeTest-1144292033', 'tenant_id': '11a7e11113244b5ba655fad38cb7eb2d', 'tenant_name': 'tempest-VolumesAdminNegativeTest-1144292033', 'user_domain_id': 'default', 'user_domain_name': 'Default', 'user_id': '3fed8ebb59b34ebea9d03262e35b7e44', 'system': None}, Network: None, Subnet: None, Router: None
2024-10-21 17:33:53.554 63534 INFO tempest.lib.common.rest_client [req-2c7eec38-8b0d-40d7-b0ea-dc1a21bc6a1d req-2c7eec38-8b0d-40d7-b0ea-dc1a21bc6a1d ] Request (AggregatesAdminNegativeTestJSON:test_aggregate_add_host_as_user): 200 POST http://10.180.1.21/compute/v2.1/os-aggregates 2.541s
2024-10-21 17:33:53.570 63570 INFO tempest.lib.common.rest_client [req-83aa89c6-35a2-4a76-8859-258e22895500 req-83aa89c6-35a2-4a76-8859-258e22895500 ] Request (FlavorsAccessNegativeTestJSON:_run_cleanups): 200 GET http://10.180.1.21/compute/v2.1/flavors/detail 2.085s
2024-10-21 17:33:53.603 63572 INFO tempest.lib.common.rest_client [req-7277b9df-059c-4162-86cf-0dc21dc1e29b req-7277b9df-059c-4162-86cf-0dc21dc1e29b ] Request (ServerDiagnosticsNegativeTest:test_get_server_diagnostics_by_non_admin): 200 GET http://10.180.1.21/compute/v2.1/servers/f9e64134-f233-48a3-afc3-be7765a67c35 2.199s
2024-10-21 17:33:53.611 63542 INFO tempest.lib.common.rest_client [req-958dbc52-16ad-47a2-a0d5-0d22131a5408 req-958dbc52-16ad-47a2-a0d5-0d22131a5408 ] Request (AttachInterfacesV270Test:setUpClass): 201 POST http://10.180.1.21:9696/networking/v2.0/subnets 0.529s
2024-10-21 17:33:53.642 63591 INFO tempest.lib.common.rest_client [req-5f1c9cad-e3eb-4fe3-9401-9b45fd7d34f5 req-5f1c9cad-e3eb-4fe3-9401-9b45fd7d34f5 ] Request (ImagesOneServerTestJSON:setUpClass): 200 GET http://10.180.1.21/compute/v2.1/servers/c3cb139f-0e36-4044-bb8a-9deb8bc4c0f4 1.904s
2024-10-21 17:33:53.690 63584 INFO tempest.lib.common.rest_client [req-8f7eabaf-4478-4c06-90a0-5cecb603fcd7 req-8f7eabaf-4478-4c06-90a0-5cecb603fcd7 ] Request (HypervisorAdminNegativeUnderV252Test:tearDownClass): 200 GET http://10.180.1.21:9696/networking/v2.0/security-groups?tenant_id=ef697d3e99ed4ac8ad934d163e38881e&name=default 0.492s
2024-10-21 17:33:53.692 63566 INFO tempest.lib.common.rest_client [req-004df6ca-cf52-4891-8534-bbfa48f0b09f req-004df6ca-cf52-4891-8534-bbfa48f0b09f ] Request (DeleteServersAdminTestJSON:test_admin_delete_servers_of_others): 200 GET http://10.180.1.21/compute/v2.1/servers/d9d24a3a-078a-49a6-a02c-3fb0e09ef772 1.874s
2024-10-21 17:33:53.751 63554 INFO tempest.lib.common.rest_client [req-27f0772f-df70-4154-9bb4-a93b6157295f req-27f0772f-df70-4154-9bb4-a93b6157295f ] Request (ServersTestManualDisk:setUpClass): 200 GET http://10.180.1.21/compute/v2.1/servers/dddc6041-4436-48da-8ed8-45be063b566b 1.685s
2024-10-21 17:33:53.817 63552 INFO tempest.lib.common.rest_client [req-77696dbb-83e4-40f8-9f02-f93e60cfb119 req-77696dbb-83e4-40f8-9f02-f93e60cfb119 ] Request (FloatingIPsAssociationNegativeTestJSON:setUpClass): 200 GET http://10.180.1.21/compute/v2.1/servers/76ceec24-eebe-4b32-b77d-f57203881a94 1.623s
2024-10-21 17:33:53.828 63574 INFO tempest.lib.common.rest_client [req-238a8821-9113-445b-adc5-5ac1e0fb57cd req-238a8821-9113-445b-adc5-5ac1e0fb57cd ] Request (FlavorsExtraSpecsTestJSON:test_flavor_set_get_update_show_unset_keys): 200 GET http://10.180.1.21/compute/v2.1/flavors/576079516/os-extra_specs 1.502s
2024-10-21 17:33:53.893 63548 INFO tempest.lib.common.rest_client [req-60538e51-672d-4a52-82f3-97d30742aeca req-60538e51-672d-4a52-82f3-97d30742aeca ] Request (FlavorsV255TestJSON:_run_cleanups): 200 GET http://10.180.1.21/compute/v2.1/flavors/detail 1.525s
2024-10-21 17:33:53.913 63584 INFO tempest.lib.common.rest_client [req-f45fa66d-ff4c-4836-bdb9-c1262b79895c req-f45fa66d-ff4c-4836-bdb9-c1262b79895c ] Request (HypervisorAdminNegativeUnderV252Test:tearDownClass): 204 DELETE http://10.180.1.21:9696/networking/v2.0/security-groups/27325f63-0423-4b38-83f5-8743727d96f7 0.222s
2024-10-21 17:33:53.980 63568 INFO tempest.lib.common.rest_client [req-d945b4e4-1791-4d06-aab9-adf34348a83f req-d945b4e4-1791-4d06-aab9-adf34348a83f ] Request (VolumesAdminNegativeTest:setUpClass): 201 POST http://10.180.1.21:9696/networking/v2.0/networks 0.532s
2024-10-21 17:33:54.015 63548 INFO tempest.lib.common.rest_client [req-fab5acbb-4843-477d-9c07-6113a30428c8 req-fab5acbb-4843-477d-9c07-6113a30428c8 ] Request (FlavorsV255TestJSON:tearDownClass): 204 DELETE http://10.180.1.21/identity/v3/users/fd325ea0fe7e41be9f7924bc70aaaec3 0.066s
2024-10-21 17:33:54.018 63584 INFO tempest.lib.common.rest_client [req-cfb2a6c8-d3a7-4407-ab39-5c60893d344b req-cfb2a6c8-d3a7-4407-ab39-5c60893d344b ] Request (HypervisorAdminNegativeUnderV252Test:tearDownClass): 204 DELETE http://10.180.1.21/identity/v3/projects/ef697d3e99ed4ac8ad934d163e38881e 0.104s
2024-10-21 17:33:54.018 63584 INFO tempest.lib.common.dynamic_creds [-] Deleting project and security group for project: f8d0fe6b24b64ebcb39ac697f8ecaed8
2024-10-21 17:33:54.116 63548 INFO tempest.lib.common.rest_client [req-a55daa32-961d-433d-99d6-eff77ef63778 req-a55daa32-961d-433d-99d6-eff77ef63778 ] Request (FlavorsV255TestJSON:tearDownClass): 204 DELETE http://10.180.1.21/identity/v3/users/38262fdf025b4c0081be42f582b22249 0.100s
2024-10-21 17:33:54.116 63548 INFO tempest.lib.common.dynamic_creds [-] Deleting project and security group for project: 51d4f7ceafa8464b8a78ccf3119e5543
2024-10-21 17:33:54.134 63530 INFO tempest.lib.common.rest_client [req-1d39692f-919a-4c7a-b8fe-c43dead4050c req-1d39692f-919a-4c7a-b8fe-c43dead4050c ] Request (SecurityGroupsTestAdminJSON:test_list_security_groups_list_all_tenants_filter): 200 GET http://10.180.1.21/compute/v2.1/os-security-groups?all_tenants=true 1.739s
2024-10-21 17:33:54.178 63548 INFO tempest.lib.common.rest_client [req-d7afaa48-d384-4623-8bac-8f797d7ef21f req-d7afaa48-d384-4623-8bac-8f797d7ef21f ] Request (FlavorsV255TestJSON:tearDownClass): 201 POST http://10.180.1.21/identity/v3/auth/tokens 0.061s
2024-10-21 17:33:54.208 63532 INFO tempest.lib.common.rest_client [req-b74ab011-86b0-49e8-b78c-18761a1fcd02 req-b74ab011-86b0-49e8-b78c-18761a1fcd02 ] Request (DeleteServersTestJSON:test_delete_active_server): 200 GET http://10.180.1.21/compute/v2.1/servers/4dce2ec6-6f7b-4294-a32e-4cd222ae3492 1.778s
2024-10-21 17:33:54.259 63564 INFO tempest.lib.common.rest_client [req-5de5f3fd-86d9-4daf-a05f-955464334d71 req-5de5f3fd-86d9-4daf-a05f-955464334d71 ] Request (HypervisorAdminUnderV252Test:test_get_hypervisor_show_servers): 200 GET http://10.180.1.21/compute/v2.1/os-hypervisors/domain-c8.fc996f14-c53b-4953-92e3-bdfa48f5cc28/servers 1.772s
2024-10-21 17:33:54.316 63584 INFO tempest.lib.common.rest_client [req-6f8fdbc8-b2e1-4389-9432-051ca21aa3f0 req-6f8fdbc8-b2e1-4389-9432-051ca21aa3f0 ] Request (HypervisorAdminNegativeUnderV252Test:tearDownClass): 200 GET http://10.180.1.21:9696/networking/v2.0/security-groups?tenant_id=f8d0fe6b24b64ebcb39ac697f8ecaed8&name=default 0.298s
2024-10-21 17:33:54.423 63536 INFO tempest.lib.common.rest_client [req-1448a976-ec98-4bb8-99b8-fad6dd4bc6d6 req-1448a976-ec98-4bb8-99b8-fad6dd4bc6d6 ] Request (QuotasAdminNegativeTest:_run_cleanups): 200 PUT http://10.180.1.21/compute/v2.1/os-quota-sets/451183ebb68c42fea6fe4afa5a88ae4e 1.635s
2024-10-21 17:33:54.430 63576 INFO tempest.lib.common.rest_client [req-8a5e06fa-a895-4f68-adde-664ac5380ed8 req-8a5e06fa-a895-4f68-adde-664ac5380ed8 ] Request (HostsAdminNegativeTestJSON:test_shutdown_host_with_non_admin_user): 403 GET http://10.180.1.21/compute/v2.1/os-hosts/devstack/shutdown 1.632s
2024-10-21 17:33:54.431 63540 INFO tempest.lib.common.rest_client [req-c1d08ca2-3e02-463e-b8bf-253ba53ba33f req-c1d08ca2-3e02-463e-b8bf-253ba53ba33f ] Request (ImagesOneServerNegativeTestJSON:setUpClass): 202 POST http://10.180.1.21/compute/v2.1/servers 2.616s
2024-10-21 17:33:54.449 63550 INFO tempest.lib.common.rest_client [req-9eb01fa7-4822-49ce-b4b2-27576def4fef req-9eb01fa7-4822-49ce-b4b2-27576def4fef ] Request (FlavorsAccessTestJSON:_run_cleanups): 200 GET http://10.180.1.21/compute/v2.1/flavors/detail 1.268s
2024-10-21 17:33:54.467 63546 INFO tempest.lib.common.rest_client [req-56c63806-a77c-4483-b149-0580c5d03889 req-56c63806-a77c-4483-b149-0580c5d03889 ] Request (ServersWithSpecificFlavorTestJSON:test_verify_created_server_ephemeral_disk): 200 POST http://10.180.1.21/compute/v2.1/flavors 1.262s
2024-10-21 17:33:54.527 63568 INFO tempest.lib.common.rest_client [req-c30241d4-51b0-49ec-bd84-93699137a5f7 req-c30241d4-51b0-49ec-bd84-93699137a5f7 ] Request (VolumesAdminNegativeTest:setUpClass): 201 POST http://10.180.1.21:9696/networking/v2.0/subnets 0.547s
2024-10-21 17:33:54.548 63548 INFO tempest.lib.common.rest_client [req-1004b36a-cfc0-4d5d-aa7b-e97c942175ce req-1004b36a-cfc0-4d5d-aa7b-e97c942175ce ] Request (FlavorsV255TestJSON:tearDownClass): 200 GET http://10.180.1.21:9696/networking/v2.0/security-groups?tenant_id=51d4f7ceafa8464b8a78ccf3119e5543&name=default 0.369s
2024-10-21 17:33:54.552 63538 INFO tempest.lib.common.rest_client [req-aaa56dc4-1e71-49d1-acfe-7d58dfcf2a1b req-aaa56dc4-1e71-49d1-acfe-7d58dfcf2a1b ] Request (ServersAdminTestJSON:setUpClass): 200 GET http://10.180.1.21/compute/v2.1/servers/1ac2f52a-27ef-4ce4-9540-288658f08344 1.268s
2024-10-21 17:33:54.612 63584 INFO tempest.lib.common.rest_client [req-dd5759eb-44d4-4ac2-8e0d-039f8ec97ac2 req-dd5759eb-44d4-4ac2-8e0d-039f8ec97ac2 ] Request (HypervisorAdminNegativeUnderV252Test:tearDownClass): 204 DELETE http://10.180.1.21:9696/networking/v2.0/security-groups/13a11420-1ea9-4b3e-b651-0ae5f96be598 0.295s
2024-10-21 17:33:54.708 63584 INFO tempest.lib.common.rest_client [req-7a6df7bf-075d-429c-b44c-539b1f288871 req-7a6df7bf-075d-429c-b44c-539b1f288871 ] Request (HypervisorAdminNegativeUnderV252Test:tearDownClass): 204 DELETE http://10.180.1.21/identity/v3/projects/f8d0fe6b24b64ebcb39ac697f8ecaed8 0.095s
2024-10-21 17:33:54.784 63584 INFO tempest.lib.common.rest_client [req-d86fcfb2-a764-47e3-9e43-ef7a575d8ea5 req-d86fcfb2-a764-47e3-9e43-ef7a575d8ea5 ] Request (QuotaClassesAdminTestJSON:setUpClass): 201 POST http://10.180.1.21/identity/v3/auth/tokens 0.075s
2024-10-21 17:33:54.822 63584 INFO tempest.lib.common.rest_client [req-9805950c-8148-40cc-b76b-4ab69896a10f req-9805950c-8148-40cc-b76b-4ab69896a10f ] Request (QuotaClassesAdminTestJSON:setUpClass): 201 POST http://10.180.1.21/identity/v3/auth/tokens 0.035s
2024-10-21 17:33:54.848 63584 INFO tempest.lib.common.rest_client [req-3893d811-0efd-4afa-9778-5d559a4b20ef req-3893d811-0efd-4afa-9778-5d559a4b20ef ] Request (QuotaClassesAdminTestJSON:setUpClass): 200 GET http://10.180.1.21/identity/v3/domains?name=Default 0.026s
2024-10-21 17:33:54.901 63584 INFO tempest.lib.common.rest_client [req-bcdda4bc-f577-4338-885c-ed914b4c2107 req-bcdda4bc-f577-4338-885c-ed914b4c2107 ] Request (QuotaClassesAdminTestJSON:setUpClass): 201 POST http://10.180.1.21/identity/v3/projects 0.052s
2024-10-21 17:33:54.979 63584 INFO tempest.lib.common.rest_client [req-b796607c-632a-4882-897d-71bd10f1e635 req-b796607c-632a-4882-897d-71bd10f1e635 ] Request (QuotaClassesAdminTestJSON:setUpClass): 201 POST http://10.180.1.21/identity/v3/users 0.077s
2024-10-21 17:33:54.996 63548 INFO tempest.lib.common.rest_client [req-fdb89df5-f394-452c-b99e-a5e510b4e6e8 req-fdb89df5-f394-452c-b99e-a5e510b4e6e8 ] Request (FlavorsV255TestJSON:tearDownClass): 204 DELETE http://10.180.1.21:9696/networking/v2.0/security-groups/6f8fb055-c07a-4766-8507-d019741df6e0 0.448s
2024-10-21 17:33:55.002 63584 INFO tempest.lib.common.rest_client [req-a8d5b456-31df-48cc-a6a5-9b70b2ed8c17 req-a8d5b456-31df-48cc-a6a5-9b70b2ed8c17 ] Request (QuotaClassesAdminTestJSON:setUpClass): 200 GET http://10.180.1.21/identity/v3/roles 0.023s
2024-10-21 17:33:55.038 63584 INFO tempest.lib.common.rest_client [req-af8af576-3d3d-44a0-af1d-5d4f7892eaec req-af8af576-3d3d-44a0-af1d-5d4f7892eaec ] Request (QuotaClassesAdminTestJSON:setUpClass): 204 PUT http://10.180.1.21/identity/v3/projects/d09460786bf344e2851de6498d91aa0a/users/bf73bfdfc61e410aaa1d3b05772bd1e7/roles/25690f8d4e1546faa1afcbd533b33425 0.035s
2024-10-21 17:33:55.038 63584 INFO tempest.lib.common.dynamic_creds [-] Dynamic test user bf73bfdfc61e410aaa1d3b05772bd1e7 is created with scope project and roles: ['member']
2024-10-21 17:33:55.038 63584 INFO tempest.lib.common.dynamic_creds [-] Acquired dynamic creds: credentials: Credentials: {'domain_id': 'default', 'domain_name': 'Default', 'username': 'tempest-QuotaClassesAdminTestJSON-961130864-project-member', 'project_domain_id': 'default', 'project_domain_name': 'Default', 'project_id': 'd09460786bf344e2851de6498d91aa0a', 'project_name': 'tempest-QuotaClassesAdminTestJSON-961130864', 'tenant_id': 'd09460786bf344e2851de6498d91aa0a', 'tenant_name': 'tempest-QuotaClassesAdminTestJSON-961130864', 'user_domain_id': 'default', 'user_domain_name': 'Default', 'user_id': 'bf73bfdfc61e410aaa1d3b05772bd1e7', 'system': None}, Network: None, Subnet: None, Router: None
2024-10-21 17:33:55.038 63584 INFO tempest.lib.common.dynamic_creds [-] Created isolated network resources for: credentials: Credentials: {'domain_id': 'default', 'domain_name': 'Default', 'username': 'tempest-QuotaClassesAdminTestJSON-961130864-project-member', 'project_domain_id': 'default', 'project_domain_name': 'Default', 'project_id': 'd09460786bf344e2851de6498d91aa0a', 'project_name': 'tempest-QuotaClassesAdminTestJSON-961130864', 'tenant_id': 'd09460786bf344e2851de6498d91aa0a', 'tenant_name': 'tempest-QuotaClassesAdminTestJSON-961130864', 'user_domain_id': 'default', 'user_domain_name': 'Default', 'user_id': 'bf73bfdfc61e410aaa1d3b05772bd1e7', 'system': None}, Network: None, Subnet: None, Router: None
2024-10-21 17:33:55.064 63548 INFO tempest.lib.common.rest_client [req-e1c0a416-f4dc-4bbe-8896-5f7754d8cc1c req-e1c0a416-f4dc-4bbe-8896-5f7754d8cc1c ] Request (FlavorsV255TestJSON:tearDownClass): 204 DELETE http://10.180.1.21/identity/v3/projects/51d4f7ceafa8464b8a78ccf3119e5543 0.067s
2024-10-21 17:33:55.064 63548 INFO tempest.lib.common.dynamic_creds [-] Deleting project and security group for project: 3395afb2de4c4072baae4c3d06690943
2024-10-21 17:33:55.122 63584 INFO tempest.lib.common.rest_client [req-4868ef38-4868-4f75-8e80-be09ae38d67e req-4868ef38-4868-4f75-8e80-be09ae38d67e ] Request (QuotaClassesAdminTestJSON:setUpClass): 201 POST http://10.180.1.21/identity/v3/auth/tokens 0.080s
2024-10-21 17:33:55.179 63542 INFO tempest.lib.common.rest_client [req-b7367998-6fdd-4e6a-a092-e90abe361f01 req-b7367998-6fdd-4e6a-a092-e90abe361f01 ] Request (AttachInterfacesV270Test:setUpClass): 201 POST http://10.180.1.21:9696/networking/v2.0/routers 1.568s
2024-10-21 17:33:55.203 63562 INFO tempest.lib.common.rest_client [req-b60d2898-2342-4459-83e9-efe07af01910 req-b60d2898-2342-4459-83e9-efe07af01910 ] Request (VolumesAssistedSnapshotsTest:test_volume_assisted_snapshot_create_delete): 202 POST http://10.180.1.21/compute/v2.1/servers 2.222s
2024-10-21 17:33:55.228 63556 INFO tempest.lib.common.rest_client [req-da7d6268-1fc7-437e-bb10-26ca49f29109 req-da7d6268-1fc7-437e-bb10-26ca49f29109 ] Request (ImagesDeleteNegativeTestJSON:test_delete_image_with_invalid_image_id): 404 DELETE http://10.180.1.21/compute/v2.1/images/tempest-invalid-1102650622 1.856s
2024-10-21 17:33:55.238 63584 INFO tempest.lib.common.rest_client [req-eebd41db-e315-472d-99cb-534f5c3a0ade req-eebd41db-e315-472d-99cb-534f5c3a0ade ] Request (QuotaClassesAdminTestJSON:setUpClass): 201 POST http://10.180.1.21/identity/v3/projects 0.115s
2024-10-21 17:33:55.252 63561 INFO tempest.lib.common.rest_client [req-23db26bb-d854-4f45-acf0-1597ccd882d8 req-23db26bb-d854-4f45-acf0-1597ccd882d8 ] Request (HostsAdminTestJSON:test_list_hosts_with_zone): 200 GET http://10.180.1.21/compute/v2.1/os-hosts?zone=internal 1.859s
2024-10-21 17:33:55.317 63584 INFO tempest.lib.common.rest_client [req-d7249b32-851f-4d12-af1f-2e6150132a67 req-d7249b32-851f-4d12-af1f-2e6150132a67 ] Request (QuotaClassesAdminTestJSON:setUpClass): 201 POST http://10.180.1.21/identity/v3/users 0.078s
2024-10-21 17:33:55.334 63584 INFO tempest.lib.common.rest_client [req-fa64261a-d349-4b5c-a4e9-e18d78ae9cf1 req-fa64261a-d349-4b5c-a4e9-e18d78ae9cf1 ] Request (QuotaClassesAdminTestJSON:setUpClass): 200 GET http://10.180.1.21/identity/v3/roles 0.017s
2024-10-21 17:33:55.369 63584 INFO tempest.lib.common.rest_client [req-9d0b8b13-2f6c-45d0-9373-ccc13dc14dd7 req-9d0b8b13-2f6c-45d0-9373-ccc13dc14dd7 ] Request (QuotaClassesAdminTestJSON:setUpClass): 204 PUT http://10.180.1.21/identity/v3/projects/b9984ca8b24d4a9fa1eb6826928f8a48/users/dc9eea405eec464facf8b1df47a80815/roles/00bc54c293e245b297360883ad0ead23 0.034s
2024-10-21 17:33:55.413 63548 INFO tempest.lib.common.rest_client [req-459067a2-d517-4985-b2c0-6acdd4f2f910 req-459067a2-d517-4985-b2c0-6acdd4f2f910 ] Request (FlavorsV255TestJSON:tearDownClass): 200 GET http://10.180.1.21:9696/networking/v2.0/security-groups?tenant_id=3395afb2de4c4072baae4c3d06690943&name=default 0.348s
2024-10-21 17:33:55.430 63584 INFO tempest.lib.common.rest_client [req-13ab6573-5a2e-4948-b40c-8be75b2a3eee req-13ab6573-5a2e-4948-b40c-8be75b2a3eee ] Request (QuotaClassesAdminTestJSON:setUpClass): 200 GET http://10.180.1.21/identity/v3/roles 0.061s
2024-10-21 17:33:55.452 63584 INFO tempest.lib.common.rest_client [req-2e8d6cee-988f-4096-ac2e-7039ed6a9746 req-2e8d6cee-988f-4096-ac2e-7039ed6a9746 ] Request (QuotaClassesAdminTestJSON:setUpClass): 204 PUT http://10.180.1.21/identity/v3/projects/b9984ca8b24d4a9fa1eb6826928f8a48/users/dc9eea405eec464facf8b1df47a80815/roles/00bc54c293e245b297360883ad0ead23 0.021s
2024-10-21 17:33:55.452 63584 INFO tempest.lib.common.dynamic_creds [-] Dynamic test user dc9eea405eec464facf8b1df47a80815 is created with scope project and roles: ['admin']
2024-10-21 17:33:55.452 63584 INFO tempest.lib.common.dynamic_creds [-] Acquired dynamic creds: credentials: Credentials: {'domain_id': 'default', 'domain_name': 'Default', 'username': 'tempest-QuotaClassesAdminTestJSON-1401677743-project-admin', 'project_domain_id': 'default', 'project_domain_name': 'Default', 'project_id': 'b9984ca8b24d4a9fa1eb6826928f8a48', 'project_name': 'tempest-QuotaClassesAdminTestJSON-1401677743', 'tenant_id': 'b9984ca8b24d4a9fa1eb6826928f8a48', 'tenant_name': 'tempest-QuotaClassesAdminTestJSON-1401677743', 'user_domain_id': 'default', 'user_domain_name': 'Default', 'user_id': 'dc9eea405eec464facf8b1df47a80815', 'system': None}, Network: None, Subnet: None, Router: None
