2024-10-21 17:35:00.744 63562 INFO tempest.lib.common.rest_client [req-a3186b1e-bf0e-4052-a1ad-f9894abaddc6 req-a3186b1e-bf0e-4052-a1ad-f9894abaddc6 ] Request (VolumesAssistedSnapshotsTest:test_volume_assisted_snapshot_create_delete): 200 GET http://10.180.1.21/compute/v2.1/servers/c1f9f075-7d1c-4c05-9dfd-43820d2d07ad 0.049s
2024-10-21 17:35:00.791 63538 INFO tempest.lib.common.rest_client [req-d3d77edf-2cd1-40fe-8862-0a9bb2079f0c req-d3d77edf-2cd1-40fe-8862-0a9bb2079f0c ] Request (ServersAdminTestJSON:setUpClass): 200 GET http://10.180.1.21/compute/v2.1/servers/1ac2f52a-27ef-4ce4-9540-288658f08344 0.051s
2024-10-21 17:35:00.818 63534 INFO tempest.lib.common.rest_client [req-d0b93ecf-eadf-4b0b-ba1d-390929af72e2 req-d0b93ecf-eadf-4b0b-ba1d-390929af72e2 ] Request (ServerExternalEventsTest:test_create_server_external_events): 200 GET http://10.180.1.21/compute/v2.1/servers/e0e08728-b6c3-4610-bc27-348c5594fefc 0.047s
2024-10-21 17:35:00.839 63588 INFO tempest.lib.common.rest_client [req-b82ca482-b8d6-4345-ba7f-0ef03f8fdebd req-b82ca482-b8d6-4345-ba7f-0ef03f8fdebd ] Request (ListServerFiltersTestJSON:setUpClass): 200 GET http://10.180.1.21/compute/v2.1/servers/db725426-1b67-437c-aea5-cf0da50454a2 0.054s
2024-10-21 17:35:00.868 63568 INFO tempest.lib.common.rest_client [req-f937a555-14e6-4195-a140-dd51facd0d8b req-f937a555-14e6-4195-a140-dd51facd0d8b ] Request (VolumesAdminNegativeTest:test_update_attached_volume_with_nonexistent_volume_in_body): 200 GET http://10.180.1.21/compute/v2.1/servers/510b9ea6-04f1-4704-b5e4-e19db57769a8 0.046s
2024-10-21 17:35:00.902 63570 INFO tempest.lib.common.rest_client [req-108a71dc-e5a0-43bb-a587-9ad946f01049 req-108a71dc-e5a0-43bb-a587-9ad946f01049 ] Request (ServersAaction247Test:test_create_backup): 200 GET http://10.180.1.21/compute/v2.1/servers/0aade4da-882a-4342-aefb-07eb306b17ff 0.053s
2024-10-21 17:35:00.932 63544 INFO tempest.lib.common.rest_client [req-92ad7810-6862-4227-a2ee-2a33cccbd01f req-92ad7810-6862-4227-a2ee-2a33cccbd01f ] Request (ImagesNegativeTestJSON:test_create_image_from_deleted_server): 200 GET http://10.180.1.21/compute/v2.1/servers/a63744c8-b9bf-4a89-9319-061d53de6b5f 0.052s
2024-10-21 17:35:00.950 63583 INFO tempest.lib.common.rest_client [req-2ed75135-4075-43f2-83b6-629affa90eb0 req-2ed75135-4075-43f2-83b6-629affa90eb0 ] Request (AttachInterfacesTestJSON:test_create_list_show_delete_interfaces_by_fixed_ip): 200 GET http://10.180.1.21/compute/v2.1/servers/f5c47736-381f-4979-b804-494ca8cf16a1 0.051s
2024-10-21 17:35:00.987 63566 INFO tempest.lib.common.rest_client [req-f33d48ab-e2d9-4e12-bd39-188c768f59ef req-f33d48ab-e2d9-4e12-bd39-188c768f59ef ] Request (DeleteServersAdminTestJSON:test_delete_server_while_in_error_state): 200 GET http://10.180.1.21/compute/v2.1/servers/769c2643-57eb-456c-8083-997a8c9c48cc 0.049s
2024-10-21 17:35:01.017 63550 INFO tempest.lib.common.rest_client [req-8dba3185-fac7-41ec-af97-dd11503b4edc req-8dba3185-fac7-41ec-af97-dd11503b4edc ] Request (ServersTestMultiNic:test_verify_duplicate_network_nics): 200 GET http://10.180.1.21/compute/v2.1/servers/db04bc40-1106-46dd-ad9a-f9b11a6c8774 0.051s
2024-10-21 17:35:01.089 63580 INFO tempest.lib.common.rest_client [req-1a820ea3-d890-49b5-a0ad-0780e885caa1 req-1a820ea3-d890-49b5-a0ad-0780e885caa1 ] Request (ListServersNegativeTestJSON:setUpClass): 200 GET http://10.180.1.21/compute/v2.1/servers/0b381f4c-372f-41c8-9661-7e6bab6dd306 0.046s
2024-10-21 17:35:01.146 63540 INFO tempest.lib.common.rest_client [req-f2590034-d40d-41ce-82b6-c769ec7412ee req-f2590034-d40d-41ce-82b6-c769ec7412ee ] Request (ImagesOneServerNegativeTestJSON:setUpClass): 200 GET http://10.180.1.21/compute/v2.1/servers/25f0de66-914f-46b9-a15b-d936df5b3ab4 0.045s
2024-10-21 17:35:01.146 63592 INFO tempest.lib.common.rest_client [req-380769c1-e058-4fa5-a7d7-e7e4a02d6341 req-380769c1-e058-4fa5-a7d7-e7e4a02d6341 ] Request (ServersAdmin275Test:tearDownClass): 200 GET http://10.180.1.21/compute/v2.1/servers/e80209b3-273c-4045-ad8a-2a3c4c48200a 0.061s
2024-10-21 17:35:01.152 63540 INFO tempest.common.waiters [-] State transition "BUILD/None" ==> "BUILD/networking" after 65 second wait
2024-10-21 17:35:01.187 63591 INFO tempest.lib.common.rest_client [req-b700fa2d-7b3a-479f-abf3-f9d25b4345ba req-b700fa2d-7b3a-479f-abf3-f9d25b4345ba ] Request (ServerActionsTestJSON:setUpClass): 200 GET http://10.180.1.21/compute/v2.1/servers/8b4b041b-5d3f-479a-8241-c75cce650d1e 0.056s
2024-10-21 17:35:01.204 63546 INFO tempest.lib.common.rest_client [req-46ef75f0-b99f-415d-b5e4-3a54ce68484e req-46ef75f0-b99f-415d-b5e4-3a54ce68484e ] Request (ServersWithSpecificFlavorTestJSON:test_verify_created_server_ephemeral_disk): 200 GET http://10.180.1.21/compute/v2.1/servers/a492b0a0-0bf1-4e64-bd51-ad131cd17a3b 0.044s
2024-10-21 17:35:01.269 63554 INFO tempest.lib.common.rest_client [req-825d5976-15f0-4a84-ad56-5034711e78b9 req-825d5976-15f0-4a84-ad56-5034711e78b9 ] Request (ServersTestJSON:test_create_server_specify_multibyte_character_name): 200 GET http://10.180.1.21/compute/v2.1/servers/e86185ea-7aa6-43ad-920d-645e18194b04 0.044s
2024-10-21 17:35:01.302 63552 INFO tempest.lib.common.rest_client [req-4e30b034-09ca-4925-8300-c3a510cbe334 req-4e30b034-09ca-4925-8300-c3a510cbe334 ] Request (FloatingIPsAssociationNegativeTestJSON:setUpClass): 200 GET http://10.180.1.21/compute/v2.1/servers/76ceec24-eebe-4b32-b77d-f57203881a94 0.052s
2024-10-21 17:35:01.327 63574 INFO tempest.lib.common.rest_client [req-244a5db6-234b-42dd-a70f-63f684f41857 req-244a5db6-234b-42dd-a70f-63f684f41857 ] Request (ServerDiskConfigTestJSON:test_rebuild_server_with_auto_disk_config): 200 GET http://10.180.1.21/compute/v2.1/servers/947f69fa-77cf-4c7d-ba62-37567318b969 0.046s
2024-10-21 17:35:01.383 63542 INFO tempest.lib.common.rest_client [req-5d6f0f2e-6e9a-4260-9b36-7612c1b839b0 req-5d6f0f2e-6e9a-4260-9b36-7612c1b839b0 ] Request (AttachInterfacesV270Test:test_create_get_list_interfaces): 200 GET http://10.180.1.21/compute/v2.1/servers/a236be17-8965-4785-834e-9ce22eeb75eb 0.056s
2024-10-21 17:35:01.388 63572 INFO tempest.lib.common.rest_client [req-aca55926-1622-4747-8a66-f504f5f30e3f req-aca55926-1622-4747-8a66-f504f5f30e3f ] Request (FloatingIPsAssociationTestJSON:setUpClass): 200 GET http://10.180.1.21/compute/v2.1/servers/5bf150a5-ad49-4bf8-a8fa-e376e0f00926 0.057s
2024-10-21 17:35:01.436 63530 INFO tempest.lib.common.rest_client [req-a910b5f6-dd83-4989-9f88-d62e7a8fa129 req-a910b5f6-dd83-4989-9f88-d62e7a8fa129 ] Request (ImagesTestJSON:test_create_image_from_stopped_server): 200 GET http://10.180.1.21/compute/v2.1/servers/1814ebc5-7869-4ec6-8cf6-790daed5e271 0.055s
2024-10-21 17:35:01.449 63536 INFO tempest.lib.common.rest_client [req-8b947a00-389e-492f-901a-0fcf42a3621c req-8b947a00-389e-492f-901a-0fcf42a3621c ] Request (ServerRescueNegativeTestJSON:setUpClass): 200 GET http://10.180.1.21/compute/v2.1/servers/8c2439e1-26ce-45e5-9179-164c0dbbbf76 0.046s
2024-10-21 17:35:01.489 63578 INFO tempest.lib.common.rest_client [req-7277a648-ee1e-4e3f-81a8-1f13e1a04913 req-7277a648-ee1e-4e3f-81a8-1f13e1a04913 ] Request (MigrationsAdminTest:test_resize_server_revert_deleted_flavor): 200 GET http://10.180.1.21/compute/v2.1/servers/305e3a9c-27cf-47b8-8825-09e5abe220ee 0.058s
2024-10-21 17:35:01.495 63586 INFO tempest.lib.common.rest_client [req-e7671642-56df-45a8-834f-784049d3897d req-e7671642-56df-45a8-834f-784049d3897d ] Request (ServerActionsTestOtherA:setUpClass): 200 GET http://10.180.1.21/compute/v2.1/servers/63f13b3b-d0e3-46d7-ab73-c6bf04d6f1d5 0.046s
2024-10-21 17:35:01.543 63564 INFO tempest.lib.common.rest_client [req-0aa1b342-6380-4aba-bbe7-e79fc1b50466 req-0aa1b342-6380-4aba-bbe7-e79fc1b50466 ] Request (ListImageFiltersTestJSON:setUpClass): 200 GET http://10.180.1.21/compute/v2.1/servers/b2c1e806-d0ae-455f-95e9-405a9557697f 0.053s
2024-10-21 17:35:01.555 63532 INFO tempest.lib.common.rest_client [req-e89d1267-22c3-4461-af7c-dca860cadb6b req-e89d1267-22c3-4461-af7c-dca860cadb6b ] Request (DeleteServersTestJSON:test_delete_active_server): 200 GET http://10.180.1.21/compute/v2.1/servers/4dce2ec6-6f7b-4294-a32e-4cd222ae3492 0.057s
2024-10-21 17:35:01.599 63558 INFO tempest.lib.common.rest_client [req-741e40e6-4b74-47e3-b394-da0a71a2cdc9 req-741e40e6-4b74-47e3-b394-da0a71a2cdc9 ] Request (ServersTestFqdnHostnames:test_create_server_with_fqdn_name): 200 GET http://10.180.1.21/compute/v2.1/servers/2afc50fb-138c-4523-b086-db11026ae52f 0.051s
2024-10-21 17:35:01.618 63561 INFO tempest.lib.common.rest_client [req-4bbc4580-b752-438d-85e4-fd8ad216453d req-4bbc4580-b752-438d-85e4-fd8ad216453d ] Request (ServerDiagnosticsV248Test:test_get_server_diagnostics): 200 GET http://10.180.1.21/compute/v2.1/servers/b2055187-edd8-4a8c-9811-183cf7ba3b39 0.069s
2024-10-21 17:35:01.659 63584 INFO tempest.lib.common.rest_client [req-d19b6a16-d8be-4ebb-ab60-8ddc47555652 req-d19b6a16-d8be-4ebb-ab60-8ddc47555652 ] Request (ServerGroupTestJSON:test_create_server_with_scheduler_hint_group): 200 GET http://10.180.1.21/compute/v2.1/servers/dc9ae29a-a61b-4402-a16f-460cf74bc10c 0.064s
2024-10-21 17:35:01.695 63556 INFO tempest.lib.common.rest_client [req-5844aa51-d3db-4da8-af74-da941c8f49f4 req-5844aa51-d3db-4da8-af74-da941c8f49f4 ] Request (SecurityGroupsTestJSON:test_list_security_groups_by_server): 200 GET http://10.180.1.21/compute/v2.1/servers/eaaf2515-cc4b-42c7-aacd-14074c760924 0.098s
2024-10-21 17:35:01.859 63538 INFO tempest.lib.common.rest_client [req-9f25887d-097c-4123-8947-a497e870d84b req-9f25887d-097c-4123-8947-a497e870d84b ] Request (ServersAdminTestJSON:setUpClass): 200 GET http://10.180.1.21/compute/v2.1/servers/1ac2f52a-27ef-4ce4-9540-288658f08344 0.061s
2024-10-21 17:35:01.909 63534 INFO tempest.lib.common.rest_client [req-44eb5aff-c26e-46c0-ae85-110459ed261b req-44eb5aff-c26e-46c0-ae85-110459ed261b ] Request (ServerExternalEventsTest:test_create_server_external_events): 200 GET http://10.180.1.21/compute/v2.1/servers/e0e08728-b6c3-4610-bc27-348c5594fefc 0.084s
2024-10-21 17:35:01.959 63588 INFO tempest.lib.common.rest_client [req-e1def86e-a241-4d09-9250-29b1343a57a8 req-e1def86e-a241-4d09-9250-29b1343a57a8 ] Request (ListServerFiltersTestJSON:setUpClass): 200 GET http://10.180.1.21/compute/v2.1/servers/db725426-1b67-437c-aea5-cf0da50454a2 0.109s
2024-10-21 17:35:01.979 63562 INFO tempest.lib.common.rest_client [req-c694fa00-c7b6-4ae7-b143-b8a033f8593b req-c694fa00-c7b6-4ae7-b143-b8a033f8593b ] Request (VolumesAssistedSnapshotsTest:test_volume_assisted_snapshot_create_delete): 200 GET http://10.180.1.21/compute/v2.1/servers/c1f9f075-7d1c-4c05-9dfd-43820d2d07ad 0.227s
2024-10-21 17:35:02.021 63568 INFO tempest.lib.common.rest_client [req-dbcbb05a-6c53-4294-b276-48957855e288 req-dbcbb05a-6c53-4294-b276-48957855e288 ] Request (VolumesAdminNegativeTest:test_update_attached_volume_with_nonexistent_volume_in_body): 200 GET http://10.180.1.21/compute/v2.1/servers/510b9ea6-04f1-4704-b5e4-e19db57769a8 0.145s
2024-10-21 17:35:02.025 63570 INFO tempest.lib.common.rest_client [req-6980d4aa-52fe-488f-a0f4-8269b37e103d req-6980d4aa-52fe-488f-a0f4-8269b37e103d ] Request (ServersAaction247Test:test_create_backup): 200 GET http://10.180.1.21/compute/v2.1/servers/0aade4da-882a-4342-aefb-07eb306b17ff 0.110s
2024-10-21 17:35:02.066 63544 INFO tempest.lib.common.rest_client [req-38364acf-dfd3-43b3-b66f-ef9c1031f1a0 req-38364acf-dfd3-43b3-b66f-ef9c1031f1a0 ] Request (ImagesNegativeTestJSON:test_create_image_from_deleted_server): 200 GET http://10.180.1.21/compute/v2.1/servers/a63744c8-b9bf-4a89-9319-061d53de6b5f 0.128s
2024-10-21 17:35:02.092 63583 INFO tempest.lib.common.rest_client [req-898cfe3d-91f1-4f53-8058-1e5db9efee34 req-898cfe3d-91f1-4f53-8058-1e5db9efee34 ] Request (AttachInterfacesTestJSON:test_create_list_show_delete_interfaces_by_fixed_ip): 200 GET http://10.180.1.21/compute/v2.1/servers/f5c47736-381f-4979-b804-494ca8cf16a1 0.135s
2024-10-21 17:35:02.109 63566 INFO tempest.lib.common.rest_client [req-04dcf4fb-2950-4246-890e-67adad812476 req-04dcf4fb-2950-4246-890e-67adad812476 ] Request (DeleteServersAdminTestJSON:test_delete_server_while_in_error_state): 200 GET http://10.180.1.21/compute/v2.1/servers/769c2643-57eb-456c-8083-997a8c9c48cc 0.114s
2024-10-21 17:35:02.144 63550 INFO tempest.lib.common.rest_client [req-9e57f567-d09d-435f-95bd-f24dd827f925 req-9e57f567-d09d-435f-95bd-f24dd827f925 ] Request (ServersTestMultiNic:test_verify_duplicate_network_nics): 200 GET http://10.180.1.21/compute/v2.1/servers/db04bc40-1106-46dd-ad9a-f9b11a6c8774 0.118s
2024-10-21 17:35:02.152 63580 INFO tempest.lib.common.rest_client [req-a122422f-e705-4236-ad12-24573d3608e3 req-a122422f-e705-4236-ad12-24573d3608e3 ] Request (ListServersNegativeTestJSON:setUpClass): 200 GET http://10.180.1.21/compute/v2.1/servers/0b381f4c-372f-41c8-9661-7e6bab6dd306 0.055s
2024-10-21 17:35:02.211 63592 INFO tempest.lib.common.rest_client [req-2f1d1057-a6ff-491f-9d8a-59ce4ceb354e req-2f1d1057-a6ff-491f-9d8a-59ce4ceb354e ] Request (ServersAdmin275Test:tearDownClass): 200 GET http://10.180.1.21/compute/v2.1/servers/e80209b3-273c-4045-ad8a-2a3c4c48200a 0.056s
2024-10-21 17:35:02.255 63591 INFO tempest.lib.common.rest_client [req-970f9dc6-5bda-4dd2-abbc-815045f02d11 req-970f9dc6-5bda-4dd2-abbc-815045f02d11 ] Request (ServerActionsTestJSON:setUpClass): 200 GET http://10.180.1.21/compute/v2.1/servers/8b4b041b-5d3f-479a-8241-c75cce650d1e 0.061s
2024-10-21 17:35:02.298 63546 INFO tempest.lib.common.rest_client [req-bf66f4ae-1a14-4142-96d3-cca916e043ed req-bf66f4ae-1a14-4142-96d3-cca916e043ed ] Request (ServersWithSpecificFlavorTestJSON:test_verify_created_server_ephemeral_disk): 200 GET http://10.180.1.21/compute/v2.1/servers/a492b0a0-0bf1-4e64-bd51-ad131cd17a3b 0.087s
2024-10-21 17:35:02.324 63540 INFO tempest.lib.common.rest_client [req-73b9f7bf-8f8d-41e6-91a5-1825d8df4ab2 req-73b9f7bf-8f8d-41e6-91a5-1825d8df4ab2 ] Request (ImagesOneServerNegativeTestJSON:setUpClass): 200 GET http://10.180.1.21/compute/v2.1/servers/25f0de66-914f-46b9-a15b-d936df5b3ab4 0.171s
2024-10-21 17:35:02.330 63540 INFO tempest.common.waiters [-] State transition "BUILD/networking" ==> "BUILD/block_device_mapping" after 66 second wait
2024-10-21 17:35:02.342 63554 INFO tempest.lib.common.rest_client [req-16b6f5e5-0c95-46f9-8a33-5731ca352087 req-16b6f5e5-0c95-46f9-8a33-5731ca352087 ] Request (ServersTestJSON:test_create_server_specify_multibyte_character_name): 200 GET http://10.180.1.21/compute/v2.1/servers/e86185ea-7aa6-43ad-920d-645e18194b04 0.067s
2024-10-21 17:35:02.384 63574 INFO tempest.lib.common.rest_client [req-95214241-d506-429a-a61d-c651d10498cd req-95214241-d506-429a-a61d-c651d10498cd ] Request (ServerDiskConfigTestJSON:test_rebuild_server_with_auto_disk_config): 200 GET http://10.180.1.21/compute/v2.1/servers/947f69fa-77cf-4c7d-ba62-37567318b969 0.050s
2024-10-21 17:35:02.445 63542 INFO tempest.lib.common.rest_client [req-f2296fcb-137b-4730-a041-a01132008e01 req-f2296fcb-137b-4730-a041-a01132008e01 ] Request (AttachInterfacesV270Test:test_create_get_list_interfaces): 200 GET http://10.180.1.21/compute/v2.1/servers/a236be17-8965-4785-834e-9ce22eeb75eb 0.050s
2024-10-21 17:35:02.491 63572 INFO tempest.lib.common.rest_client [req-22c3c628-9923-4eb4-9e57-b1c643bee9d1 req-22c3c628-9923-4eb4-9e57-b1c643bee9d1 ] Request (FloatingIPsAssociationTestJSON:setUpClass): 200 GET http://10.180.1.21/compute/v2.1/servers/5bf150a5-ad49-4bf8-a8fa-e376e0f00926 0.089s
2024-10-21 17:35:02.509 63552 INFO tempest.lib.common.rest_client [req-423b9383-85fe-40f5-9b8b-3669cb72af54 req-423b9383-85fe-40f5-9b8b-3669cb72af54 ] Request (FloatingIPsAssociationNegativeTestJSON:setUpClass): 200 GET http://10.180.1.21/compute/v2.1/servers/76ceec24-eebe-4b32-b77d-f57203881a94 0.200s
2024-10-21 17:35:02.543 63530 INFO tempest.lib.common.rest_client [req-0d7890de-8fde-47fc-a227-49aeb896b887 req-0d7890de-8fde-47fc-a227-49aeb896b887 ] Request (ImagesTestJSON:test_create_image_from_stopped_server): 200 GET http://10.180.1.21/compute/v2.1/servers/1814ebc5-7869-4ec6-8cf6-790daed5e271 0.099s
2024-10-21 17:35:02.554 63536 INFO tempest.lib.common.rest_client [req-18bdda7a-a4bf-4f61-b126-1c1c6b04b446 req-18bdda7a-a4bf-4f61-b126-1c1c6b04b446 ] Request (ServerRescueNegativeTestJSON:setUpClass): 200 GET http://10.180.1.21/compute/v2.1/servers/8c2439e1-26ce-45e5-9179-164c0dbbbf76 0.099s
2024-10-21 17:35:02.583 63578 INFO tempest.lib.common.rest_client [req-afa4d961-1fcb-4db0-8bad-d0f2824184e4 req-afa4d961-1fcb-4db0-8bad-d0f2824184e4 ] Request (MigrationsAdminTest:test_resize_server_revert_deleted_flavor): 200 GET http://10.180.1.21/compute/v2.1/servers/305e3a9c-27cf-47b8-8825-09e5abe220ee 0.087s
2024-10-21 17:35:02.601 63586 INFO tempest.lib.common.rest_client [req-7429e48d-0338-42f1-b3a5-8d9d0c611769 req-7429e48d-0338-42f1-b3a5-8d9d0c611769 ] Request (ServerActionsTestOtherA:setUpClass): 200 GET http://10.180.1.21/compute/v2.1/servers/63f13b3b-d0e3-46d7-ab73-c6bf04d6f1d5 0.098s
2024-10-21 17:35:02.626 63564 INFO tempest.lib.common.rest_client [req-e7f50592-757d-4fb2-a755-e027458cc2b7 req-e7f50592-757d-4fb2-a755-e027458cc2b7 ] Request (ListImageFiltersTestJSON:setUpClass): 200 GET http://10.180.1.21/compute/v2.1/servers/b2c1e806-d0ae-455f-95e9-405a9557697f 0.069s
2024-10-21 17:35:02.655 63532 INFO tempest.lib.common.rest_client [req-20aa3c86-1fbc-4b84-ba8b-cd5e2ead8e7e req-20aa3c86-1fbc-4b84-ba8b-cd5e2ead8e7e ] Request (DeleteServersTestJSON:test_delete_active_server): 200 GET http://10.180.1.21/compute/v2.1/servers/4dce2ec6-6f7b-4294-a32e-4cd222ae3492 0.088s
2024-10-21 17:35:02.668 63558 INFO tempest.lib.common.rest_client [req-ea4176b2-cdbe-43a8-b7e1-1118d5fe6661 req-ea4176b2-cdbe-43a8-b7e1-1118d5fe6661 ] Request (ServersTestFqdnHostnames:test_create_server_with_fqdn_name): 200 GET http://10.180.1.21/compute/v2.1/servers/2afc50fb-138c-4523-b086-db11026ae52f 0.061s
2024-10-21 17:35:02.700 63561 INFO tempest.lib.common.rest_client [req-3003b626-0b6d-4683-ace2-5cd289117386 req-3003b626-0b6d-4683-ace2-5cd289117386 ] Request (ServerDiagnosticsV248Test:test_get_server_diagnostics): 200 GET http://10.180.1.21/compute/v2.1/servers/b2055187-edd8-4a8c-9811-183cf7ba3b39 0.069s
2024-10-21 17:35:02.709 63584 INFO tempest.lib.common.rest_client [req-224684ea-b74e-4ab9-bb92-a775271d4181 req-224684ea-b74e-4ab9-bb92-a775271d4181 ] Request (ServerGroupTestJSON:test_create_server_with_scheduler_hint_group): 200 GET http://10.180.1.21/compute/v2.1/servers/dc9ae29a-a61b-4402-a16f-460cf74bc10c 0.042s
2024-10-21 17:35:02.755 63556 INFO tempest.lib.common.rest_client [req-2250e9d3-9239-4f5b-a7be-743e7e49edff req-2250e9d3-9239-4f5b-a7be-743e7e49edff ] Request (SecurityGroupsTestJSON:test_list_security_groups_by_server): 200 GET http://10.180.1.21/compute/v2.1/servers/eaaf2515-cc4b-42c7-aacd-14074c760924 0.051s
2024-10-21 17:35:02.914 63538 INFO tempest.lib.common.rest_client [req-687d60a2-fdfd-4b8d-a01d-f720d57fd849 req-687d60a2-fdfd-4b8d-a01d-f720d57fd849 ] Request (ServersAdminTestJSON:setUpClass): 200 GET http://10.180.1.21/compute/v2.1/servers/1ac2f52a-27ef-4ce4-9540-288658f08344 0.047s
2024-10-21 17:35:02.961 63534 INFO tempest.lib.common.rest_client [req-3dfe87b4-e896-41a5-8ae1-7292167defa8 req-3dfe87b4-e896-41a5-8ae1-7292167defa8 ] Request (ServerExternalEventsTest:test_create_server_external_events): 200 GET http://10.180.1.21/compute/v2.1/servers/e0e08728-b6c3-4610-bc27-348c5594fefc 0.044s
2024-10-21 17:35:03.019 63588 INFO tempest.lib.common.rest_client [req-3ecbd949-eef2-4982-95c2-79a5edd9102a req-3ecbd949-eef2-4982-95c2-79a5edd9102a ] Request (ListServerFiltersTestJSON:setUpClass): 200 GET http://10.180.1.21/compute/v2.1/servers/db725426-1b67-437c-aea5-cf0da50454a2 0.053s
2024-10-21 17:35:03.036 63562 INFO tempest.lib.common.rest_client [req-c8d414a1-7109-4872-831e-6042d6d3e9f9 req-c8d414a1-7109-4872-831e-6042d6d3e9f9 ] Request (VolumesAssistedSnapshotsTest:test_volume_assisted_snapshot_create_delete): 200 GET http://10.180.1.21/compute/v2.1/servers/c1f9f075-7d1c-4c05-9dfd-43820d2d07ad 0.046s
2024-10-21 17:35:03.077 63568 INFO tempest.lib.common.rest_client [req-cec16835-4a63-4d5a-a95b-efc2455905dc req-cec16835-4a63-4d5a-a95b-efc2455905dc ] Request (VolumesAdminNegativeTest:test_update_attached_volume_with_nonexistent_volume_in_body): 200 GET http://10.180.1.21/compute/v2.1/servers/510b9ea6-04f1-4704-b5e4-e19db57769a8 0.046s
2024-10-21 17:35:03.080 63570 INFO tempest.lib.common.rest_client [req-257eb248-bb7a-437b-bdbd-5be05ef2a21a req-257eb248-bb7a-437b-bdbd-5be05ef2a21a ] Request (ServersAaction247Test:test_create_backup): 200 GET http://10.180.1.21/compute/v2.1/servers/0aade4da-882a-4342-aefb-07eb306b17ff 0.045s
2024-10-21 17:35:03.120 63544 INFO tempest.lib.common.rest_client [req-8cc74c53-fb31-4e69-a435-a2cd4ecf7d65 req-8cc74c53-fb31-4e69-a435-a2cd4ecf7d65 ] Request (ImagesNegativeTestJSON:test_create_image_from_deleted_server): 200 GET http://10.180.1.21/compute/v2.1/servers/a63744c8-b9bf-4a89-9319-061d53de6b5f 0.044s
2024-10-21 17:35:03.145 63583 INFO tempest.lib.common.rest_client [req-8852840e-dc02-403a-9205-e0287492d5d1 req-8852840e-dc02-403a-9205-e0287492d5d1 ] Request (AttachInterfacesTestJSON:test_create_list_show_delete_interfaces_by_fixed_ip): 200 GET http://10.180.1.21/compute/v2.1/servers/f5c47736-381f-4979-b804-494ca8cf16a1 0.046s
2024-10-21 17:35:03.167 63566 INFO tempest.lib.common.rest_client [req-d28faaa1-582d-41dc-878b-c40575df393d req-d28faaa1-582d-41dc-878b-c40575df393d ] Request (DeleteServersAdminTestJSON:test_delete_server_while_in_error_state): 200 GET http://10.180.1.21/compute/v2.1/servers/769c2643-57eb-456c-8083-997a8c9c48cc 0.044s
2024-10-21 17:35:03.193 63550 INFO tempest.lib.common.rest_client [req-522466e8-acf0-4d6a-bc30-4e2feaf05167 req-522466e8-acf0-4d6a-bc30-4e2feaf05167 ] Request (ServersTestMultiNic:test_verify_duplicate_network_nics): 200 GET http://10.180.1.21/compute/v2.1/servers/db04bc40-1106-46dd-ad9a-f9b11a6c8774 0.043s
2024-10-21 17:35:03.209 63580 INFO tempest.lib.common.rest_client [req-37e89c68-5a17-4899-9f19-d9ebb69e388b req-37e89c68-5a17-4899-9f19-d9ebb69e388b ] Request (ListServersNegativeTestJSON:setUpClass): 200 GET http://10.180.1.21/compute/v2.1/servers/0b381f4c-372f-41c8-9661-7e6bab6dd306 0.050s
2024-10-21 17:35:03.240 63592 INFO tempest.lib.common.rest_client [req-a5553973-76c2-47c0-a1da-fb546f540af3 req-a5553973-76c2-47c0-a1da-fb546f540af3 ] Request (ServersAdmin275Test:tearDownClass): 404 GET http://10.180.1.21/compute/v2.1/servers/e80209b3-273c-4045-ad8a-2a3c4c48200a 0.020s
2024-10-21 17:35:03.312 63592 INFO tempest.lib.common.rest_client [req-c7b53af3-6d31-43e8-8626-9197d6d937ed req-c7b53af3-6d31-43e8-8626-9197d6d937ed ] Request (ServersAdmin275Test:tearDownClass): 204 DELETE http://10.180.1.21/identity/v3/users/324ab5864b044a56881f87b3e67de40d 0.071s
2024-10-21 17:35:03.313 63591 INFO tempest.lib.common.rest_client [req-f9f3851a-152d-4672-9aee-7a8e0d8362f1 req-f9f3851a-152d-4672-9aee-7a8e0d8362f1 ] Request (ServerActionsTestJSON:setUpClass): 200 GET http://10.180.1.21/compute/v2.1/servers/8b4b041b-5d3f-479a-8241-c75cce650d1e 0.050s
2024-10-21 17:35:03.368 63546 INFO tempest.lib.common.rest_client [req-d2ce9cf2-bc4c-462e-b928-c5767ad8949b req-d2ce9cf2-bc4c-462e-b928-c5767ad8949b ] Request (ServersWithSpecificFlavorTestJSON:test_verify_created_server_ephemeral_disk): 200 GET http://10.180.1.21/compute/v2.1/servers/a492b0a0-0bf1-4e64-bd51-ad131cd17a3b 0.063s
2024-10-21 17:35:03.385 63540 INFO tempest.lib.common.rest_client [req-1a8a8ccf-1a18-4ecb-be99-f91716e70d92 req-1a8a8ccf-1a18-4ecb-be99-f91716e70d92 ] Request (ImagesOneServerNegativeTestJSON:setUpClass): 200 GET http://10.180.1.21/compute/v2.1/servers/25f0de66-914f-46b9-a15b-d936df5b3ab4 0.054s
2024-10-21 17:35:03.391 63540 INFO tempest.common.waiters [-] State transition "BUILD/block_device_mapping" ==> "BUILD/spawning" after 67 second wait
2024-10-21 17:35:03.406 63592 INFO tempest.lib.common.rest_client [req-27f8351e-57bc-4d96-ba01-ad462ffda47e req-27f8351e-57bc-4d96-ba01-ad462ffda47e ] Request (ServersAdmin275Test:tearDownClass): 204 DELETE http://10.180.1.21/identity/v3/users/1db03df1f723442fb5e5be068c03a8b9 0.094s
2024-10-21 17:35:03.406 63592 INFO tempest.lib.common.dynamic_creds [-] Deleting project and security group for project: 794860c4d7ad4be88cadb27693d17c9f
2024-10-21 17:35:03.415 63554 INFO tempest.lib.common.rest_client [req-30b13bc5-fd1b-475b-bd47-22ca0f37d3a3 req-30b13bc5-fd1b-475b-bd47-22ca0f37d3a3 ] Request (ServersTestJSON:test_create_server_specify_multibyte_character_name): 200 GET http://10.180.1.21/compute/v2.1/servers/e86185ea-7aa6-43ad-920d-645e18194b04 0.066s
2024-10-21 17:35:03.442 63574 INFO tempest.lib.common.rest_client [req-f1ace006-2bec-430e-b3fd-3d19167cbf81 req-f1ace006-2bec-430e-b3fd-3d19167cbf81 ] Request (ServerDiskConfigTestJSON:test_rebuild_server_with_auto_disk_config): 200 GET http://10.180.1.21/compute/v2.1/servers/947f69fa-77cf-4c7d-ba62-37567318b969 0.051s
2024-10-21 17:35:03.468 63592 INFO tempest.lib.common.rest_client [req-586d258e-19ea-46b7-9c16-c6c8b8aeaa53 req-586d258e-19ea-46b7-9c16-c6c8b8aeaa53 ] Request (ServersAdmin275Test:tearDownClass): 201 POST http://10.180.1.21/identity/v3/auth/tokens 0.062s
2024-10-21 17:35:03.502 63542 INFO tempest.lib.common.rest_client [req-b74bee34-cc05-4651-8175-62ea610387f8 req-b74bee34-cc05-4651-8175-62ea610387f8 ] Request (AttachInterfacesV270Test:test_create_get_list_interfaces): 200 GET http://10.180.1.21/compute/v2.1/servers/a236be17-8965-4785-834e-9ce22eeb75eb 0.048s
2024-10-21 17:35:03.546 63572 INFO tempest.lib.common.rest_client [req-0e5efdfb-cb7c-4017-9b51-4bb1a7ea420d req-0e5efdfb-cb7c-4017-9b51-4bb1a7ea420d ] Request (FloatingIPsAssociationTestJSON:setUpClass): 200 GET http://10.180.1.21/compute/v2.1/servers/5bf150a5-ad49-4bf8-a8fa-e376e0f00926 0.047s
2024-10-21 17:35:03.571 63552 INFO tempest.lib.common.rest_client [req-fc41491a-7d62-45b4-a30f-fd00456dade3 req-fc41491a-7d62-45b4-a30f-fd00456dade3 ] Request (FloatingIPsAssociationNegativeTestJSON:setUpClass): 200 GET http://10.180.1.21/compute/v2.1/servers/76ceec24-eebe-4b32-b77d-f57203881a94 0.052s
2024-10-21 17:35:03.599 63530 INFO tempest.lib.common.rest_client [req-07b005dc-a496-4dd0-96c0-b986cf842e19 req-07b005dc-a496-4dd0-96c0-b986cf842e19 ] Request (ImagesTestJSON:test_create_image_from_stopped_server): 200 GET http://10.180.1.21/compute/v2.1/servers/1814ebc5-7869-4ec6-8cf6-790daed5e271 0.049s
2024-10-21 17:35:03.624 63536 INFO tempest.lib.common.rest_client [req-52a25b0c-1bfe-401a-8826-69276ac5a3ff req-52a25b0c-1bfe-401a-8826-69276ac5a3ff ] Request (ServerRescueNegativeTestJSON:setUpClass): 200 GET http://10.180.1.21/compute/v2.1/servers/8c2439e1-26ce-45e5-9179-164c0dbbbf76 0.062s
2024-10-21 17:35:03.637 63592 INFO tempest.lib.common.rest_client [req-b883f66a-b75a-444f-9738-b7cd369a0989 req-b883f66a-b75a-444f-9738-b7cd369a0989 ] Request (ServersAdmin275Test:tearDownClass): 200 GET http://10.180.1.21:9696/networking/v2.0/security-groups?tenant_id=794860c4d7ad4be88cadb27693d17c9f&name=default 0.168s
2024-10-21 17:35:03.649 63578 INFO tempest.lib.common.rest_client [req-133d4a88-11fc-4a52-8ce8-29939fc983c7 req-133d4a88-11fc-4a52-8ce8-29939fc983c7 ] Request (MigrationsAdminTest:test_resize_server_revert_deleted_flavor): 200 GET http://10.180.1.21/compute/v2.1/servers/305e3a9c-27cf-47b8-8825-09e5abe220ee 0.059s
2024-10-21 17:35:03.669 63586 INFO tempest.lib.common.rest_client [req-3f787aaa-423a-4d6a-b275-2a4f62de9614 req-3f787aaa-423a-4d6a-b275-2a4f62de9614 ] Request (ServerActionsTestOtherA:setUpClass): 200 GET http://10.180.1.21/compute/v2.1/servers/63f13b3b-d0e3-46d7-ab73-c6bf04d6f1d5 0.062s
2024-10-21 17:35:03.695 63564 INFO tempest.lib.common.rest_client [req-1debc5a2-a8f0-408b-8464-437720229107 req-1debc5a2-a8f0-408b-8464-437720229107 ] Request (ListImageFiltersTestJSON:setUpClass): 200 GET http://10.180.1.21/compute/v2.1/servers/b2c1e806-d0ae-455f-95e9-405a9557697f 0.062s
2024-10-21 17:35:03.726 63532 INFO tempest.lib.common.rest_client [req-c5294406-ab40-43d3-b143-0d06094262e5 req-c5294406-ab40-43d3-b143-0d06094262e5 ] Request (DeleteServersTestJSON:test_delete_active_server): 200 GET http://10.180.1.21/compute/v2.1/servers/4dce2ec6-6f7b-4294-a32e-4cd222ae3492 0.065s
2024-10-21 17:35:03.742 63558 INFO tempest.lib.common.rest_client [req-19cd687f-c01c-4acf-995b-bc476af41f47 req-19cd687f-c01c-4acf-995b-bc476af41f47 ] Request (ServersTestFqdnHostnames:test_create_server_with_fqdn_name): 200 GET http://10.180.1.21/compute/v2.1/servers/2afc50fb-138c-4523-b086-db11026ae52f 0.064s
2024-10-21 17:35:03.746 63592 INFO tempest.lib.common.rest_client [req-a81dd275-e12b-47ff-a123-7abc7f465cf4 req-a81dd275-e12b-47ff-a123-7abc7f465cf4 ] Request (ServersAdmin275Test:tearDownClass): 204 DELETE http://10.180.1.21:9696/networking/v2.0/security-groups/f94b14b0-636c-42c5-973f-0ed32bff0e52 0.108s
2024-10-21 17:35:03.772 63561 INFO tempest.lib.common.rest_client [req-a732d755-8b2a-4e01-88ef-706d42fd4729 req-a732d755-8b2a-4e01-88ef-706d42fd4729 ] Request (ServerDiagnosticsV248Test:test_get_server_diagnostics): 200 GET http://10.180.1.21/compute/v2.1/servers/b2055187-edd8-4a8c-9811-183cf7ba3b39 0.062s
2024-10-21 17:35:03.791 63584 INFO tempest.lib.common.rest_client [req-7d29e34e-c99f-4a6a-8af6-0f620f7ab3a7 req-7d29e34e-c99f-4a6a-8af6-0f620f7ab3a7 ] Request (ServerGroupTestJSON:test_create_server_with_scheduler_hint_group): 200 GET http://10.180.1.21/compute/v2.1/servers/dc9ae29a-a61b-4402-a16f-460cf74bc10c 0.074s
2024-10-21 17:35:03.806 63592 INFO tempest.lib.common.rest_client [req-8abcc581-7cd9-4d60-89b1-1f75ce9a4e75 req-8abcc581-7cd9-4d60-89b1-1f75ce9a4e75 ] Request (ServersAdmin275Test:tearDownClass): 204 DELETE http://10.180.1.21/identity/v3/projects/794860c4d7ad4be88cadb27693d17c9f 0.059s
2024-10-21 17:35:03.806 63592 INFO tempest.lib.common.dynamic_creds [-] Deleting project and security group for project: 5fb465463d2e40b79e78c67024ff71bb
2024-10-21 17:35:03.820 63556 INFO tempest.lib.common.rest_client [req-2fb02d4c-cba6-4fac-83d7-541c07ef54c5 req-2fb02d4c-cba6-4fac-83d7-541c07ef54c5 ] Request (SecurityGroupsTestJSON:test_list_security_groups_by_server): 200 GET http://10.180.1.21/compute/v2.1/servers/eaaf2515-cc4b-42c7-aacd-14074c760924 0.057s
2024-10-21 17:35:03.891 63592 INFO tempest.lib.common.rest_client [req-12e03308-672d-4ad7-b9bb-94a865cc5c1b req-12e03308-672d-4ad7-b9bb-94a865cc5c1b ] Request (ServersAdmin275Test:tearDownClass): 200 GET http://10.180.1.21:9696/networking/v2.0/security-groups?tenant_id=5fb465463d2e40b79e78c67024ff71bb&name=default 0.085s
2024-10-21 17:35:03.970 63592 INFO tempest.lib.common.rest_client [req-481230fd-4a94-4066-9d92-154e33563ad1 req-481230fd-4a94-4066-9d92-154e33563ad1 ] Request (ServersAdmin275Test:tearDownClass): 204 DELETE http://10.180.1.21:9696/networking/v2.0/security-groups/ff112351-f7e7-44ab-9a20-ae22144e3957 0.079s
2024-10-21 17:35:03.975 63538 INFO tempest.lib.common.rest_client [req-c0a05231-52f9-4b5d-8234-8de44fcc3c17 req-c0a05231-52f9-4b5d-8234-8de44fcc3c17 ] Request (ServersAdminTestJSON:setUpClass): 200 GET http://10.180.1.21/compute/v2.1/servers/1ac2f52a-27ef-4ce4-9540-288658f08344 0.054s
2024-10-21 17:35:04.027 63534 INFO tempest.lib.common.rest_client [req-ad96708c-026f-40f7-bb71-1c52ef36db22 req-ad96708c-026f-40f7-bb71-1c52ef36db22 ] Request (ServerExternalEventsTest:test_create_server_external_events): 200 GET http://10.180.1.21/compute/v2.1/servers/e0e08728-b6c3-4610-bc27-348c5594fefc 0.056s
2024-10-21 17:35:04.046 63592 INFO tempest.lib.common.rest_client [req-c999293c-6c32-4704-bc66-db8369623222 req-c999293c-6c32-4704-bc66-db8369623222 ] Request (ServersAdmin275Test:tearDownClass): 204 DELETE http://10.180.1.21/identity/v3/projects/5fb465463d2e40b79e78c67024ff71bb 0.075s
2024-10-21 17:35:04.072 63588 INFO tempest.lib.common.rest_client [req-fb196a3f-7f84-4ff0-acf2-968122deefb0 req-fb196a3f-7f84-4ff0-acf2-968122deefb0 ] Request (ListServerFiltersTestJSON:setUpClass): 200 GET http://10.180.1.21/compute/v2.1/servers/db725426-1b67-437c-aea5-cf0da50454a2 0.047s
2024-10-21 17:35:04.099 63592 INFO tempest.lib.common.rest_client [req-0cb3c39b-d731-4307-ad94-16a2c34e1151 req-0cb3c39b-d731-4307-ad94-16a2c34e1151 ] Request (ServersTestJSON:setUpClass): 201 POST http://10.180.1.21/identity/v3/auth/tokens 0.051s
2024-10-21 17:35:04.132 63592 INFO tempest.lib.common.rest_client [req-73985327-6050-46ad-ac84-c6009a119d1b req-73985327-6050-46ad-ac84-c6009a119d1b ] Request (ServersTestJSON:setUpClass): 201 POST http://10.180.1.21/identity/v3/auth/tokens 0.031s
2024-10-21 17:35:04.133 63568 INFO tempest.lib.common.rest_client [req-5916e14d-9098-44e0-b346-a4da0604a477 req-5916e14d-9098-44e0-b346-a4da0604a477 ] Request (VolumesAdminNegativeTest:test_update_attached_volume_with_nonexistent_volume_in_body): 200 GET http://10.180.1.21/compute/v2.1/servers/510b9ea6-04f1-4704-b5e4-e19db57769a8 0.050s
2024-10-21 17:35:04.155 63592 INFO tempest.lib.common.rest_client [req-f79f2ca2-05c4-4fe5-a589-81b42b215238 req-f79f2ca2-05c4-4fe5-a589-81b42b215238 ] Request (ServersTestJSON:setUpClass): 200 GET http://10.180.1.21/identity/v3/domains?name=Default 0.022s
2024-10-21 17:35:04.180 63592 INFO tempest.lib.common.rest_client [req-7594022d-5788-414a-90ca-9c9c27de5f28 req-7594022d-5788-414a-90ca-9c9c27de5f28 ] Request (ServersTestJSON:setUpClass): 201 POST http://10.180.1.21/identity/v3/projects 0.025s
2024-10-21 17:35:04.181 63570 INFO tempest.lib.common.rest_client [req-81db979f-8008-478c-a033-c60eb16c6e31 req-81db979f-8008-478c-a033-c60eb16c6e31 ] Request (ServersAaction247Test:test_create_backup): 200 GET http://10.180.1.21/compute/v2.1/servers/0aade4da-882a-4342-aefb-07eb306b17ff 0.093s
2024-10-21 17:35:04.233 63592 INFO tempest.lib.common.rest_client [req-12c9c5ee-14b2-4d2e-bcd5-9210a06dea92 req-12c9c5ee-14b2-4d2e-bcd5-9210a06dea92 ] Request (ServersTestJSON:setUpClass): 201 POST http://10.180.1.21/identity/v3/users 0.053s
2024-10-21 17:35:04.239 63544 INFO tempest.lib.common.rest_client [req-d3c0f9a7-4b12-4f10-9f6d-9312afe25068 req-d3c0f9a7-4b12-4f10-9f6d-9312afe25068 ] Request (ImagesNegativeTestJSON:test_create_image_from_deleted_server): 200 GET http://10.180.1.21/compute/v2.1/servers/a63744c8-b9bf-4a89-9319-061d53de6b5f 0.111s
2024-10-21 17:35:04.249 63592 INFO tempest.lib.common.rest_client [req-ab4b0c06-d705-49c4-a1be-53249c71718d req-ab4b0c06-d705-49c4-a1be-53249c71718d ] Request (ServersTestJSON:setUpClass): 200 GET http://10.180.1.21/identity/v3/roles 0.016s
2024-10-21 17:35:04.273 63592 INFO tempest.lib.common.rest_client [req-ccd6124d-b16e-452b-a1a3-d44f4ca599a0 req-ccd6124d-b16e-452b-a1a3-d44f4ca599a0 ] Request (ServersTestJSON:setUpClass): 204 PUT http://10.180.1.21/identity/v3/projects/f43f59c7120e45928cb1f3ad16a84b5f/users/99317b99397c403eab3b3571bf844377/roles/25690f8d4e1546faa1afcbd533b33425 0.023s
2024-10-21 17:35:04.273 63592 INFO tempest.lib.common.dynamic_creds [-] Dynamic test user 99317b99397c403eab3b3571bf844377 is created with scope project and roles: ['member']
2024-10-21 17:35:04.273 63592 INFO tempest.lib.common.dynamic_creds [-] Acquired dynamic creds: credentials: Credentials: {'domain_id': 'default', 'domain_name': 'Default', 'username': 'tempest-ServersTestJSON-607300979-project-member', 'project_domain_id': 'default', 'project_domain_name': 'Default', 'project_id': 'f43f59c7120e45928cb1f3ad16a84b5f', 'project_name': 'tempest-ServersTestJSON-607300979', 'tenant_id': 'f43f59c7120e45928cb1f3ad16a84b5f', 'tenant_name': 'tempest-ServersTestJSON-607300979', 'user_domain_id': 'default', 'user_domain_name': 'Default', 'user_id': '99317b99397c403eab3b3571bf844377', 'system': None}, Network: None, Subnet: None, Router: None
2024-10-21 17:35:04.283 63583 INFO tempest.lib.common.rest_client [req-de77782e-0f58-451f-b166-3cd5f926becb req-de77782e-0f58-451f-b166-3cd5f926becb ] Request (AttachInterfacesTestJSON:test_create_list_show_delete_interfaces_by_fixed_ip): 200 GET http://10.180.1.21/compute/v2.1/servers/f5c47736-381f-4979-b804-494ca8cf16a1 0.130s
2024-10-21 17:35:04.298 63562 INFO tempest.lib.common.rest_client [req-c7ba15ff-c6fb-42cc-9b0e-34dd5de40ae7 req-c7ba15ff-c6fb-42cc-9b0e-34dd5de40ae7 ] Request (VolumesAssistedSnapshotsTest:test_volume_assisted_snapshot_create_delete): 200 GET http://10.180.1.21/compute/v2.1/servers/c1f9f075-7d1c-4c05-9dfd-43820d2d07ad 0.255s
2024-10-21 17:35:04.326 63592 INFO tempest.lib.common.rest_client [req-2cd73bf6-41a6-49dc-8828-c5d6071b98c7 req-2cd73bf6-41a6-49dc-8828-c5d6071b98c7 ] Request (ServersTestJSON:setUpClass): 201 POST http://10.180.1.21/identity/v3/auth/tokens 0.052s
2024-10-21 17:35:04.327 63566 INFO tempest.lib.common.rest_client [req-6bfcad30-0d07-4227-a03f-a4d684ef47c5 req-6bfcad30-0d07-4227-a03f-a4d684ef47c5 ] Request (DeleteServersAdminTestJSON:test_delete_server_while_in_error_state): 200 GET http://10.180.1.21/compute/v2.1/servers/769c2643-57eb-456c-8083-997a8c9c48cc 0.152s
2024-10-21 17:35:04.344 63550 INFO tempest.lib.common.rest_client [req-1ee2b998-2ae6-405d-a35b-585b636f9f84 req-1ee2b998-2ae6-405d-a35b-585b636f9f84 ] Request (ServersTestMultiNic:test_verify_duplicate_network_nics): 200 GET http://10.180.1.21/compute/v2.1/servers/db04bc40-1106-46dd-ad9a-f9b11a6c8774 0.145s
2024-10-21 17:35:04.373 63580 INFO tempest.lib.common.rest_client [req-2d84eeb1-9d28-4c4f-8bbe-b1ca62f30fe5 req-2d84eeb1-9d28-4c4f-8bbe-b1ca62f30fe5 ] Request (ListServersNegativeTestJSON:setUpClass): 200 GET http://10.180.1.21/compute/v2.1/servers/0b381f4c-372f-41c8-9661-7e6bab6dd306 0.157s
2024-10-21 17:35:04.387 63591 INFO tempest.lib.common.rest_client [req-09ac318b-c0a6-4154-9634-84dc8b459d1a req-09ac318b-c0a6-4154-9634-84dc8b459d1a ] Request (ServerActionsTestJSON:setUpClass): 200 GET http://10.180.1.21/compute/v2.1/servers/8b4b041b-5d3f-479a-8241-c75cce650d1e 0.067s
2024-10-21 17:35:04.425 63546 INFO tempest.lib.common.rest_client [req-db1cb1d5-e6aa-4999-973b-4d35d02d1208 req-db1cb1d5-e6aa-4999-973b-4d35d02d1208 ] Request (ServersWithSpecificFlavorTestJSON:test_verify_created_server_ephemeral_disk): 200 GET http://10.180.1.21/compute/v2.1/servers/a492b0a0-0bf1-4e64-bd51-ad131cd17a3b 0.047s
2024-10-21 17:35:04.441 63540 INFO tempest.lib.common.rest_client [req-8679a15c-652f-40a5-9c6b-4dbe68f2f724 req-8679a15c-652f-40a5-9c6b-4dbe68f2f724 ] Request (ImagesOneServerNegativeTestJSON:setUpClass): 200 GET http://10.180.1.21/compute/v2.1/servers/25f0de66-914f-46b9-a15b-d936df5b3ab4 0.048s
2024-10-21 17:35:04.475 63554 INFO tempest.lib.common.rest_client [req-2f3b839c-d29e-4aa3-b9de-b357e55d9c5a req-2f3b839c-d29e-4aa3-b9de-b357e55d9c5a ] Request (ServersTestJSON:test_create_server_specify_multibyte_character_name): 200 GET http://10.180.1.21/compute/v2.1/servers/e86185ea-7aa6-43ad-920d-645e18194b04 0.054s
2024-10-21 17:35:04.492 63574 INFO tempest.lib.common.rest_client [req-90b44d4d-9191-43ff-a7c2-2f228c8242bd req-90b44d4d-9191-43ff-a7c2-2f228c8242bd ] Request (ServerDiskConfigTestJSON:test_rebuild_server_with_auto_disk_config): 200 GET http://10.180.1.21/compute/v2.1/servers/947f69fa-77cf-4c7d-ba62-37567318b969 0.042s
2024-10-21 17:35:04.571 63542 INFO tempest.lib.common.rest_client [req-36c92893-bae4-4ee1-9f34-580f9eca06eb req-36c92893-bae4-4ee1-9f34-580f9eca06eb ] Request (AttachInterfacesV270Test:test_create_get_list_interfaces): 200 GET http://10.180.1.21/compute/v2.1/servers/a236be17-8965-4785-834e-9ce22eeb75eb 0.058s
2024-10-21 17:35:04.575 63592 INFO tempest.lib.common.rest_client [req-50cc0301-f165-4eae-bce4-b867940dffed req-50cc0301-f165-4eae-bce4-b867940dffed ] Request (ServersTestJSON:setUpClass): 201 POST http://10.180.1.21:9696/networking/v2.0/networks 0.249s
2024-10-21 17:35:04.608 63572 INFO tempest.lib.common.rest_client [req-0171d4d0-abf1-4543-876d-8455df8a3b41 req-0171d4d0-abf1-4543-876d-8455df8a3b41 ] Request (FloatingIPsAssociationTestJSON:setUpClass): 200 GET http://10.180.1.21/compute/v2.1/servers/5bf150a5-ad49-4bf8-a8fa-e376e0f00926 0.054s
2024-10-21 17:35:04.640 63552 INFO tempest.lib.common.rest_client [req-d4ac4b85-11cb-418f-9f7d-76c68ce6d505 req-d4ac4b85-11cb-418f-9f7d-76c68ce6d505 ] Request (FloatingIPsAssociationNegativeTestJSON:setUpClass): 200 GET http://10.180.1.21/compute/v2.1/servers/76ceec24-eebe-4b32-b77d-f57203881a94 0.061s
2024-10-21 17:35:04.661 63530 INFO tempest.lib.common.rest_client [req-7ad64e66-3773-4e06-ada8-43210a9f6e52 req-7ad64e66-3773-4e06-ada8-43210a9f6e52 ] Request (ImagesTestJSON:test_create_image_from_stopped_server): 200 GET http://10.180.1.21/compute/v2.1/servers/1814ebc5-7869-4ec6-8cf6-790daed5e271 0.055s
2024-10-21 17:35:04.690 63536 INFO tempest.lib.common.rest_client [req-b7e2d5f1-c35a-43d4-b9ce-ebce8d90d041 req-b7e2d5f1-c35a-43d4-b9ce-ebce8d90d041 ] Request (ServerRescueNegativeTestJSON:setUpClass): 200 GET http://10.180.1.21/compute/v2.1/servers/8c2439e1-26ce-45e5-9179-164c0dbbbf76 0.059s
2024-10-21 17:35:04.708 63578 INFO tempest.lib.common.rest_client [req-73e6e98a-b8f9-41e3-9586-ecef508e207e req-73e6e98a-b8f9-41e3-9586-ecef508e207e ] Request (MigrationsAdminTest:test_resize_server_revert_deleted_flavor): 200 GET http://10.180.1.21/compute/v2.1/servers/305e3a9c-27cf-47b8-8825-09e5abe220ee 0.052s
2024-10-21 17:35:04.745 63586 INFO tempest.lib.common.rest_client [req-86d0aa44-29cb-4aac-a6b9-d23671593583 req-86d0aa44-29cb-4aac-a6b9-d23671593583 ] Request (ServerActionsTestOtherA:setUpClass): 200 GET http://10.180.1.21/compute/v2.1/servers/63f13b3b-d0e3-46d7-ab73-c6bf04d6f1d5 0.066s
2024-10-21 17:35:04.752 63564 INFO tempest.lib.common.rest_client [req-3bf41721-929e-4937-beb3-77f1be52f039 req-3bf41721-929e-4937-beb3-77f1be52f039 ] Request (ListImageFiltersTestJSON:setUpClass): 200 GET http://10.180.1.21/compute/v2.1/servers/b2c1e806-d0ae-455f-95e9-405a9557697f 0.050s
2024-10-21 17:35:04.768 63592 INFO tempest.lib.common.rest_client [req-747dad70-3c3f-4926-866f-0c82f2732551 req-747dad70-3c3f-4926-866f-0c82f2732551 ] Request (ServersTestJSON:setUpClass): 201 POST http://10.180.1.21:9696/networking/v2.0/subnets 0.192s
2024-10-21 17:35:04.795 63532 INFO tempest.lib.common.rest_client [req-ff9f926f-cf4a-4609-a0c5-b153cb590452 req-ff9f926f-cf4a-4609-a0c5-b153cb590452 ] Request (DeleteServersTestJSON:test_delete_active_server): 200 GET http://10.180.1.21/compute/v2.1/servers/4dce2ec6-6f7b-4294-a32e-4cd222ae3492 0.061s
2024-10-21 17:35:04.799 63558 INFO tempest.lib.common.rest_client [req-5637591a-809a-4a74-ab17-96338ec2791b req-5637591a-809a-4a74-ab17-96338ec2791b ] Request (ServersTestFqdnHostnames:test_create_server_with_fqdn_name): 200 GET http://10.180.1.21/compute/v2.1/servers/2afc50fb-138c-4523-b086-db11026ae52f 0.048s
2024-10-21 17:35:04.841 63584 INFO tempest.lib.common.rest_client [req-915d5420-50f8-4fb5-89aa-27359ca57bd7 req-915d5420-50f8-4fb5-89aa-27359ca57bd7 ] Request (ServerGroupTestJSON:test_create_server_with_scheduler_hint_group): 200 GET http://10.180.1.21/compute/v2.1/servers/dc9ae29a-a61b-4402-a16f-460cf74bc10c 0.043s
2024-10-21 17:35:04.841 63561 INFO tempest.lib.common.rest_client [req-bda70ca1-53f8-4caf-983a-1bf13dbbffc3 req-bda70ca1-53f8-4caf-983a-1bf13dbbffc3 ] Request (ServerDiagnosticsV248Test:test_get_server_diagnostics): 200 GET http://10.180.1.21/compute/v2.1/servers/b2055187-edd8-4a8c-9811-183cf7ba3b39 0.059s
2024-10-21 17:35:04.881 63556 INFO tempest.lib.common.rest_client [req-7c66b229-0148-442b-b4fa-bf20804064c3 req-7c66b229-0148-442b-b4fa-bf20804064c3 ] Request (SecurityGroupsTestJSON:test_list_security_groups_by_server): 200 GET http://10.180.1.21/compute/v2.1/servers/eaaf2515-cc4b-42c7-aacd-14074c760924 0.055s
2024-10-21 17:35:05.038 63538 INFO tempest.lib.common.rest_client [req-a467a196-2862-452e-9194-ffc3a6e1482b req-a467a196-2862-452e-9194-ffc3a6e1482b ] Request (ServersAdminTestJSON:setUpClass): 200 GET http://10.180.1.21/compute/v2.1/servers/1ac2f52a-27ef-4ce4-9540-288658f08344 0.057s
2024-10-21 17:35:05.078 63534 INFO tempest.lib.common.rest_client [req-92a98e7b-d81d-437a-a7a0-2bb638da9ec4 req-92a98e7b-d81d-437a-a7a0-2bb638da9ec4 ] Request (ServerExternalEventsTest:test_create_server_external_events): 200 GET http://10.180.1.21/compute/v2.1/servers/e0e08728-b6c3-4610-bc27-348c5594fefc 0.045s
2024-10-21 17:35:05.136 63588 INFO tempest.lib.common.rest_client [req-6b6c3118-8c4a-4c14-9b1a-b72a9b20ea00 req-6b6c3118-8c4a-4c14-9b1a-b72a9b20ea00 ] Request (ListServerFiltersTestJSON:setUpClass): 200 GET http://10.180.1.21/compute/v2.1/servers/db725426-1b67-437c-aea5-cf0da50454a2 0.056s
2024-10-21 17:35:05.183 63568 INFO tempest.lib.common.rest_client [req-9ecf1bf0-cba6-4636-a686-d926509a35c7 req-9ecf1bf0-cba6-4636-a686-d926509a35c7 ] Request (VolumesAdminNegativeTest:test_update_attached_volume_with_nonexistent_volume_in_body): 200 GET http://10.180.1.21/compute/v2.1/servers/510b9ea6-04f1-4704-b5e4-e19db57769a8 0.043s
2024-10-21 17:35:05.248 63570 INFO tempest.lib.common.rest_client [req-b3399cbd-9799-49c1-8a03-39312a50950c req-b3399cbd-9799-49c1-8a03-39312a50950c ] Request (ServersAaction247Test:test_create_backup): 200 GET http://10.180.1.21/compute/v2.1/servers/0aade4da-882a-4342-aefb-07eb306b17ff 0.055s
2024-10-21 17:35:05.296 63544 INFO tempest.lib.common.rest_client [req-672beb0e-269f-42e3-ba10-703277b5f350 req-672beb0e-269f-42e3-ba10-703277b5f350 ] Request (ImagesNegativeTestJSON:test_create_image_from_deleted_server): 200 GET http://10.180.1.21/compute/v2.1/servers/a63744c8-b9bf-4a89-9319-061d53de6b5f 0.049s
2024-10-21 17:35:05.337 63583 INFO tempest.lib.common.rest_client [req-fb6cec00-15e4-4b8d-90a0-7a52f2cf1237 req-fb6cec00-15e4-4b8d-90a0-7a52f2cf1237 ] Request (AttachInterfacesTestJSON:test_create_list_show_delete_interfaces_by_fixed_ip): 200 GET http://10.180.1.21/compute/v2.1/servers/f5c47736-381f-4979-b804-494ca8cf16a1 0.048s
2024-10-21 17:35:05.360 63562 INFO tempest.lib.common.rest_client [req-9debcf11-4201-4424-a504-4f2608d2bb10 req-9debcf11-4201-4424-a504-4f2608d2bb10 ] Request (VolumesAssistedSnapshotsTest:test_volume_assisted_snapshot_create_delete): 200 GET http://10.180.1.21/compute/v2.1/servers/c1f9f075-7d1c-4c05-9dfd-43820d2d07ad 0.054s
2024-10-21 17:35:05.366 63562 INFO tempest.common.waiters [-] State transition "BUILD/None" ==> "BUILD/networking" after 69 second wait
2024-10-21 17:35:05.396 63566 INFO tempest.lib.common.rest_client [req-a3b9ee21-b5a0-4eea-ad4c-8401cdf7e7c0 req-a3b9ee21-b5a0-4eea-ad4c-8401cdf7e7c0 ] Request (DeleteServersAdminTestJSON:test_delete_server_while_in_error_state): 200 GET http://10.180.1.21/compute/v2.1/servers/769c2643-57eb-456c-8083-997a8c9c48cc 0.060s
2024-10-21 17:35:05.405 63550 INFO tempest.lib.common.rest_client [req-f636e124-8c14-4cab-8eae-87e0ebe9369b req-f636e124-8c14-4cab-8eae-87e0ebe9369b ] Request (ServersTestMultiNic:test_verify_duplicate_network_nics): 200 GET http://10.180.1.21/compute/v2.1/servers/db04bc40-1106-46dd-ad9a-f9b11a6c8774 0.054s
2024-10-21 17:35:05.423 63592 INFO tempest.lib.common.rest_client [req-dc66362c-e077-43e6-aeae-b825774a284c req-dc66362c-e077-43e6-aeae-b825774a284c ] Request (ServersTestJSON:setUpClass): 201 POST http://10.180.1.21:9696/networking/v2.0/routers 0.654s
2024-10-21 17:35:05.442 63580 INFO tempest.lib.common.rest_client [req-ef4aab97-1892-49c4-b916-93a902be706a req-ef4aab97-1892-49c4-b916-93a902be706a ] Request (ListServersNegativeTestJSON:setUpClass): 200 GET http://10.180.1.21/compute/v2.1/servers/0b381f4c-372f-41c8-9661-7e6bab6dd306 0.061s
2024-10-21 17:35:05.456 63591 INFO tempest.lib.common.rest_client [req-c3d2b3bb-9f7e-4c5f-ba29-97024591f7df req-c3d2b3bb-9f7e-4c5f-ba29-97024591f7df ] Request (ServerActionsTestJSON:setUpClass): 200 GET http://10.180.1.21/compute/v2.1/servers/8b4b041b-5d3f-479a-8241-c75cce650d1e 0.062s
2024-10-21 17:35:05.485 63546 INFO tempest.lib.common.rest_client [req-6f54265f-217b-435d-8ddc-96e93410f944 req-6f54265f-217b-435d-8ddc-96e93410f944 ] Request (ServersWithSpecificFlavorTestJSON:test_verify_created_server_ephemeral_disk): 200 GET http://10.180.1.21/compute/v2.1/servers/a492b0a0-0bf1-4e64-bd51-ad131cd17a3b 0.053s
2024-10-21 17:35:05.508 63540 INFO tempest.lib.common.rest_client [req-4e05645f-0c9e-43ca-90ec-416e56c6df9f req-4e05645f-0c9e-43ca-90ec-416e56c6df9f ] Request (ImagesOneServerNegativeTestJSON:setUpClass): 200 GET http://10.180.1.21/compute/v2.1/servers/25f0de66-914f-46b9-a15b-d936df5b3ab4 0.059s
2024-10-21 17:35:05.529 63554 INFO tempest.lib.common.rest_client [req-17f6cbf5-29c2-40d1-aa14-6bd9f13459a8 req-17f6cbf5-29c2-40d1-aa14-6bd9f13459a8 ] Request (ServersTestJSON:test_create_server_specify_multibyte_character_name): 200 GET http://10.180.1.21/compute/v2.1/servers/e86185ea-7aa6-43ad-920d-645e18194b04 0.047s
2024-10-21 17:35:05.552 63574 INFO tempest.lib.common.rest_client [req-53be03ca-bc18-43c5-a86b-3a88a4539624 req-53be03ca-bc18-43c5-a86b-3a88a4539624 ] Request (ServerDiskConfigTestJSON:test_rebuild_server_with_auto_disk_config): 200 GET http://10.180.1.21/compute/v2.1/servers/947f69fa-77cf-4c7d-ba62-37567318b969 0.054s
2024-10-21 17:35:05.629 63542 INFO tempest.lib.common.rest_client [req-cb75a43f-2f2e-427a-8a24-624e338cdfe7 req-cb75a43f-2f2e-427a-8a24-624e338cdfe7 ] Request (AttachInterfacesV270Test:test_create_get_list_interfaces): 200 GET http://10.180.1.21/compute/v2.1/servers/a236be17-8965-4785-834e-9ce22eeb75eb 0.049s
2024-10-21 17:35:05.666 63572 INFO tempest.lib.common.rest_client [req-e7ef51d6-6197-4299-9371-4ff4d7b570d6 req-e7ef51d6-6197-4299-9371-4ff4d7b570d6 ] Request (FloatingIPsAssociationTestJSON:setUpClass): 200 GET http://10.180.1.21/compute/v2.1/servers/5bf150a5-ad49-4bf8-a8fa-e376e0f00926 0.051s
2024-10-21 17:35:05.697 63552 INFO tempest.lib.common.rest_client [req-27135aef-7731-4259-946e-25bda70babd3 req-27135aef-7731-4259-946e-25bda70babd3 ] Request (FloatingIPsAssociationNegativeTestJSON:setUpClass): 200 GET http://10.180.1.21/compute/v2.1/servers/76ceec24-eebe-4b32-b77d-f57203881a94 0.050s
