2025-01-16 01:37:04.336 68403 INFO tempest.lib.common.rest_client [req-86a78e19-b77d-43b5-9572-6beb917420a6 req-86a78e19-b77d-43b5-9572-6beb917420a6 ] Request (MultipleCreateTestJSON:test_multiple_create): 200 GET http://10.180.1.21/compute/v2.1/servers/52aa995a-6a58-4ded-987e-a5a92dc98982 0.104s
2025-01-16 01:37:04.344 68403 INFO tempest.common.waiters [-] State transition "BUILD/networking" ==> "BUILD/spawning" after 38 second wait
2025-01-16 01:37:04.356 68433 INFO tempest.lib.common.rest_client [req-75f85c11-7992-45d4-b799-5d559c19dd6f req-75f85c11-7992-45d4-b799-5d559c19dd6f ] Request (ImagesOneServerTestJSON:tearDownClass): 200 GET http://10.180.1.21/compute/v2.1/servers/92c37706-d510-4f1a-ad30-e3df46edcea9 0.058s
2025-01-16 01:37:04.364 68433 INFO tempest.common.waiters [-] State transition "ACTIVE/deleting" ==> "DELETED/None" after 4 second wait
2025-01-16 01:37:04.397 68419 INFO tempest.lib.common.rest_client [req-b50016bf-be8a-4de6-8b51-7ba9c61e72dc req-b50016bf-be8a-4de6-8b51-7ba9c61e72dc ] Request (ServersTestBootFromVolume:setUpClass): 200 GET http://10.180.1.21/compute/v2.1/servers/e25571ce-77da-4871-af48-c597560cd9a0 0.051s
2025-01-16 01:37:04.402 68421 INFO tempest.lib.common.rest_client [req-0d3028af-6e98-49a3-a992-a079915ec7df req-0d3028af-6e98-49a3-a992-a079915ec7df ] Request (ServerDiagnosticsNegativeTest:tearDownClass): 204 DELETE http://10.180.1.21/identity/v3/users/c3f9bc54406342a186f491cbe52b36fa 0.100s
2025-01-16 01:37:04.404 68419 INFO tempest.common.waiters [-] State transition "BUILD/scheduling" ==> "BUILD/None" after 28 second wait
2025-01-16 01:37:04.487 68421 INFO tempest.lib.common.rest_client [req-e5606513-1920-42e5-b2d8-b90dcf81c8f3 req-e5606513-1920-42e5-b2d8-b90dcf81c8f3 ] Request (ServerDiagnosticsNegativeTest:tearDownClass): 204 DELETE http://10.180.1.21/identity/v3/users/56eb6349bfa441669622c7b4e4f2c261 0.085s
2025-01-16 01:37:04.487 68421 INFO tempest.lib.common.dynamic_creds [-] Deleting project and security group for project: 39e0086872784db68bc9174c654053df
2025-01-16 01:37:04.492 68381 INFO tempest.lib.common.rest_client [req-fb215831-ac3c-4cc7-8a75-ee8fb8266bdf req-fb215831-ac3c-4cc7-8a75-ee8fb8266bdf ] Request (ServerActionsV293TestJSON:setUpClass): 200 GET http://10.180.1.21/compute/v2.1/servers/837a0057-787e-4fb6-ae79-b5fbc06a3038 0.060s
2025-01-16 01:37:04.539 68397 INFO tempest.lib.common.rest_client [req-334c7dc0-c950-4ddf-ba44-6c44f0fbc1f3 req-334c7dc0-c950-4ddf-ba44-6c44f0fbc1f3 ] Request (InstanceActionsTestJSON:setUpClass): 200 GET http://10.180.1.21/compute/v2.1/servers/92f2cf26-2254-43e9-83d0-8136d6ac51e7 0.053s
2025-01-16 01:37:04.551 68421 INFO tempest.lib.common.rest_client [req-738492ba-1a5d-41b7-a575-a9374e1ce9ab req-738492ba-1a5d-41b7-a575-a9374e1ce9ab ] Request (ServerDiagnosticsNegativeTest:tearDownClass): 201 POST http://10.180.1.21/identity/v3/auth/tokens 0.063s
2025-01-16 01:37:04.640 68377 INFO tempest.lib.common.rest_client [req-8a888463-13c0-4e78-acc4-fe5a27d08eb5 req-8a888463-13c0-4e78-acc4-fe5a27d08eb5 ] Request (ImagesNegativeTestJSON:test_create_image_from_deleted_server): 200 GET http://10.180.1.21/compute/v2.1/servers/ac7a1c8b-3988-4ca3-ae03-2d5877ae916c 0.074s
2025-01-16 01:37:04.707 68427 INFO tempest.lib.common.rest_client [req-8e1a0d73-e73e-4154-a781-10b19f0b53ba req-8e1a0d73-e73e-4154-a781-10b19f0b53ba ] Request (ServersTestFqdnHostnames:test_create_server_with_fqdn_name): 200 GET http://10.180.1.21/compute/v2.1/servers/99fe39eb-5075-4b07-af3a-4d751be4e50a 0.067s
2025-01-16 01:37:04.725 68417 INFO tempest.lib.common.rest_client [req-3948d285-f084-4208-8b96-732f4834499c req-3948d285-f084-4208-8b96-732f4834499c ] Request (AttachInterfacesTestJSON:test_create_list_show_delete_interfaces_by_fixed_ip): 200 GET http://10.180.1.21/compute/v2.1/servers/e6597109-844a-47f7-85b9-1c3be44606a8 0.169s
2025-01-16 01:37:04.780 68421 INFO tempest.lib.common.rest_client [req-1138a2c1-e925-4735-81b5-f9dc39d776ea req-1138a2c1-e925-4735-81b5-f9dc39d776ea ] Request (ServerDiagnosticsNegativeTest:tearDownClass): 200 GET http://10.180.1.21:9696/networking/v2.0/security-groups?tenant_id=39e0086872784db68bc9174c654053df&name=default 0.228s
2025-01-16 01:37:04.811 68407 INFO tempest.lib.common.rest_client [req-a06464d5-cc41-4a04-8bb7-73010be23a8d req-a06464d5-cc41-4a04-8bb7-73010be23a8d ] Request (DeleteServersAdminTestJSON:test_delete_server_while_in_error_state): 200 GET http://10.180.1.21/compute/v2.1/servers/b710c68a-0dd5-4565-962e-00ce8a433324 0.091s
2025-01-16 01:37:04.874 68413 INFO tempest.lib.common.rest_client [req-14e1fa2d-73ba-4f5f-9844-b7223c9179e3 req-14e1fa2d-73ba-4f5f-9844-b7223c9179e3 ] Request (ImagesTestJSON:test_create_image_from_suspended_server): 200 GET http://10.180.1.21/compute/v2.1/servers/882bab59-0b93-4d23-8321-e8c09965dab2 0.185s
2025-01-16 01:37:04.876 68421 INFO tempest.lib.common.rest_client [req-dcc01954-a810-490b-b00d-64b952817f49 req-dcc01954-a810-490b-b00d-64b952817f49 ] Request (ServerDiagnosticsNegativeTest:tearDownClass): 204 DELETE http://10.180.1.21:9696/networking/v2.0/security-groups/39a0b867-e87c-44a9-936f-6899a9abebef 0.096s
2025-01-16 01:37:04.883 68415 INFO tempest.lib.common.rest_client [req-8c6d0392-0a91-4fb3-a22a-b7c2784d4639 req-8c6d0392-0a91-4fb3-a22a-b7c2784d4639 ] Request (ServerTagsTestJSON:tearDownClass): 200 GET http://10.180.1.21/compute/v2.1/servers/60f44718-0206-481f-9c0b-38cf5225679c 0.136s
2025-01-16 01:37:04.944 68401 INFO tempest.lib.common.rest_client [req-7e7006e0-5e9a-4247-92a2-8e614f425951 req-7e7006e0-5e9a-4247-92a2-8e614f425951 ] Request (ServersAdmin275Test:test_rebuild_update_server_275): 200 GET http://10.180.1.21/compute/v2.1/servers/d72a441d-8993-4eb1-bb9d-67ed97920723 0.163s
2025-01-16 01:37:04.955 68421 INFO tempest.lib.common.rest_client [req-e7a39824-8219-4314-bd3b-0d59619d305f req-e7a39824-8219-4314-bd3b-0d59619d305f ] Request (ServerDiagnosticsNegativeTest:tearDownClass): 204 DELETE http://10.180.1.21/identity/v3/projects/39e0086872784db68bc9174c654053df 0.078s
2025-01-16 01:37:04.955 68421 INFO tempest.lib.common.dynamic_creds [-] Deleting project and security group for project: e0696dc8702b413b99b366a4e36d0d29
2025-01-16 01:37:04.959 68429 INFO tempest.lib.common.rest_client [req-6a0cc549-d0c0-43b3-8374-ca05af4d4a8c req-6a0cc549-d0c0-43b3-8374-ca05af4d4a8c ] Request (ServersAdminNegativeTestJSON:tearDownClass): 200 GET http://10.180.1.21/compute/v2.1/servers/fcdf5dee-f078-4438-81ec-50f35cbbf24f 0.092s
2025-01-16 01:37:04.984 68421 INFO tempest.lib.common.rest_client [req-6f4b5d4f-a561-4f9a-b81b-2a2d88de869f req-6f4b5d4f-a561-4f9a-b81b-2a2d88de869f ] Request (ServerDiagnosticsNegativeTest:tearDownClass): 200 GET http://10.180.1.21:9696/networking/v2.0/security-groups?tenant_id=e0696dc8702b413b99b366a4e36d0d29&name=default 0.028s
2025-01-16 01:37:05.051 68389 INFO tempest.lib.common.rest_client [req-c2c17e26-06d4-4a71-ba95-6e31f3ccd2ca req-c2c17e26-06d4-4a71-ba95-6e31f3ccd2ca ] Request (ServersV294TestFqdnHostnames:setUpClass): 200 GET http://10.180.1.21/compute/v2.1/servers/33ebd22b-5865-47ea-ad86-8e2c4acc01f3 0.118s
2025-01-16 01:37:05.110 68379 INFO tempest.lib.common.rest_client [req-2ab990fe-b74a-4cdc-b3d3-0d2bd2bbbba1 req-2ab990fe-b74a-4cdc-b3d3-0d2bd2bbbba1 ] Request (MigrationsAdminTest:test_list_migrations_in_flavor_resize_situation): 200 GET http://10.180.1.21/compute/v2.1/servers/26375696-a789-4eec-91cf-47ef118b2bbe 0.229s
2025-01-16 01:37:05.119 68423 INFO tempest.lib.common.rest_client [req-1a4263e1-ec2c-4286-a025-2a3ef7ee51d5 req-1a4263e1-ec2c-4286-a025-2a3ef7ee51d5 ] Request (AttachInterfacesV270Test:tearDownClass): 200 GET http://10.180.1.21/compute/v2.1/servers/c69e62fb-7776-4064-a296-3e09564d780c 0.178s
2025-01-16 01:37:05.161 68421 INFO tempest.lib.common.rest_client [req-b22f3cdf-e8dc-4382-a6b2-551f4a4a0fa4 req-b22f3cdf-e8dc-4382-a6b2-551f4a4a0fa4 ] Request (ServerDiagnosticsNegativeTest:tearDownClass): 204 DELETE http://10.180.1.21:9696/networking/v2.0/security-groups/f5af7666-1069-4b95-a6d1-e470967e02b8 0.177s
2025-01-16 01:37:05.162 68395 INFO tempest.lib.common.rest_client [req-ac182381-a25c-4b81-b0cc-bf9d9fab1b5e req-ac182381-a25c-4b81-b0cc-bf9d9fab1b5e ] Request (ServersAaction247Test:test_create_backup): 200 GET http://10.180.1.21/compute/v2.1/servers/1c8e5a82-5373-4c48-9214-31773d5ab4bb 0.167s
2025-01-16 01:37:05.180 68385 INFO tempest.lib.common.rest_client [req-3feb2de2-bedd-431b-aafe-0eac483fedeb req-3feb2de2-bedd-431b-aafe-0eac483fedeb ] Request (ServersNegativeTestJSON:setUpClass): 200 GET http://10.180.1.21/compute/v2.1/servers/3717ebd5-ce7f-48ea-a834-c87e75fadadd 0.184s
2025-01-16 01:37:05.208 68387 INFO tempest.lib.common.rest_client [req-4c3e662f-9f70-418a-a005-e0c3c62a0d64 req-4c3e662f-9f70-418a-a005-e0c3c62a0d64 ] Request (ListImageFiltersTestJSON:setUpClass): 200 GET http://10.180.1.21/compute/v2.1/images/9331cfaf-44e3-4219-8dcf-84a8131c14da 0.177s
2025-01-16 01:37:05.235 68383 INFO tempest.lib.common.rest_client [req-99ec1718-b504-4daf-95fa-5e236544326b req-99ec1718-b504-4daf-95fa-5e236544326b ] Request (SecurityGroupsTestJSON:test_server_security_groups): 200 GET http://10.180.1.21/compute/v2.1/servers/2cf3cc94-a9a5-4275-9a77-ba9e1ddb3fa1 0.175s
2025-01-16 01:37:05.267 68411 INFO tempest.lib.common.rest_client [req-d426e88b-3991-4c66-95e5-16e57fe4fb86 req-d426e88b-3991-4c66-95e5-16e57fe4fb86 ] Request (ServerActionsTestOtherA:setUpClass): 200 GET http://10.180.1.21/compute/v2.1/servers/defb57fb-0f0a-4679-8c22-0945fc0a1664 0.176s
2025-01-16 01:37:05.303 68399 INFO tempest.lib.common.rest_client [req-b9c2745b-5320-4dda-a14f-de99c3fceb88 req-b9c2745b-5320-4dda-a14f-de99c3fceb88 ] Request (TenantUsagesTestJSON:tearDownClass): 200 GET http://10.180.1.21/compute/v2.1/servers/1030d877-b963-4f6a-8965-742bd403e7aa 0.163s
2025-01-16 01:37:05.314 68421 INFO tempest.lib.common.rest_client [req-25cc5753-2342-4028-abe1-1a1603e36daf req-25cc5753-2342-4028-abe1-1a1603e36daf ] Request (ServerDiagnosticsNegativeTest:tearDownClass): 204 DELETE http://10.180.1.21/identity/v3/projects/e0696dc8702b413b99b366a4e36d0d29 0.150s
2025-01-16 01:37:05.325 68435 INFO tempest.lib.common.rest_client [req-b1908143-d48c-458f-ac23-479ef2bae98e req-b1908143-d48c-458f-ac23-479ef2bae98e ] Request (ImagesOneServerNegativeTestJSON:setUpClass): 200 GET http://10.180.1.21/compute/v2.1/servers/6ad16be6-039f-4bdc-aa25-20ee8743c728 0.134s
2025-01-16 01:37:05.360 68425 INFO tempest.lib.common.rest_client [req-f9baca8b-524f-459f-adcc-9af308e087ab req-f9baca8b-524f-459f-adcc-9af308e087ab ] Request (ServerDiskConfigTestJSON:test_rebuild_server_with_manual_disk_config): 200 GET http://10.180.1.21/compute/v2.1/servers/28ec0106-157e-4e23-b188-7d82f690e559 0.104s
2025-01-16 01:37:05.385 68421 INFO tempest.lib.common.rest_client [req-806ca40e-a9d0-4005-aeff-b67cdf61f671 req-806ca40e-a9d0-4005-aeff-b67cdf61f671 ] Request (FlavorsV2TestJSON:setUpClass): 201 POST http://10.180.1.21/identity/v3/auth/tokens 0.069s
2025-01-16 01:37:05.425 68421 INFO tempest.lib.common.rest_client [req-8bda915d-fb3f-4171-93d4-af113eebe873 req-8bda915d-fb3f-4171-93d4-af113eebe873 ] Request (FlavorsV2TestJSON:setUpClass): 201 POST http://10.180.1.21/identity/v3/auth/tokens 0.038s
2025-01-16 01:37:05.434 68433 INFO tempest.lib.common.rest_client [req-8724f6d4-bf11-4eb0-a983-98730712d027 req-8724f6d4-bf11-4eb0-a983-98730712d027 ] Request (ImagesOneServerTestJSON:tearDownClass): 200 GET http://10.180.1.21/compute/v2.1/servers/92c37706-d510-4f1a-ad30-e3df46edcea9 0.069s
2025-01-16 01:37:05.453 68421 INFO tempest.lib.common.rest_client [req-7d68bd6b-7c39-4ea2-a1b7-0dd7bb24eb84 req-7d68bd6b-7c39-4ea2-a1b7-0dd7bb24eb84 ] Request (FlavorsV2TestJSON:setUpClass): 200 GET http://10.180.1.21/identity/v3/domains?name=Default 0.028s
2025-01-16 01:37:05.484 68421 INFO tempest.lib.common.rest_client [req-3c2e5dae-d445-4716-8431-2b3085e2ee54 req-3c2e5dae-d445-4716-8431-2b3085e2ee54 ] Request (FlavorsV2TestJSON:setUpClass): 201 POST http://10.180.1.21/identity/v3/projects 0.030s
2025-01-16 01:37:05.484 68403 INFO tempest.lib.common.rest_client [req-5e26b0ba-ab18-4d60-97ee-c676052c6fac req-5e26b0ba-ab18-4d60-97ee-c676052c6fac ] Request (MultipleCreateTestJSON:test_multiple_create): 200 GET http://10.180.1.21/compute/v2.1/servers/52aa995a-6a58-4ded-987e-a5a92dc98982 0.139s
2025-01-16 01:37:05.484 68419 INFO tempest.lib.common.rest_client [req-d8667e7c-c46a-436c-a0ce-7cd70bbdff85 req-d8667e7c-c46a-436c-a0ce-7cd70bbdff85 ] Request (ServersTestBootFromVolume:setUpClass): 200 GET http://10.180.1.21/compute/v2.1/servers/e25571ce-77da-4871-af48-c597560cd9a0 0.080s
2025-01-16 01:37:05.542 68421 INFO tempest.lib.common.rest_client [req-31913c07-e400-4118-828e-dab05cd80636 req-31913c07-e400-4118-828e-dab05cd80636 ] Request (FlavorsV2TestJSON:setUpClass): 201 POST http://10.180.1.21/identity/v3/users 0.058s
2025-01-16 01:37:05.562 68381 INFO tempest.lib.common.rest_client [req-7d7c6bfe-458d-4b4e-8f81-915952fa3fa4 req-7d7c6bfe-458d-4b4e-8f81-915952fa3fa4 ] Request (ServerActionsV293TestJSON:setUpClass): 200 GET http://10.180.1.21/compute/v2.1/servers/837a0057-787e-4fb6-ae79-b5fbc06a3038 0.058s
2025-01-16 01:37:05.570 68421 INFO tempest.lib.common.rest_client [req-c85266c8-582a-4b2b-a697-b7a181fe4154 req-c85266c8-582a-4b2b-a697-b7a181fe4154 ] Request (FlavorsV2TestJSON:setUpClass): 200 GET http://10.180.1.21/identity/v3/roles 0.026s
2025-01-16 01:37:05.595 68421 INFO tempest.lib.common.rest_client [req-0ff93999-c8af-4b1e-ba86-266df594abed req-0ff93999-c8af-4b1e-ba86-266df594abed ] Request (FlavorsV2TestJSON:setUpClass): 204 PUT http://10.180.1.21/identity/v3/projects/7ed337a6b42b4dddb1b9899efd738a11/users/871f8a93cc574ac6b33ccbb6ec422bf1/roles/687df479c950451cbc0f8d264be0baec 0.025s
2025-01-16 01:37:05.595 68421 INFO tempest.lib.common.dynamic_creds [-] Dynamic test user 871f8a93cc574ac6b33ccbb6ec422bf1 is created with scope project and roles: ['member']
2025-01-16 01:37:05.595 68421 INFO tempest.lib.common.dynamic_creds [-] Acquired dynamic creds: credentials: Credentials: {'domain_id': 'default', 'domain_name': 'Default', 'username': 'tempest-FlavorsV2TestJSON-790788366-project-member', 'project_domain_id': 'default', 'project_domain_name': 'Default', 'project_id': '7ed337a6b42b4dddb1b9899efd738a11', 'project_name': 'tempest-FlavorsV2TestJSON-790788366', 'tenant_id': '7ed337a6b42b4dddb1b9899efd738a11', 'tenant_name': 'tempest-FlavorsV2TestJSON-790788366', 'user_domain_id': 'default', 'user_domain_name': 'Default', 'user_id': '871f8a93cc574ac6b33ccbb6ec422bf1', 'system': None}, Network: None, Subnet: None, Router: None
2025-01-16 01:37:05.595 68421 INFO tempest.lib.common.dynamic_creds [-] Created isolated network resources for: credentials: Credentials: {'domain_id': 'default', 'domain_name': 'Default', 'username': 'tempest-FlavorsV2TestJSON-790788366-project-member', 'project_domain_id': 'default', 'project_domain_name': 'Default', 'project_id': '7ed337a6b42b4dddb1b9899efd738a11', 'project_name': 'tempest-FlavorsV2TestJSON-790788366', 'tenant_id': '7ed337a6b42b4dddb1b9899efd738a11', 'tenant_name': 'tempest-FlavorsV2TestJSON-790788366', 'user_domain_id': 'default', 'user_domain_name': 'Default', 'user_id': '871f8a93cc574ac6b33ccbb6ec422bf1', 'system': None}, Network: None, Subnet: None, Router: None
2025-01-16 01:37:05.597 68397 INFO tempest.lib.common.rest_client [req-df04ea7d-cace-40f1-9b9e-65dd87227524 req-df04ea7d-cace-40f1-9b9e-65dd87227524 ] Request (InstanceActionsTestJSON:setUpClass): 200 GET http://10.180.1.21/compute/v2.1/servers/92f2cf26-2254-43e9-83d0-8136d6ac51e7 0.049s
2025-01-16 01:37:05.669 68421 INFO tempest.lib.common.rest_client [req-7a9b52f7-fa85-4d23-90b6-9006ffcb03ac req-7a9b52f7-fa85-4d23-90b6-9006ffcb03ac ] Request (FlavorsV2TestJSON:setUpClass): 201 POST http://10.180.1.21/identity/v3/auth/tokens 0.069s
2025-01-16 01:37:05.709 68377 INFO tempest.lib.common.rest_client [req-73ca8b90-94f4-4edf-a278-ffac8cc83944 req-73ca8b90-94f4-4edf-a278-ffac8cc83944 ] Request (ImagesNegativeTestJSON:test_create_image_from_deleted_server): 200 GET http://10.180.1.21/compute/v2.1/servers/ac7a1c8b-3988-4ca3-ae03-2d5877ae916c 0.055s
2025-01-16 01:37:05.747 68421 INFO tempest.lib.common.rest_client [req-a09e59df-d31e-4d7b-b08b-36d7295a2bd3 req-a09e59df-d31e-4d7b-b08b-36d7295a2bd3 ] Request (FlavorsV2TestJSON:test_get_flavor): 200 GET http://10.180.1.21/compute/v2.1/flavors/42 0.077s
2025-01-16 01:37:05.765 68427 INFO tempest.lib.common.rest_client [req-2338eb97-5f48-4fd6-a280-e619fb461539 req-2338eb97-5f48-4fd6-a280-e619fb461539 ] Request (ServersTestFqdnHostnames:test_create_server_with_fqdn_name): 200 GET http://10.180.1.21/compute/v2.1/servers/99fe39eb-5075-4b07-af3a-4d751be4e50a 0.049s
2025-01-16 01:37:05.785 68421 INFO tempest.lib.common.rest_client [req-a5c58d8d-2d43-4182-87fc-185b95a7c1e4 req-a5c58d8d-2d43-4182-87fc-185b95a7c1e4 ] Request (FlavorsV2TestJSON:test_list_flavors): 200 GET http://10.180.1.21/compute/v2.1/flavors 0.035s
2025-01-16 01:37:05.803 68421 INFO tempest.lib.common.rest_client [req-d5515381-b9e8-46e7-9339-bddaa729cfd3 req-d5515381-b9e8-46e7-9339-bddaa729cfd3 ] Request (FlavorsV2TestJSON:test_list_flavors): 200 GET http://10.180.1.21/compute/v2.1/flavors/42 0.014s
2025-01-16 01:37:05.821 68421 INFO tempest.lib.common.rest_client [req-52da9d4f-6d8c-4583-92fa-a44dcc5305f7 req-52da9d4f-6d8c-4583-92fa-a44dcc5305f7 ] Request (FlavorsV2TestJSON:test_list_flavors_detailed_filter_by_min_disk): 200 GET http://10.180.1.21/compute/v2.1/flavors/42 0.014s
2025-01-16 01:37:05.841 68417 INFO tempest.lib.common.rest_client [req-26a15175-9de6-48f5-ba60-1bb66eefc02d req-26a15175-9de6-48f5-ba60-1bb66eefc02d ] Request (AttachInterfacesTestJSON:test_create_list_show_delete_interfaces_by_fixed_ip): 200 GET http://10.180.1.21/compute/v2.1/servers/e6597109-844a-47f7-85b9-1c3be44606a8 0.109s
2025-01-16 01:37:05.866 68421 INFO tempest.lib.common.rest_client [req-1dc2aefe-0406-4b99-b631-099173da5ab6 req-1dc2aefe-0406-4b99-b631-099173da5ab6 ] Request (FlavorsV2TestJSON:test_list_flavors_detailed_filter_by_min_disk): 200 GET http://10.180.1.21/compute/v2.1/flavors/detail?minDisk=2 0.042s
2025-01-16 01:37:05.873 68407 INFO tempest.lib.common.rest_client [req-e2bf9168-662b-4b16-a911-ad63f18128a8 req-e2bf9168-662b-4b16-a911-ad63f18128a8 ] Request (DeleteServersAdminTestJSON:test_delete_server_while_in_error_state): 200 GET http://10.180.1.21/compute/v2.1/servers/b710c68a-0dd5-4565-962e-00ce8a433324 0.053s
2025-01-16 01:37:05.886 68421 INFO tempest.lib.common.rest_client [req-63fe6106-fd87-4f9e-b169-a72387fa1d90 req-63fe6106-fd87-4f9e-b169-a72387fa1d90 ] Request (FlavorsV2TestJSON:test_list_flavors_detailed_filter_by_min_ram): 200 GET http://10.180.1.21/compute/v2.1/flavors/42 0.015s
2025-01-16 01:37:05.917 68421 INFO tempest.lib.common.rest_client [req-6c70a976-2e21-45d7-adb7-1d569b886ee1 req-6c70a976-2e21-45d7-adb7-1d569b886ee1 ] Request (FlavorsV2TestJSON:test_list_flavors_detailed_filter_by_min_ram): 200 GET http://10.180.1.21/compute/v2.1/flavors/detail?minRam=193 0.028s
2025-01-16 01:37:05.974 68415 INFO tempest.lib.common.rest_client [req-10beeac8-c464-4eb3-bc9e-5f415308ef26 req-10beeac8-c464-4eb3-bc9e-5f415308ef26 ] Request (ServerTagsTestJSON:tearDownClass): 200 GET http://10.180.1.21/compute/v2.1/servers/60f44718-0206-481f-9c0b-38cf5225679c 0.081s
2025-01-16 01:37:05.988 68421 INFO tempest.lib.common.rest_client [req-62658e42-197f-4f71-84b5-c2eadc6d2671 req-62658e42-197f-4f71-84b5-c2eadc6d2671 ] Request (FlavorsV2TestJSON:test_list_flavors_detailed_limit_results): 200 GET http://10.180.1.21/compute/v2.1/flavors/detail?limit=1 0.065s
2025-01-16 01:37:05.988 68413 INFO tempest.lib.common.rest_client [req-de595ac2-66be-4144-b46d-86634522a2c5 req-de595ac2-66be-4144-b46d-86634522a2c5 ] Request (ImagesTestJSON:test_create_image_from_suspended_server): 200 GET http://10.180.1.21/compute/v2.1/servers/882bab59-0b93-4d23-8321-e8c09965dab2 0.105s
2025-01-16 01:37:05.996 68413 INFO tempest.common.waiters [-] State transition "ACTIVE/suspending" ==> "SUSPENDED/None" after 2 second wait
2025-01-16 01:37:06.050 68401 INFO tempest.lib.common.rest_client [req-dcc7a6aa-3cb5-40c4-a2a9-3ec59afb9061 req-dcc7a6aa-3cb5-40c4-a2a9-3ec59afb9061 ] Request (ServersAdmin275Test:test_rebuild_update_server_275): 200 GET http://10.180.1.21/compute/v2.1/servers/d72a441d-8993-4eb1-bb9d-67ed97920723 0.087s
2025-01-16 01:37:06.051 68429 INFO tempest.lib.common.rest_client [req-7b20f689-81b4-4206-849f-4863d52858ff req-7b20f689-81b4-4206-849f-4863d52858ff ] Request (ServersAdminNegativeTestJSON:tearDownClass): 200 GET http://10.180.1.21/compute/v2.1/servers/fcdf5dee-f078-4438-81ec-50f35cbbf24f 0.079s
2025-01-16 01:37:06.062 68421 INFO tempest.lib.common.rest_client [req-e20f66eb-710a-4a4f-9261-9381eb87ebd1 req-e20f66eb-710a-4a4f-9261-9381eb87ebd1 ] Request (FlavorsV2TestJSON:test_list_flavors_detailed_using_marker): 200 GET http://10.180.1.21/compute/v2.1/flavors/42 0.071s
2025-01-16 01:37:06.095 68421 INFO tempest.lib.common.rest_client [req-077c57b8-ba5b-4647-9b1a-08b5b3109330 req-077c57b8-ba5b-4647-9b1a-08b5b3109330 ] Request (FlavorsV2TestJSON:test_list_flavors_detailed_using_marker): 200 GET http://10.180.1.21/compute/v2.1/flavors/detail?marker=42 0.031s
2025-01-16 01:37:06.146 68389 INFO tempest.lib.common.rest_client [req-e0bbe998-06a9-49e6-9cba-0e7c70da1b6d req-e0bbe998-06a9-49e6-9cba-0e7c70da1b6d ] Request (ServersV294TestFqdnHostnames:setUpClass): 200 GET http://10.180.1.21/compute/v2.1/servers/33ebd22b-5865-47ea-ad86-8e2c4acc01f3 0.081s
2025-01-16 01:37:06.156 68421 INFO tempest.lib.common.rest_client [req-3cad6a0c-9ead-4ecd-be9d-224af5bfa15a req-3cad6a0c-9ead-4ecd-be9d-224af5bfa15a ] Request (FlavorsV2TestJSON:test_list_flavors_filter_by_min_disk): 200 GET http://10.180.1.21/compute/v2.1/flavors/42 0.056s
2025-01-16 01:37:06.253 68379 INFO tempest.lib.common.rest_client [req-2ffc4df9-3dac-4b68-8712-6b6aa72e04b4 req-2ffc4df9-3dac-4b68-8712-6b6aa72e04b4 ] Request (MigrationsAdminTest:test_list_migrations_in_flavor_resize_situation): 200 GET http://10.180.1.21/compute/v2.1/servers/26375696-a789-4eec-91cf-47ef118b2bbe 0.134s
2025-01-16 01:37:06.307 68423 INFO tempest.lib.common.rest_client [req-3b4e4624-d545-42cc-a5a2-5bd89a3c5178 req-3b4e4624-d545-42cc-a5a2-5bd89a3c5178 ] Request (AttachInterfacesV270Test:tearDownClass): 200 GET http://10.180.1.21/compute/v2.1/servers/c69e62fb-7776-4064-a296-3e09564d780c 0.176s
2025-01-16 01:37:06.328 68421 INFO tempest.lib.common.rest_client [req-9d67ac61-78a0-440f-8fee-59719a7346b1 req-9d67ac61-78a0-440f-8fee-59719a7346b1 ] Request (FlavorsV2TestJSON:test_list_flavors_filter_by_min_disk): 200 GET http://10.180.1.21/compute/v2.1/flavors?minDisk=2 0.170s
2025-01-16 01:37:06.378 68395 INFO tempest.lib.common.rest_client [req-71479a78-8576-4c9f-8422-d9514e7e18ea req-71479a78-8576-4c9f-8422-d9514e7e18ea ] Request (ServersAaction247Test:test_create_backup): 200 GET http://10.180.1.21/compute/v2.1/servers/1c8e5a82-5373-4c48-9214-31773d5ab4bb 0.202s
2025-01-16 01:37:06.422 68385 INFO tempest.lib.common.rest_client [req-e82577fd-8376-42d5-abff-1d39dc5647bf req-e82577fd-8376-42d5-abff-1d39dc5647bf ] Request (ServersNegativeTestJSON:setUpClass): 200 GET http://10.180.1.21/compute/v2.1/servers/3717ebd5-ce7f-48ea-a834-c87e75fadadd 0.234s
2025-01-16 01:37:06.441 68413 INFO tempest.lib.common.rest_client [req-d198f527-8854-44c3-b9e0-07aad8fc2eca req-d198f527-8854-44c3-b9e0-07aad8fc2eca ] Request (ImagesTestJSON:test_create_image_from_suspended_server): 202 POST http://10.180.1.21/compute/v2.1/servers/882bab59-0b93-4d23-8321-e8c09965dab2/action 0.445s
2025-01-16 01:37:06.451 68387 INFO tempest.lib.common.rest_client [req-faacd8e4-eb1b-497b-a1dc-2a0eb8250332 req-faacd8e4-eb1b-497b-a1dc-2a0eb8250332 ] Request (ListImageFiltersTestJSON:setUpClass): 200 GET http://10.180.1.21/compute/v2.1/images/9331cfaf-44e3-4219-8dcf-84a8131c14da 0.236s
2025-01-16 01:37:06.503 68411 INFO tempest.lib.common.rest_client [req-f1e08834-dbb3-470d-84f0-635933518b4c req-f1e08834-dbb3-470d-84f0-635933518b4c ] Request (ServerActionsTestOtherA:setUpClass): 200 GET http://10.180.1.21/compute/v2.1/servers/defb57fb-0f0a-4679-8c22-0945fc0a1664 0.227s
2025-01-16 01:37:06.504 68383 INFO tempest.lib.common.rest_client [req-6de579ba-a4bf-42ca-b80b-9aaf284a1d09 req-6de579ba-a4bf-42ca-b80b-9aaf284a1d09 ] Request (SecurityGroupsTestJSON:test_server_security_groups): 200 GET http://10.180.1.21/compute/v2.1/servers/2cf3cc94-a9a5-4275-9a77-ba9e1ddb3fa1 0.260s
2025-01-16 01:37:06.516 68421 INFO tempest.lib.common.rest_client [req-e22bfaf0-100c-4074-8e53-a9be410e7dd1 req-e22bfaf0-100c-4074-8e53-a9be410e7dd1 ] Request (FlavorsV2TestJSON:test_list_flavors_filter_by_min_ram): 200 GET http://10.180.1.21/compute/v2.1/flavors/42 0.184s
2025-01-16 01:37:06.561 68435 INFO tempest.lib.common.rest_client [req-4045afb1-1b88-4f01-a33f-6f9e6b19e819 req-4045afb1-1b88-4f01-a33f-6f9e6b19e819 ] Request (ImagesOneServerNegativeTestJSON:setUpClass): 200 GET http://10.180.1.21/compute/v2.1/servers/6ad16be6-039f-4bdc-aa25-20ee8743c728 0.228s
2025-01-16 01:37:06.569 68399 INFO tempest.lib.common.rest_client [req-a71db508-defa-4970-9377-675977af96f0 req-a71db508-defa-4970-9377-675977af96f0 ] Request (TenantUsagesTestJSON:tearDownClass): 200 GET http://10.180.1.21/compute/v2.1/servers/1030d877-b963-4f6a-8965-742bd403e7aa 0.256s
2025-01-16 01:37:06.608 68425 INFO tempest.lib.common.rest_client [req-0b397b72-29b2-465e-9f56-d86fb7626d73 req-0b397b72-29b2-465e-9f56-d86fb7626d73 ] Request (ServerDiskConfigTestJSON:test_rebuild_server_with_manual_disk_config): 200 GET http://10.180.1.21/compute/v2.1/servers/28ec0106-157e-4e23-b188-7d82f690e559 0.236s
2025-01-16 01:37:06.633 68433 INFO tempest.lib.common.rest_client [req-054c7c75-bee7-4598-a877-ae5c3face948 req-054c7c75-bee7-4598-a877-ae5c3face948 ] Request (ImagesOneServerTestJSON:tearDownClass): 200 GET http://10.180.1.21/compute/v2.1/servers/92c37706-d510-4f1a-ad30-e3df46edcea9 0.191s
2025-01-16 01:37:06.637 68413 INFO tempest.lib.common.rest_client [req-cbade890-a55d-4d03-82b7-087d8bfeeed4 req-cbade890-a55d-4d03-82b7-087d8bfeeed4 ] Request (ImagesTestJSON:test_create_image_from_suspended_server): 200 GET http://10.180.1.21/compute/v2.1/images/d43453b8-0acb-40f8-96e8-bc0ccfced067 0.194s
2025-01-16 01:37:06.664 68387 INFO tempest.lib.common.rest_client [req-d21a9937-a0c8-42ff-af4f-1afed524a125 req-d21a9937-a0c8-42ff-af4f-1afed524a125 ] Request (ListImageFiltersTestJSON:setUpClass): 200 GET http://10.180.1.21/compute/v2.1/images/9331cfaf-44e3-4219-8dcf-84a8131c14da 0.210s
2025-01-16 01:37:06.713 68419 INFO tempest.lib.common.rest_client [req-14e2eddf-0a87-4732-8081-700187ad57b3 req-14e2eddf-0a87-4732-8081-700187ad57b3 ] Request (ServersTestBootFromVolume:setUpClass): 200 GET http://10.180.1.21/compute/v2.1/servers/e25571ce-77da-4871-af48-c597560cd9a0 0.221s
2025-01-16 01:37:06.735 68403 INFO tempest.lib.common.rest_client [req-a6076a12-c19a-420f-9cf2-5da7d797684b req-a6076a12-c19a-420f-9cf2-5da7d797684b ] Request (MultipleCreateTestJSON:test_multiple_create): 200 GET http://10.180.1.21/compute/v2.1/servers/52aa995a-6a58-4ded-987e-a5a92dc98982 0.243s
2025-01-16 01:37:06.756 68421 INFO tempest.lib.common.rest_client [req-64b8cf57-be1c-438b-a3f7-44e59788a709 req-64b8cf57-be1c-438b-a3f7-44e59788a709 ] Request (FlavorsV2TestJSON:test_list_flavors_filter_by_min_ram): 200 GET http://10.180.1.21/compute/v2.1/flavors?minRam=193 0.237s
2025-01-16 01:37:06.789 68381 INFO tempest.lib.common.rest_client [req-cf8e5adb-c0de-4d46-be2a-ff97aa75383e req-cf8e5adb-c0de-4d46-be2a-ff97aa75383e ] Request (ServerActionsV293TestJSON:setUpClass): 200 GET http://10.180.1.21/compute/v2.1/servers/837a0057-787e-4fb6-ae79-b5fbc06a3038 0.215s
2025-01-16 01:37:06.800 68397 INFO tempest.lib.common.rest_client [req-752488ed-db8d-4d68-9796-c96cc42f95cc req-752488ed-db8d-4d68-9796-c96cc42f95cc ] Request (InstanceActionsTestJSON:setUpClass): 200 GET http://10.180.1.21/compute/v2.1/servers/92f2cf26-2254-43e9-83d0-8136d6ac51e7 0.195s
2025-01-16 01:37:06.865 68377 INFO tempest.lib.common.rest_client [req-168b986f-da55-45f9-82fc-6a7034d1be37 req-168b986f-da55-45f9-82fc-6a7034d1be37 ] Request (ImagesNegativeTestJSON:test_create_image_from_deleted_server): 200 GET http://10.180.1.21/compute/v2.1/servers/ac7a1c8b-3988-4ca3-ae03-2d5877ae916c 0.147s
2025-01-16 01:37:06.878 68421 INFO tempest.lib.common.rest_client [req-929a1029-811b-4ce7-8a46-8dd9b15cc7bf req-929a1029-811b-4ce7-8a46-8dd9b15cc7bf ] Request (FlavorsV2TestJSON:test_list_flavors_limit_results): 200 GET http://10.180.1.21/compute/v2.1/flavors?limit=1 0.118s
2025-01-16 01:37:06.896 68387 INFO tempest.lib.common.rest_client [req-6c0b38ad-688a-4159-83d2-17b812066452 req-6c0b38ad-688a-4159-83d2-17b812066452 ] Request (ListImageFiltersTestJSON:setUpClass): 200 GET http://10.180.1.21/compute/v2.1/servers/6facddb8-edf9-4661-86e6-0a0a42e2e7f0 0.229s
2025-01-16 01:37:06.924 68427 INFO tempest.lib.common.rest_client [req-8b0e9472-955e-4bdc-9df7-34b72c11b73b req-8b0e9472-955e-4bdc-9df7-34b72c11b73b ] Request (ServersTestFqdnHostnames:test_create_server_with_fqdn_name): 200 GET http://10.180.1.21/compute/v2.1/servers/99fe39eb-5075-4b07-af3a-4d751be4e50a 0.150s
2025-01-16 01:37:06.938 68421 INFO tempest.lib.common.rest_client [req-857a8f96-18cf-489b-958d-17d042304c5d req-857a8f96-18cf-489b-958d-17d042304c5d ] Request (FlavorsV2TestJSON:test_list_flavors_using_marker): 200 GET http://10.180.1.21/compute/v2.1/flavors/42 0.057s
2025-01-16 01:37:07.000 68407 INFO tempest.lib.common.rest_client [req-3b09ecdf-3a8a-4595-9e6c-db31061b1a6b req-3b09ecdf-3a8a-4595-9e6c-db31061b1a6b ] Request (DeleteServersAdminTestJSON:test_delete_server_while_in_error_state): 200 GET http://10.180.1.21/compute/v2.1/servers/b710c68a-0dd5-4565-962e-00ce8a433324 0.119s
2025-01-16 01:37:07.007 68417 INFO tempest.lib.common.rest_client [req-ec5f1449-c919-4a04-86ec-2b964bf0cda8 req-ec5f1449-c919-4a04-86ec-2b964bf0cda8 ] Request (AttachInterfacesTestJSON:test_create_list_show_delete_interfaces_by_fixed_ip): 200 GET http://10.180.1.21/compute/v2.1/servers/e6597109-844a-47f7-85b9-1c3be44606a8 0.156s
2025-01-16 01:37:07.014 68417 INFO tempest.common.waiters [-] State transition "BUILD/spawning" ==> "ACTIVE/None" after 43 second wait
2025-01-16 01:37:07.046 68421 INFO tempest.lib.common.rest_client [req-4d1f6a50-4936-4ee9-9355-7c31cb3b5214 req-4d1f6a50-4936-4ee9-9355-7c31cb3b5214 ] Request (FlavorsV2TestJSON:test_list_flavors_using_marker): 200 GET http://10.180.1.21/compute/v2.1/flavors?marker=42 0.106s
2025-01-16 01:37:07.120 68415 INFO tempest.lib.common.rest_client [req-99c90684-3e83-4767-b85c-a852b892735e req-99c90684-3e83-4767-b85c-a852b892735e ] Request (ServerTagsTestJSON:tearDownClass): 200 GET http://10.180.1.21/compute/v2.1/servers/60f44718-0206-481f-9c0b-38cf5225679c 0.136s
2025-01-16 01:37:07.191 68417 INFO tempest.lib.common.rest_client [req-c57ed23a-6633-4a30-976c-54ba7feb3e04 req-c57ed23a-6633-4a30-976c-54ba7feb3e04 ] Request (AttachInterfacesTestJSON:test_create_list_show_delete_interfaces_by_fixed_ip): 200 GET http://10.180.1.21/compute/v2.1/servers/e6597109-844a-47f7-85b9-1c3be44606a8/os-interface 0.177s
2025-01-16 01:37:07.216 68421 INFO tempest.lib.common.rest_client [req-12cf0cce-50f0-4b9f-a156-d1e139f7760f req-12cf0cce-50f0-4b9f-a156-d1e139f7760f ] Request (FlavorsV2TestJSON:test_list_flavors_with_detail): 200 GET http://10.180.1.21/compute/v2.1/flavors/detail 0.166s
2025-01-16 01:37:07.282 68429 INFO tempest.lib.common.rest_client [req-61d3242b-3ea4-4035-a119-c554c345254b req-61d3242b-3ea4-4035-a119-c554c345254b ] Request (ServersAdminNegativeTestJSON:tearDownClass): 200 GET http://10.180.1.21/compute/v2.1/servers/fcdf5dee-f078-4438-81ec-50f35cbbf24f 0.224s
2025-01-16 01:37:07.353 68401 INFO tempest.lib.common.rest_client [req-6e21031a-b174-40a8-b9d4-61a3dcdb8093 req-6e21031a-b174-40a8-b9d4-61a3dcdb8093 ] Request (ServersAdmin275Test:test_rebuild_update_server_275): 200 GET http://10.180.1.21/compute/v2.1/servers/d72a441d-8993-4eb1-bb9d-67ed97920723 0.292s
2025-01-16 01:37:07.419 68389 INFO tempest.lib.common.rest_client [req-84237819-4875-4252-b635-d2df0209abee req-84237819-4875-4252-b635-d2df0209abee ] Request (ServersV294TestFqdnHostnames:setUpClass): 200 GET http://10.180.1.21/compute/v2.1/servers/33ebd22b-5865-47ea-ad86-8e2c4acc01f3 0.263s
2025-01-16 01:37:07.429 68389 INFO tempest.common.waiters [-] State transition "BUILD/None" ==> "BUILD/networking" after 41 second wait
2025-01-16 01:37:07.431 68421 INFO tempest.lib.common.rest_client [req-b2b80271-0e11-45a7-937b-ec4a280b4618 req-b2b80271-0e11-45a7-937b-ec4a280b4618 ] Request (FlavorsV2TestJSON:test_list_flavors_with_detail): 200 GET http://10.180.1.21/compute/v2.1/flavors/42 0.210s
2025-01-16 01:37:07.437 68387 INFO tempest.lib.common.rest_client [req-58078724-295c-4228-a888-7a1b32b58767 req-58078724-295c-4228-a888-7a1b32b58767 ] Request (ListImageFiltersTestJSON:setUpClass): 202 POST http://10.180.1.21/compute/v2.1/servers/570c7c49-9bc8-4bea-86af-51679a0c5dc2/action 0.534s
2025-01-16 01:37:07.534 68423 INFO tempest.lib.common.rest_client [req-5ba5091d-dfe0-4bf8-895f-c06f2b4d1001 req-5ba5091d-dfe0-4bf8-895f-c06f2b4d1001 ] Request (AttachInterfacesV270Test:tearDownClass): 200 GET http://10.180.1.21/compute/v2.1/servers/c69e62fb-7776-4064-a296-3e09564d780c 0.217s
2025-01-16 01:37:07.568 68421 INFO tempest.lib.common.rest_client [req-85f30dd3-b374-446d-9c2c-acc9bfcb75d4 req-85f30dd3-b374-446d-9c2c-acc9bfcb75d4 ] Request (FlavorsV2TestJSON:tearDownClass): 204 DELETE http://10.180.1.21/identity/v3/users/871f8a93cc574ac6b33ccbb6ec422bf1 0.121s
2025-01-16 01:37:07.568 68421 INFO tempest.lib.common.dynamic_creds [-] Deleting project and security group for project: 7ed337a6b42b4dddb1b9899efd738a11
2025-01-16 01:37:07.601 68395 INFO tempest.lib.common.rest_client [req-76112198-5844-49f0-bf42-b7fa02773e22 req-76112198-5844-49f0-bf42-b7fa02773e22 ] Request (ServersAaction247Test:test_create_backup): 200 GET http://10.180.1.21/compute/v2.1/servers/1c8e5a82-5373-4c48-9214-31773d5ab4bb 0.212s
2025-01-16 01:37:07.604 68379 INFO tempest.lib.common.rest_client [req-a9ae1811-4c1f-4932-9a37-7ec044d80c5c req-a9ae1811-4c1f-4932-9a37-7ec044d80c5c ] Request (MigrationsAdminTest:test_list_migrations_in_flavor_resize_situation): 200 GET http://10.180.1.21/compute/v2.1/servers/26375696-a789-4eec-91cf-47ef118b2bbe 0.343s
2025-01-16 01:37:07.645 68421 INFO tempest.lib.common.rest_client [req-05b4c5cd-51b8-4b6c-b401-c15fce8fedb9 req-05b4c5cd-51b8-4b6c-b401-c15fce8fedb9 ] Request (FlavorsV2TestJSON:tearDownClass): 201 POST http://10.180.1.21/identity/v3/auth/tokens 0.077s
2025-01-16 01:37:07.651 68387 INFO tempest.lib.common.rest_client [req-0a27ce90-f7b8-4b31-8b08-981dfbf266aa req-0a27ce90-f7b8-4b31-8b08-981dfbf266aa ] Request (ListImageFiltersTestJSON:setUpClass): 200 GET http://10.180.1.21/compute/v2.1/images/2fdc1805-363a-470e-84f7-7a4ad85bc572 0.212s
2025-01-16 01:37:07.666 68385 INFO tempest.lib.common.rest_client [req-c79ad2a8-babf-4bae-8b9a-0898292bea16 req-c79ad2a8-babf-4bae-8b9a-0898292bea16 ] Request (ServersNegativeTestJSON:setUpClass): 200 GET http://10.180.1.21/compute/v2.1/servers/3717ebd5-ce7f-48ea-a834-c87e75fadadd 0.236s
2025-01-16 01:37:07.725 68411 INFO tempest.lib.common.rest_client [req-cdc8bb90-fa87-40c9-91c8-4285aa3df655 req-cdc8bb90-fa87-40c9-91c8-4285aa3df655 ] Request (ServerActionsTestOtherA:setUpClass): 200 GET http://10.180.1.21/compute/v2.1/servers/defb57fb-0f0a-4679-8c22-0945fc0a1664 0.215s
2025-01-16 01:37:07.738 68411 INFO tempest.common.waiters [-] State transition "BUILD/scheduling" ==> "BUILD/None" after 30 second wait
2025-01-16 01:37:07.738 68383 INFO tempest.lib.common.rest_client [req-3b6971cd-127e-496e-8a53-9a83b1091ae0 req-3b6971cd-127e-496e-8a53-9a83b1091ae0 ] Request (SecurityGroupsTestJSON:test_server_security_groups): 200 GET http://10.180.1.21/compute/v2.1/servers/2cf3cc94-a9a5-4275-9a77-ba9e1ddb3fa1 0.224s
2025-01-16 01:37:07.780 68435 INFO tempest.lib.common.rest_client [req-3d2e0d65-7df0-4444-a8ea-8749a6b380a5 req-3d2e0d65-7df0-4444-a8ea-8749a6b380a5 ] Request (ImagesOneServerNegativeTestJSON:setUpClass): 200 GET http://10.180.1.21/compute/v2.1/servers/6ad16be6-039f-4bdc-aa25-20ee8743c728 0.211s
2025-01-16 01:37:07.797 68399 INFO tempest.lib.common.rest_client [req-49421f77-c7f5-45e1-959f-1a6ba7e73611 req-49421f77-c7f5-45e1-959f-1a6ba7e73611 ] Request (TenantUsagesTestJSON:tearDownClass): 200 GET http://10.180.1.21/compute/v2.1/servers/1030d877-b963-4f6a-8965-742bd403e7aa 0.219s
2025-01-16 01:37:07.834 68425 INFO tempest.lib.common.rest_client [req-59b820c1-06b1-4f60-8e65-7c9cd71a6702 req-59b820c1-06b1-4f60-8e65-7c9cd71a6702 ] Request (ServerDiskConfigTestJSON:test_rebuild_server_with_manual_disk_config): 200 GET http://10.180.1.21/compute/v2.1/servers/28ec0106-157e-4e23-b188-7d82f690e559 0.218s
2025-01-16 01:37:07.856 68433 INFO tempest.lib.common.rest_client [req-a41e09a7-e4b1-4b83-b6ab-5bc54c5fdbf0 req-a41e09a7-e4b1-4b83-b6ab-5bc54c5fdbf0 ] Request (ImagesOneServerTestJSON:tearDownClass): 200 GET http://10.180.1.21/compute/v2.1/servers/92c37706-d510-4f1a-ad30-e3df46edcea9 0.216s
2025-01-16 01:37:07.858 68439 WARNING tempest.lib.common.ssh [-] Failed to establish authenticated ssh connection to cirros@10.180.180.213 ([Errno None] Unable to connect to port 22 on 10.180.180.213). Number attempts: 8. Retry after 9 seconds.: paramiko.ssh_exception.NoValidConnectionsError: [Errno None] Unable to connect to port 22 on 10.180.180.213
2025-01-16 01:37:07.882 68421 INFO tempest.lib.common.rest_client [req-f5abc9b3-8a10-4d63-99d2-203f6c118022 req-f5abc9b3-8a10-4d63-99d2-203f6c118022 ] Request (FlavorsV2TestJSON:tearDownClass): 200 GET http://10.180.1.21:9696/networking/v2.0/security-groups?tenant_id=7ed337a6b42b4dddb1b9899efd738a11&name=default 0.236s
2025-01-16 01:37:07.888 68413 INFO tempest.lib.common.rest_client [req-a6e6777c-e133-447b-8235-550a727f05c0 req-a6e6777c-e133-447b-8235-550a727f05c0 ] Request (ImagesTestJSON:test_create_image_from_suspended_server): 200 GET http://10.180.1.21/compute/v2.1/images/d43453b8-0acb-40f8-96e8-bc0ccfced067 0.247s
2025-01-16 01:37:08.052 68421 INFO tempest.lib.common.rest_client [req-53b17dac-5557-4774-b03d-a72a47be055a req-53b17dac-5557-4774-b03d-a72a47be055a ] Request (FlavorsV2TestJSON:tearDownClass): 204 DELETE http://10.180.1.21:9696/networking/v2.0/security-groups/afaf2e6a-adee-474b-88a1-aefecaa8daa5 0.169s
2025-01-16 01:37:08.121 68419 INFO tempest.lib.common.rest_client [req-5dcd065e-9911-4b2c-9b24-d21ed6fbde56 req-5dcd065e-9911-4b2c-9b24-d21ed6fbde56 ] Request (ServersTestBootFromVolume:setUpClass): 200 GET http://10.180.1.21/compute/v2.1/servers/e25571ce-77da-4871-af48-c597560cd9a0 0.400s
2025-01-16 01:37:08.124 68417 INFO tempest.lib.common.rest_client [req-9cebdfed-e15b-4a81-af92-6de92644bf0b req-9cebdfed-e15b-4a81-af92-6de92644bf0b ] Request (AttachInterfacesTestJSON:test_create_list_show_delete_interfaces_by_fixed_ip): 200 PUT http://10.180.1.21:9696/networking/v2.0/floatingips/af8def59-50c2-4513-a102-5a6608661a14 0.931s
2025-01-16 01:37:08.139 68421 INFO tempest.lib.common.rest_client [req-e271f3bc-3671-4744-b3ca-d1aadc2b1bdd req-e271f3bc-3671-4744-b3ca-d1aadc2b1bdd ] Request (FlavorsV2TestJSON:tearDownClass): 204 DELETE http://10.180.1.21/identity/v3/projects/7ed337a6b42b4dddb1b9899efd738a11 0.087s
2025-01-16 01:37:08.172 68403 INFO tempest.lib.common.rest_client [req-5cfc2f18-7639-490c-bccd-ee85a8528fee req-5cfc2f18-7639-490c-bccd-ee85a8528fee ] Request (MultipleCreateTestJSON:test_multiple_create): 200 GET http://10.180.1.21/compute/v2.1/servers/52aa995a-6a58-4ded-987e-a5a92dc98982 0.430s
2025-01-16 01:37:08.191 68381 INFO tempest.lib.common.rest_client [req-e1705c77-1445-4555-8ea7-b875d2a98021 req-e1705c77-1445-4555-8ea7-b875d2a98021 ] Request (ServerActionsV293TestJSON:setUpClass): 200 GET http://10.180.1.21/compute/v2.1/servers/837a0057-787e-4fb6-ae79-b5fbc06a3038 0.391s
2025-01-16 01:37:08.224 68397 INFO tempest.lib.common.rest_client [req-39e83bab-fc37-4373-b498-2be206388389 req-39e83bab-fc37-4373-b498-2be206388389 ] Request (InstanceActionsTestJSON:setUpClass): 200 GET http://10.180.1.21/compute/v2.1/servers/92f2cf26-2254-43e9-83d0-8136d6ac51e7 0.416s
2025-01-16 01:37:08.253 68377 INFO tempest.lib.common.rest_client [req-170501f0-b1d4-45d6-b8fc-db7cf287f55f req-170501f0-b1d4-45d6-b8fc-db7cf287f55f ] Request (ImagesNegativeTestJSON:test_create_image_from_deleted_server): 200 GET http://10.180.1.21/compute/v2.1/servers/ac7a1c8b-3988-4ca3-ae03-2d5877ae916c 0.380s
2025-01-16 01:37:08.272 68427 INFO tempest.lib.common.rest_client [req-8c8e4552-c01a-4ef8-9e0e-089e8703bde3 req-8c8e4552-c01a-4ef8-9e0e-089e8703bde3 ] Request (ServersTestFqdnHostnames:test_create_server_with_fqdn_name): 200 GET http://10.180.1.21/compute/v2.1/servers/99fe39eb-5075-4b07-af3a-4d751be4e50a 0.337s
2025-01-16 01:37:08.316 68407 INFO tempest.lib.common.rest_client [req-ff54484e-49d9-4ed0-a372-41380c2748dd req-ff54484e-49d9-4ed0-a372-41380c2748dd ] Request (DeleteServersAdminTestJSON:test_delete_server_while_in_error_state): 200 GET http://10.180.1.21/compute/v2.1/servers/b710c68a-0dd5-4565-962e-00ce8a433324 0.301s
2025-01-16 01:37:08.378 68415 INFO tempest.lib.common.rest_client [req-d165f2fe-9227-490b-bf31-fddd21b3e5dd req-d165f2fe-9227-490b-bf31-fddd21b3e5dd ] Request (ServerTagsTestJSON:tearDownClass): 200 GET http://10.180.1.21/compute/v2.1/servers/60f44718-0206-481f-9c0b-38cf5225679c 0.248s
2025-01-16 01:37:08.383 68417 INFO tempest.lib.common.rest_client [req-cf7b3cb8-3194-457e-a55f-a58e39548ec1 req-cf7b3cb8-3194-457e-a55f-a58e39548ec1 ] Request (AttachInterfacesTestJSON:test_create_list_show_delete_interfaces_by_fixed_ip): 200 GET http://10.180.1.21/compute/v2.1/servers/e6597109-844a-47f7-85b9-1c3be44606a8 0.258s
2025-01-16 01:37:08.391 68417 INFO tempest.lib.common.ssh [-] Creating ssh connection to '10.180.180.175:22' as 'cirros' with public key authentication
2025-01-16 01:37:08.440 68401 INFO tempest.lib.common.rest_client [req-d1adf5ba-586c-46cb-9e03-28760bfd5d9c req-d1adf5ba-586c-46cb-9e03-28760bfd5d9c ] Request (ServersAdmin275Test:test_rebuild_update_server_275): 200 GET http://10.180.1.21/compute/v2.1/servers/d72a441d-8993-4eb1-bb9d-67ed97920723 0.076s
2025-01-16 01:37:08.442 68429 INFO tempest.lib.common.rest_client [req-f0e73039-6817-456c-8347-19372b3f4807 req-f0e73039-6817-456c-8347-19372b3f4807 ] Request (ServersAdminNegativeTestJSON:tearDownClass): 200 GET http://10.180.1.21/compute/v2.1/servers/fcdf5dee-f078-4438-81ec-50f35cbbf24f 0.152s
2025-01-16 01:37:08.558 68389 INFO tempest.lib.common.rest_client [req-354f4e43-bc87-4136-a7ac-8c5628b7fe20 req-354f4e43-bc87-4136-a7ac-8c5628b7fe20 ] Request (ServersV294TestFqdnHostnames:setUpClass): 200 GET http://10.180.1.21/compute/v2.1/servers/33ebd22b-5865-47ea-ad86-8e2c4acc01f3 0.127s
2025-01-16 01:37:08.567 68389 INFO tempest.common.waiters [-] State transition "BUILD/networking" ==> "BUILD/spawning" after 42 second wait
2025-01-16 01:37:08.609 68423 INFO tempest.lib.common.rest_client [req-1ce9ad82-93d2-4c92-b341-b8fef9aa473b req-1ce9ad82-93d2-4c92-b341-b8fef9aa473b ] Request (AttachInterfacesV270Test:tearDownClass): 200 GET http://10.180.1.21/compute/v2.1/servers/c69e62fb-7776-4064-a296-3e09564d780c 0.060s
2025-01-16 01:37:08.677 68395 INFO tempest.lib.common.rest_client [req-cb293a99-0e16-444e-9ac5-60e26bb8edbb req-cb293a99-0e16-444e-9ac5-60e26bb8edbb ] Request (ServersAaction247Test:test_create_backup): 200 GET http://10.180.1.21/compute/v2.1/servers/1c8e5a82-5373-4c48-9214-31773d5ab4bb 0.060s
2025-01-16 01:37:08.709 68387 INFO tempest.lib.common.rest_client [req-bb89c870-30ff-4a52-afa1-04550a1d5e80 req-bb89c870-30ff-4a52-afa1-04550a1d5e80 ] Request (ListImageFiltersTestJSON:setUpClass): 200 GET http://10.180.1.21/compute/v2.1/images/2fdc1805-363a-470e-84f7-7a4ad85bc572 0.053s
2025-01-16 01:37:08.763 68385 INFO tempest.lib.common.rest_client [req-44d7f788-1aaf-4081-a648-b03b8da98757 req-44d7f788-1aaf-4081-a648-b03b8da98757 ] Request (ServersNegativeTestJSON:setUpClass): 200 GET http://10.180.1.21/compute/v2.1/servers/3717ebd5-ce7f-48ea-a834-c87e75fadadd 0.089s
2025-01-16 01:37:08.772 68379 INFO tempest.lib.common.rest_client [req-3b239645-f936-4ff2-8e84-d9c51d9b29f1 req-3b239645-f936-4ff2-8e84-d9c51d9b29f1 ] Request (MigrationsAdminTest:test_list_migrations_in_flavor_resize_situation): 200 GET http://10.180.1.21/compute/v2.1/servers/26375696-a789-4eec-91cf-47ef118b2bbe 0.151s
2025-01-16 01:37:08.836 68383 INFO tempest.lib.common.rest_client [req-e8e42e90-1ae7-4157-a448-9d6f7a8d81e4 req-e8e42e90-1ae7-4157-a448-9d6f7a8d81e4 ] Request (SecurityGroupsTestJSON:test_server_security_groups): 200 GET http://10.180.1.21/compute/v2.1/servers/2cf3cc94-a9a5-4275-9a77-ba9e1ddb3fa1 0.083s
2025-01-16 01:37:08.845 68411 INFO tempest.lib.common.rest_client [req-2bb03176-37dc-4e1a-9f41-f5051c3e2c38 req-2bb03176-37dc-4e1a-9f41-f5051c3e2c38 ] Request (ServerActionsTestOtherA:setUpClass): 200 GET http://10.180.1.21/compute/v2.1/servers/defb57fb-0f0a-4679-8c22-0945fc0a1664 0.106s
2025-01-16 01:37:08.885 68435 INFO tempest.lib.common.rest_client [req-7c01eb54-afd5-451f-9c7e-1be0e7877b87 req-7c01eb54-afd5-451f-9c7e-1be0e7877b87 ] Request (ImagesOneServerNegativeTestJSON:setUpClass): 200 GET http://10.180.1.21/compute/v2.1/servers/6ad16be6-039f-4bdc-aa25-20ee8743c728 0.096s
2025-01-16 01:37:08.921 68399 INFO tempest.lib.common.rest_client [req-c993df38-87ae-4a33-bc8a-db253e07cd62 req-c993df38-87ae-4a33-bc8a-db253e07cd62 ] Request (TenantUsagesTestJSON:tearDownClass): 200 GET http://10.180.1.21/compute/v2.1/servers/1030d877-b963-4f6a-8965-742bd403e7aa 0.113s
2025-01-16 01:37:08.931 68425 INFO tempest.lib.common.rest_client [req-8b12d936-48c8-4956-97aa-2a4ccddc4420 req-8b12d936-48c8-4956-97aa-2a4ccddc4420 ] Request (ServerDiskConfigTestJSON:test_rebuild_server_with_manual_disk_config): 200 GET http://10.180.1.21/compute/v2.1/servers/28ec0106-157e-4e23-b188-7d82f690e559 0.084s
2025-01-16 01:37:08.962 68413 INFO tempest.lib.common.rest_client [req-d7c17343-10ac-4257-8954-90ffb2185b15 req-d7c17343-10ac-4257-8954-90ffb2185b15 ] Request (ImagesTestJSON:test_create_image_from_suspended_server): 200 GET http://10.180.1.21/compute/v2.1/images/d43453b8-0acb-40f8-96e8-bc0ccfced067 0.067s
2025-01-16 01:37:08.993 68433 INFO tempest.lib.common.rest_client [req-bcb012c2-41ec-45ce-bddb-19473a109ea3 req-bcb012c2-41ec-45ce-bddb-19473a109ea3 ] Request (ImagesOneServerTestJSON:tearDownClass): 200 GET http://10.180.1.21/compute/v2.1/servers/92c37706-d510-4f1a-ad30-e3df46edcea9 0.125s
2025-01-16 01:37:09.192 68419 INFO tempest.lib.common.rest_client [req-89f89212-735e-4929-87bb-e739f2a0a3af req-89f89212-735e-4929-87bb-e739f2a0a3af ] Request (ServersTestBootFromVolume:setUpClass): 200 GET http://10.180.1.21/compute/v2.1/servers/e25571ce-77da-4871-af48-c597560cd9a0 0.061s
2025-01-16 01:37:09.271 68381 INFO tempest.lib.common.rest_client [req-527681c7-7f2d-430d-ab14-12ad0377a0b3 req-527681c7-7f2d-430d-ab14-12ad0377a0b3 ] Request (ServerActionsV293TestJSON:setUpClass): 200 GET http://10.180.1.21/compute/v2.1/servers/837a0057-787e-4fb6-ae79-b5fbc06a3038 0.066s
2025-01-16 01:37:09.336 68397 INFO tempest.lib.common.rest_client [req-7d8b3205-1051-4a12-b34e-3d4e16cb06d7 req-7d8b3205-1051-4a12-b34e-3d4e16cb06d7 ] Request (InstanceActionsTestJSON:setUpClass): 200 GET http://10.180.1.21/compute/v2.1/servers/92f2cf26-2254-43e9-83d0-8136d6ac51e7 0.104s
2025-01-16 01:37:09.405 68403 INFO tempest.lib.common.rest_client [req-8f37a014-acdb-425b-818e-f85fc9399ac2 req-8f37a014-acdb-425b-818e-f85fc9399ac2 ] Request (MultipleCreateTestJSON:test_multiple_create): 200 GET http://10.180.1.21/compute/v2.1/servers/52aa995a-6a58-4ded-987e-a5a92dc98982 0.221s
2025-01-16 01:37:09.404 68377 INFO tempest.lib.common.rest_client [req-ccab0b9c-5532-4565-b0f9-52be05ee9c3b req-ccab0b9c-5532-4565-b0f9-52be05ee9c3b ] Request (ImagesNegativeTestJSON:test_create_image_from_deleted_server): 200 GET http://10.180.1.21/compute/v2.1/servers/ac7a1c8b-3988-4ca3-ae03-2d5877ae916c 0.140s
2025-01-16 01:37:09.466 68427 INFO tempest.lib.common.rest_client [req-6216b2e8-ffba-453c-b400-5c8af2e87b8e req-6216b2e8-ffba-453c-b400-5c8af2e87b8e ] Request (ServersTestFqdnHostnames:test_create_server_with_fqdn_name): 200 GET http://10.180.1.21/compute/v2.1/servers/99fe39eb-5075-4b07-af3a-4d751be4e50a 0.185s
2025-01-16 01:37:09.484 68407 INFO tempest.lib.common.rest_client [req-7c37a3d4-d2b8-43f8-aaf2-19cf9d9aea90 req-7c37a3d4-d2b8-43f8-aaf2-19cf9d9aea90 ] Request (DeleteServersAdminTestJSON:test_delete_server_while_in_error_state): 200 GET http://10.180.1.21/compute/v2.1/servers/b710c68a-0dd5-4565-962e-00ce8a433324 0.160s
2025-01-16 01:37:09.531 68415 INFO tempest.lib.common.rest_client [req-a7a3fa9c-34f1-4549-bb90-f1838fe55927 req-a7a3fa9c-34f1-4549-bb90-f1838fe55927 ] Request (ServerTagsTestJSON:tearDownClass): 200 GET http://10.180.1.21/compute/v2.1/servers/60f44718-0206-481f-9c0b-38cf5225679c 0.144s
2025-01-16 01:37:09.551 68401 INFO tempest.lib.common.rest_client [req-12384264-e453-4428-804e-c3384debf519 req-12384264-e453-4428-804e-c3384debf519 ] Request (ServersAdmin275Test:test_rebuild_update_server_275): 200 GET http://10.180.1.21/compute/v2.1/servers/d72a441d-8993-4eb1-bb9d-67ed97920723 0.102s
2025-01-16 01:37:09.595 68429 INFO tempest.lib.common.rest_client [req-114929cd-040e-4d40-bd02-838452ba6bbf req-114929cd-040e-4d40-bd02-838452ba6bbf ] Request (ServersAdminNegativeTestJSON:tearDownClass): 200 GET http://10.180.1.21/compute/v2.1/servers/fcdf5dee-f078-4438-81ec-50f35cbbf24f 0.143s
2025-01-16 01:37:09.640 68423 INFO tempest.lib.common.rest_client [req-ca09b4ff-18b3-4d10-a9cd-d8e567de6c53 req-ca09b4ff-18b3-4d10-a9cd-d8e567de6c53 ] Request (AttachInterfacesV270Test:tearDownClass): 404 GET http://10.180.1.21/compute/v2.1/servers/c69e62fb-7776-4064-a296-3e09564d780c 0.021s
