2025-01-16 01:36:43.712 68427 INFO tempest.lib.common.dynamic_creds [-] Acquired dynamic creds: credentials: Credentials: {'domain_id': 'default', 'domain_name': 'Default', 'username': 'tempest-ServersTestFqdnHostnames-239311006-project-member', 'project_domain_id': 'default', 'project_domain_name': 'Default', 'project_id': 'b522ef7a2b614120818edefd7a46c3a4', 'project_name': 'tempest-ServersTestFqdnHostnames-239311006', 'tenant_id': 'b522ef7a2b614120818edefd7a46c3a4', 'tenant_name': 'tempest-ServersTestFqdnHostnames-239311006', 'user_domain_id': 'default', 'user_domain_name': 'Default', 'user_id': 'ddf89f7600214a1d85e904a36d727076', 'system': None}, Network: None, Subnet: None, Router: None
2025-01-16 01:36:43.752 68437 INFO tempest.lib.common.rest_client [req-01df75e9-a182-4e70-8e13-c12645adcf1e req-01df75e9-a182-4e70-8e13-c12645adcf1e ] Request (ServerDiagnosticsV248Test:tearDownClass): 204 DELETE http://10.180.1.21/identity/v3/projects/c67855c7977a44ee9352bbbd6944cdc4 0.073s
2025-01-16 01:36:43.778 68427 INFO tempest.lib.common.rest_client [req-dd16e11b-4871-4214-8f3f-c12bad28ed5c req-dd16e11b-4871-4214-8f3f-c12bad28ed5c ] Request (ServersTestFqdnHostnames:setUpClass): 201 POST http://10.180.1.21/identity/v3/auth/tokens 0.066s
2025-01-16 01:36:43.789 68437 INFO tempest.lib.common.rest_client [req-f9aa67ef-e873-4015-a0cb-adb454874f4b req-f9aa67ef-e873-4015-a0cb-adb454874f4b ] Request (KeyPairsV2TestJSON:setUpClass): 201 POST http://10.180.1.21/identity/v3/auth/tokens 0.036s
2025-01-16 01:36:43.832 68437 INFO tempest.lib.common.rest_client [req-e65dabe6-a5d0-4c4d-b5bc-93ce1f4280a6 req-e65dabe6-a5d0-4c4d-b5bc-93ce1f4280a6 ] Request (KeyPairsV2TestJSON:setUpClass): 201 POST http://10.180.1.21/identity/v3/auth/tokens 0.039s
2025-01-16 01:36:43.867 68437 INFO tempest.lib.common.rest_client [req-f1df1698-413c-4fad-a7ad-707cd9cf6197 req-f1df1698-413c-4fad-a7ad-707cd9cf6197 ] Request (KeyPairsV2TestJSON:setUpClass): 200 GET http://10.180.1.21/identity/v3/domains?name=Default 0.035s
2025-01-16 01:36:43.911 68437 INFO tempest.lib.common.rest_client [req-c64bbf87-4cc7-4063-a1a5-7044c3331388 req-c64bbf87-4cc7-4063-a1a5-7044c3331388 ] Request (KeyPairsV2TestJSON:setUpClass): 201 POST http://10.180.1.21/identity/v3/projects 0.043s
2025-01-16 01:36:43.925 68407 INFO tempest.lib.common.rest_client [req-689536ec-0e6d-4faf-b85d-2abf7ad2ba49 req-689536ec-0e6d-4faf-b85d-2abf7ad2ba49 ] Request (DeleteServersAdminTestJSON:test_delete_server_while_in_error_state): 200 GET http://10.180.1.21/compute/v2.1/servers/b710c68a-0dd5-4565-962e-00ce8a433324 1.181s
2025-01-16 01:36:43.980 68431 INFO tempest.lib.common.rest_client [req-2c5e5aed-07fa-49f9-8503-2afa8637967d req-2c5e5aed-07fa-49f9-8503-2afa8637967d ] Request (VolumesSnapshotsTestJSON:_run_cleanups): 202 DELETE http://10.180.1.21/compute/v2.1/os-snapshots/99cbc0aa-d365-494f-aa37-01e143634291 1.171s
2025-01-16 01:36:44.022 68387 INFO tempest.lib.common.rest_client [req-dbbb4a55-7efa-4472-a1ed-58320669ad0c req-dbbb4a55-7efa-4472-a1ed-58320669ad0c ] Request (ListImageFiltersTestJSON:setUpClass): 200 GET http://10.180.1.21/compute/v2.1/servers/570c7c49-9bc8-4bea-86af-51679a0c5dc2 1.215s
2025-01-16 01:36:44.032 68437 INFO tempest.lib.common.rest_client [req-3e3dc21b-8c91-4d07-8368-87411ee56624 req-3e3dc21b-8c91-4d07-8368-87411ee56624 ] Request (KeyPairsV2TestJSON:setUpClass): 201 POST http://10.180.1.21/identity/v3/users 0.118s
2025-01-16 01:36:44.067 68437 INFO tempest.lib.common.rest_client [req-df31979b-e67e-499f-a408-14d3d4b19a98 req-df31979b-e67e-499f-a408-14d3d4b19a98 ] Request (KeyPairsV2TestJSON:setUpClass): 200 GET http://10.180.1.21/identity/v3/roles 0.035s
2025-01-16 01:36:44.081 68427 INFO tempest.lib.common.rest_client [req-9e183703-c5c7-4f13-a6f5-2b73c85855c2 req-9e183703-c5c7-4f13-a6f5-2b73c85855c2 ] Request (ServersTestFqdnHostnames:setUpClass): 201 POST http://10.180.1.21:9696/networking/v2.0/networks 0.302s
2025-01-16 01:36:44.105 68377 INFO tempest.lib.common.rest_client [req-e1a215c3-4fcc-4e1d-9cbf-fd0c6c5e93ee req-e1a215c3-4fcc-4e1d-9cbf-fd0c6c5e93ee ] Request (ImagesNegativeTestJSON:test_create_image_from_deleted_server): 200 GET http://10.180.1.21/compute/v2.1/servers/ac7a1c8b-3988-4ca3-ae03-2d5877ae916c 1.232s
2025-01-16 01:36:44.117 68437 INFO tempest.lib.common.rest_client [req-83218670-9ff8-41b9-9128-75ff920bf2b6 req-83218670-9ff8-41b9-9128-75ff920bf2b6 ] Request (KeyPairsV2TestJSON:setUpClass): 204 PUT http://10.180.1.21/identity/v3/projects/faf404a2379148ea9c7dfc16038b4ea3/users/c757345ebe8646b59ba4453e81e48129/roles/687df479c950451cbc0f8d264be0baec 0.050s
2025-01-16 01:36:44.118 68437 INFO tempest.lib.common.dynamic_creds [-] Dynamic test user c757345ebe8646b59ba4453e81e48129 is created with scope project and roles: ['member']
2025-01-16 01:36:44.118 68437 INFO tempest.lib.common.dynamic_creds [-] Acquired dynamic creds: credentials: Credentials: {'domain_id': 'default', 'domain_name': 'Default', 'username': 'tempest-KeyPairsV2TestJSON-173576775-project-member', 'project_domain_id': 'default', 'project_domain_name': 'Default', 'project_id': 'faf404a2379148ea9c7dfc16038b4ea3', 'project_name': 'tempest-KeyPairsV2TestJSON-173576775', 'tenant_id': 'faf404a2379148ea9c7dfc16038b4ea3', 'tenant_name': 'tempest-KeyPairsV2TestJSON-173576775', 'user_domain_id': 'default', 'user_domain_name': 'Default', 'user_id': 'c757345ebe8646b59ba4453e81e48129', 'system': None}, Network: None, Subnet: None, Router: None
2025-01-16 01:36:44.118 68437 INFO tempest.lib.common.dynamic_creds [-] Created isolated network resources for: credentials: Credentials: {'domain_id': 'default', 'domain_name': 'Default', 'username': 'tempest-KeyPairsV2TestJSON-173576775-project-member', 'project_domain_id': 'default', 'project_domain_name': 'Default', 'project_id': 'faf404a2379148ea9c7dfc16038b4ea3', 'project_name': 'tempest-KeyPairsV2TestJSON-173576775', 'tenant_id': 'faf404a2379148ea9c7dfc16038b4ea3', 'tenant_name': 'tempest-KeyPairsV2TestJSON-173576775', 'user_domain_id': 'default', 'user_domain_name': 'Default', 'user_id': 'c757345ebe8646b59ba4453e81e48129', 'system': None}, Network: None, Subnet: None, Router: None
2025-01-16 01:36:44.195 68389 INFO tempest.lib.common.rest_client [req-3414a2ed-29b2-4292-a6f3-0b2a1901808f req-3414a2ed-29b2-4292-a6f3-0b2a1901808f ] Request (ServersV294TestFqdnHostnames:setUpClass): 200 GET http://10.180.1.21/compute/v2.1/servers/33ebd22b-5865-47ea-ad86-8e2c4acc01f3 1.260s
2025-01-16 01:36:44.206 68429 INFO tempest.lib.common.rest_client [req-7269be9b-f113-4847-8e93-6e4334cdd67e req-7269be9b-f113-4847-8e93-6e4334cdd67e ] Request (ServersAdminNegativeTestJSON:tearDownClass): 200 GET http://10.180.1.21/compute/v2.1/servers/fcdf5dee-f078-4438-81ec-50f35cbbf24f 1.359s
2025-01-16 01:36:44.241 68437 INFO tempest.lib.common.rest_client [req-511dbfd0-6bad-47d9-8340-146d4aa1460b req-511dbfd0-6bad-47d9-8340-146d4aa1460b ] Request (KeyPairsV2TestJSON:setUpClass): 201 POST http://10.180.1.21/identity/v3/auth/tokens 0.118s
2025-01-16 01:36:44.256 68395 INFO tempest.lib.common.rest_client [req-d1c643a2-f227-4569-af89-f4079474a6c8 req-d1c643a2-f227-4569-af89-f4079474a6c8 ] Request (ServersAaction247Test:test_create_backup): 200 GET http://10.180.1.21/compute/v2.1/servers/1c8e5a82-5373-4c48-9214-31773d5ab4bb 1.275s
2025-01-16 01:36:44.272 68395 INFO tempest.common.waiters [-] State transition "BUILD/scheduling" ==> "BUILD/None" after 15 second wait
2025-01-16 01:36:44.280 68427 INFO tempest.lib.common.rest_client [req-3a04c4ef-f84e-4a7d-ac49-a6cf890f0a91 req-3a04c4ef-f84e-4a7d-ac49-a6cf890f0a91 ] Request (ServersTestFqdnHostnames:setUpClass): 201 POST http://10.180.1.21:9696/networking/v2.0/subnets 0.198s
2025-01-16 01:36:44.280 68383 INFO tempest.lib.common.rest_client [req-24e2102e-213b-4b98-99ce-d8a77ae8dcbc req-24e2102e-213b-4b98-99ce-d8a77ae8dcbc ] Request (SecurityGroupsTestJSON:test_server_security_groups): 200 GET http://10.180.1.21/compute/v2.1/servers/2cf3cc94-a9a5-4275-9a77-ba9e1ddb3fa1 1.224s
2025-01-16 01:36:44.323 68411 INFO tempest.lib.common.rest_client [req-e87f937c-89ad-4c43-809e-751302104bab req-e87f937c-89ad-4c43-809e-751302104bab ] Request (ServerActionsTestOtherA:setUpClass): 200 GET http://10.180.1.21/compute/v2.1/servers/defb57fb-0f0a-4679-8c22-0945fc0a1664 1.181s
2025-01-16 01:36:44.347 68385 INFO tempest.lib.common.rest_client [req-57d51b5d-df7f-4a17-a5a3-d6f92258b2bb req-57d51b5d-df7f-4a17-a5a3-d6f92258b2bb ] Request (ServersNegativeTestJSON:setUpClass): 200 GET http://10.180.1.21/compute/v2.1/servers/3717ebd5-ce7f-48ea-a834-c87e75fadadd 1.176s
2025-01-16 01:36:44.384 68413 INFO tempest.lib.common.rest_client [req-21d876ff-8b28-4f20-8d59-022695c485c7 req-21d876ff-8b28-4f20-8d59-022695c485c7 ] Request (ImagesTestJSON:test_create_image_from_suspended_server): 200 GET http://10.180.1.21/compute/v2.1/servers/882bab59-0b93-4d23-8321-e8c09965dab2 1.182s
2025-01-16 01:36:44.409 68417 INFO tempest.lib.common.rest_client [req-c3485ff3-d711-4be2-bd06-bfa5796399ed req-c3485ff3-d711-4be2-bd06-bfa5796399ed ] Request (AttachInterfacesTestJSON:test_create_list_show_delete_interfaces_by_fixed_ip): 200 GET http://10.180.1.21/compute/v2.1/servers/e6597109-844a-47f7-85b9-1c3be44606a8 1.173s
2025-01-16 01:36:44.448 68403 INFO tempest.lib.common.rest_client [req-c0526cb8-769d-4da1-afbe-0efe74fe4617 req-c0526cb8-769d-4da1-afbe-0efe74fe4617 ] Request (MultipleCreateTestJSON:test_multiple_create): 200 GET http://10.180.1.21/compute/v2.1/servers/52aa995a-6a58-4ded-987e-a5a92dc98982 1.009s
2025-01-16 01:36:44.535 68401 INFO tempest.lib.common.rest_client [req-2e5c5a34-4992-4049-a79c-baf3e84b663e req-2e5c5a34-4992-4049-a79c-baf3e84b663e ] Request (InstanceUsageAuditLogNegativeTestJSON:test_get_instance_usage_audit_logs_with_invalid_time): 400 GET http://10.180.1.21/compute/v2.1/os-instance_usage_audit_log/invalid_time 1.091s
2025-01-16 01:36:44.602 68399 INFO tempest.lib.common.rest_client [req-178f8775-0d76-4b9c-89dd-51fbb1e26390 req-178f8775-0d76-4b9c-89dd-51fbb1e26390 ] Request (TenantUsagesTestJSON:setUpClass): 200 GET http://10.180.1.21/compute/v2.1/servers/1030d877-b963-4f6a-8965-742bd403e7aa 1.014s
2025-01-16 01:36:44.684 68425 INFO tempest.lib.common.rest_client [req-e21d099a-bee3-4bf3-b9b3-6d878b43c5d6 req-e21d099a-bee3-4bf3-b9b3-6d878b43c5d6 ] Request (ServerDiskConfigTestJSON:test_rebuild_server_with_manual_disk_config): 200 GET http://10.180.1.21/compute/v2.1/servers/28ec0106-157e-4e23-b188-7d82f690e559 1.028s
2025-01-16 01:36:44.709 68391 INFO tempest.lib.common.rest_client [req-746a64e7-83e5-4d77-8c41-3cbe210d3d26 req-746a64e7-83e5-4d77-8c41-3cbe210d3d26 ] Request (FloatingIPsNegativeTestJSON:tearDownClass): 200 PUT http://10.180.1.21:9696/networking/v2.0/routers/1efc9a78-21e1-4561-975b-e9f61baa249c/remove_router_interface 1.928s
2025-01-16 01:36:44.745 68379 INFO tempest.lib.common.rest_client [req-8a54f7ce-5214-43b8-889a-84779e3fa75b req-8a54f7ce-5214-43b8-889a-84779e3fa75b ] Request (MigrationsAdminTest:test_list_migrations_in_flavor_resize_situation): 200 GET http://10.180.1.21/compute/v2.1/servers/26375696-a789-4eec-91cf-47ef118b2bbe 1.150s
2025-01-16 01:36:44.757 68419 INFO tempest.lib.common.rest_client [req-41abf14b-ee2c-4129-87f1-2e43199faf12 req-41abf14b-ee2c-4129-87f1-2e43199faf12 ] Request (ServersTestBootFromVolume:setUpClass): 200 GET http://10.180.1.21/compute/v2.1/servers/e25571ce-77da-4871-af48-c597560cd9a0 1.096s
2025-01-16 01:36:44.837 68381 INFO tempest.lib.common.rest_client [req-6b43bffc-fee3-4bd5-a2a2-d1b8a0080fd9 req-6b43bffc-fee3-4bd5-a2a2-d1b8a0080fd9 ] Request (ServerActionsV293TestJSON:setUpClass): 200 GET http://10.180.1.21/compute/v2.1/servers/837a0057-787e-4fb6-ae79-b5fbc06a3038 1.163s
2025-01-16 01:36:44.839 68421 INFO tempest.lib.common.rest_client [req-9880abdb-5c00-4cfc-b214-3b2994c1aecc req-9880abdb-5c00-4cfc-b214-3b2994c1aecc ] Request (ServerDiagnosticsNegativeTest:tearDownClass): 200 GET http://10.180.1.21/compute/v2.1/servers/3425040d-d79d-4074-8228-648d60374213 1.074s
2025-01-16 01:36:44.907 68397 INFO tempest.lib.common.rest_client [req-2b996ef4-be04-4da2-b9e3-cf2208f60c7c req-2b996ef4-be04-4da2-b9e3-cf2208f60c7c ] Request (InstanceActionsTestJSON:setUpClass): 200 GET http://10.180.1.21/compute/v2.1/servers/92f2cf26-2254-43e9-83d0-8136d6ac51e7 1.014s
2025-01-16 01:36:44.922 68435 INFO tempest.lib.common.rest_client [req-6bb0b8c5-844b-4de0-9347-0d9606e4eb84 req-6bb0b8c5-844b-4de0-9347-0d9606e4eb84 ] Request (FloatingIPsAssociationNegativeTestJSON:tearDownClass): 200 GET http://10.180.1.21/compute/v2.1/servers/e1a29ed5-b2be-43d8-b094-d70b5671d223 0.934s
2025-01-16 01:36:44.932 68431 INFO tempest.lib.common.rest_client [req-6f138975-01f2-4c32-bf36-e377650767c4 req-6f138975-01f2-4c32-bf36-e377650767c4 ] Request (VolumesSnapshotsTestJSON:_run_cleanups): 404 GET http://10.180.1.21/compute/v2.1/os-snapshots/99cbc0aa-d365-494f-aa37-01e143634291 0.949s
2025-01-16 01:36:45.035 68437 INFO tempest.lib.common.rest_client [req-c73ec0a1-789f-41ee-9051-21af53cae428 req-c73ec0a1-789f-41ee-9051-21af53cae428 ] Request (KeyPairsV2TestJSON:test_get_keypair_detail): 200 POST http://10.180.1.21/compute/v2.1/os-keypairs 0.792s
2025-01-16 01:36:45.043 68415 INFO tempest.lib.common.rest_client [req-48b7233d-1588-4f09-8c49-d4c91b53026e req-48b7233d-1588-4f09-8c49-d4c91b53026e ] Request (ServerTagsTestJSON:tearDownClass): 200 GET http://10.180.1.21/compute/v2.1/servers/60f44718-0206-481f-9c0b-38cf5225679c 0.726s
2025-01-16 01:36:45.084 68433 INFO tempest.lib.common.rest_client [req-b568de18-1e76-4a31-bf73-9a719bf9c6fe req-b568de18-1e76-4a31-bf73-9a719bf9c6fe ] Request (ImagesOneServerTestJSON:test_create_image_specify_multibyte_character_image_name): 200 GET http://10.180.1.21/compute/v2.1/images/e05326b3-b7d1-42f2-b2cb-f33cf73b5741 0.732s
2025-01-16 01:36:45.139 68423 INFO tempest.lib.common.rest_client [req-21910ca6-f605-45ad-9c00-3e7f862142d0 req-21910ca6-f605-45ad-9c00-3e7f862142d0 ] Request (AttachInterfacesV270Test:tearDownClass): 200 GET http://10.180.1.21/compute/v2.1/servers/c69e62fb-7776-4064-a296-3e09564d780c 0.656s
2025-01-16 01:36:45.179 68401 INFO tempest.lib.common.rest_client [req-ac891a7d-aabb-4799-97d8-75e48ad52314 req-ac891a7d-aabb-4799-97d8-75e48ad52314 ] Request (InstanceUsageAuditLogNegativeTestJSON:test_instance_usage_audit_logs_with_nonadmin_user): 403 GET http://10.180.1.21/compute/v2.1/os-instance_usage_audit_log 0.641s
2025-01-16 01:36:45.210 68431 INFO tempest.lib.common.rest_client [req-16460192-d0a7-44ba-98c7-578ae671aa1a req-16460192-d0a7-44ba-98c7-578ae671aa1a ] Request (VolumesSnapshotsTestJSON:_run_cleanups): 202 DELETE http://10.180.1.21/compute/v2.1/os-volumes/cd2dbe60-4be6-427b-8459-4d2959876be4 0.278s
2025-01-16 01:36:45.227 68437 INFO tempest.lib.common.rest_client [req-2c6158d7-afeb-4dfa-9306-e210d0401b00 req-2c6158d7-afeb-4dfa-9306-e210d0401b00 ] Request (KeyPairsV2TestJSON:test_get_keypair_detail): 200 GET http://10.180.1.21/compute/v2.1/os-keypairs/tempest-keypair-750940062 0.187s
2025-01-16 01:36:45.356 68427 INFO tempest.lib.common.rest_client [req-77f7d3e2-e08e-427e-9fb9-651b0502c1c1 req-77f7d3e2-e08e-427e-9fb9-651b0502c1c1 ] Request (ServersTestFqdnHostnames:setUpClass): 201 POST http://10.180.1.21:9696/networking/v2.0/routers 1.075s
2025-01-16 01:36:45.421 68407 INFO tempest.lib.common.rest_client [req-e6a62f6e-2677-40c0-9717-de22b80ad3cf req-e6a62f6e-2677-40c0-9717-de22b80ad3cf ] Request (DeleteServersAdminTestJSON:test_delete_server_while_in_error_state): 200 GET http://10.180.1.21/compute/v2.1/servers/b710c68a-0dd5-4565-962e-00ce8a433324 0.486s
2025-01-16 01:36:45.469 68387 INFO tempest.lib.common.rest_client [req-79b81f2f-a382-47c4-8bc5-dd2b937b2531 req-79b81f2f-a382-47c4-8bc5-dd2b937b2531 ] Request (ListImageFiltersTestJSON:setUpClass): 200 GET http://10.180.1.21/compute/v2.1/servers/570c7c49-9bc8-4bea-86af-51679a0c5dc2 0.432s
2025-01-16 01:36:45.477 68401 INFO tempest.lib.common.rest_client [req-4165410e-f833-41b9-bc5f-05a2db37f9b1 req-4165410e-f833-41b9-bc5f-05a2db37f9b1 ] Request (InstanceUsageAuditLogNegativeTestJSON:test_instance_usage_audit_logs_with_nonadmin_user): 403 GET http://10.180.1.21/compute/v2.1/os-instance_usage_audit_log/2025-01-16%2001%3A36%3A45 0.298s
2025-01-16 01:36:45.510 68431 INFO tempest.lib.common.rest_client [req-eafe6687-d049-435e-807f-8c33f1d5cd53 req-eafe6687-d049-435e-807f-8c33f1d5cd53 ] Request (VolumesSnapshotsTestJSON:_run_cleanups): 404 GET http://10.180.1.21/compute/v2.1/os-volumes/cd2dbe60-4be6-427b-8459-4d2959876be4 0.298s
2025-01-16 01:36:45.537 68377 INFO tempest.lib.common.rest_client [req-d3ffcb19-fcaf-49dd-a628-03361dff47ed req-d3ffcb19-fcaf-49dd-a628-03361dff47ed ] Request (ImagesNegativeTestJSON:test_create_image_from_deleted_server): 200 GET http://10.180.1.21/compute/v2.1/servers/ac7a1c8b-3988-4ca3-ae03-2d5877ae916c 0.417s
2025-01-16 01:36:45.582 68391 INFO tempest.lib.common.rest_client [req-ea48dbf4-87f1-4ec1-8fd9-05b32da7ba6d req-ea48dbf4-87f1-4ec1-8fd9-05b32da7ba6d ] Request (FloatingIPsNegativeTestJSON:tearDownClass): 204 DELETE http://10.180.1.21:9696/networking/v2.0/routers/1efc9a78-21e1-4561-975b-e9f61baa249c 0.872s
2025-01-16 01:36:45.587 68389 INFO tempest.lib.common.rest_client [req-15df262d-1b2a-44f5-853a-8f083bc20f02 req-15df262d-1b2a-44f5-853a-8f083bc20f02 ] Request (ServersV294TestFqdnHostnames:setUpClass): 200 GET http://10.180.1.21/compute/v2.1/servers/33ebd22b-5865-47ea-ad86-8e2c4acc01f3 0.371s
2025-01-16 01:36:45.614 68437 INFO tempest.lib.common.rest_client [req-daadd7d0-06ed-4c6c-b065-68a27233e3d2 req-daadd7d0-06ed-4c6c-b065-68a27233e3d2 ] Request (KeyPairsV2TestJSON:_run_cleanups): 202 DELETE http://10.180.1.21/compute/v2.1/os-keypairs/tempest-keypair-750940062 0.385s
2025-01-16 01:36:45.615 68429 INFO tempest.lib.common.rest_client [req-67bd2d12-e16c-474f-a3e0-06e3ac7b331d req-67bd2d12-e16c-474f-a3e0-06e3ac7b331d ] Request (ServersAdminNegativeTestJSON:tearDownClass): 200 GET http://10.180.1.21/compute/v2.1/servers/fcdf5dee-f078-4438-81ec-50f35cbbf24f 0.395s
2025-01-16 01:36:45.658 68401 INFO tempest.lib.common.rest_client [req-5599eb75-9091-46b4-b978-412d6a8965da req-5599eb75-9091-46b4-b978-412d6a8965da ] Request (InstanceUsageAuditLogNegativeTestJSON:tearDownClass): 204 DELETE http://10.180.1.21/identity/v3/users/eaa6ab14036d4c328e54c95a7e22c178 0.175s
2025-01-16 01:36:45.688 68395 INFO tempest.lib.common.rest_client [req-16c01d95-a350-402f-89c7-d592007451a6 req-16c01d95-a350-402f-89c7-d592007451a6 ] Request (ServersAaction247Test:test_create_backup): 200 GET http://10.180.1.21/compute/v2.1/servers/1c8e5a82-5373-4c48-9214-31773d5ab4bb 0.415s
2025-01-16 01:36:45.694 68383 INFO tempest.lib.common.rest_client [req-3459b786-6cc6-4b36-8622-36199ca58ccf req-3459b786-6cc6-4b36-8622-36199ca58ccf ] Request (SecurityGroupsTestJSON:test_server_security_groups): 200 GET http://10.180.1.21/compute/v2.1/servers/2cf3cc94-a9a5-4275-9a77-ba9e1ddb3fa1 0.401s
2025-01-16 01:36:45.715 68439 WARNING tempest.lib.common.ssh [-] Failed to establish authenticated ssh connection to cirros@10.180.180.213 ([Errno None] Unable to connect to port 22 on 10.180.180.213). Number attempts: 6. Retry after 7 seconds.: paramiko.ssh_exception.NoValidConnectionsError: [Errno None] Unable to connect to port 22 on 10.180.180.213
2025-01-16 01:36:45.763 68385 INFO tempest.lib.common.rest_client [req-df79c6a2-34b6-41c1-a1a9-430571d19643 req-df79c6a2-34b6-41c1-a1a9-430571d19643 ] Request (ServersNegativeTestJSON:setUpClass): 200 GET http://10.180.1.21/compute/v2.1/servers/3717ebd5-ce7f-48ea-a834-c87e75fadadd 0.405s
2025-01-16 01:36:45.779 68411 INFO tempest.lib.common.rest_client [req-cdb835fb-7233-4ecf-9744-edd7a0e4efff req-cdb835fb-7233-4ecf-9744-edd7a0e4efff ] Request (ServerActionsTestOtherA:setUpClass): 200 GET http://10.180.1.21/compute/v2.1/servers/defb57fb-0f0a-4679-8c22-0945fc0a1664 0.443s
2025-01-16 01:36:45.789 68401 INFO tempest.lib.common.rest_client [req-aa10f4e9-11bf-4505-96d7-76c70edcff24 req-aa10f4e9-11bf-4505-96d7-76c70edcff24 ] Request (InstanceUsageAuditLogNegativeTestJSON:tearDownClass): 204 DELETE http://10.180.1.21/identity/v3/users/2a60aa0f02094fbebb9900d55fbadc08 0.130s
2025-01-16 01:36:45.790 68401 INFO tempest.lib.common.dynamic_creds [-] Deleting project and security group for project: 6d138f6cc54140d9af6c7429f9d67549
2025-01-16 01:36:45.840 68413 INFO tempest.lib.common.rest_client [req-f640978c-404e-474d-8a25-4958a1ca4936 req-f640978c-404e-474d-8a25-4958a1ca4936 ] Request (ImagesTestJSON:test_create_image_from_suspended_server): 200 GET http://10.180.1.21/compute/v2.1/servers/882bab59-0b93-4d23-8321-e8c09965dab2 0.447s
2025-01-16 01:36:45.850 68417 INFO tempest.lib.common.rest_client [req-ef6b0505-9bd8-4c05-bd41-1fe497e4bbc5 req-ef6b0505-9bd8-4c05-bd41-1fe497e4bbc5 ] Request (AttachInterfacesTestJSON:test_create_list_show_delete_interfaces_by_fixed_ip): 200 GET http://10.180.1.21/compute/v2.1/servers/e6597109-844a-47f7-85b9-1c3be44606a8 0.431s
2025-01-16 01:36:45.877 68401 INFO tempest.lib.common.rest_client [req-6e4de0d3-4c6f-422f-8804-2c233473d1cb req-6e4de0d3-4c6f-422f-8804-2c233473d1cb ] Request (InstanceUsageAuditLogNegativeTestJSON:tearDownClass): 201 POST http://10.180.1.21/identity/v3/auth/tokens 0.087s
2025-01-16 01:36:45.882 68431 INFO tempest.lib.common.rest_client [req-43baf427-00d2-48ee-b1dd-bc2ce05dfb8e req-43baf427-00d2-48ee-b1dd-bc2ce05dfb8e ] Request (VolumesSnapshotsTestJSON:tearDownClass): 404 DELETE http://10.180.1.21/compute/v2.1/os-volumes/cd2dbe60-4be6-427b-8459-4d2959876be4 0.366s
2025-01-16 01:36:45.899 68403 INFO tempest.lib.common.rest_client [req-5cdef9b5-58a7-4ac7-9b08-fbdf53ce9ec5 req-5cdef9b5-58a7-4ac7-9b08-fbdf53ce9ec5 ] Request (MultipleCreateTestJSON:test_multiple_create): 200 GET http://10.180.1.21/compute/v2.1/servers/52aa995a-6a58-4ded-987e-a5a92dc98982 0.442s
2025-01-16 01:36:45.900 68391 INFO tempest.lib.common.rest_client [req-0bccd292-4ee5-460b-9ea5-fd0bd57cdab1 req-0bccd292-4ee5-460b-9ea5-fd0bd57cdab1 ] Request (FloatingIPsNegativeTestJSON:tearDownClass): 204 DELETE http://10.180.1.21:9696/networking/v2.0/subnets/118a91cb-8774-413d-9ccf-78309b1e995b 0.317s
2025-01-16 01:36:45.946 68437 INFO tempest.lib.common.rest_client [req-f2fe291a-366c-44f8-84f9-99f60d349cc6 req-f2fe291a-366c-44f8-84f9-99f60d349cc6 ] Request (KeyPairsV2TestJSON:test_keypair_create_delete): 200 POST http://10.180.1.21/compute/v2.1/os-keypairs 0.328s
2025-01-16 01:36:46.017 68425 INFO tempest.lib.common.rest_client [req-f77345f8-eed7-41f9-b33a-7c6658923fd7 req-f77345f8-eed7-41f9-b33a-7c6658923fd7 ] Request (ServerDiskConfigTestJSON:test_rebuild_server_with_manual_disk_config): 200 GET http://10.180.1.21/compute/v2.1/servers/28ec0106-157e-4e23-b188-7d82f690e559 0.324s
2025-01-16 01:36:46.088 68399 INFO tempest.lib.common.rest_client [req-f7485852-b902-4f50-9a6b-d5a491df49b0 req-f7485852-b902-4f50-9a6b-d5a491df49b0 ] Request (TenantUsagesTestJSON:setUpClass): 200 GET http://10.180.1.21/compute/v2.1/servers/1030d877-b963-4f6a-8965-742bd403e7aa 0.476s
2025-01-16 01:36:46.147 68401 INFO tempest.lib.common.rest_client [req-f4c57932-51f4-4567-b53e-8c01f7cb4005 req-f4c57932-51f4-4567-b53e-8c01f7cb4005 ] Request (InstanceUsageAuditLogNegativeTestJSON:tearDownClass): 200 GET http://10.180.1.21:9696/networking/v2.0/security-groups?tenant_id=6d138f6cc54140d9af6c7429f9d67549&name=default 0.270s
2025-01-16 01:36:46.191 68379 INFO tempest.lib.common.rest_client [req-9a73a66d-6aa5-4641-b2a8-7cba5cdf092c req-9a73a66d-6aa5-4641-b2a8-7cba5cdf092c ] Request (MigrationsAdminTest:test_list_migrations_in_flavor_resize_situation): 200 GET http://10.180.1.21/compute/v2.1/servers/26375696-a789-4eec-91cf-47ef118b2bbe 0.432s
2025-01-16 01:36:46.287 68401 INFO tempest.lib.common.rest_client [req-54f4e811-03f5-47ba-960e-ec036b5cf9e8 req-54f4e811-03f5-47ba-960e-ec036b5cf9e8 ] Request (InstanceUsageAuditLogNegativeTestJSON:tearDownClass): 204 DELETE http://10.180.1.21:9696/networking/v2.0/security-groups/9f789190-27bb-4712-b57b-cbb91ec90a1f 0.139s
2025-01-16 01:36:46.302 68421 INFO tempest.lib.common.rest_client [req-0a3ede4e-3828-4b1d-9ece-8c10debb1ace req-0a3ede4e-3828-4b1d-9ece-8c10debb1ace ] Request (ServerDiagnosticsNegativeTest:tearDownClass): 200 GET http://10.180.1.21/compute/v2.1/servers/3425040d-d79d-4074-8228-648d60374213 0.446s
2025-01-16 01:36:46.358 68391 INFO tempest.lib.common.rest_client [req-e99864be-5524-4e03-aa9c-81be21ff8777 req-e99864be-5524-4e03-aa9c-81be21ff8777 ] Request (FloatingIPsNegativeTestJSON:tearDownClass): 204 DELETE http://10.180.1.21:9696/networking/v2.0/networks/a5ab6b32-7545-48fe-bfe5-b9d4445725a0 0.458s
2025-01-16 01:36:46.378 68381 INFO tempest.lib.common.rest_client [req-3725e81f-d52e-40de-adcb-7eaa16ea0388 req-3725e81f-d52e-40de-adcb-7eaa16ea0388 ] Request (ServerActionsV293TestJSON:setUpClass): 200 GET http://10.180.1.21/compute/v2.1/servers/837a0057-787e-4fb6-ae79-b5fbc06a3038 0.517s
2025-01-16 01:36:46.382 68401 INFO tempest.lib.common.rest_client [req-e9803d4b-2d8d-4421-abac-df6678d3447d req-e9803d4b-2d8d-4421-abac-df6678d3447d ] Request (InstanceUsageAuditLogNegativeTestJSON:tearDownClass): 204 DELETE http://10.180.1.21/identity/v3/projects/6d138f6cc54140d9af6c7429f9d67549 0.094s
2025-01-16 01:36:46.383 68401 INFO tempest.lib.common.dynamic_creds [-] Deleting project and security group for project: d1d1014a407e44cb8329f27431847fdb
2025-01-16 01:36:46.391 68419 INFO tempest.lib.common.rest_client [req-220d7c8b-54da-4d53-bfbb-6652d2b19139 req-220d7c8b-54da-4d53-bfbb-6652d2b19139 ] Request (ServersTestBootFromVolume:setUpClass): 200 GET http://10.180.1.21/compute/v2.1/servers/e25571ce-77da-4871-af48-c597560cd9a0 0.621s
2025-01-16 01:36:46.417 68431 INFO tempest.lib.common.rest_client [req-7392cb79-5398-4b09-9a9c-dcca65219ab5 req-7392cb79-5398-4b09-9a9c-dcca65219ab5 ] Request (VolumesSnapshotsTestJSON:tearDownClass): 404 GET http://10.180.1.21/compute/v2.1/os-volumes/cd2dbe60-4be6-427b-8459-4d2959876be4 0.534s
2025-01-16 01:36:46.461 68397 INFO tempest.lib.common.rest_client [req-fb0b57f5-9531-410b-9abb-483febdfff86 req-fb0b57f5-9531-410b-9abb-483febdfff86 ] Request (InstanceActionsTestJSON:setUpClass): 200 GET http://10.180.1.21/compute/v2.1/servers/92f2cf26-2254-43e9-83d0-8136d6ac51e7 0.541s
2025-01-16 01:36:46.475 68437 INFO tempest.lib.common.rest_client [req-bb9d2920-739d-46b4-90c8-4cf197cbae91 req-bb9d2920-739d-46b4-90c8-4cf197cbae91 ] Request (KeyPairsV2TestJSON:_run_cleanups): 202 DELETE http://10.180.1.21/compute/v2.1/os-keypairs/tempest-keypair-1481825422 0.527s
2025-01-16 01:36:46.495 68391 INFO tempest.lib.common.rest_client [req-7aa6427a-bb6f-47f8-8387-588157e58870 req-7aa6427a-bb6f-47f8-8387-588157e58870 ] Request (FloatingIPsNegativeTestJSON:tearDownClass): 204 DELETE http://10.180.1.21/identity/v3/users/f5c9618386774232aeff116f127bdce8 0.137s
2025-01-16 01:36:46.495 68391 INFO tempest.lib.common.dynamic_creds [-] Deleting project and security group for project: e009fb7da62c484e9d677ca3b917efec
2025-01-16 01:36:46.502 68435 INFO tempest.lib.common.rest_client [req-d6434937-9184-411f-9727-faa0d5ebb9d6 req-d6434937-9184-411f-9727-faa0d5ebb9d6 ] Request (FloatingIPsAssociationNegativeTestJSON:tearDownClass): 200 GET http://10.180.1.21/compute/v2.1/servers/e1a29ed5-b2be-43d8-b094-d70b5671d223 0.570s
2025-01-16 01:36:46.520 68431 INFO tempest.lib.common.rest_client [req-2193b674-372b-4fbe-869a-9391866677b8 req-2193b674-372b-4fbe-869a-9391866677b8 ] Request (VolumesSnapshotsTestJSON:tearDownClass): 204 DELETE http://10.180.1.21/identity/v3/users/581d370ee8ed415bb77ba423607e5069 0.102s
2025-01-16 01:36:46.521 68431 INFO tempest.lib.common.dynamic_creds [-] Deleting project and security group for project: 70c24fee149f4d82acf860681b8362ba
2025-01-16 01:36:46.538 68433 INFO tempest.lib.common.rest_client [req-993de0de-30b6-44dc-a265-0622b6a4240f req-993de0de-30b6-44dc-a265-0622b6a4240f ] Request (ImagesOneServerTestJSON:test_create_image_specify_multibyte_character_image_name): 200 GET http://10.180.1.21/compute/v2.1/images/e05326b3-b7d1-42f2-b2cb-f33cf73b5741 0.449s
2025-01-16 01:36:46.553 68415 INFO tempest.lib.common.rest_client [req-24f65727-3416-40e3-8272-7e3dac6ec45b req-24f65727-3416-40e3-8272-7e3dac6ec45b ] Request (ServerTagsTestJSON:tearDownClass): 200 GET http://10.180.1.21/compute/v2.1/servers/60f44718-0206-481f-9c0b-38cf5225679c 0.497s
2025-01-16 01:36:46.557 68391 INFO tempest.lib.common.rest_client [req-7ee219d1-8121-4a47-8284-9a2fdd467778 req-7ee219d1-8121-4a47-8284-9a2fdd467778 ] Request (FloatingIPsNegativeTestJSON:tearDownClass): 200 GET http://10.180.1.21:9696/networking/v2.0/security-groups?tenant_id=e009fb7da62c484e9d677ca3b917efec&name=default 0.061s
2025-01-16 01:36:46.566 68415 INFO tempest.common.waiters [-] State transition "ACTIVE/deleting" ==> "DELETED/None" after 5 second wait
2025-01-16 01:36:46.569 68401 INFO tempest.lib.common.rest_client [req-5bc84e22-eabc-466e-b463-4f8e7bcfe95e req-5bc84e22-eabc-466e-b463-4f8e7bcfe95e ] Request (InstanceUsageAuditLogNegativeTestJSON:tearDownClass): 200 GET http://10.180.1.21:9696/networking/v2.0/security-groups?tenant_id=d1d1014a407e44cb8329f27431847fdb&name=default 0.185s
2025-01-16 01:36:46.582 68431 INFO tempest.lib.common.rest_client [req-29691386-94da-4c26-b614-eee3a8e037ae req-29691386-94da-4c26-b614-eee3a8e037ae ] Request (VolumesSnapshotsTestJSON:tearDownClass): 201 POST http://10.180.1.21/identity/v3/auth/tokens 0.061s
2025-01-16 01:36:46.627 68407 INFO tempest.lib.common.rest_client [req-c217ed2c-7696-46de-8cde-eaba449d55dc req-c217ed2c-7696-46de-8cde-eaba449d55dc ] Request (DeleteServersAdminTestJSON:test_delete_server_while_in_error_state): 200 GET http://10.180.1.21/compute/v2.1/servers/b710c68a-0dd5-4565-962e-00ce8a433324 0.196s
2025-01-16 01:36:46.631 68423 INFO tempest.lib.common.rest_client [req-39ce84fc-ab7a-4049-abd8-b6cbc5377b05 req-39ce84fc-ab7a-4049-abd8-b6cbc5377b05 ] Request (AttachInterfacesV270Test:tearDownClass): 200 GET http://10.180.1.21/compute/v2.1/servers/c69e62fb-7776-4064-a296-3e09564d780c 0.479s
2025-01-16 01:36:46.673 68437 INFO tempest.lib.common.rest_client [req-d4cf2df6-ea82-4057-b273-b47636098d16 req-d4cf2df6-ea82-4057-b273-b47636098d16 ] Request (KeyPairsV2TestJSON:test_keypair_create_with_pub_key): 200 POST http://10.180.1.21/compute/v2.1/os-keypairs 0.196s
2025-01-16 01:36:46.678 68427 INFO tempest.lib.common.rest_client [req-c6e715e1-beaa-41b6-a384-afcd2e797102 req-c6e715e1-beaa-41b6-a384-afcd2e797102 ] Request (ServersTestFqdnHostnames:setUpClass): 200 PUT http://10.180.1.21:9696/networking/v2.0/routers/bf1bef0d-c633-441a-8a3a-dfc37ee76027/add_router_interface 1.322s
2025-01-16 01:36:46.679 68427 INFO tempest.lib.common.dynamic_creds [-] Created isolated network resources for: credentials: Credentials: {'domain_id': 'default', 'domain_name': 'Default', 'username': 'tempest-ServersTestFqdnHostnames-239311006-project-member', 'project_domain_id': 'default', 'project_domain_name': 'Default', 'project_id': 'b522ef7a2b614120818edefd7a46c3a4', 'project_name': 'tempest-ServersTestFqdnHostnames-239311006', 'tenant_id': 'b522ef7a2b614120818edefd7a46c3a4', 'tenant_name': 'tempest-ServersTestFqdnHostnames-239311006', 'user_domain_id': 'default', 'user_domain_name': 'Default', 'user_id': 'ddf89f7600214a1d85e904a36d727076', 'system': None}, Network: {'id': '5a3ae3a0-137f-4600-83ff-aa4988f1c618', 'name': 'tempest-ServersTestFqdnHostnames-1003646613-network', 'tenant_id': 'b522ef7a2b614120818edefd7a46c3a4', 'admin_state_up': True, 'mtu': 8950, 'status': 'ACTIVE', 'subnets': [], 'shared': False, 'project_id': 'b522ef7a2b614120818edefd7a46c3a4', 'port_security_enabled': True, 'router:external': False, 'provider:network_type': 'vlan', 'provider:physical_network': 'default', 'provider:segmentation_id': 253, 'availability_zone_hints': [], 'availability_zones': [], 'ipv4_address_scope': None, 'ipv6_address_scope': None, 'description': '', 'tags': [], 'created_at': '2025-01-16T01:36:43Z', 'updated_at': '2025-01-16T01:36:43Z', 'revision_number': 1}, Subnet: {'id': '843e4894-7f48-4bbb-b7cd-534d5ace485a', 'name': 'tempest-ServersTestFqdnHostnames-1003646613-subnet', 'tenant_id': 'b522ef7a2b614120818edefd7a46c3a4', 'network_id': '5a3ae3a0-137f-4600-83ff-aa4988f1c618', 'ip_version': 4, 'subnetpool_id': None, 'enable_dhcp': True, 'ipv6_ra_mode': None, 'ipv6_address_mode': None, 'gateway_ip': '192.168.128.1', 'cidr': '192.168.128.0/28', 'allocation_pools': [{'start': '192.168.128.2', 'end': '192.168.128.14'}], 'host_routes': [], 'dns_nameservers': [], 'description': '', 'router:external': False, 'service_types': [], 'tags': [], 'created_at': '2025-01-16T01:36:44Z', 'updated_at': '2025-01-16T01:36:44Z', 'revision_number': 0, 'project_id': 'b522ef7a2b614120818edefd7a46c3a4'}, Router: {'id': 'bf1bef0d-c633-441a-8a3a-dfc37ee76027', 'name': 'tempest-ServersTestFqdnHostnames-1003646613-router', 'tenant_id': 'b522ef7a2b614120818edefd7a46c3a4', 'admin_state_up': True, 'status': 'ACTIVE', 'external_gateway_info': {'network_id': 'e9fc93c0-b329-4d70-8c25-49ed110e6d54', 'external_fixed_ips': [{'subnet_id': '80db9c7b-2c79-4a45-bc08-7e62dde05b94', 'ip_address': '10.180.180.191'}], 'enable_snat': True}, 'description': '', 'availability_zones': [], 'distributed': False, 'ha': False, 'availability_zone_hints': [], 'routes': [], 'flavor_id': None, 'tags': [], 'created_at': '2025-01-16T01:36:44Z', 'updated_at': '2025-01-16T01:36:44Z', 'revision_number': 2, 'project_id': 'b522ef7a2b614120818edefd7a46c3a4'}
2025-01-16 01:36:46.708 68401 INFO tempest.lib.common.rest_client [req-b44b8a9e-e459-4680-ae4b-fb930294c02d req-b44b8a9e-e459-4680-ae4b-fb930294c02d ] Request (InstanceUsageAuditLogNegativeTestJSON:tearDownClass): 204 DELETE http://10.180.1.21:9696/networking/v2.0/security-groups/d39e5cce-7561-483e-85a6-fb33d5bfdd14 0.138s
2025-01-16 01:36:46.715 68391 INFO tempest.lib.common.rest_client [req-da7b3096-28d1-4739-9c50-dc41515d5811 req-da7b3096-28d1-4739-9c50-dc41515d5811 ] Request (FloatingIPsNegativeTestJSON:tearDownClass): 204 DELETE http://10.180.1.21:9696/networking/v2.0/security-groups/9ead74e6-1bd5-4b98-9a3f-d38ec698907b 0.157s
2025-01-16 01:36:46.755 68377 INFO tempest.lib.common.rest_client [req-dfa4d2ff-bbb3-4445-9819-20b81471d4e1 req-dfa4d2ff-bbb3-4445-9819-20b81471d4e1 ] Request (ImagesNegativeTestJSON:test_create_image_from_deleted_server): 200 GET http://10.180.1.21/compute/v2.1/servers/ac7a1c8b-3988-4ca3-ae03-2d5877ae916c 0.208s
2025-01-16 01:36:46.777 68427 INFO tempest.lib.common.rest_client [req-8f57135b-6835-4bfc-9ef4-4d5111cbf4c2 req-8f57135b-6835-4bfc-9ef4-4d5111cbf4c2 ] Request (ServersTestFqdnHostnames:setUpClass): 201 POST http://10.180.1.21/identity/v3/auth/tokens 0.095s
2025-01-16 01:36:46.824 68389 INFO tempest.lib.common.rest_client [req-78cd04a5-a4f0-4a83-bf9f-e21cbefec745 req-78cd04a5-a4f0-4a83-bf9f-e21cbefec745 ] Request (ServersV294TestFqdnHostnames:setUpClass): 200 GET http://10.180.1.21/compute/v2.1/servers/33ebd22b-5865-47ea-ad86-8e2c4acc01f3 0.222s
2025-01-16 01:36:46.839 68401 INFO tempest.lib.common.rest_client [req-b8d8c04f-8805-4bf8-8bdc-e48e0547e556 req-b8d8c04f-8805-4bf8-8bdc-e48e0547e556 ] Request (InstanceUsageAuditLogNegativeTestJSON:tearDownClass): 204 DELETE http://10.180.1.21/identity/v3/projects/d1d1014a407e44cb8329f27431847fdb 0.131s
2025-01-16 01:36:46.841 68387 INFO tempest.lib.common.rest_client [req-80c4cf7a-8e93-457b-b867-bf8590fe74b2 req-80c4cf7a-8e93-457b-b867-bf8590fe74b2 ] Request (ListImageFiltersTestJSON:setUpClass): 200 GET http://10.180.1.21/compute/v2.1/servers/570c7c49-9bc8-4bea-86af-51679a0c5dc2 0.364s
2025-01-16 01:36:46.850 68387 INFO tempest.common.waiters [-] State transition "BUILD/spawning" ==> "ACTIVE/None" after 34 second wait
2025-01-16 01:36:46.850 68431 INFO tempest.lib.common.rest_client [req-eab3509b-4216-4fbb-a9bc-6f1871f033de req-eab3509b-4216-4fbb-a9bc-6f1871f033de ] Request (VolumesSnapshotsTestJSON:tearDownClass): 200 GET http://10.180.1.21:9696/networking/v2.0/security-groups?tenant_id=70c24fee149f4d82acf860681b8362ba&name=default 0.267s
2025-01-16 01:36:46.853 68391 INFO tempest.lib.common.rest_client [req-9acfb2fc-0cae-4704-87e7-47ea534d0dbd req-9acfb2fc-0cae-4704-87e7-47ea534d0dbd ] Request (FloatingIPsNegativeTestJSON:tearDownClass): 204 DELETE http://10.180.1.21/identity/v3/projects/e009fb7da62c484e9d677ca3b917efec 0.137s
2025-01-16 01:36:46.867 68437 INFO tempest.lib.common.rest_client [req-8f37f323-3fde-459a-88cf-9ff76c37daad req-8f37f323-3fde-459a-88cf-9ff76c37daad ] Request (KeyPairsV2TestJSON:_run_cleanups): 202 DELETE http://10.180.1.21/compute/v2.1/os-keypairs/tempest-keypair-1953171211 0.192s
2025-01-16 01:36:46.891 68429 INFO tempest.lib.common.rest_client [req-aab3b055-6577-4810-b934-035f660cc47e req-aab3b055-6577-4810-b934-035f660cc47e ] Request (ServersAdminNegativeTestJSON:tearDownClass): 200 GET http://10.180.1.21/compute/v2.1/servers/fcdf5dee-f078-4438-81ec-50f35cbbf24f 0.259s
2025-01-16 01:36:46.900 68429 INFO tempest.common.waiters [-] State transition "SUSPENDED/deleting" ==> "DELETED/None" after 2 second wait
2025-01-16 01:36:46.928 68401 INFO tempest.lib.common.rest_client [req-40ca3062-15ad-4cbe-a1e8-6c697f8d6964 req-40ca3062-15ad-4cbe-a1e8-6c697f8d6964 ] Request (ServersAdmin275Test:setUpClass): 201 POST http://10.180.1.21/identity/v3/auth/tokens 0.087s
2025-01-16 01:36:46.937 68395 INFO tempest.lib.common.rest_client [req-f8ed2227-80fe-4d87-b4fd-3837724f5f66 req-f8ed2227-80fe-4d87-b4fd-3837724f5f66 ] Request (ServersAaction247Test:test_create_backup): 200 GET http://10.180.1.21/compute/v2.1/servers/1c8e5a82-5373-4c48-9214-31773d5ab4bb 0.234s
2025-01-16 01:36:46.972 68401 INFO tempest.lib.common.rest_client [req-9b894ea3-a1e2-4754-9cca-5f4a809970a2 req-9b894ea3-a1e2-4754-9cca-5f4a809970a2 ] Request (ServersAdmin275Test:setUpClass): 201 POST http://10.180.1.21/identity/v3/auth/tokens 0.039s
2025-01-16 01:36:46.975 68383 INFO tempest.lib.common.rest_client [req-57a0d556-185b-44a7-b03d-3bd7c0c046be req-57a0d556-185b-44a7-b03d-3bd7c0c046be ] Request (SecurityGroupsTestJSON:test_server_security_groups): 200 GET http://10.180.1.21/compute/v2.1/servers/2cf3cc94-a9a5-4275-9a77-ba9e1ddb3fa1 0.270s
2025-01-16 01:36:46.977 68391 INFO tempest.lib.common.rest_client [req-329b202f-56d2-4d48-9120-1fdab8e8ba1f req-329b202f-56d2-4d48-9120-1fdab8e8ba1f ] Request (VolumesNegativeTest:setUpClass): 201 POST http://10.180.1.21/identity/v3/auth/tokens 0.122s
2025-01-16 01:36:47.012 68385 INFO tempest.lib.common.rest_client [req-74ac494f-930e-4676-86cf-89962f8b2162 req-74ac494f-930e-4676-86cf-89962f8b2162 ] Request (ServersNegativeTestJSON:setUpClass): 200 GET http://10.180.1.21/compute/v2.1/servers/3717ebd5-ce7f-48ea-a834-c87e75fadadd 0.236s
2025-01-16 01:36:47.017 68401 INFO tempest.lib.common.rest_client [req-5b898309-dfcc-4ca6-b338-2b4bd8f4f62b req-5b898309-dfcc-4ca6-b338-2b4bd8f4f62b ] Request (ServersAdmin275Test:setUpClass): 200 GET http://10.180.1.21/identity/v3/domains?name=Default 0.044s
2025-01-16 01:36:47.037 68431 INFO tempest.lib.common.rest_client [req-31f64e0a-1ea8-46c5-ae8d-8ba05c4e5c10 req-31f64e0a-1ea8-46c5-ae8d-8ba05c4e5c10 ] Request (VolumesSnapshotsTestJSON:tearDownClass): 204 DELETE http://10.180.1.21:9696/networking/v2.0/security-groups/10a866fa-5de1-4e53-87bb-304290717f86 0.186s
2025-01-16 01:36:47.087 68391 INFO tempest.lib.common.rest_client [req-e86e816f-49b9-4bea-bae9-be5607a849f8 req-e86e816f-49b9-4bea-bae9-be5607a849f8 ] Request (VolumesNegativeTest:setUpClass): 201 POST http://10.180.1.21/identity/v3/auth/tokens 0.104s
2025-01-16 01:36:47.097 68411 INFO tempest.lib.common.rest_client [req-c708c9e8-a409-434e-9810-576c5f115862 req-c708c9e8-a409-434e-9810-576c5f115862 ] Request (ServerActionsTestOtherA:setUpClass): 200 GET http://10.180.1.21/compute/v2.1/servers/defb57fb-0f0a-4679-8c22-0945fc0a1664 0.303s
2025-01-16 01:36:47.130 68401 INFO tempest.lib.common.rest_client [req-df056c19-1517-499f-9941-40fefac8f693 req-df056c19-1517-499f-9941-40fefac8f693 ] Request (ServersAdmin275Test:setUpClass): 201 POST http://10.180.1.21/identity/v3/projects 0.112s
2025-01-16 01:36:47.238 68427 INFO tempest.lib.common.rest_client [req-3cd99d4d-83a2-4090-a0f4-9a3fc7a56fc0 req-3cd99d4d-83a2-4090-a0f4-9a3fc7a56fc0 ] Request (ServersTestFqdnHostnames:test_create_server_with_fqdn_name): 200 POST http://10.180.1.21/compute/v2.1/os-keypairs 0.459s
2025-01-16 01:36:47.259 68431 INFO tempest.lib.common.rest_client [req-c433e78e-90e7-41ed-8885-5822fe91cff2 req-c433e78e-90e7-41ed-8885-5822fe91cff2 ] Request (VolumesSnapshotsTestJSON:tearDownClass): 204 DELETE http://10.180.1.21/identity/v3/projects/70c24fee149f4d82acf860681b8362ba 0.221s
2025-01-16 01:36:47.298 68413 INFO tempest.lib.common.rest_client [req-512fafea-76ed-4d0a-b005-0c326bf6dc47 req-512fafea-76ed-4d0a-b005-0c326bf6dc47 ] Request (ImagesTestJSON:test_create_image_from_suspended_server): 200 GET http://10.180.1.21/compute/v2.1/servers/882bab59-0b93-4d23-8321-e8c09965dab2 0.441s
2025-01-16 01:36:47.302 68391 INFO tempest.lib.common.rest_client [req-fe6e591d-8209-41f1-a5cb-fe538e816243 req-fe6e591d-8209-41f1-a5cb-fe538e816243 ] Request (VolumesNegativeTest:setUpClass): 200 GET http://10.180.1.21/identity/v3/domains?name=Default 0.215s
2025-01-16 01:36:47.324 68401 INFO tempest.lib.common.rest_client [req-b2b0e1df-61c0-46c3-a3bf-c5fc7d70eca7 req-b2b0e1df-61c0-46c3-a3bf-c5fc7d70eca7 ] Request (ServersAdmin275Test:setUpClass): 201 POST http://10.180.1.21/identity/v3/users 0.193s
2025-01-16 01:36:47.342 68387 INFO tempest.lib.common.rest_client [req-c2b80528-2919-4871-8cc9-3bc092e8e3da req-c2b80528-2919-4871-8cc9-3bc092e8e3da ] Request (ListImageFiltersTestJSON:setUpClass): 200 GET http://10.180.1.21/compute/v2.1/servers/6facddb8-edf9-4661-86e6-0a0a42e2e7f0 0.491s
2025-01-16 01:36:47.355 68417 INFO tempest.lib.common.rest_client [req-e7500183-1de5-48e7-8628-9613d5b22a20 req-e7500183-1de5-48e7-8628-9613d5b22a20 ] Request (AttachInterfacesTestJSON:test_create_list_show_delete_interfaces_by_fixed_ip): 200 GET http://10.180.1.21/compute/v2.1/servers/e6597109-844a-47f7-85b9-1c3be44606a8 0.492s
2025-01-16 01:36:47.367 68391 INFO tempest.lib.common.rest_client [req-8ce8187b-e640-4a79-ad39-47a468ada5a4 req-8ce8187b-e640-4a79-ad39-47a468ada5a4 ] Request (VolumesNegativeTest:setUpClass): 201 POST http://10.180.1.21/identity/v3/projects 0.063s
2025-01-16 01:36:47.389 68437 INFO tempest.lib.common.rest_client [req-d1e98d93-04e7-4358-8e27-8efeb947c245 req-d1e98d93-04e7-4358-8e27-8efeb947c245 ] Request (KeyPairsV2TestJSON:test_keypairs_create_list_delete): 200 POST http://10.180.1.21/compute/v2.1/os-keypairs 0.518s
2025-01-16 01:36:47.420 68403 INFO tempest.lib.common.rest_client [req-fff26b5a-8407-4073-be32-67906a7c82b6 req-fff26b5a-8407-4073-be32-67906a7c82b6 ] Request (MultipleCreateTestJSON:test_multiple_create): 200 GET http://10.180.1.21/compute/v2.1/servers/52aa995a-6a58-4ded-987e-a5a92dc98982 0.509s
2025-01-16 01:36:47.430 68427 INFO tempest.lib.common.rest_client [req-fdfcc8d0-680e-4cd6-b1c5-5d05fe7102b2 req-fdfcc8d0-680e-4cd6-b1c5-5d05fe7102b2 ] Request (ServersTestFqdnHostnames:test_create_server_with_fqdn_name): 201 POST http://10.180.1.21:9696/networking/v2.0/security-groups 0.190s
2025-01-16 01:36:47.435 68401 INFO tempest.lib.common.rest_client [req-a16f56d8-59d0-421a-8c26-e254a1580386 req-a16f56d8-59d0-421a-8c26-e254a1580386 ] Request (ServersAdmin275Test:setUpClass): 200 GET http://10.180.1.21/identity/v3/roles 0.111s
2025-01-16 01:36:47.467 68391 INFO tempest.lib.common.rest_client [req-e02c52fc-3b3a-4878-b157-987e1311f3b4 req-e02c52fc-3b3a-4878-b157-987e1311f3b4 ] Request (VolumesNegativeTest:setUpClass): 201 POST http://10.180.1.21/identity/v3/users 0.099s
2025-01-16 01:36:47.496 68401 INFO tempest.lib.common.rest_client [req-a256f8e6-f40f-4cef-8ab4-3b741c9ffd0c req-a256f8e6-f40f-4cef-8ab4-3b741c9ffd0c ] Request (ServersAdmin275Test:setUpClass): 204 PUT http://10.180.1.21/identity/v3/projects/58e27726f66c4416aea5b2f6a6c9433e/users/a073e3beea514a449f222f25879f5988/roles/687df479c950451cbc0f8d264be0baec 0.060s
2025-01-16 01:36:47.497 68401 INFO tempest.lib.common.dynamic_creds [-] Dynamic test user a073e3beea514a449f222f25879f5988 is created with scope project and roles: ['member']
2025-01-16 01:36:47.497 68401 INFO tempest.lib.common.dynamic_creds [-] Acquired dynamic creds: credentials: Credentials: {'domain_id': 'default', 'domain_name': 'Default', 'username': 'tempest-ServersAdmin275Test-176521881-project-member', 'project_domain_id': 'default', 'project_domain_name': 'Default', 'project_id': '58e27726f66c4416aea5b2f6a6c9433e', 'project_name': 'tempest-ServersAdmin275Test-176521881', 'tenant_id': '58e27726f66c4416aea5b2f6a6c9433e', 'tenant_name': 'tempest-ServersAdmin275Test-176521881', 'user_domain_id': 'default', 'user_domain_name': 'Default', 'user_id': 'a073e3beea514a449f222f25879f5988', 'system': None}, Network: None, Subnet: None, Router: None
2025-01-16 01:36:47.497 68401 INFO tempest.lib.common.dynamic_creds [-] Created isolated network resources for: credentials: Credentials: {'domain_id': 'default', 'domain_name': 'Default', 'username': 'tempest-ServersAdmin275Test-176521881-project-member', 'project_domain_id': 'default', 'project_domain_name': 'Default', 'project_id': '58e27726f66c4416aea5b2f6a6c9433e', 'project_name': 'tempest-ServersAdmin275Test-176521881', 'tenant_id': '58e27726f66c4416aea5b2f6a6c9433e', 'tenant_name': 'tempest-ServersAdmin275Test-176521881', 'user_domain_id': 'default', 'user_domain_name': 'Default', 'user_id': 'a073e3beea514a449f222f25879f5988', 'system': None}, Network: None, Subnet: None, Router: None
2025-01-16 01:36:47.504 68425 INFO tempest.lib.common.rest_client [req-bcde51d7-fa9b-466a-8328-22b722fc2087 req-bcde51d7-fa9b-466a-8328-22b722fc2087 ] Request (ServerDiskConfigTestJSON:test_rebuild_server_with_manual_disk_config): 200 GET http://10.180.1.21/compute/v2.1/servers/28ec0106-157e-4e23-b188-7d82f690e559 0.475s
2025-01-16 01:36:47.562 68391 INFO tempest.lib.common.rest_client [req-1e9be77d-71cf-4e3a-8f2d-c3f14545572c req-1e9be77d-71cf-4e3a-8f2d-c3f14545572c ] Request (VolumesNegativeTest:setUpClass): 200 GET http://10.180.1.21/identity/v3/roles 0.095s
2025-01-16 01:36:47.585 68427 INFO tempest.lib.common.rest_client [req-8879e5aa-1619-42db-a519-865075beda82 req-8879e5aa-1619-42db-a519-865075beda82 ] Request (ServersTestFqdnHostnames:test_create_server_with_fqdn_name): 201 POST http://10.180.1.21:9696/networking/v2.0/security-group-rules 0.154s
2025-01-16 01:36:47.596 68399 INFO tempest.lib.common.rest_client [req-46e6f5ae-03cb-4d7f-a61c-f5607b9b3605 req-46e6f5ae-03cb-4d7f-a61c-f5607b9b3605 ] Request (TenantUsagesTestJSON:setUpClass): 200 GET http://10.180.1.21/compute/v2.1/servers/1030d877-b963-4f6a-8965-742bd403e7aa 0.495s
2025-01-16 01:36:47.599 68401 INFO tempest.lib.common.rest_client [req-8d93e1f7-2b24-4518-b2d3-9eecd471a739 req-8d93e1f7-2b24-4518-b2d3-9eecd471a739 ] Request (ServersAdmin275Test:setUpClass): 201 POST http://10.180.1.21/identity/v3/auth/tokens 0.097s
2025-01-16 01:36:47.636 68391 INFO tempest.lib.common.rest_client [req-fb33915b-7657-4af5-907b-ad06875b0332 req-fb33915b-7657-4af5-907b-ad06875b0332 ] Request (VolumesNegativeTest:setUpClass): 204 PUT http://10.180.1.21/identity/v3/projects/81d5de320049464ea76c978b6d70cc25/users/affe58186abd4e329c7db1c1b51a7aac/roles/687df479c950451cbc0f8d264be0baec 0.074s
2025-01-16 01:36:47.636 68391 INFO tempest.lib.common.dynamic_creds [-] Dynamic test user affe58186abd4e329c7db1c1b51a7aac is created with scope project and roles: ['member']
2025-01-16 01:36:47.637 68391 INFO tempest.lib.common.dynamic_creds [-] Acquired dynamic creds: credentials: Credentials: {'domain_id': 'default', 'domain_name': 'Default', 'username': 'tempest-VolumesNegativeTest-132889047-project-member', 'project_domain_id': 'default', 'project_domain_name': 'Default', 'project_id': '81d5de320049464ea76c978b6d70cc25', 'project_name': 'tempest-VolumesNegativeTest-132889047', 'tenant_id': '81d5de320049464ea76c978b6d70cc25', 'tenant_name': 'tempest-VolumesNegativeTest-132889047', 'user_domain_id': 'default', 'user_domain_name': 'Default', 'user_id': 'affe58186abd4e329c7db1c1b51a7aac', 'system': None}, Network: None, Subnet: None, Router: None
2025-01-16 01:36:47.637 68391 INFO tempest.lib.common.dynamic_creds [-] Created isolated network resources for: credentials: Credentials: {'domain_id': 'default', 'domain_name': 'Default', 'username': 'tempest-VolumesNegativeTest-132889047-project-member', 'project_domain_id': 'default', 'project_domain_name': 'Default', 'project_id': '81d5de320049464ea76c978b6d70cc25', 'project_name': 'tempest-VolumesNegativeTest-132889047', 'tenant_id': '81d5de320049464ea76c978b6d70cc25', 'tenant_name': 'tempest-VolumesNegativeTest-132889047', 'user_domain_id': 'default', 'user_domain_name': 'Default', 'user_id': 'affe58186abd4e329c7db1c1b51a7aac', 'system': None}, Network: None, Subnet: None, Router: None
2025-01-16 01:36:47.639 68379 INFO tempest.lib.common.rest_client [req-009c84c8-1b77-44c8-9bca-86711395254f req-009c84c8-1b77-44c8-9bca-86711395254f ] Request (MigrationsAdminTest:test_list_migrations_in_flavor_resize_situation): 200 GET http://10.180.1.21/compute/v2.1/servers/26375696-a789-4eec-91cf-47ef118b2bbe 0.438s
2025-01-16 01:36:47.659 68401 INFO tempest.lib.common.rest_client [req-f13c92aa-6f87-4098-8d82-6847b497e6ce req-f13c92aa-6f87-4098-8d82-6847b497e6ce ] Request (ServersAdmin275Test:setUpClass): 201 POST http://10.180.1.21/identity/v3/projects 0.060s
2025-01-16 01:36:47.670 68421 INFO tempest.lib.common.rest_client [req-5f7cba99-d7d0-40f2-b33e-3107ce6eb96e req-5f7cba99-d7d0-40f2-b33e-3107ce6eb96e ] Request (ServerDiagnosticsNegativeTest:tearDownClass): 200 GET http://10.180.1.21/compute/v2.1/servers/3425040d-d79d-4074-8228-648d60374213 0.357s
