2025-01-16 01:36:18.918 68401 INFO tempest.lib.common.dynamic_creds [-] Created isolated network resources for: credentials: Credentials: {'domain_id': 'default', 'domain_name': 'Default', 'username': 'tempest-HostsAdminNegativeTestJSON-289396414-project-member', 'project_domain_id': 'default', 'project_domain_name': 'Default', 'project_id': '0636e019d565425fbac802c1f83a922e', 'project_name': 'tempest-HostsAdminNegativeTestJSON-289396414', 'tenant_id': '0636e019d565425fbac802c1f83a922e', 'tenant_name': 'tempest-HostsAdminNegativeTestJSON-289396414', 'user_domain_id': 'default', 'user_domain_name': 'Default', 'user_id': '7adf74de3e9d43c7bdb64b675b42cf9a', 'system': None}, Network: None, Subnet: None, Router: None
2025-01-16 01:36:18.951 68415 INFO tempest.lib.common.rest_client [req-7d2add00-f53b-4e32-a1c5-d5ce2481386c req-7d2add00-f53b-4e32-a1c5-d5ce2481386c ] Request (ServerTagsTestJSON:setUpClass): 200 GET http://10.180.1.21/compute/v2.1/servers/60f44718-0206-481f-9c0b-38cf5225679c 2.074s
2025-01-16 01:36:19.000 68401 INFO tempest.lib.common.rest_client [req-de378d55-8303-42da-9321-ac26131eb339 req-de378d55-8303-42da-9321-ac26131eb339 ] Request (HostsAdminNegativeTestJSON:setUpClass): 201 POST http://10.180.1.21/identity/v3/auth/tokens 0.078s
2025-01-16 01:36:19.001 68417 INFO tempest.lib.common.rest_client [req-dd58fa99-0fc5-4feb-95ac-179937bf9855 req-dd58fa99-0fc5-4feb-95ac-179937bf9855 ] Request (ValidationResourcesFixture:setUp): 201 POST http://10.180.1.21:9696/networking/v2.0/security-groups 0.263s
2025-01-16 01:36:19.025 68411 INFO tempest.lib.common.rest_client [req-2007ef7f-7f4b-4515-b8f5-15721d907253 req-2007ef7f-7f4b-4515-b8f5-15721d907253 ] Request (SecurityGroupsNegativeTestJSON:test_delete_the_default_security_group): 400 DELETE http://10.180.1.21/compute/v2.1/os-security-groups/4864e4cb-3db6-46fc-bf62-c77e31ca362e 2.046s
2025-01-16 01:36:19.056 68427 INFO tempest.lib.common.rest_client [req-22feaff1-2636-4fc5-a1c3-5f8b1119e6ae req-22feaff1-2636-4fc5-a1c3-5f8b1119e6ae ] Request (FlavorsAdminTestJSON:test_is_public_string_variations): 200 POST http://10.180.1.21/compute/v2.1/flavors 1.592s
2025-01-16 01:36:19.075 68401 INFO tempest.lib.common.rest_client [req-af528809-6d94-4986-a4cd-66b582ad1855 req-af528809-6d94-4986-a4cd-66b582ad1855 ] Request (HostsAdminNegativeTestJSON:setUpClass): 201 POST http://10.180.1.21/identity/v3/projects 0.074s
2025-01-16 01:36:19.103 68433 INFO tempest.lib.common.rest_client [req-2784a5a8-4ae7-4e7f-8b04-e503363b959d req-2784a5a8-4ae7-4e7f-8b04-e503363b959d ] Request (ImagesOneServerTestJSON:test_create_delete_image): 200 GET http://10.180.1.21/compute/v2.1/images/bf6c973c-de1a-4634-a808-33e4ac4d9844 1.590s
2025-01-16 01:36:19.150 68401 INFO tempest.lib.common.rest_client [req-ca84d87a-bdfd-4e2f-837e-d05f9e4bc0a3 req-ca84d87a-bdfd-4e2f-837e-d05f9e4bc0a3 ] Request (HostsAdminNegativeTestJSON:setUpClass): 201 POST http://10.180.1.21/identity/v3/users 0.074s
2025-01-16 01:36:19.182 68401 INFO tempest.lib.common.rest_client [req-45cf1081-1745-454f-85ec-16fdd5800329 req-45cf1081-1745-454f-85ec-16fdd5800329 ] Request (HostsAdminNegativeTestJSON:setUpClass): 200 GET http://10.180.1.21/identity/v3/roles 0.032s
2025-01-16 01:36:19.211 68407 INFO tempest.lib.common.rest_client [req-7b533ff7-d56b-42ba-a6a5-4b43f15828ea req-7b533ff7-d56b-42ba-a6a5-4b43f15828ea ] Request (DeleteServersAdminTestJSON:test_delete_server_while_in_error_state): 200 GET http://10.180.1.21/compute/v2.1/servers/b710c68a-0dd5-4565-962e-00ce8a433324 1.640s
2025-01-16 01:36:19.245 68401 INFO tempest.lib.common.rest_client [req-43fff643-34b2-4ad3-a41d-dcd25a9d1794 req-43fff643-34b2-4ad3-a41d-dcd25a9d1794 ] Request (HostsAdminNegativeTestJSON:setUpClass): 204 PUT http://10.180.1.21/identity/v3/projects/5394753371f14844b2e06db835b0692b/users/19d0992b9e80430699aa4c1ae3fd692a/roles/c63f6af8266649dcb52a2f7bb069a25c 0.062s
2025-01-16 01:36:19.282 68417 INFO tempest.lib.common.rest_client [req-2bdcad03-66f2-4cf8-af21-945d631df776 req-2bdcad03-66f2-4cf8-af21-945d631df776 ] Request (ValidationResourcesFixture:setUp): 201 POST http://10.180.1.21:9696/networking/v2.0/security-group-rules 0.280s
2025-01-16 01:36:19.317 68397 INFO tempest.lib.common.rest_client [req-647ef8bb-39f6-42f3-8c17-5864a50de298 req-647ef8bb-39f6-42f3-8c17-5864a50de298 ] Request (SecurityGroupRulesTestJSON:tearDownClass): 202 DELETE http://10.180.1.21/compute/v2.1/os-security-groups/2454a5aa-bd21-4cc1-a456-d654a2929eb7 2.114s
2025-01-16 01:36:19.357 68401 INFO tempest.lib.common.rest_client [req-d93c8949-98cb-4899-a26d-405f6389bbbe req-d93c8949-98cb-4899-a26d-405f6389bbbe ] Request (HostsAdminNegativeTestJSON:setUpClass): 200 GET http://10.180.1.21/identity/v3/roles 0.111s
2025-01-16 01:36:19.376 68389 INFO tempest.lib.common.rest_client [req-e8f1dd70-c661-4054-b17b-a1fb578969dd req-e8f1dd70-c661-4054-b17b-a1fb578969dd ] Request (ServersV294TestFqdnHostnames:setUpClass): 200 PUT http://10.180.1.21:9696/networking/v2.0/routers/fe5d5473-ab48-4f8f-8aeb-fb1eadf6b778/add_router_interface 1.783s
2025-01-16 01:36:19.376 68389 INFO tempest.lib.common.dynamic_creds [-] Created isolated network resources for: credentials: Credentials: {'domain_id': 'default', 'domain_name': 'Default', 'username': 'tempest-ServersV294TestFqdnHostnames-1152235389-project-member', 'project_domain_id': 'default', 'project_domain_name': 'Default', 'project_id': '8ab128ea9a104ce7a3227feaec6fdcb3', 'project_name': 'tempest-ServersV294TestFqdnHostnames-1152235389', 'tenant_id': '8ab128ea9a104ce7a3227feaec6fdcb3', 'tenant_name': 'tempest-ServersV294TestFqdnHostnames-1152235389', 'user_domain_id': 'default', 'user_domain_name': 'Default', 'user_id': '32d44e659dd54096b92cd28f198b4230', 'system': None}, Network: {'id': 'ba7d9466-5108-4a47-8835-2905cc1e3e40', 'name': 'tempest-ServersV294TestFqdnHostnames-645758671-network', 'tenant_id': '8ab128ea9a104ce7a3227feaec6fdcb3', 'admin_state_up': True, 'mtu': 8950, 'status': 'ACTIVE', 'subnets': [], 'shared': False, 'project_id': '8ab128ea9a104ce7a3227feaec6fdcb3', 'port_security_enabled': True, 'router:external': False, 'provider:network_type': 'vlan', 'provider:physical_network': 'default', 'provider:segmentation_id': 829, 'availability_zone_hints': [], 'availability_zones': [], 'ipv4_address_scope': None, 'ipv6_address_scope': None, 'description': '', 'tags': [], 'created_at': '2025-01-16T01:36:15Z', 'updated_at': '2025-01-16T01:36:15Z', 'revision_number': 1}, Subnet: {'id': 'de53d20d-4591-40be-8ce3-5409836105bf', 'name': 'tempest-ServersV294TestFqdnHostnames-645758671-subnet', 'tenant_id': '8ab128ea9a104ce7a3227feaec6fdcb3', 'network_id': 'ba7d9466-5108-4a47-8835-2905cc1e3e40', 'ip_version': 4, 'subnetpool_id': None, 'enable_dhcp': True, 'ipv6_ra_mode': None, 'ipv6_address_mode': None, 'gateway_ip': '192.168.128.1', 'cidr': '192.168.128.0/28', 'allocation_pools': [{'start': '192.168.128.2', 'end': '192.168.128.14'}], 'host_routes': [], 'dns_nameservers': [], 'description': '', 'router:external': False, 'service_types': [], 'tags': [], 'created_at': '2025-01-16T01:36:15Z', 'updated_at': '2025-01-16T01:36:15Z', 'revision_number': 0, 'project_id': '8ab128ea9a104ce7a3227feaec6fdcb3'}, Router: {'id': 'fe5d5473-ab48-4f8f-8aeb-fb1eadf6b778', 'name': 'tempest-ServersV294TestFqdnHostnames-645758671-router', 'tenant_id': '8ab128ea9a104ce7a3227feaec6fdcb3', 'admin_state_up': True, 'status': 'ACTIVE', 'external_gateway_info': {'network_id': 'e9fc93c0-b329-4d70-8c25-49ed110e6d54', 'external_fixed_ips': [{'subnet_id': '80db9c7b-2c79-4a45-bc08-7e62dde05b94', 'ip_address': '10.180.180.245'}], 'enable_snat': True}, 'description': '', 'availability_zones': [], 'distributed': False, 'ha': False, 'availability_zone_hints': [], 'routes': [], 'flavor_id': None, 'tags': [], 'created_at': '2025-01-16T01:36:16Z', 'updated_at': '2025-01-16T01:36:16Z', 'revision_number': 2, 'project_id': '8ab128ea9a104ce7a3227feaec6fdcb3'}
2025-01-16 01:36:19.391 68401 INFO tempest.lib.common.rest_client [req-7ec3819b-e246-4d02-abb8-7f0ffd2e791f req-7ec3819b-e246-4d02-abb8-7f0ffd2e791f ] Request (HostsAdminNegativeTestJSON:setUpClass): 204 PUT http://10.180.1.21/identity/v3/projects/5394753371f14844b2e06db835b0692b/users/19d0992b9e80430699aa4c1ae3fd692a/roles/c63f6af8266649dcb52a2f7bb069a25c 0.033s
2025-01-16 01:36:19.391 68401 INFO tempest.lib.common.dynamic_creds [-] Dynamic test user 19d0992b9e80430699aa4c1ae3fd692a is created with scope project and roles: ['admin']
2025-01-16 01:36:19.391 68401 INFO tempest.lib.common.dynamic_creds [-] Acquired dynamic creds: credentials: Credentials: {'domain_id': 'default', 'domain_name': 'Default', 'username': 'tempest-HostsAdminNegativeTestJSON-168932276-project-admin', 'project_domain_id': 'default', 'project_domain_name': 'Default', 'project_id': '5394753371f14844b2e06db835b0692b', 'project_name': 'tempest-HostsAdminNegativeTestJSON-168932276', 'tenant_id': '5394753371f14844b2e06db835b0692b', 'tenant_name': 'tempest-HostsAdminNegativeTestJSON-168932276', 'user_domain_id': 'default', 'user_domain_name': 'Default', 'user_id': '19d0992b9e80430699aa4c1ae3fd692a', 'system': None}, Network: None, Subnet: None, Router: None
2025-01-16 01:36:19.391 68401 INFO tempest.lib.common.dynamic_creds [-] Created isolated network resources for: credentials: Credentials: {'domain_id': 'default', 'domain_name': 'Default', 'username': 'tempest-HostsAdminNegativeTestJSON-168932276-project-admin', 'project_domain_id': 'default', 'project_domain_name': 'Default', 'project_id': '5394753371f14844b2e06db835b0692b', 'project_name': 'tempest-HostsAdminNegativeTestJSON-168932276', 'tenant_id': '5394753371f14844b2e06db835b0692b', 'tenant_name': 'tempest-HostsAdminNegativeTestJSON-168932276', 'user_domain_id': 'default', 'user_domain_name': 'Default', 'user_id': '19d0992b9e80430699aa4c1ae3fd692a', 'system': None}, Network: None, Subnet: None, Router: None
2025-01-16 01:36:19.397 68381 INFO tempest.lib.common.rest_client [req-17fe8378-609f-4d40-af7d-98b6ae92df82 req-17fe8378-609f-4d40-af7d-98b6ae92df82 ] Request (ServerActionsV293TestJSON:setUpClass): 200 GET http://10.180.1.21/volume/v3/volumes/882a2058-5274-4138-b573-8a213425ac90 0.057s
2025-01-16 01:36:19.417 68437 INFO tempest.lib.common.rest_client [req-1e94dd57-e7e9-49bb-b9f4-7bad55be4663 req-1e94dd57-e7e9-49bb-b9f4-7bad55be4663 ] Request (ServerDiagnosticsV248Test:tearDownClass): 200 GET http://10.180.1.21/compute/v2.1/servers/26291caa-bdbf-45cb-a903-5be91ba48052 1.700s
2025-01-16 01:36:19.472 68419 INFO tempest.lib.common.rest_client [req-3becae98-35d0-44f1-b271-ea161e4a40f8 req-3becae98-35d0-44f1-b271-ea161e4a40f8 ] Request (ServersTestBootFromVolume:setUpClass): 200 GET http://10.180.1.21/volume/v3/volumes/6524dcf5-a720-48a2-b5ec-722ab88db88b 0.043s
2025-01-16 01:36:19.480 68389 INFO tempest.lib.common.rest_client [req-06477e2c-8fa3-4ffc-bcdc-d8cf2df0889e req-06477e2c-8fa3-4ffc-bcdc-d8cf2df0889e ] Request (ServersV294TestFqdnHostnames:setUpClass): 201 POST http://10.180.1.21/identity/v3/auth/tokens 0.095s
2025-01-16 01:36:19.504 68401 INFO tempest.lib.common.rest_client [req-247defbf-32cc-4bca-bc51-127978c6f4d5 req-247defbf-32cc-4bca-bc51-127978c6f4d5 ] Request (HostsAdminNegativeTestJSON:setUpClass): 201 POST http://10.180.1.21/identity/v3/auth/tokens 0.107s
2025-01-16 01:36:19.542 68417 INFO tempest.lib.common.rest_client [req-7c64ef0a-985b-42dc-ae5c-4d135e2a0451 req-7c64ef0a-985b-42dc-ae5c-4d135e2a0451 ] Request (ValidationResourcesFixture:setUp): 201 POST http://10.180.1.21:9696/networking/v2.0/security-group-rules 0.258s
2025-01-16 01:36:19.617 68429 INFO tempest.lib.common.rest_client [req-b02cbaa0-1fc5-4361-8d01-fc95b721df5c req-b02cbaa0-1fc5-4361-8d01-fc95b721df5c ] Request (ServersAdminNegativeTestJSON:test_migrate_server_invalid_state): 200 GET http://10.180.1.21/compute/v2.1/servers/fcdf5dee-f078-4438-81ec-50f35cbbf24f 1.818s
2025-01-16 01:36:19.787 68395 INFO tempest.lib.common.rest_client [req-2936f81c-c292-4053-9d66-100418e5f9f3 req-2936f81c-c292-4053-9d66-100418e5f9f3 ] Request (QuotasAdminTestJSON:test_get_updated_quotas): 200 GET http://10.180.1.21/compute/v2.1/os-quota-sets/603fe8146c294d1d839222992b18470d?user_id=2ac4cba8bfa44a06821f5fa6754ae54d 1.790s
2025-01-16 01:36:19.883 68395 INFO tempest.lib.common.rest_client [req-9726a94a-5d69-4dd8-bbe7-4011941d969f req-9726a94a-5d69-4dd8-bbe7-4011941d969f ] Request (QuotasAdminTestJSON:_run_cleanups): 204 DELETE http://10.180.1.21/identity/v3/users/2ac4cba8bfa44a06821f5fa6754ae54d 0.094s
2025-01-16 01:36:19.922 68439 WARNING tempest.lib.common.ssh [-] Failed to establish authenticated ssh connection to cirros@10.180.180.213 ([Errno None] Unable to connect to port 22 on 10.180.180.213). Number attempts: 3. Retry after 4 seconds.: paramiko.ssh_exception.NoValidConnectionsError: [Errno None] Unable to connect to port 22 on 10.180.180.213
2025-01-16 01:36:20.005 68385 INFO tempest.lib.common.rest_client [req-3c2a2a0a-f184-47b8-987a-7a366bc28bc9 req-3c2a2a0a-f184-47b8-987a-7a366bc28bc9 ] Request (ServersNegativeTestJSON:setUpClass): 200 GET http://10.180.1.21/compute/v2.1/servers/5344920a-e824-4ae6-ad29-8415d3015360 1.550s
2025-01-16 01:36:20.018 68391 INFO tempest.lib.common.rest_client [req-a6379388-c0d8-4e7f-ab65-00c20e5f17ac req-a6379388-c0d8-4e7f-ab65-00c20e5f17ac ] Request (AggregatesAdminNegativeTestJSON:test_aggregate_list_as_user): 403 GET http://10.180.1.21/compute/v2.1/os-aggregates 1.457s
2025-01-16 01:36:20.027 68395 INFO tempest.lib.common.rest_client [req-0484f967-bf25-4fce-8f64-c7c5c0f26840 req-0484f967-bf25-4fce-8f64-c7c5c0f26840 ] Request (QuotasAdminTestJSON:_run_cleanups): 204 DELETE http://10.180.1.21/identity/v3/projects/603fe8146c294d1d839222992b18470d 0.143s
2025-01-16 01:36:20.075 68413 INFO tempest.lib.common.rest_client [req-4de5346d-5e1b-4048-adda-89795566e462 req-4de5346d-5e1b-4048-adda-89795566e462 ] Request (ImagesTestJSON:test_create_image_from_suspended_server): 202 POST http://10.180.1.21/compute/v2.1/servers 2.371s
2025-01-16 01:36:20.126 68417 INFO tempest.lib.common.rest_client [req-16a56b63-be1a-4b5c-b130-4793db168d5c req-16a56b63-be1a-4b5c-b130-4793db168d5c ] Request (ValidationResourcesFixture:setUp): 201 POST http://10.180.1.21:9696/networking/v2.0/floatingips 0.583s
2025-01-16 01:36:20.197 68417 INFO tempest.lib.common.rest_client [req-a689e066-4542-4eb6-9dfd-f257297faacb req-a689e066-4542-4eb6-9dfd-f257297faacb ] Request (AttachInterfacesTestJSON:test_create_list_show_delete_interfaces_by_fixed_ip): 201 POST http://10.180.1.21/identity/v3/auth/tokens 0.067s
2025-01-16 01:36:20.197 68417 INFO tempest.lib.common.fixed_network [-] (AttachInterfacesTestJSON:test_create_list_show_delete_interfaces_by_fixed_ip) Found network {'id': '0aff26c9-fb1b-47b0-8451-29c33930185a', 'name': 'tempest-AttachInterfacesTestJSON-1203934541-network', 'tenant_id': 'df15505caa55455eacdf9bd8db775402', 'admin_state_up': True, 'mtu': 8950, 'status': 'ACTIVE', 'subnets': [], 'shared': False, 'project_id': 'df15505caa55455eacdf9bd8db775402', 'port_security_enabled': True, 'router:external': False, 'provider:network_type': 'vlan', 'provider:physical_network': 'default', 'provider:segmentation_id': 481, 'availability_zone_hints': [], 'availability_zones': [], 'ipv4_address_scope': None, 'ipv6_address_scope': None, 'description': '', 'tags': [], 'created_at': '2025-01-16T01:36:11Z', 'updated_at': '2025-01-16T01:36:11Z', 'revision_number': 1} available for tenant
2025-01-16 01:36:20.316 68383 INFO tempest.lib.common.rest_client [req-1b542697-7eac-4bbd-b6cc-98ccde3b553c req-1b542697-7eac-4bbd-b6cc-98ccde3b553c ] Request (SecurityGroupsTestJSON:test_security_groups_create_list_delete): 404 GET http://10.180.1.21/compute/v2.1/os-security-groups/92018ce8-9e62-49a9-b773-c067b0c37f41 1.655s
2025-01-16 01:36:20.394 68399 INFO tempest.lib.common.rest_client [req-c6bbba9f-ef64-4e7f-9bc3-2ab4a2b74c6b req-c6bbba9f-ef64-4e7f-9bc3-2ab4a2b74c6b ] Request (TenantUsagesTestJSON:setUpClass): 200 GET http://10.180.1.21/compute/v2.1/servers/1030d877-b963-4f6a-8965-742bd403e7aa 1.628s
2025-01-16 01:36:20.444 68381 INFO tempest.lib.common.rest_client [req-3316c249-f411-4db9-8775-5e59afc32b1f req-3316c249-f411-4db9-8775-5e59afc32b1f ] Request (ServerActionsV293TestJSON:setUpClass): 200 GET http://10.180.1.21/volume/v3/volumes/882a2058-5274-4138-b573-8a213425ac90 0.031s
2025-01-16 01:36:20.507 68419 INFO tempest.lib.common.rest_client [req-061a3edd-b141-433c-b245-5ebf5e213601 req-061a3edd-b141-433c-b245-5ebf5e213601 ] Request (ServersTestBootFromVolume:setUpClass): 200 GET http://10.180.1.21/volume/v3/volumes/6524dcf5-a720-48a2-b5ec-722ab88db88b 0.027s
2025-01-16 01:36:20.556 68425 INFO tempest.lib.common.rest_client [req-dc0b3971-3394-4d51-89a7-9ecc86d1bb81 req-dc0b3971-3394-4d51-89a7-9ecc86d1bb81 ] Request (ServerDiskConfigTestJSON:test_rebuild_server_with_auto_disk_config): 200 GET http://10.180.1.21/compute/v2.1/servers/2f528407-2bd6-4ef2-a02a-572c94316465 1.899s
2025-01-16 01:36:20.562 68409 WARNING tempest.lib.common.ssh [-] Failed to establish authenticated ssh connection to cirros@10.180.180.193 ([Errno None] Unable to connect to port 22 on 10.180.180.193). Number attempts: 2. Retry after 3 seconds.: paramiko.ssh_exception.NoValidConnectionsError: [Errno None] Unable to connect to port 22 on 10.180.180.193
2025-01-16 01:36:20.700 68435 INFO tempest.lib.common.rest_client [req-5b1b9eb2-956a-44d7-9869-3d3babff8aca req-5b1b9eb2-956a-44d7-9869-3d3babff8aca ] Request (FloatingIPsAssociationNegativeTestJSON:tearDownClass): 200 GET http://10.180.1.21/compute/v2.1/servers/e1a29ed5-b2be-43d8-b094-d70b5671d223 1.855s
2025-01-16 01:36:20.727 68421 INFO tempest.lib.common.rest_client [req-9df093bb-1b1a-46da-8d89-b4100b926bef req-9df093bb-1b1a-46da-8d89-b4100b926bef ] Request (ServerDiagnosticsNegativeTest:test_get_server_diagnostics_by_non_admin): 200 GET http://10.180.1.21/compute/v2.1/servers/3425040d-d79d-4074-8228-648d60374213 1.824s
2025-01-16 01:36:20.735 68421 INFO tempest.common.waiters [-] State transition "BUILD/spawning" ==> "ACTIVE/None" after 26 second wait
2025-01-16 01:36:20.750 68411 INFO tempest.lib.common.rest_client [req-f19b0aca-e65e-4124-9b2d-f4e7271bd798 req-f19b0aca-e65e-4124-9b2d-f4e7271bd798 ] Request (SecurityGroupsNegativeTestJSON:test_security_group_get_nonexistent_group): 404 GET http://10.180.1.21/compute/v2.1/os-security-groups/922019e7-a399-480b-b47d-361ae6933b89 1.721s
2025-01-16 01:36:20.773 68427 INFO tempest.lib.common.rest_client [req-0aad66e2-20b2-4d7f-8f07-ad19d104b914 req-0aad66e2-20b2-4d7f-8f07-ad19d104b914 ] Request (FlavorsAdminTestJSON:test_is_public_string_variations): 200 GET http://10.180.1.21/compute/v2.1/flavors/detail?is_public=f 1.714s
2025-01-16 01:36:20.776 68431 INFO tempest.lib.common.rest_client [req-2c0f4784-e984-40d4-9ce5-98d9ba3d0473 req-2c0f4784-e984-40d4-9ce5-98d9ba3d0473 ] Request (ServerAddressesTestJSON:tearDownClass): 200 GET http://10.180.1.21/compute/v2.1/servers/403bc23e-0bb5-4d8a-8b43-c7a0a933d187 1.772s
2025-01-16 01:36:20.818 68403 INFO tempest.lib.common.rest_client [req-7bbcf36e-b668-4f4a-8526-44735de9b0e7 req-7bbcf36e-b668-4f4a-8526-44735de9b0e7 ] Request (MultipleCreateTestJSON:setUpClass): 201 POST http://10.180.1.21:9696/networking/v2.0/routers 2.083s
2025-01-16 01:36:20.841 68387 INFO tempest.lib.common.rest_client [req-768b7273-47c2-49ba-a80a-49bf7dec4b2b req-768b7273-47c2-49ba-a80a-49bf7dec4b2b ] Request (ListImageFiltersTestJSON:setUpClass): 200 GET http://10.180.1.21/compute/v2.1/servers/570c7c49-9bc8-4bea-86af-51679a0c5dc2 1.715s
2025-01-16 01:36:20.912 68397 INFO tempest.lib.common.rest_client [req-1622aaa2-eb18-40b6-b1f9-ebbef3035e5a req-1622aaa2-eb18-40b6-b1f9-ebbef3035e5a ] Request (SecurityGroupRulesTestJSON:tearDownClass): 202 DELETE http://10.180.1.21/compute/v2.1/os-security-groups/9b227a0d-9944-48ec-b52f-e6202b8a9c3b 1.594s
2025-01-16 01:36:21.020 68389 INFO tempest.lib.common.rest_client [req-3472fe6a-fe44-4968-a285-ea906f78207a req-3472fe6a-fe44-4968-a285-ea906f78207a ] Request (ServersV294TestFqdnHostnames:setUpClass): 201 POST http://10.180.1.21/compute/v2.1/os-keypairs 1.538s
2025-01-16 01:36:21.074 68423 INFO tempest.lib.common.rest_client [req-8812349e-e8a3-47fa-b8ea-004516360d09 req-8812349e-e8a3-47fa-b8ea-004516360d09 ] Request (AttachInterfacesV270Test:test_create_get_list_interfaces): 200 GET http://10.180.1.21/compute/v2.1/servers/c69e62fb-7776-4064-a296-3e09564d780c 1.590s
2025-01-16 01:36:21.135 68401 INFO tempest.lib.common.rest_client [req-d69f1898-ee09-47a9-849c-d7b6428edac1 req-d69f1898-ee09-47a9-849c-d7b6428edac1 ] Request (HostsAdminNegativeTestJSON:setUpClass): 200 GET http://10.180.1.21/compute/v2.1/os-hosts 1.630s
2025-01-16 01:36:21.197 68389 INFO tempest.lib.common.rest_client [req-e06755de-52de-4922-bea0-015228157e37 req-e06755de-52de-4922-bea0-015228157e37 ] Request (ServersV294TestFqdnHostnames:setUpClass): 201 POST http://10.180.1.21:9696/networking/v2.0/security-groups 0.176s
2025-01-16 01:36:21.206 68377 INFO tempest.lib.common.rest_client [req-5990146c-9d00-4f25-998e-0ef84ecaf086 req-5990146c-9d00-4f25-998e-0ef84ecaf086 ] Request (ImagesNegativeTestJSON:test_create_image_from_deleted_server): 200 GET http://10.180.1.21/compute/v2.1/servers/ac7a1c8b-3988-4ca3-ae03-2d5877ae916c 1.464s
2025-01-16 01:36:21.218 68377 INFO tempest.common.waiters [-] State transition "BUILD/scheduling" ==> "BUILD/None" after 3 second wait
2025-01-16 01:36:21.219 68379 INFO tempest.lib.common.rest_client [req-73ad5d4e-1cd0-4987-97ad-be8fe1b349c3 req-73ad5d4e-1cd0-4987-97ad-be8fe1b349c3 ] Request (MigrationsAdminTest:test_list_migrations_in_flavor_resize_situation): 200 GET http://10.180.1.21/compute/v2.1/servers/26375696-a789-4eec-91cf-47ef118b2bbe 1.657s
2025-01-16 01:36:21.262 68391 INFO tempest.lib.common.rest_client [req-07ff1494-5f8f-4b32-a1c6-96118d50667f req-07ff1494-5f8f-4b32-a1c6-96118d50667f ] Request (AggregatesAdminNegativeTestJSON:test_aggregate_remove_host_as_user): 200 POST http://10.180.1.21/compute/v2.1/os-aggregates 1.242s
2025-01-16 01:36:21.336 68389 INFO tempest.lib.common.rest_client [req-21567e72-bdda-407c-a795-69fe732cac71 req-21567e72-bdda-407c-a795-69fe732cac71 ] Request (ServersV294TestFqdnHostnames:setUpClass): 201 POST http://10.180.1.21:9696/networking/v2.0/security-group-rules 0.138s
2025-01-16 01:36:21.358 68395 INFO tempest.lib.common.rest_client [req-c7027e57-2ba9-4dbb-91d8-836ff1f51466 req-c7027e57-2ba9-4dbb-91d8-836ff1f51466 ] Request (QuotasAdminTestJSON:test_update_all_quota_resources_for_tenant): 200 GET http://10.180.1.21/compute/v2.1/os-quota-sets/d993611ff9da4025ba4302a22d1ddec6/defaults 1.328s
2025-01-16 01:36:21.361 68415 INFO tempest.lib.common.rest_client [req-9803d482-0ea9-4921-a772-a20bb3df0be5 req-9803d482-0ea9-4921-a772-a20bb3df0be5 ] Request (ServerTagsTestJSON:setUpClass): 200 GET http://10.180.1.21/compute/v2.1/servers/60f44718-0206-481f-9c0b-38cf5225679c 1.397s
2025-01-16 01:36:21.371 68415 INFO tempest.common.waiters [-] State transition "BUILD/spawning" ==> "ACTIVE/None" after 26 second wait
2025-01-16 01:36:21.403 68433 INFO tempest.lib.common.rest_client [req-027d8f67-2785-41ed-a0de-c856ddf1adce req-027d8f67-2785-41ed-a0de-c856ddf1adce ] Request (ImagesOneServerTestJSON:test_create_delete_image): 200 GET http://10.180.1.21/compute/v2.1/images/bf6c973c-de1a-4634-a808-33e4ac4d9844 1.295s
2025-01-16 01:36:21.409 68413 INFO tempest.lib.common.rest_client [req-dd529261-7a0b-471d-a996-0e7fe51bcb94 req-dd529261-7a0b-471d-a996-0e7fe51bcb94 ] Request (ImagesTestJSON:test_create_image_from_suspended_server): 200 GET http://10.180.1.21/compute/v2.1/servers/882bab59-0b93-4d23-8321-e8c09965dab2 1.332s
2025-01-16 01:36:21.474 68407 INFO tempest.lib.common.rest_client [req-c5541d95-05dc-4e59-8d1b-5f6923436e69 req-c5541d95-05dc-4e59-8d1b-5f6923436e69 ] Request (DeleteServersAdminTestJSON:test_delete_server_while_in_error_state): 200 GET http://10.180.1.21/compute/v2.1/servers/b710c68a-0dd5-4565-962e-00ce8a433324 1.251s
2025-01-16 01:36:21.483 68389 INFO tempest.lib.common.rest_client [req-1f10fffb-6f7d-4a36-91df-abbc679fc76e req-1f10fffb-6f7d-4a36-91df-abbc679fc76e ] Request (ServersV294TestFqdnHostnames:setUpClass): 201 POST http://10.180.1.21:9696/networking/v2.0/security-group-rules 0.147s
2025-01-16 01:36:21.491 68381 INFO tempest.lib.common.rest_client [req-f2b76d23-d2b3-4319-a70f-5f55a23b4cce req-f2b76d23-d2b3-4319-a70f-5f55a23b4cce ] Request (ServerActionsV293TestJSON:setUpClass): 200 GET http://10.180.1.21/volume/v3/volumes/882a2058-5274-4138-b573-8a213425ac90 0.034s
2025-01-16 01:36:21.548 68419 INFO tempest.lib.common.rest_client [req-b5eb3117-4cf4-46e1-b9af-b2acd9c4ad50 req-b5eb3117-4cf4-46e1-b9af-b2acd9c4ad50 ] Request (ServersTestBootFromVolume:setUpClass): 200 GET http://10.180.1.21/volume/v3/volumes/6524dcf5-a720-48a2-b5ec-722ab88db88b 0.029s
2025-01-16 01:36:21.905 68383 INFO tempest.lib.common.rest_client [req-1a2fdedc-1be3-4b1c-a4b4-8e0b22231c19 req-1a2fdedc-1be3-4b1c-a4b4-8e0b22231c19 ] Request (SecurityGroupsTestJSON:test_security_groups_create_list_delete): 202 DELETE http://10.180.1.21/compute/v2.1/os-security-groups/acf652d9-488d-4d50-826f-228185953809 1.588s
2025-01-16 01:36:22.037 68437 INFO tempest.lib.common.rest_client [req-b1c8ad4c-074c-4c63-b710-ff2aff66b085 req-b1c8ad4c-074c-4c63-b710-ff2aff66b085 ] Request (ServerDiagnosticsV248Test:tearDownClass): 200 GET http://10.180.1.21/compute/v2.1/servers/26291caa-bdbf-45cb-a903-5be91ba48052 1.606s
2025-01-16 01:36:22.298 68403 INFO tempest.lib.common.rest_client [req-e94a72f5-a79f-4ca8-81a3-7aa044f83514 req-e94a72f5-a79f-4ca8-81a3-7aa044f83514 ] Request (MultipleCreateTestJSON:setUpClass): 200 PUT http://10.180.1.21:9696/networking/v2.0/routers/6518119a-960f-495a-840a-85b0e45c4bfd/add_router_interface 1.478s
2025-01-16 01:36:22.298 68403 INFO tempest.lib.common.dynamic_creds [-] Created isolated network resources for: credentials: Credentials: {'domain_id': 'default', 'domain_name': 'Default', 'username': 'tempest-MultipleCreateTestJSON-1399745693-project-member', 'project_domain_id': 'default', 'project_domain_name': 'Default', 'project_id': '1ec9a9548cd34bc98e8d695db024d590', 'project_name': 'tempest-MultipleCreateTestJSON-1399745693', 'tenant_id': '1ec9a9548cd34bc98e8d695db024d590', 'tenant_name': 'tempest-MultipleCreateTestJSON-1399745693', 'user_domain_id': 'default', 'user_domain_name': 'Default', 'user_id': 'f4d9d99a55ec4b2c91da59f79b6021c3', 'system': None}, Network: {'id': 'fc47a09f-a7a9-4ee7-b2ae-a012d8a6edc2', 'name': 'tempest-MultipleCreateTestJSON-604804206-network', 'tenant_id': '1ec9a9548cd34bc98e8d695db024d590', 'admin_state_up': True, 'mtu': 8950, 'status': 'ACTIVE', 'subnets': [], 'shared': False, 'project_id': '1ec9a9548cd34bc98e8d695db024d590', 'port_security_enabled': True, 'router:external': False, 'provider:network_type': 'vlan', 'provider:physical_network': 'default', 'provider:segmentation_id': 293, 'availability_zone_hints': [], 'availability_zones': [], 'ipv4_address_scope': None, 'ipv6_address_scope': None, 'description': '', 'tags': [], 'created_at': '2025-01-16T01:36:18Z', 'updated_at': '2025-01-16T01:36:18Z', 'revision_number': 1}, Subnet: {'id': 'd0e2f86a-cdcc-4488-8de4-ad9bf91616d6', 'name': 'tempest-MultipleCreateTestJSON-604804206-subnet', 'tenant_id': '1ec9a9548cd34bc98e8d695db024d590', 'network_id': 'fc47a09f-a7a9-4ee7-b2ae-a012d8a6edc2', 'ip_version': 4, 'subnetpool_id': None, 'enable_dhcp': True, 'ipv6_ra_mode': None, 'ipv6_address_mode': None, 'gateway_ip': '192.168.128.1', 'cidr': '192.168.128.0/28', 'allocation_pools': [{'start': '192.168.128.2', 'end': '192.168.128.14'}], 'host_routes': [], 'dns_nameservers': [], 'description': '', 'router:external': False, 'service_types': [], 'tags': [], 'created_at': '2025-01-16T01:36:18Z', 'updated_at': '2025-01-16T01:36:18Z', 'revision_number': 0, 'project_id': '1ec9a9548cd34bc98e8d695db024d590'}, Router: {'id': '6518119a-960f-495a-840a-85b0e45c4bfd', 'name': 'tempest-MultipleCreateTestJSON-604804206-router', 'tenant_id': '1ec9a9548cd34bc98e8d695db024d590', 'admin_state_up': True, 'status': 'ACTIVE', 'external_gateway_info': {'network_id': 'e9fc93c0-b329-4d70-8c25-49ed110e6d54', 'external_fixed_ips': [{'subnet_id': '80db9c7b-2c79-4a45-bc08-7e62dde05b94', 'ip_address': '10.180.180.132'}], 'enable_snat': True}, 'description': '', 'availability_zones': [], 'distributed': False, 'ha': False, 'availability_zone_hints': [], 'routes': [], 'flavor_id': None, 'tags': [], 'created_at': '2025-01-16T01:36:18Z', 'updated_at': '2025-01-16T01:36:19Z', 'revision_number': 2, 'project_id': '1ec9a9548cd34bc98e8d695db024d590'}
2025-01-16 01:36:22.401 68403 INFO tempest.lib.common.rest_client [req-114196a3-247b-4bde-a75c-621cc367bc47 req-114196a3-247b-4bde-a75c-621cc367bc47 ] Request (MultipleCreateTestJSON:setUpClass): 201 POST http://10.180.1.21/identity/v3/auth/tokens 0.100s
2025-01-16 01:36:22.428 68429 INFO tempest.lib.common.rest_client [req-1d2a77ad-d406-4bae-b12e-9e3838d9fd8f req-1d2a77ad-d406-4bae-b12e-9e3838d9fd8f ] Request (ServersAdminNegativeTestJSON:test_migrate_server_invalid_state): 200 GET http://10.180.1.21/compute/v2.1/servers/fcdf5dee-f078-4438-81ec-50f35cbbf24f 1.799s
2025-01-16 01:36:22.448 68403 INFO tempest.lib.common.rest_client [req-766baada-f0de-4129-a0cb-d17f289b1288 req-766baada-f0de-4129-a0cb-d17f289b1288 ] Request (MultipleCreateTestJSON:test_multiple_create): 201 POST http://10.180.1.21/identity/v3/auth/tokens 0.038s
2025-01-16 01:36:22.448 68403 INFO tempest.lib.common.fixed_network [-] (MultipleCreateTestJSON:test_multiple_create) Found network {'id': 'fc47a09f-a7a9-4ee7-b2ae-a012d8a6edc2', 'name': 'tempest-MultipleCreateTestJSON-604804206-network', 'tenant_id': '1ec9a9548cd34bc98e8d695db024d590', 'admin_state_up': True, 'mtu': 8950, 'status': 'ACTIVE', 'subnets': [], 'shared': False, 'project_id': '1ec9a9548cd34bc98e8d695db024d590', 'port_security_enabled': True, 'router:external': False, 'provider:network_type': 'vlan', 'provider:physical_network': 'default', 'provider:segmentation_id': 293, 'availability_zone_hints': [], 'availability_zones': [], 'ipv4_address_scope': None, 'ipv6_address_scope': None, 'description': '', 'tags': [], 'created_at': '2025-01-16T01:36:18Z', 'updated_at': '2025-01-16T01:36:18Z', 'revision_number': 1} available for tenant
2025-01-16 01:36:22.469 68421 INFO tempest.lib.common.rest_client [req-2bc709c0-1927-4984-98c7-6c7112fb0fd7 req-2bc709c0-1927-4984-98c7-6c7112fb0fd7 ] Request (ServerDiagnosticsNegativeTest:test_get_server_diagnostics_by_non_admin): 403 GET http://10.180.1.21/compute/v2.1/servers/3425040d-d79d-4074-8228-648d60374213/diagnostics 1.734s
2025-01-16 01:36:22.508 68411 INFO tempest.lib.common.rest_client [req-b67c86ed-7dfe-4847-8888-1ee55815a137 req-b67c86ed-7dfe-4847-8888-1ee55815a137 ] Request (SecurityGroupsNegativeTestJSON:test_update_non_existent_security_group): 404 PUT http://10.180.1.21/compute/v2.1/os-security-groups/3bb4821d-1c81-400e-bf0b-de92831cd92d 1.756s
2025-01-16 01:36:22.537 68427 INFO tempest.lib.common.rest_client [req-65918e65-55a5-4d55-9046-fabb33391e85 req-65918e65-55a5-4d55-9046-fabb33391e85 ] Request (FlavorsAdminTestJSON:test_is_public_string_variations): 200 GET http://10.180.1.21/compute/v2.1/flavors/detail?is_public=false 1.759s
2025-01-16 01:36:22.559 68381 INFO tempest.lib.common.rest_client [req-ca4d4cc1-1ae3-4d3e-ac08-b75fc75e0f94 req-ca4d4cc1-1ae3-4d3e-ac08-b75fc75e0f94 ] Request (ServerActionsV293TestJSON:setUpClass): 200 GET http://10.180.1.21/volume/v3/volumes/882a2058-5274-4138-b573-8a213425ac90 0.057s
2025-01-16 01:36:22.588 68419 INFO tempest.lib.common.rest_client [req-e7c759d8-cbf9-4058-ba06-65e27956b04e req-e7c759d8-cbf9-4058-ba06-65e27956b04e ] Request (ServersTestBootFromVolume:setUpClass): 200 GET http://10.180.1.21/volume/v3/volumes/6524dcf5-a720-48a2-b5ec-722ab88db88b 0.032s
2025-01-16 01:36:22.611 68417 INFO tempest.lib.common.rest_client [req-9157ddd7-129e-4434-994e-94f8c80ec18c req-9157ddd7-129e-4434-994e-94f8c80ec18c ] Request (AttachInterfacesTestJSON:test_create_list_show_delete_interfaces_by_fixed_ip): 202 POST http://10.180.1.21/compute/v2.1/servers 2.412s
2025-01-16 01:36:22.841 68397 INFO tempest.lib.common.rest_client [req-191cb7e3-75c1-4e82-bee6-2ec6996b1f97 req-191cb7e3-75c1-4e82-bee6-2ec6996b1f97 ] Request (SecurityGroupRulesTestJSON:tearDownClass): 202 DELETE http://10.180.1.21/compute/v2.1/os-security-groups/73685b10-ac89-43ea-8678-0be636356f4f 1.928s
2025-01-16 01:36:22.896 68385 INFO tempest.lib.common.rest_client [req-3c84cf0d-e664-4ad5-8195-e9b3d8aa9fff req-3c84cf0d-e664-4ad5-8195-e9b3d8aa9fff ] Request (ServersNegativeTestJSON:setUpClass): 200 GET http://10.180.1.21/compute/v2.1/servers/5344920a-e824-4ae6-ad29-8415d3015360 1.877s
2025-01-16 01:36:22.986 68401 INFO tempest.lib.common.rest_client [req-4fb80ffa-9453-40a5-b13c-9850871101fc req-4fb80ffa-9453-40a5-b13c-9850871101fc ] Request (HostsAdminNegativeTestJSON:test_list_hosts_with_non_admin_user): 403 GET http://10.180.1.21/compute/v2.1/os-hosts 1.849s
2025-01-16 01:36:23.107 68389 INFO tempest.lib.common.rest_client [req-1f3ec419-d9f3-4c06-ba1f-6f9cf0523c00 req-1f3ec419-d9f3-4c06-ba1f-6f9cf0523c00 ] Request (ServersV294TestFqdnHostnames:setUpClass): 201 POST http://10.180.1.21:9696/networking/v2.0/floatingips 1.623s
2025-01-16 01:36:23.125 68391 INFO tempest.lib.common.rest_client [req-8f591943-76cc-4dcd-9d06-49259913830c req-8f591943-76cc-4dcd-9d06-49259913830c ] Request (AggregatesAdminNegativeTestJSON:test_aggregate_remove_host_as_user): 200 POST http://10.180.1.21/compute/v2.1/os-aggregates/7/action 1.860s
2025-01-16 01:36:23.168 68389 INFO tempest.lib.common.rest_client [req-b5190a6e-784a-42c3-9a2d-5ecae8c81df7 req-b5190a6e-784a-42c3-9a2d-5ecae8c81df7 ] Request (ServersV294TestFqdnHostnames:setUpClass): 201 POST http://10.180.1.21/identity/v3/auth/tokens 0.059s
2025-01-16 01:36:23.169 68389 INFO tempest.lib.common.fixed_network [-] (ServersV294TestFqdnHostnames:setUpClass) Found network {'id': 'ba7d9466-5108-4a47-8835-2905cc1e3e40', 'name': 'tempest-ServersV294TestFqdnHostnames-645758671-network', 'tenant_id': '8ab128ea9a104ce7a3227feaec6fdcb3', 'admin_state_up': True, 'mtu': 8950, 'status': 'ACTIVE', 'subnets': [], 'shared': False, 'project_id': '8ab128ea9a104ce7a3227feaec6fdcb3', 'port_security_enabled': True, 'router:external': False, 'provider:network_type': 'vlan', 'provider:physical_network': 'default', 'provider:segmentation_id': 829, 'availability_zone_hints': [], 'availability_zones': [], 'ipv4_address_scope': None, 'ipv6_address_scope': None, 'description': '', 'tags': [], 'created_at': '2025-01-16T01:36:15Z', 'updated_at': '2025-01-16T01:36:15Z', 'revision_number': 1} available for tenant
2025-01-16 01:36:23.254 68395 INFO tempest.lib.common.rest_client [req-dabd026f-7965-42c4-8988-a82e70da6a05 req-dabd026f-7965-42c4-8988-a82e70da6a05 ] Request (QuotasAdminTestJSON:test_update_all_quota_resources_for_tenant): 200 PUT http://10.180.1.21/compute/v2.1/os-quota-sets/d993611ff9da4025ba4302a22d1ddec6 1.894s
2025-01-16 01:36:23.306 68415 INFO tempest.lib.common.rest_client [req-eb75a3ec-b46c-44ac-9ca3-639462f1c71d req-eb75a3ec-b46c-44ac-9ca3-639462f1c71d ] Request (ServerTagsTestJSON:test_check_tag_existence): 201 PUT http://10.180.1.21/compute/v2.1/servers/60f44718-0206-481f-9c0b-38cf5225679c/tags/tempest-tag-229281777 1.934s
2025-01-16 01:36:23.359 68399 INFO tempest.lib.common.rest_client [req-a4835215-331a-453d-b569-bc4fcd8a3ead req-a4835215-331a-453d-b569-bc4fcd8a3ead ] Request (TenantUsagesTestJSON:setUpClass): 200 GET http://10.180.1.21/compute/v2.1/servers/1030d877-b963-4f6a-8965-742bd403e7aa 1.958s
2025-01-16 01:36:23.448 68435 INFO tempest.lib.common.rest_client [req-8907062a-ff74-4ec4-83dc-a40b2ffe5400 req-8907062a-ff74-4ec4-83dc-a40b2ffe5400 ] Request (FloatingIPsAssociationNegativeTestJSON:tearDownClass): 200 GET http://10.180.1.21/compute/v2.1/servers/e1a29ed5-b2be-43d8-b094-d70b5671d223 1.740s
2025-01-16 01:36:23.499 68425 INFO tempest.lib.common.rest_client [req-613d0008-565b-4d74-88cd-059f93ea94ef req-613d0008-565b-4d74-88cd-059f93ea94ef ] Request (ServerDiskConfigTestJSON:test_rebuild_server_with_auto_disk_config): 200 GET http://10.180.1.21/compute/v2.1/servers/2f528407-2bd6-4ef2-a02a-572c94316465 1.935s
2025-01-16 01:36:23.539 68431 INFO tempest.lib.common.rest_client [req-4d515f44-87f8-48cf-8847-020ba729032e req-4d515f44-87f8-48cf-8847-020ba729032e ] Request (ServerAddressesTestJSON:tearDownClass): 200 GET http://10.180.1.21/compute/v2.1/servers/403bc23e-0bb5-4d8a-8b43-c7a0a933d187 1.753s
2025-01-16 01:36:23.598 68381 INFO tempest.lib.common.rest_client [req-941ae598-9c32-49b5-bcc5-b1b864d17752 req-941ae598-9c32-49b5-bcc5-b1b864d17752 ] Request (ServerActionsV293TestJSON:setUpClass): 200 GET http://10.180.1.21/volume/v3/volumes/882a2058-5274-4138-b573-8a213425ac90 0.030s
2025-01-16 01:36:23.630 68419 INFO tempest.lib.common.rest_client [req-245222ff-1b42-49d5-87d9-adb300f8c0dd req-245222ff-1b42-49d5-87d9-adb300f8c0dd ] Request (ServersTestBootFromVolume:setUpClass): 200 GET http://10.180.1.21/volume/v3/volumes/6524dcf5-a720-48a2-b5ec-722ab88db88b 0.035s
2025-01-16 01:36:23.668 68411 INFO tempest.lib.common.rest_client [req-72642515-c8ec-4929-882f-b53bc0717f23 req-72642515-c8ec-4929-882f-b53bc0717f23 ] Request (SecurityGroupsNegativeTestJSON:tearDownClass): 200 PUT http://10.180.1.21:9696/networking/v2.0/routers/7cebabfe-e9dd-4b04-89d9-b89d908c1f54/remove_router_interface 1.157s
2025-01-16 01:36:23.698 68405 WARNING tempest.lib.common.ssh [-] Failed to establish authenticated ssh connection to cirros@10.180.180.229 ([Errno None] Unable to connect to port 22 on 10.180.180.229). Number attempts: 3. Retry after 4 seconds.: paramiko.ssh_exception.NoValidConnectionsError: [Errno None] Unable to connect to port 22 on 10.180.180.229
2025-01-16 01:36:23.777 68383 INFO tempest.lib.common.rest_client [req-bee17b27-522f-4c53-b5a1-30eb0cfbb0db req-bee17b27-522f-4c53-b5a1-30eb0cfbb0db ] Request (SecurityGroupsTestJSON:test_security_groups_create_list_delete): 404 GET http://10.180.1.21/compute/v2.1/os-security-groups/acf652d9-488d-4d50-826f-228185953809 1.871s
2025-01-16 01:36:23.781 68387 INFO tempest.lib.common.rest_client [req-9782f104-9f47-40b8-8d76-425de2d6a4b6 req-9782f104-9f47-40b8-8d76-425de2d6a4b6 ] Request (ListImageFiltersTestJSON:setUpClass): 200 GET http://10.180.1.21/compute/v2.1/servers/570c7c49-9bc8-4bea-86af-51679a0c5dc2 1.932s
2025-01-16 01:36:23.850 68377 INFO tempest.lib.common.rest_client [req-94cc0922-bdff-4bf5-a2a1-57d94e19a069 req-94cc0922-bdff-4bf5-a2a1-57d94e19a069 ] Request (ImagesNegativeTestJSON:test_create_image_from_deleted_server): 200 GET http://10.180.1.21/compute/v2.1/servers/ac7a1c8b-3988-4ca3-ae03-2d5877ae916c 1.631s
2025-01-16 01:36:24.020 68423 INFO tempest.lib.common.rest_client [req-ffc3b519-d153-43cd-8741-3f701faeddff req-ffc3b519-d153-43cd-8741-3f701faeddff ] Request (AttachInterfacesV270Test:test_create_get_list_interfaces): 200 GET http://10.180.1.21/compute/v2.1/servers/c69e62fb-7776-4064-a296-3e09564d780c 1.932s
2025-01-16 01:36:24.032 68411 INFO tempest.lib.common.rest_client [req-597535b2-15a0-480b-92e5-06e27bf067cf req-597535b2-15a0-480b-92e5-06e27bf067cf ] Request (SecurityGroupsNegativeTestJSON:tearDownClass): 204 DELETE http://10.180.1.21:9696/networking/v2.0/routers/7cebabfe-e9dd-4b04-89d9-b89d908c1f54 0.364s
2025-01-16 01:36:24.066 68433 INFO tempest.lib.common.rest_client [req-1a9d0f4e-f315-441d-98c7-dd92ede83fb7 req-1a9d0f4e-f315-441d-98c7-dd92ede83fb7 ] Request (ImagesOneServerTestJSON:test_create_delete_image): 200 GET http://10.180.1.21/compute/v2.1/images/bf6c973c-de1a-4634-a808-33e4ac4d9844 1.656s
2025-01-16 01:36:24.084 68379 INFO tempest.lib.common.rest_client [req-b496d408-ddae-4843-868f-15a9bf9a62fe req-b496d408-ddae-4843-868f-15a9bf9a62fe ] Request (MigrationsAdminTest:test_list_migrations_in_flavor_resize_situation): 200 GET http://10.180.1.21/compute/v2.1/servers/26375696-a789-4eec-91cf-47ef118b2bbe 1.856s
2025-01-16 01:36:24.094 68379 INFO tempest.common.waiters [-] State transition "RESIZE/resize_prep" ==> "RESIZE/resize_migrating" after 20 second wait
2025-01-16 01:36:24.140 68413 INFO tempest.lib.common.rest_client [req-d225eca8-49ad-4751-b68e-823f12b1e32b req-d225eca8-49ad-4751-b68e-823f12b1e32b ] Request (ImagesTestJSON:test_create_image_from_suspended_server): 200 GET http://10.180.1.21/compute/v2.1/servers/882bab59-0b93-4d23-8321-e8c09965dab2 1.723s
2025-01-16 01:36:24.141 68411 INFO tempest.lib.common.rest_client [req-577beed2-daa2-4173-a20c-023f45d7bbc7 req-577beed2-daa2-4173-a20c-023f45d7bbc7 ] Request (SecurityGroupsNegativeTestJSON:tearDownClass): 204 DELETE http://10.180.1.21:9696/networking/v2.0/subnets/0362a7a3-bd36-499e-be18-4a9e1dce36f7 0.108s
2025-01-16 01:36:24.243 68421 INFO tempest.lib.common.rest_client [req-c0008d05-51af-4b80-b578-b5a973cde4a1 req-c0008d05-51af-4b80-b578-b5a973cde4a1 ] Request (ServerDiagnosticsNegativeTest:tearDownClass): 204 DELETE http://10.180.1.21/compute/v2.1/servers/3425040d-d79d-4074-8228-648d60374213 1.768s
2025-01-16 01:36:24.321 68407 INFO tempest.lib.common.rest_client [req-108bf55b-fba9-45e6-9920-d5820320076b req-108bf55b-fba9-45e6-9920-d5820320076b ] Request (DeleteServersAdminTestJSON:test_delete_server_while_in_error_state): 200 GET http://10.180.1.21/compute/v2.1/servers/b710c68a-0dd5-4565-962e-00ce8a433324 1.837s
2025-01-16 01:36:24.335 68427 INFO tempest.lib.common.rest_client [req-db0fa893-ad0d-4de0-8a8c-4d348dbee055 req-db0fa893-ad0d-4de0-8a8c-4d348dbee055 ] Request (FlavorsAdminTestJSON:test_is_public_string_variations): 200 GET http://10.180.1.21/compute/v2.1/flavors/detail?is_public=no 1.789s
2025-01-16 01:36:24.339 68393 WARNING tempest.lib.common.ssh [-] Failed to establish authenticated ssh connection to cirros@10.180.180.211 ([Errno None] Unable to connect to port 22 on 10.180.180.211). Number attempts: 3. Retry after 4 seconds.: paramiko.ssh_exception.NoValidConnectionsError: [Errno None] Unable to connect to port 22 on 10.180.180.211
2025-01-16 01:36:24.421 68417 INFO tempest.lib.common.rest_client [req-05be03c5-fd15-40cb-a8e8-b71f1b254810 req-05be03c5-fd15-40cb-a8e8-b71f1b254810 ] Request (AttachInterfacesTestJSON:test_create_list_show_delete_interfaces_by_fixed_ip): 200 GET http://10.180.1.21/compute/v2.1/servers/e6597109-844a-47f7-85b9-1c3be44606a8 1.809s
2025-01-16 01:36:24.432 68401 INFO tempest.lib.common.rest_client [req-6d1dc7ea-eb04-41d3-85e4-d6cac54d1437 req-6d1dc7ea-eb04-41d3-85e4-d6cac54d1437 ] Request (HostsAdminNegativeTestJSON:test_reboot_host_with_non_admin_user): 403 GET http://10.180.1.21/compute/v2.1/os-hosts/devstack/reboot 1.444s
2025-01-16 01:36:24.476 68411 INFO tempest.lib.common.rest_client [req-3d228bbf-90b5-4cbb-9d8a-098bfcb734b4 req-3d228bbf-90b5-4cbb-9d8a-098bfcb734b4 ] Request (SecurityGroupsNegativeTestJSON:tearDownClass): 204 DELETE http://10.180.1.21:9696/networking/v2.0/networks/01c1ef54-d677-4640-93c7-14a941ae629e 0.334s
2025-01-16 01:36:24.506 68437 INFO tempest.lib.common.rest_client [req-5cbae912-4666-43e1-9e19-8130112fb0f6 req-5cbae912-4666-43e1-9e19-8130112fb0f6 ] Request (ServerDiagnosticsV248Test:tearDownClass): 200 GET http://10.180.1.21/compute/v2.1/servers/26291caa-bdbf-45cb-a903-5be91ba48052 1.452s
2025-01-16 01:36:24.512 68391 INFO tempest.lib.common.rest_client [req-d1392d66-e035-44d9-9b69-8ef6b7726c02 req-d1392d66-e035-44d9-9b69-8ef6b7726c02 ] Request (AggregatesAdminNegativeTestJSON:test_aggregate_remove_host_as_user): 403 POST http://10.180.1.21/compute/v2.1/os-aggregates/7/action 1.384s
2025-01-16 01:36:24.602 68411 INFO tempest.lib.common.rest_client [req-c8f1bc27-259e-4100-9b43-db3a77fe5926 req-c8f1bc27-259e-4100-9b43-db3a77fe5926 ] Request (SecurityGroupsNegativeTestJSON:tearDownClass): 204 DELETE http://10.180.1.21/identity/v3/users/708e53e062fa46e8868ab765ec48a3c6 0.125s
2025-01-16 01:36:24.602 68411 INFO tempest.lib.common.dynamic_creds [-] Deleting project and security group for project: ff3f4a6eb78343e6885a1526c82330b3
2025-01-16 01:36:24.641 68381 INFO tempest.lib.common.rest_client [req-5b61c2c2-b075-455b-94cf-74104b544351 req-5b61c2c2-b075-455b-94cf-74104b544351 ] Request (ServerActionsV293TestJSON:setUpClass): 200 GET http://10.180.1.21/volume/v3/volumes/882a2058-5274-4138-b573-8a213425ac90 0.032s
2025-01-16 01:36:24.641 68411 INFO tempest.lib.common.rest_client [req-8912801d-fdac-4106-89ce-be1c24908b65 req-8912801d-fdac-4106-89ce-be1c24908b65 ] Request (SecurityGroupsNegativeTestJSON:tearDownClass): 200 GET http://10.180.1.21:9696/networking/v2.0/security-groups?tenant_id=ff3f4a6eb78343e6885a1526c82330b3&name=default 0.039s
2025-01-16 01:36:24.665 68419 INFO tempest.lib.common.rest_client [req-b943ec06-1276-4e98-87a6-c282469aaf2e req-b943ec06-1276-4e98-87a6-c282469aaf2e ] Request (ServersTestBootFromVolume:setUpClass): 200 GET http://10.180.1.21/volume/v3/volumes/6524dcf5-a720-48a2-b5ec-722ab88db88b 0.026s
2025-01-16 01:36:24.733 68397 INFO tempest.lib.common.rest_client [req-84a8ee83-e12f-4296-87d2-1b8888b66ce1 req-84a8ee83-e12f-4296-87d2-1b8888b66ce1 ] Request (SecurityGroupRulesTestJSON:tearDownClass): 200 PUT http://10.180.1.21:9696/networking/v2.0/routers/7425b59c-7b0e-4215-be7e-ab8a6977ba8d/remove_router_interface 1.892s
2025-01-16 01:36:24.807 68411 INFO tempest.lib.common.rest_client [req-8ebd6797-866b-4019-8751-a8aef7c84720 req-8ebd6797-866b-4019-8751-a8aef7c84720 ] Request (SecurityGroupsNegativeTestJSON:tearDownClass): 204 DELETE http://10.180.1.21:9696/networking/v2.0/security-groups/4864e4cb-3db6-46fc-bf62-c77e31ca362e 0.164s
2025-01-16 01:36:24.821 68403 INFO tempest.lib.common.rest_client [req-1a3b0914-760c-413d-ab05-bf72a1f5768f req-1a3b0914-760c-413d-ab05-bf72a1f5768f ] Request (MultipleCreateTestJSON:test_multiple_create): 202 POST http://10.180.1.21/compute/v2.1/servers 2.372s
2025-01-16 01:36:24.973 68411 INFO tempest.lib.common.rest_client [req-84c560a2-08ef-482b-a28c-43c202296465 req-84c560a2-08ef-482b-a28c-43c202296465 ] Request (SecurityGroupsNegativeTestJSON:tearDownClass): 204 DELETE http://10.180.1.21/identity/v3/projects/ff3f4a6eb78343e6885a1526c82330b3 0.166s
2025-01-16 01:36:25.073 68389 INFO tempest.lib.common.rest_client [req-7b015934-fd9c-4f80-996e-6ea0851ce70e req-7b015934-fd9c-4f80-996e-6ea0851ce70e ] Request (ServersV294TestFqdnHostnames:setUpClass): 202 POST http://10.180.1.21/compute/v2.1/servers 1.903s
2025-01-16 01:36:25.101 68411 INFO tempest.lib.common.rest_client [req-622ee3f6-9771-41ad-98f9-b773bc4c65f3 req-622ee3f6-9771-41ad-98f9-b773bc4c65f3 ] Request (ServerActionsTestOtherA:setUpClass): 201 POST http://10.180.1.21/identity/v3/auth/tokens 0.125s
2025-01-16 01:36:25.103 68415 INFO tempest.lib.common.rest_client [req-66d5cf36-7106-442c-8645-88ea67974756 req-66d5cf36-7106-442c-8645-88ea67974756 ] Request (ServerTagsTestJSON:test_check_tag_existence): 204 GET http://10.180.1.21/compute/v2.1/servers/60f44718-0206-481f-9c0b-38cf5225679c/tags/tempest-tag-229281777 1.796s
2025-01-16 01:36:25.132 68411 INFO tempest.lib.common.rest_client [req-168fffb0-90e9-4b15-b4d1-6431b35893c8 req-168fffb0-90e9-4b15-b4d1-6431b35893c8 ] Request (ServerActionsTestOtherA:setUpClass): 201 POST http://10.180.1.21/identity/v3/auth/tokens 0.028s
2025-01-16 01:36:25.166 68411 INFO tempest.lib.common.rest_client [req-d7ea0220-14cb-479f-b858-5316e4f0a795 req-d7ea0220-14cb-479f-b858-5316e4f0a795 ] Request (ServerActionsTestOtherA:setUpClass): 200 GET http://10.180.1.21/identity/v3/domains?name=Default 0.034s
2025-01-16 01:36:25.207 68411 INFO tempest.lib.common.rest_client [req-e447a7aa-d3a1-451e-ba41-46c6b37484d9 req-e447a7aa-d3a1-451e-ba41-46c6b37484d9 ] Request (ServerActionsTestOtherA:setUpClass): 201 POST http://10.180.1.21/identity/v3/projects 0.040s
2025-01-16 01:36:25.272 68429 INFO tempest.lib.common.rest_client [req-e4ef0b7d-5d0b-4452-b48d-ee765833476f req-e4ef0b7d-5d0b-4452-b48d-ee765833476f ] Request (ServersAdminNegativeTestJSON:test_migrate_server_invalid_state): 200 GET http://10.180.1.21/compute/v2.1/servers/fcdf5dee-f078-4438-81ec-50f35cbbf24f 1.832s
2025-01-16 01:36:25.296 68411 INFO tempest.lib.common.rest_client [req-7c01665e-2e0f-42d5-946e-b87636349439 req-7c01665e-2e0f-42d5-946e-b87636349439 ] Request (ServerActionsTestOtherA:setUpClass): 201 POST http://10.180.1.21/identity/v3/users 0.088s
2025-01-16 01:36:25.320 68395 INFO tempest.lib.common.rest_client [req-2547bb47-49bc-4ec9-ba90-b1756d0de95c req-2547bb47-49bc-4ec9-ba90-b1756d0de95c ] Request (QuotasAdminTestJSON:_run_cleanups): 200 PUT http://10.180.1.21/compute/v2.1/os-quota-sets/d993611ff9da4025ba4302a22d1ddec6 2.063s
2025-01-16 01:36:25.335 68411 INFO tempest.lib.common.rest_client [req-99af91d0-a7e5-4ed5-aeae-18a7d2e1d28f req-99af91d0-a7e5-4ed5-aeae-18a7d2e1d28f ] Request (ServerActionsTestOtherA:setUpClass): 200 GET http://10.180.1.21/identity/v3/roles 0.039s
2025-01-16 01:36:25.447 68395 INFO tempest.lib.common.rest_client [req-023e017c-3f09-480b-882c-906ce079b460 req-023e017c-3f09-480b-882c-906ce079b460 ] Request (QuotasAdminTestJSON:tearDownClass): 204 DELETE http://10.180.1.21/identity/v3/users/3f8918aceb8149d8bd30ba2504712f9c 0.120s
2025-01-16 01:36:25.453 68397 INFO tempest.lib.common.rest_client [req-576b5c2e-af9f-49a3-82cc-04d2f5549194 req-576b5c2e-af9f-49a3-82cc-04d2f5549194 ] Request (SecurityGroupRulesTestJSON:tearDownClass): 204 DELETE http://10.180.1.21:9696/networking/v2.0/routers/7425b59c-7b0e-4215-be7e-ab8a6977ba8d 0.720s
2025-01-16 01:36:25.485 68383 INFO tempest.lib.common.rest_client [req-b9f1af71-13d1-4c32-af93-d2cd68c25ea4 req-b9f1af71-13d1-4c32-af93-d2cd68c25ea4 ] Request (SecurityGroupsTestJSON:test_security_groups_create_list_delete): 202 DELETE http://10.180.1.21/compute/v2.1/os-security-groups/72b31e70-741d-4f9b-9175-d36906d7922e 1.706s
