2025-01-16 01:37:58.680 68407 INFO tempest.lib.common.rest_client [req-017f96bd-db10-43db-82b4-a2a9889d3372 req-017f96bd-db10-43db-82b4-a2a9889d3372 ] Request (ServersTestMultiNic:test_verify_duplicate_network_nics): 200 GET http://10.180.1.21/compute/v2.1/servers/b10ead28-9f49-4633-b23a-7563f7eca055 0.057s
2025-01-16 01:37:58.884 68405 INFO tempest.lib.common.rest_client [req-e1ba45ef-7189-4bba-9728-57e31b67440c req-e1ba45ef-7189-4bba-9728-57e31b67440c ] Request (ServersWithSpecificFlavorTestJSON:test_verify_created_server_ephemeral_disk): 200 GET http://10.180.1.21/compute/v2.1/servers/c6ff97d8-27e3-4885-985e-d454b8f558f5 0.056s
2025-01-16 01:37:58.897 68411 INFO tempest.lib.common.rest_client [req-30e224b4-e429-498c-8f5b-d56ca554eba8 req-30e224b4-e429-498c-8f5b-d56ca554eba8 ] Request (ServerActionsTestOtherA:setUpClass): 200 GET http://10.180.1.21/compute/v2.1/servers/defb57fb-0f0a-4679-8c22-0945fc0a1664 0.120s
2025-01-16 01:37:58.975 68397 INFO tempest.lib.common.rest_client [req-b7b5a96d-a916-49e8-907f-9ee52841066f req-b7b5a96d-a916-49e8-907f-9ee52841066f ] Request (InstanceActionsTestJSON:tearDownClass): 200 GET http://10.180.1.21/compute/v2.1/servers/92f2cf26-2254-43e9-83d0-8136d6ac51e7 0.059s
2025-01-16 01:37:59.067 68385 INFO tempest.lib.common.rest_client [req-0b1f5c21-1f8d-47d6-88f1-027c41d70c87 req-0b1f5c21-1f8d-47d6-88f1-027c41d70c87 ] Request (ServersNegativeTestJSON:setUpClass): 200 GET http://10.180.1.21/compute/v2.1/servers/3717ebd5-ce7f-48ea-a834-c87e75fadadd 0.053s
2025-01-16 01:37:59.204 68395 INFO tempest.lib.common.rest_client [req-119bad05-2c73-4ce7-9f38-586c38ecf204 req-119bad05-2c73-4ce7-9f38-586c38ecf204 ] Request (ServersAaction247Test:tearDownClass): 200 GET http://10.180.1.21/compute/v2.1/servers/1c8e5a82-5373-4c48-9214-31773d5ab4bb 0.060s
2025-01-16 01:37:59.262 68403 INFO tempest.lib.common.rest_client [req-a0a5bde6-9ea0-46e9-9700-1a28003236a6 req-a0a5bde6-9ea0-46e9-9700-1a28003236a6 ] Request (MultipleCreateTestJSON:_run_cleanups): 200 GET http://10.180.1.21/compute/v2.1/servers/78bf71b8-cd5f-4550-b611-a4a4be9dd013 0.061s
2025-01-16 01:37:59.382 68387 INFO tempest.lib.common.rest_client [req-c74b9471-1c22-4cf7-a123-0ba60c11b75c req-c74b9471-1c22-4cf7-a123-0ba60c11b75c ] Request (ListImageFiltersTestJSON:tearDownClass): 200 GET http://10.180.1.21/compute/v2.1/servers/570c7c49-9bc8-4bea-86af-51679a0c5dc2 0.073s
2025-01-16 01:37:59.425 68425 INFO tempest.lib.common.rest_client [req-b8ae0c76-703b-495d-9cbf-eac741bd5a1d req-b8ae0c76-703b-495d-9cbf-eac741bd5a1d ] Request (ServerDiskConfigTestJSON:test_rebuild_server_with_manual_disk_config): 200 GET http://10.180.1.21/compute/v2.1/servers/28ec0106-157e-4e23-b188-7d82f690e559 0.145s
2025-01-16 01:37:59.457 68383 INFO tempest.lib.common.rest_client [req-4fb2a3a7-cdc4-42f5-b519-95af1a42e657 req-4fb2a3a7-cdc4-42f5-b519-95af1a42e657 ] Request (SecurityGroupsTestJSON:test_server_security_groups): 200 GET http://10.180.1.21/compute/v2.1/servers/2cf3cc94-a9a5-4275-9a77-ba9e1ddb3fa1 0.108s
2025-01-16 01:37:59.487 68427 INFO tempest.lib.common.rest_client [req-c0072ccb-9402-482a-ba10-e67222999948 req-c0072ccb-9402-482a-ba10-e67222999948 ] Request (ServersTestFqdnHostnames:test_create_server_with_fqdn_name): 200 GET http://10.180.1.21/compute/v2.1/servers/99fe39eb-5075-4b07-af3a-4d751be4e50a 0.113s
2025-01-16 01:37:59.513 68423 INFO tempest.lib.common.rest_client [req-2942c08d-b0cb-4759-a0f6-0db2c05d4e94 req-2942c08d-b0cb-4759-a0f6-0db2c05d4e94 ] Request (AttachVolumeNegativeTest:test_attach_attached_volume_to_different_server): 200 GET http://10.180.1.21/compute/v2.1/servers/44a56a4f-665a-428d-85b1-434938ca88b0 0.072s
2025-01-16 01:37:59.516 68439 INFO tempest.lib.common.rest_client [req-92157a44-0ecb-4701-aa82-b2ae5fb2ba64 req-92157a44-0ecb-4701-aa82-b2ae5fb2ba64 ] Request (VolumesAssistedSnapshotsTest:_run_cleanups): 200 GET http://10.180.1.21/volume/v3/volumes/c7e9ec67-e5d5-4f0d-a7e2-b9e91c6ae882 0.034s
2025-01-16 01:37:59.550 68401 INFO tempest.lib.common.rest_client [req-79f766c2-6235-49fc-8dae-8b9d4c38f47b req-79f766c2-6235-49fc-8dae-8b9d4c38f47b ] Request (ServersAdmin275Test:test_rebuild_update_server_275): 200 GET http://10.180.1.21/compute/v2.1/servers/d72a441d-8993-4eb1-bb9d-67ed97920723 0.073s
2025-01-16 01:37:59.570 68413 INFO tempest.lib.common.rest_client [req-9db3f99b-d78e-4ad2-a51b-161f7ea0252a req-9db3f99b-d78e-4ad2-a51b-161f7ea0252a ] Request (ImagesTestJSON:test_create_server_from_snapshot): 200 GET http://10.180.1.21/compute/v2.1/servers/66e4bd18-5b1e-4854-960b-cf890d53c7cb 0.066s
2025-01-16 01:37:59.605 68415 INFO tempest.lib.common.rest_client [req-9f591a02-9382-46ac-8471-5778170977cb req-9f591a02-9382-46ac-8471-5778170977cb ] Request (ServerShowV254Test:test_rebuild_server): 200 GET http://10.180.1.21/compute/v2.1/servers/8ab09ec8-012b-4295-b55e-204de8b7e79e 0.059s
2025-01-16 01:37:59.670 68435 INFO tempest.lib.common.rest_client [req-40cf270c-22ac-4547-b6ff-0b5a4cbb8ca6 req-40cf270c-22ac-4547-b6ff-0b5a4cbb8ca6 ] Request (ImagesOneServerNegativeTestJSON:setUpClass): 200 GET http://10.180.1.21/compute/v2.1/servers/6ad16be6-039f-4bdc-aa25-20ee8743c728 0.062s
2025-01-16 01:37:59.676 68429 INFO tempest.lib.common.rest_client [req-c973b5a6-b244-4dc7-b0f3-e60154719b1b req-c973b5a6-b244-4dc7-b0f3-e60154719b1b ] Request (ServersAdminNegativeTestJSON:tearDownClass): 200 GET http://10.180.1.21/compute/v2.1/servers/2e9302e8-7348-4fdf-8cfb-a6e7308c7726 0.072s
2025-01-16 01:37:59.725 68379 INFO tempest.lib.common.rest_client [req-55d1069b-cd30-4ac6-a41d-171e656600ac req-55d1069b-cd30-4ac6-a41d-171e656600ac ] Request (MigrationsAdminTest:test_resize_server_revert_deleted_flavor): 200 GET http://10.180.1.21/compute/v2.1/servers/e5540ead-917b-4a5b-a11e-d5bed9ea0331 0.067s
2025-01-16 01:37:59.745 68407 INFO tempest.lib.common.rest_client [req-830eb091-e2fd-48ad-9b5e-aadce9068e99 req-830eb091-e2fd-48ad-9b5e-aadce9068e99 ] Request (ServersTestMultiNic:test_verify_duplicate_network_nics): 200 GET http://10.180.1.21/compute/v2.1/servers/b10ead28-9f49-4633-b23a-7563f7eca055 0.056s
2025-01-16 01:37:59.803 68389 WARNING tempest.lib.common.ssh [-] Failed to establish authenticated ssh connection to cirros@10.180.180.167 ([Errno None] Unable to connect to port 22 on 10.180.180.167). Number attempts: 6. Retry after 7 seconds.: paramiko.ssh_exception.NoValidConnectionsError: [Errno None] Unable to connect to port 22 on 10.180.180.167
2025-01-16 01:37:59.947 68405 INFO tempest.lib.common.rest_client [req-9cbcfe41-4116-4f84-b67a-fba8c8a90149 req-9cbcfe41-4116-4f84-b67a-fba8c8a90149 ] Request (ServersWithSpecificFlavorTestJSON:test_verify_created_server_ephemeral_disk): 200 GET http://10.180.1.21/compute/v2.1/servers/c6ff97d8-27e3-4885-985e-d454b8f558f5 0.055s
2025-01-16 01:38:00.012 68411 INFO tempest.lib.common.rest_client [req-33dc56ff-af45-4679-beb6-a47c1261ad9e req-33dc56ff-af45-4679-beb6-a47c1261ad9e ] Request (ServerActionsTestOtherA:setUpClass): 200 GET http://10.180.1.21/compute/v2.1/servers/defb57fb-0f0a-4679-8c22-0945fc0a1664 0.107s
2025-01-16 01:38:00.045 68397 INFO tempest.lib.common.rest_client [req-f6c5d08e-51ab-4a73-9d4b-86180446e9be req-f6c5d08e-51ab-4a73-9d4b-86180446e9be ] Request (InstanceActionsTestJSON:tearDownClass): 200 GET http://10.180.1.21/compute/v2.1/servers/92f2cf26-2254-43e9-83d0-8136d6ac51e7 0.063s
2025-01-16 01:38:00.128 68385 INFO tempest.lib.common.rest_client [req-72bd9663-bb1e-4b80-8343-1a475392e644 req-72bd9663-bb1e-4b80-8343-1a475392e644 ] Request (ServersNegativeTestJSON:setUpClass): 200 GET http://10.180.1.21/compute/v2.1/servers/3717ebd5-ce7f-48ea-a834-c87e75fadadd 0.053s
2025-01-16 01:38:00.274 68395 INFO tempest.lib.common.rest_client [req-a34ed3d6-0ff0-4496-81b6-0a78cc4c36b8 req-a34ed3d6-0ff0-4496-81b6-0a78cc4c36b8 ] Request (ServersAaction247Test:tearDownClass): 200 GET http://10.180.1.21/compute/v2.1/servers/1c8e5a82-5373-4c48-9214-31773d5ab4bb 0.059s
2025-01-16 01:38:00.327 68403 INFO tempest.lib.common.rest_client [req-553dd484-de44-4f57-824a-8abcc8b073d1 req-553dd484-de44-4f57-824a-8abcc8b073d1 ] Request (MultipleCreateTestJSON:_run_cleanups): 200 GET http://10.180.1.21/compute/v2.1/servers/78bf71b8-cd5f-4550-b611-a4a4be9dd013 0.058s
2025-01-16 01:38:00.456 68387 INFO tempest.lib.common.rest_client [req-1528b394-92ae-4fb5-9da3-fe410a2c14f8 req-1528b394-92ae-4fb5-9da3-fe410a2c14f8 ] Request (ListImageFiltersTestJSON:tearDownClass): 200 GET http://10.180.1.21/compute/v2.1/servers/570c7c49-9bc8-4bea-86af-51679a0c5dc2 0.061s
2025-01-16 01:38:00.530 68383 INFO tempest.lib.common.rest_client [req-31ce371d-d954-48d4-ae2f-be1b820abdd6 req-31ce371d-d954-48d4-ae2f-be1b820abdd6 ] Request (SecurityGroupsTestJSON:test_server_security_groups): 200 GET http://10.180.1.21/compute/v2.1/servers/2cf3cc94-a9a5-4275-9a77-ba9e1ddb3fa1 0.065s
2025-01-16 01:38:00.541 68439 INFO tempest.lib.common.rest_client [req-0a113b1b-fe59-45e3-bac7-1fe14c53429b req-0a113b1b-fe59-45e3-bac7-1fe14c53429b ] Request (VolumesAssistedSnapshotsTest:_run_cleanups): 404 GET http://10.180.1.21/volume/v3/volumes/c7e9ec67-e5d5-4f0d-a7e2-b9e91c6ae882 0.014s
2025-01-16 01:38:00.559 68425 INFO tempest.lib.common.rest_client [req-acce9cee-39ea-495d-9307-87cb35453261 req-acce9cee-39ea-495d-9307-87cb35453261 ] Request (ServerDiskConfigTestJSON:test_rebuild_server_with_manual_disk_config): 200 GET http://10.180.1.21/compute/v2.1/servers/28ec0106-157e-4e23-b188-7d82f690e559 0.125s
2025-01-16 01:38:00.578 68427 INFO tempest.lib.common.rest_client [req-8f534664-f2cf-4d6b-aa21-0749460290ba req-8f534664-f2cf-4d6b-aa21-0749460290ba ] Request (ServersTestFqdnHostnames:test_create_server_with_fqdn_name): 200 GET http://10.180.1.21/compute/v2.1/servers/99fe39eb-5075-4b07-af3a-4d751be4e50a 0.079s
2025-01-16 01:38:00.609 68423 INFO tempest.lib.common.rest_client [req-d1adb33b-84da-48ba-a734-eb2d01f5fcb1 req-d1adb33b-84da-48ba-a734-eb2d01f5fcb1 ] Request (AttachVolumeNegativeTest:test_attach_attached_volume_to_different_server): 200 GET http://10.180.1.21/compute/v2.1/servers/44a56a4f-665a-428d-85b1-434938ca88b0 0.087s
2025-01-16 01:38:00.654 68439 INFO tempest.lib.common.rest_client [req-cdad8662-6520-4ae6-90ee-d719cc94ad17 req-cdad8662-6520-4ae6-90ee-d719cc94ad17 ] Request (VolumesAssistedSnapshotsTest:tearDownClass): 204 DELETE http://10.180.1.21/compute/v2.1/servers/cce416e6-1f41-4086-9490-1ff08fca5994 0.107s
2025-01-16 01:38:00.666 68401 INFO tempest.lib.common.rest_client [req-c5eed271-d452-4b6e-a782-a9b13fdee55e req-c5eed271-d452-4b6e-a782-a9b13fdee55e ] Request (ServersAdmin275Test:test_rebuild_update_server_275): 200 GET http://10.180.1.21/compute/v2.1/servers/d72a441d-8993-4eb1-bb9d-67ed97920723 0.101s
2025-01-16 01:38:00.705 68413 INFO tempest.lib.common.rest_client [req-4475d3d6-72cb-40aa-8ac3-8b4258df63c8 req-4475d3d6-72cb-40aa-8ac3-8b4258df63c8 ] Request (ImagesTestJSON:test_create_server_from_snapshot): 200 GET http://10.180.1.21/compute/v2.1/servers/66e4bd18-5b1e-4854-960b-cf890d53c7cb 0.125s
2025-01-16 01:38:00.719 68415 INFO tempest.lib.common.rest_client [req-731c9482-8b86-480e-b136-890331e0a2ea req-731c9482-8b86-480e-b136-890331e0a2ea ] Request (ServerShowV254Test:test_rebuild_server): 200 GET http://10.180.1.21/compute/v2.1/servers/8ab09ec8-012b-4295-b55e-204de8b7e79e 0.105s
2025-01-16 01:38:00.784 68435 INFO tempest.lib.common.rest_client [req-51455043-b738-4379-8a53-7d96d3c56c17 req-51455043-b738-4379-8a53-7d96d3c56c17 ] Request (ImagesOneServerNegativeTestJSON:setUpClass): 200 GET http://10.180.1.21/compute/v2.1/servers/6ad16be6-039f-4bdc-aa25-20ee8743c728 0.107s
2025-01-16 01:38:00.787 68381 WARNING tempest.lib.common.ssh [-] Failed to establish authenticated ssh connection to cirros@10.180.180.183 ([Errno None] Unable to connect to port 22 on 10.180.180.183). Number attempts: 2. Retry after 3 seconds.: paramiko.ssh_exception.NoValidConnectionsError: [Errno None] Unable to connect to port 22 on 10.180.180.183
2025-01-16 01:38:00.852 68419 WARNING tempest.lib.common.ssh [-] Failed to establish authenticated ssh connection to cirros@10.180.180.230 ([Errno None] Unable to connect to port 22 on 10.180.180.230). Number attempts: 1. Retry after 2 seconds.: paramiko.ssh_exception.NoValidConnectionsError: [Errno None] Unable to connect to port 22 on 10.180.180.230
2025-01-16 01:38:00.865 68429 INFO tempest.lib.common.rest_client [req-14d8f543-e262-492e-97b8-a369130b90f2 req-14d8f543-e262-492e-97b8-a369130b90f2 ] Request (ServersAdminNegativeTestJSON:tearDownClass): 200 GET http://10.180.1.21/compute/v2.1/servers/2e9302e8-7348-4fdf-8cfb-a6e7308c7726 0.182s
2025-01-16 01:38:00.878 68439 INFO tempest.lib.common.rest_client [req-a6e6ad18-ee51-4a9a-99c7-2a57f7037a2f req-a6e6ad18-ee51-4a9a-99c7-2a57f7037a2f ] Request (VolumesAssistedSnapshotsTest:tearDownClass): 200 GET http://10.180.1.21/compute/v2.1/servers/cce416e6-1f41-4086-9490-1ff08fca5994 0.223s
2025-01-16 01:38:00.915 68417 WARNING tempest.lib.common.ssh [-] Failed to establish authenticated ssh connection to cirros@10.180.180.175 ([Errno None] Unable to connect to port 22 on 10.180.180.175). Number attempts: 7. Retry after 8 seconds.: paramiko.ssh_exception.NoValidConnectionsError: [Errno None] Unable to connect to port 22 on 10.180.180.175
2025-01-16 01:38:00.920 68379 INFO tempest.lib.common.rest_client [req-01dbb43b-66c8-42ba-be65-e286cd125948 req-01dbb43b-66c8-42ba-be65-e286cd125948 ] Request (MigrationsAdminTest:test_resize_server_revert_deleted_flavor): 200 GET http://10.180.1.21/compute/v2.1/servers/e5540ead-917b-4a5b-a11e-d5bed9ea0331 0.187s
2025-01-16 01:38:00.931 68407 INFO tempest.lib.common.rest_client [req-16c35185-096a-4afe-83a4-0ae90ed20ed1 req-16c35185-096a-4afe-83a4-0ae90ed20ed1 ] Request (ServersTestMultiNic:test_verify_duplicate_network_nics): 200 GET http://10.180.1.21/compute/v2.1/servers/b10ead28-9f49-4633-b23a-7563f7eca055 0.179s
2025-01-16 01:38:01.014 68405 INFO tempest.lib.common.rest_client [req-5e8a0f73-ac9e-44f2-8204-078e4486fb3f req-5e8a0f73-ac9e-44f2-8204-078e4486fb3f ] Request (ServersWithSpecificFlavorTestJSON:test_verify_created_server_ephemeral_disk): 200 GET http://10.180.1.21/compute/v2.1/servers/c6ff97d8-27e3-4885-985e-d454b8f558f5 0.059s
2025-01-16 01:38:01.118 68397 INFO tempest.lib.common.rest_client [req-57920569-185c-4c42-98d2-be8464458fea req-57920569-185c-4c42-98d2-be8464458fea ] Request (InstanceActionsTestJSON:tearDownClass): 200 GET http://10.180.1.21/compute/v2.1/servers/92f2cf26-2254-43e9-83d0-8136d6ac51e7 0.065s
2025-01-16 01:38:01.168 68411 INFO tempest.lib.common.rest_client [req-cf76afb5-cae4-48ab-890d-e13cb0bd53ff req-cf76afb5-cae4-48ab-890d-e13cb0bd53ff ] Request (ServerActionsTestOtherA:setUpClass): 200 GET http://10.180.1.21/compute/v2.1/servers/defb57fb-0f0a-4679-8c22-0945fc0a1664 0.149s
2025-01-16 01:38:01.194 68385 INFO tempest.lib.common.rest_client [req-f8664485-7ba8-4c57-8858-d934e7a4a660 req-f8664485-7ba8-4c57-8858-d934e7a4a660 ] Request (ServersNegativeTestJSON:setUpClass): 200 GET http://10.180.1.21/compute/v2.1/servers/3717ebd5-ce7f-48ea-a834-c87e75fadadd 0.059s
2025-01-16 01:38:01.351 68395 INFO tempest.lib.common.rest_client [req-d033d9ea-5520-404e-9279-2ac0089d1841 req-d033d9ea-5520-404e-9279-2ac0089d1841 ] Request (ServersAaction247Test:tearDownClass): 200 GET http://10.180.1.21/compute/v2.1/servers/1c8e5a82-5373-4c48-9214-31773d5ab4bb 0.068s
2025-01-16 01:38:01.361 68403 INFO tempest.lib.common.rest_client [req-40f7abff-fb02-4a73-8bd4-05f39d0d19cc req-40f7abff-fb02-4a73-8bd4-05f39d0d19cc ] Request (MultipleCreateTestJSON:_run_cleanups): 404 GET http://10.180.1.21/compute/v2.1/servers/78bf71b8-cd5f-4550-b611-a4a4be9dd013 0.023s
2025-01-16 01:38:01.387 68403 INFO tempest.lib.common.rest_client [req-af885f34-40e5-4b36-a8bf-80704ad519e7 req-af885f34-40e5-4b36-a8bf-80704ad519e7 ] Request (MultipleCreateTestJSON:_run_cleanups): 404 GET http://10.180.1.21/compute/v2.1/servers/52aa995a-6a58-4ded-987e-a5a92dc98982 0.025s
2025-01-16 01:38:01.460 68403 INFO tempest.lib.common.rest_client [req-45af523e-2cef-49a0-9009-941d859b0d5c req-45af523e-2cef-49a0-9009-941d859b0d5c ] Request (MultipleCreateTestJSON:test_multiple_create_with_reservation_return): 201 POST http://10.180.1.21/identity/v3/auth/tokens 0.067s
2025-01-16 01:38:01.460 68403 INFO tempest.lib.common.fixed_network [-] (MultipleCreateTestJSON:test_multiple_create_with_reservation_return) Found network {'id': 'fc47a09f-a7a9-4ee7-b2ae-a012d8a6edc2', 'name': 'tempest-MultipleCreateTestJSON-604804206-network', 'tenant_id': '1ec9a9548cd34bc98e8d695db024d590', 'admin_state_up': True, 'mtu': 8950, 'status': 'ACTIVE', 'subnets': [], 'shared': False, 'project_id': '1ec9a9548cd34bc98e8d695db024d590', 'port_security_enabled': True, 'router:external': False, 'provider:network_type': 'vlan', 'provider:physical_network': 'default', 'provider:segmentation_id': 293, 'availability_zone_hints': [], 'availability_zones': [], 'ipv4_address_scope': None, 'ipv6_address_scope': None, 'description': '', 'tags': [], 'created_at': '2025-01-16T01:36:18Z', 'updated_at': '2025-01-16T01:36:18Z', 'revision_number': 1} available for tenant
2025-01-16 01:38:01.549 68387 INFO tempest.lib.common.rest_client [req-ff97a8aa-9370-4e43-83f8-90c516543316 req-ff97a8aa-9370-4e43-83f8-90c516543316 ] Request (ListImageFiltersTestJSON:tearDownClass): 200 GET http://10.180.1.21/compute/v2.1/servers/570c7c49-9bc8-4bea-86af-51679a0c5dc2 0.085s
2025-01-16 01:38:01.611 68383 INFO tempest.lib.common.rest_client [req-26c650d6-53ed-4e0c-b3e1-a42accc6b43c req-26c650d6-53ed-4e0c-b3e1-a42accc6b43c ] Request (SecurityGroupsTestJSON:test_server_security_groups): 200 GET http://10.180.1.21/compute/v2.1/servers/2cf3cc94-a9a5-4275-9a77-ba9e1ddb3fa1 0.072s
2025-01-16 01:38:01.761 68425 INFO tempest.lib.common.rest_client [req-0d357379-0679-4e79-b620-78bc1b7bb8ae req-0d357379-0679-4e79-b620-78bc1b7bb8ae ] Request (ServerDiskConfigTestJSON:test_rebuild_server_with_manual_disk_config): 200 GET http://10.180.1.21/compute/v2.1/servers/28ec0106-157e-4e23-b188-7d82f690e559 0.195s
2025-01-16 01:38:01.831 68427 INFO tempest.lib.common.rest_client [req-47bc6824-e9f9-4bd9-9edf-9f24fd4bf971 req-47bc6824-e9f9-4bd9-9edf-9f24fd4bf971 ] Request (ServersTestFqdnHostnames:test_create_server_with_fqdn_name): 200 GET http://10.180.1.21/compute/v2.1/servers/99fe39eb-5075-4b07-af3a-4d751be4e50a 0.245s
2025-01-16 01:38:01.878 68403 INFO tempest.lib.common.rest_client [req-cf4e30aa-f5e5-4da8-a364-c0507bff3b7c req-cf4e30aa-f5e5-4da8-a364-c0507bff3b7c ] Request (MultipleCreateTestJSON:test_multiple_create_with_reservation_return): 202 POST http://10.180.1.21/compute/v2.1/servers 0.417s
2025-01-16 01:38:01.890 68423 INFO tempest.lib.common.rest_client [req-9c27ee6a-9c2e-438f-851d-fc232f0a98de req-9c27ee6a-9c2e-438f-851d-fc232f0a98de ] Request (AttachVolumeNegativeTest:test_attach_attached_volume_to_different_server): 200 GET http://10.180.1.21/compute/v2.1/servers/44a56a4f-665a-428d-85b1-434938ca88b0 0.269s
2025-01-16 01:38:01.935 68401 INFO tempest.lib.common.rest_client [req-77dfeef2-86c0-4401-8742-3b151a88e382 req-77dfeef2-86c0-4401-8742-3b151a88e382 ] Request (ServersAdmin275Test:test_rebuild_update_server_275): 200 GET http://10.180.1.21/compute/v2.1/servers/d72a441d-8993-4eb1-bb9d-67ed97920723 0.258s
2025-01-16 01:38:01.947 68413 INFO tempest.lib.common.rest_client [req-26e5723e-6710-4cc4-9742-a0d848e3b564 req-26e5723e-6710-4cc4-9742-a0d848e3b564 ] Request (ImagesTestJSON:test_create_server_from_snapshot): 200 GET http://10.180.1.21/compute/v2.1/servers/66e4bd18-5b1e-4854-960b-cf890d53c7cb 0.233s
2025-01-16 01:38:02.004 68435 INFO tempest.lib.common.rest_client [req-3c7a98ef-7cf4-4098-bf1d-f92bfe38bc5f req-3c7a98ef-7cf4-4098-bf1d-f92bfe38bc5f ] Request (ImagesOneServerNegativeTestJSON:setUpClass): 200 GET http://10.180.1.21/compute/v2.1/servers/6ad16be6-039f-4bdc-aa25-20ee8743c728 0.209s
2025-01-16 01:38:02.006 68415 INFO tempest.lib.common.rest_client [req-7b1f7ab7-1700-4a57-946d-5121e56f4d76 req-7b1f7ab7-1700-4a57-946d-5121e56f4d76 ] Request (ServerShowV254Test:test_rebuild_server): 200 GET http://10.180.1.21/compute/v2.1/servers/8ab09ec8-012b-4295-b55e-204de8b7e79e 0.277s
2025-01-16 01:38:02.047 68403 INFO tempest.lib.common.rest_client [req-9ecea933-5d1e-4746-bb0a-c4aaac39b7f1 req-9ecea933-5d1e-4746-bb0a-c4aaac39b7f1 ] Request (MultipleCreateTestJSON:test_multiple_create_with_reservation_return): 200 GET http://10.180.1.21/compute/v2.1/servers 0.168s
2025-01-16 01:38:02.076 68429 INFO tempest.lib.common.rest_client [req-aacbbd99-047d-42b5-b16a-c3bc33f4b504 req-aacbbd99-047d-42b5-b16a-c3bc33f4b504 ] Request (ServersAdminNegativeTestJSON:tearDownClass): 200 GET http://10.180.1.21/compute/v2.1/servers/2e9302e8-7348-4fdf-8cfb-a6e7308c7726 0.199s
2025-01-16 01:38:02.129 68379 INFO tempest.lib.common.rest_client [req-f8aa95e6-0a90-4486-8024-ab126e3bdc8a req-f8aa95e6-0a90-4486-8024-ab126e3bdc8a ] Request (MigrationsAdminTest:test_resize_server_revert_deleted_flavor): 200 GET http://10.180.1.21/compute/v2.1/servers/e5540ead-917b-4a5b-a11e-d5bed9ea0331 0.202s
2025-01-16 01:38:02.166 68439 INFO tempest.lib.common.rest_client [req-6ffc9f25-0685-4c0a-a377-163766f03039 req-6ffc9f25-0685-4c0a-a377-163766f03039 ] Request (VolumesAssistedSnapshotsTest:tearDownClass): 200 GET http://10.180.1.21/compute/v2.1/servers/cce416e6-1f41-4086-9490-1ff08fca5994 0.279s
2025-01-16 01:38:02.185 68407 INFO tempest.lib.common.rest_client [req-616ed301-e6ee-4745-b138-73ae2c6ca43e req-616ed301-e6ee-4745-b138-73ae2c6ca43e ] Request (ServersTestMultiNic:test_verify_duplicate_network_nics): 200 GET http://10.180.1.21/compute/v2.1/servers/b10ead28-9f49-4633-b23a-7563f7eca055 0.245s
2025-01-16 01:38:02.217 68405 INFO tempest.lib.common.rest_client [req-0d969f91-f971-4f3c-8013-11cd5e786b69 req-0d969f91-f971-4f3c-8013-11cd5e786b69 ] Request (ServersWithSpecificFlavorTestJSON:test_verify_created_server_ephemeral_disk): 200 GET http://10.180.1.21/compute/v2.1/servers/c6ff97d8-27e3-4885-985e-d454b8f558f5 0.195s
2025-01-16 01:38:02.222 68403 INFO tempest.lib.common.rest_client [req-f40bb902-85ca-4b41-9e64-7c64181006a9 req-f40bb902-85ca-4b41-9e64-7c64181006a9 ] Request (MultipleCreateTestJSON:test_multiple_create_with_reservation_return): 200 GET http://10.180.1.21/compute/v2.1/servers/0467a236-6cf0-4cba-8948-fdba0b305dcf 0.173s
2025-01-16 01:38:02.292 68397 INFO tempest.lib.common.rest_client [req-3c0ceacf-e370-4d4f-a3f1-2f2979f346a8 req-3c0ceacf-e370-4d4f-a3f1-2f2979f346a8 ] Request (InstanceActionsTestJSON:tearDownClass): 200 GET http://10.180.1.21/compute/v2.1/servers/92f2cf26-2254-43e9-83d0-8136d6ac51e7 0.167s
2025-01-16 01:38:02.357 68385 INFO tempest.lib.common.rest_client [req-82c9f95d-8b64-4f9a-bb84-68a677d472d6 req-82c9f95d-8b64-4f9a-bb84-68a677d472d6 ] Request (ServersNegativeTestJSON:setUpClass): 200 GET http://10.180.1.21/compute/v2.1/servers/3717ebd5-ce7f-48ea-a834-c87e75fadadd 0.151s
2025-01-16 01:38:02.387 68411 INFO tempest.lib.common.rest_client [req-5e23e973-dd61-46d8-8481-4c8a8b019f1b req-5e23e973-dd61-46d8-8481-4c8a8b019f1b ] Request (ServerActionsTestOtherA:setUpClass): 200 GET http://10.180.1.21/compute/v2.1/servers/defb57fb-0f0a-4679-8c22-0945fc0a1664 0.212s
2025-01-16 01:38:02.395 68411 INFO tempest.common.waiters [-] State transition "BUILD/spawning" ==> "ACTIVE/None" after 85 second wait
2025-01-16 01:38:02.434 68395 INFO tempest.lib.common.rest_client [req-290e9f75-223f-4891-a91b-3ea154d1397d req-290e9f75-223f-4891-a91b-3ea154d1397d ] Request (ServersAaction247Test:tearDownClass): 200 GET http://10.180.1.21/compute/v2.1/servers/1c8e5a82-5373-4c48-9214-31773d5ab4bb 0.070s
2025-01-16 01:38:02.464 68411 INFO tempest.lib.common.rest_client [req-989cccc7-125c-4a0a-8718-e7aa881a580d req-989cccc7-125c-4a0a-8718-e7aa881a580d ] Request (ServerActionsTestOtherA:setUpClass): 200 GET http://10.180.1.21/compute/v2.1/servers/defb57fb-0f0a-4679-8c22-0945fc0a1664/os-interface 0.068s
2025-01-16 01:38:02.627 68387 INFO tempest.lib.common.rest_client [req-8fdb4913-3e9a-4a36-87d3-8122aaf31b97 req-8fdb4913-3e9a-4a36-87d3-8122aaf31b97 ] Request (ListImageFiltersTestJSON:tearDownClass): 200 GET http://10.180.1.21/compute/v2.1/servers/570c7c49-9bc8-4bea-86af-51679a0c5dc2 0.068s
2025-01-16 01:38:02.920 68383 INFO tempest.lib.common.rest_client [req-5a8a6879-a649-4ce4-9ac2-f2d5cd87023b req-5a8a6879-a649-4ce4-9ac2-f2d5cd87023b ] Request (SecurityGroupsTestJSON:test_server_security_groups): 200 GET http://10.180.1.21/compute/v2.1/servers/2cf3cc94-a9a5-4275-9a77-ba9e1ddb3fa1 0.300s
2025-01-16 01:38:03.003 68427 INFO tempest.lib.common.rest_client [req-662d0d7a-5f9b-433f-ad40-92e867b28626 req-662d0d7a-5f9b-433f-ad40-92e867b28626 ] Request (ServersTestFqdnHostnames:test_create_server_with_fqdn_name): 200 GET http://10.180.1.21/compute/v2.1/servers/99fe39eb-5075-4b07-af3a-4d751be4e50a 0.159s
2025-01-16 01:38:03.055 68425 INFO tempest.lib.common.rest_client [req-dc1be4d6-d50b-4a61-9578-f1a9b9dc7d5a req-dc1be4d6-d50b-4a61-9578-f1a9b9dc7d5a ] Request (ServerDiskConfigTestJSON:test_rebuild_server_with_manual_disk_config): 200 GET http://10.180.1.21/compute/v2.1/servers/28ec0106-157e-4e23-b188-7d82f690e559 0.286s
2025-01-16 01:38:03.080 68423 INFO tempest.lib.common.rest_client [req-e4731e21-7144-4f6d-a120-215043d79700 req-e4731e21-7144-4f6d-a120-215043d79700 ] Request (AttachVolumeNegativeTest:test_attach_attached_volume_to_different_server): 200 GET http://10.180.1.21/compute/v2.1/servers/44a56a4f-665a-428d-85b1-434938ca88b0 0.181s
2025-01-16 01:38:03.140 68401 INFO tempest.lib.common.rest_client [req-7e0eb0f2-bd7c-490d-a3d7-186f4ca374c6 req-7e0eb0f2-bd7c-490d-a3d7-186f4ca374c6 ] Request (ServersAdmin275Test:test_rebuild_update_server_275): 200 GET http://10.180.1.21/compute/v2.1/servers/d72a441d-8993-4eb1-bb9d-67ed97920723 0.194s
2025-01-16 01:38:03.151 68413 INFO tempest.lib.common.rest_client [req-a3232b6a-9689-4cba-8cf7-88cd4221492d req-a3232b6a-9689-4cba-8cf7-88cd4221492d ] Request (ImagesTestJSON:test_create_server_from_snapshot): 200 GET http://10.180.1.21/compute/v2.1/servers/66e4bd18-5b1e-4854-960b-cf890d53c7cb 0.195s
2025-01-16 01:38:03.228 68415 INFO tempest.lib.common.rest_client [req-7d9120e6-2bb3-42d2-9de2-d2c0ed8c1c54 req-7d9120e6-2bb3-42d2-9de2-d2c0ed8c1c54 ] Request (ServerShowV254Test:test_rebuild_server): 200 GET http://10.180.1.21/compute/v2.1/servers/8ab09ec8-012b-4295-b55e-204de8b7e79e 0.206s
2025-01-16 01:38:03.229 68435 INFO tempest.lib.common.rest_client [req-089cc116-3457-4339-a5cd-746f25cf3e2c req-089cc116-3457-4339-a5cd-746f25cf3e2c ] Request (ImagesOneServerNegativeTestJSON:setUpClass): 200 GET http://10.180.1.21/compute/v2.1/servers/6ad16be6-039f-4bdc-aa25-20ee8743c728 0.215s
2025-01-16 01:38:03.308 68379 INFO tempest.lib.common.rest_client [req-620e3b56-76eb-4dc4-b856-7b218bdda13b req-620e3b56-76eb-4dc4-b856-7b218bdda13b ] Request (MigrationsAdminTest:test_resize_server_revert_deleted_flavor): 200 GET http://10.180.1.21/compute/v2.1/servers/e5540ead-917b-4a5b-a11e-d5bed9ea0331 0.172s
2025-01-16 01:38:03.319 68429 INFO tempest.lib.common.rest_client [req-c389d430-6760-4016-905f-8ddff68db1b7 req-c389d430-6760-4016-905f-8ddff68db1b7 ] Request (ServersAdminNegativeTestJSON:tearDownClass): 200 GET http://10.180.1.21/compute/v2.1/servers/2e9302e8-7348-4fdf-8cfb-a6e7308c7726 0.232s
2025-01-16 01:38:03.414 68407 INFO tempest.lib.common.rest_client [req-9c998b7e-4165-4ac7-903b-8d90064e5757 req-9c998b7e-4165-4ac7-903b-8d90064e5757 ] Request (ServersTestMultiNic:test_verify_duplicate_network_nics): 200 GET http://10.180.1.21/compute/v2.1/servers/b10ead28-9f49-4633-b23a-7563f7eca055 0.220s
2025-01-16 01:38:03.480 68405 INFO tempest.lib.common.rest_client [req-c449d6b0-c29f-4e77-b48e-edb9b6605663 req-c449d6b0-c29f-4e77-b48e-edb9b6605663 ] Request (ServersWithSpecificFlavorTestJSON:test_verify_created_server_ephemeral_disk): 200 GET http://10.180.1.21/compute/v2.1/servers/c6ff97d8-27e3-4885-985e-d454b8f558f5 0.254s
2025-01-16 01:38:03.491 68405 INFO tempest.common.waiters [-] State transition "BUILD/scheduling" ==> "BUILD/None" after 18 second wait
2025-01-16 01:38:03.523 68439 INFO tempest.lib.common.rest_client [req-6f211e3d-c54f-405e-a072-8c193ac6dafe req-6f211e3d-c54f-405e-a072-8c193ac6dafe ] Request (VolumesAssistedSnapshotsTest:tearDownClass): 200 GET http://10.180.1.21/compute/v2.1/servers/cce416e6-1f41-4086-9490-1ff08fca5994 0.349s
2025-01-16 01:38:03.548 68403 INFO tempest.lib.common.rest_client [req-b18c519d-f395-4762-851e-71b4c6858285 req-b18c519d-f395-4762-851e-71b4c6858285 ] Request (MultipleCreateTestJSON:test_multiple_create_with_reservation_return): 200 GET http://10.180.1.21/compute/v2.1/servers/0467a236-6cf0-4cba-8948-fdba0b305dcf 0.312s
2025-01-16 01:38:03.591 68397 INFO tempest.lib.common.rest_client [req-74143e1f-c72d-4bd0-ba1c-e1d5994b3947 req-74143e1f-c72d-4bd0-ba1c-e1d5994b3947 ] Request (InstanceActionsTestJSON:tearDownClass): 200 GET http://10.180.1.21/compute/v2.1/servers/92f2cf26-2254-43e9-83d0-8136d6ac51e7 0.291s
2025-01-16 01:38:03.615 68385 INFO tempest.lib.common.rest_client [req-97b61f6c-d1dc-4e02-8ef1-9f5a82f71433 req-97b61f6c-d1dc-4e02-8ef1-9f5a82f71433 ] Request (ServersNegativeTestJSON:setUpClass): 200 GET http://10.180.1.21/compute/v2.1/servers/3717ebd5-ce7f-48ea-a834-c87e75fadadd 0.251s
2025-01-16 01:38:03.667 68411 INFO tempest.lib.common.rest_client [req-480230b6-22ec-42b4-a84f-e5d6626aae9f req-480230b6-22ec-42b4-a84f-e5d6626aae9f ] Request (ServerActionsTestOtherA:setUpClass): 200 PUT http://10.180.1.21:9696/networking/v2.0/floatingips/3d27cd41-2be1-441b-8bb2-59fc27861858 1.200s
2025-01-16 01:38:03.669 68411 INFO tempest.lib.common.ssh [-] Creating ssh connection to '10.180.180.184:22' as 'cirros' with public key authentication
2025-01-16 01:38:03.680 68395 INFO tempest.lib.common.rest_client [req-00b17a72-0a0f-48c0-aecd-8d49b4193773 req-00b17a72-0a0f-48c0-aecd-8d49b4193773 ] Request (ServersAaction247Test:tearDownClass): 200 GET http://10.180.1.21/compute/v2.1/servers/1c8e5a82-5373-4c48-9214-31773d5ab4bb 0.235s
2025-01-16 01:38:03.701 68387 INFO tempest.lib.common.rest_client [req-c6b10078-490c-42c3-9460-f7b44e327df4 req-c6b10078-490c-42c3-9460-f7b44e327df4 ] Request (ListImageFiltersTestJSON:tearDownClass): 200 GET http://10.180.1.21/compute/v2.1/servers/570c7c49-9bc8-4bea-86af-51679a0c5dc2 0.065s
2025-01-16 01:38:03.923 68419 WARNING tempest.lib.common.ssh [-] Failed to establish authenticated ssh connection to cirros@10.180.180.230 ([Errno None] Unable to connect to port 22 on 10.180.180.230). Number attempts: 2. Retry after 3 seconds.: paramiko.ssh_exception.NoValidConnectionsError: [Errno None] Unable to connect to port 22 on 10.180.180.230
2025-01-16 01:38:04.038 68383 INFO tempest.lib.common.rest_client [req-7a75f41e-49ab-4789-9d3a-2c9470d07682 req-7a75f41e-49ab-4789-9d3a-2c9470d07682 ] Request (SecurityGroupsTestJSON:test_server_security_groups): 200 GET http://10.180.1.21/compute/v2.1/servers/2cf3cc94-a9a5-4275-9a77-ba9e1ddb3fa1 0.107s
2025-01-16 01:38:04.095 68427 INFO tempest.lib.common.rest_client [req-456be378-0ab5-4696-97c5-877367852e9e req-456be378-0ab5-4696-97c5-877367852e9e ] Request (ServersTestFqdnHostnames:test_create_server_with_fqdn_name): 200 GET http://10.180.1.21/compute/v2.1/servers/99fe39eb-5075-4b07-af3a-4d751be4e50a 0.077s
2025-01-16 01:38:04.103 68427 INFO tempest.common.waiters [-] State transition "BUILD/None" ==> "BUILD/networking" after 75 second wait
2025-01-16 01:38:04.170 68423 INFO tempest.lib.common.rest_client [req-510168ad-6c1b-422d-a39c-206e6b977e08 req-510168ad-6c1b-422d-a39c-206e6b977e08 ] Request (AttachVolumeNegativeTest:test_attach_attached_volume_to_different_server): 200 GET http://10.180.1.21/compute/v2.1/servers/44a56a4f-665a-428d-85b1-434938ca88b0 0.074s
2025-01-16 01:38:04.265 68401 INFO tempest.lib.common.rest_client [req-fb0797d2-097b-4568-8e2b-a62d18017723 req-fb0797d2-097b-4568-8e2b-a62d18017723 ] Request (ServersAdmin275Test:test_rebuild_update_server_275): 200 GET http://10.180.1.21/compute/v2.1/servers/d72a441d-8993-4eb1-bb9d-67ed97920723 0.111s
2025-01-16 01:38:04.335 68425 INFO tempest.lib.common.rest_client [req-8666b266-d67d-43cb-98b6-f270d8e9a0bd req-8666b266-d67d-43cb-98b6-f270d8e9a0bd ] Request (ServerDiskConfigTestJSON:test_rebuild_server_with_manual_disk_config): 200 GET http://10.180.1.21/compute/v2.1/servers/28ec0106-157e-4e23-b188-7d82f690e559 0.265s
2025-01-16 01:38:04.344 68425 INFO tempest.common.waiters [-] State transition "BUILD/spawning" ==> "ACTIVE/None" after 80 second wait
2025-01-16 01:38:04.347 68413 INFO tempest.lib.common.rest_client [req-6fb683dc-60a9-40bc-9768-88d49452751a req-6fb683dc-60a9-40bc-9768-88d49452751a ] Request (ImagesTestJSON:test_create_server_from_snapshot): 200 GET http://10.180.1.21/compute/v2.1/servers/66e4bd18-5b1e-4854-960b-cf890d53c7cb 0.183s
2025-01-16 01:38:04.410 68435 INFO tempest.lib.common.rest_client [req-c7847639-7209-442e-8457-2ca304d3ad21 req-c7847639-7209-442e-8457-2ca304d3ad21 ] Request (ImagesOneServerNegativeTestJSON:setUpClass): 200 GET http://10.180.1.21/compute/v2.1/servers/6ad16be6-039f-4bdc-aa25-20ee8743c728 0.173s
2025-01-16 01:38:04.416 68415 INFO tempest.lib.common.rest_client [req-b3840f71-86c2-447a-a997-14a1735fe613 req-b3840f71-86c2-447a-a997-14a1735fe613 ] Request (ServerShowV254Test:test_rebuild_server): 200 GET http://10.180.1.21/compute/v2.1/servers/8ab09ec8-012b-4295-b55e-204de8b7e79e 0.175s
2025-01-16 01:38:04.484 68379 INFO tempest.lib.common.rest_client [req-9311aa2a-fb9d-486b-94ff-7b923f3a5fbe req-9311aa2a-fb9d-486b-94ff-7b923f3a5fbe ] Request (MigrationsAdminTest:test_resize_server_revert_deleted_flavor): 200 GET http://10.180.1.21/compute/v2.1/servers/e5540ead-917b-4a5b-a11e-d5bed9ea0331 0.166s
2025-01-16 01:38:04.511 68429 INFO tempest.lib.common.rest_client [req-ae426c44-dd45-4ac9-85fe-24a70252543f req-ae426c44-dd45-4ac9-85fe-24a70252543f ] Request (ServersAdminNegativeTestJSON:tearDownClass): 200 GET http://10.180.1.21/compute/v2.1/servers/2e9302e8-7348-4fdf-8cfb-a6e7308c7726 0.181s
2025-01-16 01:38:04.575 68407 INFO tempest.lib.common.rest_client [req-84e9891c-1e47-4245-8fad-7445e4665c55 req-84e9891c-1e47-4245-8fad-7445e4665c55 ] Request (ServersTestMultiNic:test_verify_duplicate_network_nics): 200 GET http://10.180.1.21/compute/v2.1/servers/b10ead28-9f49-4633-b23a-7563f7eca055 0.143s
2025-01-16 01:38:04.659 68405 INFO tempest.lib.common.rest_client [req-c9a8bfd0-010a-4dc5-b4bb-12bfa9061b18 req-c9a8bfd0-010a-4dc5-b4bb-12bfa9061b18 ] Request (ServersWithSpecificFlavorTestJSON:test_verify_created_server_ephemeral_disk): 200 GET http://10.180.1.21/compute/v2.1/servers/c6ff97d8-27e3-4885-985e-d454b8f558f5 0.166s
2025-01-16 01:38:04.691 68425 INFO tempest.lib.common.rest_client [req-0c1d21a4-b89b-4936-8940-0c6575a1dafa req-0c1d21a4-b89b-4936-8940-0c6575a1dafa ] Request (ServerDiskConfigTestJSON:test_rebuild_server_with_manual_disk_config): 200 GET http://10.180.1.21/compute/v2.1/servers/28ec0106-157e-4e23-b188-7d82f690e559 0.347s
2025-01-16 01:38:04.722 68439 INFO tempest.lib.common.rest_client [req-1bf02bd4-03c2-4519-bc8d-cb5add378cef req-1bf02bd4-03c2-4519-bc8d-cb5add378cef ] Request (VolumesAssistedSnapshotsTest:tearDownClass): 200 GET http://10.180.1.21/compute/v2.1/servers/cce416e6-1f41-4086-9490-1ff08fca5994 0.190s
2025-01-16 01:38:04.762 68403 INFO tempest.lib.common.rest_client [req-028f3c48-0ca6-4ff1-be3c-ba4579b415d9 req-028f3c48-0ca6-4ff1-be3c-ba4579b415d9 ] Request (MultipleCreateTestJSON:test_multiple_create_with_reservation_return): 200 GET http://10.180.1.21/compute/v2.1/servers/0467a236-6cf0-4cba-8948-fdba0b305dcf 0.205s
2025-01-16 01:38:04.788 68397 INFO tempest.lib.common.rest_client [req-c7e40bf5-7663-4094-82c2-5a727945b6dd req-c7e40bf5-7663-4094-82c2-5a727945b6dd ] Request (InstanceActionsTestJSON:tearDownClass): 200 GET http://10.180.1.21/compute/v2.1/servers/92f2cf26-2254-43e9-83d0-8136d6ac51e7 0.187s
2025-01-16 01:38:04.819 68385 INFO tempest.lib.common.rest_client [req-5fdfa054-3c6a-4423-b554-d17ea4e95745 req-5fdfa054-3c6a-4423-b554-d17ea4e95745 ] Request (ServersNegativeTestJSON:setUpClass): 200 GET http://10.180.1.21/compute/v2.1/servers/3717ebd5-ce7f-48ea-a834-c87e75fadadd 0.193s
2025-01-16 01:38:04.850 68395 INFO tempest.lib.common.rest_client [req-1c160cca-7174-4684-a247-cb8dd986ca57 req-1c160cca-7174-4684-a247-cb8dd986ca57 ] Request (ServersAaction247Test:tearDownClass): 200 GET http://10.180.1.21/compute/v2.1/servers/1c8e5a82-5373-4c48-9214-31773d5ab4bb 0.154s
2025-01-16 01:38:04.871 68425 INFO tempest.lib.common.rest_client [req-66bfc273-b837-4664-b03e-8b745e750b28 req-66bfc273-b837-4664-b03e-8b745e750b28 ] Request (ServerDiskConfigTestJSON:test_rebuild_server_with_manual_disk_config): 200 PUT http://10.180.1.21/compute/v2.1/servers/28ec0106-157e-4e23-b188-7d82f690e559 0.172s
2025-01-16 01:38:04.916 68387 INFO tempest.lib.common.rest_client [req-3c4d7ca1-f863-417a-9cc7-cfa63024a17c req-3c4d7ca1-f863-417a-9cc7-cfa63024a17c ] Request (ListImageFiltersTestJSON:tearDownClass): 200 GET http://10.180.1.21/compute/v2.1/servers/570c7c49-9bc8-4bea-86af-51679a0c5dc2 0.205s
2025-01-16 01:38:05.000 68425 INFO tempest.lib.common.rest_client [req-013977a2-4ffd-4fa8-9955-059f1e9645db req-013977a2-4ffd-4fa8-9955-059f1e9645db ] Request (ServerDiskConfigTestJSON:test_rebuild_server_with_manual_disk_config): 200 GET http://10.180.1.21/compute/v2.1/servers/28ec0106-157e-4e23-b188-7d82f690e559 0.124s
2025-01-16 01:38:05.111 68383 INFO tempest.lib.common.rest_client [req-5caeed06-ec35-42c4-add6-37611993766c req-5caeed06-ec35-42c4-add6-37611993766c ] Request (SecurityGroupsTestJSON:test_server_security_groups): 200 GET http://10.180.1.21/compute/v2.1/servers/2cf3cc94-a9a5-4275-9a77-ba9e1ddb3fa1 0.063s
2025-01-16 01:38:05.150 68425 INFO tempest.lib.common.rest_client [req-6db0531c-ed96-45da-90c6-2ce10559cc1a req-6db0531c-ed96-45da-90c6-2ce10559cc1a ] Request (ServerDiskConfigTestJSON:test_rebuild_server_with_manual_disk_config): 200 GET http://10.180.1.21/compute/v2.1/servers/28ec0106-157e-4e23-b188-7d82f690e559 0.143s
2025-01-16 01:38:05.239 68427 INFO tempest.lib.common.rest_client [req-d8f02d09-1885-4902-90ba-1e1982639fb1 req-d8f02d09-1885-4902-90ba-1e1982639fb1 ] Request (ServersTestFqdnHostnames:test_create_server_with_fqdn_name): 200 GET http://10.180.1.21/compute/v2.1/servers/99fe39eb-5075-4b07-af3a-4d751be4e50a 0.135s
2025-01-16 01:38:05.246 68427 INFO tempest.common.waiters [-] State transition "BUILD/networking" ==> "BUILD/spawning" after 76 second wait
2025-01-16 01:38:05.286 68423 INFO tempest.lib.common.rest_client [req-8bd9649d-6e07-42bf-9b17-7b202553d30f req-8bd9649d-6e07-42bf-9b17-7b202553d30f ] Request (AttachVolumeNegativeTest:test_attach_attached_volume_to_different_server): 200 GET http://10.180.1.21/compute/v2.1/servers/44a56a4f-665a-428d-85b1-434938ca88b0 0.103s
2025-01-16 01:38:05.318 68425 INFO tempest.lib.common.rest_client [req-604fae82-56bb-43d0-a967-270f7e906efd req-604fae82-56bb-43d0-a967-270f7e906efd ] Request (ServerDiskConfigTestJSON:test_rebuild_server_with_manual_disk_config): 202 POST http://10.180.1.21/compute/v2.1/servers/28ec0106-157e-4e23-b188-7d82f690e559/action 0.160s
2025-01-16 01:38:05.338 68401 INFO tempest.lib.common.rest_client [req-44e9bd12-e88a-4af5-b7a5-1f35657233dd req-44e9bd12-e88a-4af5-b7a5-1f35657233dd ] Request (ServersAdmin275Test:test_rebuild_update_server_275): 200 GET http://10.180.1.21/compute/v2.1/servers/d72a441d-8993-4eb1-bb9d-67ed97920723 0.061s
2025-01-16 01:38:05.347 68401 INFO tempest.common.waiters [-] State transition "BUILD/spawning" ==> "ACTIVE/None" after 76 second wait
2025-01-16 01:38:05.427 68425 INFO tempest.lib.common.rest_client [req-ebfa5da4-c431-4c9a-b4db-c6b9788fb4a7 req-ebfa5da4-c431-4c9a-b4db-c6b9788fb4a7 ] Request (ServerDiskConfigTestJSON:test_rebuild_server_with_manual_disk_config): 200 GET http://10.180.1.21/compute/v2.1/servers/28ec0106-157e-4e23-b188-7d82f690e559 0.104s
2025-01-16 01:38:05.485 68413 INFO tempest.lib.common.rest_client [req-f8211499-3e75-4fba-ab3e-c560f43347a9 req-f8211499-3e75-4fba-ab3e-c560f43347a9 ] Request (ImagesTestJSON:test_create_server_from_snapshot): 200 GET http://10.180.1.21/compute/v2.1/servers/66e4bd18-5b1e-4854-960b-cf890d53c7cb 0.130s
2025-01-16 01:38:05.531 68401 INFO tempest.lib.common.rest_client [req-2d6b174c-b1b6-49ad-b11b-53e97c93637c req-2d6b174c-b1b6-49ad-b11b-53e97c93637c ] Request (ServersAdmin275Test:test_rebuild_update_server_275): 202 POST http://10.180.1.21/compute/v2.1/servers/d72a441d-8993-4eb1-bb9d-67ed97920723/action 0.183s
2025-01-16 01:38:05.537 68435 INFO tempest.lib.common.rest_client [req-ab9bab2b-a686-487c-9f9d-0f6d370167f1 req-ab9bab2b-a686-487c-9f9d-0f6d370167f1 ] Request (ImagesOneServerNegativeTestJSON:setUpClass): 200 GET http://10.180.1.21/compute/v2.1/servers/6ad16be6-039f-4bdc-aa25-20ee8743c728 0.120s
2025-01-16 01:38:05.589 68415 INFO tempest.lib.common.rest_client [req-57f1183f-24b6-47a7-bd56-65fa21cc2c07 req-57f1183f-24b6-47a7-bd56-65fa21cc2c07 ] Request (ServerShowV254Test:test_rebuild_server): 200 GET http://10.180.1.21/compute/v2.1/servers/8ab09ec8-012b-4295-b55e-204de8b7e79e 0.157s
2025-01-16 01:38:05.591 68379 INFO tempest.lib.common.rest_client [req-76eb56f8-a3cc-4c74-945a-97fc3b12ca76 req-76eb56f8-a3cc-4c74-945a-97fc3b12ca76 ] Request (MigrationsAdminTest:test_resize_server_revert_deleted_flavor): 200 GET http://10.180.1.21/compute/v2.1/servers/e5540ead-917b-4a5b-a11e-d5bed9ea0331 0.097s
2025-01-16 01:38:05.649 68401 INFO tempest.lib.common.rest_client [req-e65e0a4a-8d32-49ec-a218-2340d31708c0 req-e65e0a4a-8d32-49ec-a218-2340d31708c0 ] Request (ServersAdmin275Test:test_rebuild_update_server_275): 200 GET http://10.180.1.21/compute/v2.1/servers/d72a441d-8993-4eb1-bb9d-67ed97920723 0.108s
2025-01-16 01:38:05.651 68429 INFO tempest.lib.common.rest_client [req-4529f572-6bf3-43b4-bc29-f6fe4b07f019 req-4529f572-6bf3-43b4-bc29-f6fe4b07f019 ] Request (ServersAdminNegativeTestJSON:tearDownClass): 200 GET http://10.180.1.21/compute/v2.1/servers/2e9302e8-7348-4fdf-8cfb-a6e7308c7726 0.130s
2025-01-16 01:38:05.693 68407 INFO tempest.lib.common.rest_client [req-da4a81cc-19b7-46d8-86da-adccf0c17a62 req-da4a81cc-19b7-46d8-86da-adccf0c17a62 ] Request (ServersTestMultiNic:test_verify_duplicate_network_nics): 200 GET http://10.180.1.21/compute/v2.1/servers/b10ead28-9f49-4633-b23a-7563f7eca055 0.107s
2025-01-16 01:38:05.736 68405 INFO tempest.lib.common.rest_client [req-42bab117-ddfb-40e9-b474-974a2ac59ded req-42bab117-ddfb-40e9-b474-974a2ac59ded ] Request (ServersWithSpecificFlavorTestJSON:test_verify_created_server_ephemeral_disk): 200 GET http://10.180.1.21/compute/v2.1/servers/c6ff97d8-27e3-4885-985e-d454b8f558f5 0.069s
2025-01-16 01:38:05.786 68439 INFO tempest.lib.common.rest_client [req-7177f077-e58e-489b-9aef-767b11b93026 req-7177f077-e58e-489b-9aef-767b11b93026 ] Request (VolumesAssistedSnapshotsTest:tearDownClass): 200 GET http://10.180.1.21/compute/v2.1/servers/cce416e6-1f41-4086-9490-1ff08fca5994 0.056s
2025-01-16 01:38:05.792 68439 INFO tempest.common.waiters [-] State transition "ACTIVE/deleting" ==> "DELETED/None" after 5 second wait
2025-01-16 01:38:05.822 68403 INFO tempest.lib.common.rest_client [req-5299ceaf-799a-4da1-b8eb-ff6e56ae2c17 req-5299ceaf-799a-4da1-b8eb-ff6e56ae2c17 ] Request (MultipleCreateTestJSON:test_multiple_create_with_reservation_return): 200 GET http://10.180.1.21/compute/v2.1/servers/0467a236-6cf0-4cba-8948-fdba0b305dcf 0.050s
2025-01-16 01:38:05.851 68397 INFO tempest.lib.common.rest_client [req-f184ce14-8bf0-46a3-a137-1185fd5c7f87 req-f184ce14-8bf0-46a3-a137-1185fd5c7f87 ] Request (InstanceActionsTestJSON:tearDownClass): 200 GET http://10.180.1.21/compute/v2.1/servers/92f2cf26-2254-43e9-83d0-8136d6ac51e7 0.054s
2025-01-16 01:38:05.880 68385 INFO tempest.lib.common.rest_client [req-8f2e1a15-1a92-4780-9b82-0d5b57177b47 req-8f2e1a15-1a92-4780-9b82-0d5b57177b47 ] Request (ServersNegativeTestJSON:setUpClass): 200 GET http://10.180.1.21/compute/v2.1/servers/3717ebd5-ce7f-48ea-a834-c87e75fadadd 0.053s
2025-01-16 01:38:05.916 68395 INFO tempest.lib.common.rest_client [req-9d949881-45f0-4d1d-bb0f-71ec025cf96d req-9d949881-45f0-4d1d-bb0f-71ec025cf96d ] Request (ServersAaction247Test:tearDownClass): 200 GET http://10.180.1.21/compute/v2.1/servers/1c8e5a82-5373-4c48-9214-31773d5ab4bb 0.055s
2025-01-16 01:38:05.976 68387 INFO tempest.lib.common.rest_client [req-f7adeaa7-58f5-4908-b623-6d82f968301b req-f7adeaa7-58f5-4908-b623-6d82f968301b ] Request (ListImageFiltersTestJSON:tearDownClass): 200 GET http://10.180.1.21/compute/v2.1/servers/570c7c49-9bc8-4bea-86af-51679a0c5dc2 0.054s
2025-01-16 01:38:06.182 68383 INFO tempest.lib.common.rest_client [req-8d341180-5a48-4fa2-b4ed-3da390184fbb req-8d341180-5a48-4fa2-b4ed-3da390184fbb ] Request (SecurityGroupsTestJSON:test_server_security_groups): 200 GET http://10.180.1.21/compute/v2.1/servers/2cf3cc94-a9a5-4275-9a77-ba9e1ddb3fa1 0.060s
2025-01-16 01:38:06.353 68423 INFO tempest.lib.common.rest_client [req-08a0b7d1-0982-4948-970c-9a35cca800aa req-08a0b7d1-0982-4948-970c-9a35cca800aa ] Request (AttachVolumeNegativeTest:test_attach_attached_volume_to_different_server): 200 GET http://10.180.1.21/compute/v2.1/servers/44a56a4f-665a-428d-85b1-434938ca88b0 0.058s
2025-01-16 01:38:06.378 68427 INFO tempest.lib.common.rest_client [req-adeeeffa-b45b-4007-bae8-91291a064786 req-adeeeffa-b45b-4007-bae8-91291a064786 ] Request (ServersTestFqdnHostnames:test_create_server_with_fqdn_name): 200 GET http://10.180.1.21/compute/v2.1/servers/99fe39eb-5075-4b07-af3a-4d751be4e50a 0.130s
2025-01-16 01:38:06.548 68413 INFO tempest.lib.common.rest_client [req-d07209a2-a795-49ca-a8f4-a4132e745d7e req-d07209a2-a795-49ca-a8f4-a4132e745d7e ] Request (ImagesTestJSON:test_create_server_from_snapshot): 200 GET http://10.180.1.21/compute/v2.1/servers/66e4bd18-5b1e-4854-960b-cf890d53c7cb 0.054s
2025-01-16 01:38:06.561 68425 INFO tempest.lib.common.rest_client [req-f27eb30c-5e3f-4635-b127-7005a5b36ab8 req-f27eb30c-5e3f-4635-b127-7005a5b36ab8 ] Request (ServerDiskConfigTestJSON:test_rebuild_server_with_manual_disk_config): 200 GET http://10.180.1.21/compute/v2.1/servers/28ec0106-157e-4e23-b188-7d82f690e559 0.125s
2025-01-16 01:38:06.604 68435 INFO tempest.lib.common.rest_client [req-3e1acd97-6ff0-4cc1-a62e-f984b6be34d7 req-3e1acd97-6ff0-4cc1-a62e-f984b6be34d7 ] Request (ImagesOneServerNegativeTestJSON:setUpClass): 200 GET http://10.180.1.21/compute/v2.1/servers/6ad16be6-039f-4bdc-aa25-20ee8743c728 0.058s
2025-01-16 01:38:06.613 68435 INFO tempest.common.waiters [-] State transition "BUILD/None" ==> "BUILD/networking" after 63 second wait
2025-01-16 01:38:06.660 68379 INFO tempest.lib.common.rest_client [req-02f85501-8eab-49db-848d-12b74c61a670 req-02f85501-8eab-49db-848d-12b74c61a670 ] Request (MigrationsAdminTest:test_resize_server_revert_deleted_flavor): 200 GET http://10.180.1.21/compute/v2.1/servers/e5540ead-917b-4a5b-a11e-d5bed9ea0331 0.060s
2025-01-16 01:38:06.665 68415 INFO tempest.lib.common.rest_client [req-93dd5ae1-3258-43ec-8129-62194565320c req-93dd5ae1-3258-43ec-8129-62194565320c ] Request (ServerShowV254Test:test_rebuild_server): 200 GET http://10.180.1.21/compute/v2.1/servers/8ab09ec8-012b-4295-b55e-204de8b7e79e 0.066s
2025-01-16 01:38:06.730 68401 INFO tempest.lib.common.rest_client [req-f8840ca0-1a67-4dd2-8e20-fd1e0434858d req-f8840ca0-1a67-4dd2-8e20-fd1e0434858d ] Request (ServersAdmin275Test:test_rebuild_update_server_275): 200 GET http://10.180.1.21/compute/v2.1/servers/d72a441d-8993-4eb1-bb9d-67ed97920723 0.067s
2025-01-16 01:38:06.733 68429 INFO tempest.lib.common.rest_client [req-8919966f-c4df-45e5-932f-57718f4123eb req-8919966f-c4df-45e5-932f-57718f4123eb ] Request (ServersAdminNegativeTestJSON:tearDownClass): 200 GET http://10.180.1.21/compute/v2.1/servers/2e9302e8-7348-4fdf-8cfb-a6e7308c7726 0.074s
2025-01-16 01:38:06.783 68407 INFO tempest.lib.common.rest_client [req-1769e3e3-0c83-4ccd-9997-bdb5a2899032 req-1769e3e3-0c83-4ccd-9997-bdb5a2899032 ] Request (ServersTestMultiNic:test_verify_duplicate_network_nics): 200 GET http://10.180.1.21/compute/v2.1/servers/b10ead28-9f49-4633-b23a-7563f7eca055 0.081s
2025-01-16 01:38:06.801 68405 INFO tempest.lib.common.rest_client [req-c098b545-9180-4043-b955-8ad62263c1b5 req-c098b545-9180-4043-b955-8ad62263c1b5 ] Request (ServersWithSpecificFlavorTestJSON:test_verify_created_server_ephemeral_disk): 200 GET http://10.180.1.21/compute/v2.1/servers/c6ff97d8-27e3-4885-985e-d454b8f558f5 0.058s
2025-01-16 01:38:06.861 68439 INFO tempest.lib.common.rest_client [req-bfea3d27-1f47-4674-bcd3-9aab2cce70b6 req-bfea3d27-1f47-4674-bcd3-9aab2cce70b6 ] Request (VolumesAssistedSnapshotsTest:tearDownClass): 200 GET http://10.180.1.21/compute/v2.1/servers/cce416e6-1f41-4086-9490-1ff08fca5994 0.067s
2025-01-16 01:38:06.882 68403 INFO tempest.lib.common.rest_client [req-8b38d74b-bdd2-4186-87f3-62de108e106f req-8b38d74b-bdd2-4186-87f3-62de108e106f ] Request (MultipleCreateTestJSON:test_multiple_create_with_reservation_return): 200 GET http://10.180.1.21/compute/v2.1/servers/0467a236-6cf0-4cba-8948-fdba0b305dcf 0.050s
2025-01-16 01:38:06.888 68403 INFO tempest.common.waiters [-] State transition "BUILD/scheduling" ==> "BUILD/None" after 4 second wait
2025-01-16 01:38:06.924 68397 INFO tempest.lib.common.rest_client [req-5b5e9e40-ec25-4326-b8af-0fc509886ee7 req-5b5e9e40-ec25-4326-b8af-0fc509886ee7 ] Request (InstanceActionsTestJSON:tearDownClass): 200 GET http://10.180.1.21/compute/v2.1/servers/92f2cf26-2254-43e9-83d0-8136d6ac51e7 0.065s
2025-01-16 01:38:06.960 68385 INFO tempest.lib.common.rest_client [req-66c69f91-1652-4824-ac93-6768ac71b5f1 req-66c69f91-1652-4824-ac93-6768ac71b5f1 ] Request (ServersNegativeTestJSON:setUpClass): 200 GET http://10.180.1.21/compute/v2.1/servers/3717ebd5-ce7f-48ea-a834-c87e75fadadd 0.070s
2025-01-16 01:38:07.002 68395 INFO tempest.lib.common.rest_client [req-ea221593-f1d0-47cc-8fe7-e2c34da5f791 req-ea221593-f1d0-47cc-8fe7-e2c34da5f791 ] Request (ServersAaction247Test:tearDownClass): 200 GET http://10.180.1.21/compute/v2.1/servers/1c8e5a82-5373-4c48-9214-31773d5ab4bb 0.075s
