2025-01-16 01:35:59.537 68435 INFO tempest.lib.common.rest_client [req-24929b9d-638a-4cf1-b856-61443d2bbca9 req-24929b9d-638a-4cf1-b856-61443d2bbca9 ] Request (FloatingIPsAssociationNegativeTestJSON:test_associate_ip_to_server_with_floating_ip): 400 POST http://10.180.1.21/compute/v2.1/servers/e1a29ed5-b2be-43d8-b094-d70b5671d223/action 2.543s
2025-01-16 01:35:59.566 68419 INFO tempest.lib.common.rest_client [req-327364e6-91ec-4337-9093-2b3eee72e60c req-327364e6-91ec-4337-9093-2b3eee72e60c ] Request (ServersTestBootFromVolume:setUpClass): 201 POST http://10.180.1.21/identity/v3/auth/tokens 0.078s
2025-01-16 01:35:59.597 68389 INFO tempest.lib.common.rest_client [req-afe63bab-7637-43fc-ac19-838e5a3f8309 req-afe63bab-7637-43fc-ac19-838e5a3f8309 ] Request (KeyPairsNegativeTestJSON:test_create_keypair_with_duplicate_name): 409 POST http://10.180.1.21/compute/v2.1/os-keypairs 2.479s
2025-01-16 01:35:59.617 68427 INFO tempest.lib.common.rest_client [req-642156f2-8f2f-492f-ac87-9bce7cd2d704 req-642156f2-8f2f-492f-ac87-9bce7cd2d704 ] Request (FlavorsAdminTestJSON:test_create_list_flavor_without_extra_data): 200 GET http://10.180.1.21/compute/v2.1/flavors/256984529 2.478s
2025-01-16 01:35:59.833 68387 INFO tempest.lib.common.rest_client [req-fdc259d4-df21-4bf0-9fe7-71eaa8573d98 req-fdc259d4-df21-4bf0-9fe7-71eaa8573d98 ] Request (ListImageFiltersTestJSON:setUpClass): 204 PUT http://10.180.1.21/image/v2/images/2b25cab0-ff9d-4c67-b43f-bc1f64ada242/file 0.774s
2025-01-16 01:35:59.873 68419 INFO tempest.lib.common.rest_client [req-5d62977c-8763-4792-ba47-f316a4d3f3b9 req-5d62977c-8763-4792-ba47-f316a4d3f3b9 ] Request (ServersTestBootFromVolume:setUpClass): 201 POST http://10.180.1.21:9696/networking/v2.0/networks 0.306s
2025-01-16 01:35:59.946 68379 INFO tempest.lib.common.rest_client [req-0d115d8d-9a3c-4809-9a9a-9b9e1364819e req-0d115d8d-9a3c-4809-9a9a-9b9e1364819e ] Request (MigrationsAdminTest:test_list_migrations_in_flavor_resize_situation): 200 GET http://10.180.1.21/compute/v2.1/servers/26375696-a789-4eec-91cf-47ef118b2bbe 2.707s
2025-01-16 01:35:59.953 68401 INFO tempest.lib.common.rest_client [req-20ea7f0c-e0ad-4951-8afc-885769c3f7f1 req-20ea7f0c-e0ad-4951-8afc-885769c3f7f1 ] Request (FlavorsAccessNegativeTestJSON:test_flavor_non_admin_remove): 403 POST http://10.180.1.21/compute/v2.1/flavors/1483760567/action 2.711s
2025-01-16 01:35:59.955 68379 INFO tempest.common.waiters [-] State transition "BUILD/spawning" ==> "ACTIVE/None" after 20 second wait
2025-01-16 01:35:59.969 68423 INFO tempest.lib.common.rest_client [req-ce1534bb-095c-4560-8ea0-38c03667b5dc req-ce1534bb-095c-4560-8ea0-38c03667b5dc ] Request (AttachInterfacesV270Test:setUpClass): 200 PUT http://10.180.1.21:9696/networking/v2.0/routers/7afcf76c-2bf6-4393-a5b6-e0523d19e6fa/add_router_interface 2.503s
2025-01-16 01:35:59.969 68423 INFO tempest.lib.common.dynamic_creds [-] Created isolated network resources for: credentials: Credentials: {'domain_id': 'default', 'domain_name': 'Default', 'username': 'tempest-AttachInterfacesV270Test-1189150773-project-member', 'project_domain_id': 'default', 'project_domain_name': 'Default', 'project_id': '0bde81eea2e5476784f1e4d9b3f97040', 'project_name': 'tempest-AttachInterfacesV270Test-1189150773', 'tenant_id': '0bde81eea2e5476784f1e4d9b3f97040', 'tenant_name': 'tempest-AttachInterfacesV270Test-1189150773', 'user_domain_id': 'default', 'user_domain_name': 'Default', 'user_id': '38c36f6051d043c4af4a872eb44af814', 'system': None}, Network: {'id': '3d3e5815-b8ed-41c5-98f9-c7d6ecb21c66', 'name': 'tempest-AttachInterfacesV270Test-405142770-network', 'tenant_id': '0bde81eea2e5476784f1e4d9b3f97040', 'admin_state_up': True, 'mtu': 8950, 'status': 'ACTIVE', 'subnets': [], 'shared': False, 'project_id': '0bde81eea2e5476784f1e4d9b3f97040', 'port_security_enabled': True, 'router:external': False, 'provider:network_type': 'vlan', 'provider:physical_network': 'default', 'provider:segmentation_id': 374, 'availability_zone_hints': [], 'availability_zones': [], 'ipv4_address_scope': None, 'ipv6_address_scope': None, 'description': '', 'tags': [], 'created_at': '2025-01-16T01:35:56Z', 'updated_at': '2025-01-16T01:35:56Z', 'revision_number': 1}, Subnet: {'id': 'c9f951c2-6a5e-456c-a639-994d80e82995', 'name': 'tempest-AttachInterfacesV270Test-405142770-subnet', 'tenant_id': '0bde81eea2e5476784f1e4d9b3f97040', 'network_id': '3d3e5815-b8ed-41c5-98f9-c7d6ecb21c66', 'ip_version': 4, 'subnetpool_id': None, 'enable_dhcp': True, 'ipv6_ra_mode': None, 'ipv6_address_mode': None, 'gateway_ip': '192.168.128.1', 'cidr': '192.168.128.0/28', 'allocation_pools': [{'start': '192.168.128.2', 'end': '192.168.128.14'}], 'host_routes': [], 'dns_nameservers': [], 'description': '', 'router:external': False, 'service_types': [], 'tags': [], 'created_at': '2025-01-16T01:35:56Z', 'updated_at': '2025-01-16T01:35:56Z', 'revision_number': 0, 'project_id': '0bde81eea2e5476784f1e4d9b3f97040'}, Router: {'id': '7afcf76c-2bf6-4393-a5b6-e0523d19e6fa', 'name': 'tempest-AttachInterfacesV270Test-405142770-router', 'tenant_id': '0bde81eea2e5476784f1e4d9b3f97040', 'admin_state_up': True, 'status': 'ACTIVE', 'external_gateway_info': {'network_id': 'e9fc93c0-b329-4d70-8c25-49ed110e6d54', 'external_fixed_ips': [{'subnet_id': '80db9c7b-2c79-4a45-bc08-7e62dde05b94', 'ip_address': '10.180.180.219'}], 'enable_snat': True}, 'description': '', 'availability_zones': [], 'distributed': False, 'ha': False, 'availability_zone_hints': [], 'routes': [], 'flavor_id': None, 'tags': [], 'created_at': '2025-01-16T01:35:56Z', 'updated_at': '2025-01-16T01:35:57Z', 'revision_number': 2, 'project_id': '0bde81eea2e5476784f1e4d9b3f97040'}
2025-01-16 01:36:00.034 68377 INFO tempest.lib.common.rest_client [req-962f56a6-6782-4bab-b2c5-6cf8391a408c req-962f56a6-6782-4bab-b2c5-6cf8391a408c ] Request (FloatingIPDetailsTestJSON:tearDownClass): 202 DELETE http://10.180.1.21/compute/v2.1/os-floating-ips/6331c0a1-e597-4d15-a110-37e8c960fe41 2.973s
2025-01-16 01:36:00.060 68419 INFO tempest.lib.common.rest_client [req-f408f38f-dd48-410b-9546-39cd23260616 req-f408f38f-dd48-410b-9546-39cd23260616 ] Request (ServersTestBootFromVolume:setUpClass): 201 POST http://10.180.1.21:9696/networking/v2.0/subnets 0.185s
2025-01-16 01:36:00.091 68423 INFO tempest.lib.common.rest_client [req-125581e6-4451-4358-9076-1f41e74584b3 req-125581e6-4451-4358-9076-1f41e74584b3 ] Request (AttachInterfacesV270Test:setUpClass): 201 POST http://10.180.1.21/identity/v3/auth/tokens 0.117s
2025-01-16 01:36:00.127 68423 INFO tempest.lib.common.rest_client [req-6f16a763-292e-40f6-a1b1-5d27142b9f5b req-6f16a763-292e-40f6-a1b1-5d27142b9f5b ] Request (AttachInterfacesV270Test:test_create_get_list_interfaces): 201 POST http://10.180.1.21/identity/v3/auth/tokens 0.029s
2025-01-16 01:36:00.128 68423 INFO tempest.lib.common.fixed_network [-] (AttachInterfacesV270Test:test_create_get_list_interfaces) Found network {'id': '3d3e5815-b8ed-41c5-98f9-c7d6ecb21c66', 'name': 'tempest-AttachInterfacesV270Test-405142770-network', 'tenant_id': '0bde81eea2e5476784f1e4d9b3f97040', 'admin_state_up': True, 'mtu': 8950, 'status': 'ACTIVE', 'subnets': [], 'shared': False, 'project_id': '0bde81eea2e5476784f1e4d9b3f97040', 'port_security_enabled': True, 'router:external': False, 'provider:network_type': 'vlan', 'provider:physical_network': 'default', 'provider:segmentation_id': 374, 'availability_zone_hints': [], 'availability_zones': [], 'ipv4_address_scope': None, 'ipv6_address_scope': None, 'description': '', 'tags': [], 'created_at': '2025-01-16T01:35:56Z', 'updated_at': '2025-01-16T01:35:56Z', 'revision_number': 1} available for tenant
2025-01-16 01:36:00.150 68425 INFO tempest.lib.common.rest_client [req-1b5ff5de-5ed6-4f49-aee5-69fd994e6088 req-1b5ff5de-5ed6-4f49-aee5-69fd994e6088 ] Request (ServerDiskConfigTestJSON:test_rebuild_server_with_auto_disk_config): 200 GET http://10.180.1.21/compute/v2.1/servers/2f528407-2bd6-4ef2-a02a-572c94316465 2.628s
2025-01-16 01:36:00.154 68381 INFO tempest.lib.common.rest_client [req-19a896cb-e711-41d5-b399-ae93ffadb91d req-19a896cb-e711-41d5-b399-ae93ffadb91d ] Request (ServerActionsV293TestJSON:setUpClass): 201 POST http://10.180.1.21:9696/networking/v2.0/subnets 1.027s
2025-01-16 01:36:00.180 68391 INFO tempest.lib.common.rest_client [req-a5c4d14e-7a78-4658-b7aa-c368a40e05fa req-a5c4d14e-7a78-4658-b7aa-c368a40e05fa ] Request (AggregatesAdminNegativeTestJSON:_run_cleanups): 200 DELETE http://10.180.1.21/compute/v2.1/os-aggregates/4 2.580s
2025-01-16 01:36:00.215 68403 INFO tempest.lib.common.rest_client [req-0a0941b6-98a9-44f7-86b2-919e62c64d4c req-0a0941b6-98a9-44f7-86b2-919e62c64d4c ] Request (SecurityGroupRulesNegativeTestJSON:test_delete_security_group_rule_with_non_existent_id): 404 DELETE http://10.180.1.21/compute/v2.1/os-security-group-rules/46f6d4de-7726-48a2-ad6d-061238ae86ca 2.550s
2025-01-16 01:36:00.291 68397 INFO tempest.lib.common.rest_client [req-0321603e-c323-4963-af82-daa867008737 req-0321603e-c323-4963-af82-daa867008737 ] Request (SecurityGroupRulesTestJSON:test_security_group_rules_list): 200 POST http://10.180.1.21/compute/v2.1/os-security-group-rules 2.896s
2025-01-16 01:36:00.385 68417 INFO tempest.lib.common.rest_client [req-d7007336-dbda-4213-8dc7-dc5ad3cf431e req-d7007336-dbda-4213-8dc7-dc5ad3cf431e ] Request (QuotaClassesAdmin257Test:test_update_default_quotas): 200 GET http://10.180.1.21/compute/v2.1/os-quota-class-sets/default 2.569s
2025-01-16 01:36:00.417 68431 INFO tempest.lib.common.rest_client [req-d76b1d28-1e2a-4943-a88d-d840eccd3e3f req-d76b1d28-1e2a-4943-a88d-d840eccd3e3f ] Request (ServerAddressesTestJSON:test_list_server_addresses_by_network): 200 GET http://10.180.1.21/compute/v2.1/servers/403bc23e-0bb5-4d8a-8b43-c7a0a933d187/ips 2.162s
2025-01-16 01:36:00.451 68411 INFO tempest.lib.common.rest_client [req-9898b16a-3860-4848-a135-aa3987ea2173 req-9898b16a-3860-4848-a135-aa3987ea2173 ] Request (ImagesMetadataTestJSON:test_update_image_metadata): 200 GET http://10.180.1.21/compute/v2.1/images/a79c1906-dbe1-4033-a071-72fd767d3b59/metadata 1.965s
2025-01-16 01:36:00.526 68383 INFO tempest.lib.common.rest_client [req-2be142e9-8494-4953-b937-d4a274eadba4 req-2be142e9-8494-4953-b937-d4a274eadba4 ] Request (SecurityGroupsTestJSON:test_security_group_create_get_delete): 200 GET http://10.180.1.21/compute/v2.1/os-security-groups/f0d5e45a-7e5e-401c-b9eb-b527d8c23512 1.991s
2025-01-16 01:36:00.560 68411 INFO tempest.lib.common.rest_client [req-eff3b642-ff22-48bd-be88-0cdbb480aecc req-eff3b642-ff22-48bd-be88-0cdbb480aecc ] Request (ImagesMetadataTestJSON:tearDownClass): 204 DELETE http://10.180.1.21/image/v2/images/a79c1906-dbe1-4033-a071-72fd767d3b59 0.106s
2025-01-16 01:36:00.664 68411 INFO tempest.lib.common.rest_client [req-7dfc8061-af95-43a4-8b0d-198debd69fc6 req-7dfc8061-af95-43a4-8b0d-198debd69fc6 ] Request (ImagesMetadataTestJSON:tearDownClass): 204 DELETE http://10.180.1.21/identity/v3/users/08834d95bc594b60a801e1c04dbce278 0.104s
2025-01-16 01:36:00.665 68411 INFO tempest.lib.common.dynamic_creds [-] Deleting project and security group for project: 2dfea6e1b0444735aa7dd04f5bd0155a
2025-01-16 01:36:00.891 68439 INFO tempest.lib.common.rest_client [req-0804297b-cdd0-4dbc-be43-86ffdc17304f req-0804297b-cdd0-4dbc-be43-86ffdc17304f ] Request (VolumesAssistedSnapshotsTest:test_volume_assisted_snapshot_create_delete): 200 GET http://10.180.1.21/compute/v2.1/servers/cce416e6-1f41-4086-9490-1ff08fca5994 2.306s
2025-01-16 01:36:00.918 68439 INFO tempest.common.waiters [-] State transition "BUILD/spawning" ==> "ACTIVE/None" after 21 second wait
2025-01-16 01:36:00.941 68411 INFO tempest.lib.common.rest_client [req-46143f5d-8a23-4228-8133-c830edd0fa82 req-46143f5d-8a23-4228-8133-c830edd0fa82 ] Request (ImagesMetadataTestJSON:tearDownClass): 201 POST http://10.180.1.21/identity/v3/auth/tokens 0.275s
2025-01-16 01:36:01.009 68421 INFO tempest.lib.common.rest_client [req-689f53a1-9308-49a4-93fe-96bdb4ecd51a req-689f53a1-9308-49a4-93fe-96bdb4ecd51a ] Request (ServerDiagnosticsNegativeTest:test_get_server_diagnostics_by_non_admin): 200 GET http://10.180.1.21/compute/v2.1/servers/3425040d-d79d-4074-8228-648d60374213 2.274s
2025-01-16 01:36:01.036 68429 INFO tempest.lib.common.rest_client [req-4e7bc7b2-f8c9-439e-910a-190627661cef req-4e7bc7b2-f8c9-439e-910a-190627661cef ] Request (ServersAdminNegativeTestJSON:test_migrate_server_invalid_state): 202 POST http://10.180.1.21/compute/v2.1/servers 2.836s
2025-01-16 01:36:01.118 68385 INFO tempest.lib.common.rest_client [req-2db13fc2-44b2-43ad-a79f-10ab26bf6145 req-2db13fc2-44b2-43ad-a79f-10ab26bf6145 ] Request (ServersNegativeTestJSON:setUpClass): 200 GET http://10.180.1.21/compute/v2.1/servers/5344920a-e824-4ae6-ad29-8415d3015360 2.252s
2025-01-16 01:36:01.163 68407 INFO tempest.lib.common.rest_client [req-687810c1-1963-4896-a3c6-3f77f69bf52e req-687810c1-1963-4896-a3c6-3f77f69bf52e ] Request (DeleteServersAdminTestJSON:test_admin_delete_servers_of_others): 404 GET http://10.180.1.21/compute/v2.1/servers/557e6d8d-129d-4c97-92dc-dcef8439b1da 2.200s
2025-01-16 01:36:01.255 68407 INFO tempest.lib.common.rest_client [req-738bd3f3-c84f-4bde-b890-38d2b45210bd req-738bd3f3-c84f-4bde-b890-38d2b45210bd ] Request (DeleteServersAdminTestJSON:test_delete_server_while_in_error_state): 201 POST http://10.180.1.21/identity/v3/auth/tokens 0.082s
2025-01-16 01:36:01.256 68407 INFO tempest.lib.common.fixed_network [-] (DeleteServersAdminTestJSON:test_delete_server_while_in_error_state) Found network None available for tenant
2025-01-16 01:36:01.371 68411 INFO tempest.lib.common.rest_client [req-a427f77e-a96e-4a5a-8673-f9c917e9d261 req-a427f77e-a96e-4a5a-8673-f9c917e9d261 ] Request (ImagesMetadataTestJSON:tearDownClass): 200 GET http://10.180.1.21:9696/networking/v2.0/security-groups?tenant_id=2dfea6e1b0444735aa7dd04f5bd0155a&name=default 0.428s
2025-01-16 01:36:01.438 68405 INFO tempest.lib.common.rest_client [req-b73799ef-8654-4973-bf3b-9854a3b090fb req-b73799ef-8654-4973-bf3b-9854a3b090fb ] Request (ServersWithSpecificFlavorTestJSON:test_verify_created_server_ephemeral_disk): 200 GET http://10.180.1.21/compute/v2.1/servers/9c1472cf-7406-4baa-be73-b8f59c235252 2.552s
2025-01-16 01:36:01.450 68409 INFO tempest.lib.common.rest_client [req-00bea3b7-2c1d-4768-a0d4-e59546e7c6f1 req-00bea3b7-2c1d-4768-a0d4-e59546e7c6f1 ] Request (VolumesAdminNegativeTest:test_update_attached_volume_with_nonexistent_volume_in_body): 200 GET http://10.180.1.21/compute/v2.1/servers/623c4d1d-55ac-4685-b335-04117f96129a 2.331s
2025-01-16 01:36:01.518 68433 INFO tempest.lib.common.rest_client [req-80c8bd2d-1b25-4446-be93-7494fc635a13 req-80c8bd2d-1b25-4446-be93-7494fc635a13 ] Request (ImagesOneServerTestJSON:setUpClass): 200 GET http://10.180.1.21/compute/v2.1/servers/92c37706-d510-4f1a-ad30-e3df46edcea9 2.281s
2025-01-16 01:36:01.530 68433 INFO tempest.common.waiters [-] State transition "BUILD/None" ==> "BUILD/networking" after 11 second wait
2025-01-16 01:36:01.564 68413 INFO tempest.lib.common.rest_client [req-7741297c-2817-4144-8fba-4001f9d0db5a req-7741297c-2817-4144-8fba-4001f9d0db5a ] Request (ImagesTestJSON:test_create_image_from_stopped_server): 200 GET http://10.180.1.21/compute/v2.1/images/7618d56a-3cc5-4d3c-8128-1c53eaf0a923 2.044s
2025-01-16 01:36:01.596 68411 INFO tempest.lib.common.rest_client [req-8c282fa2-613c-4ccd-b4fc-d28758d59fd9 req-8c282fa2-613c-4ccd-b4fc-d28758d59fd9 ] Request (ImagesMetadataTestJSON:tearDownClass): 204 DELETE http://10.180.1.21:9696/networking/v2.0/security-groups/4a9f561f-4f3c-4cad-b24a-280c9f7a4ebb 0.224s
2025-01-16 01:36:01.691 68411 INFO tempest.lib.common.rest_client [req-66a52521-e1c2-409a-bf4d-155fac1044b8 req-66a52521-e1c2-409a-bf4d-155fac1044b8 ] Request (ImagesMetadataTestJSON:tearDownClass): 204 DELETE http://10.180.1.21/identity/v3/projects/2dfea6e1b0444735aa7dd04f5bd0155a 0.095s
2025-01-16 01:36:01.739 68393 INFO tempest.lib.common.rest_client [req-9b2fda8c-a6ba-4d8e-8cc8-bcbada17f9b8 req-9b2fda8c-a6ba-4d8e-8cc8-bcbada17f9b8 ] Request (ServersTestJSON:setUpClass): 200 GET http://10.180.1.21/compute/v2.1/servers/5bf2b512-1a95-4ad8-8d11-473e8683b68e 2.428s
2025-01-16 01:36:01.757 68389 INFO tempest.lib.common.rest_client [req-0d5e8d87-dcad-4405-8386-b1345a916b78 req-0d5e8d87-dcad-4405-8386-b1345a916b78 ] Request (KeyPairsNegativeTestJSON:test_create_keypair_with_duplicate_name): 202 DELETE http://10.180.1.21/compute/v2.1/os-keypairs/tempest-keypair-1516793596 2.159s
2025-01-16 01:36:01.770 68411 INFO tempest.lib.common.rest_client [req-26ef7e65-f739-4ef5-b152-4429b9d05106 req-26ef7e65-f739-4ef5-b152-4429b9d05106 ] Request (SecurityGroupsNegativeTestJSON:setUpClass): 201 POST http://10.180.1.21/identity/v3/auth/tokens 0.076s
2025-01-16 01:36:01.805 68411 INFO tempest.lib.common.rest_client [req-8f29b8a6-375e-4b66-99ff-9895e12cb443 req-8f29b8a6-375e-4b66-99ff-9895e12cb443 ] Request (SecurityGroupsNegativeTestJSON:setUpClass): 201 POST http://10.180.1.21/identity/v3/auth/tokens 0.032s
2025-01-16 01:36:01.838 68381 INFO tempest.lib.common.rest_client [req-4aa27e80-690c-4343-a4a3-6a7ad897bdb2 req-4aa27e80-690c-4343-a4a3-6a7ad897bdb2 ] Request (ServerActionsV293TestJSON:setUpClass): 201 POST http://10.180.1.21:9696/networking/v2.0/routers 1.683s
2025-01-16 01:36:01.846 68411 INFO tempest.lib.common.rest_client [req-32b93833-b492-419c-9263-ff4fb4bb5e24 req-32b93833-b492-419c-9263-ff4fb4bb5e24 ] Request (SecurityGroupsNegativeTestJSON:setUpClass): 200 GET http://10.180.1.21/identity/v3/domains?name=Default 0.040s
2025-01-16 01:36:01.854 68399 INFO tempest.lib.common.rest_client [req-e7fb7bb8-0ea9-475e-a571-1fb265e2828a req-e7fb7bb8-0ea9-475e-a571-1fb265e2828a ] Request (ServerExternalEventsTest:tearDownClass): 200 GET http://10.180.1.21/compute/v2.1/servers/9b38cbcc-2475-4ff1-b9fe-491bbab28173 2.234s
2025-01-16 01:36:01.861 68377 INFO tempest.lib.common.rest_client [req-686cb25c-456c-405c-a8a8-9121a3e1a0d9 req-686cb25c-456c-405c-a8a8-9121a3e1a0d9 ] Request (FloatingIPDetailsTestJSON:tearDownClass): 200 PUT http://10.180.1.21:9696/networking/v2.0/routers/46f45690-69be-4681-b1fe-230ad7c2074e/remove_router_interface 1.826s
2025-01-16 01:36:01.887 68411 INFO tempest.lib.common.rest_client [req-a27791f0-8b9a-49d6-8163-7b230c7e13ec req-a27791f0-8b9a-49d6-8163-7b230c7e13ec ] Request (SecurityGroupsNegativeTestJSON:setUpClass): 201 POST http://10.180.1.21/identity/v3/projects 0.040s
2025-01-16 01:36:01.978 68411 INFO tempest.lib.common.rest_client [req-a85fb12b-6fd3-4022-8790-74d586ca9e99 req-a85fb12b-6fd3-4022-8790-74d586ca9e99 ] Request (SecurityGroupsNegativeTestJSON:setUpClass): 201 POST http://10.180.1.21/identity/v3/users 0.090s
2025-01-16 01:36:02.024 68411 INFO tempest.lib.common.rest_client [req-2b296845-e2ac-4aee-92b7-8c9cf7151795 req-2b296845-e2ac-4aee-92b7-8c9cf7151795 ] Request (SecurityGroupsNegativeTestJSON:setUpClass): 200 GET http://10.180.1.21/identity/v3/roles 0.046s
2025-01-16 01:36:02.061 68411 INFO tempest.lib.common.rest_client [req-c3453a0d-0e7d-4604-8cd2-afff7078c93a req-c3453a0d-0e7d-4604-8cd2-afff7078c93a ] Request (SecurityGroupsNegativeTestJSON:setUpClass): 204 PUT http://10.180.1.21/identity/v3/projects/ff3f4a6eb78343e6885a1526c82330b3/users/708e53e062fa46e8868ab765ec48a3c6/roles/687df479c950451cbc0f8d264be0baec 0.036s
2025-01-16 01:36:02.061 68411 INFO tempest.lib.common.dynamic_creds [-] Dynamic test user 708e53e062fa46e8868ab765ec48a3c6 is created with scope project and roles: ['member']
2025-01-16 01:36:02.061 68411 INFO tempest.lib.common.dynamic_creds [-] Acquired dynamic creds: credentials: Credentials: {'domain_id': 'default', 'domain_name': 'Default', 'username': 'tempest-SecurityGroupsNegativeTestJSON-1389439530-project-member', 'project_domain_id': 'default', 'project_domain_name': 'Default', 'project_id': 'ff3f4a6eb78343e6885a1526c82330b3', 'project_name': 'tempest-SecurityGroupsNegativeTestJSON-1389439530', 'tenant_id': 'ff3f4a6eb78343e6885a1526c82330b3', 'tenant_name': 'tempest-SecurityGroupsNegativeTestJSON-1389439530', 'user_domain_id': 'default', 'user_domain_name': 'Default', 'user_id': '708e53e062fa46e8868ab765ec48a3c6', 'system': None}, Network: None, Subnet: None, Router: None
2025-01-16 01:36:02.095 68427 INFO tempest.lib.common.rest_client [req-5cf9df70-243c-4efd-b3fc-6721083d379a req-5cf9df70-243c-4efd-b3fc-6721083d379a ] Request (FlavorsAdminTestJSON:test_create_list_flavor_without_extra_data): 200 GET http://10.180.1.21/compute/v2.1/flavors/detail 2.473s
2025-01-16 01:36:02.161 68411 INFO tempest.lib.common.rest_client [req-20ff4bf8-18ae-4681-9823-8c927807a164 req-20ff4bf8-18ae-4681-9823-8c927807a164 ] Request (SecurityGroupsNegativeTestJSON:setUpClass): 201 POST http://10.180.1.21/identity/v3/auth/tokens 0.099s
2025-01-16 01:36:02.402 68415 INFO tempest.lib.common.rest_client [req-46e257c9-377c-459a-9e7c-e537ec09a93f req-46e257c9-377c-459a-9e7c-e537ec09a93f ] Request (ServerTagsTestJSON:setUpClass): 200 GET http://10.180.1.21/compute/v2.1/servers/60f44718-0206-481f-9c0b-38cf5225679c 2.778s
2025-01-16 01:36:02.421 68419 INFO tempest.lib.common.rest_client [req-96fe89bb-4f5e-4da4-8f6c-64b2244deee4 req-96fe89bb-4f5e-4da4-8f6c-64b2244deee4 ] Request (ServersTestBootFromVolume:setUpClass): 201 POST http://10.180.1.21:9696/networking/v2.0/routers 2.361s
2025-01-16 01:36:02.454 68387 INFO tempest.lib.common.rest_client [req-c8e46a06-f50e-4e08-93b9-fd950d28c7ca req-c8e46a06-f50e-4e08-93b9-fd950d28c7ca ] Request (ListImageFiltersTestJSON:setUpClass): 200 GET http://10.180.1.21/compute/v2.1/images/2b25cab0-ff9d-4c67-b43f-bc1f64ada242 2.620s
2025-01-16 01:36:02.604 68401 INFO tempest.lib.common.rest_client [req-3088bd17-7cf5-4d10-81c3-9b00f3272773 req-3088bd17-7cf5-4d10-81c3-9b00f3272773 ] Request (FlavorsAccessNegativeTestJSON:_run_cleanups): 200 POST http://10.180.1.21/compute/v2.1/flavors/1483760567/action 2.650s
2025-01-16 01:36:02.628 68435 INFO tempest.lib.common.rest_client [req-fcf76d3a-8569-432e-afba-3a88c4e4af3f req-fcf76d3a-8569-432e-afba-3a88c4e4af3f ] Request (FloatingIPsAssociationNegativeTestJSON:_run_cleanups): 202 DELETE http://10.180.1.21/compute/v2.1/os-floating-ips/85c42dc0-c998-483b-80c6-740e3966ed05 3.090s
2025-01-16 01:36:02.825 68379 INFO tempest.lib.common.rest_client [req-2811d585-2a0d-4b00-8011-5a052fe9e17c req-2811d585-2a0d-4b00-8011-5a052fe9e17c ] Request (MigrationsAdminTest:test_list_migrations_in_flavor_resize_situation): 202 POST http://10.180.1.21/compute/v2.1/servers/26375696-a789-4eec-91cf-47ef118b2bbe/action 2.870s
2025-01-16 01:36:02.853 68391 INFO tempest.lib.common.rest_client [req-6c7453bc-07c6-446b-ba4d-885d2cb6edff req-6c7453bc-07c6-446b-ba4d-885d2cb6edff ] Request (AggregatesAdminNegativeTestJSON:test_aggregate_delete_as_user): 200 POST http://10.180.1.21/compute/v2.1/os-aggregates 2.671s
2025-01-16 01:36:03.022 68377 INFO tempest.lib.common.rest_client [req-88b488b3-d737-41c4-92c1-d65763c95776 req-88b488b3-d737-41c4-92c1-d65763c95776 ] Request (FloatingIPDetailsTestJSON:tearDownClass): 204 DELETE http://10.180.1.21:9696/networking/v2.0/routers/46f45690-69be-4681-b1fe-230ad7c2074e 1.161s
2025-01-16 01:36:03.145 68403 INFO tempest.lib.common.rest_client [req-a67b9ea8-c0d3-4482-8122-6168ab913909 req-a67b9ea8-c0d3-4482-8122-6168ab913909 ] Request (SecurityGroupRulesNegativeTestJSON:tearDownClass): 202 DELETE http://10.180.1.21/compute/v2.1/os-security-groups/34f8635b-803a-4d55-9fb8-4f51721bb7da 2.929s
2025-01-16 01:36:03.230 68411 INFO tempest.lib.common.rest_client [req-687cb508-3674-43aa-8461-33ab42769c50 req-687cb508-3674-43aa-8461-33ab42769c50 ] Request (SecurityGroupsNegativeTestJSON:setUpClass): 201 POST http://10.180.1.21:9696/networking/v2.0/networks 1.069s
2025-01-16 01:36:03.340 68423 INFO tempest.lib.common.rest_client [req-4bb39d65-9deb-4cf2-a54c-24ac9d1346ba req-4bb39d65-9deb-4cf2-a54c-24ac9d1346ba ] Request (AttachInterfacesV270Test:test_create_get_list_interfaces): 202 POST http://10.180.1.21/compute/v2.1/servers 3.211s
2025-01-16 01:36:03.355 68397 INFO tempest.lib.common.rest_client [req-1c6dee26-bde3-43a1-b417-4084b751fd38 req-1c6dee26-bde3-43a1-b417-4084b751fd38 ] Request (SecurityGroupRulesTestJSON:test_security_group_rules_list): 200 POST http://10.180.1.21/compute/v2.1/os-security-group-rules 3.058s
2025-01-16 01:36:03.408 68431 INFO tempest.lib.common.rest_client [req-dfef7e94-5ade-46b9-af48-1efb1fc57033 req-dfef7e94-5ade-46b9-af48-1efb1fc57033 ] Request (ServerAddressesTestJSON:test_list_server_addresses_by_network): 200 GET http://10.180.1.21/compute/v2.1/servers/403bc23e-0bb5-4d8a-8b43-c7a0a933d187/ips/tempest-ServerAddressesTestJSON-179872387-network 2.989s
2025-01-16 01:36:03.441 68417 INFO tempest.lib.common.rest_client [req-98261f63-b227-4357-8fd9-17807aa80c3b req-98261f63-b227-4357-8fd9-17807aa80c3b ] Request (QuotaClassesAdmin257Test:test_update_default_quotas): 200 PUT http://10.180.1.21/compute/v2.1/os-quota-class-sets/default 3.054s
2025-01-16 01:36:03.460 68377 INFO tempest.lib.common.rest_client [req-194c4e85-e23a-4c89-b54a-49540c048b75 req-194c4e85-e23a-4c89-b54a-49540c048b75 ] Request (FloatingIPDetailsTestJSON:tearDownClass): 204 DELETE http://10.180.1.21:9696/networking/v2.0/subnets/b2ecc5f8-cd6d-4474-a752-3a9fd55dfb96 0.437s
2025-01-16 01:36:03.651 68439 INFO tempest.lib.common.rest_client [req-86750182-eceb-4df8-ab5f-c811bf6c9994 req-86750182-eceb-4df8-ab5f-c811bf6c9994 ] Request (VolumesAssistedSnapshotsTest:test_volume_assisted_snapshot_create_delete): 200 GET http://10.180.1.21/compute/v2.1/servers/cce416e6-1f41-4086-9490-1ff08fca5994/os-interface 2.732s
2025-01-16 01:36:03.698 68383 INFO tempest.lib.common.rest_client [req-75d5afa9-8fa2-4ded-a491-75d86e441389 req-75d5afa9-8fa2-4ded-a491-75d86e441389 ] Request (SecurityGroupsTestJSON:test_security_group_create_get_delete): 202 DELETE http://10.180.1.21/compute/v2.1/os-security-groups/f0d5e45a-7e5e-401c-b9eb-b527d8c23512 3.167s
2025-01-16 01:36:03.725 68429 INFO tempest.lib.common.rest_client [req-52426a9f-3ba0-46cd-8201-a32cfe401c25 req-52426a9f-3ba0-46cd-8201-a32cfe401c25 ] Request (ServersAdminNegativeTestJSON:test_migrate_server_invalid_state): 200 GET http://10.180.1.21/compute/v2.1/servers/fcdf5dee-f078-4438-81ec-50f35cbbf24f 2.686s
2025-01-16 01:36:03.767 68425 INFO tempest.lib.common.rest_client [req-7e9aa633-5522-44da-b014-cd46ca33b249 req-7e9aa633-5522-44da-b014-cd46ca33b249 ] Request (ServerDiskConfigTestJSON:test_rebuild_server_with_auto_disk_config): 200 GET http://10.180.1.21/compute/v2.1/servers/2f528407-2bd6-4ef2-a02a-572c94316465 2.606s
2025-01-16 01:36:03.780 68389 INFO tempest.lib.common.rest_client [req-92f7a202-ea36-434a-b567-926b70f36041 req-92f7a202-ea36-434a-b567-926b70f36041 ] Request (KeyPairsNegativeTestJSON:test_create_keypair_with_empty_name_string): 400 POST http://10.180.1.21/compute/v2.1/os-keypairs 2.021s
2025-01-16 01:36:03.842 68421 INFO tempest.lib.common.rest_client [req-bfaf7ead-1146-4088-9d9a-4732c8c0d54e req-bfaf7ead-1146-4088-9d9a-4732c8c0d54e ] Request (ServerDiagnosticsNegativeTest:test_get_server_diagnostics_by_non_admin): 200 GET http://10.180.1.21/compute/v2.1/servers/3425040d-d79d-4074-8228-648d60374213 1.823s
2025-01-16 01:36:03.851 68421 INFO tempest.common.waiters [-] State transition "BUILD/None" ==> "BUILD/networking" after 9 second wait
2025-01-16 01:36:03.864 68427 INFO tempest.lib.common.rest_client [req-27143cee-9092-4af0-8bf7-9c457d9b2440 req-27143cee-9092-4af0-8bf7-9c457d9b2440 ] Request (FlavorsAdminTestJSON:_run_cleanups): 202 DELETE http://10.180.1.21/compute/v2.1/flavors/256984529 1.760s
2025-01-16 01:36:03.926 68385 INFO tempest.lib.common.rest_client [req-7bd9caea-12df-4f6c-9007-3f9725716eef req-7bd9caea-12df-4f6c-9007-3f9725716eef ] Request (ServersNegativeTestJSON:setUpClass): 200 GET http://10.180.1.21/compute/v2.1/servers/5344920a-e824-4ae6-ad29-8415d3015360 1.795s
2025-01-16 01:36:03.949 68411 INFO tempest.lib.common.rest_client [req-28071d95-2938-4451-a0ce-7cd6782142ef req-28071d95-2938-4451-a0ce-7cd6782142ef ] Request (SecurityGroupsNegativeTestJSON:setUpClass): 201 POST http://10.180.1.21:9696/networking/v2.0/subnets 0.718s
2025-01-16 01:36:04.015 68377 INFO tempest.lib.common.rest_client [req-587a26ce-4d81-4db8-b63b-a2dd0483466c req-587a26ce-4d81-4db8-b63b-a2dd0483466c ] Request (FloatingIPDetailsTestJSON:tearDownClass): 204 DELETE http://10.180.1.21:9696/networking/v2.0/networks/031d0b47-69a5-4ec3-9a51-fec7bbcaeebf 0.555s
2025-01-16 01:36:04.017 68407 INFO tempest.lib.common.rest_client [req-6f01c86f-2241-4f45-912a-9ca3395b8a85 req-6f01c86f-2241-4f45-912a-9ca3395b8a85 ] Request (DeleteServersAdminTestJSON:test_delete_server_while_in_error_state): 202 POST http://10.180.1.21/compute/v2.1/servers 2.760s
2025-01-16 01:36:04.065 68387 INFO tempest.lib.common.rest_client [req-081e1d2e-aca6-4f56-8edf-9124353d2e13 req-081e1d2e-aca6-4f56-8edf-9124353d2e13 ] Request (ListImageFiltersTestJSON:setUpClass): 200 GET http://10.180.1.21/compute/v2.1/images/2b25cab0-ff9d-4c67-b43f-bc1f64ada242 1.608s
2025-01-16 01:36:04.098 68405 INFO tempest.lib.common.rest_client [req-062b3e11-9269-4b42-9e1b-8ac93a6df3c9 req-062b3e11-9269-4b42-9e1b-8ac93a6df3c9 ] Request (ServersWithSpecificFlavorTestJSON:test_verify_created_server_ephemeral_disk): 200 GET http://10.180.1.21/compute/v2.1/servers/9c1472cf-7406-4baa-be73-b8f59c235252 1.651s
2025-01-16 01:36:04.123 68405 INFO tempest.common.waiters [-] State transition "BUILD/spawning" ==> "ACTIVE/None" after 19 second wait
2025-01-16 01:36:04.216 68387 INFO tempest.lib.common.rest_client [req-2f5c414b-f624-4554-b7dc-d42a63752cbc req-2f5c414b-f624-4554-b7dc-d42a63752cbc ] Request (ListImageFiltersTestJSON:setUpClass): 201 POST http://10.180.1.21/identity/v3/auth/tokens 0.141s
2025-01-16 01:36:04.217 68387 INFO tempest.lib.common.fixed_network [-] (ListImageFiltersTestJSON:setUpClass) Found network None available for tenant
2025-01-16 01:36:04.262 68377 INFO tempest.lib.common.rest_client [req-6a8054b9-0830-40af-a965-250f6545114e req-6a8054b9-0830-40af-a965-250f6545114e ] Request (FloatingIPDetailsTestJSON:tearDownClass): 204 DELETE http://10.180.1.21/identity/v3/users/4329fb39f1d344e1a690517041dc76a1 0.246s
2025-01-16 01:36:04.263 68377 INFO tempest.lib.common.dynamic_creds [-] Deleting project and security group for project: e4b9904a812e43018093daa7468593a6
2025-01-16 01:36:04.378 68433 INFO tempest.lib.common.rest_client [req-9b0999ac-b7ef-4249-a490-9ce8c14f48dd req-9b0999ac-b7ef-4249-a490-9ce8c14f48dd ] Request (ImagesOneServerTestJSON:setUpClass): 200 GET http://10.180.1.21/compute/v2.1/servers/92c37706-d510-4f1a-ad30-e3df46edcea9 1.847s
2025-01-16 01:36:04.388 68433 INFO tempest.common.waiters [-] State transition "BUILD/networking" ==> "BUILD/spawning" after 14 second wait
2025-01-16 01:36:04.403 68409 INFO tempest.lib.common.rest_client [req-a5e2969f-a70d-45e3-8f9b-32fa82079ceb req-a5e2969f-a70d-45e3-8f9b-32fa82079ceb ] Request (VolumesAdminNegativeTest:test_update_attached_volume_with_nonexistent_volume_in_body): 200 GET http://10.180.1.21/compute/v2.1/servers/623c4d1d-55ac-4685-b335-04117f96129a 1.944s
2025-01-16 01:36:04.419 68413 INFO tempest.lib.common.rest_client [req-39b0b9e2-4a1b-43ad-80c4-6f6ee44c9d22 req-39b0b9e2-4a1b-43ad-80c4-6f6ee44c9d22 ] Request (ImagesTestJSON:test_create_image_from_stopped_server): 200 GET http://10.180.1.21/compute/v2.1/images/7618d56a-3cc5-4d3c-8128-1c53eaf0a923 1.850s
2025-01-16 01:36:04.439 68401 INFO tempest.lib.common.rest_client [req-c3907e8d-55de-4b05-8c65-b9e0cb66f04a req-c3907e8d-55de-4b05-8c65-b9e0cb66f04a ] Request (FlavorsAccessNegativeTestJSON:_run_cleanups): 202 DELETE http://10.180.1.21/compute/v2.1/flavors/1483760567 1.833s
2025-01-16 01:36:04.619 68393 INFO tempest.lib.common.rest_client [req-87cccdef-2669-44ef-8bca-9b8ced305cee req-87cccdef-2669-44ef-8bca-9b8ced305cee ] Request (ServersTestJSON:setUpClass): 200 GET http://10.180.1.21/compute/v2.1/servers/5bf2b512-1a95-4ad8-8d11-473e8683b68e 1.871s
2025-01-16 01:36:04.636 68393 INFO tempest.common.waiters [-] State transition "BUILD/spawning" ==> "ACTIVE/None" after 24 second wait
2025-01-16 01:36:04.751 68377 INFO tempest.lib.common.rest_client [req-231b15cf-233b-4b95-b2c5-f30021385bad req-231b15cf-233b-4b95-b2c5-f30021385bad ] Request (FloatingIPDetailsTestJSON:tearDownClass): 200 GET http://10.180.1.21:9696/networking/v2.0/security-groups?tenant_id=e4b9904a812e43018093daa7468593a6&name=default 0.487s
2025-01-16 01:36:04.878 68379 INFO tempest.lib.common.rest_client [req-456f6a50-0d4a-45de-8db5-313112887af0 req-456f6a50-0d4a-45de-8db5-313112887af0 ] Request (MigrationsAdminTest:test_list_migrations_in_flavor_resize_situation): 200 GET http://10.180.1.21/compute/v2.1/servers/26375696-a789-4eec-91cf-47ef118b2bbe 2.052s
2025-01-16 01:36:04.886 68391 INFO tempest.lib.common.rest_client [req-3bac844e-425c-4ad5-aaef-73f2e880c005 req-3bac844e-425c-4ad5-aaef-73f2e880c005 ] Request (AggregatesAdminNegativeTestJSON:test_aggregate_delete_as_user): 403 DELETE http://10.180.1.21/compute/v2.1/os-aggregates/5 2.031s
2025-01-16 01:36:04.915 68399 INFO tempest.lib.common.rest_client [req-578ae1ac-2209-42e9-ba96-3bd2e1f408fb req-578ae1ac-2209-42e9-ba96-3bd2e1f408fb ] Request (ServerExternalEventsTest:tearDownClass): 404 GET http://10.180.1.21/compute/v2.1/servers/9b38cbcc-2475-4ff1-b9fe-491bbab28173 2.053s
2025-01-16 01:36:05.057 68399 INFO tempest.lib.common.rest_client [req-005ab811-c174-4033-aaa2-880d3ff83b2e req-005ab811-c174-4033-aaa2-880d3ff83b2e ] Request (ServerExternalEventsTest:tearDownClass): 204 DELETE http://10.180.1.21/identity/v3/users/843a0b71ebcc4dacb587f4ac8a99a2d1 0.141s
2025-01-16 01:36:05.077 68377 INFO tempest.lib.common.rest_client [req-901674fe-8c60-4de1-bdbc-92450a454d54 req-901674fe-8c60-4de1-bdbc-92450a454d54 ] Request (FloatingIPDetailsTestJSON:tearDownClass): 204 DELETE http://10.180.1.21:9696/networking/v2.0/security-groups/b6891b7f-a505-4176-80c7-189ce0cd6f49 0.325s
2025-01-16 01:36:05.216 68399 INFO tempest.lib.common.rest_client [req-43876b16-8d5f-4e19-909a-378456a01394 req-43876b16-8d5f-4e19-909a-378456a01394 ] Request (ServerExternalEventsTest:tearDownClass): 204 DELETE http://10.180.1.21/identity/v3/users/e72e888df9b645fb97dc28f842ab2e3a 0.158s
2025-01-16 01:36:05.262 68377 INFO tempest.lib.common.rest_client [req-d6769b29-32b8-4f36-9182-72c1eaaef1ee req-d6769b29-32b8-4f36-9182-72c1eaaef1ee ] Request (FloatingIPDetailsTestJSON:tearDownClass): 204 DELETE http://10.180.1.21/identity/v3/projects/e4b9904a812e43018093daa7468593a6 0.184s
2025-01-16 01:36:05.272 68403 INFO tempest.lib.common.rest_client [req-0f49ad67-42fb-4fc3-b79f-2f5dea605f1f req-0f49ad67-42fb-4fc3-b79f-2f5dea605f1f ] Request (SecurityGroupRulesNegativeTestJSON:tearDownClass): 202 DELETE http://10.180.1.21/compute/v2.1/os-security-groups/e74328ff-834d-41a3-853d-5b7d81c492d3 2.125s
2025-01-16 01:36:05.312 68377 INFO tempest.lib.common.rest_client [req-c74864fd-06bd-477e-bb9c-307a1d1e2c79 req-c74864fd-06bd-477e-bb9c-307a1d1e2c79 ] Request (ImagesNegativeTestJSON:setUpClass): 201 POST http://10.180.1.21/identity/v3/auth/tokens 0.048s
2025-01-16 01:36:05.345 68399 INFO tempest.lib.common.rest_client [req-0c398e30-cfd0-4674-ad0f-ff03e3debe12 req-0c398e30-cfd0-4674-ad0f-ff03e3debe12 ] Request (ServerExternalEventsTest:tearDownClass): 204 DELETE http://10.180.1.21/identity/v3/users/b8283325fb5a457a88dde31713df2181 0.128s
2025-01-16 01:36:05.345 68399 INFO tempest.lib.common.dynamic_creds [-] Deleting project and security group for project: a491e26fcd2a4107b1284471c3c50202
2025-01-16 01:36:05.380 68423 INFO tempest.lib.common.rest_client [req-171697be-86d8-4430-8348-9848312f6097 req-171697be-86d8-4430-8348-9848312f6097 ] Request (AttachInterfacesV270Test:test_create_get_list_interfaces): 200 GET http://10.180.1.21/compute/v2.1/servers/c69e62fb-7776-4064-a296-3e09564d780c 2.039s
2025-01-16 01:36:05.385 68377 INFO tempest.lib.common.rest_client [req-1ebadbed-90f6-43bd-8581-bdcb3f094947 req-1ebadbed-90f6-43bd-8581-bdcb3f094947 ] Request (ImagesNegativeTestJSON:setUpClass): 201 POST http://10.180.1.21/identity/v3/auth/tokens 0.071s
2025-01-16 01:36:05.402 68399 INFO tempest.lib.common.rest_client [req-47536526-9723-426f-a70f-b208c07610c3 req-47536526-9723-426f-a70f-b208c07610c3 ] Request (ServerExternalEventsTest:tearDownClass): 201 POST http://10.180.1.21/identity/v3/auth/tokens 0.056s
2025-01-16 01:36:05.435 68397 INFO tempest.lib.common.rest_client [req-4978fe75-0265-4150-8a19-c7eaff32b073 req-4978fe75-0265-4150-8a19-c7eaff32b073 ] Request (SecurityGroupRulesTestJSON:test_security_group_rules_list): 200 GET http://10.180.1.21/compute/v2.1/os-security-groups/ec7f80d7-5e72-48cf-a8b5-d33557793c08 2.077s
2025-01-16 01:36:05.451 68377 INFO tempest.lib.common.rest_client [req-50a61916-fad8-4548-bf29-3d4bd40e4a3d req-50a61916-fad8-4548-bf29-3d4bd40e4a3d ] Request (ImagesNegativeTestJSON:setUpClass): 200 GET http://10.180.1.21/identity/v3/domains?name=Default 0.066s
2025-01-16 01:36:05.494 68377 INFO tempest.lib.common.rest_client [req-8a2880c6-caba-46ce-a368-825c614a05de req-8a2880c6-caba-46ce-a368-825c614a05de ] Request (ImagesNegativeTestJSON:setUpClass): 201 POST http://10.180.1.21/identity/v3/projects 0.042s
2025-01-16 01:36:05.533 68431 INFO tempest.lib.common.rest_client [req-3d0d60a4-904b-485a-b626-74930a924c4e req-3d0d60a4-904b-485a-b626-74930a924c4e ] Request (ServerAddressesTestJSON:tearDownClass): 204 DELETE http://10.180.1.21/compute/v2.1/servers/403bc23e-0bb5-4d8a-8b43-c7a0a933d187 2.122s
2025-01-16 01:36:05.573 68377 INFO tempest.lib.common.rest_client [req-f45c4360-6d05-4b6d-ac42-130a52d753f9 req-f45c4360-6d05-4b6d-ac42-130a52d753f9 ] Request (ImagesNegativeTestJSON:setUpClass): 201 POST http://10.180.1.21/identity/v3/users 0.078s
2025-01-16 01:36:05.599 68377 INFO tempest.lib.common.rest_client [req-380c7061-dbc3-4174-8e2d-05f43e4c2b2c req-380c7061-dbc3-4174-8e2d-05f43e4c2b2c ] Request (ImagesNegativeTestJSON:setUpClass): 200 GET http://10.180.1.21/identity/v3/roles 0.025s
2025-01-16 01:36:05.612 68415 INFO tempest.lib.common.rest_client [req-f2663cd1-942d-435e-9655-e10dfdad8a8f req-f2663cd1-942d-435e-9655-e10dfdad8a8f ] Request (ServerTagsTestJSON:setUpClass): 200 GET http://10.180.1.21/compute/v2.1/servers/60f44718-0206-481f-9c0b-38cf5225679c 2.191s
2025-01-16 01:36:05.632 68417 INFO tempest.lib.common.rest_client [req-b858c483-c39d-4a00-b6a6-b367f3faf7a1 req-b858c483-c39d-4a00-b6a6-b367f3faf7a1 ] Request (QuotaClassesAdmin257Test:test_update_default_quotas): 200 GET http://10.180.1.21/compute/v2.1/os-quota-class-sets/default 2.189s
2025-01-16 01:36:05.642 68377 INFO tempest.lib.common.rest_client [req-5df4b360-3a1f-4817-93df-5d288f80f725 req-5df4b360-3a1f-4817-93df-5d288f80f725 ] Request (ImagesNegativeTestJSON:setUpClass): 204 PUT http://10.180.1.21/identity/v3/projects/4e4bc554ef6847649ac5d5544ddb0c7d/users/22c20508aacf49b08d8e6165296c3cbe/roles/687df479c950451cbc0f8d264be0baec 0.043s
2025-01-16 01:36:05.642 68377 INFO tempest.lib.common.dynamic_creds [-] Dynamic test user 22c20508aacf49b08d8e6165296c3cbe is created with scope project and roles: ['member']
2025-01-16 01:36:05.644 68377 INFO tempest.lib.common.dynamic_creds [-] Acquired dynamic creds: credentials: Credentials: {'domain_id': 'default', 'domain_name': 'Default', 'username': 'tempest-ImagesNegativeTestJSON-1384363838-project-member', 'project_domain_id': 'default', 'project_domain_name': 'Default', 'project_id': '4e4bc554ef6847649ac5d5544ddb0c7d', 'project_name': 'tempest-ImagesNegativeTestJSON-1384363838', 'tenant_id': '4e4bc554ef6847649ac5d5544ddb0c7d', 'tenant_name': 'tempest-ImagesNegativeTestJSON-1384363838', 'user_domain_id': 'default', 'user_domain_name': 'Default', 'user_id': '22c20508aacf49b08d8e6165296c3cbe', 'system': None}, Network: None, Subnet: None, Router: None
2025-01-16 01:36:05.680 68383 INFO tempest.lib.common.rest_client [req-e93a5d3e-142f-4e46-8917-7f6732a456af req-e93a5d3e-142f-4e46-8917-7f6732a456af ] Request (SecurityGroupsTestJSON:test_security_group_create_get_delete): 404 GET http://10.180.1.21/compute/v2.1/os-security-groups/f0d5e45a-7e5e-401c-b9eb-b527d8c23512 1.981s
2025-01-16 01:36:05.699 68399 INFO tempest.lib.common.rest_client [req-cf8e283b-778d-4766-b178-8991c989a555 req-cf8e283b-778d-4766-b178-8991c989a555 ] Request (ServerExternalEventsTest:tearDownClass): 200 GET http://10.180.1.21:9696/networking/v2.0/security-groups?tenant_id=a491e26fcd2a4107b1284471c3c50202&name=default 0.297s
2025-01-16 01:36:05.730 68389 INFO tempest.lib.common.rest_client [req-cdc5cee8-58d6-490d-a626-b917eb92d818 req-cdc5cee8-58d6-490d-a626-b917eb92d818 ] Request (KeyPairsNegativeTestJSON:test_create_keypair_with_empty_public_key): 400 POST http://10.180.1.21/compute/v2.1/os-keypairs 1.949s
2025-01-16 01:36:05.732 68381 INFO tempest.lib.common.rest_client [req-8d60f01f-2e1e-4ab1-8a24-74cdc2dca782 req-8d60f01f-2e1e-4ab1-8a24-74cdc2dca782 ] Request (ServerActionsV293TestJSON:setUpClass): 200 PUT http://10.180.1.21:9696/networking/v2.0/routers/fbed02f8-7853-4b71-911b-7f0b31fe7f3a/add_router_interface 3.893s
2025-01-16 01:36:05.732 68381 INFO tempest.lib.common.dynamic_creds [-] Created isolated network resources for: credentials: Credentials: {'domain_id': 'default', 'domain_name': 'Default', 'username': 'tempest-ServerActionsV293TestJSON-232826764-project-member', 'project_domain_id': 'default', 'project_domain_name': 'Default', 'project_id': '1662a08980d746318a7d492b7bc8b033', 'project_name': 'tempest-ServerActionsV293TestJSON-232826764', 'tenant_id': '1662a08980d746318a7d492b7bc8b033', 'tenant_name': 'tempest-ServerActionsV293TestJSON-232826764', 'user_domain_id': 'default', 'user_domain_name': 'Default', 'user_id': 'c883937802f34234a5be51b81baaafaa', 'system': None}, Network: {'id': '7fdc73b5-f5e6-4dff-8741-5ae4e7be3de6', 'name': 'tempest-ServerActionsV293TestJSON-340663995-network', 'tenant_id': '1662a08980d746318a7d492b7bc8b033', 'admin_state_up': True, 'mtu': 8950, 'status': 'ACTIVE', 'subnets': [], 'shared': False, 'project_id': '1662a08980d746318a7d492b7bc8b033', 'port_security_enabled': True, 'router:external': False, 'provider:network_type': 'vlan', 'provider:physical_network': 'default', 'provider:segmentation_id': 741, 'availability_zone_hints': [], 'availability_zones': [], 'ipv4_address_scope': None, 'ipv6_address_scope': None, 'description': '', 'tags': [], 'created_at': '2025-01-16T01:35:58Z', 'updated_at': '2025-01-16T01:35:59Z', 'revision_number': 1}, Subnet: {'id': '37dfa561-7f03-401c-b922-1f59ed45ded1', 'name': 'tempest-ServerActionsV293TestJSON-340663995-subnet', 'tenant_id': '1662a08980d746318a7d492b7bc8b033', 'network_id': '7fdc73b5-f5e6-4dff-8741-5ae4e7be3de6', 'ip_version': 4, 'subnetpool_id': None, 'enable_dhcp': True, 'ipv6_ra_mode': None, 'ipv6_address_mode': None, 'gateway_ip': '192.168.128.1', 'cidr': '192.168.128.0/28', 'allocation_pools': [{'start': '192.168.128.2', 'end': '192.168.128.14'}], 'host_routes': [], 'dns_nameservers': [], 'description': '', 'router:external': False, 'service_types': [], 'tags': [], 'created_at': '2025-01-16T01:35:59Z', 'updated_at': '2025-01-16T01:35:59Z', 'revision_number': 0, 'project_id': '1662a08980d746318a7d492b7bc8b033'}, Router: {'id': 'fbed02f8-7853-4b71-911b-7f0b31fe7f3a', 'name': 'tempest-ServerActionsV293TestJSON-340663995-router', 'tenant_id': '1662a08980d746318a7d492b7bc8b033', 'admin_state_up': True, 'status': 'ACTIVE', 'external_gateway_info': {'network_id': 'e9fc93c0-b329-4d70-8c25-49ed110e6d54', 'external_fixed_ips': [{'subnet_id': '80db9c7b-2c79-4a45-bc08-7e62dde05b94', 'ip_address': '10.180.180.134'}], 'enable_snat': True}, 'description': '', 'availability_zones': [], 'distributed': False, 'ha': False, 'availability_zone_hints': [], 'routes': [], 'flavor_id': None, 'tags': [], 'created_at': '2025-01-16T01:36:00Z', 'updated_at': '2025-01-16T01:36:01Z', 'revision_number': 2, 'project_id': '1662a08980d746318a7d492b7bc8b033'}
2025-01-16 01:36:05.737 68377 INFO tempest.lib.common.rest_client [req-3e2ee76e-496c-4572-bb28-265e6d746463 req-3e2ee76e-496c-4572-bb28-265e6d746463 ] Request (ImagesNegativeTestJSON:setUpClass): 201 POST http://10.180.1.21/identity/v3/auth/tokens 0.092s
2025-01-16 01:36:05.757 68427 INFO tempest.lib.common.rest_client [req-45573e98-a354-4d02-9945-4f324fed7a0c req-45573e98-a354-4d02-9945-4f324fed7a0c ] Request (FlavorsAdminTestJSON:_run_cleanups): 200 GET http://10.180.1.21/compute/v2.1/flavors/detail 1.893s
2025-01-16 01:36:05.834 68381 INFO tempest.lib.common.rest_client [req-0bcdbc2c-c2ae-442f-b2ff-f4f4598e800e req-0bcdbc2c-c2ae-442f-b2ff-f4f4598e800e ] Request (ServerActionsV293TestJSON:setUpClass): 201 POST http://10.180.1.21/identity/v3/auth/tokens 0.099s
2025-01-16 01:36:05.836 68407 INFO tempest.lib.common.rest_client [req-f45109e2-bbcb-42c2-be3b-40130aac9e6b req-f45109e2-bbcb-42c2-be3b-40130aac9e6b ] Request (DeleteServersAdminTestJSON:test_delete_server_while_in_error_state): 200 GET http://10.180.1.21/compute/v2.1/servers/b710c68a-0dd5-4565-962e-00ce8a433324 1.814s
2025-01-16 01:36:05.891 68399 INFO tempest.lib.common.rest_client [req-76f69161-0151-45fc-a461-d284d8164f20 req-76f69161-0151-45fc-a461-d284d8164f20 ] Request (ServerExternalEventsTest:tearDownClass): 204 DELETE http://10.180.1.21:9696/networking/v2.0/security-groups/e8ef2737-6d20-4dc0-bcbb-023f362196be 0.192s
2025-01-16 01:36:05.915 68405 INFO tempest.lib.common.rest_client [req-94a41915-d545-4c0f-b448-93fef87f59e1 req-94a41915-d545-4c0f-b448-93fef87f59e1 ] Request (ServersWithSpecificFlavorTestJSON:test_verify_created_server_ephemeral_disk): 200 GET http://10.180.1.21/compute/v2.1/servers/9c1472cf-7406-4baa-be73-b8f59c235252/os-interface 1.790s
2025-01-16 01:36:05.917 68435 INFO tempest.lib.common.rest_client [req-a12bc634-88f0-4e9f-a893-efb6e361c604 req-a12bc634-88f0-4e9f-a893-efb6e361c604 ] Request (FloatingIPsAssociationNegativeTestJSON:_run_cleanups): 202 POST http://10.180.1.21/compute/v2.1/servers/e1a29ed5-b2be-43d8-b094-d70b5671d223/action 3.289s
2025-01-16 01:36:05.950 68401 INFO tempest.lib.common.rest_client [req-4605a36c-14f5-4392-9aed-711b5abffc05 req-4605a36c-14f5-4392-9aed-711b5abffc05 ] Request (FlavorsAccessNegativeTestJSON:_run_cleanups): 200 GET http://10.180.1.21/compute/v2.1/flavors/detail 1.511s
2025-01-16 01:36:06.004 68399 INFO tempest.lib.common.rest_client [req-953b0d1b-0ab1-4ad9-8a84-88792843cc3c req-953b0d1b-0ab1-4ad9-8a84-88792843cc3c ] Request (ServerExternalEventsTest:tearDownClass): 204 DELETE http://10.180.1.21/identity/v3/projects/a491e26fcd2a4107b1284471c3c50202 0.113s
2025-01-16 01:36:06.005 68399 INFO tempest.lib.common.dynamic_creds [-] Deleting project and security group for project: 9ad511b09030430aafdf848bedc0ef42
2025-01-16 01:36:06.079 68393 INFO tempest.lib.common.rest_client [req-67e53792-fb37-4ce7-9ccb-206966c584a9 req-67e53792-fb37-4ce7-9ccb-206966c584a9 ] Request (ServersTestJSON:setUpClass): 200 GET http://10.180.1.21/compute/v2.1/servers/5bf2b512-1a95-4ad8-8d11-473e8683b68e/os-interface 1.442s
2025-01-16 01:36:06.119 68439 INFO tempest.lib.common.rest_client [req-7c37d5af-0bec-4313-a3e7-1d49cc791eeb req-7c37d5af-0bec-4313-a3e7-1d49cc791eeb ] Request (VolumesAssistedSnapshotsTest:test_volume_assisted_snapshot_create_delete): 200 PUT http://10.180.1.21:9696/networking/v2.0/floatingips/6c563fc1-73de-4d0b-8d52-491f439032fe 2.464s
2025-01-16 01:36:06.122 68439 INFO tempest.lib.common.ssh [-] Creating ssh connection to '10.180.180.213:22' as 'cirros' with public key authentication
2025-01-16 01:36:06.381 68429 INFO tempest.lib.common.rest_client [req-e30ff7c9-3faa-4e13-85ea-d1df25364669 req-e30ff7c9-3faa-4e13-85ea-d1df25364669 ] Request (ServersAdminNegativeTestJSON:test_migrate_server_invalid_state): 200 GET http://10.180.1.21/compute/v2.1/servers/fcdf5dee-f078-4438-81ec-50f35cbbf24f 1.640s
2025-01-16 01:36:06.399 68399 INFO tempest.lib.common.rest_client [req-a6da02a6-2d8e-4c1b-ba75-6d6012c3bc7f req-a6da02a6-2d8e-4c1b-ba75-6d6012c3bc7f ] Request (ServerExternalEventsTest:tearDownClass): 200 GET http://10.180.1.21:9696/networking/v2.0/security-groups?tenant_id=9ad511b09030430aafdf848bedc0ef42&name=default 0.393s
2025-01-16 01:36:06.491 68425 INFO tempest.lib.common.rest_client [req-b781ff1c-ecfe-4dfa-b47c-e9112fd1e67e req-b781ff1c-ecfe-4dfa-b47c-e9112fd1e67e ] Request (ServerDiskConfigTestJSON:test_rebuild_server_with_auto_disk_config): 200 GET http://10.180.1.21/compute/v2.1/servers/2f528407-2bd6-4ef2-a02a-572c94316465 1.706s
2025-01-16 01:36:06.575 68387 INFO tempest.lib.common.rest_client [req-2ac77c3a-3da0-4d72-9284-4e780e379936 req-2ac77c3a-3da0-4d72-9284-4e780e379936 ] Request (ListImageFiltersTestJSON:setUpClass): 202 POST http://10.180.1.21/compute/v2.1/servers 2.357s
2025-01-16 01:36:06.600 68391 INFO tempest.lib.common.rest_client [req-fdd09095-5d0d-492b-82d8-4be444579450 req-fdd09095-5d0d-492b-82d8-4be444579450 ] Request (AggregatesAdminNegativeTestJSON:_run_cleanups): 200 DELETE http://10.180.1.21/compute/v2.1/os-aggregates/5 1.713s
2025-01-16 01:36:06.667 68387 INFO tempest.lib.common.rest_client [req-1feb382e-be5b-4a15-bf0f-916490bd3bfb req-1feb382e-be5b-4a15-bf0f-916490bd3bfb ] Request (ListImageFiltersTestJSON:setUpClass): 201 POST http://10.180.1.21/identity/v3/auth/tokens 0.086s
2025-01-16 01:36:06.667 68387 INFO tempest.lib.common.fixed_network [-] (ListImageFiltersTestJSON:setUpClass) Found network None available for tenant
2025-01-16 01:36:06.733 68385 INFO tempest.lib.common.rest_client [req-83f5a656-a591-4e73-b594-b0f16fc30b3e req-83f5a656-a591-4e73-b594-b0f16fc30b3e ] Request (ServersNegativeTestJSON:setUpClass): 200 GET http://10.180.1.21/compute/v2.1/servers/5344920a-e824-4ae6-ad29-8415d3015360 1.796s
2025-01-16 01:36:06.828 68399 INFO tempest.lib.common.rest_client [req-9cae2bb7-05c4-4155-89a1-4cb9b6336fe2 req-9cae2bb7-05c4-4155-89a1-4cb9b6336fe2 ] Request (ServerExternalEventsTest:tearDownClass): 204 DELETE http://10.180.1.21:9696/networking/v2.0/security-groups/00298a53-6238-4fb4-aa9d-15130bbe9c6e 0.429s
