2025-01-16 01:37:20.357 68423 INFO tempest.lib.common.fixed_network [-] (AttachVolumeNegativeTest:test_attach_attached_volume_to_different_server) Found network {'id': '93235b71-0870-4ad0-9362-3963b9afff61', 'name': 'tempest-AttachVolumeNegativeTest-633443853-network', 'tenant_id': '10f917c466ce4b8ba43d7e7b911dab8b', 'admin_state_up': True, 'mtu': 8950, 'status': 'ACTIVE', 'subnets': [], 'shared': False, 'project_id': '10f917c466ce4b8ba43d7e7b911dab8b', 'port_security_enabled': True, 'router:external': False, 'provider:network_type': 'vlan', 'provider:physical_network': 'default', 'provider:segmentation_id': 506, 'availability_zone_hints': [], 'availability_zones': [], 'ipv4_address_scope': None, 'ipv6_address_scope': None, 'description': '', 'tags': [], 'created_at': '2025-01-16T01:37:11Z', 'updated_at': '2025-01-16T01:37:11Z', 'revision_number': 1} available for tenant
2025-01-16 01:37:20.433 68413 INFO tempest.lib.common.rest_client [req-f0fcd4d3-f5b2-4aed-9d6e-a73833ed2dc0 req-f0fcd4d3-f5b2-4aed-9d6e-a73833ed2dc0 ] Request (ImagesTestJSON:_run_cleanups): 204 DELETE http://10.180.1.21/compute/v2.1/images/d43453b8-0acb-40f8-96e8-bc0ccfced067 0.114s
2025-01-16 01:37:20.463 68379 INFO tempest.lib.common.rest_client [req-92c5eaa2-c57d-4fc0-88e6-a60e9da5f0fb req-92c5eaa2-c57d-4fc0-88e6-a60e9da5f0fb ] Request (MigrationsAdminTest:test_list_migrations_in_flavor_resize_situation): 200 GET http://10.180.1.21/compute/v2.1/servers/26375696-a789-4eec-91cf-47ef118b2bbe 0.598s
2025-01-16 01:37:20.466 68387 INFO tempest.lib.common.rest_client [req-7d5cfbf0-e724-4a3e-90f7-a23f72d36239 req-7d5cfbf0-e724-4a3e-90f7-a23f72d36239 ] Request (ListImageFiltersTestJSON:setUpClass): 200 GET http://10.180.1.21/compute/v2.1/images/2fdc1805-363a-470e-84f7-7a4ad85bc572 0.125s
2025-01-16 01:37:20.543 68413 INFO tempest.lib.common.rest_client [req-ed130062-6c9f-4aa1-a684-15ffa586f121 req-ed130062-6c9f-4aa1-a684-15ffa586f121 ] Request (ImagesTestJSON:_run_cleanups): 204 DELETE http://10.180.1.21/compute/v2.1/servers/882bab59-0b93-4d23-8321-e8c09965dab2 0.110s
2025-01-16 01:37:20.588 68379 INFO tempest.lib.common.rest_client [req-a739585a-cd29-4733-a95b-7d9d3c0042b5 req-a739585a-cd29-4733-a95b-7d9d3c0042b5 ] Request (MigrationsAdminTest:test_list_migrations_in_flavor_resize_situation): 200 POST http://10.180.1.21/compute/v2.1/os-keypairs 0.114s
2025-01-16 01:37:20.627 68413 INFO tempest.lib.common.rest_client [req-3d7c8109-6d85-4224-a68b-0e4f294b2623 req-3d7c8109-6d85-4224-a68b-0e4f294b2623 ] Request (ImagesTestJSON:test_create_server_from_snapshot): 201 POST http://10.180.1.21/identity/v3/auth/tokens 0.078s
2025-01-16 01:37:20.628 68413 INFO tempest.lib.common.fixed_network [-] (ImagesTestJSON:test_create_server_from_snapshot) Found network {'id': '8244c245-55fd-4ca8-b61b-cd4b57f94661', 'name': 'tempest-ImagesTestJSON-1166389673-network', 'tenant_id': 'eabd4964ff9b4cf59f1da0213c2fcecd', 'admin_state_up': True, 'mtu': 8950, 'status': 'ACTIVE', 'subnets': [], 'shared': False, 'project_id': 'eabd4964ff9b4cf59f1da0213c2fcecd', 'port_security_enabled': True, 'router:external': False, 'provider:network_type': 'vlan', 'provider:physical_network': 'default', 'provider:segmentation_id': 595, 'availability_zone_hints': [], 'availability_zones': [], 'ipv4_address_scope': None, 'ipv6_address_scope': None, 'description': '', 'tags': [], 'created_at': '2025-01-16T01:35:11Z', 'updated_at': '2025-01-16T01:35:11Z', 'revision_number': 1} available for tenant
2025-01-16 01:37:20.699 68379 INFO tempest.lib.common.rest_client [req-ce3d31a3-bee2-43b0-acb0-c7f89075dbe5 req-ce3d31a3-bee2-43b0-acb0-c7f89075dbe5 ] Request (MigrationsAdminTest:test_list_migrations_in_flavor_resize_situation): 201 POST http://10.180.1.21:9696/networking/v2.0/security-groups 0.109s
2025-01-16 01:37:20.769 68385 INFO tempest.lib.common.rest_client [req-5f74e0de-851b-4a50-a05c-bf2fe24474de req-5f74e0de-851b-4a50-a05c-bf2fe24474de ] Request (ServersNegativeTestJSON:setUpClass): 200 GET http://10.180.1.21/compute/v2.1/servers/3717ebd5-ce7f-48ea-a834-c87e75fadadd 0.236s
2025-01-16 01:37:20.773 68379 INFO tempest.lib.common.rest_client [req-11b51ca5-6b93-42f0-945c-a0d89c6f75ee req-11b51ca5-6b93-42f0-945c-a0d89c6f75ee ] Request (MigrationsAdminTest:test_list_migrations_in_flavor_resize_situation): 201 POST http://10.180.1.21:9696/networking/v2.0/security-group-rules 0.074s
2025-01-16 01:37:20.861 68379 INFO tempest.lib.common.rest_client [req-f17bb662-3c48-4327-add9-967d442293ce req-f17bb662-3c48-4327-add9-967d442293ce ] Request (MigrationsAdminTest:test_list_migrations_in_flavor_resize_situation): 201 POST http://10.180.1.21:9696/networking/v2.0/security-group-rules 0.087s
2025-01-16 01:37:21.036 68383 INFO tempest.lib.common.rest_client [req-fcfa3f64-6a67-4de6-86c5-b5dbe10d86c1 req-fcfa3f64-6a67-4de6-86c5-b5dbe10d86c1 ] Request (SecurityGroupsTestJSON:test_server_security_groups): 200 GET http://10.180.1.21/compute/v2.1/servers/2cf3cc94-a9a5-4275-9a77-ba9e1ddb3fa1 0.437s
2025-01-16 01:37:21.148 68405 WARNING tempest.lib.common.ssh [-] Failed to establish authenticated ssh connection to cirros@10.180.180.229 ([Errno None] Unable to connect to port 22 on 10.180.180.229). Number attempts: 9. Retry after 10 seconds.: paramiko.ssh_exception.NoValidConnectionsError: [Errno None] Unable to connect to port 22 on 10.180.180.229
2025-01-16 01:37:21.260 68379 INFO tempest.lib.common.rest_client [req-00f4afb4-5515-4c57-ae58-9a829f7e3a97 req-00f4afb4-5515-4c57-ae58-9a829f7e3a97 ] Request (MigrationsAdminTest:test_list_migrations_in_flavor_resize_situation): 201 POST http://10.180.1.21:9696/networking/v2.0/floatingips 0.399s
2025-01-16 01:37:21.277 68423 INFO tempest.lib.common.rest_client [req-098575b9-22b6-4888-96f7-6ffdd750dc6d req-098575b9-22b6-4888-96f7-6ffdd750dc6d ] Request (AttachVolumeNegativeTest:test_attach_attached_volume_to_different_server): 202 POST http://10.180.1.21/compute/v2.1/servers 0.918s
2025-01-16 01:37:21.329 68389 INFO tempest.lib.common.rest_client [req-c1755f20-3ead-41fe-a62e-9378cd2c9600 req-c1755f20-3ead-41fe-a62e-9378cd2c9600 ] Request (ServersV294TestFqdnHostnames:setUpClass): 200 PUT http://10.180.1.21:9696/networking/v2.0/floatingips/1c4d1c1a-9716-4a1b-8e19-88ad18a102a0 0.998s
2025-01-16 01:37:21.354 68411 INFO tempest.lib.common.rest_client [req-56f17a0a-87c8-4b4d-8b55-f17771ffc99e req-56f17a0a-87c8-4b4d-8b55-f17771ffc99e ] Request (ServerActionsTestOtherA:setUpClass): 200 GET http://10.180.1.21/compute/v2.1/servers/defb57fb-0f0a-4679-8c22-0945fc0a1664 0.695s
2025-01-16 01:37:21.409 68435 INFO tempest.lib.common.rest_client [req-864c9083-e25f-492e-abb6-d7909622252b req-864c9083-e25f-492e-abb6-d7909622252b ] Request (ImagesOneServerNegativeTestJSON:setUpClass): 200 GET http://10.180.1.21/compute/v2.1/servers/6ad16be6-039f-4bdc-aa25-20ee8743c728 0.667s
2025-01-16 01:37:21.471 68425 INFO tempest.lib.common.rest_client [req-9310dd7f-4131-4e2d-9a83-592d156a36b9 req-9310dd7f-4131-4e2d-9a83-592d156a36b9 ] Request (ServerDiskConfigTestJSON:test_rebuild_server_with_manual_disk_config): 200 GET http://10.180.1.21/compute/v2.1/servers/28ec0106-157e-4e23-b188-7d82f690e559 0.654s
2025-01-16 01:37:21.552 68413 INFO tempest.lib.common.rest_client [req-dc30b927-e36c-4a77-828c-165a5846af68 req-dc30b927-e36c-4a77-828c-165a5846af68 ] Request (ImagesTestJSON:test_create_server_from_snapshot): 202 POST http://10.180.1.21/compute/v2.1/servers 0.924s
2025-01-16 01:37:21.575 68399 INFO tempest.lib.common.rest_client [req-881b6354-3924-4b81-9f57-d1b4c5db1ab8 req-881b6354-3924-4b81-9f57-d1b4c5db1ab8 ] Request (TenantUsagesTestJSON:tearDownClass): 200 GET http://10.180.1.21/compute/v2.1/servers/1030d877-b963-4f6a-8965-742bd403e7aa 0.701s
2025-01-16 01:37:21.618 68419 INFO tempest.lib.common.rest_client [req-9420cc30-2854-47f6-a1c0-4629d7be5798 req-9420cc30-2854-47f6-a1c0-4629d7be5798 ] Request (ServersTestBootFromVolume:setUpClass): 200 GET http://10.180.1.21/compute/v2.1/servers/e25571ce-77da-4871-af48-c597560cd9a0 0.694s
2025-01-16 01:37:21.638 68433 INFO tempest.lib.common.rest_client [req-fc0ab968-76ff-4aa5-8479-b70e7f2765b2 req-fc0ab968-76ff-4aa5-8479-b70e7f2765b2 ] Request (ImagesOneServerTestJSON:tearDownClass): 200 GET http://10.180.1.21/compute/v2.1/servers/92c37706-d510-4f1a-ad30-e3df46edcea9 0.699s
2025-01-16 01:37:21.687 68403 INFO tempest.lib.common.rest_client [req-01f93435-743d-412f-bc00-22ecb1bdfc59 req-01f93435-743d-412f-bc00-22ecb1bdfc59 ] Request (MultipleCreateTestJSON:_run_cleanups): 200 GET http://10.180.1.21/compute/v2.1/servers/78bf71b8-cd5f-4550-b611-a4a4be9dd013 0.707s
2025-01-16 01:37:21.693 68381 INFO tempest.lib.common.rest_client [req-b809c3ae-71db-471c-af80-24611f66e9fd req-b809c3ae-71db-471c-af80-24611f66e9fd ] Request (ServerActionsV293TestJSON:setUpClass): 200 GET http://10.180.1.21/compute/v2.1/servers/837a0057-787e-4fb6-ae79-b5fbc06a3038 0.694s
2025-01-16 01:37:21.743 68397 INFO tempest.lib.common.rest_client [req-8a3b9c4d-9b59-4f5a-86de-ab42bc07b9c0 req-8a3b9c4d-9b59-4f5a-86de-ab42bc07b9c0 ] Request (InstanceActionsTestJSON:setUpClass): 200 GET http://10.180.1.21/compute/v2.1/servers/92f2cf26-2254-43e9-83d0-8136d6ac51e7 0.696s
2025-01-16 01:37:21.759 68377 INFO tempest.lib.common.rest_client [req-939640e0-92c5-4148-addf-9ee7a72b1681 req-939640e0-92c5-4148-addf-9ee7a72b1681 ] Request (ImagesNegativeTestJSON:test_create_image_from_deleted_server): 200 GET http://10.180.1.21/compute/v2.1/servers/ac7a1c8b-3988-4ca3-ae03-2d5877ae916c 0.703s
2025-01-16 01:37:21.796 68427 INFO tempest.lib.common.rest_client [req-e371f9b8-e75d-4306-a9ec-840ad8d06514 req-e371f9b8-e75d-4306-a9ec-840ad8d06514 ] Request (ServersTestFqdnHostnames:test_create_server_with_fqdn_name): 200 GET http://10.180.1.21/compute/v2.1/servers/99fe39eb-5075-4b07-af3a-4d751be4e50a 0.697s
2025-01-16 01:37:21.823 68415 INFO tempest.lib.common.rest_client [req-837e4899-17c5-43fe-bd32-9c5d14fe9b26 req-837e4899-17c5-43fe-bd32-9c5d14fe9b26 ] Request (ServerTagsTestJSON:tearDownClass): 404 GET http://10.180.1.21/compute/v2.1/servers/60f44718-0206-481f-9c0b-38cf5225679c 0.656s
2025-01-16 01:37:21.826 68407 INFO tempest.lib.common.rest_client [req-2d451d5c-e231-40a6-908f-72aff1b7bed2 req-2d451d5c-e231-40a6-908f-72aff1b7bed2 ] Request (DeleteServersAdminTestJSON:test_delete_server_while_in_error_state): 200 GET http://10.180.1.21/compute/v2.1/servers/b710c68a-0dd5-4565-962e-00ce8a433324 0.708s
2025-01-16 01:37:21.904 68401 INFO tempest.lib.common.rest_client [req-a975d77e-00f6-406a-9eaa-191901bf22c9 req-a975d77e-00f6-406a-9eaa-191901bf22c9 ] Request (ServersAdmin275Test:test_rebuild_update_server_275): 200 GET http://10.180.1.21/compute/v2.1/servers/d72a441d-8993-4eb1-bb9d-67ed97920723 0.719s
2025-01-16 01:37:21.905 68429 INFO tempest.lib.common.rest_client [req-1b6428ae-0a9b-4c8e-af75-c99a11f7a467 req-1b6428ae-0a9b-4c8e-af75-c99a11f7a467 ] Request (ServersAdminNegativeTestJSON:tearDownClass): 200 GET http://10.180.1.21/compute/v2.1/servers/fcdf5dee-f078-4438-81ec-50f35cbbf24f 0.660s
2025-01-16 01:37:21.924 68379 INFO tempest.lib.common.rest_client [req-2f427281-6de2-4d1e-9061-9865cb45f403 req-2f427281-6de2-4d1e-9061-9865cb45f403 ] Request (MigrationsAdminTest:test_list_migrations_in_flavor_resize_situation): 200 GET http://10.180.1.21/compute/v2.1/os-migrations 0.663s
2025-01-16 01:37:21.968 68395 INFO tempest.lib.common.rest_client [req-44e6d2ad-5557-46f5-908c-8bf9d972b760 req-44e6d2ad-5557-46f5-908c-8bf9d972b760 ] Request (ServersAaction247Test:test_create_backup): 200 GET http://10.180.1.21/compute/v2.1/servers/1c8e5a82-5373-4c48-9214-31773d5ab4bb 0.721s
2025-01-16 01:37:21.979 68395 INFO tempest.common.waiters [-] State transition "BUILD/networking" ==> "BUILD/spawning" after 52 second wait
2025-01-16 01:37:21.985 68423 INFO tempest.lib.common.rest_client [req-c606cffb-8b07-4436-8dc8-dcdad0ad545e req-c606cffb-8b07-4436-8dc8-dcdad0ad545e ] Request (AttachVolumeNegativeTest:test_attach_attached_volume_to_different_server): 200 GET http://10.180.1.21/compute/v2.1/servers/44a56a4f-665a-428d-85b1-434938ca88b0 0.705s
2025-01-16 01:37:22.034 68387 INFO tempest.lib.common.rest_client [req-ef5fd043-31b9-4247-87a8-b8164c667b8f req-ef5fd043-31b9-4247-87a8-b8164c667b8f ] Request (ListImageFiltersTestJSON:setUpClass): 200 GET http://10.180.1.21/compute/v2.1/images/2fdc1805-363a-470e-84f7-7a4ad85bc572 0.559s
2025-01-16 01:37:22.076 68413 INFO tempest.lib.common.rest_client [req-f93bcf4d-4029-4ec2-a5e2-3f346d7dbe24 req-f93bcf4d-4029-4ec2-a5e2-3f346d7dbe24 ] Request (ImagesTestJSON:test_create_server_from_snapshot): 200 GET http://10.180.1.21/compute/v2.1/servers/66e4bd18-5b1e-4854-960b-cf890d53c7cb 0.520s
2025-01-16 01:37:22.105 68389 INFO tempest.lib.common.rest_client [req-36ad58ac-632b-40c8-b74f-0166fd032d49 req-36ad58ac-632b-40c8-b74f-0166fd032d49 ] Request (ServersV294TestFqdnHostnames:setUpClass): 200 GET http://10.180.1.21/compute/v2.1/servers/33ebd22b-5865-47ea-ad86-8e2c4acc01f3 0.776s
2025-01-16 01:37:22.116 68379 INFO tempest.lib.common.rest_client [req-695e0938-6ed6-4b87-adae-9b9c7e5b8e28 req-695e0938-6ed6-4b87-adae-9b9c7e5b8e28 ] Request (MigrationsAdminTest:test_resize_server_revert_deleted_flavor): 200 GET http://10.180.1.21/compute/v2.1/flavors/42 0.184s
2025-01-16 01:37:22.123 68389 INFO tempest.api.compute.base [-] Attempting to verify tagged devices in server 33ebd22b-5865-47ea-ad86-8e2c4acc01f3 via the metadata service: http://169.254.169.254/openstack/latest/meta_data.json
2025-01-16 01:37:22.123 68389 INFO tempest.lib.common.ssh [-] Creating ssh connection to '10.180.180.167:22' as 'cirros' with public key authentication
2025-01-16 01:37:22.155 68387 INFO tempest.lib.common.rest_client [req-735b73dd-0a91-422a-bc28-e947e8d000a3 req-735b73dd-0a91-422a-bc28-e947e8d000a3 ] Request (ListImageFiltersTestJSON:setUpClass): 200 GET http://10.180.1.21/compute/v2.1/images/2fdc1805-363a-470e-84f7-7a4ad85bc572 0.118s
2025-01-16 01:37:22.223 68383 INFO tempest.lib.common.rest_client [req-3cc84821-cebc-4fb6-a812-4f2dcfc44c69 req-3cc84821-cebc-4fb6-a812-4f2dcfc44c69 ] Request (SecurityGroupsTestJSON:test_server_security_groups): 200 GET http://10.180.1.21/compute/v2.1/servers/2cf3cc94-a9a5-4275-9a77-ba9e1ddb3fa1 0.176s
2025-01-16 01:37:22.226 68385 INFO tempest.lib.common.rest_client [req-55a7c1e8-fd94-4331-b1a7-2e30150197d6 req-55a7c1e8-fd94-4331-b1a7-2e30150197d6 ] Request (ServersNegativeTestJSON:setUpClass): 200 GET http://10.180.1.21/compute/v2.1/servers/3717ebd5-ce7f-48ea-a834-c87e75fadadd 0.449s
2025-01-16 01:37:22.238 68379 INFO tempest.lib.common.rest_client [req-6d635879-5f76-43a0-9143-654e701afd73 req-6d635879-5f76-43a0-9143-654e701afd73 ] Request (MigrationsAdminTest:test_resize_server_revert_deleted_flavor): 200 POST http://10.180.1.21/compute/v2.1/flavors 0.120s
2025-01-16 01:37:22.257 68379 INFO tempest.lib.common.rest_client [req-43c4ba1c-3dde-42f1-8e03-e0947f72344c req-43c4ba1c-3dde-42f1-8e03-e0947f72344c ] Request (MigrationsAdminTest:test_resize_server_revert_deleted_flavor): 200 GET http://10.180.1.21/compute/v2.1/flavors/42/os-extra_specs 0.015s
2025-01-16 01:37:22.278 68379 INFO tempest.lib.common.rest_client [req-3706f985-059c-4daa-9092-a7acea058762 req-3706f985-059c-4daa-9092-a7acea058762 ] Request (MigrationsAdminTest:test_resize_server_revert_deleted_flavor): 200 POST http://10.180.1.21/compute/v2.1/flavors/3d4800ea-7ba4-4ff4-b851-5f7816fefa6b/os-extra_specs 0.020s
2025-01-16 01:37:22.352 68379 INFO tempest.lib.common.rest_client [req-c1f6bfcf-18ab-40ce-b09a-68dad5e3ddeb req-c1f6bfcf-18ab-40ce-b09a-68dad5e3ddeb ] Request (MigrationsAdminTest:test_resize_server_revert_deleted_flavor): 201 POST http://10.180.1.21/identity/v3/auth/tokens 0.070s
2025-01-16 01:37:22.353 68379 INFO tempest.lib.common.fixed_network [-] (MigrationsAdminTest:test_resize_server_revert_deleted_flavor) Found network None available for tenant
2025-01-16 01:37:22.377 68387 INFO tempest.lib.common.rest_client [req-938d635a-7411-4301-838f-0ffb7c69201b req-938d635a-7411-4301-838f-0ffb7c69201b ] Request (ListImageFiltersTestJSON:setUpClass): 200 GET http://10.180.1.21/compute/v2.1/servers/570c7c49-9bc8-4bea-86af-51679a0c5dc2 0.219s
2025-01-16 01:37:22.438 68411 INFO tempest.lib.common.rest_client [req-eee9ceab-311b-46d4-b3db-b8eb5798cbba req-eee9ceab-311b-46d4-b3db-b8eb5798cbba ] Request (ServerActionsTestOtherA:setUpClass): 200 GET http://10.180.1.21/compute/v2.1/servers/defb57fb-0f0a-4679-8c22-0945fc0a1664 0.077s
2025-01-16 01:37:22.505 68435 INFO tempest.lib.common.rest_client [req-62c54657-dcb8-4768-a8c3-13d0206eac48 req-62c54657-dcb8-4768-a8c3-13d0206eac48 ] Request (ImagesOneServerNegativeTestJSON:setUpClass): 200 GET http://10.180.1.21/compute/v2.1/servers/6ad16be6-039f-4bdc-aa25-20ee8743c728 0.084s
2025-01-16 01:37:22.556 68425 INFO tempest.lib.common.rest_client [req-ad4e74a1-0c0c-47d0-a9b1-c9de6327c5c2 req-ad4e74a1-0c0c-47d0-a9b1-c9de6327c5c2 ] Request (ServerDiskConfigTestJSON:test_rebuild_server_with_manual_disk_config): 200 GET http://10.180.1.21/compute/v2.1/servers/28ec0106-157e-4e23-b188-7d82f690e559 0.073s
2025-01-16 01:37:22.609 68415 INFO tempest.lib.common.rest_client [req-b41599d4-74db-4a4e-b4b7-cc7b1eca07a2 req-b41599d4-74db-4a4e-b4b7-cc7b1eca07a2 ] Request (ServerTagsTestJSON:tearDownClass): 200 PUT http://10.180.1.21:9696/networking/v2.0/routers/789bd0a1-4f10-4920-9e28-3929701f4a9d/remove_router_interface 0.786s
2025-01-16 01:37:22.612 68379 INFO tempest.lib.common.rest_client [req-ec2654b9-ed30-460a-b238-54ccb73413c5 req-ec2654b9-ed30-460a-b238-54ccb73413c5 ] Request (MigrationsAdminTest:test_resize_server_revert_deleted_flavor): 202 POST http://10.180.1.21/compute/v2.1/servers 0.259s
2025-01-16 01:37:22.670 68379 INFO tempest.lib.common.rest_client [req-28f9a817-6649-46df-ac0a-cac15eb28163 req-28f9a817-6649-46df-ac0a-cac15eb28163 ] Request (MigrationsAdminTest:test_resize_server_revert_deleted_flavor): 200 GET http://10.180.1.21/compute/v2.1/servers/e5540ead-917b-4a5b-a11e-d5bed9ea0331 0.056s
2025-01-16 01:37:22.674 68399 INFO tempest.lib.common.rest_client [req-6d318efc-2724-4311-aaf3-7a1670084741 req-6d318efc-2724-4311-aaf3-7a1670084741 ] Request (TenantUsagesTestJSON:tearDownClass): 200 GET http://10.180.1.21/compute/v2.1/servers/1030d877-b963-4f6a-8965-742bd403e7aa 0.086s
2025-01-16 01:37:22.736 68419 INFO tempest.lib.common.rest_client [req-220b8d75-ca3a-4a59-8c6a-d10ae620f784 req-220b8d75-ca3a-4a59-8c6a-d10ae620f784 ] Request (ServersTestBootFromVolume:setUpClass): 200 GET http://10.180.1.21/compute/v2.1/servers/e25571ce-77da-4871-af48-c597560cd9a0 0.104s
2025-01-16 01:37:22.746 68433 INFO tempest.lib.common.rest_client [req-7a1d6897-516e-4244-8759-b93ea7ad4e8e req-7a1d6897-516e-4244-8759-b93ea7ad4e8e ] Request (ImagesOneServerTestJSON:tearDownClass): 200 GET http://10.180.1.21/compute/v2.1/servers/92c37706-d510-4f1a-ad30-e3df46edcea9 0.094s
2025-01-16 01:37:22.806 68403 INFO tempest.lib.common.rest_client [req-57e184f9-40ac-4f4d-9437-982063c6ae34 req-57e184f9-40ac-4f4d-9437-982063c6ae34 ] Request (MultipleCreateTestJSON:_run_cleanups): 200 GET http://10.180.1.21/compute/v2.1/servers/78bf71b8-cd5f-4550-b611-a4a4be9dd013 0.106s
2025-01-16 01:37:22.821 68381 INFO tempest.lib.common.rest_client [req-038cf9a2-f1c9-4612-9484-14ccc6c36f4b req-038cf9a2-f1c9-4612-9484-14ccc6c36f4b ] Request (ServerActionsV293TestJSON:setUpClass): 200 GET http://10.180.1.21/compute/v2.1/servers/837a0057-787e-4fb6-ae79-b5fbc06a3038 0.116s
2025-01-16 01:37:22.869 68397 INFO tempest.lib.common.rest_client [req-4cd651a2-d910-453c-9639-71a4e1e4ca77 req-4cd651a2-d910-453c-9639-71a4e1e4ca77 ] Request (InstanceActionsTestJSON:setUpClass): 200 GET http://10.180.1.21/compute/v2.1/servers/92f2cf26-2254-43e9-83d0-8136d6ac51e7 0.116s
2025-01-16 01:37:22.890 68377 INFO tempest.lib.common.rest_client [req-1eb6e690-15dc-4031-a6c9-e4431d49db8b req-1eb6e690-15dc-4031-a6c9-e4431d49db8b ] Request (ImagesNegativeTestJSON:test_create_image_from_deleted_server): 200 GET http://10.180.1.21/compute/v2.1/servers/ac7a1c8b-3988-4ca3-ae03-2d5877ae916c 0.121s
2025-01-16 01:37:22.916 68427 INFO tempest.lib.common.rest_client [req-4afe5fea-e5f9-4b3d-899b-08f8805b4359 req-4afe5fea-e5f9-4b3d-899b-08f8805b4359 ] Request (ServersTestFqdnHostnames:test_create_server_with_fqdn_name): 200 GET http://10.180.1.21/compute/v2.1/servers/99fe39eb-5075-4b07-af3a-4d751be4e50a 0.110s
2025-01-16 01:37:22.957 68407 INFO tempest.lib.common.rest_client [req-bc039b9f-d736-4b46-a097-13f57cc43011 req-bc039b9f-d736-4b46-a097-13f57cc43011 ] Request (DeleteServersAdminTestJSON:test_delete_server_while_in_error_state): 200 GET http://10.180.1.21/compute/v2.1/servers/b710c68a-0dd5-4565-962e-00ce8a433324 0.109s
2025-01-16 01:37:22.965 68415 INFO tempest.lib.common.rest_client [req-faa29602-e9e1-479a-bfd9-5bc8ae2d5a1a req-faa29602-e9e1-479a-bfd9-5bc8ae2d5a1a ] Request (ServerTagsTestJSON:tearDownClass): 204 DELETE http://10.180.1.21:9696/networking/v2.0/routers/789bd0a1-4f10-4920-9e28-3929701f4a9d 0.356s
2025-01-16 01:37:22.980 68401 INFO tempest.lib.common.rest_client [req-b311322a-300d-419b-82be-516dfa6625fa req-b311322a-300d-419b-82be-516dfa6625fa ] Request (ServersAdmin275Test:test_rebuild_update_server_275): 200 GET http://10.180.1.21/compute/v2.1/servers/d72a441d-8993-4eb1-bb9d-67ed97920723 0.066s
2025-01-16 01:37:23.031 68429 INFO tempest.lib.common.rest_client [req-20bb8056-9338-4fba-84b2-846a5b44131e req-20bb8056-9338-4fba-84b2-846a5b44131e ] Request (ServersAdminNegativeTestJSON:tearDownClass): 200 GET http://10.180.1.21/compute/v2.1/servers/fcdf5dee-f078-4438-81ec-50f35cbbf24f 0.113s
2025-01-16 01:37:23.046 68395 INFO tempest.lib.common.rest_client [req-cd71380b-fad5-49a7-ab7e-39a61daf34d3 req-cd71380b-fad5-49a7-ab7e-39a61daf34d3 ] Request (ServersAaction247Test:test_create_backup): 200 GET http://10.180.1.21/compute/v2.1/servers/1c8e5a82-5373-4c48-9214-31773d5ab4bb 0.065s
2025-01-16 01:37:23.092 68423 INFO tempest.lib.common.rest_client [req-2a9b69c7-3069-4473-92ef-5400f80b2dd2 req-2a9b69c7-3069-4473-92ef-5400f80b2dd2 ] Request (AttachVolumeNegativeTest:test_attach_attached_volume_to_different_server): 200 GET http://10.180.1.21/compute/v2.1/servers/44a56a4f-665a-428d-85b1-434938ca88b0 0.098s
2025-01-16 01:37:23.105 68415 INFO tempest.lib.common.rest_client [req-79a0b400-fb4a-4ef4-a71e-afddafad91f5 req-79a0b400-fb4a-4ef4-a71e-afddafad91f5 ] Request (ServerTagsTestJSON:tearDownClass): 204 DELETE http://10.180.1.21:9696/networking/v2.0/subnets/9e2914b3-ca5d-409e-896c-9c755d7befc1 0.139s
2025-01-16 01:37:23.157 68413 INFO tempest.lib.common.rest_client [req-2b50da2a-bc01-4743-8186-ccfb8e52113c req-2b50da2a-bc01-4743-8186-ccfb8e52113c ] Request (ImagesTestJSON:test_create_server_from_snapshot): 200 GET http://10.180.1.21/compute/v2.1/servers/66e4bd18-5b1e-4854-960b-cf890d53c7cb 0.071s
2025-01-16 01:37:23.300 68383 INFO tempest.lib.common.rest_client [req-508e50be-eaf5-4e76-8fe7-a8b8b18169ba req-508e50be-eaf5-4e76-8fe7-a8b8b18169ba ] Request (SecurityGroupsTestJSON:test_server_security_groups): 200 GET http://10.180.1.21/compute/v2.1/servers/2cf3cc94-a9a5-4275-9a77-ba9e1ddb3fa1 0.063s
2025-01-16 01:37:23.355 68385 INFO tempest.lib.common.rest_client [req-cfb5e00f-e632-48a0-87b0-8f69b408bb81 req-cfb5e00f-e632-48a0-87b0-8f69b408bb81 ] Request (ServersNegativeTestJSON:setUpClass): 200 GET http://10.180.1.21/compute/v2.1/servers/3717ebd5-ce7f-48ea-a834-c87e75fadadd 0.121s
2025-01-16 01:37:23.401 68415 INFO tempest.lib.common.rest_client [req-acce2f5f-ca7e-4393-af14-ca442b1ec779 req-acce2f5f-ca7e-4393-af14-ca442b1ec779 ] Request (ServerTagsTestJSON:tearDownClass): 204 DELETE http://10.180.1.21:9696/networking/v2.0/networks/ebc66313-8b7f-4905-8be4-807c2dbf21ea 0.296s
2025-01-16 01:37:23.492 68387 INFO tempest.lib.common.rest_client [req-c80b24f1-c8e8-4c58-a0e0-da6e40769a0f req-c80b24f1-c8e8-4c58-a0e0-da6e40769a0f ] Request (ListImageFiltersTestJSON:setUpClass): 200 GET http://10.180.1.21/compute/v2.1/servers/570c7c49-9bc8-4bea-86af-51679a0c5dc2 0.106s
2025-01-16 01:37:23.498 68415 INFO tempest.lib.common.rest_client [req-7164bb82-dd8b-49c3-b9d5-bdc675cc5d27 req-7164bb82-dd8b-49c3-b9d5-bdc675cc5d27 ] Request (ServerTagsTestJSON:tearDownClass): 204 DELETE http://10.180.1.21/identity/v3/users/c84ee56d64b0466eb5a1161724ae7794 0.096s
2025-01-16 01:37:23.498 68415 INFO tempest.lib.common.dynamic_creds [-] Deleting project and security group for project: b34e01af91f54834a4000507d0bb81e9
2025-01-16 01:37:23.518 68411 INFO tempest.lib.common.rest_client [req-e753d089-c6fe-4c80-9865-cd76de3a2138 req-e753d089-c6fe-4c80-9865-cd76de3a2138 ] Request (ServerActionsTestOtherA:setUpClass): 200 GET http://10.180.1.21/compute/v2.1/servers/defb57fb-0f0a-4679-8c22-0945fc0a1664 0.070s
2025-01-16 01:37:23.532 68415 INFO tempest.lib.common.rest_client [req-834ca494-f8f4-4bb4-bde1-9f11a662635e req-834ca494-f8f4-4bb4-bde1-9f11a662635e ] Request (ServerTagsTestJSON:tearDownClass): 200 GET http://10.180.1.21:9696/networking/v2.0/security-groups?tenant_id=b34e01af91f54834a4000507d0bb81e9&name=default 0.033s
2025-01-16 01:37:23.572 68435 INFO tempest.lib.common.rest_client [req-9013948a-50fa-4910-b33e-b2ad2ba390c7 req-9013948a-50fa-4910-b33e-b2ad2ba390c7 ] Request (ImagesOneServerNegativeTestJSON:setUpClass): 200 GET http://10.180.1.21/compute/v2.1/servers/6ad16be6-039f-4bdc-aa25-20ee8743c728 0.057s
2025-01-16 01:37:23.636 68415 INFO tempest.lib.common.rest_client [req-7d00aacf-ec76-4f1f-8f15-895463b3aefb req-7d00aacf-ec76-4f1f-8f15-895463b3aefb ] Request (ServerTagsTestJSON:tearDownClass): 204 DELETE http://10.180.1.21:9696/networking/v2.0/security-groups/b2c7ef5b-a82a-4ae0-ac65-3864cc72f798 0.103s
2025-01-16 01:37:23.643 68425 INFO tempest.lib.common.rest_client [req-a5b32b11-e111-4681-955f-fcf3a49c7899 req-a5b32b11-e111-4681-955f-fcf3a49c7899 ] Request (ServerDiskConfigTestJSON:test_rebuild_server_with_manual_disk_config): 200 GET http://10.180.1.21/compute/v2.1/servers/28ec0106-157e-4e23-b188-7d82f690e559 0.077s
2025-01-16 01:37:23.760 68379 INFO tempest.lib.common.rest_client [req-29d7b6ed-5499-4ebb-800c-ba398cbff3a9 req-29d7b6ed-5499-4ebb-800c-ba398cbff3a9 ] Request (MigrationsAdminTest:test_resize_server_revert_deleted_flavor): 200 GET http://10.180.1.21/compute/v2.1/servers/e5540ead-917b-4a5b-a11e-d5bed9ea0331 0.077s
2025-01-16 01:37:23.765 68415 INFO tempest.lib.common.rest_client [req-419c6337-93fc-476a-ab57-889d822275fd req-419c6337-93fc-476a-ab57-889d822275fd ] Request (ServerTagsTestJSON:tearDownClass): 204 DELETE http://10.180.1.21/identity/v3/projects/b34e01af91f54834a4000507d0bb81e9 0.129s
2025-01-16 01:37:23.770 68399 INFO tempest.lib.common.rest_client [req-dbfe812d-8055-440d-8fe0-70d48fc03c62 req-dbfe812d-8055-440d-8fe0-70d48fc03c62 ] Request (TenantUsagesTestJSON:tearDownClass): 200 GET http://10.180.1.21/compute/v2.1/servers/1030d877-b963-4f6a-8965-742bd403e7aa 0.085s
2025-01-16 01:37:23.822 68419 INFO tempest.lib.common.rest_client [req-260345d7-0be8-4ff3-bee0-e4825fc7f26b req-260345d7-0be8-4ff3-bee0-e4825fc7f26b ] Request (ServersTestBootFromVolume:setUpClass): 200 GET http://10.180.1.21/compute/v2.1/servers/e25571ce-77da-4871-af48-c597560cd9a0 0.074s
2025-01-16 01:37:23.838 68433 INFO tempest.lib.common.rest_client [req-83492eda-03d2-4314-8bca-bdbc56d20935 req-83492eda-03d2-4314-8bca-bdbc56d20935 ] Request (ImagesOneServerTestJSON:tearDownClass): 200 GET http://10.180.1.21/compute/v2.1/servers/92c37706-d510-4f1a-ad30-e3df46edcea9 0.078s
2025-01-16 01:37:23.848 68415 INFO tempest.lib.common.rest_client [req-df1fa860-5d28-472b-a901-4095e62cffaa req-df1fa860-5d28-472b-a901-4095e62cffaa ] Request (ServerShowV254Test:setUpClass): 201 POST http://10.180.1.21/identity/v3/auth/tokens 0.081s
2025-01-16 01:37:23.884 68415 INFO tempest.lib.common.rest_client [req-582da90c-008d-4ae7-83be-ba91d394f576 req-582da90c-008d-4ae7-83be-ba91d394f576 ] Request (ServerShowV254Test:setUpClass): 201 POST http://10.180.1.21/identity/v3/auth/tokens 0.033s
2025-01-16 01:37:23.907 68381 INFO tempest.lib.common.rest_client [req-b1e2e8a3-6543-4c84-92f7-5ff7f5c80f5a req-b1e2e8a3-6543-4c84-92f7-5ff7f5c80f5a ] Request (ServerActionsV293TestJSON:setUpClass): 200 GET http://10.180.1.21/compute/v2.1/servers/837a0057-787e-4fb6-ae79-b5fbc06a3038 0.072s
2025-01-16 01:37:23.908 68415 INFO tempest.lib.common.rest_client [req-9ba899a3-0311-4322-937b-2c16afe9acb2 req-9ba899a3-0311-4322-937b-2c16afe9acb2 ] Request (ServerShowV254Test:setUpClass): 200 GET http://10.180.1.21/identity/v3/domains?name=Default 0.023s
2025-01-16 01:37:23.912 68403 INFO tempest.lib.common.rest_client [req-730703a8-278c-4939-9e4c-aec59d492800 req-730703a8-278c-4939-9e4c-aec59d492800 ] Request (MultipleCreateTestJSON:_run_cleanups): 200 GET http://10.180.1.21/compute/v2.1/servers/78bf71b8-cd5f-4550-b611-a4a4be9dd013 0.093s
2025-01-16 01:37:23.954 68415 INFO tempest.lib.common.rest_client [req-9f942ecc-d3ee-4c20-88a9-fa8d0704da7f req-9f942ecc-d3ee-4c20-88a9-fa8d0704da7f ] Request (ServerShowV254Test:setUpClass): 201 POST http://10.180.1.21/identity/v3/projects 0.046s
2025-01-16 01:37:23.959 68397 INFO tempest.lib.common.rest_client [req-c6c665ef-fbf7-4810-a78c-2e18202c080d req-c6c665ef-fbf7-4810-a78c-2e18202c080d ] Request (InstanceActionsTestJSON:setUpClass): 200 GET http://10.180.1.21/compute/v2.1/servers/92f2cf26-2254-43e9-83d0-8136d6ac51e7 0.080s
2025-01-16 01:37:23.971 68377 INFO tempest.lib.common.rest_client [req-d9732b2a-58fa-41c8-af0f-112156d09ff0 req-d9732b2a-58fa-41c8-af0f-112156d09ff0 ] Request (ImagesNegativeTestJSON:test_create_image_from_deleted_server): 200 GET http://10.180.1.21/compute/v2.1/servers/ac7a1c8b-3988-4ca3-ae03-2d5877ae916c 0.070s
2025-01-16 01:37:24.010 68415 INFO tempest.lib.common.rest_client [req-a0cb1f21-b130-43d5-b4e3-6df8902c9501 req-a0cb1f21-b130-43d5-b4e3-6df8902c9501 ] Request (ServerShowV254Test:setUpClass): 201 POST http://10.180.1.21/identity/v3/users 0.055s
2025-01-16 01:37:24.014 68427 INFO tempest.lib.common.rest_client [req-a28bf10b-7a4b-400b-813c-66874d16e88a req-a28bf10b-7a4b-400b-813c-66874d16e88a ] Request (ServersTestFqdnHostnames:test_create_server_with_fqdn_name): 200 GET http://10.180.1.21/compute/v2.1/servers/99fe39eb-5075-4b07-af3a-4d751be4e50a 0.083s
2025-01-16 01:37:24.031 68407 INFO tempest.lib.common.rest_client [req-a3c535cf-5fe5-493b-a40f-15725d8a8563 req-a3c535cf-5fe5-493b-a40f-15725d8a8563 ] Request (DeleteServersAdminTestJSON:test_delete_server_while_in_error_state): 200 GET http://10.180.1.21/compute/v2.1/servers/b710c68a-0dd5-4565-962e-00ce8a433324 0.063s
2025-01-16 01:37:24.035 68415 INFO tempest.lib.common.rest_client [req-05df1d3d-1424-470d-8fbf-7cd59e8ab035 req-05df1d3d-1424-470d-8fbf-7cd59e8ab035 ] Request (ServerShowV254Test:setUpClass): 200 GET http://10.180.1.21/identity/v3/roles 0.025s
2025-01-16 01:37:24.073 68415 INFO tempest.lib.common.rest_client [req-b2653cfd-912e-4537-bb1c-475267625708 req-b2653cfd-912e-4537-bb1c-475267625708 ] Request (ServerShowV254Test:setUpClass): 204 PUT http://10.180.1.21/identity/v3/projects/130d5098cfd646a7bb6b2117f991bc66/users/6d27d54099454e33b3138a07351692f3/roles/687df479c950451cbc0f8d264be0baec 0.038s
2025-01-16 01:37:24.074 68415 INFO tempest.lib.common.dynamic_creds [-] Dynamic test user 6d27d54099454e33b3138a07351692f3 is created with scope project and roles: ['member']
2025-01-16 01:37:24.074 68415 INFO tempest.lib.common.dynamic_creds [-] Acquired dynamic creds: credentials: Credentials: {'domain_id': 'default', 'domain_name': 'Default', 'username': 'tempest-ServerShowV254Test-1493155273-project-member', 'project_domain_id': 'default', 'project_domain_name': 'Default', 'project_id': '130d5098cfd646a7bb6b2117f991bc66', 'project_name': 'tempest-ServerShowV254Test-1493155273', 'tenant_id': '130d5098cfd646a7bb6b2117f991bc66', 'tenant_name': 'tempest-ServerShowV254Test-1493155273', 'user_domain_id': 'default', 'user_domain_name': 'Default', 'user_id': '6d27d54099454e33b3138a07351692f3', 'system': None}, Network: None, Subnet: None, Router: None
2025-01-16 01:37:24.074 68415 INFO tempest.lib.common.dynamic_creds [-] Created isolated network resources for: credentials: Credentials: {'domain_id': 'default', 'domain_name': 'Default', 'username': 'tempest-ServerShowV254Test-1493155273-project-member', 'project_domain_id': 'default', 'project_domain_name': 'Default', 'project_id': '130d5098cfd646a7bb6b2117f991bc66', 'project_name': 'tempest-ServerShowV254Test-1493155273', 'tenant_id': '130d5098cfd646a7bb6b2117f991bc66', 'tenant_name': 'tempest-ServerShowV254Test-1493155273', 'user_domain_id': 'default', 'user_domain_name': 'Default', 'user_id': '6d27d54099454e33b3138a07351692f3', 'system': None}, Network: None, Subnet: None, Router: None
2025-01-16 01:37:24.083 68401 INFO tempest.lib.common.rest_client [req-a221c5fb-071a-4b1a-b434-3119553d410e req-a221c5fb-071a-4b1a-b434-3119553d410e ] Request (ServersAdmin275Test:test_rebuild_update_server_275): 200 GET http://10.180.1.21/compute/v2.1/servers/d72a441d-8993-4eb1-bb9d-67ed97920723 0.088s
2025-01-16 01:37:24.106 68429 INFO tempest.lib.common.rest_client [req-411d45b6-e568-4a7b-a871-ac29550b1dda req-411d45b6-e568-4a7b-a871-ac29550b1dda ] Request (ServersAdminNegativeTestJSON:tearDownClass): 200 GET http://10.180.1.21/compute/v2.1/servers/fcdf5dee-f078-4438-81ec-50f35cbbf24f 0.066s
2025-01-16 01:37:24.140 68395 INFO tempest.lib.common.rest_client [req-f69a7659-58ce-4950-b1f4-79e533c49b06 req-f69a7659-58ce-4950-b1f4-79e533c49b06 ] Request (ServersAaction247Test:test_create_backup): 200 GET http://10.180.1.21/compute/v2.1/servers/1c8e5a82-5373-4c48-9214-31773d5ab4bb 0.082s
2025-01-16 01:37:24.156 68423 INFO tempest.lib.common.rest_client [req-14348600-ed55-43ff-9cb9-3ff9a0856dfc req-14348600-ed55-43ff-9cb9-3ff9a0856dfc ] Request (AttachVolumeNegativeTest:test_attach_attached_volume_to_different_server): 200 GET http://10.180.1.21/compute/v2.1/servers/44a56a4f-665a-428d-85b1-434938ca88b0 0.050s
2025-01-16 01:37:24.176 68415 INFO tempest.lib.common.rest_client [req-553ea091-541b-4356-91f2-02b22871a337 req-553ea091-541b-4356-91f2-02b22871a337 ] Request (ServerShowV254Test:setUpClass): 201 POST http://10.180.1.21/identity/v3/auth/tokens 0.098s
2025-01-16 01:37:24.211 68415 INFO tempest.lib.common.rest_client [req-5fb043d5-dbaa-40fd-bc66-fa18db7e1f34 req-5fb043d5-dbaa-40fd-bc66-fa18db7e1f34 ] Request (ServerShowV254Test:test_rebuild_server): 201 POST http://10.180.1.21/identity/v3/auth/tokens 0.029s
2025-01-16 01:37:24.211 68415 INFO tempest.lib.common.fixed_network [-] (ServerShowV254Test:test_rebuild_server) Found network None available for tenant
2025-01-16 01:37:24.225 68413 INFO tempest.lib.common.rest_client [req-55da8dd8-9f66-43e6-b4dd-74ee5bea0a14 req-55da8dd8-9f66-43e6-b4dd-74ee5bea0a14 ] Request (ImagesTestJSON:test_create_server_from_snapshot): 200 GET http://10.180.1.21/compute/v2.1/servers/66e4bd18-5b1e-4854-960b-cf890d53c7cb 0.059s
2025-01-16 01:37:24.406 68383 INFO tempest.lib.common.rest_client [req-7bd151e2-6dce-47e9-a3ff-ea92e7f59128 req-7bd151e2-6dce-47e9-a3ff-ea92e7f59128 ] Request (SecurityGroupsTestJSON:test_server_security_groups): 200 GET http://10.180.1.21/compute/v2.1/servers/2cf3cc94-a9a5-4275-9a77-ba9e1ddb3fa1 0.096s
2025-01-16 01:37:24.410 68415 INFO tempest.lib.common.rest_client [req-44abece8-9bce-4611-b9c5-f4a6d3fedf13 req-44abece8-9bce-4611-b9c5-f4a6d3fedf13 ] Request (ServerShowV254Test:test_rebuild_server): 202 POST http://10.180.1.21/compute/v2.1/servers 0.198s
2025-01-16 01:37:24.489 68415 INFO tempest.lib.common.rest_client [req-e43aba6c-3141-4964-8987-68394ae34aa0 req-e43aba6c-3141-4964-8987-68394ae34aa0 ] Request (ServerShowV254Test:test_rebuild_server): 200 GET http://10.180.1.21/compute/v2.1/servers/8ab09ec8-012b-4295-b55e-204de8b7e79e 0.077s
2025-01-16 01:37:24.626 68417 WARNING tempest.lib.common.ssh [-] Failed to establish authenticated ssh connection to cirros@10.180.180.175 ([Errno None] Unable to connect to port 22 on 10.180.180.175). Number attempts: 3. Retry after 4 seconds.: paramiko.ssh_exception.NoValidConnectionsError: [Errno None] Unable to connect to port 22 on 10.180.180.175
2025-01-16 01:37:24.643 68385 INFO tempest.lib.common.rest_client [req-60c5478a-e6f6-40c9-b911-e60ecf063f33 req-60c5478a-e6f6-40c9-b911-e60ecf063f33 ] Request (ServersNegativeTestJSON:setUpClass): 200 GET http://10.180.1.21/compute/v2.1/servers/3717ebd5-ce7f-48ea-a834-c87e75fadadd 0.276s
2025-01-16 01:37:24.647 68387 INFO tempest.lib.common.rest_client [req-f41c2b6d-bd85-4d51-be0a-20cab80c6b6c req-f41c2b6d-bd85-4d51-be0a-20cab80c6b6c ] Request (ListImageFiltersTestJSON:setUpClass): 200 GET http://10.180.1.21/compute/v2.1/servers/570c7c49-9bc8-4bea-86af-51679a0c5dc2 0.148s
2025-01-16 01:37:24.655 68387 INFO tempest.common.waiters [-] State transition "ACTIVE/image_uploading" ==> "ACTIVE/None" after 2 second wait
2025-01-16 01:37:24.699 68435 INFO tempest.lib.common.rest_client [req-7f328b0b-b85a-4d24-b1a0-6f3c9a8aeb1a req-7f328b0b-b85a-4d24-b1a0-6f3c9a8aeb1a ] Request (ImagesOneServerNegativeTestJSON:setUpClass): 200 GET http://10.180.1.21/compute/v2.1/servers/6ad16be6-039f-4bdc-aa25-20ee8743c728 0.118s
2025-01-16 01:37:24.718 68411 INFO tempest.lib.common.rest_client [req-822148bb-17ea-4edc-a6e2-066640e37980 req-822148bb-17ea-4edc-a6e2-066640e37980 ] Request (ServerActionsTestOtherA:setUpClass): 200 GET http://10.180.1.21/compute/v2.1/servers/defb57fb-0f0a-4679-8c22-0945fc0a1664 0.190s
2025-01-16 01:37:24.769 68425 INFO tempest.lib.common.rest_client [req-7b05f208-1a22-4efa-bafd-475e83db82f8 req-7b05f208-1a22-4efa-bafd-475e83db82f8 ] Request (ServerDiskConfigTestJSON:test_rebuild_server_with_manual_disk_config): 200 GET http://10.180.1.21/compute/v2.1/servers/28ec0106-157e-4e23-b188-7d82f690e559 0.113s
2025-01-16 01:37:24.818 68379 INFO tempest.lib.common.rest_client [req-f63c31b7-f31b-4394-a729-50e57acd375c req-f63c31b7-f31b-4394-a729-50e57acd375c ] Request (MigrationsAdminTest:test_resize_server_revert_deleted_flavor): 200 GET http://10.180.1.21/compute/v2.1/servers/e5540ead-917b-4a5b-a11e-d5bed9ea0331 0.048s
2025-01-16 01:37:24.868 68399 INFO tempest.lib.common.rest_client [req-b7da5758-128f-4dcb-9fd2-df12a9162021 req-b7da5758-128f-4dcb-9fd2-df12a9162021 ] Request (TenantUsagesTestJSON:tearDownClass): 200 GET http://10.180.1.21/compute/v2.1/servers/1030d877-b963-4f6a-8965-742bd403e7aa 0.084s
2025-01-16 01:37:24.882 68393 WARNING tempest.lib.common.ssh [-] Failed to establish authenticated ssh connection to cirros@10.180.180.211 ([Errno None] Unable to connect to port 22 on 10.180.180.211). Number attempts: 9. Retry after 10 seconds.: paramiko.ssh_exception.NoValidConnectionsError: [Errno None] Unable to connect to port 22 on 10.180.180.211
2025-01-16 01:37:24.922 68419 INFO tempest.lib.common.rest_client [req-fd55b6f3-a91a-4fad-a245-863d6695edb4 req-fd55b6f3-a91a-4fad-a245-863d6695edb4 ] Request (ServersTestBootFromVolume:setUpClass): 200 GET http://10.180.1.21/compute/v2.1/servers/e25571ce-77da-4871-af48-c597560cd9a0 0.083s
2025-01-16 01:37:24.979 68433 INFO tempest.lib.common.rest_client [req-d1cc77d7-404f-432d-a50d-d49694f0c956 req-d1cc77d7-404f-432d-a50d-d49694f0c956 ] Request (ImagesOneServerTestJSON:tearDownClass): 200 GET http://10.180.1.21/compute/v2.1/servers/92c37706-d510-4f1a-ad30-e3df46edcea9 0.129s
2025-01-16 01:37:25.040 68403 INFO tempest.lib.common.rest_client [req-42cb0fd5-d051-467c-a867-37b80a04aa3c req-42cb0fd5-d051-467c-a867-37b80a04aa3c ] Request (MultipleCreateTestJSON:_run_cleanups): 200 GET http://10.180.1.21/compute/v2.1/servers/78bf71b8-cd5f-4550-b611-a4a4be9dd013 0.119s
2025-01-16 01:37:25.102 68381 INFO tempest.lib.common.rest_client [req-f28cb6e4-0139-4a7a-8437-d9d3f93749e6 req-f28cb6e4-0139-4a7a-8437-d9d3f93749e6 ] Request (ServerActionsV293TestJSON:setUpClass): 200 GET http://10.180.1.21/compute/v2.1/servers/837a0057-787e-4fb6-ae79-b5fbc06a3038 0.174s
2025-01-16 01:37:25.107 68387 INFO tempest.lib.common.rest_client [req-4d5bf317-8cc3-4489-9b88-c8c483bc4fd9 req-4d5bf317-8cc3-4489-9b88-c8c483bc4fd9 ] Request (ListImageFiltersTestJSON:setUpClass): 202 POST http://10.180.1.21/compute/v2.1/servers/6facddb8-edf9-4661-86e6-0a0a42e2e7f0/action 0.452s
2025-01-16 01:37:25.155 68397 INFO tempest.lib.common.rest_client [req-de27d120-5b4d-4282-8180-30caa3035965 req-de27d120-5b4d-4282-8180-30caa3035965 ] Request (InstanceActionsTestJSON:setUpClass): 200 GET http://10.180.1.21/compute/v2.1/servers/92f2cf26-2254-43e9-83d0-8136d6ac51e7 0.187s
2025-01-16 01:37:25.169 68377 INFO tempest.lib.common.rest_client [req-c7fcaf02-d4e5-41a5-9c3e-83079632e8d3 req-c7fcaf02-d4e5-41a5-9c3e-83079632e8d3 ] Request (ImagesNegativeTestJSON:test_create_image_from_deleted_server): 200 GET http://10.180.1.21/compute/v2.1/servers/ac7a1c8b-3988-4ca3-ae03-2d5877ae916c 0.188s
2025-01-16 01:37:25.203 68389 WARNING tempest.lib.common.ssh [-] Failed to establish authenticated ssh connection to cirros@10.180.180.167 ([Errno None] Unable to connect to port 22 on 10.180.180.167). Number attempts: 1. Retry after 2 seconds.: paramiko.ssh_exception.NoValidConnectionsError: [Errno None] Unable to connect to port 22 on 10.180.180.167
2025-01-16 01:37:25.214 68427 INFO tempest.lib.common.rest_client [req-13b15f25-3b48-4c54-8535-8d5886eeea9d req-13b15f25-3b48-4c54-8535-8d5886eeea9d ] Request (ServersTestFqdnHostnames:test_create_server_with_fqdn_name): 200 GET http://10.180.1.21/compute/v2.1/servers/99fe39eb-5075-4b07-af3a-4d751be4e50a 0.186s
2025-01-16 01:37:25.231 68407 INFO tempest.lib.common.rest_client [req-5ea781e2-5df3-4523-94ba-04ec3e912ae4 req-5ea781e2-5df3-4523-94ba-04ec3e912ae4 ] Request (DeleteServersAdminTestJSON:test_delete_server_while_in_error_state): 200 GET http://10.180.1.21/compute/v2.1/servers/b710c68a-0dd5-4565-962e-00ce8a433324 0.187s
2025-01-16 01:37:25.268 68387 INFO tempest.lib.common.rest_client [req-366f6d10-612d-4588-855c-7a59ba6c07ac req-366f6d10-612d-4588-855c-7a59ba6c07ac ] Request (ListImageFiltersTestJSON:setUpClass): 200 GET http://10.180.1.21/compute/v2.1/images/65054f76-2e84-4b6f-9bc3-aa7d26c98023 0.159s
2025-01-16 01:37:25.269 68401 INFO tempest.lib.common.rest_client [req-a373b905-99a8-4cb2-8fc6-b5f9e7a1c877 req-a373b905-99a8-4cb2-8fc6-b5f9e7a1c877 ] Request (ServersAdmin275Test:test_rebuild_update_server_275): 200 GET http://10.180.1.21/compute/v2.1/servers/d72a441d-8993-4eb1-bb9d-67ed97920723 0.168s
2025-01-16 01:37:25.287 68429 INFO tempest.lib.common.rest_client [req-dc0be832-f61a-460a-9314-c75971bf9691 req-dc0be832-f61a-460a-9314-c75971bf9691 ] Request (ServersAdminNegativeTestJSON:tearDownClass): 404 GET http://10.180.1.21/compute/v2.1/servers/fcdf5dee-f078-4438-81ec-50f35cbbf24f 0.170s
2025-01-16 01:37:25.316 68395 INFO tempest.lib.common.rest_client [req-abbed4a5-d7d3-47cc-847c-c4b6c2a294f0 req-abbed4a5-d7d3-47cc-847c-c4b6c2a294f0 ] Request (ServersAaction247Test:test_create_backup): 200 GET http://10.180.1.21/compute/v2.1/servers/1c8e5a82-5373-4c48-9214-31773d5ab4bb 0.162s
2025-01-16 01:37:25.337 68423 INFO tempest.lib.common.rest_client [req-a9f1bbe0-544a-4139-9281-7ca7ba1ac476 req-a9f1bbe0-544a-4139-9281-7ca7ba1ac476 ] Request (AttachVolumeNegativeTest:test_attach_attached_volume_to_different_server): 200 GET http://10.180.1.21/compute/v2.1/servers/44a56a4f-665a-428d-85b1-434938ca88b0 0.172s
2025-01-16 01:37:25.360 68413 INFO tempest.lib.common.rest_client [req-ca2f90a6-892c-4d00-85b7-6d38e9f3171a req-ca2f90a6-892c-4d00-85b7-6d38e9f3171a ] Request (ImagesTestJSON:test_create_server_from_snapshot): 200 GET http://10.180.1.21/compute/v2.1/servers/66e4bd18-5b1e-4854-960b-cf890d53c7cb 0.126s
2025-01-16 01:37:25.403 68429 INFO tempest.lib.common.rest_client [req-2c2a062d-6e8a-44d9-b282-cab2e775cd61 req-2c2a062d-6e8a-44d9-b282-cab2e775cd61 ] Request (ServersAdminNegativeTestJSON:tearDownClass): 204 DELETE http://10.180.1.21/compute/v2.1/servers/2e9302e8-7348-4fdf-8cfb-a6e7308c7726 0.115s
2025-01-16 01:37:25.472 68383 INFO tempest.lib.common.rest_client [req-49cad4f2-ba16-4c5b-b45c-05b8f76586c7 req-49cad4f2-ba16-4c5b-b45c-05b8f76586c7 ] Request (SecurityGroupsTestJSON:test_server_security_groups): 200 GET http://10.180.1.21/compute/v2.1/servers/2cf3cc94-a9a5-4275-9a77-ba9e1ddb3fa1 0.053s
2025-01-16 01:37:25.571 68415 INFO tempest.lib.common.rest_client [req-da7caf8a-33a0-476c-869a-55dea43b2af5 req-da7caf8a-33a0-476c-869a-55dea43b2af5 ] Request (ServerShowV254Test:test_rebuild_server): 200 GET http://10.180.1.21/compute/v2.1/servers/8ab09ec8-012b-4295-b55e-204de8b7e79e 0.072s
2025-01-16 01:37:25.585 68429 INFO tempest.lib.common.rest_client [req-12d865b9-ed1e-4f2c-9af0-c1bce398f8f8 req-12d865b9-ed1e-4f2c-9af0-c1bce398f8f8 ] Request (ServersAdminNegativeTestJSON:tearDownClass): 200 GET http://10.180.1.21/compute/v2.1/servers/2e9302e8-7348-4fdf-8cfb-a6e7308c7726 0.182s
2025-01-16 01:37:25.760 68385 INFO tempest.lib.common.rest_client [req-33e037ea-318d-4897-b80c-5b6f0b1d81f5 req-33e037ea-318d-4897-b80c-5b6f0b1d81f5 ] Request (ServersNegativeTestJSON:setUpClass): 200 GET http://10.180.1.21/compute/v2.1/servers/3717ebd5-ce7f-48ea-a834-c87e75fadadd 0.108s
2025-01-16 01:37:25.770 68385 INFO tempest.common.waiters [-] State transition "BUILD/spawning" ==> "ACTIVE/None" after 57 second wait
2025-01-16 01:37:25.813 68411 INFO tempest.lib.common.rest_client [req-ddf9b6a6-808a-4811-a9a6-37d4d6cc862b req-ddf9b6a6-808a-4811-a9a6-37d4d6cc862b ] Request (ServerActionsTestOtherA:setUpClass): 200 GET http://10.180.1.21/compute/v2.1/servers/defb57fb-0f0a-4679-8c22-0945fc0a1664 0.082s
2025-01-16 01:37:25.889 68385 INFO tempest.lib.common.rest_client [req-53eb17c5-5787-4dbc-9225-952a19e02779 req-53eb17c5-5787-4dbc-9225-952a19e02779 ] Request (ServersNegativeTestJSON:setUpClass): 204 DELETE http://10.180.1.21/compute/v2.1/servers/3717ebd5-ce7f-48ea-a834-c87e75fadadd 0.119s
2025-01-16 01:37:25.935 68425 INFO tempest.lib.common.rest_client [req-fb7c1a00-6160-491f-a672-e4cd97822848 req-fb7c1a00-6160-491f-a672-e4cd97822848 ] Request (ServerDiskConfigTestJSON:test_rebuild_server_with_manual_disk_config): 200 GET http://10.180.1.21/compute/v2.1/servers/28ec0106-157e-4e23-b188-7d82f690e559 0.158s
2025-01-16 01:37:25.979 68379 INFO tempest.lib.common.rest_client [req-d36b9c20-e334-4909-89a3-535572617da9 req-d36b9c20-e334-4909-89a3-535572617da9 ] Request (MigrationsAdminTest:test_resize_server_revert_deleted_flavor): 200 GET http://10.180.1.21/compute/v2.1/servers/e5540ead-917b-4a5b-a11e-d5bed9ea0331 0.147s
2025-01-16 01:37:25.992 68435 INFO tempest.lib.common.rest_client [req-0f741583-79b6-4e60-ab9d-198a5bd3daed req-0f741583-79b6-4e60-ab9d-198a5bd3daed ] Request (ImagesOneServerNegativeTestJSON:setUpClass): 200 GET http://10.180.1.21/compute/v2.1/servers/6ad16be6-039f-4bdc-aa25-20ee8743c728 0.284s
2025-01-16 01:37:26.044 68399 INFO tempest.lib.common.rest_client [req-74ec2749-865b-4381-84d0-5ceaacd303fd req-74ec2749-865b-4381-84d0-5ceaacd303fd ] Request (TenantUsagesTestJSON:tearDownClass): 200 GET http://10.180.1.21/compute/v2.1/servers/1030d877-b963-4f6a-8965-742bd403e7aa 0.167s
2025-01-16 01:37:26.102 68419 INFO tempest.lib.common.rest_client [req-1aae2f82-109c-4dcd-ab73-c90696fd49fa req-1aae2f82-109c-4dcd-ab73-c90696fd49fa ] Request (ServersTestBootFromVolume:setUpClass): 200 GET http://10.180.1.21/compute/v2.1/servers/e25571ce-77da-4871-af48-c597560cd9a0 0.172s
2025-01-16 01:37:26.119 68385 INFO tempest.lib.common.rest_client [req-a0d0f27b-aa5c-4c22-ae72-a223f769e237 req-a0d0f27b-aa5c-4c22-ae72-a223f769e237 ] Request (ServersNegativeTestJSON:setUpClass): 200 GET http://10.180.1.21/compute/v2.1/servers/3717ebd5-ce7f-48ea-a834-c87e75fadadd 0.230s
2025-01-16 01:37:26.166 68433 INFO tempest.lib.common.rest_client [req-76c4e215-f3dc-4c46-a173-0ddbaf72fe53 req-76c4e215-f3dc-4c46-a173-0ddbaf72fe53 ] Request (ImagesOneServerTestJSON:tearDownClass): 200 GET http://10.180.1.21/compute/v2.1/servers/92c37706-d510-4f1a-ad30-e3df46edcea9 0.178s
2025-01-16 01:37:26.176 68403 INFO tempest.lib.common.rest_client [req-0b88f4ad-5fab-4c8a-a097-1c515a26c71a req-0b88f4ad-5fab-4c8a-a097-1c515a26c71a ] Request (MultipleCreateTestJSON:_run_cleanups): 200 GET http://10.180.1.21/compute/v2.1/servers/78bf71b8-cd5f-4550-b611-a4a4be9dd013 0.126s
2025-01-16 01:37:26.223 68381 INFO tempest.lib.common.rest_client [req-a500435e-dbe7-4657-b7b7-778ece9f0936 req-a500435e-dbe7-4657-b7b7-778ece9f0936 ] Request (ServerActionsV293TestJSON:setUpClass): 200 GET http://10.180.1.21/compute/v2.1/servers/837a0057-787e-4fb6-ae79-b5fbc06a3038 0.111s
2025-01-16 01:37:26.224 68397 INFO tempest.lib.common.rest_client [req-d25d6a36-5146-4316-8a8a-73c94bdf5fd4 req-d25d6a36-5146-4316-8a8a-73c94bdf5fd4 ] Request (InstanceActionsTestJSON:setUpClass): 200 GET http://10.180.1.21/compute/v2.1/servers/92f2cf26-2254-43e9-83d0-8136d6ac51e7 0.060s
2025-01-16 01:37:26.284 68377 INFO tempest.lib.common.rest_client [req-2c0a049a-5267-4472-98e1-418b22ef3cb7 req-2c0a049a-5267-4472-98e1-418b22ef3cb7 ] Request (ImagesNegativeTestJSON:test_create_image_from_deleted_server): 200 GET http://10.180.1.21/compute/v2.1/servers/ac7a1c8b-3988-4ca3-ae03-2d5877ae916c 0.106s
2025-01-16 01:37:26.287 68427 INFO tempest.lib.common.rest_client [req-84270839-e89e-4000-a4f9-c33175c37f7f req-84270839-e89e-4000-a4f9-c33175c37f7f ] Request (ServersTestFqdnHostnames:test_create_server_with_fqdn_name): 200 GET http://10.180.1.21/compute/v2.1/servers/99fe39eb-5075-4b07-af3a-4d751be4e50a 0.066s
2025-01-16 01:37:26.327 68387 INFO tempest.lib.common.rest_client [req-d4c71665-6c77-4ed6-b34a-e790d59a4a06 req-d4c71665-6c77-4ed6-b34a-e790d59a4a06 ] Request (ListImageFiltersTestJSON:setUpClass): 200 GET http://10.180.1.21/compute/v2.1/images/65054f76-2e84-4b6f-9bc3-aa7d26c98023 0.055s
2025-01-16 01:37:26.353 68407 INFO tempest.lib.common.rest_client [req-efd3ada9-bbc8-4997-9ad8-5865c0bd51ff req-efd3ada9-bbc8-4997-9ad8-5865c0bd51ff ] Request (DeleteServersAdminTestJSON:test_delete_server_while_in_error_state): 200 GET http://10.180.1.21/compute/v2.1/servers/b710c68a-0dd5-4565-962e-00ce8a433324 0.108s
