2025-01-16 01:35:31.335 68379 INFO tempest.lib.common.dynamic_creds [-] Created isolated network resources for: credentials: Credentials: {'domain_id': 'default', 'domain_name': 'Default', 'username': 'tempest-MigrationsAdminTest-1063872403-project-member', 'project_domain_id': 'default', 'project_domain_name': 'Default', 'project_id': 'ba6d82ea6da84c3ab49d712a3f257a8e', 'project_name': 'tempest-MigrationsAdminTest-1063872403', 'tenant_id': 'ba6d82ea6da84c3ab49d712a3f257a8e', 'tenant_name': 'tempest-MigrationsAdminTest-1063872403', 'user_domain_id': 'default', 'user_domain_name': 'Default', 'user_id': '6fdb45e8aa864a08babc2dfb5b095016', 'system': None}, Network: None, Subnet: None, Router: None
2025-01-16 01:35:31.351 68429 INFO tempest.lib.common.rest_client [req-8763bea7-fa6c-4fb7-a193-19b73d4a5c08 req-8763bea7-fa6c-4fb7-a193-19b73d4a5c08 ] Request (ServersAdminNegativeTestJSON:setUpClass): 201 POST http://10.180.1.21/identity/v3/auth/tokens 0.069s
2025-01-16 01:35:31.405 68379 INFO tempest.lib.common.rest_client [req-527ff9c1-0f10-4bf5-bac6-4fa74c0f09cd req-527ff9c1-0f10-4bf5-bac6-4fa74c0f09cd ] Request (MigrationsAdminTest:setUpClass): 201 POST http://10.180.1.21/identity/v3/auth/tokens 0.066s
2025-01-16 01:35:31.411 68429 INFO tempest.lib.common.rest_client [req-0948bdb6-6a3c-4444-9111-db7bdde4fc6e req-0948bdb6-6a3c-4444-9111-db7bdde4fc6e ] Request (ServersAdminNegativeTestJSON:setUpClass): 201 POST http://10.180.1.21/identity/v3/projects 0.060s
2025-01-16 01:35:31.469 68379 INFO tempest.lib.common.rest_client [req-87c2ac19-9572-4cdb-be36-d9f2f4225f86 req-87c2ac19-9572-4cdb-be36-d9f2f4225f86 ] Request (MigrationsAdminTest:setUpClass): 201 POST http://10.180.1.21/identity/v3/projects 0.063s
2025-01-16 01:35:31.484 68429 INFO tempest.lib.common.rest_client [req-fa2b2885-8ab9-47ad-9254-590db6509b16 req-fa2b2885-8ab9-47ad-9254-590db6509b16 ] Request (ServersAdminNegativeTestJSON:setUpClass): 201 POST http://10.180.1.21/identity/v3/users 0.072s
2025-01-16 01:35:31.507 68413 INFO tempest.lib.common.rest_client [req-4b5150f3-4c15-4c93-bbe3-21c0e630ca22 req-4b5150f3-4c15-4c93-bbe3-21c0e630ca22 ] Request (ImagesTestJSON:test_create_image_from_stopped_server): 200 GET http://10.180.1.21/compute/v2.1/servers/b15866f3-5b1f-42fd-96d4-e76ed97e1c56 2.608s
2025-01-16 01:35:31.545 68429 INFO tempest.lib.common.rest_client [req-7f60de66-1913-4418-8226-a294dc6b0f5c req-7f60de66-1913-4418-8226-a294dc6b0f5c ] Request (ServersAdminNegativeTestJSON:setUpClass): 200 GET http://10.180.1.21/identity/v3/roles 0.061s
2025-01-16 01:35:31.553 68379 INFO tempest.lib.common.rest_client [req-4c646670-29b1-4213-b007-d4ccf2b5fd94 req-4c646670-29b1-4213-b007-d4ccf2b5fd94 ] Request (MigrationsAdminTest:setUpClass): 201 POST http://10.180.1.21/identity/v3/users 0.080s
2025-01-16 01:35:31.591 68429 INFO tempest.lib.common.rest_client [req-1238fa8e-0b0f-462e-8cc7-8665b7bf01c9 req-1238fa8e-0b0f-462e-8cc7-8665b7bf01c9 ] Request (ServersAdminNegativeTestJSON:setUpClass): 204 PUT http://10.180.1.21/identity/v3/projects/e2cebcabd6fc46ac8a35a21c8477ef3c/users/8ff668f6d0c74b3f99f82981fdc207a8/roles/c63f6af8266649dcb52a2f7bb069a25c 0.045s
2025-01-16 01:35:31.662 68379 INFO tempest.lib.common.rest_client [req-abacb23f-f0ff-4a6a-adf2-3f1ee684068a req-abacb23f-f0ff-4a6a-adf2-3f1ee684068a ] Request (MigrationsAdminTest:setUpClass): 200 GET http://10.180.1.21/identity/v3/roles 0.108s
2025-01-16 01:35:31.682 68429 INFO tempest.lib.common.rest_client [req-c2f32174-9e7a-4496-9fa1-5f18ac93f8f7 req-c2f32174-9e7a-4496-9fa1-5f18ac93f8f7 ] Request (ServersAdminNegativeTestJSON:setUpClass): 200 GET http://10.180.1.21/identity/v3/roles 0.090s
2025-01-16 01:35:31.702 68429 INFO tempest.lib.common.rest_client [req-bc230cd3-8bcf-4b4c-942e-f5650ad99c99 req-bc230cd3-8bcf-4b4c-942e-f5650ad99c99 ] Request (ServersAdminNegativeTestJSON:setUpClass): 204 PUT http://10.180.1.21/identity/v3/projects/e2cebcabd6fc46ac8a35a21c8477ef3c/users/8ff668f6d0c74b3f99f82981fdc207a8/roles/c63f6af8266649dcb52a2f7bb069a25c 0.019s
2025-01-16 01:35:31.702 68429 INFO tempest.lib.common.dynamic_creds [-] Dynamic test user 8ff668f6d0c74b3f99f82981fdc207a8 is created with scope project and roles: ['admin']
2025-01-16 01:35:31.703 68429 INFO tempest.lib.common.dynamic_creds [-] Acquired dynamic creds: credentials: Credentials: {'domain_id': 'default', 'domain_name': 'Default', 'username': 'tempest-ServersAdminNegativeTestJSON-1901820107-project-admin', 'project_domain_id': 'default', 'project_domain_name': 'Default', 'project_id': 'e2cebcabd6fc46ac8a35a21c8477ef3c', 'project_name': 'tempest-ServersAdminNegativeTestJSON-1901820107', 'tenant_id': 'e2cebcabd6fc46ac8a35a21c8477ef3c', 'tenant_name': 'tempest-ServersAdminNegativeTestJSON-1901820107', 'user_domain_id': 'default', 'user_domain_name': 'Default', 'user_id': '8ff668f6d0c74b3f99f82981fdc207a8', 'system': None}, Network: None, Subnet: None, Router: None
2025-01-16 01:35:31.703 68429 INFO tempest.lib.common.dynamic_creds [-] Created isolated network resources for: credentials: Credentials: {'domain_id': 'default', 'domain_name': 'Default', 'username': 'tempest-ServersAdminNegativeTestJSON-1901820107-project-admin', 'project_domain_id': 'default', 'project_domain_name': 'Default', 'project_id': 'e2cebcabd6fc46ac8a35a21c8477ef3c', 'project_name': 'tempest-ServersAdminNegativeTestJSON-1901820107', 'tenant_id': 'e2cebcabd6fc46ac8a35a21c8477ef3c', 'tenant_name': 'tempest-ServersAdminNegativeTestJSON-1901820107', 'user_domain_id': 'default', 'user_domain_name': 'Default', 'user_id': '8ff668f6d0c74b3f99f82981fdc207a8', 'system': None}, Network: None, Subnet: None, Router: None
2025-01-16 01:35:31.703 68379 INFO tempest.lib.common.rest_client [req-004b5238-311c-4455-b2f0-58f54fd36c44 req-004b5238-311c-4455-b2f0-58f54fd36c44 ] Request (MigrationsAdminTest:setUpClass): 204 PUT http://10.180.1.21/identity/v3/projects/36e299f208e5431e80a33cf3cf6f76e0/users/aeedd5a2afc4424aada2c7d85f689c5b/roles/c63f6af8266649dcb52a2f7bb069a25c 0.040s
2025-01-16 01:35:31.821 68379 INFO tempest.lib.common.rest_client [req-74104ddb-c72b-4a0b-9ef6-7be189f5437b req-74104ddb-c72b-4a0b-9ef6-7be189f5437b ] Request (MigrationsAdminTest:setUpClass): 200 GET http://10.180.1.21/identity/v3/roles 0.117s
2025-01-16 01:35:31.825 68429 INFO tempest.lib.common.rest_client [req-924ce42a-eea4-4f57-95ce-16b98688f1e7 req-924ce42a-eea4-4f57-95ce-16b98688f1e7 ] Request (ServersAdminNegativeTestJSON:setUpClass): 201 POST http://10.180.1.21/identity/v3/auth/tokens 0.118s
2025-01-16 01:35:31.838 68379 INFO tempest.lib.common.rest_client [req-e253f397-5abc-472f-8c3c-a4ce2b01f054 req-e253f397-5abc-472f-8c3c-a4ce2b01f054 ] Request (MigrationsAdminTest:setUpClass): 204 PUT http://10.180.1.21/identity/v3/projects/36e299f208e5431e80a33cf3cf6f76e0/users/aeedd5a2afc4424aada2c7d85f689c5b/roles/c63f6af8266649dcb52a2f7bb069a25c 0.017s
2025-01-16 01:35:31.838 68379 INFO tempest.lib.common.dynamic_creds [-] Dynamic test user aeedd5a2afc4424aada2c7d85f689c5b is created with scope project and roles: ['admin']
2025-01-16 01:35:31.838 68379 INFO tempest.lib.common.dynamic_creds [-] Acquired dynamic creds: credentials: Credentials: {'domain_id': 'default', 'domain_name': 'Default', 'username': 'tempest-MigrationsAdminTest-54571498-project-admin', 'project_domain_id': 'default', 'project_domain_name': 'Default', 'project_id': '36e299f208e5431e80a33cf3cf6f76e0', 'project_name': 'tempest-MigrationsAdminTest-54571498', 'tenant_id': '36e299f208e5431e80a33cf3cf6f76e0', 'tenant_name': 'tempest-MigrationsAdminTest-54571498', 'user_domain_id': 'default', 'user_domain_name': 'Default', 'user_id': 'aeedd5a2afc4424aada2c7d85f689c5b', 'system': None}, Network: None, Subnet: None, Router: None
2025-01-16 01:35:31.838 68379 INFO tempest.lib.common.dynamic_creds [-] Created isolated network resources for: credentials: Credentials: {'domain_id': 'default', 'domain_name': 'Default', 'username': 'tempest-MigrationsAdminTest-54571498-project-admin', 'project_domain_id': 'default', 'project_domain_name': 'Default', 'project_id': '36e299f208e5431e80a33cf3cf6f76e0', 'project_name': 'tempest-MigrationsAdminTest-54571498', 'tenant_id': '36e299f208e5431e80a33cf3cf6f76e0', 'tenant_name': 'tempest-MigrationsAdminTest-54571498', 'user_domain_id': 'default', 'user_domain_name': 'Default', 'user_id': 'aeedd5a2afc4424aada2c7d85f689c5b', 'system': None}, Network: None, Subnet: None, Router: None
2025-01-16 01:35:31.931 68429 INFO tempest.lib.common.rest_client [req-bbd99de0-3039-41c6-8bbf-2918ad06ab5e req-bbd99de0-3039-41c6-8bbf-2918ad06ab5e ] Request (ServersAdminNegativeTestJSON:setUpClass): 201 POST http://10.180.1.21/identity/v3/auth/tokens 0.100s
2025-01-16 01:35:31.932 68429 INFO tempest.lib.common.fixed_network [-] (ServersAdminNegativeTestJSON:setUpClass) Found network None available for tenant
2025-01-16 01:35:31.934 68379 INFO tempest.lib.common.rest_client [req-ee5776ea-02f2-4d90-9a23-3f4dca7d6b4f req-ee5776ea-02f2-4d90-9a23-3f4dca7d6b4f ] Request (MigrationsAdminTest:setUpClass): 201 POST http://10.180.1.21/identity/v3/auth/tokens 0.091s
2025-01-16 01:35:31.976 68387 INFO tempest.lib.common.rest_client [req-8711cb13-4c03-459c-994c-a8372c1cbf76 req-8711cb13-4c03-459c-994c-a8372c1cbf76 ] Request (FloatingIPDetailsNegativeTestJSON:setUpClass): 201 POST http://10.180.1.21:9696/networking/v2.0/subnets 0.669s
2025-01-16 01:35:32.235 68419 INFO tempest.lib.common.rest_client [req-f7b50b41-7a20-43d5-8d06-eab4054174de req-f7b50b41-7a20-43d5-8d06-eab4054174de ] Request (SecurityGroupsTestAdminJSON:test_list_security_groups_list_all_tenants_filter): 200 GET http://10.180.1.21/compute/v2.1/os-security-groups?all_tenants=true 5.627s
2025-01-16 01:35:32.332 68431 INFO tempest.lib.common.rest_client [req-722e4717-a330-48e8-b627-77df90925133 req-722e4717-a330-48e8-b627-77df90925133 ] Request (ServerAddressesTestJSON:setUpClass): 202 POST http://10.180.1.21/compute/v2.1/servers 3.397s
2025-01-16 01:35:32.445 68385 INFO tempest.lib.common.rest_client [req-bfcad5a7-1e9e-42a9-9cde-fe386fd96855 req-bfcad5a7-1e9e-42a9-9cde-fe386fd96855 ] Request (QuotasAdminTestV236:test_get_updated_quotas): 200 PUT http://10.180.1.21/compute/v2.1/os-quota-sets/cb959a49f57f402498efd77801f3e1cc 3.426s
2025-01-16 01:35:32.540 68437 INFO tempest.lib.common.rest_client [req-3dc7a389-3d30-489e-afa9-0ae46c1c39ae req-3dc7a389-3d30-489e-afa9-0ae46c1c39ae ] Request (ServerDiagnosticsV248Test:test_get_server_diagnostics): 202 POST http://10.180.1.21/compute/v2.1/servers 3.272s
2025-01-16 01:35:32.590 68409 INFO tempest.lib.common.rest_client [req-afa532c8-6bb5-48ad-b411-96d267a45841 req-afa532c8-6bb5-48ad-b411-96d267a45841 ] Request (VolumesAdminNegativeTest:setUpClass): 200 PUT http://10.180.1.21:9696/networking/v2.0/routers/169a8dbc-a4f8-484d-8cd8-c1a346178e12/add_router_interface 1.593s
2025-01-16 01:35:32.591 68409 INFO tempest.lib.common.dynamic_creds [-] Created isolated network resources for: credentials: Credentials: {'domain_id': 'default', 'domain_name': 'Default', 'username': 'tempest-VolumesAdminNegativeTest-1232419897-project-member', 'project_domain_id': 'default', 'project_domain_name': 'Default', 'project_id': '6897889682394814b1039bd3a6a947f4', 'project_name': 'tempest-VolumesAdminNegativeTest-1232419897', 'tenant_id': '6897889682394814b1039bd3a6a947f4', 'tenant_name': 'tempest-VolumesAdminNegativeTest-1232419897', 'user_domain_id': 'default', 'user_domain_name': 'Default', 'user_id': '2deff396f6694fb3a6b07ecaaf73eca3', 'system': None}, Network: {'id': '8cdba2a3-09cf-4740-abee-5855cf6fb09c', 'name': 'tempest-VolumesAdminNegativeTest-1802443786-network', 'tenant_id': '6897889682394814b1039bd3a6a947f4', 'admin_state_up': True, 'mtu': 8950, 'status': 'ACTIVE', 'subnets': [], 'shared': False, 'project_id': '6897889682394814b1039bd3a6a947f4', 'port_security_enabled': True, 'router:external': False, 'provider:network_type': 'vlan', 'provider:physical_network': 'default', 'provider:segmentation_id': 827, 'availability_zone_hints': [], 'availability_zones': [], 'ipv4_address_scope': None, 'ipv6_address_scope': None, 'description': '', 'tags': [], 'created_at': '2025-01-16T01:35:28Z', 'updated_at': '2025-01-16T01:35:28Z', 'revision_number': 1}, Subnet: {'id': '1d7b671b-1a9e-4e30-b2d4-6e70ae8455cc', 'name': 'tempest-VolumesAdminNegativeTest-1802443786-subnet', 'tenant_id': '6897889682394814b1039bd3a6a947f4', 'network_id': '8cdba2a3-09cf-4740-abee-5855cf6fb09c', 'ip_version': 4, 'subnetpool_id': None, 'enable_dhcp': True, 'ipv6_ra_mode': None, 'ipv6_address_mode': None, 'gateway_ip': '192.168.128.1', 'cidr': '192.168.128.0/28', 'allocation_pools': [{'start': '192.168.128.2', 'end': '192.168.128.14'}], 'host_routes': [], 'dns_nameservers': [], 'description': '', 'router:external': False, 'service_types': [], 'tags': [], 'created_at': '2025-01-16T01:35:29Z', 'updated_at': '2025-01-16T01:35:29Z', 'revision_number': 0, 'project_id': '6897889682394814b1039bd3a6a947f4'}, Router: {'id': '169a8dbc-a4f8-484d-8cd8-c1a346178e12', 'name': 'tempest-VolumesAdminNegativeTest-1802443786-router', 'tenant_id': '6897889682394814b1039bd3a6a947f4', 'admin_state_up': True, 'status': 'ACTIVE', 'external_gateway_info': {'network_id': 'e9fc93c0-b329-4d70-8c25-49ed110e6d54', 'external_fixed_ips': [{'subnet_id': '80db9c7b-2c79-4a45-bc08-7e62dde05b94', 'ip_address': '10.180.180.215'}], 'enable_snat': True}, 'description': '', 'availability_zones': [], 'distributed': False, 'ha': False, 'availability_zone_hints': [], 'routes': [], 'flavor_id': None, 'tags': [], 'created_at': '2025-01-16T01:35:30Z', 'updated_at': '2025-01-16T01:35:30Z', 'revision_number': 2, 'project_id': '6897889682394814b1039bd3a6a947f4'}
2025-01-16 01:35:32.669 68439 INFO tempest.lib.common.rest_client [req-f1772f8d-1d78-439f-a3f6-8198c8674a2a req-f1772f8d-1d78-439f-a3f6-8198c8674a2a ] Request (VolumesAssistedSnapshotsTest:test_volume_assisted_snapshot_create_delete): 200 POST http://10.180.1.21/compute/v2.1/os-keypairs 3.133s
2025-01-16 01:35:32.685 68401 INFO tempest.lib.common.rest_client [req-0f807b20-49c7-4195-b2eb-c41eedffc065 req-0f807b20-49c7-4195-b2eb-c41eedffc065 ] Request (FlavorsAccessNegativeTestJSON:_run_cleanups): 200 GET http://10.180.1.21/compute/v2.1/flavors/detail 2.744s
2025-01-16 01:35:32.715 68409 INFO tempest.lib.common.rest_client [req-6a6ab282-89b8-4057-90cf-4345dddae125 req-6a6ab282-89b8-4057-90cf-4345dddae125 ] Request (VolumesAdminNegativeTest:setUpClass): 201 POST http://10.180.1.21/identity/v3/auth/tokens 0.120s
2025-01-16 01:35:32.734 68389 INFO tempest.lib.common.rest_client [req-c6e9945c-f40d-43ee-b417-a8b62fe18c06 req-c6e9945c-f40d-43ee-b417-a8b62fe18c06 ] Request (ServicesAdminNegativeTestJSON:test_list_services_with_non_admin_user): 403 GET http://10.180.1.21/compute/v2.1/os-services 2.765s
2025-01-16 01:35:32.771 68427 INFO tempest.lib.common.rest_client [req-fab8cf83-9db6-4ded-b088-b7927acc598a req-fab8cf83-9db6-4ded-b088-b7927acc598a ] Request (FlavorsAdminTestJSON:_run_cleanups): 200 GET http://10.180.1.21/compute/v2.1/flavors/detail 2.682s
2025-01-16 01:35:32.804 68409 INFO tempest.lib.common.rest_client [req-b4ecbdd2-c069-41b6-8a34-3578c800530e req-b4ecbdd2-c069-41b6-8a34-3578c800530e ] Request (VolumesAdminNegativeTest:setUpClass): 201 POST http://10.180.1.21/identity/v3/projects 0.087s
2025-01-16 01:35:32.904 68389 INFO tempest.lib.common.rest_client [req-da1a66d2-7287-4356-a091-fec3bb3a724d req-da1a66d2-7287-4356-a091-fec3bb3a724d ] Request (ServicesAdminNegativeTestJSON:tearDownClass): 204 DELETE http://10.180.1.21/identity/v3/users/ad28c357242e4207bca75eae34d3f90f 0.168s
2025-01-16 01:35:32.916 68409 INFO tempest.lib.common.rest_client [req-11dfe86a-66bf-48cb-adab-11e1ca8d12ce req-11dfe86a-66bf-48cb-adab-11e1ca8d12ce ] Request (VolumesAdminNegativeTest:setUpClass): 201 POST http://10.180.1.21/identity/v3/users 0.110s
2025-01-16 01:35:33.009 68409 INFO tempest.lib.common.rest_client [req-55cfd4ce-ee0b-49be-bbdf-0172ca153f3e req-55cfd4ce-ee0b-49be-bbdf-0172ca153f3e ] Request (VolumesAdminNegativeTest:setUpClass): 200 GET http://10.180.1.21/identity/v3/roles 0.093s
2025-01-16 01:35:33.046 68387 INFO tempest.lib.common.rest_client [req-7224755e-a92a-4c02-8894-50aea096d022 req-7224755e-a92a-4c02-8894-50aea096d022 ] Request (FloatingIPDetailsNegativeTestJSON:setUpClass): 201 POST http://10.180.1.21:9696/networking/v2.0/routers 1.069s
2025-01-16 01:35:33.065 68403 INFO tempest.lib.common.rest_client [req-60746c71-4878-4df0-b1a0-bfffd890175e req-60746c71-4878-4df0-b1a0-bfffd890175e ] Request (SecurityGroupRulesNegativeTestJSON:_run_cleanups): 202 DELETE http://10.180.1.21/compute/v2.1/os-security-group-rules/6d7ff4c7-4533-441e-acb1-1c8f64a55d06 2.993s
2025-01-16 01:35:33.075 68389 INFO tempest.lib.common.rest_client [req-ea05a732-1f98-4cab-b8dd-4f6e42e67cc0 req-ea05a732-1f98-4cab-b8dd-4f6e42e67cc0 ] Request (ServicesAdminNegativeTestJSON:tearDownClass): 204 DELETE http://10.180.1.21/identity/v3/users/0115c62147a04e0ab019da934f7e5528 0.171s
2025-01-16 01:35:33.076 68389 INFO tempest.lib.common.dynamic_creds [-] Deleting project and security group for project: e3137404bd4842a492a3f50e4e69fda0
2025-01-16 01:35:33.089 68409 INFO tempest.lib.common.rest_client [req-2463251b-4659-474f-a102-fe2145e35f43 req-2463251b-4659-474f-a102-fe2145e35f43 ] Request (VolumesAdminNegativeTest:setUpClass): 204 PUT http://10.180.1.21/identity/v3/projects/629ba031e59442f6a22cc2f7cf702dbb/users/410816fc2b514d1da1a001e381319633/roles/c63f6af8266649dcb52a2f7bb069a25c 0.079s
2025-01-16 01:35:33.103 68407 INFO tempest.lib.common.rest_client [req-dc4f7029-dfd4-4d8e-b057-9cd643e2e572 req-dc4f7029-dfd4-4d8e-b057-9cd643e2e572 ] Request (DeleteServersAdminTestJSON:test_admin_delete_servers_of_others): 200 GET http://10.180.1.21/compute/v2.1/servers/557e6d8d-129d-4c97-92dc-dcef8439b1da 2.759s
2025-01-16 01:35:33.129 68439 INFO tempest.lib.common.rest_client [req-d759c2c8-add5-4b5b-ab20-ef174716284a req-d759c2c8-add5-4b5b-ab20-ef174716284a ] Request (VolumesAssistedSnapshotsTest:test_volume_assisted_snapshot_create_delete): 201 POST http://10.180.1.21:9696/networking/v2.0/security-groups 0.458s
2025-01-16 01:35:33.170 68389 INFO tempest.lib.common.rest_client [req-edabdf9a-d19b-4972-aba3-a9d4b5151960 req-edabdf9a-d19b-4972-aba3-a9d4b5151960 ] Request (ServicesAdminNegativeTestJSON:tearDownClass): 201 POST http://10.180.1.21/identity/v3/auth/tokens 0.094s
2025-01-16 01:35:33.199 68409 INFO tempest.lib.common.rest_client [req-bd10d33b-32ad-4b1c-a1ea-e67aac86040e req-bd10d33b-32ad-4b1c-a1ea-e67aac86040e ] Request (VolumesAdminNegativeTest:setUpClass): 200 GET http://10.180.1.21/identity/v3/roles 0.109s
2025-01-16 01:35:33.266 68409 INFO tempest.lib.common.rest_client [req-b47f6064-ff43-4872-8468-b597aa337705 req-b47f6064-ff43-4872-8468-b597aa337705 ] Request (VolumesAdminNegativeTest:setUpClass): 204 PUT http://10.180.1.21/identity/v3/projects/629ba031e59442f6a22cc2f7cf702dbb/users/410816fc2b514d1da1a001e381319633/roles/c63f6af8266649dcb52a2f7bb069a25c 0.066s
2025-01-16 01:35:33.266 68409 INFO tempest.lib.common.dynamic_creds [-] Dynamic test user 410816fc2b514d1da1a001e381319633 is created with scope project and roles: ['admin']
2025-01-16 01:35:33.266 68409 INFO tempest.lib.common.dynamic_creds [-] Acquired dynamic creds: credentials: Credentials: {'domain_id': 'default', 'domain_name': 'Default', 'username': 'tempest-VolumesAdminNegativeTest-456078287-project-admin', 'project_domain_id': 'default', 'project_domain_name': 'Default', 'project_id': '629ba031e59442f6a22cc2f7cf702dbb', 'project_name': 'tempest-VolumesAdminNegativeTest-456078287', 'tenant_id': '629ba031e59442f6a22cc2f7cf702dbb', 'tenant_name': 'tempest-VolumesAdminNegativeTest-456078287', 'user_domain_id': 'default', 'user_domain_name': 'Default', 'user_id': '410816fc2b514d1da1a001e381319633', 'system': None}, Network: None, Subnet: None, Router: None
2025-01-16 01:35:33.330 68439 INFO tempest.lib.common.rest_client [req-e5cae121-7b52-400b-87a6-3eee12de36cf req-e5cae121-7b52-400b-87a6-3eee12de36cf ] Request (VolumesAssistedSnapshotsTest:test_volume_assisted_snapshot_create_delete): 201 POST http://10.180.1.21:9696/networking/v2.0/security-group-rules 0.199s
2025-01-16 01:35:33.390 68425 INFO tempest.lib.common.rest_client [req-f999f9bc-f5ec-4621-b0e3-33c81518b955 req-f999f9bc-f5ec-4621-b0e3-33c81518b955 ] Request (QuotasAdminNegativeTest:test_create_server_when_instances_quota_is_full): 200 PUT http://10.180.1.21/compute/v2.1/os-quota-sets/9ce6414f2d374af6b23ef60cea9e3e1c 2.879s
2025-01-16 01:35:33.427 68421 INFO tempest.lib.common.rest_client [req-98c3186f-440c-407d-96de-71da45e13f6c req-98c3186f-440c-407d-96de-71da45e13f6c ] Request (FlavorsExtraSpecsNegativeTestJSON:test_flavor_non_admin_update_specific_key): 200 POST http://10.180.1.21/compute/v2.1/flavors/1871573928/os-extra_specs 2.912s
2025-01-16 01:35:33.453 68405 INFO tempest.lib.common.rest_client [req-6e8344e5-aabd-42e9-bb9d-5d0d6483d1d1 req-6e8344e5-aabd-42e9-bb9d-5d0d6483d1d1 ] Request (ServersWithSpecificFlavorTestJSON:test_verify_created_server_ephemeral_disk): 200 POST http://10.180.1.21/compute/v2.1/flavors 2.906s
2025-01-16 01:35:33.464 68425 INFO tempest.lib.common.rest_client [req-6a7e1786-2408-47f8-9b68-c2855d5b4ea2 req-6a7e1786-2408-47f8-9b68-c2855d5b4ea2 ] Request (QuotasAdminNegativeTest:test_create_server_when_instances_quota_is_full): 201 POST http://10.180.1.21/identity/v3/auth/tokens 0.069s
2025-01-16 01:35:33.465 68425 INFO tempest.lib.common.fixed_network [-] (QuotasAdminNegativeTest:test_create_server_when_instances_quota_is_full) Found network None available for tenant
2025-01-16 01:35:33.492 68411 INFO tempest.lib.common.rest_client [req-828951a9-089c-4caa-900c-5d345bd150ef req-828951a9-089c-4caa-900c-5d345bd150ef ] Request (ImagesMetadataTestJSON:test_get_image_metadata_item): 200 GET http://10.180.1.21/compute/v2.1/images/a79c1906-dbe1-4033-a071-72fd767d3b59/metadata/os_distro 2.735s
2025-01-16 01:35:33.515 68433 INFO tempest.lib.common.rest_client [req-9c6c254b-af2e-45ff-826f-e233d0ee7f5e req-9c6c254b-af2e-45ff-826f-e233d0ee7f5e ] Request (HypervisorAdminNegativeTestJSON:test_show_hypervisor_with_non_admin_user): 200 GET http://10.180.1.21/compute/v2.1/os-hypervisors 2.661s
2025-01-16 01:35:33.552 68389 INFO tempest.lib.common.rest_client [req-bab1d399-e0ef-4f0b-bfe3-946aedf0b5c6 req-bab1d399-e0ef-4f0b-bfe3-946aedf0b5c6 ] Request (ServicesAdminNegativeTestJSON:tearDownClass): 200 GET http://10.180.1.21:9696/networking/v2.0/security-groups?tenant_id=e3137404bd4842a492a3f50e4e69fda0&name=default 0.382s
2025-01-16 01:35:33.629 68439 INFO tempest.lib.common.rest_client [req-56eb15a9-cc12-4cb3-9060-3a4382374d3a req-56eb15a9-cc12-4cb3-9060-3a4382374d3a ] Request (VolumesAssistedSnapshotsTest:test_volume_assisted_snapshot_create_delete): 201 POST http://10.180.1.21:9696/networking/v2.0/security-group-rules 0.298s
2025-01-16 01:35:33.680 68393 INFO tempest.lib.common.rest_client [req-237efa51-5b30-405a-a518-5c9747c662f2 req-237efa51-5b30-405a-a518-5c9747c662f2 ] Request (ServersTestJSON:setUpClass): 200 POST http://10.180.1.21/compute/v2.1/os-keypairs 2.827s
2025-01-16 01:35:33.704 68423 INFO tempest.lib.common.rest_client [req-575c1bdb-0879-49a3-b393-e3b7f01a74d1 req-575c1bdb-0879-49a3-b393-e3b7f01a74d1 ] Request (HostsAdminTestJSON:test_list_hosts_with_zone): 200 GET http://10.180.1.21/compute/v2.1/os-hosts 2.787s
2025-01-16 01:35:33.827 68389 INFO tempest.lib.common.rest_client [req-429f3881-604e-409e-9b6a-ec4e4a541fbd req-429f3881-604e-409e-9b6a-ec4e4a541fbd ] Request (ServicesAdminNegativeTestJSON:tearDownClass): 204 DELETE http://10.180.1.21:9696/networking/v2.0/security-groups/61503937-3834-4ec1-9a4f-12592dbad40e 0.274s
2025-01-16 01:35:33.929 68435 INFO tempest.lib.common.rest_client [req-1ec6796b-2137-400e-a511-382dc057cbc9 req-1ec6796b-2137-400e-a511-382dc057cbc9 ] Request (FloatingIPsAssociationNegativeTestJSON:setUpClass): 200 GET http://10.180.1.21/compute/v2.1/servers/e1a29ed5-b2be-43d8-b094-d70b5671d223 2.996s
2025-01-16 01:35:33.936 68435 INFO tempest.common.waiters [-] State transition "BUILD/block_device_mapping" ==> "BUILD/spawning" after 10 second wait
2025-01-16 01:35:33.953 68389 INFO tempest.lib.common.rest_client [req-f8a170c1-42b2-4f24-b279-0e26bd6aa559 req-f8a170c1-42b2-4f24-b279-0e26bd6aa559 ] Request (ServicesAdminNegativeTestJSON:tearDownClass): 204 DELETE http://10.180.1.21/identity/v3/projects/e3137404bd4842a492a3f50e4e69fda0 0.126s
2025-01-16 01:35:33.954 68389 INFO tempest.lib.common.dynamic_creds [-] Deleting project and security group for project: f44f49c3bb3b48efbf9e9fa51cd8dc99
2025-01-16 01:35:33.969 68391 INFO tempest.lib.common.rest_client [req-ebb8fe66-08f3-4103-a772-6d5c860440fd req-ebb8fe66-08f3-4103-a772-6d5c860440fd ] Request (AggregatesAdminNegativeTestJSON:test_aggregate_add_host_as_user): 200 POST http://10.180.1.21/compute/v2.1/os-aggregates 3.025s
2025-01-16 01:35:34.024 68393 INFO tempest.lib.common.rest_client [req-254e1bb6-6943-428d-bc19-867a8f5f8ee4 req-254e1bb6-6943-428d-bc19-867a8f5f8ee4 ] Request (ServersTestJSON:setUpClass): 201 POST http://10.180.1.21:9696/networking/v2.0/security-groups 0.341s
2025-01-16 01:35:34.051 68409 INFO tempest.lib.common.rest_client [req-9535ff80-a8d8-49c9-9130-162e8480633b req-9535ff80-a8d8-49c9-9130-162e8480633b ] Request (VolumesAdminNegativeTest:setUpClass): 201 POST http://10.180.1.21:9696/networking/v2.0/networks 0.785s
2025-01-16 01:35:34.059 68383 INFO tempest.lib.common.rest_client [req-45961960-f5b4-4f6b-bfd7-580f46c07029 req-45961960-f5b4-4f6b-bfd7-580f46c07029 ] Request (SecurityGroupsTestJSON:test_list_security_groups_by_server): 200 GET http://10.180.1.21/compute/v2.1/servers/e7b958d1-011a-4278-95e0-200b4c82315d 2.837s
2025-01-16 01:35:34.069 68383 INFO tempest.common.waiters [-] State transition "BUILD/None" ==> "BUILD/block_device_mapping" after 11 second wait
2025-01-16 01:35:34.347 68389 INFO tempest.lib.common.rest_client [req-4550d741-a8f6-4f96-ab29-4a30e390dd17 req-4550d741-a8f6-4f96-ab29-4a30e390dd17 ] Request (ServicesAdminNegativeTestJSON:tearDownClass): 200 GET http://10.180.1.21:9696/networking/v2.0/security-groups?tenant_id=f44f49c3bb3b48efbf9e9fa51cd8dc99&name=default 0.392s
2025-01-16 01:35:34.378 68393 INFO tempest.lib.common.rest_client [req-d620a217-f541-4ca0-be08-3b181d4b8980 req-d620a217-f541-4ca0-be08-3b181d4b8980 ] Request (ServersTestJSON:setUpClass): 201 POST http://10.180.1.21:9696/networking/v2.0/security-group-rules 0.354s
2025-01-16 01:35:34.470 68397 INFO tempest.lib.common.rest_client [req-cfb472a8-3ece-43c4-a1eb-4f807bafc8f0 req-cfb472a8-3ece-43c4-a1eb-4f807bafc8f0 ] Request (SecurityGroupRulesTestJSON:test_security_group_rules_create_with_optional_cidr): 200 POST http://10.180.1.21/compute/v2.1/os-security-group-rules 3.234s
2025-01-16 01:35:34.495 68415 INFO tempest.lib.common.rest_client [req-77cdeac5-12df-4aa3-b198-f08734030c25 req-77cdeac5-12df-4aa3-b198-f08734030c25 ] Request (FlavorsAccessTestJSON:_run_cleanups): 200 GET http://10.180.1.21/compute/v2.1/flavors/detail 3.236s
2025-01-16 01:35:34.517 68381 INFO tempest.lib.common.rest_client [req-19062282-9f2e-4534-bb6c-e7b788929627 req-19062282-9f2e-4534-bb6c-e7b788929627 ] Request (ServicesAdminNegativeV253TestJSON:test_get_service_by_invalid_params): 200 GET http://10.180.1.21/compute/v2.1/os-services 3.236s
2025-01-16 01:35:34.616 68393 INFO tempest.lib.common.rest_client [req-8e946755-cfaf-4b5c-8936-8cd5ab7954ed req-8e946755-cfaf-4b5c-8936-8cd5ab7954ed ] Request (ServersTestJSON:setUpClass): 201 POST http://10.180.1.21:9696/networking/v2.0/security-group-rules 0.237s
2025-01-16 01:35:34.677 68377 INFO tempest.lib.common.rest_client [req-1e4f894c-394e-46f0-af10-b96a235d488b req-1e4f894c-394e-46f0-af10-b96a235d488b ] Request (FloatingIPDetailsTestJSON:setUpClass): 200 POST http://10.180.1.21/compute/v2.1/os-floating-ips 4.313s
2025-01-16 01:35:34.712 68399 INFO tempest.lib.common.rest_client [req-baf5e629-e26b-4591-8fd9-8e930ae14660 req-baf5e629-e26b-4591-8fd9-8e930ae14660 ] Request (ServerExternalEventsTest:test_create_server_external_events): 200 GET http://10.180.1.21/compute/v2.1/servers/9b38cbcc-2475-4ff1-b9fe-491bbab28173 2.858s
2025-01-16 01:35:34.719 68399 INFO tempest.common.waiters [-] State transition "BUILD/networking" ==> "BUILD/spawning" after 11 second wait
2025-01-16 01:35:34.733 68389 INFO tempest.lib.common.rest_client [req-17d9be78-ebfa-4b94-bd52-ad0b80a0336a req-17d9be78-ebfa-4b94-bd52-ad0b80a0336a ] Request (ServicesAdminNegativeTestJSON:tearDownClass): 204 DELETE http://10.180.1.21:9696/networking/v2.0/security-groups/6e360466-eaa3-4da9-851b-82b83c0c1d2d 0.386s
2025-01-16 01:35:34.748 68409 INFO tempest.lib.common.rest_client [req-b4725578-bbed-4326-99ac-8ec6c8a65bba req-b4725578-bbed-4326-99ac-8ec6c8a65bba ] Request (VolumesAdminNegativeTest:setUpClass): 201 POST http://10.180.1.21:9696/networking/v2.0/subnets 0.696s
2025-01-16 01:35:34.863 68379 INFO tempest.lib.common.rest_client [req-c1531ae7-fb2d-4884-b2e8-3153e82f7905 req-c1531ae7-fb2d-4884-b2e8-3153e82f7905 ] Request (MigrationsAdminTest:test_list_migrations): 200 GET http://10.180.1.21/compute/v2.1/os-migrations 2.924s
2025-01-16 01:35:34.912 68389 INFO tempest.lib.common.rest_client [req-fb43b445-5db8-4234-b59d-8f244ca6dd3a req-fb43b445-5db8-4234-b59d-8f244ca6dd3a ] Request (ServicesAdminNegativeTestJSON:tearDownClass): 204 DELETE http://10.180.1.21/identity/v3/projects/f44f49c3bb3b48efbf9e9fa51cd8dc99 0.179s
2025-01-16 01:35:34.943 68379 INFO tempest.lib.common.rest_client [req-28eee7df-c960-4b98-8893-7b8e5ed98919 req-28eee7df-c960-4b98-8893-7b8e5ed98919 ] Request (MigrationsAdminTest:test_list_migrations_in_flavor_resize_situation): 201 POST http://10.180.1.21/identity/v3/auth/tokens 0.072s
2025-01-16 01:35:34.944 68379 INFO tempest.lib.common.fixed_network [-] (MigrationsAdminTest:test_list_migrations_in_flavor_resize_situation) Found network None available for tenant
2025-01-16 01:35:34.978 68389 INFO tempest.lib.common.rest_client [req-1096f729-d023-4f49-832b-65f6ac923830 req-1096f729-d023-4f49-832b-65f6ac923830 ] Request (ImagesDeleteNegativeTestJSON:setUpClass): 201 POST http://10.180.1.21/identity/v3/auth/tokens 0.064s
2025-01-16 01:35:34.980 68439 INFO tempest.lib.common.rest_client [req-323885f0-21c1-4b9e-9644-603ab2c9757d req-323885f0-21c1-4b9e-9644-603ab2c9757d ] Request (VolumesAssistedSnapshotsTest:test_volume_assisted_snapshot_create_delete): 201 POST http://10.180.1.21:9696/networking/v2.0/floatingips 1.351s
2025-01-16 01:35:35.011 68389 INFO tempest.lib.common.rest_client [req-81c916d9-e7d3-44b5-8816-1d2407d6b279 req-81c916d9-e7d3-44b5-8816-1d2407d6b279 ] Request (ImagesDeleteNegativeTestJSON:setUpClass): 201 POST http://10.180.1.21/identity/v3/auth/tokens 0.031s
2025-01-16 01:35:35.037 68389 INFO tempest.lib.common.rest_client [req-c62c0bb1-6fba-417e-85c4-ca586b34e009 req-c62c0bb1-6fba-417e-85c4-ca586b34e009 ] Request (ImagesDeleteNegativeTestJSON:setUpClass): 200 GET http://10.180.1.21/identity/v3/domains?name=Default 0.026s
2025-01-16 01:35:35.037 68439 INFO tempest.lib.common.rest_client [req-a01512ca-89d7-466c-bbef-acdedbfb83b2 req-a01512ca-89d7-466c-bbef-acdedbfb83b2 ] Request (VolumesAssistedSnapshotsTest:test_volume_assisted_snapshot_create_delete): 201 POST http://10.180.1.21/identity/v3/auth/tokens 0.054s
2025-01-16 01:35:35.038 68439 INFO tempest.lib.common.fixed_network [-] (VolumesAssistedSnapshotsTest:test_volume_assisted_snapshot_create_delete) Found network {'id': '43ffd5e8-754f-4980-9fdf-439a90ae8656', 'name': 'tempest-VolumesAssistedSnapshotsTest-1020766558-network', 'tenant_id': '457186532f3e45cda9e502be80187b15', 'admin_state_up': True, 'mtu': 8950, 'status': 'ACTIVE', 'subnets': [], 'shared': False, 'project_id': '457186532f3e45cda9e502be80187b15', 'port_security_enabled': True, 'router:external': False, 'provider:network_type': 'vlan', 'provider:physical_network': 'default', 'provider:segmentation_id': 701, 'availability_zone_hints': [], 'availability_zones': [], 'ipv4_address_scope': None, 'ipv6_address_scope': None, 'description': '', 'tags': [], 'created_at': '2025-01-16T01:35:12Z', 'updated_at': '2025-01-16T01:35:12Z', 'revision_number': 1} available for tenant
2025-01-16 01:35:35.069 68389 INFO tempest.lib.common.rest_client [req-a1828d42-5060-4751-ac24-da1ada45daf0 req-a1828d42-5060-4751-ac24-da1ada45daf0 ] Request (ImagesDeleteNegativeTestJSON:setUpClass): 201 POST http://10.180.1.21/identity/v3/projects 0.031s
2025-01-16 01:35:35.095 68429 INFO tempest.lib.common.rest_client [req-d3cd97f2-2a26-4cd1-a3b6-9845dc334146 req-d3cd97f2-2a26-4cd1-a3b6-9845dc334146 ] Request (ServersAdminNegativeTestJSON:setUpClass): 202 POST http://10.180.1.21/compute/v2.1/servers 3.161s
2025-01-16 01:35:35.155 68389 INFO tempest.lib.common.rest_client [req-ddcf78bf-a1e5-4063-a074-0fdb26c3bee3 req-ddcf78bf-a1e5-4063-a074-0fdb26c3bee3 ] Request (ImagesDeleteNegativeTestJSON:setUpClass): 201 POST http://10.180.1.21/identity/v3/users 0.086s
2025-01-16 01:35:35.192 68389 INFO tempest.lib.common.rest_client [req-f070a4f0-2f23-46a3-9e52-7a04707d319e req-f070a4f0-2f23-46a3-9e52-7a04707d319e ] Request (ImagesDeleteNegativeTestJSON:setUpClass): 200 GET http://10.180.1.21/identity/v3/roles 0.032s
2025-01-16 01:35:35.205 68431 INFO tempest.lib.common.rest_client [req-3f78cffd-928d-4b30-b2c4-da27c5bf89bd req-3f78cffd-928d-4b30-b2c4-da27c5bf89bd ] Request (ServerAddressesTestJSON:setUpClass): 200 GET http://10.180.1.21/compute/v2.1/servers/403bc23e-0bb5-4d8a-8b43-c7a0a933d187 2.872s
2025-01-16 01:35:35.214 68419 INFO tempest.lib.common.rest_client [req-f7838855-2989-4fc1-bc7e-bf6e5b978e69 req-f7838855-2989-4fc1-bc7e-bf6e5b978e69 ] Request (SecurityGroupsTestAdminJSON:test_list_security_groups_list_all_tenants_filter): 200 GET http://10.180.1.21/compute/v2.1/os-security-groups?all_tenants=true 2.970s
2025-01-16 01:35:35.247 68389 INFO tempest.lib.common.rest_client [req-2151bc29-f4c7-4ce6-94de-acb1684cad02 req-2151bc29-f4c7-4ce6-94de-acb1684cad02 ] Request (ImagesDeleteNegativeTestJSON:setUpClass): 204 PUT http://10.180.1.21/identity/v3/projects/4b7d4fefd2d34995bacdbd8021c31f5e/users/5fb8b9af8c0147f3a8c29c665879eaf5/roles/687df479c950451cbc0f8d264be0baec 0.054s
2025-01-16 01:35:35.247 68389 INFO tempest.lib.common.dynamic_creds [-] Dynamic test user 5fb8b9af8c0147f3a8c29c665879eaf5 is created with scope project and roles: ['member']
2025-01-16 01:35:35.247 68389 INFO tempest.lib.common.dynamic_creds [-] Acquired dynamic creds: credentials: Credentials: {'domain_id': 'default', 'domain_name': 'Default', 'username': 'tempest-ImagesDeleteNegativeTestJSON-2056962690-project-member', 'project_domain_id': 'default', 'project_domain_name': 'Default', 'project_id': '4b7d4fefd2d34995bacdbd8021c31f5e', 'project_name': 'tempest-ImagesDeleteNegativeTestJSON-2056962690', 'tenant_id': '4b7d4fefd2d34995bacdbd8021c31f5e', 'tenant_name': 'tempest-ImagesDeleteNegativeTestJSON-2056962690', 'user_domain_id': 'default', 'user_domain_name': 'Default', 'user_id': '5fb8b9af8c0147f3a8c29c665879eaf5', 'system': None}, Network: None, Subnet: None, Router: None
2025-01-16 01:35:35.247 68389 INFO tempest.lib.common.dynamic_creds [-] Created isolated network resources for: credentials: Credentials: {'domain_id': 'default', 'domain_name': 'Default', 'username': 'tempest-ImagesDeleteNegativeTestJSON-2056962690-project-member', 'project_domain_id': 'default', 'project_domain_name': 'Default', 'project_id': '4b7d4fefd2d34995bacdbd8021c31f5e', 'project_name': 'tempest-ImagesDeleteNegativeTestJSON-2056962690', 'tenant_id': '4b7d4fefd2d34995bacdbd8021c31f5e', 'tenant_name': 'tempest-ImagesDeleteNegativeTestJSON-2056962690', 'user_domain_id': 'default', 'user_domain_name': 'Default', 'user_id': '5fb8b9af8c0147f3a8c29c665879eaf5', 'system': None}, Network: None, Subnet: None, Router: None
2025-01-16 01:35:35.342 68389 INFO tempest.lib.common.rest_client [req-cf4212a2-61bd-47fa-ad00-44cb073f2409 req-cf4212a2-61bd-47fa-ad00-44cb073f2409 ] Request (ImagesDeleteNegativeTestJSON:setUpClass): 201 POST http://10.180.1.21/identity/v3/auth/tokens 0.091s
2025-01-16 01:35:35.383 68385 INFO tempest.lib.common.rest_client [req-8a0e9d8d-3f32-4816-a172-fe4a73d4a980 req-8a0e9d8d-3f32-4816-a172-fe4a73d4a980 ] Request (QuotasAdminTestV236:test_get_updated_quotas): 200 GET http://10.180.1.21/compute/v2.1/os-quota-sets/cb959a49f57f402498efd77801f3e1cc/detail 2.936s
2025-01-16 01:35:35.424 68385 INFO tempest.lib.common.rest_client [req-0bc99eb8-2ca2-48c2-bdfd-7c43444389de req-0bc99eb8-2ca2-48c2-bdfd-7c43444389de ] Request (QuotasAdminTestV236:test_get_updated_quotas): 200 GET http://10.180.1.21/identity/v3/domains?name=Default 0.036s
2025-01-16 01:35:35.426 68413 INFO tempest.lib.common.rest_client [req-7693ff49-e9a4-452d-a393-a3aaecf47b4f req-7693ff49-e9a4-452d-a393-a3aaecf47b4f ] Request (ImagesTestJSON:test_create_image_from_stopped_server): 200 GET http://10.180.1.21/compute/v2.1/servers/b15866f3-5b1f-42fd-96d4-e76ed97e1c56 2.904s
2025-01-16 01:35:35.453 68401 INFO tempest.lib.common.rest_client [req-23cf97d1-f7ee-4a66-8bab-9fcbca068fd1 req-23cf97d1-f7ee-4a66-8bab-9fcbca068fd1 ] Request (FlavorsAccessNegativeTestJSON:test_flavor_access_list_with_public_flavor): 200 POST http://10.180.1.21/compute/v2.1/flavors 2.744s
2025-01-16 01:35:35.463 68385 INFO tempest.lib.common.rest_client [req-2c5515ff-68a5-4785-815b-45fbb5533fc6 req-2c5515ff-68a5-4785-815b-45fbb5533fc6 ] Request (QuotasAdminTestV236:test_get_updated_quotas): 201 POST http://10.180.1.21/identity/v3/users 0.038s
2025-01-16 01:35:35.472 68427 INFO tempest.lib.common.rest_client [req-8157db44-b8f3-4da7-9808-9c9e90d05881 req-8157db44-b8f3-4da7-9808-9c9e90d05881 ] Request (FlavorsAdminTestJSON:test_create_flavor_with_int_id): 200 POST http://10.180.1.21/compute/v2.1/flavors 2.694s
2025-01-16 01:35:35.473 68437 INFO tempest.lib.common.rest_client [req-b65e957f-fd91-45c4-9cf1-c43b82beb313 req-b65e957f-fd91-45c4-9cf1-c43b82beb313 ] Request (ServerDiagnosticsV248Test:test_get_server_diagnostics): 200 GET http://10.180.1.21/compute/v2.1/servers/26291caa-bdbf-45cb-a903-5be91ba48052 2.931s
2025-01-16 01:35:35.480 68421 INFO tempest.lib.common.rest_client [req-463dc4a6-a955-4c22-b499-9a65fbaf1f66 req-463dc4a6-a955-4c22-b499-9a65fbaf1f66 ] Request (FlavorsExtraSpecsNegativeTestJSON:test_flavor_non_admin_update_specific_key): 403 PUT http://10.180.1.21/compute/v2.1/flavors/1871573928/os-extra_specs/hw:numa_nodes 2.052s
2025-01-16 01:35:35.497 68405 INFO tempest.lib.common.rest_client [req-f1b38261-5a61-4c43-8fca-687bc1e6f824 req-f1b38261-5a61-4c43-8fca-687bc1e6f824 ] Request (ServersWithSpecificFlavorTestJSON:test_verify_created_server_ephemeral_disk): 200 GET http://10.180.1.21/compute/v2.1/flavors/42/os-extra_specs 2.039s
2025-01-16 01:35:35.502 68385 INFO tempest.lib.common.rest_client [req-0ee60710-ba79-4387-adac-906b457f6d58 req-0ee60710-ba79-4387-adac-906b457f6d58 ] Request (QuotasAdminTestV236:test_get_updated_quotas): 200 GET http://10.180.1.21/identity/v3/domains?name=Default 0.039s
2025-01-16 01:35:35.553 68393 INFO tempest.lib.common.rest_client [req-eacb518d-5355-4d62-a553-daaa3c1e78be req-eacb518d-5355-4d62-a553-daaa3c1e78be ] Request (ServersTestJSON:setUpClass): 201 POST http://10.180.1.21:9696/networking/v2.0/floatingips 0.936s
2025-01-16 01:35:35.582 68387 INFO tempest.lib.common.rest_client [req-e3b03762-307d-4317-bab4-d145c3b31ec3 req-e3b03762-307d-4317-bab4-d145c3b31ec3 ] Request (FloatingIPDetailsNegativeTestJSON:setUpClass): 200 PUT http://10.180.1.21:9696/networking/v2.0/routers/fbb1863d-18ac-4352-a85f-c3b4798e3bd3/add_router_interface 2.535s
2025-01-16 01:35:35.583 68387 INFO tempest.lib.common.dynamic_creds [-] Created isolated network resources for: credentials: Credentials: {'domain_id': 'default', 'domain_name': 'Default', 'username': 'tempest-FloatingIPDetailsNegativeTestJSON-60677376-project-member', 'project_domain_id': 'default', 'project_domain_name': 'Default', 'project_id': '1b6a6ca5dcd34a65908eed80e01aa6cc', 'project_name': 'tempest-FloatingIPDetailsNegativeTestJSON-60677376', 'tenant_id': '1b6a6ca5dcd34a65908eed80e01aa6cc', 'tenant_name': 'tempest-FloatingIPDetailsNegativeTestJSON-60677376', 'user_domain_id': 'default', 'user_domain_name': 'Default', 'user_id': '54301ff1a8a44a8db05adbaf5c98ea42', 'system': None}, Network: {'id': '05963c2b-24f5-4f6d-ad56-f11bcf98e3cd', 'name': 'tempest-FloatingIPDetailsNegativeTestJSON-513347163-network', 'tenant_id': '1b6a6ca5dcd34a65908eed80e01aa6cc', 'admin_state_up': True, 'mtu': 8950, 'status': 'ACTIVE', 'subnets': [], 'shared': False, 'project_id': '1b6a6ca5dcd34a65908eed80e01aa6cc', 'port_security_enabled': True, 'router:external': False, 'provider:network_type': 'vlan', 'provider:physical_network': 'default', 'provider:segmentation_id': 141, 'availability_zone_hints': [], 'availability_zones': [], 'ipv4_address_scope': None, 'ipv6_address_scope': None, 'description': '', 'tags': [], 'created_at': '2025-01-16T01:35:31Z', 'updated_at': '2025-01-16T01:35:31Z', 'revision_number': 1}, Subnet: {'id': '8f3a1a1b-3a98-41a0-bb05-9bc6978aee3a', 'name': 'tempest-FloatingIPDetailsNegativeTestJSON-513347163-subnet', 'tenant_id': '1b6a6ca5dcd34a65908eed80e01aa6cc', 'network_id': '05963c2b-24f5-4f6d-ad56-f11bcf98e3cd', 'ip_version': 4, 'subnetpool_id': None, 'enable_dhcp': True, 'ipv6_ra_mode': None, 'ipv6_address_mode': None, 'gateway_ip': '192.168.128.1', 'cidr': '192.168.128.0/28', 'allocation_pools': [{'start': '192.168.128.2', 'end': '192.168.128.14'}], 'host_routes': [], 'dns_nameservers': [], 'description': '', 'router:external': False, 'service_types': [], 'tags': [], 'created_at': '2025-01-16T01:35:31Z', 'updated_at': '2025-01-16T01:35:31Z', 'revision_number': 0, 'project_id': '1b6a6ca5dcd34a65908eed80e01aa6cc'}, Router: {'id': 'fbb1863d-18ac-4352-a85f-c3b4798e3bd3', 'name': 'tempest-FloatingIPDetailsNegativeTestJSON-513347163-router', 'tenant_id': '1b6a6ca5dcd34a65908eed80e01aa6cc', 'admin_state_up': True, 'status': 'ACTIVE', 'external_gateway_info': {'network_id': 'e9fc93c0-b329-4d70-8c25-49ed110e6d54', 'external_fixed_ips': [{'subnet_id': '80db9c7b-2c79-4a45-bc08-7e62dde05b94', 'ip_address': '10.180.180.166'}], 'enable_snat': True}, 'description': '', 'availability_zones': [], 'distributed': False, 'ha': False, 'availability_zone_hints': [], 'routes': [], 'flavor_id': None, 'tags': [], 'created_at': '2025-01-16T01:35:32Z', 'updated_at': '2025-01-16T01:35:32Z', 'revision_number': 2, 'project_id': '1b6a6ca5dcd34a65908eed80e01aa6cc'}
2025-01-16 01:35:35.631 68393 INFO tempest.lib.common.rest_client [req-53b6e9e5-dbf9-470a-87ce-34000a2536d6 req-53b6e9e5-dbf9-470a-87ce-34000a2536d6 ] Request (ServersTestJSON:setUpClass): 201 POST http://10.180.1.21/identity/v3/auth/tokens 0.073s
2025-01-16 01:35:35.631 68393 INFO tempest.lib.common.fixed_network [-] (ServersTestJSON:setUpClass) Found network {'id': '415082b4-e47b-4b20-abe3-d315487f6b57', 'name': 'tempest-ServersTestJSON-1073848872-network', 'tenant_id': '34ac5e41a644408eafc3960dc78b6627', 'admin_state_up': True, 'mtu': 8950, 'status': 'ACTIVE', 'subnets': [], 'shared': False, 'project_id': '34ac5e41a644408eafc3960dc78b6627', 'port_security_enabled': True, 'router:external': False, 'provider:network_type': 'vlan', 'provider:physical_network': 'default', 'provider:segmentation_id': 435, 'availability_zone_hints': [], 'availability_zones': [], 'ipv4_address_scope': None, 'ipv6_address_scope': None, 'description': '', 'tags': [], 'created_at': '2025-01-16T01:35:23Z', 'updated_at': '2025-01-16T01:35:23Z', 'revision_number': 1} available for tenant
2025-01-16 01:35:35.666 68387 INFO tempest.lib.common.rest_client [req-571a725b-6df5-44cd-9fdc-e79bb1089da2 req-571a725b-6df5-44cd-9fdc-e79bb1089da2 ] Request (FloatingIPDetailsNegativeTestJSON:setUpClass): 201 POST http://10.180.1.21/identity/v3/auth/tokens 0.079s
2025-01-16 01:35:35.872 68425 INFO tempest.lib.common.rest_client [req-613434db-fe21-46f1-a310-ebc85ee13655 req-613434db-fe21-46f1-a310-ebc85ee13655 ] Request (QuotasAdminNegativeTest:test_create_server_when_instances_quota_is_full): 403 POST http://10.180.1.21/compute/v2.1/servers 2.406s
2025-01-16 01:35:35.872 68403 INFO tempest.lib.common.rest_client [req-f9f63527-86c2-4fd4-9125-a69751b9bb11 req-f9f63527-86c2-4fd4-9125-a69751b9bb11 ] Request (SecurityGroupRulesNegativeTestJSON:test_create_security_group_rule_with_invalid_from_port): 200 POST http://10.180.1.21/compute/v2.1/os-security-groups 2.806s
2025-01-16 01:35:35.882 68433 INFO tempest.lib.common.rest_client [req-8086b391-54b0-4a25-8935-fd46bfd4eeff req-8086b391-54b0-4a25-8935-fd46bfd4eeff ] Request (HypervisorAdminNegativeTestJSON:test_show_hypervisor_with_non_admin_user): 403 GET http://10.180.1.21/compute/v2.1/os-hypervisors/1 2.366s
2025-01-16 01:35:35.916 68423 INFO tempest.lib.common.rest_client [req-b591a9a6-773d-45fe-87bb-1df060b5c3d0 req-b591a9a6-773d-45fe-87bb-1df060b5c3d0 ] Request (HostsAdminTestJSON:test_list_hosts_with_zone): 200 GET http://10.180.1.21/compute/v2.1/os-hosts?zone=internal 2.210s
2025-01-16 01:35:35.999 68391 INFO tempest.lib.common.rest_client [req-6fada9e2-37b9-4fbe-ad20-698f64453fc3 req-6fada9e2-37b9-4fbe-ad20-698f64453fc3 ] Request (AggregatesAdminNegativeTestJSON:test_aggregate_add_host_as_user): 403 POST http://10.180.1.21/compute/v2.1/os-aggregates/2/action 2.029s
2025-01-16 01:35:36.032 68411 INFO tempest.lib.common.rest_client [req-ccd080c1-7adc-48ac-b247-30d7e2beb247 req-ccd080c1-7adc-48ac-b247-30d7e2beb247 ] Request (ImagesMetadataTestJSON:setUp): 200 PUT http://10.180.1.21/compute/v2.1/images/a79c1906-dbe1-4033-a071-72fd767d3b59/metadata 2.538s
2025-01-16 01:35:36.176 68407 INFO tempest.lib.common.rest_client [req-06ead928-4972-4fbf-9c7e-914a75090db2 req-06ead928-4972-4fbf-9c7e-914a75090db2 ] Request (DeleteServersAdminTestJSON:test_admin_delete_servers_of_others): 200 GET http://10.180.1.21/compute/v2.1/servers/557e6d8d-129d-4c97-92dc-dcef8439b1da 2.058s
2025-01-16 01:35:36.199 68381 INFO tempest.lib.common.rest_client [req-f7b224d3-dfe1-4c80-b0ad-4cfd84f9fc4d req-f7b224d3-dfe1-4c80-b0ad-4cfd84f9fc4d ] Request (ServicesAdminNegativeV253TestJSON:test_get_service_by_invalid_params): 200 GET http://10.180.1.21/compute/v2.1/os-services?xxx=nova-compute 1.676s
2025-01-16 01:35:36.219 68415 INFO tempest.lib.common.rest_client [req-0e810b94-efab-48e2-9156-8e2d31a943b0 req-0e810b94-efab-48e2-9156-8e2d31a943b0 ] Request (FlavorsAccessTestJSON:test_flavor_access_list_with_private_flavor): 200 POST http://10.180.1.21/compute/v2.1/flavors 1.663s
2025-01-16 01:35:36.234 68409 INFO tempest.lib.common.rest_client [req-405c5e1c-89bf-4039-bd69-19cc70fa7be5 req-405c5e1c-89bf-4039-bd69-19cc70fa7be5 ] Request (VolumesAdminNegativeTest:setUpClass): 201 POST http://10.180.1.21:9696/networking/v2.0/routers 1.485s
2025-01-16 01:35:36.244 68397 INFO tempest.lib.common.rest_client [req-3be0e163-0e26-4f3b-a8e4-7a99cbbe9a82 req-3be0e163-0e26-4f3b-a8e4-7a99cbbe9a82 ] Request (SecurityGroupRulesTestJSON:test_security_group_rules_create_with_optional_group_id): 200 POST http://10.180.1.21/compute/v2.1/os-security-groups 1.766s
2025-01-16 01:35:36.518 68435 INFO tempest.lib.common.rest_client [req-cd20da22-ad58-4420-bf58-299acf54669d req-cd20da22-ad58-4420-bf58-299acf54669d ] Request (FloatingIPsAssociationNegativeTestJSON:setUpClass): 200 GET http://10.180.1.21/compute/v2.1/servers/e1a29ed5-b2be-43d8-b094-d70b5671d223 1.581s
2025-01-16 01:35:37.055 68379 INFO tempest.lib.common.rest_client [req-8a15a4d3-d055-4c96-953f-a7b472796951 req-8a15a4d3-d055-4c96-953f-a7b472796951 ] Request (MigrationsAdminTest:test_list_migrations_in_flavor_resize_situation): 202 POST http://10.180.1.21/compute/v2.1/servers 2.111s
2025-01-16 01:35:37.658 68377 INFO tempest.lib.common.rest_client [req-20e66c8d-68ac-49ed-9176-3276b01a854a req-20e66c8d-68ac-49ed-9176-3276b01a854a ] Request (FloatingIPDetailsTestJSON:setUpClass): 200 POST http://10.180.1.21/compute/v2.1/os-floating-ips 2.978s
2025-01-16 01:35:37.913 68439 INFO tempest.lib.common.rest_client [req-b5e6d3d6-4bb8-4719-8803-8465af4b8884 req-b5e6d3d6-4bb8-4719-8803-8465af4b8884 ] Request (VolumesAssistedSnapshotsTest:test_volume_assisted_snapshot_create_delete): 202 POST http://10.180.1.21/compute/v2.1/servers 2.875s
2025-01-16 01:35:37.976 68383 INFO tempest.lib.common.rest_client [req-c0bf75ee-d597-40d4-838d-1df8084dc64e req-c0bf75ee-d597-40d4-838d-1df8084dc64e ] Request (SecurityGroupsTestJSON:test_list_security_groups_by_server): 200 GET http://10.180.1.21/compute/v2.1/servers/e7b958d1-011a-4278-95e0-200b4c82315d 2.905s
2025-01-16 01:35:37.984 68383 INFO tempest.common.waiters [-] State transition "BUILD/block_device_mapping" ==> "BUILD/spawning" after 14 second wait
2025-01-16 01:35:38.019 68429 INFO tempest.lib.common.rest_client [req-9952e036-76f8-4a8e-8c1f-f8febb89ddf0 req-9952e036-76f8-4a8e-8c1f-f8febb89ddf0 ] Request (ServersAdminNegativeTestJSON:setUpClass): 200 GET http://10.180.1.21/compute/v2.1/servers/2e9302e8-7348-4fdf-8cfb-a6e7308c7726 2.922s
2025-01-16 01:35:38.079 68389 INFO tempest.lib.common.rest_client [req-2f384a76-ee22-43eb-b23d-11e2f20ff144 req-2f384a76-ee22-43eb-b23d-11e2f20ff144 ] Request (ImagesDeleteNegativeTestJSON:test_delete_image_blank_id): 404 DELETE http://10.180.1.21/compute/v2.1/images/ 2.735s
2025-01-16 01:35:38.102 68401 INFO tempest.lib.common.rest_client [req-e93bfa82-852b-428f-996a-9f1061f6abb4 req-e93bfa82-852b-428f-996a-9f1061f6abb4 ] Request (FlavorsAccessNegativeTestJSON:test_flavor_access_list_with_public_flavor): 404 GET http://10.180.1.21/compute/v2.1/flavors/1375657575/os-flavor-access 2.647s
2025-01-16 01:35:38.114 68421 INFO tempest.lib.common.rest_client [req-63134b76-a53d-43e3-9ee4-a2a00fe3b9a7 req-63134b76-a53d-43e3-9ee4-a2a00fe3b9a7 ] Request (FlavorsExtraSpecsNegativeTestJSON:test_flavor_unset_nonexistent_key): 404 DELETE http://10.180.1.21/compute/v2.1/flavors/1871573928/os-extra_specs/hw:cpu_thread_policy 2.633s
