2025-01-16 01:36:40.286 68401 INFO tempest.lib.common.rest_client [req-c77f8f30-864b-438a-93e3-7af2c8b76ff5 req-c77f8f30-864b-438a-93e3-7af2c8b76ff5 ] Request (InstanceUsageAuditLogTestJSON:test_get_instance_usage_audit_log): 200 GET http://10.180.1.21/compute/v2.1/os-instance_usage_audit_log/2025-01-16%2001%3A36%3A39 0.934s
2025-01-16 01:36:40.291 68427 INFO tempest.lib.common.rest_client [req-66835b5a-ec9c-477f-915c-a7619d01b6a5 req-66835b5a-ec9c-477f-915c-a7619d01b6a5 ] Request (FlavorsAdminTestJSON:tearDownClass): 204 DELETE http://10.180.1.21/identity/v3/users/e5bddb880cd848519dd6d57210ffcdd7 0.104s
2025-01-16 01:36:40.291 68427 INFO tempest.lib.common.dynamic_creds [-] Deleting project and security group for project: 99b8b3a9f4c94d7e9f1bde37681dcbe5
2025-01-16 01:36:40.303 68387 INFO tempest.lib.common.rest_client [req-32c64499-2806-4df2-8279-8085b6c8d005 req-32c64499-2806-4df2-8279-8085b6c8d005 ] Request (ListImageFiltersTestJSON:setUpClass): 200 GET http://10.180.1.21/compute/v2.1/servers/570c7c49-9bc8-4bea-86af-51679a0c5dc2 0.964s
2025-01-16 01:36:40.350 68427 INFO tempest.lib.common.rest_client [req-1ee54920-5363-43a7-b2a5-9bd0834e4af1 req-1ee54920-5363-43a7-b2a5-9bd0834e4af1 ] Request (FlavorsAdminTestJSON:tearDownClass): 201 POST http://10.180.1.21/identity/v3/auth/tokens 0.059s
2025-01-16 01:36:40.352 68377 INFO tempest.lib.common.rest_client [req-ac73cb4f-0e7e-450b-89f8-11ab412e5f2f req-ac73cb4f-0e7e-450b-89f8-11ab412e5f2f ] Request (ImagesNegativeTestJSON:test_create_image_from_deleted_server): 200 GET http://10.180.1.21/compute/v2.1/servers/ac7a1c8b-3988-4ca3-ae03-2d5877ae916c 0.989s
2025-01-16 01:36:40.372 68389 INFO tempest.lib.common.rest_client [req-90ef262a-d6af-412d-a9f3-40eb4f19cbc3 req-90ef262a-d6af-412d-a9f3-40eb4f19cbc3 ] Request (ServersV294TestFqdnHostnames:setUpClass): 200 GET http://10.180.1.21/compute/v2.1/servers/33ebd22b-5865-47ea-ad86-8e2c4acc01f3 0.953s
2025-01-16 01:36:40.411 68395 INFO tempest.lib.common.rest_client [req-21718ce6-6956-4570-80ee-9e2cb7d08985 req-21718ce6-6956-4570-80ee-9e2cb7d08985 ] Request (ServersAaction247Test:test_create_backup): 200 GET http://10.180.1.21/compute/v2.1/servers/1c8e5a82-5373-4c48-9214-31773d5ab4bb 0.969s
2025-01-16 01:36:40.430 68383 INFO tempest.lib.common.rest_client [req-e44c7b2c-d374-416c-9286-6512044a326f req-e44c7b2c-d374-416c-9286-6512044a326f ] Request (SecurityGroupsTestJSON:test_server_security_groups): 200 GET http://10.180.1.21/compute/v2.1/servers/2cf3cc94-a9a5-4275-9a77-ba9e1ddb3fa1 0.934s
2025-01-16 01:36:40.476 68411 INFO tempest.lib.common.rest_client [req-c63ef95f-03d9-41e8-8bb9-d483c73a8116 req-c63ef95f-03d9-41e8-8bb9-d483c73a8116 ] Request (ServerActionsTestOtherA:setUpClass): 200 GET http://10.180.1.21/compute/v2.1/servers/defb57fb-0f0a-4679-8c22-0945fc0a1664 0.908s
2025-01-16 01:36:40.495 68385 INFO tempest.lib.common.rest_client [req-f9c75196-e53a-43f5-813b-22bfe8e23545 req-f9c75196-e53a-43f5-813b-22bfe8e23545 ] Request (ServersNegativeTestJSON:setUpClass): 200 GET http://10.180.1.21/compute/v2.1/servers/3717ebd5-ce7f-48ea-a834-c87e75fadadd 0.921s
2025-01-16 01:36:40.508 68385 INFO tempest.common.waiters [-] State transition "BUILD/scheduling" ==> "BUILD/None" after 12 second wait
2025-01-16 01:36:40.530 68393 WARNING tempest.lib.common.ssh [-] Failed to establish authenticated ssh connection to cirros@10.180.180.211 ([Errno None] Unable to connect to port 22 on 10.180.180.211). Number attempts: 5. Retry after 6 seconds.: paramiko.ssh_exception.NoValidConnectionsError: [Errno None] Unable to connect to port 22 on 10.180.180.211
2025-01-16 01:36:40.545 68413 INFO tempest.lib.common.rest_client [req-0274e858-5d4e-428c-a331-1ae970509ba0 req-0274e858-5d4e-428c-a331-1ae970509ba0 ] Request (ImagesTestJSON:test_create_image_from_suspended_server): 200 GET http://10.180.1.21/compute/v2.1/servers/882bab59-0b93-4d23-8321-e8c09965dab2 0.917s
2025-01-16 01:36:40.555 68417 INFO tempest.lib.common.rest_client [req-c2ac3bd4-8f96-4a1c-8e6a-000b3dac9fce req-c2ac3bd4-8f96-4a1c-8e6a-000b3dac9fce ] Request (AttachInterfacesTestJSON:test_create_list_show_delete_interfaces_by_fixed_ip): 200 GET http://10.180.1.21/compute/v2.1/servers/e6597109-844a-47f7-85b9-1c3be44606a8 0.866s
2025-01-16 01:36:40.578 68427 INFO tempest.lib.common.rest_client [req-be54dc5c-90dc-400c-a872-1292fc9c6f42 req-be54dc5c-90dc-400c-a872-1292fc9c6f42 ] Request (FlavorsAdminTestJSON:tearDownClass): 200 GET http://10.180.1.21:9696/networking/v2.0/security-groups?tenant_id=99b8b3a9f4c94d7e9f1bde37681dcbe5&name=default 0.228s
2025-01-16 01:36:40.637 68437 INFO tempest.lib.common.rest_client [req-10792b71-576c-4115-a69f-23db26f9d4db req-10792b71-576c-4115-a69f-23db26f9d4db ] Request (ServerDiagnosticsV248Test:tearDownClass): 200 GET http://10.180.1.21/compute/v2.1/servers/26291caa-bdbf-45cb-a903-5be91ba48052 0.790s
2025-01-16 01:36:40.665 68429 INFO tempest.lib.common.rest_client [req-f08c2492-43d7-4a6e-a634-0211ded6fc2a req-f08c2492-43d7-4a6e-a634-0211ded6fc2a ] Request (ServersAdminNegativeTestJSON:test_resize_server_using_overlimit_vcpus): 200 POST http://10.180.1.21/compute/v2.1/flavors 0.737s
2025-01-16 01:36:40.671 68427 INFO tempest.lib.common.rest_client [req-79aeceaf-91fc-41db-93a5-ca2e54ac4655 req-79aeceaf-91fc-41db-93a5-ca2e54ac4655 ] Request (FlavorsAdminTestJSON:tearDownClass): 204 DELETE http://10.180.1.21:9696/networking/v2.0/security-groups/29c5e80f-2e7b-4db6-9616-95d8ce2f07bf 0.092s
2025-01-16 01:36:40.734 68431 INFO tempest.lib.common.rest_client [req-83751ac5-c166-4cde-b812-85c0ac37f5e1 req-83751ac5-c166-4cde-b812-85c0ac37f5e1 ] Request (VolumesSnapshotsTestJSON:test_volume_snapshot_create_get_list_delete): 200 GET http://10.180.1.21/compute/v2.1/os-volumes/cd2dbe60-4be6-427b-8459-4d2959876be4 0.590s
2025-01-16 01:36:40.737 68431 INFO tempest.common.waiters [-] volume cd2dbe60-4be6-427b-8459-4d2959876be4 reached available after waiting for 0.737871 seconds
2025-01-16 01:36:40.765 68407 INFO tempest.lib.common.rest_client [req-f3e8812d-d208-46ad-a45b-821ce99038bf req-f3e8812d-d208-46ad-a45b-821ce99038bf ] Request (DeleteServersAdminTestJSON:test_delete_server_while_in_error_state): 200 GET http://10.180.1.21/compute/v2.1/servers/b710c68a-0dd5-4565-962e-00ce8a433324 1.055s
2025-01-16 01:36:40.770 68427 INFO tempest.lib.common.rest_client [req-7cf5d508-d728-4678-98e5-46e243873e17 req-7cf5d508-d728-4678-98e5-46e243873e17 ] Request (FlavorsAdminTestJSON:tearDownClass): 204 DELETE http://10.180.1.21/identity/v3/projects/99b8b3a9f4c94d7e9f1bde37681dcbe5 0.099s
2025-01-16 01:36:40.770 68427 INFO tempest.lib.common.dynamic_creds [-] Deleting project and security group for project: 257b42a8a084483a9c18dcdaedc3c8d3
2025-01-16 01:36:40.773 68391 INFO tempest.lib.common.rest_client [req-6d8d8329-fbd0-4ffb-be42-e75b5bb16482 req-6d8d8329-fbd0-4ffb-be42-e75b5bb16482 ] Request (FloatingIPsNegativeTestJSON:setUpClass): 200 PUT http://10.180.1.21:9696/networking/v2.0/routers/1efc9a78-21e1-4561-975b-e9f61baa249c/add_router_interface 1.594s
2025-01-16 01:36:40.773 68391 INFO tempest.lib.common.dynamic_creds [-] Created isolated network resources for: credentials: Credentials: {'domain_id': 'default', 'domain_name': 'Default', 'username': 'tempest-FloatingIPsNegativeTestJSON-1463657882-project-member', 'project_domain_id': 'default', 'project_domain_name': 'Default', 'project_id': 'e009fb7da62c484e9d677ca3b917efec', 'project_name': 'tempest-FloatingIPsNegativeTestJSON-1463657882', 'tenant_id': 'e009fb7da62c484e9d677ca3b917efec', 'tenant_name': 'tempest-FloatingIPsNegativeTestJSON-1463657882', 'user_domain_id': 'default', 'user_domain_name': 'Default', 'user_id': 'f5c9618386774232aeff116f127bdce8', 'system': None}, Network: {'id': 'a5ab6b32-7545-48fe-bfe5-b9d4445725a0', 'name': 'tempest-FloatingIPsNegativeTestJSON-1523829737-network', 'tenant_id': 'e009fb7da62c484e9d677ca3b917efec', 'admin_state_up': True, 'mtu': 8950, 'status': 'ACTIVE', 'subnets': [], 'shared': False, 'project_id': 'e009fb7da62c484e9d677ca3b917efec', 'port_security_enabled': True, 'router:external': False, 'provider:network_type': 'vlan', 'provider:physical_network': 'default', 'provider:segmentation_id': 826, 'availability_zone_hints': [], 'availability_zones': [], 'ipv4_address_scope': None, 'ipv6_address_scope': None, 'description': '', 'tags': [], 'created_at': '2025-01-16T01:36:37Z', 'updated_at': '2025-01-16T01:36:37Z', 'revision_number': 1}, Subnet: {'id': '118a91cb-8774-413d-9ccf-78309b1e995b', 'name': 'tempest-FloatingIPsNegativeTestJSON-1523829737-subnet', 'tenant_id': 'e009fb7da62c484e9d677ca3b917efec', 'network_id': 'a5ab6b32-7545-48fe-bfe5-b9d4445725a0', 'ip_version': 4, 'subnetpool_id': None, 'enable_dhcp': True, 'ipv6_ra_mode': None, 'ipv6_address_mode': None, 'gateway_ip': '192.168.128.1', 'cidr': '192.168.128.0/28', 'allocation_pools': [{'start': '192.168.128.2', 'end': '192.168.128.14'}], 'host_routes': [], 'dns_nameservers': [], 'description': '', 'router:external': False, 'service_types': [], 'tags': [], 'created_at': '2025-01-16T01:36:38Z', 'updated_at': '2025-01-16T01:36:38Z', 'revision_number': 0, 'project_id': 'e009fb7da62c484e9d677ca3b917efec'}, Router: {'id': '1efc9a78-21e1-4561-975b-e9f61baa249c', 'name': 'tempest-FloatingIPsNegativeTestJSON-1523829737-router', 'tenant_id': 'e009fb7da62c484e9d677ca3b917efec', 'admin_state_up': True, 'status': 'ACTIVE', 'external_gateway_info': {'network_id': 'e9fc93c0-b329-4d70-8c25-49ed110e6d54', 'external_fixed_ips': [{'subnet_id': '80db9c7b-2c79-4a45-bc08-7e62dde05b94', 'ip_address': '10.180.180.242'}], 'enable_snat': True}, 'description': '', 'availability_zones': [], 'distributed': False, 'ha': False, 'availability_zone_hints': [], 'routes': [], 'flavor_id': None, 'tags': [], 'created_at': '2025-01-16T01:36:38Z', 'updated_at': '2025-01-16T01:36:38Z', 'revision_number': 2, 'project_id': 'e009fb7da62c484e9d677ca3b917efec'}
2025-01-16 01:36:40.776 68407 INFO tempest.common.waiters [-] State transition "BUILD/spawning" ==> "ACTIVE/None" after 35 second wait
2025-01-16 01:36:40.819 68415 INFO tempest.lib.common.rest_client [req-2df2536e-6820-4b02-89d6-0bba85165c6c req-2df2536e-6820-4b02-89d6-0bba85165c6c ] Request (ServerTagsTestJSON:tearDownClass): 204 DELETE http://10.180.1.21/compute/v2.1/servers/60f44718-0206-481f-9c0b-38cf5225679c 0.663s
2025-01-16 01:36:40.837 68401 INFO tempest.lib.common.rest_client [req-bd9ca9cd-9663-4f78-9a89-6c7541ebdf65 req-bd9ca9cd-9663-4f78-9a89-6c7541ebdf65 ] Request (InstanceUsageAuditLogTestJSON:test_list_instance_usage_audit_logs): 200 GET http://10.180.1.21/compute/v2.1/os-instance_usage_audit_log 0.546s
2025-01-16 01:36:40.882 68391 INFO tempest.lib.common.rest_client [req-64692401-0f53-4886-95a4-5c316f5e40c8 req-64692401-0f53-4886-95a4-5c316f5e40c8 ] Request (FloatingIPsNegativeTestJSON:setUpClass): 201 POST http://10.180.1.21/identity/v3/auth/tokens 0.103s
2025-01-16 01:36:40.904 68403 INFO tempest.lib.common.rest_client [req-64b5b0cf-9c77-4912-99f8-98f8bbe22a76 req-64b5b0cf-9c77-4912-99f8-98f8bbe22a76 ] Request (MultipleCreateTestJSON:test_multiple_create): 200 GET http://10.180.1.21/compute/v2.1/servers/52aa995a-6a58-4ded-987e-a5a92dc98982 0.610s
2025-01-16 01:36:40.966 68379 INFO tempest.lib.common.rest_client [req-b5767afc-5301-42e8-b856-d2b0b841dce1 req-b5767afc-5301-42e8-b856-d2b0b841dce1 ] Request (MigrationsAdminTest:test_list_migrations_in_flavor_resize_situation): 200 GET http://10.180.1.21/compute/v2.1/servers/26375696-a789-4eec-91cf-47ef118b2bbe 0.774s
2025-01-16 01:36:40.981 68427 INFO tempest.lib.common.rest_client [req-de2677e3-3d54-454c-8df5-09b2d9c51cf1 req-de2677e3-3d54-454c-8df5-09b2d9c51cf1 ] Request (FlavorsAdminTestJSON:tearDownClass): 200 GET http://10.180.1.21:9696/networking/v2.0/security-groups?tenant_id=257b42a8a084483a9c18dcdaedc3c8d3&name=default 0.210s
2025-01-16 01:36:40.981 68401 INFO tempest.lib.common.rest_client [req-2a6d43fa-68e8-4a2c-aec5-aac63e2ae6bf req-2a6d43fa-68e8-4a2c-aec5-aac63e2ae6bf ] Request (InstanceUsageAuditLogTestJSON:tearDownClass): 204 DELETE http://10.180.1.21/identity/v3/users/503a582765d941639b357211fe0010b5 0.134s
2025-01-16 01:36:41.032 68399 INFO tempest.lib.common.rest_client [req-ab46338b-0ee3-4c87-9e86-9c843724f50e req-ab46338b-0ee3-4c87-9e86-9c843724f50e ] Request (TenantUsagesTestJSON:setUpClass): 200 GET http://10.180.1.21/compute/v2.1/servers/1030d877-b963-4f6a-8965-742bd403e7aa 0.719s
2025-01-16 01:36:41.039 68399 INFO tempest.common.waiters [-] State transition "BUILD/networking" ==> "BUILD/spawning" after 27 second wait
2025-01-16 01:36:41.040 68419 INFO tempest.lib.common.rest_client [req-2d5aa200-209a-488e-8939-6f6240da9912 req-2d5aa200-209a-488e-8939-6f6240da9912 ] Request (ServersTestBootFromVolume:setUpClass): 200 GET http://10.180.1.21/compute/v2.1/servers/e25571ce-77da-4871-af48-c597560cd9a0 0.616s
2025-01-16 01:36:41.090 68381 INFO tempest.lib.common.rest_client [req-f51e63e8-c280-4841-a6bd-e14c6e69c973 req-f51e63e8-c280-4841-a6bd-e14c6e69c973 ] Request (ServerActionsV293TestJSON:setUpClass): 200 GET http://10.180.1.21/compute/v2.1/servers/837a0057-787e-4fb6-ae79-b5fbc06a3038 0.472s
2025-01-16 01:36:41.138 68427 INFO tempest.lib.common.rest_client [req-397b12a4-4f30-4e48-9716-fe989175f411 req-397b12a4-4f30-4e48-9716-fe989175f411 ] Request (FlavorsAdminTestJSON:tearDownClass): 204 DELETE http://10.180.1.21:9696/networking/v2.0/security-groups/6ea72c35-69c6-4472-9f35-47c580a437af 0.157s
2025-01-16 01:36:41.165 68421 INFO tempest.lib.common.rest_client [req-ed23fe10-1afc-4cf1-b5ec-dbc3fdb18da7 req-ed23fe10-1afc-4cf1-b5ec-dbc3fdb18da7 ] Request (ServerDiagnosticsNegativeTest:tearDownClass): 200 GET http://10.180.1.21/compute/v2.1/servers/3425040d-d79d-4074-8228-648d60374213 0.469s
2025-01-16 01:36:41.170 68429 INFO tempest.lib.common.rest_client [req-c35eb1fc-e4e5-4cd8-ad1f-86b1cf7c89f3 req-c35eb1fc-e4e5-4cd8-ad1f-86b1cf7c89f3 ] Request (ServersAdminNegativeTestJSON:test_resize_server_using_overlimit_vcpus): 403 POST http://10.180.1.21/compute/v2.1/servers/2e9302e8-7348-4fdf-8cfb-a6e7308c7726/action 0.502s
2025-01-16 01:36:41.177 68401 INFO tempest.lib.common.rest_client [req-3ec8f407-2418-421a-b819-3419037c1e45 req-3ec8f407-2418-421a-b819-3419037c1e45 ] Request (InstanceUsageAuditLogTestJSON:tearDownClass): 204 DELETE http://10.180.1.21/identity/v3/users/6bc599f71ae14fd7a99b0db41957f70f 0.195s
2025-01-16 01:36:41.177 68401 INFO tempest.lib.common.dynamic_creds [-] Deleting project and security group for project: 93589736eace436da12bfb97d3098de4
2025-01-16 01:36:41.263 68401 INFO tempest.lib.common.rest_client [req-bd210e88-99d8-475f-822b-cea16182f5af req-bd210e88-99d8-475f-822b-cea16182f5af ] Request (InstanceUsageAuditLogTestJSON:tearDownClass): 201 POST http://10.180.1.21/identity/v3/auth/tokens 0.086s
2025-01-16 01:36:41.304 68427 INFO tempest.lib.common.rest_client [req-a6600871-5728-4e3a-890a-1f28c8353c6e req-a6600871-5728-4e3a-890a-1f28c8353c6e ] Request (FlavorsAdminTestJSON:tearDownClass): 204 DELETE http://10.180.1.21/identity/v3/projects/257b42a8a084483a9c18dcdaedc3c8d3 0.165s
2025-01-16 01:36:41.323 68431 INFO tempest.lib.common.rest_client [req-2e39c4d2-3bb7-426b-acac-546c16200c8f req-2e39c4d2-3bb7-426b-acac-546c16200c8f ] Request (VolumesSnapshotsTestJSON:test_volume_snapshot_create_get_list_delete): 200 POST http://10.180.1.21/compute/v2.1/os-snapshots 0.585s
2025-01-16 01:36:41.338 68425 INFO tempest.lib.common.rest_client [req-d0647694-3bf0-469e-a017-3a1043944010 req-d0647694-3bf0-469e-a017-3a1043944010 ] Request (ServerDiskConfigTestJSON:test_rebuild_server_with_auto_disk_config): 200 GET http://10.180.1.21/compute/v2.1/servers/2f528407-2bd6-4ef2-a02a-572c94316465 0.631s
2025-01-16 01:36:41.345 68425 INFO tempest.common.waiters [-] State transition "REBUILD/rebuild_spawning" ==> "ACTIVE/None" after 10 second wait
2025-01-16 01:36:41.388 68427 INFO tempest.lib.common.rest_client [req-ffeecc8e-fc24-41c2-bfac-19ef71c48456 req-ffeecc8e-fc24-41c2-bfac-19ef71c48456 ] Request (AZV2TestJSON:setUpClass): 201 POST http://10.180.1.21/identity/v3/auth/tokens 0.082s
2025-01-16 01:36:41.423 68407 INFO tempest.lib.common.rest_client [req-b6f1fbf5-1567-4163-8c59-b9835e0028f7 req-b6f1fbf5-1567-4163-8c59-b9835e0028f7 ] Request (DeleteServersAdminTestJSON:test_delete_server_while_in_error_state): 202 POST http://10.180.1.21/compute/v2.1/servers/b710c68a-0dd5-4565-962e-00ce8a433324/action 0.646s
2025-01-16 01:36:41.427 68427 INFO tempest.lib.common.rest_client [req-818d21a7-3867-4d74-a2a4-3c22ca7f3984 req-818d21a7-3867-4d74-a2a4-3c22ca7f3984 ] Request (AZV2TestJSON:setUpClass): 201 POST http://10.180.1.21/identity/v3/auth/tokens 0.036s
2025-01-16 01:36:41.432 68397 INFO tempest.lib.common.rest_client [req-eaffb4aa-7be1-413c-ac25-6749454bc0a1 req-eaffb4aa-7be1-413c-ac25-6749454bc0a1 ] Request (InstanceActionsTestJSON:setUpClass): 200 GET http://10.180.1.21/compute/v2.1/servers/92f2cf26-2254-43e9-83d0-8136d6ac51e7 0.675s
2025-01-16 01:36:41.454 68427 INFO tempest.lib.common.rest_client [req-1e2e0605-8af6-4f4f-88ed-d448f627b719 req-1e2e0605-8af6-4f4f-88ed-d448f627b719 ] Request (AZV2TestJSON:setUpClass): 200 GET http://10.180.1.21/identity/v3/domains?name=Default 0.026s
2025-01-16 01:36:41.492 68427 INFO tempest.lib.common.rest_client [req-d3bb0f36-8068-490c-a893-ffbc55e6f79c req-d3bb0f36-8068-490c-a893-ffbc55e6f79c ] Request (AZV2TestJSON:setUpClass): 201 POST http://10.180.1.21/identity/v3/projects 0.038s
2025-01-16 01:36:41.508 68435 INFO tempest.lib.common.rest_client [req-ab0bd603-9148-4cd8-b5fb-4e6b1c0ad262 req-ab0bd603-9148-4cd8-b5fb-4e6b1c0ad262 ] Request (FloatingIPsAssociationNegativeTestJSON:tearDownClass): 200 GET http://10.180.1.21/compute/v2.1/servers/e1a29ed5-b2be-43d8-b094-d70b5671d223 0.662s
2025-01-16 01:36:41.565 68427 INFO tempest.lib.common.rest_client [req-d191c3f4-7250-4b4d-afb5-f54fe161a894 req-d191c3f4-7250-4b4d-afb5-f54fe161a894 ] Request (AZV2TestJSON:setUpClass): 201 POST http://10.180.1.21/identity/v3/users 0.072s
2025-01-16 01:36:41.585 68415 INFO tempest.lib.common.rest_client [req-5e504bbf-e444-4f4f-ab8c-232da3668194 req-5e504bbf-e444-4f4f-ab8c-232da3668194 ] Request (ServerTagsTestJSON:tearDownClass): 200 GET http://10.180.1.21/compute/v2.1/servers/60f44718-0206-481f-9c0b-38cf5225679c 0.766s
2025-01-16 01:36:41.597 68427 INFO tempest.lib.common.rest_client [req-decb04c8-8770-4b82-b2db-e49d4d6641fb req-decb04c8-8770-4b82-b2db-e49d4d6641fb ] Request (AZV2TestJSON:setUpClass): 200 GET http://10.180.1.21/identity/v3/roles 0.031s
2025-01-16 01:36:41.612 68401 INFO tempest.lib.common.rest_client [req-2fd22cc9-1a12-4f6e-b08e-818197aa1fb6 req-2fd22cc9-1a12-4f6e-b08e-818197aa1fb6 ] Request (InstanceUsageAuditLogTestJSON:tearDownClass): 200 GET http://10.180.1.21:9696/networking/v2.0/security-groups?tenant_id=93589736eace436da12bfb97d3098de4&name=default 0.347s
2025-01-16 01:36:41.624 68433 INFO tempest.lib.common.rest_client [req-4155f2d1-dfe1-4e7f-916c-559bd245a24c req-4155f2d1-dfe1-4e7f-916c-559bd245a24c ] Request (ImagesOneServerTestJSON:test_create_image_specify_multibyte_character_image_name): 200 GET http://10.180.1.21/compute/v2.1/images/e05326b3-b7d1-42f2-b2cb-f33cf73b5741 0.647s
2025-01-16 01:36:41.634 68427 INFO tempest.lib.common.rest_client [req-adc67fed-56e2-4a10-86c8-691c5436ce50 req-adc67fed-56e2-4a10-86c8-691c5436ce50 ] Request (AZV2TestJSON:setUpClass): 204 PUT http://10.180.1.21/identity/v3/projects/dfc971b9e00e4c32a55073ff179867f1/users/65ca018d6f8c42b4b2da4fdea2841a8a/roles/687df479c950451cbc0f8d264be0baec 0.036s
2025-01-16 01:36:41.634 68427 INFO tempest.lib.common.dynamic_creds [-] Dynamic test user 65ca018d6f8c42b4b2da4fdea2841a8a is created with scope project and roles: ['member']
2025-01-16 01:36:41.634 68427 INFO tempest.lib.common.dynamic_creds [-] Acquired dynamic creds: credentials: Credentials: {'domain_id': 'default', 'domain_name': 'Default', 'username': 'tempest-AZV2TestJSON-1837021068-project-member', 'project_domain_id': 'default', 'project_domain_name': 'Default', 'project_id': 'dfc971b9e00e4c32a55073ff179867f1', 'project_name': 'tempest-AZV2TestJSON-1837021068', 'tenant_id': 'dfc971b9e00e4c32a55073ff179867f1', 'tenant_name': 'tempest-AZV2TestJSON-1837021068', 'user_domain_id': 'default', 'user_domain_name': 'Default', 'user_id': '65ca018d6f8c42b4b2da4fdea2841a8a', 'system': None}, Network: None, Subnet: None, Router: None
2025-01-16 01:36:41.634 68427 INFO tempest.lib.common.dynamic_creds [-] Created isolated network resources for: credentials: Credentials: {'domain_id': 'default', 'domain_name': 'Default', 'username': 'tempest-AZV2TestJSON-1837021068-project-member', 'project_domain_id': 'default', 'project_domain_name': 'Default', 'project_id': 'dfc971b9e00e4c32a55073ff179867f1', 'project_name': 'tempest-AZV2TestJSON-1837021068', 'tenant_id': 'dfc971b9e00e4c32a55073ff179867f1', 'tenant_name': 'tempest-AZV2TestJSON-1837021068', 'user_domain_id': 'default', 'user_domain_name': 'Default', 'user_id': '65ca018d6f8c42b4b2da4fdea2841a8a', 'system': None}, Network: None, Subnet: None, Router: None
2025-01-16 01:36:41.644 68391 INFO tempest.lib.common.rest_client [req-fac40132-019a-4d7a-a6f1-6815f4ca2a91 req-fac40132-019a-4d7a-a6f1-6815f4ca2a91 ] Request (FloatingIPsNegativeTestJSON:setUpClass): 200 GET http://10.180.1.21/compute/v2.1/os-floating-ips 0.761s
2025-01-16 01:36:41.676 68429 INFO tempest.lib.common.rest_client [req-eca8b621-d7b5-44f8-8315-5a47dd5b86d8 req-eca8b621-d7b5-44f8-8315-5a47dd5b86d8 ] Request (ServersAdminNegativeTestJSON:_run_cleanups): 202 DELETE http://10.180.1.21/compute/v2.1/flavors/1657175058 0.506s
2025-01-16 01:36:41.726 68423 INFO tempest.lib.common.rest_client [req-9407a3c7-97fc-4cdc-a135-88342d73ce65 req-9407a3c7-97fc-4cdc-a135-88342d73ce65 ] Request (AttachInterfacesV270Test:tearDownClass): 200 GET http://10.180.1.21/compute/v2.1/servers/c69e62fb-7776-4064-a296-3e09564d780c 0.625s
2025-01-16 01:36:41.736 68427 INFO tempest.lib.common.rest_client [req-ed27cc2b-492a-4618-818b-358638bfe2bb req-ed27cc2b-492a-4618-818b-358638bfe2bb ] Request (AZV2TestJSON:setUpClass): 201 POST http://10.180.1.21/identity/v3/auth/tokens 0.096s
2025-01-16 01:36:41.737 68401 INFO tempest.lib.common.rest_client [req-c1695d64-24fd-4a87-855d-5c724470f835 req-c1695d64-24fd-4a87-855d-5c724470f835 ] Request (InstanceUsageAuditLogTestJSON:tearDownClass): 204 DELETE http://10.180.1.21:9696/networking/v2.0/security-groups/caf6c419-312f-41ac-8151-a4527531c678 0.125s
2025-01-16 01:36:41.775 68431 INFO tempest.lib.common.rest_client [req-1ccdf69f-df74-4ef8-bfbd-9b60aa650292 req-1ccdf69f-df74-4ef8-bfbd-9b60aa650292 ] Request (VolumesSnapshotsTestJSON:test_volume_snapshot_create_get_list_delete): 200 GET http://10.180.1.21/compute/v2.1/os-snapshots/99cbc0aa-d365-494f-aa37-01e143634291 0.450s
2025-01-16 01:36:41.797 68387 INFO tempest.lib.common.rest_client [req-882f7e3d-91b4-4ef7-b635-5485b68ba53b req-882f7e3d-91b4-4ef7-b635-5485b68ba53b ] Request (ListImageFiltersTestJSON:setUpClass): 200 GET http://10.180.1.21/compute/v2.1/servers/570c7c49-9bc8-4bea-86af-51679a0c5dc2 0.478s
2025-01-16 01:36:41.852 68401 INFO tempest.lib.common.rest_client [req-b23a1c28-7ae6-4fc5-b29d-596756b1e34d req-b23a1c28-7ae6-4fc5-b29d-596756b1e34d ] Request (InstanceUsageAuditLogTestJSON:tearDownClass): 204 DELETE http://10.180.1.21/identity/v3/projects/93589736eace436da12bfb97d3098de4 0.114s
2025-01-16 01:36:41.852 68401 INFO tempest.lib.common.dynamic_creds [-] Deleting project and security group for project: 7944a344cb0442d6af26b9a21d4807a0
2025-01-16 01:36:41.858 68377 INFO tempest.lib.common.rest_client [req-16974ea7-5ad2-4339-8ab6-2f263626becd req-16974ea7-5ad2-4339-8ab6-2f263626becd ] Request (ImagesNegativeTestJSON:test_create_image_from_deleted_server): 200 GET http://10.180.1.21/compute/v2.1/servers/ac7a1c8b-3988-4ca3-ae03-2d5877ae916c 0.498s
2025-01-16 01:36:41.900 68425 INFO tempest.lib.common.rest_client [req-a6db56af-5c12-4331-bbae-96a1aef46c03 req-a6db56af-5c12-4331-bbae-96a1aef46c03 ] Request (ServerDiskConfigTestJSON:test_rebuild_server_with_auto_disk_config): 200 GET http://10.180.1.21/compute/v2.1/servers/2f528407-2bd6-4ef2-a02a-572c94316465 0.554s
2025-01-16 01:36:41.921 68389 INFO tempest.lib.common.rest_client [req-6a9943b6-1fe8-44d6-9850-5f04e9a820c0 req-6a9943b6-1fe8-44d6-9850-5f04e9a820c0 ] Request (ServersV294TestFqdnHostnames:setUpClass): 200 GET http://10.180.1.21/compute/v2.1/servers/33ebd22b-5865-47ea-ad86-8e2c4acc01f3 0.534s
2025-01-16 01:36:41.963 68395 INFO tempest.lib.common.rest_client [req-ecde17a8-d763-45e0-9577-43f9371df616 req-ecde17a8-d763-45e0-9577-43f9371df616 ] Request (ServersAaction247Test:test_create_backup): 200 GET http://10.180.1.21/compute/v2.1/servers/1c8e5a82-5373-4c48-9214-31773d5ab4bb 0.540s
2025-01-16 01:36:42.044 68383 INFO tempest.lib.common.rest_client [req-04e9bc2c-4df7-40d7-a51f-1c779ce57050 req-04e9bc2c-4df7-40d7-a51f-1c779ce57050 ] Request (SecurityGroupsTestJSON:test_server_security_groups): 200 GET http://10.180.1.21/compute/v2.1/servers/2cf3cc94-a9a5-4275-9a77-ba9e1ddb3fa1 0.603s
2025-01-16 01:36:42.048 68401 INFO tempest.lib.common.rest_client [req-17e94442-c643-4781-96b9-117182e939f4 req-17e94442-c643-4781-96b9-117182e939f4 ] Request (InstanceUsageAuditLogTestJSON:tearDownClass): 200 GET http://10.180.1.21:9696/networking/v2.0/security-groups?tenant_id=7944a344cb0442d6af26b9a21d4807a0&name=default 0.196s
2025-01-16 01:36:42.101 68407 INFO tempest.lib.common.rest_client [req-482effb9-9beb-40a9-9742-93d746093e4f req-482effb9-9beb-40a9-9742-93d746093e4f ] Request (DeleteServersAdminTestJSON:test_delete_server_while_in_error_state): 200 GET http://10.180.1.21/compute/v2.1/servers/b710c68a-0dd5-4565-962e-00ce8a433324 0.678s
2025-01-16 01:36:42.135 68411 INFO tempest.lib.common.rest_client [req-73867ecc-fc08-4f04-904f-a5aec87cc39e req-73867ecc-fc08-4f04-904f-a5aec87cc39e ] Request (ServerActionsTestOtherA:setUpClass): 200 GET http://10.180.1.21/compute/v2.1/servers/defb57fb-0f0a-4679-8c22-0945fc0a1664 0.649s
2025-01-16 01:36:42.161 68385 INFO tempest.lib.common.rest_client [req-39ce7b0e-cc56-4055-a6f5-5000c76a3e9f req-39ce7b0e-cc56-4055-a6f5-5000c76a3e9f ] Request (ServersNegativeTestJSON:setUpClass): 200 GET http://10.180.1.21/compute/v2.1/servers/3717ebd5-ce7f-48ea-a834-c87e75fadadd 0.652s
2025-01-16 01:36:42.165 68401 INFO tempest.lib.common.rest_client [req-d06add9f-1fad-4086-a13d-03aa6c0ab7f2 req-d06add9f-1fad-4086-a13d-03aa6c0ab7f2 ] Request (InstanceUsageAuditLogTestJSON:tearDownClass): 204 DELETE http://10.180.1.21:9696/networking/v2.0/security-groups/ad5f46c6-4a06-45de-a028-51ad99dffff9 0.115s
2025-01-16 01:36:42.190 68413 INFO tempest.lib.common.rest_client [req-c65cf95f-180c-4ed1-b692-fd732e98219f req-c65cf95f-180c-4ed1-b692-fd732e98219f ] Request (ImagesTestJSON:test_create_image_from_suspended_server): 200 GET http://10.180.1.21/compute/v2.1/servers/882bab59-0b93-4d23-8321-e8c09965dab2 0.635s
2025-01-16 01:36:42.221 68391 INFO tempest.lib.common.rest_client [req-692d39f4-0759-41d9-b3bd-d300f3d1e4c1 req-692d39f4-0759-41d9-b3bd-d300f3d1e4c1 ] Request (FloatingIPsNegativeTestJSON:test_allocate_floating_ip_from_nonexistent_pool): 404 POST http://10.180.1.21/compute/v2.1/os-floating-ips 0.574s
2025-01-16 01:36:42.224 68417 INFO tempest.lib.common.rest_client [req-937c175b-88d4-43aa-a30e-0606da6bfbe7 req-937c175b-88d4-43aa-a30e-0606da6bfbe7 ] Request (AttachInterfacesTestJSON:test_create_list_show_delete_interfaces_by_fixed_ip): 200 GET http://10.180.1.21/compute/v2.1/servers/e6597109-844a-47f7-85b9-1c3be44606a8 0.661s
2025-01-16 01:36:42.251 68437 INFO tempest.lib.common.rest_client [req-b6a0bf9e-c748-49b9-9ebe-7c8d90477830 req-b6a0bf9e-c748-49b9-9ebe-7c8d90477830 ] Request (ServerDiagnosticsV248Test:tearDownClass): 404 GET http://10.180.1.21/compute/v2.1/servers/26291caa-bdbf-45cb-a903-5be91ba48052 0.601s
2025-01-16 01:36:42.254 68429 INFO tempest.lib.common.rest_client [req-a3ecbf22-3ce1-4569-b68f-792a3fcb9a5e req-a3ecbf22-3ce1-4569-b68f-792a3fcb9a5e ] Request (ServersAdminNegativeTestJSON:_run_cleanups): 200 GET http://10.180.1.21/compute/v2.1/flavors/detail 0.577s
2025-01-16 01:36:42.284 68401 INFO tempest.lib.common.rest_client [req-119e47bc-ac20-48f9-a90e-d2ead19c2324 req-119e47bc-ac20-48f9-a90e-d2ead19c2324 ] Request (InstanceUsageAuditLogTestJSON:tearDownClass): 204 DELETE http://10.180.1.21/identity/v3/projects/7944a344cb0442d6af26b9a21d4807a0 0.118s
2025-01-16 01:36:42.288 68431 INFO tempest.lib.common.rest_client [req-010cde69-9b48-44c5-ad24-28d444abbcf2 req-010cde69-9b48-44c5-ad24-28d444abbcf2 ] Request (VolumesSnapshotsTestJSON:test_volume_snapshot_create_get_list_delete): 200 GET http://10.180.1.21/compute/v2.1/os-snapshots 0.510s
2025-01-16 01:36:42.376 68425 INFO tempest.lib.common.rest_client [req-2a86d237-21f2-43c4-b0a6-c3963f2b923a req-2a86d237-21f2-43c4-b0a6-c3963f2b923a ] Request (ServerDiskConfigTestJSON:_run_cleanups): 204 DELETE http://10.180.1.21/compute/v2.1/servers/2f528407-2bd6-4ef2-a02a-572c94316465 0.466s
2025-01-16 01:36:42.402 68437 INFO tempest.lib.common.rest_client [req-cc3b90cb-7a82-4332-af91-56b238daed5d req-cc3b90cb-7a82-4332-af91-56b238daed5d ] Request (ServerDiagnosticsV248Test:tearDownClass): 204 DELETE http://10.180.1.21/identity/v3/users/95182703921049b19344578d7a82ee56 0.150s
2025-01-16 01:36:42.425 68427 INFO tempest.lib.common.rest_client [req-8321dd63-5186-46ae-8d91-0a9032f1e825 req-8321dd63-5186-46ae-8d91-0a9032f1e825 ] Request (AZV2TestJSON:test_get_availability_zone_list_with_non_admin_user): 200 GET http://10.180.1.21/compute/v2.1/os-availability-zone 0.688s
2025-01-16 01:36:42.428 68403 INFO tempest.lib.common.rest_client [req-896bc0c4-be51-451f-9423-6a9606705797 req-896bc0c4-be51-451f-9423-6a9606705797 ] Request (MultipleCreateTestJSON:test_multiple_create): 200 GET http://10.180.1.21/compute/v2.1/servers/52aa995a-6a58-4ded-987e-a5a92dc98982 0.516s
2025-01-16 01:36:42.468 68425 INFO tempest.lib.common.rest_client [req-f6e4f668-c22e-4f03-986c-70f2c268ac79 req-f6e4f668-c22e-4f03-986c-70f2c268ac79 ] Request (ServerDiskConfigTestJSON:test_rebuild_server_with_manual_disk_config): 201 POST http://10.180.1.21/identity/v3/auth/tokens 0.087s
2025-01-16 01:36:42.469 68425 INFO tempest.lib.common.fixed_network [-] (ServerDiskConfigTestJSON:test_rebuild_server_with_manual_disk_config) Found network {'id': '7b18b7de-35bd-4e32-8e04-1386c9226b08', 'name': 'tempest-ServerDiskConfigTestJSON-1545875277-network', 'tenant_id': '4aa4aac1fb4f47a1804f4d93c0672ea5', 'admin_state_up': True, 'mtu': 8950, 'status': 'ACTIVE', 'subnets': [], 'shared': False, 'project_id': '4aa4aac1fb4f47a1804f4d93c0672ea5', 'port_security_enabled': True, 'router:external': False, 'provider:network_type': 'vlan', 'provider:physical_network': 'default', 'provider:segmentation_id': 549, 'availability_zone_hints': [], 'availability_zones': [], 'ipv4_address_scope': None, 'ipv6_address_scope': None, 'description': '', 'tags': [], 'created_at': '2025-01-16T01:35:51Z', 'updated_at': '2025-01-16T01:35:51Z', 'revision_number': 1} available for tenant
2025-01-16 01:36:42.470 68401 INFO tempest.lib.common.rest_client [req-87eed702-9710-4476-bb07-7b7d5b68a3d1 req-87eed702-9710-4476-bb07-7b7d5b68a3d1 ] Request (InstanceUsageAuditLogNegativeTestJSON:setUpClass): 201 POST http://10.180.1.21/identity/v3/auth/tokens 0.180s
2025-01-16 01:36:42.531 68437 INFO tempest.lib.common.rest_client [req-ef9838a0-622e-4421-82ac-e2c13b831efb req-ef9838a0-622e-4421-82ac-e2c13b831efb ] Request (ServerDiagnosticsV248Test:tearDownClass): 204 DELETE http://10.180.1.21/identity/v3/users/a27ecf5f0cee470c8cccff710770aeb2 0.128s
2025-01-16 01:36:42.531 68437 INFO tempest.lib.common.dynamic_creds [-] Deleting project and security group for project: 753cba05079741f0a70ecb3c6f1d0673
2025-01-16 01:36:42.543 68427 INFO tempest.lib.common.rest_client [req-0fc9d2af-bbbb-4353-aa36-f092a7d47005 req-0fc9d2af-bbbb-4353-aa36-f092a7d47005 ] Request (AZV2TestJSON:tearDownClass): 204 DELETE http://10.180.1.21/identity/v3/users/65ca018d6f8c42b4b2da4fdea2841a8a 0.113s
2025-01-16 01:36:42.543 68427 INFO tempest.lib.common.dynamic_creds [-] Deleting project and security group for project: dfc971b9e00e4c32a55073ff179867f1
2025-01-16 01:36:42.579 68399 INFO tempest.lib.common.rest_client [req-695769b6-e3c8-40ac-aeff-9b4e30bdc121 req-695769b6-e3c8-40ac-aeff-9b4e30bdc121 ] Request (TenantUsagesTestJSON:setUpClass): 200 GET http://10.180.1.21/compute/v2.1/servers/1030d877-b963-4f6a-8965-742bd403e7aa 0.539s
2025-01-16 01:36:42.583 68379 INFO tempest.lib.common.rest_client [req-6cbf1b0d-745e-4f4f-b253-e741db7ca589 req-6cbf1b0d-745e-4f4f-b253-e741db7ca589 ] Request (MigrationsAdminTest:test_list_migrations_in_flavor_resize_situation): 200 GET http://10.180.1.21/compute/v2.1/servers/26375696-a789-4eec-91cf-47ef118b2bbe 0.605s
2025-01-16 01:36:42.604 68401 INFO tempest.lib.common.rest_client [req-5d1d14c6-c409-4182-9668-e77692a901f2 req-5d1d14c6-c409-4182-9668-e77692a901f2 ] Request (InstanceUsageAuditLogNegativeTestJSON:setUpClass): 201 POST http://10.180.1.21/identity/v3/auth/tokens 0.129s
2025-01-16 01:36:42.624 68437 INFO tempest.lib.common.rest_client [req-528843ed-e110-472f-9cda-44585721b7a0 req-528843ed-e110-472f-9cda-44585721b7a0 ] Request (ServerDiagnosticsV248Test:tearDownClass): 201 POST http://10.180.1.21/identity/v3/auth/tokens 0.092s
2025-01-16 01:36:42.640 68427 INFO tempest.lib.common.rest_client [req-61837e80-0f26-48d1-906b-d95de3191530 req-61837e80-0f26-48d1-906b-d95de3191530 ] Request (AZV2TestJSON:tearDownClass): 201 POST http://10.180.1.21/identity/v3/auth/tokens 0.097s
2025-01-16 01:36:42.650 68419 INFO tempest.lib.common.rest_client [req-3d457cb4-f7b2-4604-bbb0-4b9ed53879e5 req-3d457cb4-f7b2-4604-bbb0-4b9ed53879e5 ] Request (ServersTestBootFromVolume:setUpClass): 200 GET http://10.180.1.21/compute/v2.1/servers/e25571ce-77da-4871-af48-c597560cd9a0 0.601s
2025-01-16 01:36:42.657 68401 INFO tempest.lib.common.rest_client [req-2cb526a1-98b1-49be-a809-26b9b126bb25 req-2cb526a1-98b1-49be-a809-26b9b126bb25 ] Request (InstanceUsageAuditLogNegativeTestJSON:setUpClass): 200 GET http://10.180.1.21/identity/v3/domains?name=Default 0.052s
2025-01-16 01:36:42.662 68381 INFO tempest.lib.common.rest_client [req-9d9ac777-3778-4b84-a064-7f444b138d44 req-9d9ac777-3778-4b84-a064-7f444b138d44 ] Request (ServerActionsV293TestJSON:setUpClass): 200 GET http://10.180.1.21/compute/v2.1/servers/837a0057-787e-4fb6-ae79-b5fbc06a3038 0.561s
2025-01-16 01:36:42.742 68421 INFO tempest.lib.common.rest_client [req-56c09ebb-3da5-4b77-9143-1dbeb53ab944 req-56c09ebb-3da5-4b77-9143-1dbeb53ab944 ] Request (ServerDiagnosticsNegativeTest:tearDownClass): 200 GET http://10.180.1.21/compute/v2.1/servers/3425040d-d79d-4074-8228-648d60374213 0.567s
2025-01-16 01:36:42.744 68407 INFO tempest.lib.common.rest_client [req-9ee29f1b-3c75-411c-8ac4-3341d76681c8 req-9ee29f1b-3c75-411c-8ac4-3341d76681c8 ] Request (DeleteServersAdminTestJSON:test_delete_server_while_in_error_state): 204 DELETE http://10.180.1.21/compute/v2.1/servers/b710c68a-0dd5-4565-962e-00ce8a433324 0.630s
2025-01-16 01:36:42.760 68401 INFO tempest.lib.common.rest_client [req-f8c1508b-945a-4c26-aff8-dc57837b2b3a req-f8c1508b-945a-4c26-aff8-dc57837b2b3a ] Request (InstanceUsageAuditLogNegativeTestJSON:setUpClass): 201 POST http://10.180.1.21/identity/v3/projects 0.102s
2025-01-16 01:36:42.779 68391 INFO tempest.lib.common.rest_client [req-f64e6f3c-6d59-472c-bf21-d34f8c4a087d req-f64e6f3c-6d59-472c-bf21-d34f8c4a087d ] Request (FloatingIPsNegativeTestJSON:test_delete_nonexistent_floating_ip): 404 DELETE http://10.180.1.21/compute/v2.1/os-floating-ips/5efca030-cf35-4af3-954d-4ca7ad3a1d33 0.553s
2025-01-16 01:36:42.807 68431 INFO tempest.lib.common.rest_client [req-a63e96b6-db5c-42eb-a86d-0908d6c639ae req-a63e96b6-db5c-42eb-a86d-0908d6c639ae ] Request (VolumesSnapshotsTestJSON:_run_cleanups): 200 GET http://10.180.1.21/compute/v2.1/os-snapshots/99cbc0aa-d365-494f-aa37-01e143634291 0.517s
2025-01-16 01:36:42.809 68431 INFO tempest.common.waiters [-] snapshot 99cbc0aa-d365-494f-aa37-01e143634291 reached available after waiting for 0.809450 seconds
2025-01-16 01:36:42.846 68429 INFO tempest.lib.common.rest_client [req-8b57949d-7261-4559-9320-690d231a004d req-8b57949d-7261-4559-9320-690d231a004d ] Request (ServersAdminNegativeTestJSON:tearDownClass): 204 DELETE http://10.180.1.21/compute/v2.1/servers/fcdf5dee-f078-4438-81ec-50f35cbbf24f 0.587s
2025-01-16 01:36:42.868 68401 INFO tempest.lib.common.rest_client [req-05474531-97f2-4014-bb39-b71e78d7fbee req-05474531-97f2-4014-bb39-b71e78d7fbee ] Request (InstanceUsageAuditLogNegativeTestJSON:setUpClass): 201 POST http://10.180.1.21/identity/v3/users 0.108s
2025-01-16 01:36:42.879 68397 INFO tempest.lib.common.rest_client [req-222df6dd-be0f-42a3-9532-03f67d99dfee req-222df6dd-be0f-42a3-9532-03f67d99dfee ] Request (InstanceActionsTestJSON:setUpClass): 200 GET http://10.180.1.21/compute/v2.1/servers/92f2cf26-2254-43e9-83d0-8136d6ac51e7 0.435s
2025-01-16 01:36:42.896 68401 INFO tempest.lib.common.rest_client [req-1d39681b-767e-430c-84aa-321663f92745 req-1d39681b-767e-430c-84aa-321663f92745 ] Request (InstanceUsageAuditLogNegativeTestJSON:setUpClass): 200 GET http://10.180.1.21/identity/v3/roles 0.028s
2025-01-16 01:36:42.932 68401 INFO tempest.lib.common.rest_client [req-04e9c74e-c39f-4999-868d-23c7d861c68e req-04e9c74e-c39f-4999-868d-23c7d861c68e ] Request (InstanceUsageAuditLogNegativeTestJSON:setUpClass): 204 PUT http://10.180.1.21/identity/v3/projects/6d138f6cc54140d9af6c7429f9d67549/users/eaa6ab14036d4c328e54c95a7e22c178/roles/687df479c950451cbc0f8d264be0baec 0.035s
2025-01-16 01:36:42.932 68401 INFO tempest.lib.common.dynamic_creds [-] Dynamic test user eaa6ab14036d4c328e54c95a7e22c178 is created with scope project and roles: ['member']
2025-01-16 01:36:42.933 68401 INFO tempest.lib.common.dynamic_creds [-] Acquired dynamic creds: credentials: Credentials: {'domain_id': 'default', 'domain_name': 'Default', 'username': 'tempest-InstanceUsageAuditLogNegativeTestJSON-712338862-project-member', 'project_domain_id': 'default', 'project_domain_name': 'Default', 'project_id': '6d138f6cc54140d9af6c7429f9d67549', 'project_name': 'tempest-InstanceUsageAuditLogNegativeTestJSON-712338862', 'tenant_id': '6d138f6cc54140d9af6c7429f9d67549', 'tenant_name': 'tempest-InstanceUsageAuditLogNegativeTestJSON-712338862', 'user_domain_id': 'default', 'user_domain_name': 'Default', 'user_id': 'eaa6ab14036d4c328e54c95a7e22c178', 'system': None}, Network: None, Subnet: None, Router: None
2025-01-16 01:36:42.933 68401 INFO tempest.lib.common.dynamic_creds [-] Created isolated network resources for: credentials: Credentials: {'domain_id': 'default', 'domain_name': 'Default', 'username': 'tempest-InstanceUsageAuditLogNegativeTestJSON-712338862-project-member', 'project_domain_id': 'default', 'project_domain_name': 'Default', 'project_id': '6d138f6cc54140d9af6c7429f9d67549', 'project_name': 'tempest-InstanceUsageAuditLogNegativeTestJSON-712338862', 'tenant_id': '6d138f6cc54140d9af6c7429f9d67549', 'tenant_name': 'tempest-InstanceUsageAuditLogNegativeTestJSON-712338862', 'user_domain_id': 'default', 'user_domain_name': 'Default', 'user_id': 'eaa6ab14036d4c328e54c95a7e22c178', 'system': None}, Network: None, Subnet: None, Router: None
2025-01-16 01:36:42.971 68435 INFO tempest.lib.common.rest_client [req-831cacf6-d095-4fad-bb33-2705e6a49992 req-831cacf6-d095-4fad-bb33-2705e6a49992 ] Request (FloatingIPsAssociationNegativeTestJSON:tearDownClass): 200 GET http://10.180.1.21/compute/v2.1/servers/e1a29ed5-b2be-43d8-b094-d70b5671d223 0.452s
2025-01-16 01:36:43.013 68437 INFO tempest.lib.common.rest_client [req-f59abf56-1bbd-465f-841a-598829a8f2fc req-f59abf56-1bbd-465f-841a-598829a8f2fc ] Request (ServerDiagnosticsV248Test:tearDownClass): 200 GET http://10.180.1.21:9696/networking/v2.0/security-groups?tenant_id=753cba05079741f0a70ecb3c6f1d0673&name=default 0.388s
2025-01-16 01:36:43.019 68427 INFO tempest.lib.common.rest_client [req-7219a62b-7ba6-4f77-bd3d-0b6754d10519 req-7219a62b-7ba6-4f77-bd3d-0b6754d10519 ] Request (AZV2TestJSON:tearDownClass): 200 GET http://10.180.1.21:9696/networking/v2.0/security-groups?tenant_id=dfc971b9e00e4c32a55073ff179867f1&name=default 0.378s
2025-01-16 01:36:43.033 68401 INFO tempest.lib.common.rest_client [req-5f1ea9b3-82a2-45a5-a0b0-37038da177f3 req-5f1ea9b3-82a2-45a5-a0b0-37038da177f3 ] Request (InstanceUsageAuditLogNegativeTestJSON:setUpClass): 201 POST http://10.180.1.21/identity/v3/auth/tokens 0.097s
2025-01-16 01:36:43.106 68401 INFO tempest.lib.common.rest_client [req-bd208856-ada9-4f40-b3bb-3b5a2c3d756f req-bd208856-ada9-4f40-b3bb-3b5a2c3d756f ] Request (InstanceUsageAuditLogNegativeTestJSON:setUpClass): 201 POST http://10.180.1.21/identity/v3/projects 0.072s
2025-01-16 01:36:43.153 68427 INFO tempest.lib.common.rest_client [req-5fe13bc2-871a-4b6e-9822-006c4825b780 req-5fe13bc2-871a-4b6e-9822-006c4825b780 ] Request (AZV2TestJSON:tearDownClass): 204 DELETE http://10.180.1.21:9696/networking/v2.0/security-groups/dc005786-77d6-406e-8e5c-8b76fe60e5bd 0.133s
2025-01-16 01:36:43.188 68401 INFO tempest.lib.common.rest_client [req-87865001-f5c5-43ba-a5ab-004fcc3895b6 req-87865001-f5c5-43ba-a5ab-004fcc3895b6 ] Request (InstanceUsageAuditLogNegativeTestJSON:setUpClass): 201 POST http://10.180.1.21/identity/v3/users 0.081s
2025-01-16 01:36:43.216 68401 INFO tempest.lib.common.rest_client [req-f89b0d56-17a3-4a78-85cb-4990b8395da2 req-f89b0d56-17a3-4a78-85cb-4990b8395da2 ] Request (InstanceUsageAuditLogNegativeTestJSON:setUpClass): 200 GET http://10.180.1.21/identity/v3/roles 0.026s
2025-01-16 01:36:43.248 68401 INFO tempest.lib.common.rest_client [req-81e51e44-dd05-4ae0-90e6-ebdf4b42a2b3 req-81e51e44-dd05-4ae0-90e6-ebdf4b42a2b3 ] Request (InstanceUsageAuditLogNegativeTestJSON:setUpClass): 204 PUT http://10.180.1.21/identity/v3/projects/d1d1014a407e44cb8329f27431847fdb/users/2a60aa0f02094fbebb9900d55fbadc08/roles/c63f6af8266649dcb52a2f7bb069a25c 0.031s
2025-01-16 01:36:43.250 68427 INFO tempest.lib.common.rest_client [req-272b4d00-4e11-4484-b4fb-3ed31e7ac9b4 req-272b4d00-4e11-4484-b4fb-3ed31e7ac9b4 ] Request (AZV2TestJSON:tearDownClass): 204 DELETE http://10.180.1.21/identity/v3/projects/dfc971b9e00e4c32a55073ff179867f1 0.096s
2025-01-16 01:36:43.300 68415 INFO tempest.lib.common.rest_client [req-7f186539-7d64-4ad4-bcd1-54d12f87513e req-7f186539-7d64-4ad4-bcd1-54d12f87513e ] Request (ServerTagsTestJSON:tearDownClass): 200 GET http://10.180.1.21/compute/v2.1/servers/60f44718-0206-481f-9c0b-38cf5225679c 0.704s
2025-01-16 01:36:43.307 68401 INFO tempest.lib.common.rest_client [req-b18e32db-f839-42f7-8dc5-32107665ccb5 req-b18e32db-f839-42f7-8dc5-32107665ccb5 ] Request (InstanceUsageAuditLogNegativeTestJSON:setUpClass): 200 GET http://10.180.1.21/identity/v3/roles 0.059s
2025-01-16 01:36:43.312 68427 INFO tempest.lib.common.rest_client [req-66894bbf-78ab-471e-b67f-4d12d72611bc req-66894bbf-78ab-471e-b67f-4d12d72611bc ] Request (ServersTestFqdnHostnames:setUpClass): 201 POST http://10.180.1.21/identity/v3/auth/tokens 0.059s
2025-01-16 01:36:43.332 68401 INFO tempest.lib.common.rest_client [req-a2dbb858-1a33-4dea-9e4e-50af7b3bafd0 req-a2dbb858-1a33-4dea-9e4e-50af7b3bafd0 ] Request (InstanceUsageAuditLogNegativeTestJSON:setUpClass): 204 PUT http://10.180.1.21/identity/v3/projects/d1d1014a407e44cb8329f27431847fdb/users/2a60aa0f02094fbebb9900d55fbadc08/roles/c63f6af8266649dcb52a2f7bb069a25c 0.024s
2025-01-16 01:36:43.333 68401 INFO tempest.lib.common.dynamic_creds [-] Dynamic test user 2a60aa0f02094fbebb9900d55fbadc08 is created with scope project and roles: ['admin']
2025-01-16 01:36:43.333 68401 INFO tempest.lib.common.dynamic_creds [-] Acquired dynamic creds: credentials: Credentials: {'domain_id': 'default', 'domain_name': 'Default', 'username': 'tempest-InstanceUsageAuditLogNegativeTestJSON-1281987068-project-admin', 'project_domain_id': 'default', 'project_domain_name': 'Default', 'project_id': 'd1d1014a407e44cb8329f27431847fdb', 'project_name': 'tempest-InstanceUsageAuditLogNegativeTestJSON-1281987068', 'tenant_id': 'd1d1014a407e44cb8329f27431847fdb', 'tenant_name': 'tempest-InstanceUsageAuditLogNegativeTestJSON-1281987068', 'user_domain_id': 'default', 'user_domain_name': 'Default', 'user_id': '2a60aa0f02094fbebb9900d55fbadc08', 'system': None}, Network: None, Subnet: None, Router: None
2025-01-16 01:36:43.333 68401 INFO tempest.lib.common.dynamic_creds [-] Created isolated network resources for: credentials: Credentials: {'domain_id': 'default', 'domain_name': 'Default', 'username': 'tempest-InstanceUsageAuditLogNegativeTestJSON-1281987068-project-admin', 'project_domain_id': 'default', 'project_domain_name': 'Default', 'project_id': 'd1d1014a407e44cb8329f27431847fdb', 'project_name': 'tempest-InstanceUsageAuditLogNegativeTestJSON-1281987068', 'tenant_id': 'd1d1014a407e44cb8329f27431847fdb', 'tenant_name': 'tempest-InstanceUsageAuditLogNegativeTestJSON-1281987068', 'user_domain_id': 'default', 'user_domain_name': 'Default', 'user_id': '2a60aa0f02094fbebb9900d55fbadc08', 'system': None}, Network: None, Subnet: None, Router: None
2025-01-16 01:36:43.347 68409 WARNING tempest.lib.common.ssh [-] Failed to establish authenticated ssh connection to cirros@10.180.180.193 ([Errno None] Unable to connect to port 22 on 10.180.180.193). Number attempts: 5. Retry after 6 seconds.: paramiko.ssh_exception.NoValidConnectionsError: [Errno None] Unable to connect to port 22 on 10.180.180.193
2025-01-16 01:36:43.347 68433 INFO tempest.lib.common.rest_client [req-ca1efd92-3182-425f-a16e-86f3a22fb193 req-ca1efd92-3182-425f-a16e-86f3a22fb193 ] Request (ImagesOneServerTestJSON:test_create_image_specify_multibyte_character_image_name): 200 GET http://10.180.1.21/compute/v2.1/images/e05326b3-b7d1-42f2-b2cb-f33cf73b5741 0.718s
2025-01-16 01:36:43.359 68437 INFO tempest.lib.common.rest_client [req-deb6b54b-6721-4454-9dd5-c0b20a2521b1 req-deb6b54b-6721-4454-9dd5-c0b20a2521b1 ] Request (ServerDiagnosticsV248Test:tearDownClass): 204 DELETE http://10.180.1.21:9696/networking/v2.0/security-groups/e5b08c9c-5db7-4bfc-9af0-60d781a4f7ea 0.344s
2025-01-16 01:36:43.399 68427 INFO tempest.lib.common.rest_client [req-a305a298-6edd-430b-9a5b-44319911f6e2 req-a305a298-6edd-430b-9a5b-44319911f6e2 ] Request (ServersTestFqdnHostnames:setUpClass): 201 POST http://10.180.1.21/identity/v3/auth/tokens 0.080s
2025-01-16 01:36:43.441 68401 INFO tempest.lib.common.rest_client [req-e98250b7-51a1-41af-ba40-69966187651d req-e98250b7-51a1-41af-ba40-69966187651d ] Request (InstanceUsageAuditLogNegativeTestJSON:setUpClass): 201 POST http://10.180.1.21/identity/v3/auth/tokens 0.104s
2025-01-16 01:36:43.466 68423 INFO tempest.lib.common.rest_client [req-c5883438-141e-4797-8447-c32d6a99cc56 req-c5883438-141e-4797-8447-c32d6a99cc56 ] Request (AttachInterfacesV270Test:tearDownClass): 200 GET http://10.180.1.21/compute/v2.1/servers/c69e62fb-7776-4064-a296-3e09564d780c 0.726s
2025-01-16 01:36:43.470 68437 INFO tempest.lib.common.rest_client [req-2b08aafa-37fb-46e5-aaab-4dfb5124d239 req-2b08aafa-37fb-46e5-aaab-4dfb5124d239 ] Request (ServerDiagnosticsV248Test:tearDownClass): 204 DELETE http://10.180.1.21/identity/v3/projects/753cba05079741f0a70ecb3c6f1d0673 0.110s
2025-01-16 01:36:43.470 68437 INFO tempest.lib.common.dynamic_creds [-] Deleting project and security group for project: c67855c7977a44ee9352bbbd6944cdc4
2025-01-16 01:36:43.507 68427 INFO tempest.lib.common.rest_client [req-448224e6-f3ab-41e8-af9e-192e010c9ac5 req-448224e6-f3ab-41e8-af9e-192e010c9ac5 ] Request (ServersTestFqdnHostnames:setUpClass): 200 GET http://10.180.1.21/identity/v3/domains?name=Default 0.108s
2025-01-16 01:36:43.561 68427 INFO tempest.lib.common.rest_client [req-77a2a1c8-a151-4fc6-8358-cf629fdb4920 req-77a2a1c8-a151-4fc6-8358-cf629fdb4920 ] Request (ServersTestFqdnHostnames:setUpClass): 201 POST http://10.180.1.21/identity/v3/projects 0.053s
2025-01-16 01:36:43.599 68437 INFO tempest.lib.common.rest_client [req-a0945355-3771-42f2-b0a3-a146f3636117 req-a0945355-3771-42f2-b0a3-a146f3636117 ] Request (ServerDiagnosticsV248Test:tearDownClass): 200 GET http://10.180.1.21:9696/networking/v2.0/security-groups?tenant_id=c67855c7977a44ee9352bbbd6944cdc4&name=default 0.129s
2025-01-16 01:36:43.649 68427 INFO tempest.lib.common.rest_client [req-67f030b8-10a4-4687-b43b-72be517fa432 req-67f030b8-10a4-4687-b43b-72be517fa432 ] Request (ServersTestFqdnHostnames:setUpClass): 201 POST http://10.180.1.21/identity/v3/users 0.087s
2025-01-16 01:36:43.654 68425 INFO tempest.lib.common.rest_client [req-ed9215dd-002b-4dd2-892e-066f3c33d64d req-ed9215dd-002b-4dd2-892e-066f3c33d64d ] Request (ServerDiskConfigTestJSON:test_rebuild_server_with_manual_disk_config): 202 POST http://10.180.1.21/compute/v2.1/servers 1.183s
2025-01-16 01:36:43.676 68427 INFO tempest.lib.common.rest_client [req-31a9c88f-f632-4ba3-a97b-c0824aec1b1f req-31a9c88f-f632-4ba3-a97b-c0824aec1b1f ] Request (ServersTestFqdnHostnames:setUpClass): 200 GET http://10.180.1.21/identity/v3/roles 0.026s
2025-01-16 01:36:43.677 68437 INFO tempest.lib.common.rest_client [req-6a2df4f9-b419-478d-be2a-9f1a9becbd6b req-6a2df4f9-b419-478d-be2a-9f1a9becbd6b ] Request (ServerDiagnosticsV248Test:tearDownClass): 204 DELETE http://10.180.1.21:9696/networking/v2.0/security-groups/4904800f-b541-4fa4-a618-49bda181515e 0.077s
2025-01-16 01:36:43.711 68427 INFO tempest.lib.common.rest_client [req-33c285d9-b9f8-477a-b91d-a25810996dd1 req-33c285d9-b9f8-477a-b91d-a25810996dd1 ] Request (ServersTestFqdnHostnames:setUpClass): 204 PUT http://10.180.1.21/identity/v3/projects/b522ef7a2b614120818edefd7a46c3a4/users/ddf89f7600214a1d85e904a36d727076/roles/687df479c950451cbc0f8d264be0baec 0.035s
2025-01-16 01:36:43.712 68427 INFO tempest.lib.common.dynamic_creds [-] Dynamic test user ddf89f7600214a1d85e904a36d727076 is created with scope project and roles: ['member']
