2024-10-21 20:27:51.818 63032 INFO tempest.lib.common.rest_client [req-05f5ce2f-c293-4ca3-b1a6-bac7a9db5d55 req-05f5ce2f-c293-4ca3-b1a6-bac7a9db5d55 ] Request (FloatingIPsAssociationTestJSON:setUpClass): 200 GET http://10.180.1.21/compute/v2.1/servers/e8f80847-a14d-4abd-af9f-84c62dd1e395 0.689s
2024-10-21 20:27:51.819 62992 INFO tempest.lib.common.rest_client [req-cae1789f-74b1-4607-8561-30be6359d4dd req-cae1789f-74b1-4607-8561-30be6359d4dd ] Request (AttachInterfacesUnderV243Test:test_add_remove_fixed_ip): 200 GET http://10.180.1.21/compute/v2.1/servers/e730e4f0-fe02-4926-8263-93c8a3065962 0.671s
2024-10-21 20:27:51.881 62996 INFO tempest.lib.common.rest_client [req-85dc51d1-ba38-4b92-8e2d-c1122a8391a0 req-85dc51d1-ba38-4b92-8e2d-c1122a8391a0 ] Request (ImagesOneServerNegativeTestJSON:setUpClass): 200 GET http://10.180.1.21/compute/v2.1/servers/e755857a-e0bc-40bf-bcbb-a416d243442b 0.686s
2024-10-21 20:27:51.891 63052 INFO tempest.lib.common.rest_client [req-0fa73491-cf12-45f1-b027-e7b9b929e932 req-0fa73491-cf12-45f1-b027-e7b9b929e932 ] Request (VolumesAdminNegativeTest:test_update_attached_volume_with_nonexistent_volume_in_uri): 200 GET http://10.180.1.21/compute/v2.1/servers/da9b45e9-618d-4e1e-9c49-3d702b2435e9 0.675s
2024-10-21 20:27:51.947 63008 INFO tempest.lib.common.rest_client [req-75eb2ca3-713e-4d09-af91-8d872650ddac req-75eb2ca3-713e-4d09-af91-8d872650ddac ] Request (ServerShowV257Test:test_rebuild_server): 200 GET http://10.180.1.21/compute/v2.1/servers/a8ceac07-6631-4ac6-b62a-7f3eac788f2b 0.677s
2024-10-21 20:27:51.962 63048 INFO tempest.lib.common.rest_client [req-f26d0568-98d8-4c68-b8b4-ee4ea52ab5b6 req-f26d0568-98d8-4c68-b8b4-ee4ea52ab5b6 ] Request (ServersTestFqdnHostnames:test_create_server_with_fqdn_name): 200 GET http://10.180.1.21/compute/v2.1/servers/a413174f-2a97-4c41-b512-e8ab562a25f4 0.644s
2024-10-21 20:27:52.027 63014 INFO tempest.lib.common.rest_client [req-3b396895-6326-4f33-be38-711f21e0d3f1 req-3b396895-6326-4f33-be38-711f21e0d3f1 ] Request (AttachInterfacesTestJSON:test_create_list_show_delete_interfaces_by_fixed_ip): 200 GET http://10.180.1.21/compute/v2.1/servers/3f46fa44-4410-4ca9-98d0-8efa4cf06d52 0.653s
2024-10-21 20:27:52.037 63018 INFO tempest.lib.common.rest_client [req-eddc4591-3705-416e-b191-8756e674f79b req-eddc4591-3705-416e-b191-8756e674f79b ] Request (MigrationsAdminTest:test_list_migrations_in_flavor_resize_situation): 200 GET http://10.180.1.21/compute/v2.1/servers/3d13009d-5e65-43e1-87b3-3cb3cfd014e6 0.446s
2024-10-21 20:27:52.054 63013 INFO tempest.lib.common.rest_client [req-fc901451-31ca-4786-b0db-e3cbb2be94af req-fc901451-31ca-4786-b0db-e3cbb2be94af ] Request (ListImageFiltersTestJSON:setUpClass): 404 GET http://10.180.1.21/compute/v2.1/servers/e5faf8e5-a5f6-4484-9304-7bbef03b33fc 0.307s
2024-10-21 20:27:52.055 63013 INFO tempest.test [-] raised in ListImageFiltersTestJSON.setUpClass. Invoking tearDownClass.
2024-10-21 20:27:52.080 63031 INFO tempest.lib.common.rest_client [req-902cc743-eaa3-41f6-8741-f924d74fa947 req-902cc743-eaa3-41f6-8741-f924d74fa947 ] Request (ServerRescueTestJSONUnderV235:setUpClass): 200 GET http://10.180.1.21/compute/v2.1/servers/eca070f0-dda0-4c51-b2d3-1251c517804a 0.409s
2024-10-21 20:27:52.098 63034 INFO tempest.lib.common.rest_client [req-acc1e648-746f-4dc5-92e6-39fe67b4e14c req-acc1e648-746f-4dc5-92e6-39fe67b4e14c ] Request (VolumesAssistedSnapshotsTest:tearDownClass): 200 PUT http://10.180.1.21:9696/networking/v2.0/routers/28ee66c9-d830-4a3f-a4a5-5d56c96b8cfa/remove_router_interface 1.955s
2024-10-21 20:27:52.137 62998 INFO tempest.lib.common.rest_client [req-95b3826e-7638-4a3c-a6a7-0599261e0863 req-95b3826e-7638-4a3c-a6a7-0599261e0863 ] Request (TenantUsagesTestJSON:setUpClass): 200 GET http://10.180.1.21/compute/v2.1/servers/b4b4b7d3-d78e-4c6d-986f-42dffacf0c5a 0.308s
2024-10-21 20:27:52.192 63004 INFO tempest.lib.common.rest_client [req-d5c9c643-93d1-4ddb-a6ce-d657a9d6bd4c req-d5c9c643-93d1-4ddb-a6ce-d657a9d6bd4c ] Request (InstanceActionsV221TestJSON:test_get_list_deleted_instance_actions): 200 GET http://10.180.1.21/compute/v2.1/servers/5fcbd37f-0568-43db-ae44-596eb4467391 0.290s
2024-10-21 20:27:52.251 63038 INFO tempest.lib.common.rest_client [req-a7f3436a-76ce-4921-8c97-4ad9751164bd req-a7f3436a-76ce-4921-8c97-4ad9751164bd ] Request (ServerPasswordTestJSON:setUpClass): 200 GET http://10.180.1.21/compute/v2.1/servers/5ef5c03c-6c22-4db6-95ad-6c407c0bca78 0.286s
2024-10-21 20:27:52.254 62990 INFO tempest.lib.common.rest_client [req-0789cad7-2b28-49a9-ae61-95afc06d1a0a req-0789cad7-2b28-49a9-ae61-95afc06d1a0a ] Request (DeleteServersAdminTestJSON:test_delete_server_while_in_error_state): 200 GET http://10.180.1.21/compute/v2.1/servers/2d028151-3d84-4195-9f93-28287dbfda09 0.500s
2024-10-21 20:27:52.260 62990 INFO tempest.common.waiters [-] State transition "BUILD/networking" ==> "BUILD/spawning" after 50 second wait
2024-10-21 20:27:52.304 63022 INFO tempest.lib.common.rest_client [req-1765fec8-95bf-4e41-a1b6-19370ec01610 req-1765fec8-95bf-4e41-a1b6-19370ec01610 ] Request (ServerMetadataTestJSON:setUpClass): 200 GET http://10.180.1.21/compute/v2.1/servers/250f2711-6f32-4c4d-9876-35a3a1c30d12 0.175s
2024-10-21 20:27:52.350 63002 INFO tempest.lib.common.rest_client [req-5a7803fc-d49b-4877-b1e6-3ffc3785561e req-5a7803fc-d49b-4877-b1e6-3ffc3785561e ] Request (ServerExternalEventsTest:test_create_server_external_events): 200 GET http://10.180.1.21/compute/v2.1/servers/50a480ed-f320-45d2-8ac9-a42d01614d11 0.192s
2024-10-21 20:27:52.403 63046 INFO tempest.lib.common.rest_client [req-85c6ae54-12a0-45e6-b801-ac41993accde req-85c6ae54-12a0-45e6-b801-ac41993accde ] Request (ImagesTestJSON:test_create_image_from_stopped_server): 200 GET http://10.180.1.21/compute/v2.1/servers/c4ccc036-4963-4499-8bbb-dad5c0e4687e 0.141s
2024-10-21 20:27:52.411 63010 INFO tempest.lib.common.rest_client [req-5ea5119d-1d8d-4ee7-b580-931144d8a649 req-5ea5119d-1d8d-4ee7-b580-931144d8a649 ] Request (ServersTestManualDisk:setUpClass): 201 POST http://10.180.1.21:9696/networking/v2.0/routers 0.834s
2024-10-21 20:27:52.416 63013 INFO tempest.lib.common.rest_client [req-cd9f6dc5-1184-4520-98df-b0a68c7e7118 req-cd9f6dc5-1184-4520-98df-b0a68c7e7118 ] Request (ListImageFiltersTestJSON:tearDownClass): 204 DELETE http://10.180.1.21/compute/v2.1/servers/b4e2a5f2-7225-47fa-883b-d892c92e3949 0.360s
2024-10-21 20:27:52.458 63028 INFO tempest.lib.common.rest_client [req-414d6c68-fd6e-4d84-b0f4-f4cbbad558bb req-414d6c68-fd6e-4d84-b0f4-f4cbbad558bb ] Request (InstanceActionsTestJSON:setUpClass): 200 GET http://10.180.1.21/compute/v2.1/servers/d81d5b85-fe31-43ec-91f6-7ff3251ff0c7 0.195s
2024-10-21 20:27:52.483 63020 INFO tempest.lib.common.rest_client [req-98565606-a900-4dac-9534-d0675cb9217c req-98565606-a900-4dac-9534-d0675cb9217c ] Request (ServersWithSpecificFlavorTestJSON:test_verify_created_server_ephemeral_disk): 200 GET http://10.180.1.21/compute/v2.1/servers/989db77e-169f-4b3b-a0b9-c4417f4e89c4 0.145s
2024-10-21 20:27:52.513 63040 INFO tempest.lib.common.rest_client [req-de016491-cfa2-4ae5-9290-c26c952b2e6b req-de016491-cfa2-4ae5-9290-c26c952b2e6b ] Request (ServersNegativeTestMultiTenantJSON:setUpClass): 200 GET http://10.180.1.21/compute/v2.1/servers/efaf8c7c-3f38-4a18-97e8-099da390c7d8 0.140s
2024-10-21 20:27:52.531 63013 INFO tempest.lib.common.rest_client [req-6d44bd9d-aa44-4ad8-b506-3de66f955240 req-6d44bd9d-aa44-4ad8-b506-3de66f955240 ] Request (ListImageFiltersTestJSON:tearDownClass): 404 GET http://10.180.1.21/compute/v2.1/servers/b4e2a5f2-7225-47fa-883b-d892c92e3949 0.114s
2024-10-21 20:27:52.554 63036 INFO tempest.lib.common.rest_client [req-8ecd5253-9f7a-4346-883a-a6adb12fdb54 req-8ecd5253-9f7a-4346-883a-a6adb12fdb54 ] Request (ServerDiskConfigTestJSON:test_rebuild_server_with_auto_disk_config): 200 GET http://10.180.1.21/compute/v2.1/servers/358d1c98-28ee-4f18-bd42-89a1e7687d03 0.143s
2024-10-21 20:27:52.571 63034 INFO tempest.lib.common.rest_client [req-92af42fb-e408-433b-a6d4-b94054ba6ce6 req-92af42fb-e408-433b-a6d4-b94054ba6ce6 ] Request (VolumesAssistedSnapshotsTest:tearDownClass): 204 DELETE http://10.180.1.21:9696/networking/v2.0/routers/28ee66c9-d830-4a3f-a4a5-5d56c96b8cfa 0.473s
2024-10-21 20:27:52.597 63050 INFO tempest.lib.common.rest_client [req-a6dc99ac-616a-4ea8-9366-84a3558ffb40 req-a6dc99ac-616a-4ea8-9366-84a3558ffb40 ] Request (ServerAddressesTestJSON:setUpClass): 200 GET http://10.180.1.21/compute/v2.1/servers/b6e236f9-c5fa-40e2-b445-49ca1fd6cbf4 0.167s
2024-10-21 20:27:52.703 63034 INFO tempest.lib.common.rest_client [req-95407c8e-2c1a-4d19-a980-f99385db5516 req-95407c8e-2c1a-4d19-a980-f99385db5516 ] Request (VolumesAssistedSnapshotsTest:tearDownClass): 204 DELETE http://10.180.1.21:9696/networking/v2.0/subnets/e10928ac-8b45-4866-8459-bdbdf9e76412 0.131s
2024-10-21 20:27:52.799 62994 INFO tempest.lib.common.rest_client [req-de7cb5ff-6d0c-4081-a077-2be54eb9f3d5 req-de7cb5ff-6d0c-4081-a077-2be54eb9f3d5 ] Request (ServersAdminNegativeTestJSON:setUpClass): 200 GET http://10.180.1.21/compute/v2.1/servers/3c8e531e-033c-4857-9865-b1024e143d44 0.317s
2024-10-21 20:27:52.822 63000 INFO tempest.lib.common.rest_client [req-387dba61-74c2-43ca-abdc-dff801500cee req-387dba61-74c2-43ca-abdc-dff801500cee ] Request (AttachVolumeShelveTestJSON:test_attach_volume_shelved_or_offload_server): 200 GET http://10.180.1.21/compute/v2.1/servers/365fe802-f5e1-47d6-807e-a3b1027def02 0.332s
2024-10-21 20:27:52.874 63013 INFO tempest.lib.common.rest_client [req-0ff2d6ef-94a6-4716-8c23-e4440a263305 req-0ff2d6ef-94a6-4716-8c23-e4440a263305 ] Request (ListImageFiltersTestJSON:tearDownClass): 204 DELETE http://10.180.1.21/compute/v2.1/images/cbb6811b-0ef2-473d-b7e7-c14b1f841bf6 0.342s
2024-10-21 20:27:52.891 63042 INFO tempest.lib.common.rest_client [req-e1ab7766-691d-4ffa-98f5-98247d8223a7 req-e1ab7766-691d-4ffa-98f5-98247d8223a7 ] Request (ServersTestJSON:test_create_server_specify_multibyte_character_name): 200 GET http://10.180.1.21/compute/v2.1/servers/a408799d-29a9-442f-9769-8f8438af8ae0 0.341s
2024-10-21 20:27:52.902 63042 INFO tempest.common.waiters [-] State transition "BUILD/scheduling" ==> "BUILD/None" after 47 second wait
2024-10-21 20:27:52.939 63034 INFO tempest.lib.common.rest_client [req-32872732-9c25-4d53-8976-3900b5387a8d req-32872732-9c25-4d53-8976-3900b5387a8d ] Request (VolumesAssistedSnapshotsTest:tearDownClass): 204 DELETE http://10.180.1.21:9696/networking/v2.0/networks/8555aabb-c648-4332-b28f-8c2ab44751bf 0.235s
2024-10-21 20:27:52.952 63006 INFO tempest.lib.common.rest_client [req-6ccc1b37-1347-4bbc-96e6-91ec48629c0f req-6ccc1b37-1347-4bbc-96e6-91ec48629c0f ] Request (SecurityGroupsTestJSON:test_list_security_groups_by_server): 200 GET http://10.180.1.21/compute/v2.1/servers/f10ff402-4308-4c75-af79-26e2942e0b92 0.306s
2024-10-21 20:27:52.967 63024 INFO tempest.lib.common.rest_client [req-89276bc3-2142-4f5d-ad0d-945d048a73a5 req-89276bc3-2142-4f5d-ad0d-945d048a73a5 ] Request (MultipleCreateTestJSON:test_multiple_create): 200 GET http://10.180.1.21/compute/v2.1/servers/11cf82b0-ea78-40b2-b737-dea8b8703ac3 0.216s
2024-10-21 20:27:53.016 62992 INFO tempest.lib.common.rest_client [req-eaebcc2c-0c14-4054-bce8-e10d59f06031 req-eaebcc2c-0c14-4054-bce8-e10d59f06031 ] Request (AttachInterfacesUnderV243Test:test_add_remove_fixed_ip): 200 GET http://10.180.1.21/compute/v2.1/servers/e730e4f0-fe02-4926-8263-93c8a3065962 0.191s
2024-10-21 20:27:53.033 63032 INFO tempest.lib.common.rest_client [req-053158b7-988a-45b3-bdb1-9f223ba82245 req-053158b7-988a-45b3-bdb1-9f223ba82245 ] Request (FloatingIPsAssociationTestJSON:setUpClass): 200 GET http://10.180.1.21/compute/v2.1/servers/e8f80847-a14d-4abd-af9f-84c62dd1e395 0.204s
2024-10-21 20:27:53.073 63013 INFO tempest.lib.common.rest_client [req-abe5b18b-d89a-48a5-b9da-f305dc64baee req-abe5b18b-d89a-48a5-b9da-f305dc64baee ] Request (ListImageFiltersTestJSON:tearDownClass): 204 DELETE http://10.180.1.21/compute/v2.1/images/c634f4d7-3423-43c5-8abc-053b3884e6ee 0.199s
2024-10-21 20:27:53.095 62996 INFO tempest.lib.common.rest_client [req-37abae0b-d6da-4d6b-a317-38e16c8e25f2 req-37abae0b-d6da-4d6b-a317-38e16c8e25f2 ] Request (ImagesOneServerNegativeTestJSON:setUpClass): 200 GET http://10.180.1.21/compute/v2.1/servers/e755857a-e0bc-40bf-bcbb-a416d243442b 0.205s
2024-10-21 20:27:53.137 63052 INFO tempest.lib.common.rest_client [req-af42abfd-7840-4257-9a66-00df613a1fe0 req-af42abfd-7840-4257-9a66-00df613a1fe0 ] Request (VolumesAdminNegativeTest:test_update_attached_volume_with_nonexistent_volume_in_uri): 200 GET http://10.180.1.21/compute/v2.1/servers/da9b45e9-618d-4e1e-9c49-3d702b2435e9 0.238s
2024-10-21 20:27:53.160 63008 INFO tempest.lib.common.rest_client [req-303fb130-e98a-463b-94c7-375001fb35c1 req-303fb130-e98a-463b-94c7-375001fb35c1 ] Request (ServerShowV257Test:test_rebuild_server): 200 GET http://10.180.1.21/compute/v2.1/servers/a8ceac07-6631-4ac6-b62a-7f3eac788f2b 0.202s
2024-10-21 20:27:53.193 63048 INFO tempest.lib.common.rest_client [req-35849cea-feb7-4840-a5c7-284875ba442b req-35849cea-feb7-4840-a5c7-284875ba442b ] Request (ServersTestFqdnHostnames:test_create_server_with_fqdn_name): 200 GET http://10.180.1.21/compute/v2.1/servers/a413174f-2a97-4c41-b512-e8ab562a25f4 0.222s
2024-10-21 20:27:53.221 63014 INFO tempest.lib.common.rest_client [req-7d46d505-fd60-42f2-a085-3d60bbd8d0fa req-7d46d505-fd60-42f2-a085-3d60bbd8d0fa ] Request (AttachInterfacesTestJSON:test_create_list_show_delete_interfaces_by_fixed_ip): 200 GET http://10.180.1.21/compute/v2.1/servers/3f46fa44-4410-4ca9-98d0-8efa4cf06d52 0.185s
2024-10-21 20:27:53.260 63018 INFO tempest.lib.common.rest_client [req-7c681826-c9d3-4ed1-afd6-50f0a760aa8d req-7c681826-c9d3-4ed1-afd6-50f0a760aa8d ] Request (MigrationsAdminTest:test_list_migrations_in_flavor_resize_situation): 200 GET http://10.180.1.21/compute/v2.1/servers/3d13009d-5e65-43e1-87b3-3cb3cfd014e6 0.212s
2024-10-21 20:27:53.270 63013 INFO tempest.lib.common.rest_client [req-7096d03f-cacb-4262-9737-5c3b1bc85792 req-7096d03f-cacb-4262-9737-5c3b1bc85792 ] Request (ListImageFiltersTestJSON:tearDownClass): 204 DELETE http://10.180.1.21/compute/v2.1/images/9a919239-a248-4415-b12b-8b26475fe999 0.196s
2024-10-21 20:27:53.315 63031 INFO tempest.lib.common.rest_client [req-23c0c9ea-3585-4e7c-b27d-05276adf0eb6 req-23c0c9ea-3585-4e7c-b27d-05276adf0eb6 ] Request (ServerRescueTestJSONUnderV235:setUpClass): 200 GET http://10.180.1.21/compute/v2.1/servers/eca070f0-dda0-4c51-b2d3-1251c517804a 0.227s
2024-10-21 20:27:53.333 62998 INFO tempest.lib.common.rest_client [req-549b1758-c919-4f3c-84b6-0c40d6fd2b25 req-549b1758-c919-4f3c-84b6-0c40d6fd2b25 ] Request (TenantUsagesTestJSON:setUpClass): 200 GET http://10.180.1.21/compute/v2.1/servers/b4b4b7d3-d78e-4c6d-986f-42dffacf0c5a 0.190s
2024-10-21 20:27:53.359 63013 INFO tempest.lib.common.rest_client [req-bd418eee-6f61-41ab-80cb-717dd9710de7 req-bd418eee-6f61-41ab-80cb-717dd9710de7 ] Request (ListImageFiltersTestJSON:tearDownClass): 204 DELETE http://10.180.1.21/identity/v3/users/9161502f8ef248dc838ea5849b6b2df1 0.089s
2024-10-21 20:27:53.359 63013 INFO tempest.lib.common.dynamic_creds [-] Deleting project and security group for project: e5fec1826285462eb1b1cffe04756f2a
2024-10-21 20:27:53.382 63004 INFO tempest.lib.common.rest_client [req-366bef46-9410-4f6e-a174-1b03f041d366 req-366bef46-9410-4f6e-a174-1b03f041d366 ] Request (InstanceActionsV221TestJSON:test_get_list_deleted_instance_actions): 200 GET http://10.180.1.21/compute/v2.1/servers/5fcbd37f-0568-43db-ae44-596eb4467391 0.182s
2024-10-21 20:27:53.390 63038 INFO tempest.lib.common.rest_client [req-d171ff95-cd06-49bb-a60e-20352f7365fa req-d171ff95-cd06-49bb-a60e-20352f7365fa ] Request (ServerPasswordTestJSON:setUpClass): 200 GET http://10.180.1.21/compute/v2.1/servers/5ef5c03c-6c22-4db6-95ad-6c407c0bca78 0.132s
2024-10-21 20:27:53.434 63013 INFO tempest.lib.common.rest_client [req-4b730b99-7437-4b2d-90fd-7a78f6c8f267 req-4b730b99-7437-4b2d-90fd-7a78f6c8f267 ] Request (ListImageFiltersTestJSON:tearDownClass): 201 POST http://10.180.1.21/identity/v3/auth/tokens 0.074s
2024-10-21 20:27:53.470 63022 INFO tempest.lib.common.rest_client [req-4b6888e8-72e2-4597-a7f3-d7371ba9a7cf req-4b6888e8-72e2-4597-a7f3-d7371ba9a7cf ] Request (ServerMetadataTestJSON:setUpClass): 200 GET http://10.180.1.21/compute/v2.1/servers/250f2711-6f32-4c4d-9876-35a3a1c30d12 0.159s
2024-10-21 20:27:53.536 63002 INFO tempest.lib.common.rest_client [req-8a7bce4f-95ba-49a2-8b56-4820e5e2d981 req-8a7bce4f-95ba-49a2-8b56-4820e5e2d981 ] Request (ServerExternalEventsTest:test_create_server_external_events): 200 GET http://10.180.1.21/compute/v2.1/servers/50a480ed-f320-45d2-8ac9-a42d01614d11 0.178s
2024-10-21 20:27:53.604 62990 INFO tempest.lib.common.rest_client [req-b247163e-9a9f-49bd-b1c4-2d332f131271 req-b247163e-9a9f-49bd-b1c4-2d332f131271 ] Request (DeleteServersAdminTestJSON:test_delete_server_while_in_error_state): 200 GET http://10.180.1.21/compute/v2.1/servers/2d028151-3d84-4195-9f93-28287dbfda09 0.342s
2024-10-21 20:27:53.629 63013 INFO tempest.lib.common.rest_client [req-140f785a-0a5f-4e06-80f9-c8a0c54ac7dd req-140f785a-0a5f-4e06-80f9-c8a0c54ac7dd ] Request (ListImageFiltersTestJSON:tearDownClass): 200 GET http://10.180.1.21:9696/networking/v2.0/security-groups?tenant_id=e5fec1826285462eb1b1cffe04756f2a&name=default 0.194s
2024-10-21 20:27:53.640 63046 INFO tempest.lib.common.rest_client [req-81382400-98f1-44ac-87f2-ef801bc38677 req-81382400-98f1-44ac-87f2-ef801bc38677 ] Request (ImagesTestJSON:test_create_image_from_stopped_server): 200 GET http://10.180.1.21/compute/v2.1/servers/c4ccc036-4963-4499-8bbb-dad5c0e4687e 0.229s
2024-10-21 20:27:53.666 63028 INFO tempest.lib.common.rest_client [req-a4ee5066-655d-4aab-9a47-73bdc6c7bcb7 req-a4ee5066-655d-4aab-9a47-73bdc6c7bcb7 ] Request (InstanceActionsTestJSON:setUpClass): 200 GET http://10.180.1.21/compute/v2.1/servers/d81d5b85-fe31-43ec-91f6-7ff3251ff0c7 0.199s
2024-10-21 20:27:53.743 63040 INFO tempest.lib.common.rest_client [req-07cd18f9-9eb1-46e6-9033-452c13c5b9c7 req-07cd18f9-9eb1-46e6-9033-452c13c5b9c7 ] Request (ServersNegativeTestMultiTenantJSON:setUpClass): 200 GET http://10.180.1.21/compute/v2.1/servers/efaf8c7c-3f38-4a18-97e8-099da390c7d8 0.221s
2024-10-21 20:27:53.818 63036 INFO tempest.lib.common.rest_client [req-29de2fc2-cb1b-4236-91b2-039299b9175d req-29de2fc2-cb1b-4236-91b2-039299b9175d ] Request (ServerDiskConfigTestJSON:test_rebuild_server_with_auto_disk_config): 200 GET http://10.180.1.21/compute/v2.1/servers/358d1c98-28ee-4f18-bd42-89a1e7687d03 0.254s
2024-10-21 20:27:53.824 63013 INFO tempest.lib.common.rest_client [req-657bbc43-73b8-4062-9aa2-7fe9fb0b89d3 req-657bbc43-73b8-4062-9aa2-7fe9fb0b89d3 ] Request (ListImageFiltersTestJSON:tearDownClass): 204 DELETE http://10.180.1.21:9696/networking/v2.0/security-groups/e0c36d12-4cfb-4c86-8a65-a91d3e7aa639 0.194s
2024-10-21 20:27:53.893 63034 INFO tempest.lib.common.rest_client [req-062e3fb5-55f0-4f4e-a68d-c368605e6d6b req-062e3fb5-55f0-4f4e-a68d-c368605e6d6b ] Request (VolumesAssistedSnapshotsTest:tearDownClass): 200 PUT http://10.180.1.21:9696/networking/v2.0/routers/a6da84b9-b54f-471a-8d98-4c1e3bd673cc/remove_router_interface 0.954s
2024-10-21 20:27:53.894 63050 INFO tempest.lib.common.rest_client [req-2c4e7031-fa8e-4983-bbf6-9d00199ba048 req-2c4e7031-fa8e-4983-bbf6-9d00199ba048 ] Request (ServerAddressesTestJSON:setUpClass): 200 GET http://10.180.1.21/compute/v2.1/servers/b6e236f9-c5fa-40e2-b445-49ca1fd6cbf4 0.284s
2024-10-21 20:27:53.936 63020 INFO tempest.lib.common.rest_client [req-bec06a66-d3bf-442c-a2b0-428e3e97b66b req-bec06a66-d3bf-442c-a2b0-428e3e97b66b ] Request (ServersWithSpecificFlavorTestJSON:test_verify_created_server_ephemeral_disk): 200 GET http://10.180.1.21/compute/v2.1/servers/989db77e-169f-4b3b-a0b9-c4417f4e89c4 0.445s
2024-10-21 20:27:53.943 63013 INFO tempest.lib.common.rest_client [req-892a0fe8-e7cc-40a1-86e8-9152f1a65304 req-892a0fe8-e7cc-40a1-86e8-9152f1a65304 ] Request (ListImageFiltersTestJSON:tearDownClass): 204 DELETE http://10.180.1.21/identity/v3/projects/e5fec1826285462eb1b1cffe04756f2a 0.119s
2024-10-21 20:27:53.945 63020 INFO tempest.common.waiters [-] State transition "BUILD/None" ==> "BUILD/networking" after 50 second wait
2024-10-21 20:27:53.954 62994 INFO tempest.lib.common.rest_client [req-f45d3893-6815-48c4-952f-edf3bca58116 req-f45d3893-6815-48c4-952f-edf3bca58116 ] Request (ServersAdminNegativeTestJSON:setUpClass): 200 GET http://10.180.1.21/compute/v2.1/servers/3c8e531e-033c-4857-9865-b1024e143d44 0.142s
2024-10-21 20:27:54.003 63000 INFO tempest.lib.common.rest_client [req-73b1ce62-25af-4d5d-9df2-29cfe0e01655 req-73b1ce62-25af-4d5d-9df2-29cfe0e01655 ] Request (AttachVolumeShelveTestJSON:test_attach_volume_shelved_or_offload_server): 200 GET http://10.180.1.21/compute/v2.1/servers/365fe802-f5e1-47d6-807e-a3b1027def02 0.164s
2024-10-21 20:27:54.033 63042 INFO tempest.lib.common.rest_client [req-5840c79c-66f0-4176-88dc-f106dbf0454b req-5840c79c-66f0-4176-88dc-f106dbf0454b ] Request (ServersTestJSON:test_create_server_specify_multibyte_character_name): 200 GET http://10.180.1.21/compute/v2.1/servers/a408799d-29a9-442f-9769-8f8438af8ae0 0.129s
2024-10-21 20:27:54.044 63013 INFO tempest.lib.common.rest_client [req-72041751-a9cf-43e3-9fe5-be310f371271 req-72041751-a9cf-43e3-9fe5-be310f371271 ] Request (ListImageFiltersNegativeTestJSON:setUpClass): 201 POST http://10.180.1.21/identity/v3/auth/tokens 0.096s
2024-10-21 20:27:54.071 63006 INFO tempest.lib.common.rest_client [req-88c9f7e4-00ad-4b8f-9085-22b13aaf101c req-88c9f7e4-00ad-4b8f-9085-22b13aaf101c ] Request (SecurityGroupsTestJSON:test_list_security_groups_by_server): 200 GET http://10.180.1.21/compute/v2.1/servers/f10ff402-4308-4c75-af79-26e2942e0b92 0.111s
2024-10-21 20:27:54.092 63013 INFO tempest.lib.common.rest_client [req-afe2751c-12db-4c4f-a39e-02d29f0e610e req-afe2751c-12db-4c4f-a39e-02d29f0e610e ] Request (ListImageFiltersNegativeTestJSON:setUpClass): 201 POST http://10.180.1.21/identity/v3/auth/tokens 0.044s
2024-10-21 20:27:54.120 63013 INFO tempest.lib.common.rest_client [req-f0b156fc-65ad-4ca4-b80e-82fd4885777f req-f0b156fc-65ad-4ca4-b80e-82fd4885777f ] Request (ListImageFiltersNegativeTestJSON:setUpClass): 200 GET http://10.180.1.21/identity/v3/domains?name=Default 0.028s
2024-10-21 20:27:54.127 63024 INFO tempest.lib.common.rest_client [req-1ffe12a7-caf6-4ece-81c9-89a7a647de33 req-1ffe12a7-caf6-4ece-81c9-89a7a647de33 ] Request (MultipleCreateTestJSON:test_multiple_create): 200 GET http://10.180.1.21/compute/v2.1/servers/11cf82b0-ea78-40b2-b737-dea8b8703ac3 0.152s
2024-10-21 20:27:54.145 62992 INFO tempest.lib.common.rest_client [req-43764539-11ae-4bc1-a107-f4fc5fc48378 req-43764539-11ae-4bc1-a107-f4fc5fc48378 ] Request (AttachInterfacesUnderV243Test:test_add_remove_fixed_ip): 200 GET http://10.180.1.21/compute/v2.1/servers/e730e4f0-fe02-4926-8263-93c8a3065962 0.120s
2024-10-21 20:27:54.158 63013 INFO tempest.lib.common.rest_client [req-1329a26d-a85d-4461-ba37-d9555303422d req-1329a26d-a85d-4461-ba37-d9555303422d ] Request (ListImageFiltersNegativeTestJSON:setUpClass): 201 POST http://10.180.1.21/identity/v3/projects 0.038s
2024-10-21 20:27:54.197 63032 INFO tempest.lib.common.rest_client [req-a602855d-2a71-44e5-9254-694d876b448b req-a602855d-2a71-44e5-9254-694d876b448b ] Request (FloatingIPsAssociationTestJSON:setUpClass): 200 GET http://10.180.1.21/compute/v2.1/servers/e8f80847-a14d-4abd-af9f-84c62dd1e395 0.152s
2024-10-21 20:27:54.216 62996 INFO tempest.lib.common.rest_client [req-00271eda-32aa-4db2-ad3d-f0f74ef845e7 req-00271eda-32aa-4db2-ad3d-f0f74ef845e7 ] Request (ImagesOneServerNegativeTestJSON:setUpClass): 200 GET http://10.180.1.21/compute/v2.1/servers/e755857a-e0bc-40bf-bcbb-a416d243442b 0.112s
2024-10-21 20:27:54.239 63013 INFO tempest.lib.common.rest_client [req-10cedb2b-5a50-4ce3-9824-10e1b06265a7 req-10cedb2b-5a50-4ce3-9824-10e1b06265a7 ] Request (ListImageFiltersNegativeTestJSON:setUpClass): 201 POST http://10.180.1.21/identity/v3/users 0.080s
2024-10-21 20:27:54.261 63013 INFO tempest.lib.common.rest_client [req-fa896f7f-4ec3-4e83-9bf2-7d107da060b8 req-fa896f7f-4ec3-4e83-9bf2-7d107da060b8 ] Request (ListImageFiltersNegativeTestJSON:setUpClass): 200 GET http://10.180.1.21/identity/v3/roles 0.022s
2024-10-21 20:27:54.265 63052 INFO tempest.lib.common.rest_client [req-e09474a8-3da4-4420-96a8-416d55fb16b0 req-e09474a8-3da4-4420-96a8-416d55fb16b0 ] Request (VolumesAdminNegativeTest:test_update_attached_volume_with_nonexistent_volume_in_uri): 200 GET http://10.180.1.21/compute/v2.1/servers/da9b45e9-618d-4e1e-9c49-3d702b2435e9 0.121s
2024-10-21 20:27:54.283 63008 INFO tempest.lib.common.rest_client [req-3fa1a48a-916b-4e72-9255-7c7d355922e0 req-3fa1a48a-916b-4e72-9255-7c7d355922e0 ] Request (ServerShowV257Test:test_rebuild_server): 200 GET http://10.180.1.21/compute/v2.1/servers/a8ceac07-6631-4ac6-b62a-7f3eac788f2b 0.112s
2024-10-21 20:27:54.291 63013 INFO tempest.lib.common.rest_client [req-c4cdb211-39fe-4e0d-964c-34c6b22cdba2 req-c4cdb211-39fe-4e0d-964c-34c6b22cdba2 ] Request (ListImageFiltersNegativeTestJSON:setUpClass): 204 PUT http://10.180.1.21/identity/v3/projects/e2a27989110f42c6bac2610a18152e35/users/42125dc319a4460ebebb7df62989b090/roles/8316f4483b904f12a32642243013693a 0.029s
2024-10-21 20:27:54.292 63013 INFO tempest.lib.common.dynamic_creds [-] Dynamic test user 42125dc319a4460ebebb7df62989b090 is created with scope project and roles: ['member']
2024-10-21 20:27:54.292 63013 INFO tempest.lib.common.dynamic_creds [-] Acquired dynamic creds: credentials: Credentials: {'domain_id': 'default', 'domain_name': 'Default', 'username': 'tempest-ListImageFiltersNegativeTestJSON-240173108-project-member', 'project_domain_id': 'default', 'project_domain_name': 'Default', 'project_id': 'e2a27989110f42c6bac2610a18152e35', 'project_name': 'tempest-ListImageFiltersNegativeTestJSON-240173108', 'tenant_id': 'e2a27989110f42c6bac2610a18152e35', 'tenant_name': 'tempest-ListImageFiltersNegativeTestJSON-240173108', 'user_domain_id': 'default', 'user_domain_name': 'Default', 'user_id': '42125dc319a4460ebebb7df62989b090', 'system': None}, Network: None, Subnet: None, Router: None
2024-10-21 20:27:54.292 63013 INFO tempest.lib.common.dynamic_creds [-] Created isolated network resources for: credentials: Credentials: {'domain_id': 'default', 'domain_name': 'Default', 'username': 'tempest-ListImageFiltersNegativeTestJSON-240173108-project-member', 'project_domain_id': 'default', 'project_domain_name': 'Default', 'project_id': 'e2a27989110f42c6bac2610a18152e35', 'project_name': 'tempest-ListImageFiltersNegativeTestJSON-240173108', 'tenant_id': 'e2a27989110f42c6bac2610a18152e35', 'tenant_name': 'tempest-ListImageFiltersNegativeTestJSON-240173108', 'user_domain_id': 'default', 'user_domain_name': 'Default', 'user_id': '42125dc319a4460ebebb7df62989b090', 'system': None}, Network: None, Subnet: None, Router: None
2024-10-21 20:27:54.336 63048 INFO tempest.lib.common.rest_client [req-91ce1ee5-8502-413a-b551-dd41754e90ac req-91ce1ee5-8502-413a-b551-dd41754e90ac ] Request (ServersTestFqdnHostnames:test_create_server_with_fqdn_name): 200 GET http://10.180.1.21/compute/v2.1/servers/a413174f-2a97-4c41-b512-e8ab562a25f4 0.136s
2024-10-21 20:27:54.346 63014 INFO tempest.lib.common.rest_client [req-b44ebdc4-7ad0-4659-88e7-2d4ab73ef2ec req-b44ebdc4-7ad0-4659-88e7-2d4ab73ef2ec ] Request (AttachInterfacesTestJSON:test_create_list_show_delete_interfaces_by_fixed_ip): 200 GET http://10.180.1.21/compute/v2.1/servers/3f46fa44-4410-4ca9-98d0-8efa4cf06d52 0.115s
2024-10-21 20:27:54.356 63013 INFO tempest.lib.common.rest_client [req-f45fd921-fa02-4ece-92b6-6326dcc3b95c req-f45fd921-fa02-4ece-92b6-6326dcc3b95c ] Request (ListImageFiltersNegativeTestJSON:setUpClass): 201 POST http://10.180.1.21/identity/v3/auth/tokens 0.061s
2024-10-21 20:27:54.381 63018 INFO tempest.lib.common.rest_client [req-f9008f6e-842a-4b52-a757-7eb308ccdbd7 req-f9008f6e-842a-4b52-a757-7eb308ccdbd7 ] Request (MigrationsAdminTest:test_list_migrations_in_flavor_resize_situation): 200 GET http://10.180.1.21/compute/v2.1/servers/3d13009d-5e65-43e1-87b3-3cb3cfd014e6 0.111s
2024-10-21 20:27:54.404 63031 INFO tempest.lib.common.rest_client [req-92cf6a92-8083-435e-a8b1-4e9491d86c49 req-92cf6a92-8083-435e-a8b1-4e9491d86c49 ] Request (ServerRescueTestJSONUnderV235:setUpClass): 200 GET http://10.180.1.21/compute/v2.1/servers/eca070f0-dda0-4c51-b2d3-1251c517804a 0.080s
2024-10-21 20:27:54.429 62998 INFO tempest.lib.common.rest_client [req-e636c0c9-3b80-4ce2-9b47-7d5f74175b8e req-e636c0c9-3b80-4ce2-9b47-7d5f74175b8e ] Request (TenantUsagesTestJSON:setUpClass): 200 GET http://10.180.1.21/compute/v2.1/servers/b4b4b7d3-d78e-4c6d-986f-42dffacf0c5a 0.087s
2024-10-21 20:27:54.482 63013 INFO tempest.lib.common.rest_client [req-d7175fe5-2769-4c3e-8ac3-d9c8dcf6e9f5 req-d7175fe5-2769-4c3e-8ac3-d9c8dcf6e9f5 ] Request (ListImageFiltersNegativeTestJSON:test_get_nonexistent_image): 404 GET http://10.180.1.21/compute/v2.1/images/b478787a-5ba5-418b-850d-f3368a90206b 0.124s
2024-10-21 20:27:54.484 63004 INFO tempest.lib.common.rest_client [req-dab94e62-97c3-450a-a779-22c692c001c1 req-dab94e62-97c3-450a-a779-22c692c001c1 ] Request (InstanceActionsV221TestJSON:test_get_list_deleted_instance_actions): 200 GET http://10.180.1.21/compute/v2.1/servers/5fcbd37f-0568-43db-ae44-596eb4467391 0.092s
2024-10-21 20:27:54.539 63010 INFO tempest.lib.common.rest_client [req-6b24a8fd-e36e-4cba-a4ff-738b52b94387 req-6b24a8fd-e36e-4cba-a4ff-738b52b94387 ] Request (ServersTestManualDisk:setUpClass): 200 PUT http://10.180.1.21:9696/networking/v2.0/routers/f0667e80-6763-4daf-a0bb-77810b154eed/add_router_interface 2.127s
2024-10-21 20:27:54.539 63010 INFO tempest.lib.common.dynamic_creds [-] Created isolated network resources for: credentials: Credentials: {'domain_id': 'default', 'domain_name': 'Default', 'username': 'tempest-ServersTestManualDisk-1420849830-project-member', 'project_domain_id': 'default', 'project_domain_name': 'Default', 'project_id': 'ad0eda57d7b847d8b298ecbc7deb8bad', 'project_name': 'tempest-ServersTestManualDisk-1420849830', 'tenant_id': 'ad0eda57d7b847d8b298ecbc7deb8bad', 'tenant_name': 'tempest-ServersTestManualDisk-1420849830', 'user_domain_id': 'default', 'user_domain_name': 'Default', 'user_id': 'e59df77fc9bd49788aa7351eb53f80ec', 'system': None}, Network: {'id': 'e9be3e29-0ee5-4d57-8832-f260fb44af21', 'name': 'tempest-ServersTestManualDisk-1378168625-network', 'tenant_id': 'ad0eda57d7b847d8b298ecbc7deb8bad', 'admin_state_up': True, 'mtu': 8950, 'status': 'ACTIVE', 'subnets': [], 'shared': False, 'project_id': 'ad0eda57d7b847d8b298ecbc7deb8bad', 'port_security_enabled': True, 'router:external': False, 'provider:network_type': 'vlan', 'provider:physical_network': 'default', 'provider:segmentation_id': 579, 'is_default': False, 'availability_zone_hints': [], 'availability_zones': [], 'ipv4_address_scope': None, 'ipv6_address_scope': None, 'description': '', 'tags': [], 'created_at': '2024-10-21T20:27:51Z', 'updated_at': '2024-10-21T20:27:51Z', 'revision_number': 1}, Subnet: {'id': 'f51fe79c-b78f-4e1b-8c64-936fc7b94379', 'name': 'tempest-ServersTestManualDisk-1378168625-subnet', 'tenant_id': 'ad0eda57d7b847d8b298ecbc7deb8bad', 'network_id': 'e9be3e29-0ee5-4d57-8832-f260fb44af21', 'ip_version': 4, 'subnetpool_id': None, 'enable_dhcp': True, 'ipv6_ra_mode': None, 'ipv6_address_mode': None, 'gateway_ip': '192.168.128.1', 'cidr': '192.168.128.0/28', 'allocation_pools': [{'start': '192.168.128.2', 'end': '192.168.128.14'}], 'host_routes': [], 'dns_nameservers': [], 'description': '', 'router:external': False, 'service_types': [], 'tags': [], 'created_at': '2024-10-21T20:27:51Z', 'updated_at': '2024-10-21T20:27:51Z', 'revision_number': 0, 'project_id': 'ad0eda57d7b847d8b298ecbc7deb8bad'}, Router: {'id': 'f0667e80-6763-4daf-a0bb-77810b154eed', 'name': 'tempest-ServersTestManualDisk-1378168625-router', 'tenant_id': 'ad0eda57d7b847d8b298ecbc7deb8bad', 'admin_state_up': True, 'status': 'ACTIVE', 'external_gateway_info': {'network_id': '1d1914a0-93ea-4919-a41d-bc68ea2b124f', 'external_fixed_ips': [{'subnet_id': 'be49cec6-5107-4b4d-bff7-39bded047715', 'ip_address': '10.180.180.249'}], 'enable_snat': True}, 'description': '', 'availability_zones': [], 'distributed': False, 'ha': False, 'availability_zone_hints': [], 'routes': [], 'flavor_id': None, 'tags': [], 'created_at': '2024-10-21T20:27:51Z', 'updated_at': '2024-10-21T20:27:52Z', 'revision_number': 2, 'project_id': 'ad0eda57d7b847d8b298ecbc7deb8bad'}
2024-10-21 20:27:54.546 63022 INFO tempest.lib.common.rest_client [req-8776d889-e18e-49cf-96ed-f519a00f7421 req-8776d889-e18e-49cf-96ed-f519a00f7421 ] Request (ServerMetadataTestJSON:setUpClass): 200 GET http://10.180.1.21/compute/v2.1/servers/250f2711-6f32-4c4d-9876-35a3a1c30d12 0.067s
2024-10-21 20:27:54.551 63038 INFO tempest.lib.common.rest_client [req-d437c4a6-fd54-44e3-9e94-fdbaa90f858d req-d437c4a6-fd54-44e3-9e94-fdbaa90f858d ] Request (ServerPasswordTestJSON:setUpClass): 200 GET http://10.180.1.21/compute/v2.1/servers/5ef5c03c-6c22-4db6-95ad-6c407c0bca78 0.153s
2024-10-21 20:27:54.588 63034 INFO tempest.lib.common.rest_client [req-526168d2-da0c-453b-bf57-0d33040ad9d2 req-526168d2-da0c-453b-bf57-0d33040ad9d2 ] Request (VolumesAssistedSnapshotsTest:tearDownClass): 204 DELETE http://10.180.1.21:9696/networking/v2.0/routers/a6da84b9-b54f-471a-8d98-4c1e3bd673cc 0.695s
2024-10-21 20:27:54.613 63002 INFO tempest.lib.common.rest_client [req-c7207b51-9908-4c53-8f72-b098ac9880ce req-c7207b51-9908-4c53-8f72-b098ac9880ce ] Request (ServerExternalEventsTest:test_create_server_external_events): 200 GET http://10.180.1.21/compute/v2.1/servers/50a480ed-f320-45d2-8ac9-a42d01614d11 0.068s
2024-10-21 20:27:54.621 63013 INFO tempest.lib.common.rest_client [req-6eec3851-f596-473f-be8b-107d418bc051 req-6eec3851-f596-473f-be8b-107d418bc051 ] Request (ListImageFiltersNegativeTestJSON:tearDownClass): 204 DELETE http://10.180.1.21/identity/v3/users/42125dc319a4460ebebb7df62989b090 0.138s
2024-10-21 20:27:54.622 63013 INFO tempest.lib.common.dynamic_creds [-] Deleting project and security group for project: e2a27989110f42c6bac2610a18152e35
2024-10-21 20:27:54.641 63010 INFO tempest.lib.common.rest_client [req-8c77f394-a7e9-4fca-8335-bffd70305243 req-8c77f394-a7e9-4fca-8335-bffd70305243 ] Request (ServersTestManualDisk:setUpClass): 201 POST http://10.180.1.21/identity/v3/auth/tokens 0.099s
2024-10-21 20:27:54.675 63013 INFO tempest.lib.common.rest_client [req-c0eba081-a81c-4ff9-98c4-68f66a725e8a req-c0eba081-a81c-4ff9-98c4-68f66a725e8a ] Request (ListImageFiltersNegativeTestJSON:tearDownClass): 201 POST http://10.180.1.21/identity/v3/auth/tokens 0.053s
2024-10-21 20:27:54.696 62990 INFO tempest.lib.common.rest_client [req-a784b1e3-8ca1-4c4d-b6f3-60f0b222a3df req-a784b1e3-8ca1-4c4d-b6f3-60f0b222a3df ] Request (DeleteServersAdminTestJSON:test_delete_server_while_in_error_state): 200 GET http://10.180.1.21/compute/v2.1/servers/2d028151-3d84-4195-9f93-28287dbfda09 0.081s
2024-10-21 20:27:54.765 63046 INFO tempest.lib.common.rest_client [req-1a497525-7baf-4a09-bcde-4a2baac88c14 req-1a497525-7baf-4a09-bcde-4a2baac88c14 ] Request (ImagesTestJSON:test_create_image_from_stopped_server): 200 GET http://10.180.1.21/compute/v2.1/servers/c4ccc036-4963-4499-8bbb-dad5c0e4687e 0.118s
2024-10-21 20:27:54.801 63034 INFO tempest.lib.common.rest_client [req-5904dd84-ecba-493c-87df-0411c29c8364 req-5904dd84-ecba-493c-87df-0411c29c8364 ] Request (VolumesAssistedSnapshotsTest:tearDownClass): 204 DELETE http://10.180.1.21:9696/networking/v2.0/subnets/750a9417-da73-4ba9-8aef-b66006672133 0.213s
2024-10-21 20:27:54.814 63010 INFO tempest.lib.common.rest_client [req-77aa66c3-8320-40e8-8741-b5c2f6910b95 req-77aa66c3-8320-40e8-8741-b5c2f6910b95 ] Request (ServersTestManualDisk:setUpClass): 200 POST http://10.180.1.21/compute/v2.1/os-keypairs 0.171s
2024-10-21 20:27:54.841 63028 INFO tempest.lib.common.rest_client [req-b0268ddb-4756-4f87-a413-a254316153be req-b0268ddb-4756-4f87-a413-a254316153be ] Request (InstanceActionsTestJSON:setUpClass): 200 GET http://10.180.1.21/compute/v2.1/servers/d81d5b85-fe31-43ec-91f6-7ff3251ff0c7 0.165s
2024-10-21 20:27:54.867 63040 INFO tempest.lib.common.rest_client [req-d4e4c88d-e1a5-4083-8577-7e3ac1df922d req-d4e4c88d-e1a5-4083-8577-7e3ac1df922d ] Request (ServersNegativeTestMultiTenantJSON:setUpClass): 200 GET http://10.180.1.21/compute/v2.1/servers/efaf8c7c-3f38-4a18-97e8-099da390c7d8 0.114s
2024-10-21 20:27:54.900 63036 INFO tempest.lib.common.rest_client [req-1b04b0db-7049-4ea0-806c-5e86587673bf req-1b04b0db-7049-4ea0-806c-5e86587673bf ] Request (ServerDiskConfigTestJSON:test_rebuild_server_with_auto_disk_config): 200 GET http://10.180.1.21/compute/v2.1/servers/358d1c98-28ee-4f18-bd42-89a1e7687d03 0.074s
2024-10-21 20:27:54.928 63013 INFO tempest.lib.common.rest_client [req-c025a67b-7208-41bc-bc29-ddd9992a019b req-c025a67b-7208-41bc-bc29-ddd9992a019b ] Request (ListImageFiltersNegativeTestJSON:tearDownClass): 200 GET http://10.180.1.21:9696/networking/v2.0/security-groups?tenant_id=e2a27989110f42c6bac2610a18152e35&name=default 0.253s
2024-10-21 20:27:54.955 63050 INFO tempest.lib.common.rest_client [req-1399d82e-3a6c-4ba0-a28a-3c79db7ea571 req-1399d82e-3a6c-4ba0-a28a-3c79db7ea571 ] Request (ServerAddressesTestJSON:setUpClass): 200 GET http://10.180.1.21/compute/v2.1/servers/b6e236f9-c5fa-40e2-b445-49ca1fd6cbf4 0.052s
2024-10-21 20:27:54.970 63010 INFO tempest.lib.common.rest_client [req-7fb7c3c6-cd45-4215-8c66-77b1e3e7c773 req-7fb7c3c6-cd45-4215-8c66-77b1e3e7c773 ] Request (ServersTestManualDisk:setUpClass): 201 POST http://10.180.1.21:9696/networking/v2.0/security-groups 0.155s
2024-10-21 20:27:55.030 62994 INFO tempest.lib.common.rest_client [req-211957fc-33e7-47b1-8927-7d140c7f7dbf req-211957fc-33e7-47b1-8927-7d140c7f7dbf ] Request (ServersAdminNegativeTestJSON:setUpClass): 200 GET http://10.180.1.21/compute/v2.1/servers/3c8e531e-033c-4857-9865-b1024e143d44 0.065s
2024-10-21 20:27:55.054 63013 INFO tempest.lib.common.rest_client [req-8ce5c33a-81c3-45cb-a490-712ad381110d req-8ce5c33a-81c3-45cb-a490-712ad381110d ] Request (ListImageFiltersNegativeTestJSON:tearDownClass): 204 DELETE http://10.180.1.21:9696/networking/v2.0/security-groups/231d06f6-9490-4ae2-8fc2-658c320f50c0 0.125s
2024-10-21 20:27:55.097 63000 INFO tempest.lib.common.rest_client [req-c3158944-ec81-4b37-b241-7dd021348a6c req-c3158944-ec81-4b37-b241-7dd021348a6c ] Request (AttachVolumeShelveTestJSON:test_attach_volume_shelved_or_offload_server): 200 GET http://10.180.1.21/compute/v2.1/servers/365fe802-f5e1-47d6-807e-a3b1027def02 0.086s
2024-10-21 20:27:55.122 63013 INFO tempest.lib.common.rest_client [req-4891df5b-4310-4ac3-ae7f-dc26d88f8320 req-4891df5b-4310-4ac3-ae7f-dc26d88f8320 ] Request (ListImageFiltersNegativeTestJSON:tearDownClass): 204 DELETE http://10.180.1.21/identity/v3/projects/e2a27989110f42c6bac2610a18152e35 0.067s
2024-10-21 20:27:55.133 63020 INFO tempest.lib.common.rest_client [req-e4a56730-6bc8-48a0-8454-bc191e636969 req-e4a56730-6bc8-48a0-8454-bc191e636969 ] Request (ServersWithSpecificFlavorTestJSON:test_verify_created_server_ephemeral_disk): 200 GET http://10.180.1.21/compute/v2.1/servers/989db77e-169f-4b3b-a0b9-c4417f4e89c4 0.186s
2024-10-21 20:27:55.145 63020 INFO tempest.common.waiters [-] State transition "BUILD/networking" ==> "BUILD/spawning" after 52 second wait
2024-10-21 20:27:55.167 63042 INFO tempest.lib.common.rest_client [req-18fff41d-2f18-459d-a34b-3a45af9d53f1 req-18fff41d-2f18-459d-a34b-3a45af9d53f1 ] Request (ServersTestJSON:test_create_server_specify_multibyte_character_name): 200 GET http://10.180.1.21/compute/v2.1/servers/a408799d-29a9-442f-9769-8f8438af8ae0 0.122s
2024-10-21 20:27:55.186 63010 INFO tempest.lib.common.rest_client [req-97dcc1d3-243a-4c77-825a-77b8144ee59a req-97dcc1d3-243a-4c77-825a-77b8144ee59a ] Request (ServersTestManualDisk:setUpClass): 201 POST http://10.180.1.21:9696/networking/v2.0/security-group-rules 0.215s
2024-10-21 20:27:55.189 63006 INFO tempest.lib.common.rest_client [req-c01b27ac-ff57-41c0-8bc9-28150a77b344 req-c01b27ac-ff57-41c0-8bc9-28150a77b344 ] Request (SecurityGroupsTestJSON:test_list_security_groups_by_server): 200 GET http://10.180.1.21/compute/v2.1/servers/f10ff402-4308-4c75-af79-26e2942e0b92 0.110s
2024-10-21 20:27:55.200 63013 INFO tempest.lib.common.rest_client [req-4d0989d7-fbb5-431a-88d5-48c36840aa90 req-4d0989d7-fbb5-431a-88d5-48c36840aa90 ] Request (ServersAaction247Test:setUpClass): 201 POST http://10.180.1.21/identity/v3/auth/tokens 0.076s
2024-10-21 20:27:55.231 63024 INFO tempest.lib.common.rest_client [req-55e9913a-6273-4011-8bb9-fc21526c9e4d req-55e9913a-6273-4011-8bb9-fc21526c9e4d ] Request (MultipleCreateTestJSON:test_multiple_create): 200 GET http://10.180.1.21/compute/v2.1/servers/11cf82b0-ea78-40b2-b737-dea8b8703ac3 0.093s
2024-10-21 20:27:55.240 63013 INFO tempest.lib.common.rest_client [req-3bea7258-c0c8-4b8d-90a9-df984aed17ff req-3bea7258-c0c8-4b8d-90a9-df984aed17ff ] Request (ServersAaction247Test:setUpClass): 201 POST http://10.180.1.21/identity/v3/auth/tokens 0.034s
2024-10-21 20:27:55.252 62992 INFO tempest.lib.common.rest_client [req-57649624-71ab-458c-83aa-4cec140ecad4 req-57649624-71ab-458c-83aa-4cec140ecad4 ] Request (AttachInterfacesUnderV243Test:test_add_remove_fixed_ip): 200 GET http://10.180.1.21/compute/v2.1/servers/e730e4f0-fe02-4926-8263-93c8a3065962 0.097s
2024-10-21 20:27:55.264 63013 INFO tempest.lib.common.rest_client [req-2e937910-b128-4519-8d09-27c4951bb2f0 req-2e937910-b128-4519-8d09-27c4951bb2f0 ] Request (ServersAaction247Test:setUpClass): 200 GET http://10.180.1.21/identity/v3/domains?name=Default 0.023s
2024-10-21 20:27:55.306 63013 INFO tempest.lib.common.rest_client [req-51dac080-18c3-4473-a463-a603d840dfd5 req-51dac080-18c3-4473-a463-a603d840dfd5 ] Request (ServersAaction247Test:setUpClass): 201 POST http://10.180.1.21/identity/v3/projects 0.042s
2024-10-21 20:27:55.318 63032 INFO tempest.lib.common.rest_client [req-b9892d88-065e-438a-953f-58d4e5a5d4e2 req-b9892d88-065e-438a-953f-58d4e5a5d4e2 ] Request (FloatingIPsAssociationTestJSON:setUpClass): 200 GET http://10.180.1.21/compute/v2.1/servers/e8f80847-a14d-4abd-af9f-84c62dd1e395 0.111s
2024-10-21 20:27:55.378 63013 INFO tempest.lib.common.rest_client [req-4d977816-0329-496f-bc4d-881e7fb33242 req-4d977816-0329-496f-bc4d-881e7fb33242 ] Request (ServersAaction247Test:setUpClass): 201 POST http://10.180.1.21/identity/v3/users 0.071s
2024-10-21 20:27:55.389 63034 INFO tempest.lib.common.rest_client [req-ddde4689-f7f4-4972-8f03-b9e6f24d81cd req-ddde4689-f7f4-4972-8f03-b9e6f24d81cd ] Request (VolumesAssistedSnapshotsTest:tearDownClass): 204 DELETE http://10.180.1.21:9696/networking/v2.0/networks/7aa7a8f5-2217-42bf-998e-07097057c3fd 0.587s
2024-10-21 20:27:55.392 62996 INFO tempest.lib.common.rest_client [req-86f09b08-ccd3-4401-bc50-6f2cb626bf4a req-86f09b08-ccd3-4401-bc50-6f2cb626bf4a ] Request (ImagesOneServerNegativeTestJSON:setUpClass): 200 GET http://10.180.1.21/compute/v2.1/servers/e755857a-e0bc-40bf-bcbb-a416d243442b 0.163s
2024-10-21 20:27:55.395 63052 INFO tempest.lib.common.rest_client [req-ca05fc8b-ea7d-4b38-85d0-ab1ea4b439c6 req-ca05fc8b-ea7d-4b38-85d0-ab1ea4b439c6 ] Request (VolumesAdminNegativeTest:test_update_attached_volume_with_nonexistent_volume_in_uri): 200 GET http://10.180.1.21/compute/v2.1/servers/da9b45e9-618d-4e1e-9c49-3d702b2435e9 0.120s
2024-10-21 20:27:55.410 63013 INFO tempest.lib.common.rest_client [req-90f637cc-8126-4ba6-ab43-63be45cabd0a req-90f637cc-8126-4ba6-ab43-63be45cabd0a ] Request (ServersAaction247Test:setUpClass): 200 GET http://10.180.1.21/identity/v3/roles 0.031s
2024-10-21 20:27:55.439 63013 INFO tempest.lib.common.rest_client [req-ad8207d5-7eb9-4998-95e4-7453567e65de req-ad8207d5-7eb9-4998-95e4-7453567e65de ] Request (ServersAaction247Test:setUpClass): 204 PUT http://10.180.1.21/identity/v3/projects/8df18668407645c5a414c66a05fae498/users/eb7ad589acb04db091d4688851b401de/roles/8316f4483b904f12a32642243013693a 0.028s
2024-10-21 20:27:55.439 63013 INFO tempest.lib.common.dynamic_creds [-] Dynamic test user eb7ad589acb04db091d4688851b401de is created with scope project and roles: ['member']
2024-10-21 20:27:55.439 63013 INFO tempest.lib.common.dynamic_creds [-] Acquired dynamic creds: credentials: Credentials: {'domain_id': 'default', 'domain_name': 'Default', 'username': 'tempest-ServersAaction247Test-311608892-project-member', 'project_domain_id': 'default', 'project_domain_name': 'Default', 'project_id': '8df18668407645c5a414c66a05fae498', 'project_name': 'tempest-ServersAaction247Test-311608892', 'tenant_id': '8df18668407645c5a414c66a05fae498', 'tenant_name': 'tempest-ServersAaction247Test-311608892', 'user_domain_id': 'default', 'user_domain_name': 'Default', 'user_id': 'eb7ad589acb04db091d4688851b401de', 'system': None}, Network: None, Subnet: None, Router: None
2024-10-21 20:27:55.439 63013 INFO tempest.lib.common.dynamic_creds [-] Created isolated network resources for: credentials: Credentials: {'domain_id': 'default', 'domain_name': 'Default', 'username': 'tempest-ServersAaction247Test-311608892-project-member', 'project_domain_id': 'default', 'project_domain_name': 'Default', 'project_id': '8df18668407645c5a414c66a05fae498', 'project_name': 'tempest-ServersAaction247Test-311608892', 'tenant_id': '8df18668407645c5a414c66a05fae498', 'tenant_name': 'tempest-ServersAaction247Test-311608892', 'user_domain_id': 'default', 'user_domain_name': 'Default', 'user_id': 'eb7ad589acb04db091d4688851b401de', 'system': None}, Network: None, Subnet: None, Router: None
2024-10-21 20:27:55.454 63010 INFO tempest.lib.common.rest_client [req-9fcedc4c-d97e-4366-a25e-b5da890ed0bc req-9fcedc4c-d97e-4366-a25e-b5da890ed0bc ] Request (ServersTestManualDisk:setUpClass): 201 POST http://10.180.1.21:9696/networking/v2.0/security-group-rules 0.267s
2024-10-21 20:27:55.472 63008 INFO tempest.lib.common.rest_client [req-6551a407-bc14-441d-be72-a1b327e209c0 req-6551a407-bc14-441d-be72-a1b327e209c0 ] Request (ServerShowV257Test:test_rebuild_server): 200 GET http://10.180.1.21/compute/v2.1/servers/a8ceac07-6631-4ac6-b62a-7f3eac788f2b 0.179s
2024-10-21 20:27:55.473 63048 INFO tempest.lib.common.rest_client [req-c49ee28a-4e91-4c17-bafa-e60b47f01a45 req-c49ee28a-4e91-4c17-bafa-e60b47f01a45 ] Request (ServersTestFqdnHostnames:test_create_server_with_fqdn_name): 200 GET http://10.180.1.21/compute/v2.1/servers/a413174f-2a97-4c41-b512-e8ab562a25f4 0.125s
2024-10-21 20:27:55.512 63013 INFO tempest.lib.common.rest_client [req-088f3864-5fcf-4111-a943-5e7536c292df req-088f3864-5fcf-4111-a943-5e7536c292df ] Request (ServersAaction247Test:setUpClass): 201 POST http://10.180.1.21/identity/v3/auth/tokens 0.070s
2024-10-21 20:27:55.539 63014 INFO tempest.lib.common.rest_client [req-5626f710-61f9-4e4e-a5de-82c16c58e3e4 req-5626f710-61f9-4e4e-a5de-82c16c58e3e4 ] Request (AttachInterfacesTestJSON:test_create_list_show_delete_interfaces_by_fixed_ip): 200 GET http://10.180.1.21/compute/v2.1/servers/3f46fa44-4410-4ca9-98d0-8efa4cf06d52 0.184s
2024-10-21 20:27:55.540 63018 INFO tempest.lib.common.rest_client [req-6bd3ec7d-a16f-436a-b4cc-f2ce34d3f85e req-6bd3ec7d-a16f-436a-b4cc-f2ce34d3f85e ] Request (MigrationsAdminTest:test_list_migrations_in_flavor_resize_situation): 200 GET http://10.180.1.21/compute/v2.1/servers/3d13009d-5e65-43e1-87b3-3cb3cfd014e6 0.149s
2024-10-21 20:27:55.558 63013 INFO tempest.lib.common.rest_client [req-1e401611-0306-45c4-a8a1-83bac2aae03f req-1e401611-0306-45c4-a8a1-83bac2aae03f ] Request (ServersAaction247Test:test_create_backup): 201 POST http://10.180.1.21/identity/v3/auth/tokens 0.039s
2024-10-21 20:27:55.559 63013 INFO tempest.lib.common.fixed_network [-] (ServersAaction247Test:test_create_backup) Found network None available for tenant
2024-10-21 20:27:55.627 62998 INFO tempest.lib.common.rest_client [req-a1212062-bb45-45ae-9a2a-b043cf1e053a req-a1212062-bb45-45ae-9a2a-b043cf1e053a ] Request (TenantUsagesTestJSON:setUpClass): 200 GET http://10.180.1.21/compute/v2.1/servers/b4b4b7d3-d78e-4c6d-986f-42dffacf0c5a 0.192s
2024-10-21 20:27:55.630 63031 INFO tempest.lib.common.rest_client [req-17fb5c67-846f-4ce3-b502-98d18641157e req-17fb5c67-846f-4ce3-b502-98d18641157e ] Request (ServerRescueTestJSONUnderV235:setUpClass): 200 GET http://10.180.1.21/compute/v2.1/servers/eca070f0-dda0-4c51-b2d3-1251c517804a 0.219s
2024-10-21 20:27:55.683 63004 INFO tempest.lib.common.rest_client [req-3b9677ed-3cba-44b7-baaf-90b66f421881 req-3b9677ed-3cba-44b7-baaf-90b66f421881 ] Request (InstanceActionsV221TestJSON:test_get_list_deleted_instance_actions): 200 GET http://10.180.1.21/compute/v2.1/servers/5fcbd37f-0568-43db-ae44-596eb4467391 0.190s
2024-10-21 20:27:55.900 63010 INFO tempest.lib.common.rest_client [req-1fb851f7-896a-48ed-9dbd-0d0737c85a82 req-1fb851f7-896a-48ed-9dbd-0d0737c85a82 ] Request (ServersTestManualDisk:setUpClass): 201 POST http://10.180.1.21:9696/networking/v2.0/floatingips 0.446s
2024-10-21 20:27:55.907 63038 INFO tempest.lib.common.rest_client [req-87aaec88-2405-4c06-8f13-b2ff5f19e30f req-87aaec88-2405-4c06-8f13-b2ff5f19e30f ] Request (ServerPasswordTestJSON:setUpClass): 200 GET http://10.180.1.21/compute/v2.1/servers/5ef5c03c-6c22-4db6-95ad-6c407c0bca78 0.347s
2024-10-21 20:27:55.917 63022 INFO tempest.lib.common.rest_client [req-792a3086-e8d2-4b27-bdb5-d9e58ed1fcb6 req-792a3086-e8d2-4b27-bdb5-d9e58ed1fcb6 ] Request (ServerMetadataTestJSON:setUpClass): 200 GET http://10.180.1.21/compute/v2.1/servers/250f2711-6f32-4c4d-9876-35a3a1c30d12 0.360s
2024-10-21 20:27:55.987 63010 INFO tempest.lib.common.rest_client [req-9980f63b-e8b8-4667-9b68-df75b1345c46 req-9980f63b-e8b8-4667-9b68-df75b1345c46 ] Request (ServersTestManualDisk:setUpClass): 201 POST http://10.180.1.21/identity/v3/auth/tokens 0.082s
