2024-10-21 20:26:41.854 63006 INFO tempest.lib.common.rest_client [req-723411b1-3e7c-45d6-9610-5c68957c9266 req-723411b1-3e7c-45d6-9610-5c68957c9266 ] Request (KeyPairsV210TestJSON:setUpClass): 204 PUT http://10.180.1.21/identity/v3/projects/e2c834baf7484c83a66fa83dbb68ca71/users/ca2a95172e2b454d905d5d1317e6f6af/roles/8eac65cf74284ae39333a4160df64ee3 0.120s
2024-10-21 20:26:41.854 63006 INFO tempest.lib.common.dynamic_creds [-] Dynamic test user ca2a95172e2b454d905d5d1317e6f6af is created with scope project and roles: ['admin']
2024-10-21 20:26:41.854 63006 INFO tempest.lib.common.dynamic_creds [-] Acquired dynamic creds: credentials: Credentials: {'domain_id': 'default', 'domain_name': 'Default', 'username': 'tempest-KeyPairsV210TestJSON-1243004691-project-admin', 'project_domain_id': 'default', 'project_domain_name': 'Default', 'project_id': 'e2c834baf7484c83a66fa83dbb68ca71', 'project_name': 'tempest-KeyPairsV210TestJSON-1243004691', 'tenant_id': 'e2c834baf7484c83a66fa83dbb68ca71', 'tenant_name': 'tempest-KeyPairsV210TestJSON-1243004691', 'user_domain_id': 'default', 'user_domain_name': 'Default', 'user_id': 'ca2a95172e2b454d905d5d1317e6f6af', 'system': None}, Network: None, Subnet: None, Router: None
2024-10-21 20:26:41.854 63006 INFO tempest.lib.common.dynamic_creds [-] Created isolated network resources for: credentials: Credentials: {'domain_id': 'default', 'domain_name': 'Default', 'username': 'tempest-KeyPairsV210TestJSON-1243004691-project-admin', 'project_domain_id': 'default', 'project_domain_name': 'Default', 'project_id': 'e2c834baf7484c83a66fa83dbb68ca71', 'project_name': 'tempest-KeyPairsV210TestJSON-1243004691', 'tenant_id': 'e2c834baf7484c83a66fa83dbb68ca71', 'tenant_name': 'tempest-KeyPairsV210TestJSON-1243004691', 'user_domain_id': 'default', 'user_domain_name': 'Default', 'user_id': 'ca2a95172e2b454d905d5d1317e6f6af', 'system': None}, Network: None, Subnet: None, Router: None
2024-10-21 20:26:41.894 63024 INFO tempest.lib.common.rest_client [req-716d667a-a20c-46d0-9d1b-185f04c7f803 req-716d667a-a20c-46d0-9d1b-185f04c7f803 ] Request (HypervisorAdminV228Test:setUpClass): 201 POST http://10.180.1.21/identity/v3/auth/tokens 0.131s
2024-10-21 20:26:41.906 63010 INFO tempest.lib.common.rest_client [req-4e35e816-8f69-4225-9dda-b1b75317fee1 req-4e35e816-8f69-4225-9dda-b1b75317fee1 ] Request (ServersTestJSON:setUpClass): 201 POST http://10.180.1.21:9696/networking/v2.0/subnets 0.294s
2024-10-21 20:26:41.925 63040 INFO tempest.lib.common.rest_client [req-3518fc0d-8329-4b60-9988-2a210fba2669 req-3518fc0d-8329-4b60-9988-2a210fba2669 ] Request (KeyPairsV22TestJSON:setUpClass): 204 PUT http://10.180.1.21/identity/v3/projects/b0e6505f69984c46b719e840d257d6e1/users/97cc5708c25d45e486656cc57fe489db/roles/8316f4483b904f12a32642243013693a 0.099s
2024-10-21 20:26:41.926 63040 INFO tempest.lib.common.dynamic_creds [-] Dynamic test user 97cc5708c25d45e486656cc57fe489db is created with scope project and roles: ['member']
2024-10-21 20:26:41.926 63040 INFO tempest.lib.common.dynamic_creds [-] Acquired dynamic creds: credentials: Credentials: {'domain_id': 'default', 'domain_name': 'Default', 'username': 'tempest-KeyPairsV22TestJSON-560410449-project-member', 'project_domain_id': 'default', 'project_domain_name': 'Default', 'project_id': 'b0e6505f69984c46b719e840d257d6e1', 'project_name': 'tempest-KeyPairsV22TestJSON-560410449', 'tenant_id': 'b0e6505f69984c46b719e840d257d6e1', 'tenant_name': 'tempest-KeyPairsV22TestJSON-560410449', 'user_domain_id': 'default', 'user_domain_name': 'Default', 'user_id': '97cc5708c25d45e486656cc57fe489db', 'system': None}, Network: None, Subnet: None, Router: None
2024-10-21 20:26:41.926 63040 INFO tempest.lib.common.dynamic_creds [-] Created isolated network resources for: credentials: Credentials: {'domain_id': 'default', 'domain_name': 'Default', 'username': 'tempest-KeyPairsV22TestJSON-560410449-project-member', 'project_domain_id': 'default', 'project_domain_name': 'Default', 'project_id': 'b0e6505f69984c46b719e840d257d6e1', 'project_name': 'tempest-KeyPairsV22TestJSON-560410449', 'tenant_id': 'b0e6505f69984c46b719e840d257d6e1', 'tenant_name': 'tempest-KeyPairsV22TestJSON-560410449', 'user_domain_id': 'default', 'user_domain_name': 'Default', 'user_id': '97cc5708c25d45e486656cc57fe489db', 'system': None}, Network: None, Subnet: None, Router: None
2024-10-21 20:26:41.929 63052 INFO tempest.lib.common.rest_client [req-83fa821d-0902-4e27-b1be-bd038fe103b0 req-83fa821d-0902-4e27-b1be-bd038fe103b0 ] Request (VolumesAdminNegativeTest:setUpClass): 201 POST http://10.180.1.21/identity/v3/auth/tokens 0.118s
2024-10-21 20:26:41.941 63022 INFO tempest.lib.common.rest_client [req-d9fe681d-c5bd-4561-a1cb-174194550039 req-d9fe681d-c5bd-4561-a1cb-174194550039 ] Request (QuotaClassesAdminTestJSON:test_update_default_quotas): 200 PUT http://10.180.1.21/compute/v2.1/os-quota-class-sets/default 2.946s
2024-10-21 20:26:41.964 63018 INFO tempest.lib.common.rest_client [req-1423db3e-a180-4224-b387-f242cf29392e req-1423db3e-a180-4224-b387-f242cf29392e ] Request (FlavorsAccessTestJSON:test_flavor_access_add_remove): 200 GET http://10.180.1.21/compute/v2.1/flavors/detail 2.658s
2024-10-21 20:26:41.972 63028 INFO tempest.lib.common.rest_client [req-98606b42-4eac-4e51-8159-39c1ec19b96b req-98606b42-4eac-4e51-8159-39c1ec19b96b ] Request (HostsAdminNegativeTestJSON:test_show_host_detail_with_non_admin_user): 403 GET http://10.180.1.21/compute/v2.1/os-hosts/devstack 2.634s
2024-10-21 20:26:41.984 62992 INFO tempest.lib.common.rest_client [req-0bf06b7b-f429-4a35-bc9d-af5609698d11 req-0bf06b7b-f429-4a35-bc9d-af5609698d11 ] Request (FlavorsV2TestJSON:test_list_flavors_using_marker): 200 GET http://10.180.1.21/compute/v2.1/flavors/42 2.633s
2024-10-21 20:26:41.985 63024 INFO tempest.lib.common.rest_client [req-6e18101d-97fa-47cb-813d-bb604184c6be req-6e18101d-97fa-47cb-813d-bb604184c6be ] Request (HypervisorAdminV228Test:setUpClass): 201 POST http://10.180.1.21/identity/v3/auth/tokens 0.088s
2024-10-21 20:26:41.989 63048 INFO tempest.lib.common.rest_client [req-f6902da1-ff64-42f8-ae6b-a2defc158781 req-f6902da1-ff64-42f8-ae6b-a2defc158781 ] Request (FlavorsExtraSpecsNegativeTestJSON:test_flavor_non_admin_unset_keys): 403 DELETE http://10.180.1.21/compute/v2.1/flavors/1969015999/os-extra_specs/hw:numa_nodes 2.619s
2024-10-21 20:26:42.010 63006 INFO tempest.lib.common.rest_client [req-ef6033c7-4717-43a7-8192-806982b5e90b req-ef6033c7-4717-43a7-8192-806982b5e90b ] Request (KeyPairsV210TestJSON:setUpClass): 201 POST http://10.180.1.21/identity/v3/auth/tokens 0.152s
2024-10-21 20:26:42.020 63034 INFO tempest.lib.common.rest_client [req-ba59d4d2-1a1f-4a87-9620-73468515d781 req-ba59d4d2-1a1f-4a87-9620-73468515d781 ] Request (VolumesAssistedSnapshotsTest:setUpClass): 200 PUT http://10.180.1.21:9696/networking/v2.0/routers/a6da84b9-b54f-471a-8d98-4c1e3bd673cc/add_router_interface 5.340s
2024-10-21 20:26:42.020 63034 INFO tempest.lib.common.dynamic_creds [-] Created isolated network resources for: credentials: Credentials: {'domain_id': 'default', 'domain_name': 'Default', 'username': 'tempest-VolumesAssistedSnapshotsTest-1647298726-project-admin', 'project_domain_id': 'default', 'project_domain_name': 'Default', 'project_id': '677b50328a894d2a89aded37c4459d53', 'project_name': 'tempest-VolumesAssistedSnapshotsTest-1647298726', 'tenant_id': '677b50328a894d2a89aded37c4459d53', 'tenant_name': 'tempest-VolumesAssistedSnapshotsTest-1647298726', 'user_domain_id': 'default', 'user_domain_name': 'Default', 'user_id': 'f2ae26272a354981bc046b0aa0b1cc8b', 'system': None}, Network: {'id': '7aa7a8f5-2217-42bf-998e-07097057c3fd', 'name': 'tempest-VolumesAssistedSnapshotsTest-1352963824-network', 'tenant_id': '677b50328a894d2a89aded37c4459d53', 'admin_state_up': True, 'mtu': 8950, 'status': 'ACTIVE', 'subnets': [], 'shared': False, 'project_id': '677b50328a894d2a89aded37c4459d53', 'port_security_enabled': True, 'router:external': False, 'provider:network_type': 'vlan', 'provider:physical_network': 'default', 'provider:segmentation_id': 437, 'is_default': False, 'availability_zone_hints': [], 'availability_zones': [], 'ipv4_address_scope': None, 'ipv6_address_scope': None, 'description': '', 'tags': [], 'created_at': '2024-10-21T20:26:33Z', 'updated_at': '2024-10-21T20:26:33Z', 'revision_number': 1}, Subnet: {'id': '750a9417-da73-4ba9-8aef-b66006672133', 'name': 'tempest-VolumesAssistedSnapshotsTest-1352963824-subnet', 'tenant_id': '677b50328a894d2a89aded37c4459d53', 'network_id': '7aa7a8f5-2217-42bf-998e-07097057c3fd', 'ip_version': 4, 'subnetpool_id': None, 'enable_dhcp': True, 'ipv6_ra_mode': None, 'ipv6_address_mode': None, 'gateway_ip': '192.168.128.1', 'cidr': '192.168.128.0/28', 'allocation_pools': [{'start': '192.168.128.2', 'end': '192.168.128.14'}], 'host_routes': [], 'dns_nameservers': [], 'description': '', 'router:external': False, 'service_types': [], 'tags': [], 'created_at': '2024-10-21T20:26:34Z', 'updated_at': '2024-10-21T20:26:34Z', 'revision_number': 0, 'project_id': '677b50328a894d2a89aded37c4459d53'}, Router: {'id': 'a6da84b9-b54f-471a-8d98-4c1e3bd673cc', 'name': 'tempest-VolumesAssistedSnapshotsTest-1352963824-router', 'tenant_id': '677b50328a894d2a89aded37c4459d53', 'admin_state_up': True, 'status': 'ACTIVE', 'external_gateway_info': {'network_id': '1d1914a0-93ea-4919-a41d-bc68ea2b124f', 'external_fixed_ips': [{'subnet_id': 'be49cec6-5107-4b4d-bff7-39bded047715', 'ip_address': '10.180.180.149'}], 'enable_snat': True}, 'description': '', 'availability_zones': [], 'distributed': False, 'ha': False, 'availability_zone_hints': [], 'routes': [], 'flavor_id': None, 'tags': [], 'created_at': '2024-10-21T20:26:34Z', 'updated_at': '2024-10-21T20:26:35Z', 'revision_number': 2, 'project_id': '677b50328a894d2a89aded37c4459d53'}
2024-10-21 20:26:42.033 63024 INFO tempest.lib.common.rest_client [req-2cc59543-ac27-432d-be8b-cbbf63088974 req-2cc59543-ac27-432d-be8b-cbbf63088974 ] Request (HypervisorAdminV228Test:setUpClass): 200 GET http://10.180.1.21/identity/v3/domains?name=Default 0.048s
2024-10-21 20:26:42.050 63040 INFO tempest.lib.common.rest_client [req-21322164-9fbf-4cc7-8c6c-0d4863695393 req-21322164-9fbf-4cc7-8c6c-0d4863695393 ] Request (KeyPairsV22TestJSON:setUpClass): 201 POST http://10.180.1.21/identity/v3/auth/tokens 0.119s
2024-10-21 20:26:42.079 63024 INFO tempest.lib.common.rest_client [req-db7bfe00-72a7-40ba-a8c5-e3eb8abb6d20 req-db7bfe00-72a7-40ba-a8c5-e3eb8abb6d20 ] Request (HypervisorAdminV228Test:setUpClass): 201 POST http://10.180.1.21/identity/v3/projects 0.045s
2024-10-21 20:26:42.114 63034 INFO tempest.lib.common.rest_client [req-4855953f-bb49-46b6-aab9-b8a3acd84c08 req-4855953f-bb49-46b6-aab9-b8a3acd84c08 ] Request (VolumesAssistedSnapshotsTest:setUpClass): 201 POST http://10.180.1.21/identity/v3/auth/tokens 0.089s
2024-10-21 20:26:42.149 63024 INFO tempest.lib.common.rest_client [req-f06dbe97-a17b-4237-a4e7-b0ab58696673 req-f06dbe97-a17b-4237-a4e7-b0ab58696673 ] Request (HypervisorAdminV228Test:setUpClass): 201 POST http://10.180.1.21/identity/v3/users 0.070s
2024-10-21 20:26:42.195 63034 INFO tempest.lib.common.rest_client [req-13de5768-4856-481e-b2fb-7f4d0988d6ed req-13de5768-4856-481e-b2fb-7f4d0988d6ed ] Request (VolumesAssistedSnapshotsTest:setUpClass): 201 POST http://10.180.1.21/identity/v3/projects 0.080s
2024-10-21 20:26:42.206 63024 INFO tempest.lib.common.rest_client [req-dd94fc41-3079-4e04-a4e1-ba74a5f31b36 req-dd94fc41-3079-4e04-a4e1-ba74a5f31b36 ] Request (HypervisorAdminV228Test:setUpClass): 200 GET http://10.180.1.21/identity/v3/roles 0.056s
2024-10-21 20:26:42.289 63034 INFO tempest.lib.common.rest_client [req-dc4389a0-8ab5-4ede-a898-b90c38e03be7 req-dc4389a0-8ab5-4ede-a898-b90c38e03be7 ] Request (VolumesAssistedSnapshotsTest:setUpClass): 201 POST http://10.180.1.21/identity/v3/users 0.094s
2024-10-21 20:26:42.300 63036 INFO tempest.lib.common.rest_client [req-071fab84-463c-43f0-89fc-3226bce8053b req-071fab84-463c-43f0-89fc-3226bce8053b ] Request (FloatingIPDetailsNegativeTestJSON:tearDownClass): 204 DELETE http://10.180.1.21:9696/networking/v2.0/networks/242b042f-dbe4-4749-8441-2caad3bb0fe2 1.665s
2024-10-21 20:26:42.324 63024 INFO tempest.lib.common.rest_client [req-58ecc4dc-07e8-4f75-ba11-26f240d0cc6f req-58ecc4dc-07e8-4f75-ba11-26f240d0cc6f ] Request (HypervisorAdminV228Test:setUpClass): 204 PUT http://10.180.1.21/identity/v3/projects/ff9c6c70853b4bf5b4c8a9fcbf769448/users/e4447e6358174296a242d938fd1ab98e/roles/8316f4483b904f12a32642243013693a 0.117s
2024-10-21 20:26:42.324 63024 INFO tempest.lib.common.dynamic_creds [-] Dynamic test user e4447e6358174296a242d938fd1ab98e is created with scope project and roles: ['member']
2024-10-21 20:26:42.324 63024 INFO tempest.lib.common.dynamic_creds [-] Acquired dynamic creds: credentials: Credentials: {'domain_id': 'default', 'domain_name': 'Default', 'username': 'tempest-HypervisorAdminV228Test-1238827250-project-member', 'project_domain_id': 'default', 'project_domain_name': 'Default', 'project_id': 'ff9c6c70853b4bf5b4c8a9fcbf769448', 'project_name': 'tempest-HypervisorAdminV228Test-1238827250', 'tenant_id': 'ff9c6c70853b4bf5b4c8a9fcbf769448', 'tenant_name': 'tempest-HypervisorAdminV228Test-1238827250', 'user_domain_id': 'default', 'user_domain_name': 'Default', 'user_id': 'e4447e6358174296a242d938fd1ab98e', 'system': None}, Network: None, Subnet: None, Router: None
2024-10-21 20:26:42.325 63024 INFO tempest.lib.common.dynamic_creds [-] Created isolated network resources for: credentials: Credentials: {'domain_id': 'default', 'domain_name': 'Default', 'username': 'tempest-HypervisorAdminV228Test-1238827250-project-member', 'project_domain_id': 'default', 'project_domain_name': 'Default', 'project_id': 'ff9c6c70853b4bf5b4c8a9fcbf769448', 'project_name': 'tempest-HypervisorAdminV228Test-1238827250', 'tenant_id': 'ff9c6c70853b4bf5b4c8a9fcbf769448', 'tenant_name': 'tempest-HypervisorAdminV228Test-1238827250', 'user_domain_id': 'default', 'user_domain_name': 'Default', 'user_id': 'e4447e6358174296a242d938fd1ab98e', 'system': None}, Network: None, Subnet: None, Router: None
2024-10-21 20:26:42.380 63034 INFO tempest.lib.common.rest_client [req-9c43fe44-1c2e-45c9-98bd-636b4938b756 req-9c43fe44-1c2e-45c9-98bd-636b4938b756 ] Request (VolumesAssistedSnapshotsTest:setUpClass): 200 GET http://10.180.1.21/identity/v3/roles 0.090s
2024-10-21 20:26:42.381 63008 INFO tempest.lib.common.rest_client [req-844cb26f-a9d3-43df-8cbb-e3dbacb75c28 req-844cb26f-a9d3-43df-8cbb-e3dbacb75c28 ] Request (AggregatesAdminNegativeTestJSON:_run_cleanups): 200 POST http://10.180.1.21/compute/v2.1/os-aggregates/1/action 2.951s
2024-10-21 20:26:42.448 63036 INFO tempest.lib.common.rest_client [req-978a5517-95f4-4f84-9d2f-1f949dbf5f9b req-978a5517-95f4-4f84-9d2f-1f949dbf5f9b ] Request (FloatingIPDetailsNegativeTestJSON:tearDownClass): 204 DELETE http://10.180.1.21/identity/v3/users/f181ecb80e5e47e8aaff7be2fd564a27 0.148s
2024-10-21 20:26:42.449 63036 INFO tempest.lib.common.dynamic_creds [-] Deleting project and security group for project: 85897a91d01e4fc79cd95f30c105a744
2024-10-21 20:26:42.461 63024 INFO tempest.lib.common.rest_client [req-6e20ff1e-cdd4-4b54-b207-47edf0dd2c48 req-6e20ff1e-cdd4-4b54-b207-47edf0dd2c48 ] Request (HypervisorAdminV228Test:setUpClass): 201 POST http://10.180.1.21/identity/v3/auth/tokens 0.133s
2024-10-21 20:26:42.541 63034 INFO tempest.lib.common.rest_client [req-581c5d74-0248-4e28-a5f9-dba2888fb4dc req-581c5d74-0248-4e28-a5f9-dba2888fb4dc ] Request (VolumesAssistedSnapshotsTest:setUpClass): 204 PUT http://10.180.1.21/identity/v3/projects/de1a7113923d4ee28d7b2a71cc7a789e/users/1084661c577c40ab855d3e61f4ded766/roles/8eac65cf74284ae39333a4160df64ee3 0.161s
2024-10-21 20:26:42.550 63016 INFO tempest.lib.common.rest_client [req-ef9b9c87-d9a8-4eac-ba94-3fdc4ca2e23e req-ef9b9c87-d9a8-4eac-ba94-3fdc4ca2e23e ] Request (FloatingIPDetailsTestJSON:setUpClass): 200 PUT http://10.180.1.21:9696/networking/v2.0/routers/f892eea7-8f2b-4127-8b5a-935d91cf6554/add_router_interface 5.164s
2024-10-21 20:26:42.550 63016 INFO tempest.lib.common.dynamic_creds [-] Created isolated network resources for: credentials: Credentials: {'domain_id': 'default', 'domain_name': 'Default', 'username': 'tempest-FloatingIPDetailsTestJSON-689496520-project-member', 'project_domain_id': 'default', 'project_domain_name': 'Default', 'project_id': '2e65377c77a24cf3a9fe9e7429f5d0e6', 'project_name': 'tempest-FloatingIPDetailsTestJSON-689496520', 'tenant_id': '2e65377c77a24cf3a9fe9e7429f5d0e6', 'tenant_name': 'tempest-FloatingIPDetailsTestJSON-689496520', 'user_domain_id': 'default', 'user_domain_name': 'Default', 'user_id': '7b77bfc08a8b478ba10148bd278dd5e3', 'system': None}, Network: {'id': '1ae84f09-d1ba-42ea-a268-db6b33581268', 'name': 'tempest-FloatingIPDetailsTestJSON-1003923039-network', 'tenant_id': '2e65377c77a24cf3a9fe9e7429f5d0e6', 'admin_state_up': True, 'mtu': 8950, 'status': 'ACTIVE', 'subnets': [], 'shared': False, 'project_id': '2e65377c77a24cf3a9fe9e7429f5d0e6', 'port_security_enabled': True, 'router:external': False, 'provider:network_type': 'vlan', 'provider:physical_network': 'default', 'provider:segmentation_id': 850, 'is_default': False, 'availability_zone_hints': [], 'availability_zones': [], 'ipv4_address_scope': None, 'ipv6_address_scope': None, 'description': '', 'tags': [], 'created_at': '2024-10-21T20:26:34Z', 'updated_at': '2024-10-21T20:26:34Z', 'revision_number': 1}, Subnet: {'id': '9b7d6b15-7426-4152-89c6-1030950997cd', 'name': 'tempest-FloatingIPDetailsTestJSON-1003923039-subnet', 'tenant_id': '2e65377c77a24cf3a9fe9e7429f5d0e6', 'network_id': '1ae84f09-d1ba-42ea-a268-db6b33581268', 'ip_version': 4, 'subnetpool_id': None, 'enable_dhcp': True, 'ipv6_ra_mode': None, 'ipv6_address_mode': None, 'gateway_ip': '192.168.128.1', 'cidr': '192.168.128.0/28', 'allocation_pools': [{'start': '192.168.128.2', 'end': '192.168.128.14'}], 'host_routes': [], 'dns_nameservers': [], 'description': '', 'router:external': False, 'service_types': [], 'tags': [], 'created_at': '2024-10-21T20:26:35Z', 'updated_at': '2024-10-21T20:26:35Z', 'revision_number': 0, 'project_id': '2e65377c77a24cf3a9fe9e7429f5d0e6'}, Router: {'id': 'f892eea7-8f2b-4127-8b5a-935d91cf6554', 'name': 'tempest-FloatingIPDetailsTestJSON-1003923039-router', 'tenant_id': '2e65377c77a24cf3a9fe9e7429f5d0e6', 'admin_state_up': True, 'status': 'ACTIVE', 'external_gateway_info': {'network_id': '1d1914a0-93ea-4919-a41d-bc68ea2b124f', 'external_fixed_ips': [{'subnet_id': 'be49cec6-5107-4b4d-bff7-39bded047715', 'ip_address': '10.180.180.238'}], 'enable_snat': True}, 'description': '', 'availability_zones': [], 'distributed': False, 'ha': False, 'availability_zone_hints': [], 'routes': [], 'flavor_id': None, 'tags': [], 'created_at': '2024-10-21T20:26:35Z', 'updated_at': '2024-10-21T20:26:36Z', 'revision_number': 2, 'project_id': '2e65377c77a24cf3a9fe9e7429f5d0e6'}
2024-10-21 20:26:42.610 63036 INFO tempest.lib.common.rest_client [req-ae5efa80-0c07-45ab-880a-a0cb1e81d44b req-ae5efa80-0c07-45ab-880a-a0cb1e81d44b ] Request (FloatingIPDetailsNegativeTestJSON:tearDownClass): 200 GET http://10.180.1.21:9696/networking/v2.0/security-groups?tenant_id=85897a91d01e4fc79cd95f30c105a744&name=default 0.160s
2024-10-21 20:26:42.616 63024 INFO tempest.lib.common.rest_client [req-3ed4197a-1df5-495a-ad43-9610800de68a req-3ed4197a-1df5-495a-ad43-9610800de68a ] Request (HypervisorAdminV228Test:setUpClass): 201 POST http://10.180.1.21/identity/v3/projects 0.155s
2024-10-21 20:26:42.675 63034 INFO tempest.lib.common.rest_client [req-45116a01-4190-4b69-8131-c18f05448735 req-45116a01-4190-4b69-8131-c18f05448735 ] Request (VolumesAssistedSnapshotsTest:setUpClass): 200 GET http://10.180.1.21/identity/v3/roles 0.132s
2024-10-21 20:26:42.763 63024 INFO tempest.lib.common.rest_client [req-0a9f7ed5-68d6-4768-9c21-781939b29cad req-0a9f7ed5-68d6-4768-9c21-781939b29cad ] Request (HypervisorAdminV228Test:setUpClass): 201 POST http://10.180.1.21/identity/v3/users 0.146s
2024-10-21 20:26:42.765 63016 INFO tempest.lib.common.rest_client [req-64d1e9a5-a95e-4278-ace1-15256f40349f req-64d1e9a5-a95e-4278-ace1-15256f40349f ] Request (FloatingIPDetailsTestJSON:setUpClass): 201 POST http://10.180.1.21/identity/v3/auth/tokens 0.210s
2024-10-21 20:26:42.783 63024 INFO tempest.lib.common.rest_client [req-a982e75c-b6b3-4d5d-8e04-d2c05ee20564 req-a982e75c-b6b3-4d5d-8e04-d2c05ee20564 ] Request (HypervisorAdminV228Test:setUpClass): 200 GET http://10.180.1.21/identity/v3/roles 0.020s
2024-10-21 20:26:42.789 63034 INFO tempest.lib.common.rest_client [req-107039d3-98e2-40a2-bf7d-29740b42c34d req-107039d3-98e2-40a2-bf7d-29740b42c34d ] Request (VolumesAssistedSnapshotsTest:setUpClass): 204 PUT http://10.180.1.21/identity/v3/projects/de1a7113923d4ee28d7b2a71cc7a789e/users/1084661c577c40ab855d3e61f4ded766/roles/cba394f762af4b419be38a662337bb3e 0.114s
2024-10-21 20:26:42.790 63034 INFO tempest.lib.common.dynamic_creds [-] Dynamic test user 1084661c577c40ab855d3e61f4ded766 is created with scope project and roles: ['admin', 'service']
2024-10-21 20:26:42.790 63034 INFO tempest.lib.common.dynamic_creds [-] Acquired dynamic creds: credentials: Credentials: {'domain_id': 'default', 'domain_name': 'Default', 'username': 'tempest-VolumesAssistedSnapshotsTest-585296945-project', 'project_domain_id': 'default', 'project_domain_name': 'Default', 'project_id': 'de1a7113923d4ee28d7b2a71cc7a789e', 'project_name': 'tempest-VolumesAssistedSnapshotsTest-585296945', 'tenant_id': 'de1a7113923d4ee28d7b2a71cc7a789e', 'tenant_name': 'tempest-VolumesAssistedSnapshotsTest-585296945', 'user_domain_id': 'default', 'user_domain_name': 'Default', 'user_id': '1084661c577c40ab855d3e61f4ded766', 'system': None}, Network: None, Subnet: None, Router: None
2024-10-21 20:26:42.843 63024 INFO tempest.lib.common.rest_client [req-72018b71-7410-458c-8a8c-f91a731ad346 req-72018b71-7410-458c-8a8c-f91a731ad346 ] Request (HypervisorAdminV228Test:setUpClass): 204 PUT http://10.180.1.21/identity/v3/projects/fc2a165e066144d4b0e3cb7f88aa85ca/users/e6be39932b6148b28c3dd5d23d191bad/roles/8eac65cf74284ae39333a4160df64ee3 0.059s
2024-10-21 20:26:42.891 63024 INFO tempest.lib.common.rest_client [req-e770510a-ba53-4222-9af1-94cccb741fde req-e770510a-ba53-4222-9af1-94cccb741fde ] Request (HypervisorAdminV228Test:setUpClass): 200 GET http://10.180.1.21/identity/v3/roles 0.048s
2024-10-21 20:26:42.908 63024 INFO tempest.lib.common.rest_client [req-98f11704-1392-44ee-8ec9-f4b74e83a99f req-98f11704-1392-44ee-8ec9-f4b74e83a99f ] Request (HypervisorAdminV228Test:setUpClass): 204 PUT http://10.180.1.21/identity/v3/projects/fc2a165e066144d4b0e3cb7f88aa85ca/users/e6be39932b6148b28c3dd5d23d191bad/roles/8eac65cf74284ae39333a4160df64ee3 0.016s
2024-10-21 20:26:42.909 63024 INFO tempest.lib.common.dynamic_creds [-] Dynamic test user e6be39932b6148b28c3dd5d23d191bad is created with scope project and roles: ['admin']
2024-10-21 20:26:42.909 63024 INFO tempest.lib.common.dynamic_creds [-] Acquired dynamic creds: credentials: Credentials: {'domain_id': 'default', 'domain_name': 'Default', 'username': 'tempest-HypervisorAdminV228Test-2066749996-project-admin', 'project_domain_id': 'default', 'project_domain_name': 'Default', 'project_id': 'fc2a165e066144d4b0e3cb7f88aa85ca', 'project_name': 'tempest-HypervisorAdminV228Test-2066749996', 'tenant_id': 'fc2a165e066144d4b0e3cb7f88aa85ca', 'tenant_name': 'tempest-HypervisorAdminV228Test-2066749996', 'user_domain_id': 'default', 'user_domain_name': 'Default', 'user_id': 'e6be39932b6148b28c3dd5d23d191bad', 'system': None}, Network: None, Subnet: None, Router: None
2024-10-21 20:26:42.909 63024 INFO tempest.lib.common.dynamic_creds [-] Created isolated network resources for: credentials: Credentials: {'domain_id': 'default', 'domain_name': 'Default', 'username': 'tempest-HypervisorAdminV228Test-2066749996-project-admin', 'project_domain_id': 'default', 'project_domain_name': 'Default', 'project_id': 'fc2a165e066144d4b0e3cb7f88aa85ca', 'project_name': 'tempest-HypervisorAdminV228Test-2066749996', 'tenant_id': 'fc2a165e066144d4b0e3cb7f88aa85ca', 'tenant_name': 'tempest-HypervisorAdminV228Test-2066749996', 'user_domain_id': 'default', 'user_domain_name': 'Default', 'user_id': 'e6be39932b6148b28c3dd5d23d191bad', 'system': None}, Network: None, Subnet: None, Router: None
2024-10-21 20:26:42.986 63024 INFO tempest.lib.common.rest_client [req-e59e6426-94bc-4488-8421-53bdc8893319 req-e59e6426-94bc-4488-8421-53bdc8893319 ] Request (HypervisorAdminV228Test:setUpClass): 201 POST http://10.180.1.21/identity/v3/auth/tokens 0.072s
2024-10-21 20:26:43.059 63036 INFO tempest.lib.common.rest_client [req-e2f50688-1ac2-4b31-8f3e-77f6513c66c6 req-e2f50688-1ac2-4b31-8f3e-77f6513c66c6 ] Request (FloatingIPDetailsNegativeTestJSON:tearDownClass): 204 DELETE http://10.180.1.21:9696/networking/v2.0/security-groups/931e24a8-3c51-4600-8e42-4f374d3abcb7 0.449s
2024-10-21 20:26:43.155 63036 INFO tempest.lib.common.rest_client [req-f3e05b9e-f0ab-4f1e-9faf-360ae5272421 req-f3e05b9e-f0ab-4f1e-9faf-360ae5272421 ] Request (FloatingIPDetailsNegativeTestJSON:tearDownClass): 204 DELETE http://10.180.1.21/identity/v3/projects/85897a91d01e4fc79cd95f30c105a744 0.095s
2024-10-21 20:26:43.225 63036 INFO tempest.lib.common.rest_client [req-16c9f156-301a-45bc-92af-85fe6b9bad6a req-16c9f156-301a-45bc-92af-85fe6b9bad6a ] Request (AttachInterfacesV270Test:setUpClass): 201 POST http://10.180.1.21/identity/v3/auth/tokens 0.068s
2024-10-21 20:26:43.256 63036 INFO tempest.lib.common.rest_client [req-87153e6e-0a27-42b6-98ab-8bcaa4ccafd9 req-87153e6e-0a27-42b6-98ab-8bcaa4ccafd9 ] Request (AttachInterfacesV270Test:setUpClass): 201 POST http://10.180.1.21/identity/v3/auth/tokens 0.028s
2024-10-21 20:26:43.277 63036 INFO tempest.lib.common.rest_client [req-66a48ff1-fed2-4401-8dc8-87af8dc36049 req-66a48ff1-fed2-4401-8dc8-87af8dc36049 ] Request (AttachInterfacesV270Test:setUpClass): 200 GET http://10.180.1.21/identity/v3/domains?name=Default 0.021s
2024-10-21 20:26:43.307 63034 INFO tempest.lib.common.rest_client [req-76658547-2ab7-4a88-9695-9c1e21021edf req-76658547-2ab7-4a88-9695-9c1e21021edf ] Request (VolumesAssistedSnapshotsTest:setUpClass): 201 POST http://10.180.1.21:9696/networking/v2.0/networks 0.516s
2024-10-21 20:26:43.309 63036 INFO tempest.lib.common.rest_client [req-f61d6bdc-d972-4274-9249-cfff65eba7f8 req-f61d6bdc-d972-4274-9249-cfff65eba7f8 ] Request (AttachInterfacesV270Test:setUpClass): 201 POST http://10.180.1.21/identity/v3/projects 0.031s
2024-10-21 20:26:43.343 63010 INFO tempest.lib.common.rest_client [req-74043f11-9b37-41ed-90bb-bdd7d7433cc3 req-74043f11-9b37-41ed-90bb-bdd7d7433cc3 ] Request (ServersTestJSON:setUpClass): 201 POST http://10.180.1.21:9696/networking/v2.0/routers 1.436s
2024-10-21 20:26:43.363 63036 INFO tempest.lib.common.rest_client [req-1dab4f4a-26d5-4e18-8ed5-2533a12657d1 req-1dab4f4a-26d5-4e18-8ed5-2533a12657d1 ] Request (AttachInterfacesV270Test:setUpClass): 201 POST http://10.180.1.21/identity/v3/users 0.053s
2024-10-21 20:26:43.380 63036 INFO tempest.lib.common.rest_client [req-dbf7cc03-c6aa-4e68-b451-6b9895372eea req-dbf7cc03-c6aa-4e68-b451-6b9895372eea ] Request (AttachInterfacesV270Test:setUpClass): 200 GET http://10.180.1.21/identity/v3/roles 0.016s
2024-10-21 20:26:43.403 63036 INFO tempest.lib.common.rest_client [req-888df004-eca7-4f9a-ad1e-dec93661e6bf req-888df004-eca7-4f9a-ad1e-dec93661e6bf ] Request (AttachInterfacesV270Test:setUpClass): 204 PUT http://10.180.1.21/identity/v3/projects/9b70d6592502491c9be56f468fdd8509/users/f0ca254418cf49ebb6e43ea4d38430b5/roles/8316f4483b904f12a32642243013693a 0.023s
2024-10-21 20:26:43.404 63036 INFO tempest.lib.common.dynamic_creds [-] Dynamic test user f0ca254418cf49ebb6e43ea4d38430b5 is created with scope project and roles: ['member']
2024-10-21 20:26:43.404 63036 INFO tempest.lib.common.dynamic_creds [-] Acquired dynamic creds: credentials: Credentials: {'domain_id': 'default', 'domain_name': 'Default', 'username': 'tempest-AttachInterfacesV270Test-769189834-project-member', 'project_domain_id': 'default', 'project_domain_name': 'Default', 'project_id': '9b70d6592502491c9be56f468fdd8509', 'project_name': 'tempest-AttachInterfacesV270Test-769189834', 'tenant_id': '9b70d6592502491c9be56f468fdd8509', 'tenant_name': 'tempest-AttachInterfacesV270Test-769189834', 'user_domain_id': 'default', 'user_domain_name': 'Default', 'user_id': 'f0ca254418cf49ebb6e43ea4d38430b5', 'system': None}, Network: None, Subnet: None, Router: None
2024-10-21 20:26:43.465 63036 INFO tempest.lib.common.rest_client [req-4de6ef89-6ddf-4d98-b391-70d3ed5c73cc req-4de6ef89-6ddf-4d98-b391-70d3ed5c73cc ] Request (AttachInterfacesV270Test:setUpClass): 201 POST http://10.180.1.21/identity/v3/auth/tokens 0.061s
2024-10-21 20:26:43.603 62994 INFO tempest.lib.common.rest_client [req-f39082f8-0922-405f-ac09-ce2429ea4497 req-f39082f8-0922-405f-ac09-ce2429ea4497 ] Request (SecurityGroupsTestAdminJSON:test_list_security_groups_list_all_tenants_filter): 200 GET http://10.180.1.21/compute/v2.1/os-security-groups?all_tenants=true 5.563s
2024-10-21 20:26:43.635 63038 INFO tempest.lib.common.rest_client [req-5734f6d1-cf48-425b-a9b0-cebbae725be5 req-5734f6d1-cf48-425b-a9b0-cebbae725be5 ] Request (FlavorsAccessNegativeTestJSON:_run_cleanups): 202 DELETE http://10.180.1.21/compute/v2.1/flavors/160708231 4.084s
2024-10-21 20:26:43.753 63000 INFO tempest.lib.common.rest_client [req-4145301b-68f9-4ac4-b520-7a07ae1cf0cf req-4145301b-68f9-4ac4-b520-7a07ae1cf0cf ] Request (ServersAdminTestJSON:setUpClass): 202 POST http://10.180.1.21/compute/v2.1/servers 4.305s
2024-10-21 20:26:43.774 63034 INFO tempest.lib.common.rest_client [req-7def634d-660b-4117-bb7c-48798255046d req-7def634d-660b-4117-bb7c-48798255046d ] Request (VolumesAssistedSnapshotsTest:setUpClass): 201 POST http://10.180.1.21:9696/networking/v2.0/subnets 0.467s
2024-10-21 20:26:43.783 62998 INFO tempest.lib.common.rest_client [req-776131d3-3a6b-4c34-a12b-19b2fde37360 req-776131d3-3a6b-4c34-a12b-19b2fde37360 ] Request (FlavorsV255TestJSON:_run_cleanups): 202 DELETE http://10.180.1.21/compute/v2.1/flavors/633010867 4.190s
2024-10-21 20:26:43.802 63026 INFO tempest.lib.common.rest_client [req-1fdd5c37-52f8-48cc-ac22-4c13c7ca71dc req-1fdd5c37-52f8-48cc-ac22-4c13c7ca71dc ] Request (FlavorsV261TestJSON:_run_cleanups): 200 GET http://10.180.1.21/compute/v2.1/flavors/detail 4.191s
2024-10-21 20:26:43.818 63032 INFO tempest.lib.common.rest_client [req-12347401-ab67-44b5-a662-ff01f395211d req-12347401-ab67-44b5-a662-ff01f395211d ] Request (HypervisorAdminNegativeUnderV252Test:test_show_servers_with_nonexistent_hypervisor): 404 GET http://10.180.1.21/compute/v2.1/os-hypervisors/72fcd6e7-0339-41ce-bf9e-7cf0520056cc/servers 4.184s
2024-10-21 20:26:43.834 62996 INFO tempest.lib.common.rest_client [req-1a3074ac-86dd-4965-a635-043d4c7a7074 req-1a3074ac-86dd-4965-a635-043d4c7a7074 ] Request (FlavorsAdminTestJSON:_run_cleanups): 202 DELETE http://10.180.1.21/compute/v2.1/flavors/1018941630 4.200s
2024-10-21 20:26:43.840 63000 INFO tempest.lib.common.rest_client [req-c0affbd4-9e87-4b24-bcf5-94a60a030ad2 req-c0affbd4-9e87-4b24-bcf5-94a60a030ad2 ] Request (ServersAdminTestJSON:setUpClass): 201 POST http://10.180.1.21/identity/v3/auth/tokens 0.082s
2024-10-21 20:26:43.840 63000 INFO tempest.lib.common.fixed_network [-] (ServersAdminTestJSON:setUpClass) Found network {'id': 'bda2e6a1-c417-4f5c-8d7e-1e5da0916b1b', 'name': 'tempest-ServersAdminTestJSON-176351083-network', 'tenant_id': 'debeba1a43f94497b3bd29699cea1b3e', 'admin_state_up': True, 'mtu': 8950, 'status': 'ACTIVE', 'subnets': [], 'shared': False, 'project_id': 'debeba1a43f94497b3bd29699cea1b3e', 'port_security_enabled': True, 'router:external': False, 'provider:network_type': 'vlan', 'provider:physical_network': 'default', 'provider:segmentation_id': 645, 'is_default': False, 'availability_zone_hints': [], 'availability_zones': [], 'ipv4_address_scope': None, 'ipv6_address_scope': None, 'description': '', 'tags': [], 'created_at': '2024-10-21T20:26:27Z', 'updated_at': '2024-10-21T20:26:27Z', 'revision_number': 1} available for tenant
2024-10-21 20:26:43.944 63026 INFO tempest.lib.common.rest_client [req-042a8aff-6375-4c55-9145-7d3ad10c8fa2 req-042a8aff-6375-4c55-9145-7d3ad10c8fa2 ] Request (FlavorsV261TestJSON:tearDownClass): 204 DELETE http://10.180.1.21/identity/v3/users/41fe5303ae584cd5a3f8b9b7580c9a8b 0.076s
2024-10-21 20:26:43.957 63046 INFO tempest.lib.common.rest_client [req-081e3e65-c0e1-4384-96de-716dfcdb3b52 req-081e3e65-c0e1-4384-96de-716dfcdb3b52 ] Request (ServerDiagnosticsV248Test:test_get_server_diagnostics): 200 GET http://10.180.1.21/compute/v2.1/servers/29dfb4db-c9ae-4a5c-8574-b27b13cdc83c 3.959s
2024-10-21 20:26:43.966 63046 INFO tempest.common.waiters [-] State transition "BUILD/None" ==> "BUILD/spawning" after 7 second wait
2024-10-21 20:26:43.970 63032 INFO tempest.lib.common.rest_client [req-657f05da-0a63-43bd-8a8d-10f271ee48a8 req-657f05da-0a63-43bd-8a8d-10f271ee48a8 ] Request (HypervisorAdminNegativeUnderV252Test:tearDownClass): 204 DELETE http://10.180.1.21/identity/v3/users/f1094e52317c45efac6bf95c9340d478 0.150s
2024-10-21 20:26:44.104 63026 INFO tempest.lib.common.rest_client [req-1d5c7cd5-c170-41b0-a996-78a50909436d req-1d5c7cd5-c170-41b0-a996-78a50909436d ] Request (FlavorsV261TestJSON:tearDownClass): 204 DELETE http://10.180.1.21/identity/v3/users/f18bded739e74dcf933b462cc7e7c17e 0.160s
2024-10-21 20:26:44.105 63026 INFO tempest.lib.common.dynamic_creds [-] Deleting project and security group for project: 85be63645321450e8cc1d910957855a5
2024-10-21 20:26:44.108 62990 INFO tempest.lib.common.rest_client [req-bd63c4d0-2023-44f4-9d7e-3f3efbfe9a96 req-bd63c4d0-2023-44f4-9d7e-3f3efbfe9a96 ] Request (DeleteServersAdminTestJSON:test_admin_delete_servers_of_others): 200 GET http://10.180.1.21/compute/v2.1/servers/0f3de491-4b28-4a51-bdaa-884e57d925f3 4.536s
2024-10-21 20:26:44.121 62990 INFO tempest.common.waiters [-] State transition "BUILD/block_device_mapping" ==> "BUILD/spawning" after 8 second wait
2024-10-21 20:26:44.140 63032 INFO tempest.lib.common.rest_client [req-5f725212-0d80-45bb-a730-5c5976a96715 req-5f725212-0d80-45bb-a730-5c5976a96715 ] Request (HypervisorAdminNegativeUnderV252Test:tearDownClass): 204 DELETE http://10.180.1.21/identity/v3/users/73b166bac0aa49b4a130bab0ddab74db 0.168s
2024-10-21 20:26:44.140 63032 INFO tempest.lib.common.dynamic_creds [-] Deleting project and security group for project: 07abfc6f81cc4f2ebffe2b7315377653
2024-10-21 20:26:44.162 63013 INFO tempest.lib.common.rest_client [req-cf1c2db0-adcf-403f-b73d-6e40d0e74cc5 req-cf1c2db0-adcf-403f-b73d-6e40d0e74cc5 ] Request (ListImageFiltersTestJSON:setUpClass): 200 GET http://10.180.1.21/compute/v2.1/images/c634f4d7-3423-43c5-8abc-053b3884e6ee 3.339s
2024-10-21 20:26:44.204 63026 INFO tempest.lib.common.rest_client [req-fe062d27-9bf7-491b-a062-66ab7c4be3cf req-fe062d27-9bf7-491b-a062-66ab7c4be3cf ] Request (FlavorsV261TestJSON:tearDownClass): 201 POST http://10.180.1.21/identity/v3/auth/tokens 0.100s
2024-10-21 20:26:44.222 63032 INFO tempest.lib.common.rest_client [req-f43372fa-88c1-4a4a-9dcf-dad9fecc713f req-f43372fa-88c1-4a4a-9dcf-dad9fecc713f ] Request (HypervisorAdminNegativeUnderV252Test:tearDownClass): 201 POST http://10.180.1.21/identity/v3/auth/tokens 0.082s
2024-10-21 20:26:44.275 63036 INFO tempest.lib.common.rest_client [req-c0775f90-aafd-461d-a7b8-2dd3e75b1853 req-c0775f90-aafd-461d-a7b8-2dd3e75b1853 ] Request (AttachInterfacesV270Test:setUpClass): 201 POST http://10.180.1.21:9696/networking/v2.0/networks 0.809s
2024-10-21 20:26:44.282 63031 INFO tempest.lib.common.rest_client [req-8dafd247-d6e1-42b5-a874-29b84ecdd7d6 req-8dafd247-d6e1-42b5-a874-29b84ecdd7d6 ] Request (ServerDiagnosticsNegativeTest:test_get_server_diagnostics_by_non_admin): 200 GET http://10.180.1.21/compute/v2.1/servers/f201df5d-dd05-4090-b6f3-bf099d8f919d 4.058s
2024-10-21 20:26:44.294 63031 INFO tempest.common.waiters [-] State transition "BUILD/None" ==> "BUILD/spawning" after 8 second wait
2024-10-21 20:26:44.331 63020 INFO tempest.lib.common.rest_client [req-4895f235-e354-4b2c-bd25-34999613a295 req-4895f235-e354-4b2c-bd25-34999613a295 ] Request (ServersWithSpecificFlavorTestJSON:test_verify_created_server_ephemeral_disk): 200 GET http://10.180.1.21/compute/v2.1/flavors/42 3.505s
2024-10-21 20:26:44.833 63002 INFO tempest.lib.common.rest_client [req-aa01c199-05f5-496b-a27e-dd7103b5758b req-aa01c199-05f5-496b-a27e-dd7103b5758b ] Request (ServerDiagnosticsTest:test_get_server_diagnostics): 202 POST http://10.180.1.21/compute/v2.1/servers 3.044s
2024-10-21 20:26:44.939 63026 INFO tempest.lib.common.rest_client [req-da41bf49-e88b-49e0-81ff-16a23a210d5a req-da41bf49-e88b-49e0-81ff-16a23a210d5a ] Request (FlavorsV261TestJSON:tearDownClass): 200 GET http://10.180.1.21:9696/networking/v2.0/security-groups?tenant_id=85be63645321450e8cc1d910957855a5&name=default 0.735s
2024-10-21 20:26:44.942 63052 INFO tempest.lib.common.rest_client [req-b9203c5d-2f66-45dd-ba20-e2f4bea9f6e8 req-b9203c5d-2f66-45dd-ba20-e2f4bea9f6e8 ] Request (VolumesAdminNegativeTest:test_update_attached_volume_with_nonexistent_volume_in_body): 200 POST http://10.180.1.21/compute/v2.1/os-keypairs 3.008s
2024-10-21 20:26:44.955 63022 INFO tempest.lib.common.rest_client [req-c3d29c71-6944-49b8-9802-eb106e4be6cd req-c3d29c71-6944-49b8-9802-eb106e4be6cd ] Request (QuotaClassesAdminTestJSON:test_update_default_quotas): 200 GET http://10.180.1.21/compute/v2.1/os-quota-class-sets/default 3.012s
2024-10-21 20:26:44.970 63018 INFO tempest.lib.common.rest_client [req-d9a2858d-7cec-41d2-b51c-5ef7f07f3a6e req-d9a2858d-7cec-41d2-b51c-5ef7f07f3a6e ] Request (FlavorsAccessTestJSON:_run_cleanups): 202 DELETE http://10.180.1.21/compute/v2.1/flavors/120401939 3.000s
2024-10-21 20:26:44.979 63028 INFO tempest.lib.common.rest_client [req-ad0aaa08-c6fb-4370-875f-0785e9f410d7 req-ad0aaa08-c6fb-4370-875f-0785e9f410d7 ] Request (HostsAdminNegativeTestJSON:test_show_host_detail_with_nonexistent_hostname): 404 GET http://10.180.1.21/compute/v2.1/os-hosts/nonexistent_hostname 3.006s
2024-10-21 20:26:44.987 63032 INFO tempest.lib.common.rest_client [req-e26747be-48a1-4519-b71b-d90ea4f9a1ed req-e26747be-48a1-4519-b71b-d90ea4f9a1ed ] Request (HypervisorAdminNegativeUnderV252Test:tearDownClass): 200 GET http://10.180.1.21:9696/networking/v2.0/security-groups?tenant_id=07abfc6f81cc4f2ebffe2b7315377653&name=default 0.764s
2024-10-21 20:26:45.004 62992 INFO tempest.lib.common.rest_client [req-defb256d-c3df-4c2e-a70c-ab2092ad2295 req-defb256d-c3df-4c2e-a70c-ab2092ad2295 ] Request (FlavorsV2TestJSON:test_list_flavors_using_marker): 200 GET http://10.180.1.21/compute/v2.1/flavors?marker=42 3.014s
2024-10-21 20:26:45.033 63048 INFO tempest.lib.common.rest_client [req-76bff699-137c-4de3-a72a-9554dcfd589d req-76bff699-137c-4de3-a72a-9554dcfd589d ] Request (FlavorsExtraSpecsNegativeTestJSON:test_flavor_non_admin_update_specific_key): 200 POST http://10.180.1.21/compute/v2.1/flavors/1969015999/os-extra_specs 3.043s
2024-10-21 20:26:45.087 63036 INFO tempest.lib.common.rest_client [req-753bcb9f-01f6-4530-a909-27bb03a35b23 req-753bcb9f-01f6-4530-a909-27bb03a35b23 ] Request (AttachInterfacesV270Test:setUpClass): 201 POST http://10.180.1.21:9696/networking/v2.0/subnets 0.809s
2024-10-21 20:26:45.170 63006 INFO tempest.lib.common.rest_client [req-042659f1-d88b-4ffc-9f4d-4248986a5214 req-042659f1-d88b-4ffc-9f4d-4248986a5214 ] Request (KeyPairsV210TestJSON:test_admin_manage_keypairs_for_other_users): 201 POST http://10.180.1.21/compute/v2.1/os-keypairs 3.158s
2024-10-21 20:26:45.255 63040 INFO tempest.lib.common.rest_client [req-a4665c9a-78b1-43a8-b58c-94b4178215cd req-a4665c9a-78b1-43a8-b58c-94b4178215cd ] Request (KeyPairsV22TestJSON:test_get_keypair_detail): 201 POST http://10.180.1.21/compute/v2.1/os-keypairs 3.203s
2024-10-21 20:26:45.275 63008 INFO tempest.lib.common.rest_client [req-066f86d1-0c67-4052-8248-8d31e126639e req-066f86d1-0c67-4052-8248-8d31e126639e ] Request (AggregatesAdminNegativeTestJSON:_run_cleanups): 200 DELETE http://10.180.1.21/compute/v2.1/os-aggregates/1 2.891s
2024-10-21 20:26:45.396 63026 INFO tempest.lib.common.rest_client [req-1d6aae44-5869-47fa-825b-adb8f6bb6626 req-1d6aae44-5869-47fa-825b-adb8f6bb6626 ] Request (FlavorsV261TestJSON:tearDownClass): 204 DELETE http://10.180.1.21:9696/networking/v2.0/security-groups/2333dfd9-32dd-4056-b891-a443f0d9ad93 0.456s
2024-10-21 20:26:45.403 63050 INFO tempest.lib.common.rest_client [req-d1316ed1-e2aa-467d-8a4a-077497592484 req-d1316ed1-e2aa-467d-8a4a-077497592484 ] Request (ImagesNegativeTestJSON:setUpClass): 200 PUT http://10.180.1.21:9696/networking/v2.0/routers/75f458f3-1477-4582-9a0e-b36b79fda249/add_router_interface 3.674s
2024-10-21 20:26:45.403 63050 INFO tempest.lib.common.dynamic_creds [-] Created isolated network resources for: credentials: Credentials: {'domain_id': 'default', 'domain_name': 'Default', 'username': 'tempest-ImagesNegativeTestJSON-1413289370-project-member', 'project_domain_id': 'default', 'project_domain_name': 'Default', 'project_id': 'ee88c21c59ef4869afad7e123fb84d42', 'project_name': 'tempest-ImagesNegativeTestJSON-1413289370', 'tenant_id': 'ee88c21c59ef4869afad7e123fb84d42', 'tenant_name': 'tempest-ImagesNegativeTestJSON-1413289370', 'user_domain_id': 'default', 'user_domain_name': 'Default', 'user_id': 'cd92e8f419e648628958c9d0ecb2d651', 'system': None}, Network: {'id': '5545eea1-8447-4c10-9be3-e300b7bdaad4', 'name': 'tempest-ImagesNegativeTestJSON-2138855637-network', 'tenant_id': 'ee88c21c59ef4869afad7e123fb84d42', 'admin_state_up': True, 'mtu': 8950, 'status': 'ACTIVE', 'subnets': [], 'shared': False, 'project_id': 'ee88c21c59ef4869afad7e123fb84d42', 'port_security_enabled': True, 'router:external': False, 'provider:network_type': 'vlan', 'provider:physical_network': 'default', 'provider:segmentation_id': 975, 'is_default': False, 'availability_zone_hints': [], 'availability_zones': [], 'ipv4_address_scope': None, 'ipv6_address_scope': None, 'description': '', 'tags': [], 'created_at': '2024-10-21T20:26:38Z', 'updated_at': '2024-10-21T20:26:38Z', 'revision_number': 1}, Subnet: {'id': 'a2966563-7a2c-4026-9200-162e47629572', 'name': 'tempest-ImagesNegativeTestJSON-2138855637-subnet', 'tenant_id': 'ee88c21c59ef4869afad7e123fb84d42', 'network_id': '5545eea1-8447-4c10-9be3-e300b7bdaad4', 'ip_version': 4, 'subnetpool_id': None, 'enable_dhcp': True, 'ipv6_ra_mode': None, 'ipv6_address_mode': None, 'gateway_ip': '192.168.128.1', 'cidr': '192.168.128.0/28', 'allocation_pools': [{'start': '192.168.128.2', 'end': '192.168.128.14'}], 'host_routes': [], 'dns_nameservers': [], 'description': '', 'router:external': False, 'service_types': [], 'tags': [], 'created_at': '2024-10-21T20:26:38Z', 'updated_at': '2024-10-21T20:26:38Z', 'revision_number': 0, 'project_id': 'ee88c21c59ef4869afad7e123fb84d42'}, Router: {'id': '75f458f3-1477-4582-9a0e-b36b79fda249', 'name': 'tempest-ImagesNegativeTestJSON-2138855637-router', 'tenant_id': 'ee88c21c59ef4869afad7e123fb84d42', 'admin_state_up': True, 'status': 'ACTIVE', 'external_gateway_info': {'network_id': '1d1914a0-93ea-4919-a41d-bc68ea2b124f', 'external_fixed_ips': [{'subnet_id': 'be49cec6-5107-4b4d-bff7-39bded047715', 'ip_address': '10.180.180.197'}], 'enable_snat': True}, 'description': '', 'availability_zones': [], 'distributed': False, 'ha': False, 'availability_zone_hints': [], 'routes': [], 'flavor_id': None, 'tags': [], 'created_at': '2024-10-21T20:26:39Z', 'updated_at': '2024-10-21T20:26:41Z', 'revision_number': 2, 'project_id': 'ee88c21c59ef4869afad7e123fb84d42'}
2024-10-21 20:26:45.517 63032 INFO tempest.lib.common.rest_client [req-7a31c78c-e8ef-4c8b-882b-e57cdd89aa69 req-7a31c78c-e8ef-4c8b-882b-e57cdd89aa69 ] Request (HypervisorAdminNegativeUnderV252Test:tearDownClass): 204 DELETE http://10.180.1.21:9696/networking/v2.0/security-groups/03d48802-67b4-4416-89b1-595149685156 0.530s
2024-10-21 20:26:45.521 63050 INFO tempest.lib.common.rest_client [req-0d67c251-21a2-4255-b5da-61af272729e0 req-0d67c251-21a2-4255-b5da-61af272729e0 ] Request (ImagesNegativeTestJSON:setUpClass): 201 POST http://10.180.1.21/identity/v3/auth/tokens 0.114s
2024-10-21 20:26:45.562 63026 INFO tempest.lib.common.rest_client [req-7f0bdf7a-733f-48f5-ae98-c7ae048a0e72 req-7f0bdf7a-733f-48f5-ae98-c7ae048a0e72 ] Request (FlavorsV261TestJSON:tearDownClass): 204 DELETE http://10.180.1.21/identity/v3/projects/85be63645321450e8cc1d910957855a5 0.165s
2024-10-21 20:26:45.562 63026 INFO tempest.lib.common.dynamic_creds [-] Deleting project and security group for project: 06ae6d00f4124e639548d93c8f15fe1d
2024-10-21 20:26:45.567 63052 INFO tempest.lib.common.rest_client [req-2c485d1f-96cc-4d20-8f4d-99466202af6a req-2c485d1f-96cc-4d20-8f4d-99466202af6a ] Request (VolumesAdminNegativeTest:test_update_attached_volume_with_nonexistent_volume_in_body): 201 POST http://10.180.1.21:9696/networking/v2.0/security-groups 0.623s
2024-10-21 20:26:45.631 63050 INFO tempest.lib.common.rest_client [req-9cfbc718-1215-4566-bef0-c2c456110b60 req-9cfbc718-1215-4566-bef0-c2c456110b60 ] Request (ImagesNegativeTestJSON:test_create_image_from_deleted_server): 201 POST http://10.180.1.21/identity/v3/auth/tokens 0.106s
2024-10-21 20:26:45.632 63050 INFO tempest.lib.common.fixed_network [-] (ImagesNegativeTestJSON:test_create_image_from_deleted_server) Found network {'id': '5545eea1-8447-4c10-9be3-e300b7bdaad4', 'name': 'tempest-ImagesNegativeTestJSON-2138855637-network', 'tenant_id': 'ee88c21c59ef4869afad7e123fb84d42', 'admin_state_up': True, 'mtu': 8950, 'status': 'ACTIVE', 'subnets': [], 'shared': False, 'project_id': 'ee88c21c59ef4869afad7e123fb84d42', 'port_security_enabled': True, 'router:external': False, 'provider:network_type': 'vlan', 'provider:physical_network': 'default', 'provider:segmentation_id': 975, 'is_default': False, 'availability_zone_hints': [], 'availability_zones': [], 'ipv4_address_scope': None, 'ipv6_address_scope': None, 'description': '', 'tags': [], 'created_at': '2024-10-21T20:26:38Z', 'updated_at': '2024-10-21T20:26:38Z', 'revision_number': 1} available for tenant
2024-10-21 20:26:45.660 63032 INFO tempest.lib.common.rest_client [req-ee3a65b3-cffe-47fa-82cc-452e02638aa2 req-ee3a65b3-cffe-47fa-82cc-452e02638aa2 ] Request (HypervisorAdminNegativeUnderV252Test:tearDownClass): 204 DELETE http://10.180.1.21/identity/v3/projects/07abfc6f81cc4f2ebffe2b7315377653 0.142s
2024-10-21 20:26:45.661 63032 INFO tempest.lib.common.dynamic_creds [-] Deleting project and security group for project: e96dd07a025c48bfbd292b07027758d3
2024-10-21 20:26:45.918 63026 INFO tempest.lib.common.rest_client [req-b639776b-645f-467e-af49-5d2817eb0f1a req-b639776b-645f-467e-af49-5d2817eb0f1a ] Request (FlavorsV261TestJSON:tearDownClass): 200 GET http://10.180.1.21:9696/networking/v2.0/security-groups?tenant_id=06ae6d00f4124e639548d93c8f15fe1d&name=default 0.355s
2024-10-21 20:26:45.929 63052 INFO tempest.lib.common.rest_client [req-1842c06f-97fc-4bab-aaeb-f29437123b4e req-1842c06f-97fc-4bab-aaeb-f29437123b4e ] Request (VolumesAdminNegativeTest:test_update_attached_volume_with_nonexistent_volume_in_body): 201 POST http://10.180.1.21:9696/networking/v2.0/security-group-rules 0.362s
2024-10-21 20:26:46.024 63032 INFO tempest.lib.common.rest_client [req-5316ea95-b0d0-4bd5-ab40-d020c02d2381 req-5316ea95-b0d0-4bd5-ab40-d020c02d2381 ] Request (HypervisorAdminNegativeUnderV252Test:tearDownClass): 200 GET http://10.180.1.21:9696/networking/v2.0/security-groups?tenant_id=e96dd07a025c48bfbd292b07027758d3&name=default 0.363s
2024-10-21 20:26:46.179 63026 INFO tempest.lib.common.rest_client [req-5093cfe2-d475-4521-8c1f-b8c7444aee9f req-5093cfe2-d475-4521-8c1f-b8c7444aee9f ] Request (FlavorsV261TestJSON:tearDownClass): 204 DELETE http://10.180.1.21:9696/networking/v2.0/security-groups/96281cc7-1d7f-4322-af49-e8197d729b5b 0.260s
2024-10-21 20:26:46.240 63032 INFO tempest.lib.common.rest_client [req-c259801b-99ea-434f-9d0f-b281824a97e7 req-c259801b-99ea-434f-9d0f-b281824a97e7 ] Request (HypervisorAdminNegativeUnderV252Test:tearDownClass): 204 DELETE http://10.180.1.21:9696/networking/v2.0/security-groups/d570dbc9-cb6c-408c-8e3c-91850aa2dbbe 0.216s
2024-10-21 20:26:46.268 63052 INFO tempest.lib.common.rest_client [req-59dce0e9-f18c-41b8-9d05-d7a9802beef5 req-59dce0e9-f18c-41b8-9d05-d7a9802beef5 ] Request (VolumesAdminNegativeTest:test_update_attached_volume_with_nonexistent_volume_in_body): 201 POST http://10.180.1.21:9696/networking/v2.0/security-group-rules 0.338s
2024-10-21 20:26:46.289 63026 INFO tempest.lib.common.rest_client [req-09a0ea1b-a164-4883-8b05-1d228588b783 req-09a0ea1b-a164-4883-8b05-1d228588b783 ] Request (FlavorsV261TestJSON:tearDownClass): 204 DELETE http://10.180.1.21/identity/v3/projects/06ae6d00f4124e639548d93c8f15fe1d 0.110s
2024-10-21 20:26:46.310 63004 INFO tempest.lib.common.rest_client [req-f4e7d370-8cca-44ce-a0b8-ff987046d107 req-f4e7d370-8cca-44ce-a0b8-ff987046d107 ] Request (FloatingIPsTestJSON:test_delete_floating_ip): 200 POST http://10.180.1.21/compute/v2.1/os-floating-ips 4.577s
2024-10-21 20:26:46.311 63032 INFO tempest.lib.common.rest_client [req-4f121a18-4556-4d68-bb8f-b22147968992 req-4f121a18-4556-4d68-bb8f-b22147968992 ] Request (HypervisorAdminNegativeUnderV252Test:tearDownClass): 204 DELETE http://10.180.1.21/identity/v3/projects/e96dd07a025c48bfbd292b07027758d3 0.071s
2024-10-21 20:26:46.355 63026 INFO tempest.lib.common.rest_client [req-4e432ef4-138d-4640-bfb2-835feda59f18 req-4e432ef4-138d-4640-bfb2-835feda59f18 ] Request (HypervisorAdminNegativeTestJSON:setUpClass): 201 POST http://10.180.1.21/identity/v3/auth/tokens 0.064s
2024-10-21 20:26:46.386 63032 INFO tempest.lib.common.rest_client [req-da2029a6-c079-45d9-9ac7-f380c11726bb req-da2029a6-c079-45d9-9ac7-f380c11726bb ] Request (InstanceUsageAuditLogTestJSON:setUpClass): 201 POST http://10.180.1.21/identity/v3/auth/tokens 0.073s
