2024-10-21 20:28:34.029 63032 INFO tempest.lib.common.dynamic_creds [-] Created isolated network resources for: credentials: Credentials: {'domain_id': 'default', 'domain_name': 'Default', 'username': 'tempest-DeleteServersTestJSON-1024143321-project-member', 'project_domain_id': 'default', 'project_domain_name': 'Default', 'project_id': '1d52d6eaee934be5ab0e0003df1ce316', 'project_name': 'tempest-DeleteServersTestJSON-1024143321', 'tenant_id': '1d52d6eaee934be5ab0e0003df1ce316', 'tenant_name': 'tempest-DeleteServersTestJSON-1024143321', 'user_domain_id': 'default', 'user_domain_name': 'Default', 'user_id': 'ae52823f7c93454e8089261c3ca44321', 'system': None}, Network: {'id': 'c8a75326-13c0-4fdd-a608-e2cb5d049909', 'name': 'tempest-DeleteServersTestJSON-203362661-network', 'tenant_id': '1d52d6eaee934be5ab0e0003df1ce316', 'admin_state_up': True, 'mtu': 8950, 'status': 'ACTIVE', 'subnets': [], 'shared': False, 'project_id': '1d52d6eaee934be5ab0e0003df1ce316', 'port_security_enabled': True, 'router:external': False, 'provider:network_type': 'vlan', 'provider:physical_network': 'default', 'provider:segmentation_id': 766, 'is_default': False, 'availability_zone_hints': [], 'availability_zones': [], 'ipv4_address_scope': None, 'ipv6_address_scope': None, 'description': '', 'tags': [], 'created_at': '2024-10-21T20:28:31Z', 'updated_at': '2024-10-21T20:28:31Z', 'revision_number': 1}, Subnet: {'id': '5498235b-4a90-4f33-929d-131a402d21c5', 'name': 'tempest-DeleteServersTestJSON-203362661-subnet', 'tenant_id': '1d52d6eaee934be5ab0e0003df1ce316', 'network_id': 'c8a75326-13c0-4fdd-a608-e2cb5d049909', 'ip_version': 4, 'subnetpool_id': None, 'enable_dhcp': True, 'ipv6_ra_mode': None, 'ipv6_address_mode': None, 'gateway_ip': '192.168.128.1', 'cidr': '192.168.128.0/28', 'allocation_pools': [{'start': '192.168.128.2', 'end': '192.168.128.14'}], 'host_routes': [], 'dns_nameservers': [], 'description': '', 'router:external': False, 'service_types': [], 'tags': [], 'created_at': '2024-10-21T20:28:31Z', 'updated_at': '2024-10-21T20:28:31Z', 'revision_number': 0, 'project_id': '1d52d6eaee934be5ab0e0003df1ce316'}, Router: {'id': '4041f486-d17c-416d-a128-827cb25945ac', 'name': 'tempest-DeleteServersTestJSON-203362661-router', 'tenant_id': '1d52d6eaee934be5ab0e0003df1ce316', 'admin_state_up': True, 'status': 'ACTIVE', 'external_gateway_info': {'network_id': '1d1914a0-93ea-4919-a41d-bc68ea2b124f', 'external_fixed_ips': [{'subnet_id': 'be49cec6-5107-4b4d-bff7-39bded047715', 'ip_address': '10.180.180.178'}], 'enable_snat': True}, 'description': '', 'availability_zones': [], 'distributed': False, 'ha': False, 'availability_zone_hints': [], 'routes': [], 'flavor_id': None, 'tags': [], 'created_at': '2024-10-21T20:28:31Z', 'updated_at': '2024-10-21T20:28:32Z', 'revision_number': 2, 'project_id': '1d52d6eaee934be5ab0e0003df1ce316'}
2024-10-21 20:28:34.033 63020 INFO tempest.lib.common.rest_client [req-1ab009c6-1b71-4384-ac07-26e3b096f8d0 req-1ab009c6-1b71-4384-ac07-26e3b096f8d0 ] Request (ServersAdmin275Test:test_rebuild_update_server_275): 200 GET http://10.180.1.21/compute/v2.1/servers/41476adb-95e5-4617-b178-9c981d13c43d 0.083s
2024-10-21 20:28:34.103 63038 INFO tempest.lib.common.rest_client [req-e9f0c21a-237d-45b5-a8fb-dad6316579a3 req-e9f0c21a-237d-45b5-a8fb-dad6316579a3 ] Request (ServerPasswordTestJSON:setUpClass): 200 GET http://10.180.1.21/compute/v2.1/servers/5ef5c03c-6c22-4db6-95ad-6c407c0bca78 0.087s
2024-10-21 20:28:34.117 63002 INFO tempest.lib.common.rest_client [req-b473dcc2-274d-48a3-ad63-acaccc76a3e0 req-b473dcc2-274d-48a3-ad63-acaccc76a3e0 ] Request (ServerExternalEventsTest:test_create_server_external_events): 200 GET http://10.180.1.21/compute/v2.1/servers/50a480ed-f320-45d2-8ac9-a42d01614d11 0.097s
2024-10-21 20:28:34.145 63032 INFO tempest.lib.common.rest_client [req-e2f87b52-f2b4-4154-b6d3-617fa33b8579 req-e2f87b52-f2b4-4154-b6d3-617fa33b8579 ] Request (DeleteServersTestJSON:setUpClass): 201 POST http://10.180.1.21/identity/v3/auth/tokens 0.111s
2024-10-21 20:28:34.184 63032 INFO tempest.lib.common.rest_client [req-d518e1d6-c296-4366-a1f9-b65fa499604a req-d518e1d6-c296-4366-a1f9-b65fa499604a ] Request (DeleteServersTestJSON:test_delete_active_server): 201 POST http://10.180.1.21/identity/v3/auth/tokens 0.034s
2024-10-21 20:28:34.185 63032 INFO tempest.lib.common.fixed_network [-] (DeleteServersTestJSON:test_delete_active_server) Found network {'id': 'c8a75326-13c0-4fdd-a608-e2cb5d049909', 'name': 'tempest-DeleteServersTestJSON-203362661-network', 'tenant_id': '1d52d6eaee934be5ab0e0003df1ce316', 'admin_state_up': True, 'mtu': 8950, 'status': 'ACTIVE', 'subnets': [], 'shared': False, 'project_id': '1d52d6eaee934be5ab0e0003df1ce316', 'port_security_enabled': True, 'router:external': False, 'provider:network_type': 'vlan', 'provider:physical_network': 'default', 'provider:segmentation_id': 766, 'is_default': False, 'availability_zone_hints': [], 'availability_zones': [], 'ipv4_address_scope': None, 'ipv6_address_scope': None, 'description': '', 'tags': [], 'created_at': '2024-10-21T20:28:31Z', 'updated_at': '2024-10-21T20:28:31Z', 'revision_number': 1} available for tenant
2024-10-21 20:28:34.198 63040 INFO tempest.lib.common.rest_client [req-d604f890-a25b-40a0-8848-753a7f4d4bc1 req-d604f890-a25b-40a0-8848-753a7f4d4bc1 ] Request (ServersNegativeTestMultiTenantJSON:setUpClass): 200 GET http://10.180.1.21/compute/v2.1/servers/efaf8c7c-3f38-4a18-97e8-099da390c7d8 0.098s
2024-10-21 20:28:34.204 63010 INFO tempest.lib.common.rest_client [req-7693df60-41ab-44ae-9163-7eb34203ede2 req-7693df60-41ab-44ae-9163-7eb34203ede2 ] Request (ServersTestManualDisk:setUpClass): 200 GET http://10.180.1.21/compute/v2.1/servers/73f7840f-6e3e-4a4e-b7f5-bffe3009aae6 0.131s
2024-10-21 20:28:34.262 63046 INFO tempest.lib.common.rest_client [req-efaad42e-5878-4242-b4c4-0e01c21aa684 req-efaad42e-5878-4242-b4c4-0e01c21aa684 ] Request (ImagesTestJSON:test_create_image_from_stopped_server): 200 GET http://10.180.1.21/compute/v2.1/servers/c4ccc036-4963-4499-8bbb-dad5c0e4687e 0.115s
2024-10-21 20:28:34.276 63022 INFO tempest.lib.common.rest_client [req-ab6036b0-befe-4c07-821a-2919ff539262 req-ab6036b0-befe-4c07-821a-2919ff539262 ] Request (ServerMetadataTestJSON:setUpClass): 200 GET http://10.180.1.21/compute/v2.1/servers/250f2711-6f32-4c4d-9876-35a3a1c30d12 0.113s
2024-10-21 20:28:34.288 63022 INFO tempest.common.waiters [-] State transition "BUILD/scheduling" ==> "BUILD/None" after 60 second wait
2024-10-21 20:28:34.339 63036 INFO tempest.lib.common.rest_client [req-0c9d03c9-cacd-4139-b23d-7731a95d4541 req-0c9d03c9-cacd-4139-b23d-7731a95d4541 ] Request (ServerDiskConfigTestJSON:test_rebuild_server_with_auto_disk_config): 200 GET http://10.180.1.21/compute/v2.1/servers/358d1c98-28ee-4f18-bd42-89a1e7687d03 0.122s
2024-10-21 20:28:34.402 63024 INFO tempest.lib.common.rest_client [req-37453700-6769-4b67-9f9d-224de492dd2a req-37453700-6769-4b67-9f9d-224de492dd2a ] Request (MultipleCreateTestJSON:test_multiple_create_with_reservation_return): 200 GET http://10.180.1.21/compute/v2.1/servers/d1cbcc94-8ff0-4b8b-a98c-dbf46eaa4295 0.174s
2024-10-21 20:28:34.462 63050 INFO tempest.lib.common.rest_client [req-d182dd47-5557-43b2-80da-68ae17df0a5f req-d182dd47-5557-43b2-80da-68ae17df0a5f ] Request (ServerAddressesTestJSON:setUpClass): 200 GET http://10.180.1.21/compute/v2.1/servers/b6e236f9-c5fa-40e2-b445-49ca1fd6cbf4 0.186s
2024-10-21 20:28:34.528 63028 INFO tempest.lib.common.rest_client [req-76ccccbf-9dca-48cb-9a13-b6f7af125406 req-76ccccbf-9dca-48cb-9a13-b6f7af125406 ] Request (InstanceActionsTestJSON:setUpClass): 200 GET http://10.180.1.21/compute/v2.1/servers/d81d5b85-fe31-43ec-91f6-7ff3251ff0c7 0.230s
2024-10-21 20:28:34.584 63000 INFO tempest.lib.common.rest_client [req-0df60864-5d39-4cb1-b821-0fcefa550a40 req-0df60864-5d39-4cb1-b821-0fcefa550a40 ] Request (AttachVolumeShelveTestJSON:test_attach_volume_shelved_or_offload_server): 200 GET http://10.180.1.21/compute/v2.1/servers/365fe802-f5e1-47d6-807e-a3b1027def02 0.252s
2024-10-21 20:28:34.815 63013 INFO tempest.lib.common.rest_client [req-745702d2-f53c-4f10-b2a1-e2ce4a3105c2 req-745702d2-f53c-4f10-b2a1-e2ce4a3105c2 ] Request (ServersAaction247Test:test_create_backup): 200 GET http://10.180.1.21/compute/v2.1/servers/8664ed5c-ecb9-4795-8499-31198cfd0450 0.423s
2024-10-21 20:28:34.852 62992 INFO tempest.lib.common.rest_client [req-792c4d21-221a-4927-ae24-9c3d5113797d req-792c4d21-221a-4927-ae24-9c3d5113797d ] Request (ServerGroupTestJSON:setUpClass): 200 PUT http://10.180.1.21:9696/networking/v2.0/routers/e1b35ed6-01d5-4c27-a799-95bee9809e3e/add_router_interface 1.440s
2024-10-21 20:28:34.852 62992 INFO tempest.lib.common.dynamic_creds [-] Created isolated network resources for: credentials: Credentials: {'domain_id': 'default', 'domain_name': 'Default', 'username': 'tempest-ServerGroupTestJSON-241167154-project-member', 'project_domain_id': 'default', 'project_domain_name': 'Default', 'project_id': '2855858a3471457481fa2bf13af2b133', 'project_name': 'tempest-ServerGroupTestJSON-241167154', 'tenant_id': '2855858a3471457481fa2bf13af2b133', 'tenant_name': 'tempest-ServerGroupTestJSON-241167154', 'user_domain_id': 'default', 'user_domain_name': 'Default', 'user_id': '3b083222441d48e7ad2241ff8d63af06', 'system': None}, Network: {'id': 'd32654b6-0f8e-483f-991c-b3dae6d566df', 'name': 'tempest-ServerGroupTestJSON-417433021-network', 'tenant_id': '2855858a3471457481fa2bf13af2b133', 'admin_state_up': True, 'mtu': 8950, 'status': 'ACTIVE', 'subnets': [], 'shared': False, 'project_id': '2855858a3471457481fa2bf13af2b133', 'port_security_enabled': True, 'router:external': False, 'provider:network_type': 'vlan', 'provider:physical_network': 'default', 'provider:segmentation_id': 140, 'is_default': False, 'availability_zone_hints': [], 'availability_zones': [], 'ipv4_address_scope': None, 'ipv6_address_scope': None, 'description': '', 'tags': [], 'created_at': '2024-10-21T20:28:31Z', 'updated_at': '2024-10-21T20:28:31Z', 'revision_number': 1}, Subnet: {'id': '8581089f-100f-4765-ad09-142cb0c91d9d', 'name': 'tempest-ServerGroupTestJSON-417433021-subnet', 'tenant_id': '2855858a3471457481fa2bf13af2b133', 'network_id': 'd32654b6-0f8e-483f-991c-b3dae6d566df', 'ip_version': 4, 'subnetpool_id': None, 'enable_dhcp': True, 'ipv6_ra_mode': None, 'ipv6_address_mode': None, 'gateway_ip': '192.168.128.1', 'cidr': '192.168.128.0/28', 'allocation_pools': [{'start': '192.168.128.2', 'end': '192.168.128.14'}], 'host_routes': [], 'dns_nameservers': [], 'description': '', 'router:external': False, 'service_types': [], 'tags': [], 'created_at': '2024-10-21T20:28:31Z', 'updated_at': '2024-10-21T20:28:31Z', 'revision_number': 0, 'project_id': '2855858a3471457481fa2bf13af2b133'}, Router: {'id': 'e1b35ed6-01d5-4c27-a799-95bee9809e3e', 'name': 'tempest-ServerGroupTestJSON-417433021-router', 'tenant_id': '2855858a3471457481fa2bf13af2b133', 'admin_state_up': True, 'status': 'ACTIVE', 'external_gateway_info': {'network_id': '1d1914a0-93ea-4919-a41d-bc68ea2b124f', 'external_fixed_ips': [{'subnet_id': 'be49cec6-5107-4b4d-bff7-39bded047715', 'ip_address': '10.180.180.217'}], 'enable_snat': True}, 'description': '', 'availability_zones': [], 'distributed': False, 'ha': False, 'availability_zone_hints': [], 'routes': [], 'flavor_id': None, 'tags': [], 'created_at': '2024-10-21T20:28:32Z', 'updated_at': '2024-10-21T20:28:33Z', 'revision_number': 2, 'project_id': '2855858a3471457481fa2bf13af2b133'}
2024-10-21 20:28:34.882 63042 INFO tempest.lib.common.rest_client [req-90700dc0-551c-4015-b638-0760b76119e2 req-90700dc0-551c-4015-b638-0760b76119e2 ] Request (ServersTestJSON:test_create_server_specify_multibyte_character_name): 200 GET http://10.180.1.21/compute/v2.1/servers/a408799d-29a9-442f-9769-8f8438af8ae0 0.466s
2024-10-21 20:28:34.932 62996 INFO tempest.lib.common.rest_client [req-35aa458a-b230-4e03-a74b-8728c20b66af req-35aa458a-b230-4e03-a74b-8728c20b66af ] Request (ImagesOneServerNegativeTestJSON:setUpClass): 200 GET http://10.180.1.21/compute/v2.1/servers/e755857a-e0bc-40bf-bcbb-a416d243442b 0.479s
2024-10-21 20:28:34.953 62992 INFO tempest.lib.common.rest_client [req-4d77be69-62f2-43d1-bff7-5c94e2664542 req-4d77be69-62f2-43d1-bff7-5c94e2664542 ] Request (ServerGroupTestJSON:setUpClass): 201 POST http://10.180.1.21/identity/v3/auth/tokens 0.094s
2024-10-21 20:28:34.984 63052 INFO tempest.lib.common.rest_client [req-7683421d-d083-44d2-a56c-863ce3a936fb req-7683421d-d083-44d2-a56c-863ce3a936fb ] Request (VolumesAdminNegativeTest:test_update_attached_volume_with_nonexistent_volume_in_uri): 200 GET http://10.180.1.21/compute/v2.1/servers/da9b45e9-618d-4e1e-9c49-3d702b2435e9 0.495s
2024-10-21 20:28:35.000 63032 INFO tempest.lib.common.rest_client [req-9334e787-4caa-4fe6-af53-6e2e3a6f32e6 req-9334e787-4caa-4fe6-af53-6e2e3a6f32e6 ] Request (DeleteServersTestJSON:test_delete_active_server): 202 POST http://10.180.1.21/compute/v2.1/servers 0.815s
2024-10-21 20:28:35.049 63006 INFO tempest.lib.common.rest_client [req-62f26729-bea6-4603-8585-6169ddfc92b8 req-62f26729-bea6-4603-8585-6169ddfc92b8 ] Request (SecurityGroupsTestJSON:test_list_security_groups_by_server): 200 GET http://10.180.1.21/compute/v2.1/servers/f10ff402-4308-4c75-af79-26e2942e0b92 0.499s
2024-10-21 20:28:35.054 63048 INFO tempest.lib.common.rest_client [req-453e1689-8717-439d-bb1d-077ac22f1c1d req-453e1689-8717-439d-bb1d-077ac22f1c1d ] Request (ServersTestFqdnHostnames:test_create_server_with_fqdn_name): 200 GET http://10.180.1.21/compute/v2.1/servers/a413174f-2a97-4c41-b512-e8ab562a25f4 0.435s
2024-10-21 20:28:35.110 63014 INFO tempest.lib.common.rest_client [req-6541e4d9-3856-4db1-b978-8c60bad37c18 req-6541e4d9-3856-4db1-b978-8c60bad37c18 ] Request (AttachInterfacesTestJSON:test_create_list_show_delete_interfaces_by_fixed_ip): 200 GET http://10.180.1.21/compute/v2.1/servers/3f46fa44-4410-4ca9-98d0-8efa4cf06d52 0.430s
2024-10-21 20:28:35.113 63008 INFO tempest.lib.common.rest_client [req-2164deb9-d75f-4735-b7de-52c5e4ae5285 req-2164deb9-d75f-4735-b7de-52c5e4ae5285 ] Request (ServerShowV257Test:test_rebuild_server): 200 GET http://10.180.1.21/compute/v2.1/servers/a8ceac07-6631-4ac6-b62a-7f3eac788f2b 0.370s
2024-10-21 20:28:35.170 62994 INFO tempest.lib.common.rest_client [req-86fc5ea8-c41a-4fe5-979e-fefa1efb33bf req-86fc5ea8-c41a-4fe5-979e-fefa1efb33bf ] Request (ImagesOneServerTestJSON:setUpClass): 200 GET http://10.180.1.21/compute/v2.1/servers/3adb208d-cf70-4d93-b034-a3e87d029f90 0.356s
2024-10-21 20:28:35.180 63034 INFO tempest.lib.common.rest_client [req-86187e5c-6502-477e-8aed-e346f130a0ce req-86187e5c-6502-477e-8aed-e346f130a0ce ] Request (FloatingIPsAssociationNegativeTestJSON:setUpClass): 200 GET http://10.180.1.21/compute/v2.1/servers/e260eaf7-98fe-461a-bc69-fc42dfcb79a8 0.370s
2024-10-21 20:28:35.219 63018 INFO tempest.lib.common.rest_client [req-2d4c3028-f814-40ad-8703-9e5190047618 req-2d4c3028-f814-40ad-8703-9e5190047618 ] Request (MigrationsAdminTest:test_resize_server_revert_deleted_flavor): 200 GET http://10.180.1.21/compute/v2.1/servers/f63a8912-0abf-4c76-aaae-4085b3909688 0.363s
2024-10-21 20:28:35.234 62998 INFO tempest.lib.common.rest_client [req-215c0cb2-07a2-467f-b113-0e2cc66f2d34 req-215c0cb2-07a2-467f-b113-0e2cc66f2d34 ] Request (TenantUsagesTestJSON:setUpClass): 200 GET http://10.180.1.21/compute/v2.1/servers/b4b4b7d3-d78e-4c6d-986f-42dffacf0c5a 0.366s
2024-10-21 20:28:35.240 62998 INFO tempest.common.waiters [-] State transition "BUILD/scheduling" ==> "ERROR/None" after 90 second wait
2024-10-21 20:28:35.275 63031 INFO tempest.lib.common.rest_client [req-7bf2a834-f13d-4d81-b852-9f6cf1a3feee req-7bf2a834-f13d-4d81-b852-9f6cf1a3feee ] Request (ServerRescueTestJSONUnderV235:setUpClass): 200 GET http://10.180.1.21/compute/v2.1/servers/eca070f0-dda0-4c51-b2d3-1251c517804a 0.366s
2024-10-21 20:28:35.283 62990 INFO tempest.lib.common.rest_client [req-f4beca6e-686d-4edf-8695-0ab202a4b699 req-f4beca6e-686d-4edf-8695-0ab202a4b699 ] Request (InstanceActionsNegativeTestJSON:setUpClass): 200 GET http://10.180.1.21/compute/v2.1/servers/e0c4a1d2-6a85-4826-88fa-d21556d744ac 0.358s
2024-10-21 20:28:35.318 63032 INFO tempest.lib.common.rest_client [req-6a4bb4fe-75c4-403d-a851-c3966e674275 req-6a4bb4fe-75c4-403d-a851-c3966e674275 ] Request (DeleteServersTestJSON:test_delete_active_server): 200 GET http://10.180.1.21/compute/v2.1/servers/7563bf4e-39c5-4831-a415-cb311e237762 0.316s
2024-10-21 20:28:35.366 63004 INFO tempest.lib.common.rest_client [req-6820d1d9-29df-4d3e-a909-3e1655adf3b4 req-6820d1d9-29df-4d3e-a909-3e1655adf3b4 ] Request (InstanceActionsV221TestJSON:test_get_list_deleted_instance_actions): 200 GET http://10.180.1.21/compute/v2.1/servers/5fcbd37f-0568-43db-ae44-596eb4467391 0.340s
2024-10-21 20:28:35.370 62992 INFO tempest.lib.common.rest_client [req-603e63f8-eb93-43b7-8997-c072cd81adbe req-603e63f8-eb93-43b7-8997-c072cd81adbe ] Request (ServerGroupTestJSON:setUp): 200 POST http://10.180.1.21/compute/v2.1/os-server-groups 0.416s
2024-10-21 20:28:35.430 63038 INFO tempest.lib.common.rest_client [req-e5603a41-3dde-45a9-96fa-f0b962ab40bd req-e5603a41-3dde-45a9-96fa-f0b962ab40bd ] Request (ServerPasswordTestJSON:setUpClass): 200 GET http://10.180.1.21/compute/v2.1/servers/5ef5c03c-6c22-4db6-95ad-6c407c0bca78 0.313s
2024-10-21 20:28:35.435 63020 INFO tempest.lib.common.rest_client [req-81878c2b-ff7f-48d2-9192-f2f3a2721dc1 req-81878c2b-ff7f-48d2-9192-f2f3a2721dc1 ] Request (ServersAdmin275Test:test_rebuild_update_server_275): 200 GET http://10.180.1.21/compute/v2.1/servers/41476adb-95e5-4617-b178-9c981d13c43d 0.391s
2024-10-21 20:28:35.486 63040 INFO tempest.lib.common.rest_client [req-1ca3ed49-a0a3-47a4-9a7c-921508f031e5 req-1ca3ed49-a0a3-47a4-9a7c-921508f031e5 ] Request (ServersNegativeTestMultiTenantJSON:setUpClass): 200 GET http://10.180.1.21/compute/v2.1/servers/efaf8c7c-3f38-4a18-97e8-099da390c7d8 0.281s
2024-10-21 20:28:35.489 63002 INFO tempest.lib.common.rest_client [req-489b17cd-9b6b-4d3a-b450-fd9819cd2d3a req-489b17cd-9b6b-4d3a-b450-fd9819cd2d3a ] Request (ServerExternalEventsTest:test_create_server_external_events): 200 GET http://10.180.1.21/compute/v2.1/servers/50a480ed-f320-45d2-8ac9-a42d01614d11 0.361s
2024-10-21 20:28:35.537 63010 INFO tempest.lib.common.rest_client [req-c058e1cc-dd78-48f7-8f11-f5e7ab69981b req-c058e1cc-dd78-48f7-8f11-f5e7ab69981b ] Request (ServersTestManualDisk:setUpClass): 200 GET http://10.180.1.21/compute/v2.1/servers/73f7840f-6e3e-4a4e-b7f5-bffe3009aae6 0.324s
2024-10-21 20:28:35.598 63046 INFO tempest.lib.common.rest_client [req-11a162ab-c316-451e-b561-e2881c81ffaf req-11a162ab-c316-451e-b561-e2881c81ffaf ] Request (ImagesTestJSON:test_create_image_from_stopped_server): 200 GET http://10.180.1.21/compute/v2.1/servers/c4ccc036-4963-4499-8bbb-dad5c0e4687e 0.324s
2024-10-21 20:28:35.661 63022 INFO tempest.lib.common.rest_client [req-de7e954a-5dc0-4048-bfa7-373d6b6d4c25 req-de7e954a-5dc0-4048-bfa7-373d6b6d4c25 ] Request (ServerMetadataTestJSON:setUpClass): 200 GET http://10.180.1.21/compute/v2.1/servers/250f2711-6f32-4c4d-9876-35a3a1c30d12 0.372s
2024-10-21 20:28:35.710 63036 INFO tempest.lib.common.rest_client [req-7dccc3b4-b382-4188-a70b-df183fe8426c req-7dccc3b4-b382-4188-a70b-df183fe8426c ] Request (ServerDiskConfigTestJSON:test_rebuild_server_with_auto_disk_config): 200 GET http://10.180.1.21/compute/v2.1/servers/358d1c98-28ee-4f18-bd42-89a1e7687d03 0.361s
2024-10-21 20:28:35.723 62998 INFO tempest.lib.common.rest_client [req-a45c3f04-23df-4481-a62d-4bd6558aa543 req-a45c3f04-23df-4481-a62d-4bd6558aa543 ] Request (TenantUsagesTestJSON:setUpClass): 204 DELETE http://10.180.1.21/compute/v2.1/servers/b4b4b7d3-d78e-4c6d-986f-42dffacf0c5a 0.483s
2024-10-21 20:28:35.767 62992 INFO tempest.lib.common.rest_client [req-f1e5ade5-77c0-4454-8cc3-ea68b78e0d96 req-f1e5ade5-77c0-4454-8cc3-ea68b78e0d96 ] Request (ServerGroupTestJSON:test_create_delete_multiple_server_groups_with_same_name_policy): 200 POST http://10.180.1.21/compute/v2.1/os-server-groups 0.393s
2024-10-21 20:28:35.769 63024 INFO tempest.lib.common.rest_client [req-c0aae692-0a45-4590-a9b3-1850e729372a req-c0aae692-0a45-4590-a9b3-1850e729372a ] Request (MultipleCreateTestJSON:test_multiple_create_with_reservation_return): 200 GET http://10.180.1.21/compute/v2.1/servers/d1cbcc94-8ff0-4b8b-a98c-dbf46eaa4295 0.357s
2024-10-21 20:28:35.826 63050 INFO tempest.lib.common.rest_client [req-47000c48-92c8-41ae-8526-5e8f19c0bdd8 req-47000c48-92c8-41ae-8526-5e8f19c0bdd8 ] Request (ServerAddressesTestJSON:setUpClass): 200 GET http://10.180.1.21/compute/v2.1/servers/b6e236f9-c5fa-40e2-b445-49ca1fd6cbf4 0.354s
2024-10-21 20:28:35.828 63028 INFO tempest.lib.common.rest_client [req-85f38a62-f78a-4173-b243-5fe2b714f0f4 req-85f38a62-f78a-4173-b243-5fe2b714f0f4 ] Request (InstanceActionsTestJSON:setUpClass): 200 GET http://10.180.1.21/compute/v2.1/servers/d81d5b85-fe31-43ec-91f6-7ff3251ff0c7 0.289s
2024-10-21 20:28:35.847 62998 INFO tempest.lib.common.rest_client [req-9215ee4f-e656-468e-8aad-36bd0278b209 req-9215ee4f-e656-468e-8aad-36bd0278b209 ] Request (TenantUsagesTestJSON:setUpClass): 404 GET http://10.180.1.21/compute/v2.1/servers/b4b4b7d3-d78e-4c6d-986f-42dffacf0c5a 0.123s
2024-10-21 20:28:35.848 62998 INFO tempest.test [-] raised in TenantUsagesTestJSON.setUpClass. Invoking tearDownClass.
2024-10-21 20:28:35.875 63000 INFO tempest.lib.common.rest_client [req-318782ca-2782-4e23-ab01-08fe9a80567b req-318782ca-2782-4e23-ab01-08fe9a80567b ] Request (AttachVolumeShelveTestJSON:test_attach_volume_shelved_or_offload_server): 200 GET http://10.180.1.21/compute/v2.1/servers/365fe802-f5e1-47d6-807e-a3b1027def02 0.280s
2024-10-21 20:28:35.909 62992 INFO tempest.lib.common.rest_client [req-533456b2-945e-4d43-ad78-36dc1d1d0e23 req-533456b2-945e-4d43-ad78-36dc1d1d0e23 ] Request (ServerGroupTestJSON:test_create_delete_multiple_server_groups_with_same_name_policy): 200 POST http://10.180.1.21/compute/v2.1/os-server-groups 0.140s
2024-10-21 20:28:35.942 62998 INFO tempest.lib.common.rest_client [req-7621ebe7-fee6-4e4a-afce-c84a7c2537c0 req-7621ebe7-fee6-4e4a-afce-c84a7c2537c0 ] Request (TenantUsagesTestJSON:tearDownClass): 204 DELETE http://10.180.1.21/identity/v3/users/43e8ee192375459993b47402a77d6c33 0.093s
2024-10-21 20:28:35.946 63013 INFO tempest.lib.common.rest_client [req-27421cbe-79e4-46c8-b20c-ba049e27a284 req-27421cbe-79e4-46c8-b20c-ba049e27a284 ] Request (ServersAaction247Test:test_create_backup): 200 GET http://10.180.1.21/compute/v2.1/servers/8664ed5c-ecb9-4795-8499-31198cfd0450 0.116s
2024-10-21 20:28:35.955 63042 INFO tempest.lib.common.rest_client [req-143ac026-287b-4bde-9169-376be51f5dc0 req-143ac026-287b-4bde-9169-376be51f5dc0 ] Request (ServersTestJSON:test_create_server_specify_multibyte_character_name): 200 GET http://10.180.1.21/compute/v2.1/servers/a408799d-29a9-442f-9769-8f8438af8ae0 0.063s
2024-10-21 20:28:35.961 63042 INFO tempest.common.waiters [-] State transition "BUILD/spawning" ==> "BUILD/scheduling" after 90 second wait
2024-10-21 20:28:35.969 62992 INFO tempest.lib.common.rest_client [req-26e12751-38f4-4d22-b75c-b5cd8e85bdcc req-26e12751-38f4-4d22-b75c-b5cd8e85bdcc ] Request (ServerGroupTestJSON:test_create_delete_multiple_server_groups_with_same_name_policy): 204 DELETE http://10.180.1.21/compute/v2.1/os-server-groups/4ddb4f3b-fc36-4aae-923d-7cc503f611e2 0.059s
2024-10-21 20:28:35.984 62992 INFO tempest.lib.common.rest_client [req-74184451-2c9e-4946-a651-5e6820b98b55 req-74184451-2c9e-4946-a651-5e6820b98b55 ] Request (ServerGroupTestJSON:test_create_delete_multiple_server_groups_with_same_name_policy): 200 GET http://10.180.1.21/compute/v2.1/os-server-groups 0.015s
2024-10-21 20:28:36.009 62992 INFO tempest.lib.common.rest_client [req-bcd0ccac-a78f-4b76-9b6c-816c05ea736b req-bcd0ccac-a78f-4b76-9b6c-816c05ea736b ] Request (ServerGroupTestJSON:test_create_delete_multiple_server_groups_with_same_name_policy): 204 DELETE http://10.180.1.21/compute/v2.1/os-server-groups/35d8d98e-c015-43f4-a3b8-71d9d53e14fa 0.023s
2024-10-21 20:28:36.018 62996 INFO tempest.lib.common.rest_client [req-faf6021c-0065-4ab5-bd72-9fe6eeca9d81 req-faf6021c-0065-4ab5-bd72-9fe6eeca9d81 ] Request (ImagesOneServerNegativeTestJSON:setUpClass): 200 GET http://10.180.1.21/compute/v2.1/servers/e755857a-e0bc-40bf-bcbb-a416d243442b 0.079s
2024-10-21 20:28:36.032 62992 INFO tempest.lib.common.rest_client [req-1b4e2add-802d-4984-a51f-e1774f4da072 req-1b4e2add-802d-4984-a51f-e1774f4da072 ] Request (ServerGroupTestJSON:test_create_delete_multiple_server_groups_with_same_name_policy): 200 GET http://10.180.1.21/compute/v2.1/os-server-groups 0.022s
2024-10-21 20:28:36.043 62998 INFO tempest.lib.common.rest_client [req-5ce1a037-5c43-43ab-8c0a-2d1e3e947eff req-5ce1a037-5c43-43ab-8c0a-2d1e3e947eff ] Request (TenantUsagesTestJSON:tearDownClass): 204 DELETE http://10.180.1.21/identity/v3/users/dc5537aa15c4417a840947bc6746e4b6 0.101s
2024-10-21 20:28:36.043 62998 INFO tempest.lib.common.dynamic_creds [-] Deleting project and security group for project: ff2ddfb9202340dabbb45c72afb57941
2024-10-21 20:28:36.067 63052 INFO tempest.lib.common.rest_client [req-87d9896c-4015-44f1-ae15-670c58edba8b req-87d9896c-4015-44f1-ae15-670c58edba8b ] Request (VolumesAdminNegativeTest:test_update_attached_volume_with_nonexistent_volume_in_uri): 200 GET http://10.180.1.21/compute/v2.1/servers/da9b45e9-618d-4e1e-9c49-3d702b2435e9 0.074s
2024-10-21 20:28:36.097 62992 INFO tempest.lib.common.rest_client [req-e7da170f-8e49-426a-9897-32343971f3f4 req-e7da170f-8e49-426a-9897-32343971f3f4 ] Request (ServerGroupTestJSON:test_create_delete_server_group_with_affinity_policy): 200 POST http://10.180.1.21/compute/v2.1/os-server-groups 0.062s
2024-10-21 20:28:36.117 62998 INFO tempest.lib.common.rest_client [req-ef37e123-8056-451c-9a7f-bbec52e5b0a8 req-ef37e123-8056-451c-9a7f-bbec52e5b0a8 ] Request (TenantUsagesTestJSON:tearDownClass): 201 POST http://10.180.1.21/identity/v3/auth/tokens 0.073s
2024-10-21 20:28:36.129 63006 INFO tempest.lib.common.rest_client [req-26c6186e-3df7-4013-a63c-2afcf38ac6a0 req-26c6186e-3df7-4013-a63c-2afcf38ac6a0 ] Request (SecurityGroupsTestJSON:test_list_security_groups_by_server): 200 GET http://10.180.1.21/compute/v2.1/servers/f10ff402-4308-4c75-af79-26e2942e0b92 0.072s
2024-10-21 20:28:36.143 63048 INFO tempest.lib.common.rest_client [req-2f4c6b45-0400-4914-b4a3-049600a7d819 req-2f4c6b45-0400-4914-b4a3-049600a7d819 ] Request (ServersTestFqdnHostnames:test_create_server_with_fqdn_name): 200 GET http://10.180.1.21/compute/v2.1/servers/a413174f-2a97-4c41-b512-e8ab562a25f4 0.083s
2024-10-21 20:28:36.148 62992 INFO tempest.lib.common.rest_client [req-b429bdd6-3488-4d92-b581-6c9e45361e17 req-b429bdd6-3488-4d92-b581-6c9e45361e17 ] Request (ServerGroupTestJSON:test_create_delete_server_group_with_affinity_policy): 204 DELETE http://10.180.1.21/compute/v2.1/os-server-groups/60001ac2-9bc0-40b3-82cf-f2fe17bf205a 0.050s
2024-10-21 20:28:36.151 63048 INFO tempest.common.waiters [-] State transition "BUILD/scheduling" ==> "BUILD/None" after 61 second wait
2024-10-21 20:28:36.199 63014 INFO tempest.lib.common.rest_client [req-5dbe3e3a-7140-433f-a3be-afcb7050b235 req-5dbe3e3a-7140-433f-a3be-afcb7050b235 ] Request (AttachInterfacesTestJSON:test_create_list_show_delete_interfaces_by_fixed_ip): 200 GET http://10.180.1.21/compute/v2.1/servers/3f46fa44-4410-4ca9-98d0-8efa4cf06d52 0.079s
2024-10-21 20:28:36.206 62992 INFO tempest.lib.common.rest_client [req-843a383f-6d98-4b1d-a10c-0f12ce231e94 req-843a383f-6d98-4b1d-a10c-0f12ce231e94 ] Request (ServerGroupTestJSON:test_create_delete_server_group_with_affinity_policy): 200 GET http://10.180.1.21/compute/v2.1/os-server-groups 0.057s
2024-10-21 20:28:36.218 63008 INFO tempest.lib.common.rest_client [req-c10dc3e9-1b3e-482f-b8a6-a01814341b3e req-c10dc3e9-1b3e-482f-b8a6-a01814341b3e ] Request (ServerShowV257Test:test_rebuild_server): 200 GET http://10.180.1.21/compute/v2.1/servers/a8ceac07-6631-4ac6-b62a-7f3eac788f2b 0.096s
2024-10-21 20:28:36.260 62994 INFO tempest.lib.common.rest_client [req-69bbbc48-47ad-4f29-bb80-ad7df3b3d61d req-69bbbc48-47ad-4f29-bb80-ad7df3b3d61d ] Request (ImagesOneServerTestJSON:setUpClass): 200 GET http://10.180.1.21/compute/v2.1/servers/3adb208d-cf70-4d93-b034-a3e87d029f90 0.083s
2024-10-21 20:28:36.267 63034 INFO tempest.lib.common.rest_client [req-289f4d01-d6cc-4b67-92f5-73642c7f85bc req-289f4d01-d6cc-4b67-92f5-73642c7f85bc ] Request (FloatingIPsAssociationNegativeTestJSON:setUpClass): 200 GET http://10.180.1.21/compute/v2.1/servers/e260eaf7-98fe-461a-bc69-fc42dfcb79a8 0.080s
2024-10-21 20:28:36.317 63018 INFO tempest.lib.common.rest_client [req-3f58b9bb-622c-48c8-af35-727e0a458cb6 req-3f58b9bb-622c-48c8-af35-727e0a458cb6 ] Request (MigrationsAdminTest:test_resize_server_revert_deleted_flavor): 200 GET http://10.180.1.21/compute/v2.1/servers/f63a8912-0abf-4c76-aaae-4085b3909688 0.090s
2024-10-21 20:28:36.320 62992 INFO tempest.lib.common.rest_client [req-f41f8637-d643-4c81-8971-0486ae2a982c req-f41f8637-d643-4c81-8971-0486ae2a982c ] Request (ServerGroupTestJSON:test_create_delete_server_group_with_anti_affinity_policy): 200 POST http://10.180.1.21/compute/v2.1/os-server-groups 0.111s
2024-10-21 20:28:36.354 62998 INFO tempest.lib.common.rest_client [req-fabd4cad-548f-4f6c-a376-ec67576025f1 req-fabd4cad-548f-4f6c-a376-ec67576025f1 ] Request (TenantUsagesTestJSON:tearDownClass): 200 GET http://10.180.1.21:9696/networking/v2.0/security-groups?tenant_id=ff2ddfb9202340dabbb45c72afb57941&name=default 0.236s
2024-10-21 20:28:36.379 62990 INFO tempest.lib.common.rest_client [req-fc044bef-dd2b-4eca-8f47-757a869e371f req-fc044bef-dd2b-4eca-8f47-757a869e371f ] Request (InstanceActionsNegativeTestJSON:setUpClass): 200 GET http://10.180.1.21/compute/v2.1/servers/e0c4a1d2-6a85-4826-88fa-d21556d744ac 0.088s
2024-10-21 20:28:36.381 63031 INFO tempest.lib.common.rest_client [req-4661c677-636a-4cc1-9f6e-4eeb8399f847 req-4661c677-636a-4cc1-9f6e-4eeb8399f847 ] Request (ServerRescueTestJSONUnderV235:setUpClass): 200 GET http://10.180.1.21/compute/v2.1/servers/eca070f0-dda0-4c51-b2d3-1251c517804a 0.099s
2024-10-21 20:28:36.398 62992 INFO tempest.lib.common.rest_client [req-92a36460-fbbc-4724-8b6b-f91dc81f0263 req-92a36460-fbbc-4724-8b6b-f91dc81f0263 ] Request (ServerGroupTestJSON:test_create_delete_server_group_with_anti_affinity_policy): 204 DELETE http://10.180.1.21/compute/v2.1/os-server-groups/bee68b3e-4b38-41fe-8422-2fc14ca62ffd 0.077s
2024-10-21 20:28:36.425 63032 INFO tempest.lib.common.rest_client [req-53d2df01-3b72-488c-a60c-eeff7f426c5c req-53d2df01-3b72-488c-a60c-eeff7f426c5c ] Request (DeleteServersTestJSON:test_delete_active_server): 200 GET http://10.180.1.21/compute/v2.1/servers/7563bf4e-39c5-4831-a415-cb311e237762 0.100s
2024-10-21 20:28:36.434 62992 INFO tempest.lib.common.rest_client [req-6214b95a-e69a-4465-82b3-56dace45cf0c req-6214b95a-e69a-4465-82b3-56dace45cf0c ] Request (ServerGroupTestJSON:test_create_delete_server_group_with_anti_affinity_policy): 200 GET http://10.180.1.21/compute/v2.1/os-server-groups 0.035s
2024-10-21 20:28:36.491 62998 INFO tempest.lib.common.rest_client [req-5e09cb9a-2d32-4f80-9509-1576ba592596 req-5e09cb9a-2d32-4f80-9509-1576ba592596 ] Request (TenantUsagesTestJSON:tearDownClass): 204 DELETE http://10.180.1.21:9696/networking/v2.0/security-groups/3931532c-23e6-484a-89ae-9435aaa80d76 0.137s
2024-10-21 20:28:36.498 63038 INFO tempest.lib.common.rest_client [req-4123bc78-5948-4cb7-95ae-a94e2ca9f34b req-4123bc78-5948-4cb7-95ae-a94e2ca9f34b ] Request (ServerPasswordTestJSON:setUpClass): 200 GET http://10.180.1.21/compute/v2.1/servers/5ef5c03c-6c22-4db6-95ad-6c407c0bca78 0.059s
2024-10-21 20:28:36.524 62992 INFO tempest.lib.common.rest_client [req-b6a99bc9-3013-4848-86b8-3c3b231d4c78 req-b6a99bc9-3013-4848-86b8-3c3b231d4c78 ] Request (ServerGroupTestJSON:test_create_server_with_scheduler_hint_group): 201 POST http://10.180.1.21/identity/v3/auth/tokens 0.083s
2024-10-21 20:28:36.525 62992 INFO tempest.lib.common.fixed_network [-] (ServerGroupTestJSON:test_create_server_with_scheduler_hint_group) Found network {'id': 'd32654b6-0f8e-483f-991c-b3dae6d566df', 'name': 'tempest-ServerGroupTestJSON-417433021-network', 'tenant_id': '2855858a3471457481fa2bf13af2b133', 'admin_state_up': True, 'mtu': 8950, 'status': 'ACTIVE', 'subnets': [], 'shared': False, 'project_id': '2855858a3471457481fa2bf13af2b133', 'port_security_enabled': True, 'router:external': False, 'provider:network_type': 'vlan', 'provider:physical_network': 'default', 'provider:segmentation_id': 140, 'is_default': False, 'availability_zone_hints': [], 'availability_zones': [], 'ipv4_address_scope': None, 'ipv6_address_scope': None, 'description': '', 'tags': [], 'created_at': '2024-10-21T20:28:31Z', 'updated_at': '2024-10-21T20:28:31Z', 'revision_number': 1} available for tenant
2024-10-21 20:28:36.560 63020 INFO tempest.lib.common.rest_client [req-fa5b1a43-b2a3-4a07-a462-d50830d2f23c req-fa5b1a43-b2a3-4a07-a462-d50830d2f23c ] Request (ServersAdmin275Test:test_rebuild_update_server_275): 200 GET http://10.180.1.21/compute/v2.1/servers/41476adb-95e5-4617-b178-9c981d13c43d 0.115s
2024-10-21 20:28:36.568 63004 INFO tempest.lib.common.rest_client [req-80295cd1-5116-40e7-993d-9aad7df71511 req-80295cd1-5116-40e7-993d-9aad7df71511 ] Request (InstanceActionsV221TestJSON:test_get_list_deleted_instance_actions): 200 GET http://10.180.1.21/compute/v2.1/servers/5fcbd37f-0568-43db-ae44-596eb4467391 0.193s
2024-10-21 20:28:36.576 63004 INFO tempest.common.waiters [-] State transition "BUILD/None" ==> "BUILD/networking" after 71 second wait
2024-10-21 20:28:36.602 62998 INFO tempest.lib.common.rest_client [req-1f968c41-8f09-47f8-8c42-4d4d750428c0 req-1f968c41-8f09-47f8-8c42-4d4d750428c0 ] Request (TenantUsagesTestJSON:tearDownClass): 204 DELETE http://10.180.1.21/identity/v3/projects/ff2ddfb9202340dabbb45c72afb57941 0.111s
2024-10-21 20:28:36.602 62998 INFO tempest.lib.common.dynamic_creds [-] Deleting project and security group for project: 2931f3a62680431cb570810817bacdb9
2024-10-21 20:28:36.627 63040 INFO tempest.lib.common.rest_client [req-129659c6-9803-4d04-97a8-de6dce9223da req-129659c6-9803-4d04-97a8-de6dce9223da ] Request (ServersNegativeTestMultiTenantJSON:setUpClass): 200 GET http://10.180.1.21/compute/v2.1/servers/efaf8c7c-3f38-4a18-97e8-099da390c7d8 0.133s
2024-10-21 20:28:36.638 63002 INFO tempest.lib.common.rest_client [req-b301e36b-3397-4b8a-8d62-70601a0acde9 req-b301e36b-3397-4b8a-8d62-70601a0acde9 ] Request (ServerExternalEventsTest:test_create_server_external_events): 200 GET http://10.180.1.21/compute/v2.1/servers/50a480ed-f320-45d2-8ac9-a42d01614d11 0.140s
2024-10-21 20:28:36.655 62998 INFO tempest.lib.common.rest_client [req-852f60cd-3477-4555-9755-8cacbe09ccdf req-852f60cd-3477-4555-9755-8cacbe09ccdf ] Request (TenantUsagesTestJSON:tearDownClass): 200 GET http://10.180.1.21:9696/networking/v2.0/security-groups?tenant_id=2931f3a62680431cb570810817bacdb9&name=default 0.052s
2024-10-21 20:28:36.710 63010 INFO tempest.lib.common.rest_client [req-d3b6d19c-cbf2-4703-94cc-43892da5e755 req-d3b6d19c-cbf2-4703-94cc-43892da5e755 ] Request (ServersTestManualDisk:setUpClass): 200 GET http://10.180.1.21/compute/v2.1/servers/73f7840f-6e3e-4a4e-b7f5-bffe3009aae6 0.165s
2024-10-21 20:28:36.786 63046 INFO tempest.lib.common.rest_client [req-6377fecb-d293-400d-b3db-1ab99e177a80 req-6377fecb-d293-400d-b3db-1ab99e177a80 ] Request (ImagesTestJSON:test_create_image_from_stopped_server): 200 GET http://10.180.1.21/compute/v2.1/servers/c4ccc036-4963-4499-8bbb-dad5c0e4687e 0.179s
2024-10-21 20:28:36.829 62998 INFO tempest.lib.common.rest_client [req-4bccfdaf-0010-45a0-94f0-f07163c4aa28 req-4bccfdaf-0010-45a0-94f0-f07163c4aa28 ] Request (TenantUsagesTestJSON:tearDownClass): 204 DELETE http://10.180.1.21:9696/networking/v2.0/security-groups/9163d2da-5c2a-4ab4-a785-121acbc91069 0.174s
2024-10-21 20:28:36.843 63022 INFO tempest.lib.common.rest_client [req-9bc48e85-3d36-47e1-b83a-527cd1ddeb66 req-9bc48e85-3d36-47e1-b83a-527cd1ddeb66 ] Request (ServerMetadataTestJSON:setUpClass): 200 GET http://10.180.1.21/compute/v2.1/servers/250f2711-6f32-4c4d-9876-35a3a1c30d12 0.172s
2024-10-21 20:28:36.890 63036 INFO tempest.lib.common.rest_client [req-82e9dea4-1ec6-4700-a483-692417f68f76 req-82e9dea4-1ec6-4700-a483-692417f68f76 ] Request (ServerDiskConfigTestJSON:test_rebuild_server_with_auto_disk_config): 200 GET http://10.180.1.21/compute/v2.1/servers/358d1c98-28ee-4f18-bd42-89a1e7687d03 0.173s
2024-10-21 20:28:36.929 62998 INFO tempest.lib.common.rest_client [req-db2ff0f7-179a-411e-87e9-269ddff03a97 req-db2ff0f7-179a-411e-87e9-269ddff03a97 ] Request (TenantUsagesTestJSON:tearDownClass): 204 DELETE http://10.180.1.21/identity/v3/projects/2931f3a62680431cb570810817bacdb9 0.100s
2024-10-21 20:28:36.944 63024 INFO tempest.lib.common.rest_client [req-1503d3c0-546e-44fc-a823-1254c2bf9e48 req-1503d3c0-546e-44fc-a823-1254c2bf9e48 ] Request (MultipleCreateTestJSON:test_multiple_create_with_reservation_return): 200 GET http://10.180.1.21/compute/v2.1/servers/d1cbcc94-8ff0-4b8b-a98c-dbf46eaa4295 0.167s
2024-10-21 20:28:36.994 63050 INFO tempest.lib.common.rest_client [req-0f166dc8-d3fc-4ca6-afe2-321e6288ce8a req-0f166dc8-d3fc-4ca6-afe2-321e6288ce8a ] Request (ServerAddressesTestJSON:setUpClass): 200 GET http://10.180.1.21/compute/v2.1/servers/b6e236f9-c5fa-40e2-b445-49ca1fd6cbf4 0.161s
2024-10-21 20:28:36.995 62998 INFO tempest.lib.common.rest_client [req-841f24a3-649b-48f3-9374-5cc338cc200a req-841f24a3-649b-48f3-9374-5cc338cc200a ] Request (ServerActionsTestOtherA:setUpClass): 201 POST http://10.180.1.21/identity/v3/auth/tokens 0.060s
2024-10-21 20:28:37.038 62998 INFO tempest.lib.common.rest_client [req-e01c9090-b6dd-420a-aad7-d76b9c3c0c68 req-e01c9090-b6dd-420a-aad7-d76b9c3c0c68 ] Request (ServerActionsTestOtherA:setUpClass): 201 POST http://10.180.1.21/identity/v3/auth/tokens 0.036s
2024-10-21 20:28:37.052 63028 INFO tempest.lib.common.rest_client [req-e1083788-b41b-436e-9b7d-ced276e48fd5 req-e1083788-b41b-436e-9b7d-ced276e48fd5 ] Request (InstanceActionsTestJSON:setUpClass): 200 GET http://10.180.1.21/compute/v2.1/servers/d81d5b85-fe31-43ec-91f6-7ff3251ff0c7 0.218s
2024-10-21 20:28:37.059 62998 INFO tempest.lib.common.rest_client [req-6ee09248-fe9e-4856-bb1b-df831a490296 req-6ee09248-fe9e-4856-bb1b-df831a490296 ] Request (ServerActionsTestOtherA:setUpClass): 200 GET http://10.180.1.21/identity/v3/domains?name=Default 0.020s
2024-10-21 20:28:37.087 62998 INFO tempest.lib.common.rest_client [req-40772aec-146a-4317-b572-857e0a34b5a5 req-40772aec-146a-4317-b572-857e0a34b5a5 ] Request (ServerActionsTestOtherA:setUpClass): 201 POST http://10.180.1.21/identity/v3/projects 0.028s
2024-10-21 20:28:37.097 62992 INFO tempest.lib.common.rest_client [req-f45488cc-124d-4fda-87a9-3796d21d1b11 req-f45488cc-124d-4fda-87a9-3796d21d1b11 ] Request (ServerGroupTestJSON:test_create_server_with_scheduler_hint_group): 202 POST http://10.180.1.21/compute/v2.1/servers 0.571s
2024-10-21 20:28:37.106 63000 INFO tempest.lib.common.rest_client [req-4f2d9c6d-5dd4-4c78-ad21-12fe670adfbf req-4f2d9c6d-5dd4-4c78-ad21-12fe670adfbf ] Request (AttachVolumeShelveTestJSON:test_attach_volume_shelved_or_offload_server): 200 GET http://10.180.1.21/compute/v2.1/servers/365fe802-f5e1-47d6-807e-a3b1027def02 0.214s
2024-10-21 20:28:37.144 62998 INFO tempest.lib.common.rest_client [req-6f0054f9-5f76-448e-a33a-ee5ae3e5e5a9 req-6f0054f9-5f76-448e-a33a-ee5ae3e5e5a9 ] Request (ServerActionsTestOtherA:setUpClass): 201 POST http://10.180.1.21/identity/v3/users 0.056s
2024-10-21 20:28:37.148 63013 INFO tempest.lib.common.rest_client [req-80d576eb-de20-45b6-abe6-f173475f04f0 req-80d576eb-de20-45b6-abe6-f173475f04f0 ] Request (ServersAaction247Test:test_create_backup): 200 GET http://10.180.1.21/compute/v2.1/servers/8664ed5c-ecb9-4795-8499-31198cfd0450 0.193s
2024-10-21 20:28:37.157 63042 INFO tempest.lib.common.rest_client [req-7a41be9e-63ad-40e7-b65b-eabf574a0461 req-7a41be9e-63ad-40e7-b65b-eabf574a0461 ] Request (ServersTestJSON:test_create_server_specify_multibyte_character_name): 200 GET http://10.180.1.21/compute/v2.1/servers/a408799d-29a9-442f-9769-8f8438af8ae0 0.194s
2024-10-21 20:28:37.164 63042 INFO tempest.common.waiters [-] State transition "BUILD/scheduling" ==> "ERROR/None" after 92 second wait
2024-10-21 20:28:37.166 62998 INFO tempest.lib.common.rest_client [req-3a5e4751-160b-49cb-ae2d-d50d50d65dd0 req-3a5e4751-160b-49cb-ae2d-d50d50d65dd0 ] Request (ServerActionsTestOtherA:setUpClass): 200 GET http://10.180.1.21/identity/v3/roles 0.022s
2024-10-21 20:28:37.192 62998 INFO tempest.lib.common.rest_client [req-fe8b1174-460b-40b3-83e1-effadedd5395 req-fe8b1174-460b-40b3-83e1-effadedd5395 ] Request (ServerActionsTestOtherA:setUpClass): 204 PUT http://10.180.1.21/identity/v3/projects/b8f42babc4204d25979a2ed530963d9e/users/e8874498ef9f4c08820b76b7d424547f/roles/8316f4483b904f12a32642243013693a 0.025s
2024-10-21 20:28:37.193 62998 INFO tempest.lib.common.dynamic_creds [-] Dynamic test user e8874498ef9f4c08820b76b7d424547f is created with scope project and roles: ['member']
2024-10-21 20:28:37.193 62998 INFO tempest.lib.common.dynamic_creds [-] Acquired dynamic creds: credentials: Credentials: {'domain_id': 'default', 'domain_name': 'Default', 'username': 'tempest-ServerActionsTestOtherA-1193232944-project-member', 'project_domain_id': 'default', 'project_domain_name': 'Default', 'project_id': 'b8f42babc4204d25979a2ed530963d9e', 'project_name': 'tempest-ServerActionsTestOtherA-1193232944', 'tenant_id': 'b8f42babc4204d25979a2ed530963d9e', 'tenant_name': 'tempest-ServerActionsTestOtherA-1193232944', 'user_domain_id': 'default', 'user_domain_name': 'Default', 'user_id': 'e8874498ef9f4c08820b76b7d424547f', 'system': None}, Network: None, Subnet: None, Router: None
2024-10-21 20:28:37.204 62996 INFO tempest.lib.common.rest_client [req-20e0f883-f592-4226-8324-914b6e0f6b75 req-20e0f883-f592-4226-8324-914b6e0f6b75 ] Request (ImagesOneServerNegativeTestJSON:setUpClass): 200 GET http://10.180.1.21/compute/v2.1/servers/e755857a-e0bc-40bf-bcbb-a416d243442b 0.179s
2024-10-21 20:28:37.213 63052 INFO tempest.lib.common.rest_client [req-a2b9d534-3892-40bd-b187-1b6cc98ef42c req-a2b9d534-3892-40bd-b187-1b6cc98ef42c ] Request (VolumesAdminNegativeTest:test_update_attached_volume_with_nonexistent_volume_in_uri): 200 GET http://10.180.1.21/compute/v2.1/servers/da9b45e9-618d-4e1e-9c49-3d702b2435e9 0.136s
2024-10-21 20:28:37.238 62992 INFO tempest.lib.common.rest_client [req-f5493c4f-91ae-4096-be2b-cfa82b7f08ab req-f5493c4f-91ae-4096-be2b-cfa82b7f08ab ] Request (ServerGroupTestJSON:test_create_server_with_scheduler_hint_group): 200 GET http://10.180.1.21/compute/v2.1/servers/07c4e02b-a8ca-41bb-82ec-38a81b9f1d07 0.140s
2024-10-21 20:28:37.260 62998 INFO tempest.lib.common.rest_client [req-edc98437-8c95-49d3-bc41-e4824794c69d req-edc98437-8c95-49d3-bc41-e4824794c69d ] Request (ServerActionsTestOtherA:setUpClass): 201 POST http://10.180.1.21/identity/v3/auth/tokens 0.067s
2024-10-21 20:28:37.265 63006 INFO tempest.lib.common.rest_client [req-350e24ac-2a39-4ffd-bc1d-589aedc1464a req-350e24ac-2a39-4ffd-bc1d-589aedc1464a ] Request (SecurityGroupsTestJSON:test_list_security_groups_by_server): 200 GET http://10.180.1.21/compute/v2.1/servers/f10ff402-4308-4c75-af79-26e2942e0b92 0.125s
2024-10-21 20:28:37.291 63048 INFO tempest.lib.common.rest_client [req-eb2fc082-fc0a-4ac2-89c0-f308c292393b req-eb2fc082-fc0a-4ac2-89c0-f308c292393b ] Request (ServersTestFqdnHostnames:test_create_server_with_fqdn_name): 200 GET http://10.180.1.21/compute/v2.1/servers/a413174f-2a97-4c41-b512-e8ab562a25f4 0.140s
2024-10-21 20:28:37.339 63014 INFO tempest.lib.common.rest_client [req-605a513e-52a1-4457-8601-c148676637e4 req-605a513e-52a1-4457-8601-c148676637e4 ] Request (AttachInterfacesTestJSON:test_create_list_show_delete_interfaces_by_fixed_ip): 200 GET http://10.180.1.21/compute/v2.1/servers/3f46fa44-4410-4ca9-98d0-8efa4cf06d52 0.131s
2024-10-21 20:28:37.388 63008 INFO tempest.lib.common.rest_client [req-129be25e-b99d-44a9-9323-3f15768beab1 req-129be25e-b99d-44a9-9323-3f15768beab1 ] Request (ServerShowV257Test:test_rebuild_server): 200 GET http://10.180.1.21/compute/v2.1/servers/a8ceac07-6631-4ac6-b62a-7f3eac788f2b 0.162s
2024-10-21 20:28:37.429 62994 INFO tempest.lib.common.rest_client [req-952d6772-5365-44e7-abb9-3b63caa9d106 req-952d6772-5365-44e7-abb9-3b63caa9d106 ] Request (ImagesOneServerTestJSON:setUpClass): 200 GET http://10.180.1.21/compute/v2.1/servers/3adb208d-cf70-4d93-b034-a3e87d029f90 0.158s
2024-10-21 20:28:37.448 63042 INFO tempest.lib.common.rest_client [req-e95ad402-a511-40c1-a806-dbdffd2a5bd9 req-e95ad402-a511-40c1-a806-dbdffd2a5bd9 ] Request (ServersTestJSON:test_create_server_specify_multibyte_character_name): 204 DELETE http://10.180.1.21/compute/v2.1/servers/a408799d-29a9-442f-9769-8f8438af8ae0 0.282s
2024-10-21 20:28:37.477 63034 INFO tempest.lib.common.rest_client [req-be27d134-017d-452a-b4c2-6d3e31b4af52 req-be27d134-017d-452a-b4c2-6d3e31b4af52 ] Request (FloatingIPsAssociationNegativeTestJSON:setUpClass): 200 GET http://10.180.1.21/compute/v2.1/servers/e260eaf7-98fe-461a-bc69-fc42dfcb79a8 0.200s
2024-10-21 20:28:37.491 63018 INFO tempest.lib.common.rest_client [req-455b7e93-8e03-4d17-8b28-6c5f011854aa req-455b7e93-8e03-4d17-8b28-6c5f011854aa ] Request (MigrationsAdminTest:test_resize_server_revert_deleted_flavor): 200 GET http://10.180.1.21/compute/v2.1/servers/f63a8912-0abf-4c76-aaae-4085b3909688 0.166s
2024-10-21 20:28:37.521 62990 INFO tempest.lib.common.rest_client [req-3b69c5c3-7056-4722-aaae-1d8b07c6e4b7 req-3b69c5c3-7056-4722-aaae-1d8b07c6e4b7 ] Request (InstanceActionsNegativeTestJSON:setUpClass): 200 GET http://10.180.1.21/compute/v2.1/servers/e0c4a1d2-6a85-4826-88fa-d21556d744ac 0.134s
2024-10-21 20:28:37.524 62998 INFO tempest.lib.common.rest_client [req-65b185af-4f7a-410e-87a9-a84a52272f80 req-65b185af-4f7a-410e-87a9-a84a52272f80 ] Request (ServerActionsTestOtherA:setUpClass): 201 POST http://10.180.1.21:9696/networking/v2.0/networks 0.263s
2024-10-21 20:28:37.536 63031 INFO tempest.lib.common.rest_client [req-f0321172-0f69-455b-b525-ca08505936a4 req-f0321172-0f69-455b-b525-ca08505936a4 ] Request (ServerRescueTestJSONUnderV235:setUpClass): 200 GET http://10.180.1.21/compute/v2.1/servers/eca070f0-dda0-4c51-b2d3-1251c517804a 0.146s
2024-10-21 20:28:37.558 63042 INFO tempest.lib.common.rest_client [req-3a377c45-596b-459f-836d-a4b09d7bc70c req-3a377c45-596b-459f-836d-a4b09d7bc70c ] Request (ServersTestJSON:test_create_server_specify_multibyte_character_name): 404 GET http://10.180.1.21/compute/v2.1/servers/a408799d-29a9-442f-9769-8f8438af8ae0 0.109s
2024-10-21 20:28:37.559 63042 ERROR tempest.lib.decorators [-] Hints: This test was made for the bug_type 1730756. The failure could be related to https://launchpad.net/bugs/1730756: tempest.exceptions.BuildErrorException: Server a408799d-29a9-442f-9769-8f8438af8ae0 failed to build and is in ERROR status
2024-10-21 20:28:37.570 63032 INFO tempest.lib.common.rest_client [req-468d9945-57ba-4e64-bccb-74c7e19469e1 req-468d9945-57ba-4e64-bccb-74c7e19469e1 ] Request (DeleteServersTestJSON:test_delete_active_server): 200 GET http://10.180.1.21/compute/v2.1/servers/7563bf4e-39c5-4831-a415-cb311e237762 0.136s
2024-10-21 20:28:37.607 63038 INFO tempest.lib.common.rest_client [req-7ae31a09-0c14-4f84-8830-5f2221e57caa req-7ae31a09-0c14-4f84-8830-5f2221e57caa ] Request (ServerPasswordTestJSON:setUpClass): 200 GET http://10.180.1.21/compute/v2.1/servers/5ef5c03c-6c22-4db6-95ad-6c407c0bca78 0.102s
2024-10-21 20:28:37.619 63042 INFO tempest.lib.common.rest_client [req-678e88ef-2d34-42c1-b06c-84f7dd29f4ac req-678e88ef-2d34-42c1-b06c-84f7dd29f4ac ] Request (ServersTestJSON:test_create_server_with_admin_password): 201 POST http://10.180.1.21/identity/v3/auth/tokens 0.054s
2024-10-21 20:28:37.620 63042 INFO tempest.lib.common.fixed_network [-] (ServersTestJSON:test_create_server_with_admin_password) Found network {'id': '35ed0ec0-821f-45b6-bc2d-015626bfc0a2', 'name': 'tempest-ServersTestJSON-444726172-network', 'tenant_id': '5636da907ab343f9b42dbbd903d32283', 'admin_state_up': True, 'mtu': 8950, 'status': 'ACTIVE', 'subnets': [], 'shared': False, 'project_id': '5636da907ab343f9b42dbbd903d32283', 'port_security_enabled': True, 'router:external': False, 'provider:network_type': 'vlan', 'provider:physical_network': 'default', 'provider:segmentation_id': 123, 'is_default': False, 'availability_zone_hints': [], 'availability_zones': [], 'ipv4_address_scope': None, 'ipv6_address_scope': None, 'description': '', 'tags': [], 'created_at': '2024-10-21T20:26:57Z', 'updated_at': '2024-10-21T20:26:57Z', 'revision_number': 1} available for tenant
2024-10-21 20:28:37.640 63004 INFO tempest.lib.common.rest_client [req-03938a54-d212-491b-b8a9-34f1ee1268e4 req-03938a54-d212-491b-b8a9-34f1ee1268e4 ] Request (InstanceActionsV221TestJSON:test_get_list_deleted_instance_actions): 200 GET http://10.180.1.21/compute/v2.1/servers/5fcbd37f-0568-43db-ae44-596eb4467391 0.062s
2024-10-21 20:28:37.649 63004 INFO tempest.common.waiters [-] State transition "BUILD/networking" ==> "BUILD/spawning" after 72 second wait
2024-10-21 20:28:37.664 63020 INFO tempest.lib.common.rest_client [req-ce27e3c3-5096-40d0-8953-777176db336e req-ce27e3c3-5096-40d0-8953-777176db336e ] Request (ServersAdmin275Test:test_rebuild_update_server_275): 200 GET http://10.180.1.21/compute/v2.1/servers/41476adb-95e5-4617-b178-9c981d13c43d 0.084s
2024-10-21 20:28:37.678 62998 INFO tempest.lib.common.rest_client [req-09e01969-8efb-4eb4-8d32-b706a21ff247 req-09e01969-8efb-4eb4-8d32-b706a21ff247 ] Request (ServerActionsTestOtherA:setUpClass): 201 POST http://10.180.1.21:9696/networking/v2.0/subnets 0.153s
