2024-10-22 15:37:07.385 61933 INFO tempest.lib.common.dynamic_creds [-] Created isolated network resources for: credentials: Credentials: {'domain_id': 'default', 'domain_name': 'Default', 'username': 'tempest-SecurityGroupRulesNegativeTestJSON-453899249-project-member', 'project_domain_id': 'default', 'project_domain_name': 'Default', 'project_id': '309608ad5eeb4a79befa6622ed1b398c', 'project_name': 'tempest-SecurityGroupRulesNegativeTestJSON-453899249', 'tenant_id': '309608ad5eeb4a79befa6622ed1b398c', 'tenant_name': 'tempest-SecurityGroupRulesNegativeTestJSON-453899249', 'user_domain_id': 'default', 'user_domain_name': 'Default', 'user_id': '8bbc423233e84a4c96a4c83db2820860', 'system': None}, Network: {'id': '6125c9f7-08e3-431b-bf01-9cb50471a3f7', 'name': 'tempest-SecurityGroupRulesNegativeTestJSON-938040971-network', 'tenant_id': '309608ad5eeb4a79befa6622ed1b398c', 'admin_state_up': True, 'mtu': 8950, 'status': 'ACTIVE', 'subnets': [], 'shared': False, 'project_id': '309608ad5eeb4a79befa6622ed1b398c', 'port_security_enabled': True, 'router:external': False, 'provider:network_type': 'vlan', 'provider:physical_network': 'default', 'provider:segmentation_id': 533, 'is_default': False, 'availability_zone_hints': [], 'availability_zones': [], 'ipv4_address_scope': None, 'ipv6_address_scope': None, 'description': '', 'tags': [], 'created_at': '2024-10-22T15:37:02Z', 'updated_at': '2024-10-22T15:37:02Z', 'revision_number': 1}, Subnet: {'id': 'e741ada4-2fbe-41f2-bfd5-dbff5225bca0', 'name': 'tempest-SecurityGroupRulesNegativeTestJSON-938040971-subnet', 'tenant_id': '309608ad5eeb4a79befa6622ed1b398c', 'network_id': '6125c9f7-08e3-431b-bf01-9cb50471a3f7', 'ip_version': 4, 'subnetpool_id': None, 'enable_dhcp': True, 'ipv6_ra_mode': None, 'ipv6_address_mode': None, 'gateway_ip': '192.168.128.1', 'cidr': '192.168.128.0/28', 'allocation_pools': [{'start': '192.168.128.2', 'end': '192.168.128.14'}], 'host_routes': [], 'dns_nameservers': [], 'description': '', 'router:external': False, 'service_types': [], 'tags': [], 'created_at': '2024-10-22T15:37:02Z', 'updated_at': '2024-10-22T15:37:02Z', 'revision_number': 0, 'project_id': '309608ad5eeb4a79befa6622ed1b398c'}, Router: {'id': 'e07ee869-2350-4656-b168-8452bab042e9', 'name': 'tempest-SecurityGroupRulesNegativeTestJSON-938040971-router', 'tenant_id': '309608ad5eeb4a79befa6622ed1b398c', 'admin_state_up': True, 'status': 'ACTIVE', 'external_gateway_info': {'network_id': 'd9b6bfac-bff8-44c0-a9c1-9fc6f3e56f0c', 'external_fixed_ips': [{'subnet_id': 'e31c7a6b-929f-4893-bb11-7b60a23f18d8', 'ip_address': '10.180.180.151'}], 'enable_snat': True}, 'description': '', 'availability_zones': [], 'distributed': False, 'ha': False, 'availability_zone_hints': [], 'routes': [], 'flavor_id': None, 'tags': [], 'created_at': '2024-10-22T15:37:02Z', 'updated_at': '2024-10-22T15:37:03Z', 'revision_number': 2, 'project_id': '309608ad5eeb4a79befa6622ed1b398c'}
2024-10-22 15:37:07.414 61973 INFO tempest.lib.common.rest_client [req-386376ae-16a1-4d5a-9bf1-3a112f67e26d req-386376ae-16a1-4d5a-9bf1-3a112f67e26d ] Request (ServersTestMultiNic:test_verify_duplicate_network_nics): 200 GET http://10.180.1.21/compute/v2.1/servers/d23a9ab2-01ed-4d41-b89f-445ecc5f410f 0.652s
2024-10-22 15:37:07.490 61963 INFO tempest.lib.common.rest_client [req-dbfcff8c-8f8a-49a8-94f1-6d23407e2b3e req-dbfcff8c-8f8a-49a8-94f1-6d23407e2b3e ] Request (ServersTestBootFromVolume:setUpClass): 200 GET http://10.180.1.21/compute/v2.1/servers/baf240b6-0a42-485f-9176-78dda5de3c7d 0.616s
2024-10-22 15:37:07.522 61933 INFO tempest.lib.common.rest_client [req-ba261f9c-a29e-4acf-a7e7-a43415047c11 req-ba261f9c-a29e-4acf-a7e7-a43415047c11 ] Request (SecurityGroupRulesNegativeTestJSON:setUpClass): 201 POST http://10.180.1.21/identity/v3/auth/tokens 0.132s
2024-10-22 15:37:07.743 61919 INFO tempest.lib.common.rest_client [req-295655bb-e611-472f-9efb-eaecf116ea0a req-295655bb-e611-472f-9efb-eaecf116ea0a ] Request (ServersTestFqdnHostnames:test_create_server_with_fqdn_name): 202 POST http://10.180.1.21/compute/v2.1/servers 0.997s
2024-10-22 15:37:07.809 61971 INFO tempest.lib.common.rest_client [req-d8573afc-dc1b-48df-9036-902bfadac832 req-d8573afc-dc1b-48df-9036-902bfadac832 ] Request (MigrationsAdminTest:test_resize_server_revert_deleted_flavor): 200 GET http://10.180.1.21/compute/v2.1/servers/be7776f1-0083-4c40-a7e6-477c0c65f7bf 0.856s
2024-10-22 15:37:07.856 61951 INFO tempest.lib.common.rest_client [req-ecaab5ab-5d16-40bd-868d-0f06ec9fcc7d req-ecaab5ab-5d16-40bd-868d-0f06ec9fcc7d ] Request (ImagesNegativeTestJSON:test_create_image_from_deleted_server): 202 POST http://10.180.1.21/compute/v2.1/servers 0.963s
2024-10-22 15:37:07.875 61917 INFO tempest.lib.common.rest_client [req-b77e9417-c11c-4cba-9aa4-065de4625a80 req-b77e9417-c11c-4cba-9aa4-065de4625a80 ] Request (ServerShowV257Test:test_rebuild_server): 200 GET http://10.180.1.21/compute/v2.1/servers/e918b827-ea37-4589-8999-e363aba4492d 0.821s
2024-10-22 15:37:07.917 61925 INFO tempest.lib.common.rest_client [req-e827966c-c958-4dac-95eb-802cf310d380 req-e827966c-c958-4dac-95eb-802cf310d380 ] Request (VolumesTestJSON:test_volume_list_param_offset_and_limit): 200 GET http://10.180.1.21/compute/v2.1/os-volumes?offset=1&limit=1 0.776s
2024-10-22 15:37:07.925 61931 INFO tempest.lib.common.rest_client [req-b4d39e61-e470-4914-a145-832ad3077e26 req-b4d39e61-e470-4914-a145-832ad3077e26 ] Request (AttachInterfacesUnderV243Test:test_add_remove_fixed_ip): 200 GET http://10.180.1.21/compute/v2.1/servers/c35f0f15-6c13-4fbe-9ac2-ab6262590c38 0.785s
2024-10-22 15:37:07.986 61943 INFO tempest.lib.common.rest_client [req-dabf6791-c4d9-4007-8df7-2c1ab5867e3f req-dabf6791-c4d9-4007-8df7-2c1ab5867e3f ] Request (FloatingIPsAssociationNegativeTestJSON:setUpClass): 200 GET http://10.180.1.21/compute/v2.1/servers/33e270fd-0393-4425-8312-1e9fc91f3d1f 0.736s
2024-10-22 15:37:07.990 61955 INFO tempest.lib.common.rest_client [req-455966a2-5ad7-4399-9931-25d05fc79532 req-455966a2-5ad7-4399-9931-25d05fc79532 ] Request (VolumesAssistedSnapshotsTest:test_volume_assisted_snapshot_create_delete): 200 GET http://10.180.1.21/compute/v2.1/servers/c2dadf90-2469-4df6-bcc4-dd65d8a748bc 0.824s
2024-10-22 15:37:08.059 61915 INFO tempest.lib.common.rest_client [req-15238fc0-3178-4aad-a17c-5a2e6536569e req-15238fc0-3178-4aad-a17c-5a2e6536569e ] Request (VolumesAdminNegativeTest:test_update_attached_volume_with_nonexistent_volume_in_body): 200 GET http://10.180.1.21/compute/v2.1/servers/16e92598-3eba-42c1-b9ec-3b2b91231267 0.733s
2024-10-22 15:37:08.069 61949 INFO tempest.lib.common.rest_client [req-5c204d11-3758-427e-8bdf-6cd1eec75961 req-5c204d11-3758-427e-8bdf-6cd1eec75961 ] Request (ListServersNegativeTestJSON:setUpClass): 200 GET http://10.180.1.21/compute/v2.1/servers 0.713s
2024-10-22 15:37:08.118 61953 INFO tempest.lib.common.rest_client [req-ebdbd993-9898-499e-be6f-32327422f0d8 req-ebdbd993-9898-499e-be6f-32327422f0d8 ] Request (ServerDiskConfigTestJSON:test_rebuild_server_with_auto_disk_config): 200 GET http://10.180.1.21/compute/v2.1/servers/3cd90969-d884-49fc-a2c3-8501e2c51ff6 0.696s
2024-10-22 15:37:08.124 61967 INFO tempest.lib.common.rest_client [req-f096271a-4e7b-4a04-8a96-6265bdb159ee req-f096271a-4e7b-4a04-8a96-6265bdb159ee ] Request (ServersAdmin275Test:test_rebuild_update_server_275): 200 GET http://10.180.1.21/compute/v2.1/servers/55630bdb-fe38-49dc-baa2-2ac5de20e569 0.604s
2024-10-22 15:37:08.191 61942 INFO tempest.lib.common.rest_client [req-b1d01f18-60bc-4aed-8037-bc6c1d472d9c req-b1d01f18-60bc-4aed-8037-bc6c1d472d9c ] Request (ImagesTestJSON:test_create_image_from_stopped_server): 200 GET http://10.180.1.21/compute/v2.1/servers/66562ea6-5d39-4b98-a9e2-0512295ab94f 0.648s
2024-10-22 15:37:08.267 61978 INFO tempest.lib.common.rest_client [req-21626e6c-d5d2-4c02-ab44-e03a90018a8a req-21626e6c-d5d2-4c02-ab44-e03a90018a8a ] Request (DeleteServersTestJSON:test_delete_active_server): 200 GET http://10.180.1.21/compute/v2.1/servers/e51d3f4e-41d5-4190-a8e9-21c743aa3b5e 0.669s
2024-10-22 15:37:08.281 61978 INFO tempest.common.waiters [-] State transition "BUILD/None" ==> "BUILD/networking" after 40 second wait
2024-10-22 15:37:08.331 61933 INFO tempest.lib.common.rest_client [req-220ce86f-8bbc-489b-a3bf-1ad041ced145 req-220ce86f-8bbc-489b-a3bf-1ad041ced145 ] Request (SecurityGroupRulesNegativeTestJSON:test_create_security_group_rule_duplicate): 200 POST http://10.180.1.21/compute/v2.1/os-security-groups 0.806s
2024-10-22 15:37:08.337 61935 INFO tempest.lib.common.rest_client [req-a94a4510-e523-4173-a6f3-a064313f0ae4 req-a94a4510-e523-4173-a6f3-a064313f0ae4 ] Request (MultipleCreateTestJSON:test_multiple_create_with_reservation_return): 200 GET http://10.180.1.21/compute/v2.1/servers/87971b67-572c-4d5f-99b7-dab08aea10c1 0.734s
2024-10-22 15:37:08.403 61939 INFO tempest.lib.common.rest_client [req-c67e2a1c-653f-4060-94c1-97ad8073bced req-c67e2a1c-653f-4060-94c1-97ad8073bced ] Request (AttachInterfacesV270Test:test_create_get_list_interfaces): 200 GET http://10.180.1.21/compute/v2.1/servers/453d71d6-e8ab-4fdb-b5e7-f84bb2020bf8 0.748s
2024-10-22 15:37:08.412 61929 INFO tempest.lib.common.rest_client [req-4b2c3ae9-196d-46e9-9a15-23b28ae62814 req-4b2c3ae9-196d-46e9-9a15-23b28ae62814 ] Request (FloatingIPsAssociationTestJSON:setUpClass): 200 GET http://10.180.1.21/compute/v2.1/servers/9008460a-6b35-468d-803c-d10c139494f7 0.730s
2024-10-22 15:37:08.460 61923 INFO tempest.lib.common.rest_client [req-dfee2b20-6f7d-4e8e-b84c-b8e8c61393f3 req-dfee2b20-6f7d-4e8e-b84c-b8e8c61393f3 ] Request (ServersAdminTestJSON:setUpClass): 200 GET http://10.180.1.21/compute/v2.1/servers/46672a70-7d6b-4a86-833b-a7583c71e595 0.759s
2024-10-22 15:37:08.508 61937 INFO tempest.lib.common.rest_client [req-a9d71dea-36ec-4288-9063-e1f5a323e650 req-a9d71dea-36ec-4288-9063-e1f5a323e650 ] Request (ServerRescueNegativeTestJSON:setUpClass): 200 GET http://10.180.1.21/compute/v2.1/servers/e5bf9ce1-f12d-4f82-b1b2-e6dfeaffea22 0.757s
2024-10-22 15:37:08.527 61919 INFO tempest.lib.common.rest_client [req-8976a909-0749-4fa7-aba6-aaa68b92095a req-8976a909-0749-4fa7-aba6-aaa68b92095a ] Request (ServersTestFqdnHostnames:test_create_server_with_fqdn_name): 200 GET http://10.180.1.21/compute/v2.1/servers/a1a8b990-f4b7-4049-9345-562d1b5c180e 0.782s
2024-10-22 15:37:08.561 61959 INFO tempest.lib.common.rest_client [req-ccfb1f8a-f5d1-4bc6-b107-0e48d4dcd1ac req-ccfb1f8a-f5d1-4bc6-b107-0e48d4dcd1ac ] Request (ImagesOneServerNegativeTestJSON:setUpClass): 200 GET http://10.180.1.21/compute/v2.1/servers/3c252464-1b1a-4c1a-86bb-2fb0107aa52f 0.763s
2024-10-22 15:37:08.586 61961 INFO tempest.lib.common.rest_client [req-b1e4a936-80b2-431e-9c67-7e086a41ed3d req-b1e4a936-80b2-431e-9c67-7e086a41ed3d ] Request (SecurityGroupsTestJSON:test_list_security_groups_by_server): 200 GET http://10.180.1.21/compute/v2.1/servers/f03f349e-d5ed-437b-8b13-6b036f2b88dc 0.780s
2024-10-22 15:37:08.605 61927 INFO tempest.lib.common.rest_client [req-d3b3e919-33ba-4787-bc69-b286b89af440 req-d3b3e919-33ba-4787-bc69-b286b89af440 ] Request (ServersTestJSON:test_create_server_specify_multibyte_character_name): 200 GET http://10.180.1.21/compute/v2.1/servers/8c8a339c-e52a-4257-9191-4e03ecf87b22 0.756s
2024-10-22 15:37:08.647 61951 INFO tempest.lib.common.rest_client [req-2bd05fdd-512f-4668-9851-ab75124176dc req-2bd05fdd-512f-4668-9851-ab75124176dc ] Request (ImagesNegativeTestJSON:test_create_image_from_deleted_server): 200 GET http://10.180.1.21/compute/v2.1/servers/a978aa73-3f2a-4a87-bda3-bcde3028a646 0.789s
2024-10-22 15:37:08.649 61947 INFO tempest.lib.common.rest_client [req-4131caa2-822b-448a-bbfd-0c6fd27bcf23 req-4131caa2-822b-448a-bbfd-0c6fd27bcf23 ] Request (InstanceActionsTestJSON:setUpClass): 200 GET http://10.180.1.21/compute/v2.1/servers/49284c45-b77b-4992-8437-d9d31ba12539 0.750s
2024-10-22 15:37:08.685 61925 INFO tempest.lib.common.rest_client [req-bb19a061-3975-47b3-9818-f0a293afadc1 req-bb19a061-3975-47b3-9818-f0a293afadc1 ] Request (VolumesTestJSON:test_volume_list_with_detail_param_limit): 200 GET http://10.180.1.21/compute/v2.1/os-volumes/detail?limit=2 0.765s
2024-10-22 15:37:08.696 61969 INFO tempest.lib.common.rest_client [req-90d8d9b0-82e6-4406-b39d-6204a070eaa3 req-90d8d9b0-82e6-4406-b39d-6204a070eaa3 ] Request (ServersWithSpecificFlavorTestJSON:test_verify_created_server_ephemeral_disk): 200 GET http://10.180.1.21/compute/v2.1/servers/b15dbb0e-4f3d-451f-ba1e-f560b2e3ea6b 0.768s
2024-10-22 15:37:08.745 61945 INFO tempest.lib.common.rest_client [req-5cac76d6-573b-4188-a7f8-0195994d9cca req-5cac76d6-573b-4188-a7f8-0195994d9cca ] Request (DeleteServersAdminTestJSON:test_delete_server_while_in_error_state): 200 GET http://10.180.1.21/compute/v2.1/servers/25168ea9-24fb-4f63-b508-b5c3a47a77e4 0.774s
2024-10-22 15:37:08.753 61965 INFO tempest.lib.common.rest_client [req-1c18b312-f0d5-421b-98dc-4cc6a503d769 req-1c18b312-f0d5-421b-98dc-4cc6a503d769 ] Request (ServersV294TestFqdnHostnames:setUpClass): 200 GET http://10.180.1.21/compute/v2.1/servers/74c00b03-bd37-49f7-b0b9-88404302c071 0.698s
2024-10-22 15:37:08.807 61975 INFO tempest.lib.common.rest_client [req-27b7886c-a0fb-48f4-8d69-5f272fbdaeaa req-27b7886c-a0fb-48f4-8d69-5f272fbdaeaa ] Request (ListServerFiltersTestJSON:setUpClass): 200 GET http://10.180.1.21/compute/v2.1/servers/d186a201-4ef8-40a6-9625-5e8ae99af4d1 0.698s
2024-10-22 15:37:08.816 61949 INFO tempest.lib.common.rest_client [req-40edafa7-7c94-4ee7-ad20-df2f082d2169 req-40edafa7-7c94-4ee7-ad20-df2f082d2169 ] Request (ListServersNegativeTestJSON:setUpClass): 200 GET http://10.180.1.21/compute/v2.1/servers/e9d5a8b8-afc2-40dc-b480-0b946e085e18 0.745s
2024-10-22 15:37:08.885 61973 INFO tempest.lib.common.rest_client [req-864de02e-9498-462e-9bbd-9055d1da9d92 req-864de02e-9498-462e-9bbd-9055d1da9d92 ] Request (ServersTestMultiNic:test_verify_duplicate_network_nics): 200 GET http://10.180.1.21/compute/v2.1/servers/d23a9ab2-01ed-4d41-b89f-445ecc5f410f 0.458s
2024-10-22 15:37:08.945 61933 INFO tempest.lib.common.rest_client [req-28379d99-2905-4cf2-afbe-d9b5434a77e8 req-28379d99-2905-4cf2-afbe-d9b5434a77e8 ] Request (SecurityGroupRulesNegativeTestJSON:test_create_security_group_rule_duplicate): 200 POST http://10.180.1.21/compute/v2.1/os-security-group-rules 0.607s
2024-10-22 15:37:08.948 61963 INFO tempest.lib.common.rest_client [req-39a8d0f2-b5a2-4faa-9ff0-be7dd12332f0 req-39a8d0f2-b5a2-4faa-9ff0-be7dd12332f0 ] Request (ServersTestBootFromVolume:setUpClass): 200 GET http://10.180.1.21/compute/v2.1/servers/baf240b6-0a42-485f-9176-78dda5de3c7d 0.450s
2024-10-22 15:37:08.993 61925 INFO tempest.lib.common.rest_client [req-08c04726-b9a4-4e8e-9b86-6a5cbba120f5 req-08c04726-b9a4-4e8e-9b86-6a5cbba120f5 ] Request (VolumesTestJSON:test_volume_list_with_detail_param_offset_and_limit): 200 GET http://10.180.1.21/compute/v2.1/os-volumes/detail 0.303s
2024-10-22 15:37:09.007 61971 INFO tempest.lib.common.rest_client [req-ab1b0249-615c-4768-9d57-a437f441a323 req-ab1b0249-615c-4768-9d57-a437f441a323 ] Request (MigrationsAdminTest:test_resize_server_revert_deleted_flavor): 200 GET http://10.180.1.21/compute/v2.1/servers/be7776f1-0083-4c40-a7e6-477c0c65f7bf 0.185s
2024-10-22 15:37:09.059 61931 INFO tempest.lib.common.rest_client [req-ec41dfe5-40c4-4f50-b40d-c71826821679 req-ec41dfe5-40c4-4f50-b40d-c71826821679 ] Request (AttachInterfacesUnderV243Test:test_add_remove_fixed_ip): 200 GET http://10.180.1.21/compute/v2.1/servers/c35f0f15-6c13-4fbe-9ac2-ab6262590c38 0.126s
2024-10-22 15:37:09.065 61917 INFO tempest.lib.common.rest_client [req-137e0755-0985-478a-b9ae-9fdc2f0566b3 req-137e0755-0985-478a-b9ae-9fdc2f0566b3 ] Request (ServerShowV257Test:test_rebuild_server): 200 GET http://10.180.1.21/compute/v2.1/servers/e918b827-ea37-4589-8999-e363aba4492d 0.179s
2024-10-22 15:37:09.096 61933 INFO tempest.lib.common.rest_client [req-4d4f9ea1-3f30-4a76-9a50-ff8288d7084a req-4d4f9ea1-3f30-4a76-9a50-ff8288d7084a ] Request (SecurityGroupRulesNegativeTestJSON:test_create_security_group_rule_duplicate): 400 POST http://10.180.1.21/compute/v2.1/os-security-group-rules 0.149s
2024-10-22 15:37:09.120 61943 INFO tempest.lib.common.rest_client [req-44357dc8-d42b-494c-b8e9-ac7051e439f3 req-44357dc8-d42b-494c-b8e9-ac7051e439f3 ] Request (FloatingIPsAssociationNegativeTestJSON:setUpClass): 200 GET http://10.180.1.21/compute/v2.1/servers/33e270fd-0393-4425-8312-1e9fc91f3d1f 0.127s
2024-10-22 15:37:09.130 61925 INFO tempest.lib.common.rest_client [req-4600edad-00c5-47f8-a65d-951045dc3d91 req-4600edad-00c5-47f8-a65d-951045dc3d91 ] Request (VolumesTestJSON:test_volume_list_with_detail_param_offset_and_limit): 200 GET http://10.180.1.21/compute/v2.1/os-volumes/detail?offset=1&limit=1 0.134s
2024-10-22 15:37:09.182 61955 INFO tempest.lib.common.rest_client [req-b007f0f5-0dba-4164-8943-f89b29e935d2 req-b007f0f5-0dba-4164-8943-f89b29e935d2 ] Request (VolumesAssistedSnapshotsTest:test_volume_assisted_snapshot_create_delete): 200 GET http://10.180.1.21/compute/v2.1/servers/c2dadf90-2469-4df6-bcc4-dd65d8a748bc 0.177s
2024-10-22 15:37:09.188 61915 INFO tempest.lib.common.rest_client [req-d7dfa02a-4425-429c-89f3-a40cf8142b88 req-d7dfa02a-4425-429c-89f3-a40cf8142b88 ] Request (VolumesAdminNegativeTest:test_update_attached_volume_with_nonexistent_volume_in_body): 200 GET http://10.180.1.21/compute/v2.1/servers/16e92598-3eba-42c1-b9ec-3b2b91231267 0.118s
2024-10-22 15:37:09.316 61933 INFO tempest.lib.common.rest_client [req-c479e1f1-533b-42e6-804a-073649d0dda8 req-c479e1f1-533b-42e6-804a-073649d0dda8 ] Request (SecurityGroupRulesNegativeTestJSON:_run_cleanups): 202 DELETE http://10.180.1.21/compute/v2.1/os-security-group-rules/a7231614-9aff-4241-b68d-f2cab304e544 0.219s
2024-10-22 15:37:09.353 61925 INFO tempest.lib.common.rest_client [req-9aabdb5b-af78-49e9-835c-dd72771aba0f req-9aabdb5b-af78-49e9-835c-dd72771aba0f ] Request (VolumesTestJSON:test_volume_list_with_details): 200 GET http://10.180.1.21/compute/v2.1/os-volumes/detail 0.219s
2024-10-22 15:37:09.388 61953 INFO tempest.lib.common.rest_client [req-682e7469-e553-459b-bcd9-2f00d8b7f500 req-682e7469-e553-459b-bcd9-2f00d8b7f500 ] Request (ServerDiskConfigTestJSON:test_rebuild_server_with_auto_disk_config): 200 GET http://10.180.1.21/compute/v2.1/servers/3cd90969-d884-49fc-a2c3-8501e2c51ff6 0.262s
2024-10-22 15:37:09.413 61967 INFO tempest.lib.common.rest_client [req-06c38cf0-a99e-49d3-a8ab-ea7a21aefb7d req-06c38cf0-a99e-49d3-a8ab-ea7a21aefb7d ] Request (ServersAdmin275Test:test_rebuild_update_server_275): 200 GET http://10.180.1.21/compute/v2.1/servers/55630bdb-fe38-49dc-baa2-2ac5de20e569 0.275s
2024-10-22 15:37:09.424 61925 INFO tempest.lib.common.rest_client [req-262966e0-52c4-47f8-911d-0a6515c964b3 req-262966e0-52c4-47f8-911d-0a6515c964b3 ] Request (VolumesTestJSON:tearDownClass): 202 DELETE http://10.180.1.21/volume/v3/volumes/f7a0e3d9-8dba-4ca5-9667-9b5cdca1c822 0.058s
2024-10-22 15:37:09.443 61942 INFO tempest.lib.common.rest_client [req-118d1c15-ea4e-4a47-baaa-a439825b8871 req-118d1c15-ea4e-4a47-baaa-a439825b8871 ] Request (ImagesTestJSON:test_create_image_from_stopped_server): 200 GET http://10.180.1.21/compute/v2.1/servers/66562ea6-5d39-4b98-a9e2-0512295ab94f 0.240s
2024-10-22 15:37:09.462 61925 INFO tempest.lib.common.rest_client [req-d8dba59e-2215-47ea-92f6-29f1e81bf1c6 req-d8dba59e-2215-47ea-92f6-29f1e81bf1c6 ] Request (VolumesTestJSON:tearDownClass): 200 GET http://10.180.1.21/volume/v3/volumes/f7a0e3d9-8dba-4ca5-9667-9b5cdca1c822 0.037s
2024-10-22 15:37:09.550 61978 INFO tempest.lib.common.rest_client [req-6824e799-6905-4bf6-b08e-1c88315aa210 req-6824e799-6905-4bf6-b08e-1c88315aa210 ] Request (DeleteServersTestJSON:test_delete_active_server): 200 GET http://10.180.1.21/compute/v2.1/servers/e51d3f4e-41d5-4190-a8e9-21c743aa3b5e 0.268s
2024-10-22 15:37:09.559 61978 INFO tempest.common.waiters [-] State transition "BUILD/networking" ==> "BUILD/spawning" after 41 second wait
2024-10-22 15:37:09.598 61935 INFO tempest.lib.common.rest_client [req-cac73a71-03e4-401d-bcd8-6e1d2bfc7aed req-cac73a71-03e4-401d-bcd8-6e1d2bfc7aed ] Request (MultipleCreateTestJSON:test_multiple_create_with_reservation_return): 200 GET http://10.180.1.21/compute/v2.1/servers/87971b67-572c-4d5f-99b7-dab08aea10c1 0.250s
2024-10-22 15:37:09.648 61939 INFO tempest.lib.common.rest_client [req-c6a565f1-0cea-40f0-a593-8b4e6f6e1591 req-c6a565f1-0cea-40f0-a593-8b4e6f6e1591 ] Request (AttachInterfacesV270Test:test_create_get_list_interfaces): 200 GET http://10.180.1.21/compute/v2.1/servers/453d71d6-e8ab-4fdb-b5e7-f84bb2020bf8 0.235s
2024-10-22 15:37:09.659 61933 INFO tempest.lib.common.rest_client [req-65ec5dcf-7f86-45ef-9216-0125787556b3 req-65ec5dcf-7f86-45ef-9216-0125787556b3 ] Request (SecurityGroupRulesNegativeTestJSON:test_create_security_group_rule_with_invalid_from_port): 200 POST http://10.180.1.21/compute/v2.1/os-security-groups 0.341s
2024-10-22 15:37:09.701 61929 INFO tempest.lib.common.rest_client [req-802e059e-169d-4aec-b057-6455649df50d req-802e059e-169d-4aec-b057-6455649df50d ] Request (FloatingIPsAssociationTestJSON:setUpClass): 200 GET http://10.180.1.21/compute/v2.1/servers/9008460a-6b35-468d-803c-d10c139494f7 0.278s
2024-10-22 15:37:09.714 61923 INFO tempest.lib.common.rest_client [req-0f61861b-5cee-4918-8dd3-24deb9806a68 req-0f61861b-5cee-4918-8dd3-24deb9806a68 ] Request (ServersAdminTestJSON:setUpClass): 200 GET http://10.180.1.21/compute/v2.1/servers/46672a70-7d6b-4a86-833b-a7583c71e595 0.246s
2024-10-22 15:37:09.754 61937 INFO tempest.lib.common.rest_client [req-b24b51d2-32fb-4641-8006-5d7d482862c0 req-b24b51d2-32fb-4641-8006-5d7d482862c0 ] Request (ServerRescueNegativeTestJSON:setUpClass): 200 GET http://10.180.1.21/compute/v2.1/servers/e5bf9ce1-f12d-4f82-b1b2-e6dfeaffea22 0.239s
2024-10-22 15:37:09.771 61919 INFO tempest.lib.common.rest_client [req-c60501a3-f43d-4376-bf89-509bbb40f54d req-c60501a3-f43d-4376-bf89-509bbb40f54d ] Request (ServersTestFqdnHostnames:test_create_server_with_fqdn_name): 200 GET http://10.180.1.21/compute/v2.1/servers/a1a8b990-f4b7-4049-9345-562d1b5c180e 0.234s
2024-10-22 15:37:09.805 61959 INFO tempest.lib.common.rest_client [req-bd47aecc-894a-4f8a-a111-b44023a2eb33 req-bd47aecc-894a-4f8a-a111-b44023a2eb33 ] Request (ImagesOneServerNegativeTestJSON:setUpClass): 200 GET http://10.180.1.21/compute/v2.1/servers/3c252464-1b1a-4c1a-86bb-2fb0107aa52f 0.228s
2024-10-22 15:37:09.820 61961 INFO tempest.lib.common.rest_client [req-67a3bf44-d076-4c50-bcdd-1abc5f9bb5a7 req-67a3bf44-d076-4c50-bcdd-1abc5f9bb5a7 ] Request (SecurityGroupsTestJSON:test_list_security_groups_by_server): 200 GET http://10.180.1.21/compute/v2.1/servers/f03f349e-d5ed-437b-8b13-6b036f2b88dc 0.224s
2024-10-22 15:37:09.861 61927 INFO tempest.lib.common.rest_client [req-22ac28d9-1a3a-42d9-b83f-c25eb7b0b2eb req-22ac28d9-1a3a-42d9-b83f-c25eb7b0b2eb ] Request (ServersTestJSON:test_create_server_specify_multibyte_character_name): 200 GET http://10.180.1.21/compute/v2.1/servers/8c8a339c-e52a-4257-9191-4e03ecf87b22 0.247s
2024-10-22 15:37:09.871 61951 INFO tempest.lib.common.rest_client [req-642f7060-5592-4d12-9ffe-5f597f072379 req-642f7060-5592-4d12-9ffe-5f597f072379 ] Request (ImagesNegativeTestJSON:test_create_image_from_deleted_server): 200 GET http://10.180.1.21/compute/v2.1/servers/a978aa73-3f2a-4a87-bda3-bcde3028a646 0.214s
2024-10-22 15:37:09.911 61933 INFO tempest.lib.common.rest_client [req-068fe47c-c703-4577-a015-10681b2d4b0f req-068fe47c-c703-4577-a015-10681b2d4b0f ] Request (SecurityGroupRulesNegativeTestJSON:test_create_security_group_rule_with_invalid_from_port): 400 POST http://10.180.1.21/compute/v2.1/os-security-group-rules 0.248s
2024-10-22 15:37:09.917 61947 INFO tempest.lib.common.rest_client [req-0078c848-2b4f-462d-b162-6e4f0f120d1f req-0078c848-2b4f-462d-b162-6e4f0f120d1f ] Request (InstanceActionsTestJSON:setUpClass): 200 GET http://10.180.1.21/compute/v2.1/servers/49284c45-b77b-4992-8437-d9d31ba12539 0.259s
2024-10-22 15:37:09.961 61969 INFO tempest.lib.common.rest_client [req-0d8603e0-66f7-4314-b147-ad6a4834d587 req-0d8603e0-66f7-4314-b147-ad6a4834d587 ] Request (ServersWithSpecificFlavorTestJSON:test_verify_created_server_ephemeral_disk): 200 GET http://10.180.1.21/compute/v2.1/servers/b15dbb0e-4f3d-451f-ba1e-f560b2e3ea6b 0.257s
2024-10-22 15:37:09.965 61945 INFO tempest.lib.common.rest_client [req-879588a0-437b-4205-99dc-462fc6b3ac14 req-879588a0-437b-4205-99dc-462fc6b3ac14 ] Request (DeleteServersAdminTestJSON:test_delete_server_while_in_error_state): 200 GET http://10.180.1.21/compute/v2.1/servers/25168ea9-24fb-4f63-b508-b5c3a47a77e4 0.209s
2024-10-22 15:37:10.013 61965 INFO tempest.lib.common.rest_client [req-4c7b7eb7-c389-4e24-bb1e-ad0373d27ced req-4c7b7eb7-c389-4e24-bb1e-ad0373d27ced ] Request (ServersV294TestFqdnHostnames:setUpClass): 200 GET http://10.180.1.21/compute/v2.1/servers/74c00b03-bd37-49f7-b0b9-88404302c071 0.249s
2024-10-22 15:37:10.014 61975 INFO tempest.lib.common.rest_client [req-3cf752ac-a614-460a-93de-afe8cc1e4a5a req-3cf752ac-a614-460a-93de-afe8cc1e4a5a ] Request (ListServerFiltersTestJSON:setUpClass): 200 GET http://10.180.1.21/compute/v2.1/servers/d186a201-4ef8-40a6-9625-5e8ae99af4d1 0.196s
2024-10-22 15:37:10.060 61949 INFO tempest.lib.common.rest_client [req-d72ede9b-d8d7-4e97-ac17-b6c6ac173877 req-d72ede9b-d8d7-4e97-ac17-b6c6ac173877 ] Request (ListServersNegativeTestJSON:setUpClass): 200 GET http://10.180.1.21/compute/v2.1/servers/e9d5a8b8-afc2-40dc-b480-0b946e085e18 0.233s
2024-10-22 15:37:10.067 61973 INFO tempest.lib.common.rest_client [req-f71aab43-e37c-4fd0-bc26-a38ee7c005b6 req-f71aab43-e37c-4fd0-bc26-a38ee7c005b6 ] Request (ServersTestMultiNic:test_verify_duplicate_network_nics): 200 GET http://10.180.1.21/compute/v2.1/servers/d23a9ab2-01ed-4d41-b89f-445ecc5f410f 0.172s
2024-10-22 15:37:10.068 61933 INFO tempest.lib.common.rest_client [req-0edfcd81-3c22-4ca8-b7ec-fdec3c65e1cd req-0edfcd81-3c22-4ca8-b7ec-fdec3c65e1cd ] Request (SecurityGroupRulesNegativeTestJSON:test_create_security_group_rule_with_invalid_id): 400 POST http://10.180.1.21/compute/v2.1/os-security-group-rules 0.155s
2024-10-22 15:37:10.120 61971 INFO tempest.lib.common.rest_client [req-683ed725-ae81-4104-bfd0-70c328f5a23a req-683ed725-ae81-4104-bfd0-70c328f5a23a ] Request (MigrationsAdminTest:test_resize_server_revert_deleted_flavor): 200 GET http://10.180.1.21/compute/v2.1/servers/be7776f1-0083-4c40-a7e6-477c0c65f7bf 0.104s
2024-10-22 15:37:10.123 61963 INFO tempest.lib.common.rest_client [req-31f5a135-752c-468f-80de-2f37234d9995 req-31f5a135-752c-468f-80de-2f37234d9995 ] Request (ServersTestBootFromVolume:setUpClass): 200 GET http://10.180.1.21/compute/v2.1/servers/baf240b6-0a42-485f-9176-78dda5de3c7d 0.169s
2024-10-22 15:37:10.174 61931 INFO tempest.lib.common.rest_client [req-c1acd876-11bd-4f84-abbb-71d2b467bf9f req-c1acd876-11bd-4f84-abbb-71d2b467bf9f ] Request (AttachInterfacesUnderV243Test:test_add_remove_fixed_ip): 200 GET http://10.180.1.21/compute/v2.1/servers/c35f0f15-6c13-4fbe-9ac2-ab6262590c38 0.101s
2024-10-22 15:37:10.223 61917 INFO tempest.lib.common.rest_client [req-dfbf190b-13c5-432a-bbb9-1be3327fe913 req-dfbf190b-13c5-432a-bbb9-1be3327fe913 ] Request (ServerShowV257Test:test_rebuild_server): 200 GET http://10.180.1.21/compute/v2.1/servers/e918b827-ea37-4589-8999-e363aba4492d 0.145s
2024-10-22 15:37:10.268 61943 INFO tempest.lib.common.rest_client [req-4c56338b-e300-4dc3-b5fb-89925872398b req-4c56338b-e300-4dc3-b5fb-89925872398b ] Request (FloatingIPsAssociationNegativeTestJSON:setUpClass): 200 GET http://10.180.1.21/compute/v2.1/servers/33e270fd-0393-4425-8312-1e9fc91f3d1f 0.139s
2024-10-22 15:37:10.268 61933 INFO tempest.lib.common.rest_client [req-92496708-e133-4d49-b1c2-fd9443c82c90 req-92496708-e133-4d49-b1c2-fd9443c82c90 ] Request (SecurityGroupRulesNegativeTestJSON:test_create_security_group_rule_with_invalid_ip_protocol): 200 POST http://10.180.1.21/compute/v2.1/os-security-groups 0.199s
2024-10-22 15:37:10.320 61955 INFO tempest.lib.common.rest_client [req-42f10300-af06-45b1-b2be-7d9e843cc24f req-42f10300-af06-45b1-b2be-7d9e843cc24f ] Request (VolumesAssistedSnapshotsTest:test_volume_assisted_snapshot_create_delete): 200 GET http://10.180.1.21/compute/v2.1/servers/c2dadf90-2469-4df6-bcc4-dd65d8a748bc 0.128s
2024-10-22 15:37:10.321 61915 INFO tempest.lib.common.rest_client [req-fddc66e6-dfd2-442f-b1c8-4a975d13ce22 req-fddc66e6-dfd2-442f-b1c8-4a975d13ce22 ] Request (VolumesAdminNegativeTest:test_update_attached_volume_with_nonexistent_volume_in_body): 200 GET http://10.180.1.21/compute/v2.1/servers/16e92598-3eba-42c1-b9ec-3b2b91231267 0.122s
2024-10-22 15:37:10.327 61915 INFO tempest.common.waiters [-] State transition "BUILD/scheduling" ==> "BUILD/None" after 38 second wait
2024-10-22 15:37:10.346 61933 INFO tempest.lib.common.rest_client [req-e7b18d9c-5bf1-4f3b-91d5-7b2f5f357533 req-e7b18d9c-5bf1-4f3b-91d5-7b2f5f357533 ] Request (SecurityGroupRulesNegativeTestJSON:test_create_security_group_rule_with_invalid_ip_protocol): 400 POST http://10.180.1.21/compute/v2.1/os-security-group-rules 0.074s
2024-10-22 15:37:10.444 61953 INFO tempest.lib.common.rest_client [req-f37dcd06-2b66-4902-b75b-71e9d2c8cbb3 req-f37dcd06-2b66-4902-b75b-71e9d2c8cbb3 ] Request (ServerDiskConfigTestJSON:test_rebuild_server_with_auto_disk_config): 200 GET http://10.180.1.21/compute/v2.1/servers/3cd90969-d884-49fc-a2c3-8501e2c51ff6 0.048s
2024-10-22 15:37:10.450 61933 INFO tempest.lib.common.rest_client [req-fe0bbb99-63ea-4199-b9b7-794102313620 req-fe0bbb99-63ea-4199-b9b7-794102313620 ] Request (SecurityGroupRulesNegativeTestJSON:test_create_security_group_rule_with_invalid_port_range): 200 POST http://10.180.1.21/compute/v2.1/os-security-groups 0.103s
2024-10-22 15:37:10.491 61925 INFO tempest.lib.common.rest_client [req-6108b746-0f97-43c2-ad91-c99baf330afe req-6108b746-0f97-43c2-ad91-c99baf330afe ] Request (VolumesTestJSON:tearDownClass): 404 GET http://10.180.1.21/volume/v3/volumes/f7a0e3d9-8dba-4ca5-9667-9b5cdca1c822 0.020s
2024-10-22 15:37:10.510 61967 INFO tempest.lib.common.rest_client [req-af060ae0-d78c-405e-8db1-aacf8a4a88af req-af060ae0-d78c-405e-8db1-aacf8a4a88af ] Request (ServersAdmin275Test:test_rebuild_update_server_275): 200 GET http://10.180.1.21/compute/v2.1/servers/55630bdb-fe38-49dc-baa2-2ac5de20e569 0.088s
2024-10-22 15:37:10.511 61942 INFO tempest.lib.common.rest_client [req-f06cc184-e14f-4cb5-ae5e-02457a1d7fea req-f06cc184-e14f-4cb5-ae5e-02457a1d7fea ] Request (ImagesTestJSON:test_create_image_from_stopped_server): 200 GET http://10.180.1.21/compute/v2.1/servers/66562ea6-5d39-4b98-a9e2-0512295ab94f 0.058s
2024-10-22 15:37:10.540 61933 INFO tempest.lib.common.rest_client [req-9b853233-4efe-423b-8e3c-f070260e1ede req-9b853233-4efe-423b-8e3c-f070260e1ede ] Request (SecurityGroupRulesNegativeTestJSON:test_create_security_group_rule_with_invalid_port_range): 400 POST http://10.180.1.21/compute/v2.1/os-security-group-rules 0.088s
2024-10-22 15:37:10.544 61925 INFO tempest.lib.common.rest_client [req-6b09354c-ab0a-40c1-9e3b-9fa2a3dc331b req-6b09354c-ab0a-40c1-9e3b-9fa2a3dc331b ] Request (VolumesTestJSON:tearDownClass): 202 DELETE http://10.180.1.21/volume/v3/volumes/453321c3-0703-4941-b2e7-6d0ac14c80a3 0.052s
2024-10-22 15:37:10.566 61925 INFO tempest.lib.common.rest_client [req-d4693a14-28d0-4fb3-a859-c84897a1cf2c req-d4693a14-28d0-4fb3-a859-c84897a1cf2c ] Request (VolumesTestJSON:tearDownClass): 200 GET http://10.180.1.21/volume/v3/volumes/453321c3-0703-4941-b2e7-6d0ac14c80a3 0.022s
2024-10-22 15:37:10.657 61933 INFO tempest.lib.common.rest_client [req-b4cf5214-664c-44aa-aad4-2537369de6c7 req-b4cf5214-664c-44aa-aad4-2537369de6c7 ] Request (SecurityGroupRulesNegativeTestJSON:test_create_security_group_rule_with_invalid_to_port): 200 POST http://10.180.1.21/compute/v2.1/os-security-groups 0.116s
2024-10-22 15:37:10.707 61935 INFO tempest.lib.common.rest_client [req-1e58ad3d-437e-42b9-be46-299c711689e3 req-1e58ad3d-437e-42b9-be46-299c711689e3 ] Request (MultipleCreateTestJSON:test_multiple_create_with_reservation_return): 200 GET http://10.180.1.21/compute/v2.1/servers/87971b67-572c-4d5f-99b7-dab08aea10c1 0.101s
2024-10-22 15:37:10.737 61933 INFO tempest.lib.common.rest_client [req-b861aa06-9bb3-4f5b-a47a-24c2142cbc1d req-b861aa06-9bb3-4f5b-a47a-24c2142cbc1d ] Request (SecurityGroupRulesNegativeTestJSON:test_create_security_group_rule_with_invalid_to_port): 400 POST http://10.180.1.21/compute/v2.1/os-security-group-rules 0.075s
2024-10-22 15:37:10.784 61939 INFO tempest.lib.common.rest_client [req-05491c10-7316-48f6-964c-621ca39fcf64 req-05491c10-7316-48f6-964c-621ca39fcf64 ] Request (AttachInterfacesV270Test:test_create_get_list_interfaces): 200 GET http://10.180.1.21/compute/v2.1/servers/453d71d6-e8ab-4fdb-b5e7-f84bb2020bf8 0.121s
2024-10-22 15:37:10.811 61978 INFO tempest.lib.common.rest_client [req-2c644235-c754-4440-92ad-8492271fc8a4 req-2c644235-c754-4440-92ad-8492271fc8a4 ] Request (DeleteServersTestJSON:test_delete_active_server): 200 GET http://10.180.1.21/compute/v2.1/servers/e51d3f4e-41d5-4190-a8e9-21c743aa3b5e 0.249s
2024-10-22 15:37:10.852 61929 INFO tempest.lib.common.rest_client [req-d6001391-5baf-45ac-ac6e-ad510ac58761 req-d6001391-5baf-45ac-ac6e-ad510ac58761 ] Request (FloatingIPsAssociationTestJSON:setUpClass): 200 GET http://10.180.1.21/compute/v2.1/servers/9008460a-6b35-468d-803c-d10c139494f7 0.137s
2024-10-22 15:37:10.864 61923 INFO tempest.lib.common.rest_client [req-cad15573-1d84-430f-92ac-7bb3d79033c4 req-cad15573-1d84-430f-92ac-7bb3d79033c4 ] Request (ServersAdminTestJSON:setUpClass): 200 GET http://10.180.1.21/compute/v2.1/servers/46672a70-7d6b-4a86-833b-a7583c71e595 0.142s
2024-10-22 15:37:10.870 61933 INFO tempest.lib.common.rest_client [req-42f304b9-e85e-46d4-94c7-e2a2a9550b60 req-42f304b9-e85e-46d4-94c7-e2a2a9550b60 ] Request (SecurityGroupRulesNegativeTestJSON:test_create_security_group_rule_with_non_existent_id): 404 POST http://10.180.1.21/compute/v2.1/os-security-group-rules 0.131s
2024-10-22 15:37:10.918 61919 INFO tempest.lib.common.rest_client [req-26b5e31f-b306-4f14-a15e-726c8e90b645 req-26b5e31f-b306-4f14-a15e-726c8e90b645 ] Request (ServersTestFqdnHostnames:test_create_server_with_fqdn_name): 200 GET http://10.180.1.21/compute/v2.1/servers/a1a8b990-f4b7-4049-9345-562d1b5c180e 0.134s
2024-10-22 15:37:10.922 61937 INFO tempest.lib.common.rest_client [req-cee3423b-c0e7-4003-83fd-f38f5ba92f3f req-cee3423b-c0e7-4003-83fd-f38f5ba92f3f ] Request (ServerRescueNegativeTestJSON:setUpClass): 200 GET http://10.180.1.21/compute/v2.1/servers/e5bf9ce1-f12d-4f82-b1b2-e6dfeaffea22 0.159s
2024-10-22 15:37:10.974 61961 INFO tempest.lib.common.rest_client [req-785aedbf-99ea-49b0-bb52-d5a8f58f9893 req-785aedbf-99ea-49b0-bb52-d5a8f58f9893 ] Request (SecurityGroupsTestJSON:test_list_security_groups_by_server): 200 GET http://10.180.1.21/compute/v2.1/servers/f03f349e-d5ed-437b-8b13-6b036f2b88dc 0.143s
2024-10-22 15:37:10.982 61959 INFO tempest.lib.common.rest_client [req-454944e1-8a81-4a26-9bf4-266aed09f6ae req-454944e1-8a81-4a26-9bf4-266aed09f6ae ] Request (ImagesOneServerNegativeTestJSON:setUpClass): 200 GET http://10.180.1.21/compute/v2.1/servers/3c252464-1b1a-4c1a-86bb-2fb0107aa52f 0.165s
2024-10-22 15:37:10.986 61933 INFO tempest.lib.common.rest_client [req-f570481e-787a-4281-9b52-43142f5913bd req-f570481e-787a-4281-9b52-43142f5913bd ] Request (SecurityGroupRulesNegativeTestJSON:test_delete_security_group_rule_with_non_existent_id): 404 DELETE http://10.180.1.21/compute/v2.1/os-security-group-rules/921aa64e-0ab4-4bdd-b7cf-e5188cf40cad 0.115s
2024-10-22 15:37:11.027 61927 INFO tempest.lib.common.rest_client [req-f89a9a78-a33f-42a5-9849-d53c4372f20e req-f89a9a78-a33f-42a5-9849-d53c4372f20e ] Request (ServersTestJSON:test_create_server_specify_multibyte_character_name): 200 GET http://10.180.1.21/compute/v2.1/servers/8c8a339c-e52a-4257-9191-4e03ecf87b22 0.159s
2024-10-22 15:37:11.032 61951 INFO tempest.lib.common.rest_client [req-8d0e3adb-3e15-4346-9021-b8b7b38e7a14 req-8d0e3adb-3e15-4346-9021-b8b7b38e7a14 ] Request (ImagesNegativeTestJSON:test_create_image_from_deleted_server): 200 GET http://10.180.1.21/compute/v2.1/servers/a978aa73-3f2a-4a87-bda3-bcde3028a646 0.151s
2024-10-22 15:37:11.080 61947 INFO tempest.lib.common.rest_client [req-b7854565-36a4-43c9-a8f1-15801d767e76 req-b7854565-36a4-43c9-a8f1-15801d767e76 ] Request (InstanceActionsTestJSON:setUpClass): 200 GET http://10.180.1.21/compute/v2.1/servers/49284c45-b77b-4992-8437-d9d31ba12539 0.154s
2024-10-22 15:37:11.103 61969 INFO tempest.lib.common.rest_client [req-b7709839-bba3-412c-af80-b19c3431c9e3 req-b7709839-bba3-412c-af80-b19c3431c9e3 ] Request (ServersWithSpecificFlavorTestJSON:test_verify_created_server_ephemeral_disk): 200 GET http://10.180.1.21/compute/v2.1/servers/b15dbb0e-4f3d-451f-ba1e-f560b2e3ea6b 0.135s
2024-10-22 15:37:11.155 61945 INFO tempest.lib.common.rest_client [req-88b898f9-b210-4e42-a753-d1813994917f req-88b898f9-b210-4e42-a753-d1813994917f ] Request (DeleteServersAdminTestJSON:test_delete_server_while_in_error_state): 200 GET http://10.180.1.21/compute/v2.1/servers/25168ea9-24fb-4f63-b508-b5c3a47a77e4 0.182s
2024-10-22 15:37:11.212 61975 INFO tempest.lib.common.rest_client [req-b0b1e02a-e86c-4163-a42d-4d8566068777 req-b0b1e02a-e86c-4163-a42d-4d8566068777 ] Request (ListServerFiltersTestJSON:setUpClass): 200 GET http://10.180.1.21/compute/v2.1/servers/d186a201-4ef8-40a6-9625-5e8ae99af4d1 0.190s
2024-10-22 15:37:11.284 61933 INFO tempest.lib.common.rest_client [req-ca2fa23f-b9be-43d4-b57e-a6e9f6e66ecf req-ca2fa23f-b9be-43d4-b57e-a6e9f6e66ecf ] Request (SecurityGroupRulesNegativeTestJSON:tearDownClass): 202 DELETE http://10.180.1.21/compute/v2.1/os-security-groups/9371e653-744c-466c-9779-0d4e599455c0 0.291s
2024-10-22 15:37:11.294 61965 INFO tempest.lib.common.rest_client [req-5f27089a-0e31-4d64-9620-8414d367d0fe req-5f27089a-0e31-4d64-9620-8414d367d0fe ] Request (ServersV294TestFqdnHostnames:setUpClass): 200 GET http://10.180.1.21/compute/v2.1/servers/74c00b03-bd37-49f7-b0b9-88404302c071 0.270s
2024-10-22 15:37:11.354 61973 INFO tempest.lib.common.rest_client [req-33be50c1-691a-42f9-b8ac-5169d2913da4 req-33be50c1-691a-42f9-b8ac-5169d2913da4 ] Request (ServersTestMultiNic:test_verify_duplicate_network_nics): 200 GET http://10.180.1.21/compute/v2.1/servers/d23a9ab2-01ed-4d41-b89f-445ecc5f410f 0.279s
2024-10-22 15:37:11.369 61949 INFO tempest.lib.common.rest_client [req-d7e91285-12fa-4e79-ae0d-b04bfab9326f req-d7e91285-12fa-4e79-ae0d-b04bfab9326f ] Request (ListServersNegativeTestJSON:setUpClass): 200 GET http://10.180.1.21/compute/v2.1/servers/e9d5a8b8-afc2-40dc-b480-0b946e085e18 0.301s
2024-10-22 15:37:11.416 61971 INFO tempest.lib.common.rest_client [req-d8a6fd18-e268-4e2a-a5e0-0d5de667a5e3 req-d8a6fd18-e268-4e2a-a5e0-0d5de667a5e3 ] Request (MigrationsAdminTest:test_resize_server_revert_deleted_flavor): 200 GET http://10.180.1.21/compute/v2.1/servers/be7776f1-0083-4c40-a7e6-477c0c65f7bf 0.289s
2024-10-22 15:37:11.434 61963 INFO tempest.lib.common.rest_client [req-12d1a12d-93bc-45f7-9447-65355ee9709c req-12d1a12d-93bc-45f7-9447-65355ee9709c ] Request (ServersTestBootFromVolume:setUpClass): 200 GET http://10.180.1.21/compute/v2.1/servers/baf240b6-0a42-485f-9176-78dda5de3c7d 0.297s
2024-10-22 15:37:11.459 61931 INFO tempest.lib.common.rest_client [req-bf1622fd-d9c5-4665-9878-36b33b5789b4 req-bf1622fd-d9c5-4665-9878-36b33b5789b4 ] Request (AttachInterfacesUnderV243Test:test_add_remove_fixed_ip): 200 GET http://10.180.1.21/compute/v2.1/servers/c35f0f15-6c13-4fbe-9ac2-ab6262590c38 0.276s
2024-10-22 15:37:11.483 61917 INFO tempest.lib.common.rest_client [req-c85e5187-a7a9-4726-bdc4-e672eaf00d38 req-c85e5187-a7a9-4726-bdc4-e672eaf00d38 ] Request (ServerShowV257Test:test_rebuild_server): 200 GET http://10.180.1.21/compute/v2.1/servers/e918b827-ea37-4589-8999-e363aba4492d 0.249s
2024-10-22 15:37:11.508 61943 INFO tempest.lib.common.rest_client [req-2be82893-2d7c-4fda-a79d-a24549c4209b req-2be82893-2d7c-4fda-a79d-a24549c4209b ] Request (FloatingIPsAssociationNegativeTestJSON:setUpClass): 200 GET http://10.180.1.21/compute/v2.1/servers/33e270fd-0393-4425-8312-1e9fc91f3d1f 0.232s
2024-10-22 15:37:11.555 61915 INFO tempest.lib.common.rest_client [req-ab5afaab-3f60-448f-8df5-a8e651832145 req-ab5afaab-3f60-448f-8df5-a8e651832145 ] Request (VolumesAdminNegativeTest:test_update_attached_volume_with_nonexistent_volume_in_body): 200 GET http://10.180.1.21/compute/v2.1/servers/16e92598-3eba-42c1-b9ec-3b2b91231267 0.228s
2024-10-22 15:37:11.589 61925 INFO tempest.lib.common.rest_client [req-03f3242b-3226-47ed-bc19-041d645130af req-03f3242b-3226-47ed-bc19-041d645130af ] Request (VolumesTestJSON:tearDownClass): 404 GET http://10.180.1.21/volume/v3/volumes/453321c3-0703-4941-b2e7-6d0ac14c80a3 0.016s
2024-10-22 15:37:11.598 61955 INFO tempest.lib.common.rest_client [req-f622a060-2b38-42b5-87a3-497a438bc8ba req-f622a060-2b38-42b5-87a3-497a438bc8ba ] Request (VolumesAssistedSnapshotsTest:test_volume_assisted_snapshot_create_delete): 200 GET http://10.180.1.21/compute/v2.1/servers/c2dadf90-2469-4df6-bcc4-dd65d8a748bc 0.269s
2024-10-22 15:37:11.605 61933 INFO tempest.lib.common.rest_client [req-1023e813-eb3f-4bcf-a3cf-d4c52a8d9a51 req-1023e813-eb3f-4bcf-a3cf-d4c52a8d9a51 ] Request (SecurityGroupRulesNegativeTestJSON:tearDownClass): 202 DELETE http://10.180.1.21/compute/v2.1/os-security-groups/62eea0e3-e619-478f-8048-4ba1fa1d69df 0.320s
2024-10-22 15:37:11.635 61925 INFO tempest.lib.common.rest_client [req-068cb754-6ceb-4b3e-b377-170a38918c53 req-068cb754-6ceb-4b3e-b377-170a38918c53 ] Request (VolumesTestJSON:tearDownClass): 202 DELETE http://10.180.1.21/volume/v3/volumes/4fe4986c-63a0-4d8d-817c-e4378d857d48 0.045s
2024-10-22 15:37:11.655 61942 INFO tempest.lib.common.rest_client [req-7d02c867-247b-4d69-9bc1-c91938ce4cc6 req-7d02c867-247b-4d69-9bc1-c91938ce4cc6 ] Request (ImagesTestJSON:test_create_image_from_stopped_server): 200 GET http://10.180.1.21/compute/v2.1/servers/66562ea6-5d39-4b98-a9e2-0512295ab94f 0.137s
2024-10-22 15:37:11.657 61953 INFO tempest.lib.common.rest_client [req-b5ba13ad-045a-491e-a105-b75dfac3c05a req-b5ba13ad-045a-491e-a105-b75dfac3c05a ] Request (ServerDiskConfigTestJSON:test_rebuild_server_with_auto_disk_config): 200 GET http://10.180.1.21/compute/v2.1/servers/3cd90969-d884-49fc-a2c3-8501e2c51ff6 0.205s
2024-10-22 15:37:11.683 61925 INFO tempest.lib.common.rest_client [req-0c463f3a-9484-4cad-a9e5-1c2a2e429d33 req-0c463f3a-9484-4cad-a9e5-1c2a2e429d33 ] Request (VolumesTestJSON:tearDownClass): 200 GET http://10.180.1.21/volume/v3/volumes/4fe4986c-63a0-4d8d-817c-e4378d857d48 0.047s
2024-10-22 15:37:11.721 61967 INFO tempest.lib.common.rest_client [req-80978b20-dc16-4c8a-aab6-c651dfa9628d req-80978b20-dc16-4c8a-aab6-c651dfa9628d ] Request (ServersAdmin275Test:test_rebuild_update_server_275): 200 GET http://10.180.1.21/compute/v2.1/servers/55630bdb-fe38-49dc-baa2-2ac5de20e569 0.199s
2024-10-22 15:37:11.771 61935 INFO tempest.lib.common.rest_client [req-f5631c0e-f3d8-47e7-b97c-2808df4bef43 req-f5631c0e-f3d8-47e7-b97c-2808df4bef43 ] Request (MultipleCreateTestJSON:test_multiple_create_with_reservation_return): 200 GET http://10.180.1.21/compute/v2.1/servers/87971b67-572c-4d5f-99b7-dab08aea10c1 0.056s
2024-10-22 15:37:11.780 61933 INFO tempest.lib.common.rest_client [req-46d429dd-50bc-436b-a16d-0c6d3136fd4c req-46d429dd-50bc-436b-a16d-0c6d3136fd4c ] Request (SecurityGroupRulesNegativeTestJSON:tearDownClass): 202 DELETE http://10.180.1.21/compute/v2.1/os-security-groups/dddcd8f3-f6da-4491-9231-a11e7c476c20 0.175s
2024-10-22 15:37:11.858 61939 INFO tempest.lib.common.rest_client [req-c02ba258-fea6-4211-9828-088e04a1205e req-c02ba258-fea6-4211-9828-088e04a1205e ] Request (AttachInterfacesV270Test:test_create_get_list_interfaces): 200 GET http://10.180.1.21/compute/v2.1/servers/453d71d6-e8ab-4fdb-b5e7-f84bb2020bf8 0.063s
2024-10-22 15:37:11.912 61978 INFO tempest.lib.common.rest_client [req-710b256b-b918-4fab-9f3c-1c8ee0f97e08 req-710b256b-b918-4fab-9f3c-1c8ee0f97e08 ] Request (DeleteServersTestJSON:test_delete_active_server): 200 GET http://10.180.1.21/compute/v2.1/servers/e51d3f4e-41d5-4190-a8e9-21c743aa3b5e 0.090s
2024-10-22 15:37:11.943 61933 INFO tempest.lib.common.rest_client [req-5d4b7855-32c1-4ceb-9fe7-495719802168 req-5d4b7855-32c1-4ceb-9fe7-495719802168 ] Request (SecurityGroupRulesNegativeTestJSON:tearDownClass): 202 DELETE http://10.180.1.21/compute/v2.1/os-security-groups/6bc0e68f-1e9e-46ed-9725-478ed1baf3b1 0.162s
2024-10-22 15:37:11.964 61929 INFO tempest.lib.common.rest_client [req-3003c36b-951a-46d8-a632-088df58ceecb req-3003c36b-951a-46d8-a632-088df58ceecb ] Request (FloatingIPsAssociationTestJSON:setUpClass): 200 GET http://10.180.1.21/compute/v2.1/servers/9008460a-6b35-468d-803c-d10c139494f7 0.105s
2024-10-22 15:37:11.998 61923 INFO tempest.lib.common.rest_client [req-4874a8cf-970f-432e-a2c4-e8ff4f7f6048 req-4874a8cf-970f-432e-a2c4-e8ff4f7f6048 ] Request (ServersAdminTestJSON:setUpClass): 200 GET http://10.180.1.21/compute/v2.1/servers/46672a70-7d6b-4a86-833b-a7583c71e595 0.124s
2024-10-22 15:37:12.016 61919 INFO tempest.lib.common.rest_client [req-b1374eea-ed1a-4d2a-ae89-8d83cfdef98c req-b1374eea-ed1a-4d2a-ae89-8d83cfdef98c ] Request (ServersTestFqdnHostnames:test_create_server_with_fqdn_name): 200 GET http://10.180.1.21/compute/v2.1/servers/a1a8b990-f4b7-4049-9345-562d1b5c180e 0.091s
2024-10-22 15:37:12.045 61937 INFO tempest.lib.common.rest_client [req-8e222a0e-d977-4367-b914-4913977c9e5f req-8e222a0e-d977-4367-b914-4913977c9e5f ] Request (ServerRescueNegativeTestJSON:setUpClass): 200 GET http://10.180.1.21/compute/v2.1/servers/e5bf9ce1-f12d-4f82-b1b2-e6dfeaffea22 0.113s
2024-10-22 15:37:12.093 61961 INFO tempest.lib.common.rest_client [req-0bca6eb4-8169-4e32-9748-314cbe560618 req-0bca6eb4-8169-4e32-9748-314cbe560618 ] Request (SecurityGroupsTestJSON:test_list_security_groups_by_server): 200 GET http://10.180.1.21/compute/v2.1/servers/f03f349e-d5ed-437b-8b13-6b036f2b88dc 0.111s
2024-10-22 15:37:12.106 61933 INFO tempest.lib.common.rest_client [req-ec4fd79d-5a85-49c3-89d1-736220044c70 req-ec4fd79d-5a85-49c3-89d1-736220044c70 ] Request (SecurityGroupRulesNegativeTestJSON:tearDownClass): 202 DELETE http://10.180.1.21/compute/v2.1/os-security-groups/eef50e0e-b5eb-4f17-9a6c-2705117a14fc 0.162s
2024-10-22 15:37:12.143 61959 INFO tempest.lib.common.rest_client [req-32d41f46-9df3-495e-a9c4-3e0fdaf1dce2 req-32d41f46-9df3-495e-a9c4-3e0fdaf1dce2 ] Request (ImagesOneServerNegativeTestJSON:setUpClass): 200 GET http://10.180.1.21/compute/v2.1/servers/3c252464-1b1a-4c1a-86bb-2fb0107aa52f 0.151s
2024-10-22 15:37:12.156 61927 INFO tempest.lib.common.rest_client [req-40459a9e-973d-4674-9a52-41e34f702aaf req-40459a9e-973d-4674-9a52-41e34f702aaf ] Request (ServersTestJSON:test_create_server_specify_multibyte_character_name): 200 GET http://10.180.1.21/compute/v2.1/servers/8c8a339c-e52a-4257-9191-4e03ecf87b22 0.117s
2024-10-22 15:37:12.188 61951 INFO tempest.lib.common.rest_client [req-9bf50c94-539b-4192-9e98-ad34119eb9c0 req-9bf50c94-539b-4192-9e98-ad34119eb9c0 ] Request (ImagesNegativeTestJSON:test_create_image_from_deleted_server): 200 GET http://10.180.1.21/compute/v2.1/servers/a978aa73-3f2a-4a87-bda3-bcde3028a646 0.144s
2024-10-22 15:37:12.199 61947 INFO tempest.lib.common.rest_client [req-dfb18509-ac14-481e-8105-87d21be24ba9 req-dfb18509-ac14-481e-8105-87d21be24ba9 ] Request (InstanceActionsTestJSON:setUpClass): 200 GET http://10.180.1.21/compute/v2.1/servers/49284c45-b77b-4992-8437-d9d31ba12539 0.108s
2024-10-22 15:37:12.244 61969 INFO tempest.lib.common.rest_client [req-9a64febd-0c3a-489b-9aee-a61c35ed1a2a req-9a64febd-0c3a-489b-9aee-a61c35ed1a2a ] Request (ServersWithSpecificFlavorTestJSON:test_verify_created_server_ephemeral_disk): 200 GET http://10.180.1.21/compute/v2.1/servers/b15dbb0e-4f3d-451f-ba1e-f560b2e3ea6b 0.134s
2024-10-22 15:37:12.248 61945 INFO tempest.lib.common.rest_client [req-51dbfdd2-b50d-4884-a15e-18f401c6157f req-51dbfdd2-b50d-4884-a15e-18f401c6157f ] Request (DeleteServersAdminTestJSON:test_delete_server_while_in_error_state): 200 GET http://10.180.1.21/compute/v2.1/servers/25168ea9-24fb-4f63-b508-b5c3a47a77e4 0.084s
2024-10-22 15:37:12.291 61975 INFO tempest.lib.common.rest_client [req-e30ac1ec-31dc-49e8-abc2-11be67ee750a req-e30ac1ec-31dc-49e8-abc2-11be67ee750a ] Request (ListServerFiltersTestJSON:setUpClass): 200 GET http://10.180.1.21/compute/v2.1/servers/d186a201-4ef8-40a6-9625-5e8ae99af4d1 0.068s
2024-10-22 15:37:12.367 61965 INFO tempest.lib.common.rest_client [req-1e89e293-bd94-4548-9e38-e4529cf63778 req-1e89e293-bd94-4548-9e38-e4529cf63778 ] Request (ServersV294TestFqdnHostnames:setUpClass): 200 GET http://10.180.1.21/compute/v2.1/servers/74c00b03-bd37-49f7-b0b9-88404302c071 0.061s
2024-10-22 15:37:12.425 61973 INFO tempest.lib.common.rest_client [req-e0f4b5e0-e88e-42a6-a12a-ac1dc3d55d7e req-e0f4b5e0-e88e-42a6-a12a-ac1dc3d55d7e ] Request (ServersTestMultiNic:test_verify_duplicate_network_nics): 200 GET http://10.180.1.21/compute/v2.1/servers/d23a9ab2-01ed-4d41-b89f-445ecc5f410f 0.051s
2024-10-22 15:37:12.439 61949 INFO tempest.lib.common.rest_client [req-4a104160-9b64-4d1c-94ed-0d97d825348f req-4a104160-9b64-4d1c-94ed-0d97d825348f ] Request (ListServersNegativeTestJSON:setUpClass): 200 GET http://10.180.1.21/compute/v2.1/servers/e9d5a8b8-afc2-40dc-b480-0b946e085e18 0.059s
2024-10-22 15:37:12.477 61971 INFO tempest.lib.common.rest_client [req-8b79afd4-baea-4244-9261-12d65742b6bf req-8b79afd4-baea-4244-9261-12d65742b6bf ] Request (MigrationsAdminTest:test_resize_server_revert_deleted_flavor): 200 GET http://10.180.1.21/compute/v2.1/servers/be7776f1-0083-4c40-a7e6-477c0c65f7bf 0.053s
2024-10-22 15:37:12.495 61963 INFO tempest.lib.common.rest_client [req-4c9edb46-4747-4f47-a60f-118f811e138e req-4c9edb46-4747-4f47-a60f-118f811e138e ] Request (ServersTestBootFromVolume:setUpClass): 200 GET http://10.180.1.21/compute/v2.1/servers/baf240b6-0a42-485f-9176-78dda5de3c7d 0.052s
