2024-10-22 15:37:46.235 61945 INFO tempest.lib.common.rest_client [req-486a451b-2de2-43a0-ab19-fa9b64bfd8a2 req-486a451b-2de2-43a0-ab19-fa9b64bfd8a2 ] Request (DeleteServersAdminTestJSON:test_delete_server_while_in_error_state): 200 GET http://10.180.1.21/compute/v2.1/servers/25168ea9-24fb-4f63-b508-b5c3a47a77e4 0.284s
2024-10-22 15:37:46.242 61965 INFO tempest.lib.common.rest_client [req-719255a9-3654-40d7-be3d-82415e9dcd3a req-719255a9-3654-40d7-be3d-82415e9dcd3a ] Request (ServerShowV254Test:setUpClass): 201 POST http://10.180.1.21/identity/v3/auth/tokens 0.072s
2024-10-22 15:37:46.270 61961 INFO tempest.lib.common.rest_client [req-b1796f22-44cc-4032-8c41-54d10848c723 req-b1796f22-44cc-4032-8c41-54d10848c723 ] Request (SecurityGroupsTestJSON:test_server_security_groups): 200 GET http://10.180.1.21/compute/v2.1/servers/0a321a24-0f87-47e7-8364-5da5f6a65131 0.301s
2024-10-22 15:37:46.272 61965 INFO tempest.lib.common.rest_client [req-8b6cd112-df76-4023-9978-8f43bb55a580 req-8b6cd112-df76-4023-9978-8f43bb55a580 ] Request (ServerShowV254Test:setUpClass): 201 POST http://10.180.1.21/identity/v3/auth/tokens 0.027s
2024-10-22 15:37:46.292 61963 INFO tempest.lib.common.rest_client [req-d56a4550-b6ab-4ef1-9766-b6b1a9409eca req-d56a4550-b6ab-4ef1-9766-b6b1a9409eca ] Request (ServersTestBootFromVolume:setUpClass): 200 GET http://10.180.1.21/compute/v2.1/servers/baf240b6-0a42-485f-9176-78dda5de3c7d 0.261s
2024-10-22 15:37:46.297 61965 INFO tempest.lib.common.rest_client [req-bb51878f-9a95-4f01-91dc-e6af5c2f8e2c req-bb51878f-9a95-4f01-91dc-e6af5c2f8e2c ] Request (ServerShowV254Test:setUpClass): 200 GET http://10.180.1.21/identity/v3/domains?name=Default 0.024s
2024-10-22 15:37:46.322 61965 INFO tempest.lib.common.rest_client [req-d2b2188d-9e0c-4592-b5e6-04b5078d5041 req-d2b2188d-9e0c-4592-b5e6-04b5078d5041 ] Request (ServerShowV254Test:setUpClass): 201 POST http://10.180.1.21/identity/v3/projects 0.025s
2024-10-22 15:37:46.322 61931 INFO tempest.lib.common.rest_client [req-b3180589-f112-413b-a924-c88172eab0ef req-b3180589-f112-413b-a924-c88172eab0ef ] Request (AttachInterfacesUnderV243Test:test_add_remove_fixed_ip): 200 GET http://10.180.1.21/compute/v2.1/servers/c35f0f15-6c13-4fbe-9ac2-ab6262590c38 0.285s
2024-10-22 15:37:46.348 61942 INFO tempest.lib.common.rest_client [req-19127f1a-d5b8-48b8-8303-3178fcfd3cfd req-19127f1a-d5b8-48b8-8303-3178fcfd3cfd ] Request (ImagesTestJSON:test_create_image_from_suspended_server): 200 GET http://10.180.1.21/compute/v2.1/servers/959931f5-eebc-4544-af88-ea231301b4a5 0.250s
2024-10-22 15:37:46.367 61943 INFO tempest.lib.common.rest_client [req-ab7a93ae-ac07-4f4a-adc6-1bfedf736f1d req-ab7a93ae-ac07-4f4a-adc6-1bfedf736f1d ] Request (FloatingIPsAssociationNegativeTestJSON:setUpClass): 200 GET http://10.180.1.21/compute/v2.1/servers/33e270fd-0393-4425-8312-1e9fc91f3d1f 0.248s
2024-10-22 15:37:46.391 61965 INFO tempest.lib.common.rest_client [req-ebf273e2-c02a-4eb2-9765-9ac9ac62c815 req-ebf273e2-c02a-4eb2-9765-9ac9ac62c815 ] Request (ServerShowV254Test:setUpClass): 201 POST http://10.180.1.21/identity/v3/users 0.068s
2024-10-22 15:37:46.408 61915 INFO tempest.lib.common.rest_client [req-82c7aa23-cc84-473c-a82e-f16d64c157b5 req-82c7aa23-cc84-473c-a82e-f16d64c157b5 ] Request (VolumesAdminNegativeTest:test_update_attached_volume_with_nonexistent_volume_in_body): 200 GET http://10.180.1.21/compute/v2.1/servers/16e92598-3eba-42c1-b9ec-3b2b91231267 0.227s
2024-10-22 15:37:46.413 61965 INFO tempest.lib.common.rest_client [req-7c464b74-3a3d-4bb0-8941-7b53c7581cf3 req-7c464b74-3a3d-4bb0-8941-7b53c7581cf3 ] Request (ServerShowV254Test:setUpClass): 200 GET http://10.180.1.21/identity/v3/roles 0.022s
2024-10-22 15:37:46.414 61953 INFO tempest.lib.common.rest_client [req-eda8dd78-1413-4f80-aa1a-a689ecc1b35b req-eda8dd78-1413-4f80-aa1a-a689ecc1b35b ] Request (ServerDiskConfigTestJSON:test_rebuild_server_with_auto_disk_config): 200 GET http://10.180.1.21/compute/v2.1/servers/3cd90969-d884-49fc-a2c3-8501e2c51ff6 0.184s
2024-10-22 15:37:46.438 61965 INFO tempest.lib.common.rest_client [req-0873bd02-5a65-44c4-a868-e38a133ccbce req-0873bd02-5a65-44c4-a868-e38a133ccbce ] Request (ServerShowV254Test:setUpClass): 204 PUT http://10.180.1.21/identity/v3/projects/37b4b3d8247b47a4b0656290af27e54d/users/1242b1ca2b0541818b58270cb9fbba41/roles/73ed173dfe514a868e88026ca57fcdc0 0.025s
2024-10-22 15:37:46.438 61965 INFO tempest.lib.common.dynamic_creds [-] Dynamic test user 1242b1ca2b0541818b58270cb9fbba41 is created with scope project and roles: ['member']
2024-10-22 15:37:46.439 61965 INFO tempest.lib.common.dynamic_creds [-] Acquired dynamic creds: credentials: Credentials: {'domain_id': 'default', 'domain_name': 'Default', 'username': 'tempest-ServerShowV254Test-1391479595-project-member', 'project_domain_id': 'default', 'project_domain_name': 'Default', 'project_id': '37b4b3d8247b47a4b0656290af27e54d', 'project_name': 'tempest-ServerShowV254Test-1391479595', 'tenant_id': '37b4b3d8247b47a4b0656290af27e54d', 'tenant_name': 'tempest-ServerShowV254Test-1391479595', 'user_domain_id': 'default', 'user_domain_name': 'Default', 'user_id': '1242b1ca2b0541818b58270cb9fbba41', 'system': None}, Network: None, Subnet: None, Router: None
2024-10-22 15:37:46.439 61965 INFO tempest.lib.common.dynamic_creds [-] Created isolated network resources for: credentials: Credentials: {'domain_id': 'default', 'domain_name': 'Default', 'username': 'tempest-ServerShowV254Test-1391479595-project-member', 'project_domain_id': 'default', 'project_domain_name': 'Default', 'project_id': '37b4b3d8247b47a4b0656290af27e54d', 'project_name': 'tempest-ServerShowV254Test-1391479595', 'tenant_id': '37b4b3d8247b47a4b0656290af27e54d', 'tenant_name': 'tempest-ServerShowV254Test-1391479595', 'user_domain_id': 'default', 'user_domain_name': 'Default', 'user_id': '1242b1ca2b0541818b58270cb9fbba41', 'system': None}, Network: None, Subnet: None, Router: None
2024-10-22 15:37:46.458 61973 INFO tempest.lib.common.rest_client [req-7a6a7e87-1fba-4e0a-bb47-31e6c0115899 req-7a6a7e87-1fba-4e0a-bb47-31e6c0115899 ] Request (ServersTestMultiNic:test_verify_duplicate_network_nics): 200 GET http://10.180.1.21/compute/v2.1/servers/d23a9ab2-01ed-4d41-b89f-445ecc5f410f 0.109s
2024-10-22 15:37:46.468 61978 INFO tempest.lib.common.rest_client [req-7cd3dbe1-3f26-4018-8a4b-4741a7e4321c req-7cd3dbe1-3f26-4018-8a4b-4741a7e4321c ] Request (DeleteServersTestJSON:test_delete_server_while_in_attached_volume): 200 GET http://10.180.1.21/compute/v2.1/servers/831da774-5e37-4d49-a1fd-3eb421c7fcb7 0.057s
2024-10-22 15:37:46.502 61965 INFO tempest.lib.common.rest_client [req-31c1c835-c40b-4123-a385-602c87170bd0 req-31c1c835-c40b-4123-a385-602c87170bd0 ] Request (ServerShowV254Test:setUpClass): 201 POST http://10.180.1.21/identity/v3/auth/tokens 0.060s
2024-10-22 15:37:46.502 61935 INFO tempest.lib.common.rest_client [req-2e7b2914-e602-46db-90c8-32c069ef606d req-2e7b2914-e602-46db-90c8-32c069ef606d ] Request (MultipleCreateTestJSON:test_multiple_create_with_reservation_return): 200 GET http://10.180.1.21/compute/v2.1/servers/87971b67-572c-4d5f-99b7-dab08aea10c1 0.070s
2024-10-22 15:37:46.509 61935 INFO tempest.common.waiters [-] State transition "BUILD/block_device_mapping" ==> "BUILD/spawning" after 69 second wait
2024-10-22 15:37:46.528 61965 INFO tempest.lib.common.rest_client [req-54b11f5b-ae9e-4597-a7d3-900a142ea3c7 req-54b11f5b-ae9e-4597-a7d3-900a142ea3c7 ] Request (ServerShowV254Test:test_rebuild_server): 201 POST http://10.180.1.21/identity/v3/auth/tokens 0.022s
2024-10-22 15:37:46.528 61965 INFO tempest.lib.common.fixed_network [-] (ServerShowV254Test:test_rebuild_server) Found network None available for tenant
2024-10-22 15:37:46.647 61939 INFO tempest.lib.common.rest_client [req-1b08e7a5-8cab-45b3-b30b-93a426b007fb req-1b08e7a5-8cab-45b3-b30b-93a426b007fb ] Request (AttachInterfacesV270Test:test_create_get_list_interfaces): 200 GET http://10.180.1.21/compute/v2.1/servers/453d71d6-e8ab-4fdb-b5e7-f84bb2020bf8 0.057s
2024-10-22 15:37:46.697 61965 INFO tempest.lib.common.rest_client [req-50da13e6-cc6f-4b7f-a7ab-5cf9c2aa8b50 req-50da13e6-cc6f-4b7f-a7ab-5cf9c2aa8b50 ] Request (ServerShowV254Test:test_rebuild_server): 202 POST http://10.180.1.21/compute/v2.1/servers 0.168s
2024-10-22 15:37:46.745 61965 INFO tempest.lib.common.rest_client [req-8c10dc24-78c2-4fc8-97e5-c5bf95c9e20a req-8c10dc24-78c2-4fc8-97e5-c5bf95c9e20a ] Request (ServerShowV254Test:test_rebuild_server): 200 GET http://10.180.1.21/compute/v2.1/servers/b9130bac-f92b-4208-b84c-852f4a269153 0.046s
2024-10-22 15:37:46.791 61917 INFO tempest.lib.common.rest_client [req-5b1f7564-30d0-49f7-ab3b-c94f68b1f227 req-5b1f7564-30d0-49f7-ab3b-c94f68b1f227 ] Request (ServerShowV257Test:tearDownClass): 200 GET http://10.180.1.21/compute/v2.1/servers/e918b827-ea37-4589-8999-e363aba4492d 0.076s
2024-10-22 15:37:46.836 61929 INFO tempest.lib.common.rest_client [req-274863ac-a1db-4029-a8c8-d8d74b347021 req-274863ac-a1db-4029-a8c8-d8d74b347021 ] Request (FloatingIPsAssociationTestJSON:setUpClass): 200 GET http://10.180.1.21/compute/v2.1/servers/9008460a-6b35-468d-803c-d10c139494f7 0.061s
2024-10-22 15:37:46.983 61967 INFO tempest.lib.common.rest_client [req-a82ba632-2972-48f4-b993-cd35c7e0a294 req-a82ba632-2972-48f4-b993-cd35c7e0a294 ] Request (ServersAdmin275Test:test_rebuild_update_server_275): 200 GET http://10.180.1.21/compute/v2.1/servers/55630bdb-fe38-49dc-baa2-2ac5de20e569 0.098s
2024-10-22 15:37:46.997 61955 INFO tempest.lib.common.rest_client [req-82d23345-de2d-4091-a9fa-4c3d9e88f21a req-82d23345-de2d-4091-a9fa-4c3d9e88f21a ] Request (AttachVolumeShelveTestJSON:test_attach_volume_shelved_or_offload_server): 200 GET http://10.180.1.21/compute/v2.1/servers/14854fd0-680a-48a2-b1d6-50e75624aef2 0.063s
2024-10-22 15:37:47.032 61923 INFO tempest.lib.common.rest_client [req-e622772f-b220-4684-9ce3-02974b392bfb req-e622772f-b220-4684-9ce3-02974b392bfb ] Request (ServersAdminTestJSON:setUpClass): 200 GET http://10.180.1.21/compute/v2.1/servers/46672a70-7d6b-4a86-833b-a7583c71e595 0.047s
2024-10-22 15:37:47.053 61919 INFO tempest.lib.common.rest_client [req-077ba1f8-afaf-47e1-8330-94b26695a78e req-077ba1f8-afaf-47e1-8330-94b26695a78e ] Request (ServersTestFqdnHostnames:test_create_server_with_fqdn_name): 200 GET http://10.180.1.21/compute/v2.1/servers/a1a8b990-f4b7-4049-9345-562d1b5c180e 0.048s
2024-10-22 15:37:47.115 61951 INFO tempest.lib.common.rest_client [req-16d0e66e-e0bb-464d-be29-a7fc0a18feef req-16d0e66e-e0bb-464d-be29-a7fc0a18feef ] Request (ImagesNegativeTestJSON:test_create_image_from_deleted_server): 200 GET http://10.180.1.21/compute/v2.1/servers/a978aa73-3f2a-4a87-bda3-bcde3028a646 0.049s
2024-10-22 15:37:47.115 61937 INFO tempest.lib.common.rest_client [req-359b144b-9684-4aaf-a058-896089ee60a3 req-359b144b-9684-4aaf-a058-896089ee60a3 ] Request (ServerRescueNegativeTestJSON:setUpClass): 200 GET http://10.180.1.21/compute/v2.1/servers/e5bf9ce1-f12d-4f82-b1b2-e6dfeaffea22 0.047s
2024-10-22 15:37:47.173 61949 INFO tempest.lib.common.rest_client [req-19fab098-fabe-4467-b8a6-e40303aec773 req-19fab098-fabe-4467-b8a6-e40303aec773 ] Request (ListServersNegativeTestJSON:setUpClass): 200 GET http://10.180.1.21/compute/v2.1/servers/e9d5a8b8-afc2-40dc-b480-0b946e085e18 0.046s
2024-10-22 15:37:47.184 61927 INFO tempest.lib.common.rest_client [req-5d03a60d-42b8-4bd1-9181-9432b340eebd req-5d03a60d-42b8-4bd1-9181-9432b340eebd ] Request (ServersTestJSON:test_create_server_specify_multibyte_character_name): 200 GET http://10.180.1.21/compute/v2.1/servers/8c8a339c-e52a-4257-9191-4e03ecf87b22 0.069s
2024-10-22 15:37:47.239 61959 INFO tempest.lib.common.rest_client [req-51a14930-efa2-4b65-82a1-ac8ed0569cdb req-51a14930-efa2-4b65-82a1-ac8ed0569cdb ] Request (ServerMetadataTestJSON:setUpClass): 200 GET http://10.180.1.21/compute/v2.1/servers/81e45c4b-ca97-4dfb-a6fe-2ada01d5c297 0.051s
2024-10-22 15:37:47.250 61947 INFO tempest.lib.common.rest_client [req-0f9900e5-216d-4bef-a858-293f6b9c812c req-0f9900e5-216d-4bef-a858-293f6b9c812c ] Request (InstanceActionsTestJSON:setUpClass): 200 GET http://10.180.1.21/compute/v2.1/servers/49284c45-b77b-4992-8437-d9d31ba12539 0.071s
2024-10-22 15:37:47.283 61971 INFO tempest.lib.common.rest_client [req-1e8eb300-6c5e-4e4b-9db3-95c022b47a93 req-1e8eb300-6c5e-4e4b-9db3-95c022b47a93 ] Request (MigrationsAdminTest:test_resize_server_revert_deleted_flavor): 200 GET http://10.180.1.21/compute/v2.1/servers/be7776f1-0083-4c40-a7e6-477c0c65f7bf 0.054s
2024-10-22 15:37:47.306 61945 INFO tempest.lib.common.rest_client [req-84a07182-9fed-4605-bfa2-462fdc912c25 req-84a07182-9fed-4605-bfa2-462fdc912c25 ] Request (DeleteServersAdminTestJSON:test_delete_server_while_in_error_state): 200 GET http://10.180.1.21/compute/v2.1/servers/25168ea9-24fb-4f63-b508-b5c3a47a77e4 0.063s
2024-10-22 15:37:47.331 61961 INFO tempest.lib.common.rest_client [req-6760cbaa-c766-4814-9dd6-92dd504125bd req-6760cbaa-c766-4814-9dd6-92dd504125bd ] Request (SecurityGroupsTestJSON:test_server_security_groups): 200 GET http://10.180.1.21/compute/v2.1/servers/0a321a24-0f87-47e7-8364-5da5f6a65131 0.049s
2024-10-22 15:37:47.356 61963 INFO tempest.lib.common.rest_client [req-0f30e805-d968-4d32-a81e-c31c7e429375 req-0f30e805-d968-4d32-a81e-c31c7e429375 ] Request (ServersTestBootFromVolume:setUpClass): 200 GET http://10.180.1.21/compute/v2.1/servers/baf240b6-0a42-485f-9176-78dda5de3c7d 0.054s
2024-10-22 15:37:47.377 61931 INFO tempest.lib.common.rest_client [req-ae293cc6-5d10-4b36-9ea8-f43f8fad03be req-ae293cc6-5d10-4b36-9ea8-f43f8fad03be ] Request (AttachInterfacesUnderV243Test:test_add_remove_fixed_ip): 200 GET http://10.180.1.21/compute/v2.1/servers/c35f0f15-6c13-4fbe-9ac2-ab6262590c38 0.048s
2024-10-22 15:37:47.410 61942 INFO tempest.lib.common.rest_client [req-4398a6fb-2c51-479f-a76e-88eb9d7aadec req-4398a6fb-2c51-479f-a76e-88eb9d7aadec ] Request (ImagesTestJSON:test_create_image_from_suspended_server): 200 GET http://10.180.1.21/compute/v2.1/servers/959931f5-eebc-4544-af88-ea231301b4a5 0.054s
2024-10-22 15:37:47.430 61943 INFO tempest.lib.common.rest_client [req-79ab9e66-758c-4c7f-a647-f8ef3d7f7bdd req-79ab9e66-758c-4c7f-a647-f8ef3d7f7bdd ] Request (FloatingIPsAssociationNegativeTestJSON:setUpClass): 200 GET http://10.180.1.21/compute/v2.1/servers/33e270fd-0393-4425-8312-1e9fc91f3d1f 0.050s
2024-10-22 15:37:47.475 61915 INFO tempest.lib.common.rest_client [req-6a5e0ad4-a17c-4f8e-a6e0-2f6caccd03c9 req-6a5e0ad4-a17c-4f8e-a6e0-2f6caccd03c9 ] Request (VolumesAdminNegativeTest:test_update_attached_volume_with_nonexistent_volume_in_body): 200 GET http://10.180.1.21/compute/v2.1/servers/16e92598-3eba-42c1-b9ec-3b2b91231267 0.057s
2024-10-22 15:37:47.526 61973 INFO tempest.lib.common.rest_client [req-c1fdb8ce-4575-43db-a1ba-acc9d19af695 req-c1fdb8ce-4575-43db-a1ba-acc9d19af695 ] Request (ServersTestMultiNic:test_verify_duplicate_network_nics): 200 GET http://10.180.1.21/compute/v2.1/servers/d23a9ab2-01ed-4d41-b89f-445ecc5f410f 0.061s
2024-10-22 15:37:47.581 61978 INFO tempest.lib.common.rest_client [req-a480385e-0512-43d7-b0e9-c7284ca353bf req-a480385e-0512-43d7-b0e9-c7284ca353bf ] Request (DeleteServersTestJSON:test_delete_server_while_in_attached_volume): 200 GET http://10.180.1.21/compute/v2.1/servers/831da774-5e37-4d49-a1fd-3eb421c7fcb7 0.106s
2024-10-22 15:37:47.592 61953 INFO tempest.lib.common.rest_client [req-79245df4-170c-45d6-a2d7-b67a3cdec849 req-79245df4-170c-45d6-a2d7-b67a3cdec849 ] Request (ServerDiskConfigTestJSON:test_rebuild_server_with_auto_disk_config): 200 GET http://10.180.1.21/compute/v2.1/servers/3cd90969-d884-49fc-a2c3-8501e2c51ff6 0.165s
2024-10-22 15:37:47.602 61953 INFO tempest.common.waiters [-] State transition "BUILD/None" ==> "BUILD/networking" after 63 second wait
2024-10-22 15:37:47.657 61935 INFO tempest.lib.common.rest_client [req-248dee42-f52e-4952-a5c8-6a7010423a49 req-248dee42-f52e-4952-a5c8-6a7010423a49 ] Request (MultipleCreateTestJSON:test_multiple_create_with_reservation_return): 200 GET http://10.180.1.21/compute/v2.1/servers/87971b67-572c-4d5f-99b7-dab08aea10c1 0.147s
2024-10-22 15:37:47.716 61939 INFO tempest.lib.common.rest_client [req-5b7e6b96-e66f-4d89-bb8a-102b3e4f6fc4 req-5b7e6b96-e66f-4d89-bb8a-102b3e4f6fc4 ] Request (AttachInterfacesV270Test:test_create_get_list_interfaces): 200 GET http://10.180.1.21/compute/v2.1/servers/453d71d6-e8ab-4fdb-b5e7-f84bb2020bf8 0.054s
2024-10-22 15:37:47.809 61965 INFO tempest.lib.common.rest_client [req-337c92db-8721-4427-b336-dc60ddcfe1af req-337c92db-8721-4427-b336-dc60ddcfe1af ] Request (ServerShowV254Test:test_rebuild_server): 200 GET http://10.180.1.21/compute/v2.1/servers/b9130bac-f92b-4208-b84c-852f4a269153 0.049s
2024-10-22 15:37:47.874 61917 INFO tempest.lib.common.rest_client [req-49aa72a6-6d9b-4855-aee2-16a42920b3c7 req-49aa72a6-6d9b-4855-aee2-16a42920b3c7 ] Request (ServerShowV257Test:tearDownClass): 200 GET http://10.180.1.21/compute/v2.1/servers/e918b827-ea37-4589-8999-e363aba4492d 0.070s
2024-10-22 15:37:47.901 61929 INFO tempest.lib.common.rest_client [req-5957c918-a79b-4c10-bb3f-31f7559350d3 req-5957c918-a79b-4c10-bb3f-31f7559350d3 ] Request (FloatingIPsAssociationTestJSON:setUpClass): 200 GET http://10.180.1.21/compute/v2.1/servers/9008460a-6b35-468d-803c-d10c139494f7 0.056s
2024-10-22 15:37:48.053 61967 INFO tempest.lib.common.rest_client [req-f1719d80-19c7-42eb-9a7b-d76bb710deac req-f1719d80-19c7-42eb-9a7b-d76bb710deac ] Request (ServersAdmin275Test:test_rebuild_update_server_275): 200 GET http://10.180.1.21/compute/v2.1/servers/55630bdb-fe38-49dc-baa2-2ac5de20e569 0.057s
2024-10-22 15:37:48.081 61955 INFO tempest.lib.common.rest_client [req-bb2b08b6-c2e1-49b6-8b0e-a64a5278ff9a req-bb2b08b6-c2e1-49b6-8b0e-a64a5278ff9a ] Request (AttachVolumeShelveTestJSON:test_attach_volume_shelved_or_offload_server): 200 GET http://10.180.1.21/compute/v2.1/servers/14854fd0-680a-48a2-b1d6-50e75624aef2 0.071s
2024-10-22 15:37:48.107 61923 INFO tempest.lib.common.rest_client [req-46b865e0-b298-49ad-abc7-6e525ebf14fa req-46b865e0-b298-49ad-abc7-6e525ebf14fa ] Request (ServersAdminTestJSON:setUpClass): 200 GET http://10.180.1.21/compute/v2.1/servers/46672a70-7d6b-4a86-833b-a7583c71e595 0.068s
2024-10-22 15:37:48.124 61919 INFO tempest.lib.common.rest_client [req-ca6b9ced-f01f-4434-9007-b5d451d13952 req-ca6b9ced-f01f-4434-9007-b5d451d13952 ] Request (ServersTestFqdnHostnames:test_create_server_with_fqdn_name): 200 GET http://10.180.1.21/compute/v2.1/servers/a1a8b990-f4b7-4049-9345-562d1b5c180e 0.064s
2024-10-22 15:37:48.175 61951 INFO tempest.lib.common.rest_client [req-bf74d830-ed10-4dad-bed5-88414712a2ff req-bf74d830-ed10-4dad-bed5-88414712a2ff ] Request (ImagesNegativeTestJSON:test_create_image_from_deleted_server): 200 GET http://10.180.1.21/compute/v2.1/servers/a978aa73-3f2a-4a87-bda3-bcde3028a646 0.054s
2024-10-22 15:37:48.185 61937 INFO tempest.lib.common.rest_client [req-85e77311-76bd-4c46-b3d8-df40a7afad38 req-85e77311-76bd-4c46-b3d8-df40a7afad38 ] Request (ServerRescueNegativeTestJSON:setUpClass): 200 GET http://10.180.1.21/compute/v2.1/servers/e5bf9ce1-f12d-4f82-b1b2-e6dfeaffea22 0.059s
2024-10-22 15:37:48.243 61949 INFO tempest.lib.common.rest_client [req-818d6208-2fa4-4df8-b9d7-eefb2fe531da req-818d6208-2fa4-4df8-b9d7-eefb2fe531da ] Request (ListServersNegativeTestJSON:setUpClass): 200 GET http://10.180.1.21/compute/v2.1/servers/e9d5a8b8-afc2-40dc-b480-0b946e085e18 0.062s
2024-10-22 15:37:48.261 61927 INFO tempest.lib.common.rest_client [req-9070c34e-a04b-4ebb-b30e-390a267e270e req-9070c34e-a04b-4ebb-b30e-390a267e270e ] Request (ServersTestJSON:test_create_server_specify_multibyte_character_name): 200 GET http://10.180.1.21/compute/v2.1/servers/8c8a339c-e52a-4257-9191-4e03ecf87b22 0.069s
2024-10-22 15:37:48.310 61947 INFO tempest.lib.common.rest_client [req-dcf7ea91-3ee4-4e03-8da1-ff87223479d3 req-dcf7ea91-3ee4-4e03-8da1-ff87223479d3 ] Request (InstanceActionsTestJSON:setUpClass): 200 GET http://10.180.1.21/compute/v2.1/servers/49284c45-b77b-4992-8437-d9d31ba12539 0.053s
2024-10-22 15:37:48.314 61959 INFO tempest.lib.common.rest_client [req-21c0dea4-74f1-4350-88a7-cd09cd1f6103 req-21c0dea4-74f1-4350-88a7-cd09cd1f6103 ] Request (ServerMetadataTestJSON:setUpClass): 200 GET http://10.180.1.21/compute/v2.1/servers/81e45c4b-ca97-4dfb-a6fe-2ada01d5c297 0.064s
2024-10-22 15:37:48.358 61971 INFO tempest.lib.common.rest_client [req-f063b727-8010-4f0f-9239-27347f17f982 req-f063b727-8010-4f0f-9239-27347f17f982 ] Request (MigrationsAdminTest:test_resize_server_revert_deleted_flavor): 200 GET http://10.180.1.21/compute/v2.1/servers/be7776f1-0083-4c40-a7e6-477c0c65f7bf 0.068s
2024-10-22 15:37:48.369 61945 INFO tempest.lib.common.rest_client [req-fbb4fb98-7824-4133-b1c5-c6160b83163c req-fbb4fb98-7824-4133-b1c5-c6160b83163c ] Request (DeleteServersAdminTestJSON:test_delete_server_while_in_error_state): 200 GET http://10.180.1.21/compute/v2.1/servers/25168ea9-24fb-4f63-b508-b5c3a47a77e4 0.055s
2024-10-22 15:37:48.411 61961 INFO tempest.lib.common.rest_client [req-7f424957-6dbc-43e6-a14f-ddbb44994fc6 req-7f424957-6dbc-43e6-a14f-ddbb44994fc6 ] Request (SecurityGroupsTestJSON:test_server_security_groups): 200 GET http://10.180.1.21/compute/v2.1/servers/0a321a24-0f87-47e7-8364-5da5f6a65131 0.073s
2024-10-22 15:37:48.424 61963 INFO tempest.lib.common.rest_client [req-f66648c9-5bfc-4f14-8491-8d1b2c6e6a38 req-f66648c9-5bfc-4f14-8491-8d1b2c6e6a38 ] Request (ServersTestBootFromVolume:setUpClass): 200 GET http://10.180.1.21/compute/v2.1/servers/baf240b6-0a42-485f-9176-78dda5de3c7d 0.057s
2024-10-22 15:37:48.471 61931 INFO tempest.lib.common.rest_client [req-a9358850-8988-463f-9c94-d101ea49d8c9 req-a9358850-8988-463f-9c94-d101ea49d8c9 ] Request (AttachInterfacesUnderV243Test:test_add_remove_fixed_ip): 200 GET http://10.180.1.21/compute/v2.1/servers/c35f0f15-6c13-4fbe-9ac2-ab6262590c38 0.087s
2024-10-22 15:37:48.473 61942 INFO tempest.lib.common.rest_client [req-a5e94184-730d-489a-9526-1e588275b2e9 req-a5e94184-730d-489a-9526-1e588275b2e9 ] Request (ImagesTestJSON:test_create_image_from_suspended_server): 200 GET http://10.180.1.21/compute/v2.1/servers/959931f5-eebc-4544-af88-ea231301b4a5 0.056s
2024-10-22 15:37:48.515 61943 INFO tempest.lib.common.rest_client [req-157ad8c1-6c22-4bdc-b1c5-26edd159f27d req-157ad8c1-6c22-4bdc-b1c5-26edd159f27d ] Request (FloatingIPsAssociationNegativeTestJSON:setUpClass): 200 GET http://10.180.1.21/compute/v2.1/servers/33e270fd-0393-4425-8312-1e9fc91f3d1f 0.076s
2024-10-22 15:37:48.530 61915 INFO tempest.lib.common.rest_client [req-7205a568-6c3b-4e80-953a-4b2720aa6d13 req-7205a568-6c3b-4e80-953a-4b2720aa6d13 ] Request (VolumesAdminNegativeTest:test_update_attached_volume_with_nonexistent_volume_in_body): 200 GET http://10.180.1.21/compute/v2.1/servers/16e92598-3eba-42c1-b9ec-3b2b91231267 0.046s
2024-10-22 15:37:48.590 61973 INFO tempest.lib.common.rest_client [req-33b74b3e-9acf-40cb-9730-cf7072911054 req-33b74b3e-9acf-40cb-9730-cf7072911054 ] Request (ServersTestMultiNic:test_verify_duplicate_network_nics): 200 GET http://10.180.1.21/compute/v2.1/servers/d23a9ab2-01ed-4d41-b89f-445ecc5f410f 0.056s
2024-10-22 15:37:48.646 61978 INFO tempest.lib.common.rest_client [req-87852878-86cd-4c3f-8e7a-96bc4c50bd17 req-87852878-86cd-4c3f-8e7a-96bc4c50bd17 ] Request (DeleteServersTestJSON:test_delete_server_while_in_attached_volume): 200 GET http://10.180.1.21/compute/v2.1/servers/831da774-5e37-4d49-a1fd-3eb421c7fcb7 0.052s
2024-10-22 15:37:48.650 61953 INFO tempest.lib.common.rest_client [req-0382780e-df45-4f49-8352-c2fb9e518fa2 req-0382780e-df45-4f49-8352-c2fb9e518fa2 ] Request (ServerDiskConfigTestJSON:test_rebuild_server_with_auto_disk_config): 200 GET http://10.180.1.21/compute/v2.1/servers/3cd90969-d884-49fc-a2c3-8501e2c51ff6 0.047s
2024-10-22 15:37:48.657 61953 INFO tempest.common.waiters [-] State transition "BUILD/networking" ==> "BUILD/spawning" after 64 second wait
2024-10-22 15:37:48.709 61935 INFO tempest.lib.common.rest_client [req-9c7fc5b7-7cde-401a-983d-69e976aebba4 req-9c7fc5b7-7cde-401a-983d-69e976aebba4 ] Request (MultipleCreateTestJSON:test_multiple_create_with_reservation_return): 200 GET http://10.180.1.21/compute/v2.1/servers/87971b67-572c-4d5f-99b7-dab08aea10c1 0.045s
2024-10-22 15:37:48.787 61939 INFO tempest.lib.common.rest_client [req-3363ccdc-82cd-4aee-bd97-6ab0d027b425 req-3363ccdc-82cd-4aee-bd97-6ab0d027b425 ] Request (AttachInterfacesV270Test:test_create_get_list_interfaces): 200 GET http://10.180.1.21/compute/v2.1/servers/453d71d6-e8ab-4fdb-b5e7-f84bb2020bf8 0.060s
2024-10-22 15:37:48.877 61965 INFO tempest.lib.common.rest_client [req-a5222f3f-e85a-4e07-820a-8405080416b7 req-a5222f3f-e85a-4e07-820a-8405080416b7 ] Request (ServerShowV254Test:test_rebuild_server): 200 GET http://10.180.1.21/compute/v2.1/servers/b9130bac-f92b-4208-b84c-852f4a269153 0.055s
2024-10-22 15:37:48.955 61917 INFO tempest.lib.common.rest_client [req-9ea84ee7-67b4-4056-a830-3b6e769d12d6 req-9ea84ee7-67b4-4056-a830-3b6e769d12d6 ] Request (ServerShowV257Test:tearDownClass): 200 GET http://10.180.1.21/compute/v2.1/servers/e918b827-ea37-4589-8999-e363aba4492d 0.072s
2024-10-22 15:37:48.960 61929 INFO tempest.lib.common.rest_client [req-571393d1-3dbb-40fa-a7a9-15ab467cf8c9 req-571393d1-3dbb-40fa-a7a9-15ab467cf8c9 ] Request (FloatingIPsAssociationTestJSON:setUpClass): 200 GET http://10.180.1.21/compute/v2.1/servers/9008460a-6b35-468d-803c-d10c139494f7 0.051s
2024-10-22 15:37:49.116 61967 INFO tempest.lib.common.rest_client [req-4ad38f99-00f0-4e49-b570-40d59a575782 req-4ad38f99-00f0-4e49-b570-40d59a575782 ] Request (ServersAdmin275Test:test_rebuild_update_server_275): 200 GET http://10.180.1.21/compute/v2.1/servers/55630bdb-fe38-49dc-baa2-2ac5de20e569 0.054s
2024-10-22 15:37:49.143 61955 INFO tempest.lib.common.rest_client [req-6f8f7df9-9c47-44de-b129-7894d2042a55 req-6f8f7df9-9c47-44de-b129-7894d2042a55 ] Request (AttachVolumeShelveTestJSON:test_attach_volume_shelved_or_offload_server): 200 GET http://10.180.1.21/compute/v2.1/servers/14854fd0-680a-48a2-b1d6-50e75624aef2 0.055s
2024-10-22 15:37:49.166 61923 INFO tempest.lib.common.rest_client [req-b00af9ed-dfc9-4bcb-9208-19c7ca6bcda0 req-b00af9ed-dfc9-4bcb-9208-19c7ca6bcda0 ] Request (ServersAdminTestJSON:setUpClass): 200 GET http://10.180.1.21/compute/v2.1/servers/46672a70-7d6b-4a86-833b-a7583c71e595 0.047s
2024-10-22 15:37:49.186 61919 INFO tempest.lib.common.rest_client [req-f87e9dd6-4011-450c-b4a9-6869e5eb1e1f req-f87e9dd6-4011-450c-b4a9-6869e5eb1e1f ] Request (ServersTestFqdnHostnames:test_create_server_with_fqdn_name): 200 GET http://10.180.1.21/compute/v2.1/servers/a1a8b990-f4b7-4049-9345-562d1b5c180e 0.049s
2024-10-22 15:37:49.238 61951 INFO tempest.lib.common.rest_client [req-646651b5-5baa-4eee-a76c-77106fee8311 req-646651b5-5baa-4eee-a76c-77106fee8311 ] Request (ImagesNegativeTestJSON:test_create_image_from_deleted_server): 200 GET http://10.180.1.21/compute/v2.1/servers/a978aa73-3f2a-4a87-bda3-bcde3028a646 0.056s
2024-10-22 15:37:49.261 61937 INFO tempest.lib.common.rest_client [req-bef05428-4e3c-432b-b43f-16678914489c req-bef05428-4e3c-432b-b43f-16678914489c ] Request (ServerRescueNegativeTestJSON:setUpClass): 200 GET http://10.180.1.21/compute/v2.1/servers/e5bf9ce1-f12d-4f82-b1b2-e6dfeaffea22 0.068s
2024-10-22 15:37:49.312 61949 INFO tempest.lib.common.rest_client [req-e3623c50-28d9-4c1f-86a2-2a776f1e0449 req-e3623c50-28d9-4c1f-86a2-2a776f1e0449 ] Request (ListServersNegativeTestJSON:setUpClass): 200 GET http://10.180.1.21/compute/v2.1/servers/e9d5a8b8-afc2-40dc-b480-0b946e085e18 0.060s
2024-10-22 15:37:49.316 61927 INFO tempest.lib.common.rest_client [req-b60ce4f4-b7b5-4238-a3d6-2005966e3dcb req-b60ce4f4-b7b5-4238-a3d6-2005966e3dcb ] Request (ServersTestJSON:test_create_server_specify_multibyte_character_name): 200 GET http://10.180.1.21/compute/v2.1/servers/8c8a339c-e52a-4257-9191-4e03ecf87b22 0.048s
2024-10-22 15:37:49.370 61959 INFO tempest.lib.common.rest_client [req-3e55243b-a225-49c9-93aa-f927b2ce3ec1 req-3e55243b-a225-49c9-93aa-f927b2ce3ec1 ] Request (ServerMetadataTestJSON:setUpClass): 200 GET http://10.180.1.21/compute/v2.1/servers/81e45c4b-ca97-4dfb-a6fe-2ada01d5c297 0.049s
2024-10-22 15:37:49.372 61947 INFO tempest.lib.common.rest_client [req-771f83bd-1f04-4f7d-9328-e8f309302488 req-771f83bd-1f04-4f7d-9328-e8f309302488 ] Request (InstanceActionsTestJSON:setUpClass): 200 GET http://10.180.1.21/compute/v2.1/servers/49284c45-b77b-4992-8437-d9d31ba12539 0.053s
2024-10-22 15:37:49.378 61947 INFO tempest.common.waiters [-] State transition "BUILD/None" ==> "BUILD/networking" after 63 second wait
2024-10-22 15:37:49.414 61971 INFO tempest.lib.common.rest_client [req-2eea8087-e925-4914-97b1-67dd5a6d5b01 req-2eea8087-e925-4914-97b1-67dd5a6d5b01 ] Request (MigrationsAdminTest:test_resize_server_revert_deleted_flavor): 200 GET http://10.180.1.21/compute/v2.1/servers/be7776f1-0083-4c40-a7e6-477c0c65f7bf 0.044s
2024-10-22 15:37:49.425 61945 INFO tempest.lib.common.rest_client [req-f98f9848-1a7f-4d4d-b348-a598a45b9fe1 req-f98f9848-1a7f-4d4d-b348-a598a45b9fe1 ] Request (DeleteServersAdminTestJSON:test_delete_server_while_in_error_state): 200 GET http://10.180.1.21/compute/v2.1/servers/25168ea9-24fb-4f63-b508-b5c3a47a77e4 0.049s
2024-10-22 15:37:49.464 61961 INFO tempest.lib.common.rest_client [req-d134ea1a-06c2-489e-800b-eb2198eadfb7 req-d134ea1a-06c2-489e-800b-eb2198eadfb7 ] Request (SecurityGroupsTestJSON:test_server_security_groups): 200 GET http://10.180.1.21/compute/v2.1/servers/0a321a24-0f87-47e7-8364-5da5f6a65131 0.042s
2024-10-22 15:37:49.480 61963 INFO tempest.lib.common.rest_client [req-b347e158-dae5-45ec-99a0-06c4d73d0b8d req-b347e158-dae5-45ec-99a0-06c4d73d0b8d ] Request (ServersTestBootFromVolume:setUpClass): 200 GET http://10.180.1.21/compute/v2.1/servers/baf240b6-0a42-485f-9176-78dda5de3c7d 0.047s
2024-10-22 15:37:49.528 61931 INFO tempest.lib.common.rest_client [req-a9496a66-0b4f-4622-ba4b-ca2dcedeb629 req-a9496a66-0b4f-4622-ba4b-ca2dcedeb629 ] Request (AttachInterfacesUnderV243Test:test_add_remove_fixed_ip): 200 GET http://10.180.1.21/compute/v2.1/servers/c35f0f15-6c13-4fbe-9ac2-ab6262590c38 0.045s
2024-10-22 15:37:49.532 61942 INFO tempest.lib.common.rest_client [req-278cfc25-4966-41e8-a157-f6ef61577c9b req-278cfc25-4966-41e8-a157-f6ef61577c9b ] Request (ImagesTestJSON:test_create_image_from_suspended_server): 200 GET http://10.180.1.21/compute/v2.1/servers/959931f5-eebc-4544-af88-ea231301b4a5 0.052s
2024-10-22 15:37:49.570 61943 INFO tempest.lib.common.rest_client [req-4532638b-fb5c-4506-a7b4-34aa73e9c4d3 req-4532638b-fb5c-4506-a7b4-34aa73e9c4d3 ] Request (FloatingIPsAssociationNegativeTestJSON:setUpClass): 200 GET http://10.180.1.21/compute/v2.1/servers/33e270fd-0393-4425-8312-1e9fc91f3d1f 0.048s
2024-10-22 15:37:49.583 61915 INFO tempest.lib.common.rest_client [req-0f236109-fdc9-4a26-b842-a5ba533fea48 req-0f236109-fdc9-4a26-b842-a5ba533fea48 ] Request (VolumesAdminNegativeTest:test_update_attached_volume_with_nonexistent_volume_in_body): 200 GET http://10.180.1.21/compute/v2.1/servers/16e92598-3eba-42c1-b9ec-3b2b91231267 0.045s
2024-10-22 15:37:49.640 61973 INFO tempest.lib.common.rest_client [req-71d3cdde-19c8-4bae-aacc-2e1d2da2fe4a req-71d3cdde-19c8-4bae-aacc-2e1d2da2fe4a ] Request (ServersTestMultiNic:test_verify_duplicate_network_nics): 200 GET http://10.180.1.21/compute/v2.1/servers/d23a9ab2-01ed-4d41-b89f-445ecc5f410f 0.044s
2024-10-22 15:37:49.704 61978 INFO tempest.lib.common.rest_client [req-6b51fbe6-d29a-4c5c-af4f-e7b23adee29b req-6b51fbe6-d29a-4c5c-af4f-e7b23adee29b ] Request (DeleteServersTestJSON:test_delete_server_while_in_attached_volume): 200 GET http://10.180.1.21/compute/v2.1/servers/831da774-5e37-4d49-a1fd-3eb421c7fcb7 0.050s
2024-10-22 15:37:49.705 61953 INFO tempest.lib.common.rest_client [req-fcc0ec65-2245-4dcc-b57c-c387b54e5f86 req-fcc0ec65-2245-4dcc-b57c-c387b54e5f86 ] Request (ServerDiskConfigTestJSON:test_rebuild_server_with_auto_disk_config): 200 GET http://10.180.1.21/compute/v2.1/servers/3cd90969-d884-49fc-a2c3-8501e2c51ff6 0.047s
2024-10-22 15:37:49.771 61935 INFO tempest.lib.common.rest_client [req-c24e6f52-9882-490c-ba25-381379cdccb4 req-c24e6f52-9882-490c-ba25-381379cdccb4 ] Request (MultipleCreateTestJSON:test_multiple_create_with_reservation_return): 200 GET http://10.180.1.21/compute/v2.1/servers/87971b67-572c-4d5f-99b7-dab08aea10c1 0.053s
2024-10-22 15:37:49.857 61939 INFO tempest.lib.common.rest_client [req-bce91b85-db86-4a12-a6bb-1c624d290ca8 req-bce91b85-db86-4a12-a6bb-1c624d290ca8 ] Request (AttachInterfacesV270Test:test_create_get_list_interfaces): 200 GET http://10.180.1.21/compute/v2.1/servers/453d71d6-e8ab-4fdb-b5e7-f84bb2020bf8 0.061s
2024-10-22 15:37:49.940 61965 INFO tempest.lib.common.rest_client [req-5ea8306b-4493-44eb-8f1b-96a762e219e5 req-5ea8306b-4493-44eb-8f1b-96a762e219e5 ] Request (ServerShowV254Test:test_rebuild_server): 200 GET http://10.180.1.21/compute/v2.1/servers/b9130bac-f92b-4208-b84c-852f4a269153 0.054s
2024-10-22 15:37:50.017 61929 INFO tempest.lib.common.rest_client [req-fd713f67-08a5-4154-836e-98a40a4e6261 req-fd713f67-08a5-4154-836e-98a40a4e6261 ] Request (FloatingIPsAssociationTestJSON:setUpClass): 200 GET http://10.180.1.21/compute/v2.1/servers/9008460a-6b35-468d-803c-d10c139494f7 0.050s
2024-10-22 15:37:50.032 61917 INFO tempest.lib.common.rest_client [req-33cdb0e7-4af0-41cd-b645-0a8238bd246f req-33cdb0e7-4af0-41cd-b645-0a8238bd246f ] Request (ServerShowV257Test:tearDownClass): 200 GET http://10.180.1.21/compute/v2.1/servers/e918b827-ea37-4589-8999-e363aba4492d 0.066s
2024-10-22 15:37:50.185 61967 INFO tempest.lib.common.rest_client [req-1ef3ce18-b34b-4f69-a770-0ab746b2661b req-1ef3ce18-b34b-4f69-a770-0ab746b2661b ] Request (ServersAdmin275Test:test_rebuild_update_server_275): 200 GET http://10.180.1.21/compute/v2.1/servers/55630bdb-fe38-49dc-baa2-2ac5de20e569 0.060s
2024-10-22 15:37:50.206 61955 INFO tempest.lib.common.rest_client [req-9d273223-9d1b-49ac-9ed7-635afb1d46b7 req-9d273223-9d1b-49ac-9ed7-635afb1d46b7 ] Request (AttachVolumeShelveTestJSON:test_attach_volume_shelved_or_offload_server): 200 GET http://10.180.1.21/compute/v2.1/servers/14854fd0-680a-48a2-b1d6-50e75624aef2 0.054s
2024-10-22 15:37:50.238 61923 INFO tempest.lib.common.rest_client [req-2d4def7a-1c92-4518-840f-8726c29f37a3 req-2d4def7a-1c92-4518-840f-8726c29f37a3 ] Request (ServersAdminTestJSON:setUpClass): 200 GET http://10.180.1.21/compute/v2.1/servers/46672a70-7d6b-4a86-833b-a7583c71e595 0.062s
2024-10-22 15:37:50.254 61919 INFO tempest.lib.common.rest_client [req-ea361aa0-860b-4b54-894b-d3584876b530 req-ea361aa0-860b-4b54-894b-d3584876b530 ] Request (ServersTestFqdnHostnames:test_create_server_with_fqdn_name): 200 GET http://10.180.1.21/compute/v2.1/servers/a1a8b990-f4b7-4049-9345-562d1b5c180e 0.055s
2024-10-22 15:37:50.293 61951 INFO tempest.lib.common.rest_client [req-3a176e6b-9881-4d7e-ae76-29ee07ee7a73 req-3a176e6b-9881-4d7e-ae76-29ee07ee7a73 ] Request (ImagesNegativeTestJSON:test_create_image_from_deleted_server): 200 GET http://10.180.1.21/compute/v2.1/servers/a978aa73-3f2a-4a87-bda3-bcde3028a646 0.048s
2024-10-22 15:37:50.322 61937 INFO tempest.lib.common.rest_client [req-30580119-059f-4b0d-b0b4-144f25b25467 req-30580119-059f-4b0d-b0b4-144f25b25467 ] Request (ServerRescueNegativeTestJSON:setUpClass): 200 GET http://10.180.1.21/compute/v2.1/servers/e5bf9ce1-f12d-4f82-b1b2-e6dfeaffea22 0.053s
2024-10-22 15:37:50.374 61949 INFO tempest.lib.common.rest_client [req-3454c53e-5eb9-46a5-9f14-3d9db99e6b72 req-3454c53e-5eb9-46a5-9f14-3d9db99e6b72 ] Request (ListServersNegativeTestJSON:setUpClass): 200 GET http://10.180.1.21/compute/v2.1/servers/e9d5a8b8-afc2-40dc-b480-0b946e085e18 0.054s
2024-10-22 15:37:50.375 61927 INFO tempest.lib.common.rest_client [req-75b3b845-8cb1-4f61-9de5-95a446e24b4d req-75b3b845-8cb1-4f61-9de5-95a446e24b4d ] Request (ServersTestJSON:test_create_server_specify_multibyte_character_name): 200 GET http://10.180.1.21/compute/v2.1/servers/8c8a339c-e52a-4257-9191-4e03ecf87b22 0.051s
2024-10-22 15:37:50.425 61959 INFO tempest.lib.common.rest_client [req-5f623bca-298b-4f67-831f-d9cba8bc52d4 req-5f623bca-298b-4f67-831f-d9cba8bc52d4 ] Request (ServerMetadataTestJSON:setUpClass): 200 GET http://10.180.1.21/compute/v2.1/servers/81e45c4b-ca97-4dfb-a6fe-2ada01d5c297 0.048s
2024-10-22 15:37:50.470 61971 INFO tempest.lib.common.rest_client [req-fadbd4ba-ddd0-4c75-92f3-42480beb355b req-fadbd4ba-ddd0-4c75-92f3-42480beb355b ] Request (MigrationsAdminTest:test_resize_server_revert_deleted_flavor): 200 GET http://10.180.1.21/compute/v2.1/servers/be7776f1-0083-4c40-a7e6-477c0c65f7bf 0.049s
2024-10-22 15:37:50.509 61947 INFO tempest.lib.common.rest_client [req-a393ae9b-c02a-4edf-ab91-af966f92621d req-a393ae9b-c02a-4edf-ab91-af966f92621d ] Request (InstanceActionsTestJSON:setUpClass): 200 GET http://10.180.1.21/compute/v2.1/servers/49284c45-b77b-4992-8437-d9d31ba12539 0.130s
2024-10-22 15:37:50.517 61947 INFO tempest.common.waiters [-] State transition "BUILD/networking" ==> "BUILD/block_device_mapping" after 64 second wait
2024-10-22 15:37:50.517 61945 INFO tempest.lib.common.rest_client [req-98ce8834-0a27-4277-9bf6-4bef756eb1e1 req-98ce8834-0a27-4277-9bf6-4bef756eb1e1 ] Request (DeleteServersAdminTestJSON:test_delete_server_while_in_error_state): 200 GET http://10.180.1.21/compute/v2.1/servers/25168ea9-24fb-4f63-b508-b5c3a47a77e4 0.085s
2024-10-22 15:37:50.564 61963 INFO tempest.lib.common.rest_client [req-7397c2be-58df-43ff-bc7a-5684354e540a req-7397c2be-58df-43ff-bc7a-5684354e540a ] Request (ServersTestBootFromVolume:setUpClass): 200 GET http://10.180.1.21/compute/v2.1/servers/baf240b6-0a42-485f-9176-78dda5de3c7d 0.076s
2024-10-22 15:37:50.565 61961 INFO tempest.lib.common.rest_client [req-72a0e089-f133-4718-8e33-9d64cd4042ce req-72a0e089-f133-4718-8e33-9d64cd4042ce ] Request (SecurityGroupsTestJSON:test_server_security_groups): 200 GET http://10.180.1.21/compute/v2.1/servers/0a321a24-0f87-47e7-8364-5da5f6a65131 0.092s
2024-10-22 15:37:50.611 61931 INFO tempest.lib.common.rest_client [req-85fec378-6c9f-47b0-b8ca-5209e9485b81 req-85fec378-6c9f-47b0-b8ca-5209e9485b81 ] Request (AttachInterfacesUnderV243Test:test_add_remove_fixed_ip): 200 GET http://10.180.1.21/compute/v2.1/servers/c35f0f15-6c13-4fbe-9ac2-ab6262590c38 0.075s
2024-10-22 15:37:50.624 61942 INFO tempest.lib.common.rest_client [req-4a38439f-bda6-459b-8397-fba468935b26 req-4a38439f-bda6-459b-8397-fba468935b26 ] Request (ImagesTestJSON:test_create_image_from_suspended_server): 200 GET http://10.180.1.21/compute/v2.1/servers/959931f5-eebc-4544-af88-ea231301b4a5 0.085s
2024-10-22 15:37:50.658 61943 INFO tempest.lib.common.rest_client [req-ad31d34c-15e6-4c93-9710-703867ff662e req-ad31d34c-15e6-4c93-9710-703867ff662e ] Request (FloatingIPsAssociationNegativeTestJSON:setUpClass): 200 GET http://10.180.1.21/compute/v2.1/servers/33e270fd-0393-4425-8312-1e9fc91f3d1f 0.081s
2024-10-22 15:37:50.700 61915 INFO tempest.lib.common.rest_client [req-81cc9d43-6583-4317-97b6-37367f7f7ab4 req-81cc9d43-6583-4317-97b6-37367f7f7ab4 ] Request (VolumesAdminNegativeTest:test_update_attached_volume_with_nonexistent_volume_in_body): 200 GET http://10.180.1.21/compute/v2.1/servers/16e92598-3eba-42c1-b9ec-3b2b91231267 0.111s
2024-10-22 15:37:50.708 61973 INFO tempest.lib.common.rest_client [req-c13e5d26-4cf2-4503-be17-ebbefd1420e4 req-c13e5d26-4cf2-4503-be17-ebbefd1420e4 ] Request (ServersTestMultiNic:test_verify_duplicate_network_nics): 200 GET http://10.180.1.21/compute/v2.1/servers/d23a9ab2-01ed-4d41-b89f-445ecc5f410f 0.061s
2024-10-22 15:37:50.763 61978 INFO tempest.lib.common.rest_client [req-a3de6913-5942-48e4-856c-81c1996e4828 req-a3de6913-5942-48e4-856c-81c1996e4828 ] Request (DeleteServersTestJSON:test_delete_server_while_in_attached_volume): 200 GET http://10.180.1.21/compute/v2.1/servers/831da774-5e37-4d49-a1fd-3eb421c7fcb7 0.052s
2024-10-22 15:37:50.767 61953 INFO tempest.lib.common.rest_client [req-cd069a18-1c63-4561-863c-7184f85f3436 req-cd069a18-1c63-4561-863c-7184f85f3436 ] Request (ServerDiskConfigTestJSON:test_rebuild_server_with_auto_disk_config): 200 GET http://10.180.1.21/compute/v2.1/servers/3cd90969-d884-49fc-a2c3-8501e2c51ff6 0.056s
2024-10-22 15:37:50.830 61935 INFO tempest.lib.common.rest_client [req-97c3a57a-9b54-4d09-b5f1-8e6537d5381c req-97c3a57a-9b54-4d09-b5f1-8e6537d5381c ] Request (MultipleCreateTestJSON:test_multiple_create_with_reservation_return): 200 GET http://10.180.1.21/compute/v2.1/servers/87971b67-572c-4d5f-99b7-dab08aea10c1 0.049s
2024-10-22 15:37:50.933 61939 INFO tempest.lib.common.rest_client [req-a0209698-fff9-4aba-b76f-400b8e2edd54 req-a0209698-fff9-4aba-b76f-400b8e2edd54 ] Request (AttachInterfacesV270Test:test_create_get_list_interfaces): 200 GET http://10.180.1.21/compute/v2.1/servers/453d71d6-e8ab-4fdb-b5e7-f84bb2020bf8 0.066s
2024-10-22 15:37:50.997 61965 INFO tempest.lib.common.rest_client [req-6d737bdb-04f1-47b5-ac23-06d1306e8f78 req-6d737bdb-04f1-47b5-ac23-06d1306e8f78 ] Request (ServerShowV254Test:test_rebuild_server): 200 GET http://10.180.1.21/compute/v2.1/servers/b9130bac-f92b-4208-b84c-852f4a269153 0.049s
2024-10-22 15:37:51.075 61929 INFO tempest.lib.common.rest_client [req-d7e2f37d-592b-4482-acf7-0b2fc3ee6fd9 req-d7e2f37d-592b-4482-acf7-0b2fc3ee6fd9 ] Request (FloatingIPsAssociationTestJSON:setUpClass): 200 GET http://10.180.1.21/compute/v2.1/servers/9008460a-6b35-468d-803c-d10c139494f7 0.049s
2024-10-22 15:37:51.099 61917 INFO tempest.lib.common.rest_client [req-f97fec4d-e4e3-487e-af9a-1557dc98e921 req-f97fec4d-e4e3-487e-af9a-1557dc98e921 ] Request (ServerShowV257Test:tearDownClass): 200 GET http://10.180.1.21/compute/v2.1/servers/e918b827-ea37-4589-8999-e363aba4492d 0.056s
2024-10-22 15:37:51.256 61967 INFO tempest.lib.common.rest_client [req-7a9ea2f0-0d62-402d-8713-a62b053ea402 req-7a9ea2f0-0d62-402d-8713-a62b053ea402 ] Request (ServersAdmin275Test:test_rebuild_update_server_275): 200 GET http://10.180.1.21/compute/v2.1/servers/55630bdb-fe38-49dc-baa2-2ac5de20e569 0.061s
2024-10-22 15:37:51.279 61955 INFO tempest.lib.common.rest_client [req-db00a5cf-26b8-43c7-9f0d-3daf067dc3cc req-db00a5cf-26b8-43c7-9f0d-3daf067dc3cc ] Request (AttachVolumeShelveTestJSON:test_attach_volume_shelved_or_offload_server): 200 GET http://10.180.1.21/compute/v2.1/servers/14854fd0-680a-48a2-b1d6-50e75624aef2 0.062s
2024-10-22 15:37:51.312 61923 INFO tempest.lib.common.rest_client [req-1754b54c-120c-4555-8927-02d9a1972a35 req-1754b54c-120c-4555-8927-02d9a1972a35 ] Request (ServersAdminTestJSON:setUpClass): 200 GET http://10.180.1.21/compute/v2.1/servers/46672a70-7d6b-4a86-833b-a7583c71e595 0.061s
2024-10-22 15:37:51.324 61919 INFO tempest.lib.common.rest_client [req-82b39c45-8452-4f74-83fd-15103f6a6d15 req-82b39c45-8452-4f74-83fd-15103f6a6d15 ] Request (ServersTestFqdnHostnames:test_create_server_with_fqdn_name): 200 GET http://10.180.1.21/compute/v2.1/servers/a1a8b990-f4b7-4049-9345-562d1b5c180e 0.060s
2024-10-22 15:37:51.354 61951 INFO tempest.lib.common.rest_client [req-661912ac-01e0-4880-b0a6-58d812a57f85 req-661912ac-01e0-4880-b0a6-58d812a57f85 ] Request (ImagesNegativeTestJSON:test_create_image_from_deleted_server): 200 GET http://10.180.1.21/compute/v2.1/servers/a978aa73-3f2a-4a87-bda3-bcde3028a646 0.052s
2024-10-22 15:37:51.377 61937 INFO tempest.lib.common.rest_client [req-7076726c-d8fe-49ec-b5a6-c666161a4966 req-7076726c-d8fe-49ec-b5a6-c666161a4966 ] Request (ServerRescueNegativeTestJSON:setUpClass): 200 GET http://10.180.1.21/compute/v2.1/servers/e5bf9ce1-f12d-4f82-b1b2-e6dfeaffea22 0.047s
2024-10-22 15:37:51.431 61927 INFO tempest.lib.common.rest_client [req-2557c8ab-5cac-4158-a87d-e74a5bc72b62 req-2557c8ab-5cac-4158-a87d-e74a5bc72b62 ] Request (ServersTestJSON:test_create_server_specify_multibyte_character_name): 200 GET http://10.180.1.21/compute/v2.1/servers/8c8a339c-e52a-4257-9191-4e03ecf87b22 0.048s
2024-10-22 15:37:51.450 61949 INFO tempest.lib.common.rest_client [req-60fd6bf4-05b0-4235-8456-995c0da91e3c req-60fd6bf4-05b0-4235-8456-995c0da91e3c ] Request (ListServersNegativeTestJSON:setUpClass): 200 GET http://10.180.1.21/compute/v2.1/servers/e9d5a8b8-afc2-40dc-b480-0b946e085e18 0.066s
2024-10-22 15:37:51.484 61959 INFO tempest.lib.common.rest_client [req-bd0eee0e-117f-4500-b7b2-5ce1f0a03f47 req-bd0eee0e-117f-4500-b7b2-5ce1f0a03f47 ] Request (ServerMetadataTestJSON:setUpClass): 200 GET http://10.180.1.21/compute/v2.1/servers/81e45c4b-ca97-4dfb-a6fe-2ada01d5c297 0.049s
2024-10-22 15:37:51.527 61971 INFO tempest.lib.common.rest_client [req-18a34b97-c81e-4e70-bf89-5d9268a4aca5 req-18a34b97-c81e-4e70-bf89-5d9268a4aca5 ] Request (MigrationsAdminTest:test_resize_server_revert_deleted_flavor): 200 GET http://10.180.1.21/compute/v2.1/servers/be7776f1-0083-4c40-a7e6-477c0c65f7bf 0.048s
2024-10-22 15:37:51.568 61947 INFO tempest.lib.common.rest_client [req-fc145483-66d5-47a1-a608-8ecd002484ff req-fc145483-66d5-47a1-a608-8ecd002484ff ] Request (InstanceActionsTestJSON:setUpClass): 200 GET http://10.180.1.21/compute/v2.1/servers/49284c45-b77b-4992-8437-d9d31ba12539 0.050s
2024-10-22 15:37:51.575 61947 INFO tempest.common.waiters [-] State transition "BUILD/block_device_mapping" ==> "BUILD/spawning" after 65 second wait
2024-10-22 15:37:51.582 61945 INFO tempest.lib.common.rest_client [req-9f2e8524-b74f-454f-9c9d-4953554b8213 req-9f2e8524-b74f-454f-9c9d-4953554b8213 ] Request (DeleteServersAdminTestJSON:test_delete_server_while_in_error_state): 200 GET http://10.180.1.21/compute/v2.1/servers/25168ea9-24fb-4f63-b508-b5c3a47a77e4 0.049s
2024-10-22 15:37:51.615 61961 INFO tempest.lib.common.rest_client [req-ce4bc0d9-68f8-4922-b36b-1e20c55fb18f req-ce4bc0d9-68f8-4922-b36b-1e20c55fb18f ] Request (SecurityGroupsTestJSON:test_server_security_groups): 200 GET http://10.180.1.21/compute/v2.1/servers/0a321a24-0f87-47e7-8364-5da5f6a65131 0.043s
2024-10-22 15:37:51.627 61963 INFO tempest.lib.common.rest_client [req-6cbcd8cc-9b16-4052-a31b-d1338bbed4a3 req-6cbcd8cc-9b16-4052-a31b-d1338bbed4a3 ] Request (ServersTestBootFromVolume:setUpClass): 200 GET http://10.180.1.21/compute/v2.1/servers/baf240b6-0a42-485f-9176-78dda5de3c7d 0.053s
2024-10-22 15:37:51.663 61931 INFO tempest.lib.common.rest_client [req-0615ac6c-99f6-43fd-be87-862abbf15c6a req-0615ac6c-99f6-43fd-be87-862abbf15c6a ] Request (AttachInterfacesUnderV243Test:test_add_remove_fixed_ip): 200 GET http://10.180.1.21/compute/v2.1/servers/c35f0f15-6c13-4fbe-9ac2-ab6262590c38 0.045s
2024-10-22 15:37:51.677 61942 INFO tempest.lib.common.rest_client [req-7280d66c-c053-46a1-9583-510e9e6077dc req-7280d66c-c053-46a1-9583-510e9e6077dc ] Request (ImagesTestJSON:test_create_image_from_suspended_server): 200 GET http://10.180.1.21/compute/v2.1/servers/959931f5-eebc-4544-af88-ea231301b4a5 0.044s
2024-10-22 15:37:51.710 61943 INFO tempest.lib.common.rest_client [req-baf3896d-7009-4250-9e3f-4dfe90f817aa req-baf3896d-7009-4250-9e3f-4dfe90f817aa ] Request (FloatingIPsAssociationNegativeTestJSON:setUpClass): 200 GET http://10.180.1.21/compute/v2.1/servers/33e270fd-0393-4425-8312-1e9fc91f3d1f 0.044s
2024-10-22 15:37:51.760 61973 INFO tempest.lib.common.rest_client [req-404e5836-f803-4ccb-ab4f-3e034b0d87ba req-404e5836-f803-4ccb-ab4f-3e034b0d87ba ] Request (ServersTestMultiNic:test_verify_duplicate_network_nics): 200 GET http://10.180.1.21/compute/v2.1/servers/d23a9ab2-01ed-4d41-b89f-445ecc5f410f 0.044s
2024-10-22 15:37:51.768 61915 INFO tempest.lib.common.rest_client [req-74bfd148-45ad-4ef0-aaf6-4c7710397006 req-74bfd148-45ad-4ef0-aaf6-4c7710397006 ] Request (VolumesAdminNegativeTest:test_update_attached_volume_with_nonexistent_volume_in_body): 200 GET http://10.180.1.21/compute/v2.1/servers/16e92598-3eba-42c1-b9ec-3b2b91231267 0.053s
2024-10-22 15:37:51.820 61978 INFO tempest.lib.common.rest_client [req-96ef19c9-7eb7-42d6-8bcc-39acd00bfff6 req-96ef19c9-7eb7-42d6-8bcc-39acd00bfff6 ] Request (DeleteServersTestJSON:test_delete_server_while_in_attached_volume): 200 GET http://10.180.1.21/compute/v2.1/servers/831da774-5e37-4d49-a1fd-3eb421c7fcb7 0.048s
2024-10-22 15:37:51.854 61953 INFO tempest.lib.common.rest_client [req-1d19bbcd-0474-4834-8658-26c738385bee req-1d19bbcd-0474-4834-8658-26c738385bee ] Request (ServerDiskConfigTestJSON:test_rebuild_server_with_auto_disk_config): 200 GET http://10.180.1.21/compute/v2.1/servers/3cd90969-d884-49fc-a2c3-8501e2c51ff6 0.080s
2024-10-22 15:37:51.906 61935 INFO tempest.lib.common.rest_client [req-716eade1-2ea4-468c-a390-2335faa2f3e0 req-716eade1-2ea4-468c-a390-2335faa2f3e0 ] Request (MultipleCreateTestJSON:test_multiple_create_with_reservation_return): 200 GET http://10.180.1.21/compute/v2.1/servers/87971b67-572c-4d5f-99b7-dab08aea10c1 0.069s
2024-10-22 15:37:51.993 61939 INFO tempest.lib.common.rest_client [req-96b089ca-05d0-412d-bf81-8c434be6a643 req-96b089ca-05d0-412d-bf81-8c434be6a643 ] Request (AttachInterfacesV270Test:test_create_get_list_interfaces): 200 GET http://10.180.1.21/compute/v2.1/servers/453d71d6-e8ab-4fdb-b5e7-f84bb2020bf8 0.053s
2024-10-22 15:37:52.061 61965 INFO tempest.lib.common.rest_client [req-480c5b29-4b88-4637-83e3-c0e66627a66b req-480c5b29-4b88-4637-83e3-c0e66627a66b ] Request (ServerShowV254Test:test_rebuild_server): 200 GET http://10.180.1.21/compute/v2.1/servers/b9130bac-f92b-4208-b84c-852f4a269153 0.054s
2024-10-22 15:37:52.131 61929 INFO tempest.lib.common.rest_client [req-8d3cc8a9-c712-4f52-b76f-2e0d4d771a84 req-8d3cc8a9-c712-4f52-b76f-2e0d4d771a84 ] Request (FloatingIPsAssociationTestJSON:setUpClass): 200 GET http://10.180.1.21/compute/v2.1/servers/9008460a-6b35-468d-803c-d10c139494f7 0.048s
2024-10-22 15:37:52.164 61917 INFO tempest.lib.common.rest_client [req-0db0ef80-0624-4e67-a326-464ec75a60f0 req-0db0ef80-0624-4e67-a326-464ec75a60f0 ] Request (ServerShowV257Test:tearDownClass): 200 GET http://10.180.1.21/compute/v2.1/servers/e918b827-ea37-4589-8999-e363aba4492d 0.057s
