2024-10-22 15:36:46.888 61927 INFO tempest.lib.common.rest_client [req-16f99e2e-a275-49ac-ada7-716e82978e57 req-16f99e2e-a275-49ac-ada7-716e82978e57 ] Request (ServersTestJSON:setUpClass): 201 POST http://10.180.1.21/identity/v3/users 0.062s
2024-10-22 15:36:46.894 61929 INFO tempest.lib.common.rest_client [req-6060e461-615c-4041-85b8-93e5274ab89b req-6060e461-615c-4041-85b8-93e5274ab89b ] Request (SecurityGroupsTestAdminJSON:_run_cleanups): 202 DELETE http://10.180.1.21/compute/v2.1/os-security-groups/73bad008-97f8-47b6-8342-d39b0f90d2fb 1.223s
2024-10-22 15:36:46.910 61943 INFO tempest.lib.common.rest_client [req-e4559ef7-3361-4111-b983-975ad07159ca req-e4559ef7-3361-4111-b983-975ad07159ca ] Request (FloatingIPsAssociationNegativeTestJSON:setUpClass): 204 PUT http://10.180.1.21/identity/v3/projects/2ef957a5c37b4fc2ac5a0cfa84c9111d/users/a80af8b85dda488695129c59bccc9226/roles/73ed173dfe514a868e88026ca57fcdc0 0.068s
2024-10-22 15:36:46.911 61943 INFO tempest.lib.common.dynamic_creds [-] Dynamic test user a80af8b85dda488695129c59bccc9226 is created with scope project and roles: ['member']
2024-10-22 15:36:46.911 61943 INFO tempest.lib.common.dynamic_creds [-] Acquired dynamic creds: credentials: Credentials: {'domain_id': 'default', 'domain_name': 'Default', 'username': 'tempest-FloatingIPsAssociationNegativeTestJSON-72981925-project-member', 'project_domain_id': 'default', 'project_domain_name': 'Default', 'project_id': '2ef957a5c37b4fc2ac5a0cfa84c9111d', 'project_name': 'tempest-FloatingIPsAssociationNegativeTestJSON-72981925', 'tenant_id': '2ef957a5c37b4fc2ac5a0cfa84c9111d', 'tenant_name': 'tempest-FloatingIPsAssociationNegativeTestJSON-72981925', 'user_domain_id': 'default', 'user_domain_name': 'Default', 'user_id': 'a80af8b85dda488695129c59bccc9226', 'system': None}, Network: None, Subnet: None, Router: None
2024-10-22 15:36:46.920 61927 INFO tempest.lib.common.rest_client [req-187a092e-874b-4de7-9c95-c05f5879ea20 req-187a092e-874b-4de7-9c95-c05f5879ea20 ] Request (ServersTestJSON:setUpClass): 200 GET http://10.180.1.21/identity/v3/roles 0.031s
2024-10-22 15:36:46.929 61925 INFO tempest.lib.common.rest_client [req-e8dbb1c7-f196-4228-9e24-499947e2d1dc req-e8dbb1c7-f196-4228-9e24-499947e2d1dc ] Request (HypervisorAdminTestJSON:tearDownClass): 200 GET http://10.180.1.21:9696/networking/v2.0/security-groups?tenant_id=92146a7587e74c2ebbea2c989a3b0ef9&name=default 0.389s
2024-10-22 15:36:46.979 61943 INFO tempest.lib.common.rest_client [req-32e7db00-9cf9-4da2-8997-c101626e250c req-32e7db00-9cf9-4da2-8997-c101626e250c ] Request (FloatingIPsAssociationNegativeTestJSON:setUpClass): 201 POST http://10.180.1.21/identity/v3/auth/tokens 0.068s
2024-10-22 15:36:46.986 61971 INFO tempest.lib.common.rest_client [req-29b2c0fa-ca94-4f60-9e66-1cd94a2890a9 req-29b2c0fa-ca94-4f60-9e66-1cd94a2890a9 ] Request (MigrationsAdminTest:test_list_migrations_in_flavor_resize_situation): 200 GET http://10.180.1.21/compute/v2.1/servers/68e5fc5b-a843-4f49-a903-4ed145d63fd7 0.910s
2024-10-22 15:36:46.997 61971 INFO tempest.common.waiters [-] State transition "BUILD/spawning" ==> "ERROR/None" after 49 second wait
2024-10-22 15:36:47.003 61927 INFO tempest.lib.common.rest_client [req-39a794f8-6e98-41c5-b82d-70770336809a req-39a794f8-6e98-41c5-b82d-70770336809a ] Request (ServersTestJSON:setUpClass): 204 PUT http://10.180.1.21/identity/v3/projects/413caef8b4b34ad49a8aa707ca007dbd/users/248c54f587094cd98b47ad88f22f7ebc/roles/0dd7720bb0554288aae7998d9fd02706 0.083s
2024-10-22 15:36:47.004 61927 INFO tempest.lib.common.dynamic_creds [-] Dynamic test user 248c54f587094cd98b47ad88f22f7ebc is created with scope project and roles: ['reader']
2024-10-22 15:36:47.004 61927 INFO tempest.lib.common.dynamic_creds [-] Acquired dynamic creds: credentials: Credentials: {'domain_id': 'default', 'domain_name': 'Default', 'username': 'tempest-ServersTestJSON-2136554250-project-reader', 'project_domain_id': 'default', 'project_domain_name': 'Default', 'project_id': '413caef8b4b34ad49a8aa707ca007dbd', 'project_name': 'tempest-ServersTestJSON-2136554250', 'tenant_id': '413caef8b4b34ad49a8aa707ca007dbd', 'tenant_name': 'tempest-ServersTestJSON-2136554250', 'user_domain_id': 'default', 'user_domain_name': 'Default', 'user_id': '248c54f587094cd98b47ad88f22f7ebc', 'system': None}, Network: None, Subnet: None, Router: None
2024-10-22 15:36:47.004 61927 INFO tempest.lib.common.dynamic_creds [-] Network resources are not created for requested scope: project and credentials: Credentials: {'domain_id': 'default', 'domain_name': 'Default', 'username': 'tempest-ServersTestJSON-2136554250-project-reader', 'project_domain_id': 'default', 'project_domain_name': 'Default', 'project_id': '413caef8b4b34ad49a8aa707ca007dbd', 'project_name': 'tempest-ServersTestJSON-2136554250', 'tenant_id': '413caef8b4b34ad49a8aa707ca007dbd', 'tenant_name': 'tempest-ServersTestJSON-2136554250', 'user_domain_id': 'default', 'user_domain_name': 'Default', 'user_id': '248c54f587094cd98b47ad88f22f7ebc', 'system': None}, Network: None, Subnet: None, Router: None
2024-10-22 15:36:47.004 61915 INFO tempest.lib.common.rest_client [req-2f8f946b-4c35-4041-ba81-f5dda1bc43bd req-2f8f946b-4c35-4041-ba81-f5dda1bc43bd ] Request (VolumesAdminNegativeTest:test_update_attached_volume_with_nonexistent_volume_in_body): 200 GET http://10.180.1.21/compute/v2.1/servers/16e92598-3eba-42c1-b9ec-3b2b91231267 1.041s
2024-10-22 15:36:47.066 61939 INFO tempest.lib.common.rest_client [req-92248af8-7a40-41c3-acf7-2a5dd0707bb4 req-92248af8-7a40-41c3-acf7-2a5dd0707bb4 ] Request (AttachInterfacesV270Test:test_create_get_list_interfaces): 200 GET http://10.180.1.21/compute/v2.1/servers/453d71d6-e8ab-4fdb-b5e7-f84bb2020bf8 0.957s
2024-10-22 15:36:47.071 61927 INFO tempest.lib.common.rest_client [req-edabed92-6812-4018-855d-57884eedc5bc req-edabed92-6812-4018-855d-57884eedc5bc ] Request (ServersTestJSON:setUpClass): 201 POST http://10.180.1.21/identity/v3/auth/tokens 0.064s
2024-10-22 15:36:47.081 61935 INFO tempest.lib.common.rest_client [req-c6440a62-48bf-4e22-84d8-f476992982e9 req-c6440a62-48bf-4e22-84d8-f476992982e9 ] Request (MultipleCreateTestJSON:test_multiple_create_with_reservation_return): 200 GET http://10.180.1.21/compute/v2.1/servers/87971b67-572c-4d5f-99b7-dab08aea10c1 0.906s
2024-10-22 15:36:47.099 61925 INFO tempest.lib.common.rest_client [req-640693dc-a808-4062-b2ee-6cff16387ca6 req-640693dc-a808-4062-b2ee-6cff16387ca6 ] Request (HypervisorAdminTestJSON:tearDownClass): 204 DELETE http://10.180.1.21:9696/networking/v2.0/security-groups/beb938c6-317f-453a-88fb-fcfaf5c39b40 0.170s
2024-10-22 15:36:47.134 61927 INFO tempest.lib.common.rest_client [req-b1ceed47-1349-42f9-94a8-391639a774f3 req-b1ceed47-1349-42f9-94a8-391639a774f3 ] Request (ServersTestJSON:test_create_server_specify_multibyte_character_name): 201 POST http://10.180.1.21/identity/v3/auth/tokens 0.058s
2024-10-22 15:36:47.134 61927 INFO tempest.lib.common.fixed_network [-] (ServersTestJSON:test_create_server_specify_multibyte_character_name) Found network {'id': 'a5bf665e-3387-47a8-9b0b-df9f55b94ec2', 'name': 'tempest-ServersTestJSON-1804694138-network', 'tenant_id': '413caef8b4b34ad49a8aa707ca007dbd', 'admin_state_up': True, 'mtu': 8950, 'status': 'ACTIVE', 'subnets': [], 'shared': False, 'project_id': '413caef8b4b34ad49a8aa707ca007dbd', 'port_security_enabled': True, 'router:external': False, 'provider:network_type': 'vlan', 'provider:physical_network': 'default', 'provider:segmentation_id': 98, 'is_default': False, 'availability_zone_hints': [], 'availability_zones': [], 'ipv4_address_scope': None, 'ipv6_address_scope': None, 'description': '', 'tags': [], 'created_at': '2024-10-22T15:36:41Z', 'updated_at': '2024-10-22T15:36:41Z', 'revision_number': 1} available for tenant
2024-10-22 15:36:47.174 61925 INFO tempest.lib.common.rest_client [req-2ededf7b-a744-4983-809c-7b6f7088ded8 req-2ededf7b-a744-4983-809c-7b6f7088ded8 ] Request (HypervisorAdminTestJSON:tearDownClass): 204 DELETE http://10.180.1.21/identity/v3/projects/92146a7587e74c2ebbea2c989a3b0ef9 0.075s
2024-10-22 15:36:47.175 61925 INFO tempest.lib.common.dynamic_creds [-] Deleting project and security group for project: ad83014795ac471691223408e24945cc
2024-10-22 15:36:47.368 61921 INFO tempest.lib.common.rest_client [req-73f8a5dd-49be-4d9f-bf7e-b1feede184cc req-73f8a5dd-49be-4d9f-bf7e-b1feede184cc ] Request (SecurityGroupRulesTestJSON:test_security_group_rules_list): 200 POST http://10.180.1.21/compute/v2.1/os-security-groups 1.108s
2024-10-22 15:36:47.386 61925 INFO tempest.lib.common.rest_client [req-c25ffd49-c968-453c-83f5-0d1a49e2f8fa req-c25ffd49-c968-453c-83f5-0d1a49e2f8fa ] Request (HypervisorAdminTestJSON:tearDownClass): 200 GET http://10.180.1.21:9696/networking/v2.0/security-groups?tenant_id=ad83014795ac471691223408e24945cc&name=default 0.211s
2024-10-22 15:36:47.400 61943 INFO tempest.lib.common.rest_client [req-97a84bd6-a4e0-49cd-ab46-7478f4be0915 req-97a84bd6-a4e0-49cd-ab46-7478f4be0915 ] Request (FloatingIPsAssociationNegativeTestJSON:setUpClass): 201 POST http://10.180.1.21:9696/networking/v2.0/networks 0.420s
2024-10-22 15:36:47.517 61933 INFO tempest.lib.common.rest_client [req-a8e9847f-7a4a-4b2e-a084-fed886c1f197 req-a8e9847f-7a4a-4b2e-a084-fed886c1f197 ] Request (ImagesMetadataTestJSON:setUp): 200 PUT http://10.180.1.21/compute/v2.1/images/83ed10c0-1a2c-4a7d-a9dc-285078e32035/metadata 1.175s
2024-10-22 15:36:47.540 61949 INFO tempest.lib.common.rest_client [req-645ab0c8-faf2-4037-9eeb-bfe7c0df4473 req-645ab0c8-faf2-4037-9eeb-bfe7c0df4473 ] Request (FlavorsAdminTestJSON:test_is_public_string_variations): 200 GET http://10.180.1.21/compute/v2.1/flavors/detail?is_public=yes 1.167s
2024-10-22 15:36:47.548 61943 INFO tempest.lib.common.rest_client [req-9aeedfd9-b8e6-469e-87ef-53f4f414e624 req-9aeedfd9-b8e6-469e-87ef-53f4f414e624 ] Request (FloatingIPsAssociationNegativeTestJSON:setUpClass): 201 POST http://10.180.1.21:9696/networking/v2.0/subnets 0.147s
2024-10-22 15:36:47.561 61925 INFO tempest.lib.common.rest_client [req-8f6e9141-ea74-457c-87e6-1aa10791d308 req-8f6e9141-ea74-457c-87e6-1aa10791d308 ] Request (HypervisorAdminTestJSON:tearDownClass): 204 DELETE http://10.180.1.21:9696/networking/v2.0/security-groups/9b7ff3aa-3135-41cd-8a23-c707dad599f1 0.175s
2024-10-22 15:36:47.566 61923 INFO tempest.lib.common.rest_client [req-4a573703-e96a-49da-8ba9-7f96f17f62b4 req-4a573703-e96a-49da-8ba9-7f96f17f62b4 ] Request (AggregatesAdminNegativeTestJSON:test_aggregate_remove_nonexistent_host): 404 POST http://10.180.1.21/compute/v2.1/os-aggregates/8/action 1.167s
2024-10-22 15:36:47.571 61957 INFO tempest.lib.common.rest_client [req-11bee57c-0551-4700-9677-41475c638bf0 req-11bee57c-0551-4700-9677-41475c638bf0 ] Request (VolumesNegativeTest:test_get_volume_without_passing_volume_id): 404 GET http://10.180.1.21/compute/v2.1/os-volumes/ 1.146s
2024-10-22 15:36:47.632 61931 INFO tempest.lib.common.rest_client [req-63dc2adf-8c6e-4d1e-95cf-0daaea522a6f req-63dc2adf-8c6e-4d1e-95cf-0daaea522a6f ] Request (AttachInterfacesUnderV243Test:test_add_remove_fixed_ip): 202 POST http://10.180.1.21/compute/v2.1/servers 1.292s
2024-10-22 15:36:47.659 61978 INFO tempest.lib.common.rest_client [req-a858a2d0-e4b1-4b8d-84ca-4f83aedd7c26 req-a858a2d0-e4b1-4b8d-84ca-4f83aedd7c26 ] Request (DeleteServersTestJSON:test_delete_active_server): 200 GET http://10.180.1.21/compute/v2.1/servers/e51d3f4e-41d5-4190-a8e9-21c743aa3b5e 0.922s
2024-10-22 15:36:47.668 61978 INFO tempest.common.waiters [-] State transition "BUILD/scheduling" ==> "BUILD/None" after 19 second wait
2024-10-22 15:36:47.668 61925 INFO tempest.lib.common.rest_client [req-7ad77221-3225-4c7f-820f-4fdf6b620d0b req-7ad77221-3225-4c7f-820f-4fdf6b620d0b ] Request (HypervisorAdminTestJSON:tearDownClass): 204 DELETE http://10.180.1.21/identity/v3/projects/ad83014795ac471691223408e24945cc 0.106s
2024-10-22 15:36:47.735 61925 INFO tempest.lib.common.rest_client [req-6611db79-3ac8-4fea-a912-be1f6ecacfbd req-6611db79-3ac8-4fea-a912-be1f6ecacfbd ] Request (TenantUsagesNegativeTestJSON:setUpClass): 201 POST http://10.180.1.21/identity/v3/auth/tokens 0.065s
2024-10-22 15:36:47.771 61925 INFO tempest.lib.common.rest_client [req-dcd73e21-03b0-44ef-8924-c718491d8a58 req-dcd73e21-03b0-44ef-8924-c718491d8a58 ] Request (TenantUsagesNegativeTestJSON:setUpClass): 201 POST http://10.180.1.21/identity/v3/auth/tokens 0.033s
2024-10-22 15:36:47.800 61925 INFO tempest.lib.common.rest_client [req-27009cae-a647-4b3e-9ce9-5869510194c0 req-27009cae-a647-4b3e-9ce9-5869510194c0 ] Request (TenantUsagesNegativeTestJSON:setUpClass): 200 GET http://10.180.1.21/identity/v3/domains?name=Default 0.028s
2024-10-22 15:36:47.835 61961 INFO tempest.lib.common.rest_client [req-c1a716d9-2cc2-4216-a20d-51409639bd94 req-c1a716d9-2cc2-4216-a20d-51409639bd94 ] Request (SecurityGroupsTestJSON:test_list_security_groups_by_server): 200 GET http://10.180.1.21/compute/v2.1/servers/f03f349e-d5ed-437b-8b13-6b036f2b88dc 1.032s
2024-10-22 15:36:47.847 61961 INFO tempest.common.waiters [-] State transition "BUILD/networking" ==> "BUILD/spawning" after 28 second wait
2024-10-22 15:36:47.863 61925 INFO tempest.lib.common.rest_client [req-86f0aa75-0f82-47ab-a7ee-035db01e1577 req-86f0aa75-0f82-47ab-a7ee-035db01e1577 ] Request (TenantUsagesNegativeTestJSON:setUpClass): 201 POST http://10.180.1.21/identity/v3/projects 0.063s
2024-10-22 15:36:47.947 61925 INFO tempest.lib.common.rest_client [req-437af84b-aa56-42c3-9512-564403bf7688 req-437af84b-aa56-42c3-9512-564403bf7688 ] Request (TenantUsagesNegativeTestJSON:setUpClass): 201 POST http://10.180.1.21/identity/v3/users 0.083s
2024-10-22 15:36:47.948 61959 INFO tempest.lib.common.rest_client [req-53eb37cc-7c35-48e3-8748-ca2f56b87752 req-53eb37cc-7c35-48e3-8748-ca2f56b87752 ] Request (ImagesOneServerNegativeTestJSON:setUpClass): 200 GET http://10.180.1.21/compute/v2.1/servers/3c252464-1b1a-4c1a-86bb-2fb0107aa52f 1.071s
2024-10-22 15:36:47.955 61919 INFO tempest.lib.common.rest_client [req-0559018e-0f82-456b-9406-3a624781d4c2 req-0559018e-0f82-456b-9406-3a624781d4c2 ] Request (SecurityGroupsNegativeTestJSON:test_delete_security_group_without_passing_id): 404 DELETE http://10.180.1.21/compute/v2.1/os-security-groups/ 1.071s
2024-10-22 15:36:47.964 61959 INFO tempest.common.waiters [-] State transition "BUILD/None" ==> "BUILD/networking" after 28 second wait
2024-10-22 15:36:47.980 61925 INFO tempest.lib.common.rest_client [req-be0762d4-63d6-41b5-ae72-63f2b0ce1913 req-be0762d4-63d6-41b5-ae72-63f2b0ce1913 ] Request (TenantUsagesNegativeTestJSON:setUpClass): 200 GET http://10.180.1.21/identity/v3/roles 0.032s
2024-10-22 15:36:48.009 61925 INFO tempest.lib.common.rest_client [req-be9350e8-5698-4bd2-bff5-1238038fb869 req-be9350e8-5698-4bd2-bff5-1238038fb869 ] Request (TenantUsagesNegativeTestJSON:setUpClass): 204 PUT http://10.180.1.21/identity/v3/projects/46b89a2446e54e1198e08480d0f0c97d/users/da80e4811d824e2e84c87d1bdd64e68e/roles/73ed173dfe514a868e88026ca57fcdc0 0.029s
2024-10-22 15:36:48.010 61925 INFO tempest.lib.common.dynamic_creds [-] Dynamic test user da80e4811d824e2e84c87d1bdd64e68e is created with scope project and roles: ['member']
2024-10-22 15:36:48.010 61925 INFO tempest.lib.common.dynamic_creds [-] Acquired dynamic creds: credentials: Credentials: {'domain_id': 'default', 'domain_name': 'Default', 'username': 'tempest-TenantUsagesNegativeTestJSON-1446400191-project-member', 'project_domain_id': 'default', 'project_domain_name': 'Default', 'project_id': '46b89a2446e54e1198e08480d0f0c97d', 'project_name': 'tempest-TenantUsagesNegativeTestJSON-1446400191', 'tenant_id': '46b89a2446e54e1198e08480d0f0c97d', 'tenant_name': 'tempest-TenantUsagesNegativeTestJSON-1446400191', 'user_domain_id': 'default', 'user_domain_name': 'Default', 'user_id': 'da80e4811d824e2e84c87d1bdd64e68e', 'system': None}, Network: None, Subnet: None, Router: None
2024-10-22 15:36:48.010 61925 INFO tempest.lib.common.dynamic_creds [-] Created isolated network resources for: credentials: Credentials: {'domain_id': 'default', 'domain_name': 'Default', 'username': 'tempest-TenantUsagesNegativeTestJSON-1446400191-project-member', 'project_domain_id': 'default', 'project_domain_name': 'Default', 'project_id': '46b89a2446e54e1198e08480d0f0c97d', 'project_name': 'tempest-TenantUsagesNegativeTestJSON-1446400191', 'tenant_id': '46b89a2446e54e1198e08480d0f0c97d', 'tenant_name': 'tempest-TenantUsagesNegativeTestJSON-1446400191', 'user_domain_id': 'default', 'user_domain_name': 'Default', 'user_id': 'da80e4811d824e2e84c87d1bdd64e68e', 'system': None}, Network: None, Subnet: None, Router: None
2024-10-22 15:36:48.110 61925 INFO tempest.lib.common.rest_client [req-e639cf83-1fd6-4835-9784-7efef57bdb61 req-e639cf83-1fd6-4835-9784-7efef57bdb61 ] Request (TenantUsagesNegativeTestJSON:setUpClass): 201 POST http://10.180.1.21/identity/v3/auth/tokens 0.096s
2024-10-22 15:36:48.152 61929 INFO tempest.lib.common.rest_client [req-b7d758d4-532d-49b8-8e8a-d3401ca91a31 req-b7d758d4-532d-49b8-8e8a-d3401ca91a31 ] Request (SecurityGroupsTestAdminJSON:_run_cleanups): 202 DELETE http://10.180.1.21/compute/v2.1/os-security-groups/0805aa40-77e2-4956-aadc-022ae3f13217 1.258s
2024-10-22 15:36:48.189 61925 INFO tempest.lib.common.rest_client [req-499ba3bd-ec66-431d-ba6a-e71ff1ec4aee req-499ba3bd-ec66-431d-ba6a-e71ff1ec4aee ] Request (TenantUsagesNegativeTestJSON:setUpClass): 201 POST http://10.180.1.21/identity/v3/projects 0.079s
2024-10-22 15:36:48.252 61969 INFO tempest.lib.common.rest_client [req-bb59813e-de45-4736-acb7-a08cab0737e6 req-bb59813e-de45-4736-acb7-a08cab0737e6 ] Request (ServersWithSpecificFlavorTestJSON:test_verify_created_server_ephemeral_disk): 200 GET http://10.180.1.21/compute/v2.1/servers/b15dbb0e-4f3d-451f-ba1e-f560b2e3ea6b 1.307s
2024-10-22 15:36:48.321 61929 INFO tempest.lib.common.rest_client [req-0a42f2e4-8bda-4124-a4cc-6c79133fde57 req-0a42f2e4-8bda-4124-a4cc-6c79133fde57 ] Request (SecurityGroupsTestAdminJSON:tearDownClass): 204 DELETE http://10.180.1.21/identity/v3/users/e25704db554e46aa87aa4096ebd2c9cd 0.168s
2024-10-22 15:36:48.329 61925 INFO tempest.lib.common.rest_client [req-27deaa87-c18c-43e4-a892-8f2eafd3d74c req-27deaa87-c18c-43e4-a892-8f2eafd3d74c ] Request (TenantUsagesNegativeTestJSON:setUpClass): 201 POST http://10.180.1.21/identity/v3/users 0.139s
2024-10-22 15:36:48.435 61925 INFO tempest.lib.common.rest_client [req-bdb74871-5872-4958-878b-bea0568ef852 req-bdb74871-5872-4958-878b-bea0568ef852 ] Request (TenantUsagesNegativeTestJSON:setUpClass): 200 GET http://10.180.1.21/identity/v3/roles 0.106s
2024-10-22 15:36:48.473 61929 INFO tempest.lib.common.rest_client [req-52d3627d-b2a0-4e8a-b304-565255aca6d9 req-52d3627d-b2a0-4e8a-b304-565255aca6d9 ] Request (SecurityGroupsTestAdminJSON:tearDownClass): 204 DELETE http://10.180.1.21/identity/v3/users/d3a6cdd23f644a088be0989874f682f3 0.151s
2024-10-22 15:36:48.473 61929 INFO tempest.lib.common.dynamic_creds [-] Deleting project and security group for project: 56c0f61e5a40471996a59353aab649de
2024-10-22 15:36:48.525 61925 INFO tempest.lib.common.rest_client [req-ca8cef1e-f637-4919-8999-41417ca54fef req-ca8cef1e-f637-4919-8999-41417ca54fef ] Request (TenantUsagesNegativeTestJSON:setUpClass): 204 PUT http://10.180.1.21/identity/v3/projects/8956465c06e5463298c513dd2a7feff3/users/07e657fc7a4a4e5c89ce78221ee0f858/roles/71c179e988fd48b7ae3febcf30d0be07 0.090s
2024-10-22 15:36:48.534 61971 INFO tempest.lib.common.rest_client [req-02e2585d-889d-4b28-915b-8c5b64bc5fd3 req-02e2585d-889d-4b28-915b-8c5b64bc5fd3 ] Request (MigrationsAdminTest:test_list_migrations_in_flavor_resize_situation): 204 DELETE http://10.180.1.21/compute/v2.1/servers/68e5fc5b-a843-4f49-a903-4ed145d63fd7 1.537s
2024-10-22 15:36:48.545 61929 INFO tempest.lib.common.rest_client [req-781df472-9a86-4736-9f4b-edb53a37d2ad req-781df472-9a86-4736-9f4b-edb53a37d2ad ] Request (SecurityGroupsTestAdminJSON:tearDownClass): 201 POST http://10.180.1.21/identity/v3/auth/tokens 0.072s
2024-10-22 15:36:48.587 61937 INFO tempest.lib.common.rest_client [req-b71a04c8-a2aa-45d1-bf55-bf69c00f41b7 req-b71a04c8-a2aa-45d1-bf55-bf69c00f41b7 ] Request (ServerRescueNegativeTestJSON:setUpClass): 202 POST http://10.180.1.21/compute/v2.1/servers 1.711s
2024-10-22 15:36:48.592 61925 INFO tempest.lib.common.rest_client [req-94126940-e922-4e9e-be98-a87c1cc5fa3c req-94126940-e922-4e9e-be98-a87c1cc5fa3c ] Request (TenantUsagesNegativeTestJSON:setUpClass): 200 GET http://10.180.1.21/identity/v3/roles 0.066s
2024-10-22 15:36:48.619 61925 INFO tempest.lib.common.rest_client [req-9167e287-65b9-478d-8ae6-722db230a745 req-9167e287-65b9-478d-8ae6-722db230a745 ] Request (TenantUsagesNegativeTestJSON:setUpClass): 204 PUT http://10.180.1.21/identity/v3/projects/8956465c06e5463298c513dd2a7feff3/users/07e657fc7a4a4e5c89ce78221ee0f858/roles/71c179e988fd48b7ae3febcf30d0be07 0.026s
2024-10-22 15:36:48.619 61925 INFO tempest.lib.common.dynamic_creds [-] Dynamic test user 07e657fc7a4a4e5c89ce78221ee0f858 is created with scope project and roles: ['admin']
2024-10-22 15:36:48.619 61925 INFO tempest.lib.common.dynamic_creds [-] Acquired dynamic creds: credentials: Credentials: {'domain_id': 'default', 'domain_name': 'Default', 'username': 'tempest-TenantUsagesNegativeTestJSON-1791848551-project-admin', 'project_domain_id': 'default', 'project_domain_name': 'Default', 'project_id': '8956465c06e5463298c513dd2a7feff3', 'project_name': 'tempest-TenantUsagesNegativeTestJSON-1791848551', 'tenant_id': '8956465c06e5463298c513dd2a7feff3', 'tenant_name': 'tempest-TenantUsagesNegativeTestJSON-1791848551', 'user_domain_id': 'default', 'user_domain_name': 'Default', 'user_id': '07e657fc7a4a4e5c89ce78221ee0f858', 'system': None}, Network: None, Subnet: None, Router: None
2024-10-22 15:36:48.619 61925 INFO tempest.lib.common.dynamic_creds [-] Created isolated network resources for: credentials: Credentials: {'domain_id': 'default', 'domain_name': 'Default', 'username': 'tempest-TenantUsagesNegativeTestJSON-1791848551-project-admin', 'project_domain_id': 'default', 'project_domain_name': 'Default', 'project_id': '8956465c06e5463298c513dd2a7feff3', 'project_name': 'tempest-TenantUsagesNegativeTestJSON-1791848551', 'tenant_id': '8956465c06e5463298c513dd2a7feff3', 'tenant_name': 'tempest-TenantUsagesNegativeTestJSON-1791848551', 'user_domain_id': 'default', 'user_domain_name': 'Default', 'user_id': '07e657fc7a4a4e5c89ce78221ee0f858', 'system': None}, Network: None, Subnet: None, Router: None
2024-10-22 15:36:48.634 61965 INFO tempest.lib.common.rest_client [req-4f33d388-1741-4190-935e-7e288f792482 req-4f33d388-1741-4190-935e-7e288f792482 ] Request (ServersV294TestFqdnHostnames:setUpClass): 200 GET http://10.180.1.21/compute/v2.1/servers/74c00b03-bd37-49f7-b0b9-88404302c071 1.617s
2024-10-22 15:36:48.679 61947 INFO tempest.lib.common.rest_client [req-d68f9580-d607-418d-acbd-3ca0f9ee05ea req-d68f9580-d607-418d-acbd-3ca0f9ee05ea ] Request (InstanceActionsTestJSON:setUpClass): 200 GET http://10.180.1.21/compute/v2.1/servers/49284c45-b77b-4992-8437-d9d31ba12539 1.571s
2024-10-22 15:36:48.743 61925 INFO tempest.lib.common.rest_client [req-1f484006-d945-4695-b0f3-b4272deeaefb req-1f484006-d945-4695-b0f3-b4272deeaefb ] Request (TenantUsagesNegativeTestJSON:setUpClass): 201 POST http://10.180.1.21/identity/v3/auth/tokens 0.122s
2024-10-22 15:36:48.759 61975 INFO tempest.lib.common.rest_client [req-b55986a8-c5d5-4aef-8f0f-4a02cd775006 req-b55986a8-c5d5-4aef-8f0f-4a02cd775006 ] Request (ListServerFiltersTestJSON:setUpClass): 200 GET http://10.180.1.21/compute/v2.1/servers/d186a201-4ef8-40a6-9625-5e8ae99af4d1 1.509s
2024-10-22 15:36:48.830 61929 INFO tempest.lib.common.rest_client [req-b88a87f5-1e95-4704-9234-cacb067a25bd req-b88a87f5-1e95-4704-9234-cacb067a25bd ] Request (SecurityGroupsTestAdminJSON:tearDownClass): 200 GET http://10.180.1.21:9696/networking/v2.0/security-groups?tenant_id=56c0f61e5a40471996a59353aab649de&name=default 0.285s
2024-10-22 15:36:48.844 61945 INFO tempest.lib.common.rest_client [req-bf774bb1-d8c0-486a-b79e-2fd629dda4cd req-bf774bb1-d8c0-486a-b79e-2fd629dda4cd ] Request (DeleteServersAdminTestJSON:test_delete_server_while_in_error_state): 200 GET http://10.180.1.21/compute/v2.1/servers/25168ea9-24fb-4f63-b508-b5c3a47a77e4 1.497s
2024-10-22 15:36:48.959 61929 INFO tempest.lib.common.rest_client [req-2f3fa26e-c925-4e21-adf0-4fe1f2041dee req-2f3fa26e-c925-4e21-adf0-4fe1f2041dee ] Request (SecurityGroupsTestAdminJSON:tearDownClass): 204 DELETE http://10.180.1.21:9696/networking/v2.0/security-groups/cccb050c-8daf-4dfd-a673-7d968fcafe90 0.128s
2024-10-22 15:36:48.973 61943 INFO tempest.lib.common.rest_client [req-81308666-f27d-45b7-bdc1-eb603dbfce62 req-81308666-f27d-45b7-bdc1-eb603dbfce62 ] Request (FloatingIPsAssociationNegativeTestJSON:setUpClass): 201 POST http://10.180.1.21:9696/networking/v2.0/routers 1.425s
2024-10-22 15:36:49.048 61929 INFO tempest.lib.common.rest_client [req-68d57548-7de2-43cd-a380-981b5a6a832f req-68d57548-7de2-43cd-a380-981b5a6a832f ] Request (SecurityGroupsTestAdminJSON:tearDownClass): 204 DELETE http://10.180.1.21/identity/v3/projects/56c0f61e5a40471996a59353aab649de 0.088s
2024-10-22 15:36:49.048 61929 INFO tempest.lib.common.dynamic_creds [-] Deleting project and security group for project: c83df2d79b984620bfade232a440c23a
2024-10-22 15:36:49.128 61929 INFO tempest.lib.common.rest_client [req-cb721369-fe88-43c1-9a50-f3ef9649dd59 req-cb721369-fe88-43c1-9a50-f3ef9649dd59 ] Request (SecurityGroupsTestAdminJSON:tearDownClass): 200 GET http://10.180.1.21:9696/networking/v2.0/security-groups?tenant_id=c83df2d79b984620bfade232a440c23a&name=default 0.080s
2024-10-22 15:36:49.257 61929 INFO tempest.lib.common.rest_client [req-9129f3b1-a448-4260-b821-c8fa4c664dcf req-9129f3b1-a448-4260-b821-c8fa4c664dcf ] Request (SecurityGroupsTestAdminJSON:tearDownClass): 204 DELETE http://10.180.1.21:9696/networking/v2.0/security-groups/843669ba-9604-4d31-b2bf-cbf42b0ab0bd 0.128s
2024-10-22 15:36:49.259 61921 INFO tempest.lib.common.rest_client [req-672879c8-447b-46b4-be28-25c8b0e2ec7e req-672879c8-447b-46b4-be28-25c8b0e2ec7e ] Request (SecurityGroupRulesTestJSON:test_security_group_rules_list): 200 POST http://10.180.1.21/compute/v2.1/os-security-group-rules 1.887s
2024-10-22 15:36:49.344 61927 INFO tempest.lib.common.rest_client [req-430cb721-118e-4284-a742-ba782dac7304 req-430cb721-118e-4284-a742-ba782dac7304 ] Request (ServersTestJSON:test_create_server_specify_multibyte_character_name): 202 POST http://10.180.1.21/compute/v2.1/servers 2.209s
2024-10-22 15:36:49.350 61973 INFO tempest.lib.common.rest_client [req-a3e18690-3135-41ee-a08e-450f277bd744 req-a3e18690-3135-41ee-a08e-450f277bd744 ] Request (ServersTestMultiNic:test_verify_duplicate_network_nics): 200 GET http://10.180.1.21/compute/v2.1/servers/d23a9ab2-01ed-4d41-b89f-445ecc5f410f 1.918s
2024-10-22 15:36:49.403 61929 INFO tempest.lib.common.rest_client [req-b82ed813-41e1-465d-b403-c27a4ca878d8 req-b82ed813-41e1-465d-b403-c27a4ca878d8 ] Request (SecurityGroupsTestAdminJSON:tearDownClass): 204 DELETE http://10.180.1.21/identity/v3/projects/c83df2d79b984620bfade232a440c23a 0.146s
2024-10-22 15:36:49.422 61955 INFO tempest.lib.common.rest_client [req-a973582a-3a71-4629-94af-48c462fbd19b req-a973582a-3a71-4629-94af-48c462fbd19b ] Request (VolumesAssistedSnapshotsTest:test_volume_assisted_snapshot_create_delete): 200 GET http://10.180.1.21/compute/v2.1/servers/c2dadf90-2469-4df6-bcc4-dd65d8a748bc 1.934s
2024-10-22 15:36:49.430 61942 INFO tempest.lib.common.rest_client [req-1e49a18a-848f-43cb-b03b-3b0c0581ad39 req-1e49a18a-848f-43cb-b03b-3b0c0581ad39 ] Request (ImagesTestJSON:test_create_image_from_stopped_server): 200 GET http://10.180.1.21/compute/v2.1/servers/66562ea6-5d39-4b98-a9e2-0512295ab94f 1.917s
2024-10-22 15:36:49.467 61949 INFO tempest.lib.common.rest_client [req-22132de6-0107-49ff-92f9-02ce57abd958 req-22132de6-0107-49ff-92f9-02ce57abd958 ] Request (FlavorsAdminTestJSON:test_is_public_string_variations): 200 GET http://10.180.1.21/compute/v2.1/flavors/detail?is_public=1 1.921s
2024-10-22 15:36:49.502 61929 INFO tempest.lib.common.rest_client [req-1cb6e087-2eb7-4b1e-8bd8-b210dbb3584d req-1cb6e087-2eb7-4b1e-8bd8-b210dbb3584d ] Request (FloatingIPsAssociationTestJSON:setUpClass): 201 POST http://10.180.1.21/identity/v3/auth/tokens 0.097s
2024-10-22 15:36:49.503 61923 INFO tempest.lib.common.rest_client [req-b98f4e76-4dcc-40a0-9371-e4c64e51dd3f req-b98f4e76-4dcc-40a0-9371-e4c64e51dd3f ] Request (AggregatesAdminNegativeTestJSON:_run_cleanups): 200 DELETE http://10.180.1.21/compute/v2.1/os-aggregates/8 1.936s
2024-10-22 15:36:49.555 61929 INFO tempest.lib.common.rest_client [req-fb095e2a-d1f3-4f93-8c58-bfb38873110d req-fb095e2a-d1f3-4f93-8c58-bfb38873110d ] Request (FloatingIPsAssociationTestJSON:setUpClass): 201 POST http://10.180.1.21/identity/v3/auth/tokens 0.051s
2024-10-22 15:36:49.569 61951 INFO tempest.lib.common.rest_client [req-30d1c7be-09f6-4cdf-aaf2-3e2c0ad6df22 req-30d1c7be-09f6-4cdf-aaf2-3e2c0ad6df22 ] Request (ServerDiagnosticsNegativeTest:test_get_server_diagnostics_by_non_admin): 200 GET http://10.180.1.21/compute/v2.1/servers/9a03a74b-7fad-4338-ae6f-82c493cd44e3 2.001s
2024-10-22 15:36:49.591 61957 INFO tempest.lib.common.rest_client [req-56ed73af-c4ba-4398-b4be-1b6be8b81af9 req-56ed73af-c4ba-4398-b4be-1b6be8b81af9 ] Request (VolumesNegativeTest:test_volume_delete_nonexistent_volume_id): 404 DELETE http://10.180.1.21/compute/v2.1/os-volumes/a4131d46-da79-40cb-a9de-d4f6cc18dd3d 2.018s
2024-10-22 15:36:49.608 61923 INFO tempest.lib.common.rest_client [req-8f7dddfb-703e-4a12-9561-148f5cf6ae2c req-8f7dddfb-703e-4a12-9561-148f5cf6ae2c ] Request (AggregatesAdminNegativeTestJSON:tearDownClass): 204 DELETE http://10.180.1.21/identity/v3/users/4de792694a8c451aa8a55a5b767854f7 0.103s
2024-10-22 15:36:49.620 61929 INFO tempest.lib.common.rest_client [req-77b31369-fd71-405b-b05e-359be0d9dd70 req-77b31369-fd71-405b-b05e-359be0d9dd70 ] Request (FloatingIPsAssociationTestJSON:setUpClass): 200 GET http://10.180.1.21/identity/v3/domains?name=Default 0.064s
2024-10-22 15:36:49.657 61963 INFO tempest.lib.common.rest_client [req-26e5b930-afab-4d6c-8b5c-a62f84f73049 req-26e5b930-afab-4d6c-8b5c-a62f84f73049 ] Request (ServersTestBootFromVolume:setUpClass): 200 GET http://10.180.1.21/compute/v2.1/servers/baf240b6-0a42-485f-9176-78dda5de3c7d 2.054s
2024-10-22 15:36:49.707 61933 INFO tempest.lib.common.rest_client [req-8177a471-621c-42a2-9992-c253559dd317 req-8177a471-621c-42a2-9992-c253559dd317 ] Request (ImagesMetadataTestJSON:test_set_image_metadata): 200 PUT http://10.180.1.21/compute/v2.1/images/83ed10c0-1a2c-4a7d-a9dc-285078e32035/metadata 2.188s
2024-10-22 15:36:49.713 61929 INFO tempest.lib.common.rest_client [req-81d04d5f-57bf-4d08-8bcf-967e3279e418 req-81d04d5f-57bf-4d08-8bcf-967e3279e418 ] Request (FloatingIPsAssociationTestJSON:setUpClass): 201 POST http://10.180.1.21/identity/v3/projects 0.092s
2024-10-22 15:36:49.726 61931 INFO tempest.lib.common.rest_client [req-54323cad-cc6d-4df2-ace8-841f81cf814e req-54323cad-cc6d-4df2-ace8-841f81cf814e ] Request (AttachInterfacesUnderV243Test:test_add_remove_fixed_ip): 200 GET http://10.180.1.21/compute/v2.1/servers/c35f0f15-6c13-4fbe-9ac2-ab6262590c38 2.092s
2024-10-22 15:36:49.732 61923 INFO tempest.lib.common.rest_client [req-9a3ecf0e-4c0a-41c2-beb9-02c5ff5230f2 req-9a3ecf0e-4c0a-41c2-beb9-02c5ff5230f2 ] Request (AggregatesAdminNegativeTestJSON:tearDownClass): 204 DELETE http://10.180.1.21/identity/v3/users/48d2648961044b0c908cce87246a78dd 0.124s
2024-10-22 15:36:49.732 61923 INFO tempest.lib.common.dynamic_creds [-] Deleting project and security group for project: db2343823d784626ad98b92393b9c723
2024-10-22 15:36:49.802 61967 INFO tempest.lib.common.rest_client [req-b1381f26-e691-4fdd-8f72-c266d8437d34 req-b1381f26-e691-4fdd-8f72-c266d8437d34 ] Request (ServerDiagnosticsV248Test:tearDownClass): 200 GET http://10.180.1.21/compute/v2.1/servers/767c2c81-2508-4dcd-97d7-28726c2c6d31 2.157s
2024-10-22 15:36:49.803 61923 INFO tempest.lib.common.rest_client [req-04262cd0-7139-42cf-987c-2e84d43f2498 req-04262cd0-7139-42cf-987c-2e84d43f2498 ] Request (AggregatesAdminNegativeTestJSON:tearDownClass): 201 POST http://10.180.1.21/identity/v3/auth/tokens 0.070s
2024-10-22 15:36:49.832 61917 INFO tempest.lib.common.rest_client [req-f656ecbe-da92-4865-8b27-820e800185e9 req-f656ecbe-da92-4865-8b27-820e800185e9 ] Request (ServerShowV257Test:test_rebuild_server): 200 GET http://10.180.1.21/compute/v2.1/servers/e918b827-ea37-4589-8999-e363aba4492d 2.170s
2024-10-22 15:36:49.874 61953 INFO tempest.lib.common.rest_client [req-c0abcc97-f7af-4548-adee-3e6f4795df99 req-c0abcc97-f7af-4548-adee-3e6f4795df99 ] Request (ServerDiskConfigTestJSON:test_rebuild_server_with_auto_disk_config): 200 GET http://10.180.1.21/compute/v2.1/servers/3cd90969-d884-49fc-a2c3-8501e2c51ff6 2.155s
2024-10-22 15:36:49.922 61929 INFO tempest.lib.common.rest_client [req-797016d5-fc26-4b08-a110-7eda24c77153 req-797016d5-fc26-4b08-a110-7eda24c77153 ] Request (FloatingIPsAssociationTestJSON:setUpClass): 201 POST http://10.180.1.21/identity/v3/users 0.209s
2024-10-22 15:36:49.945 61929 INFO tempest.lib.common.rest_client [req-70c2e724-86ee-485e-acaa-96bb9ea92eaf req-70c2e724-86ee-485e-acaa-96bb9ea92eaf ] Request (FloatingIPsAssociationTestJSON:setUpClass): 200 GET http://10.180.1.21/identity/v3/roles 0.023s
2024-10-22 15:36:49.987 61915 INFO tempest.lib.common.rest_client [req-f646a343-ecfd-46e1-9197-9dfe28010ade req-f646a343-ecfd-46e1-9197-9dfe28010ade ] Request (VolumesAdminNegativeTest:test_update_attached_volume_with_nonexistent_volume_in_body): 200 GET http://10.180.1.21/compute/v2.1/servers/16e92598-3eba-42c1-b9ec-3b2b91231267 1.975s
2024-10-22 15:36:49.989 61929 INFO tempest.lib.common.rest_client [req-32a44459-e82e-4243-9f26-68e9073df791 req-32a44459-e82e-4243-9f26-68e9073df791 ] Request (FloatingIPsAssociationTestJSON:setUpClass): 204 PUT http://10.180.1.21/identity/v3/projects/46521bd6b495431b9a2f4a79f62a6a2f/users/e56b8866585c4c80b9269b3b9f41fd30/roles/73ed173dfe514a868e88026ca57fcdc0 0.043s
2024-10-22 15:36:49.990 61929 INFO tempest.lib.common.dynamic_creds [-] Dynamic test user e56b8866585c4c80b9269b3b9f41fd30 is created with scope project and roles: ['member']
2024-10-22 15:36:49.990 61929 INFO tempest.lib.common.dynamic_creds [-] Acquired dynamic creds: credentials: Credentials: {'domain_id': 'default', 'domain_name': 'Default', 'username': 'tempest-FloatingIPsAssociationTestJSON-2002236079-project-member', 'project_domain_id': 'default', 'project_domain_name': 'Default', 'project_id': '46521bd6b495431b9a2f4a79f62a6a2f', 'project_name': 'tempest-FloatingIPsAssociationTestJSON-2002236079', 'tenant_id': '46521bd6b495431b9a2f4a79f62a6a2f', 'tenant_name': 'tempest-FloatingIPsAssociationTestJSON-2002236079', 'user_domain_id': 'default', 'user_domain_name': 'Default', 'user_id': 'e56b8866585c4c80b9269b3b9f41fd30', 'system': None}, Network: None, Subnet: None, Router: None
2024-10-22 15:36:50.018 61919 INFO tempest.lib.common.rest_client [req-b3cff1bc-7f1c-4714-bc33-130d8293ede2 req-b3cff1bc-7f1c-4714-bc33-130d8293ede2 ] Request (SecurityGroupsNegativeTestJSON:test_delete_the_default_security_group): 200 GET http://10.180.1.21/compute/v2.1/os-security-groups 2.059s
2024-10-22 15:36:50.061 61939 INFO tempest.lib.common.rest_client [req-0d068274-c914-4fb3-b5e3-6e39e64be46c req-0d068274-c914-4fb3-b5e3-6e39e64be46c ] Request (AttachInterfacesV270Test:test_create_get_list_interfaces): 200 GET http://10.180.1.21/compute/v2.1/servers/453d71d6-e8ab-4fdb-b5e7-f84bb2020bf8 1.984s
2024-10-22 15:36:50.067 61929 INFO tempest.lib.common.rest_client [req-36463510-6f6f-4f16-96bd-888f7b08c79e req-36463510-6f6f-4f16-96bd-888f7b08c79e ] Request (FloatingIPsAssociationTestJSON:setUpClass): 201 POST http://10.180.1.21/identity/v3/auth/tokens 0.077s
2024-10-22 15:36:50.082 61935 INFO tempest.lib.common.rest_client [req-c8e72510-4243-49a2-8ddf-18cc46e7f89b req-c8e72510-4243-49a2-8ddf-18cc46e7f89b ] Request (MultipleCreateTestJSON:test_multiple_create_with_reservation_return): 200 GET http://10.180.1.21/compute/v2.1/servers/87971b67-572c-4d5f-99b7-dab08aea10c1 1.993s
2024-10-22 15:36:50.085 61971 INFO tempest.lib.common.rest_client [req-109dc363-9a00-46aa-a3d4-8842f778a8d6 req-109dc363-9a00-46aa-a3d4-8842f778a8d6 ] Request (MigrationsAdminTest:test_list_migrations_in_flavor_resize_situation): 404 GET http://10.180.1.21/compute/v2.1/servers/68e5fc5b-a843-4f49-a903-4ed145d63fd7 1.547s
2024-10-22 15:36:50.108 61923 INFO tempest.lib.common.rest_client [req-8bf3723b-f5e3-46c5-bdf4-5b013687f41f req-8bf3723b-f5e3-46c5-bdf4-5b013687f41f ] Request (AggregatesAdminNegativeTestJSON:tearDownClass): 200 GET http://10.180.1.21:9696/networking/v2.0/security-groups?tenant_id=db2343823d784626ad98b92393b9c723&name=default 0.304s
2024-10-22 15:36:50.141 61937 INFO tempest.lib.common.rest_client [req-9e9a6300-38dc-4be2-a1de-6a4d9790c487 req-9e9a6300-38dc-4be2-a1de-6a4d9790c487 ] Request (ServerRescueNegativeTestJSON:setUpClass): 200 GET http://10.180.1.21/compute/v2.1/servers/376f4b46-b5e1-428d-ae7a-c4d9596c0a4c 1.552s
2024-10-22 15:36:50.147 61978 INFO tempest.lib.common.rest_client [req-cf5e7d4f-e968-487a-97cd-696d14ff1751 req-cf5e7d4f-e968-487a-97cd-696d14ff1751 ] Request (DeleteServersTestJSON:test_delete_active_server): 200 GET http://10.180.1.21/compute/v2.1/servers/e51d3f4e-41d5-4190-a8e9-21c743aa3b5e 1.478s
2024-10-22 15:36:50.216 61937 INFO tempest.lib.common.rest_client [req-cd565446-0bd3-4b93-9f1a-3a67dea0258b req-cd565446-0bd3-4b93-9f1a-3a67dea0258b ] Request (ServerRescueNegativeTestJSON:setUpClass): 201 POST http://10.180.1.21/identity/v3/auth/tokens 0.063s
2024-10-22 15:36:50.216 61937 INFO tempest.lib.common.fixed_network [-] (ServerRescueNegativeTestJSON:setUpClass) Found network {'id': 'f5ee5763-df5a-49e9-bbd6-ba204efc91f3', 'name': 'tempest-ServerRescueNegativeTestJSON-668213963-network', 'tenant_id': '195458d7c0d44614a0a7c4b7d8c1367f', 'admin_state_up': True, 'mtu': 8950, 'status': 'ACTIVE', 'subnets': [], 'shared': False, 'project_id': '195458d7c0d44614a0a7c4b7d8c1367f', 'port_security_enabled': True, 'router:external': False, 'provider:network_type': 'vlan', 'provider:physical_network': 'default', 'provider:segmentation_id': 683, 'is_default': False, 'availability_zone_hints': [], 'availability_zones': [], 'ipv4_address_scope': None, 'ipv6_address_scope': None, 'description': '', 'tags': [], 'created_at': '2024-10-22T15:36:40Z', 'updated_at': '2024-10-22T15:36:40Z', 'revision_number': 1} available for tenant
2024-10-22 15:36:50.224 61961 INFO tempest.lib.common.rest_client [req-dce50006-3f67-4d89-bd5a-58afbabd53b4 req-dce50006-3f67-4d89-bd5a-58afbabd53b4 ] Request (SecurityGroupsTestJSON:test_list_security_groups_by_server): 200 GET http://10.180.1.21/compute/v2.1/servers/f03f349e-d5ed-437b-8b13-6b036f2b88dc 1.376s
2024-10-22 15:36:50.232 61923 INFO tempest.lib.common.rest_client [req-bc23c5d8-8002-4ee5-970e-a5ef4a4bf0eb req-bc23c5d8-8002-4ee5-970e-a5ef4a4bf0eb ] Request (AggregatesAdminNegativeTestJSON:tearDownClass): 204 DELETE http://10.180.1.21:9696/networking/v2.0/security-groups/90fedca1-d1b7-4cba-b8ba-5b0703c706e6 0.124s
2024-10-22 15:36:50.247 61925 INFO tempest.lib.common.rest_client [req-f704e23c-3fcd-4281-a72e-cc8883f248c8 req-f704e23c-3fcd-4281-a72e-cc8883f248c8 ] Request (TenantUsagesNegativeTestJSON:test_get_usage_tenant_with_empty_tenant_id): 404 GET http://10.180.1.21/compute/v2.1/os-simple-tenant-usage/?start=2024-10-21T15%3A36%3A48.744732&end=2024-10-23T15%3A36%3A48.744732 1.500s
2024-10-22 15:36:50.306 61923 INFO tempest.lib.common.rest_client [req-d4268f22-354a-4c41-b79d-acb589e797a4 req-d4268f22-354a-4c41-b79d-acb589e797a4 ] Request (AggregatesAdminNegativeTestJSON:tearDownClass): 204 DELETE http://10.180.1.21/identity/v3/projects/db2343823d784626ad98b92393b9c723 0.073s
2024-10-22 15:36:50.306 61923 INFO tempest.lib.common.dynamic_creds [-] Deleting project and security group for project: 589ae8c7f8044f4eb9ed311b4db5bcef
2024-10-22 15:36:50.445 61929 INFO tempest.lib.common.rest_client [req-f18b648d-463a-4162-a763-e91544c216e6 req-f18b648d-463a-4162-a763-e91544c216e6 ] Request (FloatingIPsAssociationTestJSON:setUpClass): 201 POST http://10.180.1.21:9696/networking/v2.0/networks 0.378s
2024-10-22 15:36:50.473 61959 INFO tempest.lib.common.rest_client [req-cddeac08-3bdb-4175-96ef-e7c2947f5f8e req-cddeac08-3bdb-4175-96ef-e7c2947f5f8e ] Request (ImagesOneServerNegativeTestJSON:setUpClass): 200 GET http://10.180.1.21/compute/v2.1/servers/3c252464-1b1a-4c1a-86bb-2fb0107aa52f 1.507s
2024-10-22 15:36:50.479 61959 INFO tempest.common.waiters [-] State transition "BUILD/networking" ==> "BUILD/spawning" after 31 second wait
2024-10-22 15:36:50.533 61921 INFO tempest.lib.common.rest_client [req-6a2cb79d-dd46-438a-b100-2aefa1279b2f req-6a2cb79d-dd46-438a-b100-2aefa1279b2f ] Request (SecurityGroupRulesTestJSON:test_security_group_rules_list): 200 POST http://10.180.1.21/compute/v2.1/os-security-group-rules 1.272s
2024-10-22 15:36:50.549 61969 INFO tempest.lib.common.rest_client [req-623c88a7-d96d-4cbf-91a0-80497e8eaebf req-623c88a7-d96d-4cbf-91a0-80497e8eaebf ] Request (ServersWithSpecificFlavorTestJSON:test_verify_created_server_ephemeral_disk): 200 GET http://10.180.1.21/compute/v2.1/servers/b15dbb0e-4f3d-451f-ba1e-f560b2e3ea6b 1.282s
2024-10-22 15:36:50.554 61923 INFO tempest.lib.common.rest_client [req-698638d0-5f32-4cce-ac25-b6a4d5d8af4d req-698638d0-5f32-4cce-ac25-b6a4d5d8af4d ] Request (AggregatesAdminNegativeTestJSON:tearDownClass): 200 GET http://10.180.1.21:9696/networking/v2.0/security-groups?tenant_id=589ae8c7f8044f4eb9ed311b4db5bcef&name=default 0.247s
2024-10-22 15:36:50.570 61949 INFO tempest.lib.common.rest_client [req-4464edb8-fcf3-4e66-bbd4-c819f3a6519e req-4464edb8-fcf3-4e66-bbd4-c819f3a6519e ] Request (FlavorsAdminTestJSON:_run_cleanups): 202 DELETE http://10.180.1.21/compute/v2.1/flavors/1040263295 1.097s
2024-10-22 15:36:50.595 61957 INFO tempest.lib.common.rest_client [req-e778a16a-616b-42e0-b8eb-65047999c13e req-e778a16a-616b-42e0-b8eb-65047999c13e ] Request (VolumesNegativeTest:test_volume_get_nonexistent_volume_id): 404 GET http://10.180.1.21/compute/v2.1/os-volumes/bc39c851-0137-4f2c-b739-599f8c7f6edd 1.002s
2024-10-22 15:36:50.600 61927 INFO tempest.lib.common.rest_client [req-7d987554-224b-47e3-82cb-f98a7eee824a req-7d987554-224b-47e3-82cb-f98a7eee824a ] Request (ServersTestJSON:test_create_server_specify_multibyte_character_name): 200 GET http://10.180.1.21/compute/v2.1/servers/8c8a339c-e52a-4257-9191-4e03ecf87b22 1.254s
2024-10-22 15:36:50.672 61965 INFO tempest.lib.common.rest_client [req-5c691564-1b31-4f72-8ea5-55be57e23a43 req-5c691564-1b31-4f72-8ea5-55be57e23a43 ] Request (ServersV294TestFqdnHostnames:setUpClass): 200 GET http://10.180.1.21/compute/v2.1/servers/74c00b03-bd37-49f7-b0b9-88404302c071 1.022s
2024-10-22 15:36:50.675 61947 INFO tempest.lib.common.rest_client [req-e0c5aa12-c153-4f3e-af8a-fe4ceca2f7b0 req-e0c5aa12-c153-4f3e-af8a-fe4ceca2f7b0 ] Request (InstanceActionsTestJSON:setUpClass): 200 GET http://10.180.1.21/compute/v2.1/servers/49284c45-b77b-4992-8437-d9d31ba12539 0.981s
2024-10-22 15:36:50.718 61923 INFO tempest.lib.common.rest_client [req-91d4a218-7575-4b17-a49f-e015de983c89 req-91d4a218-7575-4b17-a49f-e015de983c89 ] Request (AggregatesAdminNegativeTestJSON:tearDownClass): 204 DELETE http://10.180.1.21:9696/networking/v2.0/security-groups/f24c2ea7-1a7b-4753-bf2f-682d415ca0c6 0.162s
2024-10-22 15:36:50.736 61933 INFO tempest.lib.common.rest_client [req-6b8c9354-4020-4e84-89a0-011110fb1c00 req-6b8c9354-4020-4e84-89a0-011110fb1c00 ] Request (ImagesMetadataTestJSON:test_set_image_metadata): 200 GET http://10.180.1.21/compute/v2.1/images/83ed10c0-1a2c-4a7d-a9dc-285078e32035/metadata 1.028s
2024-10-22 15:36:50.744 61957 INFO tempest.lib.common.rest_client [req-77b16e4a-3db6-46ea-be5d-e904411497bc req-77b16e4a-3db6-46ea-be5d-e904411497bc ] Request (VolumesNegativeTest:tearDownClass): 204 DELETE http://10.180.1.21/identity/v3/users/66f6d08bb66d409aa83d30be985c8211 0.145s
2024-10-22 15:36:50.744 61957 INFO tempest.lib.common.dynamic_creds [-] Deleting project and security group for project: cdbd7e9251f044cbb8ea8231bfef7a93
2024-10-22 15:36:50.745 61975 INFO tempest.lib.common.rest_client [req-389576b6-cf22-4c00-9d1a-adb4a2c90b86 req-389576b6-cf22-4c00-9d1a-adb4a2c90b86 ] Request (ListServerFiltersTestJSON:setUpClass): 200 GET http://10.180.1.21/compute/v2.1/servers/d186a201-4ef8-40a6-9625-5e8ae99af4d1 0.973s
2024-10-22 15:36:50.795 61929 INFO tempest.lib.common.rest_client [req-8af0d8e6-9c63-47d5-8301-187c44b218be req-8af0d8e6-9c63-47d5-8301-187c44b218be ] Request (FloatingIPsAssociationTestJSON:setUpClass): 201 POST http://10.180.1.21:9696/networking/v2.0/subnets 0.349s
2024-10-22 15:36:50.824 61945 INFO tempest.lib.common.rest_client [req-38170131-6d02-49f4-a0e7-dabdba482295 req-38170131-6d02-49f4-a0e7-dabdba482295 ] Request (DeleteServersAdminTestJSON:test_delete_server_while_in_error_state): 200 GET http://10.180.1.21/compute/v2.1/servers/25168ea9-24fb-4f63-b508-b5c3a47a77e4 0.972s
2024-10-22 15:36:50.840 61971 INFO tempest.lib.common.rest_client [req-d1e34700-3047-497d-882b-cea711cb00d2 req-d1e34700-3047-497d-882b-cea711cb00d2 ] Request (MigrationsAdminTest:test_resize_server_revert_deleted_flavor): 200 GET http://10.180.1.21/compute/v2.1/flavors/42 0.753s
2024-10-22 15:36:50.851 61957 INFO tempest.lib.common.rest_client [req-6cb81023-0cd8-458d-905f-eb861d5f5ee0 req-6cb81023-0cd8-458d-905f-eb861d5f5ee0 ] Request (VolumesNegativeTest:tearDownClass): 201 POST http://10.180.1.21/identity/v3/auth/tokens 0.106s
2024-10-22 15:36:50.956 61923 INFO tempest.lib.common.rest_client [req-c4a97073-7e1d-4486-bcc5-4e185ea82248 req-c4a97073-7e1d-4486-bcc5-4e185ea82248 ] Request (AggregatesAdminNegativeTestJSON:tearDownClass): 204 DELETE http://10.180.1.21/identity/v3/projects/589ae8c7f8044f4eb9ed311b4db5bcef 0.235s
2024-10-22 15:36:51.059 61919 INFO tempest.lib.common.rest_client [req-bc59a957-20ce-492e-8d9f-5efd7273600d req-bc59a957-20ce-492e-8d9f-5efd7273600d ] Request (SecurityGroupsNegativeTestJSON:test_delete_the_default_security_group): 400 DELETE http://10.180.1.21/compute/v2.1/os-security-groups/52376207-34fa-4c82-b742-543aaf784586 1.038s
2024-10-22 15:36:51.068 61925 INFO tempest.lib.common.rest_client [req-1e2936e3-5aad-4890-844e-53a7db1ab6fe req-1e2936e3-5aad-4890-844e-53a7db1ab6fe ] Request (TenantUsagesNegativeTestJSON:test_get_usage_tenant_with_invalid_date): 400 GET http://10.180.1.21/compute/v2.1/os-simple-tenant-usage/46b89a2446e54e1198e08480d0f0c97d?start=2024-10-23T15%3A36%3A48.744732&end=2024-10-21T15%3A36%3A48.744732 0.819s
2024-10-22 15:36:51.079 61923 INFO tempest.lib.common.rest_client [req-40411213-4ee3-4d4a-a840-3c1d3dcb9ebb req-40411213-4ee3-4d4a-a840-3c1d3dcb9ebb ] Request (ServersAdminTestJSON:setUpClass): 201 POST http://10.180.1.21/identity/v3/auth/tokens 0.121s
2024-10-22 15:36:51.098 61943 INFO tempest.lib.common.rest_client [req-ffc4588a-6d69-4963-a09a-e46b1840b09a req-ffc4588a-6d69-4963-a09a-e46b1840b09a ] Request (FloatingIPsAssociationNegativeTestJSON:setUpClass): 200 PUT http://10.180.1.21:9696/networking/v2.0/routers/f79a5d17-e9b3-4f2e-93c7-de12b7e13db5/add_router_interface 2.125s
