2024-10-22 15:36:51.099 61943 INFO tempest.lib.common.dynamic_creds [-] Created isolated network resources for: credentials: Credentials: {'domain_id': 'default', 'domain_name': 'Default', 'username': 'tempest-FloatingIPsAssociationNegativeTestJSON-72981925-project-member', 'project_domain_id': 'default', 'project_domain_name': 'Default', 'project_id': '2ef957a5c37b4fc2ac5a0cfa84c9111d', 'project_name': 'tempest-FloatingIPsAssociationNegativeTestJSON-72981925', 'tenant_id': '2ef957a5c37b4fc2ac5a0cfa84c9111d', 'tenant_name': 'tempest-FloatingIPsAssociationNegativeTestJSON-72981925', 'user_domain_id': 'default', 'user_domain_name': 'Default', 'user_id': 'a80af8b85dda488695129c59bccc9226', 'system': None}, Network: {'id': 'd50093db-b668-4fcb-949f-843fc2459fe5', 'name': 'tempest-FloatingIPsAssociationNegativeTestJSON-163563200-network', 'tenant_id': '2ef957a5c37b4fc2ac5a0cfa84c9111d', 'admin_state_up': True, 'mtu': 8950, 'status': 'ACTIVE', 'subnets': [], 'shared': False, 'project_id': '2ef957a5c37b4fc2ac5a0cfa84c9111d', 'port_security_enabled': True, 'router:external': False, 'provider:network_type': 'vlan', 'provider:physical_network': 'default', 'provider:segmentation_id': 654, 'is_default': False, 'availability_zone_hints': [], 'availability_zones': [], 'ipv4_address_scope': None, 'ipv6_address_scope': None, 'description': '', 'tags': [], 'created_at': '2024-10-22T15:36:47Z', 'updated_at': '2024-10-22T15:36:47Z', 'revision_number': 1}, Subnet: {'id': '7ac6c358-f142-42f6-a4cf-cb9830bd9214', 'name': 'tempest-FloatingIPsAssociationNegativeTestJSON-163563200-subnet', 'tenant_id': '2ef957a5c37b4fc2ac5a0cfa84c9111d', 'network_id': 'd50093db-b668-4fcb-949f-843fc2459fe5', 'ip_version': 4, 'subnetpool_id': None, 'enable_dhcp': True, 'ipv6_ra_mode': None, 'ipv6_address_mode': None, 'gateway_ip': '192.168.128.1', 'cidr': '192.168.128.0/28', 'allocation_pools': [{'start': '192.168.128.2', 'end': '192.168.128.14'}], 'host_routes': [], 'dns_nameservers': [], 'description': '', 'router:external': False, 'service_types': [], 'tags': [], 'created_at': '2024-10-22T15:36:47Z', 'updated_at': '2024-10-22T15:36:47Z', 'revision_number': 0, 'project_id': '2ef957a5c37b4fc2ac5a0cfa84c9111d'}, Router: {'id': 'f79a5d17-e9b3-4f2e-93c7-de12b7e13db5', 'name': 'tempest-FloatingIPsAssociationNegativeTestJSON-163563200-router', 'tenant_id': '2ef957a5c37b4fc2ac5a0cfa84c9111d', 'admin_state_up': True, 'status': 'ACTIVE', 'external_gateway_info': {'network_id': 'd9b6bfac-bff8-44c0-a9c1-9fc6f3e56f0c', 'external_fixed_ips': [{'subnet_id': 'e31c7a6b-929f-4893-bb11-7b60a23f18d8', 'ip_address': '10.180.180.134'}], 'enable_snat': True}, 'description': '', 'availability_zones': [], 'distributed': False, 'ha': False, 'availability_zone_hints': [], 'routes': [], 'flavor_id': None, 'tags': [], 'created_at': '2024-10-22T15:36:47Z', 'updated_at': '2024-10-22T15:36:48Z', 'revision_number': 2, 'project_id': '2ef957a5c37b4fc2ac5a0cfa84c9111d'}
2024-10-22 15:36:51.131 61923 INFO tempest.lib.common.rest_client [req-f7fec1b9-4108-45c3-9aa2-a8c821523a99 req-f7fec1b9-4108-45c3-9aa2-a8c821523a99 ] Request (ServersAdminTestJSON:setUpClass): 201 POST http://10.180.1.21/identity/v3/auth/tokens 0.047s
2024-10-22 15:36:51.157 61923 INFO tempest.lib.common.rest_client [req-f3bcec66-655a-4330-b086-137abe302bb1 req-f3bcec66-655a-4330-b086-137abe302bb1 ] Request (ServersAdminTestJSON:setUpClass): 200 GET http://10.180.1.21/identity/v3/domains?name=Default 0.025s
2024-10-22 15:36:51.165 61973 INFO tempest.lib.common.rest_client [req-ec7c620f-efbf-49ee-be63-5e3ca4a4a6ca req-ec7c620f-efbf-49ee-be63-5e3ca4a4a6ca ] Request (ServersTestMultiNic:test_verify_duplicate_network_nics): 200 GET http://10.180.1.21/compute/v2.1/servers/d23a9ab2-01ed-4d41-b89f-445ecc5f410f 0.802s
2024-10-22 15:36:51.198 61923 INFO tempest.lib.common.rest_client [req-d084fb7e-b62f-4079-ad8e-ee691820cedb req-d084fb7e-b62f-4079-ad8e-ee691820cedb ] Request (ServersAdminTestJSON:setUpClass): 201 POST http://10.180.1.21/identity/v3/projects 0.041s
2024-10-22 15:36:51.225 61943 INFO tempest.lib.common.rest_client [req-37afa12a-d121-4bbe-b2e5-de4a014baf24 req-37afa12a-d121-4bbe-b2e5-de4a014baf24 ] Request (FloatingIPsAssociationNegativeTestJSON:setUpClass): 201 POST http://10.180.1.21/identity/v3/auth/tokens 0.119s
2024-10-22 15:36:51.248 61955 INFO tempest.lib.common.rest_client [req-2ab53570-8ef6-4ec2-b514-c9e334a2b0bf req-2ab53570-8ef6-4ec2-b514-c9e334a2b0bf ] Request (VolumesAssistedSnapshotsTest:test_volume_assisted_snapshot_create_delete): 200 GET http://10.180.1.21/compute/v2.1/servers/c2dadf90-2469-4df6-bcc4-dd65d8a748bc 0.817s
2024-10-22 15:36:51.261 61923 INFO tempest.lib.common.rest_client [req-9a3a7919-5cf8-4d50-af99-36b9e675fa48 req-9a3a7919-5cf8-4d50-af99-36b9e675fa48 ] Request (ServersAdminTestJSON:setUpClass): 201 POST http://10.180.1.21/identity/v3/users 0.062s
2024-10-22 15:36:51.278 61923 INFO tempest.lib.common.rest_client [req-4595a1c4-5cf7-4bf3-bfb9-443b66422ba7 req-4595a1c4-5cf7-4bf3-bfb9-443b66422ba7 ] Request (ServersAdminTestJSON:setUpClass): 200 GET http://10.180.1.21/identity/v3/roles 0.017s
2024-10-22 15:36:51.301 61943 INFO tempest.lib.common.rest_client [req-ec9fba42-8d9c-4ca3-b47a-fdd8d07760a6 req-ec9fba42-8d9c-4ca3-b47a-fdd8d07760a6 ] Request (FloatingIPsAssociationNegativeTestJSON:setUpClass): 201 POST http://10.180.1.21/identity/v3/auth/tokens 0.071s
2024-10-22 15:36:51.301 61943 INFO tempest.lib.common.fixed_network [-] (FloatingIPsAssociationNegativeTestJSON:setUpClass) Found network {'id': 'd50093db-b668-4fcb-949f-843fc2459fe5', 'name': 'tempest-FloatingIPsAssociationNegativeTestJSON-163563200-network', 'tenant_id': '2ef957a5c37b4fc2ac5a0cfa84c9111d', 'admin_state_up': True, 'mtu': 8950, 'status': 'ACTIVE', 'subnets': [], 'shared': False, 'project_id': '2ef957a5c37b4fc2ac5a0cfa84c9111d', 'port_security_enabled': True, 'router:external': False, 'provider:network_type': 'vlan', 'provider:physical_network': 'default', 'provider:segmentation_id': 654, 'is_default': False, 'availability_zone_hints': [], 'availability_zones': [], 'ipv4_address_scope': None, 'ipv6_address_scope': None, 'description': '', 'tags': [], 'created_at': '2024-10-22T15:36:47Z', 'updated_at': '2024-10-22T15:36:47Z', 'revision_number': 1} available for tenant
2024-10-22 15:36:51.302 61923 INFO tempest.lib.common.rest_client [req-15c7892e-3ff8-438d-bbac-d3b822e5b0ca req-15c7892e-3ff8-438d-bbac-d3b822e5b0ca ] Request (ServersAdminTestJSON:setUpClass): 204 PUT http://10.180.1.21/identity/v3/projects/fa6eca973cdb458eaa7eec06767c17ed/users/891a7ca87eed4f9eb8109e27d0270b93/roles/73ed173dfe514a868e88026ca57fcdc0 0.023s
2024-10-22 15:36:51.303 61923 INFO tempest.lib.common.dynamic_creds [-] Dynamic test user 891a7ca87eed4f9eb8109e27d0270b93 is created with scope project and roles: ['member']
2024-10-22 15:36:51.303 61923 INFO tempest.lib.common.dynamic_creds [-] Acquired dynamic creds: credentials: Credentials: {'domain_id': 'default', 'domain_name': 'Default', 'username': 'tempest-ServersAdminTestJSON-327669079-project-member', 'project_domain_id': 'default', 'project_domain_name': 'Default', 'project_id': 'fa6eca973cdb458eaa7eec06767c17ed', 'project_name': 'tempest-ServersAdminTestJSON-327669079', 'tenant_id': 'fa6eca973cdb458eaa7eec06767c17ed', 'tenant_name': 'tempest-ServersAdminTestJSON-327669079', 'user_domain_id': 'default', 'user_domain_name': 'Default', 'user_id': '891a7ca87eed4f9eb8109e27d0270b93', 'system': None}, Network: None, Subnet: None, Router: None
2024-10-22 15:36:51.315 61942 INFO tempest.lib.common.rest_client [req-fb9d5a31-a8ab-4db1-8e81-b49560c756f1 req-fb9d5a31-a8ab-4db1-8e81-b49560c756f1 ] Request (ImagesTestJSON:test_create_image_from_stopped_server): 200 GET http://10.180.1.21/compute/v2.1/servers/66562ea6-5d39-4b98-a9e2-0512295ab94f 0.871s
2024-10-22 15:36:51.369 61921 INFO tempest.lib.common.rest_client [req-2d45d7be-cae7-419a-ab40-4859c34a5ef4 req-2d45d7be-cae7-419a-ab40-4859c34a5ef4 ] Request (SecurityGroupRulesTestJSON:test_security_group_rules_list): 200 GET http://10.180.1.21/compute/v2.1/os-security-groups/df6e20b6-0bc2-46d4-8653-d97208148fa9 0.834s
2024-10-22 15:36:51.380 61923 INFO tempest.lib.common.rest_client [req-b9b37482-eb06-4252-9241-64db217201b1 req-b9b37482-eb06-4252-9241-64db217201b1 ] Request (ServersAdminTestJSON:setUpClass): 201 POST http://10.180.1.21/identity/v3/auth/tokens 0.077s
2024-10-22 15:36:51.403 61949 INFO tempest.lib.common.rest_client [req-0ca2959b-8e66-4534-ab08-7adc583e7c9f req-0ca2959b-8e66-4534-ab08-7adc583e7c9f ] Request (FlavorsAdminTestJSON:_run_cleanups): 200 GET http://10.180.1.21/compute/v2.1/flavors/detail 0.832s
2024-10-22 15:36:51.438 61937 INFO tempest.lib.common.rest_client [req-a927a66d-368e-4234-9ca6-aefc95c88d8e req-a927a66d-368e-4234-9ca6-aefc95c88d8e ] Request (ServerRescueNegativeTestJSON:setUpClass): 202 POST http://10.180.1.21/compute/v2.1/servers 1.221s
2024-10-22 15:36:51.445 61957 INFO tempest.lib.common.rest_client [req-b49b895f-687f-458f-888c-52db2da0a654 req-b49b895f-687f-458f-888c-52db2da0a654 ] Request (VolumesNegativeTest:tearDownClass): 200 GET http://10.180.1.21:9696/networking/v2.0/security-groups?tenant_id=cdbd7e9251f044cbb8ea8231bfef7a93&name=default 0.593s
2024-10-22 15:36:51.458 61951 INFO tempest.lib.common.rest_client [req-5b1739f6-3946-4721-97f5-820b21223424 req-5b1739f6-3946-4721-97f5-820b21223424 ] Request (ServerDiagnosticsNegativeTest:test_get_server_diagnostics_by_non_admin): 200 GET http://10.180.1.21/compute/v2.1/servers/9a03a74b-7fad-4338-ae6f-82c493cd44e3 0.882s
2024-10-22 15:36:51.494 61963 INFO tempest.lib.common.rest_client [req-627fd8a7-b143-4ff5-9c7b-6ba33e88b9ff req-627fd8a7-b143-4ff5-9c7b-6ba33e88b9ff ] Request (ServersTestBootFromVolume:setUpClass): 200 GET http://10.180.1.21/compute/v2.1/servers/baf240b6-0a42-485f-9176-78dda5de3c7d 0.828s
2024-10-22 15:36:51.552 61931 INFO tempest.lib.common.rest_client [req-c99a3db1-0d84-4ca6-8afd-62b65df05285 req-c99a3db1-0d84-4ca6-8afd-62b65df05285 ] Request (AttachInterfacesUnderV243Test:test_add_remove_fixed_ip): 200 GET http://10.180.1.21/compute/v2.1/servers/c35f0f15-6c13-4fbe-9ac2-ab6262590c38 0.809s
2024-10-22 15:36:51.621 61967 INFO tempest.lib.common.rest_client [req-f6c83bd1-e451-438c-be10-9342157ae1d4 req-f6c83bd1-e451-438c-be10-9342157ae1d4 ] Request (ServerDiagnosticsV248Test:tearDownClass): 200 GET http://10.180.1.21/compute/v2.1/servers/767c2c81-2508-4dcd-97d7-28726c2c6d31 0.807s
2024-10-22 15:36:51.634 61971 INFO tempest.lib.common.rest_client [req-9ac4f208-9093-4790-827b-17f0583218bc req-9ac4f208-9093-4790-827b-17f0583218bc ] Request (MigrationsAdminTest:test_resize_server_revert_deleted_flavor): 200 POST http://10.180.1.21/compute/v2.1/flavors 0.791s
2024-10-22 15:36:51.686 61957 INFO tempest.lib.common.rest_client [req-d8cfc4fe-e0e6-4f25-99da-aed41a1621a4 req-d8cfc4fe-e0e6-4f25-99da-aed41a1621a4 ] Request (VolumesNegativeTest:tearDownClass): 204 DELETE http://10.180.1.21:9696/networking/v2.0/security-groups/926d85a3-c69b-4103-897b-0fb2b823c64f 0.241s
2024-10-22 15:36:51.704 61933 INFO tempest.lib.common.rest_client [req-427e31be-e450-4c75-bf36-f879016d36c5 req-427e31be-e450-4c75-bf36-f879016d36c5 ] Request (ImagesMetadataTestJSON:setUp): 200 PUT http://10.180.1.21/compute/v2.1/images/83ed10c0-1a2c-4a7d-a9dc-285078e32035/metadata 0.966s
2024-10-22 15:36:51.706 61917 INFO tempest.lib.common.rest_client [req-b8345f03-6ad2-40cc-a316-21c593c9adb0 req-b8345f03-6ad2-40cc-a316-21c593c9adb0 ] Request (ServerShowV257Test:test_rebuild_server): 200 GET http://10.180.1.21/compute/v2.1/servers/e918b827-ea37-4589-8999-e363aba4492d 0.857s
2024-10-22 15:36:51.765 61915 INFO tempest.lib.common.rest_client [req-344590fb-fce0-4f6f-98de-09baf3b41366 req-344590fb-fce0-4f6f-98de-09baf3b41366 ] Request (VolumesAdminNegativeTest:test_update_attached_volume_with_nonexistent_volume_in_body): 200 GET http://10.180.1.21/compute/v2.1/servers/16e92598-3eba-42c1-b9ec-3b2b91231267 0.763s
2024-10-22 15:36:51.781 61957 INFO tempest.lib.common.rest_client [req-9f7a621e-f3b0-4ee1-85f3-2d0783c0332f req-9f7a621e-f3b0-4ee1-85f3-2d0783c0332f ] Request (VolumesNegativeTest:tearDownClass): 204 DELETE http://10.180.1.21/identity/v3/projects/cdbd7e9251f044cbb8ea8231bfef7a93 0.094s
2024-10-22 15:36:51.783 61919 INFO tempest.lib.common.rest_client [req-9e5cc7ba-4dc1-4ce2-bedf-4d0a786551bb req-9e5cc7ba-4dc1-4ce2-bedf-4d0a786551bb ] Request (SecurityGroupsNegativeTestJSON:test_security_group_get_nonexistent_group): 404 GET http://10.180.1.21/compute/v2.1/os-security-groups/3126f0b9-186b-4d9d-acd3-7c706fa59531 0.720s
2024-10-22 15:36:51.786 61953 INFO tempest.lib.common.rest_client [req-051ff328-db87-42e3-a6d8-4b5b0769e6c0 req-051ff328-db87-42e3-a6d8-4b5b0769e6c0 ] Request (ServerDiskConfigTestJSON:test_rebuild_server_with_auto_disk_config): 200 GET http://10.180.1.21/compute/v2.1/servers/3cd90969-d884-49fc-a2c3-8501e2c51ff6 0.903s
2024-10-22 15:36:51.837 61923 INFO tempest.lib.common.rest_client [req-a93564c3-81f0-4519-aa65-b7347d450e42 req-a93564c3-81f0-4519-aa65-b7347d450e42 ] Request (ServersAdminTestJSON:setUpClass): 201 POST http://10.180.1.21:9696/networking/v2.0/networks 0.457s
2024-10-22 15:36:51.865 61939 INFO tempest.lib.common.rest_client [req-53dbd349-721f-410a-ac18-1ea6180b2ba6 req-53dbd349-721f-410a-ac18-1ea6180b2ba6 ] Request (AttachInterfacesV270Test:test_create_get_list_interfaces): 200 GET http://10.180.1.21/compute/v2.1/servers/453d71d6-e8ab-4fdb-b5e7-f84bb2020bf8 0.792s
2024-10-22 15:36:51.937 61935 INFO tempest.lib.common.rest_client [req-e3843c31-4518-4f4b-a711-fe294b69167a req-e3843c31-4518-4f4b-a711-fe294b69167a ] Request (MultipleCreateTestJSON:test_multiple_create_with_reservation_return): 200 GET http://10.180.1.21/compute/v2.1/servers/87971b67-572c-4d5f-99b7-dab08aea10c1 0.843s
2024-10-22 15:36:51.961 61925 INFO tempest.lib.common.rest_client [req-d6f72d2c-db7e-46f6-8db0-0778f15cef11 req-d6f72d2c-db7e-46f6-8db0-0778f15cef11 ] Request (TenantUsagesNegativeTestJSON:test_list_usage_all_tenants_with_non_admin_user): 403 GET http://10.180.1.21/compute/v2.1/os-simple-tenant-usage?start=2024-10-21T15%3A36%3A48.744732&end=2024-10-23T15%3A36%3A48.744732&detailed=1 0.886s
2024-10-22 15:36:52.004 61978 INFO tempest.lib.common.rest_client [req-4d4d1a9d-b8f3-4a93-a563-0b41da4c9abe req-4d4d1a9d-b8f3-4a93-a563-0b41da4c9abe ] Request (DeleteServersTestJSON:test_delete_active_server): 200 GET http://10.180.1.21/compute/v2.1/servers/e51d3f4e-41d5-4190-a8e9-21c743aa3b5e 0.847s
2024-10-22 15:36:52.038 61929 INFO tempest.lib.common.rest_client [req-3f9ca963-6718-47ee-97a3-1a954f4a323b req-3f9ca963-6718-47ee-97a3-1a954f4a323b ] Request (FloatingIPsAssociationTestJSON:setUpClass): 201 POST http://10.180.1.21:9696/networking/v2.0/routers 1.242s
2024-10-22 15:36:52.047 61961 INFO tempest.lib.common.rest_client [req-b641590e-d956-4821-948b-81262c84c8fe req-b641590e-d956-4821-948b-81262c84c8fe ] Request (SecurityGroupsTestJSON:test_list_security_groups_by_server): 200 GET http://10.180.1.21/compute/v2.1/servers/f03f349e-d5ed-437b-8b13-6b036f2b88dc 0.815s
2024-10-22 15:36:52.064 61923 INFO tempest.lib.common.rest_client [req-e69cb342-2d10-4d4b-a7ad-e8af8b8a3898 req-e69cb342-2d10-4d4b-a7ad-e8af8b8a3898 ] Request (ServersAdminTestJSON:setUpClass): 201 POST http://10.180.1.21:9696/networking/v2.0/subnets 0.226s
2024-10-22 15:36:52.112 61925 INFO tempest.lib.common.rest_client [req-f45f03c7-e155-4ec9-836d-645275b95bfd req-f45f03c7-e155-4ec9-836d-645275b95bfd ] Request (TenantUsagesNegativeTestJSON:tearDownClass): 204 DELETE http://10.180.1.21/identity/v3/users/da80e4811d824e2e84c87d1bdd64e68e 0.150s
2024-10-22 15:36:52.228 61925 INFO tempest.lib.common.rest_client [req-38c8799f-bd1f-4c70-8c98-e0aee2b8a068 req-38c8799f-bd1f-4c70-8c98-e0aee2b8a068 ] Request (TenantUsagesNegativeTestJSON:tearDownClass): 204 DELETE http://10.180.1.21/identity/v3/users/07e657fc7a4a4e5c89ce78221ee0f858 0.116s
2024-10-22 15:36:52.228 61925 INFO tempest.lib.common.dynamic_creds [-] Deleting project and security group for project: 46b89a2446e54e1198e08480d0f0c97d
2024-10-22 15:36:52.231 61921 INFO tempest.lib.common.rest_client [req-d4d20053-274e-41f0-992a-0d9f550229e7 req-d4d20053-274e-41f0-992a-0d9f550229e7 ] Request (SecurityGroupRulesTestJSON:_run_cleanups): 202 DELETE http://10.180.1.21/compute/v2.1/os-security-group-rules/b91fe8d0-280b-4beb-9620-3f7594acd57e 0.858s
2024-10-22 15:36:52.249 61949 INFO tempest.lib.common.rest_client [req-e5ec826a-f32c-4781-932f-268918230444 req-e5ec826a-f32c-4781-932f-268918230444 ] Request (FlavorsAdminTestJSON:_run_cleanups): 202 DELETE http://10.180.1.21/compute/v2.1/flavors/1045616390 0.841s
2024-10-22 15:36:52.303 61937 INFO tempest.lib.common.rest_client [req-3e4d7ce5-36d9-4146-9e3c-56fcfc5def8e req-3e4d7ce5-36d9-4146-9e3c-56fcfc5def8e ] Request (ServerRescueNegativeTestJSON:setUpClass): 200 GET http://10.180.1.21/compute/v2.1/servers/e5bf9ce1-f12d-4f82-b1b2-e6dfeaffea22 0.863s
2024-10-22 15:36:52.305 61925 INFO tempest.lib.common.rest_client [req-abf68586-0bca-41bc-8169-b017532e2ff0 req-abf68586-0bca-41bc-8169-b017532e2ff0 ] Request (TenantUsagesNegativeTestJSON:tearDownClass): 201 POST http://10.180.1.21/identity/v3/auth/tokens 0.076s
2024-10-22 15:36:52.361 61959 INFO tempest.lib.common.rest_client [req-076713ae-216f-467e-83fd-d01d6247a5a5 req-076713ae-216f-467e-83fd-d01d6247a5a5 ] Request (ImagesOneServerNegativeTestJSON:setUpClass): 200 GET http://10.180.1.21/compute/v2.1/servers/3c252464-1b1a-4c1a-86bb-2fb0107aa52f 0.881s
2024-10-22 15:36:52.450 61969 INFO tempest.lib.common.rest_client [req-755cd2f4-a1e2-4b6f-8786-18e0dbf41a74 req-755cd2f4-a1e2-4b6f-8786-18e0dbf41a74 ] Request (ServersWithSpecificFlavorTestJSON:test_verify_created_server_ephemeral_disk): 200 GET http://10.180.1.21/compute/v2.1/servers/b15dbb0e-4f3d-451f-ba1e-f560b2e3ea6b 0.890s
2024-10-22 15:36:52.520 61927 INFO tempest.lib.common.rest_client [req-3d8833c8-4bf8-42c4-9fc0-a007d0bf693f req-3d8833c8-4bf8-42c4-9fc0-a007d0bf693f ] Request (ServersTestJSON:test_create_server_specify_multibyte_character_name): 200 GET http://10.180.1.21/compute/v2.1/servers/8c8a339c-e52a-4257-9191-4e03ecf87b22 0.913s
2024-10-22 15:36:52.534 61925 INFO tempest.lib.common.rest_client [req-992ddd5e-9287-4d1c-8a43-d2a115e4b253 req-992ddd5e-9287-4d1c-8a43-d2a115e4b253 ] Request (TenantUsagesNegativeTestJSON:tearDownClass): 200 GET http://10.180.1.21:9696/networking/v2.0/security-groups?tenant_id=46b89a2446e54e1198e08480d0f0c97d&name=default 0.228s
2024-10-22 15:36:52.543 61971 INFO tempest.lib.common.rest_client [req-7a6a321d-7b1f-4dea-aeb6-3a5a82686376 req-7a6a321d-7b1f-4dea-aeb6-3a5a82686376 ] Request (MigrationsAdminTest:test_resize_server_revert_deleted_flavor): 200 GET http://10.180.1.21/compute/v2.1/flavors/42/os-extra_specs 0.908s
2024-10-22 15:36:52.598 61947 INFO tempest.lib.common.rest_client [req-3c66d2e1-4fb2-46c2-852e-a515e94c8351 req-3c66d2e1-4fb2-46c2-852e-a515e94c8351 ] Request (InstanceActionsTestJSON:setUpClass): 200 GET http://10.180.1.21/compute/v2.1/servers/49284c45-b77b-4992-8437-d9d31ba12539 0.914s
2024-10-22 15:36:52.664 61943 INFO tempest.lib.common.rest_client [req-dbbb7af7-1019-4b24-aa50-1fe17683974c req-dbbb7af7-1019-4b24-aa50-1fe17683974c ] Request (FloatingIPsAssociationNegativeTestJSON:setUpClass): 202 POST http://10.180.1.21/compute/v2.1/servers 1.362s
2024-10-22 15:36:52.673 61965 INFO tempest.lib.common.rest_client [req-ad0a7082-aff8-4f5a-b033-e975c031a1e9 req-ad0a7082-aff8-4f5a-b033-e975c031a1e9 ] Request (ServersV294TestFqdnHostnames:setUpClass): 200 GET http://10.180.1.21/compute/v2.1/servers/74c00b03-bd37-49f7-b0b9-88404302c071 0.984s
2024-10-22 15:36:52.733 61925 INFO tempest.lib.common.rest_client [req-cb6891a6-5916-4229-a961-30bc5c20b126 req-cb6891a6-5916-4229-a961-30bc5c20b126 ] Request (TenantUsagesNegativeTestJSON:tearDownClass): 204 DELETE http://10.180.1.21:9696/networking/v2.0/security-groups/bf990f69-b781-47e3-9c77-ac27c8c4fecf 0.199s
2024-10-22 15:36:52.754 61975 INFO tempest.lib.common.rest_client [req-a7beb065-4c2b-4cb4-bec1-b1b9e6fca387 req-a7beb065-4c2b-4cb4-bec1-b1b9e6fca387 ] Request (ListServerFiltersTestJSON:setUpClass): 200 GET http://10.180.1.21/compute/v2.1/servers/d186a201-4ef8-40a6-9625-5e8ae99af4d1 0.996s
2024-10-22 15:36:52.785 61919 INFO tempest.lib.common.rest_client [req-63b92f55-f656-454a-9236-5a7030827efc req-63b92f55-f656-454a-9236-5a7030827efc ] Request (SecurityGroupsNegativeTestJSON:test_update_non_existent_security_group): 404 PUT http://10.180.1.21/compute/v2.1/os-security-groups/7872323d-0482-4c4a-82c3-90b433ff475c 1.000s
2024-10-22 15:36:52.838 61925 INFO tempest.lib.common.rest_client [req-7582e410-3abd-4581-a11a-baba07fe2771 req-7582e410-3abd-4581-a11a-baba07fe2771 ] Request (TenantUsagesNegativeTestJSON:tearDownClass): 204 DELETE http://10.180.1.21/identity/v3/projects/46b89a2446e54e1198e08480d0f0c97d 0.104s
2024-10-22 15:36:52.838 61925 INFO tempest.lib.common.dynamic_creds [-] Deleting project and security group for project: 8956465c06e5463298c513dd2a7feff3
2024-10-22 15:36:52.887 61945 INFO tempest.lib.common.rest_client [req-25b5c5b5-6b4c-4699-8951-3a5dfc1fe6cc req-25b5c5b5-6b4c-4699-8951-3a5dfc1fe6cc ] Request (DeleteServersAdminTestJSON:test_delete_server_while_in_error_state): 200 GET http://10.180.1.21/compute/v2.1/servers/25168ea9-24fb-4f63-b508-b5c3a47a77e4 1.053s
2024-10-22 15:36:52.947 61933 INFO tempest.lib.common.rest_client [req-695203b9-ef2b-4485-a8e6-727256c8dd43 req-695203b9-ef2b-4485-a8e6-727256c8dd43 ] Request (ImagesMetadataTestJSON:test_set_image_metadata_item): 200 PUT http://10.180.1.21/compute/v2.1/images/83ed10c0-1a2c-4a7d-a9dc-285078e32035/metadata/os_version 1.241s
2024-10-22 15:36:52.991 61973 INFO tempest.lib.common.rest_client [req-276645df-d590-4ab5-be06-76030d7c639b req-276645df-d590-4ab5-be06-76030d7c639b ] Request (ServersTestMultiNic:test_verify_duplicate_network_nics): 200 GET http://10.180.1.21/compute/v2.1/servers/d23a9ab2-01ed-4d41-b89f-445ecc5f410f 0.817s
2024-10-22 15:36:53.008 61949 INFO tempest.lib.common.rest_client [req-4056dcfb-5820-4ed3-bc99-b49a58adbf8a req-4056dcfb-5820-4ed3-bc99-b49a58adbf8a ] Request (FlavorsAdminTestJSON:_run_cleanups): 200 GET http://10.180.1.21/compute/v2.1/flavors/detail 0.759s
2024-10-22 15:36:53.069 61925 INFO tempest.lib.common.rest_client [req-3a209780-6647-4446-ab91-cf7c3c6d9e0e req-3a209780-6647-4446-ab91-cf7c3c6d9e0e ] Request (TenantUsagesNegativeTestJSON:tearDownClass): 200 GET http://10.180.1.21:9696/networking/v2.0/security-groups?tenant_id=8956465c06e5463298c513dd2a7feff3&name=default 0.230s
2024-10-22 15:36:53.073 61955 INFO tempest.lib.common.rest_client [req-b8724991-91e2-4e95-9327-918ba9f5ec1a req-b8724991-91e2-4e95-9327-918ba9f5ec1a ] Request (VolumesAssistedSnapshotsTest:test_volume_assisted_snapshot_create_delete): 200 GET http://10.180.1.21/compute/v2.1/servers/c2dadf90-2469-4df6-bcc4-dd65d8a748bc 0.817s
2024-10-22 15:36:53.133 61942 INFO tempest.lib.common.rest_client [req-1dd91816-6838-4f4c-8b87-e38aba6dbd22 req-1dd91816-6838-4f4c-8b87-e38aba6dbd22 ] Request (ImagesTestJSON:test_create_image_from_stopped_server): 200 GET http://10.180.1.21/compute/v2.1/servers/66562ea6-5d39-4b98-a9e2-0512295ab94f 0.807s
2024-10-22 15:36:53.208 61951 INFO tempest.lib.common.rest_client [req-8c909900-b244-41a2-9c72-9b9b972e0298 req-8c909900-b244-41a2-9c72-9b9b972e0298 ] Request (ServerDiagnosticsNegativeTest:test_get_server_diagnostics_by_non_admin): 200 GET http://10.180.1.21/compute/v2.1/servers/9a03a74b-7fad-4338-ae6f-82c493cd44e3 0.742s
2024-10-22 15:36:53.233 61951 INFO tempest.common.waiters [-] State transition "BUILD/spawning" ==> "BUILD/scheduling" after 54 second wait
2024-10-22 15:36:53.290 61925 INFO tempest.lib.common.rest_client [req-8af147ba-bf7a-4528-813d-a7fa4b5bc77e req-8af147ba-bf7a-4528-813d-a7fa4b5bc77e ] Request (TenantUsagesNegativeTestJSON:tearDownClass): 204 DELETE http://10.180.1.21:9696/networking/v2.0/security-groups/149e4cc0-513f-4f85-a02b-a629cbd4366a 0.220s
2024-10-22 15:36:53.293 61963 INFO tempest.lib.common.rest_client [req-19543d86-4d0d-441a-bada-516114a12a00 req-19543d86-4d0d-441a-bada-516114a12a00 ] Request (ServersTestBootFromVolume:setUpClass): 200 GET http://10.180.1.21/compute/v2.1/servers/baf240b6-0a42-485f-9176-78dda5de3c7d 0.791s
2024-10-22 15:36:53.317 61971 INFO tempest.lib.common.rest_client [req-d6154d0b-9d41-4156-ac1f-43084172e3a8 req-d6154d0b-9d41-4156-ac1f-43084172e3a8 ] Request (MigrationsAdminTest:test_resize_server_revert_deleted_flavor): 200 POST http://10.180.1.21/compute/v2.1/flavors/dc23abcb-4205-495e-bf74-c104448596b0/os-extra_specs 0.773s
2024-10-22 15:36:53.376 61931 INFO tempest.lib.common.rest_client [req-867a5422-9aca-455c-84f0-9b139f8c3ad9 req-867a5422-9aca-455c-84f0-9b139f8c3ad9 ] Request (AttachInterfacesUnderV243Test:test_add_remove_fixed_ip): 200 GET http://10.180.1.21/compute/v2.1/servers/c35f0f15-6c13-4fbe-9ac2-ab6262590c38 0.816s
2024-10-22 15:36:53.380 61971 INFO tempest.lib.common.rest_client [req-175434ef-881d-4985-9522-56cf77e359da req-175434ef-881d-4985-9522-56cf77e359da ] Request (MigrationsAdminTest:test_resize_server_revert_deleted_flavor): 201 POST http://10.180.1.21/identity/v3/auth/tokens 0.059s
2024-10-22 15:36:53.381 61971 INFO tempest.lib.common.fixed_network [-] (MigrationsAdminTest:test_resize_server_revert_deleted_flavor) Found network None available for tenant
2024-10-22 15:36:53.398 61925 INFO tempest.lib.common.rest_client [req-8ad314e9-5eb0-4511-812b-1f769a6b3b16 req-8ad314e9-5eb0-4511-812b-1f769a6b3b16 ] Request (TenantUsagesNegativeTestJSON:tearDownClass): 204 DELETE http://10.180.1.21/identity/v3/projects/8956465c06e5463298c513dd2a7feff3 0.108s
2024-10-22 15:36:53.450 61967 INFO tempest.lib.common.rest_client [req-53cff00a-12e4-4a87-b75e-eedfcee9239e req-53cff00a-12e4-4a87-b75e-eedfcee9239e ] Request (ServerDiagnosticsV248Test:tearDownClass): 200 GET http://10.180.1.21/compute/v2.1/servers/767c2c81-2508-4dcd-97d7-28726c2c6d31 0.817s
2024-10-22 15:36:53.452 61921 INFO tempest.lib.common.rest_client [req-b89ab81d-ef14-4655-b425-dd56be69f36e req-b89ab81d-ef14-4655-b425-dd56be69f36e ] Request (SecurityGroupRulesTestJSON:tearDownClass): 202 DELETE http://10.180.1.21/compute/v2.1/os-security-groups/df6e20b6-0bc2-46d4-8653-d97208148fa9 1.212s
2024-10-22 15:36:53.472 61925 INFO tempest.lib.common.rest_client [req-a0a2ab2d-12d2-475b-a1c1-f6b460d4769b req-a0a2ab2d-12d2-475b-a1c1-f6b460d4769b ] Request (ImagesMetadataNegativeTestJSON:setUpClass): 201 POST http://10.180.1.21/identity/v3/auth/tokens 0.071s
2024-10-22 15:36:53.509 61917 INFO tempest.lib.common.rest_client [req-935dc013-aa24-4f8b-81f3-24f45b207f34 req-935dc013-aa24-4f8b-81f3-24f45b207f34 ] Request (ServerShowV257Test:test_rebuild_server): 200 GET http://10.180.1.21/compute/v2.1/servers/e918b827-ea37-4589-8999-e363aba4492d 0.789s
2024-10-22 15:36:53.524 61925 INFO tempest.lib.common.rest_client [req-0881253f-1aae-4fa6-aa12-b1745e2859d6 req-0881253f-1aae-4fa6-aa12-b1745e2859d6 ] Request (ImagesMetadataNegativeTestJSON:setUpClass): 201 POST http://10.180.1.21/identity/v3/auth/tokens 0.050s
2024-10-22 15:36:53.526 61943 INFO tempest.lib.common.rest_client [req-d5569db9-b6eb-4dbe-8f1b-9f0d7b7e3b95 req-d5569db9-b6eb-4dbe-8f1b-9f0d7b7e3b95 ] Request (FloatingIPsAssociationNegativeTestJSON:setUpClass): 200 GET http://10.180.1.21/compute/v2.1/servers/33e270fd-0393-4425-8312-1e9fc91f3d1f 0.861s
2024-10-22 15:36:53.561 61925 INFO tempest.lib.common.rest_client [req-c4ce5869-a825-4b41-a2af-5c522b26cf27 req-c4ce5869-a825-4b41-a2af-5c522b26cf27 ] Request (ImagesMetadataNegativeTestJSON:setUpClass): 200 GET http://10.180.1.21/identity/v3/domains?name=Default 0.036s
2024-10-22 15:36:53.570 61915 INFO tempest.lib.common.rest_client [req-e443a7b9-1abb-4954-a72a-dd2351bc88d2 req-e443a7b9-1abb-4954-a72a-dd2351bc88d2 ] Request (VolumesAdminNegativeTest:test_update_attached_volume_with_nonexistent_volume_in_body): 200 GET http://10.180.1.21/compute/v2.1/servers/16e92598-3eba-42c1-b9ec-3b2b91231267 0.796s
2024-10-22 15:36:53.600 61929 INFO tempest.lib.common.rest_client [req-065c5b82-d466-424d-994f-903ae3183cff req-065c5b82-d466-424d-994f-903ae3183cff ] Request (FloatingIPsAssociationTestJSON:setUpClass): 200 PUT http://10.180.1.21:9696/networking/v2.0/routers/0d7b5f24-d425-47f2-98d9-748a3439aac7/add_router_interface 1.561s
2024-10-22 15:36:53.600 61929 INFO tempest.lib.common.dynamic_creds [-] Created isolated network resources for: credentials: Credentials: {'domain_id': 'default', 'domain_name': 'Default', 'username': 'tempest-FloatingIPsAssociationTestJSON-2002236079-project-member', 'project_domain_id': 'default', 'project_domain_name': 'Default', 'project_id': '46521bd6b495431b9a2f4a79f62a6a2f', 'project_name': 'tempest-FloatingIPsAssociationTestJSON-2002236079', 'tenant_id': '46521bd6b495431b9a2f4a79f62a6a2f', 'tenant_name': 'tempest-FloatingIPsAssociationTestJSON-2002236079', 'user_domain_id': 'default', 'user_domain_name': 'Default', 'user_id': 'e56b8866585c4c80b9269b3b9f41fd30', 'system': None}, Network: {'id': 'daab3da6-dbac-41a6-a5d8-95b2ed30e356', 'name': 'tempest-FloatingIPsAssociationTestJSON-1422259840-network', 'tenant_id': '46521bd6b495431b9a2f4a79f62a6a2f', 'admin_state_up': True, 'mtu': 8950, 'status': 'ACTIVE', 'subnets': [], 'shared': False, 'project_id': '46521bd6b495431b9a2f4a79f62a6a2f', 'port_security_enabled': True, 'router:external': False, 'provider:network_type': 'vlan', 'provider:physical_network': 'default', 'provider:segmentation_id': 48, 'is_default': False, 'availability_zone_hints': [], 'availability_zones': [], 'ipv4_address_scope': None, 'ipv6_address_scope': None, 'description': '', 'tags': [], 'created_at': '2024-10-22T15:36:50Z', 'updated_at': '2024-10-22T15:36:50Z', 'revision_number': 1}, Subnet: {'id': '41c43b69-ccc4-43cd-8554-58c9238b599d', 'name': 'tempest-FloatingIPsAssociationTestJSON-1422259840-subnet', 'tenant_id': '46521bd6b495431b9a2f4a79f62a6a2f', 'network_id': 'daab3da6-dbac-41a6-a5d8-95b2ed30e356', 'ip_version': 4, 'subnetpool_id': None, 'enable_dhcp': True, 'ipv6_ra_mode': None, 'ipv6_address_mode': None, 'gateway_ip': '192.168.128.1', 'cidr': '192.168.128.0/28', 'allocation_pools': [{'start': '192.168.128.2', 'end': '192.168.128.14'}], 'host_routes': [], 'dns_nameservers': [], 'description': '', 'router:external': False, 'service_types': [], 'tags': [], 'created_at': '2024-10-22T15:36:50Z', 'updated_at': '2024-10-22T15:36:50Z', 'revision_number': 0, 'project_id': '46521bd6b495431b9a2f4a79f62a6a2f'}, Router: {'id': '0d7b5f24-d425-47f2-98d9-748a3439aac7', 'name': 'tempest-FloatingIPsAssociationTestJSON-1422259840-router', 'tenant_id': '46521bd6b495431b9a2f4a79f62a6a2f', 'admin_state_up': True, 'status': 'ACTIVE', 'external_gateway_info': {'network_id': 'd9b6bfac-bff8-44c0-a9c1-9fc6f3e56f0c', 'external_fixed_ips': [{'subnet_id': 'e31c7a6b-929f-4893-bb11-7b60a23f18d8', 'ip_address': '10.180.180.195'}], 'enable_snat': True}, 'description': '', 'availability_zones': [], 'distributed': False, 'ha': False, 'availability_zone_hints': [], 'routes': [], 'flavor_id': None, 'tags': [], 'created_at': '2024-10-22T15:36:50Z', 'updated_at': '2024-10-22T15:36:51Z', 'revision_number': 2, 'project_id': '46521bd6b495431b9a2f4a79f62a6a2f'}
2024-10-22 15:36:53.613 61925 INFO tempest.lib.common.rest_client [req-962cb378-9a9a-4639-a9b4-b7b6414c7f01 req-962cb378-9a9a-4639-a9b4-b7b6414c7f01 ] Request (ImagesMetadataNegativeTestJSON:setUpClass): 201 POST http://10.180.1.21/identity/v3/projects 0.051s
2024-10-22 15:36:53.624 61953 INFO tempest.lib.common.rest_client [req-ecac693f-dead-4d05-8a4d-bb98cf99efe4 req-ecac693f-dead-4d05-8a4d-bb98cf99efe4 ] Request (ServerDiskConfigTestJSON:test_rebuild_server_with_auto_disk_config): 200 GET http://10.180.1.21/compute/v2.1/servers/3cd90969-d884-49fc-a2c3-8501e2c51ff6 0.824s
2024-10-22 15:36:53.633 61923 INFO tempest.lib.common.rest_client [req-8586362d-0170-4998-90da-c9de215368a8 req-8586362d-0170-4998-90da-c9de215368a8 ] Request (ServersAdminTestJSON:setUpClass): 201 POST http://10.180.1.21:9696/networking/v2.0/routers 1.569s
2024-10-22 15:36:53.633 61939 INFO tempest.lib.common.rest_client [req-6ab595c0-ba15-4198-8fc2-691105c3b0c9 req-6ab595c0-ba15-4198-8fc2-691105c3b0c9 ] Request (AttachInterfacesV270Test:test_create_get_list_interfaces): 200 GET http://10.180.1.21/compute/v2.1/servers/453d71d6-e8ab-4fdb-b5e7-f84bb2020bf8 0.755s
2024-10-22 15:36:53.677 61933 INFO tempest.lib.common.rest_client [req-81e2f126-6512-44d9-a27f-873a2044fde5 req-81e2f126-6512-44d9-a27f-873a2044fde5 ] Request (ImagesMetadataTestJSON:test_set_image_metadata_item): 200 GET http://10.180.1.21/compute/v2.1/images/83ed10c0-1a2c-4a7d-a9dc-285078e32035/metadata 0.729s
2024-10-22 15:36:53.693 61925 INFO tempest.lib.common.rest_client [req-a8cc7751-6b53-4ad7-97fd-9e4acea73612 req-a8cc7751-6b53-4ad7-97fd-9e4acea73612 ] Request (ImagesMetadataNegativeTestJSON:setUpClass): 201 POST http://10.180.1.21/identity/v3/users 0.080s
2024-10-22 15:36:53.714 61949 INFO tempest.lib.common.rest_client [req-66e8361d-5c47-47c0-9802-b881c5202147 req-66e8361d-5c47-47c0-9802-b881c5202147 ] Request (FlavorsAdminTestJSON:test_list_non_public_flavor): 200 POST http://10.180.1.21/compute/v2.1/flavors 0.699s
2024-10-22 15:36:53.722 61935 INFO tempest.lib.common.rest_client [req-d50310ff-9ad7-4d0e-ba99-ed816219d2ce req-d50310ff-9ad7-4d0e-ba99-ed816219d2ce ] Request (MultipleCreateTestJSON:test_multiple_create_with_reservation_return): 200 GET http://10.180.1.21/compute/v2.1/servers/87971b67-572c-4d5f-99b7-dab08aea10c1 0.778s
2024-10-22 15:36:53.725 61925 INFO tempest.lib.common.rest_client [req-0552bea7-85cc-42d1-90d2-6e1d3e11818f req-0552bea7-85cc-42d1-90d2-6e1d3e11818f ] Request (ImagesMetadataNegativeTestJSON:setUpClass): 200 GET http://10.180.1.21/identity/v3/roles 0.031s
2024-10-22 15:36:53.733 61929 INFO tempest.lib.common.rest_client [req-242dae25-7f74-44e2-93e7-fc2f67456178 req-242dae25-7f74-44e2-93e7-fc2f67456178 ] Request (FloatingIPsAssociationTestJSON:setUpClass): 201 POST http://10.180.1.21/identity/v3/auth/tokens 0.127s
2024-10-22 15:36:53.777 61929 INFO tempest.lib.common.rest_client [req-89a5e54a-bd00-4ec3-982d-0053dfb618f0 req-89a5e54a-bd00-4ec3-982d-0053dfb618f0 ] Request (FloatingIPsAssociationTestJSON:setUpClass): 201 POST http://10.180.1.21/identity/v3/auth/tokens 0.040s
2024-10-22 15:36:53.778 61929 INFO tempest.lib.common.fixed_network [-] (FloatingIPsAssociationTestJSON:setUpClass) Found network {'id': 'daab3da6-dbac-41a6-a5d8-95b2ed30e356', 'name': 'tempest-FloatingIPsAssociationTestJSON-1422259840-network', 'tenant_id': '46521bd6b495431b9a2f4a79f62a6a2f', 'admin_state_up': True, 'mtu': 8950, 'status': 'ACTIVE', 'subnets': [], 'shared': False, 'project_id': '46521bd6b495431b9a2f4a79f62a6a2f', 'port_security_enabled': True, 'router:external': False, 'provider:network_type': 'vlan', 'provider:physical_network': 'default', 'provider:segmentation_id': 48, 'is_default': False, 'availability_zone_hints': [], 'availability_zones': [], 'ipv4_address_scope': None, 'ipv6_address_scope': None, 'description': '', 'tags': [], 'created_at': '2024-10-22T15:36:50Z', 'updated_at': '2024-10-22T15:36:50Z', 'revision_number': 1} available for tenant
2024-10-22 15:36:53.783 61925 INFO tempest.lib.common.rest_client [req-7de01447-8f5b-456c-81aa-05f7905e215b req-7de01447-8f5b-456c-81aa-05f7905e215b ] Request (ImagesMetadataNegativeTestJSON:setUpClass): 204 PUT http://10.180.1.21/identity/v3/projects/5cb6d5079f9d4ff39e74ec9ec3263ce1/users/2eb844e81d3441d29cc2857ae6295b54/roles/73ed173dfe514a868e88026ca57fcdc0 0.058s
2024-10-22 15:36:53.784 61925 INFO tempest.lib.common.dynamic_creds [-] Dynamic test user 2eb844e81d3441d29cc2857ae6295b54 is created with scope project and roles: ['member']
2024-10-22 15:36:53.784 61925 INFO tempest.lib.common.dynamic_creds [-] Acquired dynamic creds: credentials: Credentials: {'domain_id': 'default', 'domain_name': 'Default', 'username': 'tempest-ImagesMetadataNegativeTestJSON-1484419687-project-member', 'project_domain_id': 'default', 'project_domain_name': 'Default', 'project_id': '5cb6d5079f9d4ff39e74ec9ec3263ce1', 'project_name': 'tempest-ImagesMetadataNegativeTestJSON-1484419687', 'tenant_id': '5cb6d5079f9d4ff39e74ec9ec3263ce1', 'tenant_name': 'tempest-ImagesMetadataNegativeTestJSON-1484419687', 'user_domain_id': 'default', 'user_domain_name': 'Default', 'user_id': '2eb844e81d3441d29cc2857ae6295b54', 'system': None}, Network: None, Subnet: None, Router: None
2024-10-22 15:36:53.784 61925 INFO tempest.lib.common.dynamic_creds [-] Created isolated network resources for: credentials: Credentials: {'domain_id': 'default', 'domain_name': 'Default', 'username': 'tempest-ImagesMetadataNegativeTestJSON-1484419687-project-member', 'project_domain_id': 'default', 'project_domain_name': 'Default', 'project_id': '5cb6d5079f9d4ff39e74ec9ec3263ce1', 'project_name': 'tempest-ImagesMetadataNegativeTestJSON-1484419687', 'tenant_id': '5cb6d5079f9d4ff39e74ec9ec3263ce1', 'tenant_name': 'tempest-ImagesMetadataNegativeTestJSON-1484419687', 'user_domain_id': 'default', 'user_domain_name': 'Default', 'user_id': '2eb844e81d3441d29cc2857ae6295b54', 'system': None}, Network: None, Subnet: None, Router: None
2024-10-22 15:36:53.797 61978 INFO tempest.lib.common.rest_client [req-d4273bda-d66e-48db-ab05-08f94da5a63d req-d4273bda-d66e-48db-ab05-08f94da5a63d ] Request (DeleteServersTestJSON:test_delete_active_server): 200 GET http://10.180.1.21/compute/v2.1/servers/e51d3f4e-41d5-4190-a8e9-21c743aa3b5e 0.782s
2024-10-22 15:36:53.832 61961 INFO tempest.lib.common.rest_client [req-6a140a47-2e77-457f-85e9-fc1d1ff7a735 req-6a140a47-2e77-457f-85e9-fc1d1ff7a735 ] Request (SecurityGroupsTestJSON:test_list_security_groups_by_server): 200 GET http://10.180.1.21/compute/v2.1/servers/f03f349e-d5ed-437b-8b13-6b036f2b88dc 0.773s
2024-10-22 15:36:53.888 61937 INFO tempest.lib.common.rest_client [req-571d1715-bd61-4ec1-935a-7a54849e16b1 req-571d1715-bd61-4ec1-935a-7a54849e16b1 ] Request (ServerRescueNegativeTestJSON:setUpClass): 200 GET http://10.180.1.21/compute/v2.1/servers/e5bf9ce1-f12d-4f82-b1b2-e6dfeaffea22 0.577s
2024-10-22 15:36:53.904 61925 INFO tempest.lib.common.rest_client [req-13d95172-f2bd-4763-b800-3805b84761ca req-13d95172-f2bd-4763-b800-3805b84761ca ] Request (ImagesMetadataNegativeTestJSON:setUpClass): 201 POST http://10.180.1.21/identity/v3/auth/tokens 0.115s
2024-10-22 15:36:53.928 61959 INFO tempest.lib.common.rest_client [req-cac8c876-4340-4967-917a-18f13e139327 req-cac8c876-4340-4967-917a-18f13e139327 ] Request (ImagesOneServerNegativeTestJSON:setUpClass): 200 GET http://10.180.1.21/compute/v2.1/servers/3c252464-1b1a-4c1a-86bb-2fb0107aa52f 0.558s
2024-10-22 15:36:53.988 61921 INFO tempest.lib.common.rest_client [req-50c7e519-7120-4a63-9e06-d40fc04ba5e5 req-50c7e519-7120-4a63-9e06-d40fc04ba5e5 ] Request (SecurityGroupRulesTestJSON:tearDownClass): 404 DELETE http://10.180.1.21/compute/v2.1/os-security-groups/f2eb7d19-e777-4e8b-8c91-6100601b26e2 0.535s
2024-10-22 15:36:54.280 61971 INFO tempest.lib.common.rest_client [req-4b083399-e362-491f-90fb-cafce4261f95 req-4b083399-e362-491f-90fb-cafce4261f95 ] Request (MigrationsAdminTest:test_resize_server_revert_deleted_flavor): 202 POST http://10.180.1.21/compute/v2.1/servers 0.898s
2024-10-22 15:36:54.301 61969 INFO tempest.lib.common.rest_client [req-982e5f49-3da3-4722-88a8-082a0b3b8e20 req-982e5f49-3da3-4722-88a8-082a0b3b8e20 ] Request (ServersWithSpecificFlavorTestJSON:test_verify_created_server_ephemeral_disk): 200 GET http://10.180.1.21/compute/v2.1/servers/b15dbb0e-4f3d-451f-ba1e-f560b2e3ea6b 0.842s
2024-10-22 15:36:54.312 61969 INFO tempest.common.waiters [-] State transition "BUILD/None" ==> "BUILD/block_device_mapping" after 35 second wait
2024-10-22 15:36:54.349 61927 INFO tempest.lib.common.rest_client [req-57695911-4473-4205-a79f-7ff64c5f4586 req-57695911-4473-4205-a79f-7ff64c5f4586 ] Request (ServersTestJSON:test_create_server_specify_multibyte_character_name): 200 GET http://10.180.1.21/compute/v2.1/servers/8c8a339c-e52a-4257-9191-4e03ecf87b22 0.815s
2024-10-22 15:36:54.369 61947 INFO tempest.lib.common.rest_client [req-9f26b43e-f74d-4c6d-a276-51d1064848e3 req-9f26b43e-f74d-4c6d-a276-51d1064848e3 ] Request (InstanceActionsTestJSON:setUpClass): 200 GET http://10.180.1.21/compute/v2.1/servers/49284c45-b77b-4992-8437-d9d31ba12539 0.761s
2024-10-22 15:36:54.444 61965 INFO tempest.lib.common.rest_client [req-63580595-e8c8-484e-b9dc-ec2bfb7a6120 req-63580595-e8c8-484e-b9dc-ec2bfb7a6120 ] Request (ServersV294TestFqdnHostnames:setUpClass): 200 GET http://10.180.1.21/compute/v2.1/servers/74c00b03-bd37-49f7-b0b9-88404302c071 0.753s
2024-10-22 15:36:54.453 61965 INFO tempest.common.waiters [-] State transition "BUILD/scheduling" ==> "BUILD/None" after 26 second wait
2024-10-22 15:36:54.473 61949 INFO tempest.lib.common.rest_client [req-b94aff77-487b-4623-8564-0a3f57057a6b req-b94aff77-487b-4623-8564-0a3f57057a6b ] Request (FlavorsAdminTestJSON:test_list_non_public_flavor): 200 GET http://10.180.1.21/compute/v2.1/flavors/detail 0.754s
2024-10-22 15:36:54.550 61975 INFO tempest.lib.common.rest_client [req-ef35d04e-ef0d-4e80-91ce-42485d0cd486 req-ef35d04e-ef0d-4e80-91ce-42485d0cd486 ] Request (ListServerFiltersTestJSON:setUpClass): 200 GET http://10.180.1.21/compute/v2.1/servers/d186a201-4ef8-40a6-9625-5e8ae99af4d1 0.787s
2024-10-22 15:36:54.605 61933 INFO tempest.lib.common.rest_client [req-ee51b2fc-7e0d-4fa9-a0bb-ab274d0ed1fe req-ee51b2fc-7e0d-4fa9-a0bb-ab274d0ed1fe ] Request (ImagesMetadataTestJSON:setUp): 200 PUT http://10.180.1.21/compute/v2.1/images/83ed10c0-1a2c-4a7d-a9dc-285078e32035/metadata 0.923s
2024-10-22 15:36:54.719 61945 INFO tempest.lib.common.rest_client [req-1b8964a1-b422-4395-a5a7-9ffd65ae264c req-1b8964a1-b422-4395-a5a7-9ffd65ae264c ] Request (DeleteServersAdminTestJSON:test_delete_server_while_in_error_state): 200 GET http://10.180.1.21/compute/v2.1/servers/25168ea9-24fb-4f63-b508-b5c3a47a77e4 0.819s
2024-10-22 15:36:54.778 61925 INFO tempest.lib.common.rest_client [req-ca3bba35-31f2-42e9-ac56-8d4a2c90e84c req-ca3bba35-31f2-42e9-ac56-8d4a2c90e84c ] Request (ImagesMetadataNegativeTestJSON:test_delete_nonexistent_image_metadata_item): 404 DELETE http://10.180.1.21/compute/v2.1/images/b0414782-9037-424d-b095-d3156dda127a/metadata/os_distro 0.872s
2024-10-22 15:36:54.870 61919 INFO tempest.lib.common.rest_client [req-a5dd39bf-20cc-4536-8945-e86cf4a6ab5a req-a5dd39bf-20cc-4536-8945-e86cf4a6ab5a ] Request (SecurityGroupsNegativeTestJSON:tearDownClass): 200 PUT http://10.180.1.21:9696/networking/v2.0/routers/f310a93f-3a97-41b5-b056-d3c1f4139e1b/remove_router_interface 2.076s
2024-10-22 15:36:55.001 61921 INFO tempest.lib.common.rest_client [req-cc4825e2-5c2c-4c4a-af74-2942af6fa15e req-cc4825e2-5c2c-4c4a-af74-2942af6fa15e ] Request (SecurityGroupRulesTestJSON:tearDownClass): 202 DELETE http://10.180.1.21/compute/v2.1/os-security-groups/bbb12dfe-3934-45a5-8403-29c8f77d8d3a 1.011s
2024-10-22 15:36:55.058 61923 INFO tempest.lib.common.rest_client [req-16268dda-9ca9-4755-890d-724a1d8aae16 req-16268dda-9ca9-4755-890d-724a1d8aae16 ] Request (ServersAdminTestJSON:setUpClass): 200 PUT http://10.180.1.21:9696/networking/v2.0/routers/21a2b124-d256-4dd8-94fa-1ccf59f95036/add_router_interface 1.424s
2024-10-22 15:36:55.058 61923 INFO tempest.lib.common.dynamic_creds [-] Created isolated network resources for: credentials: Credentials: {'domain_id': 'default', 'domain_name': 'Default', 'username': 'tempest-ServersAdminTestJSON-327669079-project-member', 'project_domain_id': 'default', 'project_domain_name': 'Default', 'project_id': 'fa6eca973cdb458eaa7eec06767c17ed', 'project_name': 'tempest-ServersAdminTestJSON-327669079', 'tenant_id': 'fa6eca973cdb458eaa7eec06767c17ed', 'tenant_name': 'tempest-ServersAdminTestJSON-327669079', 'user_domain_id': 'default', 'user_domain_name': 'Default', 'user_id': '891a7ca87eed4f9eb8109e27d0270b93', 'system': None}, Network: {'id': '5436403b-0a5a-4f65-b9b0-b46e83492876', 'name': 'tempest-ServersAdminTestJSON-1662587984-network', 'tenant_id': 'fa6eca973cdb458eaa7eec06767c17ed', 'admin_state_up': True, 'mtu': 8950, 'status': 'ACTIVE', 'subnets': [], 'shared': False, 'project_id': 'fa6eca973cdb458eaa7eec06767c17ed', 'port_security_enabled': True, 'router:external': False, 'provider:network_type': 'vlan', 'provider:physical_network': 'default', 'provider:segmentation_id': 752, 'is_default': False, 'availability_zone_hints': [], 'availability_zones': [], 'ipv4_address_scope': None, 'ipv6_address_scope': None, 'description': '', 'tags': [], 'created_at': '2024-10-22T15:36:51Z', 'updated_at': '2024-10-22T15:36:51Z', 'revision_number': 1}, Subnet: {'id': 'd4506d7d-4199-4f7a-aa30-f15f72522ac0', 'name': 'tempest-ServersAdminTestJSON-1662587984-subnet', 'tenant_id': 'fa6eca973cdb458eaa7eec06767c17ed', 'network_id': '5436403b-0a5a-4f65-b9b0-b46e83492876', 'ip_version': 4, 'subnetpool_id': None, 'enable_dhcp': True, 'ipv6_ra_mode': None, 'ipv6_address_mode': None, 'gateway_ip': '192.168.128.1', 'cidr': '192.168.128.0/28', 'allocation_pools': [{'start': '192.168.128.2', 'end': '192.168.128.14'}], 'host_routes': [], 'dns_nameservers': [], 'description': '', 'router:external': False, 'service_types': [], 'tags': [], 'created_at': '2024-10-22T15:36:51Z', 'updated_at': '2024-10-22T15:36:51Z', 'revision_number': 0, 'project_id': 'fa6eca973cdb458eaa7eec06767c17ed'}, Router: {'id': '21a2b124-d256-4dd8-94fa-1ccf59f95036', 'name': 'tempest-ServersAdminTestJSON-1662587984-router', 'tenant_id': 'fa6eca973cdb458eaa7eec06767c17ed', 'admin_state_up': True, 'status': 'ACTIVE', 'external_gateway_info': {'network_id': 'd9b6bfac-bff8-44c0-a9c1-9fc6f3e56f0c', 'external_fixed_ips': [{'subnet_id': 'e31c7a6b-929f-4893-bb11-7b60a23f18d8', 'ip_address': '10.180.180.235'}], 'enable_snat': True}, 'description': '', 'availability_zones': [], 'distributed': False, 'ha': False, 'availability_zone_hints': [], 'routes': [], 'flavor_id': None, 'tags': [], 'created_at': '2024-10-22T15:36:52Z', 'updated_at': '2024-10-22T15:36:52Z', 'revision_number': 2, 'project_id': 'fa6eca973cdb458eaa7eec06767c17ed'}
2024-10-22 15:36:55.069 61973 INFO tempest.lib.common.rest_client [req-79c56e55-6f36-4fa8-8d3a-370f8476e7e8 req-79c56e55-6f36-4fa8-8d3a-370f8476e7e8 ] Request (ServersTestMultiNic:test_verify_duplicate_network_nics): 200 GET http://10.180.1.21/compute/v2.1/servers/d23a9ab2-01ed-4d41-b89f-445ecc5f410f 1.068s
2024-10-22 15:36:55.118 61929 INFO tempest.lib.common.rest_client [req-22f06a1e-fa16-4a2c-a7a9-b9fe891ca6a4 req-22f06a1e-fa16-4a2c-a7a9-b9fe891ca6a4 ] Request (FloatingIPsAssociationTestJSON:setUpClass): 202 POST http://10.180.1.21/compute/v2.1/servers 1.339s
2024-10-22 15:36:55.133 61955 INFO tempest.lib.common.rest_client [req-e824c439-5128-4c2b-bae0-b14797e5d682 req-e824c439-5128-4c2b-bae0-b14797e5d682 ] Request (VolumesAssistedSnapshotsTest:test_volume_assisted_snapshot_create_delete): 200 GET http://10.180.1.21/compute/v2.1/servers/c2dadf90-2469-4df6-bcc4-dd65d8a748bc 1.049s
2024-10-22 15:36:55.162 61923 INFO tempest.lib.common.rest_client [req-c1ac1589-5285-48e6-a682-047dda292322 req-c1ac1589-5285-48e6-a682-047dda292322 ] Request (ServersAdminTestJSON:setUpClass): 201 POST http://10.180.1.21/identity/v3/auth/tokens 0.101s
2024-10-22 15:36:55.199 61942 INFO tempest.lib.common.rest_client [req-5eb0059d-7ccb-4a41-a64f-4d9ac50767e6 req-5eb0059d-7ccb-4a41-a64f-4d9ac50767e6 ] Request (ImagesTestJSON:test_create_image_from_stopped_server): 200 GET http://10.180.1.21/compute/v2.1/servers/66562ea6-5d39-4b98-a9e2-0512295ab94f 1.055s
2024-10-22 15:36:55.240 61951 INFO tempest.lib.common.rest_client [req-bada353d-d3c1-4ccc-a7bd-96484348f3d7 req-bada353d-d3c1-4ccc-a7bd-96484348f3d7 ] Request (ServerDiagnosticsNegativeTest:test_get_server_diagnostics_by_non_admin): 200 GET http://10.180.1.21/compute/v2.1/servers/9a03a74b-7fad-4338-ae6f-82c493cd44e3 1.004s
2024-10-22 15:36:55.248 61951 INFO tempest.common.waiters [-] State transition "BUILD/scheduling" ==> "ERROR/None" after 56 second wait
2024-10-22 15:36:55.287 61971 INFO tempest.lib.common.rest_client [req-40bf866a-3fa4-477b-89d9-1af7cc34bb08 req-40bf866a-3fa4-477b-89d9-1af7cc34bb08 ] Request (MigrationsAdminTest:test_resize_server_revert_deleted_flavor): 200 GET http://10.180.1.21/compute/v2.1/servers/be7776f1-0083-4c40-a7e6-477c0c65f7bf 1.006s
2024-10-22 15:36:55.295 61923 INFO tempest.lib.common.rest_client [req-39453651-94f2-4ed6-b9ce-3ff25ce38e22 req-39453651-94f2-4ed6-b9ce-3ff25ce38e22 ] Request (ServersAdminTestJSON:setUpClass): 201 POST http://10.180.1.21/identity/v3/projects 0.132s
2024-10-22 15:36:55.314 61963 INFO tempest.lib.common.rest_client [req-11e5695b-a73b-4fc6-ac62-2a6b723b8b04 req-11e5695b-a73b-4fc6-ac62-2a6b723b8b04 ] Request (ServersTestBootFromVolume:setUpClass): 200 GET http://10.180.1.21/compute/v2.1/servers/baf240b6-0a42-485f-9176-78dda5de3c7d 1.006s
2024-10-22 15:36:55.362 61931 INFO tempest.lib.common.rest_client [req-07b03cbb-132e-45c6-8555-f08de849a9b0 req-07b03cbb-132e-45c6-8555-f08de849a9b0 ] Request (AttachInterfacesUnderV243Test:test_add_remove_fixed_ip): 200 GET http://10.180.1.21/compute/v2.1/servers/c35f0f15-6c13-4fbe-9ac2-ab6262590c38 0.977s
2024-10-22 15:36:55.370 61923 INFO tempest.lib.common.rest_client [req-07950e85-f14f-4696-9abf-a38699e86895 req-07950e85-f14f-4696-9abf-a38699e86895 ] Request (ServersAdminTestJSON:setUpClass): 201 POST http://10.180.1.21/identity/v3/users 0.075s
2024-10-22 15:36:55.382 61949 INFO tempest.lib.common.rest_client [req-d97821db-a97d-444a-9ee5-b57fee799c93 req-d97821db-a97d-444a-9ee5-b57fee799c93 ] Request (FlavorsAdminTestJSON:test_list_non_public_flavor): 200 GET http://10.180.1.21/compute/v2.1/flavors/detail 0.904s
2024-10-22 15:36:55.396 61923 INFO tempest.lib.common.rest_client [req-a6a0fd65-e608-4f9d-a506-57f0a174e7d2 req-a6a0fd65-e608-4f9d-a506-57f0a174e7d2 ] Request (ServersAdminTestJSON:setUpClass): 200 GET http://10.180.1.21/identity/v3/roles 0.025s
