2024-10-22 15:36:07.902 61965 INFO tempest.lib.common.rest_client [req-7b0e453c-dd1f-480e-bd41-808f3c7e905c req-7b0e453c-dd1f-480e-bd41-808f3c7e905c ] Request (HypervisorAdminNegativeTestJSON:tearDownClass): 204 DELETE http://10.180.1.21:9696/networking/v2.0/security-groups/31489023-a869-471f-89be-6588c00cbc14 0.470s
2024-10-22 15:36:07.983 61942 INFO tempest.lib.common.rest_client [req-7a9f958e-4f2f-4576-b7eb-7a02831f807d req-7a9f958e-4f2f-4576-b7eb-7a02831f807d ] Request (QuotasAdminNegativeTest:_run_cleanups): 200 PUT http://10.180.1.21/compute/v2.1/os-quota-sets/cb3664e53bae47ceb61f8d12647a68f2 1.766s
2024-10-22 15:36:08.017 61955 INFO tempest.lib.common.rest_client [req-80995eb7-3b71-480b-8ba0-398191f9184e req-80995eb7-3b71-480b-8ba0-398191f9184e ] Request (VolumesAssistedSnapshotsTest:test_volume_assisted_snapshot_create_delete): 202 POST http://10.180.1.21/volume/v3/volumes 0.630s
2024-10-22 15:36:08.031 61937 INFO tempest.lib.common.rest_client [req-8a49b4ed-5790-4e01-ac19-73e9c05c7909 req-8a49b4ed-5790-4e01-ac19-73e9c05c7909 ] Request (QuotaClassesAdminTestJSON:tearDownClass): 204 DELETE http://10.180.1.21/identity/v3/projects/425474cd842143d5871d3b9e1459a289 0.175s
2024-10-22 15:36:08.054 61965 INFO tempest.lib.common.rest_client [req-dbfbab32-45b8-45fb-afe5-c7e2a46aa78b req-dbfbab32-45b8-45fb-afe5-c7e2a46aa78b ] Request (HypervisorAdminNegativeTestJSON:tearDownClass): 204 DELETE http://10.180.1.21/identity/v3/projects/9a906ef864b24560b83c7cbecd815c72 0.149s
2024-10-22 15:36:08.116 61917 INFO tempest.lib.common.rest_client [req-1e8d8e51-698b-49ae-a190-589230ce07d1 req-1e8d8e51-698b-49ae-a190-589230ce07d1 ] Request (TenantUsagesTestJSON:setUpClass): 200 GET http://10.180.1.21/compute/v2.1/servers/199ab8b8-15d8-47b3-8e72-d3995047cb45 1.886s
2024-10-22 15:36:08.122 61955 INFO tempest.lib.common.rest_client [req-e475572e-9516-4c97-8fea-acff7f65519f req-e475572e-9516-4c97-8fea-acff7f65519f ] Request (VolumesAssistedSnapshotsTest:test_volume_assisted_snapshot_create_delete): 200 GET http://10.180.1.21/volume/v3/volumes/93bd927d-e493-47a3-b249-4eb7f939906b 0.097s
2024-10-22 15:36:08.153 61937 INFO tempest.lib.common.rest_client [req-444426cd-548d-48fb-b9b8-76883179a15c req-444426cd-548d-48fb-b9b8-76883179a15c ] Request (QuotasAdminTestJSON:setUpClass): 201 POST http://10.180.1.21/identity/v3/auth/tokens 0.120s
2024-10-22 15:36:08.153 61965 INFO tempest.lib.common.rest_client [req-9e63ab57-d1fe-4454-824e-a862dd580e09 req-9e63ab57-d1fe-4454-824e-a862dd580e09 ] Request (AZV2TestJSON:setUpClass): 201 POST http://10.180.1.21/identity/v3/auth/tokens 0.098s
2024-10-22 15:36:08.199 61965 INFO tempest.lib.common.rest_client [req-8e25548b-d664-45d0-9769-d3b6eb9a3813 req-8e25548b-d664-45d0-9769-d3b6eb9a3813 ] Request (AZV2TestJSON:setUpClass): 201 POST http://10.180.1.21/identity/v3/auth/tokens 0.043s
2024-10-22 15:36:08.201 61937 INFO tempest.lib.common.rest_client [req-20cf1f98-e29a-48d7-931b-a3873f3b21b9 req-20cf1f98-e29a-48d7-931b-a3873f3b21b9 ] Request (QuotasAdminTestJSON:setUpClass): 201 POST http://10.180.1.21/identity/v3/auth/tokens 0.046s
2024-10-22 15:36:08.231 61965 INFO tempest.lib.common.rest_client [req-b9f848e2-8569-435f-825d-40939e77c829 req-b9f848e2-8569-435f-825d-40939e77c829 ] Request (AZV2TestJSON:setUpClass): 200 GET http://10.180.1.21/identity/v3/domains?name=Default 0.031s
2024-10-22 15:36:08.235 61937 INFO tempest.lib.common.rest_client [req-7277e1d6-a116-4b0a-8018-47597cb9799d req-7277e1d6-a116-4b0a-8018-47597cb9799d ] Request (QuotasAdminTestJSON:setUpClass): 200 GET http://10.180.1.21/identity/v3/domains?name=Default 0.033s
2024-10-22 15:36:08.252 61919 INFO tempest.lib.common.rest_client [req-3df0cbab-3797-431d-9070-920bac49b3eb req-3df0cbab-3797-431d-9070-920bac49b3eb ] Request (ServerExternalEventsTest:test_create_server_external_events): 200 GET http://10.180.1.21/compute/v2.1/servers/c72ac06b-b114-4c5e-af9f-fd7dfc880a34 2.018s
2024-10-22 15:36:08.275 61965 INFO tempest.lib.common.rest_client [req-eb637c1c-287b-4727-84d3-4c1b947f0e1e req-eb637c1c-287b-4727-84d3-4c1b947f0e1e ] Request (AZV2TestJSON:setUpClass): 201 POST http://10.180.1.21/identity/v3/projects 0.040s
2024-10-22 15:36:08.299 61937 INFO tempest.lib.common.rest_client [req-ab2cf69a-2075-45f4-b66f-fd256952d49c req-ab2cf69a-2075-45f4-b66f-fd256952d49c ] Request (QuotasAdminTestJSON:setUpClass): 201 POST http://10.180.1.21/identity/v3/projects 0.063s
2024-10-22 15:36:08.397 61967 INFO tempest.lib.common.rest_client [req-94d8421a-2f13-4782-9006-7965b96050d3 req-94d8421a-2f13-4782-9006-7965b96050d3 ] Request (ServerDiagnosticsV248Test:test_get_server_diagnostics): 200 GET http://10.180.1.21/compute/v2.1/servers/767c2c81-2508-4dcd-97d7-28726c2c6d31 1.998s
2024-10-22 15:36:08.407 61967 INFO tempest.common.waiters [-] State transition "BUILD/spawning" ==> "ACTIVE/None" after 16 second wait
2024-10-22 15:36:08.411 61937 INFO tempest.lib.common.rest_client [req-af97c4e8-e782-4a13-b52e-3d7f27625d9d req-af97c4e8-e782-4a13-b52e-3d7f27625d9d ] Request (QuotasAdminTestJSON:setUpClass): 201 POST http://10.180.1.21/identity/v3/users 0.111s
2024-10-22 15:36:08.412 61965 INFO tempest.lib.common.rest_client [req-9ce0e5c6-5641-4f84-98a2-977040f4cc32 req-9ce0e5c6-5641-4f84-98a2-977040f4cc32 ] Request (AZV2TestJSON:setUpClass): 201 POST http://10.180.1.21/identity/v3/users 0.137s
2024-10-22 15:36:08.425 61915 INFO tempest.lib.common.rest_client [req-08d22fb5-ec29-4a79-8f51-3343725038f7 req-08d22fb5-ec29-4a79-8f51-3343725038f7 ] Request (HostsAdminTestJSON:tearDownClass): 200 GET http://10.180.1.21:9696/networking/v2.0/security-groups?tenant_id=82686e410d024f08914563e4a76bb272&name=default 0.786s
2024-10-22 15:36:08.440 61965 INFO tempest.lib.common.rest_client [req-6ca09c2d-e8e9-474b-b7dd-c4f2f7ae2162 req-6ca09c2d-e8e9-474b-b7dd-c4f2f7ae2162 ] Request (AZV2TestJSON:setUpClass): 200 GET http://10.180.1.21/identity/v3/roles 0.027s
2024-10-22 15:36:08.443 61937 INFO tempest.lib.common.rest_client [req-510950e3-a822-4932-a535-ddedea696c9c req-510950e3-a822-4932-a535-ddedea696c9c ] Request (QuotasAdminTestJSON:setUpClass): 200 GET http://10.180.1.21/identity/v3/roles 0.031s
2024-10-22 15:36:08.448 61921 INFO tempest.lib.common.rest_client [req-86454359-92c7-4055-b472-ef278cc106a8 req-86454359-92c7-4055-b472-ef278cc106a8 ] Request (ServicesAdminNegativeV253TestJSON:tearDownClass): 204 DELETE http://10.180.1.21:9696/networking/v2.0/security-groups/e8679f25-157f-4fe4-9672-ba092c915fbd 0.560s
2024-10-22 15:36:08.468 61965 INFO tempest.lib.common.rest_client [req-24900e20-8e48-4fa4-bbc7-92e2b6fbea15 req-24900e20-8e48-4fa4-bbc7-92e2b6fbea15 ] Request (AZV2TestJSON:setUpClass): 204 PUT http://10.180.1.21/identity/v3/projects/e10e897f55a0435db66f46ca9f5b42d4/users/1702851e34fb4f8db65681703546771b/roles/73ed173dfe514a868e88026ca57fcdc0 0.027s
2024-10-22 15:36:08.468 61965 INFO tempest.lib.common.dynamic_creds [-] Dynamic test user 1702851e34fb4f8db65681703546771b is created with scope project and roles: ['member']
2024-10-22 15:36:08.469 61965 INFO tempest.lib.common.dynamic_creds [-] Acquired dynamic creds: credentials: Credentials: {'domain_id': 'default', 'domain_name': 'Default', 'username': 'tempest-AZV2TestJSON-1436192501-project-member', 'project_domain_id': 'default', 'project_domain_name': 'Default', 'project_id': 'e10e897f55a0435db66f46ca9f5b42d4', 'project_name': 'tempest-AZV2TestJSON-1436192501', 'tenant_id': 'e10e897f55a0435db66f46ca9f5b42d4', 'tenant_name': 'tempest-AZV2TestJSON-1436192501', 'user_domain_id': 'default', 'user_domain_name': 'Default', 'user_id': '1702851e34fb4f8db65681703546771b', 'system': None}, Network: None, Subnet: None, Router: None
2024-10-22 15:36:08.469 61965 INFO tempest.lib.common.dynamic_creds [-] Created isolated network resources for: credentials: Credentials: {'domain_id': 'default', 'domain_name': 'Default', 'username': 'tempest-AZV2TestJSON-1436192501-project-member', 'project_domain_id': 'default', 'project_domain_name': 'Default', 'project_id': 'e10e897f55a0435db66f46ca9f5b42d4', 'project_name': 'tempest-AZV2TestJSON-1436192501', 'tenant_id': 'e10e897f55a0435db66f46ca9f5b42d4', 'tenant_name': 'tempest-AZV2TestJSON-1436192501', 'user_domain_id': 'default', 'user_domain_name': 'Default', 'user_id': '1702851e34fb4f8db65681703546771b', 'system': None}, Network: None, Subnet: None, Router: None
2024-10-22 15:36:08.480 61937 INFO tempest.lib.common.rest_client [req-d9a7af4e-41fc-4648-a2dd-f970b0b46086 req-d9a7af4e-41fc-4648-a2dd-f970b0b46086 ] Request (QuotasAdminTestJSON:setUpClass): 204 PUT http://10.180.1.21/identity/v3/projects/7691974f178f4de2a78d0ab8e46cd4a1/users/dfa063530e3340dd8c6ecb935f9cd371/roles/73ed173dfe514a868e88026ca57fcdc0 0.036s
2024-10-22 15:36:08.480 61937 INFO tempest.lib.common.dynamic_creds [-] Dynamic test user dfa063530e3340dd8c6ecb935f9cd371 is created with scope project and roles: ['member']
2024-10-22 15:36:08.480 61937 INFO tempest.lib.common.dynamic_creds [-] Acquired dynamic creds: credentials: Credentials: {'domain_id': 'default', 'domain_name': 'Default', 'username': 'tempest-QuotasAdminTestJSON-1068642316-project-member', 'project_domain_id': 'default', 'project_domain_name': 'Default', 'project_id': '7691974f178f4de2a78d0ab8e46cd4a1', 'project_name': 'tempest-QuotasAdminTestJSON-1068642316', 'tenant_id': '7691974f178f4de2a78d0ab8e46cd4a1', 'tenant_name': 'tempest-QuotasAdminTestJSON-1068642316', 'user_domain_id': 'default', 'user_domain_name': 'Default', 'user_id': 'dfa063530e3340dd8c6ecb935f9cd371', 'system': None}, Network: None, Subnet: None, Router: None
2024-10-22 15:36:08.480 61937 INFO tempest.lib.common.dynamic_creds [-] Created isolated network resources for: credentials: Credentials: {'domain_id': 'default', 'domain_name': 'Default', 'username': 'tempest-QuotasAdminTestJSON-1068642316-project-member', 'project_domain_id': 'default', 'project_domain_name': 'Default', 'project_id': '7691974f178f4de2a78d0ab8e46cd4a1', 'project_name': 'tempest-QuotasAdminTestJSON-1068642316', 'tenant_id': '7691974f178f4de2a78d0ab8e46cd4a1', 'tenant_name': 'tempest-QuotasAdminTestJSON-1068642316', 'user_domain_id': 'default', 'user_domain_name': 'Default', 'user_id': 'dfa063530e3340dd8c6ecb935f9cd371', 'system': None}, Network: None, Subnet: None, Router: None
2024-10-22 15:36:08.556 61965 INFO tempest.lib.common.rest_client [req-52f08c83-2e74-4c84-a029-d307b754d753 req-52f08c83-2e74-4c84-a029-d307b754d753 ] Request (AZV2TestJSON:setUpClass): 201 POST http://10.180.1.21/identity/v3/auth/tokens 0.082s
2024-10-22 15:36:08.589 61921 INFO tempest.lib.common.rest_client [req-437cf249-316a-40cc-a001-4bb9a00274f4 req-437cf249-316a-40cc-a001-4bb9a00274f4 ] Request (ServicesAdminNegativeV253TestJSON:tearDownClass): 204 DELETE http://10.180.1.21/identity/v3/projects/185e433971d34447abd56637da694a24 0.140s
2024-10-22 15:36:08.650 61921 INFO tempest.lib.common.rest_client [req-a45c8a5e-5365-4a6f-86a3-e51cced6c836 req-a45c8a5e-5365-4a6f-86a3-e51cced6c836 ] Request (FlavorsV2NegativeTest:setUpClass): 201 POST http://10.180.1.21/identity/v3/auth/tokens 0.060s
2024-10-22 15:36:08.651 61937 INFO tempest.lib.common.rest_client [req-9912b3fb-61ed-44e9-912d-b0a05e87237d req-9912b3fb-61ed-44e9-912d-b0a05e87237d ] Request (QuotasAdminTestJSON:setUpClass): 201 POST http://10.180.1.21/identity/v3/auth/tokens 0.166s
2024-10-22 15:36:08.668 61933 INFO tempest.lib.common.rest_client [req-56839782-33f3-42d8-aa92-dff59e3a4c4e req-56839782-33f3-42d8-aa92-dff59e3a4c4e ] Request (FloatingIPDetailsTestJSON:setUpClass): 200 POST http://10.180.1.21/compute/v2.1/os-floating-ips 3.573s
2024-10-22 15:36:08.710 61937 INFO tempest.lib.common.rest_client [req-0381bb79-f295-4cf8-b5e4-e122d8f5713b req-0381bb79-f295-4cf8-b5e4-e122d8f5713b ] Request (QuotasAdminTestJSON:setUpClass): 201 POST http://10.180.1.21/identity/v3/projects 0.056s
2024-10-22 15:36:08.716 61921 INFO tempest.lib.common.rest_client [req-c39fa5c6-cd40-476a-9032-88ce2532c296 req-c39fa5c6-cd40-476a-9032-88ce2532c296 ] Request (FlavorsV2NegativeTest:setUpClass): 201 POST http://10.180.1.21/identity/v3/auth/tokens 0.064s
2024-10-22 15:36:08.740 61973 INFO tempest.lib.common.rest_client [req-cfed9ca2-9904-432e-b4bc-8a00b0339298 req-cfed9ca2-9904-432e-b4bc-8a00b0339298 ] Request (FloatingIPsNegativeTestJSON:setUpClass): 200 PUT http://10.180.1.21:9696/networking/v2.0/routers/329bd98f-7842-421f-b993-ae9e4875d0b8/add_router_interface 4.754s
2024-10-22 15:36:08.741 61973 INFO tempest.lib.common.dynamic_creds [-] Created isolated network resources for: credentials: Credentials: {'domain_id': 'default', 'domain_name': 'Default', 'username': 'tempest-FloatingIPsNegativeTestJSON-1696724973-project-member', 'project_domain_id': 'default', 'project_domain_name': 'Default', 'project_id': '86e37b7c224d41409b3af74cfe4646d3', 'project_name': 'tempest-FloatingIPsNegativeTestJSON-1696724973', 'tenant_id': '86e37b7c224d41409b3af74cfe4646d3', 'tenant_name': 'tempest-FloatingIPsNegativeTestJSON-1696724973', 'user_domain_id': 'default', 'user_domain_name': 'Default', 'user_id': 'b5d8fe8700f643cc8be52b1c0225df5c', 'system': None}, Network: {'id': '530948c4-b9b6-4037-8f1c-47d99059c022', 'name': 'tempest-FloatingIPsNegativeTestJSON-1319749903-network', 'tenant_id': '86e37b7c224d41409b3af74cfe4646d3', 'admin_state_up': True, 'mtu': 8950, 'status': 'ACTIVE', 'subnets': [], 'shared': False, 'project_id': '86e37b7c224d41409b3af74cfe4646d3', 'port_security_enabled': True, 'router:external': False, 'provider:network_type': 'vlan', 'provider:physical_network': 'default', 'provider:segmentation_id': 60, 'is_default': False, 'availability_zone_hints': [], 'availability_zones': [], 'ipv4_address_scope': None, 'ipv6_address_scope': None, 'description': '', 'tags': [], 'created_at': '2024-10-22T15:36:02Z', 'updated_at': '2024-10-22T15:36:02Z', 'revision_number': 1}, Subnet: {'id': '203cecf8-df1b-4239-aa99-a9619bc25588', 'name': 'tempest-FloatingIPsNegativeTestJSON-1319749903-subnet', 'tenant_id': '86e37b7c224d41409b3af74cfe4646d3', 'network_id': '530948c4-b9b6-4037-8f1c-47d99059c022', 'ip_version': 4, 'subnetpool_id': None, 'enable_dhcp': True, 'ipv6_ra_mode': None, 'ipv6_address_mode': None, 'gateway_ip': '192.168.128.1', 'cidr': '192.168.128.0/28', 'allocation_pools': [{'start': '192.168.128.2', 'end': '192.168.128.14'}], 'host_routes': [], 'dns_nameservers': [], 'description': '', 'router:external': False, 'service_types': [], 'tags': [], 'created_at': '2024-10-22T15:36:02Z', 'updated_at': '2024-10-22T15:36:02Z', 'revision_number': 0, 'project_id': '86e37b7c224d41409b3af74cfe4646d3'}, Router: {'id': '329bd98f-7842-421f-b993-ae9e4875d0b8', 'name': 'tempest-FloatingIPsNegativeTestJSON-1319749903-router', 'tenant_id': '86e37b7c224d41409b3af74cfe4646d3', 'admin_state_up': True, 'status': 'ACTIVE', 'external_gateway_info': {'network_id': 'd9b6bfac-bff8-44c0-a9c1-9fc6f3e56f0c', 'external_fixed_ips': [{'subnet_id': 'e31c7a6b-929f-4893-bb11-7b60a23f18d8', 'ip_address': '10.180.180.190'}], 'enable_snat': True}, 'description': '', 'availability_zones': [], 'distributed': False, 'ha': False, 'availability_zone_hints': [], 'routes': [], 'flavor_id': None, 'tags': [], 'created_at': '2024-10-22T15:36:02Z', 'updated_at': '2024-10-22T15:36:02Z', 'revision_number': 2, 'project_id': '86e37b7c224d41409b3af74cfe4646d3'}
2024-10-22 15:36:08.873 61915 INFO tempest.lib.common.rest_client [req-d3d6187d-9ced-46f2-a604-ad2bca997314 req-d3d6187d-9ced-46f2-a604-ad2bca997314 ] Request (HostsAdminTestJSON:tearDownClass): 204 DELETE http://10.180.1.21:9696/networking/v2.0/security-groups/d306127d-ca3e-40b1-9d9b-69216637770e 0.447s
2024-10-22 15:36:08.889 61921 INFO tempest.lib.common.rest_client [req-b009a475-7c42-4c0f-bcf8-a3c20cae4d83 req-b009a475-7c42-4c0f-bcf8-a3c20cae4d83 ] Request (FlavorsV2NegativeTest:setUpClass): 200 GET http://10.180.1.21/identity/v3/domains?name=Default 0.172s
2024-10-22 15:36:08.902 61937 INFO tempest.lib.common.rest_client [req-ca4e88e6-e856-42ca-bc8a-c46cb136a02a req-ca4e88e6-e856-42ca-bc8a-c46cb136a02a ] Request (QuotasAdminTestJSON:setUpClass): 201 POST http://10.180.1.21/identity/v3/users 0.191s
2024-10-22 15:36:08.977 61973 INFO tempest.lib.common.rest_client [req-c9092347-0afc-4de8-9283-20d10e9895d1 req-c9092347-0afc-4de8-9283-20d10e9895d1 ] Request (FloatingIPsNegativeTestJSON:setUpClass): 201 POST http://10.180.1.21/identity/v3/auth/tokens 0.229s
2024-10-22 15:36:09.002 61921 INFO tempest.lib.common.rest_client [req-8ecec272-b1dd-49b6-ad24-4b885de55b11 req-8ecec272-b1dd-49b6-ad24-4b885de55b11 ] Request (FlavorsV2NegativeTest:setUpClass): 201 POST http://10.180.1.21/identity/v3/projects 0.111s
2024-10-22 15:36:09.022 61915 INFO tempest.lib.common.rest_client [req-6b855d1c-d3bc-4837-b3c2-039cdffc4982 req-6b855d1c-d3bc-4837-b3c2-039cdffc4982 ] Request (HostsAdminTestJSON:tearDownClass): 204 DELETE http://10.180.1.21/identity/v3/projects/82686e410d024f08914563e4a76bb272 0.148s
2024-10-22 15:36:09.023 61915 INFO tempest.lib.common.dynamic_creds [-] Deleting project and security group for project: bb3588789950488fb2ab916ec2e739f2
2024-10-22 15:36:09.086 61937 INFO tempest.lib.common.rest_client [req-40516c30-9299-46cb-88f9-5b51bd0b35ed req-40516c30-9299-46cb-88f9-5b51bd0b35ed ] Request (QuotasAdminTestJSON:setUpClass): 200 GET http://10.180.1.21/identity/v3/roles 0.183s
2024-10-22 15:36:09.098 61921 INFO tempest.lib.common.rest_client [req-a08e99e1-dd73-481c-a370-d4f1d59f0e83 req-a08e99e1-dd73-481c-a370-d4f1d59f0e83 ] Request (FlavorsV2NegativeTest:setUpClass): 201 POST http://10.180.1.21/identity/v3/users 0.095s
2024-10-22 15:36:09.114 61921 INFO tempest.lib.common.rest_client [req-fe34175f-0bab-479d-a545-0e51804d70ab req-fe34175f-0bab-479d-a545-0e51804d70ab ] Request (FlavorsV2NegativeTest:setUpClass): 200 GET http://10.180.1.21/identity/v3/roles 0.016s
2024-10-22 15:36:09.122 61937 INFO tempest.lib.common.rest_client [req-6d800f11-b24f-47e0-95dc-99ba28dbeae2 req-6d800f11-b24f-47e0-95dc-99ba28dbeae2 ] Request (QuotasAdminTestJSON:setUpClass): 204 PUT http://10.180.1.21/identity/v3/projects/0b4d2a3e76574e08b52bc697bc90062b/users/c6bd4744f30f482a8fa5f55430788b2f/roles/71c179e988fd48b7ae3febcf30d0be07 0.035s
2024-10-22 15:36:09.131 61935 INFO tempest.lib.common.rest_client [req-5029adfe-1c29-4216-97ab-0ac96afef7db req-5029adfe-1c29-4216-97ab-0ac96afef7db ] Request (MultipleCreateTestJSON:test_multiple_create): 200 GET http://10.180.1.21/compute/v2.1/servers/4deb5eaa-e8e2-41cc-aef9-722235e69b95 2.424s
2024-10-22 15:36:09.173 61921 INFO tempest.lib.common.rest_client [req-0051ca4e-3afa-45ba-a035-90c1facb2acb req-0051ca4e-3afa-45ba-a035-90c1facb2acb ] Request (FlavorsV2NegativeTest:setUpClass): 204 PUT http://10.180.1.21/identity/v3/projects/7969bf5dac884d15bad5b3da66900e54/users/d2a1f53a1b2840b6b5feb65974243461/roles/73ed173dfe514a868e88026ca57fcdc0 0.058s
2024-10-22 15:36:09.173 61921 INFO tempest.lib.common.dynamic_creds [-] Dynamic test user d2a1f53a1b2840b6b5feb65974243461 is created with scope project and roles: ['member']
2024-10-22 15:36:09.174 61921 INFO tempest.lib.common.dynamic_creds [-] Acquired dynamic creds: credentials: Credentials: {'domain_id': 'default', 'domain_name': 'Default', 'username': 'tempest-FlavorsV2NegativeTest-2091506839-project-member', 'project_domain_id': 'default', 'project_domain_name': 'Default', 'project_id': '7969bf5dac884d15bad5b3da66900e54', 'project_name': 'tempest-FlavorsV2NegativeTest-2091506839', 'tenant_id': '7969bf5dac884d15bad5b3da66900e54', 'tenant_name': 'tempest-FlavorsV2NegativeTest-2091506839', 'user_domain_id': 'default', 'user_domain_name': 'Default', 'user_id': 'd2a1f53a1b2840b6b5feb65974243461', 'system': None}, Network: None, Subnet: None, Router: None
2024-10-22 15:36:09.174 61921 INFO tempest.lib.common.dynamic_creds [-] Created isolated network resources for: credentials: Credentials: {'domain_id': 'default', 'domain_name': 'Default', 'username': 'tempest-FlavorsV2NegativeTest-2091506839-project-member', 'project_domain_id': 'default', 'project_domain_name': 'Default', 'project_id': '7969bf5dac884d15bad5b3da66900e54', 'project_name': 'tempest-FlavorsV2NegativeTest-2091506839', 'tenant_id': '7969bf5dac884d15bad5b3da66900e54', 'tenant_name': 'tempest-FlavorsV2NegativeTest-2091506839', 'user_domain_id': 'default', 'user_domain_name': 'Default', 'user_id': 'd2a1f53a1b2840b6b5feb65974243461', 'system': None}, Network: None, Subnet: None, Router: None
2024-10-22 15:36:09.175 61955 INFO tempest.lib.common.rest_client [req-6c635a67-16c3-485b-9c26-f672bc2ffcc2 req-6c635a67-16c3-485b-9c26-f672bc2ffcc2 ] Request (VolumesAssistedSnapshotsTest:test_volume_assisted_snapshot_create_delete): 200 GET http://10.180.1.21/volume/v3/volumes/93bd927d-e493-47a3-b249-4eb7f939906b 0.044s
2024-10-22 15:36:09.182 61955 INFO tempest.common.waiters [-] volume 93bd927d-e493-47a3-b249-4eb7f939906b reached available after waiting for 1.182101 seconds
2024-10-22 15:36:09.182 61937 INFO tempest.lib.common.rest_client [req-3c61e27a-4034-4c29-bea7-298efcc17839 req-3c61e27a-4034-4c29-bea7-298efcc17839 ] Request (QuotasAdminTestJSON:setUpClass): 200 GET http://10.180.1.21/identity/v3/roles 0.060s
2024-10-22 15:36:09.208 61978 INFO tempest.lib.common.rest_client [req-5cc8eb6b-7a5f-4893-84ab-f82ec8977d53 req-5cc8eb6b-7a5f-4893-84ab-f82ec8977d53 ] Request (QuotaClassesAdmin257Test:test_update_default_quotas): 200 PUT http://10.180.1.21/compute/v2.1/os-quota-class-sets/default 2.256s
2024-10-22 15:36:09.234 61937 INFO tempest.lib.common.rest_client [req-17e62762-8363-438a-95cb-08b93e264f72 req-17e62762-8363-438a-95cb-08b93e264f72 ] Request (QuotasAdminTestJSON:setUpClass): 204 PUT http://10.180.1.21/identity/v3/projects/0b4d2a3e76574e08b52bc697bc90062b/users/c6bd4744f30f482a8fa5f55430788b2f/roles/71c179e988fd48b7ae3febcf30d0be07 0.052s
2024-10-22 15:36:09.235 61937 INFO tempest.lib.common.dynamic_creds [-] Dynamic test user c6bd4744f30f482a8fa5f55430788b2f is created with scope project and roles: ['admin']
2024-10-22 15:36:09.236 61937 INFO tempest.lib.common.dynamic_creds [-] Acquired dynamic creds: credentials: Credentials: {'domain_id': 'default', 'domain_name': 'Default', 'username': 'tempest-QuotasAdminTestJSON-395878889-project-admin', 'project_domain_id': 'default', 'project_domain_name': 'Default', 'project_id': '0b4d2a3e76574e08b52bc697bc90062b', 'project_name': 'tempest-QuotasAdminTestJSON-395878889', 'tenant_id': '0b4d2a3e76574e08b52bc697bc90062b', 'tenant_name': 'tempest-QuotasAdminTestJSON-395878889', 'user_domain_id': 'default', 'user_domain_name': 'Default', 'user_id': 'c6bd4744f30f482a8fa5f55430788b2f', 'system': None}, Network: None, Subnet: None, Router: None
2024-10-22 15:36:09.236 61937 INFO tempest.lib.common.dynamic_creds [-] Created isolated network resources for: credentials: Credentials: {'domain_id': 'default', 'domain_name': 'Default', 'username': 'tempest-QuotasAdminTestJSON-395878889-project-admin', 'project_domain_id': 'default', 'project_domain_name': 'Default', 'project_id': '0b4d2a3e76574e08b52bc697bc90062b', 'project_name': 'tempest-QuotasAdminTestJSON-395878889', 'tenant_id': '0b4d2a3e76574e08b52bc697bc90062b', 'tenant_name': 'tempest-QuotasAdminTestJSON-395878889', 'user_domain_id': 'default', 'user_domain_name': 'Default', 'user_id': 'c6bd4744f30f482a8fa5f55430788b2f', 'system': None}, Network: None, Subnet: None, Router: None
2024-10-22 15:36:09.253 61953 INFO tempest.lib.common.rest_client [req-dcd63826-d17b-43e0-ae73-b1126fe2be55 req-dcd63826-d17b-43e0-ae73-b1126fe2be55 ] Request (KeyPairsV22TestJSON:test_keypairs_create_list_delete): 201 POST http://10.180.1.21/compute/v2.1/os-keypairs 2.076s
2024-10-22 15:36:09.262 61921 INFO tempest.lib.common.rest_client [req-9d6576ea-29af-458a-bae7-1c33c4007282 req-9d6576ea-29af-458a-bae7-1c33c4007282 ] Request (FlavorsV2NegativeTest:setUpClass): 201 POST http://10.180.1.21/identity/v3/auth/tokens 0.083s
2024-10-22 15:36:09.280 61923 INFO tempest.lib.common.rest_client [req-91dae7ab-23d6-4282-92a5-761e8e56b028 req-91dae7ab-23d6-4282-92a5-761e8e56b028 ] Request (AggregatesAdminNegativeTestJSON:test_aggregate_add_non_exist_host): 404 POST http://10.180.1.21/compute/v2.1/os-aggregates/3/action 2.072s
2024-10-22 15:36:09.290 61931 INFO tempest.lib.common.rest_client [req-84248a79-25e2-4c1b-9061-77d471ea1102 req-84248a79-25e2-4c1b-9061-77d471ea1102 ] Request (HostsAdminNegativeTestJSON:test_startup_nonexistent_host): 404 GET http://10.180.1.21/compute/v2.1/os-hosts/nonexistent_hostname/startup 2.072s
2024-10-22 15:36:09.308 61929 INFO tempest.lib.common.rest_client [req-84af2198-5a69-4063-96de-57a0e7b20f56 req-84af2198-5a69-4063-96de-57a0e7b20f56 ] Request (FlavorsAccessTestJSON:_run_cleanups): 200 GET http://10.180.1.21/compute/v2.1/flavors/detail 1.881s
2024-10-22 15:36:09.339 61937 INFO tempest.lib.common.rest_client [req-5b222df4-aea0-4854-9ba1-5112bdd51f7b req-5b222df4-aea0-4854-9ba1-5112bdd51f7b ] Request (QuotasAdminTestJSON:setUpClass): 201 POST http://10.180.1.21/identity/v3/auth/tokens 0.097s
2024-10-22 15:36:09.339 61969 INFO tempest.lib.common.rest_client [req-ddd1a55c-8565-4c0d-9afa-e56db4dc5695 req-ddd1a55c-8565-4c0d-9afa-e56db4dc5695 ] Request (ValidationResourcesFixture:setUp): 200 POST http://10.180.1.21/compute/v2.1/os-keypairs 1.879s
2024-10-22 15:36:09.340 61937 WARNING tempest.lib.common.rest_client [-] Deprecated: "tenant_id" property is deprecated for removal, use "project_id" instead
2024-10-22 15:36:09.347 61961 INFO tempest.lib.common.rest_client [req-b4368142-9337-4ef0-a774-4691f9582c99 req-b4368142-9337-4ef0-a774-4691f9582c99 ] Request (SecurityGroupsTestJSON:test_list_security_groups_by_server): 200 POST http://10.180.1.21/compute/v2.1/os-security-groups 2.507s
2024-10-22 15:36:09.357 61925 INFO tempest.lib.common.rest_client [req-136ecaa7-ed4a-40a0-a884-32bb2f38e34a req-136ecaa7-ed4a-40a0-a884-32bb2f38e34a ] Request (FlavorsAccessNegativeTestJSON:test_flavor_non_admin_add): 200 POST http://10.180.1.21/compute/v2.1/flavors 1.874s
2024-10-22 15:36:09.359 61939 INFO tempest.lib.common.rest_client [req-70bcbc33-7967-43d9-981b-5606e18b6d94 req-70bcbc33-7967-43d9-981b-5606e18b6d94 ] Request (FlavorsExtraSpecsTestJSON:test_flavor_set_get_update_show_unset_keys): 200 GET http://10.180.1.21/compute/v2.1/flavors/2084584134/os-extra_specs 1.859s
2024-10-22 15:36:09.371 61949 INFO tempest.lib.common.rest_client [req-7d191235-7d2b-464d-b744-27ff66616db1 req-7d191235-7d2b-464d-b744-27ff66616db1 ] Request (FlavorsAdminTestJSON:_run_cleanups): 202 DELETE http://10.180.1.21/compute/v2.1/flavors/5f3293ce-4e31-431c-8f54-5beb7b9739b4 1.852s
2024-10-22 15:36:09.446 61929 INFO tempest.lib.common.rest_client [req-b0b671ad-e976-4e3d-8ecd-9af10821ee0d req-b0b671ad-e976-4e3d-8ecd-9af10821ee0d ] Request (FlavorsAccessTestJSON:tearDownClass): 204 DELETE http://10.180.1.21/identity/v3/users/7de5d3fe1b044bcfa2f829be98b06212 0.131s
2024-10-22 15:36:09.481 61945 INFO tempest.lib.common.rest_client [req-d4b4ec06-e4a7-4de1-97b6-a46e218bfd43 req-d4b4ec06-e4a7-4de1-97b6-a46e218bfd43 ] Request (DeleteServersAdminTestJSON:test_admin_delete_servers_of_others): 200 GET http://10.180.1.21/compute/v2.1/servers/92d3ea1d-8a72-4f4b-87be-70367170d933 1.676s
2024-10-22 15:36:09.489 61942 INFO tempest.lib.common.rest_client [req-c504561d-f960-418f-90c9-898accdb2301 req-c504561d-f960-418f-90c9-898accdb2301 ] Request (QuotasAdminNegativeTest:test_update_quota_normal_user): 403 PUT http://10.180.1.21/compute/v2.1/os-quota-sets/cb3664e53bae47ceb61f8d12647a68f2 1.502s
2024-10-22 15:36:09.564 61929 INFO tempest.lib.common.rest_client [req-db69ba59-46e8-4e9c-81cb-a23d783f5c83 req-db69ba59-46e8-4e9c-81cb-a23d783f5c83 ] Request (FlavorsAccessTestJSON:tearDownClass): 204 DELETE http://10.180.1.21/identity/v3/users/ec64a2c84ea6479590162e734ff15a24 0.117s
2024-10-22 15:36:09.564 61929 INFO tempest.lib.common.dynamic_creds [-] Deleting project and security group for project: 73e5056f74424f1e83f3342e68d5b9e9
2024-10-22 15:36:09.571 61927 INFO tempest.lib.common.rest_client [req-b08d54fe-74d6-4b2d-95ea-792e087070d2 req-b08d54fe-74d6-4b2d-95ea-792e087070d2 ] Request (ServerDiagnosticsTest:test_get_server_diagnostics): 200 GET http://10.180.1.21/compute/v2.1/servers/c741026a-6cd4-49c8-8604-f67cf7189c8a 1.496s
2024-10-22 15:36:09.643 61915 INFO tempest.lib.common.rest_client [req-df171b8b-fd3a-4af1-a2be-27f1a8df4411 req-df171b8b-fd3a-4af1-a2be-27f1a8df4411 ] Request (HostsAdminTestJSON:tearDownClass): 200 GET http://10.180.1.21:9696/networking/v2.0/security-groups?tenant_id=bb3588789950488fb2ab916ec2e739f2&name=default 0.619s
2024-10-22 15:36:09.645 61929 INFO tempest.lib.common.rest_client [req-082992f9-530e-4a9a-87ff-a8eca019d4cc req-082992f9-530e-4a9a-87ff-a8eca019d4cc ] Request (FlavorsAccessTestJSON:tearDownClass): 201 POST http://10.180.1.21/identity/v3/auth/tokens 0.081s
2024-10-22 15:36:09.667 61942 INFO tempest.lib.common.rest_client [req-8e91aeec-c516-4242-907c-611bf4db7eea req-8e91aeec-c516-4242-907c-611bf4db7eea ] Request (QuotasAdminNegativeTest:tearDownClass): 204 DELETE http://10.180.1.21/identity/v3/users/6daf0a5423f54fd68b4c3fb02895d46a 0.177s
2024-10-22 15:36:09.674 61951 INFO tempest.lib.common.rest_client [req-3b820397-6811-4430-9695-b686326df21a req-3b820397-6811-4430-9695-b686326df21a ] Request (ServerDiagnosticsNegativeTest:test_get_server_diagnostics_by_non_admin): 200 GET http://10.180.1.21/compute/v2.1/servers/9a03a74b-7fad-4338-ae6f-82c493cd44e3 1.366s
2024-10-22 15:36:09.799 61942 INFO tempest.lib.common.rest_client [req-0cc39b3b-d813-4c98-bf60-b71a1f0145be req-0cc39b3b-d813-4c98-bf60-b71a1f0145be ] Request (QuotasAdminNegativeTest:tearDownClass): 204 DELETE http://10.180.1.21/identity/v3/users/1c8a7b0d421547ef9cba41ae4213c76c 0.130s
2024-10-22 15:36:09.799 61942 INFO tempest.lib.common.dynamic_creds [-] Deleting project and security group for project: d128b079a7a84435981abbaac156089e
2024-10-22 15:36:09.891 61942 INFO tempest.lib.common.rest_client [req-e1daea98-36ca-4f63-86e4-edb00fbc3f45 req-e1daea98-36ca-4f63-86e4-edb00fbc3f45 ] Request (QuotasAdminNegativeTest:tearDownClass): 201 POST http://10.180.1.21/identity/v3/auth/tokens 0.091s
2024-10-22 15:36:09.951 61969 INFO tempest.lib.common.rest_client [req-a4ed5d02-ee3e-454a-bec5-4af6c3224f6f req-a4ed5d02-ee3e-454a-bec5-4af6c3224f6f ] Request (ValidationResourcesFixture:setUp): 201 POST http://10.180.1.21:9696/networking/v2.0/security-groups 0.610s
2024-10-22 15:36:10.169 61969 INFO tempest.lib.common.rest_client [req-382f633f-2b7f-4744-90d9-4cb5e1aa72cb req-382f633f-2b7f-4744-90d9-4cb5e1aa72cb ] Request (ValidationResourcesFixture:setUp): 201 POST http://10.180.1.21:9696/networking/v2.0/security-group-rules 0.217s
2024-10-22 15:36:10.178 61942 INFO tempest.lib.common.rest_client [req-a108cd94-7b6b-424a-b871-e8bf225f9bfc req-a108cd94-7b6b-424a-b871-e8bf225f9bfc ] Request (QuotasAdminNegativeTest:tearDownClass): 200 GET http://10.180.1.21:9696/networking/v2.0/security-groups?tenant_id=d128b079a7a84435981abbaac156089e&name=default 0.286s
2024-10-22 15:36:10.228 61947 INFO tempest.lib.common.rest_client [req-37560961-49fb-4adc-bd80-5348fe63a4fd req-37560961-49fb-4adc-bd80-5348fe63a4fd ] Request (FloatingIPsTestJSON:setUpClass): 200 PUT http://10.180.1.21:9696/networking/v2.0/routers/241f168b-3bf3-4484-a775-d970771cf395/add_router_interface 4.680s
2024-10-22 15:36:10.229 61947 INFO tempest.lib.common.dynamic_creds [-] Created isolated network resources for: credentials: Credentials: {'domain_id': 'default', 'domain_name': 'Default', 'username': 'tempest-FloatingIPsTestJSON-1143660954-project-member', 'project_domain_id': 'default', 'project_domain_name': 'Default', 'project_id': 'af40af3f1a4e4c438865697e26590faa', 'project_name': 'tempest-FloatingIPsTestJSON-1143660954', 'tenant_id': 'af40af3f1a4e4c438865697e26590faa', 'tenant_name': 'tempest-FloatingIPsTestJSON-1143660954', 'user_domain_id': 'default', 'user_domain_name': 'Default', 'user_id': 'd949c45065a14ed48b19adea5c6e78a3', 'system': None}, Network: {'id': 'c8a0f626-4769-45e0-a8bf-78f1ec6b422b', 'name': 'tempest-FloatingIPsTestJSON-1641602314-network', 'tenant_id': 'af40af3f1a4e4c438865697e26590faa', 'admin_state_up': True, 'mtu': 8950, 'status': 'ACTIVE', 'subnets': [], 'shared': False, 'project_id': 'af40af3f1a4e4c438865697e26590faa', 'port_security_enabled': True, 'router:external': False, 'provider:network_type': 'vlan', 'provider:physical_network': 'default', 'provider:segmentation_id': 604, 'is_default': False, 'availability_zone_hints': [], 'availability_zones': [], 'ipv4_address_scope': None, 'ipv6_address_scope': None, 'description': '', 'tags': [], 'created_at': '2024-10-22T15:36:01Z', 'updated_at': '2024-10-22T15:36:01Z', 'revision_number': 1}, Subnet: {'id': '5832bc15-78d1-4f69-8700-38b75605ac10', 'name': 'tempest-FloatingIPsTestJSON-1641602314-subnet', 'tenant_id': 'af40af3f1a4e4c438865697e26590faa', 'network_id': 'c8a0f626-4769-45e0-a8bf-78f1ec6b422b', 'ip_version': 4, 'subnetpool_id': None, 'enable_dhcp': True, 'ipv6_ra_mode': None, 'ipv6_address_mode': None, 'gateway_ip': '192.168.128.1', 'cidr': '192.168.128.0/28', 'allocation_pools': [{'start': '192.168.128.2', 'end': '192.168.128.14'}], 'host_routes': [], 'dns_nameservers': [], 'description': '', 'router:external': False, 'service_types': [], 'tags': [], 'created_at': '2024-10-22T15:36:01Z', 'updated_at': '2024-10-22T15:36:01Z', 'revision_number': 0, 'project_id': 'af40af3f1a4e4c438865697e26590faa'}, Router: {'id': '241f168b-3bf3-4484-a775-d970771cf395', 'name': 'tempest-FloatingIPsTestJSON-1641602314-router', 'tenant_id': 'af40af3f1a4e4c438865697e26590faa', 'admin_state_up': True, 'status': 'ACTIVE', 'external_gateway_info': {'network_id': 'd9b6bfac-bff8-44c0-a9c1-9fc6f3e56f0c', 'external_fixed_ips': [{'subnet_id': 'e31c7a6b-929f-4893-bb11-7b60a23f18d8', 'ip_address': '10.180.180.141'}], 'enable_snat': True}, 'description': '', 'availability_zones': [], 'distributed': False, 'ha': False, 'availability_zone_hints': [], 'routes': [], 'flavor_id': None, 'tags': [], 'created_at': '2024-10-22T15:36:02Z', 'updated_at': '2024-10-22T15:36:03Z', 'revision_number': 2, 'project_id': 'af40af3f1a4e4c438865697e26590faa'}
2024-10-22 15:36:10.333 61947 INFO tempest.lib.common.rest_client [req-c270fe35-c3fc-4891-822d-28218af22abf req-c270fe35-c3fc-4891-822d-28218af22abf ] Request (FloatingIPsTestJSON:setUpClass): 201 POST http://10.180.1.21/identity/v3/auth/tokens 0.099s
2024-10-22 15:36:10.336 61915 INFO tempest.lib.common.rest_client [req-8c75dd2a-97d7-4b58-8a08-f371c39ed8fe req-8c75dd2a-97d7-4b58-8a08-f371c39ed8fe ] Request (HostsAdminTestJSON:tearDownClass): 204 DELETE http://10.180.1.21:9696/networking/v2.0/security-groups/b2d989e1-496c-4b80-b4e2-07697e7b149a 0.693s
2024-10-22 15:36:10.358 61942 INFO tempest.lib.common.rest_client [req-7ab2e4a4-93d1-4406-a54a-977d860313b5 req-7ab2e4a4-93d1-4406-a54a-977d860313b5 ] Request (QuotasAdminNegativeTest:tearDownClass): 204 DELETE http://10.180.1.21:9696/networking/v2.0/security-groups/af93397b-60ad-4d22-8009-0afda8987d20 0.179s
2024-10-22 15:36:10.376 61967 INFO tempest.lib.common.rest_client [req-8b42fa86-e2db-4038-94cd-5b552bb2938c req-8b42fa86-e2db-4038-94cd-5b552bb2938c ] Request (ServerDiagnosticsV248Test:test_get_server_diagnostics): 200 GET http://10.180.1.21/compute/v2.1/servers/767c2c81-2508-4dcd-97d7-28726c2c6d31/diagnostics 1.969s
2024-10-22 15:36:10.391 61969 INFO tempest.lib.common.rest_client [req-77c01c6d-03a6-406f-bc4a-6f8ac9a7631a req-77c01c6d-03a6-406f-bc4a-6f8ac9a7631a ] Request (ValidationResourcesFixture:setUp): 201 POST http://10.180.1.21:9696/networking/v2.0/security-group-rules 0.222s
2024-10-22 15:36:10.419 61915 INFO tempest.lib.common.rest_client [req-d7c61c82-3f2f-4cdc-8462-5949951ac773 req-d7c61c82-3f2f-4cdc-8462-5949951ac773 ] Request (HostsAdminTestJSON:tearDownClass): 204 DELETE http://10.180.1.21/identity/v3/projects/bb3588789950488fb2ab916ec2e739f2 0.083s
2024-10-22 15:36:10.429 61942 INFO tempest.lib.common.rest_client [req-776d70e1-1ce5-48ee-b848-a00a5b6b2370 req-776d70e1-1ce5-48ee-b848-a00a5b6b2370 ] Request (QuotasAdminNegativeTest:tearDownClass): 204 DELETE http://10.180.1.21/identity/v3/projects/d128b079a7a84435981abbaac156089e 0.070s
2024-10-22 15:36:10.429 61942 INFO tempest.lib.common.dynamic_creds [-] Deleting project and security group for project: cb3664e53bae47ceb61f8d12647a68f2
2024-10-22 15:36:10.489 61915 INFO tempest.lib.common.rest_client [req-053143eb-c759-4692-88d5-01960023a1af req-053143eb-c759-4692-88d5-01960023a1af ] Request (VolumesAdminNegativeTest:setUpClass): 201 POST http://10.180.1.21/identity/v3/auth/tokens 0.068s
2024-10-22 15:36:10.515 61929 INFO tempest.lib.common.rest_client [req-37563751-ddba-4e6f-bc54-d2b1007f163a req-37563751-ddba-4e6f-bc54-d2b1007f163a ] Request (FlavorsAccessTestJSON:tearDownClass): 200 GET http://10.180.1.21:9696/networking/v2.0/security-groups?tenant_id=73e5056f74424f1e83f3342e68d5b9e9&name=default 0.869s
2024-10-22 15:36:10.528 61915 INFO tempest.lib.common.rest_client [req-f3f3e13f-9ff2-49c8-ab18-e8076db93904 req-f3f3e13f-9ff2-49c8-ab18-e8076db93904 ] Request (VolumesAdminNegativeTest:setUpClass): 201 POST http://10.180.1.21/identity/v3/auth/tokens 0.036s
2024-10-22 15:36:10.555 61915 INFO tempest.lib.common.rest_client [req-44d2a0df-33a0-42cf-b2c0-57c5b98a7b29 req-44d2a0df-33a0-42cf-b2c0-57c5b98a7b29 ] Request (VolumesAdminNegativeTest:setUpClass): 200 GET http://10.180.1.21/identity/v3/domains?name=Default 0.026s
2024-10-22 15:36:10.594 61915 INFO tempest.lib.common.rest_client [req-9c74833a-bfb6-4ea6-8c38-7e82e5b96939 req-9c74833a-bfb6-4ea6-8c38-7e82e5b96939 ] Request (VolumesAdminNegativeTest:setUpClass): 201 POST http://10.180.1.21/identity/v3/projects 0.038s
2024-10-22 15:36:10.624 61975 INFO tempest.lib.common.rest_client [req-2c5cc8c6-f748-43d0-a3b0-d1c3f7712bfa req-2c5cc8c6-f748-43d0-a3b0-d1c3f7712bfa ] Request (ListServerFiltersTestJSON:setUpClass): 202 POST http://10.180.1.21/compute/v2.1/servers 3.058s
2024-10-22 15:36:10.662 61915 INFO tempest.lib.common.rest_client [req-e7731d53-1440-4795-a733-249ce941474f req-e7731d53-1440-4795-a733-249ce941474f ] Request (VolumesAdminNegativeTest:setUpClass): 201 POST http://10.180.1.21/identity/v3/users 0.066s
2024-10-22 15:36:10.733 61975 INFO tempest.lib.common.rest_client [req-8bd641bc-66ef-4abb-bc22-155b820ad27a req-8bd641bc-66ef-4abb-bc22-155b820ad27a ] Request (ListServerFiltersTestJSON:setUpClass): 201 POST http://10.180.1.21/identity/v3/auth/tokens 0.102s
2024-10-22 15:36:10.733 61975 INFO tempest.lib.common.fixed_network [-] (ListServerFiltersTestJSON:setUpClass) Found network {'id': '6b850e2e-d5f2-4f0c-a010-381ddb911ac0', 'name': 'tempest-ListServerFiltersTestJSON-26034433-network', 'tenant_id': '8beeea85c1074df2a9eac7339fdad0cf', 'admin_state_up': True, 'mtu': 8950, 'status': 'ACTIVE', 'subnets': [], 'shared': False, 'project_id': '8beeea85c1074df2a9eac7339fdad0cf', 'port_security_enabled': True, 'router:external': False, 'provider:network_type': 'vlan', 'provider:physical_network': 'default', 'provider:segmentation_id': 430, 'is_default': False, 'availability_zone_hints': [], 'availability_zones': [], 'ipv4_address_scope': None, 'ipv6_address_scope': None, 'description': '', 'tags': [], 'created_at': '2024-10-22T15:36:05Z', 'updated_at': '2024-10-22T15:36:05Z', 'revision_number': 1} available for tenant
2024-10-22 15:36:10.761 61915 INFO tempest.lib.common.rest_client [req-e5adea39-4266-482d-979e-c18341080c13 req-e5adea39-4266-482d-979e-c18341080c13 ] Request (VolumesAdminNegativeTest:setUpClass): 200 GET http://10.180.1.21/identity/v3/roles 0.099s
2024-10-22 15:36:10.827 61915 INFO tempest.lib.common.rest_client [req-c0099383-7896-49fd-8b5e-12fbf6b6c6c9 req-c0099383-7896-49fd-8b5e-12fbf6b6c6c9 ] Request (VolumesAdminNegativeTest:setUpClass): 204 PUT http://10.180.1.21/identity/v3/projects/abf6ecd1a0b94fa1b2e085bb6fdef2c2/users/07695904a1d6484e9890f7a83d0252fa/roles/73ed173dfe514a868e88026ca57fcdc0 0.063s
2024-10-22 15:36:10.827 61915 INFO tempest.lib.common.dynamic_creds [-] Dynamic test user 07695904a1d6484e9890f7a83d0252fa is created with scope project and roles: ['member']
2024-10-22 15:36:10.827 61915 INFO tempest.lib.common.dynamic_creds [-] Acquired dynamic creds: credentials: Credentials: {'domain_id': 'default', 'domain_name': 'Default', 'username': 'tempest-VolumesAdminNegativeTest-569099347-project-member', 'project_domain_id': 'default', 'project_domain_name': 'Default', 'project_id': 'abf6ecd1a0b94fa1b2e085bb6fdef2c2', 'project_name': 'tempest-VolumesAdminNegativeTest-569099347', 'tenant_id': 'abf6ecd1a0b94fa1b2e085bb6fdef2c2', 'tenant_name': 'tempest-VolumesAdminNegativeTest-569099347', 'user_domain_id': 'default', 'user_domain_name': 'Default', 'user_id': '07695904a1d6484e9890f7a83d0252fa', 'system': None}, Network: None, Subnet: None, Router: None
2024-10-22 15:36:10.835 61929 INFO tempest.lib.common.rest_client [req-1a455869-f968-4872-b8bb-1125efc4eaad req-1a455869-f968-4872-b8bb-1125efc4eaad ] Request (FlavorsAccessTestJSON:tearDownClass): 204 DELETE http://10.180.1.21:9696/networking/v2.0/security-groups/7819d94e-42ac-4969-8403-8d8cebfbd700 0.320s
2024-10-22 15:36:10.835 61965 INFO tempest.lib.common.rest_client [req-0bc15f43-614d-4c0d-9002-73deb5db7373 req-0bc15f43-614d-4c0d-9002-73deb5db7373 ] Request (AZV2TestJSON:test_get_availability_zone_list_with_non_admin_user): 200 GET http://10.180.1.21/compute/v2.1/os-availability-zone 2.278s
2024-10-22 15:36:10.887 61957 INFO tempest.lib.common.rest_client [req-2e976b83-9a1a-4f4c-8fc9-0c7d63a686f0 req-2e976b83-9a1a-4f4c-8fc9-0c7d63a686f0 ] Request (InstanceActionsNegativeTestJSON:setUpClass): 200 GET http://10.180.1.21/compute/v2.1/servers/368c44e8-756c-4b11-8a63-9f69e007769c 2.473s
2024-10-22 15:36:10.898 61957 INFO tempest.common.waiters [-] State transition "BUILD/None" ==> "BUILD/spawning" after 14 second wait
2024-10-22 15:36:10.919 61942 INFO tempest.lib.common.rest_client [req-ccacabe9-1a5a-454c-bebb-ad0f11abe0e2 req-ccacabe9-1a5a-454c-bebb-ad0f11abe0e2 ] Request (QuotasAdminNegativeTest:tearDownClass): 200 GET http://10.180.1.21:9696/networking/v2.0/security-groups?tenant_id=cb3664e53bae47ceb61f8d12647a68f2&name=default 0.490s
2024-10-22 15:36:10.928 61915 INFO tempest.lib.common.rest_client [req-ff153bf9-e7d1-4cd2-a7a3-071ef8ebee7b req-ff153bf9-e7d1-4cd2-a7a3-071ef8ebee7b ] Request (VolumesAdminNegativeTest:setUpClass): 201 POST http://10.180.1.21/identity/v3/auth/tokens 0.100s
2024-10-22 15:36:10.998 61929 INFO tempest.lib.common.rest_client [req-de919ca7-4bbe-493e-9fe3-4ab1be5220b6 req-de919ca7-4bbe-493e-9fe3-4ab1be5220b6 ] Request (FlavorsAccessTestJSON:tearDownClass): 204 DELETE http://10.180.1.21/identity/v3/projects/73e5056f74424f1e83f3342e68d5b9e9 0.163s
2024-10-22 15:36:10.998 61929 INFO tempest.lib.common.dynamic_creds [-] Deleting project and security group for project: 1bfe9aa75b824dc09a2b1ddde1b41141
2024-10-22 15:36:11.016 61965 INFO tempest.lib.common.rest_client [req-b62ff8a0-de4f-4770-891b-38dc804b5080 req-b62ff8a0-de4f-4770-891b-38dc804b5080 ] Request (AZV2TestJSON:tearDownClass): 204 DELETE http://10.180.1.21/identity/v3/users/1702851e34fb4f8db65681703546771b 0.178s
2024-10-22 15:36:11.017 61965 INFO tempest.lib.common.dynamic_creds [-] Deleting project and security group for project: e10e897f55a0435db66f46ca9f5b42d4
2024-10-22 15:36:11.046 61971 INFO tempest.lib.common.rest_client [req-313b3715-9e35-4113-9b7d-5892e7579f9c req-313b3715-9e35-4113-9b7d-5892e7579f9c ] Request (MigrationsAdminTest:test_list_migrations_in_flavor_resize_situation): 200 GET http://10.180.1.21/compute/v2.1/servers/68e5fc5b-a843-4f49-a903-4ed145d63fd7 2.398s
2024-10-22 15:36:11.053 61971 INFO tempest.common.waiters [-] State transition "BUILD/None" ==> "BUILD/networking" after 14 second wait
2024-10-22 15:36:11.094 61965 INFO tempest.lib.common.rest_client [req-f9adb4f6-ffcd-47cd-b528-d5931b6bf531 req-f9adb4f6-ffcd-47cd-b528-d5931b6bf531 ] Request (AZV2TestJSON:tearDownClass): 201 POST http://10.180.1.21/identity/v3/auth/tokens 0.077s
2024-10-22 15:36:11.206 61963 INFO tempest.lib.common.rest_client [req-d72a8fc1-9240-47ce-897a-36e11a16f571 req-d72a8fc1-9240-47ce-897a-36e11a16f571 ] Request (ServersTestBootFromVolume:setUpClass): 201 POST http://10.180.1.21:9696/networking/v2.0/routers 3.552s
2024-10-22 15:36:11.262 61973 INFO tempest.lib.common.rest_client [req-c887ef42-28d6-4830-b3c8-9efcccc2d027 req-c887ef42-28d6-4830-b3c8-9efcccc2d027 ] Request (FloatingIPsNegativeTestJSON:setUpClass): 200 GET http://10.180.1.21/compute/v2.1/os-floating-ips 2.284s
2024-10-22 15:36:11.333 61917 INFO tempest.lib.common.rest_client [req-564a206e-60ee-443e-b0d9-bc2a997fe2a5 req-564a206e-60ee-443e-b0d9-bc2a997fe2a5 ] Request (TenantUsagesTestJSON:setUpClass): 200 GET http://10.180.1.21/compute/v2.1/servers/199ab8b8-15d8-47b3-8e72-d3995047cb45 2.203s
2024-10-22 15:36:11.438 61942 INFO tempest.lib.common.rest_client [req-8bea5a09-64ef-4a0f-baff-6606964279a6 req-8bea5a09-64ef-4a0f-baff-6606964279a6 ] Request (QuotasAdminNegativeTest:tearDownClass): 204 DELETE http://10.180.1.21:9696/networking/v2.0/security-groups/6db6a802-4062-462c-ac8c-33f36b7e7c0b 0.518s
2024-10-22 15:36:11.438 61955 INFO tempest.lib.common.rest_client [req-430117ea-4a08-46da-899d-f0b5091026af req-430117ea-4a08-46da-899d-f0b5091026af ] Request (VolumesAssistedSnapshotsTest:test_volume_assisted_snapshot_create_delete): 200 POST http://10.180.1.21/compute/v2.1/os-keypairs 2.255s
2024-10-22 15:36:11.453 61978 INFO tempest.lib.common.rest_client [req-3799fe33-3e3e-40a5-bbfa-b0adc11d5d3b req-3799fe33-3e3e-40a5-bbfa-b0adc11d5d3b ] Request (QuotaClassesAdmin257Test:test_update_default_quotas): 200 GET http://10.180.1.21/compute/v2.1/os-quota-class-sets/default 2.243s
2024-10-22 15:36:11.490 61953 INFO tempest.lib.common.rest_client [req-ca545181-e577-4ad7-b6fa-a47718dd5a04 req-ca545181-e577-4ad7-b6fa-a47718dd5a04 ] Request (KeyPairsV22TestJSON:test_keypairs_create_list_delete): 201 POST http://10.180.1.21/compute/v2.1/os-keypairs 2.235s
2024-10-22 15:36:11.513 61942 INFO tempest.lib.common.rest_client [req-2c345b68-da24-46d8-a138-08a2bf6dc8ef req-2c345b68-da24-46d8-a138-08a2bf6dc8ef ] Request (QuotasAdminNegativeTest:tearDownClass): 204 DELETE http://10.180.1.21/identity/v3/projects/cb3664e53bae47ceb61f8d12647a68f2 0.074s
2024-10-22 15:36:11.563 61929 INFO tempest.lib.common.rest_client [req-9420123e-71f9-4f27-a7b0-802c2193a7ff req-9420123e-71f9-4f27-a7b0-802c2193a7ff ] Request (FlavorsAccessTestJSON:tearDownClass): 200 GET http://10.180.1.21:9696/networking/v2.0/security-groups?tenant_id=1bfe9aa75b824dc09a2b1ddde1b41141&name=default 0.563s
2024-10-22 15:36:11.572 61919 INFO tempest.lib.common.rest_client [req-0d6b4ae0-ece6-4baa-ad80-225857bc70f3 req-0d6b4ae0-ece6-4baa-ad80-225857bc70f3 ] Request (ServerExternalEventsTest:test_create_server_external_events): 200 GET http://10.180.1.21/compute/v2.1/servers/c72ac06b-b114-4c5e-af9f-fd7dfc880a34 2.311s
2024-10-22 15:36:11.580 61942 INFO tempest.lib.common.rest_client [req-fa51bf41-b16d-4388-ae0e-1b7f8e803be1 req-fa51bf41-b16d-4388-ae0e-1b7f8e803be1 ] Request (ImagesTestJSON:setUpClass): 201 POST http://10.180.1.21/identity/v3/auth/tokens 0.065s
2024-10-22 15:36:11.610 61942 INFO tempest.lib.common.rest_client [req-202f11cc-3013-43a2-bc18-0a2524512266 req-202f11cc-3013-43a2-bc18-0a2524512266 ] Request (ImagesTestJSON:setUpClass): 201 POST http://10.180.1.21/identity/v3/auth/tokens 0.028s
2024-10-22 15:36:11.638 61942 INFO tempest.lib.common.rest_client [req-fb70f8ae-dd22-42e2-95b8-8f5c0d455308 req-fb70f8ae-dd22-42e2-95b8-8f5c0d455308 ] Request (ImagesTestJSON:setUpClass): 200 GET http://10.180.1.21/identity/v3/domains?name=Default 0.027s
2024-10-22 15:36:11.668 61942 INFO tempest.lib.common.rest_client [req-2a7670aa-bae0-4f3b-9792-e22ba5bad2c6 req-2a7670aa-bae0-4f3b-9792-e22ba5bad2c6 ] Request (ImagesTestJSON:setUpClass): 201 POST http://10.180.1.21/identity/v3/projects 0.029s
2024-10-22 15:36:11.684 61921 INFO tempest.lib.common.rest_client [req-00b3ef87-0cf9-4e25-a29d-46cebdb78389 req-00b3ef87-0cf9-4e25-a29d-46cebdb78389 ] Request (FlavorsV2NegativeTest:test_boot_with_low_ram): 200 GET http://10.180.1.21/compute/v2.1/flavors/42 2.421s
2024-10-22 15:36:11.710 61923 INFO tempest.lib.common.rest_client [req-d2f90301-01de-49cb-8c45-09c0c9923cab req-d2f90301-01de-49cb-8c45-09c0c9923cab ] Request (AggregatesAdminNegativeTestJSON:_run_cleanups): 200 DELETE http://10.180.1.21/compute/v2.1/os-aggregates/3 2.430s
2024-10-22 15:36:11.717 61931 INFO tempest.lib.common.rest_client [req-34169862-534b-4b51-b6c8-bd5db0749648 req-34169862-534b-4b51-b6c8-bd5db0749648 ] Request (HostsAdminNegativeTestJSON:test_update_host_with_invalid_maintenance_mode): 400 PUT http://10.180.1.21/compute/v2.1/os-hosts/devstack 2.425s
2024-10-22 15:36:11.755 61942 INFO tempest.lib.common.rest_client [req-a66e76b0-16e9-4b2c-aaec-37a42d0bb190 req-a66e76b0-16e9-4b2c-aaec-37a42d0bb190 ] Request (ImagesTestJSON:setUpClass): 201 POST http://10.180.1.21/identity/v3/users 0.087s
2024-10-22 15:36:11.769 61965 INFO tempest.lib.common.rest_client [req-682347a7-17d7-4873-adaf-55645133c87c req-682347a7-17d7-4873-adaf-55645133c87c ] Request (AZV2TestJSON:tearDownClass): 200 GET http://10.180.1.21:9696/networking/v2.0/security-groups?tenant_id=e10e897f55a0435db66f46ca9f5b42d4&name=default 0.675s
2024-10-22 15:36:11.775 61942 INFO tempest.lib.common.rest_client [req-0691e8a6-3937-4114-b650-b4ebcbff7f6a req-0691e8a6-3937-4114-b650-b4ebcbff7f6a ] Request (ImagesTestJSON:setUpClass): 200 GET http://10.180.1.21/identity/v3/roles 0.019s
2024-10-22 15:36:11.813 61942 INFO tempest.lib.common.rest_client [req-90a9fff7-e911-4662-b53d-6d59580a5d20 req-90a9fff7-e911-4662-b53d-6d59580a5d20 ] Request (ImagesTestJSON:setUpClass): 204 PUT http://10.180.1.21/identity/v3/projects/e97d3c0049d747fe80907ef09f3ed754/users/ab719482a69c4ba2b0725bb68a05930c/roles/73ed173dfe514a868e88026ca57fcdc0 0.038s
