2024-10-22 15:35:55.527 61961 INFO tempest.lib.common.rest_client [req-ae66ada9-7370-4426-8c31-56c2a449d6b6 req-ae66ada9-7370-4426-8c31-56c2a449d6b6 ] Request (InstanceUsageAuditLogTestJSON:tearDownClass): 204 DELETE http://10.180.1.21/identity/v3/users/fb501a9ffc7a47cb922c9e0e0340e2a8 0.120s
2024-10-22 15:35:55.527 61961 INFO tempest.lib.common.dynamic_creds [-] Deleting project and security group for project: 27d132054dad4ca6b7a6e0a4e581726f
2024-10-22 15:35:55.593 61953 INFO tempest.lib.common.rest_client [req-50bb7672-c122-45f1-ab44-9160264cda6e req-50bb7672-c122-45f1-ab44-9160264cda6e ] Request (KeyPairsV22TestJSON:setUpClass): 204 PUT http://10.180.1.21/identity/v3/projects/3a5d393ac1494020a289a21fd79aa298/users/e84366a4f17c498ba5940f277e2dc389/roles/73ed173dfe514a868e88026ca57fcdc0 0.137s
2024-10-22 15:35:55.593 61953 INFO tempest.lib.common.dynamic_creds [-] Dynamic test user e84366a4f17c498ba5940f277e2dc389 is created with scope project and roles: ['member']
2024-10-22 15:35:55.594 61953 INFO tempest.lib.common.dynamic_creds [-] Acquired dynamic creds: credentials: Credentials: {'domain_id': 'default', 'domain_name': 'Default', 'username': 'tempest-KeyPairsV22TestJSON-630643592-project-member', 'project_domain_id': 'default', 'project_domain_name': 'Default', 'project_id': '3a5d393ac1494020a289a21fd79aa298', 'project_name': 'tempest-KeyPairsV22TestJSON-630643592', 'tenant_id': '3a5d393ac1494020a289a21fd79aa298', 'tenant_name': 'tempest-KeyPairsV22TestJSON-630643592', 'user_domain_id': 'default', 'user_domain_name': 'Default', 'user_id': 'e84366a4f17c498ba5940f277e2dc389', 'system': None}, Network: None, Subnet: None, Router: None
2024-10-22 15:35:55.594 61953 INFO tempest.lib.common.dynamic_creds [-] Created isolated network resources for: credentials: Credentials: {'domain_id': 'default', 'domain_name': 'Default', 'username': 'tempest-KeyPairsV22TestJSON-630643592-project-member', 'project_domain_id': 'default', 'project_domain_name': 'Default', 'project_id': '3a5d393ac1494020a289a21fd79aa298', 'project_name': 'tempest-KeyPairsV22TestJSON-630643592', 'tenant_id': '3a5d393ac1494020a289a21fd79aa298', 'tenant_name': 'tempest-KeyPairsV22TestJSON-630643592', 'user_domain_id': 'default', 'user_domain_name': 'Default', 'user_id': 'e84366a4f17c498ba5940f277e2dc389', 'system': None}, Network: None, Subnet: None, Router: None
2024-10-22 15:35:55.599 61933 INFO tempest.lib.common.rest_client [req-40c4aef8-09f9-4992-a286-ab0328e2cdae req-40c4aef8-09f9-4992-a286-ab0328e2cdae ] Request (FloatingIPDetailsTestJSON:setUpClass): 201 POST http://10.180.1.21:9696/networking/v2.0/routers 1.465s
2024-10-22 15:35:55.625 61955 INFO tempest.lib.common.rest_client [req-562aa7ae-3644-4301-91e1-3b2f7da1f0db req-562aa7ae-3644-4301-91e1-3b2f7da1f0db ] Request (VolumesAssistedSnapshotsTest:setUpClass): 201 POST http://10.180.1.21:9696/networking/v2.0/routers 2.469s
2024-10-22 15:35:55.647 61961 INFO tempest.lib.common.rest_client [req-1ecb88bd-3a71-432e-8312-cef6cab5418a req-1ecb88bd-3a71-432e-8312-cef6cab5418a ] Request (InstanceUsageAuditLogTestJSON:tearDownClass): 201 POST http://10.180.1.21/identity/v3/auth/tokens 0.120s
2024-10-22 15:35:55.671 61929 INFO tempest.lib.common.rest_client [req-275eded1-b79f-4161-b0d6-eaa6738e9a5b req-275eded1-b79f-4161-b0d6-eaa6738e9a5b ] Request (FlavorsAccessTestJSON:test_flavor_access_add_remove): 200 POST http://10.180.1.21/compute/v2.1/flavors/240352936/action 3.445s
2024-10-22 15:35:55.719 61953 INFO tempest.lib.common.rest_client [req-cc15c76e-e3db-4c4f-9b1f-004b21b6e0ae req-cc15c76e-e3db-4c4f-9b1f-004b21b6e0ae ] Request (KeyPairsV22TestJSON:setUpClass): 201 POST http://10.180.1.21/identity/v3/auth/tokens 0.122s
2024-10-22 15:35:55.748 61947 INFO tempest.lib.common.rest_client [req-dba273db-0d74-410e-a21f-99bc11c1872e req-dba273db-0d74-410e-a21f-99bc11c1872e ] Request (HypervisorAdminV253TestBase:test_list_show_detail_hypervisors): 200 GET http://10.180.1.21/compute/v2.1/os-hypervisors?with_servers=True 3.050s
2024-10-22 15:35:55.854 61943 INFO tempest.lib.common.rest_client [req-3ce1012d-2115-4c85-9e68-f64810ddf103 req-3ce1012d-2115-4c85-9e68-f64810ddf103 ] Request (InstanceUsageAuditLogNegativeTestJSON:test_instance_usage_audit_logs_with_nonadmin_user): 403 GET http://10.180.1.21/compute/v2.1/os-instance_usage_audit_log 2.924s
2024-10-22 15:35:55.888 61975 INFO tempest.lib.common.rest_client [req-996963b6-9631-4ad3-bbc2-9a25e04f539b req-996963b6-9631-4ad3-bbc2-9a25e04f539b ] Request (AZAdminV2TestJSON:test_get_availability_zone_list_detail): 200 GET http://10.180.1.21/compute/v2.1/os-availability-zone/detail 2.873s
2024-10-22 15:35:55.937 61963 INFO tempest.lib.common.rest_client [req-b1fa206e-8acb-470b-84e1-ebf5f057c5c8 req-b1fa206e-8acb-470b-84e1-ebf5f057c5c8 ] Request (FlavorsV261TestJSON:test_crud_flavor): 200 PUT http://10.180.1.21/compute/v2.1/flavors/624331321 2.893s
2024-10-22 15:35:55.953 61971 INFO tempest.lib.common.rest_client [req-718f89a6-0081-4ced-89bf-57f238ee75e0 req-718f89a6-0081-4ced-89bf-57f238ee75e0 ] Request (MigrationsAdminTest:test_list_migrations_in_flavor_resize_situation): 202 POST http://10.180.1.21/compute/v2.1/servers 3.315s
2024-10-22 15:35:56.032 61975 INFO tempest.lib.common.rest_client [req-b8367873-2904-4379-9d31-410004fc9ec8 req-b8367873-2904-4379-9d31-410004fc9ec8 ] Request (AZAdminV2TestJSON:tearDownClass): 204 DELETE http://10.180.1.21/identity/v3/users/e3de05083999471fa5a231f0b2cf5245 0.136s
2024-10-22 15:35:56.059 61931 INFO tempest.lib.common.rest_client [req-c52cab42-9fcf-4ae8-adc4-9ca1f5e45a76 req-c52cab42-9fcf-4ae8-adc4-9ca1f5e45a76 ] Request (HostsAdminNegativeTestJSON:setUpClass): 200 GET http://10.180.1.21/compute/v2.1/os-hosts 2.998s
2024-10-22 15:35:56.095 61961 INFO tempest.lib.common.rest_client [req-a9a348e5-7ead-4412-add5-cedae15ef3a7 req-a9a348e5-7ead-4412-add5-cedae15ef3a7 ] Request (InstanceUsageAuditLogTestJSON:tearDownClass): 200 GET http://10.180.1.21:9696/networking/v2.0/security-groups?tenant_id=27d132054dad4ca6b7a6e0a4e581726f&name=default 0.447s
2024-10-22 15:35:56.161 61967 INFO tempest.lib.common.rest_client [req-4d6dab27-5085-4841-be15-073ec6e827bb req-4d6dab27-5085-4841-be15-073ec6e827bb ] Request (ServerDiagnosticsV248Test:test_get_server_diagnostics): 200 GET http://10.180.1.21/compute/v2.1/servers/767c2c81-2508-4dcd-97d7-28726c2c6d31 2.348s
2024-10-22 15:35:56.184 61967 INFO tempest.common.waiters [-] State transition "BUILD/None" ==> "BUILD/block_device_mapping" after 4 second wait
2024-10-22 15:35:56.196 61975 INFO tempest.lib.common.rest_client [req-c48cac40-b758-4a40-aabc-27f5727eb9d4 req-c48cac40-b758-4a40-aabc-27f5727eb9d4 ] Request (AZAdminV2TestJSON:tearDownClass): 204 DELETE http://10.180.1.21/identity/v3/users/d82cd932c82647489e0dcf9effbcc9f4 0.164s
2024-10-22 15:35:56.196 61975 INFO tempest.lib.common.dynamic_creds [-] Deleting project and security group for project: de56b3e2358348f6bb3fd07ddd00be7b
2024-10-22 15:35:56.274 61975 INFO tempest.lib.common.rest_client [req-2a32b6ac-26dd-43fc-b7a3-8366dcad02ee req-2a32b6ac-26dd-43fc-b7a3-8366dcad02ee ] Request (AZAdminV2TestJSON:tearDownClass): 201 POST http://10.180.1.21/identity/v3/auth/tokens 0.077s
2024-10-22 15:35:56.279 61942 INFO tempest.lib.common.rest_client [req-aac9bcf5-883b-4e48-a45b-1657b76079f6 req-aac9bcf5-883b-4e48-a45b-1657b76079f6 ] Request (QuotasAdminNegativeTest:_run_cleanups): 200 PUT http://10.180.1.21/compute/v2.1/os-quota-sets/cb3664e53bae47ceb61f8d12647a68f2 2.735s
2024-10-22 15:35:56.291 61945 INFO tempest.lib.common.rest_client [req-2c5118fa-6318-4c58-824d-afbf1374e101 req-2c5118fa-6318-4c58-824d-afbf1374e101 ] Request (DeleteServersAdminTestJSON:test_admin_delete_servers_of_others): 200 GET http://10.180.1.21/compute/v2.1/servers/92d3ea1d-8a72-4f4b-87be-70367170d933 2.367s
2024-10-22 15:35:56.368 61961 INFO tempest.lib.common.rest_client [req-d63867ce-991d-492a-bd0e-ba5d21a33e31 req-d63867ce-991d-492a-bd0e-ba5d21a33e31 ] Request (InstanceUsageAuditLogTestJSON:tearDownClass): 204 DELETE http://10.180.1.21:9696/networking/v2.0/security-groups/3a19915b-58bc-4519-b41d-60d4d3ffdd08 0.272s
2024-10-22 15:35:56.380 61927 INFO tempest.lib.common.rest_client [req-7fa228de-9207-4c6e-a2ea-e35044d15d43 req-7fa228de-9207-4c6e-a2ea-e35044d15d43 ] Request (ServerDiagnosticsTest:test_get_server_diagnostics): 200 GET http://10.180.1.21/compute/v2.1/servers/c741026a-6cd4-49c8-8604-f67cf7189c8a 2.064s
2024-10-22 15:35:56.420 61935 INFO tempest.lib.common.rest_client [req-4e93e693-fd7f-4eb4-9a6c-86e0161c5a13 req-4e93e693-fd7f-4eb4-9a6c-86e0161c5a13 ] Request (MultipleCreateTestJSON:test_multiple_create): 200 GET http://10.180.1.21/compute/v2.1/servers 1.791s
2024-10-22 15:35:56.502 61961 INFO tempest.lib.common.rest_client [req-7cb3e077-f89a-4d15-9c25-fe8f984fd446 req-7cb3e077-f89a-4d15-9c25-fe8f984fd446 ] Request (InstanceUsageAuditLogTestJSON:tearDownClass): 204 DELETE http://10.180.1.21/identity/v3/projects/27d132054dad4ca6b7a6e0a4e581726f 0.131s
2024-10-22 15:35:56.502 61961 INFO tempest.lib.common.dynamic_creds [-] Deleting project and security group for project: 210df0f21a544b1eade7de21cd17a8c7
2024-10-22 15:35:56.585 61959 INFO tempest.lib.common.rest_client [req-844cceb8-6309-4975-b0d2-22c5d3d57a39 req-844cceb8-6309-4975-b0d2-22c5d3d57a39 ] Request (QuotasAdminTestV236:test_get_updated_quotas): 200 GET http://10.180.1.21/compute/v2.1/os-quota-sets/60fd5846aa9d4639bc2cece6219cd31a/detail 1.599s
2024-10-22 15:35:56.619 61959 INFO tempest.lib.common.rest_client [req-01b294c8-6c82-411c-9232-1ca2af4496c5 req-01b294c8-6c82-411c-9232-1ca2af4496c5 ] Request (QuotasAdminTestV236:test_get_updated_quotas): 200 GET http://10.180.1.21/identity/v3/domains?name=Default 0.028s
2024-10-22 15:35:56.651 61959 INFO tempest.lib.common.rest_client [req-6151d11b-1f3e-453a-b321-a7d0e615d9b9 req-6151d11b-1f3e-453a-b321-a7d0e615d9b9 ] Request (QuotasAdminTestV236:test_get_updated_quotas): 201 POST http://10.180.1.21/identity/v3/users 0.032s
2024-10-22 15:35:56.672 61959 INFO tempest.lib.common.rest_client [req-3f822c76-381d-4c3b-bfec-34549672fe15 req-3f822c76-381d-4c3b-bfec-34549672fe15 ] Request (QuotasAdminTestV236:test_get_updated_quotas): 200 GET http://10.180.1.21/identity/v3/domains?name=Default 0.021s
2024-10-22 15:35:56.722 61925 INFO tempest.lib.common.rest_client [req-80248b09-28c7-4861-90b1-9d686a37b244 req-80248b09-28c7-4861-90b1-9d686a37b244 ] Request (FlavorsAccessNegativeTestJSON:test_add_flavor_access_duplicate): 200 POST http://10.180.1.21/compute/v2.1/flavors/1743349365/action 1.525s
2024-10-22 15:35:56.747 61915 INFO tempest.lib.common.rest_client [req-fc5bf60f-9a6c-4a80-813d-50678038095a req-fc5bf60f-9a6c-4a80-813d-50678038095a ] Request (HostsAdminTestJSON:test_list_hosts_with_nonexistent_zone): 200 GET http://10.180.1.21/compute/v2.1/os-hosts?zone=xxx 1.505s
2024-10-22 15:35:56.767 61957 INFO tempest.lib.common.rest_client [req-aa89e3fb-8d2d-472b-b8b9-b6390b2e0958 req-aa89e3fb-8d2d-472b-b8b9-b6390b2e0958 ] Request (InstanceActionsNegativeTestJSON:setUpClass): 200 GET http://10.180.1.21/compute/v2.1/servers/368c44e8-756c-4b11-8a63-9f69e007769c 1.758s
2024-10-22 15:35:56.771 61975 INFO tempest.lib.common.rest_client [req-1f6ed7fe-9f1d-4e34-ae34-306278a9a373 req-1f6ed7fe-9f1d-4e34-ae34-306278a9a373 ] Request (AZAdminV2TestJSON:tearDownClass): 200 GET http://10.180.1.21:9696/networking/v2.0/security-groups?tenant_id=de56b3e2358348f6bb3fd07ddd00be7b&name=default 0.496s
2024-10-22 15:35:56.851 61939 INFO tempest.lib.common.rest_client [req-9252bd5f-1225-4f7e-aaa8-e6d58c0dfc80 req-9252bd5f-1225-4f7e-aaa8-e6d58c0dfc80 ] Request (FlavorsExtraSpecsTestJSON:test_flavor_non_admin_get_all_keys): 200 GET http://10.180.1.21/compute/v2.1/flavors/2084584134/os-extra_specs 1.497s
2024-10-22 15:35:56.868 61961 INFO tempest.lib.common.rest_client [req-f6034fbc-2165-4435-86aa-d7a630bbda13 req-f6034fbc-2165-4435-86aa-d7a630bbda13 ] Request (InstanceUsageAuditLogTestJSON:tearDownClass): 200 GET http://10.180.1.21:9696/networking/v2.0/security-groups?tenant_id=210df0f21a544b1eade7de21cd17a8c7&name=default 0.365s
2024-10-22 15:35:56.877 61921 INFO tempest.lib.common.rest_client [req-55157c43-e1d4-4d42-b1c4-d1a8ac29bc1a req-55157c43-e1d4-4d42-b1c4-d1a8ac29bc1a ] Request (ServicesAdminNegativeV253TestJSON:test_enable_service_with_invalid_service_id): 404 PUT http://10.180.1.21/compute/v2.1/os-services/5b5e79d7-b4ac-40fa-a160-a67cb4a440ee 1.486s
2024-10-22 15:35:56.887 61965 INFO tempest.lib.common.rest_client [req-336ed3a5-0c04-4ac3-9d3d-d1bd03aacdc5 req-336ed3a5-0c04-4ac3-9d3d-d1bd03aacdc5 ] Request (HypervisorAdminNegativeTestJSON:test_get_hypervisor_stats_with_non_admin_user): 403 GET http://10.180.1.21/compute/v2.1/os-hypervisors/statistics 1.487s
2024-10-22 15:35:56.919 61973 INFO tempest.lib.common.rest_client [req-a513004d-36e6-4edd-a572-73573c774759 req-a513004d-36e6-4edd-a572-73573c774759 ] Request (HypervisorAdminUnderV252Test:test_search_hypervisor): 200 GET http://10.180.1.21/compute/v2.1/os-hypervisors 1.505s
2024-10-22 15:35:56.937 61949 INFO tempest.lib.common.rest_client [req-d1f293f3-1bac-4806-9bf7-fc737cc97231 req-d1f293f3-1bac-4806-9bf7-fc737cc97231 ] Request (FlavorsAdminTestJSON:_run_cleanups): 200 GET http://10.180.1.21/compute/v2.1/flavors/detail 1.521s
2024-10-22 15:35:57.094 61975 INFO tempest.lib.common.rest_client [req-8971ce92-8a23-4acc-8d1b-070817dcb9c7 req-8971ce92-8a23-4acc-8d1b-070817dcb9c7 ] Request (AZAdminV2TestJSON:tearDownClass): 204 DELETE http://10.180.1.21:9696/networking/v2.0/security-groups/c4f73bb6-01c7-4596-a12c-b7a2fb8a95f1 0.323s
2024-10-22 15:35:57.121 61923 INFO tempest.lib.common.rest_client [req-52674fae-311f-4819-8544-bed8286dd3af req-52674fae-311f-4819-8544-bed8286dd3af ] Request (AggregatesAdminNegativeTestJSON:test_aggregate_add_existent_host): 200 POST http://10.180.1.21/compute/v2.1/os-aggregates/1/action 1.761s
2024-10-22 15:35:57.216 61929 INFO tempest.lib.common.rest_client [req-440b0470-2267-472a-93e9-c05df08a3c47 req-440b0470-2267-472a-93e9-c05df08a3c47 ] Request (FlavorsAccessTestJSON:test_flavor_access_add_remove): 200 GET http://10.180.1.21/compute/v2.1/flavors/detail 1.542s
2024-10-22 15:35:57.240 61975 INFO tempest.lib.common.rest_client [req-5773541c-b75e-49f1-9bf5-e307bd6d7e59 req-5773541c-b75e-49f1-9bf5-e307bd6d7e59 ] Request (AZAdminV2TestJSON:tearDownClass): 204 DELETE http://10.180.1.21/identity/v3/projects/de56b3e2358348f6bb3fd07ddd00be7b 0.146s
2024-10-22 15:35:57.240 61975 INFO tempest.lib.common.dynamic_creds [-] Deleting project and security group for project: 532fe7a92f7e456dae19397a86052ff5
2024-10-22 15:35:57.313 61961 INFO tempest.lib.common.rest_client [req-0e29d0a2-fd5a-40f8-bc5b-31f40c0ac947 req-0e29d0a2-fd5a-40f8-bc5b-31f40c0ac947 ] Request (InstanceUsageAuditLogTestJSON:tearDownClass): 204 DELETE http://10.180.1.21:9696/networking/v2.0/security-groups/d6749643-7577-45cf-a36c-cef9a80525ae 0.444s
2024-10-22 15:35:57.382 61953 INFO tempest.lib.common.rest_client [req-47c6b644-1498-401a-8d8b-b2764efb7059 req-47c6b644-1498-401a-8d8b-b2764efb7059 ] Request (KeyPairsV22TestJSON:test_get_keypair_detail): 201 POST http://10.180.1.21/compute/v2.1/os-keypairs 1.660s
2024-10-22 15:35:57.409 61947 INFO tempest.lib.common.rest_client [req-c425cf53-7ee0-4675-8d4d-2a809f36fe96 req-c425cf53-7ee0-4675-8d4d-2a809f36fe96 ] Request (HypervisorAdminV253TestBase:test_list_show_detail_hypervisors): 200 GET http://10.180.1.21/compute/v2.1/os-hypervisors/1f7892d3-7c3b-4065-88c0-a2c5eb65d4d0 1.658s
2024-10-22 15:35:57.418 61943 INFO tempest.lib.common.rest_client [req-67bb363e-dc6e-49f7-9906-2d3896a52415 req-67bb363e-dc6e-49f7-9906-2d3896a52415 ] Request (InstanceUsageAuditLogNegativeTestJSON:test_instance_usage_audit_logs_with_nonadmin_user): 403 GET http://10.180.1.21/compute/v2.1/os-instance_usage_audit_log/2024-10-22%2015%3A35%3A55 1.563s
2024-10-22 15:35:57.436 61963 INFO tempest.lib.common.rest_client [req-f0231cec-690d-421b-91b9-17d7e166dc24 req-f0231cec-690d-421b-91b9-17d7e166dc24 ] Request (FlavorsV261TestJSON:test_crud_flavor): 200 GET http://10.180.1.21/compute/v2.1/flavors/detail 1.495s
2024-10-22 15:35:57.521 61961 INFO tempest.lib.common.rest_client [req-d5ee7acf-68f4-4c20-a300-1ead0673c90d req-d5ee7acf-68f4-4c20-a300-1ead0673c90d ] Request (InstanceUsageAuditLogTestJSON:tearDownClass): 204 DELETE http://10.180.1.21/identity/v3/projects/210df0f21a544b1eade7de21cd17a8c7 0.208s
2024-10-22 15:35:57.564 61951 INFO tempest.lib.common.rest_client [req-37df9084-59c4-46c9-9894-584c2945464c req-37df9084-59c4-46c9-9894-584c2945464c ] Request (ServerDiagnosticsNegativeTest:test_get_server_diagnostics_by_non_admin): 202 POST http://10.180.1.21/compute/v2.1/servers 2.139s
2024-10-22 15:35:57.582 61975 INFO tempest.lib.common.rest_client [req-78e6290c-dd43-4842-9094-4725890e61cb req-78e6290c-dd43-4842-9094-4725890e61cb ] Request (AZAdminV2TestJSON:tearDownClass): 200 GET http://10.180.1.21:9696/networking/v2.0/security-groups?tenant_id=532fe7a92f7e456dae19397a86052ff5&name=default 0.341s
2024-10-22 15:35:57.587 61971 INFO tempest.lib.common.rest_client [req-c3cd4264-5331-4591-ac68-5745d1141064 req-c3cd4264-5331-4591-ac68-5745d1141064 ] Request (MigrationsAdminTest:test_list_migrations_in_flavor_resize_situation): 200 GET http://10.180.1.21/compute/v2.1/servers/68e5fc5b-a843-4f49-a903-4ed145d63fd7 1.632s
2024-10-22 15:35:57.596 61943 INFO tempest.lib.common.rest_client [req-c7a2b9ca-7367-4641-bca5-b32409938403 req-c7a2b9ca-7367-4641-bca5-b32409938403 ] Request (InstanceUsageAuditLogNegativeTestJSON:tearDownClass): 204 DELETE http://10.180.1.21/identity/v3/users/79f677a8bf624786ad6d100d63084509 0.177s
2024-10-22 15:35:57.628 61947 INFO tempest.lib.common.rest_client [req-f4dfd040-b5ce-48fd-8ea5-320e367ef7bc req-f4dfd040-b5ce-48fd-8ea5-320e367ef7bc ] Request (HypervisorAdminV253TestBase:tearDownClass): 204 DELETE http://10.180.1.21/identity/v3/users/4bf33f69b5b64149a2edc7d993e42fe4 0.154s
2024-10-22 15:35:57.663 61961 INFO tempest.lib.common.rest_client [req-9061a98b-76c5-4f21-8c63-ccec73aebb53 req-9061a98b-76c5-4f21-8c63-ccec73aebb53 ] Request (SecurityGroupsTestJSON:setUpClass): 201 POST http://10.180.1.21/identity/v3/auth/tokens 0.140s
2024-10-22 15:35:57.770 61931 INFO tempest.lib.common.rest_client [req-0e5a9cfc-33b6-4228-9b6b-3f54585adcfc req-0e5a9cfc-33b6-4228-9b6b-3f54585adcfc ] Request (HostsAdminNegativeTestJSON:test_list_hosts_with_non_admin_user): 403 GET http://10.180.1.21/compute/v2.1/os-hosts 1.709s
2024-10-22 15:35:57.836 61917 INFO tempest.lib.common.rest_client [req-abf3ef8d-2079-4529-b899-bd33807d391d req-abf3ef8d-2079-4529-b899-bd33807d391d ] Request (TenantUsagesTestJSON:setUpClass): 200 GET http://10.180.1.21/compute/v2.1/servers/199ab8b8-15d8-47b3-8e72-d3995047cb45 1.559s
2024-10-22 15:35:57.856 61943 INFO tempest.lib.common.rest_client [req-8f8387ba-bcec-46c2-8d15-d7990cee468d req-8f8387ba-bcec-46c2-8d15-d7990cee468d ] Request (InstanceUsageAuditLogNegativeTestJSON:tearDownClass): 204 DELETE http://10.180.1.21/identity/v3/users/7d0cf5f831da4e968225be36af23996c 0.259s
2024-10-22 15:35:57.856 61943 INFO tempest.lib.common.dynamic_creds [-] Deleting project and security group for project: c904140eb87b47c7b45028c3e3a83307
2024-10-22 15:35:57.871 61975 INFO tempest.lib.common.rest_client [req-1641e89d-109c-487b-87ec-7a6f94346a3e req-1641e89d-109c-487b-87ec-7a6f94346a3e ] Request (AZAdminV2TestJSON:tearDownClass): 204 DELETE http://10.180.1.21:9696/networking/v2.0/security-groups/cf303edf-1f1c-40d1-85f9-71821e578876 0.287s
2024-10-22 15:35:57.941 61961 INFO tempest.lib.common.rest_client [req-6d1204f8-4e11-4ab6-9736-ab7a83b4d391 req-6d1204f8-4e11-4ab6-9736-ab7a83b4d391 ] Request (SecurityGroupsTestJSON:setUpClass): 201 POST http://10.180.1.21/identity/v3/auth/tokens 0.273s
2024-10-22 15:35:57.950 61919 INFO tempest.lib.common.rest_client [req-983c3aef-d022-4e6f-833d-01143d5e6980 req-983c3aef-d022-4e6f-833d-01143d5e6980 ] Request (ServerExternalEventsTest:test_create_server_external_events): 200 GET http://10.180.1.21/compute/v2.1/servers/c72ac06b-b114-4c5e-af9f-fd7dfc880a34 1.621s
2024-10-22 15:35:57.954 61969 INFO tempest.lib.common.rest_client [req-051f996e-5024-4f81-9f43-baeb9c5e0f95 req-051f996e-5024-4f81-9f43-baeb9c5e0f95 ] Request (ServersWithSpecificFlavorTestJSON:setUpClass): 200 PUT http://10.180.1.21:9696/networking/v2.0/routers/2ca25620-85cc-4bec-a941-78512fc37771/add_router_interface 2.615s
2024-10-22 15:35:57.955 61969 INFO tempest.lib.common.dynamic_creds [-] Created isolated network resources for: credentials: Credentials: {'domain_id': 'default', 'domain_name': 'Default', 'username': 'tempest-ServersWithSpecificFlavorTestJSON-353795268-project-admin', 'project_domain_id': 'default', 'project_domain_name': 'Default', 'project_id': '0668f7e51f2a4093bc8fd470849c23c2', 'project_name': 'tempest-ServersWithSpecificFlavorTestJSON-353795268', 'tenant_id': '0668f7e51f2a4093bc8fd470849c23c2', 'tenant_name': 'tempest-ServersWithSpecificFlavorTestJSON-353795268', 'user_domain_id': 'default', 'user_domain_name': 'Default', 'user_id': '1c8bcbd77dd948628424ab5f0061cd18', 'system': None}, Network: {'id': '53170874-1ed8-4d62-93c4-8caa69fff5a5', 'name': 'tempest-ServersWithSpecificFlavorTestJSON-961728954-network', 'tenant_id': '0668f7e51f2a4093bc8fd470849c23c2', 'admin_state_up': True, 'mtu': 8950, 'status': 'ACTIVE', 'subnets': [], 'shared': False, 'project_id': '0668f7e51f2a4093bc8fd470849c23c2', 'port_security_enabled': True, 'router:external': False, 'provider:network_type': 'vlan', 'provider:physical_network': 'default', 'provider:segmentation_id': 795, 'is_default': False, 'availability_zone_hints': [], 'availability_zones': [], 'ipv4_address_scope': None, 'ipv6_address_scope': None, 'description': '', 'tags': [], 'created_at': '2024-10-22T15:35:52Z', 'updated_at': '2024-10-22T15:35:52Z', 'revision_number': 1}, Subnet: {'id': 'cad8831f-9386-4ee2-8153-698570ff5c32', 'name': 'tempest-ServersWithSpecificFlavorTestJSON-961728954-subnet', 'tenant_id': '0668f7e51f2a4093bc8fd470849c23c2', 'network_id': '53170874-1ed8-4d62-93c4-8caa69fff5a5', 'ip_version': 4, 'subnetpool_id': None, 'enable_dhcp': True, 'ipv6_ra_mode': None, 'ipv6_address_mode': None, 'gateway_ip': '192.168.128.1', 'cidr': '192.168.128.0/28', 'allocation_pools': [{'start': '192.168.128.2', 'end': '192.168.128.14'}], 'host_routes': [], 'dns_nameservers': [], 'description': '', 'router:external': False, 'service_types': [], 'tags': [], 'created_at': '2024-10-22T15:35:52Z', 'updated_at': '2024-10-22T15:35:52Z', 'revision_number': 0, 'project_id': '0668f7e51f2a4093bc8fd470849c23c2'}, Router: {'id': '2ca25620-85cc-4bec-a941-78512fc37771', 'name': 'tempest-ServersWithSpecificFlavorTestJSON-961728954-router', 'tenant_id': '0668f7e51f2a4093bc8fd470849c23c2', 'admin_state_up': True, 'status': 'ACTIVE', 'external_gateway_info': {'network_id': 'd9b6bfac-bff8-44c0-a9c1-9fc6f3e56f0c', 'external_fixed_ips': [{'subnet_id': 'e31c7a6b-929f-4893-bb11-7b60a23f18d8', 'ip_address': '10.180.180.154'}], 'enable_snat': True}, 'description': '', 'availability_zones': [], 'distributed': False, 'ha': False, 'availability_zone_hints': [], 'routes': [], 'flavor_id': None, 'tags': [], 'created_at': '2024-10-22T15:35:52Z', 'updated_at': '2024-10-22T15:35:54Z', 'revision_number': 2, 'project_id': '0668f7e51f2a4093bc8fd470849c23c2'}
2024-10-22 15:35:57.961 61919 INFO tempest.common.waiters [-] State transition "BUILD/None" ==> "BUILD/networking" after 2 second wait
2024-10-22 15:35:57.977 61943 INFO tempest.lib.common.rest_client [req-9ddd87f4-242b-4c07-b177-9333457afd7c req-9ddd87f4-242b-4c07-b177-9333457afd7c ] Request (InstanceUsageAuditLogNegativeTestJSON:tearDownClass): 201 POST http://10.180.1.21/identity/v3/auth/tokens 0.118s
2024-10-22 15:35:58.026 61935 INFO tempest.lib.common.rest_client [req-ba08bd5a-3e99-4fda-8c22-da5b3b854203 req-ba08bd5a-3e99-4fda-8c22-da5b3b854203 ] Request (MultipleCreateTestJSON:test_multiple_create): 200 GET http://10.180.1.21/compute/v2.1/servers/4deb5eaa-e8e2-41cc-aef9-722235e69b95 1.604s
2024-10-22 15:35:58.051 61947 INFO tempest.lib.common.rest_client [req-7ae760b7-9b1d-4005-a903-4d44b045c727 req-7ae760b7-9b1d-4005-a903-4d44b045c727 ] Request (HypervisorAdminV253TestBase:tearDownClass): 204 DELETE http://10.180.1.21/identity/v3/users/1e723e466f53437db032e914b95b2a1b 0.422s
2024-10-22 15:35:58.051 61947 INFO tempest.lib.common.dynamic_creds [-] Deleting project and security group for project: 72149a1e87d94d08b213e1368167c381
2024-10-22 15:35:58.131 61961 INFO tempest.lib.common.rest_client [req-3c586f8c-efbd-47c6-a81d-bbc3a460c445 req-3c586f8c-efbd-47c6-a81d-bbc3a460c445 ] Request (SecurityGroupsTestJSON:setUpClass): 200 GET http://10.180.1.21/identity/v3/domains?name=Default 0.189s
2024-10-22 15:35:58.141 61975 INFO tempest.lib.common.rest_client [req-75536671-0d6f-46eb-b0ac-8e9fd64352bb req-75536671-0d6f-46eb-b0ac-8e9fd64352bb ] Request (AZAdminV2TestJSON:tearDownClass): 204 DELETE http://10.180.1.21/identity/v3/projects/532fe7a92f7e456dae19397a86052ff5 0.269s
2024-10-22 15:35:58.212 61969 INFO tempest.lib.common.rest_client [req-9aa481aa-be4b-4fc5-8fd2-969043338dd6 req-9aa481aa-be4b-4fc5-8fd2-969043338dd6 ] Request (ServersWithSpecificFlavorTestJSON:setUpClass): 201 POST http://10.180.1.21/identity/v3/auth/tokens 0.252s
2024-10-22 15:35:58.267 61942 INFO tempest.lib.common.rest_client [req-f45ff522-41a2-4377-a409-aed479433afa req-f45ff522-41a2-4377-a409-aed479433afa ] Request (QuotasAdminNegativeTest:test_create_server_when_instances_quota_is_full): 200 GET http://10.180.1.21/compute/v2.1/os-quota-sets/cb3664e53bae47ceb61f8d12647a68f2 1.980s
2024-10-22 15:35:58.306 61947 INFO tempest.lib.common.rest_client [req-005dbd9b-0d08-4cec-a508-f5470f7f6346 req-005dbd9b-0d08-4cec-a508-f5470f7f6346 ] Request (HypervisorAdminV253TestBase:tearDownClass): 201 POST http://10.180.1.21/identity/v3/auth/tokens 0.254s
2024-10-22 15:35:58.332 61961 INFO tempest.lib.common.rest_client [req-32a59ff5-ec5e-41da-9a26-b776b6f965cc req-32a59ff5-ec5e-41da-9a26-b776b6f965cc ] Request (SecurityGroupsTestJSON:setUpClass): 201 POST http://10.180.1.21/identity/v3/projects 0.201s
2024-10-22 15:35:58.368 61975 INFO tempest.lib.common.rest_client [req-59fa68cc-e999-4b41-9ee4-2d347fa764bb req-59fa68cc-e999-4b41-9ee4-2d347fa764bb ] Request (AZAdminNegativeTestJSON:setUpClass): 201 POST http://10.180.1.21/identity/v3/auth/tokens 0.225s
2024-10-22 15:35:58.380 61955 INFO tempest.lib.common.rest_client [req-aecf8da7-1a9d-4445-ba7e-3b17e3948ec9 req-aecf8da7-1a9d-4445-ba7e-3b17e3948ec9 ] Request (VolumesAssistedSnapshotsTest:setUpClass): 200 PUT http://10.180.1.21:9696/networking/v2.0/routers/b0b246d8-95df-4d9f-9a76-9fc1f722ae40/add_router_interface 2.755s
2024-10-22 15:35:58.380 61955 INFO tempest.lib.common.dynamic_creds [-] Created isolated network resources for: credentials: Credentials: {'domain_id': 'default', 'domain_name': 'Default', 'username': 'tempest-VolumesAssistedSnapshotsTest-1521011624-project-admin', 'project_domain_id': 'default', 'project_domain_name': 'Default', 'project_id': '52d690175cf84253b05a413f434344d0', 'project_name': 'tempest-VolumesAssistedSnapshotsTest-1521011624', 'tenant_id': '52d690175cf84253b05a413f434344d0', 'tenant_name': 'tempest-VolumesAssistedSnapshotsTest-1521011624', 'user_domain_id': 'default', 'user_domain_name': 'Default', 'user_id': 'ce2af74365c340c996bab75d91bb2a9e', 'system': None}, Network: {'id': '3a7801df-e9db-4ac7-990a-ecfd68e51d8f', 'name': 'tempest-VolumesAssistedSnapshotsTest-1927067049-network', 'tenant_id': '52d690175cf84253b05a413f434344d0', 'admin_state_up': True, 'mtu': 8950, 'status': 'ACTIVE', 'subnets': [], 'shared': False, 'project_id': '52d690175cf84253b05a413f434344d0', 'port_security_enabled': True, 'router:external': False, 'provider:network_type': 'vlan', 'provider:physical_network': 'default', 'provider:segmentation_id': 634, 'is_default': False, 'availability_zone_hints': [], 'availability_zones': [], 'ipv4_address_scope': None, 'ipv6_address_scope': None, 'description': '', 'tags': [], 'created_at': '2024-10-22T15:35:52Z', 'updated_at': '2024-10-22T15:35:52Z', 'revision_number': 1}, Subnet: {'id': '9709d8bc-33e3-4bb3-b2d0-7f6afe954438', 'name': 'tempest-VolumesAssistedSnapshotsTest-1927067049-subnet', 'tenant_id': '52d690175cf84253b05a413f434344d0', 'network_id': '3a7801df-e9db-4ac7-990a-ecfd68e51d8f', 'ip_version': 4, 'subnetpool_id': None, 'enable_dhcp': True, 'ipv6_ra_mode': None, 'ipv6_address_mode': None, 'gateway_ip': '192.168.128.1', 'cidr': '192.168.128.0/28', 'allocation_pools': [{'start': '192.168.128.2', 'end': '192.168.128.14'}], 'host_routes': [], 'dns_nameservers': [], 'description': '', 'router:external': False, 'service_types': [], 'tags': [], 'created_at': '2024-10-22T15:35:52Z', 'updated_at': '2024-10-22T15:35:52Z', 'revision_number': 0, 'project_id': '52d690175cf84253b05a413f434344d0'}, Router: {'id': 'b0b246d8-95df-4d9f-9a76-9fc1f722ae40', 'name': 'tempest-VolumesAssistedSnapshotsTest-1927067049-router', 'tenant_id': '52d690175cf84253b05a413f434344d0', 'admin_state_up': True, 'status': 'ACTIVE', 'external_gateway_info': {'network_id': 'd9b6bfac-bff8-44c0-a9c1-9fc6f3e56f0c', 'external_fixed_ips': [{'subnet_id': 'e31c7a6b-929f-4893-bb11-7b60a23f18d8', 'ip_address': '10.180.180.163'}], 'enable_snat': True}, 'description': '', 'availability_zones': [], 'distributed': False, 'ha': False, 'availability_zone_hints': [], 'routes': [], 'flavor_id': None, 'tags': [], 'created_at': '2024-10-22T15:35:53Z', 'updated_at': '2024-10-22T15:35:54Z', 'revision_number': 2, 'project_id': '52d690175cf84253b05a413f434344d0'}
2024-10-22 15:35:58.424 61933 INFO tempest.lib.common.rest_client [req-95c2d685-9829-4ba1-889f-4ef596983535 req-95c2d685-9829-4ba1-889f-4ef596983535 ] Request (FloatingIPDetailsTestJSON:setUpClass): 200 PUT http://10.180.1.21:9696/networking/v2.0/routers/57f34e4a-0f41-4c4a-bd44-2e1af7c478ae/add_router_interface 2.824s
2024-10-22 15:35:58.425 61933 INFO tempest.lib.common.dynamic_creds [-] Created isolated network resources for: credentials: Credentials: {'domain_id': 'default', 'domain_name': 'Default', 'username': 'tempest-FloatingIPDetailsTestJSON-866553079-project-member', 'project_domain_id': 'default', 'project_domain_name': 'Default', 'project_id': '83cf396e697241aeb0a07ef68f108411', 'project_name': 'tempest-FloatingIPDetailsTestJSON-866553079', 'tenant_id': '83cf396e697241aeb0a07ef68f108411', 'tenant_name': 'tempest-FloatingIPDetailsTestJSON-866553079', 'user_domain_id': 'default', 'user_domain_name': 'Default', 'user_id': '90f09537178741189949456d333ef64b', 'system': None}, Network: {'id': 'f90c967c-9245-4041-bab8-adec815ccc71', 'name': 'tempest-FloatingIPDetailsTestJSON-307694518-network', 'tenant_id': '83cf396e697241aeb0a07ef68f108411', 'admin_state_up': True, 'mtu': 8950, 'status': 'ACTIVE', 'subnets': [], 'shared': False, 'project_id': '83cf396e697241aeb0a07ef68f108411', 'port_security_enabled': True, 'router:external': False, 'provider:network_type': 'vlan', 'provider:physical_network': 'default', 'provider:segmentation_id': 883, 'is_default': False, 'availability_zone_hints': [], 'availability_zones': [], 'ipv4_address_scope': None, 'ipv6_address_scope': None, 'description': '', 'tags': [], 'created_at': '2024-10-22T15:35:52Z', 'updated_at': '2024-10-22T15:35:52Z', 'revision_number': 1}, Subnet: {'id': 'cc1f4e07-6d8f-4214-a36e-d76631b9576b', 'name': 'tempest-FloatingIPDetailsTestJSON-307694518-subnet', 'tenant_id': '83cf396e697241aeb0a07ef68f108411', 'network_id': 'f90c967c-9245-4041-bab8-adec815ccc71', 'ip_version': 4, 'subnetpool_id': None, 'enable_dhcp': True, 'ipv6_ra_mode': None, 'ipv6_address_mode': None, 'gateway_ip': '192.168.128.1', 'cidr': '192.168.128.0/28', 'allocation_pools': [{'start': '192.168.128.2', 'end': '192.168.128.14'}], 'host_routes': [], 'dns_nameservers': [], 'description': '', 'router:external': False, 'service_types': [], 'tags': [], 'created_at': '2024-10-22T15:35:53Z', 'updated_at': '2024-10-22T15:35:53Z', 'revision_number': 0, 'project_id': '83cf396e697241aeb0a07ef68f108411'}, Router: {'id': '57f34e4a-0f41-4c4a-bd44-2e1af7c478ae', 'name': 'tempest-FloatingIPDetailsTestJSON-307694518-router', 'tenant_id': '83cf396e697241aeb0a07ef68f108411', 'admin_state_up': True, 'status': 'ACTIVE', 'external_gateway_info': {'network_id': 'd9b6bfac-bff8-44c0-a9c1-9fc6f3e56f0c', 'external_fixed_ips': [{'subnet_id': 'e31c7a6b-929f-4893-bb11-7b60a23f18d8', 'ip_address': '10.180.180.195'}], 'enable_snat': True}, 'description': '', 'availability_zones': [], 'distributed': False, 'ha': False, 'availability_zone_hints': [], 'routes': [], 'flavor_id': None, 'tags': [], 'created_at': '2024-10-22T15:35:54Z', 'updated_at': '2024-10-22T15:35:54Z', 'revision_number': 2, 'project_id': '83cf396e697241aeb0a07ef68f108411'}
2024-10-22 15:35:58.453 61961 INFO tempest.lib.common.rest_client [req-bf54404a-101c-4af3-8de0-7cd3a478d8d9 req-bf54404a-101c-4af3-8de0-7cd3a478d8d9 ] Request (SecurityGroupsTestJSON:setUpClass): 201 POST http://10.180.1.21/identity/v3/users 0.119s
2024-10-22 15:35:58.477 61975 INFO tempest.lib.common.rest_client [req-7e98bdc5-b997-4b8b-8746-0baebaaff4e1 req-7e98bdc5-b997-4b8b-8746-0baebaaff4e1 ] Request (AZAdminNegativeTestJSON:setUpClass): 201 POST http://10.180.1.21/identity/v3/auth/tokens 0.102s
2024-10-22 15:35:58.504 61943 INFO tempest.lib.common.rest_client [req-78ee643b-a199-4846-9deb-9f1840106bd7 req-78ee643b-a199-4846-9deb-9f1840106bd7 ] Request (InstanceUsageAuditLogNegativeTestJSON:tearDownClass): 200 GET http://10.180.1.21:9696/networking/v2.0/security-groups?tenant_id=c904140eb87b47c7b45028c3e3a83307&name=default 0.526s
2024-10-22 15:35:58.508 61959 INFO tempest.lib.common.rest_client [req-ca30cc0c-3b36-459e-9acc-95955e7be126 req-ca30cc0c-3b36-459e-9acc-95955e7be126 ] Request (QuotasAdminTestV236:test_get_updated_quotas): 200 PUT http://10.180.1.21/compute/v2.1/os-quota-sets/60fd5846aa9d4639bc2cece6219cd31a?user_id=b092582c9f7a429ca47cb54860e47b22 1.835s
2024-10-22 15:35:58.519 61925 INFO tempest.lib.common.rest_client [req-78860e3e-2cdf-44b5-a0b7-2638341a8d50 req-78860e3e-2cdf-44b5-a0b7-2638341a8d50 ] Request (FlavorsAccessNegativeTestJSON:test_add_flavor_access_duplicate): 409 POST http://10.180.1.21/compute/v2.1/flavors/1743349365/action 1.795s
2024-10-22 15:35:58.542 61921 INFO tempest.lib.common.rest_client [req-c01e4efb-bef7-4bdd-98db-042431fa67fa req-c01e4efb-bef7-4bdd-98db-042431fa67fa ] Request (ServicesAdminNegativeV253TestJSON:test_get_service_by_invalid_params): 200 GET http://10.180.1.21/compute/v2.1/os-services 1.664s
2024-10-22 15:35:58.559 61933 INFO tempest.lib.common.rest_client [req-2e2303ac-d316-4bc7-b325-8f9147952242 req-2e2303ac-d316-4bc7-b325-8f9147952242 ] Request (FloatingIPDetailsTestJSON:setUpClass): 201 POST http://10.180.1.21/identity/v3/auth/tokens 0.129s
2024-10-22 15:35:58.565 61973 INFO tempest.lib.common.rest_client [req-25f00788-9244-4145-8355-d793fec45815 req-25f00788-9244-4145-8355-d793fec45815 ] Request (HypervisorAdminUnderV252Test:test_search_hypervisor): 200 GET http://10.180.1.21/compute/v2.1/os-hypervisors/domain-c8.fc996f14-c53b-4953-92e3-bdfa48f5cc28/search 1.644s
2024-10-22 15:35:58.579 61961 INFO tempest.lib.common.rest_client [req-ea8e8ac8-ab7c-4bc1-aa5c-334aed99ca78 req-ea8e8ac8-ab7c-4bc1-aa5c-334aed99ca78 ] Request (SecurityGroupsTestJSON:setUpClass): 200 GET http://10.180.1.21/identity/v3/roles 0.125s
2024-10-22 15:35:58.586 61939 INFO tempest.lib.common.rest_client [req-7c7acbac-2b59-4350-8778-f0ea6bd4566a req-7c7acbac-2b59-4350-8778-f0ea6bd4566a ] Request (FlavorsExtraSpecsTestJSON:test_flavor_non_admin_get_specific_key): 200 POST http://10.180.1.21/compute/v2.1/flavors/2084584134/os-extra_specs 1.657s
2024-10-22 15:35:58.596 61955 INFO tempest.lib.common.rest_client [req-d1be0b1a-a874-4efe-a816-63942253306c req-d1be0b1a-a874-4efe-a816-63942253306c ] Request (VolumesAssistedSnapshotsTest:setUpClass): 201 POST http://10.180.1.21/identity/v3/auth/tokens 0.209s
2024-10-22 15:35:58.598 61975 INFO tempest.lib.common.rest_client [req-4ee164a5-f0c9-4764-95b9-76ee02a7ce16 req-4ee164a5-f0c9-4764-95b9-76ee02a7ce16 ] Request (AZAdminNegativeTestJSON:setUpClass): 200 GET http://10.180.1.21/identity/v3/domains?name=Default 0.120s
2024-10-22 15:35:58.604 61949 INFO tempest.lib.common.rest_client [req-d1cdcaa4-eb03-4183-b32a-1853ca601949 req-d1cdcaa4-eb03-4183-b32a-1853ca601949 ] Request (FlavorsAdminTestJSON:test_create_flavor_verify_entry_in_list_details): 200 POST http://10.180.1.21/compute/v2.1/flavors 1.586s
2024-10-22 15:35:58.608 61947 INFO tempest.lib.common.rest_client [req-2767a5c5-4211-4d3f-8ab0-66d9cab98384 req-2767a5c5-4211-4d3f-8ab0-66d9cab98384 ] Request (HypervisorAdminV253TestBase:tearDownClass): 200 GET http://10.180.1.21:9696/networking/v2.0/security-groups?tenant_id=72149a1e87d94d08b213e1368167c381&name=default 0.302s
2024-10-22 15:35:58.648 61923 INFO tempest.lib.common.rest_client [req-229c4ae5-e797-4263-b87a-0eaf6a8d116e req-229c4ae5-e797-4263-b87a-0eaf6a8d116e ] Request (AggregatesAdminNegativeTestJSON:test_aggregate_add_existent_host): 409 POST http://10.180.1.21/compute/v2.1/os-aggregates/1/action 1.525s
2024-10-22 15:35:58.690 61965 INFO tempest.lib.common.rest_client [req-0173b461-31ff-4cb2-aca2-b5932b35f51e req-0173b461-31ff-4cb2-aca2-b5932b35f51e ] Request (HypervisorAdminNegativeTestJSON:test_get_hypervisor_uptime_with_non_admin_user): 200 GET http://10.180.1.21/compute/v2.1/os-hypervisors 1.802s
2024-10-22 15:35:58.693 61973 INFO tempest.lib.common.rest_client [req-5cbd79dc-64d3-4f02-87aa-6247f54f97ea req-5cbd79dc-64d3-4f02-87aa-6247f54f97ea ] Request (HypervisorAdminUnderV252Test:tearDownClass): 204 DELETE http://10.180.1.21/identity/v3/users/2e82094a9dad4cfa950ff085d0b48f21 0.124s
2024-10-22 15:35:58.707 61943 INFO tempest.lib.common.rest_client [req-aa98b30c-277a-4527-8034-08d759e366a9 req-aa98b30c-277a-4527-8034-08d759e366a9 ] Request (InstanceUsageAuditLogNegativeTestJSON:tearDownClass): 204 DELETE http://10.180.1.21:9696/networking/v2.0/security-groups/3e881d57-0158-4690-8413-aee604682837 0.202s
2024-10-22 15:35:58.815 61961 INFO tempest.lib.common.rest_client [req-3d8fe483-ecab-4dbf-ac47-8c633e401666 req-3d8fe483-ecab-4dbf-ac47-8c633e401666 ] Request (SecurityGroupsTestJSON:setUpClass): 204 PUT http://10.180.1.21/identity/v3/projects/1cb2598a007b4973814e853c84cb4413/users/b0ab99bb72a14593868586021ab3f515/roles/73ed173dfe514a868e88026ca57fcdc0 0.236s
2024-10-22 15:35:58.815 61961 INFO tempest.lib.common.dynamic_creds [-] Dynamic test user b0ab99bb72a14593868586021ab3f515 is created with scope project and roles: ['member']
2024-10-22 15:35:58.816 61961 INFO tempest.lib.common.dynamic_creds [-] Acquired dynamic creds: credentials: Credentials: {'domain_id': 'default', 'domain_name': 'Default', 'username': 'tempest-SecurityGroupsTestJSON-2025830300-project-member', 'project_domain_id': 'default', 'project_domain_name': 'Default', 'project_id': '1cb2598a007b4973814e853c84cb4413', 'project_name': 'tempest-SecurityGroupsTestJSON-2025830300', 'tenant_id': '1cb2598a007b4973814e853c84cb4413', 'tenant_name': 'tempest-SecurityGroupsTestJSON-2025830300', 'user_domain_id': 'default', 'user_domain_name': 'Default', 'user_id': 'b0ab99bb72a14593868586021ab3f515', 'system': None}, Network: None, Subnet: None, Router: None
2024-10-22 15:35:58.823 61975 INFO tempest.lib.common.rest_client [req-2358109c-86f4-4473-a38e-d4686e9547df req-2358109c-86f4-4473-a38e-d4686e9547df ] Request (AZAdminNegativeTestJSON:setUpClass): 201 POST http://10.180.1.21/identity/v3/projects 0.224s
2024-10-22 15:35:58.856 61967 INFO tempest.lib.common.rest_client [req-885185e2-f918-4b95-8a49-406e6705b8d1 req-885185e2-f918-4b95-8a49-406e6705b8d1 ] Request (ServerDiagnosticsV248Test:test_get_server_diagnostics): 200 GET http://10.180.1.21/compute/v2.1/servers/767c2c81-2508-4dcd-97d7-28726c2c6d31 1.671s
2024-10-22 15:35:58.870 61967 INFO tempest.common.waiters [-] State transition "BUILD/block_device_mapping" ==> "BUILD/spawning" after 6 second wait
2024-10-22 15:35:58.912 61947 INFO tempest.lib.common.rest_client [req-54e96ee8-1ac1-4969-853b-df4ab7ead985 req-54e96ee8-1ac1-4969-853b-df4ab7ead985 ] Request (HypervisorAdminV253TestBase:tearDownClass): 204 DELETE http://10.180.1.21:9696/networking/v2.0/security-groups/a6a23a31-1d99-4d67-bb16-d18e3770fa65 0.303s
2024-10-22 15:35:58.919 61955 INFO tempest.lib.common.rest_client [req-a949a8b0-7a1a-4cf7-b314-a0b531f84e1e req-a949a8b0-7a1a-4cf7-b314-a0b531f84e1e ] Request (VolumesAssistedSnapshotsTest:setUpClass): 201 POST http://10.180.1.21/identity/v3/projects 0.321s
2024-10-22 15:35:58.936 61973 INFO tempest.lib.common.rest_client [req-f5956d57-0a1b-469f-a3b8-b5e1141ac7e1 req-f5956d57-0a1b-469f-a3b8-b5e1141ac7e1 ] Request (HypervisorAdminUnderV252Test:tearDownClass): 204 DELETE http://10.180.1.21/identity/v3/users/2bb2133135244a6aab5e58e525ee2528 0.242s
2024-10-22 15:35:58.936 61973 INFO tempest.lib.common.dynamic_creds [-] Deleting project and security group for project: a78ca18d4e4548f28b1252a909ea1d60
2024-10-22 15:35:58.939 61945 INFO tempest.lib.common.rest_client [req-f685ae21-5d55-42c8-9941-2cb059137318 req-f685ae21-5d55-42c8-9941-2cb059137318 ] Request (DeleteServersAdminTestJSON:test_admin_delete_servers_of_others): 200 GET http://10.180.1.21/compute/v2.1/servers/92d3ea1d-8a72-4f4b-87be-70367170d933 1.632s
2024-10-22 15:35:58.960 61953 INFO tempest.lib.common.rest_client [req-ca633720-305d-4950-9a27-108ddd3ed39c req-ca633720-305d-4950-9a27-108ddd3ed39c ] Request (KeyPairsV22TestJSON:test_get_keypair_detail): 200 GET http://10.180.1.21/compute/v2.1/os-keypairs/tempest-keypair-377160990 1.575s
2024-10-22 15:35:58.996 61961 INFO tempest.lib.common.rest_client [req-b085b468-b40b-4224-a355-b8db427331d0 req-b085b468-b40b-4224-a355-b8db427331d0 ] Request (SecurityGroupsTestJSON:setUpClass): 201 POST http://10.180.1.21/identity/v3/auth/tokens 0.180s
2024-10-22 15:35:59.023 61975 INFO tempest.lib.common.rest_client [req-5537bde5-4545-4ac4-b4e9-0a371dc199d5 req-5537bde5-4545-4ac4-b4e9-0a371dc199d5 ] Request (AZAdminNegativeTestJSON:setUpClass): 201 POST http://10.180.1.21/identity/v3/users 0.200s
2024-10-22 15:35:59.033 61927 INFO tempest.lib.common.rest_client [req-de70608e-5b3b-4f2a-98d7-cdfc80dcae05 req-de70608e-5b3b-4f2a-98d7-cdfc80dcae05 ] Request (ServerDiagnosticsTest:test_get_server_diagnostics): 200 GET http://10.180.1.21/compute/v2.1/servers/c741026a-6cd4-49c8-8604-f67cf7189c8a 1.639s
2024-10-22 15:35:59.052 61943 INFO tempest.lib.common.rest_client [req-7db391f9-0f2b-4af9-870e-a9220564f67d req-7db391f9-0f2b-4af9-870e-a9220564f67d ] Request (InstanceUsageAuditLogNegativeTestJSON:tearDownClass): 204 DELETE http://10.180.1.21/identity/v3/projects/c904140eb87b47c7b45028c3e3a83307 0.345s
2024-10-22 15:35:59.053 61943 INFO tempest.lib.common.dynamic_creds [-] Deleting project and security group for project: c44016627bcd47aa9798398fa88bf7cc
2024-10-22 15:35:59.058 61963 INFO tempest.lib.common.rest_client [req-cbe157cb-a722-4144-b31b-7cb7a2bb461e req-cbe157cb-a722-4144-b31b-7cb7a2bb461e ] Request (FlavorsV261TestJSON:test_crud_flavor): 200 GET http://10.180.1.21/compute/v2.1/flavors 1.616s
2024-10-22 15:35:59.114 61955 INFO tempest.lib.common.rest_client [req-815d5716-7510-4024-b5e2-d7a07a5683b5 req-815d5716-7510-4024-b5e2-d7a07a5683b5 ] Request (VolumesAssistedSnapshotsTest:setUpClass): 201 POST http://10.180.1.21/identity/v3/users 0.195s
2024-10-22 15:35:59.134 61951 INFO tempest.lib.common.rest_client [req-7502fc00-a99d-407b-994c-21d55ba361a7 req-7502fc00-a99d-407b-994c-21d55ba361a7 ] Request (ServerDiagnosticsNegativeTest:test_get_server_diagnostics_by_non_admin): 200 GET http://10.180.1.21/compute/v2.1/servers/9a03a74b-7fad-4338-ae6f-82c493cd44e3 1.568s
2024-10-22 15:35:59.141 61931 INFO tempest.lib.common.rest_client [req-40661b7c-db35-4f47-a7b0-ba4d62e87f4f req-40661b7c-db35-4f47-a7b0-ba4d62e87f4f ] Request (HostsAdminNegativeTestJSON:test_reboot_host_with_non_admin_user): 403 GET http://10.180.1.21/compute/v2.1/os-hosts/devstack/reboot 1.369s
2024-10-22 15:35:59.141 61947 INFO tempest.lib.common.rest_client [req-1b5698f8-c828-457a-8298-ccc4378c1b53 req-1b5698f8-c828-457a-8298-ccc4378c1b53 ] Request (HypervisorAdminV253TestBase:tearDownClass): 204 DELETE http://10.180.1.21/identity/v3/projects/72149a1e87d94d08b213e1368167c381 0.229s
2024-10-22 15:35:59.142 61947 INFO tempest.lib.common.dynamic_creds [-] Deleting project and security group for project: ea1ba321be824f3c98a4a4dbe72e3ba3
2024-10-22 15:35:59.199 61957 INFO tempest.lib.common.rest_client [req-9988de25-da32-4c8f-9b64-9c913e4bef3e req-9988de25-da32-4c8f-9b64-9c913e4bef3e ] Request (InstanceActionsNegativeTestJSON:setUpClass): 200 GET http://10.180.1.21/compute/v2.1/servers/368c44e8-756c-4b11-8a63-9f69e007769c 1.422s
2024-10-22 15:35:59.212 61943 INFO tempest.lib.common.rest_client [req-27ddcc42-44ec-4cbd-a88a-24cbbcd5cf77 req-27ddcc42-44ec-4cbd-a88a-24cbbcd5cf77 ] Request (InstanceUsageAuditLogNegativeTestJSON:tearDownClass): 200 GET http://10.180.1.21:9696/networking/v2.0/security-groups?tenant_id=c44016627bcd47aa9798398fa88bf7cc&name=default 0.159s
2024-10-22 15:35:59.220 61973 INFO tempest.lib.common.rest_client [req-0579c078-4f9f-4b2d-81fa-21ac3c52bea8 req-0579c078-4f9f-4b2d-81fa-21ac3c52bea8 ] Request (HypervisorAdminUnderV252Test:tearDownClass): 201 POST http://10.180.1.21/identity/v3/auth/tokens 0.283s
2024-10-22 15:35:59.259 61975 INFO tempest.lib.common.rest_client [req-8d4d8e94-cc9f-418b-8722-b3e09e7b53d3 req-8d4d8e94-cc9f-418b-8722-b3e09e7b53d3 ] Request (AZAdminNegativeTestJSON:setUpClass): 200 GET http://10.180.1.21/identity/v3/roles 0.235s
2024-10-22 15:35:59.265 61929 INFO tempest.lib.common.rest_client [req-a5c67800-0b82-45d6-b79c-a17d1ee1158f req-a5c67800-0b82-45d6-b79c-a17d1ee1158f ] Request (FlavorsAccessTestJSON:test_flavor_access_add_remove): 200 POST http://10.180.1.21/compute/v2.1/flavors/240352936/action 2.040s
2024-10-22 15:35:59.277 61955 INFO tempest.lib.common.rest_client [req-9fd6210c-7191-4c97-889f-2e9b02237171 req-9fd6210c-7191-4c97-889f-2e9b02237171 ] Request (VolumesAssistedSnapshotsTest:setUpClass): 200 GET http://10.180.1.21/identity/v3/roles 0.162s
2024-10-22 15:35:59.303 61947 INFO tempest.lib.common.rest_client [req-a928ead6-aa13-4a11-a231-4a554d172b07 req-a928ead6-aa13-4a11-a231-4a554d172b07 ] Request (HypervisorAdminV253TestBase:tearDownClass): 200 GET http://10.180.1.21:9696/networking/v2.0/security-groups?tenant_id=ea1ba321be824f3c98a4a4dbe72e3ba3&name=default 0.161s
2024-10-22 15:35:59.343 61943 INFO tempest.lib.common.rest_client [req-896d5b6c-ae4b-41a1-8ce5-0c0e4e066e02 req-896d5b6c-ae4b-41a1-8ce5-0c0e4e066e02 ] Request (InstanceUsageAuditLogNegativeTestJSON:tearDownClass): 204 DELETE http://10.180.1.21:9696/networking/v2.0/security-groups/2da6477d-eed6-4adb-bb75-c988e22cd9f8 0.130s
2024-10-22 15:35:59.351 61975 INFO tempest.lib.common.rest_client [req-ecbac955-c434-4b6e-b312-309b2d86ceed req-ecbac955-c434-4b6e-b312-309b2d86ceed ] Request (AZAdminNegativeTestJSON:setUpClass): 204 PUT http://10.180.1.21/identity/v3/projects/afe3992f2d2f4e9ab2f5295e33f6feb6/users/82e5169da28f46f191a824af86412b64/roles/73ed173dfe514a868e88026ca57fcdc0 0.092s
2024-10-22 15:35:59.351 61975 INFO tempest.lib.common.dynamic_creds [-] Dynamic test user 82e5169da28f46f191a824af86412b64 is created with scope project and roles: ['member']
2024-10-22 15:35:59.352 61975 INFO tempest.lib.common.dynamic_creds [-] Acquired dynamic creds: credentials: Credentials: {'domain_id': 'default', 'domain_name': 'Default', 'username': 'tempest-AZAdminNegativeTestJSON-1560233079-project-member', 'project_domain_id': 'default', 'project_domain_name': 'Default', 'project_id': 'afe3992f2d2f4e9ab2f5295e33f6feb6', 'project_name': 'tempest-AZAdminNegativeTestJSON-1560233079', 'tenant_id': 'afe3992f2d2f4e9ab2f5295e33f6feb6', 'tenant_name': 'tempest-AZAdminNegativeTestJSON-1560233079', 'user_domain_id': 'default', 'user_domain_name': 'Default', 'user_id': '82e5169da28f46f191a824af86412b64', 'system': None}, Network: None, Subnet: None, Router: None
2024-10-22 15:35:59.352 61975 INFO tempest.lib.common.dynamic_creds [-] Created isolated network resources for: credentials: Credentials: {'domain_id': 'default', 'domain_name': 'Default', 'username': 'tempest-AZAdminNegativeTestJSON-1560233079-project-member', 'project_domain_id': 'default', 'project_domain_name': 'Default', 'project_id': 'afe3992f2d2f4e9ab2f5295e33f6feb6', 'project_name': 'tempest-AZAdminNegativeTestJSON-1560233079', 'tenant_id': 'afe3992f2d2f4e9ab2f5295e33f6feb6', 'tenant_name': 'tempest-AZAdminNegativeTestJSON-1560233079', 'user_domain_id': 'default', 'user_domain_name': 'Default', 'user_id': '82e5169da28f46f191a824af86412b64', 'system': None}, Network: None, Subnet: None, Router: None
2024-10-22 15:35:59.407 61955 INFO tempest.lib.common.rest_client [req-b0c83063-9d46-43f5-a599-6e10b18c9311 req-b0c83063-9d46-43f5-a599-6e10b18c9311 ] Request (VolumesAssistedSnapshotsTest:setUpClass): 204 PUT http://10.180.1.21/identity/v3/projects/582245fe75c64dd2a4d70149d10e87f9/users/712d9bc7692a42c588d8f2e0d1f75996/roles/711dd432f4b240c5881cfde68df0ef16 0.129s
2024-10-22 15:35:59.464 61969 INFO tempest.lib.common.rest_client [req-9a3e2215-e06b-40ac-84b2-438f88aa8cc9 req-9a3e2215-e06b-40ac-84b2-438f88aa8cc9 ] Request (ServersWithSpecificFlavorTestJSON:test_verify_created_server_ephemeral_disk): 200 GET http://10.180.1.21/compute/v2.1/flavors/42 1.251s
2024-10-22 15:35:59.492 61943 INFO tempest.lib.common.rest_client [req-4c2ab490-5fab-46e4-bb33-7d488d1d1840 req-4c2ab490-5fab-46e4-bb33-7d488d1d1840 ] Request (InstanceUsageAuditLogNegativeTestJSON:tearDownClass): 204 DELETE http://10.180.1.21/identity/v3/projects/c44016627bcd47aa9798398fa88bf7cc 0.148s
