2024-10-22 15:36:29.928 61973 INFO tempest.lib.common.dynamic_creds [-] Created isolated network resources for: credentials: Credentials: {'domain_id': 'default', 'domain_name': 'Default', 'username': 'tempest-ServersTestMultiNic-232361084-project-member', 'project_domain_id': 'default', 'project_domain_name': 'Default', 'project_id': '3f61b9de98314d118496a0b69e59a6e9', 'project_name': 'tempest-ServersTestMultiNic-232361084', 'tenant_id': '3f61b9de98314d118496a0b69e59a6e9', 'tenant_name': 'tempest-ServersTestMultiNic-232361084', 'user_domain_id': 'default', 'user_domain_name': 'Default', 'user_id': '0e0f547b01e94904800d532194a53be0', 'system': None}, Network: {'id': 'dc8d2789-9e0d-4ef2-bab5-be3e35db438e', 'name': 'tempest-ServersTestMultiNic-1655045445-network', 'tenant_id': '3f61b9de98314d118496a0b69e59a6e9', 'admin_state_up': True, 'mtu': 8950, 'status': 'ACTIVE', 'subnets': [], 'shared': False, 'project_id': '3f61b9de98314d118496a0b69e59a6e9', 'port_security_enabled': True, 'router:external': False, 'provider:network_type': 'vlan', 'provider:physical_network': 'default', 'provider:segmentation_id': 983, 'is_default': False, 'availability_zone_hints': [], 'availability_zones': [], 'ipv4_address_scope': None, 'ipv6_address_scope': None, 'description': '', 'tags': [], 'created_at': '2024-10-22T15:36:25Z', 'updated_at': '2024-10-22T15:36:25Z', 'revision_number': 1}, Subnet: {'id': '13906511-7ced-4508-b91d-49b0274afedd', 'name': 'tempest-ServersTestMultiNic-1655045445-subnet', 'tenant_id': '3f61b9de98314d118496a0b69e59a6e9', 'network_id': 'dc8d2789-9e0d-4ef2-bab5-be3e35db438e', 'ip_version': 4, 'subnetpool_id': None, 'enable_dhcp': True, 'ipv6_ra_mode': None, 'ipv6_address_mode': None, 'gateway_ip': '192.168.128.1', 'cidr': '192.168.128.0/28', 'allocation_pools': [{'start': '192.168.128.2', 'end': '192.168.128.14'}], 'host_routes': [], 'dns_nameservers': [], 'description': '', 'router:external': False, 'service_types': [], 'tags': [], 'created_at': '2024-10-22T15:36:25Z', 'updated_at': '2024-10-22T15:36:25Z', 'revision_number': 0, 'project_id': '3f61b9de98314d118496a0b69e59a6e9'}, Router: {'id': 'a49d2ab0-605d-44db-abd5-80508e4c7b93', 'name': 'tempest-ServersTestMultiNic-1655045445-router', 'tenant_id': '3f61b9de98314d118496a0b69e59a6e9', 'admin_state_up': True, 'status': 'ACTIVE', 'external_gateway_info': {'network_id': 'd9b6bfac-bff8-44c0-a9c1-9fc6f3e56f0c', 'external_fixed_ips': [{'subnet_id': 'e31c7a6b-929f-4893-bb11-7b60a23f18d8', 'ip_address': '10.180.180.213'}], 'enable_snat': True}, 'description': '', 'availability_zones': [], 'distributed': False, 'ha': False, 'availability_zone_hints': [], 'routes': [], 'flavor_id': None, 'tags': [], 'created_at': '2024-10-22T15:36:26Z', 'updated_at': '2024-10-22T15:36:27Z', 'revision_number': 2, 'project_id': '3f61b9de98314d118496a0b69e59a6e9'}
2024-10-22 15:36:29.930 61933 INFO tempest.lib.common.rest_client [req-efb25e87-a0cf-48e5-83d3-c46703919de9 req-efb25e87-a0cf-48e5-83d3-c46703919de9 ] Request (FloatingIPDetailsTestJSON:tearDownClass): 202 DELETE http://10.180.1.21/compute/v2.1/os-floating-ips/06586d2f-5431-4174-81d2-f7bbcdb45e73 2.258s
2024-10-22 15:36:29.957 61931 INFO tempest.lib.common.rest_client [req-27c0e82b-afda-4ffb-92d6-d68b35587a5a req-27c0e82b-afda-4ffb-92d6-d68b35587a5a ] Request (ServicesAdminNegativeTestJSON:test_get_service_by_invalid_service_and_valid_host): 200 GET http://10.180.1.21/compute/v2.1/os-services 1.308s
2024-10-22 15:36:29.970 61919 INFO tempest.lib.common.rest_client [req-d2a1919a-1286-46e5-94cb-cc1e8a2e5cb6 req-d2a1919a-1286-46e5-94cb-cc1e8a2e5cb6 ] Request (ServerExternalEventsTest:tearDownClass): 204 DELETE http://10.180.1.21/identity/v3/projects/041a2e2a17f241a490bfd8f96b9400ab 0.150s
2024-10-22 15:36:29.977 61915 INFO tempest.lib.common.rest_client [req-1c8c283c-d39c-4b1f-a791-e8e0f4f20c22 req-1c8c283c-d39c-4b1f-a791-e8e0f4f20c22 ] Request (VolumesAdminNegativeTest:test_update_attached_volume_with_nonexistent_volume_in_body): 201 POST http://10.180.1.21:9696/networking/v2.0/floatingips 1.128s
2024-10-22 15:36:30.015 61937 INFO tempest.lib.common.rest_client [req-6962ed99-443b-42d2-ac4f-4a751de63662 req-6962ed99-443b-42d2-ac4f-4a751de63662 ] Request (QuotasAdminTestJSON:test_get_updated_quotas): 200 GET http://10.180.1.21/compute/v2.1/os-quota-sets/3934d889082146118cf04bef493e909f/detail 1.704s
2024-10-22 15:36:30.034 61929 INFO tempest.lib.common.rest_client [req-6c983e81-3fc4-45b1-8e80-fd3d368c22bd req-6c983e81-3fc4-45b1-8e80-fd3d368c22bd ] Request (SecurityGroupsTestAdminJSON:setUpClass): 201 POST http://10.180.1.21/identity/v3/auth/tokens 0.202s
2024-10-22 15:36:30.054 61973 INFO tempest.lib.common.rest_client [req-44fa894e-76e5-4bd7-a1c0-ac6f9f0e567f req-44fa894e-76e5-4bd7-a1c0-ac6f9f0e567f ] Request (ServersTestMultiNic:setUpClass): 201 POST http://10.180.1.21/identity/v3/auth/tokens 0.121s
2024-10-22 15:36:30.088 61919 INFO tempest.lib.common.rest_client [req-96dc0d28-0949-4f6a-b314-ee5827e1f954 req-96dc0d28-0949-4f6a-b314-ee5827e1f954 ] Request (ImagesDeleteNegativeTestJSON:setUpClass): 201 POST http://10.180.1.21/identity/v3/auth/tokens 0.117s
2024-10-22 15:36:30.094 61967 INFO tempest.lib.common.rest_client [req-4c9109ab-16f5-404d-a72a-5d01efac3670 req-4c9109ab-16f5-404d-a72a-5d01efac3670 ] Request (ServerDiagnosticsV248Test:tearDownClass): 200 GET http://10.180.1.21/compute/v2.1/servers/767c2c81-2508-4dcd-97d7-28726c2c6d31 1.266s
2024-10-22 15:36:30.104 61967 INFO tempest.common.waiters [-] State transition "ACTIVE/deleting" ==> "DELETED/None" after 3 second wait
2024-10-22 15:36:30.107 61937 INFO tempest.lib.common.rest_client [req-71f8ea94-a7e3-425d-95d8-f2d2299f93de req-71f8ea94-a7e3-425d-95d8-f2d2299f93de ] Request (QuotasAdminTestJSON:test_get_updated_quotas): 200 GET http://10.180.1.21/identity/v3/domains?name=Default 0.083s
2024-10-22 15:36:30.112 61915 INFO tempest.lib.common.rest_client [req-5bb06955-a890-4b6f-95cd-40df27388727 req-5bb06955-a890-4b6f-95cd-40df27388727 ] Request (VolumesAdminNegativeTest:test_update_attached_volume_with_nonexistent_volume_in_body): 201 POST http://10.180.1.21/identity/v3/auth/tokens 0.131s
2024-10-22 15:36:30.112 61915 INFO tempest.lib.common.fixed_network [-] (VolumesAdminNegativeTest:test_update_attached_volume_with_nonexistent_volume_in_body) Found network {'id': '499fa706-85a4-48cb-a308-9a0d34e765c0', 'name': 'tempest-VolumesAdminNegativeTest-1947657601-network', 'tenant_id': 'abf6ecd1a0b94fa1b2e085bb6fdef2c2', 'admin_state_up': True, 'mtu': 8950, 'status': 'ACTIVE', 'subnets': [], 'shared': False, 'project_id': 'abf6ecd1a0b94fa1b2e085bb6fdef2c2', 'port_security_enabled': True, 'router:external': False, 'provider:network_type': 'vlan', 'provider:physical_network': 'default', 'provider:segmentation_id': 482, 'is_default': False, 'availability_zone_hints': [], 'availability_zones': [], 'ipv4_address_scope': None, 'ipv6_address_scope': None, 'description': '', 'tags': [], 'created_at': '2024-10-22T15:36:11Z', 'updated_at': '2024-10-22T15:36:11Z', 'revision_number': 1} available for tenant
2024-10-22 15:36:30.134 61919 INFO tempest.lib.common.rest_client [req-925e2fc0-041a-4ce9-8901-034855487873 req-925e2fc0-041a-4ce9-8901-034855487873 ] Request (ImagesDeleteNegativeTestJSON:setUpClass): 201 POST http://10.180.1.21/identity/v3/auth/tokens 0.042s
2024-10-22 15:36:30.175 61937 INFO tempest.lib.common.rest_client [req-0fd362f0-d04b-4996-b7d3-a29e154d9397 req-0fd362f0-d04b-4996-b7d3-a29e154d9397 ] Request (QuotasAdminTestJSON:test_get_updated_quotas): 201 POST http://10.180.1.21/identity/v3/users 0.068s
2024-10-22 15:36:30.191 61935 INFO tempest.lib.common.rest_client [req-5c51a97e-552d-444d-a581-b03afa34ef4d req-5c51a97e-552d-444d-a581-b03afa34ef4d ] Request (MultipleCreateTestJSON:test_multiple_create): 204 DELETE http://10.180.1.21/compute/v2.1/servers/4deb5eaa-e8e2-41cc-aef9-722235e69b95 1.449s
2024-10-22 15:36:30.192 61919 INFO tempest.lib.common.rest_client [req-0ad17fe8-0059-44dd-8dbc-1bb7b9fc4afe req-0ad17fe8-0059-44dd-8dbc-1bb7b9fc4afe ] Request (ImagesDeleteNegativeTestJSON:setUpClass): 200 GET http://10.180.1.21/identity/v3/domains?name=Default 0.058s
2024-10-22 15:36:30.207 61937 INFO tempest.lib.common.rest_client [req-32a460d2-ff34-4a1f-98ec-9a7511f9fec3 req-32a460d2-ff34-4a1f-98ec-9a7511f9fec3 ] Request (QuotasAdminTestJSON:test_get_updated_quotas): 200 GET http://10.180.1.21/identity/v3/domains?name=Default 0.032s
2024-10-22 15:36:30.209 61945 INFO tempest.lib.common.rest_client [req-b78894ba-3e8f-4e08-8fca-62ffcc8f70e6 req-b78894ba-3e8f-4e08-8fca-62ffcc8f70e6 ] Request (DeleteServersAdminTestJSON:test_admin_delete_servers_of_others): 404 GET http://10.180.1.21/compute/v2.1/servers/92d3ea1d-8a72-4f4b-87be-70367170d933 1.088s
2024-10-22 15:36:30.226 61925 INFO tempest.lib.common.rest_client [req-ccc3c94a-0222-44b6-8841-fd28b6d43cf8 req-ccc3c94a-0222-44b6-8841-fd28b6d43cf8 ] Request (FlavorsAccessNegativeTestJSON:_run_cleanups): 200 GET http://10.180.1.21/compute/v2.1/flavors/detail 1.088s
2024-10-22 15:36:30.229 61919 INFO tempest.lib.common.rest_client [req-ba3f9f01-50b5-4fe2-9872-9decf7fa465a req-ba3f9f01-50b5-4fe2-9872-9decf7fa465a ] Request (ImagesDeleteNegativeTestJSON:setUpClass): 201 POST http://10.180.1.21/identity/v3/projects 0.036s
2024-10-22 15:36:30.241 61949 INFO tempest.lib.common.rest_client [req-c67b882c-c1f8-4f98-8afb-a48c24e8f17a req-c67b882c-c1f8-4f98-8afb-a48c24e8f17a ] Request (FlavorsAdminTestJSON:_run_cleanups): 200 GET http://10.180.1.21/compute/v2.1/flavors/detail 1.084s
2024-10-22 15:36:30.276 61939 INFO tempest.lib.common.rest_client [req-f095369b-d04e-4a24-a43c-fedaf7106b8f req-f095369b-d04e-4a24-a43c-fedaf7106b8f ] Request (ServicesAdminTestJSON:test_get_service_by_host_name): 200 GET http://10.180.1.21/compute/v2.1/os-services 1.212s
2024-10-22 15:36:30.276 61945 INFO tempest.lib.common.rest_client [req-4905ec27-545d-4481-9ae7-3a495c663199 req-4905ec27-545d-4481-9ae7-3a495c663199 ] Request (DeleteServersAdminTestJSON:test_delete_server_while_in_error_state): 201 POST http://10.180.1.21/identity/v3/auth/tokens 0.055s
2024-10-22 15:36:30.276 61927 INFO tempest.lib.common.rest_client [req-7f8f4465-9ada-4a10-9768-7e4c64574887 req-7f8f4465-9ada-4a10-9768-7e4c64574887 ] Request (KeyPairsNegativeTestJSON:test_create_keypair_with_duplicate_name): 200 POST http://10.180.1.21/compute/v2.1/os-keypairs 1.082s
2024-10-22 15:36:30.276 61945 INFO tempest.lib.common.fixed_network [-] (DeleteServersAdminTestJSON:test_delete_server_while_in_error_state) Found network None available for tenant
2024-10-22 15:36:30.282 61919 INFO tempest.lib.common.rest_client [req-0e3a51cc-159f-4a57-8663-f8ebb1610852 req-0e3a51cc-159f-4a57-8663-f8ebb1610852 ] Request (ImagesDeleteNegativeTestJSON:setUpClass): 201 POST http://10.180.1.21/identity/v3/users 0.052s
2024-10-22 15:36:30.299 61919 INFO tempest.lib.common.rest_client [req-6c1889ce-de4a-4bca-bf62-83265b313b87 req-6c1889ce-de4a-4bca-bf62-83265b313b87 ] Request (ImagesDeleteNegativeTestJSON:setUpClass): 200 GET http://10.180.1.21/identity/v3/roles 0.016s
2024-10-22 15:36:30.333 61973 INFO tempest.lib.common.rest_client [req-c3b000c1-3a0d-47e8-b82e-87fdb52edbd9 req-c3b000c1-3a0d-47e8-b82e-87fdb52edbd9 ] Request (ServersTestMultiNic:test_verify_duplicate_network_nics): 201 POST http://10.180.1.21:9696/networking/v2.0/networks 0.278s
2024-10-22 15:36:30.334 61919 INFO tempest.lib.common.rest_client [req-dfe1bc1a-8cd0-41ea-9ad2-04cbe95b5345 req-dfe1bc1a-8cd0-41ea-9ad2-04cbe95b5345 ] Request (ImagesDeleteNegativeTestJSON:setUpClass): 204 PUT http://10.180.1.21/identity/v3/projects/763da59025c546d2a6564a10869e7fae/users/b4215bd3909f42ffa6d3f9842579513e/roles/73ed173dfe514a868e88026ca57fcdc0 0.035s
2024-10-22 15:36:30.334 61919 INFO tempest.lib.common.dynamic_creds [-] Dynamic test user b4215bd3909f42ffa6d3f9842579513e is created with scope project and roles: ['member']
2024-10-22 15:36:30.335 61919 INFO tempest.lib.common.dynamic_creds [-] Acquired dynamic creds: credentials: Credentials: {'domain_id': 'default', 'domain_name': 'Default', 'username': 'tempest-ImagesDeleteNegativeTestJSON-2014642724-project-member', 'project_domain_id': 'default', 'project_domain_name': 'Default', 'project_id': '763da59025c546d2a6564a10869e7fae', 'project_name': 'tempest-ImagesDeleteNegativeTestJSON-2014642724', 'tenant_id': '763da59025c546d2a6564a10869e7fae', 'tenant_name': 'tempest-ImagesDeleteNegativeTestJSON-2014642724', 'user_domain_id': 'default', 'user_domain_name': 'Default', 'user_id': 'b4215bd3909f42ffa6d3f9842579513e', 'system': None}, Network: None, Subnet: None, Router: None
2024-10-22 15:36:30.335 61919 INFO tempest.lib.common.dynamic_creds [-] Created isolated network resources for: credentials: Credentials: {'domain_id': 'default', 'domain_name': 'Default', 'username': 'tempest-ImagesDeleteNegativeTestJSON-2014642724-project-member', 'project_domain_id': 'default', 'project_domain_name': 'Default', 'project_id': '763da59025c546d2a6564a10869e7fae', 'project_name': 'tempest-ImagesDeleteNegativeTestJSON-2014642724', 'tenant_id': '763da59025c546d2a6564a10869e7fae', 'tenant_name': 'tempest-ImagesDeleteNegativeTestJSON-2014642724', 'user_domain_id': 'default', 'user_domain_name': 'Default', 'user_id': 'b4215bd3909f42ffa6d3f9842579513e', 'system': None}, Network: None, Subnet: None, Router: None
2024-10-22 15:36:30.337 61957 INFO tempest.lib.common.rest_client [req-61f13020-4e0f-414a-a76e-974a40a258a9 req-61f13020-4e0f-414a-a76e-974a40a258a9 ] Request (InstanceActionsNegativeTestJSON:setUpClass): 200 GET http://10.180.1.21/compute/v2.1/servers/368c44e8-756c-4b11-8a63-9f69e007769c 1.092s
2024-10-22 15:36:30.408 61919 INFO tempest.lib.common.rest_client [req-bbb618b6-7888-463d-b734-88ac659153f9 req-bbb618b6-7888-463d-b734-88ac659153f9 ] Request (ImagesDeleteNegativeTestJSON:setUpClass): 201 POST http://10.180.1.21/identity/v3/auth/tokens 0.069s
2024-10-22 15:36:30.463 61921 INFO tempest.lib.common.rest_client [req-628c4150-55d3-4450-9b65-b24d50b0e628 req-628c4150-55d3-4450-9b65-b24d50b0e628 ] Request (SecurityGroupRulesTestJSON:test_security_group_rules_create): 200 POST http://10.180.1.21/compute/v2.1/os-security-group-rules 1.148s
2024-10-22 15:36:30.541 61973 INFO tempest.lib.common.rest_client [req-d7226dcf-379b-4bdf-a286-0a82ba3a1a59 req-d7226dcf-379b-4bdf-a286-0a82ba3a1a59 ] Request (ServersTestMultiNic:test_verify_duplicate_network_nics): 201 POST http://10.180.1.21:9696/networking/v2.0/subnets 0.207s
2024-10-22 15:36:30.555 61971 INFO tempest.lib.common.rest_client [req-729168ef-f543-4214-9590-96f7206b69dd req-729168ef-f543-4214-9590-96f7206b69dd ] Request (MigrationsAdminTest:test_list_migrations_in_flavor_resize_situation): 200 GET http://10.180.1.21/compute/v2.1/servers/68e5fc5b-a843-4f49-a903-4ed145d63fd7 1.208s
2024-10-22 15:36:30.586 61923 INFO tempest.lib.common.rest_client [req-e174fac0-ac30-407c-a699-1ff8530677b6 req-e174fac0-ac30-407c-a699-1ff8530677b6 ] Request (AggregatesAdminNegativeTestJSON:_run_cleanups): 200 DELETE http://10.180.1.21/compute/v2.1/os-aggregates/5 1.240s
2024-10-22 15:36:30.640 61978 INFO tempest.lib.common.rest_client [req-a34d98ce-8261-4c86-acf2-04928c10469b req-a34d98ce-8261-4c86-acf2-04928c10469b ] Request (DeleteServersTestJSON:test_delete_active_server): 200 GET http://10.180.1.21/compute/v2.1/servers/e51d3f4e-41d5-4190-a8e9-21c743aa3b5e 1.257s
2024-10-22 15:36:30.645 61973 INFO tempest.lib.common.rest_client [req-49bd463f-5e14-41d0-82d2-0565baebab86 req-49bd463f-5e14-41d0-82d2-0565baebab86 ] Request (ServersTestMultiNic:test_verify_duplicate_network_nics): 201 POST http://10.180.1.21:9696/networking/v2.0/networks 0.103s
2024-10-22 15:36:30.689 61959 INFO tempest.lib.common.rest_client [req-81e08c47-95bf-4951-a87e-22bf14f5bbd1 req-81e08c47-95bf-4951-a87e-22bf14f5bbd1 ] Request (ImagesOneServerNegativeTestJSON:setUpClass): 200 GET http://10.180.1.21/compute/v2.1/servers/3c252464-1b1a-4c1a-86bb-2fb0107aa52f 1.235s
2024-10-22 15:36:30.747 61961 INFO tempest.lib.common.rest_client [req-23416515-a8cf-4813-b4bf-02ec4efbbdd0 req-23416515-a8cf-4813-b4bf-02ec4efbbdd0 ] Request (SecurityGroupsTestJSON:test_list_security_groups_by_server): 200 GET http://10.180.1.21/compute/v2.1/servers/f03f349e-d5ed-437b-8b13-6b036f2b88dc 1.225s
2024-10-22 15:36:30.773 61947 INFO tempest.lib.common.rest_client [req-ca38ee9d-f587-4f15-aa65-d43c850e2560 req-ca38ee9d-f587-4f15-aa65-d43c850e2560 ] Request (FloatingIPsTestJSON:_run_cleanups): 404 DELETE http://10.180.1.21/compute/v2.1/os-floating-ips/4ec91f54-2504-4106-bfa3-e694eb3be0a9 1.231s
2024-10-22 15:36:30.786 61933 INFO tempest.lib.common.rest_client [req-24e0d53c-9f58-4ed3-9e9f-4d2383d35cb3 req-24e0d53c-9f58-4ed3-9e9f-4d2383d35cb3 ] Request (FloatingIPDetailsTestJSON:tearDownClass): 200 PUT http://10.180.1.21:9696/networking/v2.0/routers/57f34e4a-0f41-4c4a-bd44-2e1af7c478ae/remove_router_interface 0.855s
2024-10-22 15:36:30.849 61969 INFO tempest.lib.common.rest_client [req-6700fb66-7874-4d1b-8393-b7de71e44d37 req-6700fb66-7874-4d1b-8393-b7de71e44d37 ] Request (ServersWithSpecificFlavorTestJSON:test_verify_created_server_ephemeral_disk): 200 GET http://10.180.1.21/compute/v2.1/servers/b15dbb0e-4f3d-451f-ba1e-f560b2e3ea6b 1.216s
2024-10-22 15:36:30.982 61963 INFO tempest.lib.common.rest_client [req-8a8f245a-7adf-4d55-8055-814880f4eaca req-8a8f245a-7adf-4d55-8055-814880f4eaca ] Request (ServersTestBootFromVolume:setUpClass): 200 GET http://10.180.1.21/volume/v3/volumes/3bea0f2a-9c13-4466-8549-a80c70193b42 0.047s
2024-10-22 15:36:30.989 61973 INFO tempest.lib.common.rest_client [req-218f344f-c662-4349-b9db-96169274c0bd req-218f344f-c662-4349-b9db-96169274c0bd ] Request (ServersTestMultiNic:test_verify_duplicate_network_nics): 201 POST http://10.180.1.21:9696/networking/v2.0/subnets 0.343s
2024-10-22 15:36:31.060 61973 INFO tempest.lib.common.rest_client [req-fcab1c48-8e5e-47a6-bd04-f3cf4d17626a req-fcab1c48-8e5e-47a6-bd04-f3cf4d17626a ] Request (ServersTestMultiNic:test_verify_duplicate_network_nics): 201 POST http://10.180.1.21/identity/v3/auth/tokens 0.068s
2024-10-22 15:36:31.061 61973 INFO tempest.lib.common.fixed_network [-] (ServersTestMultiNic:test_verify_duplicate_network_nics) Found network {'id': 'dc8d2789-9e0d-4ef2-bab5-be3e35db438e', 'name': 'tempest-ServersTestMultiNic-1655045445-network', 'tenant_id': '3f61b9de98314d118496a0b69e59a6e9', 'admin_state_up': True, 'mtu': 8950, 'status': 'ACTIVE', 'subnets': [], 'shared': False, 'project_id': '3f61b9de98314d118496a0b69e59a6e9', 'port_security_enabled': True, 'router:external': False, 'provider:network_type': 'vlan', 'provider:physical_network': 'default', 'provider:segmentation_id': 983, 'is_default': False, 'availability_zone_hints': [], 'availability_zones': [], 'ipv4_address_scope': None, 'ipv6_address_scope': None, 'description': '', 'tags': [], 'created_at': '2024-10-22T15:36:25Z', 'updated_at': '2024-10-22T15:36:25Z', 'revision_number': 1} available for tenant
2024-10-22 15:36:31.076 61953 INFO tempest.lib.common.rest_client [req-cc637be2-6a03-4b89-932f-1506d88d48e8 req-cc637be2-6a03-4b89-932f-1506d88d48e8 ] Request (KeyPairsV22TestJSON:test_keypairsv22_create_list_show_with_type): 201 POST http://10.180.1.21/compute/v2.1/os-keypairs 1.735s
2024-10-22 15:36:31.128 61917 INFO tempest.lib.common.rest_client [req-c57b3dd4-fded-41ad-b56d-36009207230b req-c57b3dd4-fded-41ad-b56d-36009207230b ] Request (ServerShowV257Test:test_rebuild_server): 202 POST http://10.180.1.21/compute/v2.1/servers 1.414s
2024-10-22 15:36:31.142 61965 INFO tempest.lib.common.rest_client [req-338c5e4b-87d6-4f1a-ae25-28927284f782 req-338c5e4b-87d6-4f1a-ae25-28927284f782 ] Request (ServersV294TestFqdnHostnames:setUpClass): 200 GET http://10.180.1.21/compute/v2.1/servers/74c00b03-bd37-49f7-b0b9-88404302c071 1.405s
2024-10-22 15:36:31.167 61931 INFO tempest.lib.common.rest_client [req-05905951-5aa0-4cb9-80eb-d9a1768ae660 req-05905951-5aa0-4cb9-80eb-d9a1768ae660 ] Request (ServicesAdminNegativeTestJSON:test_get_service_by_invalid_service_and_valid_host): 200 GET http://10.180.1.21/compute/v2.1/os-services?host=devstack&binary=xxx 1.208s
2024-10-22 15:36:31.181 61975 INFO tempest.lib.common.rest_client [req-c7fc207a-e97e-40f1-8149-7f8a8689c306 req-c7fc207a-e97e-40f1-8149-7f8a8689c306 ] Request (ListServerFiltersTestJSON:setUpClass): 200 GET http://10.180.1.21/compute/v2.1/servers/d186a201-4ef8-40a6-9625-5e8ae99af4d1 1.366s
2024-10-22 15:36:31.190 61975 INFO tempest.common.waiters [-] State transition "BUILD/scheduling" ==> "BUILD/None" after 11 second wait
2024-10-22 15:36:31.272 61933 INFO tempest.lib.common.rest_client [req-e588a0f5-967d-4735-98ef-bcdfe0e4a5be req-e588a0f5-967d-4735-98ef-bcdfe0e4a5be ] Request (FloatingIPDetailsTestJSON:tearDownClass): 204 DELETE http://10.180.1.21:9696/networking/v2.0/routers/57f34e4a-0f41-4c4a-bd44-2e1af7c478ae 0.485s
2024-10-22 15:36:31.505 61915 INFO tempest.lib.common.rest_client [req-83979e6b-e574-4e58-b84b-1a8c702ef313 req-83979e6b-e574-4e58-b84b-1a8c702ef313 ] Request (VolumesAdminNegativeTest:test_update_attached_volume_with_nonexistent_volume_in_body): 202 POST http://10.180.1.21/compute/v2.1/servers 1.392s
2024-10-22 15:36:31.694 61933 INFO tempest.lib.common.rest_client [req-ccae7dce-0533-4aa1-b107-7164a2d4a6b7 req-ccae7dce-0533-4aa1-b107-7164a2d4a6b7 ] Request (FloatingIPDetailsTestJSON:tearDownClass): 204 DELETE http://10.180.1.21:9696/networking/v2.0/subnets/cc1f4e07-6d8f-4214-a36e-d76631b9576b 0.422s
2024-10-22 15:36:31.729 61935 INFO tempest.lib.common.rest_client [req-70c0ead4-2a22-4901-b23b-c8fea6cacc55 req-70c0ead4-2a22-4901-b23b-c8fea6cacc55 ] Request (MultipleCreateTestJSON:test_multiple_create): 204 DELETE http://10.180.1.21/compute/v2.1/servers/77ce1c04-88c1-4df5-9436-4f1878217c4a 1.537s
2024-10-22 15:36:31.826 61929 INFO tempest.lib.common.rest_client [req-3d69510c-dd7e-470e-a7cf-ed191dc4cc53 req-3d69510c-dd7e-470e-a7cf-ed191dc4cc53 ] Request (SecurityGroupsTestAdminJSON:test_list_security_groups_list_all_tenants_filter): 200 POST http://10.180.1.21/compute/v2.1/os-security-groups 1.790s
2024-10-22 15:36:31.849 61925 INFO tempest.lib.common.rest_client [req-dbce9e90-b01e-4a4c-9be0-348177c97af5 req-dbce9e90-b01e-4a4c-9be0-348177c97af5 ] Request (FlavorsAccessNegativeTestJSON:test_remove_flavor_access_not_found): 200 POST http://10.180.1.21/compute/v2.1/flavors 1.616s
2024-10-22 15:36:31.866 61949 INFO tempest.lib.common.rest_client [req-0da8acc5-e58e-40b7-a67e-a9a8e440af86 req-0da8acc5-e58e-40b7-a67e-a9a8e440af86 ] Request (FlavorsAdminTestJSON:test_create_server_with_non_public_flavor): 200 POST http://10.180.1.21/compute/v2.1/flavors 1.618s
2024-10-22 15:36:31.889 61937 INFO tempest.lib.common.rest_client [req-4f96223e-190e-402f-8a3e-78373c69b790 req-4f96223e-190e-402f-8a3e-78373c69b790 ] Request (QuotasAdminTestJSON:test_get_updated_quotas): 200 PUT http://10.180.1.21/compute/v2.1/os-quota-sets/3934d889082146118cf04bef493e909f?user_id=a93259a561cd46ceaac24f8fa59d930b 1.681s
2024-10-22 15:36:31.905 61927 INFO tempest.lib.common.rest_client [req-3c4e4f3e-73c7-45e3-ae9c-5c7f1f86d154 req-3c4e4f3e-73c7-45e3-ae9c-5c7f1f86d154 ] Request (KeyPairsNegativeTestJSON:test_create_keypair_with_duplicate_name): 409 POST http://10.180.1.21/compute/v2.1/os-keypairs 1.627s
2024-10-22 15:36:31.935 61939 INFO tempest.lib.common.rest_client [req-3cf6add8-90c8-476b-a6ff-270e71b000aa req-3cf6add8-90c8-476b-a6ff-270e71b000aa ] Request (ServicesAdminTestJSON:test_get_service_by_host_name): 200 GET http://10.180.1.21/compute/v2.1/os-services?host=devstack 1.657s
2024-10-22 15:36:31.999 61919 INFO tempest.lib.common.rest_client [req-73ddda2e-e658-4d67-afdc-4b11cbf2a231 req-73ddda2e-e658-4d67-afdc-4b11cbf2a231 ] Request (ImagesDeleteNegativeTestJSON:test_delete_image_blank_id): 404 DELETE http://10.180.1.21/compute/v2.1/images/ 1.589s
2024-10-22 15:36:32.024 61963 INFO tempest.lib.common.rest_client [req-6f3b20c3-f001-46df-8380-c71c36e9da9a req-6f3b20c3-f001-46df-8380-c71c36e9da9a ] Request (ServersTestBootFromVolume:setUpClass): 200 GET http://10.180.1.21/volume/v3/volumes/3bea0f2a-9c13-4466-8549-a80c70193b42 0.035s
2024-10-22 15:36:32.094 61933 INFO tempest.lib.common.rest_client [req-c31ca11e-66b3-4db3-8639-35176b0444a3 req-c31ca11e-66b3-4db3-8639-35176b0444a3 ] Request (FloatingIPDetailsTestJSON:tearDownClass): 204 DELETE http://10.180.1.21:9696/networking/v2.0/networks/f90c967c-9245-4041-bab8-adec815ccc71 0.400s
2024-10-22 15:36:32.098 61955 INFO tempest.lib.common.rest_client [req-a3d91ea0-3261-458c-af37-74a90ee962ee req-a3d91ea0-3261-458c-af37-74a90ee962ee ] Request (VolumesAssistedSnapshotsTest:test_volume_assisted_snapshot_create_delete): 200 GET http://10.180.1.21/compute/v2.1/servers/c2dadf90-2469-4df6-bcc4-dd65d8a748bc 1.667s
2024-10-22 15:36:32.105 61955 INFO tempest.common.waiters [-] State transition "BUILD/scheduling" ==> "BUILD/None" after 12 second wait
2024-10-22 15:36:32.183 61945 INFO tempest.lib.common.rest_client [req-dc7c448f-0a94-4a35-8437-71690dbc1980 req-dc7c448f-0a94-4a35-8437-71690dbc1980 ] Request (DeleteServersAdminTestJSON:test_delete_server_while_in_error_state): 202 POST http://10.180.1.21/compute/v2.1/servers 1.907s
2024-10-22 15:36:32.234 61933 INFO tempest.lib.common.rest_client [req-8c8142f8-b611-4669-99ca-4c307f639d11 req-8c8142f8-b611-4669-99ca-4c307f639d11 ] Request (FloatingIPDetailsTestJSON:tearDownClass): 204 DELETE http://10.180.1.21/identity/v3/users/90f09537178741189949456d333ef64b 0.139s
2024-10-22 15:36:32.234 61933 INFO tempest.lib.common.dynamic_creds [-] Deleting project and security group for project: 83cf396e697241aeb0a07ef68f108411
2024-10-22 15:36:32.262 61942 INFO tempest.lib.common.rest_client [req-3d776132-1423-4124-a524-88c460797cf4 req-3d776132-1423-4124-a524-88c460797cf4 ] Request (ImagesTestJSON:test_create_image_from_stopped_server): 200 GET http://10.180.1.21/compute/v2.1/servers/66562ea6-5d39-4b98-a9e2-0512295ab94f 1.767s
2024-10-22 15:36:32.279 61923 INFO tempest.lib.common.rest_client [req-ebf47d67-cf0a-4ed4-8d76-bfac1be6ff02 req-ebf47d67-cf0a-4ed4-8d76-bfac1be6ff02 ] Request (AggregatesAdminNegativeTestJSON:test_aggregate_delete_with_invalid_id): 404 DELETE http://10.180.1.21/compute/v2.1/os-aggregates/-1 1.691s
2024-10-22 15:36:32.283 61933 INFO tempest.lib.common.rest_client [req-b0490f6a-f732-4cb8-8018-289320abba0c req-b0490f6a-f732-4cb8-8018-289320abba0c ] Request (FloatingIPDetailsTestJSON:tearDownClass): 200 GET http://10.180.1.21:9696/networking/v2.0/security-groups?tenant_id=83cf396e697241aeb0a07ef68f108411&name=default 0.048s
2024-10-22 15:36:32.339 61951 INFO tempest.lib.common.rest_client [req-2a4e42f3-7b71-480c-b2c4-db8ce1c21c8b req-2a4e42f3-7b71-480c-b2c4-db8ce1c21c8b ] Request (ServerDiagnosticsNegativeTest:test_get_server_diagnostics_by_non_admin): 200 GET http://10.180.1.21/compute/v2.1/servers/9a03a74b-7fad-4338-ae6f-82c493cd44e3 1.520s
2024-10-22 15:36:32.407 61933 INFO tempest.lib.common.rest_client [req-6f431773-d127-4b7c-971e-02b15a7ca91f req-6f431773-d127-4b7c-971e-02b15a7ca91f ] Request (FloatingIPDetailsTestJSON:tearDownClass): 204 DELETE http://10.180.1.21:9696/networking/v2.0/security-groups/38766371-b086-45e8-b331-2d71f544cf48 0.120s
2024-10-22 15:36:32.497 61933 INFO tempest.lib.common.rest_client [req-8543a5c3-8743-45ad-9ce7-76ea1c8bb4da req-8543a5c3-8743-45ad-9ce7-76ea1c8bb4da ] Request (FloatingIPDetailsTestJSON:tearDownClass): 204 DELETE http://10.180.1.21/identity/v3/projects/83cf396e697241aeb0a07ef68f108411 0.089s
2024-10-22 15:36:32.512 61921 INFO tempest.lib.common.rest_client [req-93607d6b-8c7e-4128-9fea-070917184148 req-93607d6b-8c7e-4128-9fea-070917184148 ] Request (SecurityGroupRulesTestJSON:test_security_group_rules_create_with_optional_cidr): 200 POST http://10.180.1.21/compute/v2.1/os-security-groups 2.046s
2024-10-22 15:36:32.525 61953 INFO tempest.lib.common.rest_client [req-d2a41137-da52-4d3e-8112-5cd4d9f09d07 req-d2a41137-da52-4d3e-8112-5cd4d9f09d07 ] Request (KeyPairsV22TestJSON:test_keypairsv22_create_list_show_with_type): 200 GET http://10.180.1.21/compute/v2.1/os-keypairs/tempest-keypair-735959935 1.445s
2024-10-22 15:36:32.569 61947 INFO tempest.lib.common.rest_client [req-91f69562-635c-428c-b79c-6cf967bf5ec9 req-91f69562-635c-428c-b79c-6cf967bf5ec9 ] Request (FloatingIPsTestJSON:tearDownClass): 200 PUT http://10.180.1.21:9696/networking/v2.0/routers/241f168b-3bf3-4484-a775-d970771cf395/remove_router_interface 1.795s
2024-10-22 15:36:32.585 61933 INFO tempest.lib.common.rest_client [req-dae5e860-0d0e-4bcb-bebb-a9b5a9af3e0f req-dae5e860-0d0e-4bcb-bebb-a9b5a9af3e0f ] Request (ImagesMetadataTestJSON:setUpClass): 201 POST http://10.180.1.21/identity/v3/auth/tokens 0.086s
2024-10-22 15:36:32.617 61967 INFO tempest.lib.common.rest_client [req-c2444894-4ed2-4810-8937-c71758c545a1 req-c2444894-4ed2-4810-8937-c71758c545a1 ] Request (ServerDiagnosticsV248Test:tearDownClass): 200 GET http://10.180.1.21/compute/v2.1/servers/767c2c81-2508-4dcd-97d7-28726c2c6d31 1.512s
2024-10-22 15:36:32.619 61933 INFO tempest.lib.common.rest_client [req-e22f2ac1-0e4a-42d5-8e0e-ff24f1aad08c req-e22f2ac1-0e4a-42d5-8e0e-ff24f1aad08c ] Request (ImagesMetadataTestJSON:setUpClass): 201 POST http://10.180.1.21/identity/v3/auth/tokens 0.030s
2024-10-22 15:36:32.646 61933 INFO tempest.lib.common.rest_client [req-0d1d3738-2a3c-49fb-9d83-b0c43f1c5706 req-0d1d3738-2a3c-49fb-9d83-b0c43f1c5706 ] Request (ImagesMetadataTestJSON:setUpClass): 200 GET http://10.180.1.21/identity/v3/domains?name=Default 0.027s
2024-10-22 15:36:32.682 61933 INFO tempest.lib.common.rest_client [req-5feea42f-4388-415d-8d84-87bedb3a782b req-5feea42f-4388-415d-8d84-87bedb3a782b ] Request (ImagesMetadataTestJSON:setUpClass): 201 POST http://10.180.1.21/identity/v3/projects 0.035s
2024-10-22 15:36:32.686 61917 INFO tempest.lib.common.rest_client [req-6b46226a-32d2-497a-b50d-83df290e665c req-6b46226a-32d2-497a-b50d-83df290e665c ] Request (ServerShowV257Test:test_rebuild_server): 200 GET http://10.180.1.21/compute/v2.1/servers/e918b827-ea37-4589-8999-e363aba4492d 1.556s
2024-10-22 15:36:32.716 61931 INFO tempest.lib.common.rest_client [req-5d7ba4ed-ef07-476f-9d37-af408472daa1 req-5d7ba4ed-ef07-476f-9d37-af408472daa1 ] Request (ServicesAdminNegativeTestJSON:test_get_service_with_valid_service_and_invalid_host): 200 GET http://10.180.1.21/compute/v2.1/os-services 1.545s
2024-10-22 15:36:32.747 61933 INFO tempest.lib.common.rest_client [req-8988d1a7-8f1c-4758-85c2-85fc114c3e3b req-8988d1a7-8f1c-4758-85c2-85fc114c3e3b ] Request (ImagesMetadataTestJSON:setUpClass): 201 POST http://10.180.1.21/identity/v3/users 0.064s
2024-10-22 15:36:32.784 61933 INFO tempest.lib.common.rest_client [req-c71ac7c6-557e-487a-a1a2-1e784973374c req-c71ac7c6-557e-487a-a1a2-1e784973374c ] Request (ImagesMetadataTestJSON:setUpClass): 200 GET http://10.180.1.21/identity/v3/roles 0.036s
2024-10-22 15:36:32.799 61957 INFO tempest.lib.common.rest_client [req-38f68b28-90b7-4b69-8903-93711b38add4 req-38f68b28-90b7-4b69-8903-93711b38add4 ] Request (InstanceActionsNegativeTestJSON:setUpClass): 200 GET http://10.180.1.21/compute/v2.1/servers/368c44e8-756c-4b11-8a63-9f69e007769c 1.452s
2024-10-22 15:36:32.814 61957 INFO tempest.common.waiters [-] State transition "BUILD/spawning" ==> "ERROR/None" after 36 second wait
2024-10-22 15:36:32.866 61933 INFO tempest.lib.common.rest_client [req-6867a9ec-26aa-4e87-bed4-c94b931be98e req-6867a9ec-26aa-4e87-bed4-c94b931be98e ] Request (ImagesMetadataTestJSON:setUpClass): 204 PUT http://10.180.1.21/identity/v3/projects/c681ca36fb2a4fa2b108e9030af5ca28/users/0ed6ae4408d14fe9beedb5a3eaccef55/roles/73ed173dfe514a868e88026ca57fcdc0 0.081s
2024-10-22 15:36:32.866 61933 INFO tempest.lib.common.dynamic_creds [-] Dynamic test user 0ed6ae4408d14fe9beedb5a3eaccef55 is created with scope project and roles: ['member']
2024-10-22 15:36:32.867 61933 INFO tempest.lib.common.dynamic_creds [-] Acquired dynamic creds: credentials: Credentials: {'domain_id': 'default', 'domain_name': 'Default', 'username': 'tempest-ImagesMetadataTestJSON-1330184359-project-member', 'project_domain_id': 'default', 'project_domain_name': 'Default', 'project_id': 'c681ca36fb2a4fa2b108e9030af5ca28', 'project_name': 'tempest-ImagesMetadataTestJSON-1330184359', 'tenant_id': 'c681ca36fb2a4fa2b108e9030af5ca28', 'tenant_name': 'tempest-ImagesMetadataTestJSON-1330184359', 'user_domain_id': 'default', 'user_domain_name': 'Default', 'user_id': '0ed6ae4408d14fe9beedb5a3eaccef55', 'system': None}, Network: None, Subnet: None, Router: None
2024-10-22 15:36:32.867 61933 INFO tempest.lib.common.dynamic_creds [-] Created isolated network resources for: credentials: Credentials: {'domain_id': 'default', 'domain_name': 'Default', 'username': 'tempest-ImagesMetadataTestJSON-1330184359-project-member', 'project_domain_id': 'default', 'project_domain_name': 'Default', 'project_id': 'c681ca36fb2a4fa2b108e9030af5ca28', 'project_name': 'tempest-ImagesMetadataTestJSON-1330184359', 'tenant_id': 'c681ca36fb2a4fa2b108e9030af5ca28', 'tenant_name': 'tempest-ImagesMetadataTestJSON-1330184359', 'user_domain_id': 'default', 'user_domain_name': 'Default', 'user_id': '0ed6ae4408d14fe9beedb5a3eaccef55', 'system': None}, Network: None, Subnet: None, Router: None
2024-10-22 15:36:32.894 61915 INFO tempest.lib.common.rest_client [req-0a86b5fd-ed51-4526-9825-f57bff687d92 req-0a86b5fd-ed51-4526-9825-f57bff687d92 ] Request (VolumesAdminNegativeTest:test_update_attached_volume_with_nonexistent_volume_in_body): 200 GET http://10.180.1.21/compute/v2.1/servers/16e92598-3eba-42c1-b9ec-3b2b91231267 1.387s
2024-10-22 15:36:32.920 61973 INFO tempest.lib.common.rest_client [req-d0103739-78b5-422a-863c-267b3f657039 req-d0103739-78b5-422a-863c-267b3f657039 ] Request (ServersTestMultiNic:test_verify_duplicate_network_nics): 202 POST http://10.180.1.21/compute/v2.1/servers 1.857s
2024-10-22 15:36:32.967 61971 INFO tempest.lib.common.rest_client [req-8bfc4f50-14e4-455f-9630-65e9ca2f9818 req-8bfc4f50-14e4-455f-9630-65e9ca2f9818 ] Request (MigrationsAdminTest:test_list_migrations_in_flavor_resize_situation): 200 GET http://10.180.1.21/compute/v2.1/servers/68e5fc5b-a843-4f49-a903-4ed145d63fd7 1.401s
2024-10-22 15:36:33.004 61978 INFO tempest.lib.common.rest_client [req-dc4e6fc8-4b9b-48ed-90a0-9b7502bf7f6b req-dc4e6fc8-4b9b-48ed-90a0-9b7502bf7f6b ] Request (DeleteServersTestJSON:test_delete_active_server): 200 GET http://10.180.1.21/compute/v2.1/servers/e51d3f4e-41d5-4190-a8e9-21c743aa3b5e 1.357s
2024-10-22 15:36:33.005 61933 INFO tempest.lib.common.rest_client [req-0623a6d1-5549-4b80-9608-4904366b0d75 req-0623a6d1-5549-4b80-9608-4904366b0d75 ] Request (ImagesMetadataTestJSON:setUpClass): 201 POST http://10.180.1.21/identity/v3/auth/tokens 0.135s
2024-10-22 15:36:33.024 61935 INFO tempest.lib.common.rest_client [req-c2100202-1c9f-4047-a73d-5ed315c52f9d req-c2100202-1c9f-4047-a73d-5ed315c52f9d ] Request (MultipleCreateTestJSON:test_multiple_create): 404 GET http://10.180.1.21/compute/v2.1/servers/4deb5eaa-e8e2-41cc-aef9-722235e69b95 1.295s
2024-10-22 15:36:33.045 61959 INFO tempest.lib.common.rest_client [req-573fed1a-bd81-45dc-ba51-e300eddb427b req-573fed1a-bd81-45dc-ba51-e300eddb427b ] Request (ImagesOneServerNegativeTestJSON:setUpClass): 200 GET http://10.180.1.21/compute/v2.1/servers/3c252464-1b1a-4c1a-86bb-2fb0107aa52f 1.346s
2024-10-22 15:36:33.076 61963 INFO tempest.lib.common.rest_client [req-42aa4c84-8e94-497f-b489-e654bc07fecc req-42aa4c84-8e94-497f-b489-e654bc07fecc ] Request (ServersTestBootFromVolume:setUpClass): 200 GET http://10.180.1.21/volume/v3/volumes/3bea0f2a-9c13-4466-8549-a80c70193b42 0.045s
2024-10-22 15:36:33.089 61961 INFO tempest.lib.common.rest_client [req-e7dcdac1-061c-460f-bfe4-26fcc40aeb3d req-e7dcdac1-061c-460f-bfe4-26fcc40aeb3d ] Request (SecurityGroupsTestJSON:test_list_security_groups_by_server): 200 GET http://10.180.1.21/compute/v2.1/servers/f03f349e-d5ed-437b-8b13-6b036f2b88dc 1.332s
2024-10-22 15:36:33.243 61925 INFO tempest.lib.common.rest_client [req-e205d1e4-93a3-47e4-a597-9f31ff8ec4ad req-e205d1e4-93a3-47e4-a597-9f31ff8ec4ad ] Request (FlavorsAccessNegativeTestJSON:test_remove_flavor_access_not_found): 404 POST http://10.180.1.21/compute/v2.1/flavors/1184925974/action 1.391s
2024-10-22 15:36:33.292 61929 INFO tempest.lib.common.rest_client [req-94e02e9e-a3c2-4a33-aca7-fd5eac611560 req-94e02e9e-a3c2-4a33-aca7-fd5eac611560 ] Request (SecurityGroupsTestAdminJSON:test_list_security_groups_list_all_tenants_filter): 200 POST http://10.180.1.21/compute/v2.1/os-security-groups 1.463s
2024-10-22 15:36:33.304 61969 INFO tempest.lib.common.rest_client [req-5481060d-9b79-45d6-8fbe-b3b7c6d168d4 req-5481060d-9b79-45d6-8fbe-b3b7c6d168d4 ] Request (ServersWithSpecificFlavorTestJSON:test_verify_created_server_ephemeral_disk): 200 GET http://10.180.1.21/compute/v2.1/servers/b15dbb0e-4f3d-451f-ba1e-f560b2e3ea6b 1.441s
2024-10-22 15:36:33.308 61949 INFO tempest.lib.common.rest_client [req-c13f171a-f5d6-4551-a9a6-ee58f53fc1f3 req-c13f171a-f5d6-4551-a9a6-ee58f53fc1f3 ] Request (FlavorsAdminTestJSON:test_create_server_with_non_public_flavor): 400 POST http://10.180.1.21/compute/v2.1/servers 1.440s
2024-10-22 15:36:33.325 61927 INFO tempest.lib.common.rest_client [req-e552b326-7e5f-4869-bfff-7e1a47a6f2c7 req-e552b326-7e5f-4869-bfff-7e1a47a6f2c7 ] Request (KeyPairsNegativeTestJSON:test_create_keypair_with_duplicate_name): 202 DELETE http://10.180.1.21/compute/v2.1/os-keypairs/tempest-keypair-242803504 1.419s
2024-10-22 15:36:33.348 61939 INFO tempest.lib.common.rest_client [req-65d16296-912d-4d51-9e2c-2a23a8e59e2b req-65d16296-912d-4d51-9e2c-2a23a8e59e2b ] Request (ServicesAdminTestJSON:test_get_service_by_service_binary_name): 200 GET http://10.180.1.21/compute/v2.1/os-services?binary=nova-compute 1.408s
2024-10-22 15:36:33.370 61919 INFO tempest.lib.common.rest_client [req-305a2b97-1802-4027-b051-99bbdb642a99 req-305a2b97-1802-4027-b051-99bbdb642a99 ] Request (ImagesDeleteNegativeTestJSON:test_delete_image_negative_image_id): 404 DELETE http://10.180.1.21/compute/v2.1/images/-1 1.368s
2024-10-22 15:36:33.388 61947 INFO tempest.lib.common.rest_client [req-d7985727-a41b-47fb-b244-94aa6ef38add req-d7985727-a41b-47fb-b244-94aa6ef38add ] Request (FloatingIPsTestJSON:tearDownClass): 204 DELETE http://10.180.1.21:9696/networking/v2.0/routers/241f168b-3bf3-4484-a775-d970771cf395 0.818s
2024-10-22 15:36:33.410 61937 INFO tempest.lib.common.rest_client [req-709081e8-fcb0-46f9-8683-fc298a033797 req-709081e8-fcb0-46f9-8683-fc298a033797 ] Request (QuotasAdminTestJSON:test_get_updated_quotas): 200 GET http://10.180.1.21/compute/v2.1/os-quota-sets/3934d889082146118cf04bef493e909f?user_id=a93259a561cd46ceaac24f8fa59d930b 1.517s
2024-10-22 15:36:33.441 61965 INFO tempest.lib.common.rest_client [req-7a9164b0-a558-4f5f-af68-2a37533f0569 req-7a9164b0-a558-4f5f-af68-2a37533f0569 ] Request (ServersV294TestFqdnHostnames:setUpClass): 200 GET http://10.180.1.21/compute/v2.1/servers/74c00b03-bd37-49f7-b0b9-88404302c071 1.285s
2024-10-22 15:36:33.466 61933 INFO tempest.lib.common.rest_client [req-bd25bd46-a495-4f44-9474-b08b670bc719 req-bd25bd46-a495-4f44-9474-b08b670bc719 ] Request (ImagesMetadataTestJSON:setUpClass): 201 POST http://10.180.1.21/image/v2/images 0.459s
2024-10-22 15:36:33.481 61945 INFO tempest.lib.common.rest_client [req-1f4932fe-ca7d-407d-8908-db502dcae264 req-1f4932fe-ca7d-407d-8908-db502dcae264 ] Request (DeleteServersAdminTestJSON:test_delete_server_while_in_error_state): 200 GET http://10.180.1.21/compute/v2.1/servers/25168ea9-24fb-4f63-b508-b5c3a47a77e4 1.296s
2024-10-22 15:36:33.514 61923 INFO tempest.lib.common.rest_client [req-f28ccb5c-fea5-43ab-8d48-5495079ff646 req-f28ccb5c-fea5-43ab-8d48-5495079ff646 ] Request (AggregatesAdminNegativeTestJSON:test_aggregate_get_details_as_user): 200 POST http://10.180.1.21/compute/v2.1/os-aggregates 1.233s
2024-10-22 15:36:33.515 61975 INFO tempest.lib.common.rest_client [req-d17adf80-4bc0-42e3-b133-e9276dffa9a7 req-d17adf80-4bc0-42e3-b133-e9276dffa9a7 ] Request (ListServerFiltersTestJSON:setUpClass): 200 GET http://10.180.1.21/compute/v2.1/servers/d186a201-4ef8-40a6-9625-5e8ae99af4d1 1.324s
2024-10-22 15:36:33.516 61937 INFO tempest.lib.common.rest_client [req-36dba9d9-82e0-4ace-b245-2b7570e7801a req-36dba9d9-82e0-4ace-b245-2b7570e7801a ] Request (QuotasAdminTestJSON:_run_cleanups): 204 DELETE http://10.180.1.21/identity/v3/users/a93259a561cd46ceaac24f8fa59d930b 0.104s
2024-10-22 15:36:33.536 61953 INFO tempest.lib.common.rest_client [req-399de2d4-a7af-4f6c-abfc-f8917edc80c6 req-399de2d4-a7af-4f6c-abfc-f8917edc80c6 ] Request (KeyPairsV22TestJSON:test_keypairsv22_create_list_show_with_type): 200 GET http://10.180.1.21/compute/v2.1/os-keypairs 1.008s
2024-10-22 15:36:33.563 61931 INFO tempest.lib.common.rest_client [req-0614b568-7710-47d6-b332-09cfafa38079 req-0614b568-7710-47d6-b332-09cfafa38079 ] Request (ServicesAdminNegativeTestJSON:test_get_service_with_valid_service_and_invalid_host): 200 GET http://10.180.1.21/compute/v2.1/os-services?host=xxx&binary=nova-scheduler 0.842s
2024-10-22 15:36:33.615 61947 INFO tempest.lib.common.rest_client [req-1c62a2ab-6075-461d-b7aa-e797294c063c req-1c62a2ab-6075-461d-b7aa-e797294c063c ] Request (FloatingIPsTestJSON:tearDownClass): 204 DELETE http://10.180.1.21:9696/networking/v2.0/subnets/5832bc15-78d1-4f69-8700-38b75605ac10 0.226s
2024-10-22 15:36:33.645 61937 INFO tempest.lib.common.rest_client [req-beca60c7-4a5f-4188-b6f6-a693be2f20f5 req-beca60c7-4a5f-4188-b6f6-a693be2f20f5 ] Request (QuotasAdminTestJSON:_run_cleanups): 204 DELETE http://10.180.1.21/identity/v3/projects/3934d889082146118cf04bef493e909f 0.128s
2024-10-22 15:36:33.718 61921 INFO tempest.lib.common.rest_client [req-f24ddcac-ecb3-4e9f-90c0-bb98fbdc7e2c req-f24ddcac-ecb3-4e9f-90c0-bb98fbdc7e2c ] Request (SecurityGroupRulesTestJSON:test_security_group_rules_create_with_optional_cidr): 200 POST http://10.180.1.21/compute/v2.1/os-security-group-rules 1.203s
2024-10-22 15:36:33.777 61957 INFO tempest.lib.common.rest_client [req-d9475615-c811-4227-91e7-53ddefa86348 req-d9475615-c811-4227-91e7-53ddefa86348 ] Request (InstanceActionsNegativeTestJSON:setUpClass): 204 DELETE http://10.180.1.21/compute/v2.1/servers/368c44e8-756c-4b11-8a63-9f69e007769c 0.962s
2024-10-22 15:36:33.792 61973 INFO tempest.lib.common.rest_client [req-7af97dec-ed31-45fd-9814-2f6938656d9e req-7af97dec-ed31-45fd-9814-2f6938656d9e ] Request (ServersTestMultiNic:test_verify_duplicate_network_nics): 200 GET http://10.180.1.21/compute/v2.1/servers/d23a9ab2-01ed-4d41-b89f-445ecc5f410f 0.871s
2024-10-22 15:36:33.807 61935 INFO tempest.lib.common.rest_client [req-81ae9ce2-b0b4-4d33-bbef-af30579b7f49 req-81ae9ce2-b0b4-4d33-bbef-af30579b7f49 ] Request (MultipleCreateTestJSON:test_multiple_create): 404 GET http://10.180.1.21/compute/v2.1/servers/77ce1c04-88c1-4df5-9436-4f1878217c4a 0.782s
2024-10-22 15:36:33.826 61925 INFO tempest.lib.common.rest_client [req-81a65662-25d4-4754-9967-86d2b7be09f7 req-81a65662-25d4-4754-9967-86d2b7be09f7 ] Request (FlavorsAccessNegativeTestJSON:_run_cleanups): 202 DELETE http://10.180.1.21/compute/v2.1/flavors/1184925974 0.582s
2024-10-22 15:36:33.868 61955 INFO tempest.lib.common.rest_client [req-ef200263-12d6-4583-866e-691b616ecb88 req-ef200263-12d6-4583-866e-691b616ecb88 ] Request (VolumesAssistedSnapshotsTest:test_volume_assisted_snapshot_create_delete): 200 GET http://10.180.1.21/compute/v2.1/servers/c2dadf90-2469-4df6-bcc4-dd65d8a748bc 0.761s
2024-10-22 15:36:33.870 61935 INFO tempest.lib.common.rest_client [req-9bca8bb5-eb3e-4e26-bf2d-232e28e12dd0 req-9bca8bb5-eb3e-4e26-bf2d-232e28e12dd0 ] Request (MultipleCreateTestJSON:test_multiple_create_with_reservation_return): 201 POST http://10.180.1.21/identity/v3/auth/tokens 0.057s
2024-10-22 15:36:33.871 61935 INFO tempest.lib.common.fixed_network [-] (MultipleCreateTestJSON:test_multiple_create_with_reservation_return) Found network {'id': '4d2efc55-41d5-4a5a-ac1a-e012dce10d90', 'name': 'tempest-MultipleCreateTestJSON-296193078-network', 'tenant_id': '61cc7ac999324335bf3a0bb3d84f7f4b', 'admin_state_up': True, 'mtu': 8950, 'status': 'ACTIVE', 'subnets': [], 'shared': False, 'project_id': '61cc7ac999324335bf3a0bb3d84f7f4b', 'port_security_enabled': True, 'router:external': False, 'provider:network_type': 'vlan', 'provider:physical_network': 'default', 'provider:segmentation_id': 577, 'is_default': False, 'availability_zone_hints': [], 'availability_zones': [], 'ipv4_address_scope': None, 'ipv6_address_scope': None, 'description': '', 'tags': [], 'created_at': '2024-10-22T15:35:46Z', 'updated_at': '2024-10-22T15:35:46Z', 'revision_number': 1} available for tenant
2024-10-22 15:36:33.886 61942 INFO tempest.lib.common.rest_client [req-cde3b779-83f3-4963-b48d-6f2dff681863 req-cde3b779-83f3-4963-b48d-6f2dff681863 ] Request (ImagesTestJSON:test_create_image_from_stopped_server): 200 GET http://10.180.1.21/compute/v2.1/servers/66562ea6-5d39-4b98-a9e2-0512295ab94f 0.615s
2024-10-22 15:36:33.893 61942 INFO tempest.common.waiters [-] State transition "BUILD/scheduling" ==> "BUILD/None" after 7 second wait
2024-10-22 15:36:33.904 61949 INFO tempest.lib.common.rest_client [req-4f1127f3-a59b-4ff8-8de0-72767e03ed64 req-4f1127f3-a59b-4ff8-8de0-72767e03ed64 ] Request (FlavorsAdminTestJSON:_run_cleanups): 202 DELETE http://10.180.1.21/compute/v2.1/flavors/1364414072 0.595s
2024-10-22 15:36:33.911 61927 INFO tempest.lib.common.rest_client [req-7c93f9ba-513d-4001-bfe3-60012513e1a7 req-7c93f9ba-513d-4001-bfe3-60012513e1a7 ] Request (KeyPairsNegativeTestJSON:test_create_keypair_with_empty_name_string): 400 POST http://10.180.1.21/compute/v2.1/os-keypairs 0.584s
2024-10-22 15:36:33.966 61947 INFO tempest.lib.common.rest_client [req-50bab1e5-91fd-43f8-928d-cfdfd65bdb69 req-50bab1e5-91fd-43f8-928d-cfdfd65bdb69 ] Request (FloatingIPsTestJSON:tearDownClass): 204 DELETE http://10.180.1.21:9696/networking/v2.0/networks/c8a0f626-4769-45e0-a8bf-78f1ec6b422b 0.351s
2024-10-22 15:36:33.977 61951 INFO tempest.lib.common.rest_client [req-8ccb76ed-ad11-4569-b7f2-06f11e407f65 req-8ccb76ed-ad11-4569-b7f2-06f11e407f65 ] Request (ServerDiagnosticsNegativeTest:test_get_server_diagnostics_by_non_admin): 200 GET http://10.180.1.21/compute/v2.1/servers/9a03a74b-7fad-4338-ae6f-82c493cd44e3 0.626s
2024-10-22 15:36:33.995 61939 INFO tempest.lib.common.rest_client [req-a73fabfc-0d0a-4ac5-bae2-86c9d56b02f4 req-a73fabfc-0d0a-4ac5-bae2-86c9d56b02f4 ] Request (ServicesAdminTestJSON:test_list_services): 200 GET http://10.180.1.21/compute/v2.1/os-services 0.643s
2024-10-22 15:36:34.016 61919 INFO tempest.lib.common.rest_client [req-ab974b34-573c-42bc-a715-0a37b370467e req-ab974b34-573c-42bc-a715-0a37b370467e ] Request (ImagesDeleteNegativeTestJSON:test_delete_image_non_hex_string_id): 404 DELETE http://10.180.1.21/compute/v2.1/images/7abfed7d-5092-427d-b898-a080f855fe9j 0.644s
2024-10-22 15:36:34.021 61923 INFO tempest.lib.common.rest_client [req-94ca09ae-bff9-410c-9a77-6570537f6edc req-94ca09ae-bff9-410c-9a77-6570537f6edc ] Request (AggregatesAdminNegativeTestJSON:test_aggregate_get_details_as_user): 403 GET http://10.180.1.21/compute/v2.1/os-aggregates/6 0.506s
2024-10-22 15:36:34.039 61953 INFO tempest.lib.common.rest_client [req-560dc0fa-627e-4e85-961a-ee0bdb2edb16 req-560dc0fa-627e-4e85-961a-ee0bdb2edb16 ] Request (KeyPairsV22TestJSON:_run_cleanups): 204 DELETE http://10.180.1.21/compute/v2.1/os-keypairs/tempest-keypair-735959935 0.501s
2024-10-22 15:36:34.073 61947 INFO tempest.lib.common.rest_client [req-c28f68cd-9391-473b-a630-7c6f20403f15 req-c28f68cd-9391-473b-a630-7c6f20403f15 ] Request (FloatingIPsTestJSON:tearDownClass): 204 DELETE http://10.180.1.21/identity/v3/users/d949c45065a14ed48b19adea5c6e78a3 0.106s
2024-10-22 15:36:34.073 61947 INFO tempest.lib.common.dynamic_creds [-] Deleting project and security group for project: af40af3f1a4e4c438865697e26590faa
2024-10-22 15:36:34.113 61947 INFO tempest.lib.common.rest_client [req-0c577fc8-d2b2-4c0a-aa6a-1d20a8244917 req-0c577fc8-d2b2-4c0a-aa6a-1d20a8244917 ] Request (FloatingIPsTestJSON:tearDownClass): 200 GET http://10.180.1.21:9696/networking/v2.0/security-groups?tenant_id=af40af3f1a4e4c438865697e26590faa&name=default 0.039s
2024-10-22 15:36:34.119 61963 INFO tempest.lib.common.rest_client [req-5f14c91a-c6b3-4ea2-b130-bdb3195eee87 req-5f14c91a-c6b3-4ea2-b130-bdb3195eee87 ] Request (ServersTestBootFromVolume:setUpClass): 200 GET http://10.180.1.21/volume/v3/volumes/3bea0f2a-9c13-4466-8549-a80c70193b42 0.034s
2024-10-22 15:36:34.130 61939 INFO tempest.lib.common.rest_client [req-ecf78d9b-a64c-4702-b948-ac6ab4a2867e req-ecf78d9b-a64c-4702-b948-ac6ab4a2867e ] Request (ServicesAdminTestJSON:tearDownClass): 204 DELETE http://10.180.1.21/identity/v3/users/b7955d0faa4b4568914c8d060dd9b126 0.129s
2024-10-22 15:36:34.216 61931 INFO tempest.lib.common.rest_client [req-96f5b5fe-07d6-49c9-b8e6-df2f91fb6f3f req-96f5b5fe-07d6-49c9-b8e6-df2f91fb6f3f ] Request (ServicesAdminNegativeTestJSON:test_list_services_with_non_admin_user): 403 GET http://10.180.1.21/compute/v2.1/os-services 0.650s
2024-10-22 15:36:34.235 61929 INFO tempest.lib.common.rest_client [req-5333663f-801f-4383-ae8f-db7b478262af req-5333663f-801f-4383-ae8f-db7b478262af ] Request (SecurityGroupsTestAdminJSON:test_list_security_groups_list_all_tenants_filter): 200 POST http://10.180.1.21/compute/v2.1/os-security-groups 0.940s
2024-10-22 15:36:34.237 61953 INFO tempest.lib.common.rest_client [req-99e77f9a-6f21-4596-af39-9ca249057e58 req-99e77f9a-6f21-4596-af39-9ca249057e58 ] Request (KeyPairsV22TestJSON:tearDownClass): 204 DELETE http://10.180.1.21/identity/v3/users/e84366a4f17c498ba5940f277e2dc389 0.196s
2024-10-22 15:36:34.237 61953 INFO tempest.lib.common.dynamic_creds [-] Deleting project and security group for project: 3a5d393ac1494020a289a21fd79aa298
