2024-10-23 13:42:21.760 62319 INFO tempest.lib.common.rest_client [req-0a3782fa-ceeb-45fb-b680-bd509a0a17d2 req-0a3782fa-ceeb-45fb-b680-bd509a0a17d2 ] Request (VolumesAdminNegativeTest:test_update_attached_volume_with_nonexistent_volume_in_body): 201 POST http://10.180.1.21:9696/networking/v2.0/security-group-rules 0.310s
2024-10-23 13:42:21.840 62317 INFO tempest.lib.common.rest_client [req-60c20ac7-ba52-49f4-a745-cfca44da9732 req-60c20ac7-ba52-49f4-a745-cfca44da9732 ] Request (VolumesAssistedSnapshotsTest:setUpClass): 201 POST http://10.180.1.21/identity/v3/projects 0.222s
2024-10-23 13:42:21.949 62291 INFO tempest.lib.common.rest_client [req-27287643-3eb6-466e-9eee-9386b803c8eb req-27287643-3eb6-466e-9eee-9386b803c8eb ] Request (NetworksTest:setUpClass): 201 POST http://10.180.1.21/identity/v3/users 0.303s
2024-10-23 13:42:22.002 62305 INFO tempest.lib.common.rest_client [req-965ff7fb-4193-48f8-8b47-3599ee5cdd8e req-965ff7fb-4193-48f8-8b47-3599ee5cdd8e ] Request (TenantUsagesNegativeTestJSON:setUpClass): 201 POST http://10.180.1.21/identity/v3/projects 0.300s
2024-10-23 13:42:22.101 62285 INFO tempest.lib.common.rest_client [req-f3803672-b4ca-4cdb-91e1-d870fc265b78 req-f3803672-b4ca-4cdb-91e1-d870fc265b78 ] Request (AZAdminNegativeTestJSON:tearDownClass): 200 GET http://10.180.1.21:9696/networking/v2.0/security-groups?tenant_id=6b2e207ae4ed4be8a4c1abbe751a3430&name=default 0.347s
2024-10-23 13:42:22.140 62317 INFO tempest.lib.common.rest_client [req-cdc3c3d4-cd3b-4afc-86d8-8cb28d958d58 req-cdc3c3d4-cd3b-4afc-86d8-8cb28d958d58 ] Request (VolumesAssistedSnapshotsTest:setUpClass): 201 POST http://10.180.1.21/identity/v3/users 0.298s
2024-10-23 13:42:22.147 62290 INFO tempest.lib.common.rest_client [req-181e37a9-554f-4ffc-834e-259c677ce400 req-181e37a9-554f-4ffc-834e-259c677ce400 ] Request (FlavorsV2TestJSON:setUpClass): 200 GET http://10.180.1.21/identity/v3/roles 0.419s
2024-10-23 13:42:22.160 62291 INFO tempest.lib.common.rest_client [req-c386793c-13e2-4256-b3f7-f2a0e6d6153f req-c386793c-13e2-4256-b3f7-f2a0e6d6153f ] Request (NetworksTest:setUpClass): 200 GET http://10.180.1.21/identity/v3/roles 0.210s
2024-10-23 13:42:22.178 62317 INFO tempest.lib.common.rest_client [req-5198bd7f-2bff-4968-bea8-e29e61d93a19 req-5198bd7f-2bff-4968-bea8-e29e61d93a19 ] Request (VolumesAssistedSnapshotsTest:setUpClass): 200 GET http://10.180.1.21/identity/v3/roles 0.037s
2024-10-23 13:42:22.185 62305 INFO tempest.lib.common.rest_client [req-84cc1137-1b0e-418b-80ec-c02561920e2d req-84cc1137-1b0e-418b-80ec-c02561920e2d ] Request (TenantUsagesNegativeTestJSON:setUpClass): 201 POST http://10.180.1.21/identity/v3/users 0.183s
2024-10-23 13:42:22.225 62291 INFO tempest.lib.common.rest_client [req-05c0b360-f7fd-4d9d-884c-79364a329e2c req-05c0b360-f7fd-4d9d-884c-79364a329e2c ] Request (NetworksTest:setUpClass): 204 PUT http://10.180.1.21/identity/v3/projects/18a70cd43d054714b3f24830da1c06af/users/90702b8c0c1f4f46a7e563f6c3e200a2/roles/e48442df94794cdba07dc12314a83c45 0.065s
2024-10-23 13:42:22.232 62290 INFO tempest.lib.common.rest_client [req-9d3474f8-717d-41a3-a0df-50afdc8e0a6b req-9d3474f8-717d-41a3-a0df-50afdc8e0a6b ] Request (FlavorsV2TestJSON:setUpClass): 204 PUT http://10.180.1.21/identity/v3/projects/78131c2f3f2843d6815426c54448e2ad/users/31984fda4dc04b0f9a7740514ae85a22/roles/fc5c9d9dfc13439ab0e5b5ba6fe0629b 0.085s
2024-10-23 13:42:22.232 62290 INFO tempest.lib.common.dynamic_creds [-] Dynamic test user 31984fda4dc04b0f9a7740514ae85a22 is created with scope project and roles: ['member']
2024-10-23 13:42:22.233 62290 INFO tempest.lib.common.dynamic_creds [-] Acquired dynamic creds: credentials: Credentials: {'domain_id': 'default', 'domain_name': 'Default', 'username': 'tempest-FlavorsV2TestJSON-1452542719-project-member', 'project_domain_id': 'default', 'project_domain_name': 'Default', 'project_id': '78131c2f3f2843d6815426c54448e2ad', 'project_name': 'tempest-FlavorsV2TestJSON-1452542719', 'tenant_id': '78131c2f3f2843d6815426c54448e2ad', 'tenant_name': 'tempest-FlavorsV2TestJSON-1452542719', 'user_domain_id': 'default', 'user_domain_name': 'Default', 'user_id': '31984fda4dc04b0f9a7740514ae85a22', 'system': None}, Network: None, Subnet: None, Router: None
2024-10-23 13:42:22.233 62290 INFO tempest.lib.common.dynamic_creds [-] Created isolated network resources for: credentials: Credentials: {'domain_id': 'default', 'domain_name': 'Default', 'username': 'tempest-FlavorsV2TestJSON-1452542719-project-member', 'project_domain_id': 'default', 'project_domain_name': 'Default', 'project_id': '78131c2f3f2843d6815426c54448e2ad', 'project_name': 'tempest-FlavorsV2TestJSON-1452542719', 'tenant_id': '78131c2f3f2843d6815426c54448e2ad', 'tenant_name': 'tempest-FlavorsV2TestJSON-1452542719', 'user_domain_id': 'default', 'user_domain_name': 'Default', 'user_id': '31984fda4dc04b0f9a7740514ae85a22', 'system': None}, Network: None, Subnet: None, Router: None
2024-10-23 13:42:22.305 62305 INFO tempest.lib.common.rest_client [req-8ddca3cb-8bd6-4ab6-8ce7-7fc7e1300d1e req-8ddca3cb-8bd6-4ab6-8ce7-7fc7e1300d1e ] Request (TenantUsagesNegativeTestJSON:setUpClass): 200 GET http://10.180.1.21/identity/v3/roles 0.120s
2024-10-23 13:42:22.310 62319 INFO tempest.lib.common.rest_client [req-50731b49-c5b8-4dea-bf7f-88e45bb49a1d req-50731b49-c5b8-4dea-bf7f-88e45bb49a1d ] Request (VolumesAdminNegativeTest:test_update_attached_volume_with_nonexistent_volume_in_body): 201 POST http://10.180.1.21:9696/networking/v2.0/security-group-rules 0.549s
2024-10-23 13:42:22.320 62291 INFO tempest.lib.common.rest_client [req-08672b51-1824-4de9-b193-8e8b12d79d02 req-08672b51-1824-4de9-b193-8e8b12d79d02 ] Request (NetworksTest:setUpClass): 200 GET http://10.180.1.21/identity/v3/roles 0.094s
2024-10-23 13:42:22.330 62317 INFO tempest.lib.common.rest_client [req-789de63f-00f9-43e9-988b-3d3ebb70ace4 req-789de63f-00f9-43e9-988b-3d3ebb70ace4 ] Request (VolumesAssistedSnapshotsTest:setUpClass): 204 PUT http://10.180.1.21/identity/v3/projects/b9839304a4d846bb870f7ce1eb8dbd88/users/ce05576330e140b2841a8c0032cd3c11/roles/6f6b6c99f31f4628bc376ca06e908b26 0.151s
2024-10-23 13:42:22.387 62305 INFO tempest.lib.common.rest_client [req-786c2f43-b8ae-4593-b1c7-fb6500446b02 req-786c2f43-b8ae-4593-b1c7-fb6500446b02 ] Request (TenantUsagesNegativeTestJSON:setUpClass): 204 PUT http://10.180.1.21/identity/v3/projects/4f43ec630de34444b8cccb72bb2d67c8/users/5117293ee3f64e90ba02c64b3f60efbf/roles/e48442df94794cdba07dc12314a83c45 0.081s
2024-10-23 13:42:22.395 62290 INFO tempest.lib.common.rest_client [req-c3704a64-8801-4b97-b5f3-9d54e76083ce req-c3704a64-8801-4b97-b5f3-9d54e76083ce ] Request (FlavorsV2TestJSON:setUpClass): 201 POST http://10.180.1.21/identity/v3/auth/tokens 0.156s
2024-10-23 13:42:22.439 62291 INFO tempest.lib.common.rest_client [req-8e93f972-81d4-4652-8e13-798b3fca9fc0 req-8e93f972-81d4-4652-8e13-798b3fca9fc0 ] Request (NetworksTest:setUpClass): 204 PUT http://10.180.1.21/identity/v3/projects/18a70cd43d054714b3f24830da1c06af/users/90702b8c0c1f4f46a7e563f6c3e200a2/roles/e48442df94794cdba07dc12314a83c45 0.119s
2024-10-23 13:42:22.440 62291 INFO tempest.lib.common.dynamic_creds [-] Dynamic test user 90702b8c0c1f4f46a7e563f6c3e200a2 is created with scope project and roles: ['admin']
2024-10-23 13:42:22.440 62291 INFO tempest.lib.common.dynamic_creds [-] Acquired dynamic creds: credentials: Credentials: {'domain_id': 'default', 'domain_name': 'Default', 'username': 'tempest-NetworksTest-2000903952-project-admin', 'project_domain_id': 'default', 'project_domain_name': 'Default', 'project_id': '18a70cd43d054714b3f24830da1c06af', 'project_name': 'tempest-NetworksTest-2000903952', 'tenant_id': '18a70cd43d054714b3f24830da1c06af', 'tenant_name': 'tempest-NetworksTest-2000903952', 'user_domain_id': 'default', 'user_domain_name': 'Default', 'user_id': '90702b8c0c1f4f46a7e563f6c3e200a2', 'system': None}, Network: None, Subnet: None, Router: None
2024-10-23 13:42:22.440 62291 INFO tempest.lib.common.dynamic_creds [-] Created isolated network resources for: credentials: Credentials: {'domain_id': 'default', 'domain_name': 'Default', 'username': 'tempest-NetworksTest-2000903952-project-admin', 'project_domain_id': 'default', 'project_domain_name': 'Default', 'project_id': '18a70cd43d054714b3f24830da1c06af', 'project_name': 'tempest-NetworksTest-2000903952', 'tenant_id': '18a70cd43d054714b3f24830da1c06af', 'tenant_name': 'tempest-NetworksTest-2000903952', 'user_domain_id': 'default', 'user_domain_name': 'Default', 'user_id': '90702b8c0c1f4f46a7e563f6c3e200a2', 'system': None}, Network: None, Subnet: None, Router: None
2024-10-23 13:42:22.455 62317 INFO tempest.lib.common.rest_client [req-c0499d7f-da69-4209-9fcb-dbd581592836 req-c0499d7f-da69-4209-9fcb-dbd581592836 ] Request (VolumesAssistedSnapshotsTest:setUpClass): 200 GET http://10.180.1.21/identity/v3/roles 0.124s
2024-10-23 13:42:22.457 62285 INFO tempest.lib.common.rest_client [req-1a08a20e-963b-4b41-ac68-ad5357137a9e req-1a08a20e-963b-4b41-ac68-ad5357137a9e ] Request (AZAdminNegativeTestJSON:tearDownClass): 204 DELETE http://10.180.1.21:9696/networking/v2.0/security-groups/a94739a9-ea3a-4f76-a906-2238fada8a1d 0.355s
2024-10-23 13:42:22.489 62305 INFO tempest.lib.common.rest_client [req-57d821f9-fb36-4575-b923-84a0abb7cac2 req-57d821f9-fb36-4575-b923-84a0abb7cac2 ] Request (TenantUsagesNegativeTestJSON:setUpClass): 200 GET http://10.180.1.21/identity/v3/roles 0.101s
2024-10-23 13:42:22.560 62291 INFO tempest.lib.common.rest_client [req-d61c2820-20b7-4462-a6eb-eb5d97bc6121 req-d61c2820-20b7-4462-a6eb-eb5d97bc6121 ] Request (NetworksTest:setUpClass): 201 POST http://10.180.1.21/identity/v3/auth/tokens 0.115s
2024-10-23 13:42:22.591 62317 INFO tempest.lib.common.rest_client [req-fd677575-bace-4bc4-af14-9023c4c9770b req-fd677575-bace-4bc4-af14-9023c4c9770b ] Request (VolumesAssistedSnapshotsTest:setUpClass): 204 PUT http://10.180.1.21/identity/v3/projects/b9839304a4d846bb870f7ce1eb8dbd88/users/ce05576330e140b2841a8c0032cd3c11/roles/e48442df94794cdba07dc12314a83c45 0.135s
2024-10-23 13:42:22.591 62317 INFO tempest.lib.common.dynamic_creds [-] Dynamic test user ce05576330e140b2841a8c0032cd3c11 is created with scope project and roles: ['service', 'admin']
2024-10-23 13:42:22.591 62317 INFO tempest.lib.common.dynamic_creds [-] Acquired dynamic creds: credentials: Credentials: {'domain_id': 'default', 'domain_name': 'Default', 'username': 'tempest-VolumesAssistedSnapshotsTest-284519774-project', 'project_domain_id': 'default', 'project_domain_name': 'Default', 'project_id': 'b9839304a4d846bb870f7ce1eb8dbd88', 'project_name': 'tempest-VolumesAssistedSnapshotsTest-284519774', 'tenant_id': 'b9839304a4d846bb870f7ce1eb8dbd88', 'tenant_name': 'tempest-VolumesAssistedSnapshotsTest-284519774', 'user_domain_id': 'default', 'user_domain_name': 'Default', 'user_id': 'ce05576330e140b2841a8c0032cd3c11', 'system': None}, Network: None, Subnet: None, Router: None
2024-10-23 13:42:22.623 62285 INFO tempest.lib.common.rest_client [req-8514a115-bd97-4be4-bfb5-a5544345fca3 req-8514a115-bd97-4be4-bfb5-a5544345fca3 ] Request (AZAdminNegativeTestJSON:tearDownClass): 204 DELETE http://10.180.1.21/identity/v3/projects/6b2e207ae4ed4be8a4c1abbe751a3430 0.166s
2024-10-23 13:42:22.702 62313 INFO tempest.lib.common.rest_client [req-eb146005-398a-4ce1-8e8c-92a163dfa4f9 req-eb146005-398a-4ce1-8e8c-92a163dfa4f9 ] Request (ServersWithSpecificFlavorTestJSON:setUpClass): 201 POST http://10.180.1.21:9696/networking/v2.0/routers 1.862s
2024-10-23 13:42:22.715 62305 INFO tempest.lib.common.rest_client [req-98fe4060-c12e-4196-bb74-0ff6bf9f2cbc req-98fe4060-c12e-4196-bb74-0ff6bf9f2cbc ] Request (TenantUsagesNegativeTestJSON:setUpClass): 204 PUT http://10.180.1.21/identity/v3/projects/4f43ec630de34444b8cccb72bb2d67c8/users/5117293ee3f64e90ba02c64b3f60efbf/roles/e48442df94794cdba07dc12314a83c45 0.226s
2024-10-23 13:42:22.715 62305 INFO tempest.lib.common.dynamic_creds [-] Dynamic test user 5117293ee3f64e90ba02c64b3f60efbf is created with scope project and roles: ['admin']
2024-10-23 13:42:22.716 62305 INFO tempest.lib.common.dynamic_creds [-] Acquired dynamic creds: credentials: Credentials: {'domain_id': 'default', 'domain_name': 'Default', 'username': 'tempest-TenantUsagesNegativeTestJSON-821035679-project-admin', 'project_domain_id': 'default', 'project_domain_name': 'Default', 'project_id': '4f43ec630de34444b8cccb72bb2d67c8', 'project_name': 'tempest-TenantUsagesNegativeTestJSON-821035679', 'tenant_id': '4f43ec630de34444b8cccb72bb2d67c8', 'tenant_name': 'tempest-TenantUsagesNegativeTestJSON-821035679', 'user_domain_id': 'default', 'user_domain_name': 'Default', 'user_id': '5117293ee3f64e90ba02c64b3f60efbf', 'system': None}, Network: None, Subnet: None, Router: None
2024-10-23 13:42:22.716 62305 INFO tempest.lib.common.dynamic_creds [-] Created isolated network resources for: credentials: Credentials: {'domain_id': 'default', 'domain_name': 'Default', 'username': 'tempest-TenantUsagesNegativeTestJSON-821035679-project-admin', 'project_domain_id': 'default', 'project_domain_name': 'Default', 'project_id': '4f43ec630de34444b8cccb72bb2d67c8', 'project_name': 'tempest-TenantUsagesNegativeTestJSON-821035679', 'tenant_id': '4f43ec630de34444b8cccb72bb2d67c8', 'tenant_name': 'tempest-TenantUsagesNegativeTestJSON-821035679', 'user_domain_id': 'default', 'user_domain_name': 'Default', 'user_id': '5117293ee3f64e90ba02c64b3f60efbf', 'system': None}, Network: None, Subnet: None, Router: None
2024-10-23 13:42:22.765 62285 INFO tempest.lib.common.rest_client [req-ef673c7f-c041-406f-8440-186dba3d8941 req-ef673c7f-c041-406f-8440-186dba3d8941 ] Request (HypervisorAdminNegativeTestJSON:setUpClass): 201 POST http://10.180.1.21/identity/v3/auth/tokens 0.140s
2024-10-23 13:42:22.808 62285 INFO tempest.lib.common.rest_client [req-33b9b4aa-8f72-434d-ae2a-1726f41d91a4 req-33b9b4aa-8f72-434d-ae2a-1726f41d91a4 ] Request (HypervisorAdminNegativeTestJSON:setUpClass): 201 POST http://10.180.1.21/identity/v3/auth/tokens 0.041s
2024-10-23 13:42:22.837 62285 INFO tempest.lib.common.rest_client [req-6ca06fa1-1c5c-4aa5-9d4e-3debbc01c28f req-6ca06fa1-1c5c-4aa5-9d4e-3debbc01c28f ] Request (HypervisorAdminNegativeTestJSON:setUpClass): 200 GET http://10.180.1.21/identity/v3/domains?name=Default 0.028s
2024-10-23 13:42:22.862 62305 INFO tempest.lib.common.rest_client [req-1965405a-da77-4336-b089-bc92f65670f8 req-1965405a-da77-4336-b089-bc92f65670f8 ] Request (TenantUsagesNegativeTestJSON:setUpClass): 201 POST http://10.180.1.21/identity/v3/auth/tokens 0.142s
2024-10-23 13:42:22.869 62285 INFO tempest.lib.common.rest_client [req-06483348-a139-4cd9-82aa-0be5582b04e3 req-06483348-a139-4cd9-82aa-0be5582b04e3 ] Request (HypervisorAdminNegativeTestJSON:setUpClass): 201 POST http://10.180.1.21/identity/v3/projects 0.031s
2024-10-23 13:42:22.926 62285 INFO tempest.lib.common.rest_client [req-5b9218af-1105-4123-a9f6-715b4299b650 req-5b9218af-1105-4123-a9f6-715b4299b650 ] Request (HypervisorAdminNegativeTestJSON:setUpClass): 201 POST http://10.180.1.21/identity/v3/users 0.056s
2024-10-23 13:42:22.946 62285 INFO tempest.lib.common.rest_client [req-e41470b9-9ac6-4766-bf9c-a1b3407d023d req-e41470b9-9ac6-4766-bf9c-a1b3407d023d ] Request (HypervisorAdminNegativeTestJSON:setUpClass): 200 GET http://10.180.1.21/identity/v3/roles 0.019s
2024-10-23 13:42:22.958 62317 INFO tempest.lib.common.rest_client [req-f8ffd243-96dd-4296-856f-3700f2aaf352 req-f8ffd243-96dd-4296-856f-3700f2aaf352 ] Request (VolumesAssistedSnapshotsTest:setUpClass): 201 POST http://10.180.1.21:9696/networking/v2.0/networks 0.366s
2024-10-23 13:42:22.980 62285 INFO tempest.lib.common.rest_client [req-a9b7b64d-1a1a-4589-93d4-557fc2b57a32 req-a9b7b64d-1a1a-4589-93d4-557fc2b57a32 ] Request (HypervisorAdminNegativeTestJSON:setUpClass): 204 PUT http://10.180.1.21/identity/v3/projects/2603ef49d5f547f585f5080709492326/users/f761ae3c67d24104849c94e0546e0d99/roles/fc5c9d9dfc13439ab0e5b5ba6fe0629b 0.034s
2024-10-23 13:42:22.980 62285 INFO tempest.lib.common.dynamic_creds [-] Dynamic test user f761ae3c67d24104849c94e0546e0d99 is created with scope project and roles: ['member']
2024-10-23 13:42:22.981 62285 INFO tempest.lib.common.dynamic_creds [-] Acquired dynamic creds: credentials: Credentials: {'domain_id': 'default', 'domain_name': 'Default', 'username': 'tempest-HypervisorAdminNegativeTestJSON-623198432-project-member', 'project_domain_id': 'default', 'project_domain_name': 'Default', 'project_id': '2603ef49d5f547f585f5080709492326', 'project_name': 'tempest-HypervisorAdminNegativeTestJSON-623198432', 'tenant_id': '2603ef49d5f547f585f5080709492326', 'tenant_name': 'tempest-HypervisorAdminNegativeTestJSON-623198432', 'user_domain_id': 'default', 'user_domain_name': 'Default', 'user_id': 'f761ae3c67d24104849c94e0546e0d99', 'system': None}, Network: None, Subnet: None, Router: None
2024-10-23 13:42:22.981 62285 INFO tempest.lib.common.dynamic_creds [-] Created isolated network resources for: credentials: Credentials: {'domain_id': 'default', 'domain_name': 'Default', 'username': 'tempest-HypervisorAdminNegativeTestJSON-623198432-project-member', 'project_domain_id': 'default', 'project_domain_name': 'Default', 'project_id': '2603ef49d5f547f585f5080709492326', 'project_name': 'tempest-HypervisorAdminNegativeTestJSON-623198432', 'tenant_id': '2603ef49d5f547f585f5080709492326', 'tenant_name': 'tempest-HypervisorAdminNegativeTestJSON-623198432', 'user_domain_id': 'default', 'user_domain_name': 'Default', 'user_id': 'f761ae3c67d24104849c94e0546e0d99', 'system': None}, Network: None, Subnet: None, Router: None
2024-10-23 13:42:23.083 62285 INFO tempest.lib.common.rest_client [req-1e315cc1-a51d-491a-bf6a-71e469b02588 req-1e315cc1-a51d-491a-bf6a-71e469b02588 ] Request (HypervisorAdminNegativeTestJSON:setUpClass): 201 POST http://10.180.1.21/identity/v3/auth/tokens 0.099s
2024-10-23 13:42:23.159 62285 INFO tempest.lib.common.rest_client [req-eed1c45d-49c8-4626-87f1-1f6199a3bb5c req-eed1c45d-49c8-4626-87f1-1f6199a3bb5c ] Request (HypervisorAdminNegativeTestJSON:setUpClass): 201 POST http://10.180.1.21/identity/v3/projects 0.075s
2024-10-23 13:42:23.224 62295 INFO tempest.lib.common.rest_client [req-4cf4896b-eb0e-4d65-9239-14672af0a311 req-4cf4896b-eb0e-4d65-9239-14672af0a311 ] Request (SecurityGroupsNegativeTestJSON:setUpClass): 201 POST http://10.180.1.21:9696/networking/v2.0/routers 1.710s
2024-10-23 13:42:23.242 62285 INFO tempest.lib.common.rest_client [req-46eaba2b-e72e-4784-a509-ea3900817a1b req-46eaba2b-e72e-4784-a509-ea3900817a1b ] Request (HypervisorAdminNegativeTestJSON:setUpClass): 201 POST http://10.180.1.21/identity/v3/users 0.082s
2024-10-23 13:42:23.272 62285 INFO tempest.lib.common.rest_client [req-d9b337a5-0232-456e-ad0d-56cf3666ee94 req-d9b337a5-0232-456e-ad0d-56cf3666ee94 ] Request (HypervisorAdminNegativeTestJSON:setUpClass): 200 GET http://10.180.1.21/identity/v3/roles 0.029s
2024-10-23 13:42:23.276 62277 INFO tempest.lib.common.rest_client [req-df85dbc4-0217-427e-9c09-82d1a0e6d774 req-df85dbc4-0217-427e-9c09-82d1a0e6d774 ] Request (ServerRescueNegativeTestJSON:setUpClass): 202 POST http://10.180.1.21/compute/v2.1/servers 4.371s
2024-10-23 13:42:23.292 62293 INFO tempest.lib.common.rest_client [req-5c743a8d-c557-4d89-8fe0-1cc65e783f93 req-5c743a8d-c557-4d89-8fe0-1cc65e783f93 ] Request (ServersAdminTestJSON:setUpClass): 202 POST http://10.180.1.21/compute/v2.1/servers 3.836s
2024-10-23 13:42:23.300 62317 INFO tempest.lib.common.rest_client [req-4dc4896b-b3c9-4360-b3fd-4773f8f40e34 req-4dc4896b-b3c9-4360-b3fd-4773f8f40e34 ] Request (VolumesAssistedSnapshotsTest:setUpClass): 201 POST http://10.180.1.21:9696/networking/v2.0/subnets 0.342s
2024-10-23 13:42:23.306 62285 INFO tempest.lib.common.rest_client [req-a1bc1c35-a597-4b64-8493-c9dc31318569 req-a1bc1c35-a597-4b64-8493-c9dc31318569 ] Request (HypervisorAdminNegativeTestJSON:setUpClass): 204 PUT http://10.180.1.21/identity/v3/projects/edfd535a55d14e06aacc3a7494efd8aa/users/8fbcdc7c80124508951d800e3049e539/roles/e48442df94794cdba07dc12314a83c45 0.033s
2024-10-23 13:42:23.434 62283 INFO tempest.lib.common.rest_client [req-b77211d0-2c5a-4c0f-aaeb-3ab98d5adc0f req-b77211d0-2c5a-4c0f-aaeb-3ab98d5adc0f ] Request (FlavorsExtraSpecsNegativeTestJSON:test_flavor_get_nonexistent_key): 404 GET http://10.180.1.21/compute/v2.1/flavors/285402145/os-extra_specs/hw:cpu_thread_policy 3.708s
2024-10-23 13:42:23.463 62287 INFO tempest.lib.common.rest_client [req-eb49b80d-4f65-458e-b708-49c3943d64d2 req-eb49b80d-4f65-458e-b708-49c3943d64d2 ] Request (FlavorsAccessTestJSON:test_flavor_access_add_remove): 200 GET http://10.180.1.21/compute/v2.1/flavors/detail 3.980s
2024-10-23 13:42:23.472 62285 INFO tempest.lib.common.rest_client [req-9d84fe8c-96be-421f-b639-bd0c917d24f1 req-9d84fe8c-96be-421f-b639-bd0c917d24f1 ] Request (HypervisorAdminNegativeTestJSON:setUpClass): 200 GET http://10.180.1.21/identity/v3/roles 0.166s
2024-10-23 13:42:23.494 62285 INFO tempest.lib.common.rest_client [req-3cc9112e-f353-46c8-9d1a-6037e5561b1c req-3cc9112e-f353-46c8-9d1a-6037e5561b1c ] Request (HypervisorAdminNegativeTestJSON:setUpClass): 204 PUT http://10.180.1.21/identity/v3/projects/edfd535a55d14e06aacc3a7494efd8aa/users/8fbcdc7c80124508951d800e3049e539/roles/e48442df94794cdba07dc12314a83c45 0.021s
2024-10-23 13:42:23.494 62285 INFO tempest.lib.common.dynamic_creds [-] Dynamic test user 8fbcdc7c80124508951d800e3049e539 is created with scope project and roles: ['admin']
2024-10-23 13:42:23.494 62285 INFO tempest.lib.common.dynamic_creds [-] Acquired dynamic creds: credentials: Credentials: {'domain_id': 'default', 'domain_name': 'Default', 'username': 'tempest-HypervisorAdminNegativeTestJSON-1346916318-project-admin', 'project_domain_id': 'default', 'project_domain_name': 'Default', 'project_id': 'edfd535a55d14e06aacc3a7494efd8aa', 'project_name': 'tempest-HypervisorAdminNegativeTestJSON-1346916318', 'tenant_id': 'edfd535a55d14e06aacc3a7494efd8aa', 'tenant_name': 'tempest-HypervisorAdminNegativeTestJSON-1346916318', 'user_domain_id': 'default', 'user_domain_name': 'Default', 'user_id': '8fbcdc7c80124508951d800e3049e539', 'system': None}, Network: None, Subnet: None, Router: None
2024-10-23 13:42:23.494 62285 INFO tempest.lib.common.dynamic_creds [-] Created isolated network resources for: credentials: Credentials: {'domain_id': 'default', 'domain_name': 'Default', 'username': 'tempest-HypervisorAdminNegativeTestJSON-1346916318-project-admin', 'project_domain_id': 'default', 'project_domain_name': 'Default', 'project_id': 'edfd535a55d14e06aacc3a7494efd8aa', 'project_name': 'tempest-HypervisorAdminNegativeTestJSON-1346916318', 'tenant_id': 'edfd535a55d14e06aacc3a7494efd8aa', 'tenant_name': 'tempest-HypervisorAdminNegativeTestJSON-1346916318', 'user_domain_id': 'default', 'user_domain_name': 'Default', 'user_id': '8fbcdc7c80124508951d800e3049e539', 'system': None}, Network: None, Subnet: None, Router: None
2024-10-23 13:42:23.496 62297 INFO tempest.lib.common.rest_client [req-20fe1cec-1ede-4433-a4ed-21a391ea63fe req-20fe1cec-1ede-4433-a4ed-21a391ea63fe ] Request (ServicesAdminNegativeTestJSON:test_get_service_with_valid_service_and_invalid_host): 200 GET http://10.180.1.21/compute/v2.1/os-services?host=xxx&binary=nova-scheduler 3.717s
2024-10-23 13:42:23.498 62273 INFO tempest.lib.common.rest_client [req-da414ea6-ecd9-406b-84aa-a0587b797623 req-da414ea6-ecd9-406b-84aa-a0587b797623 ] Request (KeyPairsV2TestJSON:test_keypair_create_with_pub_key): 200 POST http://10.180.1.21/compute/v2.1/os-keypairs 3.748s
2024-10-23 13:42:23.511 62293 INFO tempest.lib.common.rest_client [req-3173eb10-5d0e-4942-b1e5-19ec81082787 req-3173eb10-5d0e-4942-b1e5-19ec81082787 ] Request (ServersAdminTestJSON:setUpClass): 201 POST http://10.180.1.21/identity/v3/auth/tokens 0.213s
2024-10-23 13:42:23.511 62293 INFO tempest.lib.common.fixed_network [-] (ServersAdminTestJSON:setUpClass) Found network {'id': 'e4d79ae5-c3cc-4706-9dae-125dc7bdfdeb', 'name': 'tempest-ServersAdminTestJSON-552001701-network', 'tenant_id': '975c88ff0be74b81a20da760ffc8e667', 'admin_state_up': True, 'mtu': 8950, 'status': 'ACTIVE', 'subnets': [], 'shared': False, 'project_id': '975c88ff0be74b81a20da760ffc8e667', 'port_security_enabled': True, 'router:external': False, 'provider:network_type': 'vlan', 'provider:physical_network': 'default', 'provider:segmentation_id': 267, 'is_default': False, 'availability_zone_hints': [], 'availability_zones': [], 'ipv4_address_scope': None, 'ipv6_address_scope': None, 'description': '', 'tags': [], 'created_at': '2024-10-23T13:42:09Z', 'updated_at': '2024-10-23T13:42:09Z', 'revision_number': 1} available for tenant
2024-10-23 13:42:23.558 62319 INFO tempest.lib.common.rest_client [req-cc44ea58-7499-4f9d-9d7b-ceb5508f7368 req-cc44ea58-7499-4f9d-9d7b-ceb5508f7368 ] Request (VolumesAdminNegativeTest:test_update_attached_volume_with_nonexistent_volume_in_body): 201 POST http://10.180.1.21:9696/networking/v2.0/floatingips 1.246s
2024-10-23 13:42:23.590 62285 INFO tempest.lib.common.rest_client [req-f0ce9e47-336a-4235-810e-26c0a5f5d5a0 req-f0ce9e47-336a-4235-810e-26c0a5f5d5a0 ] Request (HypervisorAdminNegativeTestJSON:setUpClass): 201 POST http://10.180.1.21/identity/v3/auth/tokens 0.088s
2024-10-23 13:42:23.602 62261 INFO tempest.lib.common.rest_client [req-bde8eddc-e23f-4591-b01f-7f2ed710c84c req-bde8eddc-e23f-4591-b01f-7f2ed710c84c ] Request (ImagesMetadataNegativeTestJSON:test_delete_nonexistent_image_metadata_item): 404 DELETE http://10.180.1.21/compute/v2.1/images/e6f104cb-8d33-403e-a918-e7bdbfef7c8c/metadata/os_distro 3.778s
2024-10-23 13:42:23.622 62267 INFO tempest.lib.common.rest_client [req-93adbf6b-6baf-46e2-8b5a-fecc0cad88cb req-93adbf6b-6baf-46e2-8b5a-fecc0cad88cb ] Request (DeleteServersAdminTestJSON:test_admin_delete_servers_of_others): 200 GET http://10.180.1.21/compute/v2.1/servers/9fa0bae6-065d-49ad-b076-0956f1cc3677 3.732s
2024-10-23 13:42:23.632 62265 INFO tempest.lib.common.rest_client [req-c01c5007-9fb5-4a36-bf78-80da7734c9a4 req-c01c5007-9fb5-4a36-bf78-80da7734c9a4 ] Request (FlavorsAdminTestJSON:_run_cleanups): 202 DELETE http://10.180.1.21/compute/v2.1/flavors/1427864698 3.676s
2024-10-23 13:42:23.673 62319 INFO tempest.lib.common.rest_client [req-4920eec2-be4d-4acc-ba41-0eed4f866aec req-4920eec2-be4d-4acc-ba41-0eed4f866aec ] Request (VolumesAdminNegativeTest:test_update_attached_volume_with_nonexistent_volume_in_body): 201 POST http://10.180.1.21/identity/v3/auth/tokens 0.057s
2024-10-23 13:42:23.674 62319 INFO tempest.lib.common.fixed_network [-] (VolumesAdminNegativeTest:test_update_attached_volume_with_nonexistent_volume_in_body) Found network {'id': '73cea715-ed5e-498d-85ff-71849d15da74', 'name': 'tempest-VolumesAdminNegativeTest-1428473282-network', 'tenant_id': 'dd07c5b9369f4803900c3974049ecf33', 'admin_state_up': True, 'mtu': 8950, 'status': 'ACTIVE', 'subnets': [], 'shared': False, 'project_id': 'dd07c5b9369f4803900c3974049ecf33', 'port_security_enabled': True, 'router:external': False, 'provider:network_type': 'vlan', 'provider:physical_network': 'default', 'provider:segmentation_id': 149, 'is_default': False, 'availability_zone_hints': [], 'availability_zones': [], 'ipv4_address_scope': None, 'ipv6_address_scope': None, 'description': '', 'tags': [], 'created_at': '2024-10-23T13:42:07Z', 'updated_at': '2024-10-23T13:42:07Z', 'revision_number': 1} available for tenant
2024-10-23 13:42:23.731 62311 INFO tempest.lib.common.rest_client [req-c173d1ce-4e88-4b12-8e04-7bad25ebef58 req-c173d1ce-4e88-4b12-8e04-7bad25ebef58 ] Request (FlavorMetadataValidation:test_flavor_update_with_custom_namespace): 200 POST http://10.180.1.21/compute/v2.1/flavors/322205611/os-extra_specs 3.654s
2024-10-23 13:42:23.778 62308 INFO tempest.lib.common.rest_client [req-921baf45-ea84-4ae2-b983-8142997cf340 req-921baf45-ea84-4ae2-b983-8142997cf340 ] Request (HypervisorAdminUnderV252Test:test_get_hypervisor_show_servers): 200 GET http://10.180.1.21/compute/v2.1/os-hypervisors/domain-c8.fc996f14-c53b-4953-92e3-bdfa48f5cc28/servers 3.417s
2024-10-23 13:42:23.808 62281 INFO tempest.lib.common.rest_client [req-9ddb39ee-715f-42a4-bcc2-b841b27dff4e req-9ddb39ee-715f-42a4-bcc2-b841b27dff4e ] Request (HostsAdminTestJSON:test_list_hosts_with_a_blank_zone): 200 GET http://10.180.1.21/compute/v2.1/os-hosts?zone= 3.422s
2024-10-23 13:42:23.883 62315 INFO tempest.lib.common.rest_client [req-c2808181-aaf1-470c-80e1-412fabbd54b2 req-c2808181-aaf1-470c-80e1-412fabbd54b2 ] Request (ServersNegativeTestMultiTenantJSON:setUpClass): 200 PUT http://10.180.1.21:9696/networking/v2.0/routers/42ed45aa-0941-4b9d-80bb-141af09034a8/add_router_interface 2.286s
2024-10-23 13:42:23.883 62315 INFO tempest.lib.common.dynamic_creds [-] Created isolated network resources for: credentials: Credentials: {'domain_id': 'default', 'domain_name': 'Default', 'username': 'tempest-ServersNegativeTestMultiTenantJSON-1796073684-project-member', 'project_domain_id': 'default', 'project_domain_name': 'Default', 'project_id': '2926b8d350eb4d92b4ced93dd2713bf8', 'project_name': 'tempest-ServersNegativeTestMultiTenantJSON-1796073684', 'tenant_id': '2926b8d350eb4d92b4ced93dd2713bf8', 'tenant_name': 'tempest-ServersNegativeTestMultiTenantJSON-1796073684', 'user_domain_id': 'default', 'user_domain_name': 'Default', 'user_id': 'a16383eff593446c826d3ca6b36b3e5d', 'system': None}, Network: {'id': 'bd71c6c4-d30d-4193-a46c-483160053caa', 'name': 'tempest-ServersNegativeTestMultiTenantJSON-1275335189-network', 'tenant_id': '2926b8d350eb4d92b4ced93dd2713bf8', 'admin_state_up': True, 'mtu': 8950, 'status': 'ACTIVE', 'subnets': [], 'shared': False, 'project_id': '2926b8d350eb4d92b4ced93dd2713bf8', 'port_security_enabled': True, 'router:external': False, 'provider:network_type': 'vlan', 'provider:physical_network': 'default', 'provider:segmentation_id': 202, 'is_default': False, 'availability_zone_hints': [], 'availability_zones': [], 'ipv4_address_scope': None, 'ipv6_address_scope': None, 'description': '', 'tags': [], 'created_at': '2024-10-23T13:42:19Z', 'updated_at': '2024-10-23T13:42:19Z', 'revision_number': 1}, Subnet: {'id': '93c542b9-9a36-4f19-bcec-ee1494f44d27', 'name': 'tempest-ServersNegativeTestMultiTenantJSON-1275335189-subnet', 'tenant_id': '2926b8d350eb4d92b4ced93dd2713bf8', 'network_id': 'bd71c6c4-d30d-4193-a46c-483160053caa', 'ip_version': 4, 'subnetpool_id': None, 'enable_dhcp': True, 'ipv6_ra_mode': None, 'ipv6_address_mode': None, 'gateway_ip': '192.168.128.1', 'cidr': '192.168.128.0/28', 'allocation_pools': [{'start': '192.168.128.2', 'end': '192.168.128.14'}], 'host_routes': [], 'dns_nameservers': [], 'description': '', 'router:external': False, 'service_types': [], 'tags': [], 'created_at': '2024-10-23T13:42:19Z', 'updated_at': '2024-10-23T13:42:19Z', 'revision_number': 0, 'project_id': '2926b8d350eb4d92b4ced93dd2713bf8'}, Router: {'id': '42ed45aa-0941-4b9d-80bb-141af09034a8', 'name': 'tempest-ServersNegativeTestMultiTenantJSON-1275335189-router', 'tenant_id': '2926b8d350eb4d92b4ced93dd2713bf8', 'admin_state_up': True, 'status': 'ACTIVE', 'external_gateway_info': {'network_id': 'b5676781-8886-4984-8b6c-82a25e76fa61', 'external_fixed_ips': [{'subnet_id': 'cfb89e6a-4f48-4773-9f6a-da7eaa25e674', 'ip_address': '10.180.180.225'}], 'enable_snat': True}, 'description': '', 'availability_zones': [], 'distributed': False, 'ha': False, 'availability_zone_hints': [], 'routes': [], 'flavor_id': None, 'tags': [], 'created_at': '2024-10-23T13:42:20Z', 'updated_at': '2024-10-23T13:42:20Z', 'revision_number': 2, 'project_id': '2926b8d350eb4d92b4ced93dd2713bf8'}
2024-10-23 13:42:23.895 62279 INFO tempest.lib.common.rest_client [req-1597b542-f16f-4917-bf16-3227460470fd req-1597b542-f16f-4917-bf16-3227460470fd ] Request (FlavorsV255TestJSON:test_crud_flavor): 200 GET http://10.180.1.21/compute/v2.1/flavors/631635698 3.336s
2024-10-23 13:42:23.977 62303 INFO tempest.lib.common.rest_client [req-e8057514-8fde-45cf-87da-a4747d02e983 req-e8057514-8fde-45cf-87da-a4747d02e983 ] Request (InstanceUsageAuditLogNegativeTestJSON:test_instance_usage_audit_logs_with_nonadmin_user): 403 GET http://10.180.1.21/compute/v2.1/os-instance_usage_audit_log 3.279s
2024-10-23 13:42:23.995 62315 INFO tempest.lib.common.rest_client [req-7fb595d5-818f-441a-a4df-4fd3322e4d29 req-7fb595d5-818f-441a-a4df-4fd3322e4d29 ] Request (ServersNegativeTestMultiTenantJSON:setUpClass): 201 POST http://10.180.1.21/identity/v3/auth/tokens 0.105s
2024-10-23 13:42:24.013 62263 INFO tempest.lib.common.rest_client [req-1edb1f5d-da76-4d36-8615-4f3cff29bf8b req-1edb1f5d-da76-4d36-8615-4f3cff29bf8b ] Request (FlavorsExtraSpecsTestJSON:test_flavor_non_admin_get_all_keys): 200 POST http://10.180.1.21/compute/v2.1/flavors/1910524870/os-extra_specs 3.263s
2024-10-23 13:42:24.113 62309 INFO tempest.lib.common.rest_client [req-0e23bf5c-5716-4eba-9510-a3597f398645 req-0e23bf5c-5716-4eba-9510-a3597f398645 ] Request (MigrationsAdminTest:test_list_migrations_in_flavor_resize_situation): 202 POST http://10.180.1.21/compute/v2.1/servers 3.760s
2024-10-23 13:42:24.135 62315 INFO tempest.lib.common.rest_client [req-b3f1fd87-52b8-4753-ab0a-14910e5f9a2e req-b3f1fd87-52b8-4753-ab0a-14910e5f9a2e ] Request (ServersNegativeTestMultiTenantJSON:setUpClass): 201 POST http://10.180.1.21/identity/v3/auth/tokens 0.093s
2024-10-23 13:42:24.135 62315 INFO tempest.lib.common.fixed_network [-] (ServersNegativeTestMultiTenantJSON:setUpClass) Found network {'id': 'cf5c4f43-a6f5-4643-923b-4004f298c5aa', 'name': 'tempest-ServersNegativeTestMultiTenantJSON-2063833420-network', 'tenant_id': '952aba5d63eb4c548447780336a87b4f', 'admin_state_up': True, 'mtu': 8950, 'status': 'ACTIVE', 'subnets': [], 'shared': False, 'project_id': '952aba5d63eb4c548447780336a87b4f', 'port_security_enabled': True, 'router:external': False, 'provider:network_type': 'vlan', 'provider:physical_network': 'default', 'provider:segmentation_id': 807, 'is_default': False, 'availability_zone_hints': [], 'availability_zones': [], 'ipv4_address_scope': None, 'ipv6_address_scope': None, 'description': '', 'tags': [], 'created_at': '2024-10-23T13:42:13Z', 'updated_at': '2024-10-23T13:42:13Z', 'revision_number': 1} available for tenant
2024-10-23 13:42:24.242 62321 INFO tempest.lib.common.rest_client [req-9618c262-5445-475a-a71e-7c408a1d9bf3 req-9618c262-5445-475a-a71e-7c408a1d9bf3 ] Request (ServerDiagnosticsV248Test:test_get_server_diagnostics): 200 GET http://10.180.1.21/compute/v2.1/servers/4b34ff57-e137-4abc-8aed-76dd2ec8d313 3.327s
2024-10-23 13:42:24.323 62275 INFO tempest.lib.common.rest_client [req-8545dbf7-686a-4bf8-80ff-25eb7ea1aef8 req-8545dbf7-686a-4bf8-80ff-25eb7ea1aef8 ] Request (ServersAdminNegativeTestJSON:setUpClass): 200 GET http://10.180.1.21/compute/v2.1/servers/21010917-f820-4163-848d-e4141c89b13d 3.014s
2024-10-23 13:42:24.339 62259 INFO tempest.lib.common.rest_client [req-ae2e4d97-c065-46c4-b673-4724c9229834 req-ae2e4d97-c065-46c4-b673-4724c9229834 ] Request (QuotaClassesAdmin257Test:test_update_default_quotas): 200 GET http://10.180.1.21/compute/v2.1/os-quota-class-sets/default 2.796s
2024-10-23 13:42:24.400 62269 INFO tempest.lib.common.rest_client [req-c0e30a1e-6b50-499c-8ad4-a620d0644630 req-c0e30a1e-6b50-499c-8ad4-a620d0644630 ] Request (AggregatesAdminNegativeTestJSON:_run_cleanups): 200 POST http://10.180.1.21/compute/v2.1/os-aggregates/1/action 3.574s
2024-10-23 13:42:24.442 62299 INFO tempest.lib.common.rest_client [req-515de71d-88e0-4835-ba4c-32eb2304dcbf req-515de71d-88e0-4835-ba4c-32eb2304dcbf ] Request (ServersAdmin275Test:test_rebuild_update_server_275): 200 PUT http://10.180.1.21/compute/v2.1/servers/56eee633-2c01-4df2-8d2e-58ad712942f6 2.792s
2024-10-23 13:42:24.478 62290 INFO tempest.lib.common.rest_client [req-fd6500cd-db3b-4ea3-a324-baca338286f9 req-fd6500cd-db3b-4ea3-a324-baca338286f9 ] Request (FlavorsV2TestJSON:test_get_flavor): 200 GET http://10.180.1.21/compute/v2.1/flavors/42 2.081s
2024-10-23 13:42:24.501 62271 INFO tempest.lib.common.rest_client [req-1300f61e-0182-4123-a6b9-72b9bd17ba1f req-1300f61e-0182-4123-a6b9-72b9bd17ba1f ] Request (ServerDiagnosticsNegativeTest:test_get_server_diagnostics_by_non_admin): 200 GET http://10.180.1.21/compute/v2.1/servers/8b29fc32-d27d-4474-84bc-f727f90fde09 2.103s
2024-10-23 13:42:24.508 62271 INFO tempest.common.waiters [-] State transition "BUILD/None" ==> "BUILD/block_device_mapping" after 3 second wait
2024-10-23 13:42:24.557 62305 INFO tempest.lib.common.rest_client [req-3fc2ea48-f385-4ac7-a8cc-a6f8de41ba3d req-3fc2ea48-f385-4ac7-a8cc-a6f8de41ba3d ] Request (TenantUsagesNegativeTestJSON:test_get_usage_tenant_with_empty_tenant_id): 404 GET http://10.180.1.21/compute/v2.1/os-simple-tenant-usage/?start=2024-10-22T13%3A42%3A22.862954&end=2024-10-24T13%3A42%3A22.862954 1.694s
2024-10-23 13:42:24.620 62277 INFO tempest.lib.common.rest_client [req-6ee9a182-f9e7-4bf1-9fa7-afebaf77a4d9 req-6ee9a182-f9e7-4bf1-9fa7-afebaf77a4d9 ] Request (ServerRescueNegativeTestJSON:setUpClass): 200 GET http://10.180.1.21/compute/v2.1/servers/1eeb879b-6d1e-4746-98b5-12c30d674fa9 1.342s
2024-10-23 13:42:24.691 62291 INFO tempest.lib.common.rest_client [req-7f29144f-40b4-4e2f-8805-e5289a8373df req-7f29144f-40b4-4e2f-8805-e5289a8373df ] Request (NetworksTest:test_get_network): 200 GET http://10.180.1.21/compute/v2.1/os-networks 2.128s
2024-10-23 13:42:24.703 62277 INFO tempest.lib.common.rest_client [req-a57e9179-8de0-4576-afbd-5dc124286d63 req-a57e9179-8de0-4576-afbd-5dc124286d63 ] Request (ServerRescueNegativeTestJSON:setUpClass): 201 POST http://10.180.1.21/identity/v3/auth/tokens 0.070s
2024-10-23 13:42:24.703 62277 INFO tempest.lib.common.fixed_network [-] (ServerRescueNegativeTestJSON:setUpClass) Found network {'id': '6559b4fd-397c-43e7-86a6-ae821bc2d1d1', 'name': 'tempest-ServerRescueNegativeTestJSON-306695472-network', 'tenant_id': 'a7fb7655514d47fa88c7fccb28665caa', 'admin_state_up': True, 'mtu': 8950, 'status': 'ACTIVE', 'subnets': [], 'shared': False, 'project_id': 'a7fb7655514d47fa88c7fccb28665caa', 'port_security_enabled': True, 'router:external': False, 'provider:network_type': 'vlan', 'provider:physical_network': 'default', 'provider:segmentation_id': 833, 'is_default': False, 'availability_zone_hints': [], 'availability_zones': [], 'ipv4_address_scope': None, 'ipv6_address_scope': None, 'description': '', 'tags': [], 'created_at': '2024-10-23T13:42:14Z', 'updated_at': '2024-10-23T13:42:14Z', 'revision_number': 1} available for tenant
2024-10-23 13:42:24.711 62283 INFO tempest.lib.common.rest_client [req-c4030912-e270-401b-b676-98228371ee68 req-c4030912-e270-401b-b676-98228371ee68 ] Request (FlavorsExtraSpecsNegativeTestJSON:test_flavor_non_admin_set_keys): 403 POST http://10.180.1.21/compute/v2.1/flavors/285402145/os-extra_specs 1.216s
2024-10-23 13:42:24.732 62287 INFO tempest.lib.common.rest_client [req-b4ca8ad0-5b3c-40c9-bdca-efc367206cb8 req-b4ca8ad0-5b3c-40c9-bdca-efc367206cb8 ] Request (FlavorsAccessTestJSON:test_flavor_access_add_remove): 200 POST http://10.180.1.21/compute/v2.1/flavors/310061743/action 1.262s
2024-10-23 13:42:24.735 62273 INFO tempest.lib.common.rest_client [req-120ec80f-6c67-450f-9e0f-5d3410127d2d req-120ec80f-6c67-450f-9e0f-5d3410127d2d ] Request (KeyPairsV2TestJSON:_run_cleanups): 202 DELETE http://10.180.1.21/compute/v2.1/os-keypairs/tempest-keypair-1192424251 1.234s
2024-10-23 13:42:24.745 62313 INFO tempest.lib.common.rest_client [req-d0772676-ca34-4388-ba3e-8d63a58d16f1 req-d0772676-ca34-4388-ba3e-8d63a58d16f1 ] Request (ServersWithSpecificFlavorTestJSON:setUpClass): 200 PUT http://10.180.1.21:9696/networking/v2.0/routers/66f7d588-ea3a-41ed-adb5-6ec4a4e7912b/add_router_interface 2.043s
2024-10-23 13:42:24.745 62313 INFO tempest.lib.common.dynamic_creds [-] Created isolated network resources for: credentials: Credentials: {'domain_id': 'default', 'domain_name': 'Default', 'username': 'tempest-ServersWithSpecificFlavorTestJSON-1804054686-project-admin', 'project_domain_id': 'default', 'project_domain_name': 'Default', 'project_id': '4a30c7eb1a49449791d888484f5bcaa0', 'project_name': 'tempest-ServersWithSpecificFlavorTestJSON-1804054686', 'tenant_id': '4a30c7eb1a49449791d888484f5bcaa0', 'tenant_name': 'tempest-ServersWithSpecificFlavorTestJSON-1804054686', 'user_domain_id': 'default', 'user_domain_name': 'Default', 'user_id': 'ea873c9387cb4e2591e15e7247005498', 'system': None}, Network: {'id': 'a77a1b5b-75b4-47d1-a721-421a96ff0c81', 'name': 'tempest-ServersWithSpecificFlavorTestJSON-1378532884-network', 'tenant_id': '4a30c7eb1a49449791d888484f5bcaa0', 'admin_state_up': True, 'mtu': 8950, 'status': 'ACTIVE', 'subnets': [], 'shared': False, 'project_id': '4a30c7eb1a49449791d888484f5bcaa0', 'port_security_enabled': True, 'router:external': False, 'provider:network_type': 'vlan', 'provider:physical_network': 'default', 'provider:segmentation_id': 73, 'is_default': False, 'availability_zone_hints': [], 'availability_zones': [], 'ipv4_address_scope': None, 'ipv6_address_scope': None, 'description': '', 'tags': [], 'created_at': '2024-10-23T13:42:19Z', 'updated_at': '2024-10-23T13:42:20Z', 'revision_number': 1}, Subnet: {'id': '4ba76736-d5e1-44bf-b12c-76da01b99b89', 'name': 'tempest-ServersWithSpecificFlavorTestJSON-1378532884-subnet', 'tenant_id': '4a30c7eb1a49449791d888484f5bcaa0', 'network_id': 'a77a1b5b-75b4-47d1-a721-421a96ff0c81', 'ip_version': 4, 'subnetpool_id': None, 'enable_dhcp': True, 'ipv6_ra_mode': None, 'ipv6_address_mode': None, 'gateway_ip': '192.168.128.1', 'cidr': '192.168.128.0/28', 'allocation_pools': [{'start': '192.168.128.2', 'end': '192.168.128.14'}], 'host_routes': [], 'dns_nameservers': [], 'description': '', 'router:external': False, 'service_types': [], 'tags': [], 'created_at': '2024-10-23T13:42:20Z', 'updated_at': '2024-10-23T13:42:20Z', 'revision_number': 0, 'project_id': '4a30c7eb1a49449791d888484f5bcaa0'}, Router: {'id': '66f7d588-ea3a-41ed-adb5-6ec4a4e7912b', 'name': 'tempest-ServersWithSpecificFlavorTestJSON-1378532884-router', 'tenant_id': '4a30c7eb1a49449791d888484f5bcaa0', 'admin_state_up': True, 'status': 'ACTIVE', 'external_gateway_info': {'network_id': 'b5676781-8886-4984-8b6c-82a25e76fa61', 'external_fixed_ips': [{'subnet_id': 'cfb89e6a-4f48-4773-9f6a-da7eaa25e674', 'ip_address': '10.180.180.174'}], 'enable_snat': True}, 'description': '', 'availability_zones': [], 'distributed': False, 'ha': False, 'availability_zone_hints': [], 'routes': [], 'flavor_id': None, 'tags': [], 'created_at': '2024-10-23T13:42:20Z', 'updated_at': '2024-10-23T13:42:21Z', 'revision_number': 2, 'project_id': '4a30c7eb1a49449791d888484f5bcaa0'}
2024-10-23 13:42:24.811 62297 INFO tempest.lib.common.rest_client [req-821959aa-8949-4937-9546-39cf2b85a1cd req-821959aa-8949-4937-9546-39cf2b85a1cd ] Request (ServicesAdminNegativeTestJSON:test_list_services_with_non_admin_user): 403 GET http://10.180.1.21/compute/v2.1/os-services 1.310s
2024-10-23 13:42:24.861 62313 INFO tempest.lib.common.rest_client [req-7ed49cb3-5b86-4bdc-8862-ee040cf6740d req-7ed49cb3-5b86-4bdc-8862-ee040cf6740d ] Request (ServersWithSpecificFlavorTestJSON:setUpClass): 201 POST http://10.180.1.21/identity/v3/auth/tokens 0.110s
2024-10-23 13:42:24.882 62285 INFO tempest.lib.common.rest_client [req-ac49eab6-d29d-437c-a323-29c634d33022 req-ac49eab6-d29d-437c-a323-29c634d33022 ] Request (HypervisorAdminNegativeTestJSON:test_get_hypervisor_list_details_with_non_admin_user): 403 GET http://10.180.1.21/compute/v2.1/os-hypervisors/detail 1.290s
2024-10-23 13:42:24.898 62261 INFO tempest.lib.common.rest_client [req-0f42b170-c89e-4d51-bec7-a5ada26225bf req-0f42b170-c89e-4d51-bec7-a5ada26225bf ] Request (ImagesMetadataNegativeTestJSON:test_get_nonexistent_image_metadata_item): 404 GET http://10.180.1.21/compute/v2.1/images/cb1860b3-b692-464d-88d3-f75df076408e/metadata/os_version 1.294s
2024-10-23 13:42:24.918 62265 INFO tempest.lib.common.rest_client [req-2befa648-aba9-4deb-bd6e-1f928b339cd5 req-2befa648-aba9-4deb-bd6e-1f928b339cd5 ] Request (FlavorsAdminTestJSON:_run_cleanups): 200 GET http://10.180.1.21/compute/v2.1/flavors/detail 1.285s
2024-10-23 13:42:24.974 62297 INFO tempest.lib.common.rest_client [req-9faff31d-0d72-43d3-aa42-b150e2832d8e req-9faff31d-0d72-43d3-aa42-b150e2832d8e ] Request (ServicesAdminNegativeTestJSON:tearDownClass): 204 DELETE http://10.180.1.21/identity/v3/users/4cb0ce0f342f43bd8d4f4447bf1418ff 0.160s
2024-10-23 13:42:25.098 62317 INFO tempest.lib.common.rest_client [req-6ac84767-efcd-49bc-b610-01211673c841 req-6ac84767-efcd-49bc-b610-01211673c841 ] Request (VolumesAssistedSnapshotsTest:setUpClass): 201 POST http://10.180.1.21:9696/networking/v2.0/routers 1.797s
2024-10-23 13:42:25.121 62297 INFO tempest.lib.common.rest_client [req-1195d716-9ac7-479e-9b95-8aa2cb43fd53 req-1195d716-9ac7-479e-9b95-8aa2cb43fd53 ] Request (ServicesAdminNegativeTestJSON:tearDownClass): 204 DELETE http://10.180.1.21/identity/v3/users/0bd56795e901499e8b4fc26bd59d9fcc 0.147s
2024-10-23 13:42:25.121 62297 INFO tempest.lib.common.dynamic_creds [-] Deleting project and security group for project: 811fe650dbe3437fa231e9cb930197af
2024-10-23 13:42:25.197 62297 INFO tempest.lib.common.rest_client [req-ecb30834-560b-44de-89be-6ad47ca200a9 req-ecb30834-560b-44de-89be-6ad47ca200a9 ] Request (ServicesAdminNegativeTestJSON:tearDownClass): 201 POST http://10.180.1.21/identity/v3/auth/tokens 0.075s
2024-10-23 13:42:25.324 62293 INFO tempest.lib.common.rest_client [req-68481586-e4e9-4c46-8b51-aa7845aca824 req-68481586-e4e9-4c46-8b51-aa7845aca824 ] Request (ServersAdminTestJSON:setUpClass): 202 POST http://10.180.1.21/compute/v2.1/servers 1.812s
2024-10-23 13:42:25.362 62311 INFO tempest.lib.common.rest_client [req-3508d371-9dd7-4e24-aa84-47ceb45d3c3e req-3508d371-9dd7-4e24-aa84-47ceb45d3c3e ] Request (FlavorMetadataValidation:_run_cleanups): 202 DELETE http://10.180.1.21/compute/v2.1/flavors/322205611 1.628s
2024-10-23 13:42:25.384 62281 INFO tempest.lib.common.rest_client [req-d4751054-c1f8-4967-9b54-35c2d56e68a6 req-d4751054-c1f8-4967-9b54-35c2d56e68a6 ] Request (HostsAdminTestJSON:test_list_hosts_with_nonexistent_zone): 200 GET http://10.180.1.21/compute/v2.1/os-hosts?zone=xxx 1.571s
2024-10-23 13:42:25.403 62308 INFO tempest.lib.common.rest_client [req-4980d89e-54cf-4e71-9fa5-624006382d1f req-4980d89e-54cf-4e71-9fa5-624006382d1f ] Request (HypervisorAdminUnderV252Test:test_search_hypervisor): 200 GET http://10.180.1.21/compute/v2.1/os-hypervisors 1.567s
2024-10-23 13:42:25.429 62279 INFO tempest.lib.common.rest_client [req-bb8300c0-47eb-470b-81a6-80ba3c0a98a5 req-bb8300c0-47eb-470b-81a6-80ba3c0a98a5 ] Request (FlavorsV255TestJSON:test_crud_flavor): 200 PUT http://10.180.1.21/compute/v2.1/flavors/631635698 1.528s
2024-10-23 13:42:25.437 62303 INFO tempest.lib.common.rest_client [req-8e790c5f-1ebf-4985-84cd-4db689cd9c2e req-8e790c5f-1ebf-4985-84cd-4db689cd9c2e ] Request (InstanceUsageAuditLogNegativeTestJSON:test_instance_usage_audit_logs_with_nonadmin_user): 403 GET http://10.180.1.21/compute/v2.1/os-instance_usage_audit_log/2024-10-23%2013%3A42%3A23 1.458s
2024-10-23 13:42:25.476 62319 INFO tempest.lib.common.rest_client [req-99d923d5-ef6f-43f2-959c-4b252ac1d398 req-99d923d5-ef6f-43f2-959c-4b252ac1d398 ] Request (VolumesAdminNegativeTest:test_update_attached_volume_with_nonexistent_volume_in_body): 202 POST http://10.180.1.21/compute/v2.1/servers 1.801s
2024-10-23 13:42:25.483 62297 INFO tempest.lib.common.rest_client [req-1282e1b9-0685-49c5-bd94-206ae11113d8 req-1282e1b9-0685-49c5-bd94-206ae11113d8 ] Request (ServicesAdminNegativeTestJSON:tearDownClass): 200 GET http://10.180.1.21:9696/networking/v2.0/security-groups?tenant_id=811fe650dbe3437fa231e9cb930197af&name=default 0.286s
2024-10-23 13:42:25.559 62303 INFO tempest.lib.common.rest_client [req-53ec3b46-7596-46f8-ac88-78275ac155d1 req-53ec3b46-7596-46f8-ac88-78275ac155d1 ] Request (InstanceUsageAuditLogNegativeTestJSON:tearDownClass): 204 DELETE http://10.180.1.21/identity/v3/users/b7c6add3e3564d92ba9f6bceeea9fac2 0.118s
2024-10-23 13:42:25.563 62263 INFO tempest.lib.common.rest_client [req-af9040a9-e336-45a3-8d35-bd5fecc2b945 req-af9040a9-e336-45a3-8d35-bd5fecc2b945 ] Request (FlavorsExtraSpecsTestJSON:test_flavor_non_admin_get_all_keys): 200 GET http://10.180.1.21/compute/v2.1/flavors/1910524870/os-extra_specs 1.546s
2024-10-23 13:42:25.579 62309 INFO tempest.lib.common.rest_client [req-de1899f6-8473-4935-91e3-5dfd397bb6a6 req-de1899f6-8473-4935-91e3-5dfd397bb6a6 ] Request (MigrationsAdminTest:test_list_migrations_in_flavor_resize_situation): 200 GET http://10.180.1.21/compute/v2.1/servers/095d69fe-bbd3-4850-9dcd-b4c2290b8352 1.465s
2024-10-23 13:42:25.641 62259 INFO tempest.lib.common.rest_client [req-91ed2597-c1b4-4bea-b65e-c4a868c85043 req-91ed2597-c1b4-4bea-b65e-c4a868c85043 ] Request (QuotaClassesAdmin257Test:_run_cleanups): 200 PUT http://10.180.1.21/compute/v2.1/os-quota-class-sets/default 1.300s
2024-10-23 13:42:25.686 62269 INFO tempest.lib.common.rest_client [req-2a1db546-2f01-4826-95f0-0b4e5bcc5cf6 req-2a1db546-2f01-4826-95f0-0b4e5bcc5cf6 ] Request (AggregatesAdminNegativeTestJSON:_run_cleanups): 200 DELETE http://10.180.1.21/compute/v2.1/os-aggregates/1 1.284s
2024-10-23 13:42:25.691 62297 INFO tempest.lib.common.rest_client [req-7bfe91fb-1615-489f-834e-162b7fefacc8 req-7bfe91fb-1615-489f-834e-162b7fefacc8 ] Request (ServicesAdminNegativeTestJSON:tearDownClass): 204 DELETE http://10.180.1.21:9696/networking/v2.0/security-groups/6eeba2e0-59d6-4d12-a22f-8be9c8b7bbd5 0.207s
2024-10-23 13:42:25.740 62303 INFO tempest.lib.common.rest_client [req-2022db5e-54ff-4241-8c09-046ff79cb0e5 req-2022db5e-54ff-4241-8c09-046ff79cb0e5 ] Request (InstanceUsageAuditLogNegativeTestJSON:tearDownClass): 204 DELETE http://10.180.1.21/identity/v3/users/978d1e73d0ef4e3da4844a5c173e1422 0.181s
2024-10-23 13:42:25.740 62303 INFO tempest.lib.common.dynamic_creds [-] Deleting project and security group for project: 178cbbb47e7e44b2b5a307cc0a46c4c6
