2024-10-23 13:43:02.722 62291 INFO tempest.lib.common.rest_client [req-9210129a-b8b0-4941-9a19-76d4767a271c req-9210129a-b8b0-4941-9a19-76d4767a271c ] Request (ListServerFiltersTestJSON:setUpClass): 200 GET http://10.180.1.21/compute/v2.1/servers/0a08bc46-0eea-4802-b0be-eb24f3507f73 0.842s
2024-10-23 13:43:02.725 62269 INFO tempest.lib.common.rest_client [req-6b04c74d-b847-40f5-a445-16abdda86a0e req-6b04c74d-b847-40f5-a445-16abdda86a0e ] Request (SecurityGroupsTestAdminJSON:setUpClass): 201 POST http://10.180.1.21/identity/v3/users 0.092s
2024-10-23 13:43:02.754 62269 INFO tempest.lib.common.rest_client [req-b24b7164-5c65-4218-8c2c-4df0b9261a20 req-b24b7164-5c65-4218-8c2c-4df0b9261a20 ] Request (SecurityGroupsTestAdminJSON:setUpClass): 200 GET http://10.180.1.21/identity/v3/roles 0.028s
2024-10-23 13:43:02.792 62275 INFO tempest.lib.common.rest_client [req-d0a3215a-5e8b-456c-b3da-457b0df6bc19 req-d0a3215a-5e8b-456c-b3da-457b0df6bc19 ] Request (ServerActionsTestOtherA:setUpClass): 201 POST http://10.180.1.21:9696/networking/v2.0/networks 0.494s
2024-10-23 13:43:02.804 62269 INFO tempest.lib.common.rest_client [req-8e65071d-441e-4927-8156-459d6c5715ee req-8e65071d-441e-4927-8156-459d6c5715ee ] Request (SecurityGroupsTestAdminJSON:setUpClass): 204 PUT http://10.180.1.21/identity/v3/projects/bcc0295cb9f44b70a728a0a70fa0d1f1/users/9de50e6c5d0444e792e3836dd1d91464/roles/fc5c9d9dfc13439ab0e5b5ba6fe0629b 0.049s
2024-10-23 13:43:02.804 62321 INFO tempest.lib.common.rest_client [req-fd523670-8301-45d1-9878-836bdb1386a6 req-fd523670-8301-45d1-9878-836bdb1386a6 ] Request (ServerDiagnosticsV248Test:tearDownClass): 200 GET http://10.180.1.21/compute/v2.1/servers/4b34ff57-e137-4abc-8aed-76dd2ec8d313 0.854s
2024-10-23 13:43:02.806 62269 INFO tempest.lib.common.dynamic_creds [-] Dynamic test user 9de50e6c5d0444e792e3836dd1d91464 is created with scope project and roles: ['member']
2024-10-23 13:43:02.806 62269 INFO tempest.lib.common.dynamic_creds [-] Acquired dynamic creds: credentials: Credentials: {'domain_id': 'default', 'domain_name': 'Default', 'username': 'tempest-SecurityGroupsTestAdminJSON-1701030350-project-member', 'project_domain_id': 'default', 'project_domain_name': 'Default', 'project_id': 'bcc0295cb9f44b70a728a0a70fa0d1f1', 'project_name': 'tempest-SecurityGroupsTestAdminJSON-1701030350', 'tenant_id': 'bcc0295cb9f44b70a728a0a70fa0d1f1', 'tenant_name': 'tempest-SecurityGroupsTestAdminJSON-1701030350', 'user_domain_id': 'default', 'user_domain_name': 'Default', 'user_id': '9de50e6c5d0444e792e3836dd1d91464', 'system': None}, Network: None, Subnet: None, Router: None
2024-10-23 13:43:02.806 62269 INFO tempest.lib.common.dynamic_creds [-] Created isolated network resources for: credentials: Credentials: {'domain_id': 'default', 'domain_name': 'Default', 'username': 'tempest-SecurityGroupsTestAdminJSON-1701030350-project-member', 'project_domain_id': 'default', 'project_domain_name': 'Default', 'project_id': 'bcc0295cb9f44b70a728a0a70fa0d1f1', 'project_name': 'tempest-SecurityGroupsTestAdminJSON-1701030350', 'tenant_id': 'bcc0295cb9f44b70a728a0a70fa0d1f1', 'tenant_name': 'tempest-SecurityGroupsTestAdminJSON-1701030350', 'user_domain_id': 'default', 'user_domain_name': 'Default', 'user_id': '9de50e6c5d0444e792e3836dd1d91464', 'system': None}, Network: None, Subnet: None, Router: None
2024-10-23 13:43:02.816 62321 INFO tempest.common.waiters [-] State transition "ACTIVE/deleting" ==> "DELETED/None" after 3 second wait
2024-10-23 13:43:02.822 62271 INFO tempest.lib.common.rest_client [req-5f032ca5-556b-45a3-bc05-c81c84e3b663 req-5f032ca5-556b-45a3-bc05-c81c84e3b663 ] Request (ServersListShow296Test:test_list_show_server_296): 200 GET http://10.180.1.21/compute/v2.1/servers/detail 1.002s
2024-10-23 13:43:02.868 62285 INFO tempest.lib.common.rest_client [req-a92af82a-b24f-46f6-80f0-f4c9f5f9295f req-a92af82a-b24f-46f6-80f0-f4c9f5f9295f ] Request (FloatingIPsAssociationNegativeTestJSON:setUpClass): 200 GET http://10.180.1.21/compute/v2.1/servers/eee6b9e6-2707-4a3b-925b-a7f50cdc32cb 0.899s
2024-10-23 13:43:02.898 62263 INFO tempest.lib.common.rest_client [req-e22710be-6cdf-4873-a662-02b3f3a577f8 req-e22710be-6cdf-4873-a662-02b3f3a577f8 ] Request (ServerExternalEventsTest:test_create_server_external_events): 200 GET http://10.180.1.21/compute/v2.1/servers/39cd204a-49c2-4309-9030-555056ab125e 0.898s
2024-10-23 13:43:02.919 62269 INFO tempest.lib.common.rest_client [req-a2f682b4-1e17-47c0-a059-dc15f2e38ece req-a2f682b4-1e17-47c0-a059-dc15f2e38ece ] Request (SecurityGroupsTestAdminJSON:setUpClass): 201 POST http://10.180.1.21/identity/v3/auth/tokens 0.107s
2024-10-23 13:43:02.935 62259 INFO tempest.lib.common.rest_client [req-2962a79f-90a4-4ee7-a794-fe3a935c1cbe req-2962a79f-90a4-4ee7-a794-fe3a935c1cbe ] Request (FloatingIPsAssociationTestJSON:setUpClass): 200 GET http://10.180.1.21/compute/v2.1/servers/08d41411-7928-4379-9f2e-c6ce00843d82 0.904s
2024-10-23 13:43:02.951 62293 INFO tempest.lib.common.rest_client [req-a1ea98fd-ca75-4569-9ccf-6d521690b753 req-a1ea98fd-ca75-4569-9ccf-6d521690b753 ] Request (ServersAdminTestJSON:setUpClass): 200 GET http://10.180.1.21/compute/v2.1/servers/d522ee4a-9bd9-402b-b3bd-c36f93366249 0.882s
2024-10-23 13:43:02.991 62269 INFO tempest.lib.common.rest_client [req-2fd70aea-c5b6-4092-8733-df3e2284afea req-2fd70aea-c5b6-4092-8733-df3e2284afea ] Request (SecurityGroupsTestAdminJSON:setUpClass): 201 POST http://10.180.1.21/identity/v3/projects 0.072s
2024-10-23 13:43:02.997 62261 INFO tempest.lib.common.rest_client [req-11af7900-ab34-4d52-8cde-9d25ed73e70e req-11af7900-ab34-4d52-8cde-9d25ed73e70e ] Request (ImagesOneServerNegativeTestJSON:setUpClass): 200 GET http://10.180.1.21/compute/v2.1/servers/194588b4-fe40-4286-8036-874a7c410327 0.900s
2024-10-23 13:43:03.011 62308 INFO tempest.lib.common.rest_client [req-7cbc064e-1b40-466a-bf6c-d06552ce3ac1 req-7cbc064e-1b40-466a-bf6c-d06552ce3ac1 ] Request (ServersAaction247Test:test_create_backup): 200 GET http://10.180.1.21/compute/v2.1/servers/5d54c3fd-b239-4965-b7a3-5909e8de8bc0 0.911s
2024-10-23 13:43:03.060 62317 INFO tempest.lib.common.rest_client [req-7d22818e-cb08-41ad-9b82-c65a5d16b70d req-7d22818e-cb08-41ad-9b82-c65a5d16b70d ] Request (VolumesAssistedSnapshotsTest:test_volume_assisted_snapshot_create_delete): 200 GET http://10.180.1.21/compute/v2.1/servers/1fde7ae0-c88c-4d7f-b657-355c20e2cb10 0.884s
2024-10-23 13:43:03.072 62269 INFO tempest.lib.common.rest_client [req-e12a6e32-f73c-45c0-af35-d8a06c08d21a req-e12a6e32-f73c-45c0-af35-d8a06c08d21a ] Request (SecurityGroupsTestAdminJSON:setUpClass): 201 POST http://10.180.1.21/identity/v3/users 0.080s
2024-10-23 13:43:03.078 62290 INFO tempest.lib.common.rest_client [req-774a5b5a-9c47-4262-aab9-b9e4f0313a8f req-774a5b5a-9c47-4262-aab9-b9e4f0313a8f ] Request (ServersTestJSON:setUpClass): 200 GET http://10.180.1.21/compute/v2.1/servers/0040f46d-9a60-4fa1-8a00-c08022e17df0 0.786s
2024-10-23 13:43:03.089 62279 INFO tempest.lib.common.rest_client [req-db08abc3-8808-4218-a440-774579b710e7 req-db08abc3-8808-4218-a440-774579b710e7 ] Request (HostsAdminNegativeTestJSON:test_update_nonexistent_host): 404 PUT http://10.180.1.21/compute/v2.1/os-hosts/nonexistent_hostname 0.672s
2024-10-23 13:43:03.098 62269 INFO tempest.lib.common.rest_client [req-9e288f41-24e3-4738-9f97-21eb13e6c648 req-9e288f41-24e3-4738-9f97-21eb13e6c648 ] Request (SecurityGroupsTestAdminJSON:setUpClass): 200 GET http://10.180.1.21/identity/v3/roles 0.026s
2024-10-23 13:43:03.111 62265 INFO tempest.lib.common.rest_client [req-2ce48556-4c7c-415a-a04b-8352f4875341 req-2ce48556-4c7c-415a-a04b-8352f4875341 ] Request (FlavorsAdminTestJSON:_run_cleanups): 200 GET http://10.180.1.21/compute/v2.1/flavors/detail 0.673s
2024-10-23 13:43:03.142 62269 INFO tempest.lib.common.rest_client [req-ffa405e3-4320-4ca7-b5b6-430b8db2f535 req-ffa405e3-4320-4ca7-b5b6-430b8db2f535 ] Request (SecurityGroupsTestAdminJSON:setUpClass): 204 PUT http://10.180.1.21/identity/v3/projects/748a9666174a4f56934693d99b211168/users/604eb769f94741859f2f76c00d0c4cd6/roles/e48442df94794cdba07dc12314a83c45 0.043s
2024-10-23 13:43:03.195 62283 INFO tempest.lib.common.rest_client [req-46ebdde5-5012-46d2-9a3c-a923ed17fa4b req-46ebdde5-5012-46d2-9a3c-a923ed17fa4b ] Request (TenantUsagesTestJSON:setUpClass): 200 GET http://10.180.1.21/compute/v2.1/servers/a187f73b-8fb1-42b3-9a07-24d16aa0f152 0.625s
2024-10-23 13:43:03.229 62279 INFO tempest.lib.common.rest_client [req-940285b4-e9e6-46ec-bc5b-f2b2cf015572 req-940285b4-e9e6-46ec-bc5b-f2b2cf015572 ] Request (HostsAdminNegativeTestJSON:tearDownClass): 204 DELETE http://10.180.1.21/identity/v3/users/2007ca3a7efe484887b89ff527c2ebb9 0.139s
2024-10-23 13:43:03.259 62297 INFO tempest.lib.common.rest_client [req-d8abeefa-1c2e-40d6-a3b1-04815c8c3fdb req-d8abeefa-1c2e-40d6-a3b1-04815c8c3fdb ] Request (SecurityGroupRulesTestJSON:test_security_group_rules_delete_when_peer_group_deleted): 200 POST http://10.180.1.21/compute/v2.1/os-security-groups 0.850s
2024-10-23 13:43:03.288 62269 INFO tempest.lib.common.rest_client [req-69885d64-6856-46da-9d3f-d5d3803d4063 req-69885d64-6856-46da-9d3f-d5d3803d4063 ] Request (SecurityGroupsTestAdminJSON:setUpClass): 200 GET http://10.180.1.21/identity/v3/roles 0.145s
2024-10-23 13:43:03.297 62277 INFO tempest.lib.common.rest_client [req-79a006e0-da7a-42de-a378-d411bb20675a req-79a006e0-da7a-42de-a378-d411bb20675a ] Request (ServerRescueNegativeTestJSON:setUpClass): 200 GET http://10.180.1.21/compute/v2.1/servers/64f9698e-16f5-447a-914a-9e936e05d101 0.717s
2024-10-23 13:43:03.314 62273 INFO tempest.lib.common.rest_client [req-9679e50f-6a38-471c-803d-2d81b888ad6d req-9679e50f-6a38-471c-803d-2d81b888ad6d ] Request (SecurityGroupRulesNegativeTestJSON:test_create_security_group_rule_with_invalid_port_range): 400 POST http://10.180.1.21/compute/v2.1/os-security-group-rules 0.717s
2024-10-23 13:43:03.317 62269 INFO tempest.lib.common.rest_client [req-ef730a2c-7fa8-4afd-9681-b74865adaefd req-ef730a2c-7fa8-4afd-9681-b74865adaefd ] Request (SecurityGroupsTestAdminJSON:setUpClass): 204 PUT http://10.180.1.21/identity/v3/projects/748a9666174a4f56934693d99b211168/users/604eb769f94741859f2f76c00d0c4cd6/roles/e48442df94794cdba07dc12314a83c45 0.029s
2024-10-23 13:43:03.318 62269 INFO tempest.lib.common.dynamic_creds [-] Dynamic test user 604eb769f94741859f2f76c00d0c4cd6 is created with scope project and roles: ['admin']
2024-10-23 13:43:03.319 62269 INFO tempest.lib.common.dynamic_creds [-] Acquired dynamic creds: credentials: Credentials: {'domain_id': 'default', 'domain_name': 'Default', 'username': 'tempest-SecurityGroupsTestAdminJSON-923329726-project-admin', 'project_domain_id': 'default', 'project_domain_name': 'Default', 'project_id': '748a9666174a4f56934693d99b211168', 'project_name': 'tempest-SecurityGroupsTestAdminJSON-923329726', 'tenant_id': '748a9666174a4f56934693d99b211168', 'tenant_name': 'tempest-SecurityGroupsTestAdminJSON-923329726', 'user_domain_id': 'default', 'user_domain_name': 'Default', 'user_id': '604eb769f94741859f2f76c00d0c4cd6', 'system': None}, Network: None, Subnet: None, Router: None
2024-10-23 13:43:03.319 62269 INFO tempest.lib.common.dynamic_creds [-] Created isolated network resources for: credentials: Credentials: {'domain_id': 'default', 'domain_name': 'Default', 'username': 'tempest-SecurityGroupsTestAdminJSON-923329726-project-admin', 'project_domain_id': 'default', 'project_domain_name': 'Default', 'project_id': '748a9666174a4f56934693d99b211168', 'project_name': 'tempest-SecurityGroupsTestAdminJSON-923329726', 'tenant_id': '748a9666174a4f56934693d99b211168', 'tenant_name': 'tempest-SecurityGroupsTestAdminJSON-923329726', 'user_domain_id': 'default', 'user_domain_name': 'Default', 'user_id': '604eb769f94741859f2f76c00d0c4cd6', 'system': None}, Network: None, Subnet: None, Router: None
2024-10-23 13:43:03.371 62275 INFO tempest.lib.common.rest_client [req-b00737bc-6303-4b01-9108-dffc917a9b6a req-b00737bc-6303-4b01-9108-dffc917a9b6a ] Request (ServerActionsTestOtherA:setUpClass): 201 POST http://10.180.1.21:9696/networking/v2.0/subnets 0.577s
2024-10-23 13:43:03.375 62287 INFO tempest.lib.common.rest_client [req-ad074823-d583-40ac-978b-ded564e4f47d req-ad074823-d583-40ac-978b-ded564e4f47d ] Request (ImagesNegativeTestJSON:test_create_image_from_deleted_server): 200 GET http://10.180.1.21/compute/v2.1/servers/cb319720-29ab-4ff2-a71e-f77ae8c85735 0.729s
2024-10-23 13:43:03.384 62279 INFO tempest.lib.common.rest_client [req-422586a6-951d-41e6-a1bb-67a631bb6552 req-422586a6-951d-41e6-a1bb-67a631bb6552 ] Request (HostsAdminNegativeTestJSON:tearDownClass): 204 DELETE http://10.180.1.21/identity/v3/users/e8e0771736d14544a86c59f75b602f5d 0.154s
2024-10-23 13:43:03.385 62279 INFO tempest.lib.common.dynamic_creds [-] Deleting project and security group for project: f2ca11793abc47ccb08ce5e846ad7d5c
2024-10-23 13:43:03.389 62319 INFO tempest.lib.common.rest_client [req-8f7f9ebf-5114-421b-93de-4aa94c556e40 req-8f7f9ebf-5114-421b-93de-4aa94c556e40 ] Request (VolumesAdminNegativeTest:test_update_attached_volume_with_nonexistent_volume_in_body): 200 GET http://10.180.1.21/compute/v2.1/servers/68b65162-23a6-464f-a2f9-1635bea8786f 0.769s
2024-10-23 13:43:03.426 62269 INFO tempest.lib.common.rest_client [req-0ec8ff54-c063-4057-ac27-8aa1d5294274 req-0ec8ff54-c063-4057-ac27-8aa1d5294274 ] Request (SecurityGroupsTestAdminJSON:setUpClass): 201 POST http://10.180.1.21/identity/v3/auth/tokens 0.104s
2024-10-23 13:43:03.444 62305 INFO tempest.lib.common.rest_client [req-7a51fe3b-3969-48cc-b908-7e4d867832e2 req-7a51fe3b-3969-48cc-b908-7e4d867832e2 ] Request (InstanceActionsTestJSON:setUpClass): 200 GET http://10.180.1.21/compute/v2.1/servers/454a790d-3cb2-4ef2-995f-97e0eb1e2469 0.770s
2024-10-23 13:43:03.454 62279 INFO tempest.lib.common.rest_client [req-d2b62f49-a31f-4efc-931e-3e8c85a9b610 req-d2b62f49-a31f-4efc-931e-3e8c85a9b610 ] Request (HostsAdminNegativeTestJSON:tearDownClass): 201 POST http://10.180.1.21/identity/v3/auth/tokens 0.069s
2024-10-23 13:43:03.466 62299 INFO tempest.lib.common.rest_client [req-ab520eb9-d555-4f83-9ea1-9c897f9f1da6 req-ab520eb9-d555-4f83-9ea1-9c897f9f1da6 ] Request (ServersAdmin275Test:_run_cleanups): 200 GET http://10.180.1.21/compute/v2.1/servers/56eee633-2c01-4df2-8d2e-58ad712942f6 0.681s
2024-10-23 13:43:03.514 62309 INFO tempest.lib.common.rest_client [req-887d63d5-350a-4601-b2a6-369f90a40fa6 req-887d63d5-350a-4601-b2a6-369f90a40fa6 ] Request (MigrationsAdminTest:test_list_migrations_in_flavor_resize_situation): 200 GET http://10.180.1.21/compute/v2.1/servers/095d69fe-bbd3-4850-9dcd-b4c2290b8352 0.677s
2024-10-23 13:43:03.530 62271 INFO tempest.lib.common.rest_client [req-0ce7a7d5-6531-4bcd-838b-df2079f19352 req-0ce7a7d5-6531-4bcd-838b-df2079f19352 ] Request (ServersListShow296Test:test_list_show_server_296): 200 GET http://10.180.1.21/compute/v2.1/servers/b68fe0ac-732c-448c-8bae-2dcd0ce2dc73 0.693s
2024-10-23 13:43:03.577 62315 INFO tempest.lib.common.rest_client [req-70a8740a-bdb5-455e-81df-c9e7ce32caac req-70a8740a-bdb5-455e-81df-c9e7ce32caac ] Request (ServersNegativeTestMultiTenantJSON:setUpClass): 200 GET http://10.180.1.21/compute/v2.1/servers/95bb27b9-e5a3-418f-a078-ae22ebf40013 0.685s
2024-10-23 13:43:03.586 62295 INFO tempest.lib.common.rest_client [req-7b0d8c80-2386-4983-8dfc-1d4d84247fcd req-7b0d8c80-2386-4983-8dfc-1d4d84247fcd ] Request (MultipleCreateTestJSON:test_multiple_create): 200 GET http://10.180.1.21/compute/v2.1/servers/5dcebdc4-5b1f-4dad-aca1-2bdcc68bc962 0.683s
2024-10-23 13:43:03.638 62302 INFO tempest.lib.common.rest_client [req-e16b089f-5dbd-4414-a773-f48dc812b4f5 req-e16b089f-5dbd-4414-a773-f48dc812b4f5 ] Request (ImagesOneServerTestJSON:setUpClass): 200 GET http://10.180.1.21/compute/v2.1/servers/623300f7-54d2-4b0a-b356-a1ae585682cb 0.700s
2024-10-23 13:43:03.655 62313 INFO tempest.lib.common.rest_client [req-86760806-8083-4905-aadc-cdb26648c206 req-86760806-8083-4905-aadc-cdb26648c206 ] Request (ServersWithSpecificFlavorTestJSON:test_verify_created_server_ephemeral_disk): 200 GET http://10.180.1.21/compute/v2.1/servers/4c67e82d-b51b-4820-af81-e6eefc7bcb36 0.661s
2024-10-23 13:43:03.675 62265 INFO tempest.lib.common.rest_client [req-ab95b8d9-3ff7-4c28-8a3f-e7053b6d926b req-ab95b8d9-3ff7-4c28-8a3f-e7053b6d926b ] Request (FlavorsAdminTestJSON:test_list_public_flavor_with_other_user): 200 POST http://10.180.1.21/compute/v2.1/flavors 0.557s
2024-10-23 13:43:03.688 62281 INFO tempest.lib.common.rest_client [req-2d7a6f9a-cf3b-4a96-a922-737b6bf9d522 req-2d7a6f9a-cf3b-4a96-a922-737b6bf9d522 ] Request (FloatingIPsTestJSON:tearDownClass): 200 PUT http://10.180.1.21:9696/networking/v2.0/routers/b0d9d902-ca25-4cbb-afd8-ab02d149ad3c/remove_router_interface 1.615s
2024-10-23 13:43:03.688 62311 INFO tempest.lib.common.rest_client [req-85a5031e-7380-4087-bb07-e6c26d677b1f req-85a5031e-7380-4087-bb07-e6c26d677b1f ] Request (ServerActionsTestJSON:setUpClass): 200 GET http://10.180.1.21/compute/v2.1/servers/bda8d4eb-2fe2-40ac-9e5f-e7a8f8acdd94 0.639s
2024-10-23 13:43:03.741 62279 INFO tempest.lib.common.rest_client [req-62650713-ff9c-461b-8c02-e843613e77e8 req-62650713-ff9c-461b-8c02-e843613e77e8 ] Request (HostsAdminNegativeTestJSON:tearDownClass): 200 GET http://10.180.1.21:9696/networking/v2.0/security-groups?tenant_id=f2ca11793abc47ccb08ce5e846ad7d5c&name=default 0.286s
2024-10-23 13:43:03.877 62279 INFO tempest.lib.common.rest_client [req-551060cd-c00d-4b6a-93c6-72bf4260b014 req-551060cd-c00d-4b6a-93c6-72bf4260b014 ] Request (HostsAdminNegativeTestJSON:tearDownClass): 204 DELETE http://10.180.1.21:9696/networking/v2.0/security-groups/67225cdb-dbcf-4580-93be-1d3ea0ee0ba4 0.135s
2024-10-23 13:43:03.946 62279 INFO tempest.lib.common.rest_client [req-f79fab0d-5ebc-476c-842c-41d64be1ea59 req-f79fab0d-5ebc-476c-842c-41d64be1ea59 ] Request (HostsAdminNegativeTestJSON:tearDownClass): 204 DELETE http://10.180.1.21/identity/v3/projects/f2ca11793abc47ccb08ce5e846ad7d5c 0.069s
2024-10-23 13:43:03.948 62279 INFO tempest.lib.common.dynamic_creds [-] Deleting project and security group for project: a94bc1208e1d45c88ff30e88ed8a0582
2024-10-23 13:43:04.004 62303 INFO tempest.lib.common.rest_client [req-e496a948-25ef-4da5-954a-1ec6e5fb1968 req-e496a948-25ef-4da5-954a-1ec6e5fb1968 ] Request (ImagesTestJSON:setUpClass): 200 PUT http://10.180.1.21:9696/networking/v2.0/routers/39a5fd0c-117b-406a-9579-bea725d982fc/add_router_interface 1.791s
2024-10-23 13:43:04.004 62303 INFO tempest.lib.common.dynamic_creds [-] Created isolated network resources for: credentials: Credentials: {'domain_id': 'default', 'domain_name': 'Default', 'username': 'tempest-ImagesTestJSON-474857627-project-member', 'project_domain_id': 'default', 'project_domain_name': 'Default', 'project_id': '75f0352c852947369474c9e05766c584', 'project_name': 'tempest-ImagesTestJSON-474857627', 'tenant_id': '75f0352c852947369474c9e05766c584', 'tenant_name': 'tempest-ImagesTestJSON-474857627', 'user_domain_id': 'default', 'user_domain_name': 'Default', 'user_id': '60e2bc61839b4299912c53137bc23fbc', 'system': None}, Network: {'id': 'a3852490-7a1f-499c-813a-46cbf52318da', 'name': 'tempest-ImagesTestJSON-735840736-network', 'tenant_id': '75f0352c852947369474c9e05766c584', 'admin_state_up': True, 'mtu': 8950, 'status': 'ACTIVE', 'subnets': [], 'shared': False, 'project_id': '75f0352c852947369474c9e05766c584', 'port_security_enabled': True, 'router:external': False, 'provider:network_type': 'vlan', 'provider:physical_network': 'default', 'provider:segmentation_id': 914, 'is_default': False, 'availability_zone_hints': [], 'availability_zones': [], 'ipv4_address_scope': None, 'ipv6_address_scope': None, 'description': '', 'tags': [], 'created_at': '2024-10-23T13:43:00Z', 'updated_at': '2024-10-23T13:43:00Z', 'revision_number': 1}, Subnet: {'id': 'c7040bae-7252-4b26-8f02-f28e9014a7dc', 'name': 'tempest-ImagesTestJSON-735840736-subnet', 'tenant_id': '75f0352c852947369474c9e05766c584', 'network_id': 'a3852490-7a1f-499c-813a-46cbf52318da', 'ip_version': 4, 'subnetpool_id': None, 'enable_dhcp': True, 'ipv6_ra_mode': None, 'ipv6_address_mode': None, 'gateway_ip': '192.168.128.1', 'cidr': '192.168.128.0/28', 'allocation_pools': [{'start': '192.168.128.2', 'end': '192.168.128.14'}], 'host_routes': [], 'dns_nameservers': [], 'description': '', 'router:external': False, 'service_types': [], 'tags': [], 'created_at': '2024-10-23T13:43:00Z', 'updated_at': '2024-10-23T13:43:00Z', 'revision_number': 0, 'project_id': '75f0352c852947369474c9e05766c584'}, Router: {'id': '39a5fd0c-117b-406a-9579-bea725d982fc', 'name': 'tempest-ImagesTestJSON-735840736-router', 'tenant_id': '75f0352c852947369474c9e05766c584', 'admin_state_up': True, 'status': 'ACTIVE', 'external_gateway_info': {'network_id': 'b5676781-8886-4984-8b6c-82a25e76fa61', 'external_fixed_ips': [{'subnet_id': 'cfb89e6a-4f48-4773-9f6a-da7eaa25e674', 'ip_address': '10.180.180.128'}], 'enable_snat': True}, 'description': '', 'availability_zones': [], 'distributed': False, 'ha': False, 'availability_zone_hints': [], 'routes': [], 'flavor_id': None, 'tags': [], 'created_at': '2024-10-23T13:43:01Z', 'updated_at': '2024-10-23T13:43:01Z', 'revision_number': 2, 'project_id': '75f0352c852947369474c9e05766c584'}
2024-10-23 13:43:04.026 62273 INFO tempest.lib.common.rest_client [req-24eaa84f-a5ae-41ef-b8bf-07899f6d6df0 req-24eaa84f-a5ae-41ef-b8bf-07899f6d6df0 ] Request (SecurityGroupRulesNegativeTestJSON:test_create_security_group_rule_with_invalid_to_port): 200 POST http://10.180.1.21/compute/v2.1/os-security-groups 0.711s
2024-10-23 13:43:04.051 62297 INFO tempest.lib.common.rest_client [req-1e2b5666-3246-4782-a40e-9bb723d475b7 req-1e2b5666-3246-4782-a40e-9bb723d475b7 ] Request (SecurityGroupRulesTestJSON:test_security_group_rules_delete_when_peer_group_deleted): 200 POST http://10.180.1.21/compute/v2.1/os-security-groups 0.786s
2024-10-23 13:43:04.126 62303 INFO tempest.lib.common.rest_client [req-eb4c519c-3d65-4289-86e6-6adc91b45823 req-eb4c519c-3d65-4289-86e6-6adc91b45823 ] Request (ImagesTestJSON:setUpClass): 201 POST http://10.180.1.21/identity/v3/auth/tokens 0.118s
2024-10-23 13:43:04.160 62303 INFO tempest.lib.common.rest_client [req-f78ce067-7ecf-40a2-97a0-ad64ea7e816b req-f78ce067-7ecf-40a2-97a0-ad64ea7e816b ] Request (ImagesTestJSON:test_create_image_from_stopped_server): 201 POST http://10.180.1.21/identity/v3/auth/tokens 0.028s
2024-10-23 13:43:04.161 62303 INFO tempest.lib.common.fixed_network [-] (ImagesTestJSON:test_create_image_from_stopped_server) Found network {'id': 'a3852490-7a1f-499c-813a-46cbf52318da', 'name': 'tempest-ImagesTestJSON-735840736-network', 'tenant_id': '75f0352c852947369474c9e05766c584', 'admin_state_up': True, 'mtu': 8950, 'status': 'ACTIVE', 'subnets': [], 'shared': False, 'project_id': '75f0352c852947369474c9e05766c584', 'port_security_enabled': True, 'router:external': False, 'provider:network_type': 'vlan', 'provider:physical_network': 'default', 'provider:segmentation_id': 914, 'is_default': False, 'availability_zone_hints': [], 'availability_zones': [], 'ipv4_address_scope': None, 'ipv6_address_scope': None, 'description': '', 'tags': [], 'created_at': '2024-10-23T13:43:00Z', 'updated_at': '2024-10-23T13:43:00Z', 'revision_number': 1} available for tenant
2024-10-23 13:43:04.257 62279 INFO tempest.lib.common.rest_client [req-2880d640-5143-441c-8efa-34137eb11de4 req-2880d640-5143-441c-8efa-34137eb11de4 ] Request (HostsAdminNegativeTestJSON:tearDownClass): 200 GET http://10.180.1.21:9696/networking/v2.0/security-groups?tenant_id=a94bc1208e1d45c88ff30e88ed8a0582&name=default 0.308s
2024-10-23 13:43:04.326 62271 INFO tempest.lib.common.rest_client [req-3e50ea9f-9519-4861-a840-479dfba65967 req-3e50ea9f-9519-4861-a840-479dfba65967 ] Request (ServersListShow296Test:tearDownClass): 204 DELETE http://10.180.1.21/compute/v2.1/servers/b68fe0ac-732c-448c-8bae-2dcd0ce2dc73 0.787s
2024-10-23 13:43:04.351 62279 INFO tempest.lib.common.rest_client [req-bad03553-aaea-42a5-b4a3-f44b57f26352 req-bad03553-aaea-42a5-b4a3-f44b57f26352 ] Request (HostsAdminNegativeTestJSON:tearDownClass): 204 DELETE http://10.180.1.21:9696/networking/v2.0/security-groups/2b0f4994-0cf9-4e30-a330-1615a0d968a8 0.094s
2024-10-23 13:43:04.398 62267 INFO tempest.lib.common.rest_client [req-492d1a60-4185-4a59-af3b-09acf5f6d61f req-492d1a60-4185-4a59-af3b-09acf5f6d61f ] Request (DeleteServersAdminTestJSON:test_delete_server_while_in_error_state): 200 GET http://10.180.1.21/compute/v2.1/servers/0e53c28c-a440-4e0e-9a4d-ff1d52557752 0.739s
2024-10-23 13:43:04.414 62265 INFO tempest.lib.common.rest_client [req-feaa6570-4663-45a3-a1e6-4ae6648a401e req-feaa6570-4663-45a3-a1e6-4ae6648a401e ] Request (FlavorsAdminTestJSON:test_list_public_flavor_with_other_user): 200 GET http://10.180.1.21/compute/v2.1/flavors/detail 0.736s
2024-10-23 13:43:04.481 62279 INFO tempest.lib.common.rest_client [req-96e68aa5-db9b-4af9-be0f-0f1074eb72f7 req-96e68aa5-db9b-4af9-be0f-0f1074eb72f7 ] Request (HostsAdminNegativeTestJSON:tearDownClass): 204 DELETE http://10.180.1.21/identity/v3/projects/a94bc1208e1d45c88ff30e88ed8a0582 0.130s
2024-10-23 13:43:04.490 62291 INFO tempest.lib.common.rest_client [req-18bdd0ff-7bdc-440b-868a-181ccaa0bc17 req-18bdd0ff-7bdc-440b-868a-181ccaa0bc17 ] Request (ListServerFiltersTestJSON:setUpClass): 200 GET http://10.180.1.21/compute/v2.1/servers/0a08bc46-0eea-4802-b0be-eb24f3507f73 0.756s
2024-10-23 13:43:04.552 62279 INFO tempest.lib.common.rest_client [req-c5e32dd0-ebf3-43e0-998a-dce2e958ca14 req-c5e32dd0-ebf3-43e0-998a-dce2e958ca14 ] Request (HypervisorAdminV253TestBase:setUpClass): 201 POST http://10.180.1.21/identity/v3/auth/tokens 0.069s
2024-10-23 13:43:04.588 62279 INFO tempest.lib.common.rest_client [req-8ae51199-6b5f-40ab-b316-998e80c87102 req-8ae51199-6b5f-40ab-b316-998e80c87102 ] Request (HypervisorAdminV253TestBase:setUpClass): 201 POST http://10.180.1.21/identity/v3/auth/tokens 0.033s
2024-10-23 13:43:04.615 62279 INFO tempest.lib.common.rest_client [req-b7e73afc-7d85-4c63-8ca0-20769a912962 req-b7e73afc-7d85-4c63-8ca0-20769a912962 ] Request (HypervisorAdminV253TestBase:setUpClass): 200 GET http://10.180.1.21/identity/v3/domains?name=Default 0.027s
2024-10-23 13:43:04.651 62279 INFO tempest.lib.common.rest_client [req-459485ff-c4f5-4939-be3b-5c7bf2a795b3 req-459485ff-c4f5-4939-be3b-5c7bf2a795b3 ] Request (HypervisorAdminV253TestBase:setUpClass): 201 POST http://10.180.1.21/identity/v3/projects 0.035s
2024-10-23 13:43:04.665 62321 INFO tempest.lib.common.rest_client [req-4a27a6ab-4432-46b5-aabf-ebb9c7b0b875 req-4a27a6ab-4432-46b5-aabf-ebb9c7b0b875 ] Request (ServerDiagnosticsV248Test:tearDownClass): 200 GET http://10.180.1.21/compute/v2.1/servers/4b34ff57-e137-4abc-8aed-76dd2ec8d313 0.848s
2024-10-23 13:43:04.711 62279 INFO tempest.lib.common.rest_client [req-b3916535-25b2-4a13-95ff-d260847a0c3f req-b3916535-25b2-4a13-95ff-d260847a0c3f ] Request (HypervisorAdminV253TestBase:setUpClass): 201 POST http://10.180.1.21/identity/v3/users 0.059s
2024-10-23 13:43:04.734 62279 INFO tempest.lib.common.rest_client [req-304e497e-ddfc-482a-ab08-390f69f6fff0 req-304e497e-ddfc-482a-ab08-390f69f6fff0 ] Request (HypervisorAdminV253TestBase:setUpClass): 200 GET http://10.180.1.21/identity/v3/roles 0.023s
2024-10-23 13:43:04.738 62285 INFO tempest.lib.common.rest_client [req-58ee807c-d977-4c8f-97c6-112b6e9b6f2e req-58ee807c-d977-4c8f-97c6-112b6e9b6f2e ] Request (FloatingIPsAssociationNegativeTestJSON:setUpClass): 200 GET http://10.180.1.21/compute/v2.1/servers/eee6b9e6-2707-4a3b-925b-a7f50cdc32cb 0.861s
2024-10-23 13:43:04.760 62279 INFO tempest.lib.common.rest_client [req-142d5f7f-821b-48b4-bea0-a6e95b1f2027 req-142d5f7f-821b-48b4-bea0-a6e95b1f2027 ] Request (HypervisorAdminV253TestBase:setUpClass): 204 PUT http://10.180.1.21/identity/v3/projects/a087b091d6b24617b964611729fd515a/users/aa57e69adbec42c2a6c2089d8e378958/roles/fc5c9d9dfc13439ab0e5b5ba6fe0629b 0.026s
2024-10-23 13:43:04.761 62279 INFO tempest.lib.common.dynamic_creds [-] Dynamic test user aa57e69adbec42c2a6c2089d8e378958 is created with scope project and roles: ['member']
2024-10-23 13:43:04.764 62279 INFO tempest.lib.common.dynamic_creds [-] Acquired dynamic creds: credentials: Credentials: {'domain_id': 'default', 'domain_name': 'Default', 'username': 'tempest-HypervisorAdminV253TestBase-1255937331-project-member', 'project_domain_id': 'default', 'project_domain_name': 'Default', 'project_id': 'a087b091d6b24617b964611729fd515a', 'project_name': 'tempest-HypervisorAdminV253TestBase-1255937331', 'tenant_id': 'a087b091d6b24617b964611729fd515a', 'tenant_name': 'tempest-HypervisorAdminV253TestBase-1255937331', 'user_domain_id': 'default', 'user_domain_name': 'Default', 'user_id': 'aa57e69adbec42c2a6c2089d8e378958', 'system': None}, Network: None, Subnet: None, Router: None
2024-10-23 13:43:04.764 62279 INFO tempest.lib.common.dynamic_creds [-] Created isolated network resources for: credentials: Credentials: {'domain_id': 'default', 'domain_name': 'Default', 'username': 'tempest-HypervisorAdminV253TestBase-1255937331-project-member', 'project_domain_id': 'default', 'project_domain_name': 'Default', 'project_id': 'a087b091d6b24617b964611729fd515a', 'project_name': 'tempest-HypervisorAdminV253TestBase-1255937331', 'tenant_id': 'a087b091d6b24617b964611729fd515a', 'tenant_name': 'tempest-HypervisorAdminV253TestBase-1255937331', 'user_domain_id': 'default', 'user_domain_name': 'Default', 'user_id': 'aa57e69adbec42c2a6c2089d8e378958', 'system': None}, Network: None, Subnet: None, Router: None
2024-10-23 13:43:04.828 62263 INFO tempest.lib.common.rest_client [req-55eca883-fd87-4181-a1d0-89d3c7cef11a req-55eca883-fd87-4181-a1d0-89d3c7cef11a ] Request (ServerExternalEventsTest:test_create_server_external_events): 200 GET http://10.180.1.21/compute/v2.1/servers/39cd204a-49c2-4309-9030-555056ab125e 0.921s
2024-10-23 13:43:04.838 62279 INFO tempest.lib.common.rest_client [req-cfe3cee8-f622-452a-ae57-e14cfcca5654 req-cfe3cee8-f622-452a-ae57-e14cfcca5654 ] Request (HypervisorAdminV253TestBase:setUpClass): 201 POST http://10.180.1.21/identity/v3/auth/tokens 0.069s
2024-10-23 13:43:04.848 62269 INFO tempest.lib.common.rest_client [req-1627d493-fca1-4794-8426-f93cfa20ac69 req-1627d493-fca1-4794-8426-f93cfa20ac69 ] Request (SecurityGroupsTestAdminJSON:test_list_security_groups_list_all_tenants_filter): 200 POST http://10.180.1.21/compute/v2.1/os-security-groups 1.420s
2024-10-23 13:43:04.850 62281 INFO tempest.lib.common.rest_client [req-bafa3070-87bb-4dd4-bb2e-23460385b94d req-bafa3070-87bb-4dd4-bb2e-23460385b94d ] Request (FloatingIPsTestJSON:tearDownClass): 204 DELETE http://10.180.1.21:9696/networking/v2.0/routers/b0d9d902-ca25-4cbb-afd8-ab02d149ad3c 1.161s
2024-10-23 13:43:04.886 62259 INFO tempest.lib.common.rest_client [req-443bb155-7b7d-47a4-b247-7cef02b44ba1 req-443bb155-7b7d-47a4-b247-7cef02b44ba1 ] Request (FloatingIPsAssociationTestJSON:setUpClass): 200 GET http://10.180.1.21/compute/v2.1/servers/08d41411-7928-4379-9f2e-c6ce00843d82 0.943s
2024-10-23 13:43:04.901 62279 INFO tempest.lib.common.rest_client [req-c02a5ce5-d3eb-45ca-a018-30cf95cc5d19 req-c02a5ce5-d3eb-45ca-a018-30cf95cc5d19 ] Request (HypervisorAdminV253TestBase:setUpClass): 201 POST http://10.180.1.21/identity/v3/projects 0.063s
2024-10-23 13:43:04.909 62293 INFO tempest.lib.common.rest_client [req-3893733f-801f-49ee-bb0c-f08b09590368 req-3893733f-801f-49ee-bb0c-f08b09590368 ] Request (ServersAdminTestJSON:setUpClass): 200 GET http://10.180.1.21/compute/v2.1/servers/d522ee4a-9bd9-402b-b3bd-c36f93366249 0.950s
2024-10-23 13:43:04.962 62261 INFO tempest.lib.common.rest_client [req-d7fe781b-9f05-4fb2-a1f8-36d735b17dcf req-d7fe781b-9f05-4fb2-a1f8-36d735b17dcf ] Request (ImagesOneServerNegativeTestJSON:setUpClass): 200 GET http://10.180.1.21/compute/v2.1/servers/194588b4-fe40-4286-8036-874a7c410327 0.955s
2024-10-23 13:43:04.972 62279 INFO tempest.lib.common.rest_client [req-d5a0139e-c26e-47fa-a42e-8378b13fe985 req-d5a0139e-c26e-47fa-a42e-8378b13fe985 ] Request (HypervisorAdminV253TestBase:setUpClass): 201 POST http://10.180.1.21/identity/v3/users 0.070s
2024-10-23 13:43:04.975 62308 INFO tempest.lib.common.rest_client [req-120fa8d4-082a-4b50-ac10-4a5de571365c req-120fa8d4-082a-4b50-ac10-4a5de571365c ] Request (ServersAaction247Test:test_create_backup): 200 GET http://10.180.1.21/compute/v2.1/servers/5d54c3fd-b239-4965-b7a3-5909e8de8bc0 0.955s
2024-10-23 13:43:04.998 62279 INFO tempest.lib.common.rest_client [req-3f89ffef-6825-4da6-8ccc-46fdd0871ed1 req-3f89ffef-6825-4da6-8ccc-46fdd0871ed1 ] Request (HypervisorAdminV253TestBase:setUpClass): 200 GET http://10.180.1.21/identity/v3/roles 0.026s
2024-10-23 13:43:05.003 62281 INFO tempest.lib.common.rest_client [req-26dfbb40-26dd-4361-9ec6-46418fe41e03 req-26dfbb40-26dd-4361-9ec6-46418fe41e03 ] Request (FloatingIPsTestJSON:tearDownClass): 204 DELETE http://10.180.1.21:9696/networking/v2.0/subnets/7d0ed101-2ca6-4847-b5ad-089181a78a75 0.153s
2024-10-23 13:43:05.015 62273 INFO tempest.lib.common.rest_client [req-b6df657e-08f5-408c-bc8c-15c5b740bbc6 req-b6df657e-08f5-408c-bc8c-15c5b740bbc6 ] Request (SecurityGroupRulesNegativeTestJSON:test_create_security_group_rule_with_invalid_to_port): 400 POST http://10.180.1.21/compute/v2.1/os-security-group-rules 0.987s
2024-10-23 13:43:05.036 62279 INFO tempest.lib.common.rest_client [req-7a246ce2-c39e-4da3-a4f1-14bb183c57ee req-7a246ce2-c39e-4da3-a4f1-14bb183c57ee ] Request (HypervisorAdminV253TestBase:setUpClass): 204 PUT http://10.180.1.21/identity/v3/projects/8b38dabeff6f4d19af6ecf9d27c0ed86/users/417cbff95d724c89b57a0a19d8544867/roles/e48442df94794cdba07dc12314a83c45 0.038s
2024-10-23 13:43:05.046 62275 INFO tempest.lib.common.rest_client [req-9526c8ac-9db7-4225-80bb-a14e28663f56 req-9526c8ac-9db7-4225-80bb-a14e28663f56 ] Request (ServerActionsTestOtherA:setUpClass): 201 POST http://10.180.1.21:9696/networking/v2.0/routers 1.674s
2024-10-23 13:43:05.082 62317 INFO tempest.lib.common.rest_client [req-055f9aa6-2b2d-42d0-b142-07e9ce9b93e7 req-055f9aa6-2b2d-42d0-b142-07e9ce9b93e7 ] Request (VolumesAssistedSnapshotsTest:test_volume_assisted_snapshot_create_delete): 200 GET http://10.180.1.21/compute/v2.1/servers/1fde7ae0-c88c-4d7f-b657-355c20e2cb10 1.010s
2024-10-23 13:43:05.114 62279 INFO tempest.lib.common.rest_client [req-d16e32fe-b595-457a-b025-13b57fa21522 req-d16e32fe-b595-457a-b025-13b57fa21522 ] Request (HypervisorAdminV253TestBase:setUpClass): 200 GET http://10.180.1.21/identity/v3/roles 0.077s
2024-10-23 13:43:05.142 62279 INFO tempest.lib.common.rest_client [req-46415cf7-8638-465f-a57a-b78dcc3733fb req-46415cf7-8638-465f-a57a-b78dcc3733fb ] Request (HypervisorAdminV253TestBase:setUpClass): 204 PUT http://10.180.1.21/identity/v3/projects/8b38dabeff6f4d19af6ecf9d27c0ed86/users/417cbff95d724c89b57a0a19d8544867/roles/e48442df94794cdba07dc12314a83c45 0.025s
2024-10-23 13:43:05.142 62279 INFO tempest.lib.common.dynamic_creds [-] Dynamic test user 417cbff95d724c89b57a0a19d8544867 is created with scope project and roles: ['admin']
2024-10-23 13:43:05.142 62279 INFO tempest.lib.common.dynamic_creds [-] Acquired dynamic creds: credentials: Credentials: {'domain_id': 'default', 'domain_name': 'Default', 'username': 'tempest-HypervisorAdminV253TestBase-1128935718-project-admin', 'project_domain_id': 'default', 'project_domain_name': 'Default', 'project_id': '8b38dabeff6f4d19af6ecf9d27c0ed86', 'project_name': 'tempest-HypervisorAdminV253TestBase-1128935718', 'tenant_id': '8b38dabeff6f4d19af6ecf9d27c0ed86', 'tenant_name': 'tempest-HypervisorAdminV253TestBase-1128935718', 'user_domain_id': 'default', 'user_domain_name': 'Default', 'user_id': '417cbff95d724c89b57a0a19d8544867', 'system': None}, Network: None, Subnet: None, Router: None
2024-10-23 13:43:05.143 62279 INFO tempest.lib.common.dynamic_creds [-] Created isolated network resources for: credentials: Credentials: {'domain_id': 'default', 'domain_name': 'Default', 'username': 'tempest-HypervisorAdminV253TestBase-1128935718-project-admin', 'project_domain_id': 'default', 'project_domain_name': 'Default', 'project_id': '8b38dabeff6f4d19af6ecf9d27c0ed86', 'project_name': 'tempest-HypervisorAdminV253TestBase-1128935718', 'tenant_id': '8b38dabeff6f4d19af6ecf9d27c0ed86', 'tenant_name': 'tempest-HypervisorAdminV253TestBase-1128935718', 'user_domain_id': 'default', 'user_domain_name': 'Default', 'user_id': '417cbff95d724c89b57a0a19d8544867', 'system': None}, Network: None, Subnet: None, Router: None
2024-10-23 13:43:05.157 62290 INFO tempest.lib.common.rest_client [req-d6a587da-8016-4108-a665-75d21cd2fc95 req-d6a587da-8016-4108-a665-75d21cd2fc95 ] Request (ServersTestJSON:setUpClass): 200 GET http://10.180.1.21/compute/v2.1/servers/0040f46d-9a60-4fa1-8a00-c08022e17df0 1.071s
2024-10-23 13:43:05.236 62297 INFO tempest.lib.common.rest_client [req-53a62249-588a-402f-98bb-a814fb2af8b1 req-53a62249-588a-402f-98bb-a814fb2af8b1 ] Request (SecurityGroupRulesTestJSON:test_security_group_rules_delete_when_peer_group_deleted): 200 POST http://10.180.1.21/compute/v2.1/os-security-group-rules 1.182s
2024-10-23 13:43:05.246 62279 INFO tempest.lib.common.rest_client [req-afe835bf-8f76-4035-b78d-50e289d25025 req-afe835bf-8f76-4035-b78d-50e289d25025 ] Request (HypervisorAdminV253TestBase:setUpClass): 201 POST http://10.180.1.21/identity/v3/auth/tokens 0.099s
2024-10-23 13:43:05.306 62283 INFO tempest.lib.common.rest_client [req-87116b94-ec20-4510-b30f-a3bfb3cec0ba req-87116b94-ec20-4510-b30f-a3bfb3cec0ba ] Request (TenantUsagesTestJSON:setUpClass): 200 GET http://10.180.1.21/compute/v2.1/servers/a187f73b-8fb1-42b3-9a07-24d16aa0f152 1.099s
2024-10-23 13:43:05.360 62277 INFO tempest.lib.common.rest_client [req-f03afbfa-8048-452f-ab81-02c1aecab14f req-f03afbfa-8048-452f-ab81-02c1aecab14f ] Request (ServerRescueNegativeTestJSON:setUpClass): 200 GET http://10.180.1.21/compute/v2.1/servers/64f9698e-16f5-447a-914a-9e936e05d101 1.054s
2024-10-23 13:43:05.381 62271 INFO tempest.lib.common.rest_client [req-8802f2d0-ddcf-4531-8930-febae12b19a1 req-8802f2d0-ddcf-4531-8930-febae12b19a1 ] Request (ServersListShow296Test:tearDownClass): 404 GET http://10.180.1.21/compute/v2.1/servers/b68fe0ac-732c-448c-8bae-2dcd0ce2dc73 1.054s
2024-10-23 13:43:05.408 62281 INFO tempest.lib.common.rest_client [req-a82ee38d-437f-4b55-8a1a-31aee737a546 req-a82ee38d-437f-4b55-8a1a-31aee737a546 ] Request (FloatingIPsTestJSON:tearDownClass): 204 DELETE http://10.180.1.21:9696/networking/v2.0/networks/dd0fa4b9-6c63-4af4-a3ba-6b5124c483a2 0.404s
2024-10-23 13:43:05.447 62287 INFO tempest.lib.common.rest_client [req-1feae35f-6aaa-4405-ba27-e5ca07dd5812 req-1feae35f-6aaa-4405-ba27-e5ca07dd5812 ] Request (ImagesNegativeTestJSON:test_create_image_from_deleted_server): 200 GET http://10.180.1.21/compute/v2.1/servers/cb319720-29ab-4ff2-a71e-f77ae8c85735 1.061s
2024-10-23 13:43:05.493 62271 INFO tempest.lib.common.rest_client [req-b003e315-0f5b-477a-82f7-e2a561570a49 req-b003e315-0f5b-477a-82f7-e2a561570a49 ] Request (ServersListShow296Test:tearDownClass): 204 DELETE http://10.180.1.21/identity/v3/users/3e3bcf11664646df83183583229d94bc 0.111s
2024-10-23 13:43:05.493 62271 INFO tempest.lib.common.dynamic_creds [-] Deleting project and security group for project: 327046478483434389e33950acbd0c98
2024-10-23 13:43:05.516 62281 INFO tempest.lib.common.rest_client [req-e04fdf55-3060-48fc-a70e-bd7bab274344 req-e04fdf55-3060-48fc-a70e-bd7bab274344 ] Request (FloatingIPsTestJSON:tearDownClass): 204 DELETE http://10.180.1.21/identity/v3/users/a682b96540b04fcb9dc233ab314bd831 0.107s
2024-10-23 13:43:05.516 62281 INFO tempest.lib.common.dynamic_creds [-] Deleting project and security group for project: 60142c10f1274d55bd9b9630612e5aa8
2024-10-23 13:43:05.520 62319 INFO tempest.lib.common.rest_client [req-753d1ff2-c029-40d1-8247-3359eb03c833 req-753d1ff2-c029-40d1-8247-3359eb03c833 ] Request (VolumesAdminNegativeTest:test_update_attached_volume_with_nonexistent_volume_in_body): 200 GET http://10.180.1.21/compute/v2.1/servers/68b65162-23a6-464f-a2f9-1635bea8786f 1.122s
2024-10-23 13:43:05.539 62265 INFO tempest.lib.common.rest_client [req-d4964163-006e-4591-a90e-99289ab61c05 req-d4964163-006e-4591-a90e-99289ab61c05 ] Request (FlavorsAdminTestJSON:_run_cleanups): 202 DELETE http://10.180.1.21/compute/v2.1/flavors/1990225520 1.120s
2024-10-23 13:43:05.561 62271 INFO tempest.lib.common.rest_client [req-3f0cf0cd-e686-4230-9394-7a8e7691a7f1 req-3f0cf0cd-e686-4230-9394-7a8e7691a7f1 ] Request (ServersListShow296Test:tearDownClass): 201 POST http://10.180.1.21/identity/v3/auth/tokens 0.067s
2024-10-23 13:43:05.563 62281 INFO tempest.lib.common.rest_client [req-0640a5fe-aa9b-4a38-8ec1-c2f5afda30e7 req-0640a5fe-aa9b-4a38-8ec1-c2f5afda30e7 ] Request (FloatingIPsTestJSON:tearDownClass): 200 GET http://10.180.1.21:9696/networking/v2.0/security-groups?tenant_id=60142c10f1274d55bd9b9630612e5aa8&name=default 0.046s
2024-10-23 13:43:05.598 62305 INFO tempest.lib.common.rest_client [req-4302606e-0fbf-4295-8ae7-f0e0422dd5c8 req-4302606e-0fbf-4295-8ae7-f0e0422dd5c8 ] Request (InstanceActionsTestJSON:setUpClass): 200 GET http://10.180.1.21/compute/v2.1/servers/454a790d-3cb2-4ef2-995f-97e0eb1e2469 1.147s
2024-10-23 13:43:05.664 62299 INFO tempest.lib.common.rest_client [req-ac03ccbb-854f-428d-a112-cf6ca72b6577 req-ac03ccbb-854f-428d-a112-cf6ca72b6577 ] Request (ServersAdmin275Test:_run_cleanups): 200 GET http://10.180.1.21/compute/v2.1/servers/56eee633-2c01-4df2-8d2e-58ad712942f6 1.187s
2024-10-23 13:43:05.673 62299 INFO tempest.common.waiters [-] State transition "REBUILD/rebuild_spawning" ==> "ACTIVE/None" after 8 second wait
2024-10-23 13:43:05.695 62303 INFO tempest.lib.common.rest_client [req-ef1737fc-6565-4a6f-bd10-02fc3b07f848 req-ef1737fc-6565-4a6f-bd10-02fc3b07f848 ] Request (ImagesTestJSON:test_create_image_from_stopped_server): 202 POST http://10.180.1.21/compute/v2.1/servers 1.533s
2024-10-23 13:43:05.708 62281 INFO tempest.lib.common.rest_client [req-d0aca81d-6f13-4923-ba8f-273990e8f032 req-d0aca81d-6f13-4923-ba8f-273990e8f032 ] Request (FloatingIPsTestJSON:tearDownClass): 204 DELETE http://10.180.1.21:9696/networking/v2.0/security-groups/824008cb-83e4-486b-9a61-d5de32625dac 0.144s
2024-10-23 13:43:05.717 62309 INFO tempest.lib.common.rest_client [req-6693327b-8f83-4ed4-8923-fa370d9ddf82 req-6693327b-8f83-4ed4-8923-fa370d9ddf82 ] Request (MigrationsAdminTest:test_list_migrations_in_flavor_resize_situation): 200 GET http://10.180.1.21/compute/v2.1/servers/095d69fe-bbd3-4850-9dcd-b4c2290b8352 1.196s
2024-10-23 13:43:05.763 62315 INFO tempest.lib.common.rest_client [req-f3efbeb3-5f12-4c67-b7c6-93fecec81209 req-f3efbeb3-5f12-4c67-b7c6-93fecec81209 ] Request (ServersNegativeTestMultiTenantJSON:setUpClass): 200 GET http://10.180.1.21/compute/v2.1/servers/95bb27b9-e5a3-418f-a078-ae22ebf40013 1.179s
2024-10-23 13:43:05.768 62295 INFO tempest.lib.common.rest_client [req-39b1df05-b6b2-4c67-b27f-18477fd94d3e req-39b1df05-b6b2-4c67-b27f-18477fd94d3e ] Request (MultipleCreateTestJSON:test_multiple_create): 200 GET http://10.180.1.21/compute/v2.1/servers/5dcebdc4-5b1f-4dad-aca1-2bdcc68bc962 1.174s
2024-10-23 13:43:05.779 62281 INFO tempest.lib.common.rest_client [req-acaa8f66-75a4-4f6f-9503-2336520c6d84 req-acaa8f66-75a4-4f6f-9503-2336520c6d84 ] Request (FloatingIPsTestJSON:tearDownClass): 204 DELETE http://10.180.1.21/identity/v3/projects/60142c10f1274d55bd9b9630612e5aa8 0.071s
2024-10-23 13:43:05.808 62271 INFO tempest.lib.common.rest_client [req-ffecb89d-8758-417d-8b0e-ae04a84c88b3 req-ffecb89d-8758-417d-8b0e-ae04a84c88b3 ] Request (ServersListShow296Test:tearDownClass): 200 GET http://10.180.1.21:9696/networking/v2.0/security-groups?tenant_id=327046478483434389e33950acbd0c98&name=default 0.246s
2024-10-23 13:43:05.831 62302 INFO tempest.lib.common.rest_client [req-e5d04433-e9cb-4a39-aeca-73b6b1eea667 req-e5d04433-e9cb-4a39-aeca-73b6b1eea667 ] Request (ImagesOneServerTestJSON:setUpClass): 200 GET http://10.180.1.21/compute/v2.1/servers/623300f7-54d2-4b0a-b356-a1ae585682cb 1.186s
2024-10-23 13:43:05.831 62313 INFO tempest.lib.common.rest_client [req-22f99014-6293-45c5-9a86-1b977446ad09 req-22f99014-6293-45c5-9a86-1b977446ad09 ] Request (ServersWithSpecificFlavorTestJSON:test_verify_created_server_ephemeral_disk): 200 GET http://10.180.1.21/compute/v2.1/servers/4c67e82d-b51b-4820-af81-e6eefc7bcb36 1.167s
2024-10-23 13:43:05.855 62281 INFO tempest.lib.common.rest_client [req-ef65b990-bafa-4207-b823-77728e498271 req-ef65b990-bafa-4207-b823-77728e498271 ] Request (ServerActionsTestOtherB:setUpClass): 201 POST http://10.180.1.21/identity/v3/auth/tokens 0.074s
2024-10-23 13:43:05.886 62311 INFO tempest.lib.common.rest_client [req-8999d8f8-84e7-483c-aaab-bf52d822fdcd req-8999d8f8-84e7-483c-aaab-bf52d822fdcd ] Request (ServerActionsTestJSON:setUpClass): 200 GET http://10.180.1.21/compute/v2.1/servers/bda8d4eb-2fe2-40ac-9e5f-e7a8f8acdd94 1.189s
2024-10-23 13:43:05.888 62281 INFO tempest.lib.common.rest_client [req-ae6fec61-bfa9-4af7-b450-9cd551075ccc req-ae6fec61-bfa9-4af7-b450-9cd551075ccc ] Request (ServerActionsTestOtherB:setUpClass): 201 POST http://10.180.1.21/identity/v3/auth/tokens 0.029s
2024-10-23 13:43:05.908 62281 INFO tempest.lib.common.rest_client [req-3a09295e-4068-491c-83a5-d3ef1adc02ba req-3a09295e-4068-491c-83a5-d3ef1adc02ba ] Request (ServerActionsTestOtherB:setUpClass): 200 GET http://10.180.1.21/identity/v3/domains?name=Default 0.019s
2024-10-23 13:43:05.912 62273 INFO tempest.lib.common.rest_client [req-3665dce2-784b-4e6d-8e0d-9ed99693a7b9 req-3665dce2-784b-4e6d-8e0d-9ed99693a7b9 ] Request (SecurityGroupRulesNegativeTestJSON:test_create_security_group_rule_with_non_existent_id): 404 POST http://10.180.1.21/compute/v2.1/os-security-group-rules 0.896s
2024-10-23 13:43:05.936 62281 INFO tempest.lib.common.rest_client [req-01fe2dc0-4436-4813-8f0d-97239f53165d req-01fe2dc0-4436-4813-8f0d-97239f53165d ] Request (ServerActionsTestOtherB:setUpClass): 201 POST http://10.180.1.21/identity/v3/projects 0.027s
2024-10-23 13:43:05.949 62271 INFO tempest.lib.common.rest_client [req-f92c9c6f-54cd-4da3-8220-43c113d2ef01 req-f92c9c6f-54cd-4da3-8220-43c113d2ef01 ] Request (ServersListShow296Test:tearDownClass): 204 DELETE http://10.180.1.21:9696/networking/v2.0/security-groups/2cf1388d-ba23-46eb-9b83-7f60addb23a8 0.141s
2024-10-23 13:43:05.996 62269 INFO tempest.lib.common.rest_client [req-02cc866f-2095-4dc2-bbaf-1eff4d72b86d req-02cc866f-2095-4dc2-bbaf-1eff4d72b86d ] Request (SecurityGroupsTestAdminJSON:test_list_security_groups_list_all_tenants_filter): 200 POST http://10.180.1.21/compute/v2.1/os-security-groups 1.142s
2024-10-23 13:43:05.997 62281 INFO tempest.lib.common.rest_client [req-7c38d652-9b76-4b39-8782-1af5aff5b399 req-7c38d652-9b76-4b39-8782-1af5aff5b399 ] Request (ServerActionsTestOtherB:setUpClass): 201 POST http://10.180.1.21/identity/v3/users 0.060s
2024-10-23 13:43:06.044 62271 INFO tempest.lib.common.rest_client [req-da31a97c-5a11-4ba6-8eed-12969bec6dde req-da31a97c-5a11-4ba6-8eed-12969bec6dde ] Request (ServersListShow296Test:tearDownClass): 204 DELETE http://10.180.1.21/identity/v3/projects/327046478483434389e33950acbd0c98 0.095s
2024-10-23 13:43:06.045 62297 INFO tempest.lib.common.rest_client [req-16516be3-ca3c-454a-9de9-50ef19c0fead req-16516be3-ca3c-454a-9de9-50ef19c0fead ] Request (SecurityGroupRulesTestJSON:test_security_group_rules_delete_when_peer_group_deleted): 202 DELETE http://10.180.1.21/compute/v2.1/os-security-groups/66054dc8-384b-4e95-b1bc-93f72d4cc005 0.806s
2024-10-23 13:43:06.113 62281 INFO tempest.lib.common.rest_client [req-29e3f678-de49-43b8-8a84-99d65eb8ccb3 req-29e3f678-de49-43b8-8a84-99d65eb8ccb3 ] Request (ServerActionsTestOtherB:setUpClass): 200 GET http://10.180.1.21/identity/v3/roles 0.115s
2024-10-23 13:43:06.115 62267 INFO tempest.lib.common.rest_client [req-1485b18d-a540-4ffc-a0b3-b9d66a3ddd1b req-1485b18d-a540-4ffc-a0b3-b9d66a3ddd1b ] Request (DeleteServersAdminTestJSON:test_delete_server_while_in_error_state): 200 GET http://10.180.1.21/compute/v2.1/servers/0e53c28c-a440-4e0e-9a4d-ff1d52557752 0.706s
2024-10-23 13:43:06.148 62275 INFO tempest.lib.common.rest_client [req-7b949837-54ee-4339-bedd-8f633b18d419 req-7b949837-54ee-4339-bedd-8f633b18d419 ] Request (ServerActionsTestOtherA:setUpClass): 200 PUT http://10.180.1.21:9696/networking/v2.0/routers/3fb82f1b-b9e6-44fd-8770-cacbcb2ed260/add_router_interface 1.101s
2024-10-23 13:43:06.147 62271 INFO tempest.lib.common.rest_client [req-77c59cd4-4b8a-409b-8e45-dfba50933bc1 req-77c59cd4-4b8a-409b-8e45-dfba50933bc1 ] Request (ServersNegativeTestJSON:setUpClass): 201 POST http://10.180.1.21/identity/v3/auth/tokens 0.100s
