2024-10-23 13:43:15.538 62315 INFO tempest.lib.common.rest_client [req-967ae510-e4e2-4246-86ed-fb58d82378d8 req-967ae510-e4e2-4246-86ed-fb58d82378d8 ] Request (ServersNegativeTestMultiTenantJSON:setUpClass): 200 GET http://10.180.1.21/compute/v2.1/servers/95bb27b9-e5a3-418f-a078-ae22ebf40013 0.181s
2024-10-23 13:43:15.584 62269 INFO tempest.lib.common.rest_client [req-67b8bf3f-b342-4dce-ab98-13e1f1e3489a req-67b8bf3f-b342-4dce-ab98-13e1f1e3489a ] Request (SecurityGroupsTestAdminJSON:tearDownClass): 204 DELETE http://10.180.1.21/identity/v3/users/9de50e6c5d0444e792e3836dd1d91464 0.088s
2024-10-23 13:43:15.589 62275 INFO tempest.lib.common.rest_client [req-d2635bd3-b5bd-4c7d-8bd7-ff79a7811bf2 req-d2635bd3-b5bd-4c7d-8bd7-ff79a7811bf2 ] Request (ServerActionsTestOtherA:setUpClass): 200 GET http://10.180.1.21/compute/v2.1/servers/56984993-a8b1-464e-b20c-79ffe67d2491 0.188s
2024-10-23 13:43:15.632 62297 INFO tempest.lib.common.rest_client [req-159492db-b63b-4836-b1d7-de65b1acb596 req-159492db-b63b-4836-b1d7-de65b1acb596 ] Request (SecurityGroupRulesTestJSON:tearDownClass): 202 DELETE http://10.180.1.21/compute/v2.1/os-security-groups/a92738cd-5d5b-4ac4-981c-502c44cdec2b 0.248s
2024-10-23 13:43:15.680 62269 INFO tempest.lib.common.rest_client [req-e2e756c5-0b14-4456-bf85-a96db2a48e99 req-e2e756c5-0b14-4456-bf85-a96db2a48e99 ] Request (SecurityGroupsTestAdminJSON:tearDownClass): 204 DELETE http://10.180.1.21/identity/v3/users/604eb769f94741859f2f76c00d0c4cd6 0.095s
2024-10-23 13:43:15.680 62269 INFO tempest.lib.common.dynamic_creds [-] Deleting project and security group for project: bcc0295cb9f44b70a728a0a70fa0d1f1
2024-10-23 13:43:15.684 62295 INFO tempest.lib.common.rest_client [req-ea29fbd5-5797-4754-9ef1-308e27fb2384 req-ea29fbd5-5797-4754-9ef1-308e27fb2384 ] Request (MultipleCreateTestJSON:test_multiple_create): 200 GET http://10.180.1.21/compute/v2.1/servers/5dcebdc4-5b1f-4dad-aca1-2bdcc68bc962 0.274s
2024-10-23 13:43:15.731 62302 INFO tempest.lib.common.rest_client [req-1aac8882-435c-4076-aa9e-e32c472e7490 req-1aac8882-435c-4076-aa9e-e32c472e7490 ] Request (ImagesOneServerTestJSON:setUpClass): 200 GET http://10.180.1.21/compute/v2.1/servers/623300f7-54d2-4b0a-b356-a1ae585682cb 0.250s
2024-10-23 13:43:15.737 62269 INFO tempest.lib.common.rest_client [req-358efdb7-17ff-4790-b427-6172c1671984 req-358efdb7-17ff-4790-b427-6172c1671984 ] Request (SecurityGroupsTestAdminJSON:tearDownClass): 201 POST http://10.180.1.21/identity/v3/auth/tokens 0.056s
2024-10-23 13:43:15.747 62265 INFO tempest.lib.common.rest_client [req-85e11604-7f6d-449e-9766-1883357d26fc req-85e11604-7f6d-449e-9766-1883357d26fc ] Request (QuotasAdminTestJSON:test_get_updated_quotas): 200 GET http://10.180.1.21/compute/v2.1/os-quota-sets/7f345f2956a546f087fff737d2781629/detail 0.337s
2024-10-23 13:43:15.779 62313 INFO tempest.lib.common.rest_client [req-925873b3-ea3d-4532-af76-3701b6b6358a req-925873b3-ea3d-4532-af76-3701b6b6358a ] Request (ServersWithSpecificFlavorTestJSON:test_verify_created_server_ephemeral_disk): 200 GET http://10.180.1.21/compute/v2.1/servers/4c67e82d-b51b-4820-af81-e6eefc7bcb36 0.260s
2024-10-23 13:43:15.782 62265 INFO tempest.lib.common.rest_client [req-640738ee-6fa8-495f-9dda-6d2735781f1d req-640738ee-6fa8-495f-9dda-6d2735781f1d ] Request (QuotasAdminTestJSON:test_get_updated_quotas): 200 GET http://10.180.1.21/identity/v3/domains?name=Default 0.031s
2024-10-23 13:43:15.792 62311 INFO tempest.lib.common.rest_client [req-68c8c0b8-1fd1-4208-a5c4-057ea5ae165b req-68c8c0b8-1fd1-4208-a5c4-057ea5ae165b ] Request (ServerActionsTestJSON:setUpClass): 200 GET http://10.180.1.21/compute/v2.1/servers/bda8d4eb-2fe2-40ac-9e5f-e7a8f8acdd94 0.234s
2024-10-23 13:43:15.809 62265 INFO tempest.lib.common.rest_client [req-bd10d8fd-3a12-4b91-8977-71ebc1a54c14 req-bd10d8fd-3a12-4b91-8977-71ebc1a54c14 ] Request (QuotasAdminTestJSON:test_get_updated_quotas): 201 POST http://10.180.1.21/identity/v3/users 0.026s
2024-10-23 13:43:15.825 62265 INFO tempest.lib.common.rest_client [req-77d80754-9551-44de-a9e8-5faf9348431e req-77d80754-9551-44de-a9e8-5faf9348431e ] Request (QuotasAdminTestJSON:test_get_updated_quotas): 200 GET http://10.180.1.21/identity/v3/domains?name=Default 0.015s
2024-10-23 13:43:15.832 62267 INFO tempest.lib.common.rest_client [req-47b8039d-ecf5-4b7e-b3e8-e6471a955dbe req-47b8039d-ecf5-4b7e-b3e8-e6471a955dbe ] Request (DeleteServersAdminTestJSON:test_delete_server_while_in_error_state): 200 GET http://10.180.1.21/compute/v2.1/servers/0e53c28c-a440-4e0e-9a4d-ff1d52557752 0.270s
2024-10-23 13:43:15.844 62281 INFO tempest.lib.common.rest_client [req-dea9fa5f-2efb-4a80-8c19-d24eb7ee0e51 req-dea9fa5f-2efb-4a80-8c19-d24eb7ee0e51 ] Request (ServerActionsTestOtherB:setUpClass): 200 GET http://10.180.1.21/compute/v2.1/servers/e5f6387c-b941-4b3e-8c9a-8a643f7dd4b8 0.243s
2024-10-23 13:43:15.850 62269 INFO tempest.lib.common.rest_client [req-c758975d-4570-4ab0-affc-8d4ea1bb2a39 req-c758975d-4570-4ab0-affc-8d4ea1bb2a39 ] Request (SecurityGroupsTestAdminJSON:tearDownClass): 200 GET http://10.180.1.21:9696/networking/v2.0/security-groups?tenant_id=bcc0295cb9f44b70a728a0a70fa0d1f1&name=default 0.111s
2024-10-23 13:43:15.886 62291 INFO tempest.lib.common.rest_client [req-80125e0b-59d4-4911-8c33-46dac7521ac2 req-80125e0b-59d4-4911-8c33-46dac7521ac2 ] Request (ListServerFiltersTestJSON:setUpClass): 200 GET http://10.180.1.21/compute/v2.1/servers/0a08bc46-0eea-4802-b0be-eb24f3507f73 0.277s
2024-10-23 13:43:15.903 62273 INFO tempest.lib.common.rest_client [req-bffe75e9-66ac-4e7a-b9c0-fc771277a9e5 req-bffe75e9-66ac-4e7a-b9c0-fc771277a9e5 ] Request (SecurityGroupsTestJSON:setUpClass): 201 POST http://10.180.1.21:9696/networking/v2.0/routers 0.618s
2024-10-23 13:43:15.947 62303 INFO tempest.lib.common.rest_client [req-f4c3ab33-6689-40bf-a4bc-a49cbd95e2eb req-f4c3ab33-6689-40bf-a4bc-a49cbd95e2eb ] Request (ImagesTestJSON:test_create_image_from_stopped_server): 200 GET http://10.180.1.21/compute/v2.1/servers/97e51e6c-9a3a-4b68-b737-d48090a22b1b 0.294s
2024-10-23 13:43:16.023 62321 INFO tempest.lib.common.rest_client [req-7038aebd-fa87-4db2-bea3-8a2a647de694 req-7038aebd-fa87-4db2-bea3-8a2a647de694 ] Request (ServerDiagnosticsV248Test:tearDownClass): 200 GET http://10.180.1.21/compute/v2.1/servers/4b34ff57-e137-4abc-8aed-76dd2ec8d313 0.313s
2024-10-23 13:43:16.045 62269 INFO tempest.lib.common.rest_client [req-455e9dad-6442-4660-82c9-ffbc91a055ed req-455e9dad-6442-4660-82c9-ffbc91a055ed ] Request (SecurityGroupsTestAdminJSON:tearDownClass): 204 DELETE http://10.180.1.21:9696/networking/v2.0/security-groups/c2e9f291-dd6a-4f01-b767-9a424dc2d8be 0.194s
2024-10-23 13:43:16.052 62297 INFO tempest.lib.common.rest_client [req-ca3ba29f-18ab-4980-ad28-73f6bea7c028 req-ca3ba29f-18ab-4980-ad28-73f6bea7c028 ] Request (SecurityGroupRulesTestJSON:tearDownClass): 202 DELETE http://10.180.1.21/compute/v2.1/os-security-groups/2633a226-15ba-4f00-b10c-afe5c4f8189a 0.420s
2024-10-23 13:43:16.082 62285 INFO tempest.lib.common.rest_client [req-77923231-6c47-4eb7-b230-1d7dcb21a362 req-77923231-6c47-4eb7-b230-1d7dcb21a362 ] Request (FloatingIPsAssociationNegativeTestJSON:setUpClass): 200 GET http://10.180.1.21/compute/v2.1/servers/eee6b9e6-2707-4a3b-925b-a7f50cdc32cb 0.321s
2024-10-23 13:43:16.121 62279 INFO tempest.lib.common.rest_client [req-78dcf5b5-2782-4277-9197-1efc4484aa6b req-78dcf5b5-2782-4277-9197-1efc4484aa6b ] Request (ServerDiagnosticsTest:test_get_server_diagnostics): 200 GET http://10.180.1.21/compute/v2.1/servers/2cf18a04-6bf9-4f47-a920-2c568207057d 0.319s
2024-10-23 13:43:16.130 62269 INFO tempest.lib.common.rest_client [req-bbaa8a99-8042-4c5f-92b8-4d8764c58127 req-bbaa8a99-8042-4c5f-92b8-4d8764c58127 ] Request (SecurityGroupsTestAdminJSON:tearDownClass): 204 DELETE http://10.180.1.21/identity/v3/projects/bcc0295cb9f44b70a728a0a70fa0d1f1 0.085s
2024-10-23 13:43:16.130 62269 INFO tempest.lib.common.dynamic_creds [-] Deleting project and security group for project: 748a9666174a4f56934693d99b211168
2024-10-23 13:43:16.187 62269 INFO tempest.lib.common.rest_client [req-076cb378-98a4-4e48-837c-0e54831c8bca req-076cb378-98a4-4e48-837c-0e54831c8bca ] Request (SecurityGroupsTestAdminJSON:tearDownClass): 200 GET http://10.180.1.21:9696/networking/v2.0/security-groups?tenant_id=748a9666174a4f56934693d99b211168&name=default 0.057s
2024-10-23 13:43:16.207 62263 INFO tempest.lib.common.rest_client [req-68e6c7c8-0638-4abc-b690-7519ce55df80 req-68e6c7c8-0638-4abc-b690-7519ce55df80 ] Request (ServerExternalEventsTest:test_create_server_external_events): 200 GET http://10.180.1.21/compute/v2.1/servers/39cd204a-49c2-4309-9030-555056ab125e 0.350s
2024-10-23 13:43:16.265 62259 INFO tempest.lib.common.rest_client [req-1a1ff136-5055-4a9b-8c7e-bae43666355f req-1a1ff136-5055-4a9b-8c7e-bae43666355f ] Request (FloatingIPsAssociationTestJSON:setUpClass): 200 GET http://10.180.1.21/compute/v2.1/servers/08d41411-7928-4379-9f2e-c6ce00843d82 0.342s
2024-10-23 13:43:16.273 62265 INFO tempest.lib.common.rest_client [req-63a401ed-5e4e-485e-9b13-7778d1d6875a req-63a401ed-5e4e-485e-9b13-7778d1d6875a ] Request (QuotasAdminTestJSON:test_get_updated_quotas): 200 PUT http://10.180.1.21/compute/v2.1/os-quota-sets/7f345f2956a546f087fff737d2781629?user_id=4e7c97b1be3b46d4baab3330b2446f89 0.448s
2024-10-23 13:43:16.319 62261 INFO tempest.lib.common.rest_client [req-83025362-6645-46c9-bcc8-5562a425bec3 req-83025362-6645-46c9-bcc8-5562a425bec3 ] Request (ImagesOneServerNegativeTestJSON:setUpClass): 200 GET http://10.180.1.21/compute/v2.1/servers/194588b4-fe40-4286-8036-874a7c410327 0.327s
2024-10-23 13:43:16.327 62269 INFO tempest.lib.common.rest_client [req-90ff2fe2-3002-4a02-9a61-7c229f1847b1 req-90ff2fe2-3002-4a02-9a61-7c229f1847b1 ] Request (SecurityGroupsTestAdminJSON:tearDownClass): 204 DELETE http://10.180.1.21:9696/networking/v2.0/security-groups/4bece2dc-b877-4720-9a9c-0343cff306a9 0.139s
2024-10-23 13:43:16.334 62293 INFO tempest.lib.common.rest_client [req-28c25daf-0b03-4451-be37-ea848fda126e req-28c25daf-0b03-4451-be37-ea848fda126e ] Request (ServersAdminTestJSON:setUpClass): 200 GET http://10.180.1.21/compute/v2.1/servers/d522ee4a-9bd9-402b-b3bd-c36f93366249 0.299s
2024-10-23 13:43:16.393 62317 INFO tempest.lib.common.rest_client [req-361bdd81-45ec-472a-a599-366c2c981af2 req-361bdd81-45ec-472a-a599-366c2c981af2 ] Request (VolumesAssistedSnapshotsTest:test_volume_assisted_snapshot_create_delete): 200 GET http://10.180.1.21/compute/v2.1/servers/1fde7ae0-c88c-4d7f-b657-355c20e2cb10 0.289s
2024-10-23 13:43:16.399 62317 INFO tempest.common.waiters [-] State transition "BUILD/None" ==> "BUILD/networking" after 42 second wait
2024-10-23 13:43:16.443 62269 INFO tempest.lib.common.rest_client [req-06fd6204-ea00-478e-ab66-78081156c3b3 req-06fd6204-ea00-478e-ab66-78081156c3b3 ] Request (SecurityGroupsTestAdminJSON:tearDownClass): 204 DELETE http://10.180.1.21/identity/v3/projects/748a9666174a4f56934693d99b211168 0.116s
2024-10-23 13:43:16.452 62308 INFO tempest.lib.common.rest_client [req-5540b73b-f03a-464d-a23c-6c81a34e0910 req-5540b73b-f03a-464d-a23c-6c81a34e0910 ] Request (ServersAaction247Test:test_create_backup): 200 GET http://10.180.1.21/compute/v2.1/servers/5d54c3fd-b239-4965-b7a3-5909e8de8bc0 0.347s
2024-10-23 13:43:16.493 62297 INFO tempest.lib.common.rest_client [req-fc32578c-f4a8-42ea-9412-4a0838dfab7a req-fc32578c-f4a8-42ea-9412-4a0838dfab7a ] Request (SecurityGroupRulesTestJSON:tearDownClass): 202 DELETE http://10.180.1.21/compute/v2.1/os-security-groups/faf584cc-be8e-4fde-822b-b3c2a76bcdc2 0.440s
2024-10-23 13:43:16.533 62269 INFO tempest.lib.common.rest_client [req-150acde3-52f0-4382-8320-2066fac24a74 req-150acde3-52f0-4382-8320-2066fac24a74 ] Request (InstanceActionsNegativeTestJSON:setUpClass): 201 POST http://10.180.1.21/identity/v3/auth/tokens 0.088s
2024-10-23 13:43:16.537 62290 INFO tempest.lib.common.rest_client [req-c8872d6d-5500-451f-95a0-5cca74c3ac9c req-c8872d6d-5500-451f-95a0-5cca74c3ac9c ] Request (ServersTestJSON:setUpClass): 200 GET http://10.180.1.21/compute/v2.1/servers/0040f46d-9a60-4fa1-8a00-c08022e17df0 0.375s
2024-10-23 13:43:16.553 62283 INFO tempest.lib.common.rest_client [req-cdbf715d-a472-4f25-8cbc-2bc371e67857 req-cdbf715d-a472-4f25-8cbc-2bc371e67857 ] Request (TenantUsagesTestJSON:setUpClass): 200 GET http://10.180.1.21/compute/v2.1/servers/a187f73b-8fb1-42b3-9a07-24d16aa0f152 0.389s
2024-10-23 13:43:16.576 62269 INFO tempest.lib.common.rest_client [req-7d5cceca-5568-4d89-ae77-ab47a8efbdd4 req-7d5cceca-5568-4d89-ae77-ab47a8efbdd4 ] Request (InstanceActionsNegativeTestJSON:setUpClass): 201 POST http://10.180.1.21/identity/v3/auth/tokens 0.040s
2024-10-23 13:43:16.600 62269 INFO tempest.lib.common.rest_client [req-3482bf87-c758-4017-910c-5908c27ec43d req-3482bf87-c758-4017-910c-5908c27ec43d ] Request (InstanceActionsNegativeTestJSON:setUpClass): 200 GET http://10.180.1.21/identity/v3/domains?name=Default 0.023s
2024-10-23 13:43:16.620 62277 INFO tempest.lib.common.rest_client [req-66fa673d-b7f7-4a3c-8eb3-c6e296346634 req-66fa673d-b7f7-4a3c-8eb3-c6e296346634 ] Request (ServerRescueNegativeTestJSON:setUpClass): 200 GET http://10.180.1.21/compute/v2.1/servers/64f9698e-16f5-447a-914a-9e936e05d101 0.405s
2024-10-23 13:43:16.630 62269 INFO tempest.lib.common.rest_client [req-6da391d8-fed7-4462-be55-ab7a2d94c35b req-6da391d8-fed7-4462-be55-ab7a2d94c35b ] Request (InstanceActionsNegativeTestJSON:setUpClass): 201 POST http://10.180.1.21/identity/v3/projects 0.030s
2024-10-23 13:43:16.677 62287 INFO tempest.lib.common.rest_client [req-de59fc0d-040e-451b-9c88-a01d67a2e55b req-de59fc0d-040e-451b-9c88-a01d67a2e55b ] Request (ImagesNegativeTestJSON:test_create_image_from_deleted_server): 200 GET http://10.180.1.21/compute/v2.1/servers/cb319720-29ab-4ff2-a71e-f77ae8c85735 0.411s
2024-10-23 13:43:16.685 62269 INFO tempest.lib.common.rest_client [req-857ad7a7-23cb-4ec9-a13b-95cf23718b31 req-857ad7a7-23cb-4ec9-a13b-95cf23718b31 ] Request (InstanceActionsNegativeTestJSON:setUpClass): 201 POST http://10.180.1.21/identity/v3/users 0.054s
2024-10-23 13:43:16.704 62269 INFO tempest.lib.common.rest_client [req-29955cfe-727f-49e0-a12f-00e5b8533cd7 req-29955cfe-727f-49e0-a12f-00e5b8533cd7 ] Request (InstanceActionsNegativeTestJSON:setUpClass): 200 GET http://10.180.1.21/identity/v3/roles 0.019s
2024-10-23 13:43:16.737 62269 INFO tempest.lib.common.rest_client [req-2fd8e4a0-b90d-4c79-81fb-feaf1479aa8d req-2fd8e4a0-b90d-4c79-81fb-feaf1479aa8d ] Request (InstanceActionsNegativeTestJSON:setUpClass): 204 PUT http://10.180.1.21/identity/v3/projects/8cae4b68afcf46448d05d484906f48de/users/113a1bfba03a4105adc913e46c6eef40/roles/fc5c9d9dfc13439ab0e5b5ba6fe0629b 0.032s
2024-10-23 13:43:16.737 62269 INFO tempest.lib.common.dynamic_creds [-] Dynamic test user 113a1bfba03a4105adc913e46c6eef40 is created with scope project and roles: ['member']
2024-10-23 13:43:16.737 62269 INFO tempest.lib.common.dynamic_creds [-] Acquired dynamic creds: credentials: Credentials: {'domain_id': 'default', 'domain_name': 'Default', 'username': 'tempest-InstanceActionsNegativeTestJSON-1895685779-project-member', 'project_domain_id': 'default', 'project_domain_name': 'Default', 'project_id': '8cae4b68afcf46448d05d484906f48de', 'project_name': 'tempest-InstanceActionsNegativeTestJSON-1895685779', 'tenant_id': '8cae4b68afcf46448d05d484906f48de', 'tenant_name': 'tempest-InstanceActionsNegativeTestJSON-1895685779', 'user_domain_id': 'default', 'user_domain_name': 'Default', 'user_id': '113a1bfba03a4105adc913e46c6eef40', 'system': None}, Network: None, Subnet: None, Router: None
2024-10-23 13:43:16.759 62319 INFO tempest.lib.common.rest_client [req-cfe11324-a923-4f55-94fa-c3b60b49f670 req-cfe11324-a923-4f55-94fa-c3b60b49f670 ] Request (VolumesAdminNegativeTest:test_update_attached_volume_with_nonexistent_volume_in_body): 200 GET http://10.180.1.21/compute/v2.1/servers/68b65162-23a6-464f-a2f9-1635bea8786f 0.488s
2024-10-23 13:43:16.803 62269 INFO tempest.lib.common.rest_client [req-5c1bfe55-ba2e-4201-b63f-a10c0a610667 req-5c1bfe55-ba2e-4201-b63f-a10c0a610667 ] Request (InstanceActionsNegativeTestJSON:setUpClass): 201 POST http://10.180.1.21/identity/v3/auth/tokens 0.065s
2024-10-23 13:43:16.836 62299 INFO tempest.lib.common.rest_client [req-0510d3ae-ca94-4d89-ad38-e33953612f2c req-0510d3ae-ca94-4d89-ad38-e33953612f2c ] Request (ServersAdmin275Test:tearDownClass): 200 GET http://10.180.1.21/compute/v2.1/servers/56eee633-2c01-4df2-8d2e-58ad712942f6 0.611s
2024-10-23 13:43:16.882 62265 INFO tempest.lib.common.rest_client [req-e235a704-ad3b-42ae-a2d5-12f18434fb5a req-e235a704-ad3b-42ae-a2d5-12f18434fb5a ] Request (QuotasAdminTestJSON:test_get_updated_quotas): 200 GET http://10.180.1.21/compute/v2.1/os-quota-sets/7f345f2956a546f087fff737d2781629?user_id=4e7c97b1be3b46d4baab3330b2446f89 0.607s
2024-10-23 13:43:16.889 62271 INFO tempest.lib.common.rest_client [req-09ad6d4e-c182-4543-a723-1b6ed056fd03 req-09ad6d4e-c182-4543-a723-1b6ed056fd03 ] Request (ServersNegativeTestJSON:setUpClass): 200 GET http://10.180.1.21/compute/v2.1/servers/5bbdf138-0aaf-42d1-b5a1-4f7ebc650393 0.575s
2024-10-23 13:43:16.937 62305 INFO tempest.lib.common.rest_client [req-a17955ef-e975-45cc-8195-453ccd0c7765 req-a17955ef-e975-45cc-8195-453ccd0c7765 ] Request (InstanceActionsTestJSON:setUpClass): 200 GET http://10.180.1.21/compute/v2.1/servers/454a790d-3cb2-4ef2-995f-97e0eb1e2469 0.457s
2024-10-23 13:43:16.956 62265 INFO tempest.lib.common.rest_client [req-fdb09c94-2ca1-45d4-8173-4c0cb12a629c req-fdb09c94-2ca1-45d4-8173-4c0cb12a629c ] Request (QuotasAdminTestJSON:_run_cleanups): 204 DELETE http://10.180.1.21/identity/v3/users/4e7c97b1be3b46d4baab3330b2446f89 0.071s
2024-10-23 13:43:17.008 62273 INFO tempest.lib.common.rest_client [req-54bfd067-cff6-43e6-938e-52ef6a38235a req-54bfd067-cff6-43e6-938e-52ef6a38235a ] Request (SecurityGroupsTestJSON:setUpClass): 200 PUT http://10.180.1.21:9696/networking/v2.0/routers/2a5ba712-22ad-4515-a175-7bb532e1c4c8/add_router_interface 1.105s
2024-10-23 13:43:17.009 62273 INFO tempest.lib.common.dynamic_creds [-] Created isolated network resources for: credentials: Credentials: {'domain_id': 'default', 'domain_name': 'Default', 'username': 'tempest-SecurityGroupsTestJSON-304471880-project-member', 'project_domain_id': 'default', 'project_domain_name': 'Default', 'project_id': 'a9b239f4cb3242d0bd1dcd98a2a3bfc0', 'project_name': 'tempest-SecurityGroupsTestJSON-304471880', 'tenant_id': 'a9b239f4cb3242d0bd1dcd98a2a3bfc0', 'tenant_name': 'tempest-SecurityGroupsTestJSON-304471880', 'user_domain_id': 'default', 'user_domain_name': 'Default', 'user_id': '16c8fcc7c0b140f48716a8a00da46a3b', 'system': None}, Network: {'id': 'b0f4607a-9d59-457e-aabc-5851c90b3366', 'name': 'tempest-SecurityGroupsTestJSON-1154549021-network', 'tenant_id': 'a9b239f4cb3242d0bd1dcd98a2a3bfc0', 'admin_state_up': True, 'mtu': 8950, 'status': 'ACTIVE', 'subnets': [], 'shared': False, 'project_id': 'a9b239f4cb3242d0bd1dcd98a2a3bfc0', 'port_security_enabled': True, 'router:external': False, 'provider:network_type': 'vlan', 'provider:physical_network': 'default', 'provider:segmentation_id': 818, 'is_default': False, 'availability_zone_hints': [], 'availability_zones': [], 'ipv4_address_scope': None, 'ipv6_address_scope': None, 'description': '', 'tags': [], 'created_at': '2024-10-23T13:43:15Z', 'updated_at': '2024-10-23T13:43:15Z', 'revision_number': 1}, Subnet: {'id': '495d9d6f-bf6d-4480-a8c4-f6ca899fdc38', 'name': 'tempest-SecurityGroupsTestJSON-1154549021-subnet', 'tenant_id': 'a9b239f4cb3242d0bd1dcd98a2a3bfc0', 'network_id': 'b0f4607a-9d59-457e-aabc-5851c90b3366', 'ip_version': 4, 'subnetpool_id': None, 'enable_dhcp': True, 'ipv6_ra_mode': None, 'ipv6_address_mode': None, 'gateway_ip': '192.168.128.1', 'cidr': '192.168.128.0/28', 'allocation_pools': [{'start': '192.168.128.2', 'end': '192.168.128.14'}], 'host_routes': [], 'dns_nameservers': [], 'description': '', 'router:external': False, 'service_types': [], 'tags': [], 'created_at': '2024-10-23T13:43:15Z', 'updated_at': '2024-10-23T13:43:15Z', 'revision_number': 0, 'project_id': 'a9b239f4cb3242d0bd1dcd98a2a3bfc0'}, Router: {'id': '2a5ba712-22ad-4515-a175-7bb532e1c4c8', 'name': 'tempest-SecurityGroupsTestJSON-1154549021-router', 'tenant_id': 'a9b239f4cb3242d0bd1dcd98a2a3bfc0', 'admin_state_up': True, 'status': 'ACTIVE', 'external_gateway_info': {'network_id': 'b5676781-8886-4984-8b6c-82a25e76fa61', 'external_fixed_ips': [{'subnet_id': 'cfb89e6a-4f48-4773-9f6a-da7eaa25e674', 'ip_address': '10.180.180.162'}], 'enable_snat': True}, 'description': '', 'availability_zones': [], 'distributed': False, 'ha': False, 'availability_zone_hints': [], 'routes': [], 'flavor_id': None, 'tags': [], 'created_at': '2024-10-23T13:43:15Z', 'updated_at': '2024-10-23T13:43:15Z', 'revision_number': 2, 'project_id': 'a9b239f4cb3242d0bd1dcd98a2a3bfc0'}
2024-10-23 13:43:17.080 62265 INFO tempest.lib.common.rest_client [req-fa9e54bc-caf7-4502-b7f5-82e50cad14e5 req-fa9e54bc-caf7-4502-b7f5-82e50cad14e5 ] Request (QuotasAdminTestJSON:_run_cleanups): 204 DELETE http://10.180.1.21/identity/v3/projects/7f345f2956a546f087fff737d2781629 0.123s
2024-10-23 13:43:17.117 62273 INFO tempest.lib.common.rest_client [req-e8582224-8865-4fcf-9ee9-23c02a8bbded req-e8582224-8865-4fcf-9ee9-23c02a8bbded ] Request (SecurityGroupsTestJSON:setUpClass): 201 POST http://10.180.1.21/identity/v3/auth/tokens 0.103s
2024-10-23 13:43:17.140 62269 INFO tempest.lib.common.rest_client [req-a3f66bb6-7a66-4baa-8320-538e5afc083b req-a3f66bb6-7a66-4baa-8320-538e5afc083b ] Request (InstanceActionsNegativeTestJSON:setUpClass): 201 POST http://10.180.1.21:9696/networking/v2.0/networks 0.337s
2024-10-23 13:43:17.160 62309 INFO tempest.lib.common.rest_client [req-e928d177-1d43-4410-bc02-dfde2968096a req-e928d177-1d43-4410-bc02-dfde2968096a ] Request (MigrationsAdminTest:test_list_migrations_in_flavor_resize_situation): 200 GET http://10.180.1.21/compute/v2.1/servers/095d69fe-bbd3-4850-9dcd-b4c2290b8352 0.627s
2024-10-23 13:43:17.167 62309 INFO tempest.common.waiters [-] State transition "BUILD/scheduling" ==> "ERROR/None" after 52 second wait
2024-10-23 13:43:17.176 62315 INFO tempest.lib.common.rest_client [req-f6d038fa-a7a8-41af-a6f4-cfcf4d3171b3 req-f6d038fa-a7a8-41af-a6f4-cfcf4d3171b3 ] Request (ServersNegativeTestMultiTenantJSON:setUpClass): 200 GET http://10.180.1.21/compute/v2.1/servers/95bb27b9-e5a3-418f-a078-ae22ebf40013 0.628s
2024-10-23 13:43:17.255 62275 INFO tempest.lib.common.rest_client [req-c424cbd0-fdc2-4f54-9081-0de1aeee6729 req-c424cbd0-fdc2-4f54-9081-0de1aeee6729 ] Request (ServerActionsTestOtherA:setUpClass): 200 GET http://10.180.1.21/compute/v2.1/servers/56984993-a8b1-464e-b20c-79ffe67d2491 0.656s
2024-10-23 13:43:17.273 62295 INFO tempest.lib.common.rest_client [req-93c62c49-d18a-4d4e-a25b-03ccc862b6bc req-93c62c49-d18a-4d4e-a25b-03ccc862b6bc ] Request (MultipleCreateTestJSON:test_multiple_create): 200 GET http://10.180.1.21/compute/v2.1/servers/5dcebdc4-5b1f-4dad-aca1-2bdcc68bc962 0.580s
2024-10-23 13:43:17.316 62302 INFO tempest.lib.common.rest_client [req-973c5eb7-4a2e-4db4-bbb7-2cc7587a3c73 req-973c5eb7-4a2e-4db4-bbb7-2cc7587a3c73 ] Request (ImagesOneServerTestJSON:setUpClass): 200 GET http://10.180.1.21/compute/v2.1/servers/623300f7-54d2-4b0a-b356-a1ae585682cb 0.576s
2024-10-23 13:43:17.339 62269 INFO tempest.lib.common.rest_client [req-2361cfac-9041-46da-9ebc-60aa0bdfbf8c req-2361cfac-9041-46da-9ebc-60aa0bdfbf8c ] Request (InstanceActionsNegativeTestJSON:setUpClass): 201 POST http://10.180.1.21:9696/networking/v2.0/subnets 0.198s
2024-10-23 13:43:17.385 62311 INFO tempest.lib.common.rest_client [req-6682b54f-9d33-4fa5-b8ee-9a3da030fd39 req-6682b54f-9d33-4fa5-b8ee-9a3da030fd39 ] Request (ServerActionsTestJSON:setUpClass): 200 GET http://10.180.1.21/compute/v2.1/servers/bda8d4eb-2fe2-40ac-9e5f-e7a8f8acdd94 0.586s
2024-10-23 13:43:17.443 62267 INFO tempest.lib.common.rest_client [req-e4416512-83eb-4bcc-8b0c-08ff1808c244 req-e4416512-83eb-4bcc-8b0c-08ff1808c244 ] Request (DeleteServersAdminTestJSON:test_delete_server_while_in_error_state): 200 GET http://10.180.1.21/compute/v2.1/servers/0e53c28c-a440-4e0e-9a4d-ff1d52557752 0.603s
2024-10-23 13:43:17.495 62281 INFO tempest.lib.common.rest_client [req-0f92b5f9-0676-4aa0-a350-285a1988426c req-0f92b5f9-0676-4aa0-a350-285a1988426c ] Request (ServerActionsTestOtherB:setUpClass): 200 GET http://10.180.1.21/compute/v2.1/servers/e5f6387c-b941-4b3e-8c9a-8a643f7dd4b8 0.643s
2024-10-23 13:43:17.547 62313 INFO tempest.lib.common.rest_client [req-0564099e-050c-4d48-bd53-569830e56f22 req-0564099e-050c-4d48-bd53-569830e56f22 ] Request (ServersWithSpecificFlavorTestJSON:test_verify_created_server_ephemeral_disk): 200 GET http://10.180.1.21/compute/v2.1/servers/4c67e82d-b51b-4820-af81-e6eefc7bcb36 0.758s
2024-10-23 13:43:17.560 62291 INFO tempest.lib.common.rest_client [req-fcf50549-2119-4818-a16c-cf38d5559b8b req-fcf50549-2119-4818-a16c-cf38d5559b8b ] Request (ListServerFiltersTestJSON:setUpClass): 200 GET http://10.180.1.21/compute/v2.1/servers/0a08bc46-0eea-4802-b0be-eb24f3507f73 0.667s
2024-10-23 13:43:17.570 62291 INFO tempest.common.waiters [-] State transition "BUILD/scheduling" ==> "BUILD/None" after 34 second wait
2024-10-23 13:43:17.605 62303 INFO tempest.lib.common.rest_client [req-9ca4842e-09b9-41c5-9f5f-5d6aeceb7151 req-9ca4842e-09b9-41c5-9f5f-5d6aeceb7151 ] Request (ImagesTestJSON:test_create_image_from_stopped_server): 200 GET http://10.180.1.21/compute/v2.1/servers/97e51e6c-9a3a-4b68-b737-d48090a22b1b 0.648s
2024-10-23 13:43:17.645 62321 INFO tempest.lib.common.rest_client [req-5ef7a947-c7da-4789-8b17-2a8f4b455fc8 req-5ef7a947-c7da-4789-8b17-2a8f4b455fc8 ] Request (ServerDiagnosticsV248Test:tearDownClass): 200 GET http://10.180.1.21/compute/v2.1/servers/4b34ff57-e137-4abc-8aed-76dd2ec8d313 0.609s
2024-10-23 13:43:17.713 62285 INFO tempest.lib.common.rest_client [req-eb96c111-6554-42b0-9d64-dfe85a16898e req-eb96c111-6554-42b0-9d64-dfe85a16898e ] Request (FloatingIPsAssociationNegativeTestJSON:setUpClass): 200 GET http://10.180.1.21/compute/v2.1/servers/eee6b9e6-2707-4a3b-925b-a7f50cdc32cb 0.623s
2024-10-23 13:43:17.728 62265 INFO tempest.lib.common.rest_client [req-ba1f7c50-38ed-4137-a941-b1ef8cf8f70f req-ba1f7c50-38ed-4137-a941-b1ef8cf8f70f ] Request (QuotasAdminTestJSON:test_update_all_quota_resources_for_tenant): 200 GET http://10.180.1.21/compute/v2.1/os-quota-sets/955ab3c91b914d1ba3efb31b854f36d8/defaults 0.646s
2024-10-23 13:43:17.798 62279 INFO tempest.lib.common.rest_client [req-fa3b3882-7b9c-404b-8aa4-48a9ff4fd42f req-fa3b3882-7b9c-404b-8aa4-48a9ff4fd42f ] Request (ServerDiagnosticsTest:test_get_server_diagnostics): 200 GET http://10.180.1.21/compute/v2.1/servers/2cf18a04-6bf9-4f47-a920-2c568207057d 0.666s
2024-10-23 13:43:17.949 62269 INFO tempest.lib.common.rest_client [req-07c5ba8e-7489-45df-ae15-ebfd1b47fbb6 req-07c5ba8e-7489-45df-ae15-ebfd1b47fbb6 ] Request (InstanceActionsNegativeTestJSON:setUpClass): 201 POST http://10.180.1.21:9696/networking/v2.0/routers 0.610s
2024-10-23 13:43:17.992 62273 INFO tempest.lib.common.rest_client [req-bcb3a7a7-c0bd-4f89-863d-a9d62a770e30 req-bcb3a7a7-c0bd-4f89-863d-a9d62a770e30 ] Request (SecurityGroupsTestJSON:test_list_security_groups_by_server): 200 POST http://10.180.1.21/compute/v2.1/os-security-groups 0.873s
2024-10-23 13:43:18.003 62309 INFO tempest.lib.common.rest_client [req-ab972fba-b6f4-4c20-8286-d63d985fb1a0 req-ab972fba-b6f4-4c20-8286-d63d985fb1a0 ] Request (MigrationsAdminTest:test_list_migrations_in_flavor_resize_situation): 204 DELETE http://10.180.1.21/compute/v2.1/servers/095d69fe-bbd3-4850-9dcd-b4c2290b8352 0.836s
2024-10-23 13:43:18.070 62259 INFO tempest.lib.common.rest_client [req-6253bd8e-3b04-4987-b9fc-1b2e84b249ab req-6253bd8e-3b04-4987-b9fc-1b2e84b249ab ] Request (FloatingIPsAssociationTestJSON:setUpClass): 200 GET http://10.180.1.21/compute/v2.1/servers/08d41411-7928-4379-9f2e-c6ce00843d82 0.797s
2024-10-23 13:43:18.070 62263 INFO tempest.lib.common.rest_client [req-aba665f7-bea3-4100-8af2-44935d7ba322 req-aba665f7-bea3-4100-8af2-44935d7ba322 ] Request (ServerExternalEventsTest:test_create_server_external_events): 200 GET http://10.180.1.21/compute/v2.1/servers/39cd204a-49c2-4309-9030-555056ab125e 0.857s
2024-10-23 13:43:18.078 62297 INFO tempest.lib.common.rest_client [req-a3c90cf9-0bd1-4f0b-a2c5-1132592a079f req-a3c90cf9-0bd1-4f0b-a2c5-1132592a079f ] Request (SecurityGroupRulesTestJSON:tearDownClass): 200 PUT http://10.180.1.21:9696/networking/v2.0/routers/d869a1ac-bd86-4cdb-aaa5-94f065c6796c/remove_router_interface 1.585s
2024-10-23 13:43:18.141 62261 INFO tempest.lib.common.rest_client [req-803c4089-c7ed-421f-8d00-b7b5fc16ae4c req-803c4089-c7ed-421f-8d00-b7b5fc16ae4c ] Request (ImagesOneServerNegativeTestJSON:setUpClass): 200 GET http://10.180.1.21/compute/v2.1/servers/194588b4-fe40-4286-8036-874a7c410327 0.815s
2024-10-23 13:43:18.142 62293 INFO tempest.lib.common.rest_client [req-69018b06-51bd-479c-a20c-c7392b438873 req-69018b06-51bd-479c-a20c-c7392b438873 ] Request (ServersAdminTestJSON:setUpClass): 200 GET http://10.180.1.21/compute/v2.1/servers/d522ee4a-9bd9-402b-b3bd-c36f93366249 0.801s
2024-10-23 13:43:18.212 62308 INFO tempest.lib.common.rest_client [req-9ecdca4c-6dea-4b6e-86bf-f14b3326979d req-9ecdca4c-6dea-4b6e-86bf-f14b3326979d ] Request (ServersAaction247Test:test_create_backup): 200 GET http://10.180.1.21/compute/v2.1/servers/5d54c3fd-b239-4965-b7a3-5909e8de8bc0 0.744s
2024-10-23 13:43:18.272 62290 INFO tempest.lib.common.rest_client [req-07f7580e-22d1-434c-ac07-c4476b8cf431 req-07f7580e-22d1-434c-ac07-c4476b8cf431 ] Request (ServersTestJSON:setUpClass): 200 GET http://10.180.1.21/compute/v2.1/servers/0040f46d-9a60-4fa1-8a00-c08022e17df0 0.728s
2024-10-23 13:43:18.332 62283 INFO tempest.lib.common.rest_client [req-39d1584d-d8a4-40dd-b4b3-6baf337bdd95 req-39d1584d-d8a4-40dd-b4b3-6baf337bdd95 ] Request (TenantUsagesTestJSON:setUpClass): 200 GET http://10.180.1.21/compute/v2.1/servers/a187f73b-8fb1-42b3-9a07-24d16aa0f152 0.771s
2024-10-23 13:43:18.352 62317 INFO tempest.lib.common.rest_client [req-ecc80010-fa3e-4dfb-b136-f081ce1ad681 req-ecc80010-fa3e-4dfb-b136-f081ce1ad681 ] Request (VolumesAssistedSnapshotsTest:test_volume_assisted_snapshot_create_delete): 200 GET http://10.180.1.21/compute/v2.1/servers/1fde7ae0-c88c-4d7f-b657-355c20e2cb10 0.953s
2024-10-23 13:43:18.362 62317 INFO tempest.common.waiters [-] State transition "BUILD/networking" ==> "BUILD/spawning" after 44 second wait
2024-10-23 13:43:18.394 62277 INFO tempest.lib.common.rest_client [req-97f18e8a-b283-4dcf-8aae-a38f2f8d6a48 req-97f18e8a-b283-4dcf-8aae-a38f2f8d6a48 ] Request (ServerRescueNegativeTestJSON:setUpClass): 200 GET http://10.180.1.21/compute/v2.1/servers/64f9698e-16f5-447a-914a-9e936e05d101 0.766s
2024-10-23 13:43:18.421 62287 INFO tempest.lib.common.rest_client [req-7bde165c-43c2-4d14-9d2d-dc398320e2cf req-7bde165c-43c2-4d14-9d2d-dc398320e2cf ] Request (ImagesNegativeTestJSON:test_create_image_from_deleted_server): 200 GET http://10.180.1.21/compute/v2.1/servers/cb319720-29ab-4ff2-a71e-f77ae8c85735 0.734s
2024-10-23 13:43:18.482 62319 INFO tempest.lib.common.rest_client [req-277ab3d2-ce73-4b17-8561-a79991e4b8c6 req-277ab3d2-ce73-4b17-8561-a79991e4b8c6 ] Request (VolumesAdminNegativeTest:test_update_attached_volume_with_nonexistent_volume_in_body): 200 GET http://10.180.1.21/compute/v2.1/servers/68b65162-23a6-464f-a2f9-1635bea8786f 0.713s
2024-10-23 13:43:18.526 62265 INFO tempest.lib.common.rest_client [req-ddf6320a-0ac3-4ec7-bfce-f669db6d9448 req-ddf6320a-0ac3-4ec7-bfce-f669db6d9448 ] Request (QuotasAdminTestJSON:test_update_all_quota_resources_for_tenant): 200 PUT http://10.180.1.21/compute/v2.1/os-quota-sets/955ab3c91b914d1ba3efb31b854f36d8 0.796s
2024-10-23 13:43:18.576 62299 INFO tempest.lib.common.rest_client [req-c54bff81-46c7-46a6-ba34-0133bebd5a25 req-c54bff81-46c7-46a6-ba34-0133bebd5a25 ] Request (ServersAdmin275Test:tearDownClass): 200 GET http://10.180.1.21/compute/v2.1/servers/56eee633-2c01-4df2-8d2e-58ad712942f6 0.729s
2024-10-23 13:43:18.579 62271 INFO tempest.lib.common.rest_client [req-18dcb326-439c-494d-bcf6-204e86755f68 req-18dcb326-439c-494d-bcf6-204e86755f68 ] Request (ServersNegativeTestJSON:setUpClass): 200 GET http://10.180.1.21/compute/v2.1/servers/5bbdf138-0aaf-42d1-b5a1-4f7ebc650393 0.684s
2024-10-23 13:43:18.649 62305 INFO tempest.lib.common.rest_client [req-8fa4b455-c3fc-49f1-b1e6-7656af627bd0 req-8fa4b455-c3fc-49f1-b1e6-7656af627bd0 ] Request (InstanceActionsTestJSON:setUpClass): 200 GET http://10.180.1.21/compute/v2.1/servers/454a790d-3cb2-4ef2-995f-97e0eb1e2469 0.704s
2024-10-23 13:43:18.649 62297 INFO tempest.lib.common.rest_client [req-b0f29c62-0611-4f7b-805d-20ed13a15399 req-b0f29c62-0611-4f7b-805d-20ed13a15399 ] Request (SecurityGroupRulesTestJSON:tearDownClass): 204 DELETE http://10.180.1.21:9696/networking/v2.0/routers/d869a1ac-bd86-4cdb-aaa5-94f065c6796c 0.570s
2024-10-23 13:43:18.678 62309 INFO tempest.lib.common.rest_client [req-f97d0268-3f09-4ee6-8a73-32b1a0e3ae89 req-f97d0268-3f09-4ee6-8a73-32b1a0e3ae89 ] Request (MigrationsAdminTest:test_list_migrations_in_flavor_resize_situation): 404 GET http://10.180.1.21/compute/v2.1/servers/095d69fe-bbd3-4850-9dcd-b4c2290b8352 0.674s
2024-10-23 13:43:18.743 62315 INFO tempest.lib.common.rest_client [req-b621d749-0604-4460-9cb0-d079a494b4ce req-b621d749-0604-4460-9cb0-d079a494b4ce ] Request (ServersNegativeTestMultiTenantJSON:setUpClass): 200 GET http://10.180.1.21/compute/v2.1/servers/95bb27b9-e5a3-418f-a078-ae22ebf40013 0.559s
2024-10-23 13:43:18.744 62273 INFO tempest.lib.common.rest_client [req-b8fa3633-7186-40fd-be8f-0c2f15ae8831 req-b8fa3633-7186-40fd-be8f-0c2f15ae8831 ] Request (SecurityGroupsTestJSON:test_list_security_groups_by_server): 200 POST http://10.180.1.21/compute/v2.1/os-security-groups 0.748s
2024-10-23 13:43:18.782 62273 INFO tempest.lib.common.rest_client [req-4903b738-306f-436b-9782-09b41527d231 req-4903b738-306f-436b-9782-09b41527d231 ] Request (SecurityGroupsTestJSON:test_list_security_groups_by_server): 201 POST http://10.180.1.21/identity/v3/auth/tokens 0.033s
2024-10-23 13:43:18.782 62273 INFO tempest.lib.common.fixed_network [-] (SecurityGroupsTestJSON:test_list_security_groups_by_server) Found network {'id': 'b0f4607a-9d59-457e-aabc-5851c90b3366', 'name': 'tempest-SecurityGroupsTestJSON-1154549021-network', 'tenant_id': 'a9b239f4cb3242d0bd1dcd98a2a3bfc0', 'admin_state_up': True, 'mtu': 8950, 'status': 'ACTIVE', 'subnets': [], 'shared': False, 'project_id': 'a9b239f4cb3242d0bd1dcd98a2a3bfc0', 'port_security_enabled': True, 'router:external': False, 'provider:network_type': 'vlan', 'provider:physical_network': 'default', 'provider:segmentation_id': 818, 'is_default': False, 'availability_zone_hints': [], 'availability_zones': [], 'ipv4_address_scope': None, 'ipv6_address_scope': None, 'description': '', 'tags': [], 'created_at': '2024-10-23T13:43:15Z', 'updated_at': '2024-10-23T13:43:15Z', 'revision_number': 1} available for tenant
2024-10-23 13:43:18.823 62295 INFO tempest.lib.common.rest_client [req-81f7fe34-b45d-445b-ab5e-44b9ff7f0072 req-81f7fe34-b45d-445b-ab5e-44b9ff7f0072 ] Request (MultipleCreateTestJSON:test_multiple_create): 200 GET http://10.180.1.21/compute/v2.1/servers/5dcebdc4-5b1f-4dad-aca1-2bdcc68bc962 0.541s
2024-10-23 13:43:18.830 62275 INFO tempest.lib.common.rest_client [req-10239122-b88d-470c-b727-95f7a78b77d2 req-10239122-b88d-470c-b727-95f7a78b77d2 ] Request (ServerActionsTestOtherA:setUpClass): 200 GET http://10.180.1.21/compute/v2.1/servers/56984993-a8b1-464e-b20c-79ffe67d2491 0.566s
2024-10-23 13:43:18.872 62302 INFO tempest.lib.common.rest_client [req-1b789bee-8e19-4ab0-ad9b-a996d248a0d2 req-1b789bee-8e19-4ab0-ad9b-a996d248a0d2 ] Request (ImagesOneServerTestJSON:setUpClass): 200 GET http://10.180.1.21/compute/v2.1/servers/623300f7-54d2-4b0a-b356-a1ae585682cb 0.545s
2024-10-23 13:43:18.885 62297 INFO tempest.lib.common.rest_client [req-4632fdb3-88f1-4d35-b3bd-169d1ebd2496 req-4632fdb3-88f1-4d35-b3bd-169d1ebd2496 ] Request (SecurityGroupRulesTestJSON:tearDownClass): 204 DELETE http://10.180.1.21:9696/networking/v2.0/subnets/086b49b7-e1f7-4a9f-b1ea-ae630dccb309 0.235s
2024-10-23 13:43:18.886 62311 INFO tempest.lib.common.rest_client [req-76f9107d-02ec-4f43-91b3-37e8f4402248 req-76f9107d-02ec-4f43-91b3-37e8f4402248 ] Request (ServerActionsTestJSON:setUpClass): 200 GET http://10.180.1.21/compute/v2.1/servers/bda8d4eb-2fe2-40ac-9e5f-e7a8f8acdd94 0.494s
2024-10-23 13:43:18.944 62267 INFO tempest.lib.common.rest_client [req-8ea9b77c-7426-4a4a-9b53-ed97b5bf5938 req-8ea9b77c-7426-4a4a-9b53-ed97b5bf5938 ] Request (DeleteServersAdminTestJSON:test_delete_server_while_in_error_state): 200 GET http://10.180.1.21/compute/v2.1/servers/0e53c28c-a440-4e0e-9a4d-ff1d52557752 0.491s
2024-10-23 13:43:18.950 62269 INFO tempest.lib.common.rest_client [req-101b0751-91a4-4b09-bedf-f929b860aff9 req-101b0751-91a4-4b09-bedf-f929b860aff9 ] Request (InstanceActionsNegativeTestJSON:setUpClass): 200 PUT http://10.180.1.21:9696/networking/v2.0/routers/25cbe9c0-a933-417e-add0-5084036edb73/add_router_interface 1.000s
2024-10-23 13:43:18.951 62269 INFO tempest.lib.common.dynamic_creds [-] Created isolated network resources for: credentials: Credentials: {'domain_id': 'default', 'domain_name': 'Default', 'username': 'tempest-InstanceActionsNegativeTestJSON-1895685779-project-member', 'project_domain_id': 'default', 'project_domain_name': 'Default', 'project_id': '8cae4b68afcf46448d05d484906f48de', 'project_name': 'tempest-InstanceActionsNegativeTestJSON-1895685779', 'tenant_id': '8cae4b68afcf46448d05d484906f48de', 'tenant_name': 'tempest-InstanceActionsNegativeTestJSON-1895685779', 'user_domain_id': 'default', 'user_domain_name': 'Default', 'user_id': '113a1bfba03a4105adc913e46c6eef40', 'system': None}, Network: {'id': '997f6dae-3a37-49f9-9ff5-f96ef8ec386c', 'name': 'tempest-InstanceActionsNegativeTestJSON-535913089-network', 'tenant_id': '8cae4b68afcf46448d05d484906f48de', 'admin_state_up': True, 'mtu': 8950, 'status': 'ACTIVE', 'subnets': [], 'shared': False, 'project_id': '8cae4b68afcf46448d05d484906f48de', 'port_security_enabled': True, 'router:external': False, 'provider:network_type': 'vlan', 'provider:physical_network': 'default', 'provider:segmentation_id': 183, 'is_default': False, 'availability_zone_hints': [], 'availability_zones': [], 'ipv4_address_scope': None, 'ipv6_address_scope': None, 'description': '', 'tags': [], 'created_at': '2024-10-23T13:43:17Z', 'updated_at': '2024-10-23T13:43:17Z', 'revision_number': 1}, Subnet: {'id': '5176f5e7-f97f-4ec4-8a5e-0abc4e96dd1f', 'name': 'tempest-InstanceActionsNegativeTestJSON-535913089-subnet', 'tenant_id': '8cae4b68afcf46448d05d484906f48de', 'network_id': '997f6dae-3a37-49f9-9ff5-f96ef8ec386c', 'ip_version': 4, 'subnetpool_id': None, 'enable_dhcp': True, 'ipv6_ra_mode': None, 'ipv6_address_mode': None, 'gateway_ip': '192.168.128.1', 'cidr': '192.168.128.0/28', 'allocation_pools': [{'start': '192.168.128.2', 'end': '192.168.128.14'}], 'host_routes': [], 'dns_nameservers': [], 'description': '', 'router:external': False, 'service_types': [], 'tags': [], 'created_at': '2024-10-23T13:43:17Z', 'updated_at': '2024-10-23T13:43:17Z', 'revision_number': 0, 'project_id': '8cae4b68afcf46448d05d484906f48de'}, Router: {'id': '25cbe9c0-a933-417e-add0-5084036edb73', 'name': 'tempest-InstanceActionsNegativeTestJSON-535913089-router', 'tenant_id': '8cae4b68afcf46448d05d484906f48de', 'admin_state_up': True, 'status': 'ACTIVE', 'external_gateway_info': {'network_id': 'b5676781-8886-4984-8b6c-82a25e76fa61', 'external_fixed_ips': [{'subnet_id': 'cfb89e6a-4f48-4773-9f6a-da7eaa25e674', 'ip_address': '10.180.180.204'}], 'enable_snat': True}, 'description': '', 'availability_zones': [], 'distributed': False, 'ha': False, 'availability_zone_hints': [], 'routes': [], 'flavor_id': None, 'tags': [], 'created_at': '2024-10-23T13:43:17Z', 'updated_at': '2024-10-23T13:43:17Z', 'revision_number': 2, 'project_id': '8cae4b68afcf46448d05d484906f48de'}
2024-10-23 13:43:18.956 62281 INFO tempest.lib.common.rest_client [req-9f81815f-5258-40e1-a9ad-ecdf5da0395d req-9f81815f-5258-40e1-a9ad-ecdf5da0395d ] Request (ServerActionsTestOtherB:setUpClass): 200 GET http://10.180.1.21/compute/v2.1/servers/e5f6387c-b941-4b3e-8c9a-8a643f7dd4b8 0.452s
2024-10-23 13:43:19.028 62313 INFO tempest.lib.common.rest_client [req-7abafca1-6365-4dd0-8aa6-e095139ee43d req-7abafca1-6365-4dd0-8aa6-e095139ee43d ] Request (ServersWithSpecificFlavorTestJSON:test_verify_created_server_ephemeral_disk): 200 GET http://10.180.1.21/compute/v2.1/servers/4c67e82d-b51b-4820-af81-e6eefc7bcb36 0.475s
2024-10-23 13:43:19.045 62269 INFO tempest.lib.common.rest_client [req-a54a4435-1a9e-44e6-b2e5-a93e463182ef req-a54a4435-1a9e-44e6-b2e5-a93e463182ef ] Request (InstanceActionsNegativeTestJSON:setUpClass): 201 POST http://10.180.1.21/identity/v3/auth/tokens 0.090s
2024-10-23 13:43:19.081 62269 INFO tempest.lib.common.rest_client [req-3cbd2624-c9a2-49ba-b4cd-61cebe66bc77 req-3cbd2624-c9a2-49ba-b4cd-61cebe66bc77 ] Request (InstanceActionsNegativeTestJSON:setUpClass): 201 POST http://10.180.1.21/identity/v3/auth/tokens 0.033s
2024-10-23 13:43:19.081 62269 INFO tempest.lib.common.fixed_network [-] (InstanceActionsNegativeTestJSON:setUpClass) Found network {'id': '997f6dae-3a37-49f9-9ff5-f96ef8ec386c', 'name': 'tempest-InstanceActionsNegativeTestJSON-535913089-network', 'tenant_id': '8cae4b68afcf46448d05d484906f48de', 'admin_state_up': True, 'mtu': 8950, 'status': 'ACTIVE', 'subnets': [], 'shared': False, 'project_id': '8cae4b68afcf46448d05d484906f48de', 'port_security_enabled': True, 'router:external': False, 'provider:network_type': 'vlan', 'provider:physical_network': 'default', 'provider:segmentation_id': 183, 'is_default': False, 'availability_zone_hints': [], 'availability_zones': [], 'ipv4_address_scope': None, 'ipv6_address_scope': None, 'description': '', 'tags': [], 'created_at': '2024-10-23T13:43:17Z', 'updated_at': '2024-10-23T13:43:17Z', 'revision_number': 1} available for tenant
2024-10-23 13:43:19.137 62291 INFO tempest.lib.common.rest_client [req-c675b474-91d3-4b45-ba2e-8699a1bd7d8b req-c675b474-91d3-4b45-ba2e-8699a1bd7d8b ] Request (ListServerFiltersTestJSON:setUpClass): 200 GET http://10.180.1.21/compute/v2.1/servers/0a08bc46-0eea-4802-b0be-eb24f3507f73 0.565s
2024-10-23 13:43:19.213 62303 INFO tempest.lib.common.rest_client [req-e4f7b783-f365-4ab7-ad93-bbf6a0d2059e req-e4f7b783-f365-4ab7-ad93-bbf6a0d2059e ] Request (ImagesTestJSON:test_create_image_from_stopped_server): 200 GET http://10.180.1.21/compute/v2.1/servers/97e51e6c-9a3a-4b68-b737-d48090a22b1b 0.600s
2024-10-23 13:43:19.246 62265 INFO tempest.lib.common.rest_client [req-fda7ffbd-b0ab-4712-b5bc-d279faae3158 req-fda7ffbd-b0ab-4712-b5bc-d279faae3158 ] Request (QuotasAdminTestJSON:_run_cleanups): 200 PUT http://10.180.1.21/compute/v2.1/os-quota-sets/955ab3c91b914d1ba3efb31b854f36d8 0.718s
2024-10-23 13:43:19.263 62309 INFO tempest.lib.common.rest_client [req-19c4d35f-599e-44f2-a10e-d4e88778cfb0 req-19c4d35f-599e-44f2-a10e-d4e88778cfb0 ] Request (MigrationsAdminTest:test_resize_server_revert_deleted_flavor): 200 GET http://10.180.1.21/compute/v2.1/flavors/42 0.582s
2024-10-23 13:43:19.297 62321 INFO tempest.lib.common.rest_client [req-d03e7b26-ab97-4ef2-9965-e56ca39aafc4 req-d03e7b26-ab97-4ef2-9965-e56ca39aafc4 ] Request (ServerDiagnosticsV248Test:tearDownClass): 200 GET http://10.180.1.21/compute/v2.1/servers/4b34ff57-e137-4abc-8aed-76dd2ec8d313 0.637s
2024-10-23 13:43:19.328 62285 INFO tempest.lib.common.rest_client [req-dc5462fa-2e73-4b4e-84ac-44ebb6d595c7 req-dc5462fa-2e73-4b4e-84ac-44ebb6d595c7 ] Request (FloatingIPsAssociationNegativeTestJSON:setUpClass): 200 GET http://10.180.1.21/compute/v2.1/servers/eee6b9e6-2707-4a3b-925b-a7f50cdc32cb 0.604s
2024-10-23 13:43:19.342 62297 INFO tempest.lib.common.rest_client [req-08a67d76-24cd-43d7-941f-d43424a398a1 req-08a67d76-24cd-43d7-941f-d43424a398a1 ] Request (SecurityGroupRulesTestJSON:tearDownClass): 204 DELETE http://10.180.1.21:9696/networking/v2.0/networks/5fe48d31-c657-4489-ac09-b173cbbe8890 0.457s
2024-10-23 13:43:19.403 62279 INFO tempest.lib.common.rest_client [req-c3747398-d70b-4e7d-bbc7-a1d642f7c7d8 req-c3747398-d70b-4e7d-bbc7-a1d642f7c7d8 ] Request (ServerDiagnosticsTest:test_get_server_diagnostics): 200 GET http://10.180.1.21/compute/v2.1/servers/2cf18a04-6bf9-4f47-a920-2c568207057d 0.596s
2024-10-23 13:43:19.406 62265 INFO tempest.lib.common.rest_client [req-359b8d20-e655-48d2-8dd2-9b16da120acd req-359b8d20-e655-48d2-8dd2-9b16da120acd ] Request (QuotasAdminTestJSON:tearDownClass): 204 DELETE http://10.180.1.21/identity/v3/users/5d2c595de51c4de694d49cf6c7a61deb 0.156s
2024-10-23 13:43:19.440 62297 INFO tempest.lib.common.rest_client [req-64c44992-b4b7-4994-8c6f-a7b7bd501431 req-64c44992-b4b7-4994-8c6f-a7b7bd501431 ] Request (SecurityGroupRulesTestJSON:tearDownClass): 204 DELETE http://10.180.1.21/identity/v3/users/5a3addb015174b1cb7d1e0165e60251b 0.096s
2024-10-23 13:43:19.440 62297 INFO tempest.lib.common.dynamic_creds [-] Deleting project and security group for project: 4be907a6384d438c9a29fec0a9f6493c
2024-10-23 13:43:19.461 62263 INFO tempest.lib.common.rest_client [req-e85f68f4-1738-45a3-9700-7fba3c66ab76 req-e85f68f4-1738-45a3-9700-7fba3c66ab76 ] Request (ServerExternalEventsTest:test_create_server_external_events): 200 GET http://10.180.1.21/compute/v2.1/servers/39cd204a-49c2-4309-9030-555056ab125e 0.383s
2024-10-23 13:43:19.485 62297 INFO tempest.lib.common.rest_client [req-792cd447-e4a4-4444-a5bb-98fed49a5b98 req-792cd447-e4a4-4444-a5bb-98fed49a5b98 ] Request (SecurityGroupRulesTestJSON:tearDownClass): 200 GET http://10.180.1.21:9696/networking/v2.0/security-groups?tenant_id=4be907a6384d438c9a29fec0a9f6493c&name=default 0.044s
2024-10-23 13:43:19.564 62265 INFO tempest.lib.common.rest_client [req-1ac60be3-8e14-4ee0-9bbd-3f1f559f8b67 req-1ac60be3-8e14-4ee0-9bbd-3f1f559f8b67 ] Request (QuotasAdminTestJSON:tearDownClass): 204 DELETE http://10.180.1.21/identity/v3/users/9268a41dac0c43e78015c5e02458e393 0.157s
2024-10-23 13:43:19.564 62265 INFO tempest.lib.common.dynamic_creds [-] Deleting project and security group for project: cdc7e5694f9c490c94c0af07f4b4379f
2024-10-23 13:43:19.625 62297 INFO tempest.lib.common.rest_client [req-8abaff68-2ecd-4a71-80c5-c386bfefb742 req-8abaff68-2ecd-4a71-80c5-c386bfefb742 ] Request (SecurityGroupRulesTestJSON:tearDownClass): 204 DELETE http://10.180.1.21:9696/networking/v2.0/security-groups/832bcb58-ec74-4eb1-b61d-2e5cb5019926 0.139s
2024-10-23 13:43:19.647 62265 INFO tempest.lib.common.rest_client [req-5e2ff3df-5ca2-44ef-87db-20a96956bcec req-5e2ff3df-5ca2-44ef-87db-20a96956bcec ] Request (QuotasAdminTestJSON:tearDownClass): 201 POST http://10.180.1.21/identity/v3/auth/tokens 0.082s
2024-10-23 13:43:19.697 62273 INFO tempest.lib.common.rest_client [req-3515d98a-2869-41bb-bf8e-e38d995a4d22 req-3515d98a-2869-41bb-bf8e-e38d995a4d22 ] Request (SecurityGroupsTestJSON:test_list_security_groups_by_server): 202 POST http://10.180.1.21/compute/v2.1/servers 0.914s
2024-10-23 13:43:19.730 62297 INFO tempest.lib.common.rest_client [req-32b56c83-4fed-4511-8c05-8efad62384ae req-32b56c83-4fed-4511-8c05-8efad62384ae ] Request (SecurityGroupRulesTestJSON:tearDownClass): 204 DELETE http://10.180.1.21/identity/v3/projects/4be907a6384d438c9a29fec0a9f6493c 0.105s
2024-10-23 13:43:19.788 62259 INFO tempest.lib.common.rest_client [req-6ba51b99-f0ee-4c48-9ad5-d74140763252 req-6ba51b99-f0ee-4c48-9ad5-d74140763252 ] Request (FloatingIPsAssociationTestJSON:setUpClass): 200 GET http://10.180.1.21/compute/v2.1/servers/08d41411-7928-4379-9f2e-c6ce00843d82 0.704s
2024-10-23 13:43:19.796 62297 INFO tempest.lib.common.rest_client [req-8b1d7406-91a0-4466-9cc7-c880267cd284 req-8b1d7406-91a0-4466-9cc7-c880267cd284 ] Request (ServersTestMultiNic:setUpClass): 201 POST http://10.180.1.21/identity/v3/auth/tokens 0.064s
2024-10-23 13:43:19.844 62261 INFO tempest.lib.common.rest_client [req-a038c17f-046a-4347-aaa8-f739e867a42b req-a038c17f-046a-4347-aaa8-f739e867a42b ] Request (ImagesOneServerNegativeTestJSON:setUpClass): 200 GET http://10.180.1.21/compute/v2.1/servers/194588b4-fe40-4286-8036-874a7c410327 0.695s
2024-10-23 13:43:19.846 62297 INFO tempest.lib.common.rest_client [req-3a8caf0e-9209-4a37-ac32-9d23d361bd09 req-3a8caf0e-9209-4a37-ac32-9d23d361bd09 ] Request (ServersTestMultiNic:setUpClass): 201 POST http://10.180.1.21/identity/v3/auth/tokens 0.047s
2024-10-23 13:43:19.874 62297 INFO tempest.lib.common.rest_client [req-f2fc629b-5b01-43a7-8ee5-5730a88d1e27 req-f2fc629b-5b01-43a7-8ee5-5730a88d1e27 ] Request (ServersTestMultiNic:setUpClass): 200 GET http://10.180.1.21/identity/v3/domains?name=Default 0.027s
2024-10-23 13:43:19.903 62297 INFO tempest.lib.common.rest_client [req-bf9ed52a-cf7b-496b-b1c2-65e6b51a5b9b req-bf9ed52a-cf7b-496b-b1c2-65e6b51a5b9b ] Request (ServersTestMultiNic:setUpClass): 201 POST http://10.180.1.21/identity/v3/projects 0.029s
2024-10-23 13:43:19.906 62293 INFO tempest.lib.common.rest_client [req-a1e16a22-b15c-4010-a474-24f7ecfbd6cf req-a1e16a22-b15c-4010-a474-24f7ecfbd6cf ] Request (ServersAdminTestJSON:setUpClass): 200 GET http://10.180.1.21/compute/v2.1/servers/d522ee4a-9bd9-402b-b3bd-c36f93366249 0.750s
2024-10-23 13:43:19.953 62308 INFO tempest.lib.common.rest_client [req-a149e295-c422-4c67-a0b2-01d1c64ea088 req-a149e295-c422-4c67-a0b2-01d1c64ea088 ] Request (ServersAaction247Test:test_create_backup): 200 GET http://10.180.1.21/compute/v2.1/servers/5d54c3fd-b239-4965-b7a3-5909e8de8bc0 0.730s
2024-10-23 13:43:19.970 62309 INFO tempest.lib.common.rest_client [req-5785c024-a73c-4de1-ade9-2df31d8a31da req-5785c024-a73c-4de1-ade9-2df31d8a31da ] Request (MigrationsAdminTest:test_resize_server_revert_deleted_flavor): 200 POST http://10.180.1.21/compute/v2.1/flavors 0.706s
