2024-10-23 13:43:57.631 62267 INFO tempest.lib.common.rest_client [req-23a3733d-cf4e-4d97-b850-58efc82a1510 req-23a3733d-cf4e-4d97-b850-58efc82a1510 ] Request (DeleteServersAdminTestJSON:test_delete_server_while_in_error_state): 200 GET http://10.180.1.21/compute/v2.1/servers/0e53c28c-a440-4e0e-9a4d-ff1d52557752 0.116s
2024-10-23 13:43:57.648 62305 INFO tempest.lib.common.rest_client [req-a07d9b16-d80d-4306-9fd8-7284feac69bb req-a07d9b16-d80d-4306-9fd8-7284feac69bb ] Request (InstanceActionsTestJSON:setUpClass): 200 GET http://10.180.1.21/compute/v2.1/servers/454a790d-3cb2-4ef2-995f-97e0eb1e2469 0.111s
2024-10-23 13:43:57.701 62277 INFO tempest.lib.common.rest_client [req-7516fefe-1689-440c-bbe7-b456544b8352 req-7516fefe-1689-440c-bbe7-b456544b8352 ] Request (ServerShowV254Test:test_rebuild_server): 200 GET http://10.180.1.21/compute/v2.1/servers/0ff2f9f4-6d85-4465-8e0a-fb39f2a25c9b 0.107s
2024-10-23 13:43:57.709 62311 INFO tempest.lib.common.rest_client [req-cedd706c-ba38-45d3-b7cd-72a25d9258d4 req-cedd706c-ba38-45d3-b7cd-72a25d9258d4 ] Request (ServerActionsTestJSON:setUpClass): 200 GET http://10.180.1.21/compute/v2.1/servers/bda8d4eb-2fe2-40ac-9e5f-e7a8f8acdd94 0.105s
2024-10-23 13:43:57.722 62313 INFO tempest.lib.common.rest_client [req-935b1a8f-3dfe-4de2-a5d5-47a56fa4ff32 req-935b1a8f-3dfe-4de2-a5d5-47a56fa4ff32 ] Request (ServersWithSpecificFlavorTestJSON:tearDownClass): 204 DELETE http://10.180.1.21:9696/networking/v2.0/subnets/183c7180-2904-404e-aa79-e03a81706aa1 0.253s
2024-10-23 13:43:57.722 62317 INFO tempest.lib.common.rest_client [req-45649086-5e39-4e6d-8a92-597cf450c657 req-45649086-5e39-4e6d-8a92-597cf450c657 ] Request (VolumesAssistedSnapshotsTest:tearDownClass): 204 DELETE http://10.180.1.21:9696/networking/v2.0/subnets/d6c96f19-cdbc-4759-8739-32b78352293a 0.268s
2024-10-23 13:43:57.765 62297 INFO tempest.lib.common.rest_client [req-f805b6a5-0f1b-4b98-8b3c-14b424ac2519 req-f805b6a5-0f1b-4b98-8b3c-14b424ac2519 ] Request (ServersTestMultiNic:test_verify_duplicate_network_nics): 200 GET http://10.180.1.21/compute/v2.1/servers/45c32181-01a8-4e1e-9e0e-37035a298d55 0.097s
2024-10-23 13:43:57.780 62291 INFO tempest.lib.common.rest_client [req-6eaa5ad3-3d1e-4d36-9dfd-e8916b6c759d req-6eaa5ad3-3d1e-4d36-9dfd-e8916b6c759d ] Request (ListServerFiltersTestJSON:setUpClass): 200 GET http://10.180.1.21/compute/v2.1/servers/0a08bc46-0eea-4802-b0be-eb24f3507f73 0.113s
2024-10-23 13:43:57.821 62269 INFO tempest.lib.common.rest_client [req-c5406f2d-ca5b-4082-a545-50b51de6b6d1 req-c5406f2d-ca5b-4082-a545-50b51de6b6d1 ] Request (InstanceActionsNegativeTestJSON:setUpClass): 200 GET http://10.180.1.21/compute/v2.1/servers/a690ad15-2878-4fa7-a810-d155ce6b1a8c 0.080s
2024-10-23 13:43:57.847 62281 INFO tempest.lib.common.rest_client [req-ae34500b-6fc8-4867-b148-2d2b6b59d5f3 req-ae34500b-6fc8-4867-b148-2d2b6b59d5f3 ] Request (ServerActionsTestOtherB:setUpClass): 200 GET http://10.180.1.21/compute/v2.1/servers/e5f6387c-b941-4b3e-8c9a-8a643f7dd4b8 0.097s
2024-10-23 13:43:57.907 62321 INFO tempest.lib.common.rest_client [req-fe4ec0f7-a778-4ab3-aee9-8a9c5479a792 req-fe4ec0f7-a778-4ab3-aee9-8a9c5479a792 ] Request (InstanceActionsV221TestJSON:test_get_list_deleted_instance_actions): 200 GET http://10.180.1.21/compute/v2.1/servers/d7de90c0-95e9-4899-92a0-81658831713a 0.103s
2024-10-23 13:43:57.924 62303 INFO tempest.lib.common.rest_client [req-24982a3e-7e10-4721-9b86-f66d86ceb677 req-24982a3e-7e10-4721-9b86-f66d86ceb677 ] Request (ImagesTestJSON:test_create_image_from_stopped_server): 200 GET http://10.180.1.21/compute/v2.1/servers/97e51e6c-9a3a-4b68-b737-d48090a22b1b 0.110s
2024-10-23 13:43:57.975 62279 INFO tempest.lib.common.rest_client [req-424faff7-d1ad-43ca-96f8-20ada65f14ff req-424faff7-d1ad-43ca-96f8-20ada65f14ff ] Request (ServerDiagnosticsTest:test_get_server_diagnostics): 200 GET http://10.180.1.21/compute/v2.1/servers/2cf18a04-6bf9-4f47-a920-2c568207057d 0.126s
2024-10-23 13:43:57.990 62285 INFO tempest.lib.common.rest_client [req-bc003ea4-63d7-4b7f-8220-06ede2547846 req-bc003ea4-63d7-4b7f-8220-06ede2547846 ] Request (FloatingIPsAssociationNegativeTestJSON:setUpClass): 200 GET http://10.180.1.21/compute/v2.1/servers/eee6b9e6-2707-4a3b-925b-a7f50cdc32cb 0.114s
2024-10-23 13:43:58.032 62299 INFO tempest.lib.common.rest_client [req-872051b8-df3e-47ea-b09c-883aaa9caf26 req-872051b8-df3e-47ea-b09c-883aaa9caf26 ] Request (ServersTestBootFromVolume:setUpClass): 201 POST http://10.180.1.21:9696/networking/v2.0/routers 1.189s
2024-10-23 13:43:58.063 62259 INFO tempest.lib.common.rest_client [req-e639fe89-7701-49a7-a3fd-bdb2c6336497 req-e639fe89-7701-49a7-a3fd-bdb2c6336497 ] Request (FloatingIPsAssociationTestJSON:setUpClass): 200 GET http://10.180.1.21/compute/v2.1/servers/08d41411-7928-4379-9f2e-c6ce00843d82 0.160s
2024-10-23 13:43:58.073 62290 INFO tempest.lib.common.rest_client [req-85822cfd-9394-4834-87c4-7e4cdb01df82 req-85822cfd-9394-4834-87c4-7e4cdb01df82 ] Request (ServersTestJSON:setUpClass): 200 GET http://10.180.1.21/compute/v2.1/servers/0040f46d-9a60-4fa1-8a00-c08022e17df0 0.148s
2024-10-23 13:43:58.123 62263 INFO tempest.lib.common.rest_client [req-2ba10f72-1974-49e1-bce5-b4b0e858bea5 req-2ba10f72-1974-49e1-bce5-b4b0e858bea5 ] Request (ServerExternalEventsTest:test_create_server_external_events): 200 GET http://10.180.1.21/compute/v2.1/servers/39cd204a-49c2-4309-9030-555056ab125e 0.172s
2024-10-23 13:43:58.150 62261 INFO tempest.lib.common.rest_client [req-7a635f6c-a2ab-4b2d-ba94-58cf0d4227b5 req-7a635f6c-a2ab-4b2d-ba94-58cf0d4227b5 ] Request (ImagesOneServerNegativeTestJSON:setUpClass): 200 GET http://10.180.1.21/compute/v2.1/servers/194588b4-fe40-4286-8036-874a7c410327 0.173s
2024-10-23 13:43:58.195 62313 INFO tempest.lib.common.rest_client [req-9d496a78-b664-4dfd-9a45-c89168b2c899 req-9d496a78-b664-4dfd-9a45-c89168b2c899 ] Request (ServersWithSpecificFlavorTestJSON:tearDownClass): 204 DELETE http://10.180.1.21:9696/networking/v2.0/networks/41ce2fb3-b5d3-4d91-a5b2-7a4fd515f7e1 0.473s
2024-10-23 13:43:58.209 62308 INFO tempest.lib.common.rest_client [req-5e7ccf1d-5fea-47a9-9eaf-53b3a9219489 req-5e7ccf1d-5fea-47a9-9eaf-53b3a9219489 ] Request (ServersAaction247Test:test_create_backup): 200 GET http://10.180.1.21/compute/v2.1/servers/5d54c3fd-b239-4965-b7a3-5909e8de8bc0 0.198s
2024-10-23 13:43:58.261 62309 INFO tempest.lib.common.rest_client [req-66e6ab51-ead0-4e15-839c-86213e931d91 req-66e6ab51-ead0-4e15-839c-86213e931d91 ] Request (MigrationsAdminTest:test_resize_server_revert_deleted_flavor): 200 GET http://10.180.1.21/compute/v2.1/servers/5fad2258-f694-4993-bf64-bfa16abc09ba 0.229s
2024-10-23 13:43:58.272 62287 INFO tempest.lib.common.rest_client [req-651769af-b036-4f51-95d2-a85a2a18c662 req-651769af-b036-4f51-95d2-a85a2a18c662 ] Request (ImagesNegativeTestJSON:test_create_image_from_deleted_server): 200 GET http://10.180.1.21/compute/v2.1/servers/cb319720-29ab-4ff2-a71e-f77ae8c85735 0.220s
2024-10-23 13:43:58.306 62317 INFO tempest.lib.common.rest_client [req-9a195e92-7b04-4fa2-825a-5d4901df029d req-9a195e92-7b04-4fa2-825a-5d4901df029d ] Request (VolumesAssistedSnapshotsTest:tearDownClass): 204 DELETE http://10.180.1.21:9696/networking/v2.0/networks/e95d1d87-c5b5-40a1-9760-9887c8859a61 0.584s
2024-10-23 13:43:58.353 62293 INFO tempest.lib.common.rest_client [req-cb4ddf7f-baf1-4265-9fd4-477628ac81e2 req-cb4ddf7f-baf1-4265-9fd4-477628ac81e2 ] Request (AttachInterfacesUnderV243Test:test_add_remove_fixed_ip): 200 GET http://10.180.1.21/compute/v2.1/servers/f91a90f7-be73-424c-966c-1be6f37a0864 0.270s
2024-10-23 13:43:58.357 62315 INFO tempest.lib.common.rest_client [req-c1b33f61-11ce-4418-8979-55efded5b09f req-c1b33f61-11ce-4418-8979-55efded5b09f ] Request (AttachVolumeNegativeTest:test_attach_attached_volume_to_different_server): 200 GET http://10.180.1.21/compute/v2.1/servers/3624ca43-9ee3-418a-9205-debb699295df 0.231s
2024-10-23 13:43:58.401 62317 INFO tempest.lib.common.rest_client [req-d98404d2-9e1a-44b4-85e2-8888039feea5 req-d98404d2-9e1a-44b4-85e2-8888039feea5 ] Request (VolumesAssistedSnapshotsTest:tearDownClass): 204 DELETE http://10.180.1.21/identity/v3/users/691db1fba48d4a3c8c263dbdbf986aad 0.094s
2024-10-23 13:43:58.450 62283 INFO tempest.lib.common.rest_client [req-9f7d52c2-540e-4832-9047-013977dcb72f req-9f7d52c2-540e-4832-9047-013977dcb72f ] Request (TenantUsagesTestJSON:setUpClass): 200 GET http://10.180.1.21/compute/v2.1/servers/a187f73b-8fb1-42b3-9a07-24d16aa0f152 0.088s
2024-10-23 13:43:58.452 62271 INFO tempest.lib.common.rest_client [req-bec7535e-5942-46f1-b25d-1fddf0083376 req-bec7535e-5942-46f1-b25d-1fddf0083376 ] Request (ServersNegativeTestJSON:setUpClass): 200 GET http://10.180.1.21/compute/v2.1/servers/5bbdf138-0aaf-42d1-b5a1-4f7ebc650393 0.078s
2024-10-23 13:43:58.458 62283 INFO tempest.common.waiters [-] State transition "BUILD/None" ==> "BUILD/block_device_mapping" after 67 second wait
2024-10-23 13:43:58.492 62317 INFO tempest.lib.common.rest_client [req-d302bdb3-a001-4f32-b578-18f5972f5bbe req-d302bdb3-a001-4f32-b578-18f5972f5bbe ] Request (VolumesAssistedSnapshotsTest:tearDownClass): 204 DELETE http://10.180.1.21/identity/v3/users/bc2f38e1ca6c475b8b17e465ee250831 0.090s
2024-10-23 13:43:58.591 62317 INFO tempest.lib.common.rest_client [req-f010b029-aac9-412f-8d3f-81eb95785571 req-f010b029-aac9-412f-8d3f-81eb95785571 ] Request (VolumesAssistedSnapshotsTest:tearDownClass): 204 DELETE http://10.180.1.21/identity/v3/users/ce05576330e140b2841a8c0032cd3c11 0.099s
2024-10-23 13:43:58.592 62317 INFO tempest.lib.common.dynamic_creds [-] Deleting project and security group for project: 9e7feacc6df84d659ccfa70c225f0c72
2024-10-23 13:43:58.653 62273 INFO tempest.lib.common.rest_client [req-8e55f377-d199-49aa-afe8-972c017717ee req-8e55f377-d199-49aa-afe8-972c017717ee ] Request (SecurityGroupsTestJSON:test_list_security_groups_by_server): 200 GET http://10.180.1.21/compute/v2.1/servers/e795e53e-af33-4d0c-8dbd-9c59f236acd7 0.221s
2024-10-23 13:43:58.658 62317 INFO tempest.lib.common.rest_client [req-acf9e937-5bb1-47ef-8799-774b526fa9c1 req-acf9e937-5bb1-47ef-8799-774b526fa9c1 ] Request (VolumesAssistedSnapshotsTest:tearDownClass): 200 GET http://10.180.1.21:9696/networking/v2.0/security-groups?tenant_id=9e7feacc6df84d659ccfa70c225f0c72&name=default 0.066s
2024-10-23 13:43:58.665 62319 INFO tempest.lib.common.rest_client [req-dbf388cb-6eca-4b98-b082-509976d0a688 req-dbf388cb-6eca-4b98-b082-509976d0a688 ] Request (VolumesAdminNegativeTest:test_update_attached_volume_with_nonexistent_volume_in_uri): 200 GET http://10.180.1.21/compute/v2.1/servers/2e0f2d4e-aa3d-4b1a-8c8c-9338f75a07e3 0.223s
2024-10-23 13:43:58.723 62295 INFO tempest.lib.common.rest_client [req-d101a451-3ce6-4375-8fc2-aff3612020ab req-d101a451-3ce6-4375-8fc2-aff3612020ab ] Request (MultipleCreateTestJSON:test_multiple_create): 200 GET http://10.180.1.21/compute/v2.1/servers/5dcebdc4-5b1f-4dad-aca1-2bdcc68bc962 0.224s
2024-10-23 13:43:58.737 62275 INFO tempest.lib.common.rest_client [req-0e94d3f1-b1c1-4d5c-bf51-8017ac2b93d8 req-0e94d3f1-b1c1-4d5c-bf51-8017ac2b93d8 ] Request (ServerActionsTestOtherA:setUpClass): 200 GET http://10.180.1.21/compute/v2.1/servers/56984993-a8b1-464e-b20c-79ffe67d2491 0.217s
2024-10-23 13:43:58.789 62265 INFO tempest.lib.common.rest_client [req-d0f07b77-364f-41ce-a1de-b562a5d8da56 req-d0f07b77-364f-41ce-a1de-b562a5d8da56 ] Request (AttachVolumeShelveTestJSON:test_attach_volume_shelved_or_offload_server): 200 GET http://10.180.1.21/compute/v2.1/servers/f9a8e863-6e7f-4f00-b54a-78802659cd59 0.213s
2024-10-23 13:43:58.819 62302 INFO tempest.lib.common.rest_client [req-17c9040e-f456-40cd-afdb-09c80161c5ea req-17c9040e-f456-40cd-afdb-09c80161c5ea ] Request (ImagesOneServerTestJSON:setUpClass): 200 GET http://10.180.1.21/compute/v2.1/servers/623300f7-54d2-4b0a-b356-a1ae585682cb 0.238s
2024-10-23 13:43:58.852 62267 INFO tempest.lib.common.rest_client [req-ed9c53d7-87ad-49bf-bae3-7890eaafb92b req-ed9c53d7-87ad-49bf-bae3-7890eaafb92b ] Request (DeleteServersAdminTestJSON:test_delete_server_while_in_error_state): 200 GET http://10.180.1.21/compute/v2.1/servers/0e53c28c-a440-4e0e-9a4d-ff1d52557752 0.213s
2024-10-23 13:43:58.855 62317 INFO tempest.lib.common.rest_client [req-a4f45c96-9b4f-4f71-a25f-b98148a7c945 req-a4f45c96-9b4f-4f71-a25f-b98148a7c945 ] Request (VolumesAssistedSnapshotsTest:tearDownClass): 204 DELETE http://10.180.1.21:9696/networking/v2.0/security-groups/c5226fb4-85e7-4222-b2f7-fa0c92944749 0.196s
2024-10-23 13:43:58.892 62305 INFO tempest.lib.common.rest_client [req-005a1749-97ef-4ee4-8e06-c284fec389c5 req-005a1749-97ef-4ee4-8e06-c284fec389c5 ] Request (InstanceActionsTestJSON:setUpClass): 200 GET http://10.180.1.21/compute/v2.1/servers/454a790d-3cb2-4ef2-995f-97e0eb1e2469 0.233s
2024-10-23 13:43:58.915 62277 INFO tempest.lib.common.rest_client [req-00af519c-422b-4f66-8479-9bd77dbbe7ae req-00af519c-422b-4f66-8479-9bd77dbbe7ae ] Request (ServerShowV254Test:test_rebuild_server): 200 GET http://10.180.1.21/compute/v2.1/servers/0ff2f9f4-6d85-4465-8e0a-fb39f2a25c9b 0.200s
2024-10-23 13:43:58.958 62311 INFO tempest.lib.common.rest_client [req-fe8929b1-6e2b-4bd9-8ae8-2e198ce9dd20 req-fe8929b1-6e2b-4bd9-8ae8-2e198ce9dd20 ] Request (ServerActionsTestJSON:setUpClass): 200 GET http://10.180.1.21/compute/v2.1/servers/bda8d4eb-2fe2-40ac-9e5f-e7a8f8acdd94 0.242s
2024-10-23 13:43:58.964 62317 INFO tempest.lib.common.rest_client [req-8745c348-3537-4cb8-9ff8-2d63e4ec0cd5 req-8745c348-3537-4cb8-9ff8-2d63e4ec0cd5 ] Request (VolumesAssistedSnapshotsTest:tearDownClass): 204 DELETE http://10.180.1.21/identity/v3/projects/9e7feacc6df84d659ccfa70c225f0c72 0.109s
2024-10-23 13:43:58.965 62317 INFO tempest.lib.common.dynamic_creds [-] Deleting project and security group for project: b9839304a4d846bb870f7ce1eb8dbd88
2024-10-23 13:43:58.987 62297 INFO tempest.lib.common.rest_client [req-524c55dc-31da-4fc4-bf18-1cc19f9933bf req-524c55dc-31da-4fc4-bf18-1cc19f9933bf ] Request (ServersTestMultiNic:test_verify_duplicate_network_nics): 200 GET http://10.180.1.21/compute/v2.1/servers/45c32181-01a8-4e1e-9e0e-37035a298d55 0.210s
2024-10-23 13:43:59.019 62291 INFO tempest.lib.common.rest_client [req-7d906e78-ebbf-4288-b009-c113a72f04c8 req-7d906e78-ebbf-4288-b009-c113a72f04c8 ] Request (ListServerFiltersTestJSON:setUpClass): 200 GET http://10.180.1.21/compute/v2.1/servers/0a08bc46-0eea-4802-b0be-eb24f3507f73 0.231s
2024-10-23 13:43:59.040 62317 INFO tempest.lib.common.rest_client [req-0778687b-9d73-406a-acd9-2119c51add72 req-0778687b-9d73-406a-acd9-2119c51add72 ] Request (VolumesAssistedSnapshotsTest:tearDownClass): 200 GET http://10.180.1.21:9696/networking/v2.0/security-groups?tenant_id=b9839304a4d846bb870f7ce1eb8dbd88&name=default 0.075s
2024-10-23 13:43:59.047 62269 INFO tempest.lib.common.rest_client [req-05b4878b-e474-43fa-9560-68d99b6342e9 req-05b4878b-e474-43fa-9560-68d99b6342e9 ] Request (InstanceActionsNegativeTestJSON:setUpClass): 200 GET http://10.180.1.21/compute/v2.1/servers/a690ad15-2878-4fa7-a810-d155ce6b1a8c 0.218s
2024-10-23 13:43:59.078 62281 INFO tempest.lib.common.rest_client [req-4301696f-b09b-4926-8945-b28316023c3c req-4301696f-b09b-4926-8945-b28316023c3c ] Request (ServerActionsTestOtherB:setUpClass): 200 GET http://10.180.1.21/compute/v2.1/servers/e5f6387c-b941-4b3e-8c9a-8a643f7dd4b8 0.223s
2024-10-23 13:43:59.134 62321 INFO tempest.lib.common.rest_client [req-79715910-7c14-4515-b4ca-bdcb1d16604f req-79715910-7c14-4515-b4ca-bdcb1d16604f ] Request (InstanceActionsV221TestJSON:test_get_list_deleted_instance_actions): 200 GET http://10.180.1.21/compute/v2.1/servers/d7de90c0-95e9-4899-92a0-81658831713a 0.214s
2024-10-23 13:43:59.143 62303 INFO tempest.lib.common.rest_client [req-5f0a1eae-5fd6-4649-89d8-af61ba0c71b5 req-5f0a1eae-5fd6-4649-89d8-af61ba0c71b5 ] Request (ImagesTestJSON:test_create_image_from_stopped_server): 200 GET http://10.180.1.21/compute/v2.1/servers/97e51e6c-9a3a-4b68-b737-d48090a22b1b 0.207s
2024-10-23 13:43:59.208 62285 INFO tempest.lib.common.rest_client [req-40bc3c1b-bbc4-4d26-8e5f-fa256da1993e req-40bc3c1b-bbc4-4d26-8e5f-fa256da1993e ] Request (FloatingIPsAssociationNegativeTestJSON:setUpClass): 200 GET http://10.180.1.21/compute/v2.1/servers/eee6b9e6-2707-4a3b-925b-a7f50cdc32cb 0.208s
2024-10-23 13:43:59.219 62279 INFO tempest.lib.common.rest_client [req-c04fd2fd-ecd9-4951-906a-25300622096c req-c04fd2fd-ecd9-4951-906a-25300622096c ] Request (ServerDiagnosticsTest:test_get_server_diagnostics): 200 GET http://10.180.1.21/compute/v2.1/servers/2cf18a04-6bf9-4f47-a920-2c568207057d 0.228s
2024-10-23 13:43:59.247 62317 INFO tempest.lib.common.rest_client [req-0b2f2337-80e6-4e57-8860-4ec5a137a651 req-0b2f2337-80e6-4e57-8860-4ec5a137a651 ] Request (VolumesAssistedSnapshotsTest:tearDownClass): 204 DELETE http://10.180.1.21:9696/networking/v2.0/security-groups/8032c0ee-14c1-497d-b40d-43096f5b7f16 0.206s
2024-10-23 13:43:59.291 62259 INFO tempest.lib.common.rest_client [req-8c689209-f181-4bfb-ae09-ba8df527bea3 req-8c689209-f181-4bfb-ae09-ba8df527bea3 ] Request (FloatingIPsAssociationTestJSON:setUpClass): 200 GET http://10.180.1.21/compute/v2.1/servers/08d41411-7928-4379-9f2e-c6ce00843d82 0.212s
2024-10-23 13:43:59.298 62290 INFO tempest.lib.common.rest_client [req-f3b08627-18af-4ba2-97d6-3db41c3d8210 req-f3b08627-18af-4ba2-97d6-3db41c3d8210 ] Request (ServersTestJSON:setUpClass): 200 GET http://10.180.1.21/compute/v2.1/servers/0040f46d-9a60-4fa1-8a00-c08022e17df0 0.215s
2024-10-23 13:43:59.300 62259 INFO tempest.common.waiters [-] State transition "BUILD/scheduling" ==> "BUILD/None" after 63 second wait
2024-10-23 13:43:59.354 62263 INFO tempest.lib.common.rest_client [req-a791d8ff-7abd-4ec3-858a-968283d317ee req-a791d8ff-7abd-4ec3-858a-968283d317ee ] Request (ServerExternalEventsTest:test_create_server_external_events): 200 GET http://10.180.1.21/compute/v2.1/servers/39cd204a-49c2-4309-9030-555056ab125e 0.221s
2024-10-23 13:43:59.371 62261 INFO tempest.lib.common.rest_client [req-2596e3d9-06db-4444-8053-48725b03b101 req-2596e3d9-06db-4444-8053-48725b03b101 ] Request (ImagesOneServerNegativeTestJSON:setUpClass): 200 GET http://10.180.1.21/compute/v2.1/servers/194588b4-fe40-4286-8036-874a7c410327 0.214s
2024-10-23 13:43:59.383 62317 INFO tempest.lib.common.rest_client [req-ed758408-03c7-4fc6-a27c-eeade48c651e req-ed758408-03c7-4fc6-a27c-eeade48c651e ] Request (VolumesAssistedSnapshotsTest:tearDownClass): 204 DELETE http://10.180.1.21/identity/v3/projects/b9839304a4d846bb870f7ce1eb8dbd88 0.135s
2024-10-23 13:43:59.383 62317 INFO tempest.lib.common.dynamic_creds [-] Deleting project and security group for project: e4cbb7498972432ea832c243e1493f2d
2024-10-23 13:43:59.412 62308 INFO tempest.lib.common.rest_client [req-c46b33e7-2c41-4b54-a5ed-10f9c256c7bf req-c46b33e7-2c41-4b54-a5ed-10f9c256c7bf ] Request (ServersAaction247Test:test_create_backup): 200 GET http://10.180.1.21/compute/v2.1/servers/5d54c3fd-b239-4965-b7a3-5909e8de8bc0 0.188s
2024-10-23 13:43:59.429 62309 INFO tempest.lib.common.rest_client [req-69e5d252-4e3f-406c-8449-5f681f207083 req-69e5d252-4e3f-406c-8449-5f681f207083 ] Request (MigrationsAdminTest:test_resize_server_revert_deleted_flavor): 200 GET http://10.180.1.21/compute/v2.1/servers/5fad2258-f694-4993-bf64-bfa16abc09ba 0.159s
2024-10-23 13:43:59.460 62317 INFO tempest.lib.common.rest_client [req-fdad942a-04f0-4306-a97d-094156d1ae8c req-fdad942a-04f0-4306-a97d-094156d1ae8c ] Request (VolumesAssistedSnapshotsTest:tearDownClass): 200 GET http://10.180.1.21:9696/networking/v2.0/security-groups?tenant_id=e4cbb7498972432ea832c243e1493f2d&name=default 0.077s
2024-10-23 13:43:59.466 62287 INFO tempest.lib.common.rest_client [req-041eaf0d-8697-49af-96a0-c25effafc1aa req-041eaf0d-8697-49af-96a0-c25effafc1aa ] Request (ImagesNegativeTestJSON:test_create_image_from_deleted_server): 200 GET http://10.180.1.21/compute/v2.1/servers/cb319720-29ab-4ff2-a71e-f77ae8c85735 0.181s
2024-10-23 13:43:59.493 62293 INFO tempest.lib.common.rest_client [req-ca093b27-ebb4-4ace-937e-ec4aa85daac9 req-ca093b27-ebb4-4ace-937e-ec4aa85daac9 ] Request (AttachInterfacesUnderV243Test:test_add_remove_fixed_ip): 200 GET http://10.180.1.21/compute/v2.1/servers/f91a90f7-be73-424c-966c-1be6f37a0864 0.132s
2024-10-23 13:43:59.509 62299 INFO tempest.lib.common.rest_client [req-b2e33b56-d6a6-4c16-8564-1460cb55f0c9 req-b2e33b56-d6a6-4c16-8564-1460cb55f0c9 ] Request (ServersTestBootFromVolume:setUpClass): 200 PUT http://10.180.1.21:9696/networking/v2.0/routers/ef546d1c-f015-4572-a7bf-e955c816840b/add_router_interface 1.476s
2024-10-23 13:43:59.509 62299 INFO tempest.lib.common.dynamic_creds [-] Created isolated network resources for: credentials: Credentials: {'domain_id': 'default', 'domain_name': 'Default', 'username': 'tempest-ServersTestBootFromVolume-1535558002-project-member', 'project_domain_id': 'default', 'project_domain_name': 'Default', 'project_id': '32fcf91353da4fcd978d20348493a522', 'project_name': 'tempest-ServersTestBootFromVolume-1535558002', 'tenant_id': '32fcf91353da4fcd978d20348493a522', 'tenant_name': 'tempest-ServersTestBootFromVolume-1535558002', 'user_domain_id': 'default', 'user_domain_name': 'Default', 'user_id': '1accc1330eee4f3e94bb79924c2e597d', 'system': None}, Network: {'id': '0c0a533e-c91b-4dff-83bd-6d5827b118ce', 'name': 'tempest-ServersTestBootFromVolume-179645556-network', 'tenant_id': '32fcf91353da4fcd978d20348493a522', 'admin_state_up': True, 'mtu': 8950, 'status': 'ACTIVE', 'subnets': [], 'shared': False, 'project_id': '32fcf91353da4fcd978d20348493a522', 'port_security_enabled': True, 'router:external': False, 'provider:network_type': 'vlan', 'provider:physical_network': 'default', 'provider:segmentation_id': 732, 'is_default': False, 'availability_zone_hints': [], 'availability_zones': [], 'ipv4_address_scope': None, 'ipv6_address_scope': None, 'description': '', 'tags': [], 'created_at': '2024-10-23T13:43:56Z', 'updated_at': '2024-10-23T13:43:56Z', 'revision_number': 1}, Subnet: {'id': '6ce2330d-5312-4183-8a40-bb64008da752', 'name': 'tempest-ServersTestBootFromVolume-179645556-subnet', 'tenant_id': '32fcf91353da4fcd978d20348493a522', 'network_id': '0c0a533e-c91b-4dff-83bd-6d5827b118ce', 'ip_version': 4, 'subnetpool_id': None, 'enable_dhcp': True, 'ipv6_ra_mode': None, 'ipv6_address_mode': None, 'gateway_ip': '192.168.128.1', 'cidr': '192.168.128.0/28', 'allocation_pools': [{'start': '192.168.128.2', 'end': '192.168.128.14'}], 'host_routes': [], 'dns_nameservers': [], 'description': '', 'router:external': False, 'service_types': [], 'tags': [], 'created_at': '2024-10-23T13:43:56Z', 'updated_at': '2024-10-23T13:43:56Z', 'revision_number': 0, 'project_id': '32fcf91353da4fcd978d20348493a522'}, Router: {'id': 'ef546d1c-f015-4572-a7bf-e955c816840b', 'name': 'tempest-ServersTestBootFromVolume-179645556-router', 'tenant_id': '32fcf91353da4fcd978d20348493a522', 'admin_state_up': True, 'status': 'ACTIVE', 'external_gateway_info': {'network_id': 'b5676781-8886-4984-8b6c-82a25e76fa61', 'external_fixed_ips': [{'subnet_id': 'cfb89e6a-4f48-4773-9f6a-da7eaa25e674', 'ip_address': '10.180.180.253'}], 'enable_snat': True}, 'description': '', 'availability_zones': [], 'distributed': False, 'ha': False, 'availability_zone_hints': [], 'routes': [], 'flavor_id': None, 'tags': [], 'created_at': '2024-10-23T13:43:56Z', 'updated_at': '2024-10-23T13:43:57Z', 'revision_number': 2, 'project_id': '32fcf91353da4fcd978d20348493a522'}
2024-10-23 13:43:59.532 62315 INFO tempest.lib.common.rest_client [req-06de7730-efb5-4be7-8939-8bfea20f2ee2 req-06de7730-efb5-4be7-8939-8bfea20f2ee2 ] Request (AttachVolumeNegativeTest:test_attach_attached_volume_to_different_server): 200 GET http://10.180.1.21/compute/v2.1/servers/3624ca43-9ee3-418a-9205-debb699295df 0.166s
2024-10-23 13:43:59.582 62299 INFO tempest.lib.common.rest_client [req-b4140d1a-9df0-460c-8c9c-aed2baf05e32 req-b4140d1a-9df0-460c-8c9c-aed2baf05e32 ] Request (ServersTestBootFromVolume:setUpClass): 201 POST http://10.180.1.21/identity/v3/auth/tokens 0.066s
2024-10-23 13:43:59.603 62271 INFO tempest.lib.common.rest_client [req-4325b686-8060-472f-a97f-d693843dd005 req-4325b686-8060-472f-a97f-d693843dd005 ] Request (ServersNegativeTestJSON:setUpClass): 200 GET http://10.180.1.21/compute/v2.1/servers/5bbdf138-0aaf-42d1-b5a1-4f7ebc650393 0.143s
2024-10-23 13:43:59.665 62317 INFO tempest.lib.common.rest_client [req-213c19b0-e701-4c81-b2f5-23e8e459a7d2 req-213c19b0-e701-4c81-b2f5-23e8e459a7d2 ] Request (VolumesAssistedSnapshotsTest:tearDownClass): 204 DELETE http://10.180.1.21:9696/networking/v2.0/security-groups/07da0238-63d1-4a18-b548-a62478083142 0.204s
2024-10-23 13:43:59.679 62313 INFO tempest.lib.common.rest_client [req-77b3479a-2ec3-4bb9-adaf-acc3be6ce4ff req-77b3479a-2ec3-4bb9-adaf-acc3be6ce4ff ] Request (ServersWithSpecificFlavorTestJSON:tearDownClass): 200 PUT http://10.180.1.21:9696/networking/v2.0/routers/66f7d588-ea3a-41ed-adb5-6ec4a4e7912b/remove_router_interface 1.483s
2024-10-23 13:43:59.693 62299 INFO tempest.lib.common.rest_client [req-a51c15da-dfcb-49e5-bafe-9be5127e6968 req-a51c15da-dfcb-49e5-bafe-9be5127e6968 ] Request (ServersTestBootFromVolume:setUpClass): 200 POST http://10.180.1.21/compute/v2.1/os-keypairs 0.109s
2024-10-23 13:43:59.745 62283 INFO tempest.lib.common.rest_client [req-6857852c-abb1-43e0-a0f9-c3068c8a5645 req-6857852c-abb1-43e0-a0f9-c3068c8a5645 ] Request (TenantUsagesTestJSON:setUpClass): 200 GET http://10.180.1.21/compute/v2.1/servers/a187f73b-8fb1-42b3-9a07-24d16aa0f152 0.286s
2024-10-23 13:43:59.752 62283 INFO tempest.common.waiters [-] State transition "BUILD/block_device_mapping" ==> "BUILD/spawning" after 68 second wait
2024-10-23 13:43:59.761 62273 INFO tempest.lib.common.rest_client [req-af87cec1-6c72-4e1b-8d3d-d246d18e711b req-af87cec1-6c72-4e1b-8d3d-d246d18e711b ] Request (SecurityGroupsTestJSON:test_list_security_groups_by_server): 200 GET http://10.180.1.21/compute/v2.1/servers/e795e53e-af33-4d0c-8dbd-9c59f236acd7 0.097s
2024-10-23 13:43:59.783 62317 INFO tempest.lib.common.rest_client [req-f74980e2-b5c4-4b42-9ed9-27202880c1c3 req-f74980e2-b5c4-4b42-9ed9-27202880c1c3 ] Request (VolumesAssistedSnapshotsTest:tearDownClass): 204 DELETE http://10.180.1.21/identity/v3/projects/e4cbb7498972432ea832c243e1493f2d 0.118s
2024-10-23 13:43:59.799 62319 INFO tempest.lib.common.rest_client [req-9d5ce604-465e-4dd2-8b28-3cc41a441f8c req-9d5ce604-465e-4dd2-8b28-3cc41a441f8c ] Request (VolumesAdminNegativeTest:test_update_attached_volume_with_nonexistent_volume_in_uri): 200 GET http://10.180.1.21/compute/v2.1/servers/2e0f2d4e-aa3d-4b1a-8c8c-9338f75a07e3 0.128s
2024-10-23 13:43:59.830 62295 INFO tempest.lib.common.rest_client [req-6861fd25-b7cd-4d9f-b330-121963ff1c53 req-6861fd25-b7cd-4d9f-b330-121963ff1c53 ] Request (MultipleCreateTestJSON:test_multiple_create): 200 GET http://10.180.1.21/compute/v2.1/servers/5dcebdc4-5b1f-4dad-aca1-2bdcc68bc962 0.096s
2024-10-23 13:43:59.857 62317 INFO tempest.lib.common.rest_client [req-d3872afb-4377-4f8b-90c2-1c55f2d74336 req-d3872afb-4377-4f8b-90c2-1c55f2d74336 ] Request (HypervisorAdminNegativeUnderV252Test:setUpClass): 201 POST http://10.180.1.21/identity/v3/auth/tokens 0.072s
2024-10-23 13:43:59.867 62275 INFO tempest.lib.common.rest_client [req-3802209c-bd88-4b93-b4c6-a460bdb7e904 req-3802209c-bd88-4b93-b4c6-a460bdb7e904 ] Request (ServerActionsTestOtherA:setUpClass): 200 GET http://10.180.1.21/compute/v2.1/servers/56984993-a8b1-464e-b20c-79ffe67d2491 0.122s
2024-10-23 13:43:59.891 62317 INFO tempest.lib.common.rest_client [req-463683a0-c078-4537-a95d-6755706dfbcc req-463683a0-c078-4537-a95d-6755706dfbcc ] Request (HypervisorAdminNegativeUnderV252Test:setUpClass): 201 POST http://10.180.1.21/identity/v3/auth/tokens 0.031s
2024-10-23 13:43:59.914 62265 INFO tempest.lib.common.rest_client [req-e6f4b940-714a-49b6-a3ed-8a7383b5a35c req-e6f4b940-714a-49b6-a3ed-8a7383b5a35c ] Request (AttachVolumeShelveTestJSON:test_attach_volume_shelved_or_offload_server): 200 GET http://10.180.1.21/compute/v2.1/servers/f9a8e863-6e7f-4f00-b54a-78802659cd59 0.118s
2024-10-23 13:43:59.915 62317 INFO tempest.lib.common.rest_client [req-fa0ff6a8-0992-454d-9b8f-6d6cadfc01ca req-fa0ff6a8-0992-454d-9b8f-6d6cadfc01ca ] Request (HypervisorAdminNegativeUnderV252Test:setUpClass): 200 GET http://10.180.1.21/identity/v3/domains?name=Default 0.023s
2024-10-23 13:43:59.930 62302 INFO tempest.lib.common.rest_client [req-aa86798b-1399-4d13-9155-0f73da27b653 req-aa86798b-1399-4d13-9155-0f73da27b653 ] Request (ImagesOneServerTestJSON:setUpClass): 200 GET http://10.180.1.21/compute/v2.1/servers/623300f7-54d2-4b0a-b356-a1ae585682cb 0.103s
2024-10-23 13:43:59.932 62299 INFO tempest.lib.common.rest_client [req-46d17432-d844-44d4-932b-ab6e2455bb73 req-46d17432-d844-44d4-932b-ab6e2455bb73 ] Request (ServersTestBootFromVolume:setUpClass): 201 POST http://10.180.1.21:9696/networking/v2.0/security-groups 0.237s
2024-10-23 13:43:59.952 62317 INFO tempest.lib.common.rest_client [req-b1703083-2c93-42c9-9bbb-ad89e1e3cb55 req-b1703083-2c93-42c9-9bbb-ad89e1e3cb55 ] Request (HypervisorAdminNegativeUnderV252Test:setUpClass): 201 POST http://10.180.1.21/identity/v3/projects 0.036s
2024-10-23 13:43:59.988 62267 INFO tempest.lib.common.rest_client [req-7f3ebb67-e9eb-4102-a28a-c49c0586db2d req-7f3ebb67-e9eb-4102-a28a-c49c0586db2d ] Request (DeleteServersAdminTestJSON:test_delete_server_while_in_error_state): 200 GET http://10.180.1.21/compute/v2.1/servers/0e53c28c-a440-4e0e-9a4d-ff1d52557752 0.123s
2024-10-23 13:44:00.007 62305 INFO tempest.lib.common.rest_client [req-e55761ff-6274-4e9d-a10f-3d3a1191581d req-e55761ff-6274-4e9d-a10f-3d3a1191581d ] Request (InstanceActionsTestJSON:setUpClass): 200 GET http://10.180.1.21/compute/v2.1/servers/454a790d-3cb2-4ef2-995f-97e0eb1e2469 0.108s
2024-10-23 13:44:00.034 62317 INFO tempest.lib.common.rest_client [req-dd7bbb7d-49dc-44fd-9e07-b5003c79719f req-dd7bbb7d-49dc-44fd-9e07-b5003c79719f ] Request (HypervisorAdminNegativeUnderV252Test:setUpClass): 201 POST http://10.180.1.21/identity/v3/users 0.082s
2024-10-23 13:44:00.054 62317 INFO tempest.lib.common.rest_client [req-9156a399-7522-4bef-ba48-4af528c477af req-9156a399-7522-4bef-ba48-4af528c477af ] Request (HypervisorAdminNegativeUnderV252Test:setUpClass): 200 GET http://10.180.1.21/identity/v3/roles 0.019s
2024-10-23 13:44:00.058 62277 INFO tempest.lib.common.rest_client [req-cd83fce3-cfac-4ef2-a039-5880c0b82d02 req-cd83fce3-cfac-4ef2-a039-5880c0b82d02 ] Request (ServerShowV254Test:test_rebuild_server): 200 GET http://10.180.1.21/compute/v2.1/servers/0ff2f9f4-6d85-4465-8e0a-fb39f2a25c9b 0.129s
2024-10-23 13:44:00.083 62311 INFO tempest.lib.common.rest_client [req-145ce873-ebc4-4246-941c-af2fc38ef6b1 req-145ce873-ebc4-4246-941c-af2fc38ef6b1 ] Request (ServerActionsTestJSON:setUpClass): 200 GET http://10.180.1.21/compute/v2.1/servers/bda8d4eb-2fe2-40ac-9e5f-e7a8f8acdd94 0.117s
2024-10-23 13:44:00.087 62317 INFO tempest.lib.common.rest_client [req-ba06c779-3aa6-4c02-b56c-df6fe61a3a31 req-ba06c779-3aa6-4c02-b56c-df6fe61a3a31 ] Request (HypervisorAdminNegativeUnderV252Test:setUpClass): 204 PUT http://10.180.1.21/identity/v3/projects/a7b417de7ada4a2dbe49130b85d1778b/users/f10fbad08b074c22b53ede2b59c8d1ec/roles/fc5c9d9dfc13439ab0e5b5ba6fe0629b 0.033s
2024-10-23 13:44:00.088 62317 INFO tempest.lib.common.dynamic_creds [-] Dynamic test user f10fbad08b074c22b53ede2b59c8d1ec is created with scope project and roles: ['member']
2024-10-23 13:44:00.088 62317 INFO tempest.lib.common.dynamic_creds [-] Acquired dynamic creds: credentials: Credentials: {'domain_id': 'default', 'domain_name': 'Default', 'username': 'tempest-HypervisorAdminNegativeUnderV252Test-1882269800-project-member', 'project_domain_id': 'default', 'project_domain_name': 'Default', 'project_id': 'a7b417de7ada4a2dbe49130b85d1778b', 'project_name': 'tempest-HypervisorAdminNegativeUnderV252Test-1882269800', 'tenant_id': 'a7b417de7ada4a2dbe49130b85d1778b', 'tenant_name': 'tempest-HypervisorAdminNegativeUnderV252Test-1882269800', 'user_domain_id': 'default', 'user_domain_name': 'Default', 'user_id': 'f10fbad08b074c22b53ede2b59c8d1ec', 'system': None}, Network: None, Subnet: None, Router: None
2024-10-23 13:44:00.088 62317 INFO tempest.lib.common.dynamic_creds [-] Created isolated network resources for: credentials: Credentials: {'domain_id': 'default', 'domain_name': 'Default', 'username': 'tempest-HypervisorAdminNegativeUnderV252Test-1882269800-project-member', 'project_domain_id': 'default', 'project_domain_name': 'Default', 'project_id': 'a7b417de7ada4a2dbe49130b85d1778b', 'project_name': 'tempest-HypervisorAdminNegativeUnderV252Test-1882269800', 'tenant_id': 'a7b417de7ada4a2dbe49130b85d1778b', 'tenant_name': 'tempest-HypervisorAdminNegativeUnderV252Test-1882269800', 'user_domain_id': 'default', 'user_domain_name': 'Default', 'user_id': 'f10fbad08b074c22b53ede2b59c8d1ec', 'system': None}, Network: None, Subnet: None, Router: None
2024-10-23 13:44:00.130 62297 INFO tempest.lib.common.rest_client [req-2c84d245-7604-440f-93f4-eb4bf4088b84 req-2c84d245-7604-440f-93f4-eb4bf4088b84 ] Request (ServersTestMultiNic:test_verify_duplicate_network_nics): 200 GET http://10.180.1.21/compute/v2.1/servers/45c32181-01a8-4e1e-9e0e-37035a298d55 0.133s
2024-10-23 13:44:00.168 62291 INFO tempest.lib.common.rest_client [req-e496e18e-fd36-47e9-bd61-be6ee8f52cb0 req-e496e18e-fd36-47e9-bd61-be6ee8f52cb0 ] Request (ListServerFiltersTestJSON:setUpClass): 200 GET http://10.180.1.21/compute/v2.1/servers/0a08bc46-0eea-4802-b0be-eb24f3507f73 0.138s
2024-10-23 13:44:00.169 62317 INFO tempest.lib.common.rest_client [req-870e9b35-17c1-42dc-8152-a5dff7bbe314 req-870e9b35-17c1-42dc-8152-a5dff7bbe314 ] Request (HypervisorAdminNegativeUnderV252Test:setUpClass): 201 POST http://10.180.1.21/identity/v3/auth/tokens 0.077s
2024-10-23 13:44:00.203 62299 INFO tempest.lib.common.rest_client [req-b8051069-2428-4f05-9860-713c28f1507c req-b8051069-2428-4f05-9860-713c28f1507c ] Request (ServersTestBootFromVolume:setUpClass): 201 POST http://10.180.1.21:9696/networking/v2.0/security-group-rules 0.270s
2024-10-23 13:44:00.227 62269 INFO tempest.lib.common.rest_client [req-7264049f-fe13-472d-959a-528868d4fd05 req-7264049f-fe13-472d-959a-528868d4fd05 ] Request (InstanceActionsNegativeTestJSON:setUpClass): 200 GET http://10.180.1.21/compute/v2.1/servers/a690ad15-2878-4fa7-a810-d155ce6b1a8c 0.168s
2024-10-23 13:44:00.241 62281 INFO tempest.lib.common.rest_client [req-ee5cee1c-6d5b-4d36-97fd-bc21c13d845c req-ee5cee1c-6d5b-4d36-97fd-bc21c13d845c ] Request (ServerActionsTestOtherB:setUpClass): 200 GET http://10.180.1.21/compute/v2.1/servers/e5f6387c-b941-4b3e-8c9a-8a643f7dd4b8 0.156s
2024-10-23 13:44:00.249 62317 INFO tempest.lib.common.rest_client [req-692e7370-acb3-4635-a2cf-7e1b7c3e17aa req-692e7370-acb3-4635-a2cf-7e1b7c3e17aa ] Request (HypervisorAdminNegativeUnderV252Test:setUpClass): 201 POST http://10.180.1.21/identity/v3/projects 0.080s
2024-10-23 13:44:00.293 62321 INFO tempest.lib.common.rest_client [req-25862635-1480-449d-9032-25cddf33f578 req-25862635-1480-449d-9032-25cddf33f578 ] Request (InstanceActionsV221TestJSON:test_get_list_deleted_instance_actions): 200 GET http://10.180.1.21/compute/v2.1/servers/d7de90c0-95e9-4899-92a0-81658831713a 0.150s
2024-10-23 13:44:00.305 62303 INFO tempest.lib.common.rest_client [req-cebbac95-1611-4a16-b779-32f1a4979b73 req-cebbac95-1611-4a16-b779-32f1a4979b73 ] Request (ImagesTestJSON:test_create_image_from_stopped_server): 200 GET http://10.180.1.21/compute/v2.1/servers/97e51e6c-9a3a-4b68-b737-d48090a22b1b 0.151s
2024-10-23 13:44:00.321 62299 INFO tempest.lib.common.rest_client [req-bffae3c6-0c1d-4007-bca1-ff9c21c643aa req-bffae3c6-0c1d-4007-bca1-ff9c21c643aa ] Request (ServersTestBootFromVolume:setUpClass): 201 POST http://10.180.1.21:9696/networking/v2.0/security-group-rules 0.118s
2024-10-23 13:44:00.327 62317 INFO tempest.lib.common.rest_client [req-f912366c-2d67-4bab-96ad-8ab516bdca35 req-f912366c-2d67-4bab-96ad-8ab516bdca35 ] Request (HypervisorAdminNegativeUnderV252Test:setUpClass): 201 POST http://10.180.1.21/identity/v3/users 0.077s
2024-10-23 13:44:00.346 62317 INFO tempest.lib.common.rest_client [req-b0b6dbd7-0278-4011-9bbe-258550f14e49 req-b0b6dbd7-0278-4011-9bbe-258550f14e49 ] Request (HypervisorAdminNegativeUnderV252Test:setUpClass): 200 GET http://10.180.1.21/identity/v3/roles 0.018s
2024-10-23 13:44:00.365 62285 INFO tempest.lib.common.rest_client [req-69737152-6a16-4e42-a1a2-012943fafdf6 req-69737152-6a16-4e42-a1a2-012943fafdf6 ] Request (FloatingIPsAssociationNegativeTestJSON:setUpClass): 200 GET http://10.180.1.21/compute/v2.1/servers/eee6b9e6-2707-4a3b-925b-a7f50cdc32cb 0.144s
2024-10-23 13:44:00.369 62279 INFO tempest.lib.common.rest_client [req-43e95e22-681f-44ae-bf3b-454caa480e29 req-43e95e22-681f-44ae-bf3b-454caa480e29 ] Request (ServerDiagnosticsTest:test_get_server_diagnostics): 200 GET http://10.180.1.21/compute/v2.1/servers/2cf18a04-6bf9-4f47-a920-2c568207057d 0.137s
2024-10-23 13:44:00.381 62317 INFO tempest.lib.common.rest_client [req-c13ac0c8-c2ae-49e6-b55e-edbfc776a46a req-c13ac0c8-c2ae-49e6-b55e-edbfc776a46a ] Request (HypervisorAdminNegativeUnderV252Test:setUpClass): 204 PUT http://10.180.1.21/identity/v3/projects/1a2b673c2d414edea50dfc35d958858d/users/3f2a831b083c4aaab8d9bdbb1857635a/roles/e48442df94794cdba07dc12314a83c45 0.035s
2024-10-23 13:44:00.436 62317 INFO tempest.lib.common.rest_client [req-da6b6d7c-65f1-46d7-9e18-ca605934d6e3 req-da6b6d7c-65f1-46d7-9e18-ca605934d6e3 ] Request (HypervisorAdminNegativeUnderV252Test:setUpClass): 200 GET http://10.180.1.21/identity/v3/roles 0.054s
2024-10-23 13:44:00.436 62259 INFO tempest.lib.common.rest_client [req-47111775-eaf7-42d3-a00a-72383390968c req-47111775-eaf7-42d3-a00a-72383390968c ] Request (FloatingIPsAssociationTestJSON:setUpClass): 200 GET http://10.180.1.21/compute/v2.1/servers/08d41411-7928-4379-9f2e-c6ce00843d82 0.135s
2024-10-23 13:44:00.450 62290 INFO tempest.lib.common.rest_client [req-4fdff8d2-27a4-4eac-a83e-35b78f81b9d9 req-4fdff8d2-27a4-4eac-a83e-35b78f81b9d9 ] Request (ServersTestJSON:setUpClass): 200 GET http://10.180.1.21/compute/v2.1/servers/0040f46d-9a60-4fa1-8a00-c08022e17df0 0.140s
2024-10-23 13:44:00.459 62317 INFO tempest.lib.common.rest_client [req-88c84a1f-ae8b-4904-be0a-f1b46ba21fe8 req-88c84a1f-ae8b-4904-be0a-f1b46ba21fe8 ] Request (HypervisorAdminNegativeUnderV252Test:setUpClass): 204 PUT http://10.180.1.21/identity/v3/projects/1a2b673c2d414edea50dfc35d958858d/users/3f2a831b083c4aaab8d9bdbb1857635a/roles/e48442df94794cdba07dc12314a83c45 0.023s
2024-10-23 13:44:00.459 62317 INFO tempest.lib.common.dynamic_creds [-] Dynamic test user 3f2a831b083c4aaab8d9bdbb1857635a is created with scope project and roles: ['admin']
2024-10-23 13:44:00.459 62317 INFO tempest.lib.common.dynamic_creds [-] Acquired dynamic creds: credentials: Credentials: {'domain_id': 'default', 'domain_name': 'Default', 'username': 'tempest-HypervisorAdminNegativeUnderV252Test-914869022-project-admin', 'project_domain_id': 'default', 'project_domain_name': 'Default', 'project_id': '1a2b673c2d414edea50dfc35d958858d', 'project_name': 'tempest-HypervisorAdminNegativeUnderV252Test-914869022', 'tenant_id': '1a2b673c2d414edea50dfc35d958858d', 'tenant_name': 'tempest-HypervisorAdminNegativeUnderV252Test-914869022', 'user_domain_id': 'default', 'user_domain_name': 'Default', 'user_id': '3f2a831b083c4aaab8d9bdbb1857635a', 'system': None}, Network: None, Subnet: None, Router: None
2024-10-23 13:44:00.460 62317 INFO tempest.lib.common.dynamic_creds [-] Created isolated network resources for: credentials: Credentials: {'domain_id': 'default', 'domain_name': 'Default', 'username': 'tempest-HypervisorAdminNegativeUnderV252Test-914869022-project-admin', 'project_domain_id': 'default', 'project_domain_name': 'Default', 'project_id': '1a2b673c2d414edea50dfc35d958858d', 'project_name': 'tempest-HypervisorAdminNegativeUnderV252Test-914869022', 'tenant_id': '1a2b673c2d414edea50dfc35d958858d', 'tenant_name': 'tempest-HypervisorAdminNegativeUnderV252Test-914869022', 'user_domain_id': 'default', 'user_domain_name': 'Default', 'user_id': '3f2a831b083c4aaab8d9bdbb1857635a', 'system': None}, Network: None, Subnet: None, Router: None
2024-10-23 13:44:00.508 62263 INFO tempest.lib.common.rest_client [req-4475159a-501f-4ae8-ad1d-9658c7d578c7 req-4475159a-501f-4ae8-ad1d-9658c7d578c7 ] Request (ServerExternalEventsTest:test_create_server_external_events): 200 GET http://10.180.1.21/compute/v2.1/servers/39cd204a-49c2-4309-9030-555056ab125e 0.142s
2024-10-23 13:44:00.513 62313 INFO tempest.lib.common.rest_client [req-6610b88c-7ce6-4344-bb2c-a1775ec95ad3 req-6610b88c-7ce6-4344-bb2c-a1775ec95ad3 ] Request (ServersWithSpecificFlavorTestJSON:tearDownClass): 204 DELETE http://10.180.1.21:9696/networking/v2.0/routers/66f7d588-ea3a-41ed-adb5-6ec4a4e7912b 0.834s
2024-10-23 13:44:00.526 62261 INFO tempest.lib.common.rest_client [req-df6dbf4b-513e-4317-a9a4-0426ca581822 req-df6dbf4b-513e-4317-a9a4-0426ca581822 ] Request (ImagesOneServerNegativeTestJSON:setUpClass): 200 GET http://10.180.1.21/compute/v2.1/servers/194588b4-fe40-4286-8036-874a7c410327 0.146s
2024-10-23 13:44:00.549 62317 INFO tempest.lib.common.rest_client [req-34c967df-328d-41ab-9ec8-7680128e1907 req-34c967df-328d-41ab-9ec8-7680128e1907 ] Request (HypervisorAdminNegativeUnderV252Test:setUpClass): 201 POST http://10.180.1.21/identity/v3/auth/tokens 0.083s
2024-10-23 13:44:00.574 62308 INFO tempest.lib.common.rest_client [req-46549c06-d040-4d2f-ba8e-ef235102687b req-46549c06-d040-4d2f-ba8e-ef235102687b ] Request (ServersAaction247Test:test_create_backup): 200 GET http://10.180.1.21/compute/v2.1/servers/5d54c3fd-b239-4965-b7a3-5909e8de8bc0 0.152s
2024-10-23 13:44:00.584 62309 INFO tempest.lib.common.rest_client [req-8abe3ec7-05fd-411a-ab1a-974004fe57f4 req-8abe3ec7-05fd-411a-ab1a-974004fe57f4 ] Request (MigrationsAdminTest:test_resize_server_revert_deleted_flavor): 200 GET http://10.180.1.21/compute/v2.1/servers/5fad2258-f694-4993-bf64-bfa16abc09ba 0.144s
2024-10-23 13:44:00.640 62287 INFO tempest.lib.common.rest_client [req-addad583-e692-4eb3-987d-7a06e503469f req-addad583-e692-4eb3-987d-7a06e503469f ] Request (ImagesNegativeTestJSON:test_create_image_from_deleted_server): 200 GET http://10.180.1.21/compute/v2.1/servers/cb319720-29ab-4ff2-a71e-f77ae8c85735 0.164s
2024-10-23 13:44:00.641 62293 INFO tempest.lib.common.rest_client [req-85781d5b-33ae-4e96-a06a-6c404f2cbc35 req-85781d5b-33ae-4e96-a06a-6c404f2cbc35 ] Request (AttachInterfacesUnderV243Test:test_add_remove_fixed_ip): 200 GET http://10.180.1.21/compute/v2.1/servers/f91a90f7-be73-424c-966c-1be6f37a0864 0.137s
2024-10-23 13:44:00.695 62315 INFO tempest.lib.common.rest_client [req-5e96f57f-be04-4d10-952c-3b0b7f31ce7a req-5e96f57f-be04-4d10-952c-3b0b7f31ce7a ] Request (AttachVolumeNegativeTest:test_attach_attached_volume_to_different_server): 200 GET http://10.180.1.21/compute/v2.1/servers/3624ca43-9ee3-418a-9205-debb699295df 0.156s
2024-10-23 13:44:00.735 62317 INFO tempest.lib.common.rest_client [req-2795c86c-1656-4792-8ddc-b68be0c1ae26 req-2795c86c-1656-4792-8ddc-b68be0c1ae26 ] Request (HypervisorAdminNegativeUnderV252Test:test_search_hypervisor_with_non_admin_user): 200 GET http://10.180.1.21/compute/v2.1/os-hypervisors 0.184s
2024-10-23 13:44:00.746 62271 INFO tempest.lib.common.rest_client [req-0e2ef897-dc8d-4007-a656-57fcc48124b9 req-0e2ef897-dc8d-4007-a656-57fcc48124b9 ] Request (ServersNegativeTestJSON:setUpClass): 200 GET http://10.180.1.21/compute/v2.1/servers/5bbdf138-0aaf-42d1-b5a1-4f7ebc650393 0.130s
2024-10-23 13:44:00.799 62317 INFO tempest.lib.common.rest_client [req-563532c1-4739-407f-9077-a349f52d626c req-563532c1-4739-407f-9077-a349f52d626c ] Request (HypervisorAdminNegativeUnderV252Test:test_search_hypervisor_with_non_admin_user): 403 GET http://10.180.1.21/compute/v2.1/os-hypervisors/domain-c8.fc996f14-c53b-4953-92e3-bdfa48f5cc28/search 0.063s
2024-10-23 13:44:00.804 62283 INFO tempest.lib.common.rest_client [req-db2a412b-457f-4ba3-8e41-36bd8d417dd0 req-db2a412b-457f-4ba3-8e41-36bd8d417dd0 ] Request (TenantUsagesTestJSON:setUpClass): 200 GET http://10.180.1.21/compute/v2.1/servers/a187f73b-8fb1-42b3-9a07-24d16aa0f152 0.051s
2024-10-23 13:44:00.818 62317 INFO tempest.lib.common.rest_client [req-53bea2ba-8de9-4423-a811-2e988387429a req-53bea2ba-8de9-4423-a811-2e988387429a ] Request (HypervisorAdminNegativeUnderV252Test:test_search_nonexistent_hypervisor): 404 GET http://10.180.1.21/compute/v2.1/os-hypervisors/nonexistent_hypervisor_name/search 0.017s
2024-10-23 13:44:00.837 62313 INFO tempest.lib.common.rest_client [req-c846b00e-4b5e-4b81-9dfb-4eecaa730b50 req-c846b00e-4b5e-4b81-9dfb-4eecaa730b50 ] Request (ServersWithSpecificFlavorTestJSON:tearDownClass): 204 DELETE http://10.180.1.21:9696/networking/v2.0/subnets/4ba76736-d5e1-44bf-b12c-76da01b99b89 0.324s
2024-10-23 13:44:00.858 62273 INFO tempest.lib.common.rest_client [req-c3a00f3f-91b6-486c-a973-e9555b31bea2 req-c3a00f3f-91b6-486c-a973-e9555b31bea2 ] Request (SecurityGroupsTestJSON:test_list_security_groups_by_server): 200 GET http://10.180.1.21/compute/v2.1/servers/e795e53e-af33-4d0c-8dbd-9c59f236acd7 0.087s
2024-10-23 13:44:00.869 62319 INFO tempest.lib.common.rest_client [req-a1a57b4c-1170-4aad-b58a-e96d6e8a2f55 req-a1a57b4c-1170-4aad-b58a-e96d6e8a2f55 ] Request (VolumesAdminNegativeTest:test_update_attached_volume_with_nonexistent_volume_in_uri): 200 GET http://10.180.1.21/compute/v2.1/servers/2e0f2d4e-aa3d-4b1a-8c8c-9338f75a07e3 0.060s
2024-10-23 13:44:00.876 62317 INFO tempest.lib.common.rest_client [req-45dc44bc-2b7e-4508-9824-594d4986111c req-45dc44bc-2b7e-4508-9824-594d4986111c ] Request (HypervisorAdminNegativeUnderV252Test:test_show_servers_with_non_admin_user): 200 GET http://10.180.1.21/compute/v2.1/os-hypervisors 0.057s
2024-10-23 13:44:00.916 62295 INFO tempest.lib.common.rest_client [req-4a5c1a62-20ab-4812-9e68-a8cc88aec805 req-4a5c1a62-20ab-4812-9e68-a8cc88aec805 ] Request (MultipleCreateTestJSON:test_multiple_create): 200 GET http://10.180.1.21/compute/v2.1/servers/5dcebdc4-5b1f-4dad-aca1-2bdcc68bc962 0.079s
2024-10-23 13:44:00.922 62317 INFO tempest.lib.common.rest_client [req-1e6014cb-8edd-4d36-be00-f52c39a5927b req-1e6014cb-8edd-4d36-be00-f52c39a5927b ] Request (HypervisorAdminNegativeUnderV252Test:test_show_servers_with_non_admin_user): 403 GET http://10.180.1.21/compute/v2.1/os-hypervisors/1/servers 0.045s
2024-10-23 13:44:00.933 62275 INFO tempest.lib.common.rest_client [req-2ce64514-0a2e-4a58-b1c0-c0b606f81464 req-2ce64514-0a2e-4a58-b1c0-c0b606f81464 ] Request (ServerActionsTestOtherA:setUpClass): 200 GET http://10.180.1.21/compute/v2.1/servers/56984993-a8b1-464e-b20c-79ffe67d2491 0.059s
2024-10-23 13:44:00.935 62317 INFO tempest.lib.common.rest_client [req-8c28d573-bcc1-4295-a266-997e58cc6e8a req-8c28d573-bcc1-4295-a266-997e58cc6e8a ] Request (HypervisorAdminNegativeUnderV252Test:test_show_servers_with_nonexistent_hypervisor): 404 GET http://10.180.1.21/compute/v2.1/os-hypervisors/f83fc1f7-40ad-41e2-90ae-818c7b76cdc6/servers 0.011s
2024-10-23 13:44:00.993 62302 INFO tempest.lib.common.rest_client [req-3d6b7fb7-3459-4722-b688-bc4683a15748 req-3d6b7fb7-3459-4722-b688-bc4683a15748 ] Request (ImagesOneServerTestJSON:setUpClass): 200 GET http://10.180.1.21/compute/v2.1/servers/623300f7-54d2-4b0a-b356-a1ae585682cb 0.054s
2024-10-23 13:44:00.993 62265 INFO tempest.lib.common.rest_client [req-b7c8c495-2154-4366-be9e-3e553704c6cf req-b7c8c495-2154-4366-be9e-3e553704c6cf ] Request (AttachVolumeShelveTestJSON:test_attach_volume_shelved_or_offload_server): 200 GET http://10.180.1.21/compute/v2.1/servers/f9a8e863-6e7f-4f00-b54a-78802659cd59 0.065s
2024-10-23 13:44:01.040 62299 INFO tempest.lib.common.rest_client [req-fc886e12-3365-4bd5-8a6d-50b2113a1cc8 req-fc886e12-3365-4bd5-8a6d-50b2113a1cc8 ] Request (ServersTestBootFromVolume:setUpClass): 201 POST http://10.180.1.21:9696/networking/v2.0/floatingips 0.718s
2024-10-23 13:44:01.086 62267 INFO tempest.lib.common.rest_client [req-5e7a1af6-00a8-47fd-a315-ea3ce9bc4890 req-5e7a1af6-00a8-47fd-a315-ea3ce9bc4890 ] Request (DeleteServersAdminTestJSON:test_delete_server_while_in_error_state): 200 GET http://10.180.1.21/compute/v2.1/servers/0e53c28c-a440-4e0e-9a4d-ff1d52557752 0.084s
2024-10-23 13:44:01.103 62305 INFO tempest.lib.common.rest_client [req-c4368393-a072-4082-816d-6e34fbbb0eb2 req-c4368393-a072-4082-816d-6e34fbbb0eb2 ] Request (InstanceActionsTestJSON:setUpClass): 200 GET http://10.180.1.21/compute/v2.1/servers/454a790d-3cb2-4ef2-995f-97e0eb1e2469 0.082s
2024-10-23 13:44:01.120 62317 INFO tempest.lib.common.rest_client [req-64d33467-4b92-4a02-acc7-401aa2974873 req-64d33467-4b92-4a02-acc7-401aa2974873 ] Request (HypervisorAdminNegativeUnderV252Test:tearDownClass): 204 DELETE http://10.180.1.21/identity/v3/users/f10fbad08b074c22b53ede2b59c8d1ec 0.184s
2024-10-23 13:44:01.127 62299 INFO tempest.lib.common.rest_client [req-ad8e5f61-7fa2-4ed8-b9bb-061d05d8baa5 req-ad8e5f61-7fa2-4ed8-b9bb-061d05d8baa5 ] Request (ServersTestBootFromVolume:setUpClass): 201 POST http://10.180.1.21/identity/v3/auth/tokens 0.082s
2024-10-23 13:44:01.127 62299 INFO tempest.lib.common.fixed_network [-] (ServersTestBootFromVolume:setUpClass) Found network {'id': '0c0a533e-c91b-4dff-83bd-6d5827b118ce', 'name': 'tempest-ServersTestBootFromVolume-179645556-network', 'tenant_id': '32fcf91353da4fcd978d20348493a522', 'admin_state_up': True, 'mtu': 8950, 'status': 'ACTIVE', 'subnets': [], 'shared': False, 'project_id': '32fcf91353da4fcd978d20348493a522', 'port_security_enabled': True, 'router:external': False, 'provider:network_type': 'vlan', 'provider:physical_network': 'default', 'provider:segmentation_id': 732, 'is_default': False, 'availability_zone_hints': [], 'availability_zones': [], 'ipv4_address_scope': None, 'ipv6_address_scope': None, 'description': '', 'tags': [], 'created_at': '2024-10-23T13:43:56Z', 'updated_at': '2024-10-23T13:43:56Z', 'revision_number': 1} available for tenant
