2024-10-23 13:43:41.640 62311 INFO tempest.lib.common.rest_client [req-a8174fdc-14a8-4813-be0f-440991796ce1 req-a8174fdc-14a8-4813-be0f-440991796ce1 ] Request (ServerActionsTestJSON:setUpClass): 200 GET http://10.180.1.21/compute/v2.1/servers/bda8d4eb-2fe2-40ac-9e5f-e7a8f8acdd94 0.054s
2024-10-23 13:43:41.672 62267 INFO tempest.lib.common.rest_client [req-7bc8b938-8a27-41f9-a13d-20c631d97652 req-7bc8b938-8a27-41f9-a13d-20c631d97652 ] Request (DeleteServersAdminTestJSON:test_delete_server_while_in_error_state): 200 GET http://10.180.1.21/compute/v2.1/servers/0e53c28c-a440-4e0e-9a4d-ff1d52557752 0.054s
2024-10-23 13:43:41.752 62297 INFO tempest.lib.common.rest_client [req-fa1ae5fe-262e-4b44-a995-ebf6baca8326 req-fa1ae5fe-262e-4b44-a995-ebf6baca8326 ] Request (ServersTestMultiNic:test_verify_duplicate_network_nics): 200 GET http://10.180.1.21/compute/v2.1/servers/45c32181-01a8-4e1e-9e0e-37035a298d55 0.066s
2024-10-23 13:43:41.757 62277 INFO tempest.lib.common.rest_client [req-420c8f1f-de9b-42e5-9be0-9e3306e9cb16 req-420c8f1f-de9b-42e5-9be0-9e3306e9cb16 ] Request (ServerShowV254Test:test_rebuild_server): 200 GET http://10.180.1.21/compute/v2.1/servers/0ff2f9f4-6d85-4465-8e0a-fb39f2a25c9b 0.075s
2024-10-23 13:43:41.821 62291 INFO tempest.lib.common.rest_client [req-3148fdf1-9e93-4877-8c0a-70b5a7548811 req-3148fdf1-9e93-4877-8c0a-70b5a7548811 ] Request (ListServerFiltersTestJSON:setUpClass): 200 GET http://10.180.1.21/compute/v2.1/servers/0a08bc46-0eea-4802-b0be-eb24f3507f73 0.072s
2024-10-23 13:43:41.825 62269 INFO tempest.lib.common.rest_client [req-10f4dc90-5a1c-44a1-9dd7-6367d60232c0 req-10f4dc90-5a1c-44a1-9dd7-6367d60232c0 ] Request (InstanceActionsNegativeTestJSON:setUpClass): 200 GET http://10.180.1.21/compute/v2.1/servers/a690ad15-2878-4fa7-a810-d155ce6b1a8c 0.090s
2024-10-23 13:43:41.883 62281 INFO tempest.lib.common.rest_client [req-9a573459-7a1d-4091-8fee-cfd506d78595 req-9a573459-7a1d-4091-8fee-cfd506d78595 ] Request (ServerActionsTestOtherB:setUpClass): 200 GET http://10.180.1.21/compute/v2.1/servers/e5f6387c-b941-4b3e-8c9a-8a643f7dd4b8 0.084s
2024-10-23 13:43:41.891 62321 INFO tempest.lib.common.rest_client [req-5b6b629d-f25f-4657-a85b-bdbfaf21fc28 req-5b6b629d-f25f-4657-a85b-bdbfaf21fc28 ] Request (InstanceActionsV221TestJSON:test_get_list_deleted_instance_actions): 200 GET http://10.180.1.21/compute/v2.1/servers/d7de90c0-95e9-4899-92a0-81658831713a 0.072s
2024-10-23 13:43:41.951 62303 INFO tempest.lib.common.rest_client [req-dbf0de92-8562-4e9d-ad27-106f4e9e3afc req-dbf0de92-8562-4e9d-ad27-106f4e9e3afc ] Request (ImagesTestJSON:test_create_image_from_stopped_server): 200 GET http://10.180.1.21/compute/v2.1/servers/97e51e6c-9a3a-4b68-b737-d48090a22b1b 0.097s
2024-10-23 13:43:41.961 62313 INFO tempest.lib.common.rest_client [req-a887aa4a-0d58-43c8-a1c6-397d662d86ae req-a887aa4a-0d58-43c8-a1c6-397d662d86ae ] Request (ServersWithSpecificFlavorTestJSON:test_verify_created_server_ephemeral_disk): 200 GET http://10.180.1.21/compute/v2.1/servers/4c67e82d-b51b-4820-af81-e6eefc7bcb36 0.071s
2024-10-23 13:43:42.006 62279 INFO tempest.lib.common.rest_client [req-628d7e4b-dfea-4747-86fd-f5a8147da8e2 req-628d7e4b-dfea-4747-86fd-f5a8147da8e2 ] Request (ServerDiagnosticsTest:test_get_server_diagnostics): 200 GET http://10.180.1.21/compute/v2.1/servers/2cf18a04-6bf9-4f47-a920-2c568207057d 0.095s
2024-10-23 13:43:42.012 62263 INFO tempest.lib.common.rest_client [req-15738944-d88c-4101-88fa-c741ef586226 req-15738944-d88c-4101-88fa-c741ef586226 ] Request (ServerExternalEventsTest:test_create_server_external_events): 200 GET http://10.180.1.21/compute/v2.1/servers/39cd204a-49c2-4309-9030-555056ab125e 0.082s
2024-10-23 13:43:42.053 62285 INFO tempest.lib.common.rest_client [req-cbafa871-a536-4a25-b6d7-f4d458ec5dae req-cbafa871-a536-4a25-b6d7-f4d458ec5dae ] Request (FloatingIPsAssociationNegativeTestJSON:setUpClass): 200 GET http://10.180.1.21/compute/v2.1/servers/eee6b9e6-2707-4a3b-925b-a7f50cdc32cb 0.095s
2024-10-23 13:43:42.224 62259 INFO tempest.lib.common.rest_client [req-380e8463-8656-4e90-87f4-4234a550fa3d req-380e8463-8656-4e90-87f4-4234a550fa3d ] Request (FloatingIPsAssociationTestJSON:setUpClass): 200 GET http://10.180.1.21/compute/v2.1/servers/08d41411-7928-4379-9f2e-c6ce00843d82 0.075s
2024-10-23 13:43:42.228 62261 INFO tempest.lib.common.rest_client [req-f7ee4a09-e3ad-42cd-b42c-d6368ab54e1b req-f7ee4a09-e3ad-42cd-b42c-d6368ab54e1b ] Request (ImagesOneServerNegativeTestJSON:setUpClass): 200 GET http://10.180.1.21/compute/v2.1/servers/194588b4-fe40-4286-8036-874a7c410327 0.069s
2024-10-23 13:43:42.288 62290 INFO tempest.lib.common.rest_client [req-27cf1f4e-9640-4f04-8098-d984f099ce2a req-27cf1f4e-9640-4f04-8098-d984f099ce2a ] Request (ServersTestJSON:setUpClass): 200 GET http://10.180.1.21/compute/v2.1/servers/0040f46d-9a60-4fa1-8a00-c08022e17df0 0.057s
2024-10-23 13:43:42.298 62317 INFO tempest.lib.common.rest_client [req-39ca81a7-103d-4598-90a9-152eddc33565 req-39ca81a7-103d-4598-90a9-152eddc33565 ] Request (VolumesAssistedSnapshotsTest:test_volume_assisted_snapshot_create_delete): 200 GET http://10.180.1.21/compute/v2.1/servers/1fde7ae0-c88c-4d7f-b657-355c20e2cb10 0.063s
2024-10-23 13:43:42.364 62283 INFO tempest.lib.common.rest_client [req-8b637154-d889-4871-af39-d93a7ee03af7 req-8b637154-d889-4871-af39-d93a7ee03af7 ] Request (TenantUsagesTestJSON:setUpClass): 200 GET http://10.180.1.21/compute/v2.1/servers/a187f73b-8fb1-42b3-9a07-24d16aa0f152 0.062s
2024-10-23 13:43:42.368 62308 INFO tempest.lib.common.rest_client [req-74018fe5-5cbf-4540-866f-1c642ef55e73 req-74018fe5-5cbf-4540-866f-1c642ef55e73 ] Request (ServersAaction247Test:test_create_backup): 200 GET http://10.180.1.21/compute/v2.1/servers/5d54c3fd-b239-4965-b7a3-5909e8de8bc0 0.063s
2024-10-23 13:43:42.426 62287 INFO tempest.lib.common.rest_client [req-21ca994b-de0d-48f0-88c0-4b4ee07f03fc req-21ca994b-de0d-48f0-88c0-4b4ee07f03fc ] Request (ImagesNegativeTestJSON:test_create_image_from_deleted_server): 200 GET http://10.180.1.21/compute/v2.1/servers/cb319720-29ab-4ff2-a71e-f77ae8c85735 0.059s
2024-10-23 13:43:42.435 62309 INFO tempest.lib.common.rest_client [req-40d4dbe6-aa70-417b-b8bc-e718b35ed76a req-40d4dbe6-aa70-417b-b8bc-e718b35ed76a ] Request (MigrationsAdminTest:test_resize_server_revert_deleted_flavor): 200 GET http://10.180.1.21/compute/v2.1/servers/5fad2258-f694-4993-bf64-bfa16abc09ba 0.063s
2024-10-23 13:43:42.455 62315 INFO tempest.lib.common.rest_client [req-0a9ce53c-1938-4756-af4a-7e9a9697c5df req-0a9ce53c-1938-4756-af4a-7e9a9697c5df ] Request (ServersNegativeTestMultiTenantJSON:tearDownClass): 200 PUT http://10.180.1.21:9696/networking/v2.0/routers/42ed45aa-0941-4b9d-80bb-141af09034a8/remove_router_interface 1.211s
2024-10-23 13:43:42.475 62271 INFO tempest.lib.common.rest_client [req-2728a5b3-88f1-4d1b-a14b-e834a20e67c0 req-2728a5b3-88f1-4d1b-a14b-e834a20e67c0 ] Request (ServersNegativeTestJSON:setUpClass): 200 GET http://10.180.1.21/compute/v2.1/servers/5bbdf138-0aaf-42d1-b5a1-4f7ebc650393 0.059s
2024-10-23 13:43:42.490 62293 INFO tempest.lib.common.rest_client [req-8318cf35-e41f-4399-bf9e-8844e375cbae req-8318cf35-e41f-4399-bf9e-8844e375cbae ] Request (AttachInterfacesUnderV243Test:test_add_remove_fixed_ip): 200 GET http://10.180.1.21/compute/v2.1/servers/f91a90f7-be73-424c-966c-1be6f37a0864 0.063s
2024-10-23 13:43:42.521 62299 INFO tempest.lib.common.rest_client [req-851f5eba-ec9e-4383-9e2b-9788ec4e04e7 req-851f5eba-ec9e-4383-9e2b-9788ec4e04e7 ] Request (FloatingIPDetailsTestJSON:setUpClass): 201 POST http://10.180.1.21:9696/networking/v2.0/routers 1.188s
2024-10-23 13:43:42.547 62319 INFO tempest.lib.common.rest_client [req-36c73f22-87f6-4bdd-99ef-3fdbacaf0c17 req-36c73f22-87f6-4bdd-99ef-3fdbacaf0c17 ] Request (VolumesAdminNegativeTest:test_update_attached_volume_with_nonexistent_volume_in_uri): 200 GET http://10.180.1.21/compute/v2.1/servers/2e0f2d4e-aa3d-4b1a-8c8c-9338f75a07e3 0.067s
2024-10-23 13:43:42.548 62273 INFO tempest.lib.common.rest_client [req-c1a7ee3e-4886-4fa5-b4cc-2da62b0ca577 req-c1a7ee3e-4886-4fa5-b4cc-2da62b0ca577 ] Request (SecurityGroupsTestJSON:test_list_security_groups_by_server): 200 GET http://10.180.1.21/compute/v2.1/servers/e795e53e-af33-4d0c-8dbd-9c59f236acd7 0.075s
2024-10-23 13:43:42.617 62265 INFO tempest.lib.common.rest_client [req-d5e3d99b-e97d-43c6-97bd-6cc4e97430e9 req-d5e3d99b-e97d-43c6-97bd-6cc4e97430e9 ] Request (AttachVolumeShelveTestJSON:test_attach_volume_shelved_or_offload_server): 200 GET http://10.180.1.21/compute/v2.1/servers/f9a8e863-6e7f-4f00-b54a-78802659cd59 0.087s
2024-10-23 13:43:42.687 62295 INFO tempest.lib.common.rest_client [req-03c59a8a-a518-4e37-a308-962351140e57 req-03c59a8a-a518-4e37-a308-962351140e57 ] Request (MultipleCreateTestJSON:test_multiple_create): 200 GET http://10.180.1.21/compute/v2.1/servers/5dcebdc4-5b1f-4dad-aca1-2bdcc68bc962 0.109s
2024-10-23 13:43:42.756 62275 INFO tempest.lib.common.rest_client [req-27bb87f6-209a-425f-b11e-bcc42e573356 req-27bb87f6-209a-425f-b11e-bcc42e573356 ] Request (ServerActionsTestOtherA:setUpClass): 200 GET http://10.180.1.21/compute/v2.1/servers/56984993-a8b1-464e-b20c-79ffe67d2491 0.162s
2024-10-23 13:43:42.770 62305 INFO tempest.lib.common.rest_client [req-a353dc33-8dfd-4b5a-9a9b-2bed52727383 req-a353dc33-8dfd-4b5a-9a9b-2bed52727383 ] Request (InstanceActionsTestJSON:setUpClass): 200 GET http://10.180.1.21/compute/v2.1/servers/454a790d-3cb2-4ef2-995f-97e0eb1e2469 0.230s
2024-10-23 13:43:42.776 62305 INFO tempest.common.waiters [-] State transition "BUILD/networking" ==> "BUILD/spawning" after 59 second wait
2024-10-23 13:43:42.833 62302 INFO tempest.lib.common.rest_client [req-75851544-036d-4fc5-9f91-84904e5c4772 req-75851544-036d-4fc5-9f91-84904e5c4772 ] Request (ImagesOneServerTestJSON:setUpClass): 200 GET http://10.180.1.21/compute/v2.1/servers/623300f7-54d2-4b0a-b356-a1ae585682cb 0.208s
2024-10-23 13:43:42.835 62311 INFO tempest.lib.common.rest_client [req-b4b9023b-5ae6-4bd7-9c38-3ddd22703e14 req-b4b9023b-5ae6-4bd7-9c38-3ddd22703e14 ] Request (ServerActionsTestJSON:setUpClass): 200 GET http://10.180.1.21/compute/v2.1/servers/bda8d4eb-2fe2-40ac-9e5f-e7a8f8acdd94 0.185s
2024-10-23 13:43:42.899 62267 INFO tempest.lib.common.rest_client [req-e65a62a0-63b0-40c3-a195-5279362845cc req-e65a62a0-63b0-40c3-a195-5279362845cc ] Request (DeleteServersAdminTestJSON:test_delete_server_while_in_error_state): 200 GET http://10.180.1.21/compute/v2.1/servers/0e53c28c-a440-4e0e-9a4d-ff1d52557752 0.220s
2024-10-23 13:43:42.914 62277 INFO tempest.lib.common.rest_client [req-25c2dd0b-53cb-4d52-9a5d-8ba5f0c02d6d req-25c2dd0b-53cb-4d52-9a5d-8ba5f0c02d6d ] Request (ServerShowV254Test:test_rebuild_server): 200 GET http://10.180.1.21/compute/v2.1/servers/0ff2f9f4-6d85-4465-8e0a-fb39f2a25c9b 0.147s
2024-10-23 13:43:42.965 62297 INFO tempest.lib.common.rest_client [req-83a04d46-6fb9-40c5-bfd9-8fdc20d26a9f req-83a04d46-6fb9-40c5-bfd9-8fdc20d26a9f ] Request (ServersTestMultiNic:test_verify_duplicate_network_nics): 200 GET http://10.180.1.21/compute/v2.1/servers/45c32181-01a8-4e1e-9e0e-37035a298d55 0.197s
2024-10-23 13:43:42.975 62291 INFO tempest.lib.common.rest_client [req-40e28244-4115-4ceb-946b-34bb01a8b09f req-40e28244-4115-4ceb-946b-34bb01a8b09f ] Request (ListServerFiltersTestJSON:setUpClass): 200 GET http://10.180.1.21/compute/v2.1/servers/0a08bc46-0eea-4802-b0be-eb24f3507f73 0.144s
2024-10-23 13:43:43.022 62315 INFO tempest.lib.common.rest_client [req-c5c9e03c-38ee-4f27-9e85-4132606d4970 req-c5c9e03c-38ee-4f27-9e85-4132606d4970 ] Request (ServersNegativeTestMultiTenantJSON:tearDownClass): 204 DELETE http://10.180.1.21:9696/networking/v2.0/routers/42ed45aa-0941-4b9d-80bb-141af09034a8 0.566s
2024-10-23 13:43:43.028 62269 INFO tempest.lib.common.rest_client [req-0aa034e1-357b-4a5f-9e90-aaabc3ccccde req-0aa034e1-357b-4a5f-9e90-aaabc3ccccde ] Request (InstanceActionsNegativeTestJSON:setUpClass): 200 GET http://10.180.1.21/compute/v2.1/servers/a690ad15-2878-4fa7-a810-d155ce6b1a8c 0.189s
2024-10-23 13:43:43.039 62281 INFO tempest.lib.common.rest_client [req-93466391-5331-4818-887d-3937e7e42875 req-93466391-5331-4818-887d-3937e7e42875 ] Request (ServerActionsTestOtherB:setUpClass): 200 GET http://10.180.1.21/compute/v2.1/servers/e5f6387c-b941-4b3e-8c9a-8a643f7dd4b8 0.143s
2024-10-23 13:43:43.091 62321 INFO tempest.lib.common.rest_client [req-565e66d4-87c3-4d73-966b-6f5657b03bcd req-565e66d4-87c3-4d73-966b-6f5657b03bcd ] Request (InstanceActionsV221TestJSON:test_get_list_deleted_instance_actions): 200 GET http://10.180.1.21/compute/v2.1/servers/d7de90c0-95e9-4899-92a0-81658831713a 0.190s
2024-10-23 13:43:43.098 62303 INFO tempest.lib.common.rest_client [req-f4f205ea-7744-47c4-bcd5-32dee708828a req-f4f205ea-7744-47c4-bcd5-32dee708828a ] Request (ImagesTestJSON:test_create_image_from_stopped_server): 200 GET http://10.180.1.21/compute/v2.1/servers/97e51e6c-9a3a-4b68-b737-d48090a22b1b 0.137s
2024-10-23 13:43:43.161 62313 INFO tempest.lib.common.rest_client [req-2bfead2c-1458-4eed-9822-8ecfcb2763f0 req-2bfead2c-1458-4eed-9822-8ecfcb2763f0 ] Request (ServersWithSpecificFlavorTestJSON:test_verify_created_server_ephemeral_disk): 200 GET http://10.180.1.21/compute/v2.1/servers/4c67e82d-b51b-4820-af81-e6eefc7bcb36 0.191s
2024-10-23 13:43:43.162 62279 INFO tempest.lib.common.rest_client [req-edce8071-8d64-4a62-9308-7901569f8eb8 req-edce8071-8d64-4a62-9308-7901569f8eb8 ] Request (ServerDiagnosticsTest:test_get_server_diagnostics): 200 GET http://10.180.1.21/compute/v2.1/servers/2cf18a04-6bf9-4f47-a920-2c568207057d 0.150s
2024-10-23 13:43:43.223 62315 INFO tempest.lib.common.rest_client [req-476173c2-f13b-47d5-be51-31ea562ad599 req-476173c2-f13b-47d5-be51-31ea562ad599 ] Request (ServersNegativeTestMultiTenantJSON:tearDownClass): 204 DELETE http://10.180.1.21:9696/networking/v2.0/subnets/93c542b9-9a36-4f19-bcec-ee1494f44d27 0.201s
2024-10-23 13:43:43.223 62285 INFO tempest.lib.common.rest_client [req-f50b5152-7960-4c50-acd6-4a578a7c3b93 req-f50b5152-7960-4c50-acd6-4a578a7c3b93 ] Request (FloatingIPsAssociationNegativeTestJSON:setUpClass): 200 GET http://10.180.1.21/compute/v2.1/servers/eee6b9e6-2707-4a3b-925b-a7f50cdc32cb 0.158s
2024-10-23 13:43:43.230 62263 INFO tempest.lib.common.rest_client [req-5c761cfb-01ca-4bf6-9fdb-bf4870d35cf8 req-5c761cfb-01ca-4bf6-9fdb-bf4870d35cf8 ] Request (ServerExternalEventsTest:test_create_server_external_events): 200 GET http://10.180.1.21/compute/v2.1/servers/39cd204a-49c2-4309-9030-555056ab125e 0.207s
2024-10-23 13:43:43.297 62259 INFO tempest.lib.common.rest_client [req-3cd8b27d-9a72-4cd2-acc1-43f07c4a051b req-3cd8b27d-9a72-4cd2-acc1-43f07c4a051b ] Request (FloatingIPsAssociationTestJSON:setUpClass): 200 GET http://10.180.1.21/compute/v2.1/servers/08d41411-7928-4379-9f2e-c6ce00843d82 0.064s
2024-10-23 13:43:43.300 62261 INFO tempest.lib.common.rest_client [req-478d63ab-5356-4663-97c5-aec6194355b3 req-478d63ab-5356-4663-97c5-aec6194355b3 ] Request (ImagesOneServerNegativeTestJSON:setUpClass): 200 GET http://10.180.1.21/compute/v2.1/servers/194588b4-fe40-4286-8036-874a7c410327 0.063s
2024-10-23 13:43:43.357 62290 INFO tempest.lib.common.rest_client [req-ac79227a-5145-412c-8e78-5e7a0ad6b1c2 req-ac79227a-5145-412c-8e78-5e7a0ad6b1c2 ] Request (ServersTestJSON:setUpClass): 200 GET http://10.180.1.21/compute/v2.1/servers/0040f46d-9a60-4fa1-8a00-c08022e17df0 0.058s
2024-10-23 13:43:43.357 62317 INFO tempest.lib.common.rest_client [req-962ac1bc-57bf-4f88-9e3a-c61e08aab9d2 req-962ac1bc-57bf-4f88-9e3a-c61e08aab9d2 ] Request (VolumesAssistedSnapshotsTest:test_volume_assisted_snapshot_create_delete): 200 GET http://10.180.1.21/compute/v2.1/servers/1fde7ae0-c88c-4d7f-b657-355c20e2cb10 0.052s
2024-10-23 13:43:43.422 62283 INFO tempest.lib.common.rest_client [req-4ee47916-7234-40dd-8589-6733d84c6431 req-4ee47916-7234-40dd-8589-6733d84c6431 ] Request (TenantUsagesTestJSON:setUpClass): 200 GET http://10.180.1.21/compute/v2.1/servers/a187f73b-8fb1-42b3-9a07-24d16aa0f152 0.050s
2024-10-23 13:43:43.441 62308 INFO tempest.lib.common.rest_client [req-92f370ef-49a7-4aa7-aa58-c01f5eedd95e req-92f370ef-49a7-4aa7-aa58-c01f5eedd95e ] Request (ServersAaction247Test:test_create_backup): 200 GET http://10.180.1.21/compute/v2.1/servers/5d54c3fd-b239-4965-b7a3-5909e8de8bc0 0.062s
2024-10-23 13:43:43.497 62309 INFO tempest.lib.common.rest_client [req-50206bef-d336-4b43-a99f-ad4ab69d3cd6 req-50206bef-d336-4b43-a99f-ad4ab69d3cd6 ] Request (MigrationsAdminTest:test_resize_server_revert_deleted_flavor): 200 GET http://10.180.1.21/compute/v2.1/servers/5fad2258-f694-4993-bf64-bfa16abc09ba 0.051s
2024-10-23 13:43:43.500 62287 INFO tempest.lib.common.rest_client [req-b126f246-939a-4f7f-a455-a6fcc0fb1759 req-b126f246-939a-4f7f-a455-a6fcc0fb1759 ] Request (ImagesNegativeTestJSON:test_create_image_from_deleted_server): 200 GET http://10.180.1.21/compute/v2.1/servers/cb319720-29ab-4ff2-a71e-f77ae8c85735 0.061s
2024-10-23 13:43:43.558 62293 INFO tempest.lib.common.rest_client [req-ced5b312-4554-4a05-bdc0-8f49c9f567bc req-ced5b312-4554-4a05-bdc0-8f49c9f567bc ] Request (AttachInterfacesUnderV243Test:test_add_remove_fixed_ip): 200 GET http://10.180.1.21/compute/v2.1/servers/f91a90f7-be73-424c-966c-1be6f37a0864 0.060s
2024-10-23 13:43:43.559 62271 INFO tempest.lib.common.rest_client [req-93fd59f7-f043-470d-a634-3282bdf94a93 req-93fd59f7-f043-470d-a634-3282bdf94a93 ] Request (ServersNegativeTestJSON:setUpClass): 200 GET http://10.180.1.21/compute/v2.1/servers/5bbdf138-0aaf-42d1-b5a1-4f7ebc650393 0.077s
2024-10-23 13:43:43.583 62315 INFO tempest.lib.common.rest_client [req-a47009d7-a91d-45e1-bb6e-1035f7d70dc1 req-a47009d7-a91d-45e1-bb6e-1035f7d70dc1 ] Request (ServersNegativeTestMultiTenantJSON:tearDownClass): 204 DELETE http://10.180.1.21:9696/networking/v2.0/networks/bd71c6c4-d30d-4193-a46c-483160053caa 0.359s
2024-10-23 13:43:43.631 62273 INFO tempest.lib.common.rest_client [req-4c3a4420-5fb7-48bd-ab25-79bfb4c45f98 req-4c3a4420-5fb7-48bd-ab25-79bfb4c45f98 ] Request (SecurityGroupsTestJSON:test_list_security_groups_by_server): 200 GET http://10.180.1.21/compute/v2.1/servers/e795e53e-af33-4d0c-8dbd-9c59f236acd7 0.064s
2024-10-23 13:43:43.631 62319 INFO tempest.lib.common.rest_client [req-47ff95d9-234c-46d1-90d0-ae659aa22978 req-47ff95d9-234c-46d1-90d0-ae659aa22978 ] Request (VolumesAdminNegativeTest:test_update_attached_volume_with_nonexistent_volume_in_uri): 200 GET http://10.180.1.21/compute/v2.1/servers/2e0f2d4e-aa3d-4b1a-8c8c-9338f75a07e3 0.068s
2024-10-23 13:43:43.685 62265 INFO tempest.lib.common.rest_client [req-4f77f5a1-3b89-4611-8879-cef05e932ca1 req-4f77f5a1-3b89-4611-8879-cef05e932ca1 ] Request (AttachVolumeShelveTestJSON:test_attach_volume_shelved_or_offload_server): 200 GET http://10.180.1.21/compute/v2.1/servers/f9a8e863-6e7f-4f00-b54a-78802659cd59 0.056s
2024-10-23 13:43:43.686 62315 INFO tempest.lib.common.rest_client [req-132dddff-74f4-4f3e-9d34-1dbc134038d4 req-132dddff-74f4-4f3e-9d34-1dbc134038d4 ] Request (ServersNegativeTestMultiTenantJSON:tearDownClass): 204 DELETE http://10.180.1.21/identity/v3/users/c310e3d424ef4e189341d281c67ba71f 0.102s
2024-10-23 13:43:43.752 62299 INFO tempest.lib.common.rest_client [req-e8ed8663-801f-473d-bb7d-4cf0457cef49 req-e8ed8663-801f-473d-bb7d-4cf0457cef49 ] Request (FloatingIPDetailsTestJSON:setUpClass): 200 PUT http://10.180.1.21:9696/networking/v2.0/routers/f87408dd-99aa-40e3-86aa-29e9db6384e6/add_router_interface 1.231s
2024-10-23 13:43:43.753 62299 INFO tempest.lib.common.dynamic_creds [-] Created isolated network resources for: credentials: Credentials: {'domain_id': 'default', 'domain_name': 'Default', 'username': 'tempest-FloatingIPDetailsTestJSON-1522101060-project-member', 'project_domain_id': 'default', 'project_domain_name': 'Default', 'project_id': '306a12b644a647e1843d661f04c3089d', 'project_name': 'tempest-FloatingIPDetailsTestJSON-1522101060', 'tenant_id': '306a12b644a647e1843d661f04c3089d', 'tenant_name': 'tempest-FloatingIPDetailsTestJSON-1522101060', 'user_domain_id': 'default', 'user_domain_name': 'Default', 'user_id': '89b9870348fc493fb915661177253c31', 'system': None}, Network: {'id': 'eff681d0-f5d9-483d-b741-a9c80388c293', 'name': 'tempest-FloatingIPDetailsTestJSON-1078868892-network', 'tenant_id': '306a12b644a647e1843d661f04c3089d', 'admin_state_up': True, 'mtu': 8950, 'status': 'ACTIVE', 'subnets': [], 'shared': False, 'project_id': '306a12b644a647e1843d661f04c3089d', 'port_security_enabled': True, 'router:external': False, 'provider:network_type': 'vlan', 'provider:physical_network': 'default', 'provider:segmentation_id': 15, 'is_default': False, 'availability_zone_hints': [], 'availability_zones': [], 'ipv4_address_scope': None, 'ipv6_address_scope': None, 'description': '', 'tags': [], 'created_at': '2024-10-23T13:43:40Z', 'updated_at': '2024-10-23T13:43:40Z', 'revision_number': 1}, Subnet: {'id': 'baaf15f1-c974-4bac-b77a-8ea355c79207', 'name': 'tempest-FloatingIPDetailsTestJSON-1078868892-subnet', 'tenant_id': '306a12b644a647e1843d661f04c3089d', 'network_id': 'eff681d0-f5d9-483d-b741-a9c80388c293', 'ip_version': 4, 'subnetpool_id': None, 'enable_dhcp': True, 'ipv6_ra_mode': None, 'ipv6_address_mode': None, 'gateway_ip': '192.168.128.1', 'cidr': '192.168.128.0/28', 'allocation_pools': [{'start': '192.168.128.2', 'end': '192.168.128.14'}], 'host_routes': [], 'dns_nameservers': [], 'description': '', 'router:external': False, 'service_types': [], 'tags': [], 'created_at': '2024-10-23T13:43:40Z', 'updated_at': '2024-10-23T13:43:40Z', 'revision_number': 0, 'project_id': '306a12b644a647e1843d661f04c3089d'}, Router: {'id': 'f87408dd-99aa-40e3-86aa-29e9db6384e6', 'name': 'tempest-FloatingIPDetailsTestJSON-1078868892-router', 'tenant_id': '306a12b644a647e1843d661f04c3089d', 'admin_state_up': True, 'status': 'ACTIVE', 'external_gateway_info': {'network_id': 'b5676781-8886-4984-8b6c-82a25e76fa61', 'external_fixed_ips': [{'subnet_id': 'cfb89e6a-4f48-4773-9f6a-da7eaa25e674', 'ip_address': '10.180.180.147'}], 'enable_snat': True}, 'description': '', 'availability_zones': [], 'distributed': False, 'ha': False, 'availability_zone_hints': [], 'routes': [], 'flavor_id': None, 'tags': [], 'created_at': '2024-10-23T13:43:41Z', 'updated_at': '2024-10-23T13:43:41Z', 'revision_number': 2, 'project_id': '306a12b644a647e1843d661f04c3089d'}
2024-10-23 13:43:43.770 62295 INFO tempest.lib.common.rest_client [req-501bcd8b-590a-4571-b887-8b7afc64baa9 req-501bcd8b-590a-4571-b887-8b7afc64baa9 ] Request (MultipleCreateTestJSON:test_multiple_create): 200 GET http://10.180.1.21/compute/v2.1/servers/5dcebdc4-5b1f-4dad-aca1-2bdcc68bc962 0.069s
2024-10-23 13:43:43.810 62315 INFO tempest.lib.common.rest_client [req-a83ab608-3a9d-43a8-b9c5-44912f84e457 req-a83ab608-3a9d-43a8-b9c5-44912f84e457 ] Request (ServersNegativeTestMultiTenantJSON:tearDownClass): 204 DELETE http://10.180.1.21/identity/v3/users/a16383eff593446c826d3ca6b36b3e5d 0.124s
2024-10-23 13:43:43.810 62315 INFO tempest.lib.common.dynamic_creds [-] Deleting project and security group for project: 2926b8d350eb4d92b4ced93dd2713bf8
2024-10-23 13:43:43.844 62299 INFO tempest.lib.common.rest_client [req-17a0a8d3-d3b2-4d33-b770-4503279a06b4 req-17a0a8d3-d3b2-4d33-b770-4503279a06b4 ] Request (FloatingIPDetailsTestJSON:setUpClass): 201 POST http://10.180.1.21/identity/v3/auth/tokens 0.087s
2024-10-23 13:43:43.846 62275 INFO tempest.lib.common.rest_client [req-998050fd-65bf-4b30-b959-864bdc96a42e req-998050fd-65bf-4b30-b959-864bdc96a42e ] Request (ServerActionsTestOtherA:setUpClass): 200 GET http://10.180.1.21/compute/v2.1/servers/56984993-a8b1-464e-b20c-79ffe67d2491 0.081s
2024-10-23 13:43:43.851 62315 INFO tempest.lib.common.rest_client [req-f567f9fb-20d1-4e0d-ae48-d391cfe9f9f8 req-f567f9fb-20d1-4e0d-ae48-d391cfe9f9f8 ] Request (ServersNegativeTestMultiTenantJSON:tearDownClass): 200 GET http://10.180.1.21:9696/networking/v2.0/security-groups?tenant_id=2926b8d350eb4d92b4ced93dd2713bf8&name=default 0.040s
2024-10-23 13:43:43.857 62305 INFO tempest.lib.common.rest_client [req-c7d253c3-4618-430a-8139-eb6491d7532c req-c7d253c3-4618-430a-8139-eb6491d7532c ] Request (InstanceActionsTestJSON:setUpClass): 200 GET http://10.180.1.21/compute/v2.1/servers/454a790d-3cb2-4ef2-995f-97e0eb1e2469 0.079s
2024-10-23 13:43:43.919 62302 INFO tempest.lib.common.rest_client [req-ddaf2eaf-6d66-4e78-956c-1f1799dffc93 req-ddaf2eaf-6d66-4e78-956c-1f1799dffc93 ] Request (ImagesOneServerTestJSON:setUpClass): 200 GET http://10.180.1.21/compute/v2.1/servers/623300f7-54d2-4b0a-b356-a1ae585682cb 0.079s
2024-10-23 13:43:43.926 62311 INFO tempest.lib.common.rest_client [req-bc0324bc-b3a0-4ef2-a636-4706d251742f req-bc0324bc-b3a0-4ef2-a636-4706d251742f ] Request (ServerActionsTestJSON:setUpClass): 200 GET http://10.180.1.21/compute/v2.1/servers/bda8d4eb-2fe2-40ac-9e5f-e7a8f8acdd94 0.081s
2024-10-23 13:43:43.945 62315 INFO tempest.lib.common.rest_client [req-0c7f6376-2d79-4659-9301-a9292a036b05 req-0c7f6376-2d79-4659-9301-a9292a036b05 ] Request (ServersNegativeTestMultiTenantJSON:tearDownClass): 204 DELETE http://10.180.1.21:9696/networking/v2.0/security-groups/0b331b49-92e6-47c7-934c-c1a5bc08d30b 0.093s
2024-10-23 13:43:43.994 62267 INFO tempest.lib.common.rest_client [req-2b1b585b-0169-405b-b2a4-2d8ddc626e1e req-2b1b585b-0169-405b-b2a4-2d8ddc626e1e ] Request (DeleteServersAdminTestJSON:test_delete_server_while_in_error_state): 200 GET http://10.180.1.21/compute/v2.1/servers/0e53c28c-a440-4e0e-9a4d-ff1d52557752 0.084s
2024-10-23 13:43:44.068 62277 INFO tempest.lib.common.rest_client [req-6c89d5fc-b9cd-4fd1-bd43-c5e07d334aca req-6c89d5fc-b9cd-4fd1-bd43-c5e07d334aca ] Request (ServerShowV254Test:test_rebuild_server): 200 GET http://10.180.1.21/compute/v2.1/servers/0ff2f9f4-6d85-4465-8e0a-fb39f2a25c9b 0.142s
2024-10-23 13:43:44.133 62315 INFO tempest.lib.common.rest_client [req-d82fffc7-d587-4d4b-8a22-22624c5b0f4b req-d82fffc7-d587-4d4b-8a22-22624c5b0f4b ] Request (ServersNegativeTestMultiTenantJSON:tearDownClass): 204 DELETE http://10.180.1.21/identity/v3/projects/2926b8d350eb4d92b4ced93dd2713bf8 0.187s
2024-10-23 13:43:44.133 62315 INFO tempest.lib.common.dynamic_creds [-] Deleting project and security group for project: 952aba5d63eb4c548447780336a87b4f
2024-10-23 13:43:44.133 62297 INFO tempest.lib.common.rest_client [req-eef6b1a0-c95a-4b2e-a69a-d39b93df3180 req-eef6b1a0-c95a-4b2e-a69a-d39b93df3180 ] Request (ServersTestMultiNic:test_verify_duplicate_network_nics): 200 GET http://10.180.1.21/compute/v2.1/servers/45c32181-01a8-4e1e-9e0e-37035a298d55 0.161s
2024-10-23 13:43:44.208 62315 INFO tempest.lib.common.rest_client [req-065c90b2-6b65-4147-8c67-a1bfa58674f0 req-065c90b2-6b65-4147-8c67-a1bfa58674f0 ] Request (ServersNegativeTestMultiTenantJSON:tearDownClass): 200 GET http://10.180.1.21:9696/networking/v2.0/security-groups?tenant_id=952aba5d63eb4c548447780336a87b4f&name=default 0.075s
2024-10-23 13:43:44.306 62315 INFO tempest.lib.common.rest_client [req-df85172f-e262-4606-a7bd-80214d13fd77 req-df85172f-e262-4606-a7bd-80214d13fd77 ] Request (ServersNegativeTestMultiTenantJSON:tearDownClass): 204 DELETE http://10.180.1.21:9696/networking/v2.0/security-groups/32fb82bc-2f1f-4199-9c1a-6051fc3f6432 0.097s
2024-10-23 13:43:44.392 62291 INFO tempest.lib.common.rest_client [req-22a16d28-411c-4964-b0db-444d1629927e req-22a16d28-411c-4964-b0db-444d1629927e ] Request (ListServerFiltersTestJSON:setUpClass): 200 GET http://10.180.1.21/compute/v2.1/servers/0a08bc46-0eea-4802-b0be-eb24f3507f73 0.407s
2024-10-23 13:43:44.398 62315 INFO tempest.lib.common.rest_client [req-8e6fa5e2-d618-49b4-9093-30a92d4f0210 req-8e6fa5e2-d618-49b4-9093-30a92d4f0210 ] Request (ServersNegativeTestMultiTenantJSON:tearDownClass): 204 DELETE http://10.180.1.21/identity/v3/projects/952aba5d63eb4c548447780336a87b4f 0.092s
2024-10-23 13:43:44.402 62291 INFO tempest.common.waiters [-] State transition "BUILD/None" ==> "BUILD/networking" after 61 second wait
2024-10-23 13:43:44.470 62269 INFO tempest.lib.common.rest_client [req-f72520c6-46e0-435c-a8ce-d9dcfb453ab3 req-f72520c6-46e0-435c-a8ce-d9dcfb453ab3 ] Request (InstanceActionsNegativeTestJSON:setUpClass): 200 GET http://10.180.1.21/compute/v2.1/servers/a690ad15-2878-4fa7-a810-d155ce6b1a8c 0.434s
2024-10-23 13:43:44.472 62315 INFO tempest.lib.common.rest_client [req-ff8c7a1f-41f1-4e90-a7c8-880f3c38d65b req-ff8c7a1f-41f1-4e90-a7c8-880f3c38d65b ] Request (AttachVolumeNegativeTest:setUpClass): 201 POST http://10.180.1.21/identity/v3/auth/tokens 0.070s
2024-10-23 13:43:44.505 62315 INFO tempest.lib.common.rest_client [req-54ec6b36-a499-49cc-a8aa-d44864156170 req-54ec6b36-a499-49cc-a8aa-d44864156170 ] Request (AttachVolumeNegativeTest:setUpClass): 201 POST http://10.180.1.21/identity/v3/auth/tokens 0.030s
2024-10-23 13:43:44.532 62315 INFO tempest.lib.common.rest_client [req-e7e4353f-66e8-40fb-baef-7e33d4ccfb2f req-e7e4353f-66e8-40fb-baef-7e33d4ccfb2f ] Request (AttachVolumeNegativeTest:setUpClass): 200 GET http://10.180.1.21/identity/v3/domains?name=Default 0.026s
2024-10-23 13:43:44.534 62281 INFO tempest.lib.common.rest_client [req-18639169-38ed-4b9b-a8fb-95cdd6114eb9 req-18639169-38ed-4b9b-a8fb-95cdd6114eb9 ] Request (ServerActionsTestOtherB:setUpClass): 200 GET http://10.180.1.21/compute/v2.1/servers/e5f6387c-b941-4b3e-8c9a-8a643f7dd4b8 0.484s
2024-10-23 13:43:44.567 62315 INFO tempest.lib.common.rest_client [req-d9ad779a-486f-4862-9f17-e489eef3744d req-d9ad779a-486f-4862-9f17-e489eef3744d ] Request (AttachVolumeNegativeTest:setUpClass): 201 POST http://10.180.1.21/identity/v3/projects 0.035s
2024-10-23 13:43:44.598 62321 INFO tempest.lib.common.rest_client [req-f62b1ff0-bf25-46fa-b005-43a0c04afb5b req-f62b1ff0-bf25-46fa-b005-43a0c04afb5b ] Request (InstanceActionsV221TestJSON:test_get_list_deleted_instance_actions): 200 GET http://10.180.1.21/compute/v2.1/servers/d7de90c0-95e9-4899-92a0-81658831713a 0.495s
2024-10-23 13:43:44.632 62315 INFO tempest.lib.common.rest_client [req-304bbf1b-7bdc-48f6-b3a6-819d22b89f78 req-304bbf1b-7bdc-48f6-b3a6-819d22b89f78 ] Request (AttachVolumeNegativeTest:setUpClass): 201 POST http://10.180.1.21/identity/v3/users 0.064s
2024-10-23 13:43:44.651 62315 INFO tempest.lib.common.rest_client [req-a2a4d6a1-b90a-450b-869b-2dd5dde5fb76 req-a2a4d6a1-b90a-450b-869b-2dd5dde5fb76 ] Request (AttachVolumeNegativeTest:setUpClass): 200 GET http://10.180.1.21/identity/v3/roles 0.019s
2024-10-23 13:43:44.670 62303 INFO tempest.lib.common.rest_client [req-294252c8-9db2-43cf-9c78-42fe9a70f50c req-294252c8-9db2-43cf-9c78-42fe9a70f50c ] Request (ImagesTestJSON:test_create_image_from_stopped_server): 200 GET http://10.180.1.21/compute/v2.1/servers/97e51e6c-9a3a-4b68-b737-d48090a22b1b 0.562s
2024-10-23 13:43:44.680 62315 INFO tempest.lib.common.rest_client [req-59266f07-6432-4329-add8-ba99b74a4d56 req-59266f07-6432-4329-add8-ba99b74a4d56 ] Request (AttachVolumeNegativeTest:setUpClass): 204 PUT http://10.180.1.21/identity/v3/projects/dd30584efc254610b3939d1ba3806693/users/9d11ab2ea74442369fa1d93daf98392b/roles/fc5c9d9dfc13439ab0e5b5ba6fe0629b 0.028s
2024-10-23 13:43:44.680 62315 INFO tempest.lib.common.dynamic_creds [-] Dynamic test user 9d11ab2ea74442369fa1d93daf98392b is created with scope project and roles: ['member']
2024-10-23 13:43:44.681 62315 INFO tempest.lib.common.dynamic_creds [-] Acquired dynamic creds: credentials: Credentials: {'domain_id': 'default', 'domain_name': 'Default', 'username': 'tempest-AttachVolumeNegativeTest-1223289584-project-member', 'project_domain_id': 'default', 'project_domain_name': 'Default', 'project_id': 'dd30584efc254610b3939d1ba3806693', 'project_name': 'tempest-AttachVolumeNegativeTest-1223289584', 'tenant_id': 'dd30584efc254610b3939d1ba3806693', 'tenant_name': 'tempest-AttachVolumeNegativeTest-1223289584', 'user_domain_id': 'default', 'user_domain_name': 'Default', 'user_id': '9d11ab2ea74442369fa1d93daf98392b', 'system': None}, Network: None, Subnet: None, Router: None
2024-10-23 13:43:44.729 62313 INFO tempest.lib.common.rest_client [req-ea241f20-950e-439f-9c4f-cdf60da3f427 req-ea241f20-950e-439f-9c4f-cdf60da3f427 ] Request (ServersWithSpecificFlavorTestJSON:test_verify_created_server_ephemeral_disk): 200 GET http://10.180.1.21/compute/v2.1/servers/4c67e82d-b51b-4820-af81-e6eefc7bcb36 0.557s
2024-10-23 13:43:44.746 62315 INFO tempest.lib.common.rest_client [req-bf36933f-2df9-4590-b7c1-53d0c7cb7335 req-bf36933f-2df9-4590-b7c1-53d0c7cb7335 ] Request (AttachVolumeNegativeTest:setUpClass): 201 POST http://10.180.1.21/identity/v3/auth/tokens 0.065s
2024-10-23 13:43:44.797 62279 INFO tempest.lib.common.rest_client [req-43f7af39-33aa-4ffe-b52c-131a2f2ebd85 req-43f7af39-33aa-4ffe-b52c-131a2f2ebd85 ] Request (ServerDiagnosticsTest:test_get_server_diagnostics): 200 GET http://10.180.1.21/compute/v2.1/servers/2cf18a04-6bf9-4f47-a920-2c568207057d 0.625s
2024-10-23 13:43:44.872 62285 INFO tempest.lib.common.rest_client [req-68224d76-f392-4d62-b2d4-882773d082ba req-68224d76-f392-4d62-b2d4-882773d082ba ] Request (FloatingIPsAssociationNegativeTestJSON:setUpClass): 200 GET http://10.180.1.21/compute/v2.1/servers/eee6b9e6-2707-4a3b-925b-a7f50cdc32cb 0.641s
2024-10-23 13:43:44.935 62263 INFO tempest.lib.common.rest_client [req-9fd2c0c4-0ba1-49fd-9795-6d6d8a863a6f req-9fd2c0c4-0ba1-49fd-9795-6d6d8a863a6f ] Request (ServerExternalEventsTest:test_create_server_external_events): 200 GET http://10.180.1.21/compute/v2.1/servers/39cd204a-49c2-4309-9030-555056ab125e 0.692s
2024-10-23 13:43:44.992 62315 INFO tempest.lib.common.rest_client [req-05ad33d8-ca70-4c26-9e8d-5c91f7c85eba req-05ad33d8-ca70-4c26-9e8d-5c91f7c85eba ] Request (AttachVolumeNegativeTest:setUpClass): 201 POST http://10.180.1.21:9696/networking/v2.0/networks 0.245s
2024-10-23 13:43:44.998 62259 INFO tempest.lib.common.rest_client [req-b8c8e8ea-8b1a-4ee3-9633-79c0e4b21829 req-b8c8e8ea-8b1a-4ee3-9633-79c0e4b21829 ] Request (FloatingIPsAssociationTestJSON:setUpClass): 200 GET http://10.180.1.21/compute/v2.1/servers/08d41411-7928-4379-9f2e-c6ce00843d82 0.695s
2024-10-23 13:43:45.035 62299 INFO tempest.lib.common.rest_client [req-01d54a21-6033-42a7-8059-29123a34a996 req-01d54a21-6033-42a7-8059-29123a34a996 ] Request (FloatingIPDetailsTestJSON:setUpClass): 200 POST http://10.180.1.21/compute/v2.1/os-floating-ips 1.190s
2024-10-23 13:43:45.061 62261 INFO tempest.lib.common.rest_client [req-b7eceb7b-8668-48be-a649-e844f5f86cbf req-b7eceb7b-8668-48be-a649-e844f5f86cbf ] Request (ImagesOneServerNegativeTestJSON:setUpClass): 200 GET http://10.180.1.21/compute/v2.1/servers/194588b4-fe40-4286-8036-874a7c410327 0.753s
2024-10-23 13:43:45.100 62290 INFO tempest.lib.common.rest_client [req-8d5ca6cc-6aad-492d-a169-9be9392e328c req-8d5ca6cc-6aad-492d-a169-9be9392e328c ] Request (ServersTestJSON:setUpClass): 200 GET http://10.180.1.21/compute/v2.1/servers/0040f46d-9a60-4fa1-8a00-c08022e17df0 0.737s
2024-10-23 13:43:45.130 62317 INFO tempest.lib.common.rest_client [req-4d75294d-6a43-422f-bf89-f17d797b1756 req-4d75294d-6a43-422f-bf89-f17d797b1756 ] Request (VolumesAssistedSnapshotsTest:test_volume_assisted_snapshot_create_delete): 200 GET http://10.180.1.21/compute/v2.1/servers/1fde7ae0-c88c-4d7f-b657-355c20e2cb10 0.764s
2024-10-23 13:43:45.165 62315 INFO tempest.lib.common.rest_client [req-6e9c81d1-f371-40bd-be38-7f2098bafeb5 req-6e9c81d1-f371-40bd-be38-7f2098bafeb5 ] Request (AttachVolumeNegativeTest:setUpClass): 201 POST http://10.180.1.21:9696/networking/v2.0/subnets 0.172s
2024-10-23 13:43:45.179 62283 INFO tempest.lib.common.rest_client [req-304bd1f3-1385-4f18-8950-6f37870360e2 req-304bd1f3-1385-4f18-8950-6f37870360e2 ] Request (TenantUsagesTestJSON:setUpClass): 200 GET http://10.180.1.21/compute/v2.1/servers/a187f73b-8fb1-42b3-9a07-24d16aa0f152 0.746s
2024-10-23 13:43:45.207 62308 INFO tempest.lib.common.rest_client [req-9493b224-33c1-4da3-9113-5b50aa782ee9 req-9493b224-33c1-4da3-9113-5b50aa782ee9 ] Request (ServersAaction247Test:test_create_backup): 200 GET http://10.180.1.21/compute/v2.1/servers/5d54c3fd-b239-4965-b7a3-5909e8de8bc0 0.756s
2024-10-23 13:43:45.242 62309 INFO tempest.lib.common.rest_client [req-b46efa38-d772-4834-8bde-e71936a2cb2e req-b46efa38-d772-4834-8bde-e71936a2cb2e ] Request (MigrationsAdminTest:test_resize_server_revert_deleted_flavor): 200 GET http://10.180.1.21/compute/v2.1/servers/5fad2258-f694-4993-bf64-bfa16abc09ba 0.739s
2024-10-23 13:43:45.264 62287 INFO tempest.lib.common.rest_client [req-28e6c0ac-1178-459f-891f-4cfa7077ff45 req-28e6c0ac-1178-459f-891f-4cfa7077ff45 ] Request (ImagesNegativeTestJSON:test_create_image_from_deleted_server): 200 GET http://10.180.1.21/compute/v2.1/servers/cb319720-29ab-4ff2-a71e-f77ae8c85735 0.756s
2024-10-23 13:43:45.300 62293 INFO tempest.lib.common.rest_client [req-46ba7e99-aa0f-49db-b704-2869ad496c19 req-46ba7e99-aa0f-49db-b704-2869ad496c19 ] Request (AttachInterfacesUnderV243Test:test_add_remove_fixed_ip): 200 GET http://10.180.1.21/compute/v2.1/servers/f91a90f7-be73-424c-966c-1be6f37a0864 0.734s
2024-10-23 13:43:45.316 62271 INFO tempest.lib.common.rest_client [req-e1be6315-fed4-4229-aafd-94128ba7d007 req-e1be6315-fed4-4229-aafd-94128ba7d007 ] Request (ServersNegativeTestJSON:setUpClass): 200 GET http://10.180.1.21/compute/v2.1/servers/5bbdf138-0aaf-42d1-b5a1-4f7ebc650393 0.749s
2024-10-23 13:43:45.364 62319 INFO tempest.lib.common.rest_client [req-b60240cb-3db6-4eab-825d-4f08c6c20391 req-b60240cb-3db6-4eab-825d-4f08c6c20391 ] Request (VolumesAdminNegativeTest:test_update_attached_volume_with_nonexistent_volume_in_uri): 200 GET http://10.180.1.21/compute/v2.1/servers/2e0f2d4e-aa3d-4b1a-8c8c-9338f75a07e3 0.724s
2024-10-23 13:43:45.378 62273 INFO tempest.lib.common.rest_client [req-18ebff4c-8031-4a83-82cb-5a0309129fc7 req-18ebff4c-8031-4a83-82cb-5a0309129fc7 ] Request (SecurityGroupsTestJSON:test_list_security_groups_by_server): 200 GET http://10.180.1.21/compute/v2.1/servers/e795e53e-af33-4d0c-8dbd-9c59f236acd7 0.737s
2024-10-23 13:43:45.428 62265 INFO tempest.lib.common.rest_client [req-274965f3-05e2-46b4-85e4-edbc643fab63 req-274965f3-05e2-46b4-85e4-edbc643fab63 ] Request (AttachVolumeShelveTestJSON:test_attach_volume_shelved_or_offload_server): 200 GET http://10.180.1.21/compute/v2.1/servers/f9a8e863-6e7f-4f00-b54a-78802659cd59 0.735s
2024-10-23 13:43:45.443 62295 INFO tempest.lib.common.rest_client [req-3f3f51ea-d4c4-4e8d-8739-9cf1aba18431 req-3f3f51ea-d4c4-4e8d-8739-9cf1aba18431 ] Request (MultipleCreateTestJSON:test_multiple_create): 200 GET http://10.180.1.21/compute/v2.1/servers/5dcebdc4-5b1f-4dad-aca1-2bdcc68bc962 0.665s
2024-10-23 13:43:45.485 62275 INFO tempest.lib.common.rest_client [req-98ddfbc9-77ee-45c3-8fbd-07b040d9dd6d req-98ddfbc9-77ee-45c3-8fbd-07b040d9dd6d ] Request (ServerActionsTestOtherA:setUpClass): 200 GET http://10.180.1.21/compute/v2.1/servers/56984993-a8b1-464e-b20c-79ffe67d2491 0.626s
2024-10-23 13:43:45.527 62305 INFO tempest.lib.common.rest_client [req-f3ef9d26-4ab5-4c53-ad9d-9717c55e04c5 req-f3ef9d26-4ab5-4c53-ad9d-9717c55e04c5 ] Request (InstanceActionsTestJSON:setUpClass): 200 GET http://10.180.1.21/compute/v2.1/servers/454a790d-3cb2-4ef2-995f-97e0eb1e2469 0.658s
2024-10-23 13:43:45.542 62302 INFO tempest.lib.common.rest_client [req-8203b76a-aaee-44b5-92f0-92cc097290c3 req-8203b76a-aaee-44b5-92f0-92cc097290c3 ] Request (ImagesOneServerTestJSON:setUpClass): 200 GET http://10.180.1.21/compute/v2.1/servers/623300f7-54d2-4b0a-b356-a1ae585682cb 0.612s
2024-10-23 13:43:45.590 62311 INFO tempest.lib.common.rest_client [req-fbff1fea-0963-46e1-be4b-19f9bd076e51 req-fbff1fea-0963-46e1-be4b-19f9bd076e51 ] Request (ServerActionsTestJSON:setUpClass): 200 GET http://10.180.1.21/compute/v2.1/servers/bda8d4eb-2fe2-40ac-9e5f-e7a8f8acdd94 0.651s
2024-10-23 13:43:45.598 62267 INFO tempest.lib.common.rest_client [req-8846fc86-0a23-4a95-a4f6-d139de48763a req-8846fc86-0a23-4a95-a4f6-d139de48763a ] Request (DeleteServersAdminTestJSON:test_delete_server_while_in_error_state): 200 GET http://10.180.1.21/compute/v2.1/servers/0e53c28c-a440-4e0e-9a4d-ff1d52557752 0.596s
2024-10-23 13:43:45.826 62277 INFO tempest.lib.common.rest_client [req-ff849bdd-4a89-4405-ae59-f8d575e09811 req-ff849bdd-4a89-4405-ae59-f8d575e09811 ] Request (ServerShowV254Test:test_rebuild_server): 200 GET http://10.180.1.21/compute/v2.1/servers/0ff2f9f4-6d85-4465-8e0a-fb39f2a25c9b 0.749s
2024-10-23 13:43:45.901 62297 INFO tempest.lib.common.rest_client [req-0b8f4a33-f824-486e-b52e-f6555e6af6f6 req-0b8f4a33-f824-486e-b52e-f6555e6af6f6 ] Request (ServersTestMultiNic:test_verify_duplicate_network_nics): 200 GET http://10.180.1.21/compute/v2.1/servers/45c32181-01a8-4e1e-9e0e-37035a298d55 0.760s
2024-10-23 13:43:46.087 62291 INFO tempest.lib.common.rest_client [req-95ae5962-652e-4ca5-8e1b-c2dc3f5e5aac req-95ae5962-652e-4ca5-8e1b-c2dc3f5e5aac ] Request (ListServerFiltersTestJSON:setUpClass): 200 GET http://10.180.1.21/compute/v2.1/servers/0a08bc46-0eea-4802-b0be-eb24f3507f73 0.683s
2024-10-23 13:43:46.095 62291 INFO tempest.common.waiters [-] State transition "BUILD/networking" ==> "BUILD/spawning" after 63 second wait
2024-10-23 13:43:46.139 62315 INFO tempest.lib.common.rest_client [req-9a7ac492-ed46-42f7-82e1-a1609325d21e req-9a7ac492-ed46-42f7-82e1-a1609325d21e ] Request (AttachVolumeNegativeTest:setUpClass): 201 POST http://10.180.1.21:9696/networking/v2.0/routers 0.974s
2024-10-23 13:43:46.158 62269 INFO tempest.lib.common.rest_client [req-74e36daf-9619-4b16-8703-4d11fc2e84a7 req-74e36daf-9619-4b16-8703-4d11fc2e84a7 ] Request (InstanceActionsNegativeTestJSON:setUpClass): 200 GET http://10.180.1.21/compute/v2.1/servers/a690ad15-2878-4fa7-a810-d155ce6b1a8c 0.679s
2024-10-23 13:43:46.247 62281 INFO tempest.lib.common.rest_client [req-9189ffb8-079f-4419-8139-b81a7c8e535b req-9189ffb8-079f-4419-8139-b81a7c8e535b ] Request (ServerActionsTestOtherB:setUpClass): 200 GET http://10.180.1.21/compute/v2.1/servers/e5f6387c-b941-4b3e-8c9a-8a643f7dd4b8 0.707s
2024-10-23 13:43:46.316 62321 INFO tempest.lib.common.rest_client [req-b5bfab57-e1b3-4a31-a1ea-ebcdd9145aff req-b5bfab57-e1b3-4a31-a1ea-ebcdd9145aff ] Request (InstanceActionsV221TestJSON:test_get_list_deleted_instance_actions): 200 GET http://10.180.1.21/compute/v2.1/servers/d7de90c0-95e9-4899-92a0-81658831713a 0.708s
2024-10-23 13:43:46.371 62303 INFO tempest.lib.common.rest_client [req-c6eb0918-6b0c-4000-9332-877d19c1c43f req-c6eb0918-6b0c-4000-9332-877d19c1c43f ] Request (ImagesTestJSON:test_create_image_from_stopped_server): 200 GET http://10.180.1.21/compute/v2.1/servers/97e51e6c-9a3a-4b68-b737-d48090a22b1b 0.693s
2024-10-23 13:43:46.433 62313 INFO tempest.lib.common.rest_client [req-a4620a95-ec7f-44f5-99ee-662533c1f176 req-a4620a95-ec7f-44f5-99ee-662533c1f176 ] Request (ServersWithSpecificFlavorTestJSON:test_verify_created_server_ephemeral_disk): 200 GET http://10.180.1.21/compute/v2.1/servers/4c67e82d-b51b-4820-af81-e6eefc7bcb36 0.696s
2024-10-23 13:43:46.485 62279 INFO tempest.lib.common.rest_client [req-6cdb89cf-eb34-4dfc-990a-97b15c073ead req-6cdb89cf-eb34-4dfc-990a-97b15c073ead ] Request (ServerDiagnosticsTest:test_get_server_diagnostics): 200 GET http://10.180.1.21/compute/v2.1/servers/2cf18a04-6bf9-4f47-a920-2c568207057d 0.680s
2024-10-23 13:43:46.536 62285 INFO tempest.lib.common.rest_client [req-eb04b8bd-3f98-471d-8148-fb4b6eeb83aa req-eb04b8bd-3f98-471d-8148-fb4b6eeb83aa ] Request (FloatingIPsAssociationNegativeTestJSON:setUpClass): 200 GET http://10.180.1.21/compute/v2.1/servers/eee6b9e6-2707-4a3b-925b-a7f50cdc32cb 0.651s
2024-10-23 13:43:46.601 62263 INFO tempest.lib.common.rest_client [req-6866a026-aceb-40b3-bfcc-536a4f9869d6 req-6866a026-aceb-40b3-bfcc-536a4f9869d6 ] Request (ServerExternalEventsTest:test_create_server_external_events): 200 GET http://10.180.1.21/compute/v2.1/servers/39cd204a-49c2-4309-9030-555056ab125e 0.656s
2024-10-23 13:43:46.607 62299 INFO tempest.lib.common.rest_client [req-93d5498b-08ec-4e3f-9ccd-6bab7fd0652e req-93d5498b-08ec-4e3f-9ccd-6bab7fd0652e ] Request (FloatingIPDetailsTestJSON:setUpClass): 200 POST http://10.180.1.21/compute/v2.1/os-floating-ips 1.570s
2024-10-23 13:43:46.648 62259 INFO tempest.lib.common.rest_client [req-f6112441-be70-4f7a-afeb-bfe53ed02611 req-f6112441-be70-4f7a-afeb-bfe53ed02611 ] Request (FloatingIPsAssociationTestJSON:setUpClass): 200 GET http://10.180.1.21/compute/v2.1/servers/08d41411-7928-4379-9f2e-c6ce00843d82 0.641s
2024-10-23 13:43:46.658 62261 INFO tempest.lib.common.rest_client [req-b46ea9fd-f3ed-4c09-b8ae-052e922f1035 req-b46ea9fd-f3ed-4c09-b8ae-052e922f1035 ] Request (ImagesOneServerNegativeTestJSON:setUpClass): 200 GET http://10.180.1.21/compute/v2.1/servers/194588b4-fe40-4286-8036-874a7c410327 0.590s
2024-10-23 13:43:46.697 62290 INFO tempest.lib.common.rest_client [req-2395a2c8-7863-44ee-bc48-710c77af59d0 req-2395a2c8-7863-44ee-bc48-710c77af59d0 ] Request (ServersTestJSON:setUpClass): 200 GET http://10.180.1.21/compute/v2.1/servers/0040f46d-9a60-4fa1-8a00-c08022e17df0 0.586s
2024-10-23 13:43:46.717 62317 INFO tempest.lib.common.rest_client [req-f1e8116f-51d2-40be-8246-41d1c19202cf req-f1e8116f-51d2-40be-8246-41d1c19202cf ] Request (VolumesAssistedSnapshotsTest:test_volume_assisted_snapshot_create_delete): 200 GET http://10.180.1.21/compute/v2.1/servers/1fde7ae0-c88c-4d7f-b657-355c20e2cb10 0.576s
2024-10-23 13:43:46.741 62283 INFO tempest.lib.common.rest_client [req-6b8862e5-a1a0-4c1d-9130-d9802c667d79 req-6b8862e5-a1a0-4c1d-9130-d9802c667d79 ] Request (TenantUsagesTestJSON:setUpClass): 200 GET http://10.180.1.21/compute/v2.1/servers/a187f73b-8fb1-42b3-9a07-24d16aa0f152 0.555s
2024-10-23 13:43:46.771 62308 INFO tempest.lib.common.rest_client [req-1181e6f6-7d14-4a18-b94a-925c00b86f20 req-1181e6f6-7d14-4a18-b94a-925c00b86f20 ] Request (ServersAaction247Test:test_create_backup): 200 GET http://10.180.1.21/compute/v2.1/servers/5d54c3fd-b239-4965-b7a3-5909e8de8bc0 0.551s
2024-10-23 13:43:46.791 62309 INFO tempest.lib.common.rest_client [req-b54db9ed-7307-4d54-8de4-76732318f8f8 req-b54db9ed-7307-4d54-8de4-76732318f8f8 ] Request (MigrationsAdminTest:test_resize_server_revert_deleted_flavor): 200 GET http://10.180.1.21/compute/v2.1/servers/5fad2258-f694-4993-bf64-bfa16abc09ba 0.536s
2024-10-23 13:43:46.821 62287 INFO tempest.lib.common.rest_client [req-e7707be5-fd1a-4a87-b0d5-14910639ea27 req-e7707be5-fd1a-4a87-b0d5-14910639ea27 ] Request (ImagesNegativeTestJSON:test_create_image_from_deleted_server): 200 GET http://10.180.1.21/compute/v2.1/servers/cb319720-29ab-4ff2-a71e-f77ae8c85735 0.549s
2024-10-23 13:43:46.842 62293 INFO tempest.lib.common.rest_client [req-390db6b0-a076-4021-b8c1-fde3caad435c req-390db6b0-a076-4021-b8c1-fde3caad435c ] Request (AttachInterfacesUnderV243Test:test_add_remove_fixed_ip): 200 GET http://10.180.1.21/compute/v2.1/servers/f91a90f7-be73-424c-966c-1be6f37a0864 0.526s
2024-10-23 13:43:46.879 62271 INFO tempest.lib.common.rest_client [req-f9f566c1-7d81-48ea-a8ad-57c0c1c9b048 req-f9f566c1-7d81-48ea-a8ad-57c0c1c9b048 ] Request (ServersNegativeTestJSON:setUpClass): 200 GET http://10.180.1.21/compute/v2.1/servers/5bbdf138-0aaf-42d1-b5a1-4f7ebc650393 0.555s
2024-10-23 13:43:46.898 62319 INFO tempest.lib.common.rest_client [req-156cd8ab-02ed-43ae-85fc-a5ac2ec738eb req-156cd8ab-02ed-43ae-85fc-a5ac2ec738eb ] Request (VolumesAdminNegativeTest:test_update_attached_volume_with_nonexistent_volume_in_uri): 200 GET http://10.180.1.21/compute/v2.1/servers/2e0f2d4e-aa3d-4b1a-8c8c-9338f75a07e3 0.524s
2024-10-23 13:43:46.945 62315 INFO tempest.lib.common.rest_client [req-8c2bb9fa-caeb-4ecd-a641-3291bea2e08d req-8c2bb9fa-caeb-4ecd-a641-3291bea2e08d ] Request (AttachVolumeNegativeTest:setUpClass): 200 PUT http://10.180.1.21:9696/networking/v2.0/routers/1ebf72b0-cac1-4dec-90f7-a92b0c1c0b2c/add_router_interface 0.805s
