2024-10-23 13:43:46.945 62315 INFO tempest.lib.common.dynamic_creds [-] Created isolated network resources for: credentials: Credentials: {'domain_id': 'default', 'domain_name': 'Default', 'username': 'tempest-AttachVolumeNegativeTest-1223289584-project-member', 'project_domain_id': 'default', 'project_domain_name': 'Default', 'project_id': 'dd30584efc254610b3939d1ba3806693', 'project_name': 'tempest-AttachVolumeNegativeTest-1223289584', 'tenant_id': 'dd30584efc254610b3939d1ba3806693', 'tenant_name': 'tempest-AttachVolumeNegativeTest-1223289584', 'user_domain_id': 'default', 'user_domain_name': 'Default', 'user_id': '9d11ab2ea74442369fa1d93daf98392b', 'system': None}, Network: {'id': '4114ddfe-818f-47a5-bb6f-44a4c22517f6', 'name': 'tempest-AttachVolumeNegativeTest-676131672-network', 'tenant_id': 'dd30584efc254610b3939d1ba3806693', 'admin_state_up': True, 'mtu': 8950, 'status': 'ACTIVE', 'subnets': [], 'shared': False, 'project_id': 'dd30584efc254610b3939d1ba3806693', 'port_security_enabled': True, 'router:external': False, 'provider:network_type': 'vlan', 'provider:physical_network': 'default', 'provider:segmentation_id': 232, 'is_default': False, 'availability_zone_hints': [], 'availability_zones': [], 'ipv4_address_scope': None, 'ipv6_address_scope': None, 'description': '', 'tags': [], 'created_at': '2024-10-23T13:43:44Z', 'updated_at': '2024-10-23T13:43:44Z', 'revision_number': 1}, Subnet: {'id': '6b597e69-e5b0-4866-9936-8a44d90fd5fa', 'name': 'tempest-AttachVolumeNegativeTest-676131672-subnet', 'tenant_id': 'dd30584efc254610b3939d1ba3806693', 'network_id': '4114ddfe-818f-47a5-bb6f-44a4c22517f6', 'ip_version': 4, 'subnetpool_id': None, 'enable_dhcp': True, 'ipv6_ra_mode': None, 'ipv6_address_mode': None, 'gateway_ip': '192.168.128.1', 'cidr': '192.168.128.0/28', 'allocation_pools': [{'start': '192.168.128.2', 'end': '192.168.128.14'}], 'host_routes': [], 'dns_nameservers': [], 'description': '', 'router:external': False, 'service_types': [], 'tags': [], 'created_at': '2024-10-23T13:43:45Z', 'updated_at': '2024-10-23T13:43:45Z', 'revision_number': 0, 'project_id': 'dd30584efc254610b3939d1ba3806693'}, Router: {'id': '1ebf72b0-cac1-4dec-90f7-a92b0c1c0b2c', 'name': 'tempest-AttachVolumeNegativeTest-676131672-router', 'tenant_id': 'dd30584efc254610b3939d1ba3806693', 'admin_state_up': True, 'status': 'ACTIVE', 'external_gateway_info': {'network_id': 'b5676781-8886-4984-8b6c-82a25e76fa61', 'external_fixed_ips': [{'subnet_id': 'cfb89e6a-4f48-4773-9f6a-da7eaa25e674', 'ip_address': '10.180.180.248'}], 'enable_snat': True}, 'description': '', 'availability_zones': [], 'distributed': False, 'ha': False, 'availability_zone_hints': [], 'routes': [], 'flavor_id': None, 'tags': [], 'created_at': '2024-10-23T13:43:45Z', 'updated_at': '2024-10-23T13:43:45Z', 'revision_number': 2, 'project_id': 'dd30584efc254610b3939d1ba3806693'}
2024-10-23 13:43:46.971 62273 INFO tempest.lib.common.rest_client [req-a6e01f0e-9850-4ea8-ba8f-61465f171c3c req-a6e01f0e-9850-4ea8-ba8f-61465f171c3c ] Request (SecurityGroupsTestJSON:test_list_security_groups_by_server): 200 GET http://10.180.1.21/compute/v2.1/servers/e795e53e-af33-4d0c-8dbd-9c59f236acd7 0.584s
2024-10-23 13:43:46.974 62265 INFO tempest.lib.common.rest_client [req-4ee381f2-3232-44df-be38-78b09a8fb55e req-4ee381f2-3232-44df-be38-78b09a8fb55e ] Request (AttachVolumeShelveTestJSON:test_attach_volume_shelved_or_offload_server): 200 GET http://10.180.1.21/compute/v2.1/servers/f9a8e863-6e7f-4f00-b54a-78802659cd59 0.538s
2024-10-23 13:43:47.021 62315 INFO tempest.lib.common.rest_client [req-55f06eed-fa52-4525-9e7b-e80622bdad26 req-55f06eed-fa52-4525-9e7b-e80622bdad26 ] Request (AttachVolumeNegativeTest:setUpClass): 201 POST http://10.180.1.21/identity/v3/auth/tokens 0.072s
2024-10-23 13:43:47.024 62275 INFO tempest.lib.common.rest_client [req-a8cd840c-ef16-4679-a409-b7b3494021a0 req-a8cd840c-ef16-4679-a409-b7b3494021a0 ] Request (ServerActionsTestOtherA:setUpClass): 200 GET http://10.180.1.21/compute/v2.1/servers/56984993-a8b1-464e-b20c-79ffe67d2491 0.530s
2024-10-23 13:43:47.025 62295 INFO tempest.lib.common.rest_client [req-b5acbcc1-d42e-4ff4-b3f4-775222025f48 req-b5acbcc1-d42e-4ff4-b3f4-775222025f48 ] Request (MultipleCreateTestJSON:test_multiple_create): 200 GET http://10.180.1.21/compute/v2.1/servers/5dcebdc4-5b1f-4dad-aca1-2bdcc68bc962 0.572s
2024-10-23 13:43:47.075 62302 INFO tempest.lib.common.rest_client [req-00fc7495-1347-4e5e-8215-921b2fe61423 req-00fc7495-1347-4e5e-8215-921b2fe61423 ] Request (ImagesOneServerTestJSON:setUpClass): 200 GET http://10.180.1.21/compute/v2.1/servers/623300f7-54d2-4b0a-b356-a1ae585682cb 0.525s
2024-10-23 13:43:47.076 62305 INFO tempest.lib.common.rest_client [req-7c59a05b-930e-4d90-97ff-f6e7e84f8097 req-7c59a05b-930e-4d90-97ff-f6e7e84f8097 ] Request (InstanceActionsTestJSON:setUpClass): 200 GET http://10.180.1.21/compute/v2.1/servers/454a790d-3cb2-4ef2-995f-97e0eb1e2469 0.542s
2024-10-23 13:43:47.131 62267 INFO tempest.lib.common.rest_client [req-abb7a4a1-d65e-4f03-9802-0541895181d8 req-abb7a4a1-d65e-4f03-9802-0541895181d8 ] Request (DeleteServersAdminTestJSON:test_delete_server_while_in_error_state): 200 GET http://10.180.1.21/compute/v2.1/servers/0e53c28c-a440-4e0e-9a4d-ff1d52557752 0.526s
2024-10-23 13:43:47.131 62311 INFO tempest.lib.common.rest_client [req-eef0f48c-b5c1-49b3-a6fe-692bf7d97820 req-eef0f48c-b5c1-49b3-a6fe-692bf7d97820 ] Request (ServerActionsTestJSON:setUpClass): 200 GET http://10.180.1.21/compute/v2.1/servers/bda8d4eb-2fe2-40ac-9e5f-e7a8f8acdd94 0.534s
2024-10-23 13:43:47.193 62277 INFO tempest.lib.common.rest_client [req-e3154ac8-65bf-4e14-b815-5da9e5248a5b req-e3154ac8-65bf-4e14-b815-5da9e5248a5b ] Request (ServerShowV254Test:test_rebuild_server): 200 GET http://10.180.1.21/compute/v2.1/servers/0ff2f9f4-6d85-4465-8e0a-fb39f2a25c9b 0.355s
2024-10-23 13:43:47.247 62297 INFO tempest.lib.common.rest_client [req-79f5ec44-4767-4f85-abfc-955f02055fde req-79f5ec44-4767-4f85-abfc-955f02055fde ] Request (ServersTestMultiNic:test_verify_duplicate_network_nics): 200 GET http://10.180.1.21/compute/v2.1/servers/45c32181-01a8-4e1e-9e0e-37035a298d55 0.339s
2024-10-23 13:43:47.338 62315 INFO tempest.lib.common.rest_client [req-13caf4d8-78df-4328-b942-51eb6d37fc3f req-13caf4d8-78df-4328-b942-51eb6d37fc3f ] Request (ValidationResourcesFixture:setUp): 200 POST http://10.180.1.21/compute/v2.1/os-keypairs 0.315s
2024-10-23 13:43:47.405 62291 INFO tempest.lib.common.rest_client [req-cd85be99-fdf1-4e91-81da-97a1ee374fb8 req-cd85be99-fdf1-4e91-81da-97a1ee374fb8 ] Request (ListServerFiltersTestJSON:setUpClass): 200 GET http://10.180.1.21/compute/v2.1/servers/0a08bc46-0eea-4802-b0be-eb24f3507f73 0.309s
2024-10-23 13:43:47.465 62269 INFO tempest.lib.common.rest_client [req-51915b7f-69d5-41f3-a4fe-b2af82fcb331 req-51915b7f-69d5-41f3-a4fe-b2af82fcb331 ] Request (InstanceActionsNegativeTestJSON:setUpClass): 200 GET http://10.180.1.21/compute/v2.1/servers/a690ad15-2878-4fa7-a810-d155ce6b1a8c 0.292s
2024-10-23 13:43:47.472 62315 INFO tempest.lib.common.rest_client [req-8af3bdde-24fd-40f7-b5f3-f9513afa321d req-8af3bdde-24fd-40f7-b5f3-f9513afa321d ] Request (ValidationResourcesFixture:setUp): 201 POST http://10.180.1.21:9696/networking/v2.0/security-groups 0.131s
2024-10-23 13:43:47.549 62281 INFO tempest.lib.common.rest_client [req-6ccaca4a-81e0-4de8-9f1c-183f4301a627 req-6ccaca4a-81e0-4de8-9f1c-183f4301a627 ] Request (ServerActionsTestOtherB:setUpClass): 200 GET http://10.180.1.21/compute/v2.1/servers/e5f6387c-b941-4b3e-8c9a-8a643f7dd4b8 0.292s
2024-10-23 13:43:47.549 62315 INFO tempest.lib.common.rest_client [req-aff9e55b-d813-439c-a5bc-a4b593164795 req-aff9e55b-d813-439c-a5bc-a4b593164795 ] Request (ValidationResourcesFixture:setUp): 201 POST http://10.180.1.21:9696/networking/v2.0/security-group-rules 0.076s
2024-10-23 13:43:47.611 62321 INFO tempest.lib.common.rest_client [req-f7349e9f-9c7e-4e7a-9bbd-01b76a279a5f req-f7349e9f-9c7e-4e7a-9bbd-01b76a279a5f ] Request (InstanceActionsV221TestJSON:test_get_list_deleted_instance_actions): 200 GET http://10.180.1.21/compute/v2.1/servers/d7de90c0-95e9-4899-92a0-81658831713a 0.286s
2024-10-23 13:43:47.630 62315 INFO tempest.lib.common.rest_client [req-848b5e39-c69a-4891-8b15-b5eb134d2fcc req-848b5e39-c69a-4891-8b15-b5eb134d2fcc ] Request (ValidationResourcesFixture:setUp): 201 POST http://10.180.1.21:9696/networking/v2.0/security-group-rules 0.080s
2024-10-23 13:43:47.668 62303 INFO tempest.lib.common.rest_client [req-2bd5fad8-92c1-43c9-b533-015c69637bf5 req-2bd5fad8-92c1-43c9-b533-015c69637bf5 ] Request (ImagesTestJSON:test_create_image_from_stopped_server): 200 GET http://10.180.1.21/compute/v2.1/servers/97e51e6c-9a3a-4b68-b737-d48090a22b1b 0.289s
2024-10-23 13:43:47.730 62313 INFO tempest.lib.common.rest_client [req-c47267f8-c9cb-46ad-a601-187c8b5a0aad req-c47267f8-c9cb-46ad-a601-187c8b5a0aad ] Request (ServersWithSpecificFlavorTestJSON:test_verify_created_server_ephemeral_disk): 200 GET http://10.180.1.21/compute/v2.1/servers/4c67e82d-b51b-4820-af81-e6eefc7bcb36 0.286s
2024-10-23 13:43:47.769 62299 INFO tempest.lib.common.rest_client [req-be66b617-b143-42d2-a73e-5d3aa829bb10 req-be66b617-b143-42d2-a73e-5d3aa829bb10 ] Request (FloatingIPDetailsTestJSON:setUpClass): 200 POST http://10.180.1.21/compute/v2.1/os-floating-ips 1.160s
2024-10-23 13:43:47.803 62279 INFO tempest.lib.common.rest_client [req-70d20388-9c27-4cbf-ae81-b086530fd433 req-70d20388-9c27-4cbf-ae81-b086530fd433 ] Request (ServerDiagnosticsTest:test_get_server_diagnostics): 200 GET http://10.180.1.21/compute/v2.1/servers/2cf18a04-6bf9-4f47-a920-2c568207057d 0.310s
2024-10-23 13:43:47.818 62285 INFO tempest.lib.common.rest_client [req-2b8ee0f1-06fe-465c-ba01-fef44abe5ae6 req-2b8ee0f1-06fe-465c-ba01-fef44abe5ae6 ] Request (FloatingIPsAssociationNegativeTestJSON:setUpClass): 200 GET http://10.180.1.21/compute/v2.1/servers/eee6b9e6-2707-4a3b-925b-a7f50cdc32cb 0.271s
2024-10-23 13:43:47.852 62263 INFO tempest.lib.common.rest_client [req-f2ecdc37-70ec-4632-9dd3-cf8aaff45323 req-f2ecdc37-70ec-4632-9dd3-cf8aaff45323 ] Request (ServerExternalEventsTest:test_create_server_external_events): 200 GET http://10.180.1.21/compute/v2.1/servers/39cd204a-49c2-4309-9030-555056ab125e 0.242s
2024-10-23 13:43:47.863 62259 INFO tempest.lib.common.rest_client [req-3513eb18-6500-467f-9a97-a8ae08dfb292 req-3513eb18-6500-467f-9a97-a8ae08dfb292 ] Request (FloatingIPsAssociationTestJSON:setUpClass): 200 GET http://10.180.1.21/compute/v2.1/servers/08d41411-7928-4379-9f2e-c6ce00843d82 0.203s
2024-10-23 13:43:47.910 62261 INFO tempest.lib.common.rest_client [req-2620c704-67da-44f8-8b52-6b3dc1feb0a1 req-2620c704-67da-44f8-8b52-6b3dc1feb0a1 ] Request (ImagesOneServerNegativeTestJSON:setUpClass): 200 GET http://10.180.1.21/compute/v2.1/servers/194588b4-fe40-4286-8036-874a7c410327 0.243s
2024-10-23 13:43:47.910 62290 INFO tempest.lib.common.rest_client [req-16eeafd4-b22f-4dee-bda9-ddaa824810fd req-16eeafd4-b22f-4dee-bda9-ddaa824810fd ] Request (ServersTestJSON:setUpClass): 200 GET http://10.180.1.21/compute/v2.1/servers/0040f46d-9a60-4fa1-8a00-c08022e17df0 0.205s
2024-10-23 13:43:47.954 62317 INFO tempest.lib.common.rest_client [req-3ea447a0-22a5-439c-b0dd-232e9cb8d499 req-3ea447a0-22a5-439c-b0dd-232e9cb8d499 ] Request (VolumesAssistedSnapshotsTest:test_volume_assisted_snapshot_create_delete): 200 GET http://10.180.1.21/compute/v2.1/servers/1fde7ae0-c88c-4d7f-b657-355c20e2cb10 0.229s
2024-10-23 13:43:47.974 62283 INFO tempest.lib.common.rest_client [req-873e4030-b900-4d0e-8892-eafc73748b6b req-873e4030-b900-4d0e-8892-eafc73748b6b ] Request (TenantUsagesTestJSON:setUpClass): 200 GET http://10.180.1.21/compute/v2.1/servers/a187f73b-8fb1-42b3-9a07-24d16aa0f152 0.224s
2024-10-23 13:43:48.013 62315 INFO tempest.lib.common.rest_client [req-30e97e15-f3b0-4a83-92ce-e736d37c6a43 req-30e97e15-f3b0-4a83-92ce-e736d37c6a43 ] Request (ValidationResourcesFixture:setUp): 201 POST http://10.180.1.21:9696/networking/v2.0/floatingips 0.382s
2024-10-23 13:43:48.026 62308 INFO tempest.lib.common.rest_client [req-f646da29-bbb9-4319-9b04-a3a3d1b3719f req-f646da29-bbb9-4319-9b04-a3a3d1b3719f ] Request (ServersAaction247Test:test_create_backup): 200 GET http://10.180.1.21/compute/v2.1/servers/5d54c3fd-b239-4965-b7a3-5909e8de8bc0 0.246s
2024-10-23 13:43:48.050 62315 INFO tempest.lib.common.rest_client [req-1efc78a9-bfd0-461d-8b35-f3800de8f2a3 req-1efc78a9-bfd0-461d-8b35-f3800de8f2a3 ] Request (AttachVolumeNegativeTest:test_attach_attached_volume_to_different_server): 201 POST http://10.180.1.21/identity/v3/auth/tokens 0.034s
2024-10-23 13:43:48.050 62315 INFO tempest.lib.common.fixed_network [-] (AttachVolumeNegativeTest:test_attach_attached_volume_to_different_server) Found network {'id': '4114ddfe-818f-47a5-bb6f-44a4c22517f6', 'name': 'tempest-AttachVolumeNegativeTest-676131672-network', 'tenant_id': 'dd30584efc254610b3939d1ba3806693', 'admin_state_up': True, 'mtu': 8950, 'status': 'ACTIVE', 'subnets': [], 'shared': False, 'project_id': 'dd30584efc254610b3939d1ba3806693', 'port_security_enabled': True, 'router:external': False, 'provider:network_type': 'vlan', 'provider:physical_network': 'default', 'provider:segmentation_id': 232, 'is_default': False, 'availability_zone_hints': [], 'availability_zones': [], 'ipv4_address_scope': None, 'ipv6_address_scope': None, 'description': '', 'tags': [], 'created_at': '2024-10-23T13:43:44Z', 'updated_at': '2024-10-23T13:43:44Z', 'revision_number': 1} available for tenant
2024-10-23 13:43:48.078 62309 INFO tempest.lib.common.rest_client [req-8948938b-14a9-4292-a863-dd52eff646ef req-8948938b-14a9-4292-a863-dd52eff646ef ] Request (MigrationsAdminTest:test_resize_server_revert_deleted_flavor): 200 GET http://10.180.1.21/compute/v2.1/servers/5fad2258-f694-4993-bf64-bfa16abc09ba 0.280s
2024-10-23 13:43:48.151 62287 INFO tempest.lib.common.rest_client [req-2bacc70e-042d-4f10-9367-b840ace50b69 req-2bacc70e-042d-4f10-9367-b840ace50b69 ] Request (ImagesNegativeTestJSON:test_create_image_from_deleted_server): 200 GET http://10.180.1.21/compute/v2.1/servers/cb319720-29ab-4ff2-a71e-f77ae8c85735 0.319s
2024-10-23 13:43:48.206 62293 INFO tempest.lib.common.rest_client [req-62589b47-c040-406e-94a4-e6a8072a58ec req-62589b47-c040-406e-94a4-e6a8072a58ec ] Request (AttachInterfacesUnderV243Test:test_add_remove_fixed_ip): 200 GET http://10.180.1.21/compute/v2.1/servers/f91a90f7-be73-424c-966c-1be6f37a0864 0.353s
2024-10-23 13:43:48.252 62271 INFO tempest.lib.common.rest_client [req-a6cd17ef-9398-4bf4-ade2-c9d44b7bd444 req-a6cd17ef-9398-4bf4-ade2-c9d44b7bd444 ] Request (ServersNegativeTestJSON:setUpClass): 200 GET http://10.180.1.21/compute/v2.1/servers/5bbdf138-0aaf-42d1-b5a1-4f7ebc650393 0.359s
2024-10-23 13:43:48.306 62319 INFO tempest.lib.common.rest_client [req-e16d67ea-503b-4102-87cf-42b8dd3288ae req-e16d67ea-503b-4102-87cf-42b8dd3288ae ] Request (VolumesAdminNegativeTest:test_update_attached_volume_with_nonexistent_volume_in_uri): 200 GET http://10.180.1.21/compute/v2.1/servers/2e0f2d4e-aa3d-4b1a-8c8c-9338f75a07e3 0.399s
2024-10-23 13:43:48.355 62273 INFO tempest.lib.common.rest_client [req-0b879359-9da9-4573-b894-f5ce627562bc req-0b879359-9da9-4573-b894-f5ce627562bc ] Request (SecurityGroupsTestJSON:test_list_security_groups_by_server): 200 GET http://10.180.1.21/compute/v2.1/servers/e795e53e-af33-4d0c-8dbd-9c59f236acd7 0.375s
2024-10-23 13:43:48.413 62265 INFO tempest.lib.common.rest_client [req-8458d53b-31b3-4042-b221-26b8c90a5cec req-8458d53b-31b3-4042-b221-26b8c90a5cec ] Request (AttachVolumeShelveTestJSON:test_attach_volume_shelved_or_offload_server): 200 GET http://10.180.1.21/compute/v2.1/servers/f9a8e863-6e7f-4f00-b54a-78802659cd59 0.430s
2024-10-23 13:43:48.696 62299 INFO tempest.lib.common.rest_client [req-3f7f9c4a-22f2-4474-b319-c6f3c5e43843 req-3f7f9c4a-22f2-4474-b319-c6f3c5e43843 ] Request (FloatingIPDetailsTestJSON:test_get_floating_ip_details): 200 POST http://10.180.1.21/compute/v2.1/os-floating-ips 0.925s
2024-10-23 13:43:48.695 62295 INFO tempest.lib.common.rest_client [req-9c91c327-22fe-4107-aa8a-9e28105daa99 req-9c91c327-22fe-4107-aa8a-9e28105daa99 ] Request (MultipleCreateTestJSON:test_multiple_create): 200 GET http://10.180.1.21/compute/v2.1/servers/5dcebdc4-5b1f-4dad-aca1-2bdcc68bc962 0.663s
2024-10-23 13:43:48.755 62275 INFO tempest.lib.common.rest_client [req-4fa680e5-2997-44d1-af2b-423c1419abc2 req-4fa680e5-2997-44d1-af2b-423c1419abc2 ] Request (ServerActionsTestOtherA:setUpClass): 200 GET http://10.180.1.21/compute/v2.1/servers/56984993-a8b1-464e-b20c-79ffe67d2491 0.723s
2024-10-23 13:43:48.815 62302 INFO tempest.lib.common.rest_client [req-08ff5c14-4d8d-41b3-96df-551337fe4098 req-08ff5c14-4d8d-41b3-96df-551337fe4098 ] Request (ImagesOneServerTestJSON:setUpClass): 200 GET http://10.180.1.21/compute/v2.1/servers/623300f7-54d2-4b0a-b356-a1ae585682cb 0.733s
2024-10-23 13:43:48.878 62305 INFO tempest.lib.common.rest_client [req-57f00f8d-597c-41ca-b6dd-57422a794caf req-57f00f8d-597c-41ca-b6dd-57422a794caf ] Request (InstanceActionsTestJSON:setUpClass): 200 GET http://10.180.1.21/compute/v2.1/servers/454a790d-3cb2-4ef2-995f-97e0eb1e2469 0.795s
2024-10-23 13:43:48.932 62267 INFO tempest.lib.common.rest_client [req-c1bdc1bd-a679-44fc-b567-d96265d8b083 req-c1bdc1bd-a679-44fc-b567-d96265d8b083 ] Request (DeleteServersAdminTestJSON:test_delete_server_while_in_error_state): 200 GET http://10.180.1.21/compute/v2.1/servers/0e53c28c-a440-4e0e-9a4d-ff1d52557752 0.792s
2024-10-23 13:43:48.981 62311 INFO tempest.lib.common.rest_client [req-60ea774f-c24a-4632-ab63-b7d47a48ce19 req-60ea774f-c24a-4632-ab63-b7d47a48ce19 ] Request (ServerActionsTestJSON:setUpClass): 200 GET http://10.180.1.21/compute/v2.1/servers/bda8d4eb-2fe2-40ac-9e5f-e7a8f8acdd94 0.841s
2024-10-23 13:43:49.044 62277 INFO tempest.lib.common.rest_client [req-18bc0a31-537d-4e60-a55a-689e064d64a2 req-18bc0a31-537d-4e60-a55a-689e064d64a2 ] Request (ServerShowV254Test:test_rebuild_server): 200 GET http://10.180.1.21/compute/v2.1/servers/0ff2f9f4-6d85-4465-8e0a-fb39f2a25c9b 0.842s
2024-10-23 13:43:49.109 62297 INFO tempest.lib.common.rest_client [req-12f81f96-3cb8-452a-b04e-3f9c8b64d91f req-12f81f96-3cb8-452a-b04e-3f9c8b64d91f ] Request (ServersTestMultiNic:test_verify_duplicate_network_nics): 200 GET http://10.180.1.21/compute/v2.1/servers/45c32181-01a8-4e1e-9e0e-37035a298d55 0.853s
2024-10-23 13:43:49.165 62291 INFO tempest.lib.common.rest_client [req-0e59a6b3-17a7-4baf-a2d0-e155b074202e req-0e59a6b3-17a7-4baf-a2d0-e155b074202e ] Request (ListServerFiltersTestJSON:setUpClass): 200 GET http://10.180.1.21/compute/v2.1/servers/0a08bc46-0eea-4802-b0be-eb24f3507f73 0.750s
2024-10-23 13:43:49.224 62269 INFO tempest.lib.common.rest_client [req-615a241d-7dbb-445b-be57-1fd90b0562db req-615a241d-7dbb-445b-be57-1fd90b0562db ] Request (InstanceActionsNegativeTestJSON:setUpClass): 200 GET http://10.180.1.21/compute/v2.1/servers/a690ad15-2878-4fa7-a810-d155ce6b1a8c 0.750s
2024-10-23 13:43:49.224 62315 INFO tempest.lib.common.rest_client [req-5bf8bcd1-f041-4648-9b3c-4febff568fa9 req-5bf8bcd1-f041-4648-9b3c-4febff568fa9 ] Request (AttachVolumeNegativeTest:test_attach_attached_volume_to_different_server): 202 POST http://10.180.1.21/compute/v2.1/servers 1.173s
2024-10-23 13:43:49.279 62281 INFO tempest.lib.common.rest_client [req-bf71e957-368e-4990-b78d-a70757189dcf req-bf71e957-368e-4990-b78d-a70757189dcf ] Request (ServerActionsTestOtherB:setUpClass): 200 GET http://10.180.1.21/compute/v2.1/servers/e5f6387c-b941-4b3e-8c9a-8a643f7dd4b8 0.724s
2024-10-23 13:43:49.292 62321 INFO tempest.lib.common.rest_client [req-cfd053b7-3ee0-4a2c-9072-fa78874cf67c req-cfd053b7-3ee0-4a2c-9072-fa78874cf67c ] Request (InstanceActionsV221TestJSON:test_get_list_deleted_instance_actions): 200 GET http://10.180.1.21/compute/v2.1/servers/d7de90c0-95e9-4899-92a0-81658831713a 0.670s
2024-10-23 13:43:49.347 62303 INFO tempest.lib.common.rest_client [req-edfd96c3-caa8-4587-a92e-4e7d993c2017 req-edfd96c3-caa8-4587-a92e-4e7d993c2017 ] Request (ImagesTestJSON:test_create_image_from_stopped_server): 200 GET http://10.180.1.21/compute/v2.1/servers/97e51e6c-9a3a-4b68-b737-d48090a22b1b 0.667s
2024-10-23 13:43:49.402 62313 INFO tempest.lib.common.rest_client [req-4e6cb3e0-8fc2-48b3-9d20-d38731fa1d1a req-4e6cb3e0-8fc2-48b3-9d20-d38731fa1d1a ] Request (ServersWithSpecificFlavorTestJSON:test_verify_created_server_ephemeral_disk): 200 GET http://10.180.1.21/compute/v2.1/servers/4c67e82d-b51b-4820-af81-e6eefc7bcb36 0.665s
2024-10-23 13:43:49.417 62299 INFO tempest.lib.common.rest_client [req-370e2bda-8431-4ebd-88ca-83122b0faf70 req-370e2bda-8431-4ebd-88ca-83122b0faf70 ] Request (FloatingIPDetailsTestJSON:test_get_floating_ip_details): 200 GET http://10.180.1.21/compute/v2.1/os-floating-ips/0ae7ac08-7b4a-416b-be06-0fb00d52ff46 0.718s
2024-10-23 13:43:49.451 62279 INFO tempest.lib.common.rest_client [req-a4974c43-80d9-48e5-bbdc-85fea3bc7f9c req-a4974c43-80d9-48e5-bbdc-85fea3bc7f9c ] Request (ServerDiagnosticsTest:test_get_server_diagnostics): 200 GET http://10.180.1.21/compute/v2.1/servers/2cf18a04-6bf9-4f47-a920-2c568207057d 0.640s
2024-10-23 13:43:49.472 62285 INFO tempest.lib.common.rest_client [req-1f189cc6-f10d-44cc-985e-980ce3d52c2d req-1f189cc6-f10d-44cc-985e-980ce3d52c2d ] Request (FloatingIPsAssociationNegativeTestJSON:setUpClass): 200 GET http://10.180.1.21/compute/v2.1/servers/eee6b9e6-2707-4a3b-925b-a7f50cdc32cb 0.642s
2024-10-23 13:43:49.518 62259 INFO tempest.lib.common.rest_client [req-fd527053-8d94-47bc-9878-aa090980e2a4 req-fd527053-8d94-47bc-9878-aa090980e2a4 ] Request (FloatingIPsAssociationTestJSON:setUpClass): 200 GET http://10.180.1.21/compute/v2.1/servers/08d41411-7928-4379-9f2e-c6ce00843d82 0.645s
2024-10-23 13:43:49.568 62290 INFO tempest.lib.common.rest_client [req-bfcea42c-167c-409b-8cb9-5b56a3adc5bc req-bfcea42c-167c-409b-8cb9-5b56a3adc5bc ] Request (ServersTestJSON:setUpClass): 200 GET http://10.180.1.21/compute/v2.1/servers/0040f46d-9a60-4fa1-8a00-c08022e17df0 0.651s
2024-10-23 13:43:49.621 62261 INFO tempest.lib.common.rest_client [req-d03bf68e-fe3e-4474-a77a-b8898149358e req-d03bf68e-fe3e-4474-a77a-b8898149358e ] Request (ImagesOneServerNegativeTestJSON:setUpClass): 200 GET http://10.180.1.21/compute/v2.1/servers/194588b4-fe40-4286-8036-874a7c410327 0.700s
2024-10-23 13:43:49.644 62263 INFO tempest.lib.common.rest_client [req-347a6f0c-86c7-4ae9-b794-70733b36b217 req-347a6f0c-86c7-4ae9-b794-70733b36b217 ] Request (ServerExternalEventsTest:test_create_server_external_events): 200 GET http://10.180.1.21/compute/v2.1/servers/39cd204a-49c2-4309-9030-555056ab125e 0.783s
2024-10-23 13:43:49.649 62263 INFO tempest.common.waiters [-] State transition "BUILD/None" ==> "BUILD/block_device_mapping" after 65 second wait
2024-10-23 13:43:49.673 62317 INFO tempest.lib.common.rest_client [req-9280eccd-fef4-4ae4-9c20-6bf219eddeec req-9280eccd-fef4-4ae4-9c20-6bf219eddeec ] Request (VolumesAssistedSnapshotsTest:test_volume_assisted_snapshot_create_delete): 200 GET http://10.180.1.21/compute/v2.1/servers/1fde7ae0-c88c-4d7f-b657-355c20e2cb10 0.711s
2024-10-23 13:43:49.684 62317 INFO tempest.common.waiters [-] State transition "BUILD/spawning" ==> "ERROR/None" after 75 second wait
2024-10-23 13:43:49.689 62283 INFO tempest.lib.common.rest_client [req-444bd391-37eb-4762-8d62-6a7326f71d9c req-444bd391-37eb-4762-8d62-6a7326f71d9c ] Request (TenantUsagesTestJSON:setUpClass): 200 GET http://10.180.1.21/compute/v2.1/servers/a187f73b-8fb1-42b3-9a07-24d16aa0f152 0.707s
2024-10-23 13:43:49.728 62308 INFO tempest.lib.common.rest_client [req-928f44cc-8a66-467e-a993-8593fe6c2830 req-928f44cc-8a66-467e-a993-8593fe6c2830 ] Request (ServersAaction247Test:test_create_backup): 200 GET http://10.180.1.21/compute/v2.1/servers/5d54c3fd-b239-4965-b7a3-5909e8de8bc0 0.692s
2024-10-23 13:43:49.743 62309 INFO tempest.lib.common.rest_client [req-e7c07e34-3efd-4dee-bd63-8a39a4739915 req-e7c07e34-3efd-4dee-bd63-8a39a4739915 ] Request (MigrationsAdminTest:test_resize_server_revert_deleted_flavor): 200 GET http://10.180.1.21/compute/v2.1/servers/5fad2258-f694-4993-bf64-bfa16abc09ba 0.658s
2024-10-23 13:43:49.782 62287 INFO tempest.lib.common.rest_client [req-1ff8e9f1-78f0-4267-b14e-8b4259c238e6 req-1ff8e9f1-78f0-4267-b14e-8b4259c238e6 ] Request (ImagesNegativeTestJSON:test_create_image_from_deleted_server): 200 GET http://10.180.1.21/compute/v2.1/servers/cb319720-29ab-4ff2-a71e-f77ae8c85735 0.624s
2024-10-23 13:43:49.795 62293 INFO tempest.lib.common.rest_client [req-746f15c9-c93c-47de-80e2-d6d255f3cfc4 req-746f15c9-c93c-47de-80e2-d6d255f3cfc4 ] Request (AttachInterfacesUnderV243Test:test_add_remove_fixed_ip): 200 GET http://10.180.1.21/compute/v2.1/servers/f91a90f7-be73-424c-966c-1be6f37a0864 0.581s
2024-10-23 13:43:49.818 62315 INFO tempest.lib.common.rest_client [req-96efcb4f-8fb4-43bb-a670-30405846b294 req-96efcb4f-8fb4-43bb-a670-30405846b294 ] Request (AttachVolumeNegativeTest:test_attach_attached_volume_to_different_server): 200 GET http://10.180.1.21/compute/v2.1/servers/3624ca43-9ee3-418a-9205-debb699295df 0.592s
2024-10-23 13:43:49.971 62271 INFO tempest.lib.common.rest_client [req-543e1701-ce14-4f05-b83d-01fe1ff93f58 req-543e1701-ce14-4f05-b83d-01fe1ff93f58 ] Request (ServersNegativeTestJSON:setUpClass): 200 GET http://10.180.1.21/compute/v2.1/servers/5bbdf138-0aaf-42d1-b5a1-4f7ebc650393 0.712s
2024-10-23 13:43:49.983 62319 INFO tempest.lib.common.rest_client [req-20e853ae-c7ba-4d27-9c3a-e26fc6f2036f req-20e853ae-c7ba-4d27-9c3a-e26fc6f2036f ] Request (VolumesAdminNegativeTest:test_update_attached_volume_with_nonexistent_volume_in_uri): 200 GET http://10.180.1.21/compute/v2.1/servers/2e0f2d4e-aa3d-4b1a-8c8c-9338f75a07e3 0.671s
2024-10-23 13:43:50.031 62273 INFO tempest.lib.common.rest_client [req-634ac02e-c6d4-4d5e-8dfa-ee5e8401defe req-634ac02e-c6d4-4d5e-8dfa-ee5e8401defe ] Request (SecurityGroupsTestJSON:test_list_security_groups_by_server): 200 GET http://10.180.1.21/compute/v2.1/servers/e795e53e-af33-4d0c-8dbd-9c59f236acd7 0.669s
2024-10-23 13:43:50.095 62265 INFO tempest.lib.common.rest_client [req-9061e8d2-3986-4894-9059-e608d643b99c req-9061e8d2-3986-4894-9059-e608d643b99c ] Request (AttachVolumeShelveTestJSON:test_attach_volume_shelved_or_offload_server): 200 GET http://10.180.1.21/compute/v2.1/servers/f9a8e863-6e7f-4f00-b54a-78802659cd59 0.674s
2024-10-23 13:43:50.298 62317 INFO tempest.lib.common.rest_client [req-97e135a3-7d02-4b0c-8c2a-66dfd8c729c5 req-97e135a3-7d02-4b0c-8c2a-66dfd8c729c5 ] Request (VolumesAssistedSnapshotsTest:test_volume_assisted_snapshot_create_delete): 204 DELETE http://10.180.1.21/compute/v2.1/servers/1fde7ae0-c88c-4d7f-b657-355c20e2cb10 0.613s
2024-10-23 13:43:50.351 62295 INFO tempest.lib.common.rest_client [req-18c0ef16-b306-402b-8c93-7da025889fe5 req-18c0ef16-b306-402b-8c93-7da025889fe5 ] Request (MultipleCreateTestJSON:test_multiple_create): 200 GET http://10.180.1.21/compute/v2.1/servers/5dcebdc4-5b1f-4dad-aca1-2bdcc68bc962 0.645s
2024-10-23 13:43:50.358 62295 INFO tempest.common.waiters [-] State transition "BUILD/scheduling" ==> "BUILD/None" after 55 second wait
2024-10-23 13:43:50.407 62275 INFO tempest.lib.common.rest_client [req-01445ba9-a224-4f43-98a3-1bb387802454 req-01445ba9-a224-4f43-98a3-1bb387802454 ] Request (ServerActionsTestOtherA:setUpClass): 200 GET http://10.180.1.21/compute/v2.1/servers/56984993-a8b1-464e-b20c-79ffe67d2491 0.646s
2024-10-23 13:43:50.464 62302 INFO tempest.lib.common.rest_client [req-ab64e0e3-839f-4e85-9eac-d4ab9ce1d20e req-ab64e0e3-839f-4e85-9eac-d4ab9ce1d20e ] Request (ImagesOneServerTestJSON:setUpClass): 200 GET http://10.180.1.21/compute/v2.1/servers/623300f7-54d2-4b0a-b356-a1ae585682cb 0.637s
2024-10-23 13:43:50.470 62299 INFO tempest.lib.common.rest_client [req-e75fe393-c35f-47a9-903d-e8026048829c req-e75fe393-c35f-47a9-903d-e8026048829c ] Request (FloatingIPDetailsTestJSON:_run_cleanups): 202 DELETE http://10.180.1.21/compute/v2.1/os-floating-ips/0ae7ac08-7b4a-416b-be06-0fb00d52ff46 1.050s
2024-10-23 13:43:50.528 62305 INFO tempest.lib.common.rest_client [req-d9bce78f-7359-49bb-93bb-16f2caaef782 req-d9bce78f-7359-49bb-93bb-16f2caaef782 ] Request (InstanceActionsTestJSON:setUpClass): 200 GET http://10.180.1.21/compute/v2.1/servers/454a790d-3cb2-4ef2-995f-97e0eb1e2469 0.643s
2024-10-23 13:43:50.528 62267 INFO tempest.lib.common.rest_client [req-1a13e751-e624-442b-9f67-45b8b2754aac req-1a13e751-e624-442b-9f67-45b8b2754aac ] Request (DeleteServersAdminTestJSON:test_delete_server_while_in_error_state): 200 GET http://10.180.1.21/compute/v2.1/servers/0e53c28c-a440-4e0e-9a4d-ff1d52557752 0.586s
2024-10-23 13:43:50.587 62311 INFO tempest.lib.common.rest_client [req-9d62b6c6-aae4-45a2-bdcc-577dc67df986 req-9d62b6c6-aae4-45a2-bdcc-577dc67df986 ] Request (ServerActionsTestJSON:setUpClass): 200 GET http://10.180.1.21/compute/v2.1/servers/bda8d4eb-2fe2-40ac-9e5f-e7a8f8acdd94 0.596s
2024-10-23 13:43:50.588 62277 INFO tempest.lib.common.rest_client [req-31fc4e46-99da-4b20-a923-7546b6a8bbf4 req-31fc4e46-99da-4b20-a923-7546b6a8bbf4 ] Request (ServerShowV254Test:test_rebuild_server): 200 GET http://10.180.1.21/compute/v2.1/servers/0ff2f9f4-6d85-4465-8e0a-fb39f2a25c9b 0.535s
2024-10-23 13:43:50.645 62297 INFO tempest.lib.common.rest_client [req-b52a753c-3abb-4475-8a4b-d26c9818672f req-b52a753c-3abb-4475-8a4b-d26c9818672f ] Request (ServersTestMultiNic:test_verify_duplicate_network_nics): 200 GET http://10.180.1.21/compute/v2.1/servers/45c32181-01a8-4e1e-9e0e-37035a298d55 0.528s
2024-10-23 13:43:50.652 62291 INFO tempest.lib.common.rest_client [req-2557c1aa-b3e1-4cb4-b556-e403bd92e689 req-2557c1aa-b3e1-4cb4-b556-e403bd92e689 ] Request (ListServerFiltersTestJSON:setUpClass): 200 GET http://10.180.1.21/compute/v2.1/servers/0a08bc46-0eea-4802-b0be-eb24f3507f73 0.479s
2024-10-23 13:43:50.705 62281 INFO tempest.lib.common.rest_client [req-a969dc09-ecd3-446a-9075-9b8f314362f8 req-a969dc09-ecd3-446a-9075-9b8f314362f8 ] Request (ServerActionsTestOtherB:setUpClass): 200 GET http://10.180.1.21/compute/v2.1/servers/e5f6387c-b941-4b3e-8c9a-8a643f7dd4b8 0.416s
2024-10-23 13:43:50.709 62269 INFO tempest.lib.common.rest_client [req-2a3f6987-a18f-44df-aa5c-f8bc461657d3 req-2a3f6987-a18f-44df-aa5c-f8bc461657d3 ] Request (InstanceActionsNegativeTestJSON:setUpClass): 200 GET http://10.180.1.21/compute/v2.1/servers/a690ad15-2878-4fa7-a810-d155ce6b1a8c 0.477s
2024-10-23 13:43:50.726 62317 INFO tempest.lib.common.rest_client [req-546a4145-74bb-4a8b-95f1-74afcb997214 req-546a4145-74bb-4a8b-95f1-74afcb997214 ] Request (VolumesAssistedSnapshotsTest:test_volume_assisted_snapshot_create_delete): 404 GET http://10.180.1.21/compute/v2.1/servers/1fde7ae0-c88c-4d7f-b657-355c20e2cb10 0.427s
2024-10-23 13:43:50.755 62321 INFO tempest.lib.common.rest_client [req-6cd604ed-356a-4095-a83a-7d13031ee51c req-6cd604ed-356a-4095-a83a-7d13031ee51c ] Request (InstanceActionsV221TestJSON:test_get_list_deleted_instance_actions): 200 GET http://10.180.1.21/compute/v2.1/servers/d7de90c0-95e9-4899-92a0-81658831713a 0.455s
2024-10-23 13:43:50.766 62303 INFO tempest.lib.common.rest_client [req-ddcc3f2b-fa22-40e9-bbb4-5b4ce9a303f7 req-ddcc3f2b-fa22-40e9-bbb4-5b4ce9a303f7 ] Request (ImagesTestJSON:test_create_image_from_stopped_server): 200 GET http://10.180.1.21/compute/v2.1/servers/97e51e6c-9a3a-4b68-b737-d48090a22b1b 0.412s
2024-10-23 13:43:50.781 62317 INFO tempest.lib.common.rest_client [req-5b8a3fb6-f5de-4e1d-b369-22cb83d0b435 req-5b8a3fb6-f5de-4e1d-b369-22cb83d0b435 ] Request (VolumesAssistedSnapshotsTest:_run_cleanups): 202 DELETE http://10.180.1.21/volume/v3/volumes/8ff04f52-8d89-4f5d-acb4-e148072c7371 0.054s
2024-10-23 13:43:50.804 62313 INFO tempest.lib.common.rest_client [req-fc55dff4-238f-4c8f-81e9-ac3674d2b6e6 req-fc55dff4-238f-4c8f-81e9-ac3674d2b6e6 ] Request (ServersWithSpecificFlavorTestJSON:test_verify_created_server_ephemeral_disk): 200 GET http://10.180.1.21/compute/v2.1/servers/4c67e82d-b51b-4820-af81-e6eefc7bcb36 0.394s
2024-10-23 13:43:50.808 62317 INFO tempest.lib.common.rest_client [req-e452f4c3-5f8e-4099-b800-899868149198 req-e452f4c3-5f8e-4099-b800-899868149198 ] Request (VolumesAssistedSnapshotsTest:_run_cleanups): 200 GET http://10.180.1.21/volume/v3/volumes/8ff04f52-8d89-4f5d-acb4-e148072c7371 0.026s
2024-10-23 13:43:50.817 62279 INFO tempest.lib.common.rest_client [req-6c77ac87-7db9-403f-81a0-2ce313d0d113 req-6c77ac87-7db9-403f-81a0-2ce313d0d113 ] Request (ServerDiagnosticsTest:test_get_server_diagnostics): 200 GET http://10.180.1.21/compute/v2.1/servers/2cf18a04-6bf9-4f47-a920-2c568207057d 0.359s
2024-10-23 13:43:50.861 62285 INFO tempest.lib.common.rest_client [req-1a9fe61d-2ade-49e0-b03e-02a6c85df81a req-1a9fe61d-2ade-49e0-b03e-02a6c85df81a ] Request (FloatingIPsAssociationNegativeTestJSON:setUpClass): 200 GET http://10.180.1.21/compute/v2.1/servers/eee6b9e6-2707-4a3b-925b-a7f50cdc32cb 0.380s
2024-10-23 13:43:50.895 62299 INFO tempest.lib.common.rest_client [req-08423144-f84e-469b-8ec9-22dbe3277187 req-08423144-f84e-469b-8ec9-22dbe3277187 ] Request (FloatingIPDetailsTestJSON:test_list_floating_ips): 200 GET http://10.180.1.21/compute/v2.1/os-floating-ips 0.424s
2024-10-23 13:43:50.920 62259 INFO tempest.lib.common.rest_client [req-8717f0e4-0aa7-49f8-ba51-42025764d854 req-8717f0e4-0aa7-49f8-ba51-42025764d854 ] Request (FloatingIPsAssociationTestJSON:setUpClass): 200 GET http://10.180.1.21/compute/v2.1/servers/08d41411-7928-4379-9f2e-c6ce00843d82 0.396s
2024-10-23 13:43:50.939 62290 INFO tempest.lib.common.rest_client [req-f03ec299-f7ce-4879-b07c-254863c5be44 req-f03ec299-f7ce-4879-b07c-254863c5be44 ] Request (ServersTestJSON:setUpClass): 200 GET http://10.180.1.21/compute/v2.1/servers/0040f46d-9a60-4fa1-8a00-c08022e17df0 0.363s
2024-10-23 13:43:50.964 62261 INFO tempest.lib.common.rest_client [req-72a75ad0-80db-43ed-9998-911eacc9ceec req-72a75ad0-80db-43ed-9998-911eacc9ceec ] Request (ImagesOneServerNegativeTestJSON:setUpClass): 200 GET http://10.180.1.21/compute/v2.1/servers/194588b4-fe40-4286-8036-874a7c410327 0.337s
2024-10-23 13:43:50.983 62263 INFO tempest.lib.common.rest_client [req-a5c899d3-0b62-4399-b238-a75e05637de5 req-a5c899d3-0b62-4399-b238-a75e05637de5 ] Request (ServerExternalEventsTest:test_create_server_external_events): 200 GET http://10.180.1.21/compute/v2.1/servers/39cd204a-49c2-4309-9030-555056ab125e 0.332s
2024-10-23 13:43:50.989 62263 INFO tempest.common.waiters [-] State transition "BUILD/block_device_mapping" ==> "BUILD/spawning" after 66 second wait
2024-10-23 13:43:51.031 62308 INFO tempest.lib.common.rest_client [req-f27afd46-096c-4f53-80d1-42e0b6895576 req-f27afd46-096c-4f53-80d1-42e0b6895576 ] Request (ServersAaction247Test:test_create_backup): 200 GET http://10.180.1.21/compute/v2.1/servers/5d54c3fd-b239-4965-b7a3-5909e8de8bc0 0.286s
2024-10-23 13:43:51.079 62309 INFO tempest.lib.common.rest_client [req-209941bb-b3d7-4eac-8275-c083f31dba81 req-209941bb-b3d7-4eac-8275-c083f31dba81 ] Request (MigrationsAdminTest:test_resize_server_revert_deleted_flavor): 200 GET http://10.180.1.21/compute/v2.1/servers/5fad2258-f694-4993-bf64-bfa16abc09ba 0.326s
2024-10-23 13:43:51.132 62287 INFO tempest.lib.common.rest_client [req-ca96bdd3-7ab6-40c5-9859-bb8443a8ea47 req-ca96bdd3-7ab6-40c5-9859-bb8443a8ea47 ] Request (ImagesNegativeTestJSON:test_create_image_from_deleted_server): 200 GET http://10.180.1.21/compute/v2.1/servers/cb319720-29ab-4ff2-a71e-f77ae8c85735 0.342s
2024-10-23 13:43:51.177 62293 INFO tempest.lib.common.rest_client [req-97e46f1b-5cf5-4ba6-9e39-081011975168 req-97e46f1b-5cf5-4ba6-9e39-081011975168 ] Request (AttachInterfacesUnderV243Test:test_add_remove_fixed_ip): 200 GET http://10.180.1.21/compute/v2.1/servers/f91a90f7-be73-424c-966c-1be6f37a0864 0.371s
2024-10-23 13:43:51.227 62283 INFO tempest.lib.common.rest_client [req-51d11b23-d9f5-4e96-bf7d-594ef08e3952 req-51d11b23-d9f5-4e96-bf7d-594ef08e3952 ] Request (TenantUsagesTestJSON:setUpClass): 200 GET http://10.180.1.21/compute/v2.1/servers/a187f73b-8fb1-42b3-9a07-24d16aa0f152 0.525s
2024-10-23 13:43:51.233 62315 INFO tempest.lib.common.rest_client [req-0569a797-cb74-4518-b506-9ba0cebbbd7b req-0569a797-cb74-4518-b506-9ba0cebbbd7b ] Request (AttachVolumeNegativeTest:test_attach_attached_volume_to_different_server): 200 GET http://10.180.1.21/compute/v2.1/servers/3624ca43-9ee3-418a-9205-debb699295df 0.407s
2024-10-23 13:43:51.278 62271 INFO tempest.lib.common.rest_client [req-b1038117-dfdf-4f55-8858-6cff19dde60a req-b1038117-dfdf-4f55-8858-6cff19dde60a ] Request (ServersNegativeTestJSON:setUpClass): 200 GET http://10.180.1.21/compute/v2.1/servers/5bbdf138-0aaf-42d1-b5a1-4f7ebc650393 0.300s
2024-10-23 13:43:51.331 62319 INFO tempest.lib.common.rest_client [req-821b6b70-9dba-4525-8622-dc25d075ec4c req-821b6b70-9dba-4525-8622-dc25d075ec4c ] Request (VolumesAdminNegativeTest:test_update_attached_volume_with_nonexistent_volume_in_uri): 200 GET http://10.180.1.21/compute/v2.1/servers/2e0f2d4e-aa3d-4b1a-8c8c-9338f75a07e3 0.340s
2024-10-23 13:43:51.382 62273 INFO tempest.lib.common.rest_client [req-a435992f-b5c9-43b5-8396-981b68fc3087 req-a435992f-b5c9-43b5-8396-981b68fc3087 ] Request (SecurityGroupsTestJSON:test_list_security_groups_by_server): 200 GET http://10.180.1.21/compute/v2.1/servers/e795e53e-af33-4d0c-8dbd-9c59f236acd7 0.340s
2024-10-23 13:43:51.443 62265 INFO tempest.lib.common.rest_client [req-9bc04464-0f69-4493-a17c-c8d7dce4daf0 req-9bc04464-0f69-4493-a17c-c8d7dce4daf0 ] Request (AttachVolumeShelveTestJSON:test_attach_volume_shelved_or_offload_server): 200 GET http://10.180.1.21/compute/v2.1/servers/f9a8e863-6e7f-4f00-b54a-78802659cd59 0.337s
2024-10-23 13:43:51.492 62295 INFO tempest.lib.common.rest_client [req-d33e1316-acdf-4f09-b476-b4d092a7c2f0 req-d33e1316-acdf-4f09-b476-b4d092a7c2f0 ] Request (MultipleCreateTestJSON:test_multiple_create): 200 GET http://10.180.1.21/compute/v2.1/servers/5dcebdc4-5b1f-4dad-aca1-2bdcc68bc962 0.133s
2024-10-23 13:43:51.539 62275 INFO tempest.lib.common.rest_client [req-906e0355-088b-48b6-8ca7-17566731227d req-906e0355-088b-48b6-8ca7-17566731227d ] Request (ServerActionsTestOtherA:setUpClass): 200 GET http://10.180.1.21/compute/v2.1/servers/56984993-a8b1-464e-b20c-79ffe67d2491 0.124s
2024-10-23 13:43:51.585 62302 INFO tempest.lib.common.rest_client [req-ec4786a6-2d55-470b-912b-62cdb97c323c req-ec4786a6-2d55-470b-912b-62cdb97c323c ] Request (ImagesOneServerTestJSON:setUpClass): 200 GET http://10.180.1.21/compute/v2.1/servers/623300f7-54d2-4b0a-b356-a1ae585682cb 0.111s
2024-10-23 13:43:51.635 62267 INFO tempest.lib.common.rest_client [req-7168a618-c28a-471b-976e-0e7ad07880f4 req-7168a618-c28a-471b-976e-0e7ad07880f4 ] Request (DeleteServersAdminTestJSON:test_delete_server_while_in_error_state): 200 GET http://10.180.1.21/compute/v2.1/servers/0e53c28c-a440-4e0e-9a4d-ff1d52557752 0.100s
2024-10-23 13:43:51.655 62299 INFO tempest.lib.common.rest_client [req-3a0f13b2-938b-4ee8-94f7-7364b062e8ab req-3a0f13b2-938b-4ee8-94f7-7364b062e8ab ] Request (FloatingIPDetailsTestJSON:tearDownClass): 202 DELETE http://10.180.1.21/compute/v2.1/os-floating-ips/8cad869d-1565-4389-952a-be04df65ddf9 0.757s
2024-10-23 13:43:51.676 62305 INFO tempest.lib.common.rest_client [req-e4452998-51a4-4dc9-8b9f-f02bd58d0ccf req-e4452998-51a4-4dc9-8b9f-f02bd58d0ccf ] Request (InstanceActionsTestJSON:setUpClass): 200 GET http://10.180.1.21/compute/v2.1/servers/454a790d-3cb2-4ef2-995f-97e0eb1e2469 0.140s
2024-10-23 13:43:51.698 62277 INFO tempest.lib.common.rest_client [req-71f691e4-701f-4a20-86f0-4583f5eb1ed5 req-71f691e4-701f-4a20-86f0-4583f5eb1ed5 ] Request (ServerShowV254Test:test_rebuild_server): 200 GET http://10.180.1.21/compute/v2.1/servers/0ff2f9f4-6d85-4465-8e0a-fb39f2a25c9b 0.101s
2024-10-23 13:43:51.715 62311 INFO tempest.lib.common.rest_client [req-bb25d176-6068-401c-bfdb-41c9aa605d98 req-bb25d176-6068-401c-bfdb-41c9aa605d98 ] Request (ServerActionsTestJSON:setUpClass): 200 GET http://10.180.1.21/compute/v2.1/servers/bda8d4eb-2fe2-40ac-9e5f-e7a8f8acdd94 0.117s
2024-10-23 13:43:51.749 62297 INFO tempest.lib.common.rest_client [req-fb381377-67e4-47cf-9b28-99c35a095595 req-fb381377-67e4-47cf-9b28-99c35a095595 ] Request (ServersTestMultiNic:test_verify_duplicate_network_nics): 200 GET http://10.180.1.21/compute/v2.1/servers/45c32181-01a8-4e1e-9e0e-37035a298d55 0.097s
2024-10-23 13:43:51.794 62291 INFO tempest.lib.common.rest_client [req-5281cf03-8c8f-43ee-aced-a533fabf5811 req-5281cf03-8c8f-43ee-aced-a533fabf5811 ] Request (ListServerFiltersTestJSON:setUpClass): 200 GET http://10.180.1.21/compute/v2.1/servers/0a08bc46-0eea-4802-b0be-eb24f3507f73 0.129s
2024-10-23 13:43:51.845 62269 INFO tempest.lib.common.rest_client [req-197aec28-ca8c-4d25-8a6c-9eab753e92ff req-197aec28-ca8c-4d25-8a6c-9eab753e92ff ] Request (InstanceActionsNegativeTestJSON:setUpClass): 200 GET http://10.180.1.21/compute/v2.1/servers/a690ad15-2878-4fa7-a810-d155ce6b1a8c 0.130s
2024-10-23 13:43:51.889 62281 INFO tempest.lib.common.rest_client [req-4679c9a4-063e-4c17-bbd6-7b54d2a67a98 req-4679c9a4-063e-4c17-bbd6-7b54d2a67a98 ] Request (ServerActionsTestOtherB:setUpClass): 200 GET http://10.180.1.21/compute/v2.1/servers/e5f6387c-b941-4b3e-8c9a-8a643f7dd4b8 0.173s
2024-10-23 13:43:51.936 62321 INFO tempest.lib.common.rest_client [req-07a135b7-4f6d-4027-838d-aa2f44be56ba req-07a135b7-4f6d-4027-838d-aa2f44be56ba ] Request (InstanceActionsV221TestJSON:test_get_list_deleted_instance_actions): 200 GET http://10.180.1.21/compute/v2.1/servers/d7de90c0-95e9-4899-92a0-81658831713a 0.172s
2024-10-23 13:43:51.940 62317 INFO tempest.lib.common.rest_client [req-39dd2c2c-1c6c-4b3b-97aa-c04f8b3619f3 req-39dd2c2c-1c6c-4b3b-97aa-c04f8b3619f3 ] Request (VolumesAssistedSnapshotsTest:_run_cleanups): 404 GET http://10.180.1.21/volume/v3/volumes/8ff04f52-8d89-4f5d-acb4-e148072c7371 0.125s
2024-10-23 13:43:51.988 62303 INFO tempest.lib.common.rest_client [req-339e1a71-1fc8-423e-9377-5af865550987 req-339e1a71-1fc8-423e-9377-5af865550987 ] Request (ImagesTestJSON:test_create_image_from_stopped_server): 200 GET http://10.180.1.21/compute/v2.1/servers/97e51e6c-9a3a-4b68-b737-d48090a22b1b 0.216s
2024-10-23 13:43:52.032 62313 INFO tempest.lib.common.rest_client [req-b6010f00-c284-43b4-ae02-d17218dd10d9 req-b6010f00-c284-43b4-ae02-d17218dd10d9 ] Request (ServersWithSpecificFlavorTestJSON:test_verify_created_server_ephemeral_disk): 200 GET http://10.180.1.21/compute/v2.1/servers/4c67e82d-b51b-4820-af81-e6eefc7bcb36 0.221s
2024-10-23 13:43:52.078 62299 INFO tempest.lib.common.rest_client [req-ce8d87ca-1ee0-4f6b-ba9c-fabc5483c7c0 req-ce8d87ca-1ee0-4f6b-ba9c-fabc5483c7c0 ] Request (FloatingIPDetailsTestJSON:tearDownClass): 202 DELETE http://10.180.1.21/compute/v2.1/os-floating-ips/a27b2aaa-c0b9-4546-b464-6a16448da3ba 0.422s
2024-10-23 13:43:52.079 62279 INFO tempest.lib.common.rest_client [req-45b566f5-a96d-418d-9b75-900e00136a86 req-45b566f5-a96d-418d-9b75-900e00136a86 ] Request (ServerDiagnosticsTest:test_get_server_diagnostics): 200 GET http://10.180.1.21/compute/v2.1/servers/2cf18a04-6bf9-4f47-a920-2c568207057d 0.255s
2024-10-23 13:43:52.132 62285 INFO tempest.lib.common.rest_client [req-aa80168b-ba92-46de-8c2a-6a94eae4cf60 req-aa80168b-ba92-46de-8c2a-6a94eae4cf60 ] Request (FloatingIPsAssociationNegativeTestJSON:setUpClass): 200 GET http://10.180.1.21/compute/v2.1/servers/eee6b9e6-2707-4a3b-925b-a7f50cdc32cb 0.263s
2024-10-23 13:43:52.136 62259 INFO tempest.lib.common.rest_client [req-a1a7b648-21c5-400c-80ca-17a8d3ab649c req-a1a7b648-21c5-400c-80ca-17a8d3ab649c ] Request (FloatingIPsAssociationTestJSON:setUpClass): 200 GET http://10.180.1.21/compute/v2.1/servers/08d41411-7928-4379-9f2e-c6ce00843d82 0.209s
2024-10-23 13:43:52.152 62317 INFO tempest.lib.common.rest_client [req-352fcd6b-403e-424d-a305-5e9c9507f2ee req-352fcd6b-403e-424d-a305-5e9c9507f2ee ] Request (VolumesAssistedSnapshotsTest:tearDownClass): 202 DELETE http://10.180.1.21/compute/v2.1/os-keypairs/tempest-keypair-379879057 0.204s
2024-10-23 13:43:52.186 62290 INFO tempest.lib.common.rest_client [req-abc88282-fa0c-4eaa-a4a3-24387192a293 req-abc88282-fa0c-4eaa-a4a3-24387192a293 ] Request (ServersTestJSON:setUpClass): 200 GET http://10.180.1.21/compute/v2.1/servers/0040f46d-9a60-4fa1-8a00-c08022e17df0 0.239s
2024-10-23 13:43:52.196 62261 INFO tempest.lib.common.rest_client [req-d6efe02d-ec39-47c3-aa7e-0592fbc12c8e req-d6efe02d-ec39-47c3-aa7e-0592fbc12c8e ] Request (ImagesOneServerNegativeTestJSON:setUpClass): 200 GET http://10.180.1.21/compute/v2.1/servers/194588b4-fe40-4286-8036-874a7c410327 0.225s
2024-10-23 13:43:52.232 62317 INFO tempest.lib.common.rest_client [req-d61d7ac5-0d00-4504-a461-35a845a091ad req-d61d7ac5-0d00-4504-a461-35a845a091ad ] Request (VolumesAssistedSnapshotsTest:tearDownClass): 204 DELETE http://10.180.1.21:9696/networking/v2.0/security-groups/a47e3992-848a-427a-a39c-3227df3f8d6a 0.079s
2024-10-23 13:43:52.238 62263 INFO tempest.lib.common.rest_client [req-921c71f2-11db-483d-bd65-3198945c5920 req-921c71f2-11db-483d-bd65-3198945c5920 ] Request (ServerExternalEventsTest:test_create_server_external_events): 200 GET http://10.180.1.21/compute/v2.1/servers/39cd204a-49c2-4309-9030-555056ab125e 0.248s
2024-10-23 13:43:52.241 62317 INFO tempest.lib.common.rest_client [req-e17aff29-ec92-4813-a57d-7a28ab0427ca req-e17aff29-ec92-4813-a57d-7a28ab0427ca ] Request (VolumesAssistedSnapshotsTest:tearDownClass): 404 GET http://10.180.1.21:9696/networking/v2.0/security-groups/a47e3992-848a-427a-a39c-3227df3f8d6a 0.009s
2024-10-23 13:43:52.246 62308 INFO tempest.lib.common.rest_client [req-69cd3f81-5d41-4667-a7e7-9c71224808ea req-69cd3f81-5d41-4667-a7e7-9c71224808ea ] Request (ServersAaction247Test:test_create_backup): 200 GET http://10.180.1.21/compute/v2.1/servers/5d54c3fd-b239-4965-b7a3-5909e8de8bc0 0.204s
2024-10-23 13:43:52.289 62309 INFO tempest.lib.common.rest_client [req-89a79a64-8ce7-4161-b318-96e26a992bde req-89a79a64-8ce7-4161-b318-96e26a992bde ] Request (MigrationsAdminTest:test_resize_server_revert_deleted_flavor): 200 GET http://10.180.1.21/compute/v2.1/servers/5fad2258-f694-4993-bf64-bfa16abc09ba 0.202s
2024-10-23 13:43:52.343 62287 INFO tempest.lib.common.rest_client [req-215a4129-8a94-4f59-85bd-8bdfde1db7fa req-215a4129-8a94-4f59-85bd-8bdfde1db7fa ] Request (ImagesNegativeTestJSON:test_create_image_from_deleted_server): 200 GET http://10.180.1.21/compute/v2.1/servers/cb319720-29ab-4ff2-a71e-f77ae8c85735 0.205s
2024-10-23 13:43:52.399 62293 INFO tempest.lib.common.rest_client [req-8c7c87af-af85-4809-99cc-a8a558f80182 req-8c7c87af-af85-4809-99cc-a8a558f80182 ] Request (AttachInterfacesUnderV243Test:test_add_remove_fixed_ip): 200 GET http://10.180.1.21/compute/v2.1/servers/f91a90f7-be73-424c-966c-1be6f37a0864 0.210s
2024-10-23 13:43:52.435 62317 INFO tempest.lib.common.rest_client [req-3e47e9b5-da53-43ce-bee8-dfb6f48c8cc6 req-3e47e9b5-da53-43ce-bee8-dfb6f48c8cc6 ] Request (VolumesAssistedSnapshotsTest:tearDownClass): 204 DELETE http://10.180.1.21:9696/networking/v2.0/floatingips/e7741591-75c0-46f9-86bc-4d106b20fb6b 0.193s
2024-10-23 13:43:52.449 62317 INFO tempest.lib.common.rest_client [req-42b42652-0ed0-4e8c-b286-8d66934d4bcb req-42b42652-0ed0-4e8c-b286-8d66934d4bcb ] Request (VolumesAssistedSnapshotsTest:tearDownClass): 404 DELETE http://10.180.1.21/volume/v3/volumes/8ff04f52-8d89-4f5d-acb4-e148072c7371 0.014s
2024-10-23 13:43:52.450 62283 INFO tempest.lib.common.rest_client [req-d1cb2ca0-7f60-4bd5-b1fd-88f290fc0df4 req-d1cb2ca0-7f60-4bd5-b1fd-88f290fc0df4 ] Request (TenantUsagesTestJSON:setUpClass): 200 GET http://10.180.1.21/compute/v2.1/servers/a187f73b-8fb1-42b3-9a07-24d16aa0f152 0.216s
2024-10-23 13:43:52.461 62317 INFO tempest.lib.common.rest_client [req-47c7bb68-ab20-4bf9-bfc8-76716c96c05c req-47c7bb68-ab20-4bf9-bfc8-76716c96c05c ] Request (VolumesAssistedSnapshotsTest:tearDownClass): 404 GET http://10.180.1.21/volume/v3/volumes/8ff04f52-8d89-4f5d-acb4-e148072c7371 0.012s
2024-10-23 13:43:52.501 62315 INFO tempest.lib.common.rest_client [req-88583aba-6472-4d39-8eec-d306eb3ae42d req-88583aba-6472-4d39-8eec-d306eb3ae42d ] Request (AttachVolumeNegativeTest:test_attach_attached_volume_to_different_server): 200 GET http://10.180.1.21/compute/v2.1/servers/3624ca43-9ee3-418a-9205-debb699295df 0.260s
2024-10-23 13:43:52.546 62271 INFO tempest.lib.common.rest_client [req-3bf7edbb-ed28-42a5-9f50-27811cc0d973 req-3bf7edbb-ed28-42a5-9f50-27811cc0d973 ] Request (ServersNegativeTestJSON:setUpClass): 200 GET http://10.180.1.21/compute/v2.1/servers/5bbdf138-0aaf-42d1-b5a1-4f7ebc650393 0.261s
2024-10-23 13:43:52.592 62319 INFO tempest.lib.common.rest_client [req-c6df99ee-b14e-4195-b8e4-7729935c4024 req-c6df99ee-b14e-4195-b8e4-7729935c4024 ] Request (VolumesAdminNegativeTest:test_update_attached_volume_with_nonexistent_volume_in_uri): 200 GET http://10.180.1.21/compute/v2.1/servers/2e0f2d4e-aa3d-4b1a-8c8c-9338f75a07e3 0.254s
2024-10-23 13:43:52.649 62273 INFO tempest.lib.common.rest_client [req-6cd6c8e6-528b-422a-a131-d23ece487ad9 req-6cd6c8e6-528b-422a-a131-d23ece487ad9 ] Request (SecurityGroupsTestJSON:test_list_security_groups_by_server): 200 GET http://10.180.1.21/compute/v2.1/servers/e795e53e-af33-4d0c-8dbd-9c59f236acd7 0.260s
2024-10-23 13:43:52.653 62299 INFO tempest.lib.common.rest_client [req-bf3b571f-86c7-4879-909b-33ded8e91380 req-bf3b571f-86c7-4879-909b-33ded8e91380 ] Request (FloatingIPDetailsTestJSON:tearDownClass): 202 DELETE http://10.180.1.21/compute/v2.1/os-floating-ips/07a78417-4c48-4583-968e-bc3e68202065 0.574s
2024-10-23 13:43:52.711 62265 INFO tempest.lib.common.rest_client [req-4fa944e4-dd9c-4d65-97d2-945697240c0c req-4fa944e4-dd9c-4d65-97d2-945697240c0c ] Request (AttachVolumeShelveTestJSON:test_attach_volume_shelved_or_offload_server): 200 GET http://10.180.1.21/compute/v2.1/servers/f9a8e863-6e7f-4f00-b54a-78802659cd59 0.259s
2024-10-23 13:43:52.712 62295 INFO tempest.lib.common.rest_client [req-d425016c-957d-45a7-9cda-60b29b65248a req-d425016c-957d-45a7-9cda-60b29b65248a ] Request (MultipleCreateTestJSON:test_multiple_create): 200 GET http://10.180.1.21/compute/v2.1/servers/5dcebdc4-5b1f-4dad-aca1-2bdcc68bc962 0.214s
