2024-10-23 13:44:21.112 62299 INFO tempest.lib.common.rest_client [req-60f3038f-90f2-4df3-b15f-5753a41e41d1 req-60f3038f-90f2-4df3-b15f-5753a41e41d1 ] Request (ServersTestBootFromVolume:setUpClass): 200 GET http://10.180.1.21/compute/v2.1/servers/2b81d060-ecb7-4ae5-b51d-33197937a76f 0.070s
2024-10-23 13:44:21.176 62271 INFO tempest.lib.common.rest_client [req-4ad5cda6-a9d6-44ef-a121-79814ad5f49a req-4ad5cda6-a9d6-44ef-a121-79814ad5f49a ] Request (ServersNegativeTestJSON:setUpClass): 200 GET http://10.180.1.21/compute/v2.1/servers/5bbdf138-0aaf-42d1-b5a1-4f7ebc650393 0.130s
2024-10-23 13:44:21.227 62293 INFO tempest.lib.common.rest_client [req-b53861bd-a2a1-4fbe-9a0b-7e23ba3e44ca req-b53861bd-a2a1-4fbe-9a0b-7e23ba3e44ca ] Request (AttachInterfacesUnderV243Test:test_add_remove_fixed_ip): 200 GET http://10.180.1.21/compute/v2.1/servers/f91a90f7-be73-424c-966c-1be6f37a0864 0.180s
2024-10-23 13:44:21.282 62315 INFO tempest.lib.common.rest_client [req-a2dab860-28af-44cb-af2f-8bf39206b998 req-a2dab860-28af-44cb-af2f-8bf39206b998 ] Request (AttachVolumeNegativeTest:test_attach_attached_volume_to_different_server): 200 GET http://10.180.1.21/compute/v2.1/servers/3624ca43-9ee3-418a-9205-debb699295df 0.183s
2024-10-23 13:44:21.329 62308 INFO tempest.lib.common.rest_client [req-8c2d1485-b947-46bb-8e8c-c537f0dc0803 req-8c2d1485-b947-46bb-8e8c-c537f0dc0803 ] Request (ServersAaction247Test:test_create_backup): 200 GET http://10.180.1.21/compute/v2.1/servers/5d54c3fd-b239-4965-b7a3-5909e8de8bc0 0.340s
2024-10-23 13:44:21.334 62283 INFO tempest.lib.common.rest_client [req-8ace3ef5-c7d6-4f94-9eb1-e73b139abf09 req-8ace3ef5-c7d6-4f94-9eb1-e73b139abf09 ] Request (TenantUsagesTestJSON:setUpClass): 200 GET http://10.180.1.21/compute/v2.1/servers/a187f73b-8fb1-42b3-9a07-24d16aa0f152 0.235s
2024-10-23 13:44:21.385 62273 INFO tempest.lib.common.rest_client [req-b26e70cc-6eb7-4fb9-b490-45eb2da2ca0c req-b26e70cc-6eb7-4fb9-b490-45eb2da2ca0c ] Request (SecurityGroupsTestJSON:test_list_security_groups_by_server): 200 GET http://10.180.1.21/compute/v2.1/servers/e795e53e-af33-4d0c-8dbd-9c59f236acd7 0.222s
2024-10-23 13:44:21.393 62319 INFO tempest.lib.common.rest_client [req-8842757b-c59f-41f5-b6d4-a1b16cab4cef req-8842757b-c59f-41f5-b6d4-a1b16cab4cef ] Request (VolumesAdminNegativeTest:test_update_attached_volume_with_nonexistent_volume_in_uri): 200 GET http://10.180.1.21/compute/v2.1/servers/2e0f2d4e-aa3d-4b1a-8c8c-9338f75a07e3 0.170s
2024-10-23 13:44:21.405 62263 INFO tempest.lib.common.rest_client [req-23845438-d427-4d42-9c4e-55e99435fecd req-23845438-d427-4d42-9c4e-55e99435fecd ] Request (ServerGroup264TestJSON:tearDownClass): 200 PUT http://10.180.1.21:9696/networking/v2.0/routers/26bec311-aa64-4048-9896-153922c71b58/remove_router_interface 0.708s
2024-10-23 13:44:21.437 62275 INFO tempest.lib.common.rest_client [req-928594f2-55b4-483f-8a7d-678158f155c5 req-928594f2-55b4-483f-8a7d-678158f155c5 ] Request (ServerActionsTestOtherA:setUpClass): 200 GET http://10.180.1.21/compute/v2.1/servers/56984993-a8b1-464e-b20c-79ffe67d2491 0.172s
2024-10-23 13:44:21.443 62295 INFO tempest.lib.common.rest_client [req-25e3fc08-54ce-4a49-abe6-54f3569f44b5 req-25e3fc08-54ce-4a49-abe6-54f3569f44b5 ] Request (MultipleCreateTestJSON:test_multiple_create): 200 GET http://10.180.1.21/compute/v2.1/servers/5dcebdc4-5b1f-4dad-aca1-2bdcc68bc962 0.127s
2024-10-23 13:44:21.483 62265 INFO tempest.lib.common.rest_client [req-feb99d0e-15a3-4428-bd79-97d9453266ce req-feb99d0e-15a3-4428-bd79-97d9453266ce ] Request (AttachVolumeShelveTestJSON:test_attach_volume_shelved_or_offload_server): 200 GET http://10.180.1.21/compute/v2.1/servers/f9a8e863-6e7f-4f00-b54a-78802659cd59 0.154s
2024-10-23 13:44:21.487 62302 INFO tempest.lib.common.rest_client [req-e235b974-447d-42dd-a822-ec7c98b9d589 req-e235b974-447d-42dd-a822-ec7c98b9d589 ] Request (ImagesOneServerTestJSON:setUpClass): 200 GET http://10.180.1.21/compute/v2.1/servers/623300f7-54d2-4b0a-b356-a1ae585682cb 0.123s
2024-10-23 13:44:21.530 62291 INFO tempest.lib.common.rest_client [req-882003bc-4a4b-438c-a5c1-47db6c263582 req-882003bc-4a4b-438c-a5c1-47db6c263582 ] Request (ServerMetadataTestJSON:setUpClass): 200 GET http://10.180.1.21/compute/v2.1/servers/0ed07533-9e79-416d-a495-a8e20b97e108 0.139s
2024-10-23 13:44:21.537 62267 INFO tempest.lib.common.rest_client [req-7125ad82-0f98-4a35-a469-a82293c45fde req-7125ad82-0f98-4a35-a469-a82293c45fde ] Request (DeleteServersAdminTestJSON:test_delete_server_while_in_error_state): 200 GET http://10.180.1.21/compute/v2.1/servers/0e53c28c-a440-4e0e-9a4d-ff1d52557752 0.131s
2024-10-23 13:44:21.580 62277 INFO tempest.lib.common.rest_client [req-6bd4e2ab-e358-405a-9162-dac5b8108e07 req-6bd4e2ab-e358-405a-9162-dac5b8108e07 ] Request (ServerShowV254Test:test_rebuild_server): 200 GET http://10.180.1.21/compute/v2.1/servers/0ff2f9f4-6d85-4465-8e0a-fb39f2a25c9b 0.139s
2024-10-23 13:44:21.590 62311 INFO tempest.lib.common.rest_client [req-93864d90-f47c-419a-8850-097ebff4443c req-93864d90-f47c-419a-8850-097ebff4443c ] Request (ServerActionsTestJSON:setUpClass): 200 GET http://10.180.1.21/compute/v2.1/servers/bda8d4eb-2fe2-40ac-9e5f-e7a8f8acdd94 0.093s
2024-10-23 13:44:21.629 62297 INFO tempest.lib.common.rest_client [req-ed23f13a-70fd-4b8a-add8-e30b5e0c0b4d req-ed23f13a-70fd-4b8a-add8-e30b5e0c0b4d ] Request (ServersTestMultiNic:test_verify_duplicate_network_nics): 200 GET http://10.180.1.21/compute/v2.1/servers/45c32181-01a8-4e1e-9e0e-37035a298d55 0.125s
2024-10-23 13:44:21.642 62269 INFO tempest.lib.common.rest_client [req-e9bb5ede-8b5e-4bf3-8992-90cd760b870b req-e9bb5ede-8b5e-4bf3-8992-90cd760b870b ] Request (InstanceActionsNegativeTestJSON:setUpClass): 200 GET http://10.180.1.21/compute/v2.1/servers/a690ad15-2878-4fa7-a810-d155ce6b1a8c 0.101s
2024-10-23 13:44:21.682 62317 INFO tempest.lib.common.rest_client [req-2a35100e-29b0-4802-a1bf-5800a8c7a0e7 req-2a35100e-29b0-4802-a1bf-5800a8c7a0e7 ] Request (AttachInterfacesV270Test:test_create_get_list_interfaces): 200 GET http://10.180.1.21/compute/v2.1/servers/c908a3ed-88a6-4e79-8c27-2e16bf2bdca4 0.090s
2024-10-23 13:44:21.701 62321 INFO tempest.lib.common.rest_client [req-1a1e9d53-591d-416b-a2ee-4ea357c5f784 req-1a1e9d53-591d-416b-a2ee-4ea357c5f784 ] Request (InstanceActionsV221TestJSON:test_get_list_deleted_instance_actions): 200 GET http://10.180.1.21/compute/v2.1/servers/d7de90c0-95e9-4899-92a0-81658831713a 0.055s
2024-10-23 13:44:21.738 62281 INFO tempest.lib.common.rest_client [req-3d720e92-6f08-46d6-abf6-bcbc1b33d8ce req-3d720e92-6f08-46d6-abf6-bcbc1b33d8ce ] Request (ServerActionsTestOtherB:setUpClass): 200 GET http://10.180.1.21/compute/v2.1/servers/e5f6387c-b941-4b3e-8c9a-8a643f7dd4b8 0.048s
2024-10-23 13:44:21.740 62263 INFO tempest.lib.common.rest_client [req-6fa72236-250d-4656-800f-bb0887107284 req-6fa72236-250d-4656-800f-bb0887107284 ] Request (ServerGroup264TestJSON:tearDownClass): 204 DELETE http://10.180.1.21:9696/networking/v2.0/routers/26bec311-aa64-4048-9896-153922c71b58 0.335s
2024-10-23 13:44:21.806 62303 INFO tempest.lib.common.rest_client [req-72cfa9e4-9133-4e6b-b3fd-09a6af27f3e0 req-72cfa9e4-9133-4e6b-b3fd-09a6af27f3e0 ] Request (ImagesTestJSON:test_create_image_from_stopped_server): 200 GET http://10.180.1.21/compute/v2.1/servers/97e51e6c-9a3a-4b68-b737-d48090a22b1b 0.050s
2024-10-23 13:44:21.856 62279 INFO tempest.lib.common.rest_client [req-1175cd5b-f6f0-4f40-a14f-93d535075d9c req-1175cd5b-f6f0-4f40-a14f-93d535075d9c ] Request (ServerDiagnosticsTest:test_get_server_diagnostics): 200 GET http://10.180.1.21/compute/v2.1/servers/2cf18a04-6bf9-4f47-a920-2c568207057d 0.053s
2024-10-23 13:44:21.869 62263 INFO tempest.lib.common.rest_client [req-05c61c81-bc7d-4c9b-baa5-639f5a82b3bc req-05c61c81-bc7d-4c9b-baa5-639f5a82b3bc ] Request (ServerGroup264TestJSON:tearDownClass): 204 DELETE http://10.180.1.21:9696/networking/v2.0/subnets/f68f3927-16ba-467a-8c35-afb70cc2f647 0.128s
2024-10-23 13:44:21.915 62290 INFO tempest.lib.common.rest_client [req-50026493-83ca-4772-a9f2-713acb16b413 req-50026493-83ca-4772-a9f2-713acb16b413 ] Request (ServersTestJSON:setUpClass): 200 GET http://10.180.1.21/compute/v2.1/servers/0040f46d-9a60-4fa1-8a00-c08022e17df0 0.058s
2024-10-23 13:44:21.949 62259 INFO tempest.lib.common.rest_client [req-89d81de0-4ae0-4e1a-9def-9687bd64492a req-89d81de0-4ae0-4e1a-9def-9687bd64492a ] Request (FloatingIPsAssociationTestJSON:setUpClass): 200 GET http://10.180.1.21/compute/v2.1/servers/08d41411-7928-4379-9f2e-c6ce00843d82 0.050s
2024-10-23 13:44:21.992 62285 INFO tempest.lib.common.rest_client [req-fc01f4ea-cfd8-43d3-9e02-1682334806c5 req-fc01f4ea-cfd8-43d3-9e02-1682334806c5 ] Request (FloatingIPsAssociationNegativeTestJSON:setUpClass): 200 GET http://10.180.1.21/compute/v2.1/servers/eee6b9e6-2707-4a3b-925b-a7f50cdc32cb 0.045s
2024-10-23 13:44:22.031 62287 INFO tempest.lib.common.rest_client [req-ac45b17b-6816-4fa7-86d3-32d7f45cb4f9 req-ac45b17b-6816-4fa7-86d3-32d7f45cb4f9 ] Request (ImagesNegativeTestJSON:test_create_image_from_deleted_server): 200 GET http://10.180.1.21/compute/v2.1/servers/cb319720-29ab-4ff2-a71e-f77ae8c85735 0.046s
2024-10-23 13:44:22.090 62261 INFO tempest.lib.common.rest_client [req-c18e0542-8120-4939-9fe8-5796ff901dd4 req-c18e0542-8120-4939-9fe8-5796ff901dd4 ] Request (ImagesOneServerNegativeTestJSON:setUpClass): 200 GET http://10.180.1.21/compute/v2.1/servers/194588b4-fe40-4286-8036-874a7c410327 0.057s
2024-10-23 13:44:22.096 62263 INFO tempest.lib.common.rest_client [req-0428502b-cf93-445e-8fcf-483d0fea69df req-0428502b-cf93-445e-8fcf-483d0fea69df ] Request (ServerGroup264TestJSON:tearDownClass): 204 DELETE http://10.180.1.21:9696/networking/v2.0/networks/6dc41dbd-0df9-42c4-b0af-7dfad210a87b 0.227s
2024-10-23 13:44:22.099 62261 INFO tempest.common.waiters [-] State transition "BUILD/spawning" ==> "ERROR/None" after 98 second wait
2024-10-23 13:44:22.135 62309 INFO tempest.lib.common.rest_client [req-944158fd-b2aa-4a49-a8cf-ce813e200b86 req-944158fd-b2aa-4a49-a8cf-ce813e200b86 ] Request (MigrationsAdminTest:test_resize_server_revert_deleted_flavor): 200 GET http://10.180.1.21/compute/v2.1/servers/5fad2258-f694-4993-bf64-bfa16abc09ba 0.055s
2024-10-23 13:44:22.186 62299 INFO tempest.lib.common.rest_client [req-75b8b755-7617-4864-bf19-6278a10469ff req-75b8b755-7617-4864-bf19-6278a10469ff ] Request (ServersTestBootFromVolume:setUpClass): 200 GET http://10.180.1.21/compute/v2.1/servers/2b81d060-ecb7-4ae5-b51d-33197937a76f 0.063s
2024-10-23 13:44:22.200 62263 INFO tempest.lib.common.rest_client [req-e447cc5b-5b9a-43fe-b22f-5b261de7fcbf req-e447cc5b-5b9a-43fe-b22f-5b261de7fcbf ] Request (ServerGroup264TestJSON:tearDownClass): 204 DELETE http://10.180.1.21/identity/v3/users/1f1b9dced09743af9a3285fe856ccb55 0.103s
2024-10-23 13:44:22.200 62263 INFO tempest.lib.common.dynamic_creds [-] Deleting project and security group for project: 7e61aa5697f5488a8f227c4a2bb0e3e8
2024-10-23 13:44:22.240 62263 INFO tempest.lib.common.rest_client [req-1c42a91c-2d53-4b97-8fab-c7d10c218ad1 req-1c42a91c-2d53-4b97-8fab-c7d10c218ad1 ] Request (ServerGroup264TestJSON:tearDownClass): 200 GET http://10.180.1.21:9696/networking/v2.0/security-groups?tenant_id=7e61aa5697f5488a8f227c4a2bb0e3e8&name=default 0.040s
2024-10-23 13:44:22.244 62271 INFO tempest.lib.common.rest_client [req-eb3f0e8c-d053-40e4-9de6-628de93668b1 req-eb3f0e8c-d053-40e4-9de6-628de93668b1 ] Request (ServersNegativeTestJSON:setUpClass): 200 GET http://10.180.1.21/compute/v2.1/servers/5bbdf138-0aaf-42d1-b5a1-4f7ebc650393 0.062s
2024-10-23 13:44:22.292 62293 INFO tempest.lib.common.rest_client [req-d7b0aabc-cab0-4430-b367-55a2823fe3e3 req-d7b0aabc-cab0-4430-b367-55a2823fe3e3 ] Request (AttachInterfacesUnderV243Test:test_add_remove_fixed_ip): 200 GET http://10.180.1.21/compute/v2.1/servers/f91a90f7-be73-424c-966c-1be6f37a0864 0.053s
2024-10-23 13:44:22.322 62261 INFO tempest.lib.common.rest_client [req-110a770e-4654-4afe-a6db-768157f58ff2 req-110a770e-4654-4afe-a6db-768157f58ff2 ] Request (ImagesOneServerNegativeTestJSON:setUpClass): 204 DELETE http://10.180.1.21/compute/v2.1/servers/194588b4-fe40-4286-8036-874a7c410327 0.222s
2024-10-23 13:44:22.324 62263 INFO tempest.lib.common.rest_client [req-bd961b2d-6f09-4aa4-94f2-48d578f7830f req-bd961b2d-6f09-4aa4-94f2-48d578f7830f ] Request (ServerGroup264TestJSON:tearDownClass): 204 DELETE http://10.180.1.21:9696/networking/v2.0/security-groups/af611eda-e9ea-46c5-892e-47063bb1a691 0.083s
2024-10-23 13:44:22.341 62315 INFO tempest.lib.common.rest_client [req-d4baa2b3-7467-42fd-96ee-6bc12a58b260 req-d4baa2b3-7467-42fd-96ee-6bc12a58b260 ] Request (AttachVolumeNegativeTest:test_attach_attached_volume_to_different_server): 200 GET http://10.180.1.21/compute/v2.1/servers/3624ca43-9ee3-418a-9205-debb699295df 0.050s
2024-10-23 13:44:22.342 62261 INFO tempest.lib.common.rest_client [req-5b9b1589-78f0-444f-b4fb-f924356e5ae0 req-5b9b1589-78f0-444f-b4fb-f924356e5ae0 ] Request (ImagesOneServerNegativeTestJSON:setUpClass): 404 GET http://10.180.1.21/compute/v2.1/servers/194588b4-fe40-4286-8036-874a7c410327 0.020s
2024-10-23 13:44:22.342 62261 INFO tempest.test [-] raised in ImagesOneServerNegativeTestJSON.setUpClass. Invoking tearDownClass.
2024-10-23 13:44:22.414 62263 INFO tempest.lib.common.rest_client [req-76b20f56-e2de-4d1d-9bc1-45a77ec3cbca req-76b20f56-e2de-4d1d-9bc1-45a77ec3cbca ] Request (ServerGroup264TestJSON:tearDownClass): 204 DELETE http://10.180.1.21/identity/v3/projects/7e61aa5697f5488a8f227c4a2bb0e3e8 0.090s
2024-10-23 13:44:22.416 62308 INFO tempest.lib.common.rest_client [req-12320816-1a87-4f4a-b746-ff588eed4694 req-12320816-1a87-4f4a-b746-ff588eed4694 ] Request (ServersAaction247Test:test_create_backup): 200 GET http://10.180.1.21/compute/v2.1/servers/5d54c3fd-b239-4965-b7a3-5909e8de8bc0 0.066s
2024-10-23 13:44:22.416 62283 INFO tempest.lib.common.rest_client [req-ae5f5637-5d8c-4461-8a90-080a5b04bb26 req-ae5f5637-5d8c-4461-8a90-080a5b04bb26 ] Request (TenantUsagesTestJSON:setUpClass): 200 GET http://10.180.1.21/compute/v2.1/servers/a187f73b-8fb1-42b3-9a07-24d16aa0f152 0.066s
2024-10-23 13:44:22.472 62263 INFO tempest.lib.common.rest_client [req-bac6a5b7-69f8-45ad-a342-ea1f9799efae req-bac6a5b7-69f8-45ad-a342-ea1f9799efae ] Request (ServerPasswordTestJSON:setUpClass): 201 POST http://10.180.1.21/identity/v3/auth/tokens 0.056s
2024-10-23 13:44:22.473 62319 INFO tempest.lib.common.rest_client [req-eb727984-041d-40a0-b668-ade9739bee02 req-eb727984-041d-40a0-b668-ade9739bee02 ] Request (VolumesAdminNegativeTest:test_update_attached_volume_with_nonexistent_volume_in_uri): 200 GET http://10.180.1.21/compute/v2.1/servers/2e0f2d4e-aa3d-4b1a-8c8c-9338f75a07e3 0.074s
2024-10-23 13:44:22.484 62273 INFO tempest.lib.common.rest_client [req-0e23d3fd-7c57-4fa9-b76b-475c9221ef9f req-0e23d3fd-7c57-4fa9-b76b-475c9221ef9f ] Request (SecurityGroupsTestJSON:test_list_security_groups_by_server): 200 GET http://10.180.1.21/compute/v2.1/servers/e795e53e-af33-4d0c-8dbd-9c59f236acd7 0.091s
2024-10-23 13:44:22.503 62263 INFO tempest.lib.common.rest_client [req-d5066d2e-0e8d-422b-8341-b91590444e80 req-d5066d2e-0e8d-422b-8341-b91590444e80 ] Request (ServerPasswordTestJSON:setUpClass): 201 POST http://10.180.1.21/identity/v3/auth/tokens 0.024s
2024-10-23 13:44:22.520 62275 INFO tempest.lib.common.rest_client [req-76ddeea2-0d28-48a1-9ee7-bb35767b4518 req-76ddeea2-0d28-48a1-9ee7-bb35767b4518 ] Request (ServerActionsTestOtherA:setUpClass): 200 GET http://10.180.1.21/compute/v2.1/servers/56984993-a8b1-464e-b20c-79ffe67d2491 0.076s
2024-10-23 13:44:22.524 62263 INFO tempest.lib.common.rest_client [req-9330f41e-6375-449f-8e59-0105d9c5a527 req-9330f41e-6375-449f-8e59-0105d9c5a527 ] Request (ServerPasswordTestJSON:setUpClass): 200 GET http://10.180.1.21/identity/v3/domains?name=Default 0.020s
2024-10-23 13:44:22.533 62295 INFO tempest.lib.common.rest_client [req-6201461e-59a5-4233-af61-b70aa66d987e req-6201461e-59a5-4233-af61-b70aa66d987e ] Request (MultipleCreateTestJSON:test_multiple_create): 200 GET http://10.180.1.21/compute/v2.1/servers/5dcebdc4-5b1f-4dad-aca1-2bdcc68bc962 0.082s
2024-10-23 13:44:22.551 62263 INFO tempest.lib.common.rest_client [req-c18e6b7f-6926-497e-aa33-5056003c4aa3 req-c18e6b7f-6926-497e-aa33-5056003c4aa3 ] Request (ServerPasswordTestJSON:setUpClass): 201 POST http://10.180.1.21/identity/v3/projects 0.027s
2024-10-23 13:44:22.571 62265 INFO tempest.lib.common.rest_client [req-78ff7528-2c8b-47f2-abea-396ae72bd2e9 req-78ff7528-2c8b-47f2-abea-396ae72bd2e9 ] Request (AttachVolumeShelveTestJSON:test_attach_volume_shelved_or_offload_server): 200 GET http://10.180.1.21/compute/v2.1/servers/f9a8e863-6e7f-4f00-b54a-78802659cd59 0.079s
2024-10-23 13:44:22.608 62263 INFO tempest.lib.common.rest_client [req-57b81920-3d03-4974-93ef-2a7a5181539b req-57b81920-3d03-4974-93ef-2a7a5181539b ] Request (ServerPasswordTestJSON:setUpClass): 201 POST http://10.180.1.21/identity/v3/users 0.057s
2024-10-23 13:44:22.619 62291 INFO tempest.lib.common.rest_client [req-c36cb2ec-426e-40a4-ae4f-acf4424ffed8 req-c36cb2ec-426e-40a4-ae4f-acf4424ffed8 ] Request (ServerMetadataTestJSON:setUpClass): 200 GET http://10.180.1.21/compute/v2.1/servers/0ed07533-9e79-416d-a495-a8e20b97e108 0.080s
2024-10-23 13:44:22.626 62263 INFO tempest.lib.common.rest_client [req-91ec538e-308e-4ffe-891e-0d62f449d10b req-91ec538e-308e-4ffe-891e-0d62f449d10b ] Request (ServerPasswordTestJSON:setUpClass): 200 GET http://10.180.1.21/identity/v3/roles 0.017s
2024-10-23 13:44:22.649 62263 INFO tempest.lib.common.rest_client [req-8a54185a-445a-4e4c-8e14-0ca0eaa4c7db req-8a54185a-445a-4e4c-8e14-0ca0eaa4c7db ] Request (ServerPasswordTestJSON:setUpClass): 204 PUT http://10.180.1.21/identity/v3/projects/f66655e3c27a4d528aed6f00f3dff4d4/users/81ff1c4c24924a94893c5b7700591f14/roles/fc5c9d9dfc13439ab0e5b5ba6fe0629b 0.023s
2024-10-23 13:44:22.649 62263 INFO tempest.lib.common.dynamic_creds [-] Dynamic test user 81ff1c4c24924a94893c5b7700591f14 is created with scope project and roles: ['member']
2024-10-23 13:44:22.649 62263 INFO tempest.lib.common.dynamic_creds [-] Acquired dynamic creds: credentials: Credentials: {'domain_id': 'default', 'domain_name': 'Default', 'username': 'tempest-ServerPasswordTestJSON-849130511-project-member', 'project_domain_id': 'default', 'project_domain_name': 'Default', 'project_id': 'f66655e3c27a4d528aed6f00f3dff4d4', 'project_name': 'tempest-ServerPasswordTestJSON-849130511', 'tenant_id': 'f66655e3c27a4d528aed6f00f3dff4d4', 'tenant_name': 'tempest-ServerPasswordTestJSON-849130511', 'user_domain_id': 'default', 'user_domain_name': 'Default', 'user_id': '81ff1c4c24924a94893c5b7700591f14', 'system': None}, Network: None, Subnet: None, Router: None
2024-10-23 13:44:22.670 62267 INFO tempest.lib.common.rest_client [req-12c8ceb1-0d14-4fa6-a3ee-ec5e5ef2c343 req-12c8ceb1-0d14-4fa6-a3ee-ec5e5ef2c343 ] Request (DeleteServersAdminTestJSON:test_delete_server_while_in_error_state): 200 GET http://10.180.1.21/compute/v2.1/servers/0e53c28c-a440-4e0e-9a4d-ff1d52557752 0.126s
2024-10-23 13:44:22.721 62277 INFO tempest.lib.common.rest_client [req-df5eb0f3-35be-4e47-a47b-348b05220642 req-df5eb0f3-35be-4e47-a47b-348b05220642 ] Request (ServerShowV254Test:test_rebuild_server): 200 GET http://10.180.1.21/compute/v2.1/servers/0ff2f9f4-6d85-4465-8e0a-fb39f2a25c9b 0.129s
2024-10-23 13:44:22.724 62263 INFO tempest.lib.common.rest_client [req-b293632c-d51f-48cb-802a-cd0a610054c4 req-b293632c-d51f-48cb-802a-cd0a610054c4 ] Request (ServerPasswordTestJSON:setUpClass): 201 POST http://10.180.1.21/identity/v3/auth/tokens 0.074s
2024-10-23 13:44:22.768 62311 INFO tempest.lib.common.rest_client [req-d6727b1b-b2d1-46af-b9e6-836adb99e937 req-d6727b1b-b2d1-46af-b9e6-836adb99e937 ] Request (ServerActionsTestJSON:setUpClass): 200 GET http://10.180.1.21/compute/v2.1/servers/bda8d4eb-2fe2-40ac-9e5f-e7a8f8acdd94 0.170s
2024-10-23 13:44:22.814 62302 INFO tempest.lib.common.rest_client [req-5b0b9106-ae89-49bc-b8fc-737c1f0d0faf req-5b0b9106-ae89-49bc-b8fc-737c1f0d0faf ] Request (ImagesOneServerTestJSON:setUpClass): 200 GET http://10.180.1.21/compute/v2.1/servers/623300f7-54d2-4b0a-b356-a1ae585682cb 0.320s
2024-10-23 13:44:22.832 62297 INFO tempest.lib.common.rest_client [req-75635c48-5c29-4fc6-b3e9-71c0b98a8daa req-75635c48-5c29-4fc6-b3e9-71c0b98a8daa ] Request (ServersTestMultiNic:test_verify_duplicate_network_nics): 200 GET http://10.180.1.21/compute/v2.1/servers/45c32181-01a8-4e1e-9e0e-37035a298d55 0.195s
2024-10-23 13:44:22.872 62269 INFO tempest.lib.common.rest_client [req-e3e7bc44-8329-464f-97c7-55e6d6172b7e req-e3e7bc44-8329-464f-97c7-55e6d6172b7e ] Request (InstanceActionsNegativeTestJSON:setUpClass): 200 GET http://10.180.1.21/compute/v2.1/servers/a690ad15-2878-4fa7-a810-d155ce6b1a8c 0.221s
2024-10-23 13:44:22.903 62317 INFO tempest.lib.common.rest_client [req-f604a9dd-e5b0-479d-942c-ec8b16302634 req-f604a9dd-e5b0-479d-942c-ec8b16302634 ] Request (AttachInterfacesV270Test:test_create_get_list_interfaces): 200 GET http://10.180.1.21/compute/v2.1/servers/c908a3ed-88a6-4e79-8c27-2e16bf2bdca4 0.213s
2024-10-23 13:44:22.926 62321 INFO tempest.lib.common.rest_client [req-7ced4aa5-e6cb-4992-9ce3-9fd2558e4b4e req-7ced4aa5-e6cb-4992-9ce3-9fd2558e4b4e ] Request (InstanceActionsV221TestJSON:test_get_list_deleted_instance_actions): 200 GET http://10.180.1.21/compute/v2.1/servers/d7de90c0-95e9-4899-92a0-81658831713a 0.216s
2024-10-23 13:44:22.957 62281 INFO tempest.lib.common.rest_client [req-633dba45-7808-4e53-b952-71c49298e218 req-633dba45-7808-4e53-b952-71c49298e218 ] Request (ServerActionsTestOtherB:setUpClass): 200 GET http://10.180.1.21/compute/v2.1/servers/e5f6387c-b941-4b3e-8c9a-8a643f7dd4b8 0.212s
2024-10-23 13:44:22.978 62303 INFO tempest.lib.common.rest_client [req-859bce9d-9313-4774-8136-700075ed9e28 req-859bce9d-9313-4774-8136-700075ed9e28 ] Request (ImagesTestJSON:test_create_image_from_stopped_server): 200 GET http://10.180.1.21/compute/v2.1/servers/97e51e6c-9a3a-4b68-b737-d48090a22b1b 0.165s
2024-10-23 13:44:23.010 62279 INFO tempest.lib.common.rest_client [req-f92c7e1a-68c5-42a1-a63f-c35240e4dabe req-f92c7e1a-68c5-42a1-a63f-c35240e4dabe ] Request (ServerDiagnosticsTest:test_get_server_diagnostics): 200 GET http://10.180.1.21/compute/v2.1/servers/2cf18a04-6bf9-4f47-a920-2c568207057d 0.146s
2024-10-23 13:44:23.032 62290 INFO tempest.lib.common.rest_client [req-f6aafe57-1bf2-4c26-82cc-6c41049ddde4 req-f6aafe57-1bf2-4c26-82cc-6c41049ddde4 ] Request (ServersTestJSON:setUpClass): 200 GET http://10.180.1.21/compute/v2.1/servers/0040f46d-9a60-4fa1-8a00-c08022e17df0 0.110s
2024-10-23 13:44:23.080 62259 INFO tempest.lib.common.rest_client [req-56e4771e-216e-4dde-b330-30b8e86c2ed2 req-56e4771e-216e-4dde-b330-30b8e86c2ed2 ] Request (FloatingIPsAssociationTestJSON:setUpClass): 200 GET http://10.180.1.21/compute/v2.1/servers/08d41411-7928-4379-9f2e-c6ce00843d82 0.124s
2024-10-23 13:44:23.091 62285 INFO tempest.lib.common.rest_client [req-62dfc72b-d3ab-437c-a655-c23144870fbc req-62dfc72b-d3ab-437c-a655-c23144870fbc ] Request (FloatingIPsAssociationNegativeTestJSON:setUpClass): 200 GET http://10.180.1.21/compute/v2.1/servers/eee6b9e6-2707-4a3b-925b-a7f50cdc32cb 0.092s
2024-10-23 13:44:23.144 62287 INFO tempest.lib.common.rest_client [req-052e9a20-9b6d-4902-98d7-77a8eaa67d9f req-052e9a20-9b6d-4902-98d7-77a8eaa67d9f ] Request (ImagesNegativeTestJSON:test_create_image_from_deleted_server): 200 GET http://10.180.1.21/compute/v2.1/servers/cb319720-29ab-4ff2-a71e-f77ae8c85735 0.105s
2024-10-23 13:44:23.209 62263 INFO tempest.lib.common.rest_client [req-885906ff-687c-4d69-8fe9-aeae7adb3367 req-885906ff-687c-4d69-8fe9-aeae7adb3367 ] Request (ServerPasswordTestJSON:setUpClass): 201 POST http://10.180.1.21:9696/networking/v2.0/networks 0.484s
2024-10-23 13:44:23.214 62309 INFO tempest.lib.common.rest_client [req-ce940aaa-377a-4643-950b-44579f067ccb req-ce940aaa-377a-4643-950b-44579f067ccb ] Request (MigrationsAdminTest:test_resize_server_revert_deleted_flavor): 200 GET http://10.180.1.21/compute/v2.1/servers/5fad2258-f694-4993-bf64-bfa16abc09ba 0.072s
2024-10-23 13:44:23.250 62299 INFO tempest.lib.common.rest_client [req-01e1c2e1-2290-40aa-9f8c-72a2ccdb86ab req-01e1c2e1-2290-40aa-9f8c-72a2ccdb86ab ] Request (ServersTestBootFromVolume:setUpClass): 200 GET http://10.180.1.21/compute/v2.1/servers/2b81d060-ecb7-4ae5-b51d-33197937a76f 0.054s
2024-10-23 13:44:23.306 62271 INFO tempest.lib.common.rest_client [req-e17c64e9-6767-47b8-be8c-73e011515a90 req-e17c64e9-6767-47b8-be8c-73e011515a90 ] Request (ServersNegativeTestJSON:setUpClass): 200 GET http://10.180.1.21/compute/v2.1/servers/5bbdf138-0aaf-42d1-b5a1-4f7ebc650393 0.055s
2024-10-23 13:44:23.353 62293 INFO tempest.lib.common.rest_client [req-bedabcab-856f-4b87-a0d7-85d1ef40ae73 req-bedabcab-856f-4b87-a0d7-85d1ef40ae73 ] Request (AttachInterfacesUnderV243Test:test_add_remove_fixed_ip): 200 GET http://10.180.1.21/compute/v2.1/servers/f91a90f7-be73-424c-966c-1be6f37a0864 0.054s
2024-10-23 13:44:23.355 62263 INFO tempest.lib.common.rest_client [req-03eb064a-bef3-42ec-aef1-5e902bc6e7f3 req-03eb064a-bef3-42ec-aef1-5e902bc6e7f3 ] Request (ServerPasswordTestJSON:setUpClass): 201 POST http://10.180.1.21:9696/networking/v2.0/subnets 0.145s
2024-10-23 13:44:23.401 62315 INFO tempest.lib.common.rest_client [req-09194cda-d5f8-452a-8581-7b0491a11d40 req-09194cda-d5f8-452a-8581-7b0491a11d40 ] Request (AttachVolumeNegativeTest:test_attach_attached_volume_to_different_server): 200 GET http://10.180.1.21/compute/v2.1/servers/3624ca43-9ee3-418a-9205-debb699295df 0.053s
2024-10-23 13:44:23.412 62261 INFO tempest.lib.common.rest_client [req-03838864-af42-4d0a-9344-87a5570b287c req-03838864-af42-4d0a-9344-87a5570b287c ] Request (ImagesOneServerNegativeTestJSON:tearDownClass): 200 PUT http://10.180.1.21:9696/networking/v2.0/routers/43ed989e-8d34-4878-9769-6bc624ecae4a/remove_router_interface 1.069s
2024-10-23 13:44:23.486 62283 INFO tempest.lib.common.rest_client [req-5ff8834f-ac35-448e-8fd7-b6a2c47da846 req-5ff8834f-ac35-448e-8fd7-b6a2c47da846 ] Request (TenantUsagesTestJSON:setUpClass): 200 GET http://10.180.1.21/compute/v2.1/servers/a187f73b-8fb1-42b3-9a07-24d16aa0f152 0.063s
2024-10-23 13:44:23.492 62283 INFO tempest.common.waiters [-] State transition "BUILD/spawning" ==> "BUILD/scheduling" after 92 second wait
2024-10-23 13:44:23.496 62308 INFO tempest.lib.common.rest_client [req-6c9e38b4-9c3c-4035-a2f0-cc2ba50947a6 req-6c9e38b4-9c3c-4035-a2f0-cc2ba50947a6 ] Request (ServersAaction247Test:test_create_backup): 200 GET http://10.180.1.21/compute/v2.1/servers/5d54c3fd-b239-4965-b7a3-5909e8de8bc0 0.072s
2024-10-23 13:44:23.697 62319 INFO tempest.lib.common.rest_client [req-fb27faef-1c00-4c46-957a-9f8960325e33 req-fb27faef-1c00-4c46-957a-9f8960325e33 ] Request (VolumesAdminNegativeTest:test_update_attached_volume_with_nonexistent_volume_in_uri): 200 GET http://10.180.1.21/compute/v2.1/servers/2e0f2d4e-aa3d-4b1a-8c8c-9338f75a07e3 0.216s
2024-10-23 13:44:23.706 62273 INFO tempest.lib.common.rest_client [req-d0bcddd6-280a-406d-a8d5-b42c7f6cbe4a req-d0bcddd6-280a-406d-a8d5-b42c7f6cbe4a ] Request (SecurityGroupsTestJSON:test_list_security_groups_by_server): 200 GET http://10.180.1.21/compute/v2.1/servers/e795e53e-af33-4d0c-8dbd-9c59f236acd7 0.215s
2024-10-23 13:44:23.761 62275 INFO tempest.lib.common.rest_client [req-1a96f206-b9e3-4647-a5a0-a98c736899ab req-1a96f206-b9e3-4647-a5a0-a98c736899ab ] Request (ServerActionsTestOtherA:setUpClass): 200 GET http://10.180.1.21/compute/v2.1/servers/56984993-a8b1-464e-b20c-79ffe67d2491 0.232s
2024-10-23 13:44:23.773 62295 INFO tempest.lib.common.rest_client [req-72766ae3-f6e8-4640-872c-b45afece88a1 req-72766ae3-f6e8-4640-872c-b45afece88a1 ] Request (MultipleCreateTestJSON:test_multiple_create): 200 GET http://10.180.1.21/compute/v2.1/servers/5dcebdc4-5b1f-4dad-aca1-2bdcc68bc962 0.234s
2024-10-23 13:44:23.836 62265 INFO tempest.lib.common.rest_client [req-2a71b1b9-bcbd-4ecb-8837-2ecc122ce236 req-2a71b1b9-bcbd-4ecb-8837-2ecc122ce236 ] Request (AttachVolumeShelveTestJSON:test_attach_volume_shelved_or_offload_server): 200 GET http://10.180.1.21/compute/v2.1/servers/f9a8e863-6e7f-4f00-b54a-78802659cd59 0.256s
2024-10-23 13:44:23.838 62291 INFO tempest.lib.common.rest_client [req-12ce3c7a-4981-46dd-b890-bbf48283ec8b req-12ce3c7a-4981-46dd-b890-bbf48283ec8b ] Request (ServerMetadataTestJSON:setUpClass): 200 GET http://10.180.1.21/compute/v2.1/servers/0ed07533-9e79-416d-a495-a8e20b97e108 0.212s
2024-10-23 13:44:23.896 62267 INFO tempest.lib.common.rest_client [req-34a6e3b3-3a20-436c-838d-68a09fb26f5e req-34a6e3b3-3a20-436c-838d-68a09fb26f5e ] Request (DeleteServersAdminTestJSON:test_delete_server_while_in_error_state): 200 GET http://10.180.1.21/compute/v2.1/servers/0e53c28c-a440-4e0e-9a4d-ff1d52557752 0.212s
2024-10-23 13:44:23.905 62277 INFO tempest.lib.common.rest_client [req-471b6714-75b5-4e2e-be57-4f7af5f612f3 req-471b6714-75b5-4e2e-be57-4f7af5f612f3 ] Request (ServerShowV254Test:test_rebuild_server): 200 GET http://10.180.1.21/compute/v2.1/servers/0ff2f9f4-6d85-4465-8e0a-fb39f2a25c9b 0.173s
2024-10-23 13:44:23.966 62311 INFO tempest.lib.common.rest_client [req-3b009d5d-b792-4e86-b652-2e80253a7924 req-3b009d5d-b792-4e86-b652-2e80253a7924 ] Request (ServerActionsTestJSON:setUpClass): 200 GET http://10.180.1.21/compute/v2.1/servers/bda8d4eb-2fe2-40ac-9e5f-e7a8f8acdd94 0.191s
2024-10-23 13:44:23.968 62302 INFO tempest.lib.common.rest_client [req-db230d67-d2a0-4454-b008-a32ba31e9712 req-db230d67-d2a0-4454-b008-a32ba31e9712 ] Request (ImagesOneServerTestJSON:setUpClass): 200 GET http://10.180.1.21/compute/v2.1/servers/623300f7-54d2-4b0a-b356-a1ae585682cb 0.146s
2024-10-23 13:44:23.974 62302 INFO tempest.common.waiters [-] State transition "BUILD/None" ==> "BUILD/networking" after 86 second wait
2024-10-23 13:44:24.027 62297 INFO tempest.lib.common.rest_client [req-009e6044-bf8b-4001-8b9d-4f537d3fef0f req-009e6044-bf8b-4001-8b9d-4f537d3fef0f ] Request (ServersTestMultiNic:test_verify_duplicate_network_nics): 200 GET http://10.180.1.21/compute/v2.1/servers/45c32181-01a8-4e1e-9e0e-37035a298d55 0.185s
2024-10-23 13:44:24.045 62269 INFO tempest.lib.common.rest_client [req-f63e573a-fd58-426c-9994-50970f4bfafc req-f63e573a-fd58-426c-9994-50970f4bfafc ] Request (InstanceActionsNegativeTestJSON:setUpClass): 200 GET http://10.180.1.21/compute/v2.1/servers/a690ad15-2878-4fa7-a810-d155ce6b1a8c 0.164s
2024-10-23 13:44:24.046 62261 INFO tempest.lib.common.rest_client [req-a827b599-4a3e-419b-8372-8f8ff2d41e50 req-a827b599-4a3e-419b-8372-8f8ff2d41e50 ] Request (ImagesOneServerNegativeTestJSON:tearDownClass): 204 DELETE http://10.180.1.21:9696/networking/v2.0/routers/43ed989e-8d34-4878-9769-6bc624ecae4a 0.634s
2024-10-23 13:44:24.082 62317 INFO tempest.lib.common.rest_client [req-66b68745-5d8d-4411-bf06-6412995032c8 req-66b68745-5d8d-4411-bf06-6412995032c8 ] Request (AttachInterfacesV270Test:test_create_get_list_interfaces): 200 GET http://10.180.1.21/compute/v2.1/servers/c908a3ed-88a6-4e79-8c27-2e16bf2bdca4 0.168s
2024-10-23 13:44:24.107 62321 INFO tempest.lib.common.rest_client [req-484f4d95-4e0f-43de-8b39-a07799a57280 req-484f4d95-4e0f-43de-8b39-a07799a57280 ] Request (InstanceActionsV221TestJSON:test_get_list_deleted_instance_actions): 200 GET http://10.180.1.21/compute/v2.1/servers/d7de90c0-95e9-4899-92a0-81658831713a 0.171s
2024-10-23 13:44:24.166 62281 INFO tempest.lib.common.rest_client [req-a1cc8039-5ca6-4a11-9ae2-823969303a08 req-a1cc8039-5ca6-4a11-9ae2-823969303a08 ] Request (ServerActionsTestOtherB:setUpClass): 200 GET http://10.180.1.21/compute/v2.1/servers/e5f6387c-b941-4b3e-8c9a-8a643f7dd4b8 0.201s
2024-10-23 13:44:24.179 62303 INFO tempest.lib.common.rest_client [req-0bf9b8c0-4396-44cc-9891-cc2d4728ce9b req-0bf9b8c0-4396-44cc-9891-cc2d4728ce9b ] Request (ImagesTestJSON:test_create_image_from_stopped_server): 200 GET http://10.180.1.21/compute/v2.1/servers/97e51e6c-9a3a-4b68-b737-d48090a22b1b 0.194s
2024-10-23 13:44:24.214 62263 INFO tempest.lib.common.rest_client [req-2474a0bf-bfec-4e7b-8cf6-10bb411ba434 req-2474a0bf-bfec-4e7b-8cf6-10bb411ba434 ] Request (ServerPasswordTestJSON:setUpClass): 201 POST http://10.180.1.21:9696/networking/v2.0/routers 0.858s
2024-10-23 13:44:24.221 62279 INFO tempest.lib.common.rest_client [req-bf48dc50-f2f5-4149-8a1a-971937919c22 req-bf48dc50-f2f5-4149-8a1a-971937919c22 ] Request (ServerDiagnosticsTest:test_get_server_diagnostics): 200 GET http://10.180.1.21/compute/v2.1/servers/2cf18a04-6bf9-4f47-a920-2c568207057d 0.201s
2024-10-23 13:44:24.236 62290 INFO tempest.lib.common.rest_client [req-6ee36459-ebed-4147-8fcf-a262c639fc8f req-6ee36459-ebed-4147-8fcf-a262c639fc8f ] Request (ServersTestJSON:setUpClass): 200 GET http://10.180.1.21/compute/v2.1/servers/0040f46d-9a60-4fa1-8a00-c08022e17df0 0.197s
2024-10-23 13:44:24.251 62261 INFO tempest.lib.common.rest_client [req-d26afa95-078f-44b3-a581-899a0042cc42 req-d26afa95-078f-44b3-a581-899a0042cc42 ] Request (ImagesOneServerNegativeTestJSON:tearDownClass): 204 DELETE http://10.180.1.21:9696/networking/v2.0/subnets/6290d342-07a0-4c58-ad42-e2402abfaa56 0.204s
2024-10-23 13:44:24.278 62259 INFO tempest.lib.common.rest_client [req-7d4bd1bc-1838-45ec-b1e8-99f9a776c76b req-7d4bd1bc-1838-45ec-b1e8-99f9a776c76b ] Request (FloatingIPsAssociationTestJSON:setUpClass): 200 GET http://10.180.1.21/compute/v2.1/servers/08d41411-7928-4379-9f2e-c6ce00843d82 0.192s
2024-10-23 13:44:24.304 62285 INFO tempest.lib.common.rest_client [req-28d88552-427a-4cb5-b88b-222149bcc2d5 req-28d88552-427a-4cb5-b88b-222149bcc2d5 ] Request (FloatingIPsAssociationNegativeTestJSON:setUpClass): 200 GET http://10.180.1.21/compute/v2.1/servers/eee6b9e6-2707-4a3b-925b-a7f50cdc32cb 0.205s
2024-10-23 13:44:24.335 62287 INFO tempest.lib.common.rest_client [req-aef83765-4a08-4c7f-aea4-73f5865fd882 req-aef83765-4a08-4c7f-aea4-73f5865fd882 ] Request (ImagesNegativeTestJSON:test_create_image_from_deleted_server): 200 GET http://10.180.1.21/compute/v2.1/servers/cb319720-29ab-4ff2-a71e-f77ae8c85735 0.183s
2024-10-23 13:44:24.361 62309 INFO tempest.lib.common.rest_client [req-7d9679c4-e120-4795-967d-d129d18b9ff7 req-7d9679c4-e120-4795-967d-d129d18b9ff7 ] Request (MigrationsAdminTest:test_resize_server_revert_deleted_flavor): 200 GET http://10.180.1.21/compute/v2.1/servers/5fad2258-f694-4993-bf64-bfa16abc09ba 0.139s
2024-10-23 13:44:24.388 62299 INFO tempest.lib.common.rest_client [req-12870729-44ec-4ea2-984a-fee7802288c7 req-12870729-44ec-4ea2-984a-fee7802288c7 ] Request (ServersTestBootFromVolume:setUpClass): 200 GET http://10.180.1.21/compute/v2.1/servers/2b81d060-ecb7-4ae5-b51d-33197937a76f 0.129s
2024-10-23 13:44:24.425 62271 INFO tempest.lib.common.rest_client [req-03e043e0-bb74-4647-aa01-c08168baed78 req-03e043e0-bb74-4647-aa01-c08168baed78 ] Request (ServersNegativeTestJSON:setUpClass): 200 GET http://10.180.1.21/compute/v2.1/servers/5bbdf138-0aaf-42d1-b5a1-4f7ebc650393 0.112s
2024-10-23 13:44:24.438 62293 INFO tempest.lib.common.rest_client [req-bbec2547-0148-4c5e-b275-bc3e81872ea1 req-bbec2547-0148-4c5e-b275-bc3e81872ea1 ] Request (AttachInterfacesUnderV243Test:test_add_remove_fixed_ip): 200 GET http://10.180.1.21/compute/v2.1/servers/f91a90f7-be73-424c-966c-1be6f37a0864 0.077s
2024-10-23 13:44:24.469 62315 INFO tempest.lib.common.rest_client [req-3474589b-cc96-4536-b071-1bf7f1e9c0d0 req-3474589b-cc96-4536-b071-1bf7f1e9c0d0 ] Request (AttachVolumeNegativeTest:test_attach_attached_volume_to_different_server): 200 GET http://10.180.1.21/compute/v2.1/servers/3624ca43-9ee3-418a-9205-debb699295df 0.058s
2024-10-23 13:44:24.569 62283 INFO tempest.lib.common.rest_client [req-935c9352-95f0-4950-aa8d-4eb548245299 req-935c9352-95f0-4950-aa8d-4eb548245299 ] Request (TenantUsagesTestJSON:setUpClass): 200 GET http://10.180.1.21/compute/v2.1/servers/a187f73b-8fb1-42b3-9a07-24d16aa0f152 0.076s
2024-10-23 13:44:24.569 62308 INFO tempest.lib.common.rest_client [req-cfef0e7b-ba65-465d-8d1b-00fffc4ea187 req-cfef0e7b-ba65-465d-8d1b-00fffc4ea187 ] Request (ServersAaction247Test:test_create_backup): 200 GET http://10.180.1.21/compute/v2.1/servers/5d54c3fd-b239-4965-b7a3-5909e8de8bc0 0.065s
2024-10-23 13:44:24.577 62261 INFO tempest.lib.common.rest_client [req-05fb2097-b23e-4d4a-9b59-3d0f98870870 req-05fb2097-b23e-4d4a-9b59-3d0f98870870 ] Request (ImagesOneServerNegativeTestJSON:tearDownClass): 204 DELETE http://10.180.1.21:9696/networking/v2.0/networks/044f3305-c02a-4ffd-be41-f61a95e9691a 0.325s
2024-10-23 13:44:24.577 62283 INFO tempest.common.waiters [-] State transition "BUILD/scheduling" ==> "ERROR/None" after 93 second wait
2024-10-23 13:44:24.586 62308 INFO tempest.common.waiters [-] State transition "BUILD/scheduling" ==> "BUILD/None" after 81 second wait
2024-10-23 13:44:24.681 62261 INFO tempest.lib.common.rest_client [req-471762f4-27bd-4bcb-a932-8ef934969be4 req-471762f4-27bd-4bcb-a932-8ef934969be4 ] Request (ImagesOneServerNegativeTestJSON:tearDownClass): 204 DELETE http://10.180.1.21/identity/v3/users/dc35da8e28434a819636d16d4d6fb950 0.104s
2024-10-23 13:44:24.681 62261 INFO tempest.lib.common.dynamic_creds [-] Deleting project and security group for project: a0d462917eb04c30ae8f4236464b4344
2024-10-23 13:44:24.708 62261 INFO tempest.lib.common.rest_client [req-11950c00-1ead-409e-b7f2-b7057c165110 req-11950c00-1ead-409e-b7f2-b7057c165110 ] Request (ImagesOneServerNegativeTestJSON:tearDownClass): 200 GET http://10.180.1.21:9696/networking/v2.0/security-groups?tenant_id=a0d462917eb04c30ae8f4236464b4344&name=default 0.026s
2024-10-23 13:44:24.769 62319 INFO tempest.lib.common.rest_client [req-8e6f4b3a-3240-4aaa-bdfe-ebf3e874e190 req-8e6f4b3a-3240-4aaa-bdfe-ebf3e874e190 ] Request (VolumesAdminNegativeTest:test_update_attached_volume_with_nonexistent_volume_in_uri): 200 GET http://10.180.1.21/compute/v2.1/servers/2e0f2d4e-aa3d-4b1a-8c8c-9338f75a07e3 0.063s
2024-10-23 13:44:24.777 62283 INFO tempest.lib.common.rest_client [req-8f204f01-9f8e-4763-841a-83355336054e req-8f204f01-9f8e-4763-841a-83355336054e ] Request (TenantUsagesTestJSON:setUpClass): 204 DELETE http://10.180.1.21/compute/v2.1/servers/a187f73b-8fb1-42b3-9a07-24d16aa0f152 0.199s
2024-10-23 13:44:24.793 62261 INFO tempest.lib.common.rest_client [req-e128d42b-e3ad-4ecc-9b34-5cfeef4fb8e3 req-e128d42b-e3ad-4ecc-9b34-5cfeef4fb8e3 ] Request (ImagesOneServerNegativeTestJSON:tearDownClass): 204 DELETE http://10.180.1.21:9696/networking/v2.0/security-groups/e6dfa579-e151-438e-8baf-cf3c423beb9b 0.085s
2024-10-23 13:44:24.829 62273 INFO tempest.lib.common.rest_client [req-d4503295-dd21-4f22-a737-6ec3fd3624df req-d4503295-dd21-4f22-a737-6ec3fd3624df ] Request (SecurityGroupsTestJSON:test_list_security_groups_by_server): 200 GET http://10.180.1.21/compute/v2.1/servers/e795e53e-af33-4d0c-8dbd-9c59f236acd7 0.112s
2024-10-23 13:44:24.834 62275 INFO tempest.lib.common.rest_client [req-7ef69af1-d768-4135-9cb3-9e08d8a42dc0 req-7ef69af1-d768-4135-9cb3-9e08d8a42dc0 ] Request (ServerActionsTestOtherA:setUpClass): 200 GET http://10.180.1.21/compute/v2.1/servers/56984993-a8b1-464e-b20c-79ffe67d2491 0.064s
2024-10-23 13:44:24.850 62283 INFO tempest.lib.common.rest_client [req-c6043043-8e17-4d10-a303-4bca71f9a525 req-c6043043-8e17-4d10-a303-4bca71f9a525 ] Request (TenantUsagesTestJSON:setUpClass): 404 GET http://10.180.1.21/compute/v2.1/servers/a187f73b-8fb1-42b3-9a07-24d16aa0f152 0.073s
2024-10-23 13:44:24.851 62283 INFO tempest.test [-] raised in TenantUsagesTestJSON.setUpClass. Invoking tearDownClass.
2024-10-23 13:44:24.884 62295 INFO tempest.lib.common.rest_client [req-19a326d0-f4c4-4815-86bc-d485c1d72cfa req-19a326d0-f4c4-4815-86bc-d485c1d72cfa ] Request (MultipleCreateTestJSON:test_multiple_create): 200 GET http://10.180.1.21/compute/v2.1/servers/5dcebdc4-5b1f-4dad-aca1-2bdcc68bc962 0.102s
2024-10-23 13:44:24.903 62291 INFO tempest.lib.common.rest_client [req-6f61ba7b-b86a-4279-9c8a-4bcc8ed09818 req-6f61ba7b-b86a-4279-9c8a-4bcc8ed09818 ] Request (ServerMetadataTestJSON:setUpClass): 200 GET http://10.180.1.21/compute/v2.1/servers/0ed07533-9e79-416d-a495-a8e20b97e108 0.058s
2024-10-23 13:44:24.924 62283 INFO tempest.lib.common.rest_client [req-abf831fe-c56a-4832-ae99-802f6e04f5ba req-abf831fe-c56a-4832-ae99-802f6e04f5ba ] Request (TenantUsagesTestJSON:tearDownClass): 204 DELETE http://10.180.1.21/identity/v3/users/d6c6f1fc9fcf4d7299bb686c32256b96 0.072s
2024-10-23 13:44:24.943 62265 INFO tempest.lib.common.rest_client [req-654b0bc7-1f9e-4559-89a9-e441c430b583 req-654b0bc7-1f9e-4559-89a9-e441c430b583 ] Request (AttachVolumeShelveTestJSON:test_attach_volume_shelved_or_offload_server): 200 GET http://10.180.1.21/compute/v2.1/servers/f9a8e863-6e7f-4f00-b54a-78802659cd59 0.096s
2024-10-23 13:44:24.956 62267 INFO tempest.lib.common.rest_client [req-94c995bb-83de-4c60-8801-0ac40f662b2c req-94c995bb-83de-4c60-8801-0ac40f662b2c ] Request (DeleteServersAdminTestJSON:test_delete_server_while_in_error_state): 200 GET http://10.180.1.21/compute/v2.1/servers/0e53c28c-a440-4e0e-9a4d-ff1d52557752 0.053s
2024-10-23 13:44:24.993 62277 INFO tempest.lib.common.rest_client [req-4238d57c-6cbc-4609-97b0-e9e334ddf7c4 req-4238d57c-6cbc-4609-97b0-e9e334ddf7c4 ] Request (ServerShowV254Test:test_rebuild_server): 200 GET http://10.180.1.21/compute/v2.1/servers/0ff2f9f4-6d85-4465-8e0a-fb39f2a25c9b 0.075s
2024-10-23 13:44:25.021 62283 INFO tempest.lib.common.rest_client [req-787310a4-1ab8-4b4b-a76f-928ac35e4382 req-787310a4-1ab8-4b4b-a76f-928ac35e4382 ] Request (TenantUsagesTestJSON:tearDownClass): 204 DELETE http://10.180.1.21/identity/v3/users/e76de56b89d344bbbc3ff47fcb3566f4 0.096s
2024-10-23 13:44:25.021 62283 INFO tempest.lib.common.dynamic_creds [-] Deleting project and security group for project: f0b9dd31f9d04293a8e59ca8953602e3
2024-10-23 13:44:25.040 62261 INFO tempest.lib.common.rest_client [req-8ed9e756-b8c4-4f7a-aa80-d9bd80279fe4 req-8ed9e756-b8c4-4f7a-aa80-d9bd80279fe4 ] Request (ImagesOneServerNegativeTestJSON:tearDownClass): 204 DELETE http://10.180.1.21/identity/v3/projects/a0d462917eb04c30ae8f4236464b4344 0.246s
2024-10-23 13:44:25.051 62311 INFO tempest.lib.common.rest_client [req-e35cd06e-a25b-43fd-827e-282229e345f5 req-e35cd06e-a25b-43fd-827e-282229e345f5 ] Request (ServerActionsTestJSON:setUpClass): 200 GET http://10.180.1.21/compute/v2.1/servers/bda8d4eb-2fe2-40ac-9e5f-e7a8f8acdd94 0.073s
2024-10-23 13:44:25.084 62283 INFO tempest.lib.common.rest_client [req-5371390a-0d17-4e4b-b228-c31902162525 req-5371390a-0d17-4e4b-b228-c31902162525 ] Request (TenantUsagesTestJSON:tearDownClass): 201 POST http://10.180.1.21/identity/v3/auth/tokens 0.063s
2024-10-23 13:44:25.106 62261 INFO tempest.lib.common.rest_client [req-62f504c4-1b86-4cb2-9b54-d9511af1ff9e req-62f504c4-1b86-4cb2-9b54-d9511af1ff9e ] Request (AbsoluteLimitsTestJSON:setUpClass): 201 POST http://10.180.1.21/identity/v3/auth/tokens 0.063s
2024-10-23 13:44:25.113 62297 INFO tempest.lib.common.rest_client [req-9e482bd9-abfb-40e0-9e1d-235d799100bb req-9e482bd9-abfb-40e0-9e1d-235d799100bb ] Request (ServersTestMultiNic:test_verify_duplicate_network_nics): 200 GET http://10.180.1.21/compute/v2.1/servers/45c32181-01a8-4e1e-9e0e-37035a298d55 0.076s
2024-10-23 13:44:25.144 62261 INFO tempest.lib.common.rest_client [req-33c31838-3a10-4238-9e22-f541b0bfdebc req-33c31838-3a10-4238-9e22-f541b0bfdebc ] Request (AbsoluteLimitsTestJSON:setUpClass): 201 POST http://10.180.1.21/identity/v3/auth/tokens 0.035s
2024-10-23 13:44:25.146 62302 INFO tempest.lib.common.rest_client [req-326260a2-8946-486e-b394-38f48e6ed018 req-326260a2-8946-486e-b394-38f48e6ed018 ] Request (ImagesOneServerTestJSON:setUpClass): 200 GET http://10.180.1.21/compute/v2.1/servers/623300f7-54d2-4b0a-b356-a1ae585682cb 0.171s
2024-10-23 13:44:25.156 62302 INFO tempest.common.waiters [-] State transition "BUILD/networking" ==> "BUILD/spawning" after 88 second wait
2024-10-23 13:44:25.166 62261 INFO tempest.lib.common.rest_client [req-e5387d3c-ac3e-4755-a1dc-6df8147b83d9 req-e5387d3c-ac3e-4755-a1dc-6df8147b83d9 ] Request (AbsoluteLimitsTestJSON:setUpClass): 200 GET http://10.180.1.21/identity/v3/domains?name=Default 0.022s
2024-10-23 13:44:25.193 62269 INFO tempest.lib.common.rest_client [req-08d88272-703f-4c12-9022-14787e5431aa req-08d88272-703f-4c12-9022-14787e5431aa ] Request (InstanceActionsNegativeTestJSON:setUpClass): 200 GET http://10.180.1.21/compute/v2.1/servers/a690ad15-2878-4fa7-a810-d155ce6b1a8c 0.140s
2024-10-23 13:44:25.210 62317 INFO tempest.lib.common.rest_client [req-38e37f1b-3836-4987-a764-fc3f1ae5bc57 req-38e37f1b-3836-4987-a764-fc3f1ae5bc57 ] Request (AttachInterfacesV270Test:test_create_get_list_interfaces): 200 GET http://10.180.1.21/compute/v2.1/servers/c908a3ed-88a6-4e79-8c27-2e16bf2bdca4 0.117s
2024-10-23 13:44:25.211 62261 INFO tempest.lib.common.rest_client [req-b2a1264a-e969-4693-a2cf-d284b8062bb5 req-b2a1264a-e969-4693-a2cf-d284b8062bb5 ] Request (AbsoluteLimitsTestJSON:setUpClass): 201 POST http://10.180.1.21/identity/v3/projects 0.044s
2024-10-23 13:44:25.271 62321 INFO tempest.lib.common.rest_client [req-297589da-5ede-4292-8164-d5d5585feb91 req-297589da-5ede-4292-8164-d5d5585feb91 ] Request (InstanceActionsV221TestJSON:test_get_list_deleted_instance_actions): 200 GET http://10.180.1.21/compute/v2.1/servers/d7de90c0-95e9-4899-92a0-81658831713a 0.156s
2024-10-23 13:44:25.275 62281 INFO tempest.lib.common.rest_client [req-e2b1bcec-261d-435f-bbea-53a9a27ce393 req-e2b1bcec-261d-435f-bbea-53a9a27ce393 ] Request (ServerActionsTestOtherB:setUpClass): 200 GET http://10.180.1.21/compute/v2.1/servers/e5f6387c-b941-4b3e-8c9a-8a643f7dd4b8 0.099s
2024-10-23 13:44:25.279 62261 INFO tempest.lib.common.rest_client [req-a6b58901-97df-436a-9093-2dd314c60f6f req-a6b58901-97df-436a-9093-2dd314c60f6f ] Request (AbsoluteLimitsTestJSON:setUpClass): 201 POST http://10.180.1.21/identity/v3/users 0.068s
2024-10-23 13:44:25.300 62261 INFO tempest.lib.common.rest_client [req-e1f820d2-59ff-4f6c-89f2-4e6dd13ec41c req-e1f820d2-59ff-4f6c-89f2-4e6dd13ec41c ] Request (AbsoluteLimitsTestJSON:setUpClass): 200 GET http://10.180.1.21/identity/v3/roles 0.020s
2024-10-23 13:44:25.328 62261 INFO tempest.lib.common.rest_client [req-16600f3f-3a81-40ab-a090-d7dc3a86c8fa req-16600f3f-3a81-40ab-a090-d7dc3a86c8fa ] Request (AbsoluteLimitsTestJSON:setUpClass): 204 PUT http://10.180.1.21/identity/v3/projects/f495de533f4e415eb9ea1830cc8e66c8/users/d9a12469927d4c54b57cb2073a3e06ea/roles/fc5c9d9dfc13439ab0e5b5ba6fe0629b 0.028s
2024-10-23 13:44:25.329 62261 INFO tempest.lib.common.dynamic_creds [-] Dynamic test user d9a12469927d4c54b57cb2073a3e06ea is created with scope project and roles: ['member']
2024-10-23 13:44:25.329 62261 INFO tempest.lib.common.dynamic_creds [-] Acquired dynamic creds: credentials: Credentials: {'domain_id': 'default', 'domain_name': 'Default', 'username': 'tempest-AbsoluteLimitsTestJSON-115658288-project-member', 'project_domain_id': 'default', 'project_domain_name': 'Default', 'project_id': 'f495de533f4e415eb9ea1830cc8e66c8', 'project_name': 'tempest-AbsoluteLimitsTestJSON-115658288', 'tenant_id': 'f495de533f4e415eb9ea1830cc8e66c8', 'tenant_name': 'tempest-AbsoluteLimitsTestJSON-115658288', 'user_domain_id': 'default', 'user_domain_name': 'Default', 'user_id': 'd9a12469927d4c54b57cb2073a3e06ea', 'system': None}, Network: None, Subnet: None, Router: None
2024-10-23 13:44:25.329 62261 INFO tempest.lib.common.dynamic_creds [-] Created isolated network resources for: credentials: Credentials: {'domain_id': 'default', 'domain_name': 'Default', 'username': 'tempest-AbsoluteLimitsTestJSON-115658288-project-member', 'project_domain_id': 'default', 'project_domain_name': 'Default', 'project_id': 'f495de533f4e415eb9ea1830cc8e66c8', 'project_name': 'tempest-AbsoluteLimitsTestJSON-115658288', 'tenant_id': 'f495de533f4e415eb9ea1830cc8e66c8', 'tenant_name': 'tempest-AbsoluteLimitsTestJSON-115658288', 'user_domain_id': 'default', 'user_domain_name': 'Default', 'user_id': 'd9a12469927d4c54b57cb2073a3e06ea', 'system': None}, Network: None, Subnet: None, Router: None
2024-10-23 13:44:25.346 62303 INFO tempest.lib.common.rest_client [req-224d39f6-23df-4d12-a8bb-7b37bcc37e17 req-224d39f6-23df-4d12-a8bb-7b37bcc37e17 ] Request (ImagesTestJSON:test_create_image_from_stopped_server): 200 GET http://10.180.1.21/compute/v2.1/servers/97e51e6c-9a3a-4b68-b737-d48090a22b1b 0.157s
2024-10-23 13:44:25.350 62279 INFO tempest.lib.common.rest_client [req-a6ecd4f4-8674-4d29-a84c-aa7d4bf50e61 req-a6ecd4f4-8674-4d29-a84c-aa7d4bf50e61 ] Request (ServerDiagnosticsTest:test_get_server_diagnostics): 200 GET http://10.180.1.21/compute/v2.1/servers/2cf18a04-6bf9-4f47-a920-2c568207057d 0.119s
2024-10-23 13:44:25.373 62283 INFO tempest.lib.common.rest_client [req-0f8cc7dc-8c68-4c6c-ae57-f562e9707b07 req-0f8cc7dc-8c68-4c6c-ae57-f562e9707b07 ] Request (TenantUsagesTestJSON:tearDownClass): 200 GET http://10.180.1.21:9696/networking/v2.0/security-groups?tenant_id=f0b9dd31f9d04293a8e59ca8953602e3&name=default 0.288s
2024-10-23 13:44:25.420 62261 INFO tempest.lib.common.rest_client [req-b37cd2e3-3f26-4e68-96ca-6e11d08024ce req-b37cd2e3-3f26-4e68-96ca-6e11d08024ce ] Request (AbsoluteLimitsTestJSON:setUpClass): 201 POST http://10.180.1.21/identity/v3/auth/tokens 0.085s
2024-10-23 13:44:25.432 62259 INFO tempest.lib.common.rest_client [req-c0f5df1e-7c86-4777-bac3-416aabab30b2 req-c0f5df1e-7c86-4777-bac3-416aabab30b2 ] Request (FloatingIPsAssociationTestJSON:setUpClass): 200 GET http://10.180.1.21/compute/v2.1/servers/08d41411-7928-4379-9f2e-c6ce00843d82 0.144s
2024-10-23 13:44:25.437 62290 INFO tempest.lib.common.rest_client [req-da5b0650-3dfc-437e-8975-af71de4a4a78 req-da5b0650-3dfc-437e-8975-af71de4a4a78 ] Request (ServersTestJSON:setUpClass): 200 GET http://10.180.1.21/compute/v2.1/servers/0040f46d-9a60-4fa1-8a00-c08022e17df0 0.191s
2024-10-23 13:44:25.483 62285 INFO tempest.lib.common.rest_client [req-7a4f15ed-9231-46ae-8a90-d65547f7994b req-7a4f15ed-9231-46ae-8a90-d65547f7994b ] Request (FloatingIPsAssociationNegativeTestJSON:setUpClass): 200 GET http://10.180.1.21/compute/v2.1/servers/eee6b9e6-2707-4a3b-925b-a7f50cdc32cb 0.169s
