2024-10-23 13:43:52.774 62275 INFO tempest.lib.common.rest_client [req-3f1cb492-8eb0-41e8-8c4d-daab1b690521 req-3f1cb492-8eb0-41e8-8c4d-daab1b690521 ] Request (ServerActionsTestOtherA:setUpClass): 200 GET http://10.180.1.21/compute/v2.1/servers/56984993-a8b1-464e-b20c-79ffe67d2491 0.227s
2024-10-23 13:43:52.787 62302 INFO tempest.lib.common.rest_client [req-4695959a-1316-4063-b46c-2b99250287c1 req-4695959a-1316-4063-b46c-2b99250287c1 ] Request (ImagesOneServerTestJSON:setUpClass): 200 GET http://10.180.1.21/compute/v2.1/servers/623300f7-54d2-4b0a-b356-a1ae585682cb 0.195s
2024-10-23 13:43:52.823 62267 INFO tempest.lib.common.rest_client [req-3808fee3-3fe0-4b84-8fdb-d04009446af2 req-3808fee3-3fe0-4b84-8fdb-d04009446af2 ] Request (DeleteServersAdminTestJSON:test_delete_server_while_in_error_state): 200 GET http://10.180.1.21/compute/v2.1/servers/0e53c28c-a440-4e0e-9a4d-ff1d52557752 0.180s
2024-10-23 13:43:52.847 62305 INFO tempest.lib.common.rest_client [req-0c90f5d1-302f-47f7-8a54-280710ab91f8 req-0c90f5d1-302f-47f7-8a54-280710ab91f8 ] Request (InstanceActionsTestJSON:setUpClass): 200 GET http://10.180.1.21/compute/v2.1/servers/454a790d-3cb2-4ef2-995f-97e0eb1e2469 0.163s
2024-10-23 13:43:52.876 62277 INFO tempest.lib.common.rest_client [req-06ba3c00-242b-49f0-8c56-5a6c8300b740 req-06ba3c00-242b-49f0-8c56-5a6c8300b740 ] Request (ServerShowV254Test:test_rebuild_server): 200 GET http://10.180.1.21/compute/v2.1/servers/0ff2f9f4-6d85-4465-8e0a-fb39f2a25c9b 0.169s
2024-10-23 13:43:52.912 62311 INFO tempest.lib.common.rest_client [req-efa877bf-f8c7-418d-87ba-427f8dad1fcb req-efa877bf-f8c7-418d-87ba-427f8dad1fcb ] Request (ServerActionsTestJSON:setUpClass): 200 GET http://10.180.1.21/compute/v2.1/servers/bda8d4eb-2fe2-40ac-9e5f-e7a8f8acdd94 0.191s
2024-10-23 13:43:52.924 62297 INFO tempest.lib.common.rest_client [req-bbabd742-9e3e-43f0-8609-f15d0cdef2d6 req-bbabd742-9e3e-43f0-8609-f15d0cdef2d6 ] Request (ServersTestMultiNic:test_verify_duplicate_network_nics): 200 GET http://10.180.1.21/compute/v2.1/servers/45c32181-01a8-4e1e-9e0e-37035a298d55 0.168s
2024-10-23 13:43:52.974 62291 INFO tempest.lib.common.rest_client [req-bb277858-e903-475e-aad2-a3bddeb56979 req-bb277858-e903-475e-aad2-a3bddeb56979 ] Request (ListServerFiltersTestJSON:setUpClass): 200 GET http://10.180.1.21/compute/v2.1/servers/0a08bc46-0eea-4802-b0be-eb24f3507f73 0.173s
2024-10-23 13:43:52.982 62269 INFO tempest.lib.common.rest_client [req-1841cbbe-12b9-4cfc-88e7-0d8a28ab97c0 req-1841cbbe-12b9-4cfc-88e7-0d8a28ab97c0 ] Request (InstanceActionsNegativeTestJSON:setUpClass): 200 GET http://10.180.1.21/compute/v2.1/servers/a690ad15-2878-4fa7-a810-d155ce6b1a8c 0.129s
2024-10-23 13:43:53.030 62281 INFO tempest.lib.common.rest_client [req-841cae8f-b046-4c98-be02-940036769847 req-841cae8f-b046-4c98-be02-940036769847 ] Request (ServerActionsTestOtherB:setUpClass): 200 GET http://10.180.1.21/compute/v2.1/servers/e5f6387c-b941-4b3e-8c9a-8a643f7dd4b8 0.134s
2024-10-23 13:43:53.047 62321 INFO tempest.lib.common.rest_client [req-de6a1c5f-76dc-48f0-bfb7-22a8c7d6cd58 req-de6a1c5f-76dc-48f0-bfb7-22a8c7d6cd58 ] Request (InstanceActionsV221TestJSON:test_get_list_deleted_instance_actions): 200 GET http://10.180.1.21/compute/v2.1/servers/d7de90c0-95e9-4899-92a0-81658831713a 0.104s
2024-10-23 13:43:53.093 62303 INFO tempest.lib.common.rest_client [req-cd8f61b2-4c25-44a4-b871-ab83f5f85823 req-cd8f61b2-4c25-44a4-b871-ab83f5f85823 ] Request (ImagesTestJSON:test_create_image_from_stopped_server): 200 GET http://10.180.1.21/compute/v2.1/servers/97e51e6c-9a3a-4b68-b737-d48090a22b1b 0.097s
2024-10-23 13:43:53.104 62313 INFO tempest.lib.common.rest_client [req-4d14b91c-fb84-4b6f-856f-29f2ee6f8379 req-4d14b91c-fb84-4b6f-856f-29f2ee6f8379 ] Request (ServersWithSpecificFlavorTestJSON:test_verify_created_server_ephemeral_disk): 200 GET http://10.180.1.21/compute/v2.1/servers/4c67e82d-b51b-4820-af81-e6eefc7bcb36 0.061s
2024-10-23 13:43:53.106 62317 INFO tempest.lib.common.rest_client [req-4b5a513e-45d5-4210-9c20-9f6444b6c0a6 req-4b5a513e-45d5-4210-9c20-9f6444b6c0a6 ] Request (VolumesAssistedSnapshotsTest:tearDownClass): 200 PUT http://10.180.1.21:9696/networking/v2.0/routers/50b2ae07-a7a3-4790-afd6-c818291578ed/remove_router_interface 0.644s
2024-10-23 13:43:53.111 62313 INFO tempest.common.waiters [-] State transition "BUILD/spawning" ==> "BUILD/scheduling" after 78 second wait
2024-10-23 13:43:53.166 62279 INFO tempest.lib.common.rest_client [req-ae3b05e4-1f1c-48c3-a744-433c68cd31aa req-ae3b05e4-1f1c-48c3-a744-433c68cd31aa ] Request (ServerDiagnosticsTest:test_get_server_diagnostics): 200 GET http://10.180.1.21/compute/v2.1/servers/2cf18a04-6bf9-4f47-a920-2c568207057d 0.080s
2024-10-23 13:43:53.218 62285 INFO tempest.lib.common.rest_client [req-b31b6f8d-b41f-48f0-9fab-1add0e4a45ce req-b31b6f8d-b41f-48f0-9fab-1add0e4a45ce ] Request (FloatingIPsAssociationNegativeTestJSON:setUpClass): 200 GET http://10.180.1.21/compute/v2.1/servers/eee6b9e6-2707-4a3b-925b-a7f50cdc32cb 0.077s
2024-10-23 13:43:53.226 62259 INFO tempest.lib.common.rest_client [req-2305f143-6984-45e8-be9a-512fa22549ef req-2305f143-6984-45e8-be9a-512fa22549ef ] Request (FloatingIPsAssociationTestJSON:setUpClass): 200 GET http://10.180.1.21/compute/v2.1/servers/08d41411-7928-4379-9f2e-c6ce00843d82 0.083s
2024-10-23 13:43:53.296 62290 INFO tempest.lib.common.rest_client [req-ce633dc9-08ca-4c15-af59-7c67b7d9dc92 req-ce633dc9-08ca-4c15-af59-7c67b7d9dc92 ] Request (ServersTestJSON:setUpClass): 200 GET http://10.180.1.21/compute/v2.1/servers/0040f46d-9a60-4fa1-8a00-c08022e17df0 0.103s
2024-10-23 13:43:53.299 62261 INFO tempest.lib.common.rest_client [req-e25b51a7-44bf-49fa-a542-937080acc1ed req-e25b51a7-44bf-49fa-a542-937080acc1ed ] Request (ImagesOneServerNegativeTestJSON:setUpClass): 200 GET http://10.180.1.21/compute/v2.1/servers/194588b4-fe40-4286-8036-874a7c410327 0.096s
2024-10-23 13:43:53.309 62261 INFO tempest.common.waiters [-] State transition "BUILD/None" ==> "BUILD/networking" after 69 second wait
2024-10-23 13:43:53.359 62263 INFO tempest.lib.common.rest_client [req-366c0455-152b-4fe7-a55d-648557076c0e req-366c0455-152b-4fe7-a55d-648557076c0e ] Request (ServerExternalEventsTest:test_create_server_external_events): 200 GET http://10.180.1.21/compute/v2.1/servers/39cd204a-49c2-4309-9030-555056ab125e 0.113s
2024-10-23 13:43:53.375 62308 INFO tempest.lib.common.rest_client [req-ed86bcfa-7d4d-4ec1-9ff5-e754b05feb7a req-ed86bcfa-7d4d-4ec1-9ff5-e754b05feb7a ] Request (ServersAaction247Test:test_create_backup): 200 GET http://10.180.1.21/compute/v2.1/servers/5d54c3fd-b239-4965-b7a3-5909e8de8bc0 0.119s
2024-10-23 13:43:53.416 62309 INFO tempest.lib.common.rest_client [req-92643313-9d67-4ce5-bdd1-b0f452411bee req-92643313-9d67-4ce5-bdd1-b0f452411bee ] Request (MigrationsAdminTest:test_resize_server_revert_deleted_flavor): 200 GET http://10.180.1.21/compute/v2.1/servers/5fad2258-f694-4993-bf64-bfa16abc09ba 0.119s
2024-10-23 13:43:53.451 62287 INFO tempest.lib.common.rest_client [req-95f957f9-46f9-4f38-87a1-b46b84c28e9d req-95f957f9-46f9-4f38-87a1-b46b84c28e9d ] Request (ImagesNegativeTestJSON:test_create_image_from_deleted_server): 200 GET http://10.180.1.21/compute/v2.1/servers/cb319720-29ab-4ff2-a71e-f77ae8c85735 0.099s
2024-10-23 13:43:53.472 62293 INFO tempest.lib.common.rest_client [req-37871c05-3cbe-4233-934a-3dda6220ab6e req-37871c05-3cbe-4233-934a-3dda6220ab6e ] Request (AttachInterfacesUnderV243Test:test_add_remove_fixed_ip): 200 GET http://10.180.1.21/compute/v2.1/servers/f91a90f7-be73-424c-966c-1be6f37a0864 0.065s
2024-10-23 13:43:53.478 62317 INFO tempest.lib.common.rest_client [req-ee5bb847-0d0f-45e4-8289-f553899b0c1c req-ee5bb847-0d0f-45e4-8289-f553899b0c1c ] Request (VolumesAssistedSnapshotsTest:tearDownClass): 204 DELETE http://10.180.1.21:9696/networking/v2.0/routers/50b2ae07-a7a3-4790-afd6-c818291578ed 0.371s
2024-10-23 13:43:53.588 62317 INFO tempest.lib.common.rest_client [req-2a60fe3e-d861-43a8-ba9a-a5b39925ce23 req-2a60fe3e-d861-43a8-ba9a-a5b39925ce23 ] Request (VolumesAssistedSnapshotsTest:tearDownClass): 204 DELETE http://10.180.1.21:9696/networking/v2.0/subnets/a9ab817d-2810-4149-9f6a-bef83f4eb7af 0.110s
2024-10-23 13:43:53.671 62315 INFO tempest.lib.common.rest_client [req-1ce27473-07ca-4f51-8fe3-ee1de0d56f3f req-1ce27473-07ca-4f51-8fe3-ee1de0d56f3f ] Request (AttachVolumeNegativeTest:test_attach_attached_volume_to_different_server): 200 GET http://10.180.1.21/compute/v2.1/servers/3624ca43-9ee3-418a-9205-debb699295df 0.164s
2024-10-23 13:43:53.675 62283 INFO tempest.lib.common.rest_client [req-38f0afc5-699c-4483-98b6-44449b178761 req-38f0afc5-699c-4483-98b6-44449b178761 ] Request (TenantUsagesTestJSON:setUpClass): 200 GET http://10.180.1.21/compute/v2.1/servers/a187f73b-8fb1-42b3-9a07-24d16aa0f152 0.217s
2024-10-23 13:43:53.748 62271 INFO tempest.lib.common.rest_client [req-0a2351ee-0556-4058-8499-81d5e1f49be0 req-0a2351ee-0556-4058-8499-81d5e1f49be0 ] Request (ServersNegativeTestJSON:setUpClass): 200 GET http://10.180.1.21/compute/v2.1/servers/5bbdf138-0aaf-42d1-b5a1-4f7ebc650393 0.195s
2024-10-23 13:43:53.755 62319 INFO tempest.lib.common.rest_client [req-de0b1431-4102-4fba-9c89-5d2705d99a26 req-de0b1431-4102-4fba-9c89-5d2705d99a26 ] Request (VolumesAdminNegativeTest:test_update_attached_volume_with_nonexistent_volume_in_uri): 200 GET http://10.180.1.21/compute/v2.1/servers/2e0f2d4e-aa3d-4b1a-8c8c-9338f75a07e3 0.151s
2024-10-23 13:43:53.835 62273 INFO tempest.lib.common.rest_client [req-a4ea52d0-974a-45f7-b44b-5366d6e1815d req-a4ea52d0-974a-45f7-b44b-5366d6e1815d ] Request (SecurityGroupsTestJSON:test_list_security_groups_by_server): 200 GET http://10.180.1.21/compute/v2.1/servers/e795e53e-af33-4d0c-8dbd-9c59f236acd7 0.179s
2024-10-23 13:43:53.835 62295 INFO tempest.lib.common.rest_client [req-864dd4ce-c152-49db-be03-d916f8b0c454 req-864dd4ce-c152-49db-be03-d916f8b0c454 ] Request (MultipleCreateTestJSON:test_multiple_create): 200 GET http://10.180.1.21/compute/v2.1/servers/5dcebdc4-5b1f-4dad-aca1-2bdcc68bc962 0.116s
2024-10-23 13:43:53.893 62275 INFO tempest.lib.common.rest_client [req-f99ae167-edf3-4d6f-a5cd-6ec5baa44b35 req-f99ae167-edf3-4d6f-a5cd-6ec5baa44b35 ] Request (ServerActionsTestOtherA:setUpClass): 200 GET http://10.180.1.21/compute/v2.1/servers/56984993-a8b1-464e-b20c-79ffe67d2491 0.111s
2024-10-23 13:43:53.909 62265 INFO tempest.lib.common.rest_client [req-43e71252-db66-4546-bfed-2d87c831c300 req-43e71252-db66-4546-bfed-2d87c831c300 ] Request (AttachVolumeShelveTestJSON:test_attach_volume_shelved_or_offload_server): 200 GET http://10.180.1.21/compute/v2.1/servers/f9a8e863-6e7f-4f00-b54a-78802659cd59 0.184s
2024-10-23 13:43:53.966 62302 INFO tempest.lib.common.rest_client [req-3b020be0-7031-40d6-b3d3-4fea1cddbe6f req-3b020be0-7031-40d6-b3d3-4fea1cddbe6f ] Request (ImagesOneServerTestJSON:setUpClass): 200 GET http://10.180.1.21/compute/v2.1/servers/623300f7-54d2-4b0a-b356-a1ae585682cb 0.171s
2024-10-23 13:43:53.969 62317 INFO tempest.lib.common.rest_client [req-ea137621-03a2-4317-bcd8-53b6883121fb req-ea137621-03a2-4317-bcd8-53b6883121fb ] Request (VolumesAssistedSnapshotsTest:tearDownClass): 204 DELETE http://10.180.1.21:9696/networking/v2.0/networks/bd0078ec-1afa-4eb9-bfda-e1d060eed5b0 0.381s
2024-10-23 13:43:53.979 62267 INFO tempest.lib.common.rest_client [req-876f0c34-795f-4155-9105-71a9150377ca req-876f0c34-795f-4155-9105-71a9150377ca ] Request (DeleteServersAdminTestJSON:test_delete_server_while_in_error_state): 200 GET http://10.180.1.21/compute/v2.1/servers/0e53c28c-a440-4e0e-9a4d-ff1d52557752 0.146s
2024-10-23 13:43:54.020 62305 INFO tempest.lib.common.rest_client [req-14edb72a-b896-45fa-a7de-d6a06ec86eba req-14edb72a-b896-45fa-a7de-d6a06ec86eba ] Request (InstanceActionsTestJSON:setUpClass): 200 GET http://10.180.1.21/compute/v2.1/servers/454a790d-3cb2-4ef2-995f-97e0eb1e2469 0.164s
2024-10-23 13:43:54.028 62299 INFO tempest.lib.common.rest_client [req-db2a9297-0d05-4f9e-a380-37b44cbb1f43 req-db2a9297-0d05-4f9e-a380-37b44cbb1f43 ] Request (FloatingIPDetailsTestJSON:tearDownClass): 200 PUT http://10.180.1.21:9696/networking/v2.0/routers/f87408dd-99aa-40e3-86aa-29e9db6384e6/remove_router_interface 1.375s
2024-10-23 13:43:54.049 62277 INFO tempest.lib.common.rest_client [req-ab5fae47-4505-4eb8-a8ac-3737890a2cf9 req-ab5fae47-4505-4eb8-a8ac-3737890a2cf9 ] Request (ServerShowV254Test:test_rebuild_server): 200 GET http://10.180.1.21/compute/v2.1/servers/0ff2f9f4-6d85-4465-8e0a-fb39f2a25c9b 0.163s
2024-10-23 13:43:54.078 62311 INFO tempest.lib.common.rest_client [req-a6d68307-7b05-4578-835e-852648776bfa req-a6d68307-7b05-4578-835e-852648776bfa ] Request (ServerActionsTestJSON:setUpClass): 200 GET http://10.180.1.21/compute/v2.1/servers/bda8d4eb-2fe2-40ac-9e5f-e7a8f8acdd94 0.158s
2024-10-23 13:43:54.120 62297 INFO tempest.lib.common.rest_client [req-65162b0a-fcfe-42dc-80c9-91970a3a05ef req-65162b0a-fcfe-42dc-80c9-91970a3a05ef ] Request (ServersTestMultiNic:test_verify_duplicate_network_nics): 200 GET http://10.180.1.21/compute/v2.1/servers/45c32181-01a8-4e1e-9e0e-37035a298d55 0.188s
2024-10-23 13:43:54.144 62291 INFO tempest.lib.common.rest_client [req-124d1b84-263a-42c4-bc6f-da7a3e6c4d34 req-124d1b84-263a-42c4-bc6f-da7a3e6c4d34 ] Request (ListServerFiltersTestJSON:setUpClass): 200 GET http://10.180.1.21/compute/v2.1/servers/0a08bc46-0eea-4802-b0be-eb24f3507f73 0.162s
2024-10-23 13:43:54.194 62269 INFO tempest.lib.common.rest_client [req-93977307-3679-407d-9ea2-1da40a2bc8c0 req-93977307-3679-407d-9ea2-1da40a2bc8c0 ] Request (InstanceActionsNegativeTestJSON:setUpClass): 200 GET http://10.180.1.21/compute/v2.1/servers/a690ad15-2878-4fa7-a810-d155ce6b1a8c 0.204s
2024-10-23 13:43:54.219 62281 INFO tempest.lib.common.rest_client [req-c295afbb-0163-4835-8503-9c6118913ed5 req-c295afbb-0163-4835-8503-9c6118913ed5 ] Request (ServerActionsTestOtherB:setUpClass): 200 GET http://10.180.1.21/compute/v2.1/servers/e5f6387c-b941-4b3e-8c9a-8a643f7dd4b8 0.181s
2024-10-23 13:43:54.260 62321 INFO tempest.lib.common.rest_client [req-01b29adb-92cc-41e1-af7d-c603663a9413 req-01b29adb-92cc-41e1-af7d-c603663a9413 ] Request (InstanceActionsV221TestJSON:test_get_list_deleted_instance_actions): 200 GET http://10.180.1.21/compute/v2.1/servers/d7de90c0-95e9-4899-92a0-81658831713a 0.205s
2024-10-23 13:43:54.283 62303 INFO tempest.lib.common.rest_client [req-2727c387-42ba-407b-b1b1-1f0280640904 req-2727c387-42ba-407b-b1b1-1f0280640904 ] Request (ImagesTestJSON:test_create_image_from_stopped_server): 200 GET http://10.180.1.21/compute/v2.1/servers/97e51e6c-9a3a-4b68-b737-d48090a22b1b 0.178s
2024-10-23 13:43:54.332 62313 INFO tempest.lib.common.rest_client [req-fa15336d-a082-4993-afa0-18780efe744c req-fa15336d-a082-4993-afa0-18780efe744c ] Request (ServersWithSpecificFlavorTestJSON:test_verify_created_server_ephemeral_disk): 200 GET http://10.180.1.21/compute/v2.1/servers/4c67e82d-b51b-4820-af81-e6eefc7bcb36 0.219s
2024-10-23 13:43:54.338 62313 INFO tempest.common.waiters [-] State transition "BUILD/scheduling" ==> "ERROR/None" after 79 second wait
2024-10-23 13:43:54.350 62279 INFO tempest.lib.common.rest_client [req-8edb2db2-abb8-4cdf-9b5f-fbb9cc97f2b5 req-8edb2db2-abb8-4cdf-9b5f-fbb9cc97f2b5 ] Request (ServerDiagnosticsTest:test_get_server_diagnostics): 200 GET http://10.180.1.21/compute/v2.1/servers/2cf18a04-6bf9-4f47-a920-2c568207057d 0.177s
2024-10-23 13:43:54.403 62285 INFO tempest.lib.common.rest_client [req-2f28df43-58cd-4794-bc48-9d4893ebb45f req-2f28df43-58cd-4794-bc48-9d4893ebb45f ] Request (FloatingIPsAssociationNegativeTestJSON:setUpClass): 200 GET http://10.180.1.21/compute/v2.1/servers/eee6b9e6-2707-4a3b-925b-a7f50cdc32cb 0.177s
2024-10-23 13:43:54.411 62259 INFO tempest.lib.common.rest_client [req-4574d350-ccf8-4345-a4c4-396b3453122d req-4574d350-ccf8-4345-a4c4-396b3453122d ] Request (FloatingIPsAssociationTestJSON:setUpClass): 200 GET http://10.180.1.21/compute/v2.1/servers/08d41411-7928-4379-9f2e-c6ce00843d82 0.175s
2024-10-23 13:43:54.470 62290 INFO tempest.lib.common.rest_client [req-1fd460cd-454b-437d-acf3-4d1ac355412b req-1fd460cd-454b-437d-acf3-4d1ac355412b ] Request (ServersTestJSON:setUpClass): 200 GET http://10.180.1.21/compute/v2.1/servers/0040f46d-9a60-4fa1-8a00-c08022e17df0 0.162s
2024-10-23 13:43:54.623 62317 INFO tempest.lib.common.rest_client [req-4385f11c-04a3-41ed-ab32-3b9d2b169220 req-4385f11c-04a3-41ed-ab32-3b9d2b169220 ] Request (VolumesAssistedSnapshotsTest:tearDownClass): 200 PUT http://10.180.1.21:9696/networking/v2.0/routers/e0e01c81-2c4e-4c11-85b4-17aa4c37af84/remove_router_interface 0.654s
2024-10-23 13:43:54.653 62261 INFO tempest.lib.common.rest_client [req-3f845229-b45d-4f76-b33e-3acf4d3f9431 req-3f845229-b45d-4f76-b33e-3acf4d3f9431 ] Request (ImagesOneServerNegativeTestJSON:setUpClass): 200 GET http://10.180.1.21/compute/v2.1/servers/194588b4-fe40-4286-8036-874a7c410327 0.343s
2024-10-23 13:43:54.662 62261 INFO tempest.common.waiters [-] State transition "BUILD/networking" ==> "BUILD/spawning" after 70 second wait
2024-10-23 13:43:54.698 62313 INFO tempest.lib.common.rest_client [req-20656f6c-5ca1-43a5-b0ef-5dd0779e9059 req-20656f6c-5ca1-43a5-b0ef-5dd0779e9059 ] Request (ServersWithSpecificFlavorTestJSON:test_verify_created_server_ephemeral_disk): 204 DELETE http://10.180.1.21/compute/v2.1/servers/4c67e82d-b51b-4820-af81-e6eefc7bcb36 0.358s
2024-10-23 13:43:54.713 62263 INFO tempest.lib.common.rest_client [req-53d3661d-470b-407e-8149-3572f5acffcb req-53d3661d-470b-407e-8149-3572f5acffcb ] Request (ServerExternalEventsTest:test_create_server_external_events): 200 GET http://10.180.1.21/compute/v2.1/servers/39cd204a-49c2-4309-9030-555056ab125e 0.347s
2024-10-23 13:43:54.773 62308 INFO tempest.lib.common.rest_client [req-08c670da-81b5-4787-ade0-dcb15745940a req-08c670da-81b5-4787-ade0-dcb15745940a ] Request (ServersAaction247Test:test_create_backup): 200 GET http://10.180.1.21/compute/v2.1/servers/5d54c3fd-b239-4965-b7a3-5909e8de8bc0 0.383s
2024-10-23 13:43:54.791 62309 INFO tempest.lib.common.rest_client [req-45d05153-c1ed-4497-b0fc-be702e02ea0d req-45d05153-c1ed-4497-b0fc-be702e02ea0d ] Request (MigrationsAdminTest:test_resize_server_revert_deleted_flavor): 200 GET http://10.180.1.21/compute/v2.1/servers/5fad2258-f694-4993-bf64-bfa16abc09ba 0.367s
2024-10-23 13:43:54.804 62299 INFO tempest.lib.common.rest_client [req-f3a791d9-201a-4e98-b6f5-97073145dd2d req-f3a791d9-201a-4e98-b6f5-97073145dd2d ] Request (FloatingIPDetailsTestJSON:tearDownClass): 204 DELETE http://10.180.1.21:9696/networking/v2.0/routers/f87408dd-99aa-40e3-86aa-29e9db6384e6 0.775s
2024-10-23 13:43:54.838 62287 INFO tempest.lib.common.rest_client [req-11d815f5-5aba-44d1-866a-b53e4f2acbe0 req-11d815f5-5aba-44d1-866a-b53e4f2acbe0 ] Request (ImagesNegativeTestJSON:test_create_image_from_deleted_server): 200 GET http://10.180.1.21/compute/v2.1/servers/cb319720-29ab-4ff2-a71e-f77ae8c85735 0.377s
2024-10-23 13:43:54.852 62293 INFO tempest.lib.common.rest_client [req-8f9d9b0f-5837-4b30-b4d7-559d1e9a8a54 req-8f9d9b0f-5837-4b30-b4d7-559d1e9a8a54 ] Request (AttachInterfacesUnderV243Test:test_add_remove_fixed_ip): 200 GET http://10.180.1.21/compute/v2.1/servers/f91a90f7-be73-424c-966c-1be6f37a0864 0.370s
2024-10-23 13:43:54.908 62315 INFO tempest.lib.common.rest_client [req-fffd2589-dc57-420e-b7a4-803123cb0d5f req-fffd2589-dc57-420e-b7a4-803123cb0d5f ] Request (AttachVolumeNegativeTest:test_attach_attached_volume_to_different_server): 200 GET http://10.180.1.21/compute/v2.1/servers/3624ca43-9ee3-418a-9205-debb699295df 0.227s
2024-10-23 13:43:54.923 62283 INFO tempest.lib.common.rest_client [req-8ce349b5-fed4-414a-8baa-457242df72b4 req-8ce349b5-fed4-414a-8baa-457242df72b4 ] Request (TenantUsagesTestJSON:setUpClass): 200 GET http://10.180.1.21/compute/v2.1/servers/a187f73b-8fb1-42b3-9a07-24d16aa0f152 0.242s
2024-10-23 13:43:54.930 62313 INFO tempest.lib.common.rest_client [req-d39db491-dc18-4392-ae15-9862edba76b0 req-d39db491-dc18-4392-ae15-9862edba76b0 ] Request (ServersWithSpecificFlavorTestJSON:test_verify_created_server_ephemeral_disk): 404 GET http://10.180.1.21/compute/v2.1/servers/4c67e82d-b51b-4820-af81-e6eefc7bcb36 0.232s
2024-10-23 13:43:54.972 62317 INFO tempest.lib.common.rest_client [req-a3e533e5-0213-45fe-bd5c-004ec112c964 req-a3e533e5-0213-45fe-bd5c-004ec112c964 ] Request (VolumesAssistedSnapshotsTest:tearDownClass): 204 DELETE http://10.180.1.21:9696/networking/v2.0/routers/e0e01c81-2c4e-4c11-85b4-17aa4c37af84 0.348s
2024-10-23 13:43:54.990 62271 INFO tempest.lib.common.rest_client [req-2af925c2-77f7-4579-ae26-2d2e26655f82 req-2af925c2-77f7-4579-ae26-2d2e26655f82 ] Request (ServersNegativeTestJSON:setUpClass): 200 GET http://10.180.1.21/compute/v2.1/servers/5bbdf138-0aaf-42d1-b5a1-4f7ebc650393 0.235s
2024-10-23 13:43:54.993 62319 INFO tempest.lib.common.rest_client [req-4c96b908-2598-4bc4-bc3d-e62bac8861c2 req-4c96b908-2598-4bc4-bc3d-e62bac8861c2 ] Request (VolumesAdminNegativeTest:test_update_attached_volume_with_nonexistent_volume_in_uri): 200 GET http://10.180.1.21/compute/v2.1/servers/2e0f2d4e-aa3d-4b1a-8c8c-9338f75a07e3 0.229s
2024-10-23 13:43:55.023 62299 INFO tempest.lib.common.rest_client [req-805c1f05-9fdb-46e4-af5e-68be58af4efc req-805c1f05-9fdb-46e4-af5e-68be58af4efc ] Request (FloatingIPDetailsTestJSON:tearDownClass): 204 DELETE http://10.180.1.21:9696/networking/v2.0/subnets/baaf15f1-c974-4bac-b77a-8ea355c79207 0.219s
2024-10-23 13:43:55.052 62273 INFO tempest.lib.common.rest_client [req-cfd0c222-d727-4e9a-a6c8-f7bcfdbe1726 req-cfd0c222-d727-4e9a-a6c8-f7bcfdbe1726 ] Request (SecurityGroupsTestJSON:test_list_security_groups_by_server): 200 GET http://10.180.1.21/compute/v2.1/servers/e795e53e-af33-4d0c-8dbd-9c59f236acd7 0.210s
2024-10-23 13:43:55.053 62295 INFO tempest.lib.common.rest_client [req-35250616-fb50-4be1-a207-6c5445d0f0d7 req-35250616-fb50-4be1-a207-6c5445d0f0d7 ] Request (MultipleCreateTestJSON:test_multiple_create): 200 GET http://10.180.1.21/compute/v2.1/servers/5dcebdc4-5b1f-4dad-aca1-2bdcc68bc962 0.210s
2024-10-23 13:43:55.106 62275 INFO tempest.lib.common.rest_client [req-d63588b7-1386-47a8-b920-b65ba9c3733a req-d63588b7-1386-47a8-b920-b65ba9c3733a ] Request (ServerActionsTestOtherA:setUpClass): 200 GET http://10.180.1.21/compute/v2.1/servers/56984993-a8b1-464e-b20c-79ffe67d2491 0.203s
2024-10-23 13:43:55.114 62317 INFO tempest.lib.common.rest_client [req-5c8843fc-ef75-4243-946b-64a48c14db48 req-5c8843fc-ef75-4243-946b-64a48c14db48 ] Request (VolumesAssistedSnapshotsTest:tearDownClass): 204 DELETE http://10.180.1.21:9696/networking/v2.0/subnets/d8e713d6-cdc4-4371-9525-88c9105d890e 0.141s
2024-10-23 13:43:55.121 62265 INFO tempest.lib.common.rest_client [req-f791e060-99c8-454b-a833-ae929732da7f req-f791e060-99c8-454b-a833-ae929732da7f ] Request (AttachVolumeShelveTestJSON:test_attach_volume_shelved_or_offload_server): 200 GET http://10.180.1.21/compute/v2.1/servers/f9a8e863-6e7f-4f00-b54a-78802659cd59 0.202s
2024-10-23 13:43:55.169 62313 INFO tempest.lib.common.rest_client [req-d44ce271-a4e9-463d-a05d-012a056a886f req-d44ce271-a4e9-463d-a05d-012a056a886f ] Request (ServersWithSpecificFlavorTestJSON:_run_cleanups): 202 DELETE http://10.180.1.21/compute/v2.1/os-keypairs/tempest-keypair-183725791 0.237s
2024-10-23 13:43:55.185 62302 INFO tempest.lib.common.rest_client [req-8e83cb8f-ec45-4174-8bad-044e2dff180b req-8e83cb8f-ec45-4174-8bad-044e2dff180b ] Request (ImagesOneServerTestJSON:setUpClass): 200 GET http://10.180.1.21/compute/v2.1/servers/623300f7-54d2-4b0a-b356-a1ae585682cb 0.211s
2024-10-23 13:43:55.234 62267 INFO tempest.lib.common.rest_client [req-d314179e-01eb-437f-8c79-e427be98177d req-d314179e-01eb-437f-8c79-e427be98177d ] Request (DeleteServersAdminTestJSON:test_delete_server_while_in_error_state): 200 GET http://10.180.1.21/compute/v2.1/servers/0e53c28c-a440-4e0e-9a4d-ff1d52557752 0.247s
2024-10-23 13:43:55.254 62305 INFO tempest.lib.common.rest_client [req-fc9203ea-d384-45e2-9185-f71228e79fb5 req-fc9203ea-d384-45e2-9185-f71228e79fb5 ] Request (InstanceActionsTestJSON:setUpClass): 200 GET http://10.180.1.21/compute/v2.1/servers/454a790d-3cb2-4ef2-995f-97e0eb1e2469 0.217s
2024-10-23 13:43:55.298 62277 INFO tempest.lib.common.rest_client [req-e0b4fc66-0006-4226-9cae-547fc34a9fc6 req-e0b4fc66-0006-4226-9cae-547fc34a9fc6 ] Request (ServerShowV254Test:test_rebuild_server): 200 GET http://10.180.1.21/compute/v2.1/servers/0ff2f9f4-6d85-4465-8e0a-fb39f2a25c9b 0.238s
2024-10-23 13:43:55.319 62311 INFO tempest.lib.common.rest_client [req-baeb7fbf-f32e-47c5-80e1-fb125b348f9b req-baeb7fbf-f32e-47c5-80e1-fb125b348f9b ] Request (ServerActionsTestJSON:setUpClass): 200 GET http://10.180.1.21/compute/v2.1/servers/bda8d4eb-2fe2-40ac-9e5f-e7a8f8acdd94 0.233s
2024-10-23 13:43:55.326 62313 INFO tempest.lib.common.rest_client [req-cddae491-2345-469e-b7ce-afaef1cbf5e4 req-cddae491-2345-469e-b7ce-afaef1cbf5e4 ] Request (ServersWithSpecificFlavorTestJSON:_run_cleanups): 204 DELETE http://10.180.1.21:9696/networking/v2.0/security-groups/7426cc10-8c27-4474-ab14-97d73da60b1d 0.157s
2024-10-23 13:43:55.352 62313 INFO tempest.lib.common.rest_client [req-fd301f11-73e3-4880-b870-b36236e763e2 req-fd301f11-73e3-4880-b870-b36236e763e2 ] Request (ServersWithSpecificFlavorTestJSON:_run_cleanups): 404 GET http://10.180.1.21:9696/networking/v2.0/security-groups/7426cc10-8c27-4474-ab14-97d73da60b1d 0.025s
2024-10-23 13:43:55.356 62297 INFO tempest.lib.common.rest_client [req-8c5a1d3e-4f99-4b9d-a369-8041e7f4f1eb req-8c5a1d3e-4f99-4b9d-a369-8041e7f4f1eb ] Request (ServersTestMultiNic:test_verify_duplicate_network_nics): 200 GET http://10.180.1.21/compute/v2.1/servers/45c32181-01a8-4e1e-9e0e-37035a298d55 0.229s
2024-10-23 13:43:55.384 62291 INFO tempest.lib.common.rest_client [req-d3408e0c-a4cb-4328-aed7-56bc4b196a42 req-d3408e0c-a4cb-4328-aed7-56bc4b196a42 ] Request (ListServerFiltersTestJSON:setUpClass): 200 GET http://10.180.1.21/compute/v2.1/servers/0a08bc46-0eea-4802-b0be-eb24f3507f73 0.231s
2024-10-23 13:43:55.410 62269 INFO tempest.lib.common.rest_client [req-c277c06b-6f1b-485d-ab50-e3c14b30dece req-c277c06b-6f1b-485d-ab50-e3c14b30dece ] Request (InstanceActionsNegativeTestJSON:setUpClass): 200 GET http://10.180.1.21/compute/v2.1/servers/a690ad15-2878-4fa7-a810-d155ce6b1a8c 0.208s
2024-10-23 13:43:55.454 62281 INFO tempest.lib.common.rest_client [req-4ea918ae-58f7-4b26-b04f-fe2d0b177c8d req-4ea918ae-58f7-4b26-b04f-fe2d0b177c8d ] Request (ServerActionsTestOtherB:setUpClass): 200 GET http://10.180.1.21/compute/v2.1/servers/e5f6387c-b941-4b3e-8c9a-8a643f7dd4b8 0.229s
2024-10-23 13:43:55.475 62321 INFO tempest.lib.common.rest_client [req-fa8d13d0-429f-4b2b-948b-6ec3755823dc req-fa8d13d0-429f-4b2b-948b-6ec3755823dc ] Request (InstanceActionsV221TestJSON:test_get_list_deleted_instance_actions): 200 GET http://10.180.1.21/compute/v2.1/servers/d7de90c0-95e9-4899-92a0-81658831713a 0.206s
2024-10-23 13:43:55.478 62299 INFO tempest.lib.common.rest_client [req-985ec7ab-5c65-4e32-b8dc-a02655f2f061 req-985ec7ab-5c65-4e32-b8dc-a02655f2f061 ] Request (FloatingIPDetailsTestJSON:tearDownClass): 204 DELETE http://10.180.1.21:9696/networking/v2.0/networks/eff681d0-f5d9-483d-b741-a9c80388c293 0.454s
2024-10-23 13:43:55.513 62303 INFO tempest.lib.common.rest_client [req-e8304cf0-f757-4d0e-8950-6350a4a56ae1 req-e8304cf0-f757-4d0e-8950-6350a4a56ae1 ] Request (ImagesTestJSON:test_create_image_from_stopped_server): 200 GET http://10.180.1.21/compute/v2.1/servers/97e51e6c-9a3a-4b68-b737-d48090a22b1b 0.220s
2024-10-23 13:43:55.543 62279 INFO tempest.lib.common.rest_client [req-30d132d3-9b24-45eb-8528-c860890d31e9 req-30d132d3-9b24-45eb-8528-c860890d31e9 ] Request (ServerDiagnosticsTest:test_get_server_diagnostics): 200 GET http://10.180.1.21/compute/v2.1/servers/2cf18a04-6bf9-4f47-a920-2c568207057d 0.183s
2024-10-23 13:43:55.572 62285 INFO tempest.lib.common.rest_client [req-55408ada-8e6a-442f-b88d-3c5c1074fba9 req-55408ada-8e6a-442f-b88d-3c5c1074fba9 ] Request (FloatingIPsAssociationNegativeTestJSON:setUpClass): 200 GET http://10.180.1.21/compute/v2.1/servers/eee6b9e6-2707-4a3b-925b-a7f50cdc32cb 0.159s
2024-10-23 13:43:55.578 62299 INFO tempest.lib.common.rest_client [req-6efc9e92-50bf-4d0f-b6c9-da03450a244f req-6efc9e92-50bf-4d0f-b6c9-da03450a244f ] Request (FloatingIPDetailsTestJSON:tearDownClass): 204 DELETE http://10.180.1.21/identity/v3/users/89b9870348fc493fb915661177253c31 0.100s
2024-10-23 13:43:55.579 62299 INFO tempest.lib.common.dynamic_creds [-] Deleting project and security group for project: 306a12b644a647e1843d661f04c3089d
2024-10-23 13:43:55.591 62317 INFO tempest.lib.common.rest_client [req-4914ae47-c095-4297-9be1-3ee89dbab155 req-4914ae47-c095-4297-9be1-3ee89dbab155 ] Request (VolumesAssistedSnapshotsTest:tearDownClass): 204 DELETE http://10.180.1.21:9696/networking/v2.0/networks/249b8464-f63d-4558-be81-9459a0e60369 0.477s
2024-10-23 13:43:55.604 62259 INFO tempest.lib.common.rest_client [req-8121f42a-6af9-420e-87d4-9e20c90c26f3 req-8121f42a-6af9-420e-87d4-9e20c90c26f3 ] Request (FloatingIPsAssociationTestJSON:setUpClass): 200 GET http://10.180.1.21/compute/v2.1/servers/08d41411-7928-4379-9f2e-c6ce00843d82 0.180s
2024-10-23 13:43:55.634 62299 INFO tempest.lib.common.rest_client [req-06dda1fe-ab03-4e63-a2d9-06bdc672264b req-06dda1fe-ab03-4e63-a2d9-06bdc672264b ] Request (FloatingIPDetailsTestJSON:tearDownClass): 200 GET http://10.180.1.21:9696/networking/v2.0/security-groups?tenant_id=306a12b644a647e1843d661f04c3089d&name=default 0.055s
2024-10-23 13:43:55.636 62290 INFO tempest.lib.common.rest_client [req-45d1734f-dc35-4d00-acbf-ed7f8aa9acb9 req-45d1734f-dc35-4d00-acbf-ed7f8aa9acb9 ] Request (ServersTestJSON:setUpClass): 200 GET http://10.180.1.21/compute/v2.1/servers/0040f46d-9a60-4fa1-8a00-c08022e17df0 0.159s
2024-10-23 13:43:55.667 62313 INFO tempest.lib.common.rest_client [req-dfaa4fb8-287c-4ea5-8f36-40fb5888bfb5 req-dfaa4fb8-287c-4ea5-8f36-40fb5888bfb5 ] Request (ServersWithSpecificFlavorTestJSON:_run_cleanups): 204 DELETE http://10.180.1.21:9696/networking/v2.0/floatingips/d2aeb910-bcfa-41e0-be2f-2b7db25a9d30 0.315s
2024-10-23 13:43:55.696 62313 INFO tempest.lib.common.rest_client [req-b338e137-c9bb-47f8-bfcb-b0dc8846d03d req-b338e137-c9bb-47f8-bfcb-b0dc8846d03d ] Request (ServersWithSpecificFlavorTestJSON:_run_cleanups): 202 DELETE http://10.180.1.21/compute/v2.1/flavors/1621836986 0.028s
2024-10-23 13:43:55.713 62313 INFO tempest.lib.common.rest_client [req-c085a949-f752-4895-8981-08409ab8b210 req-c085a949-f752-4895-8981-08409ab8b210 ] Request (ServersWithSpecificFlavorTestJSON:_run_cleanups): 200 GET http://10.180.1.21/compute/v2.1/flavors/detail 0.016s
2024-10-23 13:43:55.734 62299 INFO tempest.lib.common.rest_client [req-05539120-deba-4801-b9c1-c3772f7b8313 req-05539120-deba-4801-b9c1-c3772f7b8313 ] Request (FloatingIPDetailsTestJSON:tearDownClass): 204 DELETE http://10.180.1.21:9696/networking/v2.0/security-groups/715dbb02-8eba-40a3-9205-93d9a5e2eba6 0.099s
2024-10-23 13:43:55.746 62313 INFO tempest.lib.common.rest_client [req-4b590e1a-2aaa-431c-9f07-bdef69d54b11 req-4b590e1a-2aaa-431c-9f07-bdef69d54b11 ] Request (ServersWithSpecificFlavorTestJSON:_run_cleanups): 202 DELETE http://10.180.1.21/compute/v2.1/flavors/727751249 0.028s
2024-10-23 13:43:55.814 62263 INFO tempest.lib.common.rest_client [req-cdebc8d1-520f-48df-8c27-f33cef5874a0 req-cdebc8d1-520f-48df-8c27-f33cef5874a0 ] Request (ServerExternalEventsTest:test_create_server_external_events): 200 GET http://10.180.1.21/compute/v2.1/servers/39cd204a-49c2-4309-9030-555056ab125e 0.089s
2024-10-23 13:43:55.829 62313 INFO tempest.lib.common.rest_client [req-2f706230-0145-4dea-9c93-0c70d5e6f217 req-2f706230-0145-4dea-9c93-0c70d5e6f217 ] Request (ServersWithSpecificFlavorTestJSON:_run_cleanups): 200 GET http://10.180.1.21/compute/v2.1/flavors/detail 0.083s
2024-10-23 13:43:55.835 62299 INFO tempest.lib.common.rest_client [req-7ef6f5e6-5402-4c87-b6ee-8787a1c311d2 req-7ef6f5e6-5402-4c87-b6ee-8787a1c311d2 ] Request (FloatingIPDetailsTestJSON:tearDownClass): 204 DELETE http://10.180.1.21/identity/v3/projects/306a12b644a647e1843d661f04c3089d 0.101s
2024-10-23 13:43:55.845 62261 INFO tempest.lib.common.rest_client [req-c726041a-20ef-4f31-942d-670e167edb29 req-c726041a-20ef-4f31-942d-670e167edb29 ] Request (ImagesOneServerNegativeTestJSON:setUpClass): 200 GET http://10.180.1.21/compute/v2.1/servers/194588b4-fe40-4286-8036-874a7c410327 0.182s
2024-10-23 13:43:55.903 62308 INFO tempest.lib.common.rest_client [req-3078d7ac-84c7-4323-a742-4920cc21464a req-3078d7ac-84c7-4323-a742-4920cc21464a ] Request (ServersAaction247Test:test_create_backup): 200 GET http://10.180.1.21/compute/v2.1/servers/5d54c3fd-b239-4965-b7a3-5909e8de8bc0 0.121s
2024-10-23 13:43:55.908 62299 INFO tempest.lib.common.rest_client [req-06e4de6e-35c8-43a4-83e8-5cfa5e277742 req-06e4de6e-35c8-43a4-83e8-5cfa5e277742 ] Request (ServersTestBootFromVolume:setUpClass): 201 POST http://10.180.1.21/identity/v3/auth/tokens 0.070s
2024-10-23 13:43:55.912 62309 INFO tempest.lib.common.rest_client [req-09dc20ea-e6f6-497d-8694-275f4ec6c88e req-09dc20ea-e6f6-497d-8694-275f4ec6c88e ] Request (MigrationsAdminTest:test_resize_server_revert_deleted_flavor): 200 GET http://10.180.1.21/compute/v2.1/servers/5fad2258-f694-4993-bf64-bfa16abc09ba 0.111s
2024-10-23 13:43:55.937 62299 INFO tempest.lib.common.rest_client [req-110924b1-a26a-4623-b90c-0c75fbc58ff1 req-110924b1-a26a-4623-b90c-0c75fbc58ff1 ] Request (ServersTestBootFromVolume:setUpClass): 201 POST http://10.180.1.21/identity/v3/auth/tokens 0.027s
2024-10-23 13:43:55.956 62299 INFO tempest.lib.common.rest_client [req-58b2dc17-1845-4c5d-8928-1e9738eecc00 req-58b2dc17-1845-4c5d-8928-1e9738eecc00 ] Request (ServersTestBootFromVolume:setUpClass): 200 GET http://10.180.1.21/identity/v3/domains?name=Default 0.018s
2024-10-23 13:43:55.982 62299 INFO tempest.lib.common.rest_client [req-1e9cc531-bca6-4a8e-af0f-ce2a4abd1bfb req-1e9cc531-bca6-4a8e-af0f-ce2a4abd1bfb ] Request (ServersTestBootFromVolume:setUpClass): 201 POST http://10.180.1.21/identity/v3/projects 0.025s
2024-10-23 13:43:55.988 62287 INFO tempest.lib.common.rest_client [req-c1efd975-59be-46a2-90a2-794ec8bf1fa1 req-c1efd975-59be-46a2-90a2-794ec8bf1fa1 ] Request (ImagesNegativeTestJSON:test_create_image_from_deleted_server): 200 GET http://10.180.1.21/compute/v2.1/servers/cb319720-29ab-4ff2-a71e-f77ae8c85735 0.141s
2024-10-23 13:43:55.992 62293 INFO tempest.lib.common.rest_client [req-596c7cfb-321b-4df6-b50e-2bf1766df612 req-596c7cfb-321b-4df6-b50e-2bf1766df612 ] Request (AttachInterfacesUnderV243Test:test_add_remove_fixed_ip): 200 GET http://10.180.1.21/compute/v2.1/servers/f91a90f7-be73-424c-966c-1be6f37a0864 0.127s
2024-10-23 13:43:56.052 62315 INFO tempest.lib.common.rest_client [req-53228cca-5cf4-449a-b6c3-c62cf48715a1 req-53228cca-5cf4-449a-b6c3-c62cf48715a1 ] Request (AttachVolumeNegativeTest:test_attach_attached_volume_to_different_server): 200 GET http://10.180.1.21/compute/v2.1/servers/3624ca43-9ee3-418a-9205-debb699295df 0.134s
2024-10-23 13:43:56.066 62299 INFO tempest.lib.common.rest_client [req-176423fc-3f38-4335-a09f-c8f9c98c7f83 req-176423fc-3f38-4335-a09f-c8f9c98c7f83 ] Request (ServersTestBootFromVolume:setUpClass): 201 POST http://10.180.1.21/identity/v3/users 0.083s
2024-10-23 13:43:56.091 62299 INFO tempest.lib.common.rest_client [req-27ad71c7-271f-4e29-97d7-b20970956846 req-27ad71c7-271f-4e29-97d7-b20970956846 ] Request (ServersTestBootFromVolume:setUpClass): 200 GET http://10.180.1.21/identity/v3/roles 0.024s
2024-10-23 13:43:56.132 62299 INFO tempest.lib.common.rest_client [req-75849ab4-5a3d-4dfb-bf87-159e8f40f2a1 req-75849ab4-5a3d-4dfb-bf87-159e8f40f2a1 ] Request (ServersTestBootFromVolume:setUpClass): 204 PUT http://10.180.1.21/identity/v3/projects/32fcf91353da4fcd978d20348493a522/users/1accc1330eee4f3e94bb79924c2e597d/roles/fc5c9d9dfc13439ab0e5b5ba6fe0629b 0.041s
2024-10-23 13:43:56.133 62299 INFO tempest.lib.common.dynamic_creds [-] Dynamic test user 1accc1330eee4f3e94bb79924c2e597d is created with scope project and roles: ['member']
2024-10-23 13:43:56.133 62299 INFO tempest.lib.common.dynamic_creds [-] Acquired dynamic creds: credentials: Credentials: {'domain_id': 'default', 'domain_name': 'Default', 'username': 'tempest-ServersTestBootFromVolume-1535558002-project-member', 'project_domain_id': 'default', 'project_domain_name': 'Default', 'project_id': '32fcf91353da4fcd978d20348493a522', 'project_name': 'tempest-ServersTestBootFromVolume-1535558002', 'tenant_id': '32fcf91353da4fcd978d20348493a522', 'tenant_name': 'tempest-ServersTestBootFromVolume-1535558002', 'user_domain_id': 'default', 'user_domain_name': 'Default', 'user_id': '1accc1330eee4f3e94bb79924c2e597d', 'system': None}, Network: None, Subnet: None, Router: None
2024-10-23 13:43:56.197 62299 INFO tempest.lib.common.rest_client [req-21d129e8-6d1d-4365-b0ec-646d7a666d88 req-21d129e8-6d1d-4365-b0ec-646d7a666d88 ] Request (ServersTestBootFromVolume:setUpClass): 201 POST http://10.180.1.21/identity/v3/auth/tokens 0.064s
2024-10-23 13:43:56.253 62283 INFO tempest.lib.common.rest_client [req-1829684d-e706-46ae-9102-e757c37aab6c req-1829684d-e706-46ae-9102-e757c37aab6c ] Request (TenantUsagesTestJSON:setUpClass): 200 GET http://10.180.1.21/compute/v2.1/servers/a187f73b-8fb1-42b3-9a07-24d16aa0f152 0.323s
2024-10-23 13:43:56.276 62271 INFO tempest.lib.common.rest_client [req-f61e5291-e1f3-4289-953f-dd229d445583 req-f61e5291-e1f3-4289-953f-dd229d445583 ] Request (ServersNegativeTestJSON:setUpClass): 200 GET http://10.180.1.21/compute/v2.1/servers/5bbdf138-0aaf-42d1-b5a1-4f7ebc650393 0.279s
2024-10-23 13:43:56.332 62319 INFO tempest.lib.common.rest_client [req-b961f369-440a-4a2f-9a2e-813bf828d083 req-b961f369-440a-4a2f-9a2e-813bf828d083 ] Request (VolumesAdminNegativeTest:test_update_attached_volume_with_nonexistent_volume_in_uri): 200 GET http://10.180.1.21/compute/v2.1/servers/2e0f2d4e-aa3d-4b1a-8c8c-9338f75a07e3 0.331s
2024-10-23 13:43:56.349 62273 INFO tempest.lib.common.rest_client [req-f5ba6f8c-9550-47aa-937a-9eed0e3e30db req-f5ba6f8c-9550-47aa-937a-9eed0e3e30db ] Request (SecurityGroupsTestJSON:test_list_security_groups_by_server): 200 GET http://10.180.1.21/compute/v2.1/servers/e795e53e-af33-4d0c-8dbd-9c59f236acd7 0.289s
2024-10-23 13:43:56.389 62295 INFO tempest.lib.common.rest_client [req-b3582539-6a5d-477f-a93c-654305bfe588 req-b3582539-6a5d-477f-a93c-654305bfe588 ] Request (MultipleCreateTestJSON:test_multiple_create): 200 GET http://10.180.1.21/compute/v2.1/servers/5dcebdc4-5b1f-4dad-aca1-2bdcc68bc962 0.325s
2024-10-23 13:43:56.410 62275 INFO tempest.lib.common.rest_client [req-36fd2839-fb19-4b1a-9990-44a53974d8c0 req-36fd2839-fb19-4b1a-9990-44a53974d8c0 ] Request (ServerActionsTestOtherA:setUpClass): 200 GET http://10.180.1.21/compute/v2.1/servers/56984993-a8b1-464e-b20c-79ffe67d2491 0.288s
2024-10-23 13:43:56.444 62265 INFO tempest.lib.common.rest_client [req-c692cdc8-cf87-4035-b76b-0bf2fa100543 req-c692cdc8-cf87-4035-b76b-0bf2fa100543 ] Request (AttachVolumeShelveTestJSON:test_attach_volume_shelved_or_offload_server): 200 GET http://10.180.1.21/compute/v2.1/servers/f9a8e863-6e7f-4f00-b54a-78802659cd59 0.312s
2024-10-23 13:43:56.470 62302 INFO tempest.lib.common.rest_client [req-9ccfd5aa-930d-4f38-acbd-76a5767de9d8 req-9ccfd5aa-930d-4f38-acbd-76a5767de9d8 ] Request (ImagesOneServerTestJSON:setUpClass): 200 GET http://10.180.1.21/compute/v2.1/servers/623300f7-54d2-4b0a-b356-a1ae585682cb 0.274s
2024-10-23 13:43:56.507 62267 INFO tempest.lib.common.rest_client [req-eaa2da66-c497-4cbe-ae91-83a602b68b6d req-eaa2da66-c497-4cbe-ae91-83a602b68b6d ] Request (DeleteServersAdminTestJSON:test_delete_server_while_in_error_state): 200 GET http://10.180.1.21/compute/v2.1/servers/0e53c28c-a440-4e0e-9a4d-ff1d52557752 0.265s
2024-10-23 13:43:56.530 62305 INFO tempest.lib.common.rest_client [req-a77b9203-588a-451f-b5af-27d8b519a4eb req-a77b9203-588a-451f-b5af-27d8b519a4eb ] Request (InstanceActionsTestJSON:setUpClass): 200 GET http://10.180.1.21/compute/v2.1/servers/454a790d-3cb2-4ef2-995f-97e0eb1e2469 0.268s
2024-10-23 13:43:56.564 62299 INFO tempest.lib.common.rest_client [req-9a3cb331-8d0b-4f2c-a8aa-b32c4d7935c0 req-9a3cb331-8d0b-4f2c-a8aa-b32c4d7935c0 ] Request (ServersTestBootFromVolume:setUpClass): 201 POST http://10.180.1.21:9696/networking/v2.0/networks 0.366s
2024-10-23 13:43:56.585 62277 INFO tempest.lib.common.rest_client [req-8d3e2587-30b0-4b69-8656-50c7e314a04d req-8d3e2587-30b0-4b69-8656-50c7e314a04d ] Request (ServerShowV254Test:test_rebuild_server): 200 GET http://10.180.1.21/compute/v2.1/servers/0ff2f9f4-6d85-4465-8e0a-fb39f2a25c9b 0.279s
2024-10-23 13:43:56.589 62311 INFO tempest.lib.common.rest_client [req-9beaed5e-785d-413a-99c9-a93861d4845a req-9beaed5e-785d-413a-99c9-a93861d4845a ] Request (ServerActionsTestJSON:setUpClass): 200 GET http://10.180.1.21/compute/v2.1/servers/bda8d4eb-2fe2-40ac-9e5f-e7a8f8acdd94 0.261s
2024-10-23 13:43:56.658 62291 INFO tempest.lib.common.rest_client [req-fe5c62a2-dfc2-42f6-9d9f-2f058ab61a04 req-fe5c62a2-dfc2-42f6-9d9f-2f058ab61a04 ] Request (ListServerFiltersTestJSON:setUpClass): 200 GET http://10.180.1.21/compute/v2.1/servers/0a08bc46-0eea-4802-b0be-eb24f3507f73 0.265s
2024-10-23 13:43:56.659 62297 INFO tempest.lib.common.rest_client [req-8a3f273d-deb8-44e2-8a84-984d85d2a2d7 req-8a3f273d-deb8-44e2-8a84-984d85d2a2d7 ] Request (ServersTestMultiNic:test_verify_duplicate_network_nics): 200 GET http://10.180.1.21/compute/v2.1/servers/45c32181-01a8-4e1e-9e0e-37035a298d55 0.291s
2024-10-23 13:43:56.719 62313 INFO tempest.lib.common.rest_client [req-feb9c7ab-d5db-4244-a49a-f578c81a955e req-feb9c7ab-d5db-4244-a49a-f578c81a955e ] Request (ServersWithSpecificFlavorTestJSON:tearDownClass): 200 PUT http://10.180.1.21:9696/networking/v2.0/routers/cb130484-cab2-4a46-bce4-4b2b24a04c5d/remove_router_interface 0.878s
2024-10-23 13:43:56.730 62269 INFO tempest.lib.common.rest_client [req-73eb8f11-acfb-4c56-844c-1d956419c75d req-73eb8f11-acfb-4c56-844c-1d956419c75d ] Request (InstanceActionsNegativeTestJSON:setUpClass): 200 GET http://10.180.1.21/compute/v2.1/servers/a690ad15-2878-4fa7-a810-d155ce6b1a8c 0.310s
2024-10-23 13:43:56.742 62281 INFO tempest.lib.common.rest_client [req-acfbd716-4317-47c4-b199-eceaf5ae8db6 req-acfbd716-4317-47c4-b199-eceaf5ae8db6 ] Request (ServerActionsTestOtherB:setUpClass): 200 GET http://10.180.1.21/compute/v2.1/servers/e5f6387c-b941-4b3e-8c9a-8a643f7dd4b8 0.280s
2024-10-23 13:43:56.789 62321 INFO tempest.lib.common.rest_client [req-ed99c9c7-da37-485e-ac7d-e17b975169e6 req-ed99c9c7-da37-485e-ac7d-e17b975169e6 ] Request (InstanceActionsV221TestJSON:test_get_list_deleted_instance_actions): 200 GET http://10.180.1.21/compute/v2.1/servers/d7de90c0-95e9-4899-92a0-81658831713a 0.305s
2024-10-23 13:43:56.803 62303 INFO tempest.lib.common.rest_client [req-735e355b-74aa-4d73-842e-cabd5a3766f5 req-735e355b-74aa-4d73-842e-cabd5a3766f5 ] Request (ImagesTestJSON:test_create_image_from_stopped_server): 200 GET http://10.180.1.21/compute/v2.1/servers/97e51e6c-9a3a-4b68-b737-d48090a22b1b 0.278s
2024-10-23 13:43:56.838 62279 INFO tempest.lib.common.rest_client [req-dac45bb8-7a7e-41fe-a93e-c60837763010 req-dac45bb8-7a7e-41fe-a93e-c60837763010 ] Request (ServerDiagnosticsTest:test_get_server_diagnostics): 200 GET http://10.180.1.21/compute/v2.1/servers/2cf18a04-6bf9-4f47-a920-2c568207057d 0.287s
2024-10-23 13:43:56.842 62299 INFO tempest.lib.common.rest_client [req-bb984c15-3ee0-4c6c-a9fa-fc1bca53dd41 req-bb984c15-3ee0-4c6c-a9fa-fc1bca53dd41 ] Request (ServersTestBootFromVolume:setUpClass): 201 POST http://10.180.1.21:9696/networking/v2.0/subnets 0.277s
2024-10-23 13:43:56.863 62285 INFO tempest.lib.common.rest_client [req-bc52103b-7049-4a6c-b91c-9775d115ab75 req-bc52103b-7049-4a6c-b91c-9775d115ab75 ] Request (FloatingIPsAssociationNegativeTestJSON:setUpClass): 200 GET http://10.180.1.21/compute/v2.1/servers/eee6b9e6-2707-4a3b-925b-a7f50cdc32cb 0.285s
2024-10-23 13:43:56.891 62259 INFO tempest.lib.common.rest_client [req-f558fc3c-b5ae-4319-ab2b-0923fa75fd1d req-f558fc3c-b5ae-4319-ab2b-0923fa75fd1d ] Request (FloatingIPsAssociationTestJSON:setUpClass): 200 GET http://10.180.1.21/compute/v2.1/servers/08d41411-7928-4379-9f2e-c6ce00843d82 0.281s
2024-10-23 13:43:56.915 62290 INFO tempest.lib.common.rest_client [req-229ae581-0289-4fca-8dd7-820f42a0f66c req-229ae581-0289-4fca-8dd7-820f42a0f66c ] Request (ServersTestJSON:setUpClass): 200 GET http://10.180.1.21/compute/v2.1/servers/0040f46d-9a60-4fa1-8a00-c08022e17df0 0.268s
2024-10-23 13:43:56.944 62263 INFO tempest.lib.common.rest_client [req-ad9a988b-1602-43b0-a7b6-544e193d3ccd req-ad9a988b-1602-43b0-a7b6-544e193d3ccd ] Request (ServerExternalEventsTest:test_create_server_external_events): 200 GET http://10.180.1.21/compute/v2.1/servers/39cd204a-49c2-4309-9030-555056ab125e 0.121s
2024-10-23 13:43:56.969 62261 INFO tempest.lib.common.rest_client [req-9b42fa7d-9a31-4b48-b9ca-d5f257b01761 req-9b42fa7d-9a31-4b48-b9ca-d5f257b01761 ] Request (ImagesOneServerNegativeTestJSON:setUpClass): 200 GET http://10.180.1.21/compute/v2.1/servers/194588b4-fe40-4286-8036-874a7c410327 0.116s
2024-10-23 13:43:56.999 62308 INFO tempest.lib.common.rest_client [req-9f872c39-3937-4aa5-8818-5f1ddf09748f req-9f872c39-3937-4aa5-8818-5f1ddf09748f ] Request (ServersAaction247Test:test_create_backup): 200 GET http://10.180.1.21/compute/v2.1/servers/5d54c3fd-b239-4965-b7a3-5909e8de8bc0 0.085s
2024-10-23 13:43:57.023 62309 INFO tempest.lib.common.rest_client [req-6a429edb-4ecd-4002-a684-0ffa4d421fae req-6a429edb-4ecd-4002-a684-0ffa4d421fae ] Request (MigrationsAdminTest:test_resize_server_revert_deleted_flavor): 200 GET http://10.180.1.21/compute/v2.1/servers/5fad2258-f694-4993-bf64-bfa16abc09ba 0.102s
2024-10-23 13:43:57.045 62287 INFO tempest.lib.common.rest_client [req-129f112b-1ffc-41c3-856d-6d84f053a468 req-129f112b-1ffc-41c3-856d-6d84f053a468 ] Request (ImagesNegativeTestJSON:test_create_image_from_deleted_server): 200 GET http://10.180.1.21/compute/v2.1/servers/cb319720-29ab-4ff2-a71e-f77ae8c85735 0.048s
2024-10-23 13:43:57.046 62317 INFO tempest.lib.common.rest_client [req-baf6056f-46b3-4d3c-ba9c-dc84440457c2 req-baf6056f-46b3-4d3c-ba9c-dc84440457c2 ] Request (VolumesAssistedSnapshotsTest:tearDownClass): 200 PUT http://10.180.1.21:9696/networking/v2.0/routers/489aa95e-180c-4acb-8dea-af39c2f7b32a/remove_router_interface 1.454s
2024-10-23 13:43:57.076 62293 INFO tempest.lib.common.rest_client [req-86c1e087-fc15-4298-99b0-8f71d70fbc98 req-86c1e087-fc15-4298-99b0-8f71d70fbc98 ] Request (AttachInterfacesUnderV243Test:test_add_remove_fixed_ip): 200 GET http://10.180.1.21/compute/v2.1/servers/f91a90f7-be73-424c-966c-1be6f37a0864 0.069s
2024-10-23 13:43:57.119 62315 INFO tempest.lib.common.rest_client [req-b6b1eaed-f1b3-4b6c-9500-64b36557a17e req-b6b1eaed-f1b3-4b6c-9500-64b36557a17e ] Request (AttachVolumeNegativeTest:test_attach_attached_volume_to_different_server): 200 GET http://10.180.1.21/compute/v2.1/servers/3624ca43-9ee3-418a-9205-debb699295df 0.058s
2024-10-23 13:43:57.355 62283 INFO tempest.lib.common.rest_client [req-e33cc6e9-98eb-4a60-b77f-80cb233bae1c req-e33cc6e9-98eb-4a60-b77f-80cb233bae1c ] Request (TenantUsagesTestJSON:setUpClass): 200 GET http://10.180.1.21/compute/v2.1/servers/a187f73b-8fb1-42b3-9a07-24d16aa0f152 0.087s
2024-10-23 13:43:57.365 62271 INFO tempest.lib.common.rest_client [req-a7374405-f696-426a-8710-43c3660a4e17 req-a7374405-f696-426a-8710-43c3660a4e17 ] Request (ServersNegativeTestJSON:setUpClass): 200 GET http://10.180.1.21/compute/v2.1/servers/5bbdf138-0aaf-42d1-b5a1-4f7ebc650393 0.076s
2024-10-23 13:43:57.423 62273 INFO tempest.lib.common.rest_client [req-cf09e246-1ef2-47be-b63d-5daa6aaacb6c req-cf09e246-1ef2-47be-b63d-5daa6aaacb6c ] Request (SecurityGroupsTestJSON:test_list_security_groups_by_server): 200 GET http://10.180.1.21/compute/v2.1/servers/e795e53e-af33-4d0c-8dbd-9c59f236acd7 0.066s
2024-10-23 13:43:57.434 62319 INFO tempest.lib.common.rest_client [req-85d54794-e800-4baf-8568-2966a10c5b39 req-85d54794-e800-4baf-8568-2966a10c5b39 ] Request (VolumesAdminNegativeTest:test_update_attached_volume_with_nonexistent_volume_in_uri): 200 GET http://10.180.1.21/compute/v2.1/servers/2e0f2d4e-aa3d-4b1a-8c8c-9338f75a07e3 0.093s
2024-10-23 13:43:57.454 62317 INFO tempest.lib.common.rest_client [req-31771685-4e80-406d-83fb-928f9071e9e8 req-31771685-4e80-406d-83fb-928f9071e9e8 ] Request (VolumesAssistedSnapshotsTest:tearDownClass): 204 DELETE http://10.180.1.21:9696/networking/v2.0/routers/489aa95e-180c-4acb-8dea-af39c2f7b32a 0.408s
2024-10-23 13:43:57.468 62313 INFO tempest.lib.common.rest_client [req-a6091152-7172-42a3-867e-0f92dc982d6a req-a6091152-7172-42a3-867e-0f92dc982d6a ] Request (ServersWithSpecificFlavorTestJSON:tearDownClass): 204 DELETE http://10.180.1.21:9696/networking/v2.0/routers/cb130484-cab2-4a46-bce4-4b2b24a04c5d 0.749s
2024-10-23 13:43:57.487 62295 INFO tempest.lib.common.rest_client [req-386b5fa7-1ae5-4f61-85d3-380d3145ed4a req-386b5fa7-1ae5-4f61-85d3-380d3145ed4a ] Request (MultipleCreateTestJSON:test_multiple_create): 200 GET http://10.180.1.21/compute/v2.1/servers/5dcebdc4-5b1f-4dad-aca1-2bdcc68bc962 0.091s
2024-10-23 13:43:57.508 62275 INFO tempest.lib.common.rest_client [req-f9bde53a-65ac-462c-b2c1-7e7eab654069 req-f9bde53a-65ac-462c-b2c1-7e7eab654069 ] Request (ServerActionsTestOtherA:setUpClass): 200 GET http://10.180.1.21/compute/v2.1/servers/56984993-a8b1-464e-b20c-79ffe67d2491 0.088s
2024-10-23 13:43:57.562 62265 INFO tempest.lib.common.rest_client [req-42b94c64-8de0-4e75-ad91-d65e13e9e206 req-42b94c64-8de0-4e75-ad91-d65e13e9e206 ] Request (AttachVolumeShelveTestJSON:test_attach_volume_shelved_or_offload_server): 200 GET http://10.180.1.21/compute/v2.1/servers/f9a8e863-6e7f-4f00-b54a-78802659cd59 0.110s
2024-10-23 13:43:57.575 62302 INFO tempest.lib.common.rest_client [req-6b58d41e-5bf4-405c-ac40-62fbc12efeae req-6b58d41e-5bf4-405c-ac40-62fbc12efeae ] Request (ImagesOneServerTestJSON:setUpClass): 200 GET http://10.180.1.21/compute/v2.1/servers/623300f7-54d2-4b0a-b356-a1ae585682cb 0.097s
