2024-10-23 13:42:59.392 62267 INFO tempest.lib.common.rest_client [req-29878964-568e-4c92-80e6-64ee3e8e11bb req-29878964-568e-4c92-80e6-64ee3e8e11bb ] Request (DeleteServersAdminTestJSON:test_delete_server_while_in_error_state): 202 POST http://10.180.1.21/compute/v2.1/servers 2.266s
2024-10-23 13:42:59.439 62259 INFO tempest.lib.common.rest_client [req-0f49401f-43b8-4741-aa84-7e8000c4d460 req-0f49401f-43b8-4741-aa84-7e8000c4d460 ] Request (FloatingIPsAssociationTestJSON:setUpClass): 200 GET http://10.180.1.21/compute/v2.1/servers/08d41411-7928-4379-9f2e-c6ce00843d82 1.604s
2024-10-23 13:42:59.464 62293 INFO tempest.lib.common.rest_client [req-d24025b7-891a-4364-96c8-da6a14316b51 req-d24025b7-891a-4364-96c8-da6a14316b51 ] Request (ServersAdminTestJSON:setUpClass): 200 GET http://10.180.1.21/compute/v2.1/servers/d522ee4a-9bd9-402b-b3bd-c36f93366249 1.510s
2024-10-23 13:42:59.475 62303 INFO tempest.lib.common.rest_client [req-b055a0b3-44f7-4a2a-a325-c86ece03d1da req-b055a0b3-44f7-4a2a-a325-c86ece03d1da ] Request (FloatingIPDetailsNegativeTestJSON:tearDownClass): 204 DELETE http://10.180.1.21/identity/v3/users/4fa040051caa49d79fa4c0683b835bda 0.210s
2024-10-23 13:42:59.475 62303 INFO tempest.lib.common.dynamic_creds [-] Deleting project and security group for project: ac7e44c54e664292afb1741cc5379266
2024-10-23 13:42:59.541 62308 INFO tempest.lib.common.rest_client [req-0bf45451-29f0-4929-8c2d-99efcaee64f3 req-0bf45451-29f0-4929-8c2d-99efcaee64f3 ] Request (QuotasAdminNegativeTest:tearDownClass): 201 POST http://10.180.1.21/identity/v3/auth/tokens 0.195s
2024-10-23 13:42:59.546 62261 INFO tempest.lib.common.rest_client [req-cd269360-6bc3-4770-b650-3b2643265ba3 req-cd269360-6bc3-4770-b650-3b2643265ba3 ] Request (ImagesOneServerNegativeTestJSON:setUpClass): 200 GET http://10.180.1.21/compute/v2.1/servers/194588b4-fe40-4286-8036-874a7c410327 1.533s
2024-10-23 13:42:59.548 62303 INFO tempest.lib.common.rest_client [req-1881d7de-5b99-4dab-b627-fe4427421208 req-1881d7de-5b99-4dab-b627-fe4427421208 ] Request (FloatingIPDetailsNegativeTestJSON:tearDownClass): 200 GET http://10.180.1.21:9696/networking/v2.0/security-groups?tenant_id=ac7e44c54e664292afb1741cc5379266&name=default 0.072s
2024-10-23 13:42:59.561 62317 INFO tempest.lib.common.rest_client [req-53181744-86d5-4f84-95da-4c26c33b5fd2 req-53181744-86d5-4f84-95da-4c26c33b5fd2 ] Request (VolumesAssistedSnapshotsTest:test_volume_assisted_snapshot_create_delete): 200 GET http://10.180.1.21/compute/v2.1/servers/1fde7ae0-c88c-4d7f-b657-355c20e2cb10 1.452s
2024-10-23 13:42:59.639 62290 INFO tempest.lib.common.rest_client [req-5896c3ca-d679-4194-9474-9339019a8e6f req-5896c3ca-d679-4194-9474-9339019a8e6f ] Request (ServersTestJSON:setUpClass): 200 GET http://10.180.1.21/compute/v2.1/servers/0040f46d-9a60-4fa1-8a00-c08022e17df0 1.470s
2024-10-23 13:42:59.646 62283 INFO tempest.lib.common.rest_client [req-8ae68a49-b1db-454f-a77e-9014fd879b05 req-8ae68a49-b1db-454f-a77e-9014fd879b05 ] Request (TenantUsagesTestJSON:setUpClass): 200 GET http://10.180.1.21/compute/v2.1/servers/a187f73b-8fb1-42b3-9a07-24d16aa0f152 1.501s
2024-10-23 13:42:59.708 62277 INFO tempest.lib.common.rest_client [req-cb6f5a1a-15e8-4e93-9eff-a294533ee0d8 req-cb6f5a1a-15e8-4e93-9eff-a294533ee0d8 ] Request (ServerRescueNegativeTestJSON:setUpClass): 200 GET http://10.180.1.21/compute/v2.1/servers/64f9698e-16f5-447a-914a-9e936e05d101 1.368s
2024-10-23 13:42:59.717 62319 INFO tempest.lib.common.rest_client [req-cd7a3bd0-5e3e-4aa0-b287-fbd1bc233653 req-cd7a3bd0-5e3e-4aa0-b287-fbd1bc233653 ] Request (VolumesAdminNegativeTest:test_update_attached_volume_with_nonexistent_volume_in_body): 200 GET http://10.180.1.21/compute/v2.1/servers/68b65162-23a6-464f-a2f9-1635bea8786f 1.288s
2024-10-23 13:42:59.791 62305 INFO tempest.lib.common.rest_client [req-4ba1b4c1-52f4-4784-a1b0-09d0365cd1cd req-4ba1b4c1-52f4-4784-a1b0-09d0365cd1cd ] Request (InstanceActionsTestJSON:setUpClass): 200 GET http://10.180.1.21/compute/v2.1/servers/454a790d-3cb2-4ef2-995f-97e0eb1e2469 1.197s
2024-10-23 13:42:59.839 62308 INFO tempest.lib.common.rest_client [req-88c6137c-d07a-437f-9b87-0136536fdc01 req-88c6137c-d07a-437f-9b87-0136536fdc01 ] Request (QuotasAdminNegativeTest:tearDownClass): 200 GET http://10.180.1.21:9696/networking/v2.0/security-groups?tenant_id=98eeeaefef684c548044375e86290970&name=default 0.297s
2024-10-23 13:42:59.881 62303 INFO tempest.lib.common.rest_client [req-d149816c-eb1c-4acd-a7d2-3ea4935617b6 req-d149816c-eb1c-4acd-a7d2-3ea4935617b6 ] Request (FloatingIPDetailsNegativeTestJSON:tearDownClass): 204 DELETE http://10.180.1.21:9696/networking/v2.0/security-groups/3346d544-2876-477a-a9e2-50bb86e1b9da 0.333s
2024-10-23 13:42:59.887 62271 INFO tempest.lib.common.rest_client [req-3a3e1124-a1ca-4731-b36e-36e7f1572d7f req-3a3e1124-a1ca-4731-b36e-36e7f1572d7f ] Request (ListImageFiltersNegativeTestJSON:tearDownClass): 200 GET http://10.180.1.21:9696/networking/v2.0/security-groups?tenant_id=6ccaf26cf5124edcb27c66f614bd6ebc&name=default 0.567s
2024-10-23 13:42:59.895 62299 INFO tempest.lib.common.rest_client [req-472e4ab8-7ff0-4421-8d93-dc089919c7bc req-472e4ab8-7ff0-4421-8d93-dc089919c7bc ] Request (ServersAdmin275Test:_run_cleanups): 200 GET http://10.180.1.21/compute/v2.1/servers/56eee633-2c01-4df2-8d2e-58ad712942f6 1.298s
2024-10-23 13:42:59.905 62299 INFO tempest.common.waiters [-] State transition "REBUILD/rebuilding" ==> "REBUILD/rebuild_spawning" after 2 second wait
2024-10-23 13:42:59.958 62303 INFO tempest.lib.common.rest_client [req-412fa400-346b-4585-8277-c1f1c5128c8e req-412fa400-346b-4585-8277-c1f1c5128c8e ] Request (FloatingIPDetailsNegativeTestJSON:tearDownClass): 204 DELETE http://10.180.1.21/identity/v3/projects/ac7e44c54e664292afb1741cc5379266 0.076s
2024-10-23 13:42:59.969 62309 INFO tempest.lib.common.rest_client [req-6b983c67-88fe-4549-8cee-68582c682e48 req-6b983c67-88fe-4549-8cee-68582c682e48 ] Request (MigrationsAdminTest:test_list_migrations_in_flavor_resize_situation): 200 GET http://10.180.1.21/compute/v2.1/servers/095d69fe-bbd3-4850-9dcd-b4c2290b8352 1.323s
2024-10-23 13:42:59.999 62315 INFO tempest.lib.common.rest_client [req-9fb58339-9a86-40e1-bb2f-ba6ccd2211c3 req-9fb58339-9a86-40e1-bb2f-ba6ccd2211c3 ] Request (ServersNegativeTestMultiTenantJSON:setUpClass): 200 GET http://10.180.1.21/compute/v2.1/servers/95bb27b9-e5a3-418f-a078-ae22ebf40013 1.472s
2024-10-23 13:43:00.007 62271 INFO tempest.lib.common.rest_client [req-9d61bad2-1fbd-4120-b99d-8347f6292c99 req-9d61bad2-1fbd-4120-b99d-8347f6292c99 ] Request (ListImageFiltersNegativeTestJSON:tearDownClass): 204 DELETE http://10.180.1.21:9696/networking/v2.0/security-groups/3a9407fd-23a4-4295-ae80-b5708e604f11 0.120s
2024-10-23 13:43:00.006 62315 INFO tempest.common.waiters [-] State transition "BUILD/None" ==> "BUILD/spawning" after 33 second wait
2024-10-23 13:43:00.032 62295 INFO tempest.lib.common.rest_client [req-6d2eb4b2-c773-42a1-98b3-b2ff16e1b748 req-6d2eb4b2-c773-42a1-98b3-b2ff16e1b748 ] Request (MultipleCreateTestJSON:test_multiple_create): 200 GET http://10.180.1.21/compute/v2.1/servers/5dcebdc4-5b1f-4dad-aca1-2bdcc68bc962 1.325s
2024-10-23 13:43:00.055 62308 INFO tempest.lib.common.rest_client [req-f463dc53-49d7-4873-a355-9c52287c87b0 req-f463dc53-49d7-4873-a355-9c52287c87b0 ] Request (QuotasAdminNegativeTest:tearDownClass): 204 DELETE http://10.180.1.21:9696/networking/v2.0/security-groups/f283cc78-483f-4f12-9c99-a0369dd25840 0.215s
2024-10-23 13:43:00.060 62303 INFO tempest.lib.common.rest_client [req-f12eb924-f54f-4ebe-bb26-86b0de333303 req-f12eb924-f54f-4ebe-bb26-86b0de333303 ] Request (ImagesTestJSON:setUpClass): 201 POST http://10.180.1.21/identity/v3/auth/tokens 0.100s
2024-10-23 13:43:00.083 62302 INFO tempest.lib.common.rest_client [req-30ac9a9c-effc-44a6-aecd-9989f3b3f55b req-30ac9a9c-effc-44a6-aecd-9989f3b3f55b ] Request (ImagesOneServerTestJSON:setUpClass): 200 GET http://10.180.1.21/compute/v2.1/servers/623300f7-54d2-4b0a-b356-a1ae585682cb 1.303s
2024-10-23 13:43:00.139 62308 INFO tempest.lib.common.rest_client [req-eeb054cd-a351-41bd-adcb-6e603afd31b9 req-eeb054cd-a351-41bd-adcb-6e603afd31b9 ] Request (QuotasAdminNegativeTest:tearDownClass): 204 DELETE http://10.180.1.21/identity/v3/projects/98eeeaefef684c548044375e86290970 0.083s
2024-10-23 13:43:00.139 62308 INFO tempest.lib.common.dynamic_creds [-] Deleting project and security group for project: a08b4120385c401585436b7f003d5911
2024-10-23 13:43:00.145 62313 INFO tempest.lib.common.rest_client [req-6ed1fd61-8893-4185-939a-9676c5312a2e req-6ed1fd61-8893-4185-939a-9676c5312a2e ] Request (ServersWithSpecificFlavorTestJSON:test_verify_created_server_ephemeral_disk): 200 GET http://10.180.1.21/compute/v2.1/servers/4c67e82d-b51b-4820-af81-e6eefc7bcb36 1.313s
2024-10-23 13:43:00.159 62271 INFO tempest.lib.common.rest_client [req-5b1a58cd-98b4-448d-874f-ce061d185829 req-5b1a58cd-98b4-448d-874f-ce061d185829 ] Request (ListImageFiltersNegativeTestJSON:tearDownClass): 204 DELETE http://10.180.1.21/identity/v3/projects/6ccaf26cf5124edcb27c66f614bd6ebc 0.152s
2024-10-23 13:43:00.218 62303 INFO tempest.lib.common.rest_client [req-c51def84-ce6d-4776-a568-b9c4d61a083b req-c51def84-ce6d-4776-a568-b9c4d61a083b ] Request (ImagesTestJSON:setUpClass): 201 POST http://10.180.1.21/identity/v3/auth/tokens 0.150s
2024-10-23 13:43:00.225 62271 INFO tempest.lib.common.rest_client [req-eb90a0b6-044c-40eb-94d0-64fd0773238d req-eb90a0b6-044c-40eb-94d0-64fd0773238d ] Request (ServersListShow296Test:setUpClass): 201 POST http://10.180.1.21/identity/v3/auth/tokens 0.064s
2024-10-23 13:43:00.239 62311 INFO tempest.lib.common.rest_client [req-5486b126-2217-4aa9-8b8d-d0f625861e83 req-5486b126-2217-4aa9-8b8d-d0f625861e83 ] Request (ServerActionsTestJSON:setUpClass): 200 GET http://10.180.1.21/compute/v2.1/servers/bda8d4eb-2fe2-40ac-9e5f-e7a8f8acdd94 1.387s
2024-10-23 13:43:00.245 62303 INFO tempest.lib.common.rest_client [req-165406aa-6106-432d-ad30-aefcbdfaec97 req-165406aa-6106-432d-ad30-aefcbdfaec97 ] Request (ImagesTestJSON:setUpClass): 200 GET http://10.180.1.21/identity/v3/domains?name=Default 0.026s
2024-10-23 13:43:00.260 62271 INFO tempest.lib.common.rest_client [req-4ad59a89-7f49-4eb9-8b53-fa03aa2eaff1 req-4ad59a89-7f49-4eb9-8b53-fa03aa2eaff1 ] Request (ServersListShow296Test:setUpClass): 201 POST http://10.180.1.21/identity/v3/auth/tokens 0.032s
2024-10-23 13:43:00.275 62303 INFO tempest.lib.common.rest_client [req-21523939-d0c1-4218-8452-e38151547e74 req-21523939-d0c1-4218-8452-e38151547e74 ] Request (ImagesTestJSON:setUpClass): 201 POST http://10.180.1.21/identity/v3/projects 0.030s
2024-10-23 13:43:00.281 62271 INFO tempest.lib.common.rest_client [req-72125910-518d-4928-a982-3ac6d9ed1e47 req-72125910-518d-4928-a982-3ac6d9ed1e47 ] Request (ServersListShow296Test:setUpClass): 200 GET http://10.180.1.21/identity/v3/domains?name=Default 0.020s
2024-10-23 13:43:00.309 62308 INFO tempest.lib.common.rest_client [req-128b6628-67fc-4a30-b210-ed37c9957fab req-128b6628-67fc-4a30-b210-ed37c9957fab ] Request (QuotasAdminNegativeTest:tearDownClass): 200 GET http://10.180.1.21:9696/networking/v2.0/security-groups?tenant_id=a08b4120385c401585436b7f003d5911&name=default 0.169s
2024-10-23 13:43:00.331 62303 INFO tempest.lib.common.rest_client [req-2620b9f8-3c69-42fe-b65a-bd743ffb8926 req-2620b9f8-3c69-42fe-b65a-bd743ffb8926 ] Request (ImagesTestJSON:setUpClass): 201 POST http://10.180.1.21/identity/v3/users 0.055s
2024-10-23 13:43:00.348 62303 INFO tempest.lib.common.rest_client [req-45dfd7ae-aaea-445d-96b1-57416ea97328 req-45dfd7ae-aaea-445d-96b1-57416ea97328 ] Request (ImagesTestJSON:setUpClass): 200 GET http://10.180.1.21/identity/v3/roles 0.016s
2024-10-23 13:43:00.353 62271 INFO tempest.lib.common.rest_client [req-c7cece32-5b50-4fe4-b68b-c4a2adbc9300 req-c7cece32-5b50-4fe4-b68b-c4a2adbc9300 ] Request (ServersListShow296Test:setUpClass): 201 POST http://10.180.1.21/identity/v3/projects 0.072s
2024-10-23 13:43:00.407 62303 INFO tempest.lib.common.rest_client [req-75931bd9-ae36-4eb5-806a-65f00679b636 req-75931bd9-ae36-4eb5-806a-65f00679b636 ] Request (ImagesTestJSON:setUpClass): 204 PUT http://10.180.1.21/identity/v3/projects/75f0352c852947369474c9e05766c584/users/60e2bc61839b4299912c53137bc23fbc/roles/fc5c9d9dfc13439ab0e5b5ba6fe0629b 0.059s
2024-10-23 13:43:00.407 62303 INFO tempest.lib.common.dynamic_creds [-] Dynamic test user 60e2bc61839b4299912c53137bc23fbc is created with scope project and roles: ['member']
2024-10-23 13:43:00.408 62303 INFO tempest.lib.common.dynamic_creds [-] Acquired dynamic creds: credentials: Credentials: {'domain_id': 'default', 'domain_name': 'Default', 'username': 'tempest-ImagesTestJSON-474857627-project-member', 'project_domain_id': 'default', 'project_domain_name': 'Default', 'project_id': '75f0352c852947369474c9e05766c584', 'project_name': 'tempest-ImagesTestJSON-474857627', 'tenant_id': '75f0352c852947369474c9e05766c584', 'tenant_name': 'tempest-ImagesTestJSON-474857627', 'user_domain_id': 'default', 'user_domain_name': 'Default', 'user_id': '60e2bc61839b4299912c53137bc23fbc', 'system': None}, Network: None, Subnet: None, Router: None
2024-10-23 13:43:00.428 62271 INFO tempest.lib.common.rest_client [req-3de70871-e10a-4b2a-a5ea-5bf8fc982477 req-3de70871-e10a-4b2a-a5ea-5bf8fc982477 ] Request (ServersListShow296Test:setUpClass): 201 POST http://10.180.1.21/identity/v3/users 0.074s
2024-10-23 13:43:00.444 62308 INFO tempest.lib.common.rest_client [req-b9aaec86-2e1f-4866-8ee1-77c735bff392 req-b9aaec86-2e1f-4866-8ee1-77c735bff392 ] Request (QuotasAdminNegativeTest:tearDownClass): 204 DELETE http://10.180.1.21:9696/networking/v2.0/security-groups/707c4532-11cb-4d8f-9873-7d3cebe473ea 0.134s
2024-10-23 13:43:00.479 62271 INFO tempest.lib.common.rest_client [req-f198dc42-7fa2-43e3-8489-318a1193557a req-f198dc42-7fa2-43e3-8489-318a1193557a ] Request (ServersListShow296Test:setUpClass): 200 GET http://10.180.1.21/identity/v3/roles 0.051s
2024-10-23 13:43:00.480 62303 INFO tempest.lib.common.rest_client [req-c67d356d-996a-4165-b7f6-ebe3fc924620 req-c67d356d-996a-4165-b7f6-ebe3fc924620 ] Request (ImagesTestJSON:setUpClass): 201 POST http://10.180.1.21/identity/v3/auth/tokens 0.072s
2024-10-23 13:43:00.507 62271 INFO tempest.lib.common.rest_client [req-dca3fd0b-73af-4e94-9db0-72fad8a7d837 req-dca3fd0b-73af-4e94-9db0-72fad8a7d837 ] Request (ServersListShow296Test:setUpClass): 204 PUT http://10.180.1.21/identity/v3/projects/327046478483434389e33950acbd0c98/users/3e3bcf11664646df83183583229d94bc/roles/fc5c9d9dfc13439ab0e5b5ba6fe0629b 0.028s
2024-10-23 13:43:00.507 62271 INFO tempest.lib.common.dynamic_creds [-] Dynamic test user 3e3bcf11664646df83183583229d94bc is created with scope project and roles: ['member']
2024-10-23 13:43:00.508 62271 INFO tempest.lib.common.dynamic_creds [-] Acquired dynamic creds: credentials: Credentials: {'domain_id': 'default', 'domain_name': 'Default', 'username': 'tempest-ServersListShow296Test-1792957209-project-member', 'project_domain_id': 'default', 'project_domain_name': 'Default', 'project_id': '327046478483434389e33950acbd0c98', 'project_name': 'tempest-ServersListShow296Test-1792957209', 'tenant_id': '327046478483434389e33950acbd0c98', 'tenant_name': 'tempest-ServersListShow296Test-1792957209', 'user_domain_id': 'default', 'user_domain_name': 'Default', 'user_id': '3e3bcf11664646df83183583229d94bc', 'system': None}, Network: None, Subnet: None, Router: None
2024-10-23 13:43:00.508 62271 INFO tempest.lib.common.dynamic_creds [-] Created isolated network resources for: credentials: Credentials: {'domain_id': 'default', 'domain_name': 'Default', 'username': 'tempest-ServersListShow296Test-1792957209-project-member', 'project_domain_id': 'default', 'project_domain_name': 'Default', 'project_id': '327046478483434389e33950acbd0c98', 'project_name': 'tempest-ServersListShow296Test-1792957209', 'tenant_id': '327046478483434389e33950acbd0c98', 'tenant_name': 'tempest-ServersListShow296Test-1792957209', 'user_domain_id': 'default', 'user_domain_name': 'Default', 'user_id': '3e3bcf11664646df83183583229d94bc', 'system': None}, Network: None, Subnet: None, Router: None
2024-10-23 13:43:00.541 62308 INFO tempest.lib.common.rest_client [req-407b935b-1902-479a-84f5-b051b4d00d58 req-407b935b-1902-479a-84f5-b051b4d00d58 ] Request (QuotasAdminNegativeTest:tearDownClass): 204 DELETE http://10.180.1.21/identity/v3/projects/a08b4120385c401585436b7f003d5911 0.097s
2024-10-23 13:43:00.558 62297 INFO tempest.lib.common.rest_client [req-2bb7894d-e617-4d3d-80bf-dc922dc38ef8 req-2bb7894d-e617-4d3d-80bf-dc922dc38ef8 ] Request (SecurityGroupRulesTestJSON:test_security_group_rules_create_with_optional_group_id): 200 POST http://10.180.1.21/compute/v2.1/os-security-groups 1.584s
2024-10-23 13:43:00.583 62269 INFO tempest.lib.common.rest_client [req-a87d5054-d899-447f-9dc7-3d0729c3530d req-a87d5054-d899-447f-9dc7-3d0729c3530d ] Request (FlavorsV261TestJSON:_run_cleanups): 202 DELETE http://10.180.1.21/compute/v2.1/flavors/1533431138 1.587s
2024-10-23 13:43:00.609 62275 INFO tempest.lib.common.rest_client [req-66396f50-12a7-4ae7-bd04-9792f31f3baf req-66396f50-12a7-4ae7-bd04-9792f31f3baf ] Request (ServersAdminNegativeTestJSON:setUpClass): 404 GET http://10.180.1.21/compute/v2.1/servers/21010917-f820-4163-848d-e4141c89b13d 1.543s
2024-10-23 13:43:00.609 62275 INFO tempest.test [-] raised in ServersAdminNegativeTestJSON.setUpClass. Invoking tearDownClass.
2024-10-23 13:43:00.622 62271 INFO tempest.lib.common.rest_client [req-9babf86b-bef8-4c36-95e7-12a746625c8b req-9babf86b-bef8-4c36-95e7-12a746625c8b ] Request (ServersListShow296Test:setUpClass): 201 POST http://10.180.1.21/identity/v3/auth/tokens 0.111s
2024-10-23 13:43:00.649 62281 INFO tempest.lib.common.rest_client [req-dbbef79e-3ef1-4886-a7e3-09b986d3cba9 req-dbbef79e-3ef1-4886-a7e3-09b986d3cba9 ] Request (FloatingIPsTestJSON:test_delete_floating_ip): 202 DELETE http://10.180.1.21/compute/v2.1/os-floating-ips/9f7e8895-f4f5-4986-9d88-783c1cc0cbb5 1.861s
2024-10-23 13:43:00.657 62279 INFO tempest.lib.common.rest_client [req-f42ec17a-799c-486b-b1fd-23230ca3aba4 req-f42ec17a-799c-486b-b1fd-23230ca3aba4 ] Request (HostsAdminNegativeTestJSON:test_update_host_with_invalid_status): 400 PUT http://10.180.1.21/compute/v2.1/os-hosts/devstack 1.492s
2024-10-23 13:43:00.662 62308 INFO tempest.lib.common.rest_client [req-c6568bdd-f5f7-469f-9e02-d8f00fac320b req-c6568bdd-f5f7-469f-9e02-d8f00fac320b ] Request (ServersAaction247Test:setUpClass): 201 POST http://10.180.1.21/identity/v3/auth/tokens 0.119s
2024-10-23 13:43:00.678 62265 INFO tempest.lib.common.rest_client [req-6b6f4180-f291-45cf-a88d-b95f186d5660 req-6b6f4180-f291-45cf-a88d-b95f186d5660 ] Request (FlavorsAdminTestJSON:test_list_non_public_flavor): 200 GET http://10.180.1.21/compute/v2.1/flavors/detail 1.512s
2024-10-23 13:43:00.703 62275 INFO tempest.lib.common.rest_client [req-570c56b5-7f5f-4d60-a136-70720e94a07e req-570c56b5-7f5f-4d60-a136-70720e94a07e ] Request (ServersAdminNegativeTestJSON:tearDownClass): 204 DELETE http://10.180.1.21/identity/v3/users/84a752059adc4cbab41a4203bc36d8be 0.093s
2024-10-23 13:43:00.741 62271 INFO tempest.lib.common.rest_client [req-6ef3ab9b-c072-4273-ac29-8624b382e78c req-6ef3ab9b-c072-4273-ac29-8624b382e78c ] Request (ServersListShow296Test:test_list_show_server_296): 201 POST http://10.180.1.21/identity/v3/auth/tokens 0.113s
2024-10-23 13:43:00.742 62271 INFO tempest.lib.common.fixed_network [-] (ServersListShow296Test:test_list_show_server_296) Found network None available for tenant
2024-10-23 13:43:00.762 62308 INFO tempest.lib.common.rest_client [req-bf963e5e-5b74-43b7-acde-df3d9bb11e06 req-bf963e5e-5b74-43b7-acde-df3d9bb11e06 ] Request (ServersAaction247Test:setUpClass): 201 POST http://10.180.1.21/identity/v3/auth/tokens 0.097s
2024-10-23 13:43:00.783 62308 INFO tempest.lib.common.rest_client [req-5ee1c76e-f8fd-4b9b-86ba-fff724b6f75c req-5ee1c76e-f8fd-4b9b-86ba-fff724b6f75c ] Request (ServersAaction247Test:setUpClass): 200 GET http://10.180.1.21/identity/v3/domains?name=Default 0.019s
2024-10-23 13:43:00.803 62267 INFO tempest.lib.common.rest_client [req-ce7d91a3-5fb5-4de2-b9ca-611a7018b848 req-ce7d91a3-5fb5-4de2-b9ca-611a7018b848 ] Request (DeleteServersAdminTestJSON:test_delete_server_while_in_error_state): 200 GET http://10.180.1.21/compute/v2.1/servers/0e53c28c-a440-4e0e-9a4d-ff1d52557752 1.409s
2024-10-23 13:43:00.827 62308 INFO tempest.lib.common.rest_client [req-4390ffe7-6a97-4561-a1b4-fec7757b6a7d req-4390ffe7-6a97-4561-a1b4-fec7757b6a7d ] Request (ServersAaction247Test:setUpClass): 201 POST http://10.180.1.21/identity/v3/projects 0.043s
2024-10-23 13:43:00.835 62273 INFO tempest.lib.common.rest_client [req-a1b29871-409f-4333-905f-8755d05c9deb req-a1b29871-409f-4333-905f-8755d05c9deb ] Request (SecurityGroupRulesNegativeTestJSON:test_create_security_group_rule_with_invalid_ip_protocol): 200 POST http://10.180.1.21/compute/v2.1/os-security-groups 1.704s
2024-10-23 13:43:00.853 62275 INFO tempest.lib.common.rest_client [req-87c2182c-db59-47a9-a907-d92f52741bda req-87c2182c-db59-47a9-a907-d92f52741bda ] Request (ServersAdminNegativeTestJSON:tearDownClass): 204 DELETE http://10.180.1.21/identity/v3/users/f6c3c0103309477b907b03bf162e9eef 0.150s
2024-10-23 13:43:00.853 62275 INFO tempest.lib.common.dynamic_creds [-] Deleting project and security group for project: 0a538acd86404b32aba4e5d765ae3569
2024-10-23 13:43:00.869 62291 INFO tempest.lib.common.rest_client [req-925670bb-c905-4106-adb6-00655892f474 req-925670bb-c905-4106-adb6-00655892f474 ] Request (ListServerFiltersTestJSON:setUpClass): 200 GET http://10.180.1.21/compute/v2.1/servers/0a08bc46-0eea-4802-b0be-eb24f3507f73 1.017s
2024-10-23 13:43:00.917 62275 INFO tempest.lib.common.rest_client [req-77b34096-94bc-40a4-81a0-d3cf9d550260 req-77b34096-94bc-40a4-81a0-d3cf9d550260 ] Request (ServersAdminNegativeTestJSON:tearDownClass): 201 POST http://10.180.1.21/identity/v3/auth/tokens 0.063s
2024-10-23 13:43:00.938 62321 INFO tempest.lib.common.rest_client [req-37307836-c8d1-40e0-a95c-4a202d0898a8 req-37307836-c8d1-40e0-a95c-4a202d0898a8 ] Request (ServerDiagnosticsV248Test:tearDownClass): 200 GET http://10.180.1.21/compute/v2.1/servers/4b34ff57-e137-4abc-8aed-76dd2ec8d313 0.670s
2024-10-23 13:43:00.941 62303 INFO tempest.lib.common.rest_client [req-24f75b70-f454-49ab-93e1-06702e3e70d8 req-24f75b70-f454-49ab-93e1-06702e3e70d8 ] Request (ImagesTestJSON:setUpClass): 201 POST http://10.180.1.21:9696/networking/v2.0/networks 0.459s
2024-10-23 13:43:00.958 62285 INFO tempest.lib.common.rest_client [req-7145c2cb-0066-483c-99fd-89097c342cc2 req-7145c2cb-0066-483c-99fd-89097c342cc2 ] Request (FloatingIPsAssociationNegativeTestJSON:setUpClass): 200 GET http://10.180.1.21/compute/v2.1/servers/eee6b9e6-2707-4a3b-925b-a7f50cdc32cb 0.632s
2024-10-23 13:43:00.958 62308 INFO tempest.lib.common.rest_client [req-bf01ec43-ee03-401d-9406-6cb63ac697bd req-bf01ec43-ee03-401d-9406-6cb63ac697bd ] Request (ServersAaction247Test:setUpClass): 201 POST http://10.180.1.21/identity/v3/users 0.130s
2024-10-23 13:43:00.980 62308 INFO tempest.lib.common.rest_client [req-1412e7ad-2e2f-44a5-ab70-4c37f1d53782 req-1412e7ad-2e2f-44a5-ab70-4c37f1d53782 ] Request (ServersAaction247Test:setUpClass): 200 GET http://10.180.1.21/identity/v3/roles 0.022s
2024-10-23 13:43:00.993 62263 INFO tempest.lib.common.rest_client [req-8a516852-7761-4b36-84d0-6c97ddada0df req-8a516852-7761-4b36-84d0-6c97ddada0df ] Request (ServerExternalEventsTest:test_create_server_external_events): 200 GET http://10.180.1.21/compute/v2.1/servers/39cd204a-49c2-4309-9030-555056ab125e 0.617s
2024-10-23 13:43:01.004 62308 INFO tempest.lib.common.rest_client [req-cdab3f84-2758-40eb-9bbf-0d96baf1a9bc req-cdab3f84-2758-40eb-9bbf-0d96baf1a9bc ] Request (ServersAaction247Test:setUpClass): 204 PUT http://10.180.1.21/identity/v3/projects/c482e32cd25f4a11a2ff1b39a3561d64/users/326bc6c1e88b4753b1378508d404b80d/roles/fc5c9d9dfc13439ab0e5b5ba6fe0629b 0.023s
2024-10-23 13:43:01.004 62308 INFO tempest.lib.common.dynamic_creds [-] Dynamic test user 326bc6c1e88b4753b1378508d404b80d is created with scope project and roles: ['member']
2024-10-23 13:43:01.004 62308 INFO tempest.lib.common.dynamic_creds [-] Acquired dynamic creds: credentials: Credentials: {'domain_id': 'default', 'domain_name': 'Default', 'username': 'tempest-ServersAaction247Test-1482016775-project-member', 'project_domain_id': 'default', 'project_domain_name': 'Default', 'project_id': 'c482e32cd25f4a11a2ff1b39a3561d64', 'project_name': 'tempest-ServersAaction247Test-1482016775', 'tenant_id': 'c482e32cd25f4a11a2ff1b39a3561d64', 'tenant_name': 'tempest-ServersAaction247Test-1482016775', 'user_domain_id': 'default', 'user_domain_name': 'Default', 'user_id': '326bc6c1e88b4753b1378508d404b80d', 'system': None}, Network: None, Subnet: None, Router: None
2024-10-23 13:43:01.004 62308 INFO tempest.lib.common.dynamic_creds [-] Created isolated network resources for: credentials: Credentials: {'domain_id': 'default', 'domain_name': 'Default', 'username': 'tempest-ServersAaction247Test-1482016775-project-member', 'project_domain_id': 'default', 'project_domain_name': 'Default', 'project_id': 'c482e32cd25f4a11a2ff1b39a3561d64', 'project_name': 'tempest-ServersAaction247Test-1482016775', 'tenant_id': 'c482e32cd25f4a11a2ff1b39a3561d64', 'tenant_name': 'tempest-ServersAaction247Test-1482016775', 'user_domain_id': 'default', 'user_domain_name': 'Default', 'user_id': '326bc6c1e88b4753b1378508d404b80d', 'system': None}, Network: None, Subnet: None, Router: None
2024-10-23 13:43:01.016 62259 INFO tempest.lib.common.rest_client [req-b3302461-1960-4bae-af0d-b63f1f53e38a req-b3302461-1960-4bae-af0d-b63f1f53e38a ] Request (FloatingIPsAssociationTestJSON:setUpClass): 200 GET http://10.180.1.21/compute/v2.1/servers/08d41411-7928-4379-9f2e-c6ce00843d82 0.569s
2024-10-23 13:43:01.061 62293 INFO tempest.lib.common.rest_client [req-723a91a9-94df-48c5-b3b8-d28a8192f368 req-723a91a9-94df-48c5-b3b8-d28a8192f368 ] Request (ServersAdminTestJSON:setUpClass): 200 GET http://10.180.1.21/compute/v2.1/servers/d522ee4a-9bd9-402b-b3bd-c36f93366249 0.586s
2024-10-23 13:43:01.087 62308 INFO tempest.lib.common.rest_client [req-87cd0127-3dab-4990-b10b-1d6f0e6f8212 req-87cd0127-3dab-4990-b10b-1d6f0e6f8212 ] Request (ServersAaction247Test:setUpClass): 201 POST http://10.180.1.21/identity/v3/auth/tokens 0.080s
2024-10-23 13:43:01.088 62261 INFO tempest.lib.common.rest_client [req-8cb4a53b-a75c-42d9-a1ef-4520b1cebf1c req-8cb4a53b-a75c-42d9-a1ef-4520b1cebf1c ] Request (ImagesOneServerNegativeTestJSON:setUpClass): 200 GET http://10.180.1.21/compute/v2.1/servers/194588b4-fe40-4286-8036-874a7c410327 0.531s
2024-10-23 13:43:01.129 62308 INFO tempest.lib.common.rest_client [req-621fbbf1-3915-45f5-994a-ad1c3163562a req-621fbbf1-3915-45f5-994a-ad1c3163562a ] Request (ServersAaction247Test:test_create_backup): 201 POST http://10.180.1.21/identity/v3/auth/tokens 0.037s
2024-10-23 13:43:01.130 62308 INFO tempest.lib.common.fixed_network [-] (ServersAaction247Test:test_create_backup) Found network None available for tenant
2024-10-23 13:43:01.130 62303 INFO tempest.lib.common.rest_client [req-d5490645-823b-448e-b206-11e1ea7abf24 req-d5490645-823b-448e-b206-11e1ea7abf24 ] Request (ImagesTestJSON:setUpClass): 201 POST http://10.180.1.21:9696/networking/v2.0/subnets 0.188s
2024-10-23 13:43:01.166 62317 INFO tempest.lib.common.rest_client [req-c82076c6-ddb7-4e87-9f0a-d1d71bb1bbab req-c82076c6-ddb7-4e87-9f0a-d1d71bb1bbab ] Request (VolumesAssistedSnapshotsTest:test_volume_assisted_snapshot_create_delete): 200 GET http://10.180.1.21/compute/v2.1/servers/1fde7ae0-c88c-4d7f-b657-355c20e2cb10 0.594s
2024-10-23 13:43:01.209 62269 INFO tempest.lib.common.rest_client [req-c1810d67-8ef6-4e2d-8598-9337d0c461a3 req-c1810d67-8ef6-4e2d-8598-9337d0c461a3 ] Request (FlavorsV261TestJSON:_run_cleanups): 200 GET http://10.180.1.21/compute/v2.1/flavors/detail 0.626s
2024-10-23 13:43:01.246 62275 INFO tempest.lib.common.rest_client [req-308a90e7-5cca-4822-b559-c3227cf6f01a req-308a90e7-5cca-4822-b559-c3227cf6f01a ] Request (ServersAdminNegativeTestJSON:tearDownClass): 200 GET http://10.180.1.21:9696/networking/v2.0/security-groups?tenant_id=0a538acd86404b32aba4e5d765ae3569&name=default 0.328s
2024-10-23 13:43:01.283 62290 INFO tempest.lib.common.rest_client [req-4e56ed1c-e82f-4fb8-9cb7-119264e82d18 req-4e56ed1c-e82f-4fb8-9cb7-119264e82d18 ] Request (ServersTestJSON:setUpClass): 200 GET http://10.180.1.21/compute/v2.1/servers/0040f46d-9a60-4fa1-8a00-c08022e17df0 0.636s
2024-10-23 13:43:01.290 62287 INFO tempest.lib.common.rest_client [req-53cd26a9-d987-463a-8609-86aade96c0e7 req-53cd26a9-d987-463a-8609-86aade96c0e7 ] Request (ImagesNegativeTestJSON:setUpClass): 200 PUT http://10.180.1.21:9696/networking/v2.0/routers/1af274b7-80c2-40c3-845c-926b933d202a/add_router_interface 1.981s
2024-10-23 13:43:01.291 62287 INFO tempest.lib.common.dynamic_creds [-] Created isolated network resources for: credentials: Credentials: {'domain_id': 'default', 'domain_name': 'Default', 'username': 'tempest-ImagesNegativeTestJSON-881899573-project-member', 'project_domain_id': 'default', 'project_domain_name': 'Default', 'project_id': '0b0531f280aa4addb2093f311bce05ae', 'project_name': 'tempest-ImagesNegativeTestJSON-881899573', 'tenant_id': '0b0531f280aa4addb2093f311bce05ae', 'tenant_name': 'tempest-ImagesNegativeTestJSON-881899573', 'user_domain_id': 'default', 'user_domain_name': 'Default', 'user_id': '524a55542abb4f21887784f61826c9ea', 'system': None}, Network: {'id': '994a0d6c-b2c4-46b7-a8ed-d1f41e32887f', 'name': 'tempest-ImagesNegativeTestJSON-1326132912-network', 'tenant_id': '0b0531f280aa4addb2093f311bce05ae', 'admin_state_up': True, 'mtu': 8950, 'status': 'ACTIVE', 'subnets': [], 'shared': False, 'project_id': '0b0531f280aa4addb2093f311bce05ae', 'port_security_enabled': True, 'router:external': False, 'provider:network_type': 'vlan', 'provider:physical_network': 'default', 'provider:segmentation_id': 287, 'is_default': False, 'availability_zone_hints': [], 'availability_zones': [], 'ipv4_address_scope': None, 'ipv6_address_scope': None, 'description': '', 'tags': [], 'created_at': '2024-10-23T13:42:57Z', 'updated_at': '2024-10-23T13:42:57Z', 'revision_number': 1}, Subnet: {'id': 'e295b932-bcf5-4090-aff3-7b77eb25dfb4', 'name': 'tempest-ImagesNegativeTestJSON-1326132912-subnet', 'tenant_id': '0b0531f280aa4addb2093f311bce05ae', 'network_id': '994a0d6c-b2c4-46b7-a8ed-d1f41e32887f', 'ip_version': 4, 'subnetpool_id': None, 'enable_dhcp': True, 'ipv6_ra_mode': None, 'ipv6_address_mode': None, 'gateway_ip': '192.168.128.1', 'cidr': '192.168.128.0/28', 'allocation_pools': [{'start': '192.168.128.2', 'end': '192.168.128.14'}], 'host_routes': [], 'dns_nameservers': [], 'description': '', 'router:external': False, 'service_types': [], 'tags': [], 'created_at': '2024-10-23T13:42:57Z', 'updated_at': '2024-10-23T13:42:57Z', 'revision_number': 0, 'project_id': '0b0531f280aa4addb2093f311bce05ae'}, Router: {'id': '1af274b7-80c2-40c3-845c-926b933d202a', 'name': 'tempest-ImagesNegativeTestJSON-1326132912-router', 'tenant_id': '0b0531f280aa4addb2093f311bce05ae', 'admin_state_up': True, 'status': 'ACTIVE', 'external_gateway_info': {'network_id': 'b5676781-8886-4984-8b6c-82a25e76fa61', 'external_fixed_ips': [{'subnet_id': 'cfb89e6a-4f48-4773-9f6a-da7eaa25e674', 'ip_address': '10.180.180.153'}], 'enable_snat': True}, 'description': '', 'availability_zones': [], 'distributed': False, 'ha': False, 'availability_zone_hints': [], 'routes': [], 'flavor_id': None, 'tags': [], 'created_at': '2024-10-23T13:42:58Z', 'updated_at': '2024-10-23T13:42:58Z', 'revision_number': 2, 'project_id': '0b0531f280aa4addb2093f311bce05ae'}
2024-10-23 13:43:01.375 62269 INFO tempest.lib.common.rest_client [req-0bce843e-a277-4ad1-8007-c806268b6674 req-0bce843e-a277-4ad1-8007-c806268b6674 ] Request (FlavorsV261TestJSON:tearDownClass): 204 DELETE http://10.180.1.21/identity/v3/users/e24aa492f83a426a8e39978d6d65e3c8 0.156s
2024-10-23 13:43:01.388 62287 INFO tempest.lib.common.rest_client [req-30358e49-c966-49a6-a65b-223e9545c502 req-30358e49-c966-49a6-a65b-223e9545c502 ] Request (ImagesNegativeTestJSON:setUpClass): 201 POST http://10.180.1.21/identity/v3/auth/tokens 0.086s
2024-10-23 13:43:01.454 62281 INFO tempest.lib.common.rest_client [req-b6b7566f-d3c8-4324-b5e1-706d267e70d0 req-b6b7566f-d3c8-4324-b5e1-706d267e70d0 ] Request (FloatingIPsTestJSON:test_delete_floating_ip): 404 GET http://10.180.1.21/compute/v2.1/os-floating-ips/9f7e8895-f4f5-4986-9d88-783c1cc0cbb5 0.805s
2024-10-23 13:43:01.462 62287 INFO tempest.lib.common.rest_client [req-545bc242-69e8-4194-b2fd-ab1bc21c833f req-545bc242-69e8-4194-b2fd-ab1bc21c833f ] Request (ImagesNegativeTestJSON:test_create_image_from_deleted_server): 201 POST http://10.180.1.21/identity/v3/auth/tokens 0.069s
2024-10-23 13:43:01.462 62287 INFO tempest.lib.common.fixed_network [-] (ImagesNegativeTestJSON:test_create_image_from_deleted_server) Found network {'id': '994a0d6c-b2c4-46b7-a8ed-d1f41e32887f', 'name': 'tempest-ImagesNegativeTestJSON-1326132912-network', 'tenant_id': '0b0531f280aa4addb2093f311bce05ae', 'admin_state_up': True, 'mtu': 8950, 'status': 'ACTIVE', 'subnets': [], 'shared': False, 'project_id': '0b0531f280aa4addb2093f311bce05ae', 'port_security_enabled': True, 'router:external': False, 'provider:network_type': 'vlan', 'provider:physical_network': 'default', 'provider:segmentation_id': 287, 'is_default': False, 'availability_zone_hints': [], 'availability_zones': [], 'ipv4_address_scope': None, 'ipv6_address_scope': None, 'description': '', 'tags': [], 'created_at': '2024-10-23T13:42:57Z', 'updated_at': '2024-10-23T13:42:57Z', 'revision_number': 1} available for tenant
2024-10-23 13:43:01.464 62297 INFO tempest.lib.common.rest_client [req-73d0bb81-7a7f-44dd-884c-4fe7ec46c8de req-73d0bb81-7a7f-44dd-884c-4fe7ec46c8de ] Request (SecurityGroupRulesTestJSON:test_security_group_rules_create_with_optional_group_id): 200 POST http://10.180.1.21/compute/v2.1/os-security-groups 0.903s
2024-10-23 13:43:01.467 62279 INFO tempest.lib.common.rest_client [req-c1668ef4-abb4-40d5-bc8f-36d64a39742c req-c1668ef4-abb4-40d5-bc8f-36d64a39742c ] Request (HostsAdminNegativeTestJSON:test_update_host_with_non_admin_user): 403 PUT http://10.180.1.21/compute/v2.1/os-hosts/devstack 0.808s
2024-10-23 13:43:01.474 62269 INFO tempest.lib.common.rest_client [req-3b90b577-660c-4d3c-a292-ceb65b978aba req-3b90b577-660c-4d3c-a292-ceb65b978aba ] Request (FlavorsV261TestJSON:tearDownClass): 204 DELETE http://10.180.1.21/identity/v3/users/0c26a60bade441a7ae61713d198cf24e 0.098s
2024-10-23 13:43:01.474 62269 INFO tempest.lib.common.dynamic_creds [-] Deleting project and security group for project: 02be44c42e794301979189405c7cbde1
2024-10-23 13:43:01.484 62275 INFO tempest.lib.common.rest_client [req-ba995915-ae33-496c-9f3e-d99c5345bf87 req-ba995915-ae33-496c-9f3e-d99c5345bf87 ] Request (ServersAdminNegativeTestJSON:tearDownClass): 204 DELETE http://10.180.1.21:9696/networking/v2.0/security-groups/27a9d801-fcec-413e-b26f-3349fa63afc5 0.237s
2024-10-23 13:43:01.487 62265 INFO tempest.lib.common.rest_client [req-37aa067b-563c-4dfa-89f9-c7575d02d267 req-37aa067b-563c-4dfa-89f9-c7575d02d267 ] Request (FlavorsAdminTestJSON:test_list_non_public_flavor): 200 GET http://10.180.1.21/compute/v2.1/flavors/detail 0.805s
2024-10-23 13:43:01.542 62269 INFO tempest.lib.common.rest_client [req-5df7cb2b-a378-4939-bbac-34224459de0a req-5df7cb2b-a378-4939-bbac-34224459de0a ] Request (FlavorsV261TestJSON:tearDownClass): 201 POST http://10.180.1.21/identity/v3/auth/tokens 0.067s
2024-10-23 13:43:01.559 62283 INFO tempest.lib.common.rest_client [req-16903fff-cbfb-4c68-b3a3-6a83044d9e94 req-16903fff-cbfb-4c68-b3a3-6a83044d9e94 ] Request (TenantUsagesTestJSON:setUpClass): 200 GET http://10.180.1.21/compute/v2.1/servers/a187f73b-8fb1-42b3-9a07-24d16aa0f152 0.905s
2024-10-23 13:43:01.569 62277 INFO tempest.lib.common.rest_client [req-4e07f1a1-6431-42c6-bb0e-2fbc7686abda req-4e07f1a1-6431-42c6-bb0e-2fbc7686abda ] Request (ServerRescueNegativeTestJSON:setUpClass): 200 GET http://10.180.1.21/compute/v2.1/servers/64f9698e-16f5-447a-914a-9e936e05d101 0.847s
2024-10-23 13:43:01.593 62275 INFO tempest.lib.common.rest_client [req-d391b7e8-9a80-4285-b205-6e636f88dc24 req-d391b7e8-9a80-4285-b205-6e636f88dc24 ] Request (ServersAdminNegativeTestJSON:tearDownClass): 204 DELETE http://10.180.1.21/identity/v3/projects/0a538acd86404b32aba4e5d765ae3569 0.108s
2024-10-23 13:43:01.593 62275 INFO tempest.lib.common.dynamic_creds [-] Deleting project and security group for project: 248e2759e4f94b009d549e36a92d56ca
2024-10-23 13:43:01.611 62319 INFO tempest.lib.common.rest_client [req-21cea821-3de6-4244-90df-63af50083943 req-21cea821-3de6-4244-90df-63af50083943 ] Request (VolumesAdminNegativeTest:test_update_attached_volume_with_nonexistent_volume_in_body): 200 GET http://10.180.1.21/compute/v2.1/servers/68b65162-23a6-464f-a2f9-1635bea8786f 0.881s
2024-10-23 13:43:01.653 62275 INFO tempest.lib.common.rest_client [req-dfa7eef2-8c22-4d59-8f0a-3c25183a42ca req-dfa7eef2-8c22-4d59-8f0a-3c25183a42ca ] Request (ServersAdminNegativeTestJSON:tearDownClass): 200 GET http://10.180.1.21:9696/networking/v2.0/security-groups?tenant_id=248e2759e4f94b009d549e36a92d56ca&name=default 0.058s
2024-10-23 13:43:01.661 62305 INFO tempest.lib.common.rest_client [req-1f076fab-d2af-40de-afda-259cdb8e9b12 req-1f076fab-d2af-40de-afda-259cdb8e9b12 ] Request (InstanceActionsTestJSON:setUpClass): 200 GET http://10.180.1.21/compute/v2.1/servers/454a790d-3cb2-4ef2-995f-97e0eb1e2469 0.854s
2024-10-23 13:43:01.699 62273 INFO tempest.lib.common.rest_client [req-d339de4e-9c02-4b77-a0dd-b029425941b4 req-d339de4e-9c02-4b77-a0dd-b029425941b4 ] Request (SecurityGroupRulesNegativeTestJSON:test_create_security_group_rule_with_invalid_ip_protocol): 400 POST http://10.180.1.21/compute/v2.1/os-security-group-rules 0.859s
2024-10-23 13:43:01.769 62299 INFO tempest.lib.common.rest_client [req-c1488df5-90c7-4590-94de-924404780f3f req-c1488df5-90c7-4590-94de-924404780f3f ] Request (ServersAdmin275Test:_run_cleanups): 200 GET http://10.180.1.21/compute/v2.1/servers/56eee633-2c01-4df2-8d2e-58ad712942f6 0.863s
2024-10-23 13:43:01.788 62269 INFO tempest.lib.common.rest_client [req-e535ba04-1b7b-44bf-95ba-6ed91871cbbd req-e535ba04-1b7b-44bf-95ba-6ed91871cbbd ] Request (FlavorsV261TestJSON:tearDownClass): 200 GET http://10.180.1.21:9696/networking/v2.0/security-groups?tenant_id=02be44c42e794301979189405c7cbde1&name=default 0.246s
2024-10-23 13:43:01.790 62275 INFO tempest.lib.common.rest_client [req-c13c1b2d-e1a2-4f63-a578-c8ec0975ab46 req-c13c1b2d-e1a2-4f63-a578-c8ec0975ab46 ] Request (ServersAdminNegativeTestJSON:tearDownClass): 204 DELETE http://10.180.1.21:9696/networking/v2.0/security-groups/a9dc4b2a-a440-45dc-92e3-0ea658a35e97 0.137s
2024-10-23 13:43:01.819 62271 INFO tempest.lib.common.rest_client [req-9fdb5839-7f19-4e7f-8faa-852358a443a9 req-9fdb5839-7f19-4e7f-8faa-852358a443a9 ] Request (ServersListShow296Test:test_list_show_server_296): 202 POST http://10.180.1.21/compute/v2.1/servers 1.076s
2024-10-23 13:43:01.829 62309 INFO tempest.lib.common.rest_client [req-5c98f478-79e6-4182-bd16-6f08b1914509 req-5c98f478-79e6-4182-bd16-6f08b1914509 ] Request (MigrationsAdminTest:test_list_migrations_in_flavor_resize_situation): 200 GET http://10.180.1.21/compute/v2.1/servers/095d69fe-bbd3-4850-9dcd-b4c2290b8352 0.847s
2024-10-23 13:43:01.861 62275 INFO tempest.lib.common.rest_client [req-53e0d57e-ecb3-4c80-9cdd-b6062b391ec1 req-53e0d57e-ecb3-4c80-9cdd-b6062b391ec1 ] Request (ServersAdminNegativeTestJSON:tearDownClass): 204 DELETE http://10.180.1.21/identity/v3/projects/248e2759e4f94b009d549e36a92d56ca 0.071s
2024-10-23 13:43:01.883 62315 INFO tempest.lib.common.rest_client [req-bd9c753d-b650-4ab7-b53d-7fcb04ee9142 req-bd9c753d-b650-4ab7-b53d-7fcb04ee9142 ] Request (ServersNegativeTestMultiTenantJSON:setUpClass): 200 GET http://10.180.1.21/compute/v2.1/servers/95bb27b9-e5a3-418f-a078-ae22ebf40013 0.872s
2024-10-23 13:43:01.895 62295 INFO tempest.lib.common.rest_client [req-0385d9dd-f76f-4f68-aa2e-aa9579bb74d8 req-0385d9dd-f76f-4f68-aa2e-aa9579bb74d8 ] Request (MultipleCreateTestJSON:test_multiple_create): 200 GET http://10.180.1.21/compute/v2.1/servers/5dcebdc4-5b1f-4dad-aca1-2bdcc68bc962 0.849s
2024-10-23 13:43:01.906 62269 INFO tempest.lib.common.rest_client [req-79efef67-4890-44e4-b168-9783e5e7e314 req-79efef67-4890-44e4-b168-9783e5e7e314 ] Request (FlavorsV261TestJSON:tearDownClass): 204 DELETE http://10.180.1.21:9696/networking/v2.0/security-groups/155b64e3-d9b5-43e2-810d-53f6f6dc479a 0.117s
2024-10-23 13:43:01.929 62302 INFO tempest.lib.common.rest_client [req-2ca1efd2-4ff6-4cbb-9ae7-62f898345303 req-2ca1efd2-4ff6-4cbb-9ae7-62f898345303 ] Request (ImagesOneServerTestJSON:setUpClass): 200 GET http://10.180.1.21/compute/v2.1/servers/623300f7-54d2-4b0a-b356-a1ae585682cb 0.834s
2024-10-23 13:43:01.952 62275 INFO tempest.lib.common.rest_client [req-ba0e9b99-5c20-474c-af5f-e714d6c5127e req-ba0e9b99-5c20-474c-af5f-e714d6c5127e ] Request (ServerActionsTestOtherA:setUpClass): 201 POST http://10.180.1.21/identity/v3/auth/tokens 0.078s
2024-10-23 13:43:01.986 62313 INFO tempest.lib.common.rest_client [req-e0caa516-4d3b-4392-b075-2d08dc324053 req-e0caa516-4d3b-4392-b075-2d08dc324053 ] Request (ServersWithSpecificFlavorTestJSON:test_verify_created_server_ephemeral_disk): 200 GET http://10.180.1.21/compute/v2.1/servers/4c67e82d-b51b-4820-af81-e6eefc7bcb36 0.831s
2024-10-23 13:43:02.017 62269 INFO tempest.lib.common.rest_client [req-593bb419-8ae8-434c-a919-b27c793f71e7 req-593bb419-8ae8-434c-a919-b27c793f71e7 ] Request (FlavorsV261TestJSON:tearDownClass): 204 DELETE http://10.180.1.21/identity/v3/projects/02be44c42e794301979189405c7cbde1 0.111s
2024-10-23 13:43:02.017 62269 INFO tempest.lib.common.dynamic_creds [-] Deleting project and security group for project: 3a56585d7aab4dc18ea34c21a27f4e37
2024-10-23 13:43:02.029 62275 INFO tempest.lib.common.rest_client [req-175ea7ed-b21f-4f9d-bbcf-146f64bf8213 req-175ea7ed-b21f-4f9d-bbcf-146f64bf8213 ] Request (ServerActionsTestOtherA:setUpClass): 201 POST http://10.180.1.21/identity/v3/auth/tokens 0.075s
2024-10-23 13:43:02.041 62311 INFO tempest.lib.common.rest_client [req-7d4033ae-7d3a-4283-b6b7-c02a45b917be req-7d4033ae-7d3a-4283-b6b7-c02a45b917be ] Request (ServerActionsTestJSON:setUpClass): 200 GET http://10.180.1.21/compute/v2.1/servers/bda8d4eb-2fe2-40ac-9e5f-e7a8f8acdd94 0.792s
2024-10-23 13:43:02.056 62275 INFO tempest.lib.common.rest_client [req-e6a1873d-c708-47ce-902a-c47e9a9b11cc req-e6a1873d-c708-47ce-902a-c47e9a9b11cc ] Request (ServerActionsTestOtherA:setUpClass): 200 GET http://10.180.1.21/identity/v3/domains?name=Default 0.027s
2024-10-23 13:43:02.067 62281 INFO tempest.lib.common.rest_client [req-59c3ec08-decd-448b-bd40-2777b07f8aa4 req-59c3ec08-decd-448b-bd40-2777b07f8aa4 ] Request (FloatingIPsTestJSON:_run_cleanups): 404 DELETE http://10.180.1.21/compute/v2.1/os-floating-ips/9f7e8895-f4f5-4986-9d88-783c1cc0cbb5 0.612s
2024-10-23 13:43:02.099 62308 INFO tempest.lib.common.rest_client [req-5e085536-daab-46ff-8eb8-69c1da687135 req-5e085536-daab-46ff-8eb8-69c1da687135 ] Request (ServersAaction247Test:test_create_backup): 202 POST http://10.180.1.21/compute/v2.1/servers 0.968s
2024-10-23 13:43:02.110 62275 INFO tempest.lib.common.rest_client [req-de7dd26f-95d2-4899-b8e2-3fc7eb8ff57b req-de7dd26f-95d2-4899-b8e2-3fc7eb8ff57b ] Request (ServerActionsTestOtherA:setUpClass): 201 POST http://10.180.1.21/identity/v3/projects 0.053s
2024-10-23 13:43:02.172 62269 INFO tempest.lib.common.rest_client [req-d72b853d-01ba-4ec1-85e7-81ab1d6a5fe4 req-d72b853d-01ba-4ec1-85e7-81ab1d6a5fe4 ] Request (FlavorsV261TestJSON:tearDownClass): 200 GET http://10.180.1.21:9696/networking/v2.0/security-groups?tenant_id=3a56585d7aab4dc18ea34c21a27f4e37&name=default 0.154s
2024-10-23 13:43:02.186 62275 INFO tempest.lib.common.rest_client [req-681fcf4f-eddb-43e5-816a-7980fca7c91b req-681fcf4f-eddb-43e5-816a-7980fca7c91b ] Request (ServerActionsTestOtherA:setUpClass): 201 POST http://10.180.1.21/identity/v3/users 0.074s
2024-10-23 13:43:02.202 62275 INFO tempest.lib.common.rest_client [req-c3219b2f-fdf5-4130-b794-d212e0dbe392 req-c3219b2f-fdf5-4130-b794-d212e0dbe392 ] Request (ServerActionsTestOtherA:setUpClass): 200 GET http://10.180.1.21/identity/v3/roles 0.016s
2024-10-23 13:43:02.212 62303 INFO tempest.lib.common.rest_client [req-6aba08d1-58d3-49f4-88ba-42e09512f3d9 req-6aba08d1-58d3-49f4-88ba-42e09512f3d9 ] Request (ImagesTestJSON:setUpClass): 201 POST http://10.180.1.21:9696/networking/v2.0/routers 1.081s
2024-10-23 13:43:02.236 62275 INFO tempest.lib.common.rest_client [req-2089fe42-dc0d-4edc-b5c4-1c15a90962db req-2089fe42-dc0d-4edc-b5c4-1c15a90962db ] Request (ServerActionsTestOtherA:setUpClass): 204 PUT http://10.180.1.21/identity/v3/projects/4f41ce3de03640e49bb23d3678c36a48/users/146cfa31e9f8481c9a6002a2791bd754/roles/fc5c9d9dfc13439ab0e5b5ba6fe0629b 0.034s
2024-10-23 13:43:02.237 62275 INFO tempest.lib.common.dynamic_creds [-] Dynamic test user 146cfa31e9f8481c9a6002a2791bd754 is created with scope project and roles: ['member']
2024-10-23 13:43:02.237 62275 INFO tempest.lib.common.dynamic_creds [-] Acquired dynamic creds: credentials: Credentials: {'domain_id': 'default', 'domain_name': 'Default', 'username': 'tempest-ServerActionsTestOtherA-1520864800-project-member', 'project_domain_id': 'default', 'project_domain_name': 'Default', 'project_id': '4f41ce3de03640e49bb23d3678c36a48', 'project_name': 'tempest-ServerActionsTestOtherA-1520864800', 'tenant_id': '4f41ce3de03640e49bb23d3678c36a48', 'tenant_name': 'tempest-ServerActionsTestOtherA-1520864800', 'user_domain_id': 'default', 'user_domain_name': 'Default', 'user_id': '146cfa31e9f8481c9a6002a2791bd754', 'system': None}, Network: None, Subnet: None, Router: None
2024-10-23 13:43:02.298 62275 INFO tempest.lib.common.rest_client [req-03acc936-18b9-4de3-accd-8dfde2e5e8e3 req-03acc936-18b9-4de3-accd-8dfde2e5e8e3 ] Request (ServerActionsTestOtherA:setUpClass): 201 POST http://10.180.1.21/identity/v3/auth/tokens 0.061s
2024-10-23 13:43:02.373 62269 INFO tempest.lib.common.rest_client [req-f7f7cf1d-5ef9-48e3-8b1c-4de8cc372b95 req-f7f7cf1d-5ef9-48e3-8b1c-4de8cc372b95 ] Request (FlavorsV261TestJSON:tearDownClass): 204 DELETE http://10.180.1.21:9696/networking/v2.0/security-groups/1157d72f-c716-4896-b811-1d14b0bee31f 0.200s
2024-10-23 13:43:02.403 62297 INFO tempest.lib.common.rest_client [req-c721499d-df5b-44e2-bb9a-2505e5880353 req-c721499d-df5b-44e2-bb9a-2505e5880353 ] Request (SecurityGroupRulesTestJSON:test_security_group_rules_create_with_optional_group_id): 200 POST http://10.180.1.21/compute/v2.1/os-security-group-rules 0.933s
2024-10-23 13:43:02.405 62297 WARNING tempest.lib.common.rest_client [-] Deprecated: "tenant_id" property is deprecated for removal, use "project_id" instead
2024-10-23 13:43:02.416 62279 INFO tempest.lib.common.rest_client [req-67863a5c-6f83-4ebf-a73a-47931db06882 req-67863a5c-6f83-4ebf-a73a-47931db06882 ] Request (HostsAdminNegativeTestJSON:test_update_host_without_param): 400 PUT http://10.180.1.21/compute/v2.1/os-hosts/devstack 0.945s
2024-10-23 13:43:02.437 62265 INFO tempest.lib.common.rest_client [req-e8e6d8f9-04b3-4d93-ba58-02c9eab1b22c req-e8e6d8f9-04b3-4d93-ba58-02c9eab1b22c ] Request (FlavorsAdminTestJSON:_run_cleanups): 202 DELETE http://10.180.1.21/compute/v2.1/flavors/649043110 0.941s
2024-10-23 13:43:02.462 62269 INFO tempest.lib.common.rest_client [req-988f4001-cd9e-4ad3-8cd2-861a39da0436 req-988f4001-cd9e-4ad3-8cd2-861a39da0436 ] Request (FlavorsV261TestJSON:tearDownClass): 204 DELETE http://10.180.1.21/identity/v3/projects/3a56585d7aab4dc18ea34c21a27f4e37 0.088s
2024-10-23 13:43:02.520 62269 INFO tempest.lib.common.rest_client [req-0d0ff818-7990-49fd-8f76-a8a852c4c4c7 req-0d0ff818-7990-49fd-8f76-a8a852c4c4c7 ] Request (SecurityGroupsTestAdminJSON:setUpClass): 201 POST http://10.180.1.21/identity/v3/auth/tokens 0.057s
2024-10-23 13:43:02.560 62269 INFO tempest.lib.common.rest_client [req-fa29a085-bbca-453d-b19f-79b29e2d4052 req-fa29a085-bbca-453d-b19f-79b29e2d4052 ] Request (SecurityGroupsTestAdminJSON:setUpClass): 201 POST http://10.180.1.21/identity/v3/auth/tokens 0.037s
2024-10-23 13:43:02.586 62269 INFO tempest.lib.common.rest_client [req-f0e7440d-1169-490f-a5be-dfb2558cea1c req-f0e7440d-1169-490f-a5be-dfb2558cea1c ] Request (SecurityGroupsTestAdminJSON:setUpClass): 200 GET http://10.180.1.21/identity/v3/domains?name=Default 0.025s
2024-10-23 13:43:02.593 62273 INFO tempest.lib.common.rest_client [req-f53452e9-ec91-49d5-8902-708f3fa15daa req-f53452e9-ec91-49d5-8902-708f3fa15daa ] Request (SecurityGroupRulesNegativeTestJSON:test_create_security_group_rule_with_invalid_port_range): 200 POST http://10.180.1.21/compute/v2.1/os-security-groups 0.893s
2024-10-23 13:43:02.633 62269 INFO tempest.lib.common.rest_client [req-6e212485-492e-4955-9c2f-6c0c9702ff19 req-6e212485-492e-4955-9c2f-6c0c9702ff19 ] Request (SecurityGroupsTestAdminJSON:setUpClass): 201 POST http://10.180.1.21/identity/v3/projects 0.047s
2024-10-23 13:43:02.644 62287 INFO tempest.lib.common.rest_client [req-2c107b45-3cbf-4be9-af5a-796fbdb9b5fe req-2c107b45-3cbf-4be9-af5a-796fbdb9b5fe ] Request (ImagesNegativeTestJSON:test_create_image_from_deleted_server): 202 POST http://10.180.1.21/compute/v2.1/servers 1.181s
2024-10-23 13:43:02.647 62267 INFO tempest.lib.common.rest_client [req-44e75fce-ffb2-430c-884f-6993e871f349 req-44e75fce-ffb2-430c-884f-6993e871f349 ] Request (DeleteServersAdminTestJSON:test_delete_server_while_in_error_state): 200 GET http://10.180.1.21/compute/v2.1/servers/0e53c28c-a440-4e0e-9a4d-ff1d52557752 0.832s
