2024-10-23 14:46:10.881 60102 INFO tempest.lib.common.rest_client [req-487b26b1-3d6b-44ba-8743-1d0205a41a2c req-487b26b1-3d6b-44ba-8743-1d0205a41a2c ] Request (VolumesGetTestJSON:setUpClass): 201 POST http://10.180.1.21/identity/v3/auth/tokens 0.145s
2024-10-23 14:46:10.886 60090 INFO tempest.lib.common.rest_client [req-2ac8dd3f-1f38-409f-b69c-58d972751c17 req-2ac8dd3f-1f38-409f-b69c-58d972751c17 ] Request (DeleteServersAdminTestJSON:test_admin_delete_servers_of_others): 200 GET http://10.180.1.21/compute/v2.1/servers/49e3e619-7fa6-4dee-a447-b72668fca5d4 3.407s
2024-10-23 14:46:10.920 60062 INFO tempest.lib.common.rest_client [req-6b5650aa-239f-4079-9a9d-0cb1dd2fefaf req-6b5650aa-239f-4079-9a9d-0cb1dd2fefaf ] Request (VolumesAdminNegativeTest:tearDownClass): 200 GET http://10.180.1.21:9696/networking/v2.0/security-groups?tenant_id=06dca957d75b48a6952718b5c17852e7&name=default 0.092s
2024-10-23 14:46:10.923 60102 INFO tempest.lib.common.rest_client [req-2d8db2f5-eee2-4715-aaf1-137cfbc7747e req-2d8db2f5-eee2-4715-aaf1-137cfbc7747e ] Request (VolumesGetTestJSON:setUpClass): 201 POST http://10.180.1.21/identity/v3/auth/tokens 0.034s
2024-10-23 14:46:10.942 60102 INFO tempest.lib.common.rest_client [req-76c0537f-e626-4808-958b-59e9bfd06585 req-76c0537f-e626-4808-958b-59e9bfd06585 ] Request (VolumesGetTestJSON:setUpClass): 200 GET http://10.180.1.21/identity/v3/domains?name=Default 0.019s
2024-10-23 14:46:10.970 60102 INFO tempest.lib.common.rest_client [req-6bc38256-3b09-49f6-9e90-0a3d00819e52 req-6bc38256-3b09-49f6-9e90-0a3d00819e52 ] Request (VolumesGetTestJSON:setUpClass): 201 POST http://10.180.1.21/identity/v3/projects 0.027s
2024-10-23 14:46:11.022 60102 INFO tempest.lib.common.rest_client [req-6aff30d9-8440-44d8-be55-723a2dff5a45 req-6aff30d9-8440-44d8-be55-723a2dff5a45 ] Request (VolumesGetTestJSON:setUpClass): 201 POST http://10.180.1.21/identity/v3/users 0.052s
2024-10-23 14:46:11.041 60102 INFO tempest.lib.common.rest_client [req-3026334a-4d75-4c94-b652-dd3189d77c9b req-3026334a-4d75-4c94-b652-dd3189d77c9b ] Request (VolumesGetTestJSON:setUpClass): 200 GET http://10.180.1.21/identity/v3/roles 0.018s
2024-10-23 14:46:11.068 60102 INFO tempest.lib.common.rest_client [req-37953783-8bbd-485d-805f-4397484880cf req-37953783-8bbd-485d-805f-4397484880cf ] Request (VolumesGetTestJSON:setUpClass): 204 PUT http://10.180.1.21/identity/v3/projects/6e5f8141747f415a931989cb9efc0bf4/users/4c27a155dbb943cca3feeef38d6147b7/roles/8b25e525191a44809581573075c54389 0.026s
2024-10-23 14:46:11.068 60102 INFO tempest.lib.common.dynamic_creds [-] Dynamic test user 4c27a155dbb943cca3feeef38d6147b7 is created with scope project and roles: ['member']
2024-10-23 14:46:11.068 60102 INFO tempest.lib.common.dynamic_creds [-] Acquired dynamic creds: credentials: Credentials: {'domain_id': 'default', 'domain_name': 'Default', 'username': 'tempest-VolumesGetTestJSON-1798790397-project-member', 'project_domain_id': 'default', 'project_domain_name': 'Default', 'project_id': '6e5f8141747f415a931989cb9efc0bf4', 'project_name': 'tempest-VolumesGetTestJSON-1798790397', 'tenant_id': '6e5f8141747f415a931989cb9efc0bf4', 'tenant_name': 'tempest-VolumesGetTestJSON-1798790397', 'user_domain_id': 'default', 'user_domain_name': 'Default', 'user_id': '4c27a155dbb943cca3feeef38d6147b7', 'system': None}, Network: None, Subnet: None, Router: None
2024-10-23 14:46:11.068 60102 INFO tempest.lib.common.dynamic_creds [-] Created isolated network resources for: credentials: Credentials: {'domain_id': 'default', 'domain_name': 'Default', 'username': 'tempest-VolumesGetTestJSON-1798790397-project-member', 'project_domain_id': 'default', 'project_domain_name': 'Default', 'project_id': '6e5f8141747f415a931989cb9efc0bf4', 'project_name': 'tempest-VolumesGetTestJSON-1798790397', 'tenant_id': '6e5f8141747f415a931989cb9efc0bf4', 'tenant_name': 'tempest-VolumesGetTestJSON-1798790397', 'user_domain_id': 'default', 'user_domain_name': 'Default', 'user_id': '4c27a155dbb943cca3feeef38d6147b7', 'system': None}, Network: None, Subnet: None, Router: None
2024-10-23 14:46:11.115 60052 INFO tempest.lib.common.rest_client [req-ad20b228-68d3-4f5d-940d-5a678f55492f req-ad20b228-68d3-4f5d-940d-5a678f55492f ] Request (ServerAddressesNegativeTestJSON:tearDownClass): 204 DELETE http://10.180.1.21:9696/networking/v2.0/routers/6d5b16cf-acfe-4733-b7ec-4d18f284d523 2.393s
2024-10-23 14:46:11.122 60092 INFO tempest.lib.common.rest_client [req-bedeecf7-b6bb-40ec-9e4a-9332d46bac46 req-bedeecf7-b6bb-40ec-9e4a-9332d46bac46 ] Request (ValidationResourcesFixture:setUp): 201 POST http://10.180.1.21:9696/networking/v2.0/floatingips 2.703s
2024-10-23 14:46:11.149 60102 INFO tempest.lib.common.rest_client [req-9920b9e9-f960-42f3-a7b7-257ea09b6f78 req-9920b9e9-f960-42f3-a7b7-257ea09b6f78 ] Request (VolumesGetTestJSON:setUpClass): 201 POST http://10.180.1.21/identity/v3/auth/tokens 0.078s
2024-10-23 14:46:11.179 60092 INFO tempest.lib.common.rest_client [req-1897cad5-5947-47df-b015-3bc01ad14b57 req-1897cad5-5947-47df-b015-3bc01ad14b57 ] Request (AttachInterfacesTestJSON:test_create_list_show_delete_interfaces_by_network_port): 201 POST http://10.180.1.21/identity/v3/auth/tokens 0.052s
2024-10-23 14:46:11.180 60092 INFO tempest.lib.common.fixed_network [-] (AttachInterfacesTestJSON:test_create_list_show_delete_interfaces_by_network_port) Found network {'id': '66d89459-00ba-490d-bf00-7723f5e9ad9c', 'name': 'tempest-AttachInterfacesTestJSON-2110636499-network', 'tenant_id': '38f2b7c76cb04e49b1b8ac75980011b2', 'admin_state_up': True, 'mtu': 8950, 'status': 'ACTIVE', 'subnets': [], 'shared': False, 'project_id': '38f2b7c76cb04e49b1b8ac75980011b2', 'port_security_enabled': True, 'router:external': False, 'provider:network_type': 'vlan', 'provider:physical_network': 'default', 'provider:segmentation_id': 896, 'is_default': False, 'availability_zone_hints': [], 'availability_zones': [], 'ipv4_address_scope': None, 'ipv6_address_scope': None, 'description': '', 'tags': [], 'created_at': '2024-10-23T14:45:26Z', 'updated_at': '2024-10-23T14:45:26Z', 'revision_number': 1} available for tenant
2024-10-23 14:46:11.184 60046 INFO tempest.lib.common.rest_client [req-839e91a9-8761-43e6-a051-ca3591761a3d req-839e91a9-8761-43e6-a051-ca3591761a3d ] Request (AttachInterfacesV270Test:setUpClass): 201 POST http://10.180.1.21:9696/networking/v2.0/subnets 0.847s
2024-10-23 14:46:11.371 60078 INFO tempest.lib.common.rest_client [req-3aa4632b-318a-44f8-b066-a70de2de211e req-3aa4632b-318a-44f8-b066-a70de2de211e ] Request (ServersTestMultiNic:tearDownClass): 204 DELETE http://10.180.1.21:9696/networking/v2.0/networks/e92f75bb-839a-4c43-9442-e50c577e8b43 1.046s
2024-10-23 14:46:11.391 60084 INFO tempest.lib.common.rest_client [req-98205b36-3cb4-4c6f-8b7d-6ff1463a1860 req-98205b36-3cb4-4c6f-8b7d-6ff1463a1860 ] Request (ServersTestManualDisk:setUpClass): 201 POST http://10.180.1.21:9696/networking/v2.0/networks 0.828s
2024-10-23 14:46:11.396 60062 INFO tempest.lib.common.rest_client [req-e8d0896b-3de4-414b-a4ad-3864121f413c req-e8d0896b-3de4-414b-a4ad-3864121f413c ] Request (VolumesAdminNegativeTest:tearDownClass): 204 DELETE http://10.180.1.21:9696/networking/v2.0/security-groups/e21d872c-5aa5-43a4-b9e6-2d1c9989e5ab 0.475s
2024-10-23 14:46:11.487 60078 INFO tempest.lib.common.rest_client [req-6219bed0-e602-4311-ab50-aadda984fe61 req-6219bed0-e602-4311-ab50-aadda984fe61 ] Request (ServersTestMultiNic:tearDownClass): 204 DELETE http://10.180.1.21/identity/v3/users/2d7f2c2669dc4168aa58ec1fd0efa3bd 0.115s
2024-10-23 14:46:11.487 60078 INFO tempest.lib.common.dynamic_creds [-] Deleting project and security group for project: 0ac37d3c1b4e4ad88f810dba79780821
2024-10-23 14:46:11.512 60062 INFO tempest.lib.common.rest_client [req-2f9e133c-35c2-4291-8aec-4bacba647de3 req-2f9e133c-35c2-4291-8aec-4bacba647de3 ] Request (VolumesAdminNegativeTest:tearDownClass): 204 DELETE http://10.180.1.21/identity/v3/projects/06dca957d75b48a6952718b5c17852e7 0.116s
2024-10-23 14:46:11.512 60062 INFO tempest.lib.common.dynamic_creds [-] Deleting project and security group for project: 547e09e9d3c042a782779adaf0519fb5
2024-10-23 14:46:11.581 60078 INFO tempest.lib.common.rest_client [req-b45ecb51-008c-4221-9628-91b4c1f5b14c req-b45ecb51-008c-4221-9628-91b4c1f5b14c ] Request (ServersTestMultiNic:tearDownClass): 200 GET http://10.180.1.21:9696/networking/v2.0/security-groups?tenant_id=0ac37d3c1b4e4ad88f810dba79780821&name=default 0.094s
2024-10-23 14:46:11.601 60062 INFO tempest.lib.common.rest_client [req-58976138-b80d-47ef-9164-a5bf4221d905 req-58976138-b80d-47ef-9164-a5bf4221d905 ] Request (VolumesAdminNegativeTest:tearDownClass): 200 GET http://10.180.1.21:9696/networking/v2.0/security-groups?tenant_id=547e09e9d3c042a782779adaf0519fb5&name=default 0.089s
2024-10-23 14:46:11.606 60082 INFO tempest.lib.common.rest_client [req-fdb46efb-71e2-4e17-a33f-54a543917bd8 req-fdb46efb-71e2-4e17-a33f-54a543917bd8 ] Request (SecurityGroupRulesTestJSON:test_security_group_rules_delete_when_peer_group_deleted): 200 POST http://10.180.1.21/compute/v2.1/os-security-group-rules 3.198s
2024-10-23 14:46:11.785 60078 INFO tempest.lib.common.rest_client [req-fd7b17f1-5687-40ed-85dd-d0331823afa9 req-fd7b17f1-5687-40ed-85dd-d0331823afa9 ] Request (ServersTestMultiNic:tearDownClass): 204 DELETE http://10.180.1.21:9696/networking/v2.0/security-groups/979159bd-b9d2-448f-a913-ef87587c7f26 0.203s
2024-10-23 14:46:11.821 60084 INFO tempest.lib.common.rest_client [req-d160be86-c49d-4c99-91b6-690cadbf19eb req-d160be86-c49d-4c99-91b6-690cadbf19eb ] Request (ServersTestManualDisk:setUpClass): 201 POST http://10.180.1.21:9696/networking/v2.0/subnets 0.428s
2024-10-23 14:46:11.882 60078 INFO tempest.lib.common.rest_client [req-3a3c9239-ef38-40ed-9d3b-6017c973b97e req-3a3c9239-ef38-40ed-9d3b-6017c973b97e ] Request (ServersTestMultiNic:tearDownClass): 204 DELETE http://10.180.1.21/identity/v3/projects/0ac37d3c1b4e4ad88f810dba79780821 0.097s
2024-10-23 14:46:11.898 60052 INFO tempest.lib.common.rest_client [req-0a00f224-c1e8-4e02-9db5-3b22631ad4f4 req-0a00f224-c1e8-4e02-9db5-3b22631ad4f4 ] Request (ServerAddressesNegativeTestJSON:tearDownClass): 204 DELETE http://10.180.1.21:9696/networking/v2.0/subnets/ada02a98-4764-4b43-8c58-8c49e10af18e 0.782s
2024-10-23 14:46:11.909 60076 INFO tempest.lib.common.rest_client [req-8dafe9c4-3d1e-408a-8c0e-8f6cc63480a2 req-8dafe9c4-3d1e-408a-8c0e-8f6cc63480a2 ] Request (ServersAaction247Test:test_create_backup): 200 GET http://10.180.1.21/compute/v2.1/servers/5c575e05-5a7c-49b8-b914-9b4a4e347bfc 3.283s
2024-10-23 14:46:11.966 60078 INFO tempest.lib.common.rest_client [req-a93634ce-b760-4731-abc6-47bf18531c4b req-a93634ce-b760-4731-abc6-47bf18531c4b ] Request (ServersNegativeTestMultiTenantJSON:setUpClass): 201 POST http://10.180.1.21/identity/v3/auth/tokens 0.082s
2024-10-23 14:46:12.004 60098 INFO tempest.lib.common.rest_client [req-f2ed9f34-07b5-4d62-ac13-488671dc3cb4 req-f2ed9f34-07b5-4d62-ac13-488671dc3cb4 ] Request (ServerRescueTestJSONUnderV235:setUpClass): 201 POST http://10.180.1.21:9696/networking/v2.0/routers 2.196s
2024-10-23 14:46:12.019 60078 INFO tempest.lib.common.rest_client [req-b6b7202c-12ab-4aa0-8b00-b254a17844d9 req-b6b7202c-12ab-4aa0-8b00-b254a17844d9 ] Request (ServersNegativeTestMultiTenantJSON:setUpClass): 201 POST http://10.180.1.21/identity/v3/auth/tokens 0.051s
2024-10-23 14:46:12.051 60078 INFO tempest.lib.common.rest_client [req-dbc9cc0e-fd84-46cb-8fec-e543e79fbe3f req-dbc9cc0e-fd84-46cb-8fec-e543e79fbe3f ] Request (ServersNegativeTestMultiTenantJSON:setUpClass): 200 GET http://10.180.1.21/identity/v3/domains?name=Default 0.031s
2024-10-23 14:46:12.065 60044 INFO tempest.lib.common.rest_client [req-6d337fe4-b5d0-4d83-a8ef-8b2decf79164 req-6d337fe4-b5d0-4d83-a8ef-8b2decf79164 ] Request (ImagesOneServerTestJSON:setUpClass): 202 POST http://10.180.1.21/compute/v2.1/servers 4.044s
2024-10-23 14:46:12.091 60078 INFO tempest.lib.common.rest_client [req-4b3090c4-a2b9-440e-8000-3dbe801a3c55 req-4b3090c4-a2b9-440e-8000-3dbe801a3c55 ] Request (ServersNegativeTestMultiTenantJSON:setUpClass): 201 POST http://10.180.1.21/identity/v3/projects 0.040s
2024-10-23 14:46:12.132 60050 INFO tempest.lib.common.rest_client [req-1c3e98e4-d026-4bb1-88ac-3fc1b0d4bdc1 req-1c3e98e4-d026-4bb1-88ac-3fc1b0d4bdc1 ] Request (VolumesTestJSON:test_volume_list_param_offset_and_limit): 200 GET http://10.180.1.21/compute/v2.1/os-volumes 3.384s
2024-10-23 14:46:12.145 60062 INFO tempest.lib.common.rest_client [req-6be9573d-1ef3-41fd-81fe-d43700e45add req-6be9573d-1ef3-41fd-81fe-d43700e45add ] Request (VolumesAdminNegativeTest:tearDownClass): 204 DELETE http://10.180.1.21:9696/networking/v2.0/security-groups/f89180f5-978a-4421-829a-3e64b0b3c8b6 0.542s
2024-10-23 14:46:12.146 60056 INFO tempest.lib.common.rest_client [req-13f57e29-ad5d-4440-bf70-7e26bde29810 req-13f57e29-ad5d-4440-bf70-7e26bde29810 ] Request (ListServersNegativeTestJSON:setUpClass): 204 DELETE http://10.180.1.21/compute/v2.1/servers/ea8819b2-776d-42ca-aed5-efeb2e362d74 3.460s
2024-10-23 14:46:12.181 60078 INFO tempest.lib.common.rest_client [req-534c39ed-f309-4666-bfe4-b37f93d505bc req-534c39ed-f309-4666-bfe4-b37f93d505bc ] Request (ServersNegativeTestMultiTenantJSON:setUpClass): 201 POST http://10.180.1.21/identity/v3/users 0.089s
2024-10-23 14:46:12.195 60073 INFO tempest.lib.common.rest_client [req-3b7da3c0-f2a6-4d8b-b704-8399124ff5be req-3b7da3c0-f2a6-4d8b-b704-8399124ff5be ] Request (ServerShowV247Test:test_update_rebuild_list_server): 200 PUT http://10.180.1.21/compute/v2.1/servers/c537a7d4-6618-4cfa-afd5-209b99692d65 3.325s
2024-10-23 14:46:12.210 60078 INFO tempest.lib.common.rest_client [req-eeb8bb52-ca86-4071-bfcc-17200c5a3100 req-eeb8bb52-ca86-4071-bfcc-17200c5a3100 ] Request (ServersNegativeTestMultiTenantJSON:setUpClass): 200 GET http://10.180.1.21/identity/v3/roles 0.029s
2024-10-23 14:46:12.239 60068 INFO tempest.lib.common.rest_client [req-642fcb2d-7b80-4353-a208-2caba61b4d3a req-642fcb2d-7b80-4353-a208-2caba61b4d3a ] Request (ServersAdmin275Test:test_rebuild_update_server_275): 200 GET http://10.180.1.21/compute/v2.1/servers/11f468ba-a807-4490-9dd5-58eaad007865 3.487s
2024-10-23 14:46:12.255 60062 INFO tempest.lib.common.rest_client [req-f43dd606-b0d7-4aad-af12-e87de3241c6b req-f43dd606-b0d7-4aad-af12-e87de3241c6b ] Request (VolumesAdminNegativeTest:tearDownClass): 204 DELETE http://10.180.1.21/identity/v3/projects/547e09e9d3c042a782779adaf0519fb5 0.109s
2024-10-23 14:46:12.263 60088 INFO tempest.lib.common.rest_client [req-d57d08ec-4493-4c28-9751-e4a9a323c17d req-d57d08ec-4493-4c28-9751-e4a9a323c17d ] Request (ServersTestJSON:setUpClass): 404 GET http://10.180.1.21/compute/v2.1/servers/959e648a-8d1c-4453-988d-cd405f43be58 2.926s
2024-10-23 14:46:12.263 60088 INFO tempest.test [-] raised in ServersTestJSON.setUpClass. Invoking tearDownClass.
2024-10-23 14:46:12.299 60096 INFO tempest.lib.common.rest_client [req-9fb73c04-d73b-45a1-940e-059e16945d80 req-9fb73c04-d73b-45a1-940e-059e16945d80 ] Request (DeleteServersTestJSON:setUpClass): 201 POST http://10.180.1.21:9696/networking/v2.0/routers 3.848s
2024-10-23 14:46:12.313 60078 INFO tempest.lib.common.rest_client [req-b25dfa04-fb18-4016-8502-112bbb859098 req-b25dfa04-fb18-4016-8502-112bbb859098 ] Request (ServersNegativeTestMultiTenantJSON:setUpClass): 204 PUT http://10.180.1.21/identity/v3/projects/b868df8009cd4d07b50856808eceb007/users/816a348b026b4041b8e75233830d4736/roles/8b25e525191a44809581573075c54389 0.102s
2024-10-23 14:46:12.313 60078 INFO tempest.lib.common.dynamic_creds [-] Dynamic test user 816a348b026b4041b8e75233830d4736 is created with scope project and roles: ['member']
2024-10-23 14:46:12.313 60078 INFO tempest.lib.common.dynamic_creds [-] Acquired dynamic creds: credentials: Credentials: {'domain_id': 'default', 'domain_name': 'Default', 'username': 'tempest-ServersNegativeTestMultiTenantJSON-1136815640-project-member', 'project_domain_id': 'default', 'project_domain_name': 'Default', 'project_id': 'b868df8009cd4d07b50856808eceb007', 'project_name': 'tempest-ServersNegativeTestMultiTenantJSON-1136815640', 'tenant_id': 'b868df8009cd4d07b50856808eceb007', 'tenant_name': 'tempest-ServersNegativeTestMultiTenantJSON-1136815640', 'user_domain_id': 'default', 'user_domain_name': 'Default', 'user_id': '816a348b026b4041b8e75233830d4736', 'system': None}, Network: None, Subnet: None, Router: None
2024-10-23 14:46:12.347 60048 INFO tempest.lib.common.rest_client [req-00f0ae16-0718-4bfd-bc3d-9b4ed22d7727 req-00f0ae16-0718-4bfd-bc3d-9b4ed22d7727 ] Request (VolumesNegativeTest:test_create_volume_with_invalid_size): 400 POST http://10.180.1.21/compute/v2.1/os-volumes 3.176s
2024-10-23 14:46:12.349 60095 INFO tempest.lib.common.rest_client [-] Request (TestVersions:test_get_version_details): 200 GET http://10.180.1.21/compute/ 2.346s
2024-10-23 14:46:12.359 60062 INFO tempest.lib.common.rest_client [req-a6244816-9723-46a5-aba4-b79b3b81a272 req-a6244816-9723-46a5-aba4-b79b3b81a272 ] Request (AbsoluteLimitsTestJSON:setUpClass): 201 POST http://10.180.1.21/identity/v3/auth/tokens 0.102s
2024-10-23 14:46:12.380 60078 INFO tempest.lib.common.rest_client [req-64b26270-5c2d-4af9-ab20-5c485bdf0002 req-64b26270-5c2d-4af9-ab20-5c485bdf0002 ] Request (ServersNegativeTestMultiTenantJSON:setUpClass): 201 POST http://10.180.1.21/identity/v3/auth/tokens 0.066s
2024-10-23 14:46:12.402 60062 INFO tempest.lib.common.rest_client [req-12db2e3f-5333-4ea1-9888-4be45ec40ecb req-12db2e3f-5333-4ea1-9888-4be45ec40ecb ] Request (AbsoluteLimitsTestJSON:setUpClass): 201 POST http://10.180.1.21/identity/v3/auth/tokens 0.040s
2024-10-23 14:46:12.442 60062 INFO tempest.lib.common.rest_client [req-913565a8-6be1-4169-9517-3ab707bdb260 req-913565a8-6be1-4169-9517-3ab707bdb260 ] Request (AbsoluteLimitsTestJSON:setUpClass): 200 GET http://10.180.1.21/identity/v3/domains?name=Default 0.039s
2024-10-23 14:46:12.473 60062 INFO tempest.lib.common.rest_client [req-b9fb5747-b13c-4a0a-93a3-bdcc7b8d3fa0 req-b9fb5747-b13c-4a0a-93a3-bdcc7b8d3fa0 ] Request (AbsoluteLimitsTestJSON:setUpClass): 201 POST http://10.180.1.21/identity/v3/projects 0.030s
2024-10-23 14:46:12.528 60062 INFO tempest.lib.common.rest_client [req-da8fdf45-a4e0-402f-9422-64890b966ca3 req-da8fdf45-a4e0-402f-9422-64890b966ca3 ] Request (AbsoluteLimitsTestJSON:setUpClass): 201 POST http://10.180.1.21/identity/v3/users 0.055s
2024-10-23 14:46:12.553 60062 INFO tempest.lib.common.rest_client [req-8e0bfff0-27eb-4f8a-9a53-dc94200ad589 req-8e0bfff0-27eb-4f8a-9a53-dc94200ad589 ] Request (AbsoluteLimitsTestJSON:setUpClass): 200 GET http://10.180.1.21/identity/v3/roles 0.024s
2024-10-23 14:46:12.589 60062 INFO tempest.lib.common.rest_client [req-797a75c1-9aad-4270-b56f-b37d773da2ef req-797a75c1-9aad-4270-b56f-b37d773da2ef ] Request (AbsoluteLimitsTestJSON:setUpClass): 204 PUT http://10.180.1.21/identity/v3/projects/068772204a3b4da68f19c1584762f026/users/400cb4f8d0a54b21a42775194fe4bf44/roles/8b25e525191a44809581573075c54389 0.035s
2024-10-23 14:46:12.590 60062 INFO tempest.lib.common.dynamic_creds [-] Dynamic test user 400cb4f8d0a54b21a42775194fe4bf44 is created with scope project and roles: ['member']
2024-10-23 14:46:12.591 60062 INFO tempest.lib.common.dynamic_creds [-] Acquired dynamic creds: credentials: Credentials: {'domain_id': 'default', 'domain_name': 'Default', 'username': 'tempest-AbsoluteLimitsTestJSON-436636482-project-member', 'project_domain_id': 'default', 'project_domain_name': 'Default', 'project_id': '068772204a3b4da68f19c1584762f026', 'project_name': 'tempest-AbsoluteLimitsTestJSON-436636482', 'tenant_id': '068772204a3b4da68f19c1584762f026', 'tenant_name': 'tempest-AbsoluteLimitsTestJSON-436636482', 'user_domain_id': 'default', 'user_domain_name': 'Default', 'user_id': '400cb4f8d0a54b21a42775194fe4bf44', 'system': None}, Network: None, Subnet: None, Router: None
2024-10-23 14:46:12.591 60062 INFO tempest.lib.common.dynamic_creds [-] Created isolated network resources for: credentials: Credentials: {'domain_id': 'default', 'domain_name': 'Default', 'username': 'tempest-AbsoluteLimitsTestJSON-436636482-project-member', 'project_domain_id': 'default', 'project_domain_name': 'Default', 'project_id': '068772204a3b4da68f19c1584762f026', 'project_name': 'tempest-AbsoluteLimitsTestJSON-436636482', 'tenant_id': '068772204a3b4da68f19c1584762f026', 'tenant_name': 'tempest-AbsoluteLimitsTestJSON-436636482', 'user_domain_id': 'default', 'user_domain_name': 'Default', 'user_id': '400cb4f8d0a54b21a42775194fe4bf44', 'system': None}, Network: None, Subnet: None, Router: None
2024-10-23 14:46:12.624 60066 INFO tempest.lib.common.rest_client [req-7e1726e6-2e08-422f-834f-d9e4f0e38f92 req-7e1726e6-2e08-422f-834f-d9e4f0e38f92 ] Request (SecurityGroupsTestJSON:test_server_security_groups): 200 POST http://10.180.1.21/compute/v2.1/os-security-groups 2.540s
2024-10-23 14:46:12.672 60062 INFO tempest.lib.common.rest_client [req-fd37f393-90b2-4987-89ee-64758d17d738 req-fd37f393-90b2-4987-89ee-64758d17d738 ] Request (AbsoluteLimitsTestJSON:setUpClass): 201 POST http://10.180.1.21/identity/v3/auth/tokens 0.075s
2024-10-23 14:46:12.696 60106 INFO tempest.lib.common.rest_client [req-0a1bd2eb-e750-40ad-941f-32fe9c2ea4c8 req-0a1bd2eb-e750-40ad-941f-32fe9c2ea4c8 ] Request (ServerShowV254Test:test_rebuild_server): 200 GET http://10.180.1.21/compute/v2.1/servers/b7ab8792-137d-4053-9df9-3d560aa5e411 2.603s
2024-10-23 14:46:12.811 60086 INFO tempest.lib.common.rest_client [req-429567a3-8c0b-4b06-8fc2-b4911d5e7608 req-429567a3-8c0b-4b06-8fc2-b4911d5e7608 ] Request (QuotasTestJSON:test_compare_tenant_quotas_with_default_quotas): 200 GET http://10.180.1.21/compute/v2.1/os-quota-sets/b8907a54e8bc4fa18a26503a4e5bf100 2.491s
2024-10-23 14:46:12.827 60064 INFO tempest.lib.common.rest_client [req-e919950b-e9ad-4f74-bb9a-64b1ee3c5a82 req-e919950b-e9ad-4f74-bb9a-64b1ee3c5a82 ] Request (FlavorsAdminTestJSON:_run_cleanups): 202 DELETE http://10.180.1.21/compute/v2.1/flavors/1685405191 2.426s
2024-10-23 14:46:12.881 60052 INFO tempest.lib.common.rest_client [req-e0a4fc4d-8fb1-4c69-b1fc-c296e1ba435e req-e0a4fc4d-8fb1-4c69-b1fc-c296e1ba435e ] Request (ServerAddressesNegativeTestJSON:tearDownClass): 204 DELETE http://10.180.1.21:9696/networking/v2.0/networks/f4c6c4fc-1b0d-4bd9-ac89-60ef6c632329 0.983s
2024-10-23 14:46:12.987 60052 INFO tempest.lib.common.rest_client [req-5bdecd18-dc69-4f1b-a449-bc7f3d89b760 req-5bdecd18-dc69-4f1b-a449-bc7f3d89b760 ] Request (ServerAddressesNegativeTestJSON:tearDownClass): 204 DELETE http://10.180.1.21/identity/v3/users/f7bd5d990d824dc59134ae1f10677dd7 0.106s
2024-10-23 14:46:12.988 60052 INFO tempest.lib.common.dynamic_creds [-] Deleting project and security group for project: ca62f9d035f442359ea25b7a8aebdfba
2024-10-23 14:46:13.062 60052 INFO tempest.lib.common.rest_client [req-ae1298b5-9a0c-4f3f-aba7-ee9190b89345 req-ae1298b5-9a0c-4f3f-aba7-ee9190b89345 ] Request (ServerAddressesNegativeTestJSON:tearDownClass): 200 GET http://10.180.1.21:9696/networking/v2.0/security-groups?tenant_id=ca62f9d035f442359ea25b7a8aebdfba&name=default 0.074s
2024-10-23 14:46:13.244 60052 INFO tempest.lib.common.rest_client [req-f76cec30-cf91-4e86-9a4b-ae3e22806fb9 req-f76cec30-cf91-4e86-9a4b-ae3e22806fb9 ] Request (ServerAddressesNegativeTestJSON:tearDownClass): 204 DELETE http://10.180.1.21:9696/networking/v2.0/security-groups/0ee2bb61-b01b-4de1-9089-b22e5403e038 0.182s
2024-10-23 14:46:13.292 60100 INFO tempest.lib.common.rest_client [req-f9cf4342-2cb4-4e11-a5ab-e2aa63a08508 req-f9cf4342-2cb4-4e11-a5ab-e2aa63a08508 ] Request (FloatingIPsTestJSON:test_allocate_floating_ip): 200 GET http://10.180.1.21/compute/v2.1/os-floating-ips/9b3a68af-ad67-4736-9e5a-316c3e83aa0f 2.871s
2024-10-23 14:46:13.353 60078 INFO tempest.lib.common.rest_client [req-4b808b83-8f1d-451f-8622-67dd8ca1bb25 req-4b808b83-8f1d-451f-8622-67dd8ca1bb25 ] Request (ServersNegativeTestMultiTenantJSON:setUpClass): 201 POST http://10.180.1.21:9696/networking/v2.0/networks 0.972s
2024-10-23 14:46:13.354 60052 INFO tempest.lib.common.rest_client [req-0b758ac8-49e2-4aa8-b7c1-becaca4e615b req-0b758ac8-49e2-4aa8-b7c1-becaca4e615b ] Request (ServerAddressesNegativeTestJSON:tearDownClass): 204 DELETE http://10.180.1.21/identity/v3/projects/ca62f9d035f442359ea25b7a8aebdfba 0.109s
2024-10-23 14:46:13.439 60052 INFO tempest.lib.common.rest_client [req-6b08b3c0-c04f-45e2-87a1-d3f0b33e2a51 req-6b08b3c0-c04f-45e2-87a1-d3f0b33e2a51 ] Request (ServersNegativeTestJSON:setUpClass): 201 POST http://10.180.1.21/identity/v3/auth/tokens 0.078s
2024-10-23 14:46:13.484 60052 INFO tempest.lib.common.rest_client [req-4ffa25b0-adc8-4071-a135-31896f88c2c5 req-4ffa25b0-adc8-4071-a135-31896f88c2c5 ] Request (ServersNegativeTestJSON:setUpClass): 201 POST http://10.180.1.21/identity/v3/auth/tokens 0.042s
2024-10-23 14:46:13.511 60052 INFO tempest.lib.common.rest_client [req-8f6b8d62-9ccc-454f-b2d9-22ef61ba8b66 req-8f6b8d62-9ccc-454f-b2d9-22ef61ba8b66 ] Request (ServersNegativeTestJSON:setUpClass): 200 GET http://10.180.1.21/identity/v3/domains?name=Default 0.027s
2024-10-23 14:46:13.526 60058 INFO tempest.lib.common.rest_client [req-a31e40b8-7003-4f1a-9167-3faca6b641b6 req-a31e40b8-7003-4f1a-9167-3faca6b641b6 ] Request (FloatingIPsAssociationTestJSON:setUpClass): 202 POST http://10.180.1.21/compute/v2.1/servers 4.091s
2024-10-23 14:46:13.533 60104 INFO tempest.lib.common.rest_client [req-750ab3ec-1cc9-4833-afe7-f03f0b03b525 req-750ab3ec-1cc9-4833-afe7-f03f0b03b525 ] Request (ServerGroupTestJSON:tearDownClass): 404 DELETE http://10.180.1.21/compute/v2.1/os-server-groups/901edb2c-a0a0-407a-b3c3-95b9670ab379 3.004s
2024-10-23 14:46:13.535 60070 INFO tempest.lib.common.rest_client [req-8d204621-0697-4ff7-8d7c-8ddee55ccb21 req-8d204621-0697-4ff7-8d7c-8ddee55ccb21 ] Request (ServerRescueNegativeTestJSON:setUpClass): 204 DELETE http://10.180.1.21/compute/v2.1/servers/e91125dd-2352-4914-a269-e98db0479dc1 3.043s
2024-10-23 14:46:13.554 60052 INFO tempest.lib.common.rest_client [req-dbe00967-9a11-4e27-b7f9-72348eb799dc req-dbe00967-9a11-4e27-b7f9-72348eb799dc ] Request (ServersNegativeTestJSON:setUpClass): 201 POST http://10.180.1.21/identity/v3/projects 0.042s
2024-10-23 14:46:13.562 60060 INFO tempest.lib.common.rest_client [req-5babd58b-225d-4ca2-9143-4649135d3c0d req-5babd58b-225d-4ca2-9143-4649135d3c0d ] Request (HypervisorAdminV228Test:test_get_list_hypervisor_details): 200 GET http://10.180.1.21/compute/v2.1/os-hypervisors/1 2.901s
2024-10-23 14:46:13.642 60052 INFO tempest.lib.common.rest_client [req-4b1c4b1c-58df-4168-84f8-c6cdacdfcaef req-4b1c4b1c-58df-4168-84f8-c6cdacdfcaef ] Request (ServersNegativeTestJSON:setUpClass): 201 POST http://10.180.1.21/identity/v3/users 0.088s
2024-10-23 14:46:13.701 60084 INFO tempest.lib.common.rest_client [req-45b09210-b4fa-4b22-bae1-451542ce9c23 req-45b09210-b4fa-4b22-bae1-451542ce9c23 ] Request (ServersTestManualDisk:setUpClass): 201 POST http://10.180.1.21:9696/networking/v2.0/routers 1.880s
2024-10-23 14:46:13.717 60060 INFO tempest.lib.common.rest_client [req-7bcb10d9-54f6-4c28-b686-3b9638cc8156 req-7bcb10d9-54f6-4c28-b686-3b9638cc8156 ] Request (HypervisorAdminV228Test:tearDownClass): 204 DELETE http://10.180.1.21/identity/v3/users/f9511e29f9cd4f6783abbe515638fec6 0.149s
2024-10-23 14:46:13.753 60046 INFO tempest.lib.common.rest_client [req-681726f5-aa65-42d6-931f-8aad5aedbad6 req-681726f5-aa65-42d6-931f-8aad5aedbad6 ] Request (AttachInterfacesV270Test:setUpClass): 201 POST http://10.180.1.21:9696/networking/v2.0/routers 2.568s
2024-10-23 14:46:13.781 60052 INFO tempest.lib.common.rest_client [req-52a5f7e8-656b-443a-bbaf-7dc8d819c9b7 req-52a5f7e8-656b-443a-bbaf-7dc8d819c9b7 ] Request (ServersNegativeTestJSON:setUpClass): 200 GET http://10.180.1.21/identity/v3/roles 0.138s
2024-10-23 14:46:13.820 60052 INFO tempest.lib.common.rest_client [req-628547b7-9202-4702-8e1d-6e206b9dcca3 req-628547b7-9202-4702-8e1d-6e206b9dcca3 ] Request (ServersNegativeTestJSON:setUpClass): 204 PUT http://10.180.1.21/identity/v3/projects/257f2e74ff3341ffbc4982cb07c324fa/users/108982ac95244915883daf6a6b4b7f35/roles/8b25e525191a44809581573075c54389 0.039s
2024-10-23 14:46:13.821 60052 INFO tempest.lib.common.dynamic_creds [-] Dynamic test user 108982ac95244915883daf6a6b4b7f35 is created with scope project and roles: ['member']
2024-10-23 14:46:13.821 60052 INFO tempest.lib.common.dynamic_creds [-] Acquired dynamic creds: credentials: Credentials: {'domain_id': 'default', 'domain_name': 'Default', 'username': 'tempest-ServersNegativeTestJSON-1843437481-project-member', 'project_domain_id': 'default', 'project_domain_name': 'Default', 'project_id': '257f2e74ff3341ffbc4982cb07c324fa', 'project_name': 'tempest-ServersNegativeTestJSON-1843437481', 'tenant_id': '257f2e74ff3341ffbc4982cb07c324fa', 'tenant_name': 'tempest-ServersNegativeTestJSON-1843437481', 'user_domain_id': 'default', 'user_domain_name': 'Default', 'user_id': '108982ac95244915883daf6a6b4b7f35', 'system': None}, Network: None, Subnet: None, Router: None
2024-10-23 14:46:13.828 60060 INFO tempest.lib.common.rest_client [req-3bd8e3b7-1c36-426b-89cc-a8441f555105 req-3bd8e3b7-1c36-426b-89cc-a8441f555105 ] Request (HypervisorAdminV228Test:tearDownClass): 204 DELETE http://10.180.1.21/identity/v3/users/beb24d122be94689847e88200fc3aac7 0.110s
2024-10-23 14:46:13.828 60060 INFO tempest.lib.common.dynamic_creds [-] Deleting project and security group for project: 1101e99a253d43d595e4b04f4d5dbfda
2024-10-23 14:46:13.862 60078 INFO tempest.lib.common.rest_client [req-c404908c-778a-4d57-9032-2e10d41f165a req-c404908c-778a-4d57-9032-2e10d41f165a ] Request (ServersNegativeTestMultiTenantJSON:setUpClass): 201 POST http://10.180.1.21:9696/networking/v2.0/subnets 0.508s
2024-10-23 14:46:13.885 60060 INFO tempest.lib.common.rest_client [req-0609e5be-3909-4d65-b5a3-b53730c1b921 req-0609e5be-3909-4d65-b5a3-b53730c1b921 ] Request (HypervisorAdminV228Test:tearDownClass): 201 POST http://10.180.1.21/identity/v3/auth/tokens 0.057s
2024-10-23 14:46:13.886 60052 INFO tempest.lib.common.rest_client [req-33b43094-ea14-4bd0-bfd4-85a034095999 req-33b43094-ea14-4bd0-bfd4-85a034095999 ] Request (ServersNegativeTestJSON:setUpClass): 201 POST http://10.180.1.21/identity/v3/auth/tokens 0.064s
2024-10-23 14:46:14.075 60102 INFO tempest.lib.common.rest_client [req-7b5faf5b-7aee-450d-94ef-7a7ed7a2ee93 req-7b5faf5b-7aee-450d-94ef-7a7ed7a2ee93 ] Request (VolumesGetTestJSON:test_volume_create_get_delete): 200 POST http://10.180.1.21/compute/v2.1/os-volumes 2.924s
2024-10-23 14:46:14.281 60080 INFO tempest.lib.common.rest_client [req-7a7435c6-bc3d-4e24-bb39-7374394af813 req-7a7435c6-bc3d-4e24-bb39-7374394af813 ] Request (ServerActionsTestOtherB:setUpClass): 200 GET http://10.180.1.21/compute/v2.1/servers/f4d61950-5a7c-45bf-b93e-c2e80530fdde 2.754s
2024-10-23 14:46:14.385 60054 INFO tempest.lib.common.rest_client [req-1b128d4f-4d47-4fcb-8c08-3427e7caff0a req-1b128d4f-4d47-4fcb-8c08-3427e7caff0a ] Request (ServerDiskConfigTestJSON:test_rebuild_server_with_auto_disk_config): 200 GET http://10.180.1.21/compute/v2.1/servers/a5ec11ef-3476-44e0-b3d7-7a2b56f3b279 2.794s
2024-10-23 14:46:14.492 60060 INFO tempest.lib.common.rest_client [req-621e7f95-e35f-4b95-b349-2a1c0c95b0e6 req-621e7f95-e35f-4b95-b349-2a1c0c95b0e6 ] Request (HypervisorAdminV228Test:tearDownClass): 200 GET http://10.180.1.21:9696/networking/v2.0/security-groups?tenant_id=1101e99a253d43d595e4b04f4d5dbfda&name=default 0.606s
2024-10-23 14:46:14.631 60092 INFO tempest.lib.common.rest_client [req-5fcdf030-5581-4c31-b555-6f450d6c557c req-5fcdf030-5581-4c31-b555-6f450d6c557c ] Request (AttachInterfacesTestJSON:test_create_list_show_delete_interfaces_by_network_port): 202 POST http://10.180.1.21/compute/v2.1/servers 3.450s
2024-10-23 14:46:14.710 60090 INFO tempest.lib.common.rest_client [req-e4c305d9-8add-487f-b978-dc2905c50720 req-e4c305d9-8add-487f-b978-dc2905c50720 ] Request (DeleteServersAdminTestJSON:test_admin_delete_servers_of_others): 200 GET http://10.180.1.21/compute/v2.1/servers/49e3e619-7fa6-4dee-a447-b72668fca5d4 2.815s
2024-10-23 14:46:14.786 60044 INFO tempest.lib.common.rest_client [req-ab5b74ba-4110-47e4-9cb4-f3622b0bc3be req-ab5b74ba-4110-47e4-9cb4-f3622b0bc3be ] Request (ImagesOneServerTestJSON:setUpClass): 200 GET http://10.180.1.21/compute/v2.1/servers/56ff71b7-3b44-4860-8ce8-8b75757a569c 2.719s
2024-10-23 14:46:14.821 60082 INFO tempest.lib.common.rest_client [req-52c8702f-95fe-4d4e-b1b8-5ded5da11c29 req-52c8702f-95fe-4d4e-b1b8-5ded5da11c29 ] Request (SecurityGroupRulesTestJSON:test_security_group_rules_delete_when_peer_group_deleted): 202 DELETE http://10.180.1.21/compute/v2.1/os-security-groups/0c590f4a-5f17-41bd-89ec-96d2d41371cf 3.211s
2024-10-23 14:46:14.831 60052 INFO tempest.lib.common.rest_client [req-f54cbe3d-fd69-408f-be68-80d7f72e1b9d req-f54cbe3d-fd69-408f-be68-80d7f72e1b9d ] Request (ServersNegativeTestJSON:setUpClass): 201 POST http://10.180.1.21:9696/networking/v2.0/networks 0.945s
2024-10-23 14:46:14.849 60050 INFO tempest.lib.common.rest_client [req-df7a7897-d0e3-4677-8396-825ab5dce09c req-df7a7897-d0e3-4677-8396-825ab5dce09c ] Request (VolumesTestJSON:test_volume_list_param_offset_and_limit): 200 GET http://10.180.1.21/compute/v2.1/os-volumes?offset=1&limit=1 2.712s
2024-10-23 14:46:14.901 60060 INFO tempest.lib.common.rest_client [req-b328e21d-600f-4a64-a713-a9543db8298b req-b328e21d-600f-4a64-a713-a9543db8298b ] Request (HypervisorAdminV228Test:tearDownClass): 204 DELETE http://10.180.1.21:9696/networking/v2.0/security-groups/65b81ad3-282b-4a72-9402-9ba1a064c906 0.408s
2024-10-23 14:46:14.953 60098 INFO tempest.lib.common.rest_client [req-b92fb0e0-7c4d-4e56-8ee3-ae872b932744 req-b92fb0e0-7c4d-4e56-8ee3-ae872b932744 ] Request (ServerRescueTestJSONUnderV235:setUpClass): 200 PUT http://10.180.1.21:9696/networking/v2.0/routers/cc7b4da8-16c5-4cb9-9133-8ea15490fd11/add_router_interface 2.948s
2024-10-23 14:46:14.953 60098 INFO tempest.lib.common.dynamic_creds [-] Created isolated network resources for: credentials: Credentials: {'domain_id': 'default', 'domain_name': 'Default', 'username': 'tempest-ServerRescueTestJSONUnderV235-1094407707-project-member', 'project_domain_id': 'default', 'project_domain_name': 'Default', 'project_id': '0ca4a4d35bf24c4888af9ba6b2f4717b', 'project_name': 'tempest-ServerRescueTestJSONUnderV235-1094407707', 'tenant_id': '0ca4a4d35bf24c4888af9ba6b2f4717b', 'tenant_name': 'tempest-ServerRescueTestJSONUnderV235-1094407707', 'user_domain_id': 'default', 'user_domain_name': 'Default', 'user_id': '5ed904e8ae1e4c3093ea78c668aa6573', 'system': None}, Network: {'id': 'd0556880-f536-4200-97da-53ebafbbe153', 'name': 'tempest-ServerRescueTestJSONUnderV235-1577283469-network', 'tenant_id': '0ca4a4d35bf24c4888af9ba6b2f4717b', 'admin_state_up': True, 'mtu': 8950, 'status': 'ACTIVE', 'subnets': [], 'shared': False, 'project_id': '0ca4a4d35bf24c4888af9ba6b2f4717b', 'port_security_enabled': True, 'router:external': False, 'provider:network_type': 'vlan', 'provider:physical_network': 'default', 'provider:segmentation_id': 899, 'is_default': False, 'availability_zone_hints': [], 'availability_zones': [], 'ipv4_address_scope': None, 'ipv6_address_scope': None, 'description': '', 'tags': [], 'created_at': '2024-10-23T14:46:08Z', 'updated_at': '2024-10-23T14:46:08Z', 'revision_number': 1}, Subnet: {'id': '0c6657e2-c2f1-401e-a7f3-fe8d831c6089', 'name': 'tempest-ServerRescueTestJSONUnderV235-1577283469-subnet', 'tenant_id': '0ca4a4d35bf24c4888af9ba6b2f4717b', 'network_id': 'd0556880-f536-4200-97da-53ebafbbe153', 'ip_version': 4, 'subnetpool_id': None, 'enable_dhcp': False, 'ipv6_ra_mode': None, 'ipv6_address_mode': None, 'gateway_ip': '192.168.128.1', 'cidr': '192.168.128.0/28', 'allocation_pools': [{'start': '192.168.128.2', 'end': '192.168.128.14'}], 'host_routes': [], 'dns_nameservers': [], 'description': '', 'service_types': [], 'tags': [], 'created_at': '2024-10-23T14:46:09Z', 'updated_at': '2024-10-23T14:46:09Z', 'revision_number': 0, 'project_id': '0ca4a4d35bf24c4888af9ba6b2f4717b'}, Router: {'id': 'cc7b4da8-16c5-4cb9-9133-8ea15490fd11', 'name': 'tempest-ServerRescueTestJSONUnderV235-1577283469-router', 'tenant_id': '0ca4a4d35bf24c4888af9ba6b2f4717b', 'admin_state_up': True, 'status': 'ACTIVE', 'external_gateway_info': {'network_id': '436acce0-697d-44fe-86ae-a1d7b3f16f18', 'external_fixed_ips': [{'subnet_id': '2b741774-8702-4a95-8ac3-4fb79823d64a', 'ip_address': '10.180.180.170'}], 'enable_snat': True}, 'description': '', 'availability_zones': [], 'distributed': False, 'ha': False, 'availability_zone_hints': [], 'routes': [], 'flavor_id': None, 'tags': [], 'created_at': '2024-10-23T14:46:09Z', 'updated_at': '2024-10-23T14:46:11Z', 'revision_number': 2, 'project_id': '0ca4a4d35bf24c4888af9ba6b2f4717b'}
2024-10-23 14:46:14.994 60060 INFO tempest.lib.common.rest_client [req-7ab90168-ce46-48b4-8cfe-a073c1e55d4a req-7ab90168-ce46-48b4-8cfe-a073c1e55d4a ] Request (HypervisorAdminV228Test:tearDownClass): 204 DELETE http://10.180.1.21/identity/v3/projects/1101e99a253d43d595e4b04f4d5dbfda 0.092s
2024-10-23 14:46:14.994 60060 INFO tempest.lib.common.dynamic_creds [-] Deleting project and security group for project: fdc50f95d15341af9652cead27f9da87
2024-10-23 14:46:15.000 60073 INFO tempest.lib.common.rest_client [req-869a5661-ecbf-4aaf-ad2e-6f9ea71673b7 req-869a5661-ecbf-4aaf-ad2e-6f9ea71673b7 ] Request (ServerShowV247Test:test_update_rebuild_list_server): 200 GET http://10.180.1.21/compute/v2.1/servers/c537a7d4-6618-4cfa-afd5-209b99692d65 2.795s
2024-10-23 14:46:15.022 60088 INFO tempest.lib.common.rest_client [req-76d125d1-94b1-4e75-bcb5-ba987ea7c46d req-76d125d1-94b1-4e75-bcb5-ba987ea7c46d ] Request (ServersTestJSON:tearDownClass): 202 DELETE http://10.180.1.21/compute/v2.1/os-keypairs/tempest-keypair-199672165 2.759s
2024-10-23 14:46:15.030 60048 INFO tempest.lib.common.rest_client [req-f021bc0a-e0a9-4fd5-a79f-65a92b947d77 req-f021bc0a-e0a9-4fd5-a79f-65a92b947d77 ] Request (VolumesNegativeTest:test_create_volume_with_size_zero): 400 POST http://10.180.1.21/compute/v2.1/os-volumes 2.677s
2024-10-23 14:46:15.034 60095 INFO tempest.lib.common.rest_client [req-c15fb6c0-93ed-4e29-bdf9-b1ad94b943f3 req-c15fb6c0-93ed-4e29-bdf9-b1ad94b943f3 ] Request (TestVersions:test_get_version_details): 200 GET http://10.180.1.21/compute/v2/ 2.678s
2024-10-23 14:46:15.053 60098 INFO tempest.lib.common.rest_client [req-693ff2f5-a00f-422c-9d02-cbd5afc951fe req-693ff2f5-a00f-422c-9d02-cbd5afc951fe ] Request (ServerRescueTestJSONUnderV235:setUpClass): 201 POST http://10.180.1.21/identity/v3/auth/tokens 0.092s
2024-10-23 14:46:15.090 60098 INFO tempest.lib.common.rest_client [req-ecf70bcb-e50a-4a58-ba94-d4985d14e0e9 req-ecf70bcb-e50a-4a58-ba94-d4985d14e0e9 ] Request (ServerRescueTestJSONUnderV235:setUpClass): 201 POST http://10.180.1.21/identity/v3/auth/tokens 0.032s
2024-10-23 14:46:15.090 60098 INFO tempest.lib.common.fixed_network [-] (ServerRescueTestJSONUnderV235:setUpClass) Found network {'id': 'd0556880-f536-4200-97da-53ebafbbe153', 'name': 'tempest-ServerRescueTestJSONUnderV235-1577283469-network', 'tenant_id': '0ca4a4d35bf24c4888af9ba6b2f4717b', 'admin_state_up': True, 'mtu': 8950, 'status': 'ACTIVE', 'subnets': [], 'shared': False, 'project_id': '0ca4a4d35bf24c4888af9ba6b2f4717b', 'port_security_enabled': True, 'router:external': False, 'provider:network_type': 'vlan', 'provider:physical_network': 'default', 'provider:segmentation_id': 899, 'is_default': False, 'availability_zone_hints': [], 'availability_zones': [], 'ipv4_address_scope': None, 'ipv6_address_scope': None, 'description': '', 'tags': [], 'created_at': '2024-10-23T14:46:08Z', 'updated_at': '2024-10-23T14:46:08Z', 'revision_number': 1} available for tenant
2024-10-23 14:46:15.098 60056 INFO tempest.lib.common.rest_client [req-dc6ff6a1-8dca-4eff-bff6-2112d61bf2f1 req-dc6ff6a1-8dca-4eff-bff6-2112d61bf2f1 ] Request (ListServersNegativeTestJSON:setUpClass): 204 DELETE http://10.180.1.21/compute/v2.1/servers/f2071807-f1ec-42bd-9f52-5eca825e59d2 2.951s
2024-10-23 14:46:15.232 60062 INFO tempest.lib.common.rest_client [req-71ad08d1-9b0a-4e5b-b287-9dfb47d7e425 req-71ad08d1-9b0a-4e5b-b287-9dfb47d7e425 ] Request (AbsoluteLimitsTestJSON:test_absLimits_get): 200 GET http://10.180.1.21/compute/v2.1/limits 2.559s
2024-10-23 14:46:15.329 60086 INFO tempest.lib.common.rest_client [req-2a8641af-18b4-40c2-a931-e46845834eae req-2a8641af-18b4-40c2-a931-e46845834eae ] Request (QuotasTestJSON:test_get_default_quotas): 200 GET http://10.180.1.21/compute/v2.1/os-quota-sets/b8907a54e8bc4fa18a26503a4e5bf100/defaults 2.511s
2024-10-23 14:46:15.338 60066 INFO tempest.lib.common.rest_client [req-cc438254-6953-454f-b8a1-3447fe45d65a req-cc438254-6953-454f-b8a1-3447fe45d65a ] Request (SecurityGroupsTestJSON:test_server_security_groups): 200 POST http://10.180.1.21/compute/v2.1/os-security-groups 2.711s
2024-10-23 14:46:15.349 60064 INFO tempest.lib.common.rest_client [req-af69373e-79ed-4f3d-b434-77ab893c2bc1 req-af69373e-79ed-4f3d-b434-77ab893c2bc1 ] Request (FlavorsAdminTestJSON:_run_cleanups): 200 GET http://10.180.1.21/compute/v2.1/flavors/detail 2.522s
2024-10-23 14:46:15.407 60062 INFO tempest.lib.common.rest_client [req-3df2f315-7e21-4872-81af-2fc035621289 req-3df2f315-7e21-4872-81af-2fc035621289 ] Request (AbsoluteLimitsTestJSON:tearDownClass): 204 DELETE http://10.180.1.21/identity/v3/users/400cb4f8d0a54b21a42775194fe4bf44 0.170s
2024-10-23 14:46:15.407 60062 INFO tempest.lib.common.dynamic_creds [-] Deleting project and security group for project: 068772204a3b4da68f19c1584762f026
2024-10-23 14:46:15.423 60066 INFO tempest.lib.common.rest_client [req-c21a809d-034f-4c60-b5f1-1fdfdd46012d req-c21a809d-034f-4c60-b5f1-1fdfdd46012d ] Request (SecurityGroupsTestJSON:test_server_security_groups): 201 POST http://10.180.1.21/identity/v3/auth/tokens 0.074s
2024-10-23 14:46:15.424 60066 INFO tempest.lib.common.fixed_network [-] (SecurityGroupsTestJSON:test_server_security_groups) Found network {'id': '90746eff-8d64-4cfd-a619-12e30be22bc0', 'name': 'tempest-SecurityGroupsTestJSON-1086323103-network', 'tenant_id': '6448dab5c83b44e48c3ea2bd37691788', 'admin_state_up': True, 'mtu': 8950, 'status': 'ACTIVE', 'subnets': [], 'shared': False, 'project_id': '6448dab5c83b44e48c3ea2bd37691788', 'port_security_enabled': True, 'router:external': False, 'provider:network_type': 'vlan', 'provider:physical_network': 'default', 'provider:segmentation_id': 279, 'is_default': False, 'availability_zone_hints': [], 'availability_zones': [], 'ipv4_address_scope': None, 'ipv6_address_scope': None, 'description': '', 'tags': [], 'created_at': '2024-10-23T14:45:03Z', 'updated_at': '2024-10-23T14:45:03Z', 'revision_number': 1} available for tenant
2024-10-23 14:46:15.478 60060 INFO tempest.lib.common.rest_client [req-06eb052e-229b-446e-9b3c-51ac7f88451f req-06eb052e-229b-446e-9b3c-51ac7f88451f ] Request (HypervisorAdminV228Test:tearDownClass): 200 GET http://10.180.1.21:9696/networking/v2.0/security-groups?tenant_id=fdc50f95d15341af9652cead27f9da87&name=default 0.483s
2024-10-23 14:46:15.478 60062 INFO tempest.lib.common.rest_client [req-fe1ecc8e-4c96-4337-8ec0-18892beb0bf6 req-fe1ecc8e-4c96-4337-8ec0-18892beb0bf6 ] Request (AbsoluteLimitsTestJSON:tearDownClass): 201 POST http://10.180.1.21/identity/v3/auth/tokens 0.071s
2024-10-23 14:46:15.585 60068 INFO tempest.lib.common.rest_client [req-c53f68df-23b9-48c3-a920-83dc6e3727c8 req-c53f68df-23b9-48c3-a920-83dc6e3727c8 ] Request (ServersAdmin275Test:test_rebuild_update_server_275): 200 GET http://10.180.1.21/compute/v2.1/servers/11f468ba-a807-4490-9dd5-58eaad007865 2.331s
2024-10-23 14:46:15.587 60076 INFO tempest.lib.common.rest_client [req-9e31db5c-df4a-4c69-ade8-986a66ae8c04 req-9e31db5c-df4a-4c69-ade8-986a66ae8c04 ] Request (ServersAaction247Test:test_create_backup): 200 GET http://10.180.1.21/compute/v2.1/servers/5c575e05-5a7c-49b8-b914-9b4a4e347bfc 2.666s
2024-10-23 14:46:15.676 60058 INFO tempest.lib.common.rest_client [req-534b28be-457e-4506-ad4b-3a44b8641c53 req-534b28be-457e-4506-ad4b-3a44b8641c53 ] Request (FloatingIPsAssociationTestJSON:setUpClass): 200 GET http://10.180.1.21/compute/v2.1/servers/39a71a25-3fb7-4fbf-a778-a3fe135dc3c1 2.149s
2024-10-23 14:46:15.685 60104 INFO tempest.lib.common.rest_client [req-4c5fdec1-5534-49a8-8d90-d59605c153c3 req-4c5fdec1-5534-49a8-8d90-d59605c153c3 ] Request (ServerGroupTestJSON:tearDownClass): 404 DELETE http://10.180.1.21/compute/v2.1/os-server-groups/40f677d5-f798-4352-ad99-a458ce6665d6 2.152s
2024-10-23 14:46:15.703 60070 INFO tempest.lib.common.rest_client [req-39af33e0-b6c8-43cd-9059-81165ab28990 req-39af33e0-b6c8-43cd-9059-81165ab28990 ] Request (ServerRescueNegativeTestJSON:setUpClass): 404 GET http://10.180.1.21/compute/v2.1/servers/e91125dd-2352-4914-a269-e98db0479dc1 2.168s
2024-10-23 14:46:15.703 60070 INFO tempest.test [-] raised in ServerRescueNegativeTestJSON.setUpClass. Invoking tearDownClass.
2024-10-23 14:46:15.748 60060 INFO tempest.lib.common.rest_client [req-84bbbddc-9c52-4b23-a946-1eef86e65e3f req-84bbbddc-9c52-4b23-a946-1eef86e65e3f ] Request (HypervisorAdminV228Test:tearDownClass): 204 DELETE http://10.180.1.21:9696/networking/v2.0/security-groups/30c24db7-cfa4-4b70-ab20-6ca823a5922a 0.270s
2024-10-23 14:46:15.827 60060 INFO tempest.lib.common.rest_client [req-0aed8232-243d-44d7-a358-8f5800014dbc req-0aed8232-243d-44d7-a358-8f5800014dbc ] Request (HypervisorAdminV228Test:tearDownClass): 204 DELETE http://10.180.1.21/identity/v3/projects/fdc50f95d15341af9652cead27f9da87 0.078s
2024-10-23 14:46:15.867 60062 INFO tempest.lib.common.rest_client [req-51d66102-d907-40ce-937a-51fb05521bf8 req-51d66102-d907-40ce-937a-51fb05521bf8 ] Request (AbsoluteLimitsTestJSON:tearDownClass): 200 GET http://10.180.1.21:9696/networking/v2.0/security-groups?tenant_id=068772204a3b4da68f19c1584762f026&name=default 0.388s
2024-10-23 14:46:15.899 60060 INFO tempest.lib.common.rest_client [req-0690d1da-ce50-4564-819d-f96972d4e891 req-0690d1da-ce50-4564-819d-f96972d4e891 ] Request (QuotasAdminTestJSON:setUpClass): 201 POST http://10.180.1.21/identity/v3/auth/tokens 0.070s
2024-10-23 14:46:15.941 60060 INFO tempest.lib.common.rest_client [req-e5c4efd3-7176-4ff6-beb0-5bb57c82c170 req-e5c4efd3-7176-4ff6-beb0-5bb57c82c170 ] Request (QuotasAdminTestJSON:setUpClass): 201 POST http://10.180.1.21/identity/v3/auth/tokens 0.038s
2024-10-23 14:46:15.943 60088 INFO tempest.lib.common.rest_client [req-30b5b705-4946-4992-bb55-93f578b9c1ad req-30b5b705-4946-4992-bb55-93f578b9c1ad ] Request (ServersTestJSON:tearDownClass): 204 DELETE http://10.180.1.21:9696/networking/v2.0/security-groups/d9ea3a99-943e-404c-b4ea-b948b131d47b 0.920s
2024-10-23 14:46:15.972 60106 INFO tempest.lib.common.rest_client [req-fedc3a1a-3091-460c-b6b8-0749a72367b3 req-fedc3a1a-3091-460c-b6b8-0749a72367b3 ] Request (ServerShowV254Test:test_rebuild_server): 200 GET http://10.180.1.21/compute/v2.1/servers/b7ab8792-137d-4053-9df9-3d560aa5e411 2.267s
2024-10-23 14:46:15.979 60060 INFO tempest.lib.common.rest_client [req-03d30810-7248-4612-ab79-e8486b795ffd req-03d30810-7248-4612-ab79-e8486b795ffd ] Request (QuotasAdminTestJSON:setUpClass): 200 GET http://10.180.1.21/identity/v3/domains?name=Default 0.037s
2024-10-23 14:46:15.985 60088 INFO tempest.lib.common.rest_client [req-c1c250ad-8b3a-4da7-852c-462ad5398aa2 req-c1c250ad-8b3a-4da7-852c-462ad5398aa2 ] Request (ServersTestJSON:tearDownClass): 404 GET http://10.180.1.21:9696/networking/v2.0/security-groups/d9ea3a99-943e-404c-b4ea-b948b131d47b 0.041s
2024-10-23 14:46:16.009 60102 INFO tempest.lib.common.rest_client [req-c54dc941-1bf8-478e-9853-4200cd10deb6 req-c54dc941-1bf8-478e-9853-4200cd10deb6 ] Request (VolumesGetTestJSON:test_volume_create_get_delete): 200 GET http://10.180.1.21/compute/v2.1/os-volumes/b7eadc8a-9fdf-4bbb-ab62-c53e8a000b26 1.932s
2024-10-23 14:46:16.012 60102 INFO tempest.common.waiters [-] volume b7eadc8a-9fdf-4bbb-ab62-c53e8a000b26 reached available after waiting for 0.012146 seconds
2024-10-23 14:46:16.022 60060 INFO tempest.lib.common.rest_client [req-bc5e157d-2db3-49d3-94e6-669d2d897a80 req-bc5e157d-2db3-49d3-94e6-669d2d897a80 ] Request (QuotasAdminTestJSON:setUpClass): 201 POST http://10.180.1.21/identity/v3/projects 0.042s
2024-10-23 14:46:16.089 60060 INFO tempest.lib.common.rest_client [req-057b1688-501c-40f2-acb9-4dfb09fdc4a9 req-057b1688-501c-40f2-acb9-4dfb09fdc4a9 ] Request (QuotasAdminTestJSON:setUpClass): 201 POST http://10.180.1.21/identity/v3/users 0.067s
2024-10-23 14:46:16.109 60060 INFO tempest.lib.common.rest_client [req-90d79485-4a7e-4f3e-ada9-4048af083154 req-90d79485-4a7e-4f3e-ada9-4048af083154 ] Request (QuotasAdminTestJSON:setUpClass): 200 GET http://10.180.1.21/identity/v3/roles 0.019s
2024-10-23 14:46:16.125 60100 INFO tempest.lib.common.rest_client [req-229275b7-9b50-4a65-a018-54fee484a3ab req-229275b7-9b50-4a65-a018-54fee484a3ab ] Request (FloatingIPsTestJSON:test_allocate_floating_ip): 200 GET http://10.180.1.21/compute/v2.1/os-floating-ips 2.831s
2024-10-23 14:46:16.140 60060 INFO tempest.lib.common.rest_client [req-62312537-f508-4a6e-a38e-1744db24eb4c req-62312537-f508-4a6e-a38e-1744db24eb4c ] Request (QuotasAdminTestJSON:setUpClass): 204 PUT http://10.180.1.21/identity/v3/projects/39bda64eeb0c4acca5465c3bf019177e/users/37155d1772194e0f809a7b458f7d4e96/roles/8b25e525191a44809581573075c54389 0.030s
2024-10-23 14:46:16.140 60060 INFO tempest.lib.common.dynamic_creds [-] Dynamic test user 37155d1772194e0f809a7b458f7d4e96 is created with scope project and roles: ['member']
