2024-10-23 14:46:21.856 60086 INFO tempest.lib.common.rest_client [req-bb4aecde-77b3-4b54-b325-d98a0dec2ba5 req-bb4aecde-77b3-4b54-b325-d98a0dec2ba5 ] Request (QuotasTestJSON:tearDownClass): 200 GET http://10.180.1.21:9696/networking/v2.0/security-groups?tenant_id=b8907a54e8bc4fa18a26503a4e5bf100&name=default 0.514s
2024-10-23 14:46:21.912 60044 INFO tempest.lib.common.rest_client [req-186af1d7-7815-4b1c-a041-075661d7cbbb req-186af1d7-7815-4b1c-a041-075661d7cbbb ] Request (ImagesOneServerTestJSON:setUpClass): 204 DELETE http://10.180.1.21/compute/v2.1/servers/56ff71b7-3b44-4860-8ce8-8b75757a569c 3.254s
2024-10-23 14:46:21.933 60070 INFO tempest.lib.common.rest_client [req-70fd2921-00a5-44a0-8349-c57f7497c53b req-70fd2921-00a5-44a0-8349-c57f7497c53b ] Request (ServerRescueNegativeTestJSON:tearDownClass): 404 GET http://10.180.1.21/compute/v2.1/servers/b4e392ba-2c92-4f9d-9997-2fc133559b81 3.260s
2024-10-23 14:46:21.989 60102 INFO tempest.lib.common.rest_client [req-9f592cbc-5afc-452a-bb53-cfcccdebbd4e req-9f592cbc-5afc-452a-bb53-cfcccdebbd4e ] Request (VolumesGetTestJSON:tearDownClass): 202 DELETE http://10.180.1.21/compute/v2.1/os-volumes/b7eadc8a-9fdf-4bbb-ab62-c53e8a000b26 3.290s
2024-10-23 14:46:22.090 60095 INFO tempest.lib.common.rest_client [req-21a324a6-70e3-444c-816f-d9feaf20aa71 req-21a324a6-70e3-444c-816f-d9feaf20aa71 ] Request (TestVersions:tearDownClass): 200 GET http://10.180.1.21:9696/networking/v2.0/security-groups?tenant_id=3c184050c8ea4ddaa7d3b738d0f7d874&name=default 0.774s
2024-10-23 14:46:22.185 60066 INFO tempest.lib.common.rest_client [req-8af4e7e1-c493-4551-9a38-43c9216db0fe req-8af4e7e1-c493-4551-9a38-43c9216db0fe ] Request (SecurityGroupsTestJSON:test_server_security_groups): 200 GET http://10.180.1.21/compute/v2.1/servers/5b59d527-232e-4ef1-bc83-4e8671607db1 3.616s
2024-10-23 14:46:22.210 60080 INFO tempest.lib.common.rest_client [req-70f38dbd-7e37-475e-afa7-952e730568df req-70f38dbd-7e37-475e-afa7-952e730568df ] Request (ServerActionsTestOtherB:tearDownClass): 202 DELETE http://10.180.1.21/compute/v2.1/os-keypairs/tempest-keypair-836080332 3.376s
2024-10-23 14:46:22.312 60084 INFO tempest.lib.common.rest_client [req-a34ea3e5-6edd-4dc0-a217-88ea70d239d2 req-a34ea3e5-6edd-4dc0-a217-88ea70d239d2 ] Request (ServersTestManualDisk:setUpClass): 201 POST http://10.180.1.21:9696/networking/v2.0/security-group-rules 0.604s
2024-10-23 14:46:22.420 60073 INFO tempest.lib.common.rest_client [req-e740a174-4cff-415b-b95d-dd3146f2a2c0 req-e740a174-4cff-415b-b95d-dd3146f2a2c0 ] Request (ServerShowV247Test:tearDownClass): 204 DELETE http://10.180.1.21/compute/v2.1/servers/c537a7d4-6618-4cfa-afd5-209b99692d65 3.583s
2024-10-23 14:46:22.618 60095 INFO tempest.lib.common.rest_client [req-bad5a664-287c-4399-8c00-67e892962f11 req-bad5a664-287c-4399-8c00-67e892962f11 ] Request (TestVersions:tearDownClass): 204 DELETE http://10.180.1.21:9696/networking/v2.0/security-groups/b648cf87-57d1-4b55-91fb-047dfc926b28 0.528s
2024-10-23 14:46:22.674 60095 INFO tempest.lib.common.rest_client [req-b3fb5b53-a7ec-4bbd-bd3d-b4a7d51bf36f req-b3fb5b53-a7ec-4bbd-bd3d-b4a7d51bf36f ] Request (TestVersions:tearDownClass): 204 DELETE http://10.180.1.21/identity/v3/projects/3c184050c8ea4ddaa7d3b738d0f7d874 0.055s
2024-10-23 14:46:22.676 60086 INFO tempest.lib.common.rest_client [req-e5dfa034-047c-4702-823b-b97712b667fc req-e5dfa034-047c-4702-823b-b97712b667fc ] Request (QuotasTestJSON:tearDownClass): 204 DELETE http://10.180.1.21:9696/networking/v2.0/security-groups/31041ebb-29de-4579-8798-96b3d7cb3bc1 0.820s
2024-10-23 14:46:22.707 60080 INFO tempest.lib.common.rest_client [req-a44f078b-9ef0-46e0-bc8a-8ec6e9efd782 req-a44f078b-9ef0-46e0-bc8a-8ec6e9efd782 ] Request (ServerActionsTestOtherB:tearDownClass): 204 DELETE http://10.180.1.21:9696/networking/v2.0/security-groups/e8f339d5-d700-4351-bd31-447f5d5d1472 0.496s
2024-10-23 14:46:22.758 60088 INFO tempest.lib.common.rest_client [req-c40719c3-0b2a-4a1c-b16f-fc73edc76426 req-c40719c3-0b2a-4a1c-b16f-fc73edc76426 ] Request (ServersTestJSON:tearDownClass): 204 DELETE http://10.180.1.21:9696/networking/v2.0/routers/daec46a6-04fe-4b93-a074-d4f23a8896c2 1.785s
2024-10-23 14:46:22.786 60086 INFO tempest.lib.common.rest_client [req-03867cd8-9239-4e8a-b4aa-6d00dbad3421 req-03867cd8-9239-4e8a-b4aa-6d00dbad3421 ] Request (QuotasTestJSON:tearDownClass): 204 DELETE http://10.180.1.21/identity/v3/projects/b8907a54e8bc4fa18a26503a4e5bf100 0.110s
2024-10-23 14:46:22.791 60080 INFO tempest.lib.common.rest_client [req-57d89ee6-5ae4-40dc-9aaa-9c64aba9fec3 req-57d89ee6-5ae4-40dc-9aaa-9c64aba9fec3 ] Request (ServerActionsTestOtherB:tearDownClass): 404 GET http://10.180.1.21:9696/networking/v2.0/security-groups/e8f339d5-d700-4351-bd31-447f5d5d1472 0.084s
2024-10-23 14:46:22.844 60084 INFO tempest.lib.common.rest_client [req-eaa9a9db-fe72-45c7-b451-ff74ca6d8b54 req-eaa9a9db-fe72-45c7-b451-ff74ca6d8b54 ] Request (ServersTestManualDisk:setUpClass): 201 POST http://10.180.1.21:9696/networking/v2.0/security-group-rules 0.532s
2024-10-23 14:46:23.296 60088 INFO tempest.lib.common.rest_client [req-343519bc-b545-48a2-8638-1dfe30cefe39 req-343519bc-b545-48a2-8638-1dfe30cefe39 ] Request (ServersTestJSON:tearDownClass): 204 DELETE http://10.180.1.21:9696/networking/v2.0/subnets/e86fa011-e12b-4f0a-a539-130127a90e07 0.537s
2024-10-23 14:46:23.656 60046 INFO tempest.lib.common.rest_client [req-789599d9-f56b-442a-8a42-a313d99e721a req-789599d9-f56b-442a-8a42-a313d99e721a ] Request (AttachInterfacesV270Test:test_create_get_list_interfaces): 202 POST http://10.180.1.21/compute/v2.1/servers 4.918s
2024-10-23 14:46:24.017 60078 INFO tempest.lib.common.rest_client [req-be677a60-0de5-4773-a7b5-14a6a49b8ad5 req-be677a60-0de5-4773-a7b5-14a6a49b8ad5 ] Request (ServersNegativeTestMultiTenantJSON:setUpClass): 201 POST http://10.180.1.21:9696/networking/v2.0/routers 4.017s
2024-10-23 14:46:24.034 60054 INFO tempest.lib.common.rest_client [req-5982f57f-94e2-4ede-9a1d-e83cf71740be req-5982f57f-94e2-4ede-9a1d-e83cf71740be ] Request (ServerDiskConfigTestJSON:test_rebuild_server_with_manual_disk_config): 202 POST http://10.180.1.21/compute/v2.1/servers 5.101s
2024-10-23 14:46:24.042 60096 INFO tempest.lib.common.rest_client [req-c1cfcc15-1048-4858-bbf5-255d98624a5d req-c1cfcc15-1048-4858-bbf5-255d98624a5d ] Request (DeleteServersTestJSON:test_delete_active_server): 200 GET http://10.180.1.21/compute/v2.1/servers/5ad1fabc-bae4-47cb-9b27-42c86c4b02e8 3.639s
2024-10-23 14:46:24.205 60080 INFO tempest.lib.common.rest_client [req-e0ba11d5-c828-4aed-b831-001e4ac2b983 req-e0ba11d5-c828-4aed-b831-001e4ac2b983 ] Request (ServerActionsTestOtherB:tearDownClass): 204 DELETE http://10.180.1.21:9696/networking/v2.0/floatingips/d71fb5ba-ebdb-44db-a074-1722f5c5a10d 1.413s
2024-10-23 14:46:24.880 60090 INFO tempest.lib.common.rest_client [req-351a22bd-9494-43d8-8f43-a244c82dba0a req-351a22bd-9494-43d8-8f43-a244c82dba0a ] Request (DeleteServersAdminTestJSON:test_delete_server_while_in_error_state): 202 POST http://10.180.1.21/compute/v2.1/servers 4.086s
2024-10-23 14:46:24.982 60088 INFO tempest.lib.common.rest_client [req-b6c83745-d11c-4af1-9f27-2ed36d56bb01 req-b6c83745-d11c-4af1-9f27-2ed36d56bb01 ] Request (ServersTestJSON:tearDownClass): 204 DELETE http://10.180.1.21:9696/networking/v2.0/networks/96112917-cfd4-4eb0-b245-5405f1c6e663 1.685s
2024-10-23 14:46:25.111 60088 INFO tempest.lib.common.rest_client [req-6ed15c32-deaa-44a0-8910-ae8ef167b063 req-6ed15c32-deaa-44a0-8910-ae8ef167b063 ] Request (ServersTestJSON:tearDownClass): 204 DELETE http://10.180.1.21/identity/v3/users/cf3f9c8945844e8080147a7af565fa00 0.129s
2024-10-23 14:46:25.112 60088 INFO tempest.lib.common.dynamic_creds [-] Deleting project and security group for project: ec42965ddd7548e7b0fa825f8192756b
2024-10-23 14:46:25.273 60088 INFO tempest.lib.common.rest_client [req-24931131-f321-429b-b34d-d0fb543e3ecf req-24931131-f321-429b-b34d-d0fb543e3ecf ] Request (ServersTestJSON:tearDownClass): 200 GET http://10.180.1.21:9696/networking/v2.0/security-groups?tenant_id=ec42965ddd7548e7b0fa825f8192756b&name=default 0.161s
2024-10-23 14:46:25.428 60052 INFO tempest.lib.common.rest_client [req-80f7aba2-05d5-4365-bd5c-68a3a2b20607 req-80f7aba2-05d5-4365-bd5c-68a3a2b20607 ] Request (ServersNegativeTestJSON:setUpClass): 200 PUT http://10.180.1.21:9696/networking/v2.0/routers/90a4fe62-26be-4954-890f-e3cf4ecc8c09/add_router_interface 5.196s
2024-10-23 14:46:25.428 60052 INFO tempest.lib.common.dynamic_creds [-] Created isolated network resources for: credentials: Credentials: {'domain_id': 'default', 'domain_name': 'Default', 'username': 'tempest-ServersNegativeTestJSON-1843437481-project-member', 'project_domain_id': 'default', 'project_domain_name': 'Default', 'project_id': '257f2e74ff3341ffbc4982cb07c324fa', 'project_name': 'tempest-ServersNegativeTestJSON-1843437481', 'tenant_id': '257f2e74ff3341ffbc4982cb07c324fa', 'tenant_name': 'tempest-ServersNegativeTestJSON-1843437481', 'user_domain_id': 'default', 'user_domain_name': 'Default', 'user_id': '108982ac95244915883daf6a6b4b7f35', 'system': None}, Network: {'id': '9377365f-74a1-47e8-a9f4-45d8bb0fbf38', 'name': 'tempest-ServersNegativeTestJSON-1765069706-network', 'tenant_id': '257f2e74ff3341ffbc4982cb07c324fa', 'admin_state_up': True, 'mtu': 8950, 'status': 'ACTIVE', 'subnets': [], 'shared': False, 'project_id': '257f2e74ff3341ffbc4982cb07c324fa', 'port_security_enabled': True, 'router:external': False, 'provider:network_type': 'vlan', 'provider:physical_network': 'default', 'provider:segmentation_id': 377, 'is_default': False, 'availability_zone_hints': [], 'availability_zones': [], 'ipv4_address_scope': None, 'ipv6_address_scope': None, 'description': '', 'tags': [], 'created_at': '2024-10-23T14:46:14Z', 'updated_at': '2024-10-23T14:46:14Z', 'revision_number': 1}, Subnet: {'id': 'c9f651f7-7af0-49dc-a817-253c8f21b1fc', 'name': 'tempest-ServersNegativeTestJSON-1765069706-subnet', 'tenant_id': '257f2e74ff3341ffbc4982cb07c324fa', 'network_id': '9377365f-74a1-47e8-a9f4-45d8bb0fbf38', 'ip_version': 4, 'subnetpool_id': None, 'enable_dhcp': True, 'ipv6_ra_mode': None, 'ipv6_address_mode': None, 'gateway_ip': '192.168.128.1', 'cidr': '192.168.128.0/28', 'allocation_pools': [{'start': '192.168.128.2', 'end': '192.168.128.14'}], 'host_routes': [], 'dns_nameservers': [], 'description': '', 'service_types': [], 'tags': [], 'created_at': '2024-10-23T14:46:15Z', 'updated_at': '2024-10-23T14:46:15Z', 'revision_number': 0, 'project_id': '257f2e74ff3341ffbc4982cb07c324fa'}, Router: {'id': '90a4fe62-26be-4954-890f-e3cf4ecc8c09', 'name': 'tempest-ServersNegativeTestJSON-1765069706-router', 'tenant_id': '257f2e74ff3341ffbc4982cb07c324fa', 'admin_state_up': True, 'status': 'ACTIVE', 'external_gateway_info': {'network_id': '436acce0-697d-44fe-86ae-a1d7b3f16f18', 'external_fixed_ips': [{'subnet_id': '2b741774-8702-4a95-8ac3-4fb79823d64a', 'ip_address': '10.180.180.215'}], 'enable_snat': True}, 'description': '', 'availability_zones': [], 'distributed': False, 'ha': False, 'availability_zone_hints': [], 'routes': [], 'flavor_id': None, 'tags': [], 'created_at': '2024-10-23T14:46:16Z', 'updated_at': '2024-10-23T14:46:18Z', 'revision_number': 2, 'project_id': '257f2e74ff3341ffbc4982cb07c324fa'}
2024-10-23 14:46:25.530 60052 INFO tempest.lib.common.rest_client [req-9793f867-61ed-4259-b52f-a4549217e41b req-9793f867-61ed-4259-b52f-a4549217e41b ] Request (ServersNegativeTestJSON:setUpClass): 201 POST http://10.180.1.21/identity/v3/auth/tokens 0.098s
2024-10-23 14:46:25.562 60052 INFO tempest.lib.common.rest_client [req-8317336f-b74e-4273-aced-fc23d1b33727 req-8317336f-b74e-4273-aced-fc23d1b33727 ] Request (ServersNegativeTestJSON:setUpClass): 201 POST http://10.180.1.21/identity/v3/auth/tokens 0.027s
2024-10-23 14:46:25.563 60052 INFO tempest.lib.common.fixed_network [-] (ServersNegativeTestJSON:setUpClass) Found network {'id': '9377365f-74a1-47e8-a9f4-45d8bb0fbf38', 'name': 'tempest-ServersNegativeTestJSON-1765069706-network', 'tenant_id': '257f2e74ff3341ffbc4982cb07c324fa', 'admin_state_up': True, 'mtu': 8950, 'status': 'ACTIVE', 'subnets': [], 'shared': False, 'project_id': '257f2e74ff3341ffbc4982cb07c324fa', 'port_security_enabled': True, 'router:external': False, 'provider:network_type': 'vlan', 'provider:physical_network': 'default', 'provider:segmentation_id': 377, 'is_default': False, 'availability_zone_hints': [], 'availability_zones': [], 'ipv4_address_scope': None, 'ipv6_address_scope': None, 'description': '', 'tags': [], 'created_at': '2024-10-23T14:46:14Z', 'updated_at': '2024-10-23T14:46:14Z', 'revision_number': 1} available for tenant
2024-10-23 14:46:25.778 60082 INFO tempest.lib.common.rest_client [req-e660ca01-cd34-49b2-9484-f1fe96babf79 req-e660ca01-cd34-49b2-9484-f1fe96babf79 ] Request (SecurityGroupRulesTestJSON:test_security_group_rules_list): 200 POST http://10.180.1.21/compute/v2.1/os-security-group-rules 4.834s
2024-10-23 14:46:25.830 60050 INFO tempest.lib.common.rest_client [req-04c163ce-fe5a-4ab4-bc7e-68ea6ab51651 req-04c163ce-fe5a-4ab4-bc7e-68ea6ab51651 ] Request (VolumesTestJSON:test_volume_list_with_detail_param_offset_and_limit): 200 GET http://10.180.1.21/compute/v2.1/os-volumes/detail?offset=1&limit=1 4.875s
2024-10-23 14:46:25.834 60048 INFO tempest.lib.common.rest_client [req-5ce79740-5ecf-4135-a53c-f8406840d986 req-5ce79740-5ecf-4135-a53c-f8406840d986 ] Request (VolumesNegativeTest:test_delete_volume_without_passing_volume_id): 404 DELETE http://10.180.1.21/compute/v2.1/os-volumes/ 4.864s
2024-10-23 14:46:25.859 60056 INFO tempest.lib.common.rest_client [req-6f5d27c3-513f-4540-bf5c-e1cb8f3e8508 req-6f5d27c3-513f-4540-bf5c-e1cb8f3e8508 ] Request (ListServersNegativeTestJSON:setUpClass): 404 GET http://10.180.1.21/compute/v2.1/servers/f2071807-f1ec-42bd-9f52-5eca825e59d2 4.887s
2024-10-23 14:46:25.860 60056 INFO tempest.test [-] raised in ListServersNegativeTestJSON.setUpClass. Invoking tearDownClass.
2024-10-23 14:46:26.009 60088 INFO tempest.lib.common.rest_client [req-6167a610-2c48-41c9-8302-5d62fca729ec req-6167a610-2c48-41c9-8302-5d62fca729ec ] Request (ServersTestJSON:tearDownClass): 204 DELETE http://10.180.1.21:9696/networking/v2.0/security-groups/e8025721-2da5-42b3-8049-5b3afe572c41 0.735s
2024-10-23 14:46:26.035 60084 INFO tempest.lib.common.rest_client [req-47fb8b5d-e385-4c3c-b0a8-97954aacf29f req-47fb8b5d-e385-4c3c-b0a8-97954aacf29f ] Request (ServersTestManualDisk:setUpClass): 201 POST http://10.180.1.21:9696/networking/v2.0/floatingips 3.190s
2024-10-23 14:46:26.114 60084 INFO tempest.lib.common.rest_client [req-271d3da1-ee63-40c0-ba08-972b25a79c1f req-271d3da1-ee63-40c0-ba08-972b25a79c1f ] Request (ServersTestManualDisk:setUpClass): 201 POST http://10.180.1.21/identity/v3/auth/tokens 0.075s
2024-10-23 14:46:26.114 60084 INFO tempest.lib.common.fixed_network [-] (ServersTestManualDisk:setUpClass) Found network {'id': '7db92ecc-ca72-489e-bca2-6f8724e9670c', 'name': 'tempest-ServersTestManualDisk-465297625-network', 'tenant_id': '6f4d626262ba4bdf905536d0a5919b61', 'admin_state_up': True, 'mtu': 8950, 'status': 'ACTIVE', 'subnets': [], 'shared': False, 'project_id': '6f4d626262ba4bdf905536d0a5919b61', 'port_security_enabled': True, 'router:external': False, 'provider:network_type': 'vlan', 'provider:physical_network': 'default', 'provider:segmentation_id': 254, 'is_default': False, 'availability_zone_hints': [], 'availability_zones': [], 'ipv4_address_scope': None, 'ipv6_address_scope': None, 'description': '', 'tags': [], 'created_at': '2024-10-23T14:46:10Z', 'updated_at': '2024-10-23T14:46:11Z', 'revision_number': 1} available for tenant
2024-10-23 14:46:26.116 60088 INFO tempest.lib.common.rest_client [req-949b0c42-de87-4851-93e4-01c695192e65 req-949b0c42-de87-4851-93e4-01c695192e65 ] Request (ServersTestJSON:tearDownClass): 204 DELETE http://10.180.1.21/identity/v3/projects/ec42965ddd7548e7b0fa825f8192756b 0.107s
2024-10-23 14:46:26.127 60058 INFO tempest.lib.common.rest_client [req-d7241a28-3ccd-4435-80c4-8e33c8c52545 req-d7241a28-3ccd-4435-80c4-8e33c8c52545 ] Request (FloatingIPsAssociationTestJSON:setUpClass): 204 DELETE http://10.180.1.21/compute/v2.1/servers/39a71a25-3fb7-4fbf-a778-a3fe135dc3c1 5.062s
2024-10-23 14:46:26.138 60064 INFO tempest.lib.common.rest_client [req-8be1df91-344e-4625-bf2f-2250a4b99c6a req-8be1df91-344e-4625-bf2f-2250a4b99c6a ] Request (FlavorsAdminTestJSON:_run_cleanups): 202 DELETE http://10.180.1.21/compute/v2.1/flavors/677750708 5.053s
2024-10-23 14:46:26.595 60104 INFO tempest.lib.common.rest_client [req-93b5f9a8-58ac-49c1-9f5b-5147203a37fe req-93b5f9a8-58ac-49c1-9f5b-5147203a37fe ] Request (ServerGroupTestJSON:tearDownClass): 200 PUT http://10.180.1.21:9696/networking/v2.0/routers/9ef6c057-8045-4cff-82de-ac5ac77d9fb4/remove_router_interface 4.930s
2024-10-23 14:46:27.098 60070 INFO tempest.lib.common.rest_client [req-9d2aff43-5fee-4f87-a855-3038ca73a16f req-9d2aff43-5fee-4f87-a855-3038ca73a16f ] Request (ServerRescueNegativeTestJSON:tearDownClass): 200 PUT http://10.180.1.21:9696/networking/v2.0/routers/72b78d6f-7724-425a-bd42-dee0a68f2856/remove_router_interface 5.164s
2024-10-23 14:46:27.135 60100 INFO tempest.lib.common.rest_client [req-09bf737d-2555-440e-8598-23502fc37f71 req-09bf737d-2555-440e-8598-23502fc37f71 ] Request (FloatingIPsTestJSON:test_delete_floating_ip): 200 POST http://10.180.1.21/compute/v2.1/os-floating-ips 6.454s
2024-10-23 14:46:27.258 60060 INFO tempest.lib.common.rest_client [req-200ece7b-173a-4363-bfa3-2adc04ef4977 req-200ece7b-173a-4363-bfa3-2adc04ef4977 ] Request (QuotasAdminTestJSON:test_delete_quota): 200 GET http://10.180.1.21/compute/v2.1/os-quota-sets/d6dd0bf4dd5744cebadf129eb9407e7e 5.764s
2024-10-23 14:46:27.349 60068 INFO tempest.lib.common.rest_client [req-02b6c010-27a1-4f15-be51-bcc68bdf9e34 req-02b6c010-27a1-4f15-be51-bcc68bdf9e34 ] Request (ServersAdmin275Test:test_rebuild_update_server_275): 200 GET http://10.180.1.21/compute/v2.1/servers/11f468ba-a807-4490-9dd5-58eaad007865 5.537s
2024-10-23 14:46:27.441 60076 INFO tempest.lib.common.rest_client [req-ba9433d5-40ed-420a-80e4-40b53e05a711 req-ba9433d5-40ed-420a-80e4-40b53e05a711 ] Request (ServersAaction247Test:test_create_backup): 200 GET http://10.180.1.21/compute/v2.1/servers/5c575e05-5a7c-49b8-b914-9b4a4e347bfc 5.530s
2024-10-23 14:46:27.459 60044 INFO tempest.lib.common.rest_client [req-ec04ea23-ade0-411a-a717-3becf32d7b7b req-ec04ea23-ade0-411a-a717-3becf32d7b7b ] Request (ImagesOneServerTestJSON:setUpClass): 404 GET http://10.180.1.21/compute/v2.1/servers/56ff71b7-3b44-4860-8ce8-8b75757a569c 5.547s
2024-10-23 14:46:27.459 60044 INFO tempest.test [-] raised in ImagesOneServerTestJSON.setUpClass. Invoking tearDownClass.
2024-10-23 14:46:27.487 60102 INFO tempest.lib.common.rest_client [req-49794125-a2e4-4f8a-af0c-a225e0707d8a req-49794125-a2e4-4f8a-af0c-a225e0707d8a ] Request (VolumesGetTestJSON:tearDownClass): 404 GET http://10.180.1.21/compute/v2.1/os-volumes/b7eadc8a-9fdf-4bbb-ab62-c53e8a000b26 5.498s
2024-10-23 14:46:27.519 60062 INFO tempest.lib.common.rest_client [req-94b330c4-ecff-4ffd-bb83-bde2e7c2fd79 req-94b330c4-ecff-4ffd-bb83-bde2e7c2fd79 ] Request (InstanceActionsNegativeTestJSON:setUpClass): 202 POST http://10.180.1.21/compute/v2.1/servers 6.143s
2024-10-23 14:46:27.535 60073 INFO tempest.lib.common.rest_client [req-8964dc73-c034-4233-b8c8-a0c79c1c897f req-8964dc73-c034-4233-b8c8-a0c79c1c897f ] Request (ServerShowV247Test:tearDownClass): 404 GET http://10.180.1.21/compute/v2.1/servers/c537a7d4-6618-4cfa-afd5-209b99692d65 5.114s
2024-10-23 14:46:27.581 60106 INFO tempest.lib.common.rest_client [req-8a082a4f-2c76-4810-bb25-b29a07f9cfa0 req-8a082a4f-2c76-4810-bb25-b29a07f9cfa0 ] Request (ServerShowV254Test:test_rebuild_server): 200 GET http://10.180.1.21/compute/v2.1/servers/b7ab8792-137d-4053-9df9-3d560aa5e411 5.389s
2024-10-23 14:46:27.589 60102 INFO tempest.lib.common.rest_client [req-27891756-0338-4d3e-9d28-1c441d9b7c0b req-27891756-0338-4d3e-9d28-1c441d9b7c0b ] Request (VolumesGetTestJSON:tearDownClass): 204 DELETE http://10.180.1.21/identity/v3/users/4c27a155dbb943cca3feeef38d6147b7 0.102s
2024-10-23 14:46:27.590 60102 INFO tempest.lib.common.dynamic_creds [-] Deleting project and security group for project: 6e5f8141747f415a931989cb9efc0bf4
2024-10-23 14:46:27.636 60098 INFO tempest.lib.common.rest_client [req-9d984638-16fb-441e-b724-173debf18740 req-9d984638-16fb-441e-b724-173debf18740 ] Request (ServerRescueTestJSONUnderV235:setUpClass): 200 GET http://10.180.1.21/compute/v2.1/servers/37331817-f277-4f32-8d5a-11e1cf63f2b7 4.982s
2024-10-23 14:46:27.650 60102 INFO tempest.lib.common.rest_client [req-a5892837-1811-4307-896c-e4af32d14151 req-a5892837-1811-4307-896c-e4af32d14151 ] Request (VolumesGetTestJSON:tearDownClass): 201 POST http://10.180.1.21/identity/v3/auth/tokens 0.060s
2024-10-23 14:46:27.669 60092 INFO tempest.lib.common.rest_client [req-eb059628-5064-499c-99a2-bae4d1bdfba5 req-eb059628-5064-499c-99a2-bae4d1bdfba5 ] Request (AttachInterfacesTestJSON:test_create_list_show_delete_interfaces_by_network_port): 200 GET http://10.180.1.21/compute/v2.1/servers/67b01666-6233-4af8-a0ec-a4e938b82606 4.990s
2024-10-23 14:46:27.676 60092 INFO tempest.common.waiters [-] State transition "BUILD/spawning" ==> "ERROR/None" after 11 second wait
2024-10-23 14:46:28.124 60080 INFO tempest.lib.common.rest_client [req-8567a9bc-5511-479b-bc3a-b829f7c78cdd req-8567a9bc-5511-479b-bc3a-b829f7c78cdd ] Request (ServerActionsTestOtherB:tearDownClass): 200 PUT http://10.180.1.21:9696/networking/v2.0/routers/9fafbdd2-7b57-447f-867a-19b5e8c93d99/remove_router_interface 3.918s
2024-10-23 14:46:28.347 60066 INFO tempest.lib.common.rest_client [req-51519cc8-eeda-401d-889a-123231377d49 req-51519cc8-eeda-401d-889a-123231377d49 ] Request (SecurityGroupsTestJSON:test_server_security_groups): 200 GET http://10.180.1.21/compute/v2.1/servers/5b59d527-232e-4ef1-bc83-4e8671607db1 5.154s
2024-10-23 14:46:28.356 60046 INFO tempest.lib.common.rest_client [req-61a34572-b524-4940-9c2c-d9fbf335e283 req-61a34572-b524-4940-9c2c-d9fbf335e283 ] Request (AttachInterfacesV270Test:test_create_get_list_interfaces): 200 GET http://10.180.1.21/compute/v2.1/servers/db69e0d0-724b-4a87-80f5-390cfc395ee9 4.699s
2024-10-23 14:46:28.476 60090 INFO tempest.lib.common.rest_client [req-76e99c2c-4e29-4230-a5bb-ef516f45cdc9 req-76e99c2c-4e29-4230-a5bb-ef516f45cdc9 ] Request (DeleteServersAdminTestJSON:test_delete_server_while_in_error_state): 200 GET http://10.180.1.21/compute/v2.1/servers/40115f76-28d8-4f39-9dca-59401f52f22f 3.594s
2024-10-23 14:46:28.596 60104 INFO tempest.lib.common.rest_client [req-53922668-c3e6-4ffe-97d9-3694544da330 req-53922668-c3e6-4ffe-97d9-3694544da330 ] Request (ServerGroupTestJSON:tearDownClass): 204 DELETE http://10.180.1.21:9696/networking/v2.0/routers/9ef6c057-8045-4cff-82de-ac5ac77d9fb4 2.001s
2024-10-23 14:46:28.629 60102 INFO tempest.lib.common.rest_client [req-e002b5d5-c2fc-4384-a997-6d8326218dfb req-e002b5d5-c2fc-4384-a997-6d8326218dfb ] Request (VolumesGetTestJSON:tearDownClass): 200 GET http://10.180.1.21:9696/networking/v2.0/security-groups?tenant_id=6e5f8141747f415a931989cb9efc0bf4&name=default 0.979s
2024-10-23 14:46:28.892 60054 INFO tempest.lib.common.rest_client [req-0a122739-b1e2-43a7-87bf-40aa8b7d1145 req-0a122739-b1e2-43a7-87bf-40aa8b7d1145 ] Request (ServerDiskConfigTestJSON:test_rebuild_server_with_manual_disk_config): 200 GET http://10.180.1.21/compute/v2.1/servers/29c85bbf-553e-4b82-ad7c-5341ffc5af63 4.856s
2024-10-23 14:46:29.136 60096 INFO tempest.lib.common.rest_client [req-8edfde2b-db99-4d8d-bb22-d31549d81e8b req-8edfde2b-db99-4d8d-bb22-d31549d81e8b ] Request (DeleteServersTestJSON:test_delete_active_server): 200 GET http://10.180.1.21/compute/v2.1/servers/5ad1fabc-bae4-47cb-9b27-42c86c4b02e8 4.086s
2024-10-23 14:46:29.195 60102 INFO tempest.lib.common.rest_client [req-5bb4c843-58f1-43bd-a6be-93a0a7a9ebe6 req-5bb4c843-58f1-43bd-a6be-93a0a7a9ebe6 ] Request (VolumesGetTestJSON:tearDownClass): 204 DELETE http://10.180.1.21:9696/networking/v2.0/security-groups/0bb15b50-0022-4b27-bc58-1634775857d0 0.565s
2024-10-23 14:46:29.260 60102 INFO tempest.lib.common.rest_client [req-262b4e19-8eef-45d2-846f-44b58cea92ec req-262b4e19-8eef-45d2-846f-44b58cea92ec ] Request (VolumesGetTestJSON:tearDownClass): 204 DELETE http://10.180.1.21/identity/v3/projects/6e5f8141747f415a931989cb9efc0bf4 0.065s
2024-10-23 14:46:29.584 60082 INFO tempest.lib.common.rest_client [req-e039861f-e3e9-42c5-b133-b7a002e8433d req-e039861f-e3e9-42c5-b133-b7a002e8433d ] Request (SecurityGroupRulesTestJSON:test_security_group_rules_list): 200 POST http://10.180.1.21/compute/v2.1/os-security-group-rules 3.803s
2024-10-23 14:46:29.628 60050 INFO tempest.lib.common.rest_client [req-e07dae73-7f92-4c85-9a6b-da32d4bf4e08 req-e07dae73-7f92-4c85-9a6b-da32d4bf4e08 ] Request (VolumesTestJSON:test_volume_list_with_details): 200 GET http://10.180.1.21/compute/v2.1/os-volumes/detail 3.795s
2024-10-23 14:46:29.633 60048 INFO tempest.lib.common.rest_client [req-1dcf455c-6d64-4666-be0c-d1beef81ff0a req-1dcf455c-6d64-4666-be0c-d1beef81ff0a ] Request (VolumesNegativeTest:test_get_volume_without_passing_volume_id): 404 GET http://10.180.1.21/compute/v2.1/os-volumes/ 3.798s
2024-10-23 14:46:29.674 60050 INFO tempest.lib.common.rest_client [req-9d65afb9-ad3a-4392-9532-05525e61d07e req-9d65afb9-ad3a-4392-9532-05525e61d07e ] Request (VolumesTestJSON:tearDownClass): 202 DELETE http://10.180.1.21/volume/v3/269ea7efed204ca1a9de3468d34889cd/volumes/09c63d47-c9db-40ef-a5bb-381430f169c2 0.039s
2024-10-23 14:46:29.696 60050 INFO tempest.lib.common.rest_client [req-b95bb6c8-f9a5-4498-9488-28b08ff11b39 req-b95bb6c8-f9a5-4498-9488-28b08ff11b39 ] Request (VolumesTestJSON:tearDownClass): 200 GET http://10.180.1.21/volume/v3/269ea7efed204ca1a9de3468d34889cd/volumes/09c63d47-c9db-40ef-a5bb-381430f169c2 0.022s
2024-10-23 14:46:29.827 60104 INFO tempest.lib.common.rest_client [req-b2b34f2d-5c7f-4676-925c-ec12bec9c5dc req-b2b34f2d-5c7f-4676-925c-ec12bec9c5dc ] Request (ServerGroupTestJSON:tearDownClass): 204 DELETE http://10.180.1.21:9696/networking/v2.0/subnets/38b810f8-70a9-471e-b7cc-b4787c4b5d73 1.230s
2024-10-23 14:46:29.893 60052 INFO tempest.lib.common.rest_client [req-c1d11cad-307c-40df-932b-ba04eaee1bd5 req-c1d11cad-307c-40df-932b-ba04eaee1bd5 ] Request (ServersNegativeTestJSON:setUpClass): 202 POST http://10.180.1.21/compute/v2.1/servers 4.329s
2024-10-23 14:46:29.922 60058 INFO tempest.lib.common.rest_client [req-9ace3308-41ee-4f6d-98f9-ddf74aca354b req-9ace3308-41ee-4f6d-98f9-ddf74aca354b ] Request (FloatingIPsAssociationTestJSON:setUpClass): 404 GET http://10.180.1.21/compute/v2.1/servers/39a71a25-3fb7-4fbf-a778-a3fe135dc3c1 3.795s
2024-10-23 14:46:29.922 60058 INFO tempest.test [-] raised in FloatingIPsAssociationTestJSON.setUpClass. Invoking tearDownClass.
2024-10-23 14:46:29.935 60064 INFO tempest.lib.common.rest_client [req-36f42ca3-224f-43f0-91b7-8ca48c62028c req-36f42ca3-224f-43f0-91b7-8ca48c62028c ] Request (FlavorsAdminTestJSON:_run_cleanups): 200 GET http://10.180.1.21/compute/v2.1/flavors/detail 3.797s
2024-10-23 14:46:30.372 60070 INFO tempest.lib.common.rest_client [req-40077851-125e-424c-a087-5ea261dfec03 req-40077851-125e-424c-a087-5ea261dfec03 ] Request (ServerRescueNegativeTestJSON:tearDownClass): 204 DELETE http://10.180.1.21:9696/networking/v2.0/routers/72b78d6f-7724-425a-bd42-dee0a68f2856 3.273s
2024-10-23 14:46:30.718 60050 INFO tempest.lib.common.rest_client [req-fd4c43c2-7e18-49ab-a90c-48a8a9736622 req-fd4c43c2-7e18-49ab-a90c-48a8a9736622 ] Request (VolumesTestJSON:tearDownClass): 404 GET http://10.180.1.21/volume/v3/269ea7efed204ca1a9de3468d34889cd/volumes/09c63d47-c9db-40ef-a5bb-381430f169c2 0.015s
2024-10-23 14:46:30.753 60050 INFO tempest.lib.common.rest_client [req-d4afa53b-1b00-4052-96c6-e8608d27656b req-d4afa53b-1b00-4052-96c6-e8608d27656b ] Request (VolumesTestJSON:tearDownClass): 202 DELETE http://10.180.1.21/volume/v3/269ea7efed204ca1a9de3468d34889cd/volumes/e96a7ae8-ec8a-4c38-9e93-0ce3d6c34600 0.034s
2024-10-23 14:46:30.778 60050 INFO tempest.lib.common.rest_client [req-d98d1a0f-5a6e-49ec-987d-c094887c0dc8 req-d98d1a0f-5a6e-49ec-987d-c094887c0dc8 ] Request (VolumesTestJSON:tearDownClass): 200 GET http://10.180.1.21/volume/v3/269ea7efed204ca1a9de3468d34889cd/volumes/e96a7ae8-ec8a-4c38-9e93-0ce3d6c34600 0.025s
2024-10-23 14:46:31.094 60044 INFO tempest.lib.common.rest_client [req-8721c4e8-4756-4267-a9ce-0aaf0b7658ab req-8721c4e8-4756-4267-a9ce-0aaf0b7658ab ] Request (ImagesOneServerTestJSON:tearDownClass): 200 PUT http://10.180.1.21:9696/networking/v2.0/routers/06f85285-689f-4c93-a3ce-8c6385cdc4ec/remove_router_interface 3.634s
2024-10-23 14:46:31.127 60070 INFO tempest.lib.common.rest_client [req-120e0431-9d52-40f2-8143-9fe2647824a7 req-120e0431-9d52-40f2-8143-9fe2647824a7 ] Request (ServerRescueNegativeTestJSON:tearDownClass): 204 DELETE http://10.180.1.21:9696/networking/v2.0/subnets/ddce56de-b4be-4a3e-833d-a0619fa5736f 0.755s
2024-10-23 14:46:31.180 60104 INFO tempest.lib.common.rest_client [req-a206e76c-2006-4267-b2a9-1c04025fb409 req-a206e76c-2006-4267-b2a9-1c04025fb409 ] Request (ServerGroupTestJSON:tearDownClass): 204 DELETE http://10.180.1.21:9696/networking/v2.0/networks/184bf003-b031-4310-bafc-c35d244251a5 1.352s
2024-10-23 14:46:31.266 60104 INFO tempest.lib.common.rest_client [req-036129b3-aeb9-40e3-b2e3-05981a31b712 req-036129b3-aeb9-40e3-b2e3-05981a31b712 ] Request (ServerGroupTestJSON:tearDownClass): 204 DELETE http://10.180.1.21/identity/v3/users/bdbe73f0f8cc489f9cdbe1a7c2f3def8 0.086s
2024-10-23 14:46:31.266 60104 INFO tempest.lib.common.dynamic_creds [-] Deleting project and security group for project: a4ee395f80c2406b9947c9b98c49aa19
2024-10-23 14:46:31.402 60080 INFO tempest.lib.common.rest_client [req-b93e2479-f35c-4810-b8b7-777b5981a8c9 req-b93e2479-f35c-4810-b8b7-777b5981a8c9 ] Request (ServerActionsTestOtherB:tearDownClass): 204 DELETE http://10.180.1.21:9696/networking/v2.0/routers/9fafbdd2-7b57-447f-867a-19b5e8c93d99 3.278s
2024-10-23 14:46:31.492 60084 INFO tempest.lib.common.rest_client [req-e3feb433-423a-40b9-872b-b16336325131 req-e3feb433-423a-40b9-872b-b16336325131 ] Request (ServersTestManualDisk:setUpClass): 202 POST http://10.180.1.21/compute/v2.1/servers 5.377s
2024-10-23 14:46:31.579 60104 INFO tempest.lib.common.rest_client [req-cc259f7e-48ca-48c8-8442-e43a8a53e3e6 req-cc259f7e-48ca-48c8-8442-e43a8a53e3e6 ] Request (ServerGroupTestJSON:tearDownClass): 200 GET http://10.180.1.21:9696/networking/v2.0/security-groups?tenant_id=a4ee395f80c2406b9947c9b98c49aa19&name=default 0.313s
2024-10-23 14:46:31.620 60078 INFO tempest.lib.common.rest_client [req-f4ccd397-7d62-4e60-9e56-7d794822b242 req-f4ccd397-7d62-4e60-9e56-7d794822b242 ] Request (ServersNegativeTestMultiTenantJSON:setUpClass): 200 PUT http://10.180.1.21:9696/networking/v2.0/routers/8c81a8ed-774d-497f-aead-ee28d488a7bf/add_router_interface 7.602s
2024-10-23 14:46:31.620 60078 INFO tempest.lib.common.dynamic_creds [-] Created isolated network resources for: credentials: Credentials: {'domain_id': 'default', 'domain_name': 'Default', 'username': 'tempest-ServersNegativeTestMultiTenantJSON-1541508953-project-member', 'project_domain_id': 'default', 'project_domain_name': 'Default', 'project_id': '406e28fcc9d649beada5571887a1f23e', 'project_name': 'tempest-ServersNegativeTestMultiTenantJSON-1541508953', 'tenant_id': '406e28fcc9d649beada5571887a1f23e', 'tenant_name': 'tempest-ServersNegativeTestMultiTenantJSON-1541508953', 'user_domain_id': 'default', 'user_domain_name': 'Default', 'user_id': 'e524c9c977be46f9a865188f8019aa09', 'system': None}, Network: {'id': '8f8968d4-964e-4195-b5af-a7b48e6d5df7', 'name': 'tempest-ServersNegativeTestMultiTenantJSON-1660281244-network', 'tenant_id': '406e28fcc9d649beada5571887a1f23e', 'admin_state_up': True, 'mtu': 8950, 'status': 'ACTIVE', 'subnets': [], 'shared': False, 'project_id': '406e28fcc9d649beada5571887a1f23e', 'port_security_enabled': True, 'router:external': False, 'provider:network_type': 'vlan', 'provider:physical_network': 'default', 'provider:segmentation_id': 709, 'is_default': False, 'availability_zone_hints': [], 'availability_zones': [], 'ipv4_address_scope': None, 'ipv6_address_scope': None, 'description': '', 'tags': [], 'created_at': '2024-10-23T14:46:18Z', 'updated_at': '2024-10-23T14:46:18Z', 'revision_number': 1}, Subnet: {'id': 'ee23c44d-adc7-473f-88ce-078fa2da4171', 'name': 'tempest-ServersNegativeTestMultiTenantJSON-1660281244-subnet', 'tenant_id': '406e28fcc9d649beada5571887a1f23e', 'network_id': '8f8968d4-964e-4195-b5af-a7b48e6d5df7', 'ip_version': 4, 'subnetpool_id': None, 'enable_dhcp': True, 'ipv6_ra_mode': None, 'ipv6_address_mode': None, 'gateway_ip': '192.168.128.1', 'cidr': '192.168.128.0/28', 'allocation_pools': [{'start': '192.168.128.2', 'end': '192.168.128.14'}], 'host_routes': [], 'dns_nameservers': [], 'description': '', 'service_types': [], 'tags': [], 'created_at': '2024-10-23T14:46:18Z', 'updated_at': '2024-10-23T14:46:18Z', 'revision_number': 0, 'project_id': '406e28fcc9d649beada5571887a1f23e'}, Router: {'id': '8c81a8ed-774d-497f-aead-ee28d488a7bf', 'name': 'tempest-ServersNegativeTestMultiTenantJSON-1660281244-router', 'tenant_id': '406e28fcc9d649beada5571887a1f23e', 'admin_state_up': True, 'status': 'ACTIVE', 'external_gateway_info': {'network_id': '436acce0-697d-44fe-86ae-a1d7b3f16f18', 'external_fixed_ips': [{'subnet_id': '2b741774-8702-4a95-8ac3-4fb79823d64a', 'ip_address': '10.180.180.174'}], 'enable_snat': True}, 'description': '', 'availability_zones': [], 'distributed': False, 'ha': False, 'availability_zone_hints': [], 'routes': [], 'flavor_id': None, 'tags': [], 'created_at': '2024-10-23T14:46:20Z', 'updated_at': '2024-10-23T14:46:22Z', 'revision_number': 2, 'project_id': '406e28fcc9d649beada5571887a1f23e'}
2024-10-23 14:46:31.647 60060 INFO tempest.lib.common.rest_client [req-24b94290-79f1-41ed-9ba5-691d61cde3bd req-24b94290-79f1-41ed-9ba5-691d61cde3bd ] Request (QuotasAdminTestJSON:test_delete_quota): 200 PUT http://10.180.1.21/compute/v2.1/os-quota-sets/d6dd0bf4dd5744cebadf129eb9407e7e 4.388s
2024-10-23 14:46:31.702 60078 INFO tempest.lib.common.rest_client [req-8b9ff1ae-4119-4c25-8d7d-5d4e9d81a3d2 req-8b9ff1ae-4119-4c25-8d7d-5d4e9d81a3d2 ] Request (ServersNegativeTestMultiTenantJSON:setUpClass): 201 POST http://10.180.1.21/identity/v3/auth/tokens 0.075s
2024-10-23 14:46:31.772 60078 INFO tempest.lib.common.rest_client [req-2d833600-ebe0-468c-acc5-94d6f1444523 req-2d833600-ebe0-468c-acc5-94d6f1444523 ] Request (ServersNegativeTestMultiTenantJSON:setUpClass): 201 POST http://10.180.1.21/identity/v3/auth/tokens 0.066s
2024-10-23 14:46:31.772 60078 INFO tempest.lib.common.fixed_network [-] (ServersNegativeTestMultiTenantJSON:setUpClass) Found network {'id': 'c3f9d9b9-204c-4057-8c27-1e5002100620', 'name': 'tempest-ServersNegativeTestMultiTenantJSON-319957685-network', 'tenant_id': 'b868df8009cd4d07b50856808eceb007', 'admin_state_up': True, 'mtu': 8950, 'status': 'ACTIVE', 'subnets': [], 'shared': False, 'project_id': 'b868df8009cd4d07b50856808eceb007', 'port_security_enabled': True, 'router:external': False, 'provider:network_type': 'vlan', 'provider:physical_network': 'default', 'provider:segmentation_id': 658, 'is_default': False, 'availability_zone_hints': [], 'availability_zones': [], 'ipv4_address_scope': None, 'ipv6_address_scope': None, 'description': '', 'tags': [], 'created_at': '2024-10-23T14:46:12Z', 'updated_at': '2024-10-23T14:46:13Z', 'revision_number': 1} available for tenant
2024-10-23 14:46:31.800 60050 INFO tempest.lib.common.rest_client [req-d5ec5d80-9c15-48cd-bc98-194311e136db req-d5ec5d80-9c15-48cd-bc98-194311e136db ] Request (VolumesTestJSON:tearDownClass): 404 GET http://10.180.1.21/volume/v3/269ea7efed204ca1a9de3468d34889cd/volumes/e96a7ae8-ec8a-4c38-9e93-0ce3d6c34600 0.014s
2024-10-23 14:46:31.839 60050 INFO tempest.lib.common.rest_client [req-b8f04a63-8aec-4818-9f59-6026393dada1 req-b8f04a63-8aec-4818-9f59-6026393dada1 ] Request (VolumesTestJSON:tearDownClass): 202 DELETE http://10.180.1.21/volume/v3/269ea7efed204ca1a9de3468d34889cd/volumes/ecbf4132-1567-4917-b452-c00cc9197fa9 0.039s
2024-10-23 14:46:31.864 60050 INFO tempest.lib.common.rest_client [req-f1d4066f-57ef-4818-a8c7-ee637d01bb93 req-f1d4066f-57ef-4818-a8c7-ee637d01bb93 ] Request (VolumesTestJSON:tearDownClass): 200 GET http://10.180.1.21/volume/v3/269ea7efed204ca1a9de3468d34889cd/volumes/ecbf4132-1567-4917-b452-c00cc9197fa9 0.025s
2024-10-23 14:46:31.865 60056 INFO tempest.lib.common.rest_client [req-2f1b08ac-8200-4373-9774-8a9122204706 req-2f1b08ac-8200-4373-9774-8a9122204706 ] Request (ListServersNegativeTestJSON:tearDownClass): 200 PUT http://10.180.1.21:9696/networking/v2.0/routers/704b2049-a1e9-4911-a93c-e4fae1a89de1/remove_router_interface 6.005s
2024-10-23 14:46:31.976 60070 INFO tempest.lib.common.rest_client [req-33eb44c0-d1a5-4bdd-b0e4-69bf25dd6a37 req-33eb44c0-d1a5-4bdd-b0e4-69bf25dd6a37 ] Request (ServerRescueNegativeTestJSON:tearDownClass): 204 DELETE http://10.180.1.21:9696/networking/v2.0/networks/0876da38-c0ae-4cd1-8b02-4ce88a383cbb 0.849s
2024-10-23 14:46:31.987 60100 INFO tempest.lib.common.rest_client [req-5bf2c554-f284-454e-8e3a-a1e3407605da req-5bf2c554-f284-454e-8e3a-a1e3407605da ] Request (FloatingIPsTestJSON:test_delete_floating_ip): 202 DELETE http://10.180.1.21/compute/v2.1/os-floating-ips/9a29c680-8cb3-47fa-ba9c-c05d751071d9 4.849s
2024-10-23 14:46:31.998 60080 INFO tempest.lib.common.rest_client [req-93eb5993-cd56-44e4-b8da-492ef6fec974 req-93eb5993-cd56-44e4-b8da-492ef6fec974 ] Request (ServerActionsTestOtherB:tearDownClass): 204 DELETE http://10.180.1.21:9696/networking/v2.0/subnets/138a5283-8739-428b-a50a-023cf37881ff 0.595s
2024-10-23 14:46:32.006 60062 INFO tempest.lib.common.rest_client [req-8d0dbd54-f1e9-498c-b5f3-0beb5687079d req-8d0dbd54-f1e9-498c-b5f3-0beb5687079d ] Request (InstanceActionsNegativeTestJSON:setUpClass): 200 GET http://10.180.1.21/compute/v2.1/servers/6576c530-0b88-453e-bace-70a4f1c76d3c 4.485s
2024-10-23 14:46:32.035 60104 INFO tempest.lib.common.rest_client [req-9fd6332f-ede4-4b30-badd-cfdb1b652879 req-9fd6332f-ede4-4b30-badd-cfdb1b652879 ] Request (ServerGroupTestJSON:tearDownClass): 204 DELETE http://10.180.1.21:9696/networking/v2.0/security-groups/e5161926-6b96-434a-b0d7-f2db11fed994 0.456s
2024-10-23 14:46:32.079 60070 INFO tempest.lib.common.rest_client [req-cb7a9e76-47cc-4f34-b188-9a7d0ced5ded req-cb7a9e76-47cc-4f34-b188-9a7d0ced5ded ] Request (ServerRescueNegativeTestJSON:tearDownClass): 204 DELETE http://10.180.1.21/identity/v3/users/ab72b67d711f4bc7954c85018a33812f 0.102s
2024-10-23 14:46:32.079 60070 INFO tempest.lib.common.dynamic_creds [-] Deleting project and security group for project: d6eb4d0c9f9c49b19196e90d0db73191
2024-10-23 14:46:32.121 60104 INFO tempest.lib.common.rest_client [req-436cce78-a2f1-4654-99ca-7be1b0cd52e5 req-436cce78-a2f1-4654-99ca-7be1b0cd52e5 ] Request (ServerGroupTestJSON:tearDownClass): 204 DELETE http://10.180.1.21/identity/v3/projects/a4ee395f80c2406b9947c9b98c49aa19 0.085s
2024-10-23 14:46:32.191 60104 INFO tempest.lib.common.rest_client [req-04dbe5ef-9cbe-45a3-93ac-50c55d005215 req-04dbe5ef-9cbe-45a3-93ac-50c55d005215 ] Request (ServerRescueTestJSON:setUpClass): 201 POST http://10.180.1.21/identity/v3/auth/tokens 0.067s
2024-10-23 14:46:32.200 60070 INFO tempest.lib.common.rest_client [req-572f9ac3-8838-4aeb-a42f-280daccfbac1 req-572f9ac3-8838-4aeb-a42f-280daccfbac1 ] Request (ServerRescueNegativeTestJSON:tearDownClass): 200 GET http://10.180.1.21:9696/networking/v2.0/security-groups?tenant_id=d6eb4d0c9f9c49b19196e90d0db73191&name=default 0.121s
2024-10-23 14:46:32.237 60104 INFO tempest.lib.common.rest_client [req-6e1cd14d-d167-45b9-9c05-1c3eaf67015d req-6e1cd14d-d167-45b9-9c05-1c3eaf67015d ] Request (ServerRescueTestJSON:setUpClass): 201 POST http://10.180.1.21/identity/v3/auth/tokens 0.043s
2024-10-23 14:46:32.257 60104 INFO tempest.lib.common.rest_client [req-e1911130-e7c8-44bf-88e7-dae5f07ac216 req-e1911130-e7c8-44bf-88e7-dae5f07ac216 ] Request (ServerRescueTestJSON:setUpClass): 200 GET http://10.180.1.21/identity/v3/domains?name=Default 0.019s
2024-10-23 14:46:32.257 60092 INFO tempest.lib.common.rest_client [req-1c45f6d4-bb3f-4e73-817f-b0d902baee28 req-1c45f6d4-bb3f-4e73-817f-b0d902baee28 ] Request (AttachInterfacesTestJSON:test_create_list_show_delete_interfaces_by_network_port): 204 DELETE http://10.180.1.21/compute/v2.1/servers/67b01666-6233-4af8-a0ec-a4e938b82606 4.581s
2024-10-23 14:46:32.274 60073 INFO tempest.lib.common.rest_client [req-bbabdaeb-7aa3-468f-b6a3-f5d564dcc20b req-bbabdaeb-7aa3-468f-b6a3-f5d564dcc20b ] Request (ServerShowV247Test:tearDownClass): 204 DELETE http://10.180.1.21/compute/v2.1/servers/1133fdb1-446b-4f7a-8594-23dd35a35b78 4.739s
2024-10-23 14:46:32.289 60104 INFO tempest.lib.common.rest_client [req-c638eed4-cac8-4a51-824f-0dc330b8fe36 req-c638eed4-cac8-4a51-824f-0dc330b8fe36 ] Request (ServerRescueTestJSON:setUpClass): 201 POST http://10.180.1.21/identity/v3/projects 0.032s
2024-10-23 14:46:32.347 60068 INFO tempest.lib.common.rest_client [req-cc69d79d-76c4-40ad-ab95-cc6cc1101287 req-cc69d79d-76c4-40ad-ab95-cc6cc1101287 ] Request (ServersAdmin275Test:test_rebuild_update_server_275): 200 GET http://10.180.1.21/compute/v2.1/servers/11f468ba-a807-4490-9dd5-58eaad007865 3.988s
2024-10-23 14:46:32.349 60104 INFO tempest.lib.common.rest_client [req-b7965b70-2ae4-4e3b-ab1d-235875ff26ad req-b7965b70-2ae4-4e3b-ab1d-235875ff26ad ] Request (ServerRescueTestJSON:setUpClass): 201 POST http://10.180.1.21/identity/v3/users 0.059s
2024-10-23 14:46:32.368 60104 INFO tempest.lib.common.rest_client [req-2d7c75c3-44d8-4425-97cb-a5ff287229b1 req-2d7c75c3-44d8-4425-97cb-a5ff287229b1 ] Request (ServerRescueTestJSON:setUpClass): 200 GET http://10.180.1.21/identity/v3/roles 0.019s
2024-10-23 14:46:32.370 60076 INFO tempest.lib.common.rest_client [req-1c18dca3-e299-42d2-b5c7-c0eb0ad9bfce req-1c18dca3-e299-42d2-b5c7-c0eb0ad9bfce ] Request (ServersAaction247Test:test_create_backup): 200 GET http://10.180.1.21/compute/v2.1/servers/5c575e05-5a7c-49b8-b914-9b4a4e347bfc 3.920s
2024-10-23 14:46:32.395 60104 INFO tempest.lib.common.rest_client [req-63febacb-b9c9-4f74-a7f0-6e45d98ed197 req-63febacb-b9c9-4f74-a7f0-6e45d98ed197 ] Request (ServerRescueTestJSON:setUpClass): 204 PUT http://10.180.1.21/identity/v3/projects/8ff7f4f6340440dfbe17b4c3b7a33c1d/users/6f3bb547edf647c1a12433acc70091dc/roles/8b25e525191a44809581573075c54389 0.026s
2024-10-23 14:46:32.395 60104 INFO tempest.lib.common.dynamic_creds [-] Dynamic test user 6f3bb547edf647c1a12433acc70091dc is created with scope project and roles: ['member']
2024-10-23 14:46:32.395 60104 INFO tempest.lib.common.dynamic_creds [-] Acquired dynamic creds: credentials: Credentials: {'domain_id': 'default', 'domain_name': 'Default', 'username': 'tempest-ServerRescueTestJSON-1441311787-project-member', 'project_domain_id': 'default', 'project_domain_name': 'Default', 'project_id': '8ff7f4f6340440dfbe17b4c3b7a33c1d', 'project_name': 'tempest-ServerRescueTestJSON-1441311787', 'tenant_id': '8ff7f4f6340440dfbe17b4c3b7a33c1d', 'tenant_name': 'tempest-ServerRescueTestJSON-1441311787', 'user_domain_id': 'default', 'user_domain_name': 'Default', 'user_id': '6f3bb547edf647c1a12433acc70091dc', 'system': None}, Network: None, Subnet: None, Router: None
2024-10-23 14:46:32.438 60106 INFO tempest.lib.common.rest_client [req-34eda4bf-63aa-43f7-bec9-0e4b55556431 req-34eda4bf-63aa-43f7-bec9-0e4b55556431 ] Request (ServerShowV254Test:test_rebuild_server): 200 GET http://10.180.1.21/compute/v2.1/servers/b7ab8792-137d-4053-9df9-3d560aa5e411 3.844s
2024-10-23 14:46:32.450 60104 INFO tempest.lib.common.rest_client [req-0ba4e335-ba17-41a9-b1ec-d8a4545de415 req-0ba4e335-ba17-41a9-b1ec-d8a4545de415 ] Request (ServerRescueTestJSON:setUpClass): 201 POST http://10.180.1.21/identity/v3/auth/tokens 0.055s
2024-10-23 14:46:32.460 60098 INFO tempest.lib.common.rest_client [req-5af1298f-6a26-4265-a7a2-7e912d829c3f req-5af1298f-6a26-4265-a7a2-7e912d829c3f ] Request (ServerRescueTestJSONUnderV235:setUpClass): 200 GET http://10.180.1.21/compute/v2.1/servers/37331817-f277-4f32-8d5a-11e1cf63f2b7 3.813s
2024-10-23 14:46:32.466 60098 INFO tempest.common.waiters [-] State transition "BUILD/spawning" ==> "ERROR/None" after 11 second wait
2024-10-23 14:46:32.533 60066 INFO tempest.lib.common.rest_client [req-dc275eed-a4b4-4167-bcc7-cab200d6df7d req-dc275eed-a4b4-4167-bcc7-cab200d6df7d ] Request (SecurityGroupsTestJSON:test_server_security_groups): 200 GET http://10.180.1.21/compute/v2.1/servers/5b59d527-232e-4ef1-bc83-4e8671607db1 3.177s
2024-10-23 14:46:32.545 60066 INFO tempest.common.waiters [-] State transition "BUILD/spawning" ==> "ERROR/None" after 10 second wait
2024-10-23 14:46:32.786 60046 INFO tempest.lib.common.rest_client [req-c8e13ceb-5eca-49d8-9f23-1b5f279ca532 req-c8e13ceb-5eca-49d8-9f23-1b5f279ca532 ] Request (AttachInterfacesV270Test:test_create_get_list_interfaces): 200 GET http://10.180.1.21/compute/v2.1/servers/db69e0d0-724b-4a87-80f5-390cfc395ee9 3.416s
2024-10-23 14:46:32.884 60050 INFO tempest.lib.common.rest_client [req-de1dc048-5fff-4024-8bb3-1a0cc44a0139 req-de1dc048-5fff-4024-8bb3-1a0cc44a0139 ] Request (VolumesTestJSON:tearDownClass): 404 GET http://10.180.1.21/volume/v3/269ea7efed204ca1a9de3468d34889cd/volumes/ecbf4132-1567-4917-b452-c00cc9197fa9 0.013s
2024-10-23 14:46:32.949 60050 INFO tempest.lib.common.rest_client [req-1a07c383-f38b-40df-b7c0-e8f83b8911ae req-1a07c383-f38b-40df-b7c0-e8f83b8911ae ] Request (VolumesTestJSON:tearDownClass): 204 DELETE http://10.180.1.21/identity/v3/users/fa9a59dad3434e069dd09160da30ce45 0.064s
2024-10-23 14:46:32.949 60050 INFO tempest.lib.common.dynamic_creds [-] Deleting project and security group for project: 269ea7efed204ca1a9de3468d34889cd
2024-10-23 14:46:33.023 60050 INFO tempest.lib.common.rest_client [req-62866027-6156-47d6-9ada-52453d27226a req-62866027-6156-47d6-9ada-52453d27226a ] Request (VolumesTestJSON:tearDownClass): 201 POST http://10.180.1.21/identity/v3/auth/tokens 0.073s
2024-10-23 14:46:33.041 60070 INFO tempest.lib.common.rest_client [req-6bd80467-af02-45aa-9306-09f32f510e79 req-6bd80467-af02-45aa-9306-09f32f510e79 ] Request (ServerRescueNegativeTestJSON:tearDownClass): 204 DELETE http://10.180.1.21:9696/networking/v2.0/security-groups/2f6815f0-c25f-4bab-9a32-0d6767891ea4 0.840s
2024-10-23 14:46:33.109 60070 INFO tempest.lib.common.rest_client [req-eefb3b00-9bfc-4b27-987a-5cf7f2248e48 req-eefb3b00-9bfc-4b27-987a-5cf7f2248e48 ] Request (ServerRescueNegativeTestJSON:tearDownClass): 204 DELETE http://10.180.1.21/identity/v3/projects/d6eb4d0c9f9c49b19196e90d0db73191 0.067s
2024-10-23 14:46:33.129 60082 INFO tempest.lib.common.rest_client [req-2e791fc7-75f6-41b8-857e-39fe055db1a7 req-2e791fc7-75f6-41b8-857e-39fe055db1a7 ] Request (SecurityGroupRulesTestJSON:test_security_group_rules_list): 200 GET http://10.180.1.21/compute/v2.1/os-security-groups/0bfbf9db-81b7-493b-a538-d3b78e6ff3b3 3.542s
2024-10-23 14:46:33.156 60080 INFO tempest.lib.common.rest_client [req-a31032f8-7f45-4836-ade4-d47772e15959 req-a31032f8-7f45-4836-ade4-d47772e15959 ] Request (ServerActionsTestOtherB:tearDownClass): 204 DELETE http://10.180.1.21:9696/networking/v2.0/networks/9d12b94e-64b1-4065-acbc-87a91ae1fa32 1.158s
2024-10-23 14:46:33.165 60048 INFO tempest.lib.common.rest_client [req-80566dde-11ef-4e79-9135-85593a73c1d3 req-80566dde-11ef-4e79-9135-85593a73c1d3 ] Request (VolumesNegativeTest:test_volume_delete_nonexistent_volume_id): 404 DELETE http://10.180.1.21/compute/v2.1/os-volumes/c4ece475-061c-4638-ac5d-f324b726e228 3.530s
2024-10-23 14:46:33.197 60070 INFO tempest.lib.common.rest_client [req-65bd0dc0-9597-4f62-92c2-5c7a7a7aa8aa req-65bd0dc0-9597-4f62-92c2-5c7a7a7aa8aa ] Request (VolumesSnapshotsTestJSON:setUpClass): 201 POST http://10.180.1.21/identity/v3/auth/tokens 0.084s
2024-10-23 14:46:33.240 60070 INFO tempest.lib.common.rest_client [req-f290b7d6-50f9-4bd1-8afb-bf5347381ca2 req-f290b7d6-50f9-4bd1-8afb-bf5347381ca2 ] Request (VolumesSnapshotsTestJSON:setUpClass): 201 POST http://10.180.1.21/identity/v3/auth/tokens 0.039s
2024-10-23 14:46:33.241 60090 INFO tempest.lib.common.rest_client [req-6b971511-ceeb-4925-b6bb-25467ee12459 req-6b971511-ceeb-4925-b6bb-25467ee12459 ] Request (DeleteServersAdminTestJSON:test_delete_server_while_in_error_state): 200 GET http://10.180.1.21/compute/v2.1/servers/40115f76-28d8-4f39-9dca-59401f52f22f 3.755s
2024-10-23 14:46:33.264 60070 INFO tempest.lib.common.rest_client [req-5f597e58-8f35-4b6c-a19e-fd02944bd223 req-5f597e58-8f35-4b6c-a19e-fd02944bd223 ] Request (VolumesSnapshotsTestJSON:setUpClass): 200 GET http://10.180.1.21/identity/v3/domains?name=Default 0.023s
2024-10-23 14:46:33.272 60080 INFO tempest.lib.common.rest_client [req-7ec58f20-06c5-4ed4-8ba2-4b64a08f65ba req-7ec58f20-06c5-4ed4-8ba2-4b64a08f65ba ] Request (ServerActionsTestOtherB:tearDownClass): 204 DELETE http://10.180.1.21/identity/v3/users/0ae8fe9579234d1eb691b9583219bada 0.115s
2024-10-23 14:46:33.272 60080 INFO tempest.lib.common.dynamic_creds [-] Deleting project and security group for project: 5b32158665424b81991b4e816cf994b6
2024-10-23 14:46:33.328 60070 INFO tempest.lib.common.rest_client [req-19bf4388-fc21-4772-9f69-6086f9b9e668 req-19bf4388-fc21-4772-9f69-6086f9b9e668 ] Request (VolumesSnapshotsTestJSON:setUpClass): 201 POST http://10.180.1.21/identity/v3/projects 0.064s
2024-10-23 14:46:33.337 60054 INFO tempest.lib.common.rest_client [req-38f5b4db-a91a-462d-8995-b5c87bcbb61b req-38f5b4db-a91a-462d-8995-b5c87bcbb61b ] Request (ServerDiskConfigTestJSON:test_rebuild_server_with_manual_disk_config): 200 GET http://10.180.1.21/compute/v2.1/servers/29c85bbf-553e-4b82-ad7c-5341ffc5af63 3.438s
