2024-10-23 14:47:22.893 60054 INFO tempest.lib.common.rest_client [req-4e8b0c7e-0b51-4499-b8ab-dcd178443133 req-4e8b0c7e-0b51-4499-b8ab-dcd178443133 ] Request (ServerDiskConfigTestJSON:tearDownClass): 204 DELETE http://10.180.1.21:9696/networking/v2.0/subnets/1011e3ef-d33b-4167-89fa-7877095dce40 0.222s
2024-10-23 14:47:22.900 60090 INFO tempest.lib.common.rest_client [req-447a62d7-b357-4d24-9c12-02cc33b63712 req-447a62d7-b357-4d24-9c12-02cc33b63712 ] Request (ImagesTestJSON:test_create_image_from_stopped_server): 200 GET http://10.180.1.21/compute/v2.1/servers/b475ab55-63b9-452d-ad4f-7bf7797ee83e 0.752s
2024-10-23 14:47:22.978 60096 INFO tempest.lib.common.rest_client [req-98a71f13-df4e-4c19-830f-83d3513c50d2 req-98a71f13-df4e-4c19-830f-83d3513c50d2 ] Request (DeleteServersTestJSON:test_delete_server_while_in_shutoff_state): 200 GET http://10.180.1.21/compute/v2.1/servers/4e35329d-fd40-4a21-85c9-048ccdc69a9d 0.702s
2024-10-23 14:47:23.163 60054 INFO tempest.lib.common.rest_client [req-11a5a393-0126-44b9-ac1d-490e04780f4c req-11a5a393-0126-44b9-ac1d-490e04780f4c ] Request (ServerDiskConfigTestJSON:tearDownClass): 204 DELETE http://10.180.1.21:9696/networking/v2.0/networks/62eed130-573e-48ba-b715-e4326a543d26 0.269s
2024-10-23 14:47:23.207 60082 INFO tempest.lib.common.rest_client [req-6e141428-6815-4280-a56d-8dcf17ae2ce5 req-6e141428-6815-4280-a56d-8dcf17ae2ce5 ] Request (ServersTestJSON:test_create_server_specify_multibyte_character_name): 204 DELETE http://10.180.1.21/compute/v2.1/servers/e668518b-9b9e-4fb4-8db2-3e0197b78fb0 0.818s
2024-10-23 14:47:23.225 60060 INFO tempest.lib.common.rest_client [req-d2b5a2b2-4f46-4a07-9634-caea1c86712d req-d2b5a2b2-4f46-4a07-9634-caea1c86712d ] Request (ServersAdminNegativeTestJSON:setUpClass): 404 GET http://10.180.1.21/compute/v2.1/servers/f3b9789c-ecc6-4b1a-96ec-2c71dba363f7 0.767s
2024-10-23 14:47:23.225 60060 INFO tempest.test [-] raised in ServersAdminNegativeTestJSON.setUpClass. Invoking tearDownClass.
2024-10-23 14:47:23.259 60054 INFO tempest.lib.common.rest_client [req-a6d228fa-ec78-44f0-9e32-071e52ee3f81 req-a6d228fa-ec78-44f0-9e32-071e52ee3f81 ] Request (ServerDiskConfigTestJSON:tearDownClass): 204 DELETE http://10.180.1.21/identity/v3/users/baef766334764dd9ab481d3a2aacd07b 0.095s
2024-10-23 14:47:23.259 60054 INFO tempest.lib.common.dynamic_creds [-] Deleting project and security group for project: a9e33b2e4b8c439a8e8a557ddda22fce
2024-10-23 14:47:23.286 60054 INFO tempest.lib.common.rest_client [req-0e814bb8-6016-4a18-94ba-cd7555868bc7 req-0e814bb8-6016-4a18-94ba-cd7555868bc7 ] Request (ServerDiskConfigTestJSON:tearDownClass): 200 GET http://10.180.1.21:9696/networking/v2.0/security-groups?tenant_id=a9e33b2e4b8c439a8e8a557ddda22fce&name=default 0.027s
2024-10-23 14:47:23.309 60068 INFO tempest.lib.common.rest_client [req-b002db57-307f-43fc-a9fa-057c29c90847 req-b002db57-307f-43fc-a9fa-057c29c90847 ] Request (ServersAdmin275Test:test_rebuild_update_server_275): 200 GET http://10.180.1.21/compute/v2.1/servers/11f468ba-a807-4490-9dd5-58eaad007865 0.797s
2024-10-23 14:47:23.320 60060 INFO tempest.lib.common.rest_client [req-5c02408c-6180-4aad-9ede-08a11dc12228 req-5c02408c-6180-4aad-9ede-08a11dc12228 ] Request (ServersAdminNegativeTestJSON:tearDownClass): 204 DELETE http://10.180.1.21/identity/v3/users/4c92e5f993844571be7b606f48976f9b 0.095s
2024-10-23 14:47:23.325 60066 INFO tempest.lib.common.rest_client [req-117dd95c-ac8b-4114-bd41-aa8a69cb5c08 req-117dd95c-ac8b-4114-bd41-aa8a69cb5c08 ] Request (SecurityGroupsNegativeTestJSON:tearDownClass): 200 PUT http://10.180.1.21:9696/networking/v2.0/routers/e59686fa-5c58-4f14-8157-72addc670e58/remove_router_interface 2.192s
2024-10-23 14:47:23.421 60054 INFO tempest.lib.common.rest_client [req-75694680-c27e-433e-bdae-af868044cc90 req-75694680-c27e-433e-bdae-af868044cc90 ] Request (ServerDiskConfigTestJSON:tearDownClass): 204 DELETE http://10.180.1.21:9696/networking/v2.0/security-groups/1b9cd6fd-1af7-4723-adfe-243417ae7dc9 0.135s
2024-10-23 14:47:23.487 60060 INFO tempest.lib.common.rest_client [req-118489f2-b680-4e41-b6fd-95de30870472 req-118489f2-b680-4e41-b6fd-95de30870472 ] Request (ServersAdminNegativeTestJSON:tearDownClass): 204 DELETE http://10.180.1.21/identity/v3/users/b044248e98694e588c4f56f73261142b 0.167s
2024-10-23 14:47:23.488 60060 INFO tempest.lib.common.dynamic_creds [-] Deleting project and security group for project: 6d3c2d92c75d415ea008e47db4f791ba
2024-10-23 14:47:23.509 60054 INFO tempest.lib.common.rest_client [req-e4e25edd-7e68-4539-8323-48f5fdb13d45 req-e4e25edd-7e68-4539-8323-48f5fdb13d45 ] Request (ServerDiskConfigTestJSON:tearDownClass): 204 DELETE http://10.180.1.21/identity/v3/projects/a9e33b2e4b8c439a8e8a557ddda22fce 0.087s
2024-10-23 14:47:23.518 60092 INFO tempest.lib.common.rest_client [req-9e130f23-87ec-4be6-9063-0dbc4ece5d02 req-9e130f23-87ec-4be6-9063-0dbc4ece5d02 ] Request (ServerTagsTestJSON:setUpClass): 202 POST http://10.180.1.21/compute/v2.1/servers 1.827s
2024-10-23 14:47:23.583 60060 INFO tempest.lib.common.rest_client [req-b52d3909-2b1a-41c5-bd1e-ff87ec6a9d96 req-b52d3909-2b1a-41c5-bd1e-ff87ec6a9d96 ] Request (ServersAdminNegativeTestJSON:tearDownClass): 201 POST http://10.180.1.21/identity/v3/auth/tokens 0.095s
2024-10-23 14:47:23.720 60044 INFO tempest.lib.common.rest_client [req-f7c42b40-6cfc-4f5b-9b2c-c558f1fc0afe req-f7c42b40-6cfc-4f5b-9b2c-c558f1fc0afe ] Request (ServersTestBootFromVolume:setUpClass): 204 DELETE http://10.180.1.21/compute/v2.1/servers/ce96198a-57c1-4423-8105-d5cdcd2de4cd 0.960s
2024-10-23 14:47:23.780 60066 INFO tempest.lib.common.rest_client [req-ff2f0029-f762-4b65-a3bb-8509dfe865f3 req-ff2f0029-f762-4b65-a3bb-8509dfe865f3 ] Request (SecurityGroupsNegativeTestJSON:tearDownClass): 204 DELETE http://10.180.1.21:9696/networking/v2.0/routers/e59686fa-5c58-4f14-8157-72addc670e58 0.455s
2024-10-23 14:47:23.792 60073 INFO tempest.lib.common.rest_client [req-854226e9-2040-45e7-9e4a-953bb00e3377 req-854226e9-2040-45e7-9e4a-953bb00e3377 ] Request (AttachVolumeShelveTestJSON:test_detach_volume_shelved_or_offload_server): 204 DELETE http://10.180.1.21/compute/v2.1/servers/d667e8c7-300e-44bf-93e1-e8adc8d562a4 1.029s
2024-10-23 14:47:23.813 60082 INFO tempest.lib.common.rest_client [req-edb141eb-1da4-472f-90fd-c964b5de9270 req-edb141eb-1da4-472f-90fd-c964b5de9270 ] Request (ServersTestJSON:test_create_server_specify_multibyte_character_name): 404 GET http://10.180.1.21/compute/v2.1/servers/e668518b-9b9e-4fb4-8db2-3e0197b78fb0 0.606s
2024-10-23 14:47:23.814 60082 ERROR tempest.lib.decorators [-] Hints: This test was made for the bug_type 1730756. The failure could be related to https://launchpad.net/bugs/1730756: tempest.exceptions.BuildErrorException: Server e668518b-9b9e-4fb4-8db2-3e0197b78fb0 failed to build and is in ERROR status
2024-10-23 14:47:23.879 60076 INFO tempest.lib.common.rest_client [req-621be41c-06a2-4094-a99a-1aa54c5c26c0 req-621be41c-06a2-4094-a99a-1aa54c5c26c0 ] Request (ServersAaction247Test:test_create_backup): 200 GET http://10.180.1.21/compute/v2.1/servers/5c575e05-5a7c-49b8-b914-9b4a4e347bfc 0.642s
2024-10-23 14:47:23.882 60082 INFO tempest.lib.common.rest_client [req-3c279509-8915-4218-aedb-37d9411b2191 req-3c279509-8915-4218-aedb-37d9411b2191 ] Request (ServersTestJSON:test_create_server_with_admin_password): 201 POST http://10.180.1.21/identity/v3/auth/tokens 0.059s
2024-10-23 14:47:23.882 60082 INFO tempest.lib.common.fixed_network [-] (ServersTestJSON:test_create_server_with_admin_password) Found network {'id': 'c9597f0b-01fa-437e-b2da-b2329e60c603', 'name': 'tempest-ServersTestJSON-1173565944-network', 'tenant_id': '4c19f2c99c1a4835b07eb8d2eb2874f1', 'admin_state_up': True, 'mtu': 8950, 'status': 'ACTIVE', 'subnets': [], 'shared': False, 'project_id': '4c19f2c99c1a4835b07eb8d2eb2874f1', 'port_security_enabled': True, 'router:external': False, 'provider:network_type': 'vlan', 'provider:physical_network': 'default', 'provider:segmentation_id': 745, 'is_default': False, 'availability_zone_hints': [], 'availability_zones': [], 'ipv4_address_scope': None, 'ipv6_address_scope': None, 'description': '', 'tags': [], 'created_at': '2024-10-23T14:47:03Z', 'updated_at': '2024-10-23T14:47:04Z', 'revision_number': 1} available for tenant
2024-10-23 14:47:23.890 60060 INFO tempest.lib.common.rest_client [req-d869537a-2884-40b8-b315-22bebdd8bc28 req-d869537a-2884-40b8-b315-22bebdd8bc28 ] Request (ServersAdminNegativeTestJSON:tearDownClass): 200 GET http://10.180.1.21:9696/networking/v2.0/security-groups?tenant_id=6d3c2d92c75d415ea008e47db4f791ba&name=default 0.307s
2024-10-23 14:47:23.933 60064 INFO tempest.lib.common.rest_client [req-b22fe6cf-3c9a-44b2-b02a-308bd56a5532 req-b22fe6cf-3c9a-44b2-b02a-308bd56a5532 ] Request (TenantUsagesTestJSON:setUpClass): 204 DELETE http://10.180.1.21/compute/v2.1/servers/3835af93-7a47-4d3c-9296-256aadddc3b3 1.106s
2024-10-23 14:47:23.946 60106 INFO tempest.lib.common.rest_client [req-53a9b289-2999-4edf-ac11-9308cfa4b1c9 req-53a9b289-2999-4edf-ac11-9308cfa4b1c9 ] Request (ServerShowV257Test:test_rebuild_server): 200 GET http://10.180.1.21/compute/v2.1/servers/26aa196e-e745-494d-814f-7da3cf18ec14 0.475s
2024-10-23 14:47:23.965 60044 INFO tempest.lib.common.rest_client [req-9f7aa16b-16ad-4917-a987-550fbdf3c3ab req-9f7aa16b-16ad-4917-a987-550fbdf3c3ab ] Request (ServersTestBootFromVolume:setUpClass): 404 GET http://10.180.1.21/compute/v2.1/servers/ce96198a-57c1-4423-8105-d5cdcd2de4cd 0.244s
2024-10-23 14:47:23.965 60044 INFO tempest.test [-] raised in ServersTestBootFromVolume.setUpClass. Invoking tearDownClass.
2024-10-23 14:47:23.989 60073 INFO tempest.lib.common.rest_client [req-d7a52c2a-391d-4631-b11f-8a58ac2516a2 req-d7a52c2a-391d-4631-b11f-8a58ac2516a2 ] Request (AttachVolumeShelveTestJSON:test_detach_volume_shelved_or_offload_server): 404 GET http://10.180.1.21/compute/v2.1/servers/d667e8c7-300e-44bf-93e1-e8adc8d562a4 0.196s
2024-10-23 14:47:24.153 60066 INFO tempest.lib.common.rest_client [req-1b439767-f87e-4af5-a32d-245304635678 req-1b439767-f87e-4af5-a32d-245304635678 ] Request (SecurityGroupsNegativeTestJSON:tearDownClass): 204 DELETE http://10.180.1.21:9696/networking/v2.0/subnets/d6386cec-80cc-4a29-b053-4f830e1ce405 0.372s
2024-10-23 14:47:24.201 60092 INFO tempest.lib.common.rest_client [req-1fd45bbd-8b14-421d-b882-4a04b17e97d3 req-1fd45bbd-8b14-421d-b882-4a04b17e97d3 ] Request (ServerTagsTestJSON:setUpClass): 200 GET http://10.180.1.21/compute/v2.1/servers/9da4f04d-730f-4974-8b5f-f0a2d8d35a65 0.680s
2024-10-23 14:47:24.215 60062 INFO tempest.lib.common.rest_client [req-dea34338-593a-4422-b7f1-16ba44c2f738 req-dea34338-593a-4422-b7f1-16ba44c2f738 ] Request (ServerActionsTestJSON:tearDownClass): 200 PUT http://10.180.1.21:9696/networking/v2.0/routers/416d5ff8-9f1d-4ae5-9531-1dd47a1c70b3/remove_router_interface 1.916s
2024-10-23 14:47:24.287 60090 INFO tempest.lib.common.rest_client [req-fd3dcc47-60ed-4fd6-ae4b-a79455470e56 req-fd3dcc47-60ed-4fd6-ae4b-a79455470e56 ] Request (ImagesTestJSON:test_create_image_from_stopped_server): 200 GET http://10.180.1.21/compute/v2.1/servers/b475ab55-63b9-452d-ad4f-7bf7797ee83e 0.376s
2024-10-23 14:47:24.309 60064 INFO tempest.lib.common.rest_client [req-865db5fa-2092-45dc-9bd8-088c11fb3316 req-865db5fa-2092-45dc-9bd8-088c11fb3316 ] Request (TenantUsagesTestJSON:setUpClass): 404 GET http://10.180.1.21/compute/v2.1/servers/3835af93-7a47-4d3c-9296-256aadddc3b3 0.376s
2024-10-23 14:47:24.309 60064 INFO tempest.test [-] raised in TenantUsagesTestJSON.setUpClass. Invoking tearDownClass.
2024-10-23 14:47:24.314 60060 INFO tempest.lib.common.rest_client [req-3e7a681e-3c3a-4e22-b756-16753e8fd48c req-3e7a681e-3c3a-4e22-b756-16753e8fd48c ] Request (ServersAdminNegativeTestJSON:tearDownClass): 204 DELETE http://10.180.1.21:9696/networking/v2.0/security-groups/47dabeb5-063c-4f2b-8a94-6c9dad287900 0.424s
2024-10-23 14:47:24.328 60044 INFO tempest.lib.common.rest_client [req-a19b0d7d-df86-4000-a63e-409a810129d0 req-a19b0d7d-df86-4000-a63e-409a810129d0 ] Request (ServersTestBootFromVolume:tearDownClass): 202 DELETE http://10.180.1.21/compute/v2.1/os-keypairs/tempest-keypair-257452919 0.363s
2024-10-23 14:47:24.375 60064 INFO tempest.lib.common.rest_client [req-96429e66-8e10-4cc0-b18c-3b83424a8519 req-96429e66-8e10-4cc0-b18c-3b83424a8519 ] Request (TenantUsagesTestJSON:tearDownClass): 204 DELETE http://10.180.1.21/identity/v3/users/18ef365c1e9342b7b0354ea96850399f 0.066s
2024-10-23 14:47:24.390 60060 INFO tempest.lib.common.rest_client [req-3dd8e86f-faa2-4777-808d-558dd886b517 req-3dd8e86f-faa2-4777-808d-558dd886b517 ] Request (ServersAdminNegativeTestJSON:tearDownClass): 204 DELETE http://10.180.1.21/identity/v3/projects/6d3c2d92c75d415ea008e47db4f791ba 0.075s
2024-10-23 14:47:24.390 60060 INFO tempest.lib.common.dynamic_creds [-] Deleting project and security group for project: c884340032e64abcbc9e405b7da4cb6f
2024-10-23 14:47:24.405 60096 INFO tempest.lib.common.rest_client [req-a2190ad2-ba62-496d-b91f-593ca8ae6ff9 req-a2190ad2-ba62-496d-b91f-593ca8ae6ff9 ] Request (DeleteServersTestJSON:test_delete_server_while_in_shutoff_state): 200 GET http://10.180.1.21/compute/v2.1/servers/4e35329d-fd40-4a21-85c9-048ccdc69a9d 0.418s
2024-10-23 14:47:24.424 60073 INFO tempest.lib.common.rest_client [req-e2b396c7-6ff0-4d09-a91f-422e6ed5eb0c req-e2b396c7-6ff0-4d09-a91f-422e6ed5eb0c ] Request (AttachVolumeShelveTestJSON:_run_cleanups): 204 DELETE http://10.180.1.21/compute/v2.1/os-keypairs/tempest-keypair-2028202403 0.435s
2024-10-23 14:47:24.467 60064 INFO tempest.lib.common.rest_client [req-353810cb-69bc-41fc-aac5-2e23d0c65450 req-353810cb-69bc-41fc-aac5-2e23d0c65450 ] Request (TenantUsagesTestJSON:tearDownClass): 204 DELETE http://10.180.1.21/identity/v3/users/1cce9762e79f494192b3334571847cfc 0.091s
2024-10-23 14:47:24.467 60064 INFO tempest.lib.common.dynamic_creds [-] Deleting project and security group for project: 27d36caa344f42aca3919c92d468bbd6
2024-10-23 14:47:24.475 60060 INFO tempest.lib.common.rest_client [req-b19db49c-1c66-4730-b748-4e403b27f219 req-b19db49c-1c66-4730-b748-4e403b27f219 ] Request (ServersAdminNegativeTestJSON:tearDownClass): 200 GET http://10.180.1.21:9696/networking/v2.0/security-groups?tenant_id=c884340032e64abcbc9e405b7da4cb6f&name=default 0.084s
2024-10-23 14:47:24.528 60044 INFO tempest.lib.common.rest_client [req-264e2a11-55f0-4182-9bad-5751dd3226f3 req-264e2a11-55f0-4182-9bad-5751dd3226f3 ] Request (ServersTestBootFromVolume:tearDownClass): 204 DELETE http://10.180.1.21:9696/networking/v2.0/security-groups/b7cd0c12-dc5c-4a68-ace4-b112cc40d9c3 0.199s
2024-10-23 14:47:24.529 60064 INFO tempest.lib.common.rest_client [req-a8ff84e7-8bbc-43ac-ade3-3eb3f5bc03a2 req-a8ff84e7-8bbc-43ac-ade3-3eb3f5bc03a2 ] Request (TenantUsagesTestJSON:tearDownClass): 201 POST http://10.180.1.21/identity/v3/auth/tokens 0.062s
2024-10-23 14:47:24.561 60044 INFO tempest.lib.common.rest_client [req-874d4c70-9901-41f6-a456-406fbc9477cc req-874d4c70-9901-41f6-a456-406fbc9477cc ] Request (ServersTestBootFromVolume:tearDownClass): 404 GET http://10.180.1.21:9696/networking/v2.0/security-groups/b7cd0c12-dc5c-4a68-ace4-b112cc40d9c3 0.033s
2024-10-23 14:47:24.616 60090 INFO tempest.lib.common.rest_client [req-32f33f08-e43a-42d4-b56a-b57e8ad4c034 req-32f33f08-e43a-42d4-b56a-b57e8ad4c034 ] Request (ImagesTestJSON:test_create_image_from_stopped_server): 204 DELETE http://10.180.1.21/compute/v2.1/servers/b475ab55-63b9-452d-ad4f-7bf7797ee83e 0.320s
2024-10-23 14:47:24.659 60064 INFO tempest.lib.common.rest_client [req-168ce6fc-fe04-4268-9b80-eb458e15510f req-168ce6fc-fe04-4268-9b80-eb458e15510f ] Request (TenantUsagesTestJSON:tearDownClass): 200 GET http://10.180.1.21:9696/networking/v2.0/security-groups?tenant_id=27d36caa344f42aca3919c92d468bbd6&name=default 0.130s
2024-10-23 14:47:24.670 60073 INFO tempest.lib.common.rest_client [req-ca9ff0bb-0f6f-4b3b-9e05-9f6ec32b93f3 req-ca9ff0bb-0f6f-4b3b-9e05-9f6ec32b93f3 ] Request (AttachVolumeShelveTestJSON:_run_cleanups): 204 DELETE http://10.180.1.21:9696/networking/v2.0/security-groups/702be86f-c9e7-43fc-992e-b91f6c2b3dc2 0.245s
2024-10-23 14:47:24.673 60066 INFO tempest.lib.common.rest_client [req-f1b4f79b-57b4-41e5-aff7-a76fbdaf532e req-f1b4f79b-57b4-41e5-aff7-a76fbdaf532e ] Request (SecurityGroupsNegativeTestJSON:tearDownClass): 204 DELETE http://10.180.1.21:9696/networking/v2.0/networks/6ea95796-a4b2-49b7-bd46-ec1c46c39a8f 0.518s
2024-10-23 14:47:24.685 60060 INFO tempest.lib.common.rest_client [req-96019aa0-e4b6-4e00-b30e-4891245fbc79 req-96019aa0-e4b6-4e00-b30e-4891245fbc79 ] Request (ServersAdminNegativeTestJSON:tearDownClass): 204 DELETE http://10.180.1.21:9696/networking/v2.0/security-groups/fd2ca1e4-74da-42f3-ac57-a37e48822710 0.209s
2024-10-23 14:47:24.689 60068 INFO tempest.lib.common.rest_client [req-7dd05137-fa8b-4bd7-8999-ddf1ecf9d2fa req-7dd05137-fa8b-4bd7-8999-ddf1ecf9d2fa ] Request (ServersAdmin275Test:test_rebuild_update_server_275): 200 GET http://10.180.1.21/compute/v2.1/servers/11f468ba-a807-4490-9dd5-58eaad007865 0.369s
2024-10-23 14:47:24.695 60073 INFO tempest.lib.common.rest_client [req-416cf7c9-2d82-414d-9d0f-5a344b7deae7 req-416cf7c9-2d82-414d-9d0f-5a344b7deae7 ] Request (AttachVolumeShelveTestJSON:_run_cleanups): 404 GET http://10.180.1.21:9696/networking/v2.0/security-groups/702be86f-c9e7-43fc-992e-b91f6c2b3dc2 0.025s
2024-10-23 14:47:24.753 60060 INFO tempest.lib.common.rest_client [req-f19a1455-7ac6-4352-88fd-7342b132d5a2 req-f19a1455-7ac6-4352-88fd-7342b132d5a2 ] Request (ServersAdminNegativeTestJSON:tearDownClass): 204 DELETE http://10.180.1.21/identity/v3/projects/c884340032e64abcbc9e405b7da4cb6f 0.068s
2024-10-23 14:47:24.753 60082 INFO tempest.lib.common.rest_client [req-b1bf82b5-ad3b-4787-ab76-0773949b23ee req-b1bf82b5-ad3b-4787-ab76-0773949b23ee ] Request (ServersTestJSON:test_create_server_with_admin_password): 202 POST http://10.180.1.21/compute/v2.1/servers 0.871s
2024-10-23 14:47:24.763 60066 INFO tempest.lib.common.rest_client [req-1501b8d1-265b-4be6-92d1-84b7ea59c364 req-1501b8d1-265b-4be6-92d1-84b7ea59c364 ] Request (SecurityGroupsNegativeTestJSON:tearDownClass): 204 DELETE http://10.180.1.21/identity/v3/users/4ddb516bfe394197bd3f317716c564b0 0.090s
2024-10-23 14:47:24.763 60066 INFO tempest.lib.common.dynamic_creds [-] Deleting project and security group for project: 93ac9ae5074a45c58c8fa7d2ad14da15
2024-10-23 14:47:24.771 60090 INFO tempest.lib.common.rest_client [req-16ba1467-8067-40e9-af50-d9d19ec5caa1 req-16ba1467-8067-40e9-af50-d9d19ec5caa1 ] Request (ImagesTestJSON:test_create_image_from_stopped_server): 404 GET http://10.180.1.21/compute/v2.1/servers/b475ab55-63b9-452d-ad4f-7bf7797ee83e 0.154s
2024-10-23 14:47:24.834 60090 INFO tempest.lib.common.rest_client [req-6d7b270a-48d3-413e-983a-fec8a8068d41 req-6d7b270a-48d3-413e-983a-fec8a8068d41 ] Request (ImagesTestJSON:test_create_image_from_suspended_server): 201 POST http://10.180.1.21/identity/v3/auth/tokens 0.055s
2024-10-23 14:47:24.834 60090 INFO tempest.lib.common.fixed_network [-] (ImagesTestJSON:test_create_image_from_suspended_server) Found network {'id': '6623783f-5841-49a1-acce-3b520967e919', 'name': 'tempest-ImagesTestJSON-895757453-network', 'tenant_id': '1508a04066a247ff8bcd3714e23cda09', 'admin_state_up': True, 'mtu': 8950, 'status': 'ACTIVE', 'subnets': [], 'shared': False, 'project_id': '1508a04066a247ff8bcd3714e23cda09', 'port_security_enabled': True, 'router:external': False, 'provider:network_type': 'vlan', 'provider:physical_network': 'default', 'provider:segmentation_id': 989, 'is_default': False, 'availability_zone_hints': [], 'availability_zones': [], 'ipv4_address_scope': None, 'ipv6_address_scope': None, 'description': '', 'tags': [], 'created_at': '2024-10-23T14:47:14Z', 'updated_at': '2024-10-23T14:47:15Z', 'revision_number': 1} available for tenant
2024-10-23 14:47:24.850 60082 INFO tempest.lib.common.rest_client [req-86b06499-0554-4b6d-bdd1-d0ab53deeb64 req-86b06499-0554-4b6d-bdd1-d0ab53deeb64 ] Request (ServersTestJSON:_run_cleanups): 204 DELETE http://10.180.1.21/compute/v2.1/servers/c102ba14-4e5d-409a-8c15-003a30290638 0.094s
2024-10-23 14:47:24.859 60066 INFO tempest.lib.common.rest_client [req-e0c63957-8da8-45a8-a760-4d68586916f2 req-e0c63957-8da8-45a8-a760-4d68586916f2 ] Request (SecurityGroupsNegativeTestJSON:tearDownClass): 200 GET http://10.180.1.21:9696/networking/v2.0/security-groups?tenant_id=93ac9ae5074a45c58c8fa7d2ad14da15&name=default 0.095s
2024-10-23 14:47:24.898 60096 INFO tempest.lib.common.rest_client [req-fe8d6a86-6f3c-4e57-b739-8ced8fdaf563 req-fe8d6a86-6f3c-4e57-b739-8ced8fdaf563 ] Request (DeleteServersTestJSON:test_delete_server_while_in_shutoff_state): 204 DELETE http://10.180.1.21/compute/v2.1/servers/4e35329d-fd40-4a21-85c9-048ccdc69a9d 0.483s
2024-10-23 14:47:24.899 60064 INFO tempest.lib.common.rest_client [req-4f2fb034-4c27-4f74-b676-73b6430d3a4f req-4f2fb034-4c27-4f74-b676-73b6430d3a4f ] Request (TenantUsagesTestJSON:tearDownClass): 204 DELETE http://10.180.1.21:9696/networking/v2.0/security-groups/9d0a00d3-7444-4ccb-94b6-02572e9e5d25 0.239s
2024-10-23 14:47:24.919 60044 INFO tempest.lib.common.rest_client [req-71f8149d-fb71-4d92-81ae-3f179a25a572 req-71f8149d-fb71-4d92-81ae-3f179a25a572 ] Request (ServersTestBootFromVolume:tearDownClass): 204 DELETE http://10.180.1.21:9696/networking/v2.0/floatingips/0947f15c-6b4c-44ce-bba7-8e260067d843 0.358s
2024-10-23 14:47:24.997 60064 INFO tempest.lib.common.rest_client [req-c4e3b7bc-3c98-4929-8a16-fa04e8f362f8 req-c4e3b7bc-3c98-4929-8a16-fa04e8f362f8 ] Request (TenantUsagesTestJSON:tearDownClass): 204 DELETE http://10.180.1.21/identity/v3/projects/27d36caa344f42aca3919c92d468bbd6 0.097s
2024-10-23 14:47:24.997 60064 INFO tempest.lib.common.dynamic_creds [-] Deleting project and security group for project: 4e751169fd644d0e96146fe98c61aba1
2024-10-23 14:47:25.001 60082 INFO tempest.lib.common.rest_client [req-6b8bdd2e-b456-45f3-bc1b-0adacd952b0b req-6b8bdd2e-b456-45f3-bc1b-0adacd952b0b ] Request (ServersTestJSON:_run_cleanups): 200 GET http://10.180.1.21/compute/v2.1/servers/c102ba14-4e5d-409a-8c15-003a30290638 0.150s
2024-10-23 14:47:25.016 60062 INFO tempest.lib.common.rest_client [req-e5ba3274-446f-43eb-8ffb-c11c1ee7daa6 req-e5ba3274-446f-43eb-8ffb-c11c1ee7daa6 ] Request (ServerActionsTestJSON:tearDownClass): 204 DELETE http://10.180.1.21:9696/networking/v2.0/routers/416d5ff8-9f1d-4ae5-9531-1dd47a1c70b3 0.801s
2024-10-23 14:47:25.085 60076 INFO tempest.lib.common.rest_client [req-918f80e4-1ebd-41bb-a4f4-0fbf20143bf6 req-918f80e4-1ebd-41bb-a4f4-0fbf20143bf6 ] Request (ServersAaction247Test:test_create_backup): 200 GET http://10.180.1.21/compute/v2.1/servers/5c575e05-5a7c-49b8-b914-9b4a4e347bfc 0.196s
2024-10-23 14:47:25.093 60076 INFO tempest.common.waiters [-] State transition "BUILD/spawning" ==> "ERROR/None" after 145 second wait
2024-10-23 14:47:25.103 60096 INFO tempest.lib.common.rest_client [req-10fb8f84-32e5-4f77-85a5-b5fd2a2c23ae req-10fb8f84-32e5-4f77-85a5-b5fd2a2c23ae ] Request (DeleteServersTestJSON:test_delete_server_while_in_shutoff_state): 404 GET http://10.180.1.21/compute/v2.1/servers/4e35329d-fd40-4a21-85c9-048ccdc69a9d 0.205s
2024-10-23 14:47:25.118 60066 INFO tempest.lib.common.rest_client [req-0eaa5291-e083-4b7e-af05-7eec50371e35 req-0eaa5291-e083-4b7e-af05-7eec50371e35 ] Request (SecurityGroupsNegativeTestJSON:tearDownClass): 204 DELETE http://10.180.1.21:9696/networking/v2.0/security-groups/1e17f884-f3e2-4494-b882-d50ab8ca872f 0.259s
2024-10-23 14:47:25.181 60096 INFO tempest.lib.common.rest_client [req-80de9c41-d9a4-47ac-8078-1b20749e5f4f req-80de9c41-d9a4-47ac-8078-1b20749e5f4f ] Request (DeleteServersTestJSON:test_delete_server_while_in_suspended_state): 201 POST http://10.180.1.21/identity/v3/auth/tokens 0.074s
2024-10-23 14:47:25.181 60096 INFO tempest.lib.common.fixed_network [-] (DeleteServersTestJSON:test_delete_server_while_in_suspended_state) Found network {'id': '2ef433db-7ec7-4e59-bafc-702b0541557f', 'name': 'tempest-DeleteServersTestJSON-891703949-network', 'tenant_id': 'd742fb05f93f44a9b9c8207f47e77730', 'admin_state_up': True, 'mtu': 8950, 'status': 'ACTIVE', 'subnets': [], 'shared': False, 'project_id': 'd742fb05f93f44a9b9c8207f47e77730', 'port_security_enabled': True, 'router:external': False, 'provider:network_type': 'vlan', 'provider:physical_network': 'default', 'provider:segmentation_id': 258, 'is_default': False, 'availability_zone_hints': [], 'availability_zones': [], 'ipv4_address_scope': None, 'ipv6_address_scope': None, 'description': '', 'tags': [], 'created_at': '2024-10-23T14:46:06Z', 'updated_at': '2024-10-23T14:46:06Z', 'revision_number': 1} available for tenant
2024-10-23 14:47:25.183 60106 INFO tempest.lib.common.rest_client [req-22a0c5dc-8cc8-42f8-8e79-e0d10253c8c3 req-22a0c5dc-8cc8-42f8-8e79-e0d10253c8c3 ] Request (ServerShowV257Test:test_rebuild_server): 200 GET http://10.180.1.21/compute/v2.1/servers/26aa196e-e745-494d-814f-7da3cf18ec14 0.228s
2024-10-23 14:47:25.199 60064 INFO tempest.lib.common.rest_client [req-7d2cc5dd-2618-49dd-9a88-c03a7c550124 req-7d2cc5dd-2618-49dd-9a88-c03a7c550124 ] Request (TenantUsagesTestJSON:tearDownClass): 200 GET http://10.180.1.21:9696/networking/v2.0/security-groups?tenant_id=4e751169fd644d0e96146fe98c61aba1&name=default 0.201s
2024-10-23 14:47:25.236 60073 INFO tempest.lib.common.rest_client [req-7483cac3-3ee8-4f13-8ecc-3421927249e5 req-7483cac3-3ee8-4f13-8ecc-3421927249e5 ] Request (AttachVolumeShelveTestJSON:_run_cleanups): 204 DELETE http://10.180.1.21:9696/networking/v2.0/floatingips/52ef6523-93e0-4b09-a4c4-eea74ff63439 0.540s
2024-10-23 14:47:25.325 60062 INFO tempest.lib.common.rest_client [req-29d9bccf-3cc7-49fb-898f-c995e9170cde req-29d9bccf-3cc7-49fb-898f-c995e9170cde ] Request (ServerActionsTestJSON:tearDownClass): 204 DELETE http://10.180.1.21:9696/networking/v2.0/subnets/c8ef0cb8-5652-464b-bd9f-5157ef91c7f0 0.308s
2024-10-23 14:47:25.338 60066 INFO tempest.lib.common.rest_client [req-c72018dc-b951-446e-91f3-4a3a356ebe35 req-c72018dc-b951-446e-91f3-4a3a356ebe35 ] Request (SecurityGroupsNegativeTestJSON:tearDownClass): 204 DELETE http://10.180.1.21/identity/v3/projects/93ac9ae5074a45c58c8fa7d2ad14da15 0.219s
2024-10-23 14:47:25.368 60076 INFO tempest.lib.common.rest_client [req-27f06b52-f973-4bfd-891d-c7a1358f49f0 req-27f06b52-f973-4bfd-891d-c7a1358f49f0 ] Request (ServersAaction247Test:test_create_backup): 204 DELETE http://10.180.1.21/compute/v2.1/servers/5c575e05-5a7c-49b8-b914-9b4a4e347bfc 0.275s
2024-10-23 14:47:25.392 60064 INFO tempest.lib.common.rest_client [req-6db9b1ff-b695-49e5-9373-58056f5c27c4 req-6db9b1ff-b695-49e5-9373-58056f5c27c4 ] Request (TenantUsagesTestJSON:tearDownClass): 204 DELETE http://10.180.1.21:9696/networking/v2.0/security-groups/36f3aa4d-b553-4012-b456-a55a32847f5d 0.192s
2024-10-23 14:47:25.396 60066 INFO tempest.lib.common.rest_client [req-ea446628-0d23-471e-8a31-3188ff3feea0 req-ea446628-0d23-471e-8a31-3188ff3feea0 ] Request (ServerActionsV293TestJSON:setUpClass): 201 POST http://10.180.1.21/identity/v3/auth/tokens 0.056s
2024-10-23 14:47:25.401 60090 INFO tempest.lib.common.rest_client [req-1023dba8-6047-4e73-9d20-986e106b8264 req-1023dba8-6047-4e73-9d20-986e106b8264 ] Request (ImagesTestJSON:test_create_image_from_suspended_server): 202 POST http://10.180.1.21/compute/v2.1/servers 0.566s
2024-10-23 14:47:25.435 60066 INFO tempest.lib.common.rest_client [req-f591eddc-ac39-4326-8a39-799bbc2a29ea req-f591eddc-ac39-4326-8a39-799bbc2a29ea ] Request (ServerActionsV293TestJSON:setUpClass): 201 POST http://10.180.1.21/identity/v3/auth/tokens 0.037s
2024-10-23 14:47:25.457 60066 INFO tempest.lib.common.rest_client [req-27308b51-6ec2-46f3-a283-40930f974e3a req-27308b51-6ec2-46f3-a283-40930f974e3a ] Request (ServerActionsV293TestJSON:setUpClass): 200 GET http://10.180.1.21/identity/v3/domains?name=Default 0.021s
2024-10-23 14:47:25.471 60064 INFO tempest.lib.common.rest_client [req-489db158-e119-4686-90f2-5f6690609c78 req-489db158-e119-4686-90f2-5f6690609c78 ] Request (TenantUsagesTestJSON:tearDownClass): 204 DELETE http://10.180.1.21/identity/v3/projects/4e751169fd644d0e96146fe98c61aba1 0.079s
2024-10-23 14:47:25.488 60092 INFO tempest.lib.common.rest_client [req-ef034ff3-6f42-4545-827b-43881297d5b9 req-ef034ff3-6f42-4545-827b-43881297d5b9 ] Request (ServerTagsTestJSON:setUpClass): 200 GET http://10.180.1.21/compute/v2.1/servers/9da4f04d-730f-4974-8b5f-f0a2d8d35a65 0.279s
2024-10-23 14:47:25.504 60076 INFO tempest.lib.common.rest_client [req-b405cd67-d49a-4379-b90d-98970346dc8f req-b405cd67-d49a-4379-b90d-98970346dc8f ] Request (ServersAaction247Test:test_create_backup): 404 GET http://10.180.1.21/compute/v2.1/servers/5c575e05-5a7c-49b8-b914-9b4a4e347bfc 0.136s
2024-10-23 14:47:25.505 60064 INFO tempest.lib.common.rest_client [req-a994b530-40b8-4b82-a54a-9798d8bbf5d7 req-a994b530-40b8-4b82-a54a-9798d8bbf5d7 ] Request (MultipleCreateTestJSON:setUpClass): 201 POST http://10.180.1.21/identity/v3/auth/tokens 0.029s
2024-10-23 14:47:25.527 60066 INFO tempest.lib.common.rest_client [req-b4d32f4d-2ec5-4b02-a6f4-388cb87189c0 req-b4d32f4d-2ec5-4b02-a6f4-388cb87189c0 ] Request (ServerActionsV293TestJSON:setUpClass): 201 POST http://10.180.1.21/identity/v3/projects 0.070s
2024-10-23 14:47:25.558 60090 INFO tempest.lib.common.rest_client [req-085d62ee-16a7-41eb-bce7-9e082bc9aa01 req-085d62ee-16a7-41eb-bce7-9e082bc9aa01 ] Request (ImagesTestJSON:test_create_image_from_suspended_server): 200 GET http://10.180.1.21/compute/v2.1/servers/474d025d-7a80-458d-ae4b-8ae16d6a9fff 0.155s
2024-10-23 14:47:25.566 60064 INFO tempest.lib.common.rest_client [req-b15a8962-2976-440e-90b6-deeb78d5eef3 req-b15a8962-2976-440e-90b6-deeb78d5eef3 ] Request (MultipleCreateTestJSON:setUpClass): 201 POST http://10.180.1.21/identity/v3/auth/tokens 0.058s
2024-10-23 14:47:25.591 60066 INFO tempest.lib.common.rest_client [req-6a0421d9-97a3-4986-b6f8-bbc2e1bcd037 req-6a0421d9-97a3-4986-b6f8-bbc2e1bcd037 ] Request (ServerActionsV293TestJSON:setUpClass): 201 POST http://10.180.1.21/identity/v3/users 0.063s
2024-10-23 14:47:25.611 60064 INFO tempest.lib.common.rest_client [req-148f551c-3077-4de4-a4b2-a839af748bef req-148f551c-3077-4de4-a4b2-a839af748bef ] Request (MultipleCreateTestJSON:setUpClass): 200 GET http://10.180.1.21/identity/v3/domains?name=Default 0.044s
2024-10-23 14:47:25.615 60076 INFO tempest.lib.common.rest_client [req-635064a7-ab8f-4417-97bf-218b445874f7 req-635064a7-ab8f-4417-97bf-218b445874f7 ] Request (ServersAaction247Test:tearDownClass): 204 DELETE http://10.180.1.21/identity/v3/users/7e5a2f66d2304de9bf40bde0e896ea71 0.106s
2024-10-23 14:47:25.615 60076 INFO tempest.lib.common.dynamic_creds [-] Deleting project and security group for project: 8a8269fa65f541b098ed07cc3679e448
2024-10-23 14:47:25.662 60066 INFO tempest.lib.common.rest_client [req-36f9dd6a-66a4-474f-b232-b2a582710c92 req-36f9dd6a-66a4-474f-b232-b2a582710c92 ] Request (ServerActionsV293TestJSON:setUpClass): 200 GET http://10.180.1.21/identity/v3/roles 0.070s
2024-10-23 14:47:25.673 60064 INFO tempest.lib.common.rest_client [req-e715ca6a-0e7f-4106-b3fb-ccc537a78821 req-e715ca6a-0e7f-4106-b3fb-ccc537a78821 ] Request (MultipleCreateTestJSON:setUpClass): 201 POST http://10.180.1.21/identity/v3/projects 0.062s
2024-10-23 14:47:25.718 60076 INFO tempest.lib.common.rest_client [req-89585ddf-38b2-4db6-ae31-553d6f4fe5fd req-89585ddf-38b2-4db6-ae31-553d6f4fe5fd ] Request (ServersAaction247Test:tearDownClass): 201 POST http://10.180.1.21/identity/v3/auth/tokens 0.103s
2024-10-23 14:47:25.726 60066 INFO tempest.lib.common.rest_client [req-2e3d0965-abdd-4ed7-894b-79a7b086add9 req-2e3d0965-abdd-4ed7-894b-79a7b086add9 ] Request (ServerActionsV293TestJSON:setUpClass): 204 PUT http://10.180.1.21/identity/v3/projects/6af32cbb13e042cd8fbac3e590607093/users/f9bde722e0604d7898be09b6c0b20fc2/roles/8b25e525191a44809581573075c54389 0.063s
2024-10-23 14:47:25.726 60066 INFO tempest.lib.common.dynamic_creds [-] Dynamic test user f9bde722e0604d7898be09b6c0b20fc2 is created with scope project and roles: ['member']
2024-10-23 14:47:25.727 60066 INFO tempest.lib.common.dynamic_creds [-] Acquired dynamic creds: credentials: Credentials: {'domain_id': 'default', 'domain_name': 'Default', 'username': 'tempest-ServerActionsV293TestJSON-1433800374-project-member', 'project_domain_id': 'default', 'project_domain_name': 'Default', 'project_id': '6af32cbb13e042cd8fbac3e590607093', 'project_name': 'tempest-ServerActionsV293TestJSON-1433800374', 'tenant_id': '6af32cbb13e042cd8fbac3e590607093', 'tenant_name': 'tempest-ServerActionsV293TestJSON-1433800374', 'user_domain_id': 'default', 'user_domain_name': 'Default', 'user_id': 'f9bde722e0604d7898be09b6c0b20fc2', 'system': None}, Network: None, Subnet: None, Router: None
2024-10-23 14:47:25.757 60092 INFO tempest.lib.common.rest_client [req-8e943b23-b00e-49a3-a2ed-4d65395ba8ad req-8e943b23-b00e-49a3-a2ed-4d65395ba8ad ] Request (ServerTagsTestJSON:setUpClass): 204 DELETE http://10.180.1.21/compute/v2.1/servers/9da4f04d-730f-4974-8b5f-f0a2d8d35a65 0.259s
2024-10-23 14:47:25.781 60066 INFO tempest.lib.common.rest_client [req-ad84d8f3-a969-4f02-b9a6-1416ad304433 req-ad84d8f3-a969-4f02-b9a6-1416ad304433 ] Request (ServerActionsV293TestJSON:setUpClass): 201 POST http://10.180.1.21/identity/v3/auth/tokens 0.054s
2024-10-23 14:47:25.783 60064 INFO tempest.lib.common.rest_client [req-309e2bd5-f445-4338-b3a7-a197c766b1ea req-309e2bd5-f445-4338-b3a7-a197c766b1ea ] Request (MultipleCreateTestJSON:setUpClass): 201 POST http://10.180.1.21/identity/v3/users 0.109s
2024-10-23 14:47:25.807 60064 INFO tempest.lib.common.rest_client [req-6e5becdf-1f03-4fba-9820-16dac0864cff req-6e5becdf-1f03-4fba-9820-16dac0864cff ] Request (MultipleCreateTestJSON:setUpClass): 200 GET http://10.180.1.21/identity/v3/roles 0.024s
2024-10-23 14:47:25.854 60064 INFO tempest.lib.common.rest_client [req-dda65fb5-50bc-4062-a867-6d7d95bf89d1 req-dda65fb5-50bc-4062-a867-6d7d95bf89d1 ] Request (MultipleCreateTestJSON:setUpClass): 204 PUT http://10.180.1.21/identity/v3/projects/877a95affc3145369a035d8e4eeadd67/users/8c977abbb67c41e090e1f5fc2a5eb186/roles/8b25e525191a44809581573075c54389 0.046s
2024-10-23 14:47:25.854 60064 INFO tempest.lib.common.dynamic_creds [-] Dynamic test user 8c977abbb67c41e090e1f5fc2a5eb186 is created with scope project and roles: ['member']
2024-10-23 14:47:25.854 60064 INFO tempest.lib.common.dynamic_creds [-] Acquired dynamic creds: credentials: Credentials: {'domain_id': 'default', 'domain_name': 'Default', 'username': 'tempest-MultipleCreateTestJSON-285117607-project-member', 'project_domain_id': 'default', 'project_domain_name': 'Default', 'project_id': '877a95affc3145369a035d8e4eeadd67', 'project_name': 'tempest-MultipleCreateTestJSON-285117607', 'tenant_id': '877a95affc3145369a035d8e4eeadd67', 'tenant_name': 'tempest-MultipleCreateTestJSON-285117607', 'user_domain_id': 'default', 'user_domain_name': 'Default', 'user_id': '8c977abbb67c41e090e1f5fc2a5eb186', 'system': None}, Network: None, Subnet: None, Router: None
2024-10-23 14:47:25.905 60064 INFO tempest.lib.common.rest_client [req-b03fa871-165d-41a3-90ca-badc4ac2a0b3 req-b03fa871-165d-41a3-90ca-badc4ac2a0b3 ] Request (MultipleCreateTestJSON:setUpClass): 201 POST http://10.180.1.21/identity/v3/auth/tokens 0.051s
2024-10-23 14:47:25.907 60068 INFO tempest.lib.common.rest_client [req-c3f1cad7-ac94-4851-ab3d-c910c3e87cfd req-c3f1cad7-ac94-4851-ab3d-c910c3e87cfd ] Request (ServersAdmin275Test:test_rebuild_update_server_275): 200 GET http://10.180.1.21/compute/v2.1/servers/11f468ba-a807-4490-9dd5-58eaad007865 0.198s
2024-10-23 14:47:25.923 60092 INFO tempest.lib.common.rest_client [req-88f9dbaa-23ac-42f8-aa7f-4d26340bea26 req-88f9dbaa-23ac-42f8-aa7f-4d26340bea26 ] Request (ServerTagsTestJSON:setUpClass): 404 GET http://10.180.1.21/compute/v2.1/servers/9da4f04d-730f-4974-8b5f-f0a2d8d35a65 0.165s
2024-10-23 14:47:25.924 60092 INFO tempest.test [-] raised in ServerTagsTestJSON.setUpClass. Invoking tearDownClass.
2024-10-23 14:47:26.033 60082 INFO tempest.lib.common.rest_client [req-f37a67cf-c330-4096-bef0-ce2e6e631505 req-f37a67cf-c330-4096-bef0-ce2e6e631505 ] Request (ServersTestJSON:_run_cleanups): 404 GET http://10.180.1.21/compute/v2.1/servers/c102ba14-4e5d-409a-8c15-003a30290638 0.025s
2024-10-23 14:47:26.072 60062 INFO tempest.lib.common.rest_client [req-0a4a19ed-6b08-4e84-8230-86f300e31ffd req-0a4a19ed-6b08-4e84-8230-86f300e31ffd ] Request (ServerActionsTestJSON:tearDownClass): 204 DELETE http://10.180.1.21:9696/networking/v2.0/networks/d834af69-dbb3-4c1c-a1f5-68f91bc29054 0.747s
2024-10-23 14:47:26.078 60076 INFO tempest.lib.common.rest_client [req-2ac0e6ed-9891-44ab-bb0e-3d7ecfc88ebc req-2ac0e6ed-9891-44ab-bb0e-3d7ecfc88ebc ] Request (ServersAaction247Test:tearDownClass): 200 GET http://10.180.1.21:9696/networking/v2.0/security-groups?tenant_id=8a8269fa65f541b098ed07cc3679e448&name=default 0.359s
2024-10-23 14:47:26.100 60082 INFO tempest.lib.common.rest_client [req-d2f21341-2377-4010-bbe9-7a9eee419995 req-d2f21341-2377-4010-bbe9-7a9eee419995 ] Request (ServersTestJSON:test_create_server_with_ipv6_addr_only): 201 POST http://10.180.1.21/identity/v3/auth/tokens 0.064s
2024-10-23 14:47:26.101 60082 INFO tempest.lib.common.fixed_network [-] (ServersTestJSON:test_create_server_with_ipv6_addr_only) Found network {'id': 'c9597f0b-01fa-437e-b2da-b2329e60c603', 'name': 'tempest-ServersTestJSON-1173565944-network', 'tenant_id': '4c19f2c99c1a4835b07eb8d2eb2874f1', 'admin_state_up': True, 'mtu': 8950, 'status': 'ACTIVE', 'subnets': [], 'shared': False, 'project_id': '4c19f2c99c1a4835b07eb8d2eb2874f1', 'port_security_enabled': True, 'router:external': False, 'provider:network_type': 'vlan', 'provider:physical_network': 'default', 'provider:segmentation_id': 745, 'is_default': False, 'availability_zone_hints': [], 'availability_zones': [], 'ipv4_address_scope': None, 'ipv6_address_scope': None, 'description': '', 'tags': [], 'created_at': '2024-10-23T14:47:03Z', 'updated_at': '2024-10-23T14:47:04Z', 'revision_number': 1} available for tenant
2024-10-23 14:47:26.114 60096 INFO tempest.lib.common.rest_client [req-6161f1a7-542c-4e3d-96bf-91e2389fcf00 req-6161f1a7-542c-4e3d-96bf-91e2389fcf00 ] Request (DeleteServersTestJSON:test_delete_server_while_in_suspended_state): 202 POST http://10.180.1.21/compute/v2.1/servers 0.931s
2024-10-23 14:47:26.142 60062 INFO tempest.lib.common.rest_client [req-85fc41e8-0e9f-4146-ab35-6f295ae99a4e req-85fc41e8-0e9f-4146-ab35-6f295ae99a4e ] Request (ServerActionsTestJSON:tearDownClass): 204 DELETE http://10.180.1.21/identity/v3/users/52b81f22ae004f55a58accddbf06b161 0.069s
2024-10-23 14:47:26.142 60062 INFO tempest.lib.common.dynamic_creds [-] Deleting project and security group for project: bb0823f51ed044b7ad68386fb1f60fb5
2024-10-23 14:47:26.214 60062 INFO tempest.lib.common.rest_client [req-d6b49775-b17a-4495-82d4-fa91092bb948 req-d6b49775-b17a-4495-82d4-fa91092bb948 ] Request (ServerActionsTestJSON:tearDownClass): 200 GET http://10.180.1.21:9696/networking/v2.0/security-groups?tenant_id=bb0823f51ed044b7ad68386fb1f60fb5&name=default 0.072s
2024-10-23 14:47:26.234 60096 INFO tempest.lib.common.rest_client [req-eae9ccab-03c0-442f-acbf-b81818b45df8 req-eae9ccab-03c0-442f-acbf-b81818b45df8 ] Request (DeleteServersTestJSON:test_delete_server_while_in_suspended_state): 200 GET http://10.180.1.21/compute/v2.1/servers/ce9ebfd1-ebbb-4d68-af21-c2d8d39893e0 0.118s
2024-10-23 14:47:26.261 60066 INFO tempest.lib.common.rest_client [req-b8b0022c-8c92-407b-b8cd-9b3506521fcc req-b8b0022c-8c92-407b-b8cd-9b3506521fcc ] Request (ServerActionsV293TestJSON:setUpClass): 201 POST http://10.180.1.21:9696/networking/v2.0/networks 0.480s
2024-10-23 14:47:26.325 60106 INFO tempest.lib.common.rest_client [req-c2ab7600-6d9c-4b12-ac93-ea26638aa31e req-c2ab7600-6d9c-4b12-ac93-ea26638aa31e ] Request (ServerShowV257Test:test_rebuild_server): 200 GET http://10.180.1.21/compute/v2.1/servers/26aa196e-e745-494d-814f-7da3cf18ec14 0.128s
2024-10-23 14:47:26.426 60062 INFO tempest.lib.common.rest_client [req-6d9ecdef-ca61-42d0-91d0-ca5374cedf0d req-6d9ecdef-ca61-42d0-91d0-ca5374cedf0d ] Request (ServerActionsTestJSON:tearDownClass): 204 DELETE http://10.180.1.21:9696/networking/v2.0/security-groups/2bd8aa42-0e94-4075-9233-1fca39ff5846 0.211s
2024-10-23 14:47:26.447 60076 INFO tempest.lib.common.rest_client [req-9d0168b2-30c5-43eb-82a4-4664cb7712be req-9d0168b2-30c5-43eb-82a4-4664cb7712be ] Request (ServersAaction247Test:tearDownClass): 204 DELETE http://10.180.1.21:9696/networking/v2.0/security-groups/f3fd0eac-c3d5-42f4-8e36-33b1a7e6fc0a 0.368s
2024-10-23 14:47:26.536 60076 INFO tempest.lib.common.rest_client [req-7d794686-2e87-4078-84e4-c9782236d5a3 req-7d794686-2e87-4078-84e4-c9782236d5a3 ] Request (ServersAaction247Test:tearDownClass): 204 DELETE http://10.180.1.21/identity/v3/projects/8a8269fa65f541b098ed07cc3679e448 0.088s
2024-10-23 14:47:26.539 60062 INFO tempest.lib.common.rest_client [req-948cda78-d5d3-4d17-8ae8-2cf21a1a5cff req-948cda78-d5d3-4d17-8ae8-2cf21a1a5cff ] Request (ServerActionsTestJSON:tearDownClass): 204 DELETE http://10.180.1.21/identity/v3/projects/bb0823f51ed044b7ad68386fb1f60fb5 0.113s
2024-10-23 14:47:26.605 60076 INFO tempest.lib.common.rest_client [req-688c2daf-acb9-459e-9c42-cbd7c4a0ba12 req-688c2daf-acb9-459e-9c42-cbd7c4a0ba12 ] Request (ServerAddressesTestJSON:setUpClass): 201 POST http://10.180.1.21/identity/v3/auth/tokens 0.067s
2024-10-23 14:47:26.620 60064 INFO tempest.lib.common.rest_client [req-365ff954-33b2-4e06-9a71-977b94781b15 req-365ff954-33b2-4e06-9a71-977b94781b15 ] Request (MultipleCreateTestJSON:setUpClass): 201 POST http://10.180.1.21:9696/networking/v2.0/networks 0.714s
2024-10-23 14:47:26.637 60076 INFO tempest.lib.common.rest_client [req-fea0f284-888c-4599-83c3-720ba7ad0cd6 req-fea0f284-888c-4599-83c3-720ba7ad0cd6 ] Request (ServerAddressesTestJSON:setUpClass): 201 POST http://10.180.1.21/identity/v3/auth/tokens 0.029s
2024-10-23 14:47:26.639 60066 INFO tempest.lib.common.rest_client [req-d28ae656-92b1-4a30-b461-9216ee054fe3 req-d28ae656-92b1-4a30-b461-9216ee054fe3 ] Request (ServerActionsV293TestJSON:setUpClass): 201 POST http://10.180.1.21:9696/networking/v2.0/subnets 0.377s
2024-10-23 14:47:26.660 60076 INFO tempest.lib.common.rest_client [req-a23e20d4-68d2-48c0-ab31-adf0d0d74c22 req-a23e20d4-68d2-48c0-ab31-adf0d0d74c22 ] Request (ServerAddressesTestJSON:setUpClass): 200 GET http://10.180.1.21/identity/v3/domains?name=Default 0.023s
2024-10-23 14:47:26.678 60090 INFO tempest.lib.common.rest_client [req-726dac27-8258-422b-8b6d-8c27f8978fbf req-726dac27-8258-422b-8b6d-8c27f8978fbf ] Request (ImagesTestJSON:test_create_image_from_suspended_server): 200 GET http://10.180.1.21/compute/v2.1/servers/474d025d-7a80-458d-ae4b-8ae16d6a9fff 0.106s
2024-10-23 14:47:26.687 60090 INFO tempest.common.waiters [-] State transition "BUILD/scheduling" ==> "ERROR/None" after 1 second wait
2024-10-23 14:47:26.692 60076 INFO tempest.lib.common.rest_client [req-e6fbed5d-0ee8-444c-b3f0-36edc24b86de req-e6fbed5d-0ee8-444c-b3f0-36edc24b86de ] Request (ServerAddressesTestJSON:setUpClass): 201 POST http://10.180.1.21/identity/v3/projects 0.031s
2024-10-23 14:47:26.752 60076 INFO tempest.lib.common.rest_client [req-3af0db79-6461-46f0-a4cd-dbf1faadcb67 req-3af0db79-6461-46f0-a4cd-dbf1faadcb67 ] Request (ServerAddressesTestJSON:setUpClass): 201 POST http://10.180.1.21/identity/v3/users 0.060s
2024-10-23 14:47:26.774 60076 INFO tempest.lib.common.rest_client [req-b1d3ad26-a73f-4906-af2b-9e6cea656d66 req-b1d3ad26-a73f-4906-af2b-9e6cea656d66 ] Request (ServerAddressesTestJSON:setUpClass): 200 GET http://10.180.1.21/identity/v3/roles 0.021s
2024-10-23 14:47:26.806 60076 INFO tempest.lib.common.rest_client [req-5dcd5083-78a3-43ed-8cb7-95dd30271685 req-5dcd5083-78a3-43ed-8cb7-95dd30271685 ] Request (ServerAddressesTestJSON:setUpClass): 204 PUT http://10.180.1.21/identity/v3/projects/0e69096b8ddf4666a95aa4aa3112102e/users/049bd3af15c14dee928e1740691666cc/roles/8b25e525191a44809581573075c54389 0.031s
2024-10-23 14:47:26.806 60076 INFO tempest.lib.common.dynamic_creds [-] Dynamic test user 049bd3af15c14dee928e1740691666cc is created with scope project and roles: ['member']
2024-10-23 14:47:26.806 60076 INFO tempest.lib.common.dynamic_creds [-] Acquired dynamic creds: credentials: Credentials: {'domain_id': 'default', 'domain_name': 'Default', 'username': 'tempest-ServerAddressesTestJSON-1433732937-project-member', 'project_domain_id': 'default', 'project_domain_name': 'Default', 'project_id': '0e69096b8ddf4666a95aa4aa3112102e', 'project_name': 'tempest-ServerAddressesTestJSON-1433732937', 'tenant_id': '0e69096b8ddf4666a95aa4aa3112102e', 'tenant_name': 'tempest-ServerAddressesTestJSON-1433732937', 'user_domain_id': 'default', 'user_domain_name': 'Default', 'user_id': '049bd3af15c14dee928e1740691666cc', 'system': None}, Network: None, Subnet: None, Router: None
2024-10-23 14:47:26.864 60076 INFO tempest.lib.common.rest_client [req-643b3084-671c-495a-a437-361b019ddeac req-643b3084-671c-495a-a437-361b019ddeac ] Request (ServerAddressesTestJSON:setUpClass): 201 POST http://10.180.1.21/identity/v3/auth/tokens 0.057s
2024-10-23 14:47:26.880 60073 INFO tempest.lib.common.rest_client [req-e9c0bf7c-88f4-4438-990a-f9b811009e73 req-e9c0bf7c-88f4-4438-990a-f9b811009e73 ] Request (AttachVolumeShelveTestJSON:tearDownClass): 200 PUT http://10.180.1.21:9696/networking/v2.0/routers/baa16722-17f0-4a93-ada6-31eabf42249b/remove_router_interface 1.636s
2024-10-23 14:47:27.041 60044 INFO tempest.lib.common.rest_client [req-9cf9d584-9ac7-4425-b4c1-22407fd83125 req-9cf9d584-9ac7-4425-b4c1-22407fd83125 ] Request (ServersTestBootFromVolume:tearDownClass): 200 PUT http://10.180.1.21:9696/networking/v2.0/routers/3c85bed3-a117-4578-aeff-8c3a05e8f021/remove_router_interface 2.121s
2024-10-23 14:47:27.099 60090 INFO tempest.lib.common.rest_client [req-b8ecc6ee-40d7-4e8d-9f23-e0542cdc9aa7 req-b8ecc6ee-40d7-4e8d-9f23-e0542cdc9aa7 ] Request (ImagesTestJSON:test_create_image_from_suspended_server): 204 DELETE http://10.180.1.21/compute/v2.1/servers/474d025d-7a80-458d-ae4b-8ae16d6a9fff 0.412s
2024-10-23 14:47:27.106 60082 INFO tempest.lib.common.rest_client [req-28c1d084-4924-4b54-8c63-35fc1a715240 req-28c1d084-4924-4b54-8c63-35fc1a715240 ] Request (ServersTestJSON:test_create_server_with_ipv6_addr_only): 202 POST http://10.180.1.21/compute/v2.1/servers 1.005s
2024-10-23 14:47:27.125 60090 INFO tempest.lib.common.rest_client [req-a18395fc-5dbe-4da4-be2d-069d411ab0b5 req-a18395fc-5dbe-4da4-be2d-069d411ab0b5 ] Request (ImagesTestJSON:test_create_image_from_suspended_server): 404 GET http://10.180.1.21/compute/v2.1/servers/474d025d-7a80-458d-ae4b-8ae16d6a9fff 0.025s
2024-10-23 14:47:27.188 60068 INFO tempest.lib.common.rest_client [req-f22fde79-3f5f-4850-ba1b-f59439af14c3 req-f22fde79-3f5f-4850-ba1b-f59439af14c3 ] Request (ServersAdmin275Test:test_rebuild_update_server_275): 200 GET http://10.180.1.21/compute/v2.1/servers/11f468ba-a807-4490-9dd5-58eaad007865 0.272s
2024-10-23 14:47:27.195 60090 INFO tempest.lib.common.rest_client [req-df08fa60-3272-4758-bec1-fe83917214ba req-df08fa60-3272-4758-bec1-fe83917214ba ] Request (ImagesTestJSON:test_create_server_from_snapshot): 201 POST http://10.180.1.21/identity/v3/auth/tokens 0.061s
2024-10-23 14:47:27.196 60090 INFO tempest.lib.common.fixed_network [-] (ImagesTestJSON:test_create_server_from_snapshot) Found network {'id': '6623783f-5841-49a1-acce-3b520967e919', 'name': 'tempest-ImagesTestJSON-895757453-network', 'tenant_id': '1508a04066a247ff8bcd3714e23cda09', 'admin_state_up': True, 'mtu': 8950, 'status': 'ACTIVE', 'subnets': [], 'shared': False, 'project_id': '1508a04066a247ff8bcd3714e23cda09', 'port_security_enabled': True, 'router:external': False, 'provider:network_type': 'vlan', 'provider:physical_network': 'default', 'provider:segmentation_id': 989, 'is_default': False, 'availability_zone_hints': [], 'availability_zones': [], 'ipv4_address_scope': None, 'ipv6_address_scope': None, 'description': '', 'tags': [], 'created_at': '2024-10-23T14:47:14Z', 'updated_at': '2024-10-23T14:47:15Z', 'revision_number': 1} available for tenant
2024-10-23 14:47:27.198 60082 INFO tempest.lib.common.rest_client [req-b043950d-661e-4f24-9b88-5083531817e6 req-b043950d-661e-4f24-9b88-5083531817e6 ] Request (ServersTestJSON:test_create_server_with_ipv6_addr_only): 200 GET http://10.180.1.21/compute/v2.1/servers/92161e7e-0d3e-4041-9194-0d2abe17fe22 0.089s
2024-10-23 14:47:27.327 60096 INFO tempest.lib.common.rest_client [req-9cab4695-2fd4-4a78-b5f8-5c1cfbc93644 req-9cab4695-2fd4-4a78-b5f8-5c1cfbc93644 ] Request (DeleteServersTestJSON:test_delete_server_while_in_suspended_state): 200 GET http://10.180.1.21/compute/v2.1/servers/ce9ebfd1-ebbb-4d68-af21-c2d8d39893e0 0.084s
2024-10-23 14:47:27.335 60096 INFO tempest.common.waiters [-] State transition "BUILD/scheduling" ==> "ERROR/None" after 1 second wait
2024-10-23 14:47:27.405 60064 INFO tempest.lib.common.rest_client [req-b65a3d79-f43b-4569-9e61-3329d5b7776a req-b65a3d79-f43b-4569-9e61-3329d5b7776a ] Request (MultipleCreateTestJSON:setUpClass): 201 POST http://10.180.1.21:9696/networking/v2.0/subnets 0.784s
2024-10-23 14:47:27.418 60106 INFO tempest.lib.common.rest_client [req-f91efc1d-500b-4027-80fd-e5b48865b57b req-f91efc1d-500b-4027-80fd-e5b48865b57b ] Request (ServerShowV257Test:test_rebuild_server): 200 GET http://10.180.1.21/compute/v2.1/servers/26aa196e-e745-494d-814f-7da3cf18ec14 0.084s
2024-10-23 14:47:27.596 60076 INFO tempest.lib.common.rest_client [req-78ccd3c6-60b2-4eb6-8d10-8cf442c63c8c req-78ccd3c6-60b2-4eb6-8d10-8cf442c63c8c ] Request (ServerAddressesTestJSON:setUpClass): 201 POST http://10.180.1.21:9696/networking/v2.0/networks 0.732s
