2024-10-23 14:47:54.734 60066 INFO tempest.lib.common.dynamic_creds [-] Acquired dynamic creds: credentials: Credentials: {'domain_id': 'default', 'domain_name': 'Default', 'username': 'tempest-ServerShowV263Test-1807500294-project-reader', 'project_domain_id': 'default', 'project_domain_name': 'Default', 'project_id': '51b2acc82a81439da7378b9d3e7183b2', 'project_name': 'tempest-ServerShowV263Test-1807500294', 'tenant_id': '51b2acc82a81439da7378b9d3e7183b2', 'tenant_name': 'tempest-ServerShowV263Test-1807500294', 'user_domain_id': 'default', 'user_domain_name': 'Default', 'user_id': 'cd26627c05844e7eb8d9f6e58e863921', 'system': None}, Network: None, Subnet: None, Router: None
2024-10-23 14:47:54.734 60066 INFO tempest.lib.common.dynamic_creds [-] Network resources are not created for requested scope: project and credentials: Credentials: {'domain_id': 'default', 'domain_name': 'Default', 'username': 'tempest-ServerShowV263Test-1807500294-project-reader', 'project_domain_id': 'default', 'project_domain_name': 'Default', 'project_id': '51b2acc82a81439da7378b9d3e7183b2', 'project_name': 'tempest-ServerShowV263Test-1807500294', 'tenant_id': '51b2acc82a81439da7378b9d3e7183b2', 'tenant_name': 'tempest-ServerShowV263Test-1807500294', 'user_domain_id': 'default', 'user_domain_name': 'Default', 'user_id': 'cd26627c05844e7eb8d9f6e58e863921', 'system': None}, Network: None, Subnet: None, Router: None
2024-10-23 14:47:54.741 60068 INFO tempest.lib.common.rest_client [req-c4cd9bd4-6f1c-4f09-9c57-0f8b7b649cd3 req-c4cd9bd4-6f1c-4f09-9c57-0f8b7b649cd3 ] Request (ServersAdmin275Test:test_rebuild_update_server_275): 200 GET http://10.180.1.21/compute/v2.1/servers/11f468ba-a807-4490-9dd5-58eaad007865 0.050s
2024-10-23 14:47:54.789 60066 INFO tempest.lib.common.rest_client [req-08ec1b86-2245-4782-855d-43d72558ff57 req-08ec1b86-2245-4782-855d-43d72558ff57 ] Request (ServerShowV263Test:setUpClass): 201 POST http://10.180.1.21/identity/v3/auth/tokens 0.051s
2024-10-23 14:47:54.869 60066 INFO tempest.lib.common.rest_client [req-d11ee76b-9131-4603-9f97-c3f5c866ef07 req-d11ee76b-9131-4603-9f97-c3f5c866ef07 ] Request (ServerShowV263Test:tearDownClass): 204 DELETE http://10.180.1.21/identity/v3/users/1abb2c45fb48426585bea4faa4be8eab 0.073s
2024-10-23 14:47:54.939 60066 INFO tempest.lib.common.rest_client [req-7ae5c4f4-f0ba-4786-a96a-1c7e3468f0c6 req-7ae5c4f4-f0ba-4786-a96a-1c7e3468f0c6 ] Request (ServerShowV263Test:tearDownClass): 204 DELETE http://10.180.1.21/identity/v3/users/cd26627c05844e7eb8d9f6e58e863921 0.070s
2024-10-23 14:47:54.940 60066 INFO tempest.lib.common.dynamic_creds [-] Deleting project and security group for project: 51b2acc82a81439da7378b9d3e7183b2
2024-10-23 14:47:54.985 60066 INFO tempest.lib.common.rest_client [req-243084df-04cc-424f-8d1c-f64bb5a74035 req-243084df-04cc-424f-8d1c-f64bb5a74035 ] Request (ServerShowV263Test:tearDownClass): 201 POST http://10.180.1.21/identity/v3/auth/tokens 0.045s
2024-10-23 14:47:55.093 60066 INFO tempest.lib.common.rest_client [req-0723bc0f-cf1d-4c37-909d-72112387f4d0 req-0723bc0f-cf1d-4c37-909d-72112387f4d0 ] Request (ServerShowV263Test:tearDownClass): 200 GET http://10.180.1.21:9696/networking/v2.0/security-groups?tenant_id=51b2acc82a81439da7378b9d3e7183b2&name=default 0.107s
2024-10-23 14:47:55.152 60066 INFO tempest.lib.common.rest_client [req-2e3d5473-fdc4-4fc5-a46a-59423897db0f req-2e3d5473-fdc4-4fc5-a46a-59423897db0f ] Request (ServerShowV263Test:tearDownClass): 204 DELETE http://10.180.1.21:9696/networking/v2.0/security-groups/723cc5b0-1003-412c-9405-ea8c0ecc64ee 0.058s
2024-10-23 14:47:55.203 60066 INFO tempest.lib.common.rest_client [req-99f792e8-757b-41a7-aa9a-99342eb17fa7 req-99f792e8-757b-41a7-aa9a-99342eb17fa7 ] Request (ServerShowV263Test:tearDownClass): 204 DELETE http://10.180.1.21/identity/v3/projects/51b2acc82a81439da7378b9d3e7183b2 0.051s
2024-10-23 14:47:55.282 60106 INFO tempest.lib.common.rest_client [req-bd058183-fc84-40bc-9e96-9aff4fed09cb req-bd058183-fc84-40bc-9e96-9aff4fed09cb ] Request (ServerShowV257Test:test_rebuild_server): 200 GET http://10.180.1.21/compute/v2.1/servers/26aa196e-e745-494d-814f-7da3cf18ec14 0.050s
2024-10-23 14:47:55.804 60068 INFO tempest.lib.common.rest_client [req-20897aa6-4408-4158-95ee-36bfa7e6f56d req-20897aa6-4408-4158-95ee-36bfa7e6f56d ] Request (ServersAdmin275Test:test_rebuild_update_server_275): 200 GET http://10.180.1.21/compute/v2.1/servers/11f468ba-a807-4490-9dd5-58eaad007865 0.053s
2024-10-23 14:47:56.338 60106 INFO tempest.lib.common.rest_client [req-bbe61a89-8539-4d68-9d1d-978961cc249c req-bbe61a89-8539-4d68-9d1d-978961cc249c ] Request (ServerShowV257Test:test_rebuild_server): 200 GET http://10.180.1.21/compute/v2.1/servers/26aa196e-e745-494d-814f-7da3cf18ec14 0.047s
2024-10-23 14:47:56.862 60068 INFO tempest.lib.common.rest_client [req-2c2bc5c1-0b0a-4d87-911f-2d93a6ad3e4c req-2c2bc5c1-0b0a-4d87-911f-2d93a6ad3e4c ] Request (ServersAdmin275Test:test_rebuild_update_server_275): 200 GET http://10.180.1.21/compute/v2.1/servers/11f468ba-a807-4490-9dd5-58eaad007865 0.048s
2024-10-23 14:47:57.393 60106 INFO tempest.lib.common.rest_client [req-cac44751-e837-484d-ae2d-6641441f0145 req-cac44751-e837-484d-ae2d-6641441f0145 ] Request (ServerShowV257Test:test_rebuild_server): 200 GET http://10.180.1.21/compute/v2.1/servers/26aa196e-e745-494d-814f-7da3cf18ec14 0.046s
2024-10-23 14:47:57.921 60068 INFO tempest.lib.common.rest_client [req-42531d11-6e86-4115-b3f0-5e0a15a1c044 req-42531d11-6e86-4115-b3f0-5e0a15a1c044 ] Request (ServersAdmin275Test:test_rebuild_update_server_275): 200 GET http://10.180.1.21/compute/v2.1/servers/11f468ba-a807-4490-9dd5-58eaad007865 0.051s
2024-10-23 14:47:58.449 60106 INFO tempest.lib.common.rest_client [req-038946e9-c07f-4b16-8a73-caff6194051a req-038946e9-c07f-4b16-8a73-caff6194051a ] Request (ServerShowV257Test:test_rebuild_server): 200 GET http://10.180.1.21/compute/v2.1/servers/26aa196e-e745-494d-814f-7da3cf18ec14 0.047s
2024-10-23 14:47:58.979 60068 INFO tempest.lib.common.rest_client [req-8c24fe4e-3d0f-491a-a77b-30e44d45e712 req-8c24fe4e-3d0f-491a-a77b-30e44d45e712 ] Request (ServersAdmin275Test:test_rebuild_update_server_275): 200 GET http://10.180.1.21/compute/v2.1/servers/11f468ba-a807-4490-9dd5-58eaad007865 0.049s
2024-10-23 14:47:59.505 60106 INFO tempest.lib.common.rest_client [req-94d4bf90-0160-4ed1-99e2-a09ea0a4052b req-94d4bf90-0160-4ed1-99e2-a09ea0a4052b ] Request (ServerShowV257Test:test_rebuild_server): 200 GET http://10.180.1.21/compute/v2.1/servers/26aa196e-e745-494d-814f-7da3cf18ec14 0.048s
2024-10-23 14:48:00.038 60068 INFO tempest.lib.common.rest_client [req-ddd4f08e-2b65-47b3-9d46-f888d331828f req-ddd4f08e-2b65-47b3-9d46-f888d331828f ] Request (ServersAdmin275Test:test_rebuild_update_server_275): 200 GET http://10.180.1.21/compute/v2.1/servers/11f468ba-a807-4490-9dd5-58eaad007865 0.051s
2024-10-23 14:48:00.560 60106 INFO tempest.lib.common.rest_client [req-c9e28ce1-0369-4a91-93e2-4f894a55a81d req-c9e28ce1-0369-4a91-93e2-4f894a55a81d ] Request (ServerShowV257Test:test_rebuild_server): 200 GET http://10.180.1.21/compute/v2.1/servers/26aa196e-e745-494d-814f-7da3cf18ec14 0.046s
2024-10-23 14:48:01.099 60068 INFO tempest.lib.common.rest_client [req-0da00fce-6a69-4860-8bfe-bcbe91aed47c req-0da00fce-6a69-4860-8bfe-bcbe91aed47c ] Request (ServersAdmin275Test:test_rebuild_update_server_275): 200 GET http://10.180.1.21/compute/v2.1/servers/11f468ba-a807-4490-9dd5-58eaad007865 0.051s
2024-10-23 14:48:01.614 60106 INFO tempest.lib.common.rest_client [req-ad209593-8467-48b7-ad89-c6d542b3b968 req-ad209593-8467-48b7-ad89-c6d542b3b968 ] Request (ServerShowV257Test:test_rebuild_server): 200 GET http://10.180.1.21/compute/v2.1/servers/26aa196e-e745-494d-814f-7da3cf18ec14 0.046s
2024-10-23 14:48:02.159 60068 INFO tempest.lib.common.rest_client [req-2e3d2b16-f77e-40de-888f-f9d1c578c20a req-2e3d2b16-f77e-40de-888f-f9d1c578c20a ] Request (ServersAdmin275Test:test_rebuild_update_server_275): 200 GET http://10.180.1.21/compute/v2.1/servers/11f468ba-a807-4490-9dd5-58eaad007865 0.051s
2024-10-23 14:48:02.670 60106 INFO tempest.lib.common.rest_client [req-4a28e6ed-ec92-4c06-8d03-4007919bf8cf req-4a28e6ed-ec92-4c06-8d03-4007919bf8cf ] Request (ServerShowV257Test:test_rebuild_server): 200 GET http://10.180.1.21/compute/v2.1/servers/26aa196e-e745-494d-814f-7da3cf18ec14 0.047s
2024-10-23 14:48:03.217 60068 INFO tempest.lib.common.rest_client [req-6351575f-6454-4d86-8a22-e23608b65c07 req-6351575f-6454-4d86-8a22-e23608b65c07 ] Request (ServersAdmin275Test:test_rebuild_update_server_275): 200 GET http://10.180.1.21/compute/v2.1/servers/11f468ba-a807-4490-9dd5-58eaad007865 0.049s
2024-10-23 14:48:03.726 60106 INFO tempest.lib.common.rest_client [req-973a2949-2d78-4833-acf3-b45ed7f304f4 req-973a2949-2d78-4833-acf3-b45ed7f304f4 ] Request (ServerShowV257Test:test_rebuild_server): 200 GET http://10.180.1.21/compute/v2.1/servers/26aa196e-e745-494d-814f-7da3cf18ec14 0.047s
2024-10-23 14:48:04.278 60068 INFO tempest.lib.common.rest_client [req-54fdaf34-a2e2-4282-b7aa-2b36eabad6a6 req-54fdaf34-a2e2-4282-b7aa-2b36eabad6a6 ] Request (ServersAdmin275Test:test_rebuild_update_server_275): 200 GET http://10.180.1.21/compute/v2.1/servers/11f468ba-a807-4490-9dd5-58eaad007865 0.052s
2024-10-23 14:48:04.782 60106 INFO tempest.lib.common.rest_client [req-892200f9-69a8-4519-b134-3a01924a84ce req-892200f9-69a8-4519-b134-3a01924a84ce ] Request (ServerShowV257Test:test_rebuild_server): 200 GET http://10.180.1.21/compute/v2.1/servers/26aa196e-e745-494d-814f-7da3cf18ec14 0.048s
2024-10-23 14:48:05.343 60068 INFO tempest.lib.common.rest_client [req-33e4e28c-52cf-46bc-9713-861391c71d77 req-33e4e28c-52cf-46bc-9713-861391c71d77 ] Request (ServersAdmin275Test:test_rebuild_update_server_275): 200 GET http://10.180.1.21/compute/v2.1/servers/11f468ba-a807-4490-9dd5-58eaad007865 0.050s
2024-10-23 14:48:05.844 60106 INFO tempest.lib.common.rest_client [req-24ecf810-9b52-4016-861b-065685a14eb0 req-24ecf810-9b52-4016-861b-065685a14eb0 ] Request (ServerShowV257Test:test_rebuild_server): 200 GET http://10.180.1.21/compute/v2.1/servers/26aa196e-e745-494d-814f-7da3cf18ec14 0.053s
2024-10-23 14:48:06.401 60068 INFO tempest.lib.common.rest_client [req-3febf2a6-1572-440f-8129-5c0fcd97d4e3 req-3febf2a6-1572-440f-8129-5c0fcd97d4e3 ] Request (ServersAdmin275Test:test_rebuild_update_server_275): 200 GET http://10.180.1.21/compute/v2.1/servers/11f468ba-a807-4490-9dd5-58eaad007865 0.048s
2024-10-23 14:48:06.899 60106 INFO tempest.lib.common.rest_client [req-99f4ade6-9718-4a62-b75b-b8ce0941e24b req-99f4ade6-9718-4a62-b75b-b8ce0941e24b ] Request (ServerShowV257Test:test_rebuild_server): 200 GET http://10.180.1.21/compute/v2.1/servers/26aa196e-e745-494d-814f-7da3cf18ec14 0.046s
2024-10-23 14:48:07.462 60068 INFO tempest.lib.common.rest_client [req-d89e6841-e10a-4793-9f4b-5663b54ab254 req-d89e6841-e10a-4793-9f4b-5663b54ab254 ] Request (ServersAdmin275Test:test_rebuild_update_server_275): 200 GET http://10.180.1.21/compute/v2.1/servers/11f468ba-a807-4490-9dd5-58eaad007865 0.052s
2024-10-23 14:48:07.954 60106 INFO tempest.lib.common.rest_client [req-47638dad-c7a8-425c-8b02-74faa3144dc2 req-47638dad-c7a8-425c-8b02-74faa3144dc2 ] Request (ServerShowV257Test:test_rebuild_server): 200 GET http://10.180.1.21/compute/v2.1/servers/26aa196e-e745-494d-814f-7da3cf18ec14 0.046s
2024-10-23 14:48:08.521 60068 INFO tempest.lib.common.rest_client [req-f21e7946-69d5-4ed4-be0e-65704165979a req-f21e7946-69d5-4ed4-be0e-65704165979a ] Request (ServersAdmin275Test:test_rebuild_update_server_275): 200 GET http://10.180.1.21/compute/v2.1/servers/11f468ba-a807-4490-9dd5-58eaad007865 0.050s
2024-10-23 14:48:09.009 60106 INFO tempest.lib.common.rest_client [req-d9f476d8-2ca0-4063-9045-a4d8bd27062e req-d9f476d8-2ca0-4063-9045-a4d8bd27062e ] Request (ServerShowV257Test:test_rebuild_server): 200 GET http://10.180.1.21/compute/v2.1/servers/26aa196e-e745-494d-814f-7da3cf18ec14 0.046s
2024-10-23 14:48:09.579 60068 INFO tempest.lib.common.rest_client [req-cf4ab77f-1639-423e-9b7e-d806771aa875 req-cf4ab77f-1639-423e-9b7e-d806771aa875 ] Request (ServersAdmin275Test:test_rebuild_update_server_275): 200 GET http://10.180.1.21/compute/v2.1/servers/11f468ba-a807-4490-9dd5-58eaad007865 0.049s
2024-10-23 14:48:10.063 60106 INFO tempest.lib.common.rest_client [req-1dd50a33-f0a7-4030-9227-37b9284d2fbd req-1dd50a33-f0a7-4030-9227-37b9284d2fbd ] Request (ServerShowV257Test:test_rebuild_server): 200 GET http://10.180.1.21/compute/v2.1/servers/26aa196e-e745-494d-814f-7da3cf18ec14 0.046s
2024-10-23 14:48:10.640 60068 INFO tempest.lib.common.rest_client [req-ff52dbf3-af12-4528-9577-de1a0a1af26f req-ff52dbf3-af12-4528-9577-de1a0a1af26f ] Request (ServersAdmin275Test:test_rebuild_update_server_275): 200 GET http://10.180.1.21/compute/v2.1/servers/11f468ba-a807-4490-9dd5-58eaad007865 0.052s
2024-10-23 14:48:11.120 60106 INFO tempest.lib.common.rest_client [req-971a3e28-7285-4d78-8ebf-44f0f6d49aed req-971a3e28-7285-4d78-8ebf-44f0f6d49aed ] Request (ServerShowV257Test:test_rebuild_server): 200 GET http://10.180.1.21/compute/v2.1/servers/26aa196e-e745-494d-814f-7da3cf18ec14 0.048s
2024-10-23 14:48:11.697 60068 INFO tempest.lib.common.rest_client [req-731a9896-eb0b-4e9a-b4ef-a6d23fcd9d64 req-731a9896-eb0b-4e9a-b4ef-a6d23fcd9d64 ] Request (ServersAdmin275Test:test_rebuild_update_server_275): 200 GET http://10.180.1.21/compute/v2.1/servers/11f468ba-a807-4490-9dd5-58eaad007865 0.049s
2024-10-23 14:48:12.176 60106 INFO tempest.lib.common.rest_client [req-45868f70-2bc5-4004-9731-3c318c788784 req-45868f70-2bc5-4004-9731-3c318c788784 ] Request (ServerShowV257Test:test_rebuild_server): 200 GET http://10.180.1.21/compute/v2.1/servers/26aa196e-e745-494d-814f-7da3cf18ec14 0.048s
2024-10-23 14:48:12.759 60068 INFO tempest.lib.common.rest_client [req-3205076f-99c1-4913-97bd-922edc0b4626 req-3205076f-99c1-4913-97bd-922edc0b4626 ] Request (ServersAdmin275Test:test_rebuild_update_server_275): 200 GET http://10.180.1.21/compute/v2.1/servers/11f468ba-a807-4490-9dd5-58eaad007865 0.053s
2024-10-23 14:48:13.231 60106 INFO tempest.lib.common.rest_client [req-8b581555-10d2-40b9-9d60-fe317a80a077 req-8b581555-10d2-40b9-9d60-fe317a80a077 ] Request (ServerShowV257Test:test_rebuild_server): 200 GET http://10.180.1.21/compute/v2.1/servers/26aa196e-e745-494d-814f-7da3cf18ec14 0.046s
2024-10-23 14:48:13.819 60068 INFO tempest.lib.common.rest_client [req-b9d82d1e-fee7-4071-a733-9641e0c59f4f req-b9d82d1e-fee7-4071-a733-9641e0c59f4f ] Request (ServersAdmin275Test:test_rebuild_update_server_275): 200 GET http://10.180.1.21/compute/v2.1/servers/11f468ba-a807-4490-9dd5-58eaad007865 0.052s
2024-10-23 14:48:14.287 60106 INFO tempest.lib.common.rest_client [req-26fee329-8893-4045-a45f-39fbda5a7fe4 req-26fee329-8893-4045-a45f-39fbda5a7fe4 ] Request (ServerShowV257Test:test_rebuild_server): 200 GET http://10.180.1.21/compute/v2.1/servers/26aa196e-e745-494d-814f-7da3cf18ec14 0.048s
2024-10-23 14:48:15.047 60068 INFO tempest.lib.common.rest_client [req-e232d79a-0331-430c-a25d-51cda9b305a8 req-e232d79a-0331-430c-a25d-51cda9b305a8 ] Request (ServersAdmin275Test:test_rebuild_update_server_275): 200 GET http://10.180.1.21/compute/v2.1/servers/11f468ba-a807-4490-9dd5-58eaad007865 0.218s
2024-10-23 14:48:15.055 60068 INFO tempest.common.waiters [-] State transition "BUILD/spawning" ==> "ERROR/None" after 190 second wait
2024-10-23 14:48:15.205 60068 INFO tempest.lib.common.rest_client [req-6ff69af0-5543-42cd-bc1e-ea69622d9d4b req-6ff69af0-5543-42cd-bc1e-ea69622d9d4b ] Request (ServersAdmin275Test:tearDownClass): 204 DELETE http://10.180.1.21/compute/v2.1/servers/11f468ba-a807-4490-9dd5-58eaad007865 0.149s
2024-10-23 14:48:15.223 60068 INFO tempest.lib.common.rest_client [req-60f2d4aa-44bd-4cf8-89b3-c9ece14983b0 req-60f2d4aa-44bd-4cf8-89b3-c9ece14983b0 ] Request (ServersAdmin275Test:tearDownClass): 404 GET http://10.180.1.21/compute/v2.1/servers/11f468ba-a807-4490-9dd5-58eaad007865 0.018s
2024-10-23 14:48:15.298 60068 INFO tempest.lib.common.rest_client [req-f1faa433-8f69-4e89-83c9-92743fac8350 req-f1faa433-8f69-4e89-83c9-92743fac8350 ] Request (ServersAdmin275Test:tearDownClass): 204 DELETE http://10.180.1.21/identity/v3/users/9a022db29b5046919ef98582dc088fd2 0.074s
2024-10-23 14:48:15.343 60106 INFO tempest.lib.common.rest_client [req-4adf7e29-c7c4-4336-b718-0fb130e37ac7 req-4adf7e29-c7c4-4336-b718-0fb130e37ac7 ] Request (ServerShowV257Test:test_rebuild_server): 200 GET http://10.180.1.21/compute/v2.1/servers/26aa196e-e745-494d-814f-7da3cf18ec14 0.048s
2024-10-23 14:48:15.372 60068 INFO tempest.lib.common.rest_client [req-90788e73-a340-43ca-b41a-ce1acc4f4d84 req-90788e73-a340-43ca-b41a-ce1acc4f4d84 ] Request (ServersAdmin275Test:tearDownClass): 204 DELETE http://10.180.1.21/identity/v3/users/96aee0dff40948eeb890c5932d1487a0 0.074s
2024-10-23 14:48:15.372 60068 INFO tempest.lib.common.dynamic_creds [-] Deleting project and security group for project: 6a76486869574011a18c114d723d40aa
2024-10-23 14:48:15.419 60068 INFO tempest.lib.common.rest_client [req-75c55f59-8dda-4233-9f52-af231d54f99b req-75c55f59-8dda-4233-9f52-af231d54f99b ] Request (ServersAdmin275Test:tearDownClass): 201 POST http://10.180.1.21/identity/v3/auth/tokens 0.046s
2024-10-23 14:48:15.536 60068 INFO tempest.lib.common.rest_client [req-d4c0ede4-9ff1-483f-bdf4-919e35a253fc req-d4c0ede4-9ff1-483f-bdf4-919e35a253fc ] Request (ServersAdmin275Test:tearDownClass): 200 GET http://10.180.1.21:9696/networking/v2.0/security-groups?tenant_id=6a76486869574011a18c114d723d40aa&name=default 0.117s
2024-10-23 14:48:15.593 60068 INFO tempest.lib.common.rest_client [req-931c9301-5bfe-4392-8b75-7af73e0261f0 req-931c9301-5bfe-4392-8b75-7af73e0261f0 ] Request (ServersAdmin275Test:tearDownClass): 204 DELETE http://10.180.1.21:9696/networking/v2.0/security-groups/6b6a41ef-5a1e-497e-914e-ee87acd0de78 0.057s
2024-10-23 14:48:15.642 60068 INFO tempest.lib.common.rest_client [req-6642da6b-7df6-4299-8e76-aa7b5fb0c72a req-6642da6b-7df6-4299-8e76-aa7b5fb0c72a ] Request (ServersAdmin275Test:tearDownClass): 204 DELETE http://10.180.1.21/identity/v3/projects/6a76486869574011a18c114d723d40aa 0.048s
2024-10-23 14:48:15.642 60068 INFO tempest.lib.common.dynamic_creds [-] Deleting project and security group for project: 202261ddab1049768fa5826dc65f62b3
2024-10-23 14:48:15.705 60068 INFO tempest.lib.common.rest_client [req-d3436791-aed8-404d-917d-d036765726a6 req-d3436791-aed8-404d-917d-d036765726a6 ] Request (ServersAdmin275Test:tearDownClass): 200 GET http://10.180.1.21:9696/networking/v2.0/security-groups?tenant_id=202261ddab1049768fa5826dc65f62b3&name=default 0.063s
2024-10-23 14:48:15.761 60068 INFO tempest.lib.common.rest_client [req-72ab7b68-ffc9-43b8-ae0a-f43df47e240c req-72ab7b68-ffc9-43b8-ae0a-f43df47e240c ] Request (ServersAdmin275Test:tearDownClass): 204 DELETE http://10.180.1.21:9696/networking/v2.0/security-groups/197110b4-a92e-46f1-b76d-076bd3154685 0.056s
2024-10-23 14:48:15.831 60068 INFO tempest.lib.common.rest_client [req-196a2ce8-5104-442b-83ad-6ad90aa40a8f req-196a2ce8-5104-442b-83ad-6ad90aa40a8f ] Request (ServersAdmin275Test:tearDownClass): 204 DELETE http://10.180.1.21/identity/v3/projects/202261ddab1049768fa5826dc65f62b3 0.069s
2024-10-23 14:48:15.832 60068 INFO tempest.test [-] raised in ServersOnMultiNodesTest.setUpClass. Invoking tearDownClass.
2024-10-23 14:48:15.881 60068 INFO tempest.lib.common.rest_client [req-90634901-3bdb-4ffe-bf3f-c9da17f48929 req-90634901-3bdb-4ffe-bf3f-c9da17f48929 ] Request (ImagesOneServerNegativeTestJSON:setUpClass): 201 POST http://10.180.1.21/identity/v3/auth/tokens 0.046s
2024-10-23 14:48:15.906 60068 INFO tempest.lib.common.rest_client [req-8f331bc3-68f1-4551-b511-5f72d236ce27 req-8f331bc3-68f1-4551-b511-5f72d236ce27 ] Request (ImagesOneServerNegativeTestJSON:setUpClass): 201 POST http://10.180.1.21/identity/v3/auth/tokens 0.022s
2024-10-23 14:48:15.922 60068 INFO tempest.lib.common.rest_client [req-5c963685-33c8-4601-aa2e-d8fb218dd345 req-5c963685-33c8-4601-aa2e-d8fb218dd345 ] Request (ImagesOneServerNegativeTestJSON:setUpClass): 200 GET http://10.180.1.21/identity/v3/domains?name=Default 0.016s
2024-10-23 14:48:15.945 60068 INFO tempest.lib.common.rest_client [req-86f2a662-d5eb-4547-8c29-133761a2a3af req-86f2a662-d5eb-4547-8c29-133761a2a3af ] Request (ImagesOneServerNegativeTestJSON:setUpClass): 201 POST http://10.180.1.21/identity/v3/projects 0.022s
2024-10-23 14:48:15.990 60068 INFO tempest.lib.common.rest_client [req-ea2ee10f-63fb-4e88-9b20-bb0b0b1443c9 req-ea2ee10f-63fb-4e88-9b20-bb0b0b1443c9 ] Request (ImagesOneServerNegativeTestJSON:setUpClass): 201 POST http://10.180.1.21/identity/v3/users 0.044s
2024-10-23 14:48:16.006 60068 INFO tempest.lib.common.rest_client [req-38bbf838-06dd-48ba-a7c5-2fa8791f30b0 req-38bbf838-06dd-48ba-a7c5-2fa8791f30b0 ] Request (ImagesOneServerNegativeTestJSON:setUpClass): 200 GET http://10.180.1.21/identity/v3/roles 0.016s
2024-10-23 14:48:16.027 60068 INFO tempest.lib.common.rest_client [req-20602127-4c48-49ec-8f8b-aa63f12b5069 req-20602127-4c48-49ec-8f8b-aa63f12b5069 ] Request (ImagesOneServerNegativeTestJSON:setUpClass): 204 PUT http://10.180.1.21/identity/v3/projects/599a0d1dc613482c952b7bc2c9024674/users/9186471c7ae84396a91e6e3f929aded5/roles/8b25e525191a44809581573075c54389 0.021s
2024-10-23 14:48:16.028 60068 INFO tempest.lib.common.dynamic_creds [-] Dynamic test user 9186471c7ae84396a91e6e3f929aded5 is created with scope project and roles: ['member']
2024-10-23 14:48:16.028 60068 INFO tempest.lib.common.dynamic_creds [-] Acquired dynamic creds: credentials: Credentials: {'domain_id': 'default', 'domain_name': 'Default', 'username': 'tempest-ImagesOneServerNegativeTestJSON-1831759335-project-member', 'project_domain_id': 'default', 'project_domain_name': 'Default', 'project_id': '599a0d1dc613482c952b7bc2c9024674', 'project_name': 'tempest-ImagesOneServerNegativeTestJSON-1831759335', 'tenant_id': '599a0d1dc613482c952b7bc2c9024674', 'tenant_name': 'tempest-ImagesOneServerNegativeTestJSON-1831759335', 'user_domain_id': 'default', 'user_domain_name': 'Default', 'user_id': '9186471c7ae84396a91e6e3f929aded5', 'system': None}, Network: None, Subnet: None, Router: None
2024-10-23 14:48:16.072 60068 INFO tempest.lib.common.rest_client [req-4c069a8b-bd55-460f-bf90-35548c16e058 req-4c069a8b-bd55-460f-bf90-35548c16e058 ] Request (ImagesOneServerNegativeTestJSON:setUpClass): 201 POST http://10.180.1.21/identity/v3/auth/tokens 0.044s
2024-10-23 14:48:16.239 60068 INFO tempest.lib.common.rest_client [req-0515bed2-1f5c-4c50-99bc-7d0dc6a8f685 req-0515bed2-1f5c-4c50-99bc-7d0dc6a8f685 ] Request (ImagesOneServerNegativeTestJSON:setUpClass): 201 POST http://10.180.1.21:9696/networking/v2.0/networks 0.166s
2024-10-23 14:48:16.384 60068 INFO tempest.lib.common.rest_client [req-8203ee6f-b8f9-449b-92fd-d18e9d485006 req-8203ee6f-b8f9-449b-92fd-d18e9d485006 ] Request (ImagesOneServerNegativeTestJSON:setUpClass): 201 POST http://10.180.1.21:9696/networking/v2.0/subnets 0.144s
2024-10-23 14:48:16.402 60106 INFO tempest.lib.common.rest_client [req-64d15b0f-6caf-4256-92e0-fa362880230e req-64d15b0f-6caf-4256-92e0-fa362880230e ] Request (ServerShowV257Test:test_rebuild_server): 200 GET http://10.180.1.21/compute/v2.1/servers/26aa196e-e745-494d-814f-7da3cf18ec14 0.050s
2024-10-23 14:48:17.181 60068 INFO tempest.lib.common.rest_client [req-e29f2653-b323-4a98-99c8-89dccb1c0ccb req-e29f2653-b323-4a98-99c8-89dccb1c0ccb ] Request (ImagesOneServerNegativeTestJSON:setUpClass): 201 POST http://10.180.1.21:9696/networking/v2.0/routers 0.796s
2024-10-23 14:48:17.475 60106 INFO tempest.lib.common.rest_client [req-97f5bdc8-026a-4b93-a487-cb70ec560b8e req-97f5bdc8-026a-4b93-a487-cb70ec560b8e ] Request (ServerShowV257Test:test_rebuild_server): 200 GET http://10.180.1.21/compute/v2.1/servers/26aa196e-e745-494d-814f-7da3cf18ec14 0.065s
2024-10-23 14:48:17.976 60068 INFO tempest.lib.common.rest_client [req-6b29819d-1560-4042-8dfc-47f587d0a5df req-6b29819d-1560-4042-8dfc-47f587d0a5df ] Request (ImagesOneServerNegativeTestJSON:setUpClass): 200 PUT http://10.180.1.21:9696/networking/v2.0/routers/833be62a-efa6-4387-868e-10f6bfcfc1af/add_router_interface 0.795s
2024-10-23 14:48:17.976 60068 INFO tempest.lib.common.dynamic_creds [-] Created isolated network resources for: credentials: Credentials: {'domain_id': 'default', 'domain_name': 'Default', 'username': 'tempest-ImagesOneServerNegativeTestJSON-1831759335-project-member', 'project_domain_id': 'default', 'project_domain_name': 'Default', 'project_id': '599a0d1dc613482c952b7bc2c9024674', 'project_name': 'tempest-ImagesOneServerNegativeTestJSON-1831759335', 'tenant_id': '599a0d1dc613482c952b7bc2c9024674', 'tenant_name': 'tempest-ImagesOneServerNegativeTestJSON-1831759335', 'user_domain_id': 'default', 'user_domain_name': 'Default', 'user_id': '9186471c7ae84396a91e6e3f929aded5', 'system': None}, Network: {'id': '3efa1a13-44b7-4aa0-8dca-d27cbda1da69', 'name': 'tempest-ImagesOneServerNegativeTestJSON-950178701-network', 'tenant_id': '599a0d1dc613482c952b7bc2c9024674', 'admin_state_up': True, 'mtu': 8950, 'status': 'ACTIVE', 'subnets': [], 'shared': False, 'project_id': '599a0d1dc613482c952b7bc2c9024674', 'port_security_enabled': True, 'router:external': False, 'provider:network_type': 'vlan', 'provider:physical_network': 'default', 'provider:segmentation_id': 107, 'is_default': False, 'availability_zone_hints': [], 'availability_zones': [], 'ipv4_address_scope': None, 'ipv6_address_scope': None, 'description': '', 'tags': [], 'created_at': '2024-10-23T14:48:16Z', 'updated_at': '2024-10-23T14:48:16Z', 'revision_number': 1}, Subnet: {'id': '176d4cc2-1a39-4dac-8cc9-17282380cedd', 'name': 'tempest-ImagesOneServerNegativeTestJSON-950178701-subnet', 'tenant_id': '599a0d1dc613482c952b7bc2c9024674', 'network_id': '3efa1a13-44b7-4aa0-8dca-d27cbda1da69', 'ip_version': 4, 'subnetpool_id': None, 'enable_dhcp': True, 'ipv6_ra_mode': None, 'ipv6_address_mode': None, 'gateway_ip': '192.168.128.1', 'cidr': '192.168.128.0/28', 'allocation_pools': [{'start': '192.168.128.2', 'end': '192.168.128.14'}], 'host_routes': [], 'dns_nameservers': [], 'description': '', 'service_types': [], 'tags': [], 'created_at': '2024-10-23T14:48:16Z', 'updated_at': '2024-10-23T14:48:16Z', 'revision_number': 0, 'project_id': '599a0d1dc613482c952b7bc2c9024674'}, Router: {'id': '833be62a-efa6-4387-868e-10f6bfcfc1af', 'name': 'tempest-ImagesOneServerNegativeTestJSON-950178701-router', 'tenant_id': '599a0d1dc613482c952b7bc2c9024674', 'admin_state_up': True, 'status': 'ACTIVE', 'external_gateway_info': {'network_id': '436acce0-697d-44fe-86ae-a1d7b3f16f18', 'external_fixed_ips': [{'subnet_id': '2b741774-8702-4a95-8ac3-4fb79823d64a', 'ip_address': '10.180.180.140'}], 'enable_snat': True}, 'description': '', 'availability_zones': [], 'distributed': False, 'ha': False, 'availability_zone_hints': [], 'routes': [], 'flavor_id': None, 'tags': [], 'created_at': '2024-10-23T14:48:16Z', 'updated_at': '2024-10-23T14:48:16Z', 'revision_number': 2, 'project_id': '599a0d1dc613482c952b7bc2c9024674'}
2024-10-23 14:48:18.054 60068 INFO tempest.lib.common.rest_client [req-79d7b310-d4e1-40c1-a4c3-d878f9869b6c req-79d7b310-d4e1-40c1-a4c3-d878f9869b6c ] Request (ImagesOneServerNegativeTestJSON:setUpClass): 201 POST http://10.180.1.21/identity/v3/auth/tokens 0.074s
2024-10-23 14:48:18.080 60068 INFO tempest.lib.common.rest_client [req-4d097b98-a579-4d2b-be24-06d4976d9290 req-4d097b98-a579-4d2b-be24-06d4976d9290 ] Request (ImagesOneServerNegativeTestJSON:setUpClass): 201 POST http://10.180.1.21/identity/v3/auth/tokens 0.023s
2024-10-23 14:48:18.080 60068 INFO tempest.lib.common.fixed_network [-] (ImagesOneServerNegativeTestJSON:setUpClass) Found network {'id': '3efa1a13-44b7-4aa0-8dca-d27cbda1da69', 'name': 'tempest-ImagesOneServerNegativeTestJSON-950178701-network', 'tenant_id': '599a0d1dc613482c952b7bc2c9024674', 'admin_state_up': True, 'mtu': 8950, 'status': 'ACTIVE', 'subnets': [], 'shared': False, 'project_id': '599a0d1dc613482c952b7bc2c9024674', 'port_security_enabled': True, 'router:external': False, 'provider:network_type': 'vlan', 'provider:physical_network': 'default', 'provider:segmentation_id': 107, 'is_default': False, 'availability_zone_hints': [], 'availability_zones': [], 'ipv4_address_scope': None, 'ipv6_address_scope': None, 'description': '', 'tags': [], 'created_at': '2024-10-23T14:48:16Z', 'updated_at': '2024-10-23T14:48:16Z', 'revision_number': 1} available for tenant
2024-10-23 14:48:18.443 60068 INFO tempest.lib.common.rest_client [req-27f3a826-1482-4da4-b09f-2c822483cff2 req-27f3a826-1482-4da4-b09f-2c822483cff2 ] Request (ImagesOneServerNegativeTestJSON:setUpClass): 202 POST http://10.180.1.21/compute/v2.1/servers 0.362s
2024-10-23 14:48:18.484 60068 INFO tempest.lib.common.rest_client [req-e6c8f423-bcb8-421a-a77d-6e299cced327 req-e6c8f423-bcb8-421a-a77d-6e299cced327 ] Request (ImagesOneServerNegativeTestJSON:setUpClass): 200 GET http://10.180.1.21/compute/v2.1/servers/e0c34b27-f25b-48b8-8ace-0bbe5380a336 0.039s
2024-10-23 14:48:18.537 60106 INFO tempest.lib.common.rest_client [req-fd1226d6-584d-4f1f-ba07-56626c844ed3 req-fd1226d6-584d-4f1f-ba07-56626c844ed3 ] Request (ServerShowV257Test:test_rebuild_server): 200 GET http://10.180.1.21/compute/v2.1/servers/26aa196e-e745-494d-814f-7da3cf18ec14 0.052s
2024-10-23 14:48:19.551 60068 INFO tempest.lib.common.rest_client [req-e81ecf63-c1a4-4aec-8a2f-9d65913a82a5 req-e81ecf63-c1a4-4aec-8a2f-9d65913a82a5 ] Request (ImagesOneServerNegativeTestJSON:setUpClass): 200 GET http://10.180.1.21/compute/v2.1/servers/e0c34b27-f25b-48b8-8ace-0bbe5380a336 0.060s
2024-10-23 14:48:19.557 60068 INFO tempest.common.waiters [-] State transition "BUILD/scheduling" ==> "BUILD/None" after 1 second wait
2024-10-23 14:48:19.612 60106 INFO tempest.lib.common.rest_client [req-cb97883b-b2c3-4744-8442-8a340e0e4c16 req-cb97883b-b2c3-4744-8442-8a340e0e4c16 ] Request (ServerShowV257Test:test_rebuild_server): 200 GET http://10.180.1.21/compute/v2.1/servers/26aa196e-e745-494d-814f-7da3cf18ec14 0.061s
2024-10-23 14:48:20.643 60068 INFO tempest.lib.common.rest_client [req-01da16bf-d7f5-4215-b823-682c77754274 req-01da16bf-d7f5-4215-b823-682c77754274 ] Request (ImagesOneServerNegativeTestJSON:setUpClass): 200 GET http://10.180.1.21/compute/v2.1/servers/e0c34b27-f25b-48b8-8ace-0bbe5380a336 0.084s
2024-10-23 14:48:20.649 60068 INFO tempest.common.waiters [-] State transition "BUILD/None" ==> "BUILD/spawning" after 2 second wait
2024-10-23 14:48:20.673 60106 INFO tempest.lib.common.rest_client [req-a85c71b9-2682-42c6-b2b5-06c02ae2de68 req-a85c71b9-2682-42c6-b2b5-06c02ae2de68 ] Request (ServerShowV257Test:test_rebuild_server): 200 GET http://10.180.1.21/compute/v2.1/servers/26aa196e-e745-494d-814f-7da3cf18ec14 0.050s
2024-10-23 14:48:21.702 60068 INFO tempest.lib.common.rest_client [req-e63cfd8e-ec9c-42d8-a17e-010f2d628ce5 req-e63cfd8e-ec9c-42d8-a17e-010f2d628ce5 ] Request (ImagesOneServerNegativeTestJSON:setUpClass): 200 GET http://10.180.1.21/compute/v2.1/servers/e0c34b27-f25b-48b8-8ace-0bbe5380a336 0.052s
2024-10-23 14:48:21.708 60068 INFO tempest.common.waiters [-] State transition "BUILD/spawning" ==> "ERROR/None" after 3 second wait
2024-10-23 14:48:21.727 60106 INFO tempest.lib.common.rest_client [req-909fec8a-25d4-49ea-b81f-acf7b17d5e08 req-909fec8a-25d4-49ea-b81f-acf7b17d5e08 ] Request (ServerShowV257Test:test_rebuild_server): 200 GET http://10.180.1.21/compute/v2.1/servers/26aa196e-e745-494d-814f-7da3cf18ec14 0.047s
2024-10-23 14:48:21.850 60068 INFO tempest.lib.common.rest_client [req-f2e34bf9-5bcb-491a-a49f-896ffd907cc0 req-f2e34bf9-5bcb-491a-a49f-896ffd907cc0 ] Request (ImagesOneServerNegativeTestJSON:setUpClass): 204 DELETE http://10.180.1.21/compute/v2.1/servers/e0c34b27-f25b-48b8-8ace-0bbe5380a336 0.141s
2024-10-23 14:48:21.868 60068 INFO tempest.lib.common.rest_client [req-594f9b11-a993-44b0-abb3-16a5025b231d req-594f9b11-a993-44b0-abb3-16a5025b231d ] Request (ImagesOneServerNegativeTestJSON:setUpClass): 404 GET http://10.180.1.21/compute/v2.1/servers/e0c34b27-f25b-48b8-8ace-0bbe5380a336 0.017s
2024-10-23 14:48:21.868 60068 INFO tempest.test [-] raised in ImagesOneServerNegativeTestJSON.setUpClass. Invoking tearDownClass.
2024-10-23 14:48:22.467 60068 INFO tempest.lib.common.rest_client [req-14b78ab7-ccb7-4cb5-a245-182589c2994f req-14b78ab7-ccb7-4cb5-a245-182589c2994f ] Request (ImagesOneServerNegativeTestJSON:tearDownClass): 200 PUT http://10.180.1.21:9696/networking/v2.0/routers/833be62a-efa6-4387-868e-10f6bfcfc1af/remove_router_interface 0.598s
2024-10-23 14:48:22.796 60106 INFO tempest.lib.common.rest_client [req-0200570a-4796-47e1-bf2c-209567155494 req-0200570a-4796-47e1-bf2c-209567155494 ] Request (ServerShowV257Test:test_rebuild_server): 200 GET http://10.180.1.21/compute/v2.1/servers/26aa196e-e745-494d-814f-7da3cf18ec14 0.061s
2024-10-23 14:48:22.986 60068 INFO tempest.lib.common.rest_client [req-8abf7bb9-f348-4411-84ca-731db75b0344 req-8abf7bb9-f348-4411-84ca-731db75b0344 ] Request (ImagesOneServerNegativeTestJSON:tearDownClass): 204 DELETE http://10.180.1.21:9696/networking/v2.0/routers/833be62a-efa6-4387-868e-10f6bfcfc1af 0.519s
2024-10-23 14:48:23.103 60068 INFO tempest.lib.common.rest_client [req-5f0e4528-02fb-42cc-9a2b-64d9a9dea76f req-5f0e4528-02fb-42cc-9a2b-64d9a9dea76f ] Request (ImagesOneServerNegativeTestJSON:tearDownClass): 204 DELETE http://10.180.1.21:9696/networking/v2.0/subnets/176d4cc2-1a39-4dac-8cc9-17282380cedd 0.116s
2024-10-23 14:48:23.340 60068 INFO tempest.lib.common.rest_client [req-98bfe85d-76f9-49cd-ad14-14d3d928ace8 req-98bfe85d-76f9-49cd-ad14-14d3d928ace8 ] Request (ImagesOneServerNegativeTestJSON:tearDownClass): 204 DELETE http://10.180.1.21:9696/networking/v2.0/networks/3efa1a13-44b7-4aa0-8dca-d27cbda1da69 0.237s
2024-10-23 14:48:23.391 60068 INFO tempest.lib.common.rest_client [req-72a5fed0-ae2e-4995-b1ac-a00acb4c24cb req-72a5fed0-ae2e-4995-b1ac-a00acb4c24cb ] Request (ImagesOneServerNegativeTestJSON:tearDownClass): 204 DELETE http://10.180.1.21/identity/v3/users/9186471c7ae84396a91e6e3f929aded5 0.050s
2024-10-23 14:48:23.391 60068 INFO tempest.lib.common.dynamic_creds [-] Deleting project and security group for project: 599a0d1dc613482c952b7bc2c9024674
2024-10-23 14:48:23.415 60068 INFO tempest.lib.common.rest_client [req-f8a7e05a-cfb0-42cd-9698-adcbfd52a5bd req-f8a7e05a-cfb0-42cd-9698-adcbfd52a5bd ] Request (ImagesOneServerNegativeTestJSON:tearDownClass): 200 GET http://10.180.1.21:9696/networking/v2.0/security-groups?tenant_id=599a0d1dc613482c952b7bc2c9024674&name=default 0.024s
2024-10-23 14:48:23.467 60068 INFO tempest.lib.common.rest_client [req-964fe03c-08e3-4ddd-91a1-a8bc1a74bb81 req-964fe03c-08e3-4ddd-91a1-a8bc1a74bb81 ] Request (ImagesOneServerNegativeTestJSON:tearDownClass): 204 DELETE http://10.180.1.21:9696/networking/v2.0/security-groups/5afa6a7d-c6b6-42e9-8b25-bccd607fa580 0.052s
2024-10-23 14:48:23.537 60068 INFO tempest.lib.common.rest_client [req-762ad0df-a351-4d7f-a923-abed67578adb req-762ad0df-a351-4d7f-a923-abed67578adb ] Request (ImagesOneServerNegativeTestJSON:tearDownClass): 204 DELETE http://10.180.1.21/identity/v3/projects/599a0d1dc613482c952b7bc2c9024674 0.069s
2024-10-23 14:48:23.587 60068 INFO tempest.lib.common.rest_client [req-c20bac5c-b7bb-49f5-8100-7b5c7947460d req-c20bac5c-b7bb-49f5-8100-7b5c7947460d ] Request (InstanceActionsTestJSON:setUpClass): 201 POST http://10.180.1.21/identity/v3/auth/tokens 0.046s
2024-10-23 14:48:23.611 60068 INFO tempest.lib.common.rest_client [req-3a274183-2929-4921-a944-eb4efcb80a58 req-3a274183-2929-4921-a944-eb4efcb80a58 ] Request (InstanceActionsTestJSON:setUpClass): 201 POST http://10.180.1.21/identity/v3/auth/tokens 0.022s
2024-10-23 14:48:23.627 60068 INFO tempest.lib.common.rest_client [req-b06b33c7-e4e8-4f1c-a041-6f0bd8944b13 req-b06b33c7-e4e8-4f1c-a041-6f0bd8944b13 ] Request (InstanceActionsTestJSON:setUpClass): 200 GET http://10.180.1.21/identity/v3/domains?name=Default 0.016s
2024-10-23 14:48:23.649 60068 INFO tempest.lib.common.rest_client [req-d8913870-7b1e-42a6-a82b-9a38445b2f21 req-d8913870-7b1e-42a6-a82b-9a38445b2f21 ] Request (InstanceActionsTestJSON:setUpClass): 201 POST http://10.180.1.21/identity/v3/projects 0.021s
2024-10-23 14:48:23.693 60068 INFO tempest.lib.common.rest_client [req-c66010a8-03d7-4daf-9ff4-3c80435dc906 req-c66010a8-03d7-4daf-9ff4-3c80435dc906 ] Request (InstanceActionsTestJSON:setUpClass): 201 POST http://10.180.1.21/identity/v3/users 0.043s
2024-10-23 14:48:23.709 60068 INFO tempest.lib.common.rest_client [req-c979af54-9be0-4543-9332-e7487dd9474a req-c979af54-9be0-4543-9332-e7487dd9474a ] Request (InstanceActionsTestJSON:setUpClass): 200 GET http://10.180.1.21/identity/v3/roles 0.016s
2024-10-23 14:48:23.734 60068 INFO tempest.lib.common.rest_client [req-bc4474d5-dc7e-42a4-8268-78dfedf5a230 req-bc4474d5-dc7e-42a4-8268-78dfedf5a230 ] Request (InstanceActionsTestJSON:setUpClass): 204 PUT http://10.180.1.21/identity/v3/projects/2b0a5316a9ae491c985d1f21a2ae77e1/users/233f69ec97334ba9894ae70d7941be35/roles/8b25e525191a44809581573075c54389 0.024s
2024-10-23 14:48:23.734 60068 INFO tempest.lib.common.dynamic_creds [-] Dynamic test user 233f69ec97334ba9894ae70d7941be35 is created with scope project and roles: ['member']
2024-10-23 14:48:23.735 60068 INFO tempest.lib.common.dynamic_creds [-] Acquired dynamic creds: credentials: Credentials: {'domain_id': 'default', 'domain_name': 'Default', 'username': 'tempest-InstanceActionsTestJSON-1277579837-project-member', 'project_domain_id': 'default', 'project_domain_name': 'Default', 'project_id': '2b0a5316a9ae491c985d1f21a2ae77e1', 'project_name': 'tempest-InstanceActionsTestJSON-1277579837', 'tenant_id': '2b0a5316a9ae491c985d1f21a2ae77e1', 'tenant_name': 'tempest-InstanceActionsTestJSON-1277579837', 'user_domain_id': 'default', 'user_domain_name': 'Default', 'user_id': '233f69ec97334ba9894ae70d7941be35', 'system': None}, Network: None, Subnet: None, Router: None
2024-10-23 14:48:23.785 60068 INFO tempest.lib.common.rest_client [req-2bb5890f-c59a-4456-bd8f-3048167d580e req-2bb5890f-c59a-4456-bd8f-3048167d580e ] Request (InstanceActionsTestJSON:setUpClass): 201 POST http://10.180.1.21/identity/v3/auth/tokens 0.050s
2024-10-23 14:48:23.854 60106 INFO tempest.lib.common.rest_client [req-c16d7d66-3906-4ecb-a6ed-7f38ae59ac1b req-c16d7d66-3906-4ecb-a6ed-7f38ae59ac1b ] Request (ServerShowV257Test:test_rebuild_server): 200 GET http://10.180.1.21/compute/v2.1/servers/26aa196e-e745-494d-814f-7da3cf18ec14 0.049s
2024-10-23 14:48:23.953 60068 INFO tempest.lib.common.rest_client [req-2139e8d1-1746-4e5e-9c3e-dfcf398a8df4 req-2139e8d1-1746-4e5e-9c3e-dfcf398a8df4 ] Request (InstanceActionsTestJSON:setUpClass): 201 POST http://10.180.1.21:9696/networking/v2.0/networks 0.167s
2024-10-23 14:48:24.099 60068 INFO tempest.lib.common.rest_client [req-57e13523-5a0f-461d-b08a-6232f8697651 req-57e13523-5a0f-461d-b08a-6232f8697651 ] Request (InstanceActionsTestJSON:setUpClass): 201 POST http://10.180.1.21:9696/networking/v2.0/subnets 0.146s
2024-10-23 14:48:24.729 60068 INFO tempest.lib.common.rest_client [req-53480f94-7184-4f0f-8954-1dbc8c07aa3a req-53480f94-7184-4f0f-8954-1dbc8c07aa3a ] Request (InstanceActionsTestJSON:setUpClass): 201 POST http://10.180.1.21:9696/networking/v2.0/routers 0.629s
2024-10-23 14:48:24.926 60106 INFO tempest.lib.common.rest_client [req-f72e6651-8446-4011-9d79-e214383ab96e req-f72e6651-8446-4011-9d79-e214383ab96e ] Request (ServerShowV257Test:test_rebuild_server): 200 GET http://10.180.1.21/compute/v2.1/servers/26aa196e-e745-494d-814f-7da3cf18ec14 0.060s
2024-10-23 14:48:25.514 60068 INFO tempest.lib.common.rest_client [req-e66eafc8-b075-4e9c-94fe-844fbfe3185a req-e66eafc8-b075-4e9c-94fe-844fbfe3185a ] Request (InstanceActionsTestJSON:setUpClass): 200 PUT http://10.180.1.21:9696/networking/v2.0/routers/330996f1-6236-4936-8c03-7f65cd52915c/add_router_interface 0.784s
2024-10-23 14:48:25.514 60068 INFO tempest.lib.common.dynamic_creds [-] Created isolated network resources for: credentials: Credentials: {'domain_id': 'default', 'domain_name': 'Default', 'username': 'tempest-InstanceActionsTestJSON-1277579837-project-member', 'project_domain_id': 'default', 'project_domain_name': 'Default', 'project_id': '2b0a5316a9ae491c985d1f21a2ae77e1', 'project_name': 'tempest-InstanceActionsTestJSON-1277579837', 'tenant_id': '2b0a5316a9ae491c985d1f21a2ae77e1', 'tenant_name': 'tempest-InstanceActionsTestJSON-1277579837', 'user_domain_id': 'default', 'user_domain_name': 'Default', 'user_id': '233f69ec97334ba9894ae70d7941be35', 'system': None}, Network: {'id': '5b589695-5652-42e1-a466-af4e5180e476', 'name': 'tempest-InstanceActionsTestJSON-728374194-network', 'tenant_id': '2b0a5316a9ae491c985d1f21a2ae77e1', 'admin_state_up': True, 'mtu': 8950, 'status': 'ACTIVE', 'subnets': [], 'shared': False, 'project_id': '2b0a5316a9ae491c985d1f21a2ae77e1', 'port_security_enabled': True, 'router:external': False, 'provider:network_type': 'vlan', 'provider:physical_network': 'default', 'provider:segmentation_id': 420, 'is_default': False, 'availability_zone_hints': [], 'availability_zones': [], 'ipv4_address_scope': None, 'ipv6_address_scope': None, 'description': '', 'tags': [], 'created_at': '2024-10-23T14:48:23Z', 'updated_at': '2024-10-23T14:48:23Z', 'revision_number': 1}, Subnet: {'id': 'b319efb8-43bb-4dc1-898e-7ee5c34624d3', 'name': 'tempest-InstanceActionsTestJSON-728374194-subnet', 'tenant_id': '2b0a5316a9ae491c985d1f21a2ae77e1', 'network_id': '5b589695-5652-42e1-a466-af4e5180e476', 'ip_version': 4, 'subnetpool_id': None, 'enable_dhcp': True, 'ipv6_ra_mode': None, 'ipv6_address_mode': None, 'gateway_ip': '192.168.128.1', 'cidr': '192.168.128.0/28', 'allocation_pools': [{'start': '192.168.128.2', 'end': '192.168.128.14'}], 'host_routes': [], 'dns_nameservers': [], 'description': '', 'service_types': [], 'tags': [], 'created_at': '2024-10-23T14:48:23Z', 'updated_at': '2024-10-23T14:48:23Z', 'revision_number': 0, 'project_id': '2b0a5316a9ae491c985d1f21a2ae77e1'}, Router: {'id': '330996f1-6236-4936-8c03-7f65cd52915c', 'name': 'tempest-InstanceActionsTestJSON-728374194-router', 'tenant_id': '2b0a5316a9ae491c985d1f21a2ae77e1', 'admin_state_up': True, 'status': 'ACTIVE', 'external_gateway_info': {'network_id': '436acce0-697d-44fe-86ae-a1d7b3f16f18', 'external_fixed_ips': [{'subnet_id': '2b741774-8702-4a95-8ac3-4fb79823d64a', 'ip_address': '10.180.180.176'}], 'enable_snat': True}, 'description': '', 'availability_zones': [], 'distributed': False, 'ha': False, 'availability_zone_hints': [], 'routes': [], 'flavor_id': None, 'tags': [], 'created_at': '2024-10-23T14:48:24Z', 'updated_at': '2024-10-23T14:48:24Z', 'revision_number': 2, 'project_id': '2b0a5316a9ae491c985d1f21a2ae77e1'}
2024-10-23 14:48:25.580 60068 INFO tempest.lib.common.rest_client [req-c00a5b0e-86c0-4c5f-8266-576e14ece881 req-c00a5b0e-86c0-4c5f-8266-576e14ece881 ] Request (InstanceActionsTestJSON:setUpClass): 201 POST http://10.180.1.21/identity/v3/auth/tokens 0.062s
2024-10-23 14:48:25.613 60068 INFO tempest.lib.common.rest_client [req-c7981bbb-c87f-4c05-ae43-241c7eae7d96 req-c7981bbb-c87f-4c05-ae43-241c7eae7d96 ] Request (InstanceActionsTestJSON:setUpClass): 201 POST http://10.180.1.21/identity/v3/auth/tokens 0.026s
2024-10-23 14:48:25.613 60068 INFO tempest.lib.common.fixed_network [-] (InstanceActionsTestJSON:setUpClass) Found network {'id': '5b589695-5652-42e1-a466-af4e5180e476', 'name': 'tempest-InstanceActionsTestJSON-728374194-network', 'tenant_id': '2b0a5316a9ae491c985d1f21a2ae77e1', 'admin_state_up': True, 'mtu': 8950, 'status': 'ACTIVE', 'subnets': [], 'shared': False, 'project_id': '2b0a5316a9ae491c985d1f21a2ae77e1', 'port_security_enabled': True, 'router:external': False, 'provider:network_type': 'vlan', 'provider:physical_network': 'default', 'provider:segmentation_id': 420, 'is_default': False, 'availability_zone_hints': [], 'availability_zones': [], 'ipv4_address_scope': None, 'ipv6_address_scope': None, 'description': '', 'tags': [], 'created_at': '2024-10-23T14:48:23Z', 'updated_at': '2024-10-23T14:48:23Z', 'revision_number': 1} available for tenant
2024-10-23 14:48:25.983 60068 INFO tempest.lib.common.rest_client [req-825429ae-cfdc-4552-b852-fd153618f151 req-825429ae-cfdc-4552-b852-fd153618f151 ] Request (InstanceActionsTestJSON:setUpClass): 202 POST http://10.180.1.21/compute/v2.1/servers 0.369s
2024-10-23 14:48:25.984 60106 INFO tempest.lib.common.rest_client [req-112b769f-b148-4123-9457-2c31b915033e req-112b769f-b148-4123-9457-2c31b915033e ] Request (ServerShowV257Test:test_rebuild_server): 200 GET http://10.180.1.21/compute/v2.1/servers/26aa196e-e745-494d-814f-7da3cf18ec14 0.051s
2024-10-23 14:48:26.023 60068 INFO tempest.lib.common.rest_client [req-aec0dc57-2547-4031-9863-6b80bc886337 req-aec0dc57-2547-4031-9863-6b80bc886337 ] Request (InstanceActionsTestJSON:setUpClass): 200 GET http://10.180.1.21/compute/v2.1/servers/4e0763e1-7348-472a-8838-648991382724 0.038s
2024-10-23 14:48:27.047 60106 INFO tempest.lib.common.rest_client [req-10f3f381-1576-4e99-ab5e-fa5e8884ca27 req-10f3f381-1576-4e99-ab5e-fa5e8884ca27 ] Request (ServerShowV257Test:test_rebuild_server): 200 GET http://10.180.1.21/compute/v2.1/servers/26aa196e-e745-494d-814f-7da3cf18ec14 0.055s
2024-10-23 14:48:27.110 60068 INFO tempest.lib.common.rest_client [req-0e0ac579-7a3c-472c-96ee-9863fe72ca0a req-0e0ac579-7a3c-472c-96ee-9863fe72ca0a ] Request (InstanceActionsTestJSON:setUpClass): 200 GET http://10.180.1.21/compute/v2.1/servers/4e0763e1-7348-472a-8838-648991382724 0.081s
2024-10-23 14:48:27.117 60068 INFO tempest.common.waiters [-] State transition "BUILD/scheduling" ==> "BUILD/spawning" after 1 second wait
2024-10-23 14:48:28.110 60106 INFO tempest.lib.common.rest_client [req-0a893632-3295-4d4c-aad8-da4b3dc4e397 req-0a893632-3295-4d4c-aad8-da4b3dc4e397 ] Request (ServerShowV257Test:test_rebuild_server): 200 GET http://10.180.1.21/compute/v2.1/servers/26aa196e-e745-494d-814f-7da3cf18ec14 0.052s
2024-10-23 14:48:28.168 60068 INFO tempest.lib.common.rest_client [req-ef992a93-6a49-4808-9c65-552d6b77ed30 req-ef992a93-6a49-4808-9c65-552d6b77ed30 ] Request (InstanceActionsTestJSON:setUpClass): 200 GET http://10.180.1.21/compute/v2.1/servers/4e0763e1-7348-472a-8838-648991382724 0.049s
2024-10-23 14:48:29.166 60106 INFO tempest.lib.common.rest_client [req-176e50a3-78d1-4ab9-8fcd-e5c97faadae1 req-176e50a3-78d1-4ab9-8fcd-e5c97faadae1 ] Request (ServerShowV257Test:test_rebuild_server): 200 GET http://10.180.1.21/compute/v2.1/servers/26aa196e-e745-494d-814f-7da3cf18ec14 0.047s
2024-10-23 14:48:29.222 60068 INFO tempest.lib.common.rest_client [req-8147ab31-4770-48bd-a989-c6ca2da7e0e5 req-8147ab31-4770-48bd-a989-c6ca2da7e0e5 ] Request (InstanceActionsTestJSON:setUpClass): 200 GET http://10.180.1.21/compute/v2.1/servers/4e0763e1-7348-472a-8838-648991382724 0.047s
2024-10-23 14:48:29.228 60068 INFO tempest.common.waiters [-] State transition "BUILD/spawning" ==> "ERROR/None" after 3 second wait
2024-10-23 14:48:29.370 60068 INFO tempest.lib.common.rest_client [req-734ee568-88d9-4c8f-add2-669c72ad773d req-734ee568-88d9-4c8f-add2-669c72ad773d ] Request (InstanceActionsTestJSON:setUpClass): 204 DELETE http://10.180.1.21/compute/v2.1/servers/4e0763e1-7348-472a-8838-648991382724 0.142s
2024-10-23 14:48:29.389 60068 INFO tempest.lib.common.rest_client [req-e9f508da-3e59-495c-8d17-a2cf8b4d663e req-e9f508da-3e59-495c-8d17-a2cf8b4d663e ] Request (InstanceActionsTestJSON:setUpClass): 404 GET http://10.180.1.21/compute/v2.1/servers/4e0763e1-7348-472a-8838-648991382724 0.018s
2024-10-23 14:48:29.389 60068 INFO tempest.test [-] raised in InstanceActionsTestJSON.setUpClass. Invoking tearDownClass.
2024-10-23 14:48:30.165 60068 INFO tempest.lib.common.rest_client [req-5f81eca7-bf64-4bb8-9602-1b9727cba19a req-5f81eca7-bf64-4bb8-9602-1b9727cba19a ] Request (InstanceActionsTestJSON:tearDownClass): 200 PUT http://10.180.1.21:9696/networking/v2.0/routers/330996f1-6236-4936-8c03-7f65cd52915c/remove_router_interface 0.776s
2024-10-23 14:48:30.231 60106 INFO tempest.lib.common.rest_client [req-67bc4ab0-1a28-4038-80a3-ee7a1ba2bcda req-67bc4ab0-1a28-4038-80a3-ee7a1ba2bcda ] Request (ServerShowV257Test:test_rebuild_server): 200 GET http://10.180.1.21/compute/v2.1/servers/26aa196e-e745-494d-814f-7da3cf18ec14 0.058s
2024-10-23 14:48:30.511 60068 INFO tempest.lib.common.rest_client [req-3ed73354-94ac-482c-b262-7a130051cfac req-3ed73354-94ac-482c-b262-7a130051cfac ] Request (InstanceActionsTestJSON:tearDownClass): 204 DELETE http://10.180.1.21:9696/networking/v2.0/routers/330996f1-6236-4936-8c03-7f65cd52915c 0.345s
2024-10-23 14:48:30.631 60068 INFO tempest.lib.common.rest_client [req-e30c9d1c-380c-4368-9381-7fe4c8d9bbfc req-e30c9d1c-380c-4368-9381-7fe4c8d9bbfc ] Request (InstanceActionsTestJSON:tearDownClass): 204 DELETE http://10.180.1.21:9696/networking/v2.0/subnets/b319efb8-43bb-4dc1-898e-7ee5c34624d3 0.119s
2024-10-23 14:48:30.868 60068 INFO tempest.lib.common.rest_client [req-275d77e4-5654-4fdb-ac95-f0f22db1d9bb req-275d77e4-5654-4fdb-ac95-f0f22db1d9bb ] Request (InstanceActionsTestJSON:tearDownClass): 204 DELETE http://10.180.1.21:9696/networking/v2.0/networks/5b589695-5652-42e1-a466-af4e5180e476 0.237s
2024-10-23 14:48:30.918 60068 INFO tempest.lib.common.rest_client [req-a16dbb20-1973-4a37-b01e-5e344cb5d671 req-a16dbb20-1973-4a37-b01e-5e344cb5d671 ] Request (InstanceActionsTestJSON:tearDownClass): 204 DELETE http://10.180.1.21/identity/v3/users/233f69ec97334ba9894ae70d7941be35 0.049s
2024-10-23 14:48:30.918 60068 INFO tempest.lib.common.dynamic_creds [-] Deleting project and security group for project: 2b0a5316a9ae491c985d1f21a2ae77e1
2024-10-23 14:48:30.944 60068 INFO tempest.lib.common.rest_client [req-ecb93e19-e43d-4119-8cc4-19c933bd0236 req-ecb93e19-e43d-4119-8cc4-19c933bd0236 ] Request (InstanceActionsTestJSON:tearDownClass): 200 GET http://10.180.1.21:9696/networking/v2.0/security-groups?tenant_id=2b0a5316a9ae491c985d1f21a2ae77e1&name=default 0.025s
