2024-10-23 14:45:24.037 60088 INFO tempest.lib.common.rest_client [req-791c14d7-89f7-48fa-8be6-bfb60a41a3b1 req-791c14d7-89f7-48fa-8be6-bfb60a41a3b1 ] Request (FloatingIPDetailsTestJSON:tearDownClass): 204 DELETE http://10.180.1.21/identity/v3/projects/844b81b0f7c24ddabce8990116b807ec 0.158s
2024-10-23 14:45:24.044 60056 INFO tempest.lib.common.rest_client [req-9b478dc6-b167-463c-aa90-5e4582b6121e req-9b478dc6-b167-463c-aa90-5e4582b6121e ] Request (ServicesAdminNegativeTestJSON:test_get_service_with_valid_service_and_invalid_host): 200 GET http://10.180.1.21/compute/v2.1/os-services 2.208s
2024-10-23 14:45:24.074 60092 INFO tempest.lib.common.rest_client [req-a507dda7-a9f2-4774-9e7b-ef4446d7001f req-a507dda7-a9f2-4774-9e7b-ef4446d7001f ] Request (HypervisorAdminV253TestBase:tearDownClass): 200 GET http://10.180.1.21:9696/networking/v2.0/security-groups?tenant_id=ffe2dc96a124495f91ee5a38d4173842&name=default 0.364s
2024-10-23 14:45:24.129 60062 INFO tempest.lib.common.rest_client [req-711605af-6219-4b19-be42-6f0d6adadab6 req-711605af-6219-4b19-be42-6f0d6adadab6 ] Request (VolumesAdminNegativeTest:test_update_attached_volume_with_nonexistent_volume_in_body): 201 POST http://10.180.1.21/identity/v3/auth/tokens 0.188s
2024-10-23 14:45:24.129 60062 INFO tempest.lib.common.fixed_network [-] (VolumesAdminNegativeTest:test_update_attached_volume_with_nonexistent_volume_in_body) Found network {'id': '28671c97-7b82-4e40-bc20-28fa4e80ba0a', 'name': 'tempest-VolumesAdminNegativeTest-1829586365-network', 'tenant_id': '06dca957d75b48a6952718b5c17852e7', 'admin_state_up': True, 'mtu': 8950, 'status': 'ACTIVE', 'subnets': [], 'shared': False, 'project_id': '06dca957d75b48a6952718b5c17852e7', 'port_security_enabled': True, 'router:external': False, 'provider:network_type': 'vlan', 'provider:physical_network': 'default', 'provider:segmentation_id': 147, 'is_default': False, 'availability_zone_hints': [], 'availability_zones': [], 'ipv4_address_scope': None, 'ipv6_address_scope': None, 'description': '', 'tags': [], 'created_at': '2024-10-23T14:45:01Z', 'updated_at': '2024-10-23T14:45:01Z', 'revision_number': 1} available for tenant
2024-10-23 14:45:24.151 60046 INFO tempest.lib.common.rest_client [req-6f174339-dab7-49f7-bb53-38b3df97366d req-6f174339-dab7-49f7-bb53-38b3df97366d ] Request (ImagesMetadataNegativeTestJSON:tearDownClass): 204 DELETE http://10.180.1.21/identity/v3/users/79b5a2ccbe1d45fba5dbb250a0cfd71d 0.187s
2024-10-23 14:45:24.151 60046 INFO tempest.lib.common.dynamic_creds [-] Deleting project and security group for project: 217c3e62f6d1422cb02711be2d918294
2024-10-23 14:45:24.197 60084 INFO tempest.lib.common.rest_client [req-9eb2045d-864b-499a-9170-9052187b4f62 req-9eb2045d-864b-499a-9170-9052187b4f62 ] Request (QuotasAdminTestV257:tearDownClass): 204 DELETE http://10.180.1.21/identity/v3/users/4854dc32a10542d085f01fd53b2382eb 0.168s
2024-10-23 14:45:24.216 60068 INFO tempest.lib.common.rest_client [req-c5ae643d-dee1-4ec3-9821-2c56a69be1f1 req-c5ae643d-dee1-4ec3-9821-2c56a69be1f1 ] Request (ServersAdmin275Test:test_rebuild_update_server_275): 200 GET http://10.180.1.21/compute/v2.1/servers/11f468ba-a807-4490-9dd5-58eaad007865 2.010s
2024-10-23 14:45:24.225 60088 INFO tempest.lib.common.rest_client [req-9ac8ad85-951b-4aad-b407-f5e190011978 req-9ac8ad85-951b-4aad-b407-f5e190011978 ] Request (ImagesDeleteNegativeTestJSON:setUpClass): 201 POST http://10.180.1.21/identity/v3/auth/tokens 0.187s
2024-10-23 14:45:24.278 60046 INFO tempest.lib.common.rest_client [req-623619d8-ba01-4cac-b44f-e124fcd4cbae req-623619d8-ba01-4cac-b44f-e124fcd4cbae ] Request (ImagesMetadataNegativeTestJSON:tearDownClass): 201 POST http://10.180.1.21/identity/v3/auth/tokens 0.127s
2024-10-23 14:45:24.305 60054 INFO tempest.lib.common.rest_client [req-ada1baa0-dc7b-4ecd-a3b4-a99d5f56ed75 req-ada1baa0-dc7b-4ecd-a3b4-a99d5f56ed75 ] Request (ServersTestFqdnHostnames:test_create_server_with_fqdn_name): 201 POST http://10.180.1.21:9696/networking/v2.0/security-groups 0.409s
2024-10-23 14:45:24.321 60088 INFO tempest.lib.common.rest_client [req-269d851d-2fa8-42af-a975-c6f07fcb1601 req-269d851d-2fa8-42af-a975-c6f07fcb1601 ] Request (ImagesDeleteNegativeTestJSON:setUpClass): 201 POST http://10.180.1.21/identity/v3/auth/tokens 0.093s
2024-10-23 14:45:24.325 60106 INFO tempest.lib.common.rest_client [req-18f015d8-8674-415d-92b6-06b7028ef231 req-18f015d8-8674-415d-92b6-06b7028ef231 ] Request (ServerShowV254Test:test_rebuild_server): 200 GET http://10.180.1.21/compute/v2.1/servers/b7ab8792-137d-4053-9df9-3d560aa5e411 2.045s
2024-10-23 14:45:24.338 60084 INFO tempest.lib.common.rest_client [req-b94144d4-90e1-4873-aeda-4f8a9f179e9e req-b94144d4-90e1-4873-aeda-4f8a9f179e9e ] Request (QuotasAdminTestV257:tearDownClass): 204 DELETE http://10.180.1.21/identity/v3/users/2c765ff16d5044e4b1f34aa9e5351ae8 0.141s
2024-10-23 14:45:24.338 60084 INFO tempest.lib.common.dynamic_creds [-] Deleting project and security group for project: 2a97734897d642a8a83f7e2708f2f582
2024-10-23 14:45:24.418 60058 INFO tempest.lib.common.rest_client [req-9efbb514-4519-45d6-a6ae-ad1f095def26 req-9efbb514-4519-45d6-a6ae-ad1f095def26 ] Request (ServerDiagnosticsV248Test:test_get_server_diagnostics): 200 GET http://10.180.1.21/compute/v2.1/servers/21e37459-3ce1-41e7-8317-b98edafb15d4 2.071s
2024-10-23 14:45:24.476 60088 INFO tempest.lib.common.rest_client [req-9971ceeb-f9c0-4e15-a58a-17bdc3f1f8a4 req-9971ceeb-f9c0-4e15-a58a-17bdc3f1f8a4 ] Request (ImagesDeleteNegativeTestJSON:setUpClass): 200 GET http://10.180.1.21/identity/v3/domains?name=Default 0.154s
2024-10-23 14:45:24.476 60084 INFO tempest.lib.common.rest_client [req-99c30d01-6bb2-45ca-ab75-85deaf845448 req-99c30d01-6bb2-45ca-ab75-85deaf845448 ] Request (QuotasAdminTestV257:tearDownClass): 201 POST http://10.180.1.21/identity/v3/auth/tokens 0.138s
2024-10-23 14:45:24.490 60092 INFO tempest.lib.common.rest_client [req-82054904-bde1-444d-b966-6401f9d610a0 req-82054904-bde1-444d-b966-6401f9d610a0 ] Request (HypervisorAdminV253TestBase:tearDownClass): 204 DELETE http://10.180.1.21:9696/networking/v2.0/security-groups/5f565668-f5d3-4d93-816c-fad7b968411b 0.416s
2024-10-23 14:45:24.524 60088 INFO tempest.lib.common.rest_client [req-ffedae1b-0ff8-43f6-975f-003dc13d2672 req-ffedae1b-0ff8-43f6-975f-003dc13d2672 ] Request (ImagesDeleteNegativeTestJSON:setUpClass): 201 POST http://10.180.1.21/identity/v3/projects 0.047s
2024-10-23 14:45:24.549 60066 INFO tempest.lib.common.rest_client [req-9172cb8e-fabb-4a08-ac13-e8c3e02eb93a req-9172cb8e-fabb-4a08-ac13-e8c3e02eb93a ] Request (SecurityGroupsTestJSON:test_list_security_groups_by_server): 200 GET http://10.180.1.21/compute/v2.1/servers/8cc49d4d-3c8b-41a5-afaa-23f90a45e18a 2.169s
2024-10-23 14:45:24.664 60092 INFO tempest.lib.common.rest_client [req-c490b803-8cd7-4387-ab71-771c148836eb req-c490b803-8cd7-4387-ab71-771c148836eb ] Request (HypervisorAdminV253TestBase:tearDownClass): 204 DELETE http://10.180.1.21/identity/v3/projects/ffe2dc96a124495f91ee5a38d4173842 0.174s
2024-10-23 14:45:24.664 60092 INFO tempest.lib.common.dynamic_creds [-] Deleting project and security group for project: cb8607e8e8d541c48ff7ccebe0dba7d6
2024-10-23 14:45:24.673 60078 INFO tempest.lib.common.rest_client [req-9bea4cac-3f43-41d7-bd5f-8c0d4eca91a6 req-9bea4cac-3f43-41d7-bd5f-8c0d4eca91a6 ] Request (ServersTestMultiNic:test_verify_duplicate_network_nics): 202 POST http://10.180.1.21/compute/v2.1/servers 3.922s
2024-10-23 14:45:24.691 60088 INFO tempest.lib.common.rest_client [req-a7d2e4b0-37ea-494f-aaf1-06a6508edc1f req-a7d2e4b0-37ea-494f-aaf1-06a6508edc1f ] Request (ImagesDeleteNegativeTestJSON:setUpClass): 201 POST http://10.180.1.21/identity/v3/users 0.167s
2024-10-23 14:45:24.717 60088 INFO tempest.lib.common.rest_client [req-d7553a48-0a34-4beb-95a0-a09276df322a req-d7553a48-0a34-4beb-95a0-a09276df322a ] Request (ImagesDeleteNegativeTestJSON:setUpClass): 200 GET http://10.180.1.21/identity/v3/roles 0.024s
2024-10-23 14:45:24.764 60088 INFO tempest.lib.common.rest_client [req-98b9a076-a791-4ecb-ac0f-99eb43b6dbae req-98b9a076-a791-4ecb-ac0f-99eb43b6dbae ] Request (ImagesDeleteNegativeTestJSON:setUpClass): 204 PUT http://10.180.1.21/identity/v3/projects/d387cb835105402693f981cf47568726/users/ead1bca2accc4daeb38048d2d80dfa8d/roles/8b25e525191a44809581573075c54389 0.047s
2024-10-23 14:45:24.765 60088 INFO tempest.lib.common.dynamic_creds [-] Dynamic test user ead1bca2accc4daeb38048d2d80dfa8d is created with scope project and roles: ['member']
2024-10-23 14:45:24.765 60088 INFO tempest.lib.common.dynamic_creds [-] Acquired dynamic creds: credentials: Credentials: {'domain_id': 'default', 'domain_name': 'Default', 'username': 'tempest-ImagesDeleteNegativeTestJSON-1305637696-project-member', 'project_domain_id': 'default', 'project_domain_name': 'Default', 'project_id': 'd387cb835105402693f981cf47568726', 'project_name': 'tempest-ImagesDeleteNegativeTestJSON-1305637696', 'tenant_id': 'd387cb835105402693f981cf47568726', 'tenant_name': 'tempest-ImagesDeleteNegativeTestJSON-1305637696', 'user_domain_id': 'default', 'user_domain_name': 'Default', 'user_id': 'ead1bca2accc4daeb38048d2d80dfa8d', 'system': None}, Network: None, Subnet: None, Router: None
2024-10-23 14:45:24.765 60088 INFO tempest.lib.common.dynamic_creds [-] Created isolated network resources for: credentials: Credentials: {'domain_id': 'default', 'domain_name': 'Default', 'username': 'tempest-ImagesDeleteNegativeTestJSON-1305637696-project-member', 'project_domain_id': 'default', 'project_domain_name': 'Default', 'project_id': 'd387cb835105402693f981cf47568726', 'project_name': 'tempest-ImagesDeleteNegativeTestJSON-1305637696', 'tenant_id': 'd387cb835105402693f981cf47568726', 'tenant_name': 'tempest-ImagesDeleteNegativeTestJSON-1305637696', 'user_domain_id': 'default', 'user_domain_name': 'Default', 'user_id': 'ead1bca2accc4daeb38048d2d80dfa8d', 'system': None}, Network: None, Subnet: None, Router: None
2024-10-23 14:45:24.796 60054 INFO tempest.lib.common.rest_client [req-50d7ae72-a46e-4d86-85f7-b42455df5a88 req-50d7ae72-a46e-4d86-85f7-b42455df5a88 ] Request (ServersTestFqdnHostnames:test_create_server_with_fqdn_name): 201 POST http://10.180.1.21:9696/networking/v2.0/security-group-rules 0.491s
2024-10-23 14:45:24.804 60086 INFO tempest.lib.common.rest_client [req-d71f87d5-0ebd-4bf6-94d5-5f13ad9eec0e req-d71f87d5-0ebd-4bf6-94d5-5f13ad9eec0e ] Request (ListImageFiltersTestJSON:setUpClass): 201 POST http://10.180.1.21/image/v2/images 0.784s
2024-10-23 14:45:24.873 60088 INFO tempest.lib.common.rest_client [req-e261e5d2-018d-49ef-b644-e4face395c96 req-e261e5d2-018d-49ef-b644-e4face395c96 ] Request (ImagesDeleteNegativeTestJSON:setUpClass): 201 POST http://10.180.1.21/identity/v3/auth/tokens 0.060s
2024-10-23 14:45:24.875 60046 INFO tempest.lib.common.rest_client [req-3828eec1-343a-41f7-ac58-26c193126464 req-3828eec1-343a-41f7-ac58-26c193126464 ] Request (ImagesMetadataNegativeTestJSON:tearDownClass): 200 GET http://10.180.1.21:9696/networking/v2.0/security-groups?tenant_id=217c3e62f6d1422cb02711be2d918294&name=default 0.596s
2024-10-23 14:45:24.970 60095 INFO tempest.lib.common.rest_client [req-9be4aef9-eb02-42b8-9654-8a4616ccbb9d req-9be4aef9-eb02-42b8-9654-8a4616ccbb9d ] Request (FloatingIPsAssociationNegativeTestJSON:setUpClass): 204 DELETE http://10.180.1.21/compute/v2.1/servers/ff9fa823-03c3-4b80-b06a-ca7d4aed62a5 2.452s
2024-10-23 14:45:25.001 60092 INFO tempest.lib.common.rest_client [req-7607c6d4-0ac0-4016-a072-aa2e1f58b59a req-7607c6d4-0ac0-4016-a072-aa2e1f58b59a ] Request (HypervisorAdminV253TestBase:tearDownClass): 200 GET http://10.180.1.21:9696/networking/v2.0/security-groups?tenant_id=cb8607e8e8d541c48ff7ccebe0dba7d6&name=default 0.336s
2024-10-23 14:45:25.036 60090 INFO tempest.lib.common.rest_client [req-bb66c5ee-0077-4eec-bec5-7a2e8538afb1 req-bb66c5ee-0077-4eec-bec5-7a2e8538afb1 ] Request (ServersWithSpecificFlavorTestJSON:test_verify_created_server_ephemeral_disk): 200 GET http://10.180.1.21/compute/v2.1/servers/191495fb-521b-42bc-889c-17b7b48776f7 2.365s
2024-10-23 14:45:25.078 60084 INFO tempest.lib.common.rest_client [req-2ba30847-2fbf-4a0e-a7f8-0975359f8ee6 req-2ba30847-2fbf-4a0e-a7f8-0975359f8ee6 ] Request (QuotasAdminTestV257:tearDownClass): 200 GET http://10.180.1.21:9696/networking/v2.0/security-groups?tenant_id=2a97734897d642a8a83f7e2708f2f582&name=default 0.600s
2024-10-23 14:45:25.087 60054 INFO tempest.lib.common.rest_client [req-d70608a1-3432-4260-bc7d-fe39b37c702e req-d70608a1-3432-4260-bc7d-fe39b37c702e ] Request (ServersTestFqdnHostnames:test_create_server_with_fqdn_name): 201 POST http://10.180.1.21:9696/networking/v2.0/security-group-rules 0.290s
2024-10-23 14:45:25.169 60046 INFO tempest.lib.common.rest_client [req-f7ecc776-0e03-4ad4-b5da-ff5af344b566 req-f7ecc776-0e03-4ad4-b5da-ff5af344b566 ] Request (ImagesMetadataNegativeTestJSON:tearDownClass): 204 DELETE http://10.180.1.21:9696/networking/v2.0/security-groups/82e4cab4-79a9-4710-93de-eeffce328453 0.294s
2024-10-23 14:45:25.227 60092 INFO tempest.lib.common.rest_client [req-29c2b37b-1b72-41d8-8d65-14276834eca6 req-29c2b37b-1b72-41d8-8d65-14276834eca6 ] Request (HypervisorAdminV253TestBase:tearDownClass): 204 DELETE http://10.180.1.21:9696/networking/v2.0/security-groups/1a535e1b-6f45-4993-acb2-845543854209 0.225s
2024-10-23 14:45:25.267 60046 INFO tempest.lib.common.rest_client [req-911343de-f3bd-48dc-ad61-2ca4b28754fd req-911343de-f3bd-48dc-ad61-2ca4b28754fd ] Request (ImagesMetadataNegativeTestJSON:tearDownClass): 204 DELETE http://10.180.1.21/identity/v3/projects/217c3e62f6d1422cb02711be2d918294 0.097s
2024-10-23 14:45:25.271 60044 INFO tempest.lib.common.rest_client [req-8676a2af-3d5f-4a73-b381-b5a3061d43a1 req-8676a2af-3d5f-4a73-b381-b5a3061d43a1 ] Request (MigrationsAdminTest:test_list_migrations_in_flavor_resize_situation): 204 DELETE http://10.180.1.21/compute/v2.1/servers/a5eb8727-e918-4a86-9e40-fe20817ca13c 2.447s
2024-10-23 14:45:25.300 60084 INFO tempest.lib.common.rest_client [req-3e0ae4f5-d6c4-427f-ab17-0d3dc08fc9cc req-3e0ae4f5-d6c4-427f-ab17-0d3dc08fc9cc ] Request (QuotasAdminTestV257:tearDownClass): 204 DELETE http://10.180.1.21:9696/networking/v2.0/security-groups/5125421d-f62e-4864-be51-0cc8ca025163 0.221s
2024-10-23 14:45:25.301 60046 INFO tempest.lib.common.rest_client [req-639eecba-2ae9-4a59-881a-f3931329c9bf req-639eecba-2ae9-4a59-881a-f3931329c9bf ] Request (ImagesNegativeTestJSON:setUpClass): 201 POST http://10.180.1.21/identity/v3/auth/tokens 0.033s
2024-10-23 14:45:25.324 60092 INFO tempest.lib.common.rest_client [req-4788e804-6ebb-41ed-b1c9-84bd9b87b027 req-4788e804-6ebb-41ed-b1c9-84bd9b87b027 ] Request (HypervisorAdminV253TestBase:tearDownClass): 204 DELETE http://10.180.1.21/identity/v3/projects/cb8607e8e8d541c48ff7ccebe0dba7d6 0.096s
2024-10-23 14:45:25.329 60104 INFO tempest.lib.common.rest_client [req-a0c8cb17-463a-4d9f-abfa-1614f58bcb57 req-a0c8cb17-463a-4d9f-abfa-1614f58bcb57 ] Request (ServerGroupTestJSON:test_create_delete_multiple_server_groups_with_same_name_policy): 200 POST http://10.180.1.21/compute/v2.1/os-server-groups 2.367s
2024-10-23 14:45:25.336 60096 INFO tempest.lib.common.rest_client [req-25fac242-a5f4-4e6b-92f5-f6ced37840ed req-25fac242-a5f4-4e6b-92f5-f6ced37840ed ] Request (ServersAdminTestJSON:setUpClass): 200 PUT http://10.180.1.21:9696/networking/v2.0/routers/a6129b91-a211-4cbd-9f34-5394fba8e335/add_router_interface 2.151s
2024-10-23 14:45:25.336 60096 INFO tempest.lib.common.dynamic_creds [-] Created isolated network resources for: credentials: Credentials: {'domain_id': 'default', 'domain_name': 'Default', 'username': 'tempest-ServersAdminTestJSON-1834774803-project-admin', 'project_domain_id': 'default', 'project_domain_name': 'Default', 'project_id': 'f860c475a1ac4076b28c48bc789994ea', 'project_name': 'tempest-ServersAdminTestJSON-1834774803', 'tenant_id': 'f860c475a1ac4076b28c48bc789994ea', 'tenant_name': 'tempest-ServersAdminTestJSON-1834774803', 'user_domain_id': 'default', 'user_domain_name': 'Default', 'user_id': 'a7db8425882348e493b501daa5e0198b', 'system': None}, Network: {'id': '9c75bbd1-9c5a-4993-8095-c0168d570574', 'name': 'tempest-ServersAdminTestJSON-105590732-network', 'tenant_id': 'f860c475a1ac4076b28c48bc789994ea', 'admin_state_up': True, 'mtu': 8950, 'status': 'ACTIVE', 'subnets': [], 'shared': False, 'project_id': 'f860c475a1ac4076b28c48bc789994ea', 'port_security_enabled': True, 'router:external': False, 'provider:network_type': 'vlan', 'provider:physical_network': 'default', 'provider:segmentation_id': 778, 'is_default': False, 'availability_zone_hints': [], 'availability_zones': [], 'ipv4_address_scope': None, 'ipv6_address_scope': None, 'description': '', 'tags': [], 'created_at': '2024-10-23T14:45:20Z', 'updated_at': '2024-10-23T14:45:20Z', 'revision_number': 1}, Subnet: {'id': '22ea4823-2402-4d90-b3fe-e378f4f0f9a4', 'name': 'tempest-ServersAdminTestJSON-105590732-subnet', 'tenant_id': 'f860c475a1ac4076b28c48bc789994ea', 'network_id': '9c75bbd1-9c5a-4993-8095-c0168d570574', 'ip_version': 4, 'subnetpool_id': None, 'enable_dhcp': True, 'ipv6_ra_mode': None, 'ipv6_address_mode': None, 'gateway_ip': '192.168.128.1', 'cidr': '192.168.128.0/28', 'allocation_pools': [{'start': '192.168.128.2', 'end': '192.168.128.14'}], 'host_routes': [], 'dns_nameservers': [], 'description': '', 'service_types': [], 'tags': [], 'created_at': '2024-10-23T14:45:21Z', 'updated_at': '2024-10-23T14:45:21Z', 'revision_number': 0, 'project_id': 'f860c475a1ac4076b28c48bc789994ea'}, Router: {'id': 'a6129b91-a211-4cbd-9f34-5394fba8e335', 'name': 'tempest-ServersAdminTestJSON-105590732-router', 'tenant_id': 'f860c475a1ac4076b28c48bc789994ea', 'admin_state_up': True, 'status': 'ACTIVE', 'external_gateway_info': {'network_id': '436acce0-697d-44fe-86ae-a1d7b3f16f18', 'external_fixed_ips': [{'subnet_id': '2b741774-8702-4a95-8ac3-4fb79823d64a', 'ip_address': '10.180.180.181'}], 'enable_snat': True}, 'description': '', 'availability_zones': [], 'distributed': False, 'ha': False, 'availability_zone_hints': [], 'routes': [], 'flavor_id': None, 'tags': [], 'created_at': '2024-10-23T14:45:21Z', 'updated_at': '2024-10-23T14:45:22Z', 'revision_number': 2, 'project_id': 'f860c475a1ac4076b28c48bc789994ea'}
2024-10-23 14:45:25.379 60046 INFO tempest.lib.common.rest_client [req-87b042b9-9fa7-472a-81f9-f017eb0b2296 req-87b042b9-9fa7-472a-81f9-f017eb0b2296 ] Request (ImagesNegativeTestJSON:setUpClass): 201 POST http://10.180.1.21/identity/v3/auth/tokens 0.075s
2024-10-23 14:45:25.402 60084 INFO tempest.lib.common.rest_client [req-080bdbb5-fb93-4c2f-8a30-2291b046793e req-080bdbb5-fb93-4c2f-8a30-2291b046793e ] Request (QuotasAdminTestV257:tearDownClass): 204 DELETE http://10.180.1.21/identity/v3/projects/2a97734897d642a8a83f7e2708f2f582 0.102s
2024-10-23 14:45:25.402 60084 INFO tempest.lib.common.dynamic_creds [-] Deleting project and security group for project: 29aeb2b041a942188a6f1cbf45134ebc
2024-10-23 14:45:25.435 60092 INFO tempest.lib.common.rest_client [req-87ba7580-2b03-4658-9c3e-f5e579cfe6bd req-87ba7580-2b03-4658-9c3e-f5e579cfe6bd ] Request (AttachInterfacesTestJSON:setUpClass): 201 POST http://10.180.1.21/identity/v3/auth/tokens 0.109s
2024-10-23 14:45:25.454 60046 INFO tempest.lib.common.rest_client [req-df3151e4-1b7e-4e79-8104-cd6116fbf0b4 req-df3151e4-1b7e-4e79-8104-cd6116fbf0b4 ] Request (ImagesNegativeTestJSON:setUpClass): 200 GET http://10.180.1.21/identity/v3/domains?name=Default 0.075s
2024-10-23 14:45:25.465 60096 INFO tempest.lib.common.rest_client [req-42e0e9ac-07a9-4b7f-8527-9cc1814ee6d8 req-42e0e9ac-07a9-4b7f-8527-9cc1814ee6d8 ] Request (ServersAdminTestJSON:setUpClass): 201 POST http://10.180.1.21/identity/v3/auth/tokens 0.125s
2024-10-23 14:45:25.486 60092 INFO tempest.lib.common.rest_client [req-ad18ba1a-71e9-4ad1-96fc-e4be0f4c9cbf req-ad18ba1a-71e9-4ad1-96fc-e4be0f4c9cbf ] Request (AttachInterfacesTestJSON:setUpClass): 201 POST http://10.180.1.21/identity/v3/auth/tokens 0.048s
2024-10-23 14:45:25.489 60050 INFO tempest.lib.common.rest_client [req-bc88ed1b-88b6-443f-9ef3-543814d53d8c req-bc88ed1b-88b6-443f-9ef3-543814d53d8c ] Request (AttachInterfacesUnderV243Test:test_add_remove_fixed_ip): 202 POST http://10.180.1.21/compute/v2.1/servers 2.985s
2024-10-23 14:45:25.495 60046 INFO tempest.lib.common.rest_client [req-efeb4fee-5312-44af-a11b-d68696f272e8 req-efeb4fee-5312-44af-a11b-d68696f272e8 ] Request (ImagesNegativeTestJSON:setUpClass): 201 POST http://10.180.1.21/identity/v3/projects 0.040s
2024-10-23 14:45:25.515 60070 INFO tempest.lib.common.rest_client [req-cdd8d04c-9e42-4fb0-8aac-b2091dc8c6f2 req-cdd8d04c-9e42-4fb0-8aac-b2091dc8c6f2 ] Request (ServerActionsTestOtherA:setUpClass): 404 GET http://10.180.1.21/compute/v2.1/servers/a5a50925-a2b3-403b-8c0e-b36be3da27be 2.249s
2024-10-23 14:45:25.516 60070 INFO tempest.test [-] raised in ServerActionsTestOtherA.setUpClass. Invoking tearDownClass.
2024-10-23 14:45:25.520 60048 INFO tempest.lib.common.rest_client [req-74ba89a9-2584-4bd6-a46d-52c19aace891 req-74ba89a9-2584-4bd6-a46d-52c19aace891 ] Request (SecurityGroupRulesNegativeTestJSON:test_create_security_group_rule_with_invalid_port_range): 200 POST http://10.180.1.21/compute/v2.1/os-security-groups 2.487s
2024-10-23 14:45:25.524 60082 INFO tempest.lib.common.rest_client [req-e816e204-2070-4120-b6c1-7e99293a3c9c req-e816e204-2070-4120-b6c1-7e99293a3c9c ] Request (KeyPairsV22TestJSON:test_keypairsv22_create_list_show_with_type): 200 GET http://10.180.1.21/compute/v2.1/os-keypairs 2.155s
2024-10-23 14:45:25.541 60100 INFO tempest.lib.common.rest_client [req-fc045763-898d-40dd-adcf-a894795b97b1 req-fc045763-898d-40dd-adcf-a894795b97b1 ] Request (FlavorsAccessNegativeTestJSON:_run_cleanups): 202 DELETE http://10.180.1.21/compute/v2.1/flavors/1325344281 2.089s
2024-10-23 14:45:25.552 60084 INFO tempest.lib.common.rest_client [req-6171cd52-2389-4415-8c8c-61525cf9f480 req-6171cd52-2389-4415-8c8c-61525cf9f480 ] Request (QuotasAdminTestV257:tearDownClass): 200 GET http://10.180.1.21:9696/networking/v2.0/security-groups?tenant_id=29aeb2b041a942188a6f1cbf45134ebc&name=default 0.149s
2024-10-23 14:45:25.556 60096 INFO tempest.lib.common.rest_client [req-906f408a-68e3-4095-8bc5-d4134a1d89bb req-906f408a-68e3-4095-8bc5-d4134a1d89bb ] Request (ServersAdminTestJSON:setUpClass): 201 POST http://10.180.1.21/identity/v3/auth/tokens 0.086s
2024-10-23 14:45:25.556 60096 INFO tempest.lib.common.fixed_network [-] (ServersAdminTestJSON:setUpClass) Found network {'id': 'b191eb27-96bc-41b0-a18f-c682e0aaa928', 'name': 'tempest-ServersAdminTestJSON-323247077-network', 'tenant_id': '0fcd0c2e8ac14f22b5f6b58b8625848b', 'admin_state_up': True, 'mtu': 8950, 'status': 'ACTIVE', 'subnets': [], 'shared': False, 'project_id': '0fcd0c2e8ac14f22b5f6b58b8625848b', 'port_security_enabled': True, 'router:external': False, 'provider:network_type': 'vlan', 'provider:physical_network': 'default', 'provider:segmentation_id': 576, 'is_default': False, 'availability_zone_hints': [], 'availability_zones': [], 'ipv4_address_scope': None, 'ipv6_address_scope': None, 'description': '', 'tags': [], 'created_at': '2024-10-23T14:45:09Z', 'updated_at': '2024-10-23T14:45:10Z', 'revision_number': 1} available for tenant
2024-10-23 14:45:25.560 60092 INFO tempest.lib.common.rest_client [req-4aef268f-d24b-4529-bb10-5a83c230ffcc req-4aef268f-d24b-4529-bb10-5a83c230ffcc ] Request (AttachInterfacesTestJSON:setUpClass): 200 GET http://10.180.1.21/identity/v3/domains?name=Default 0.074s
2024-10-23 14:45:25.585 60046 INFO tempest.lib.common.rest_client [req-9cb5d154-b47b-445f-b0ca-e0149e1c86f8 req-9cb5d154-b47b-445f-b0ca-e0149e1c86f8 ] Request (ImagesNegativeTestJSON:setUpClass): 201 POST http://10.180.1.21/identity/v3/users 0.088s
2024-10-23 14:45:25.597 60092 INFO tempest.lib.common.rest_client [req-c2063f11-ccfa-4440-914e-5e3dc55342d4 req-c2063f11-ccfa-4440-914e-5e3dc55342d4 ] Request (AttachInterfacesTestJSON:setUpClass): 201 POST http://10.180.1.21/identity/v3/projects 0.036s
2024-10-23 14:45:25.623 60076 INFO tempest.lib.common.rest_client [req-68dba16b-8eae-493b-99ce-8aad4bcb9773 req-68dba16b-8eae-493b-99ce-8aad4bcb9773 ] Request (ServersAaction247Test:test_create_backup): 200 GET http://10.180.1.21/compute/v2.1/servers/5c575e05-5a7c-49b8-b914-9b4a4e347bfc 2.166s
2024-10-23 14:45:25.683 60046 INFO tempest.lib.common.rest_client [req-04aeb960-de5a-48a9-a434-b24b8fb7096e req-04aeb960-de5a-48a9-a434-b24b8fb7096e ] Request (ImagesNegativeTestJSON:setUpClass): 200 GET http://10.180.1.21/identity/v3/roles 0.097s
2024-10-23 14:45:25.686 60092 INFO tempest.lib.common.rest_client [req-6b151baf-a2af-456d-8cbc-fc73e4479f97 req-6b151baf-a2af-456d-8cbc-fc73e4479f97 ] Request (AttachInterfacesTestJSON:setUpClass): 201 POST http://10.180.1.21/identity/v3/users 0.088s
2024-10-23 14:45:25.714 60092 INFO tempest.lib.common.rest_client [req-40262c53-99a0-45ba-bc67-5ad0fdcf7521 req-40262c53-99a0-45ba-bc67-5ad0fdcf7521 ] Request (AttachInterfacesTestJSON:setUpClass): 200 GET http://10.180.1.21/identity/v3/roles 0.027s
2024-10-23 14:45:25.717 60054 INFO tempest.lib.common.rest_client [req-1c973874-20fe-4229-af70-3078bf9af686 req-1c973874-20fe-4229-af70-3078bf9af686 ] Request (ServersTestFqdnHostnames:test_create_server_with_fqdn_name): 201 POST http://10.180.1.21:9696/networking/v2.0/floatingips 0.629s
2024-10-23 14:45:25.735 60046 INFO tempest.lib.common.rest_client [req-a8453283-f96c-4a24-b9c3-16cf4f54f001 req-a8453283-f96c-4a24-b9c3-16cf4f54f001 ] Request (ImagesNegativeTestJSON:setUpClass): 204 PUT http://10.180.1.21/identity/v3/projects/1f561f89d16e4855a3df7209c7ea88ec/users/1c6d28d4020445f18ad0419e08c90fb9/roles/8b25e525191a44809581573075c54389 0.051s
2024-10-23 14:45:25.736 60046 INFO tempest.lib.common.dynamic_creds [-] Dynamic test user 1c6d28d4020445f18ad0419e08c90fb9 is created with scope project and roles: ['member']
2024-10-23 14:45:25.736 60046 INFO tempest.lib.common.dynamic_creds [-] Acquired dynamic creds: credentials: Credentials: {'domain_id': 'default', 'domain_name': 'Default', 'username': 'tempest-ImagesNegativeTestJSON-47176368-project-member', 'project_domain_id': 'default', 'project_domain_name': 'Default', 'project_id': '1f561f89d16e4855a3df7209c7ea88ec', 'project_name': 'tempest-ImagesNegativeTestJSON-47176368', 'tenant_id': '1f561f89d16e4855a3df7209c7ea88ec', 'tenant_name': 'tempest-ImagesNegativeTestJSON-47176368', 'user_domain_id': 'default', 'user_domain_name': 'Default', 'user_id': '1c6d28d4020445f18ad0419e08c90fb9', 'system': None}, Network: None, Subnet: None, Router: None
2024-10-23 14:45:25.737 60084 INFO tempest.lib.common.rest_client [req-170e21cb-75b8-4010-b655-840728387b3c req-170e21cb-75b8-4010-b655-840728387b3c ] Request (QuotasAdminTestV257:tearDownClass): 204 DELETE http://10.180.1.21:9696/networking/v2.0/security-groups/317afa8e-c155-4839-9405-ccfdb73ebc39 0.185s
2024-10-23 14:45:25.751 60092 INFO tempest.lib.common.rest_client [req-f9deb896-280f-4881-98c8-586833f05393 req-f9deb896-280f-4881-98c8-586833f05393 ] Request (AttachInterfacesTestJSON:setUpClass): 204 PUT http://10.180.1.21/identity/v3/projects/38f2b7c76cb04e49b1b8ac75980011b2/users/9a2e115241bf4f4491e4736c14c8c75f/roles/8b25e525191a44809581573075c54389 0.036s
2024-10-23 14:45:25.751 60092 INFO tempest.lib.common.dynamic_creds [-] Dynamic test user 9a2e115241bf4f4491e4736c14c8c75f is created with scope project and roles: ['member']
2024-10-23 14:45:25.751 60092 INFO tempest.lib.common.dynamic_creds [-] Acquired dynamic creds: credentials: Credentials: {'domain_id': 'default', 'domain_name': 'Default', 'username': 'tempest-AttachInterfacesTestJSON-287887941-project-member', 'project_domain_id': 'default', 'project_domain_name': 'Default', 'project_id': '38f2b7c76cb04e49b1b8ac75980011b2', 'project_name': 'tempest-AttachInterfacesTestJSON-287887941', 'tenant_id': '38f2b7c76cb04e49b1b8ac75980011b2', 'tenant_name': 'tempest-AttachInterfacesTestJSON-287887941', 'user_domain_id': 'default', 'user_domain_name': 'Default', 'user_id': '9a2e115241bf4f4491e4736c14c8c75f', 'system': None}, Network: None, Subnet: None, Router: None
2024-10-23 14:45:25.776 60060 INFO tempest.lib.common.rest_client [req-8c9fc8e8-4228-48a4-b483-21f3a976bf19 req-8c9fc8e8-4228-48a4-b483-21f3a976bf19 ] Request (VolumesAssistedSnapshotsTest:test_volume_assisted_snapshot_create_delete): 204 DELETE http://10.180.1.21/compute/v2.1/servers/34ac1a4c-c729-458f-853f-593e0c935f4c 2.405s
2024-10-23 14:45:25.789 60064 INFO tempest.lib.common.rest_client [req-7eed4283-ca8f-4188-b3f7-dba492913af2 req-7eed4283-ca8f-4188-b3f7-dba492913af2 ] Request (AggregatesAdminNegativeTestJSON:_run_cleanups): 200 DELETE http://10.180.1.21/compute/v2.1/os-aggregates/4 2.319s
2024-10-23 14:45:25.801 60073 INFO tempest.lib.common.rest_client [req-b61b49b2-964c-4e91-8f78-3037044b51b7 req-b61b49b2-964c-4e91-8f78-3037044b51b7 ] Request (HostsAdminNegativeTestJSON:test_show_host_detail_with_nonexistent_hostname): 404 GET http://10.180.1.21/compute/v2.1/os-hosts/nonexistent_hostname 2.044s
2024-10-23 14:45:25.808 60054 INFO tempest.lib.common.rest_client [req-85f3522d-d79f-42c4-a1b2-09792daaba93 req-85f3522d-d79f-42c4-a1b2-09792daaba93 ] Request (ServersTestFqdnHostnames:test_create_server_with_fqdn_name): 201 POST http://10.180.1.21/identity/v3/auth/tokens 0.087s
2024-10-23 14:45:25.808 60054 INFO tempest.lib.common.fixed_network [-] (ServersTestFqdnHostnames:test_create_server_with_fqdn_name) Found network {'id': '808250fd-2b24-4577-82f6-bf7cf95b1a52', 'name': 'tempest-ServersTestFqdnHostnames-29059760-network', 'tenant_id': '3d6dd29e99e2476592f03f5b6a4fa5c2', 'admin_state_up': True, 'mtu': 8950, 'status': 'ACTIVE', 'subnets': [], 'shared': False, 'project_id': '3d6dd29e99e2476592f03f5b6a4fa5c2', 'port_security_enabled': True, 'router:external': False, 'provider:network_type': 'vlan', 'provider:physical_network': 'default', 'provider:segmentation_id': 691, 'is_default': False, 'availability_zone_hints': [], 'availability_zones': [], 'ipv4_address_scope': None, 'ipv6_address_scope': None, 'description': '', 'tags': [], 'created_at': '2024-10-23T14:45:14Z', 'updated_at': '2024-10-23T14:45:15Z', 'revision_number': 1} available for tenant
2024-10-23 14:45:25.817 60098 INFO tempest.lib.common.rest_client [req-31be5f56-8db9-4c5e-93b0-3df0cd7f2e5b req-31be5f56-8db9-4c5e-93b0-3df0cd7f2e5b ] Request (FlavorsV2TestJSON:test_list_flavors_filter_by_min_ram): 200 GET http://10.180.1.21/compute/v2.1/flavors?minRam=129 2.048s
2024-10-23 14:45:25.821 60046 INFO tempest.lib.common.rest_client [req-d0433155-68e7-4fa5-a398-727594349d8e req-d0433155-68e7-4fa5-a398-727594349d8e ] Request (ImagesNegativeTestJSON:setUpClass): 201 POST http://10.180.1.21/identity/v3/auth/tokens 0.085s
2024-10-23 14:45:25.823 60052 INFO tempest.lib.common.rest_client [req-8936d4f6-5e1d-4c69-9760-17887e847db2 req-8936d4f6-5e1d-4c69-9760-17887e847db2 ] Request (HypervisorAdminNegativeTestJSON:test_get_nonexistent_hypervisor_uptime): 404 GET http://10.180.1.21/compute/v2.1/os-hypervisors/5cbadf6f-9600-43f3-85ed-7d65edbd25d6/uptime 1.888s
2024-10-23 14:45:25.844 60056 INFO tempest.lib.common.rest_client [req-4eba9dbf-00d8-4aab-8e70-8cf59bc2e239 req-4eba9dbf-00d8-4aab-8e70-8cf59bc2e239 ] Request (ServicesAdminNegativeTestJSON:test_get_service_with_valid_service_and_invalid_host): 200 GET http://10.180.1.21/compute/v2.1/os-services?host=xxx&binary=nova-scheduler 1.798s
2024-10-23 14:45:25.844 60092 INFO tempest.lib.common.rest_client [req-a6fd674a-fd99-4b15-85ce-20349a041c09 req-a6fd674a-fd99-4b15-85ce-20349a041c09 ] Request (AttachInterfacesTestJSON:setUpClass): 201 POST http://10.180.1.21/identity/v3/auth/tokens 0.092s
2024-10-23 14:45:25.863 60080 INFO tempest.lib.common.rest_client [req-4c491fb1-c78d-4239-b280-f7548edc1b18 req-4c491fb1-c78d-4239-b280-f7548edc1b18 ] Request (SecurityGroupsTestAdminJSON:test_list_security_groups_list_all_tenants_filter): 200 GET http://10.180.1.21/compute/v2.1/os-security-groups?all_tenants=true 2.403s
2024-10-23 14:45:25.918 60084 INFO tempest.lib.common.rest_client [req-93892fea-ee43-46e5-a4db-bfe0faac9735 req-93892fea-ee43-46e5-a4db-bfe0faac9735 ] Request (QuotasAdminTestV257:tearDownClass): 204 DELETE http://10.180.1.21/identity/v3/projects/29aeb2b041a942188a6f1cbf45134ebc 0.180s
2024-10-23 14:45:25.938 60078 INFO tempest.lib.common.rest_client [req-5b6d47fb-a4e4-4489-b0b8-215ab7380b9d req-5b6d47fb-a4e4-4489-b0b8-215ab7380b9d ] Request (ServersTestMultiNic:test_verify_duplicate_network_nics): 200 GET http://10.180.1.21/compute/v2.1/servers/6f2f45ab-c57e-40e7-aaa3-789533cec95a 1.263s
2024-10-23 14:45:25.974 60102 INFO tempest.lib.common.rest_client [req-3d2b282e-e8fb-428b-a529-2eef6ade0f1d req-3d2b282e-e8fb-428b-a529-2eef6ade0f1d ] Request (InstanceActionsV221TestJSON:tearDownClass): 200 PUT http://10.180.1.21:9696/networking/v2.0/routers/0ed53604-3452-4a87-96b8-9b5c8dc488f3/remove_router_interface 2.050s
2024-10-23 14:45:26.031 60084 INFO tempest.lib.common.rest_client [req-c0f3d238-1f00-4aed-aa49-2448b623d0fa req-c0f3d238-1f00-4aed-aa49-2448b623d0fa ] Request (ImagesMetadataTestJSON:setUpClass): 201 POST http://10.180.1.21/identity/v3/auth/tokens 0.112s
2024-10-23 14:45:26.105 60088 INFO tempest.lib.common.rest_client [req-eae50651-fe5b-4eac-8307-3f0886725a4e req-eae50651-fe5b-4eac-8307-3f0886725a4e ] Request (ImagesDeleteNegativeTestJSON:test_delete_image_blank_id): 404 DELETE http://10.180.1.21/compute/v2.1/images/ 1.231s
2024-10-23 14:45:26.128 60084 INFO tempest.lib.common.rest_client [req-91a40680-b9f0-488a-8f63-a66e5e947f1f req-91a40680-b9f0-488a-8f63-a66e5e947f1f ] Request (ImagesMetadataTestJSON:setUpClass): 201 POST http://10.180.1.21/identity/v3/auth/tokens 0.093s
2024-10-23 14:45:26.128 60095 INFO tempest.lib.common.rest_client [req-1f658d38-240c-475c-926f-55c4a76c810f req-1f658d38-240c-475c-926f-55c4a76c810f ] Request (FloatingIPsAssociationNegativeTestJSON:setUpClass): 404 GET http://10.180.1.21/compute/v2.1/servers/ff9fa823-03c3-4b80-b06a-ca7d4aed62a5 1.158s
2024-10-23 14:45:26.129 60095 INFO tempest.test [-] raised in FloatingIPsAssociationNegativeTestJSON.setUpClass. Invoking tearDownClass.
2024-10-23 14:45:26.148 60084 INFO tempest.lib.common.rest_client [req-3fc37706-d974-4325-a45b-c1eaba94ecd7 req-3fc37706-d974-4325-a45b-c1eaba94ecd7 ] Request (ImagesMetadataTestJSON:setUpClass): 200 GET http://10.180.1.21/identity/v3/domains?name=Default 0.019s
2024-10-23 14:45:26.174 60084 INFO tempest.lib.common.rest_client [req-b05f21d0-8cbd-4660-8866-92a7f67c7946 req-b05f21d0-8cbd-4660-8866-92a7f67c7946 ] Request (ImagesMetadataTestJSON:setUpClass): 201 POST http://10.180.1.21/identity/v3/projects 0.025s
2024-10-23 14:45:26.229 60084 INFO tempest.lib.common.rest_client [req-45d1160e-2755-477f-b3fc-6d3feb9ae85b req-45d1160e-2755-477f-b3fc-6d3feb9ae85b ] Request (ImagesMetadataTestJSON:setUpClass): 201 POST http://10.180.1.21/identity/v3/users 0.054s
2024-10-23 14:45:26.237 60092 INFO tempest.lib.common.rest_client [req-505662cb-0e71-473b-8ac7-b93914095e7f req-505662cb-0e71-473b-8ac7-b93914095e7f ] Request (AttachInterfacesTestJSON:setUpClass): 201 POST http://10.180.1.21:9696/networking/v2.0/networks 0.393s
2024-10-23 14:45:26.249 60084 INFO tempest.lib.common.rest_client [req-bb97ea84-365a-4f5e-9380-916adbd93e69 req-bb97ea84-365a-4f5e-9380-916adbd93e69 ] Request (ImagesMetadataTestJSON:setUpClass): 200 GET http://10.180.1.21/identity/v3/roles 0.019s
2024-10-23 14:45:26.279 60084 INFO tempest.lib.common.rest_client [req-4d4ea5b1-9306-41cd-a580-23f8ec2aa7c6 req-4d4ea5b1-9306-41cd-a580-23f8ec2aa7c6 ] Request (ImagesMetadataTestJSON:setUpClass): 204 PUT http://10.180.1.21/identity/v3/projects/aa8a2295e9fe4f87bc7398919c897318/users/86d468997b8f42bf8ec33f799b023f59/roles/8b25e525191a44809581573075c54389 0.030s
2024-10-23 14:45:26.280 60084 INFO tempest.lib.common.dynamic_creds [-] Dynamic test user 86d468997b8f42bf8ec33f799b023f59 is created with scope project and roles: ['member']
2024-10-23 14:45:26.280 60084 INFO tempest.lib.common.dynamic_creds [-] Acquired dynamic creds: credentials: Credentials: {'domain_id': 'default', 'domain_name': 'Default', 'username': 'tempest-ImagesMetadataTestJSON-1205604887-project-member', 'project_domain_id': 'default', 'project_domain_name': 'Default', 'project_id': 'aa8a2295e9fe4f87bc7398919c897318', 'project_name': 'tempest-ImagesMetadataTestJSON-1205604887', 'tenant_id': 'aa8a2295e9fe4f87bc7398919c897318', 'tenant_name': 'tempest-ImagesMetadataTestJSON-1205604887', 'user_domain_id': 'default', 'user_domain_name': 'Default', 'user_id': '86d468997b8f42bf8ec33f799b023f59', 'system': None}, Network: None, Subnet: None, Router: None
2024-10-23 14:45:26.280 60084 INFO tempest.lib.common.dynamic_creds [-] Created isolated network resources for: credentials: Credentials: {'domain_id': 'default', 'domain_name': 'Default', 'username': 'tempest-ImagesMetadataTestJSON-1205604887-project-member', 'project_domain_id': 'default', 'project_domain_name': 'Default', 'project_id': 'aa8a2295e9fe4f87bc7398919c897318', 'project_name': 'tempest-ImagesMetadataTestJSON-1205604887', 'tenant_id': 'aa8a2295e9fe4f87bc7398919c897318', 'tenant_name': 'tempest-ImagesMetadataTestJSON-1205604887', 'user_domain_id': 'default', 'user_domain_name': 'Default', 'user_id': '86d468997b8f42bf8ec33f799b023f59', 'system': None}, Network: None, Subnet: None, Router: None
2024-10-23 14:45:26.354 60084 INFO tempest.lib.common.rest_client [req-6472e405-f755-4f00-90a9-5b78973e2bad req-6472e405-f755-4f00-90a9-5b78973e2bad ] Request (ImagesMetadataTestJSON:setUpClass): 201 POST http://10.180.1.21/identity/v3/auth/tokens 0.068s
2024-10-23 14:45:26.507 60090 INFO tempest.lib.common.rest_client [req-119bd104-8b2e-48f9-9413-59c18f54ae89 req-119bd104-8b2e-48f9-9413-59c18f54ae89 ] Request (ServersWithSpecificFlavorTestJSON:test_verify_created_server_ephemeral_disk): 204 DELETE http://10.180.1.21/compute/v2.1/servers/191495fb-521b-42bc-889c-17b7b48776f7 1.464s
2024-10-23 14:45:26.588 60068 INFO tempest.lib.common.rest_client [req-c75600b6-0941-4e9e-8051-1c18b59607a9 req-c75600b6-0941-4e9e-8051-1c18b59607a9 ] Request (ServersAdmin275Test:test_rebuild_update_server_275): 200 GET http://10.180.1.21/compute/v2.1/servers/11f468ba-a807-4490-9dd5-58eaad007865 1.354s
2024-10-23 14:45:26.594 60046 INFO tempest.lib.common.rest_client [req-fd3b292d-2aed-40a1-be6f-e923c9a2d8a1 req-fd3b292d-2aed-40a1-be6f-e923c9a2d8a1 ] Request (ImagesNegativeTestJSON:setUpClass): 201 POST http://10.180.1.21:9696/networking/v2.0/networks 0.772s
2024-10-23 14:45:26.608 60044 INFO tempest.lib.common.rest_client [req-e3e3b28e-6164-4db2-90f6-2dda8552f5ea req-e3e3b28e-6164-4db2-90f6-2dda8552f5ea ] Request (MigrationsAdminTest:test_list_migrations_in_flavor_resize_situation): 404 GET http://10.180.1.21/compute/v2.1/servers/a5eb8727-e918-4a86-9e40-fe20817ca13c 1.336s
2024-10-23 14:45:26.656 60086 INFO tempest.lib.common.rest_client [req-942b9bd5-11ca-49c0-9fbc-9bcf1dbbbc15 req-942b9bd5-11ca-49c0-9fbc-9bcf1dbbbc15 ] Request (ListImageFiltersTestJSON:setUpClass): 204 PUT http://10.180.1.21/image/v2/images/75a2ddd6-329f-48a5-8798-393dc99718f3/file 0.852s
2024-10-23 14:45:26.666 60104 INFO tempest.lib.common.rest_client [req-daa033ae-45b1-41fb-8ea3-7f621836079a req-daa033ae-45b1-41fb-8ea3-7f621836079a ] Request (ServerGroupTestJSON:test_create_delete_multiple_server_groups_with_same_name_policy): 200 POST http://10.180.1.21/compute/v2.1/os-server-groups 1.335s
2024-10-23 14:45:26.751 60106 INFO tempest.lib.common.rest_client [req-06df148c-273c-491d-9896-367a8f4ae4f7 req-06df148c-273c-491d-9896-367a8f4ae4f7 ] Request (ServerShowV254Test:test_rebuild_server): 200 GET http://10.180.1.21/compute/v2.1/servers/b7ab8792-137d-4053-9df9-3d560aa5e411 1.411s
2024-10-23 14:45:26.775 60084 INFO tempest.lib.common.rest_client [req-83d17b23-1d48-4e6e-9472-6abc3152c9d8 req-83d17b23-1d48-4e6e-9472-6abc3152c9d8 ] Request (ImagesMetadataTestJSON:setUpClass): 201 POST http://10.180.1.21/image/v2/images 0.420s
2024-10-23 14:45:26.783 60092 INFO tempest.lib.common.rest_client [req-48351b1c-0e50-4963-946f-f963c48681af req-48351b1c-0e50-4963-946f-f963c48681af ] Request (AttachInterfacesTestJSON:setUpClass): 201 POST http://10.180.1.21:9696/networking/v2.0/subnets 0.545s
2024-10-23 14:45:26.817 60062 INFO tempest.lib.common.rest_client [req-b2e5abed-f3bb-442c-83c8-34540b13dbd8 req-b2e5abed-f3bb-442c-83c8-34540b13dbd8 ] Request (VolumesAdminNegativeTest:test_update_attached_volume_with_nonexistent_volume_in_body): 202 POST http://10.180.1.21/compute/v2.1/servers 2.686s
2024-10-23 14:45:26.823 60058 INFO tempest.lib.common.rest_client [req-245e36ca-c93f-4c57-b6a4-46deba2950f8 req-245e36ca-c93f-4c57-b6a4-46deba2950f8 ] Request (ServerDiagnosticsV248Test:test_get_server_diagnostics): 200 GET http://10.180.1.21/compute/v2.1/servers/21e37459-3ce1-41e7-8317-b98edafb15d4 1.392s
2024-10-23 14:45:26.839 60070 INFO tempest.lib.common.rest_client [req-2589b25e-7919-40fd-b667-97ad03b2ae1d req-2589b25e-7919-40fd-b667-97ad03b2ae1d ] Request (ServerActionsTestOtherA:tearDownClass): 202 DELETE http://10.180.1.21/compute/v2.1/os-keypairs/tempest-keypair-765855252 1.321s
2024-10-23 14:45:26.858 60082 INFO tempest.lib.common.rest_client [req-36c35aa4-11e0-4c84-bc35-14cab758dd54 req-36c35aa4-11e0-4c84-bc35-14cab758dd54 ] Request (KeyPairsV22TestJSON:_run_cleanups): 204 DELETE http://10.180.1.21/compute/v2.1/os-keypairs/tempest-keypair-1717104604 1.333s
2024-10-23 14:45:26.889 60050 INFO tempest.lib.common.rest_client [req-7ff82e9f-47dd-45ce-a62d-ba092a7980d5 req-7ff82e9f-47dd-45ce-a62d-ba092a7980d5 ] Request (AttachInterfacesUnderV243Test:test_add_remove_fixed_ip): 200 GET http://10.180.1.21/compute/v2.1/servers/b280463d-455f-4ccd-b8c8-4451c764a8b9 1.398s
2024-10-23 14:45:26.907 60100 INFO tempest.lib.common.rest_client [req-80970584-425a-4eb8-bc10-4399a4e0ae6f req-80970584-425a-4eb8-bc10-4399a4e0ae6f ] Request (FlavorsAccessNegativeTestJSON:_run_cleanups): 200 GET http://10.180.1.21/compute/v2.1/flavors/detail 1.365s
2024-10-23 14:45:27.011 60066 INFO tempest.lib.common.rest_client [req-78041b06-c301-41f9-bc14-567e69164c8f req-78041b06-c301-41f9-bc14-567e69164c8f ] Request (SecurityGroupsTestJSON:test_list_security_groups_by_server): 200 GET http://10.180.1.21/compute/v2.1/servers/8cc49d4d-3c8b-41a5-afaa-23f90a45e18a 1.454s
2024-10-23 14:45:27.028 60082 INFO tempest.lib.common.rest_client [req-768706b2-fa34-40de-bcae-a0efb25c9eb8 req-768706b2-fa34-40de-bcae-a0efb25c9eb8 ] Request (KeyPairsV22TestJSON:tearDownClass): 204 DELETE http://10.180.1.21/identity/v3/users/f45a1419c7904035a4988550e915485e 0.168s
2024-10-23 14:45:27.029 60082 INFO tempest.lib.common.dynamic_creds [-] Deleting project and security group for project: aa0c910e860c497685c5246d374029fa
2024-10-23 14:45:27.075 60070 INFO tempest.lib.common.rest_client [req-bf41c6ea-f309-4b4f-b5da-78b160d4b38a req-bf41c6ea-f309-4b4f-b5da-78b160d4b38a ] Request (ServerActionsTestOtherA:tearDownClass): 204 DELETE http://10.180.1.21:9696/networking/v2.0/security-groups/bc7bc941-cbd8-4104-9040-20676898c2d3 0.236s
2024-10-23 14:45:27.090 60070 INFO tempest.lib.common.rest_client [req-05651a11-f818-490c-8e8d-0604fc47ae4c req-05651a11-f818-490c-8e8d-0604fc47ae4c ] Request (ServerActionsTestOtherA:tearDownClass): 404 GET http://10.180.1.21:9696/networking/v2.0/security-groups/bc7bc941-cbd8-4104-9040-20676898c2d3 0.015s
2024-10-23 14:45:27.103 60048 INFO tempest.lib.common.rest_client [req-2bb9bdb1-f5e5-41f2-8cd6-fc60f7604d8e req-2bb9bdb1-f5e5-41f2-8cd6-fc60f7604d8e ] Request (SecurityGroupRulesNegativeTestJSON:test_create_security_group_rule_with_invalid_port_range): 400 POST http://10.180.1.21/compute/v2.1/os-security-group-rules 1.574s
2024-10-23 14:45:27.116 60082 INFO tempest.lib.common.rest_client [req-d689aaa3-ba78-4ada-9e84-7e1661f96c84 req-d689aaa3-ba78-4ada-9e84-7e1661f96c84 ] Request (KeyPairsV22TestJSON:tearDownClass): 201 POST http://10.180.1.21/identity/v3/auth/tokens 0.087s
2024-10-23 14:45:27.157 60060 INFO tempest.lib.common.rest_client [req-10d9399a-173d-48fe-b2f0-34a0122ac418 req-10d9399a-173d-48fe-b2f0-34a0122ac418 ] Request (VolumesAssistedSnapshotsTest:test_volume_assisted_snapshot_create_delete): 404 GET http://10.180.1.21/compute/v2.1/servers/34ac1a4c-c729-458f-853f-593e0c935f4c 1.380s
2024-10-23 14:45:27.191 60064 INFO tempest.lib.common.rest_client [req-16990317-e7fe-4bc8-9786-ace9280543e8 req-16990317-e7fe-4bc8-9786-ace9280543e8 ] Request (AggregatesAdminNegativeTestJSON:test_aggregate_delete_as_user): 200 POST http://10.180.1.21/compute/v2.1/os-aggregates 1.399s
2024-10-23 14:45:27.202 60073 INFO tempest.lib.common.rest_client [req-8c60a4b2-877e-4534-bf4c-87e96c0fad08 req-8c60a4b2-877e-4534-bf4c-87e96c0fad08 ] Request (HostsAdminNegativeTestJSON:test_shutdown_host_with_non_admin_user): 403 GET http://10.180.1.21/compute/v2.1/os-hosts/devstack/shutdown 1.397s
2024-10-23 14:45:27.249 60060 INFO tempest.lib.common.rest_client [req-6cdd9a2c-45f5-4102-81eb-164482c62a6a req-6cdd9a2c-45f5-4102-81eb-164482c62a6a ] Request (VolumesAssistedSnapshotsTest:_run_cleanups): 202 DELETE http://10.180.1.21/volume/v3/a6262494fa9f4af2884b72c46feb36cf/volumes/0c9ed652-1f58-4365-ae69-9ca92e861bac 0.089s
2024-10-23 14:45:27.265 60102 INFO tempest.lib.common.rest_client [req-70928a9b-32b4-4d83-983c-9061c6f7c50a req-70928a9b-32b4-4d83-983c-9061c6f7c50a ] Request (InstanceActionsV221TestJSON:tearDownClass): 204 DELETE http://10.180.1.21:9696/networking/v2.0/routers/0ed53604-3452-4a87-96b8-9b5c8dc488f3 1.291s
2024-10-23 14:45:27.291 60060 INFO tempest.lib.common.rest_client [req-9a785af8-20a7-4533-af7a-607eca19d816 req-9a785af8-20a7-4533-af7a-607eca19d816 ] Request (VolumesAssistedSnapshotsTest:_run_cleanups): 200 GET http://10.180.1.21/volume/v3/a6262494fa9f4af2884b72c46feb36cf/volumes/0c9ed652-1f58-4365-ae69-9ca92e861bac 0.042s
2024-10-23 14:45:27.338 60046 INFO tempest.lib.common.rest_client [req-1a235de2-6420-4f74-a141-eca7eac8110f req-1a235de2-6420-4f74-a141-eca7eac8110f ] Request (ImagesNegativeTestJSON:setUpClass): 201 POST http://10.180.1.21:9696/networking/v2.0/subnets 0.743s
2024-10-23 14:45:27.510 60095 INFO tempest.lib.common.rest_client [req-c64163f0-af32-4f2d-b7d0-adc0ff07ef45 req-c64163f0-af32-4f2d-b7d0-adc0ff07ef45 ] Request (FloatingIPsAssociationNegativeTestJSON:tearDownClass): 200 PUT http://10.180.1.21:9696/networking/v2.0/routers/031e784a-8c7b-41fb-b14e-db613703591e/remove_router_interface 1.380s
2024-10-23 14:45:27.561 60102 INFO tempest.lib.common.rest_client [req-2a9e3296-b07f-4026-b1f9-5a9564428070 req-2a9e3296-b07f-4026-b1f9-5a9564428070 ] Request (InstanceActionsV221TestJSON:tearDownClass): 204 DELETE http://10.180.1.21:9696/networking/v2.0/subnets/250317c7-cb2e-4e59-88ba-efbe97ec902c 0.296s
2024-10-23 14:45:27.585 60070 INFO tempest.lib.common.rest_client [req-b4297a33-5c51-47dd-adfb-7d3b89eccc90 req-b4297a33-5c51-47dd-adfb-7d3b89eccc90 ] Request (ServerActionsTestOtherA:tearDownClass): 204 DELETE http://10.180.1.21:9696/networking/v2.0/floatingips/2b384fb2-cf85-4b30-82f9-e406b5bc5fea 0.495s
2024-10-23 14:45:27.593 60084 INFO tempest.lib.common.rest_client [req-1e0a8d18-076a-418b-8111-a49bf3602322 req-1e0a8d18-076a-418b-8111-a49bf3602322 ] Request (ImagesMetadataTestJSON:setUpClass): 204 PUT http://10.180.1.21/image/v2/images/66d86bea-fab9-43db-924e-06a3201764cf/file 0.817s
2024-10-23 14:45:27.860 60082 INFO tempest.lib.common.rest_client [req-c2649594-1f4a-4511-9e03-8e7bd99fbf27 req-c2649594-1f4a-4511-9e03-8e7bd99fbf27 ] Request (KeyPairsV22TestJSON:tearDownClass): 200 GET http://10.180.1.21:9696/networking/v2.0/security-groups?tenant_id=aa0c910e860c497685c5246d374029fa&name=default 0.743s
2024-10-23 14:45:28.055 60082 INFO tempest.lib.common.rest_client [req-0ff50bdd-fff0-49f4-b755-56f6ce9ea85e req-0ff50bdd-fff0-49f4-b755-56f6ce9ea85e ] Request (KeyPairsV22TestJSON:tearDownClass): 204 DELETE http://10.180.1.21:9696/networking/v2.0/security-groups/7e101005-8c59-4536-ac47-7177cf01714f 0.195s
2024-10-23 14:45:28.119 60082 INFO tempest.lib.common.rest_client [req-12080187-0451-4660-b08e-46892f5bc8b9 req-12080187-0451-4660-b08e-46892f5bc8b9 ] Request (KeyPairsV22TestJSON:tearDownClass): 204 DELETE http://10.180.1.21/identity/v3/projects/aa0c910e860c497685c5246d374029fa 0.063s
2024-10-23 14:45:28.176 60082 INFO tempest.lib.common.rest_client [req-1b0828a9-6a4c-4a88-bff5-b5c6adcec451 req-1b0828a9-6a4c-4a88-bff5-b5c6adcec451 ] Request (SecurityGroupRulesTestJSON:setUpClass): 201 POST http://10.180.1.21/identity/v3/auth/tokens 0.056s
2024-10-23 14:45:28.206 60082 INFO tempest.lib.common.rest_client [req-5fb6e029-c865-4a1c-b6b2-fba2d8d8e4c0 req-5fb6e029-c865-4a1c-b6b2-fba2d8d8e4c0 ] Request (SecurityGroupRulesTestJSON:setUpClass): 201 POST http://10.180.1.21/identity/v3/auth/tokens 0.027s
2024-10-23 14:45:28.230 60082 INFO tempest.lib.common.rest_client [req-19515ac3-fe74-4696-96b1-ecc78f68c1ce req-19515ac3-fe74-4696-96b1-ecc78f68c1ce ] Request (SecurityGroupRulesTestJSON:setUpClass): 200 GET http://10.180.1.21/identity/v3/domains?name=Default 0.024s
2024-10-23 14:45:28.259 60082 INFO tempest.lib.common.rest_client [req-65c2ad67-8eff-4c6b-9f38-f89052656f74 req-65c2ad67-8eff-4c6b-9f38-f89052656f74 ] Request (SecurityGroupRulesTestJSON:setUpClass): 201 POST http://10.180.1.21/identity/v3/projects 0.028s
2024-10-23 14:45:28.314 60082 INFO tempest.lib.common.rest_client [req-71987add-d218-46eb-b015-e9c58725de7f req-71987add-d218-46eb-b015-e9c58725de7f ] Request (SecurityGroupRulesTestJSON:setUpClass): 201 POST http://10.180.1.21/identity/v3/users 0.055s
2024-10-23 14:45:28.322 60060 INFO tempest.lib.common.rest_client [req-eb35c557-790c-4254-a02f-839d71717778 req-eb35c557-790c-4254-a02f-839d71717778 ] Request (VolumesAssistedSnapshotsTest:_run_cleanups): 404 GET http://10.180.1.21/volume/v3/a6262494fa9f4af2884b72c46feb36cf/volumes/0c9ed652-1f58-4365-ae69-9ca92e861bac 0.024s
