2024-10-24 02:26:13.535 63607 INFO tempest.lib.common.rest_client [req-ff1c333c-e7a8-4276-b8f0-da2e239b0dba req-ff1c333c-e7a8-4276-b8f0-da2e239b0dba ] Request (ServerShowV247Test:tearDownClass): 200 GET http://10.180.1.21/compute/v2.1/servers/f9c8ed86-506b-4654-8e7e-cb218605764b 0.980s
2024-10-24 02:26:13.546 63607 INFO tempest.common.waiters [-] State transition "ACTIVE/deleting" ==> "DELETED/None" after 4 second wait
2024-10-24 02:26:13.597 63617 INFO tempest.lib.common.rest_client [req-7fe6f9ae-b1e2-4647-98ca-c6285c0b50bd req-7fe6f9ae-b1e2-4647-98ca-c6285c0b50bd ] Request (MigrationsAdminTest:test_resize_server_revert_deleted_flavor): 200 GET http://10.180.1.21/compute/v2.1/servers/ad05eda3-efd7-4040-be9c-6a47df02889b 0.934s
2024-10-24 02:26:13.600 63601 INFO tempest.lib.common.rest_client [req-644fdb05-a805-411c-81f0-653c4b154b67 req-644fdb05-a805-411c-81f0-653c4b154b67 ] Request (FloatingIPsAssociationNegativeTestJSON:setUpClass): 200 GET http://10.180.1.21/compute/v2.1/servers/1de0e894-1edb-4296-9e9b-2c1eb0c7c275 0.966s
2024-10-24 02:26:13.653 63612 INFO tempest.lib.common.rest_client [req-51c0c66e-9399-4248-ab20-84aa2af53de1 req-51c0c66e-9399-4248-ab20-84aa2af53de1 ] Request (ServerShowV254Test:test_rebuild_server): 200 GET http://10.180.1.21/compute/v2.1/servers/e5c80c05-0e48-415a-ac91-a53e1c8819f0 0.967s
2024-10-24 02:26:13.738 63599 INFO tempest.lib.common.rest_client [req-356b7e68-ad83-465e-aa16-f7094ca1bd3d req-356b7e68-ad83-465e-aa16-f7094ca1bd3d ] Request (ServerDiagnosticsV248Test:test_get_server_diagnostics): 200 GET http://10.180.1.21/compute/v2.1/servers/b2bf4912-6b88-4ece-95c9-e9fd1cf906df 0.983s
2024-10-24 02:26:13.747 63613 INFO tempest.lib.common.rest_client [req-0c0edbfe-3857-4279-b9c5-65c7546e9541 req-0c0edbfe-3857-4279-b9c5-65c7546e9541 ] Request (ListServerFiltersTestJSON:setUpClass): 200 GET http://10.180.1.21/compute/v2.1/servers/d5daa7b5-2b00-46f5-b89b-42f33f6cd3c6 0.970s
2024-10-24 02:26:13.811 63635 INFO tempest.lib.common.rest_client [req-9f4c3a65-542c-41b0-8f6a-77d0bc55d93d req-9f4c3a65-542c-41b0-8f6a-77d0bc55d93d ] Request (ServerRescueNegativeTestJSON:setUpClass): 200 GET http://10.180.1.21/compute/v2.1/servers/a1e1e0ea-debd-4529-b175-4bdf44e4de31 1.007s
2024-10-24 02:26:13.816 63655 INFO tempest.lib.common.rest_client [req-b968c0b8-708f-465d-bee3-cdae07eb14f7 req-b968c0b8-708f-465d-bee3-cdae07eb14f7 ] Request (ServerActionsTestJSON:setUpClass): 200 GET http://10.180.1.21/compute/v2.1/servers/b46098f3-d952-4a33-86fe-825fe4625008 0.996s
2024-10-24 02:26:13.854 63635 INFO tempest.lib.common.rest_client [req-87daffb1-4f0e-4266-a34d-fa7b66bac49e req-87daffb1-4f0e-4266-a34d-fa7b66bac49e ] Request (ServerRescueNegativeTestJSON:setUpClass): 201 POST http://10.180.1.21/identity/v3/auth/tokens 0.032s
2024-10-24 02:26:13.855 63635 INFO tempest.lib.common.fixed_network [-] (ServerRescueNegativeTestJSON:setUpClass) Found network {'id': '30f3d4aa-7176-4bfd-883a-f04db6470d50', 'name': 'tempest-ServerRescueNegativeTestJSON-629351364-network', 'tenant_id': '8c31d477cfcf42f1b47c81438cf36855', 'admin_state_up': True, 'mtu': 8950, 'status': 'ACTIVE', 'subnets': [], 'shared': False, 'project_id': '8c31d477cfcf42f1b47c81438cf36855', 'port_security_enabled': True, 'router:external': False, 'provider:network_type': 'vlan', 'provider:physical_network': 'default', 'provider:segmentation_id': 659, 'is_default': False, 'availability_zone_hints': [], 'availability_zones': [], 'ipv4_address_scope': None, 'ipv6_address_scope': None, 'description': '', 'tags': [], 'created_at': '2024-10-24T02:26:08Z', 'updated_at': '2024-10-24T02:26:08Z', 'revision_number': 1} available for tenant
2024-10-24 02:26:13.876 63609 INFO tempest.lib.common.rest_client [req-63d9f1cb-5a9e-4200-bb86-0a395533dccf req-63d9f1cb-5a9e-4200-bb86-0a395533dccf ] Request (ServersNegativeTestJSON:setUpClass): 200 GET http://10.180.1.21/compute/v2.1/servers/05b9ea96-23f9-4c7a-aa0f-0d9142c4167e 1.034s
2024-10-24 02:26:13.893 63629 INFO tempest.lib.common.rest_client [req-c363993c-fc8d-456d-af13-809e7a2a993c req-c363993c-fc8d-456d-af13-809e7a2a993c ] Request (MultipleCreateTestJSON:test_multiple_create): 200 GET http://10.180.1.21/compute/v2.1/servers/795b61f6-a0f3-4aab-94b3-2540ccbb7312 1.015s
2024-10-24 02:26:13.933 63651 INFO tempest.lib.common.rest_client [req-4b60f033-f7f1-470d-9fcd-1aa7f1079659 req-4b60f033-f7f1-470d-9fcd-1aa7f1079659 ] Request (VolumesAdminNegativeTest:test_update_attached_volume_with_nonexistent_volume_in_body): 200 GET http://10.180.1.21/compute/v2.1/servers/21e17d32-40db-4dc1-9e73-fa6d35a4c06a 1.008s
2024-10-24 02:26:13.961 63649 INFO tempest.lib.common.rest_client [req-09a55dc3-7907-4d95-a6b0-c98729c3400c req-09a55dc3-7907-4d95-a6b0-c98729c3400c ] Request (ServersV294TestFqdnHostnames:setUpClass): 200 GET http://10.180.1.21/compute/v2.1/servers/d7589681-fe6c-4dc6-b533-ade8ae634d58 0.965s
2024-10-24 02:26:13.991 63593 INFO tempest.lib.common.rest_client [req-4021812a-7fbd-4c11-ab15-aaf4a2f199ec req-4021812a-7fbd-4c11-ab15-aaf4a2f199ec ] Request (FloatingIPsAssociationTestJSON:setUpClass): 200 GET http://10.180.1.21/compute/v2.1/servers/b275344f-695e-463b-8bfe-2bee97296349 0.872s
2024-10-24 02:26:14.066 63615 INFO tempest.lib.common.rest_client [req-5f16538f-9877-41a6-8a36-628a30302096 req-5f16538f-9877-41a6-8a36-628a30302096 ] Request (ServerPasswordTestJSON:setUpClass): 200 GET http://10.180.1.21/compute/v2.1/servers/7816d808-c9dd-403f-b993-c6d9dc458c7b 0.730s
2024-10-24 02:26:14.177 63637 INFO tempest.lib.common.rest_client [req-87069093-58cd-4428-a18f-13cb0bcfc2a5 req-87069093-58cd-4428-a18f-13cb0bcfc2a5 ] Request (ServerExternalEventsTest:test_create_server_external_events): 204 DELETE http://10.180.1.21/compute/v2.1/servers/bc1d7402-3651-488b-a431-2cb2ae987d32 0.853s
2024-10-24 02:26:14.237 63653 INFO tempest.lib.common.rest_client [req-580445d2-3c93-43fe-84de-04b75bde1ce4 req-580445d2-3c93-43fe-84de-04b75bde1ce4 ] Request (ListServersNegativeTestJSON:setUpClass): 200 GET http://10.180.1.21/compute/v2.1/servers/087c0c34-2f44-4791-86e7-b1b3564f49d5 0.352s
2024-10-24 02:26:14.243 63653 INFO tempest.common.waiters [-] State transition "BUILD/scheduling" ==> "BUILD/None" after 51 second wait
2024-10-24 02:26:14.291 63603 INFO tempest.lib.common.rest_client [req-971809bb-6869-4dad-9abb-4e9602fdcce1 req-971809bb-6869-4dad-9abb-4e9602fdcce1 ] Request (ServersAdminNegativeTestJSON:setUpClass): 200 GET http://10.180.1.21/compute/v2.1/servers/9478ce7a-99c6-4e95-82b0-f8a71ce94a90 0.343s
2024-10-24 02:26:14.317 63625 INFO tempest.lib.common.rest_client [req-f833c01b-8d76-4f05-b6fe-7c8d023671b6 req-f833c01b-8d76-4f05-b6fe-7c8d023671b6 ] Request (FloatingIPDetailsTestJSON:setUpClass): 200 PUT http://10.180.1.21:9696/networking/v2.0/routers/741ec4b1-3dba-4160-9fed-a9fff06df057/add_router_interface 1.378s
2024-10-24 02:26:14.317 63625 INFO tempest.lib.common.dynamic_creds [-] Created isolated network resources for: credentials: Credentials: {'domain_id': 'default', 'domain_name': 'Default', 'username': 'tempest-FloatingIPDetailsTestJSON-435981714-project-member', 'project_domain_id': 'default', 'project_domain_name': 'Default', 'project_id': '5299fbe66d3f4902988dc1bf4fb2890a', 'project_name': 'tempest-FloatingIPDetailsTestJSON-435981714', 'tenant_id': '5299fbe66d3f4902988dc1bf4fb2890a', 'tenant_name': 'tempest-FloatingIPDetailsTestJSON-435981714', 'user_domain_id': 'default', 'user_domain_name': 'Default', 'user_id': '450a6b6db26c465e8e843715154d8c28', 'system': None}, Network: {'id': '6e2e469c-99d4-4fff-b17a-ebdc58fafc93', 'name': 'tempest-FloatingIPDetailsTestJSON-943467689-network', 'tenant_id': '5299fbe66d3f4902988dc1bf4fb2890a', 'admin_state_up': True, 'mtu': 8950, 'status': 'ACTIVE', 'subnets': [], 'shared': False, 'project_id': '5299fbe66d3f4902988dc1bf4fb2890a', 'port_security_enabled': True, 'router:external': False, 'provider:network_type': 'vlan', 'provider:physical_network': 'default', 'provider:segmentation_id': 672, 'is_default': False, 'availability_zone_hints': [], 'availability_zones': [], 'ipv4_address_scope': None, 'ipv6_address_scope': None, 'description': '', 'tags': [], 'created_at': '2024-10-24T02:26:11Z', 'updated_at': '2024-10-24T02:26:11Z', 'revision_number': 1}, Subnet: {'id': '1a1d4857-1104-4d9d-8e6d-9bda29d77b98', 'name': 'tempest-FloatingIPDetailsTestJSON-943467689-subnet', 'tenant_id': '5299fbe66d3f4902988dc1bf4fb2890a', 'network_id': '6e2e469c-99d4-4fff-b17a-ebdc58fafc93', 'ip_version': 4, 'subnetpool_id': None, 'enable_dhcp': True, 'ipv6_ra_mode': None, 'ipv6_address_mode': None, 'gateway_ip': '192.168.128.1', 'cidr': '192.168.128.0/28', 'allocation_pools': [{'start': '192.168.128.2', 'end': '192.168.128.14'}], 'host_routes': [], 'dns_nameservers': [], 'description': '', 'router:external': False, 'service_types': [], 'tags': [], 'created_at': '2024-10-24T02:26:11Z', 'updated_at': '2024-10-24T02:26:11Z', 'revision_number': 0, 'project_id': '5299fbe66d3f4902988dc1bf4fb2890a'}, Router: {'id': '741ec4b1-3dba-4160-9fed-a9fff06df057', 'name': 'tempest-FloatingIPDetailsTestJSON-943467689-router', 'tenant_id': '5299fbe66d3f4902988dc1bf4fb2890a', 'admin_state_up': True, 'status': 'ACTIVE', 'external_gateway_info': {'network_id': '1b6d991f-0d2c-45a9-8ae6-d380de4283ed', 'external_fixed_ips': [{'subnet_id': '901082b9-27ac-4106-a1f6-9b3f390728a3', 'ip_address': '10.180.180.243'}], 'enable_snat': True}, 'description': '', 'availability_zones': [], 'distributed': False, 'ha': False, 'availability_zone_hints': [], 'routes': [], 'flavor_id': None, 'tags': [], 'created_at': '2024-10-24T02:26:11Z', 'updated_at': '2024-10-24T02:26:12Z', 'revision_number': 2, 'project_id': '5299fbe66d3f4902988dc1bf4fb2890a'}
2024-10-24 02:26:14.342 63605 INFO tempest.lib.common.rest_client [req-18d40035-2e6d-4387-862b-04831541dc44 req-18d40035-2e6d-4387-862b-04831541dc44 ] Request (SecurityGroupsTestJSON:test_list_security_groups_by_server): 200 GET http://10.180.1.21/compute/v2.1/servers/1446c7da-415f-43ee-9ff1-2266bd3038e4 0.319s
2024-10-24 02:26:14.393 63634 INFO tempest.lib.common.rest_client [req-99db95b2-d788-4f84-ac50-caa3a2860863 req-99db95b2-d788-4f84-ac50-caa3a2860863 ] Request (ImagesTestJSON:test_create_image_from_suspended_server): 200 GET http://10.180.1.21/compute/v2.1/servers/b7dcc653-a430-48c4-9185-3e8200cf1005 0.305s
2024-10-24 02:26:14.396 63625 INFO tempest.lib.common.rest_client [req-78107e4d-8180-48f3-ae2e-e27859dea4ee req-78107e4d-8180-48f3-ae2e-e27859dea4ee ] Request (FloatingIPDetailsTestJSON:setUpClass): 201 POST http://10.180.1.21/identity/v3/auth/tokens 0.075s
2024-10-24 02:26:14.437 63597 INFO tempest.lib.common.rest_client [req-e0ede851-01e5-4874-9dc9-e87d47c23402 req-e0ede851-01e5-4874-9dc9-e87d47c23402 ] Request (ServerDiagnosticsNegativeTest:test_get_server_diagnostics_by_non_admin): 200 GET http://10.180.1.21/compute/v2.1/servers/10112b62-f41e-4413-9bc8-c1306c5c1bc1 0.272s
2024-10-24 02:26:14.449 63635 INFO tempest.lib.common.rest_client [req-c6d15249-3f8b-4e4f-948e-6fbcae9ebc76 req-c6d15249-3f8b-4e4f-948e-6fbcae9ebc76 ] Request (ServerRescueNegativeTestJSON:setUpClass): 202 POST http://10.180.1.21/compute/v2.1/servers 0.594s
2024-10-24 02:26:14.456 63637 INFO tempest.lib.common.rest_client [req-15a0335b-bf3b-47f4-b0d4-3181a7b311c4 req-15a0335b-bf3b-47f4-b0d4-3181a7b311c4 ] Request (ServerExternalEventsTest:test_create_server_external_events): 404 GET http://10.180.1.21/compute/v2.1/servers/bc1d7402-3651-488b-a431-2cb2ae987d32 0.279s
2024-10-24 02:26:14.503 63619 INFO tempest.lib.common.rest_client [req-a51c6459-e31d-472e-b96a-1262998d7f65 req-a51c6459-e31d-472e-b96a-1262998d7f65 ] Request (ServerRescueTestJSONUnderV235:setUpClass): 200 GET http://10.180.1.21/compute/v2.1/servers/3dd3c8f5-f2ab-46b2-a6b8-beaeb906cbab 0.310s
2024-10-24 02:26:14.509 63619 INFO tempest.common.waiters [-] State transition "BUILD/networking" ==> "BUILD/spawning" after 58 second wait
2024-10-24 02:26:14.512 63621 INFO tempest.lib.common.rest_client [req-586320c9-d48a-4dac-a1f3-2e8d824ef1cb req-586320c9-d48a-4dac-a1f3-2e8d824ef1cb ] Request (AttachInterfacesTestJSON:test_create_list_show_delete_interfaces_by_fixed_ip): 200 GET http://10.180.1.21/compute/v2.1/servers/732ff6d3-2de9-4e6b-887d-5329ba83443c 0.275s
2024-10-24 02:26:14.541 63637 INFO tempest.lib.common.rest_client [req-2f80dda5-886c-4f6b-aed4-a68245b633b0 req-2f80dda5-886c-4f6b-aed4-a68245b633b0 ] Request (ServerExternalEventsTest:tearDownClass): 204 DELETE http://10.180.1.21/identity/v3/users/1762b48bb9a24028a12b2ac455353f04 0.081s
2024-10-24 02:26:14.567 63641 INFO tempest.lib.common.rest_client [req-c4ffba25-f413-44f0-a0cf-a30c492c23e2 req-c4ffba25-f413-44f0-a0cf-a30c492c23e2 ] Request (DeleteServersTestJSON:test_delete_active_server): 200 GET http://10.180.1.21/compute/v2.1/servers/0de6892a-5463-4d60-807c-0e3fca2accf3 0.316s
2024-10-24 02:26:14.576 63623 INFO tempest.lib.common.rest_client [req-d80cb65f-fcb9-4579-b51f-edd268332a4d req-d80cb65f-fcb9-4579-b51f-edd268332a4d ] Request (ServersTestBootFromVolume:setUpClass): 200 GET http://10.180.1.21/compute/v2.1/servers/282f1b55-8a74-467a-9ec8-0684eb780970 0.248s
2024-10-24 02:26:14.622 63647 INFO tempest.lib.common.rest_client [req-a928b170-0e18-4aab-afd1-fef831468c82 req-a928b170-0e18-4aab-afd1-fef831468c82 ] Request (DeleteServersAdminTestJSON:test_delete_server_while_in_error_state): 200 GET http://10.180.1.21/compute/v2.1/servers/115e42ee-60cc-400d-8f4d-c23009f9091f 0.241s
2024-10-24 02:26:14.647 63637 INFO tempest.lib.common.rest_client [req-c776cf48-f882-4158-a860-3d82708c7516 req-c776cf48-f882-4158-a860-3d82708c7516 ] Request (ServerExternalEventsTest:tearDownClass): 204 DELETE http://10.180.1.21/identity/v3/users/ab51b30b9d1c42e5abd669bd8d08423d 0.106s
2024-10-24 02:26:14.671 63643 INFO tempest.lib.common.rest_client [req-35c9d1b9-f00f-4eb6-8e1b-222f3c8a26c1 req-35c9d1b9-f00f-4eb6-8e1b-222f3c8a26c1 ] Request (ServersTestJSON:setUpClass): 200 GET http://10.180.1.21/compute/v2.1/servers/ec4726b2-38f9-4499-a5b0-a70db0d697f6 0.265s
2024-10-24 02:26:14.746 63637 INFO tempest.lib.common.rest_client [req-ffb36297-f5fc-46b7-a24a-c257eab20061 req-ffb36297-f5fc-46b7-a24a-c257eab20061 ] Request (ServerExternalEventsTest:tearDownClass): 204 DELETE http://10.180.1.21/identity/v3/users/a4541d687a4c40d0be177257a2bd338f 0.099s
2024-10-24 02:26:14.746 63637 INFO tempest.lib.common.dynamic_creds [-] Deleting project and security group for project: 28708c43959f4967ac1bef3adfaaef5f
2024-10-24 02:26:14.750 63639 INFO tempest.lib.common.rest_client [req-fb50436f-4f7b-4e95-b097-ddf62bc435dd req-fb50436f-4f7b-4e95-b097-ddf62bc435dd ] Request (ServersTestJSON:test_create_server_specify_multibyte_character_name): 200 GET http://10.180.1.21/compute/v2.1/servers/2386393a-3006-4e6b-91e0-40b7ab8e3948 0.305s
2024-10-24 02:26:14.808 63635 INFO tempest.lib.common.rest_client [req-5e885bbe-53db-481d-bddd-5573c7152ffd req-5e885bbe-53db-481d-bddd-5573c7152ffd ] Request (ServerRescueNegativeTestJSON:setUpClass): 200 GET http://10.180.1.21/compute/v2.1/servers/7d79c9cf-66a9-4117-b090-0ab0676c3114 0.357s
2024-10-24 02:26:14.827 63637 INFO tempest.lib.common.rest_client [req-783e50e2-afce-42ed-887d-2205a4232453 req-783e50e2-afce-42ed-887d-2205a4232453 ] Request (ServerExternalEventsTest:tearDownClass): 201 POST http://10.180.1.21/identity/v3/auth/tokens 0.079s
2024-10-24 02:26:14.861 63595 INFO tempest.lib.common.rest_client [req-c10bf080-f86e-4731-966c-50b92e90f7a4 req-c10bf080-f86e-4731-966c-50b92e90f7a4 ] Request (InstanceActionsTestJSON:setUpClass): 200 GET http://10.180.1.21/compute/v2.1/servers/3c04c546-a9fa-4cbd-98d4-3ea92918a918 0.390s
2024-10-24 02:26:14.917 63627 INFO tempest.lib.common.rest_client [req-3643418c-11e6-4ff0-9d29-bba2790d1529 req-3643418c-11e6-4ff0-9d29-bba2790d1529 ] Request (ServersTestFqdnHostnames:test_create_server_with_fqdn_name): 200 GET http://10.180.1.21/compute/v2.1/servers/8e5e4a26-69ed-461d-aa67-929c0a4ab0f6 0.377s
2024-10-24 02:26:14.978 63607 INFO tempest.lib.common.rest_client [req-9172bdac-e83e-4025-8e68-5d666f0844a6 req-9172bdac-e83e-4025-8e68-5d666f0844a6 ] Request (ServerShowV247Test:tearDownClass): 200 GET http://10.180.1.21/compute/v2.1/servers/f9c8ed86-506b-4654-8e7e-cb218605764b 0.431s
2024-10-24 02:26:14.980 63637 INFO tempest.lib.common.rest_client [req-96cf9c70-60c5-457c-84af-2b6b9fbbd62a req-96cf9c70-60c5-457c-84af-2b6b9fbbd62a ] Request (ServerExternalEventsTest:tearDownClass): 200 GET http://10.180.1.21:9696/networking/v2.0/security-groups?tenant_id=28708c43959f4967ac1bef3adfaaef5f&name=default 0.153s
2024-10-24 02:26:15.034 63617 INFO tempest.lib.common.rest_client [req-6907b9a0-bd7b-4e2f-aa2a-020d05405c7d req-6907b9a0-bd7b-4e2f-aa2a-020d05405c7d ] Request (MigrationsAdminTest:test_resize_server_revert_deleted_flavor): 200 GET http://10.180.1.21/compute/v2.1/servers/ad05eda3-efd7-4040-be9c-6a47df02889b 0.426s
2024-10-24 02:26:15.063 63637 INFO tempest.lib.common.rest_client [req-f287344a-3fb0-4961-b9a6-24835287754d req-f287344a-3fb0-4961-b9a6-24835287754d ] Request (ServerExternalEventsTest:tearDownClass): 204 DELETE http://10.180.1.21:9696/networking/v2.0/security-groups/adf9e23c-9197-4960-bf27-56a4f7826a29 0.082s
2024-10-24 02:26:15.082 63601 INFO tempest.lib.common.rest_client [req-fe6ae11e-c1c2-45e5-82cf-999a2f852040 req-fe6ae11e-c1c2-45e5-82cf-999a2f852040 ] Request (FloatingIPsAssociationNegativeTestJSON:setUpClass): 200 GET http://10.180.1.21/compute/v2.1/servers/1de0e894-1edb-4296-9e9b-2c1eb0c7c275 0.474s
2024-10-24 02:26:15.129 63637 INFO tempest.lib.common.rest_client [req-56f1b071-9f40-4854-822b-77c5f881aa10 req-56f1b071-9f40-4854-822b-77c5f881aa10 ] Request (ServerExternalEventsTest:tearDownClass): 204 DELETE http://10.180.1.21/identity/v3/projects/28708c43959f4967ac1bef3adfaaef5f 0.065s
2024-10-24 02:26:15.129 63637 INFO tempest.lib.common.dynamic_creds [-] Deleting project and security group for project: 7274335fcc1441e3b858591ac415aec4
2024-10-24 02:26:15.131 63612 INFO tempest.lib.common.rest_client [req-6a87ccf6-e894-4aab-8af5-8ad126a08870 req-6a87ccf6-e894-4aab-8af5-8ad126a08870 ] Request (ServerShowV254Test:test_rebuild_server): 200 GET http://10.180.1.21/compute/v2.1/servers/e5c80c05-0e48-415a-ac91-a53e1c8819f0 0.465s
2024-10-24 02:26:15.156 63637 INFO tempest.lib.common.rest_client [req-1812117c-253d-4c39-aaa4-316ae462769a req-1812117c-253d-4c39-aaa4-316ae462769a ] Request (ServerExternalEventsTest:tearDownClass): 200 GET http://10.180.1.21:9696/networking/v2.0/security-groups?tenant_id=7274335fcc1441e3b858591ac415aec4&name=default 0.026s
2024-10-24 02:26:15.180 63599 INFO tempest.lib.common.rest_client [req-51ad6f5d-4c07-4a3c-bb28-ffe713f47989 req-51ad6f5d-4c07-4a3c-bb28-ffe713f47989 ] Request (ServerDiagnosticsV248Test:test_get_server_diagnostics): 200 GET http://10.180.1.21/compute/v2.1/servers/b2bf4912-6b88-4ece-95c9-e9fd1cf906df 0.432s
2024-10-24 02:26:15.228 63637 INFO tempest.lib.common.rest_client [req-919c9e48-dca1-48e6-8119-9bf49cded196 req-919c9e48-dca1-48e6-8119-9bf49cded196 ] Request (ServerExternalEventsTest:tearDownClass): 204 DELETE http://10.180.1.21:9696/networking/v2.0/security-groups/82a3b09a-07d3-4a6f-aba8-e40a09aac9a0 0.071s
2024-10-24 02:26:15.234 63613 INFO tempest.lib.common.rest_client [req-0ba1efb3-b061-4831-90eb-3a6d921a8568 req-0ba1efb3-b061-4831-90eb-3a6d921a8568 ] Request (ListServerFiltersTestJSON:setUpClass): 200 GET http://10.180.1.21/compute/v2.1/servers/d5daa7b5-2b00-46f5-b89b-42f33f6cd3c6 0.478s
2024-10-24 02:26:15.295 63655 INFO tempest.lib.common.rest_client [req-51b7fa1c-0fd7-4953-9f05-694809493321 req-51b7fa1c-0fd7-4953-9f05-694809493321 ] Request (ServerActionsTestJSON:setUpClass): 200 GET http://10.180.1.21/compute/v2.1/servers/b46098f3-d952-4a33-86fe-825fe4625008 0.471s
2024-10-24 02:26:15.311 63637 INFO tempest.lib.common.rest_client [req-b13bf804-314d-4f50-9143-90c6c65fe0f5 req-b13bf804-314d-4f50-9143-90c6c65fe0f5 ] Request (ServerExternalEventsTest:tearDownClass): 204 DELETE http://10.180.1.21/identity/v3/projects/7274335fcc1441e3b858591ac415aec4 0.082s
2024-10-24 02:26:15.311 63637 INFO tempest.lib.common.dynamic_creds [-] Deleting project and security group for project: 4a83da247ee2457c84796add7545474a
2024-10-24 02:26:15.352 63625 INFO tempest.lib.common.rest_client [req-6a344d33-df15-4550-a242-a1517c365c80 req-6a344d33-df15-4550-a242-a1517c365c80 ] Request (FloatingIPDetailsTestJSON:setUpClass): 200 POST http://10.180.1.21/compute/v2.1/os-floating-ips 0.955s
2024-10-24 02:26:15.417 63629 INFO tempest.lib.common.rest_client [req-adae97f4-8208-4c7e-b1d5-18031485c8fe req-adae97f4-8208-4c7e-b1d5-18031485c8fe ] Request (MultipleCreateTestJSON:test_multiple_create): 200 GET http://10.180.1.21/compute/v2.1/servers/795b61f6-a0f3-4aab-94b3-2540ccbb7312 0.516s
2024-10-24 02:26:15.472 63651 INFO tempest.lib.common.rest_client [req-9bc4d2c2-6f57-4fc2-8eef-63571bf0324a req-9bc4d2c2-6f57-4fc2-8eef-63571bf0324a ] Request (VolumesAdminNegativeTest:test_update_attached_volume_with_nonexistent_volume_in_body): 200 GET http://10.180.1.21/compute/v2.1/servers/21e17d32-40db-4dc1-9e73-fa6d35a4c06a 0.531s
2024-10-24 02:26:15.480 63637 INFO tempest.lib.common.rest_client [req-a8755e51-962b-4586-903c-388c77a89df0 req-a8755e51-962b-4586-903c-388c77a89df0 ] Request (ServerExternalEventsTest:tearDownClass): 200 GET http://10.180.1.21:9696/networking/v2.0/security-groups?tenant_id=4a83da247ee2457c84796add7545474a&name=default 0.169s
2024-10-24 02:26:15.538 63649 INFO tempest.lib.common.rest_client [req-9fc7d758-a576-4984-bef5-5ab9190116fa req-9fc7d758-a576-4984-bef5-5ab9190116fa ] Request (ServersV294TestFqdnHostnames:setUpClass): 200 GET http://10.180.1.21/compute/v2.1/servers/d7589681-fe6c-4dc6-b533-ade8ae634d58 0.567s
2024-10-24 02:26:15.570 63609 INFO tempest.lib.common.rest_client [req-0e57584f-e49d-4345-9ef8-76576a6f9bfd req-0e57584f-e49d-4345-9ef8-76576a6f9bfd ] Request (ServersNegativeTestJSON:setUpClass): 200 GET http://10.180.1.21/compute/v2.1/servers/05b9ea96-23f9-4c7a-aa0f-0d9142c4167e 0.675s
2024-10-24 02:26:15.593 63593 INFO tempest.lib.common.rest_client [req-79b8a22e-3afb-41b5-ab12-4a7b09849b32 req-79b8a22e-3afb-41b5-ab12-4a7b09849b32 ] Request (FloatingIPsAssociationTestJSON:setUpClass): 200 GET http://10.180.1.21/compute/v2.1/servers/b275344f-695e-463b-8bfe-2bee97296349 0.594s
2024-10-24 02:26:15.601 63637 INFO tempest.lib.common.rest_client [req-aa907ca1-3680-404e-b080-10fccb4bcbff req-aa907ca1-3680-404e-b080-10fccb4bcbff ] Request (ServerExternalEventsTest:tearDownClass): 204 DELETE http://10.180.1.21:9696/networking/v2.0/security-groups/9c17b98d-51c7-450b-95cb-78681cf508b4 0.120s
2024-10-24 02:26:15.625 63615 INFO tempest.lib.common.rest_client [req-b046c9ee-b544-4452-bc40-82d35c421419 req-b046c9ee-b544-4452-bc40-82d35c421419 ] Request (ServerPasswordTestJSON:setUpClass): 200 GET http://10.180.1.21/compute/v2.1/servers/7816d808-c9dd-403f-b993-c6d9dc458c7b 0.553s
2024-10-24 02:26:15.644 63653 INFO tempest.lib.common.rest_client [req-f582baca-8aee-40d2-8c17-ab317ce5aeda req-f582baca-8aee-40d2-8c17-ab317ce5aeda ] Request (ListServersNegativeTestJSON:setUpClass): 200 GET http://10.180.1.21/compute/v2.1/servers/087c0c34-2f44-4791-86e7-b1b3564f49d5 0.399s
2024-10-24 02:26:15.684 63603 INFO tempest.lib.common.rest_client [req-2cc2c3c6-4690-45d6-8918-85e9e86821e2 req-2cc2c3c6-4690-45d6-8918-85e9e86821e2 ] Request (ServersAdminNegativeTestJSON:setUpClass): 200 GET http://10.180.1.21/compute/v2.1/servers/9478ce7a-99c6-4e95-82b0-f8a71ce94a90 0.385s
2024-10-24 02:26:15.711 63605 INFO tempest.lib.common.rest_client [req-e430e00a-1f42-4d1a-bb2b-e23ac2d77aec req-e430e00a-1f42-4d1a-bb2b-e23ac2d77aec ] Request (SecurityGroupsTestJSON:test_list_security_groups_by_server): 200 GET http://10.180.1.21/compute/v2.1/servers/1446c7da-415f-43ee-9ff1-2266bd3038e4 0.362s
2024-10-24 02:26:15.741 63637 INFO tempest.lib.common.rest_client [req-2b391db5-22fb-4a6d-9a0e-699746c50254 req-2b391db5-22fb-4a6d-9a0e-699746c50254 ] Request (ServerExternalEventsTest:tearDownClass): 204 DELETE http://10.180.1.21/identity/v3/projects/4a83da247ee2457c84796add7545474a 0.139s
2024-10-24 02:26:15.790 63634 INFO tempest.lib.common.rest_client [req-c2631307-81a5-41e3-b46f-721abf1fda76 req-c2631307-81a5-41e3-b46f-721abf1fda76 ] Request (ImagesTestJSON:test_create_image_from_suspended_server): 200 GET http://10.180.1.21/compute/v2.1/servers/b7dcc653-a430-48c4-9185-3e8200cf1005 0.391s
2024-10-24 02:26:15.844 63637 INFO tempest.lib.common.rest_client [req-74bc7367-3057-4d9c-9152-4316a8a19c1e req-74bc7367-3057-4d9c-9152-4316a8a19c1e ] Request (ServersAdminTestJSON:setUpClass): 201 POST http://10.180.1.21/identity/v3/auth/tokens 0.102s
2024-10-24 02:26:15.887 63597 INFO tempest.lib.common.rest_client [req-9bb28f74-2e2a-42ef-8071-97a91c9b22a1 req-9bb28f74-2e2a-42ef-8071-97a91c9b22a1 ] Request (ServerDiagnosticsNegativeTest:test_get_server_diagnostics_by_non_admin): 200 GET http://10.180.1.21/compute/v2.1/servers/10112b62-f41e-4413-9bc8-c1306c5c1bc1 0.443s
2024-10-24 02:26:15.899 63637 INFO tempest.lib.common.rest_client [req-45974c29-7d70-40da-83e9-0f0dce8bf017 req-45974c29-7d70-40da-83e9-0f0dce8bf017 ] Request (ServersAdminTestJSON:setUpClass): 201 POST http://10.180.1.21/identity/v3/auth/tokens 0.053s
2024-10-24 02:26:15.944 63637 INFO tempest.lib.common.rest_client [req-7db46086-fb7b-40ce-97ef-f7df6a2ee3ce req-7db46086-fb7b-40ce-97ef-f7df6a2ee3ce ] Request (ServersAdminTestJSON:setUpClass): 200 GET http://10.180.1.21/identity/v3/domains?name=Default 0.045s
2024-10-24 02:26:15.958 63619 INFO tempest.lib.common.rest_client [req-ee09923f-922b-4005-9ec9-00bcde9ed198 req-ee09923f-922b-4005-9ec9-00bcde9ed198 ] Request (ServerRescueTestJSONUnderV235:setUpClass): 200 GET http://10.180.1.21/compute/v2.1/servers/3dd3c8f5-f2ab-46b2-a6b8-beaeb906cbab 0.445s
2024-10-24 02:26:15.984 63637 INFO tempest.lib.common.rest_client [req-8baa31a3-5cc9-420c-859d-fdd827c360f7 req-8baa31a3-5cc9-420c-859d-fdd827c360f7 ] Request (ServersAdminTestJSON:setUpClass): 201 POST http://10.180.1.21/identity/v3/projects 0.039s
2024-10-24 02:26:16.024 63621 INFO tempest.lib.common.rest_client [req-addc840b-8bad-4f62-8a77-10956ecdec2e req-addc840b-8bad-4f62-8a77-10956ecdec2e ] Request (AttachInterfacesTestJSON:test_create_list_show_delete_interfaces_by_fixed_ip): 200 GET http://10.180.1.21/compute/v2.1/servers/732ff6d3-2de9-4e6b-887d-5329ba83443c 0.505s
2024-10-24 02:26:16.050 63637 INFO tempest.lib.common.rest_client [req-150195fd-0d29-44fe-bec0-57d0e74017f3 req-150195fd-0d29-44fe-bec0-57d0e74017f3 ] Request (ServersAdminTestJSON:setUpClass): 201 POST http://10.180.1.21/identity/v3/users 0.065s
2024-10-24 02:26:16.067 63637 INFO tempest.lib.common.rest_client [req-1af34fa6-2a90-446f-a60e-2edcb2254e60 req-1af34fa6-2a90-446f-a60e-2edcb2254e60 ] Request (ServersAdminTestJSON:setUpClass): 200 GET http://10.180.1.21/identity/v3/roles 0.017s
2024-10-24 02:26:16.098 63637 INFO tempest.lib.common.rest_client [req-1929967c-93ca-417c-b6d9-122117c90f7b req-1929967c-93ca-417c-b6d9-122117c90f7b ] Request (ServersAdminTestJSON:setUpClass): 204 PUT http://10.180.1.21/identity/v3/projects/58271233c0bc4384acb7cd581d3bed59/users/d32aea4219944964ba3fa6eed5d70ea7/roles/0a9aac8f8f1f4d2e9ed0435e8a05e0c7 0.030s
2024-10-24 02:26:16.098 63637 INFO tempest.lib.common.dynamic_creds [-] Dynamic test user d32aea4219944964ba3fa6eed5d70ea7 is created with scope project and roles: ['member']
2024-10-24 02:26:16.098 63637 INFO tempest.lib.common.dynamic_creds [-] Acquired dynamic creds: credentials: Credentials: {'domain_id': 'default', 'domain_name': 'Default', 'username': 'tempest-ServersAdminTestJSON-69647992-project-member', 'project_domain_id': 'default', 'project_domain_name': 'Default', 'project_id': '58271233c0bc4384acb7cd581d3bed59', 'project_name': 'tempest-ServersAdminTestJSON-69647992', 'tenant_id': '58271233c0bc4384acb7cd581d3bed59', 'tenant_name': 'tempest-ServersAdminTestJSON-69647992', 'user_domain_id': 'default', 'user_domain_name': 'Default', 'user_id': 'd32aea4219944964ba3fa6eed5d70ea7', 'system': None}, Network: None, Subnet: None, Router: None
2024-10-24 02:26:16.154 63637 INFO tempest.lib.common.rest_client [req-a531b3f2-9c83-4e0d-a052-f5436d1c14d1 req-a531b3f2-9c83-4e0d-a052-f5436d1c14d1 ] Request (ServersAdminTestJSON:setUpClass): 201 POST http://10.180.1.21/identity/v3/auth/tokens 0.056s
2024-10-24 02:26:16.194 63641 INFO tempest.lib.common.rest_client [req-4076c501-e606-4093-a409-3fff623deef5 req-4076c501-e606-4093-a409-3fff623deef5 ] Request (DeleteServersTestJSON:test_delete_active_server): 200 GET http://10.180.1.21/compute/v2.1/servers/0de6892a-5463-4d60-807c-0e3fca2accf3 0.617s
2024-10-24 02:26:16.201 63641 INFO tempest.common.waiters [-] State transition "BUILD/None" ==> "BUILD/block_device_mapping" after 59 second wait
2024-10-24 02:26:16.264 63623 INFO tempest.lib.common.rest_client [req-595085ce-9e12-49be-b0de-3aa998aaa713 req-595085ce-9e12-49be-b0de-3aa998aaa713 ] Request (ServersTestBootFromVolume:setUpClass): 200 GET http://10.180.1.21/compute/v2.1/servers/282f1b55-8a74-467a-9ec8-0684eb780970 0.673s
2024-10-24 02:26:16.342 63647 INFO tempest.lib.common.rest_client [req-b57c118e-a8f4-4be4-b91a-a40ca777c0da req-b57c118e-a8f4-4be4-b91a-a40ca777c0da ] Request (DeleteServersAdminTestJSON:test_delete_server_while_in_error_state): 200 GET http://10.180.1.21/compute/v2.1/servers/115e42ee-60cc-400d-8f4d-c23009f9091f 0.711s
2024-10-24 02:26:16.474 63637 INFO tempest.lib.common.rest_client [req-f1405ae5-3973-4de6-9504-2ec2b90a6216 req-f1405ae5-3973-4de6-9504-2ec2b90a6216 ] Request (ServersAdminTestJSON:setUpClass): 201 POST http://10.180.1.21:9696/networking/v2.0/networks 0.320s
2024-10-24 02:26:16.514 63643 INFO tempest.lib.common.rest_client [req-57726dcf-4dd2-40b6-8e63-a4537a71040e req-57726dcf-4dd2-40b6-8e63-a4537a71040e ] Request (ServersTestJSON:setUpClass): 200 GET http://10.180.1.21/compute/v2.1/servers/ec4726b2-38f9-4499-a5b0-a70db0d697f6 0.836s
2024-10-24 02:26:16.529 63625 INFO tempest.lib.common.rest_client [req-d7fe2970-83b0-4de1-8157-564b5fd1e4c6 req-d7fe2970-83b0-4de1-8157-564b5fd1e4c6 ] Request (FloatingIPDetailsTestJSON:setUpClass): 200 POST http://10.180.1.21/compute/v2.1/os-floating-ips 1.174s
2024-10-24 02:26:16.567 63639 INFO tempest.lib.common.rest_client [req-bf89e94c-26a1-4018-b09b-a44c1fbacf91 req-bf89e94c-26a1-4018-b09b-a44c1fbacf91 ] Request (ServersTestJSON:test_create_server_specify_multibyte_character_name): 200 GET http://10.180.1.21/compute/v2.1/servers/2386393a-3006-4e6b-91e0-40b7ab8e3948 0.808s
2024-10-24 02:26:16.583 63635 INFO tempest.lib.common.rest_client [req-f672fd73-7cac-43d1-93cf-4f6e67f91f60 req-f672fd73-7cac-43d1-93cf-4f6e67f91f60 ] Request (ServerRescueNegativeTestJSON:setUpClass): 200 GET http://10.180.1.21/compute/v2.1/servers/7d79c9cf-66a9-4117-b090-0ab0676c3114 0.765s
2024-10-24 02:26:16.615 63595 INFO tempest.lib.common.rest_client [req-c27f7f56-b0ad-42f4-9d6a-1ce628a7bf0b req-c27f7f56-b0ad-42f4-9d6a-1ce628a7bf0b ] Request (InstanceActionsTestJSON:setUpClass): 200 GET http://10.180.1.21/compute/v2.1/servers/3c04c546-a9fa-4cbd-98d4-3ea92918a918 0.746s
2024-10-24 02:26:16.629 63627 INFO tempest.lib.common.rest_client [req-c0380779-9174-4a84-9e80-3dbcff5ceff2 req-c0380779-9174-4a84-9e80-3dbcff5ceff2 ] Request (ServersTestFqdnHostnames:test_create_server_with_fqdn_name): 200 GET http://10.180.1.21/compute/v2.1/servers/8e5e4a26-69ed-461d-aa67-929c0a4ab0f6 0.701s
2024-10-24 02:26:16.674 63607 INFO tempest.lib.common.rest_client [req-0b0c67a1-594a-4b15-82f5-49e8a8edaa44 req-0b0c67a1-594a-4b15-82f5-49e8a8edaa44 ] Request (ServerShowV247Test:tearDownClass): 200 GET http://10.180.1.21/compute/v2.1/servers/f9c8ed86-506b-4654-8e7e-cb218605764b 0.688s
2024-10-24 02:26:16.677 63617 INFO tempest.lib.common.rest_client [req-b4594d5c-8dba-434c-b36d-e9c32b9319d8 req-b4594d5c-8dba-434c-b36d-e9c32b9319d8 ] Request (MigrationsAdminTest:test_resize_server_revert_deleted_flavor): 200 GET http://10.180.1.21/compute/v2.1/servers/ad05eda3-efd7-4040-be9c-6a47df02889b 0.633s
2024-10-24 02:26:16.713 63637 INFO tempest.lib.common.rest_client [req-750b588b-2497-4d0f-a76c-0987207b6893 req-750b588b-2497-4d0f-a76c-0987207b6893 ] Request (ServersAdminTestJSON:setUpClass): 201 POST http://10.180.1.21:9696/networking/v2.0/subnets 0.238s
2024-10-24 02:26:16.734 63601 INFO tempest.lib.common.rest_client [req-587e9903-c5a6-46fc-9f96-604b19a4d635 req-587e9903-c5a6-46fc-9f96-604b19a4d635 ] Request (FloatingIPsAssociationNegativeTestJSON:setUpClass): 200 GET http://10.180.1.21/compute/v2.1/servers/1de0e894-1edb-4296-9e9b-2c1eb0c7c275 0.645s
2024-10-24 02:26:16.739 63612 INFO tempest.lib.common.rest_client [req-c82a11d2-13ef-4bf4-9d56-76d04e173e6b req-c82a11d2-13ef-4bf4-9d56-76d04e173e6b ] Request (ServerShowV254Test:test_rebuild_server): 200 GET http://10.180.1.21/compute/v2.1/servers/e5c80c05-0e48-415a-ac91-a53e1c8819f0 0.600s
2024-10-24 02:26:16.794 63599 INFO tempest.lib.common.rest_client [req-5ca2b63b-0b8c-4947-8bd5-035321768ba6 req-5ca2b63b-0b8c-4947-8bd5-035321768ba6 ] Request (ServerDiagnosticsV248Test:test_get_server_diagnostics): 200 GET http://10.180.1.21/compute/v2.1/servers/b2bf4912-6b88-4ece-95c9-e9fd1cf906df 0.605s
2024-10-24 02:26:16.803 63613 INFO tempest.lib.common.rest_client [req-09877895-e15f-4559-8322-014479f03f12 req-09877895-e15f-4559-8322-014479f03f12 ] Request (ListServerFiltersTestJSON:setUpClass): 200 GET http://10.180.1.21/compute/v2.1/servers/d5daa7b5-2b00-46f5-b89b-42f33f6cd3c6 0.562s
2024-10-24 02:26:16.849 63655 INFO tempest.lib.common.rest_client [req-353460f3-d378-422c-a249-31473e1d95b7 req-353460f3-d378-422c-a249-31473e1d95b7 ] Request (ServerActionsTestJSON:setUpClass): 200 GET http://10.180.1.21/compute/v2.1/servers/b46098f3-d952-4a33-86fe-825fe4625008 0.547s
2024-10-24 02:26:16.869 63629 INFO tempest.lib.common.rest_client [req-f40d0224-a687-46ed-95b6-dfc4b0db8948 req-f40d0224-a687-46ed-95b6-dfc4b0db8948 ] Request (MultipleCreateTestJSON:test_multiple_create): 200 GET http://10.180.1.21/compute/v2.1/servers/795b61f6-a0f3-4aab-94b3-2540ccbb7312 0.444s
2024-10-24 02:26:16.917 63651 INFO tempest.lib.common.rest_client [req-1874e916-8353-4874-8fc6-c350c78369d5 req-1874e916-8353-4874-8fc6-c350c78369d5 ] Request (VolumesAdminNegativeTest:test_update_attached_volume_with_nonexistent_volume_in_body): 200 GET http://10.180.1.21/compute/v2.1/servers/21e17d32-40db-4dc1-9e73-fa6d35a4c06a 0.438s
2024-10-24 02:26:16.975 63649 INFO tempest.lib.common.rest_client [req-5f7a0af0-c5c1-4858-9c60-9cfd1918b16d req-5f7a0af0-c5c1-4858-9c60-9cfd1918b16d ] Request (ServersV294TestFqdnHostnames:setUpClass): 200 GET http://10.180.1.21/compute/v2.1/servers/d7589681-fe6c-4dc6-b533-ade8ae634d58 0.421s
2024-10-24 02:26:17.027 63609 INFO tempest.lib.common.rest_client [req-ca656a6c-6374-4c2e-89cb-6726ade701b3 req-ca656a6c-6374-4c2e-89cb-6726ade701b3 ] Request (ServersNegativeTestJSON:setUpClass): 200 GET http://10.180.1.21/compute/v2.1/servers/05b9ea96-23f9-4c7a-aa0f-0d9142c4167e 0.449s
2024-10-24 02:26:17.074 63593 INFO tempest.lib.common.rest_client [req-75d619a6-019b-45ee-9870-8e755df46566 req-75d619a6-019b-45ee-9870-8e755df46566 ] Request (FloatingIPsAssociationTestJSON:setUpClass): 200 GET http://10.180.1.21/compute/v2.1/servers/b275344f-695e-463b-8bfe-2bee97296349 0.471s
2024-10-24 02:26:17.124 63615 INFO tempest.lib.common.rest_client [req-1ac489f2-2caf-487a-b1a8-6f97d0bd2869 req-1ac489f2-2caf-487a-b1a8-6f97d0bd2869 ] Request (ServerPasswordTestJSON:setUpClass): 200 GET http://10.180.1.21/compute/v2.1/servers/7816d808-c9dd-403f-b993-c6d9dc458c7b 0.491s
2024-10-24 02:26:17.170 63653 INFO tempest.lib.common.rest_client [req-f02a9acd-2d3f-4cd0-b4af-118754f43725 req-f02a9acd-2d3f-4cd0-b4af-118754f43725 ] Request (ListServersNegativeTestJSON:setUpClass): 200 GET http://10.180.1.21/compute/v2.1/servers/087c0c34-2f44-4791-86e7-b1b3564f49d5 0.507s
2024-10-24 02:26:17.217 63603 INFO tempest.lib.common.rest_client [req-d845d012-96c3-40d3-acee-6e0872fc8f86 req-d845d012-96c3-40d3-acee-6e0872fc8f86 ] Request (ServersAdminNegativeTestJSON:setUpClass): 200 GET http://10.180.1.21/compute/v2.1/servers/9478ce7a-99c6-4e95-82b0-f8a71ce94a90 0.524s
2024-10-24 02:26:17.266 63605 INFO tempest.lib.common.rest_client [req-42f7045a-9bbd-4357-9dc3-aa4a2d0ce321 req-42f7045a-9bbd-4357-9dc3-aa4a2d0ce321 ] Request (SecurityGroupsTestJSON:test_list_security_groups_by_server): 200 GET http://10.180.1.21/compute/v2.1/servers/1446c7da-415f-43ee-9ff1-2266bd3038e4 0.546s
2024-10-24 02:26:17.313 63634 INFO tempest.lib.common.rest_client [req-32493e95-639f-41cf-aee7-4e1ae6439e6f req-32493e95-639f-41cf-aee7-4e1ae6439e6f ] Request (ImagesTestJSON:test_create_image_from_suspended_server): 200 GET http://10.180.1.21/compute/v2.1/servers/b7dcc653-a430-48c4-9185-3e8200cf1005 0.514s
2024-10-24 02:26:17.357 63597 INFO tempest.lib.common.rest_client [req-0d27ee7c-395d-4c3d-a9ba-3830c1960697 req-0d27ee7c-395d-4c3d-a9ba-3830c1960697 ] Request (ServerDiagnosticsNegativeTest:test_get_server_diagnostics_by_non_admin): 200 GET http://10.180.1.21/compute/v2.1/servers/10112b62-f41e-4413-9bc8-c1306c5c1bc1 0.460s
2024-10-24 02:26:17.411 63619 INFO tempest.lib.common.rest_client [req-edebb945-07c0-4f93-93f6-17f25a4b4abf req-edebb945-07c0-4f93-93f6-17f25a4b4abf ] Request (ServerRescueTestJSONUnderV235:setUpClass): 200 GET http://10.180.1.21/compute/v2.1/servers/3dd3c8f5-f2ab-46b2-a6b8-beaeb906cbab 0.443s
2024-10-24 02:26:17.434 63625 INFO tempest.lib.common.rest_client [req-8341527f-013d-4327-884c-0160e5d98436 req-8341527f-013d-4327-884c-0160e5d98436 ] Request (FloatingIPDetailsTestJSON:setUpClass): 200 POST http://10.180.1.21/compute/v2.1/os-floating-ips 0.903s
2024-10-24 02:26:17.455 63621 INFO tempest.lib.common.rest_client [req-122d93c9-2f57-4ddf-a5d7-5fbf5b95344a req-122d93c9-2f57-4ddf-a5d7-5fbf5b95344a ] Request (AttachInterfacesTestJSON:test_create_list_show_delete_interfaces_by_fixed_ip): 200 GET http://10.180.1.21/compute/v2.1/servers/732ff6d3-2de9-4e6b-887d-5329ba83443c 0.418s
2024-10-24 02:26:17.477 63641 INFO tempest.lib.common.rest_client [req-b854ecde-69a2-4660-96c7-e5c7c798254e req-b854ecde-69a2-4660-96c7-e5c7c798254e ] Request (DeleteServersTestJSON:test_delete_active_server): 200 GET http://10.180.1.21/compute/v2.1/servers/0de6892a-5463-4d60-807c-0e3fca2accf3 0.275s
2024-10-24 02:26:17.483 63641 INFO tempest.common.waiters [-] State transition "BUILD/block_device_mapping" ==> "BUILD/spawning" after 60 second wait
2024-10-24 02:26:17.497 63623 INFO tempest.lib.common.rest_client [req-3bc99c82-6fad-451e-ad90-2fd60f91601e req-3bc99c82-6fad-451e-ad90-2fd60f91601e ] Request (ServersTestBootFromVolume:setUpClass): 200 GET http://10.180.1.21/compute/v2.1/servers/282f1b55-8a74-467a-9ec8-0684eb780970 0.224s
2024-10-24 02:26:17.521 63647 INFO tempest.lib.common.rest_client [req-5124f7ea-eaf0-4c34-bb02-5d0166f78e03 req-5124f7ea-eaf0-4c34-bb02-5d0166f78e03 ] Request (DeleteServersAdminTestJSON:test_delete_server_while_in_error_state): 200 GET http://10.180.1.21/compute/v2.1/servers/115e42ee-60cc-400d-8f4d-c23009f9091f 0.170s
2024-10-24 02:26:17.574 63643 INFO tempest.lib.common.rest_client [req-6252c19f-8020-4aa5-9bf1-18a747fa6954 req-6252c19f-8020-4aa5-9bf1-18a747fa6954 ] Request (ServersTestJSON:setUpClass): 200 GET http://10.180.1.21/compute/v2.1/servers/ec4726b2-38f9-4499-a5b0-a70db0d697f6 0.051s
2024-10-24 02:26:17.601 63637 INFO tempest.lib.common.rest_client [req-e03ab18d-3084-4299-ad07-2cb6d657fdd1 req-e03ab18d-3084-4299-ad07-2cb6d657fdd1 ] Request (ServersAdminTestJSON:setUpClass): 201 POST http://10.180.1.21:9696/networking/v2.0/routers 0.888s
2024-10-24 02:26:17.624 63639 INFO tempest.lib.common.rest_client [req-a4b00073-fd95-4de0-bdc2-273b801a78f9 req-a4b00073-fd95-4de0-bdc2-273b801a78f9 ] Request (ServersTestJSON:test_create_server_specify_multibyte_character_name): 200 GET http://10.180.1.21/compute/v2.1/servers/2386393a-3006-4e6b-91e0-40b7ab8e3948 0.051s
2024-10-24 02:26:17.685 63635 INFO tempest.lib.common.rest_client [req-69af654d-5089-4088-a083-21a06e38031a req-69af654d-5089-4088-a083-21a06e38031a ] Request (ServerRescueNegativeTestJSON:setUpClass): 200 GET http://10.180.1.21/compute/v2.1/servers/7d79c9cf-66a9-4117-b090-0ab0676c3114 0.094s
2024-10-24 02:26:17.741 63595 INFO tempest.lib.common.rest_client [req-8c956cfc-cf28-4bf9-b06e-19633a8d57b4 req-8c956cfc-cf28-4bf9-b06e-19633a8d57b4 ] Request (InstanceActionsTestJSON:setUpClass): 200 GET http://10.180.1.21/compute/v2.1/servers/3c04c546-a9fa-4cbd-98d4-3ea92918a918 0.119s
2024-10-24 02:26:17.807 63627 INFO tempest.lib.common.rest_client [req-7568738c-4ca6-44cd-a4c7-854e943b23b2 req-7568738c-4ca6-44cd-a4c7-854e943b23b2 ] Request (ServersTestFqdnHostnames:test_create_server_with_fqdn_name): 200 GET http://10.180.1.21/compute/v2.1/servers/8e5e4a26-69ed-461d-aa67-929c0a4ab0f6 0.170s
2024-10-24 02:26:17.872 63607 INFO tempest.lib.common.rest_client [req-ffefcd09-008d-4dfc-b314-c98eb37963f3 req-ffefcd09-008d-4dfc-b314-c98eb37963f3 ] Request (ServerShowV247Test:tearDownClass): 200 GET http://10.180.1.21/compute/v2.1/servers/f9c8ed86-506b-4654-8e7e-cb218605764b 0.190s
2024-10-24 02:26:17.924 63617 INFO tempest.lib.common.rest_client [req-e21765cc-5298-4963-a27f-8b662c8d5ba8 req-e21765cc-5298-4963-a27f-8b662c8d5ba8 ] Request (MigrationsAdminTest:test_resize_server_revert_deleted_flavor): 200 GET http://10.180.1.21/compute/v2.1/servers/ad05eda3-efd7-4040-be9c-6a47df02889b 0.238s
2024-10-24 02:26:17.978 63601 INFO tempest.lib.common.rest_client [req-e7d1e547-3ad3-4dab-b8f5-88ab61be8bd5 req-e7d1e547-3ad3-4dab-b8f5-88ab61be8bd5 ] Request (FloatingIPsAssociationNegativeTestJSON:setUpClass): 200 GET http://10.180.1.21/compute/v2.1/servers/1de0e894-1edb-4296-9e9b-2c1eb0c7c275 0.232s
2024-10-24 02:26:18.031 63612 INFO tempest.lib.common.rest_client [req-6b00595b-a1d3-4c6c-94b8-b74aeee2221c req-6b00595b-a1d3-4c6c-94b8-b74aeee2221c ] Request (ServerShowV254Test:test_rebuild_server): 200 GET http://10.180.1.21/compute/v2.1/servers/e5c80c05-0e48-415a-ac91-a53e1c8819f0 0.283s
2024-10-24 02:26:18.103 63599 INFO tempest.lib.common.rest_client [req-eb49596c-6080-4d7c-81a0-ad83b8b5c597 req-eb49596c-6080-4d7c-81a0-ad83b8b5c597 ] Request (ServerDiagnosticsV248Test:test_get_server_diagnostics): 200 GET http://10.180.1.21/compute/v2.1/servers/b2bf4912-6b88-4ece-95c9-e9fd1cf906df 0.297s
2024-10-24 02:26:18.133 63625 INFO tempest.lib.common.rest_client [req-195dede0-18de-4f43-b605-112766dfcf29 req-195dede0-18de-4f43-b605-112766dfcf29 ] Request (FloatingIPDetailsTestJSON:test_get_floating_ip_details): 200 POST http://10.180.1.21/compute/v2.1/os-floating-ips 0.696s
2024-10-24 02:26:18.150 63613 INFO tempest.lib.common.rest_client [req-5f65d988-1325-4493-a03c-07f9e341e54e req-5f65d988-1325-4493-a03c-07f9e341e54e ] Request (ListServerFiltersTestJSON:setUpClass): 200 GET http://10.180.1.21/compute/v2.1/servers/d5daa7b5-2b00-46f5-b89b-42f33f6cd3c6 0.337s
2024-10-24 02:26:18.192 63655 INFO tempest.lib.common.rest_client [req-8869994a-e45d-4092-8531-3ed28eb02935 req-8869994a-e45d-4092-8531-3ed28eb02935 ] Request (ServerActionsTestJSON:setUpClass): 200 GET http://10.180.1.21/compute/v2.1/servers/b46098f3-d952-4a33-86fe-825fe4625008 0.333s
2024-10-24 02:26:18.204 63629 INFO tempest.lib.common.rest_client [req-f12608c1-4db8-4859-9c9e-9fd9a0b5ac0a req-f12608c1-4db8-4859-9c9e-9fd9a0b5ac0a ] Request (MultipleCreateTestJSON:test_multiple_create): 200 GET http://10.180.1.21/compute/v2.1/servers/795b61f6-a0f3-4aab-94b3-2540ccbb7312 0.320s
2024-10-24 02:26:18.254 63651 INFO tempest.lib.common.rest_client [req-4e1a95b2-d8a2-41f8-824d-112706e3b48c req-4e1a95b2-d8a2-41f8-824d-112706e3b48c ] Request (VolumesAdminNegativeTest:test_update_attached_volume_with_nonexistent_volume_in_body): 200 GET http://10.180.1.21/compute/v2.1/servers/21e17d32-40db-4dc1-9e73-fa6d35a4c06a 0.329s
2024-10-24 02:26:18.266 63649 INFO tempest.lib.common.rest_client [req-f3a3a03c-6f91-4ecc-af6b-c3b3f9a13d7b req-f3a3a03c-6f91-4ecc-af6b-c3b3f9a13d7b ] Request (ServersV294TestFqdnHostnames:setUpClass): 200 GET http://10.180.1.21/compute/v2.1/servers/d7589681-fe6c-4dc6-b533-ade8ae634d58 0.281s
2024-10-24 02:26:18.314 63609 INFO tempest.lib.common.rest_client [req-614db4a7-06ff-430b-ac97-790e590a3eb8 req-614db4a7-06ff-430b-ac97-790e590a3eb8 ] Request (ServersNegativeTestJSON:setUpClass): 200 GET http://10.180.1.21/compute/v2.1/servers/05b9ea96-23f9-4c7a-aa0f-0d9142c4167e 0.280s
2024-10-24 02:26:18.323 63593 INFO tempest.lib.common.rest_client [req-5db81f78-7923-4681-adfa-6255520e643b req-5db81f78-7923-4681-adfa-6255520e643b ] Request (FloatingIPsAssociationTestJSON:setUpClass): 200 GET http://10.180.1.21/compute/v2.1/servers/b275344f-695e-463b-8bfe-2bee97296349 0.241s
2024-10-24 02:26:18.371 63637 INFO tempest.lib.common.rest_client [req-4cd743fd-9d2c-4644-85f5-188e4d152ba0 req-4cd743fd-9d2c-4644-85f5-188e4d152ba0 ] Request (ServersAdminTestJSON:setUpClass): 200 PUT http://10.180.1.21:9696/networking/v2.0/routers/dd8828c2-35d4-4ee8-8fb3-4e7870c44d23/add_router_interface 0.769s
2024-10-24 02:26:18.371 63637 INFO tempest.lib.common.dynamic_creds [-] Created isolated network resources for: credentials: Credentials: {'domain_id': 'default', 'domain_name': 'Default', 'username': 'tempest-ServersAdminTestJSON-69647992-project-member', 'project_domain_id': 'default', 'project_domain_name': 'Default', 'project_id': '58271233c0bc4384acb7cd581d3bed59', 'project_name': 'tempest-ServersAdminTestJSON-69647992', 'tenant_id': '58271233c0bc4384acb7cd581d3bed59', 'tenant_name': 'tempest-ServersAdminTestJSON-69647992', 'user_domain_id': 'default', 'user_domain_name': 'Default', 'user_id': 'd32aea4219944964ba3fa6eed5d70ea7', 'system': None}, Network: {'id': '4a57c811-69c3-4bec-a35a-ae9614ea8473', 'name': 'tempest-ServersAdminTestJSON-693220637-network', 'tenant_id': '58271233c0bc4384acb7cd581d3bed59', 'admin_state_up': True, 'mtu': 8950, 'status': 'ACTIVE', 'subnets': [], 'shared': False, 'project_id': '58271233c0bc4384acb7cd581d3bed59', 'port_security_enabled': True, 'router:external': False, 'provider:network_type': 'vlan', 'provider:physical_network': 'default', 'provider:segmentation_id': 558, 'is_default': False, 'availability_zone_hints': [], 'availability_zones': [], 'ipv4_address_scope': None, 'ipv6_address_scope': None, 'description': '', 'tags': [], 'created_at': '2024-10-24T02:26:16Z', 'updated_at': '2024-10-24T02:26:16Z', 'revision_number': 1}, Subnet: {'id': '3c7e156e-82cd-408a-a6c8-2a959cc41c31', 'name': 'tempest-ServersAdminTestJSON-693220637-subnet', 'tenant_id': '58271233c0bc4384acb7cd581d3bed59', 'network_id': '4a57c811-69c3-4bec-a35a-ae9614ea8473', 'ip_version': 4, 'subnetpool_id': None, 'enable_dhcp': True, 'ipv6_ra_mode': None, 'ipv6_address_mode': None, 'gateway_ip': '192.168.128.1', 'cidr': '192.168.128.0/28', 'allocation_pools': [{'start': '192.168.128.2', 'end': '192.168.128.14'}], 'host_routes': [], 'dns_nameservers': [], 'description': '', 'router:external': False, 'service_types': [], 'tags': [], 'created_at': '2024-10-24T02:26:16Z', 'updated_at': '2024-10-24T02:26:16Z', 'revision_number': 0, 'project_id': '58271233c0bc4384acb7cd581d3bed59'}, Router: {'id': 'dd8828c2-35d4-4ee8-8fb3-4e7870c44d23', 'name': 'tempest-ServersAdminTestJSON-693220637-router', 'tenant_id': '58271233c0bc4384acb7cd581d3bed59', 'admin_state_up': True, 'status': 'ACTIVE', 'external_gateway_info': {'network_id': '1b6d991f-0d2c-45a9-8ae6-d380de4283ed', 'external_fixed_ips': [{'subnet_id': '901082b9-27ac-4106-a1f6-9b3f390728a3', 'ip_address': '10.180.180.213'}], 'enable_snat': True}, 'description': '', 'availability_zones': [], 'distributed': False, 'ha': False, 'availability_zone_hints': [], 'routes': [], 'flavor_id': None, 'tags': [], 'created_at': '2024-10-24T02:26:16Z', 'updated_at': '2024-10-24T02:26:17Z', 'revision_number': 2, 'project_id': '58271233c0bc4384acb7cd581d3bed59'}
2024-10-24 02:26:18.372 63615 INFO tempest.lib.common.rest_client [req-9cea9614-7374-4d8a-8233-c8306a87f5f1 req-9cea9614-7374-4d8a-8233-c8306a87f5f1 ] Request (ServerPasswordTestJSON:setUpClass): 200 GET http://10.180.1.21/compute/v2.1/servers/7816d808-c9dd-403f-b993-c6d9dc458c7b 0.239s
2024-10-24 02:26:18.422 63653 INFO tempest.lib.common.rest_client [req-f084e6e2-1eab-45a5-9e80-ee101ce4353e req-f084e6e2-1eab-45a5-9e80-ee101ce4353e ] Request (ListServersNegativeTestJSON:setUpClass): 200 GET http://10.180.1.21/compute/v2.1/servers/087c0c34-2f44-4791-86e7-b1b3564f49d5 0.242s
2024-10-24 02:26:18.430 63625 INFO tempest.lib.common.rest_client [req-f9aa2841-edbd-4200-8f24-549f8802d438 req-f9aa2841-edbd-4200-8f24-549f8802d438 ] Request (FloatingIPDetailsTestJSON:test_get_floating_ip_details): 200 GET http://10.180.1.21/compute/v2.1/os-floating-ips/c3bbeabb-5c5e-45f8-8995-a36a072c7ff8 0.294s
2024-10-24 02:26:18.474 63637 INFO tempest.lib.common.rest_client [req-8242f1bc-f7a2-4642-83c5-ac7343a90334 req-8242f1bc-f7a2-4642-83c5-ac7343a90334 ] Request (ServersAdminTestJSON:setUpClass): 201 POST http://10.180.1.21/identity/v3/auth/tokens 0.099s
2024-10-24 02:26:18.475 63603 INFO tempest.lib.common.rest_client [req-ae65ee48-37d8-4d85-9283-09ca5e68c5c7 req-ae65ee48-37d8-4d85-9283-09ca5e68c5c7 ] Request (ServersAdminNegativeTestJSON:setUpClass): 200 GET http://10.180.1.21/compute/v2.1/servers/9478ce7a-99c6-4e95-82b0-f8a71ce94a90 0.249s
2024-10-24 02:26:18.493 63605 INFO tempest.lib.common.rest_client [req-19a20541-765b-410b-82b1-eae53b374876 req-19a20541-765b-410b-82b1-eae53b374876 ] Request (SecurityGroupsTestJSON:test_list_security_groups_by_server): 200 GET http://10.180.1.21/compute/v2.1/servers/1446c7da-415f-43ee-9ff1-2266bd3038e4 0.216s
2024-10-24 02:26:18.507 63637 INFO tempest.lib.common.rest_client [req-dd6b8ae4-f912-48b7-b91a-401ced1abcb4 req-dd6b8ae4-f912-48b7-b91a-401ced1abcb4 ] Request (ServersAdminTestJSON:setUpClass): 201 POST http://10.180.1.21/identity/v3/projects 0.033s
