2024-10-24 02:25:31.428 63595 INFO tempest.lib.common.rest_client [req-dbb2640e-101f-4ff4-a3d1-d7b19dc736fe req-dbb2640e-101f-4ff4-a3d1-d7b19dc736fe ] Request (FlavorsAdminTestJSON:tearDownClass): 204 DELETE http://10.180.1.21:9696/networking/v2.0/security-groups/e89374a2-e697-4364-b0d1-4a85d36fba04 0.152s
2024-10-24 02:25:31.432 63651 INFO tempest.lib.common.rest_client [req-13b2c0b7-a902-49f1-87fd-637c7b118194 req-13b2c0b7-a902-49f1-87fd-637c7b118194 ] Request (ServersWithSpecificFlavorTestJSON:test_verify_created_server_ephemeral_disk): 200 GET http://10.180.1.21/compute/v2.1/servers/1c68f354-9e0e-4e7e-925e-d31fab4ac1ce 0.266s
2024-10-24 02:25:31.455 63645 INFO tempest.lib.common.rest_client [req-80fae624-1cc4-424a-8082-442d3b03998e req-80fae624-1cc4-424a-8082-442d3b03998e ] Request (KeyPairsNegativeTestJSON:tearDownClass): 204 DELETE http://10.180.1.21/identity/v3/projects/ead55b0f653141c0b59cd1bcbcf33359 0.150s
2024-10-24 02:25:31.482 63649 INFO tempest.lib.common.rest_client [req-2ded8549-8bef-4e8e-9665-8cf9936ff806 req-2ded8549-8bef-4e8e-9665-8cf9936ff806 ] Request (ServersV294TestFqdnHostnames:setUpClass): 201 POST http://10.180.1.21/compute/v2.1/os-keypairs 0.360s
2024-10-24 02:25:31.493 63613 INFO tempest.lib.common.rest_client [req-1a0d2a38-b9d1-4152-a17d-358938ea40d0 req-1a0d2a38-b9d1-4152-a17d-358938ea40d0 ] Request (ListServerFiltersTestJSON:setUpClass): 201 POST http://10.180.1.21/identity/v3/auth/tokens 0.160s
2024-10-24 02:25:31.497 63627 INFO tempest.lib.common.rest_client [req-2c6fe175-ed0c-406f-80ad-d3e2b1c362d0 req-2c6fe175-ed0c-406f-80ad-d3e2b1c362d0 ] Request (SecurityGroupRulesNegativeTestJSON:tearDownClass): 204 DELETE http://10.180.1.21:9696/networking/v2.0/networks/c5306cc6-d416-410d-8ba1-0381bbf0420b 0.518s
2024-10-24 02:25:31.516 63623 INFO tempest.lib.common.rest_client [req-e0876daa-ed87-4dfc-9b4e-56543eb563e7 req-e0876daa-ed87-4dfc-9b4e-56543eb563e7 ] Request (ServersTestBootFromVolume:setUpClass): 201 POST http://10.180.1.21:9696/networking/v2.0/security-groups 0.207s
2024-10-24 02:25:31.521 63641 INFO tempest.lib.common.rest_client [req-2bad6565-2021-4bd9-9f19-b2b3c6d58ade req-2bad6565-2021-4bd9-9f19-b2b3c6d58ade ] Request (DeleteServersTestJSON:test_delete_active_server): 200 GET http://10.180.1.21/compute/v2.1/servers/0de6892a-5463-4d60-807c-0e3fca2accf3 0.345s
2024-10-24 02:25:31.527 63613 INFO tempest.lib.common.rest_client [req-68ee0e9a-61a3-4d04-94c0-91fb647f7815 req-68ee0e9a-61a3-4d04-94c0-91fb647f7815 ] Request (ListServerFiltersTestJSON:setUpClass): 200 GET http://10.180.1.21/identity/v3/domains?name=Default 0.034s
2024-10-24 02:25:31.560 63595 INFO tempest.lib.common.rest_client [req-a9aef2a4-b7a9-40f0-973c-1a8004be1576 req-a9aef2a4-b7a9-40f0-973c-1a8004be1576 ] Request (FlavorsAdminTestJSON:tearDownClass): 204 DELETE http://10.180.1.21/identity/v3/projects/0ed70f332b0f4128bf0f70c89d4df79c 0.132s
2024-10-24 02:25:31.581 63607 INFO tempest.lib.common.rest_client [req-c1cc1908-89b1-4595-aeff-ebcf0039c116 req-c1cc1908-89b1-4595-aeff-ebcf0039c116 ] Request (ServerShowV247Test:test_update_rebuild_list_server): 200 GET http://10.180.1.21/compute/v2.1/servers/f9c8ed86-506b-4654-8e7e-cb218605764b 0.331s
2024-10-24 02:25:31.619 63647 INFO tempest.lib.common.rest_client [req-2afbd665-8c5a-48ed-92dc-4abfc48ed4c0 req-2afbd665-8c5a-48ed-92dc-4abfc48ed4c0 ] Request (DeleteServersAdminTestJSON:test_delete_server_while_in_error_state): 200 GET http://10.180.1.21/compute/v2.1/servers/115e42ee-60cc-400d-8f4d-c23009f9091f 0.360s
2024-10-24 02:25:31.625 63627 INFO tempest.lib.common.rest_client [req-5fb9c8e3-2d7f-4863-9af0-ccf4c3f28987 req-5fb9c8e3-2d7f-4863-9af0-ccf4c3f28987 ] Request (SecurityGroupRulesNegativeTestJSON:tearDownClass): 204 DELETE http://10.180.1.21/identity/v3/users/d6ca362613954df0ae58bc90c645d256 0.127s
2024-10-24 02:25:31.625 63627 INFO tempest.lib.common.dynamic_creds [-] Deleting project and security group for project: d5a9f58e60154b7a967b68717ec58b36
2024-10-24 02:25:31.669 63613 INFO tempest.lib.common.rest_client [req-31811f2d-21ed-4d12-9609-a7209935a49e req-31811f2d-21ed-4d12-9609-a7209935a49e ] Request (ListServerFiltersTestJSON:setUpClass): 201 POST http://10.180.1.21/identity/v3/projects 0.141s
2024-10-24 02:25:31.687 63595 INFO tempest.lib.common.rest_client [req-c258ca09-54aa-4d25-b449-9e65328f2449 req-c258ca09-54aa-4d25-b449-9e65328f2449 ] Request (FlavorsV261TestJSON:setUpClass): 201 POST http://10.180.1.21/identity/v3/auth/tokens 0.125s
2024-10-24 02:25:31.719 63601 INFO tempest.lib.common.rest_client [req-293f0fc5-59b0-44cf-a1cb-befa15c217fc req-293f0fc5-59b0-44cf-a1cb-befa15c217fc ] Request (FloatingIPsAssociationNegativeTestJSON:setUpClass): 200 GET http://10.180.1.21/compute/v2.1/servers/1de0e894-1edb-4296-9e9b-2c1eb0c7c275 0.385s
2024-10-24 02:25:31.734 63627 INFO tempest.lib.common.rest_client [req-a582cb04-5d79-4216-af90-0785285495ff req-a582cb04-5d79-4216-af90-0785285495ff ] Request (SecurityGroupRulesNegativeTestJSON:tearDownClass): 200 GET http://10.180.1.21:9696/networking/v2.0/security-groups?tenant_id=d5a9f58e60154b7a967b68717ec58b36&name=default 0.108s
2024-10-24 02:25:31.741 63639 INFO tempest.lib.common.rest_client [req-5a360438-c5ec-45c6-ba28-d75f3f5ae4ef req-5a360438-c5ec-45c6-ba28-d75f3f5ae4ef ] Request (ServersTestJSON:test_create_server_specify_multibyte_character_name): 200 GET http://10.180.1.21/compute/v2.1/servers/2386393a-3006-4e6b-91e0-40b7ab8e3948 0.397s
2024-10-24 02:25:31.755 63595 INFO tempest.lib.common.rest_client [req-c715e593-63c9-4511-816f-bd9a939f0a31 req-c715e593-63c9-4511-816f-bd9a939f0a31 ] Request (FlavorsV261TestJSON:setUpClass): 201 POST http://10.180.1.21/identity/v3/auth/tokens 0.065s
2024-10-24 02:25:31.818 63613 INFO tempest.lib.common.rest_client [req-0c5f1450-3ee4-4f1d-badd-ea6277d29219 req-0c5f1450-3ee4-4f1d-badd-ea6277d29219 ] Request (ListServerFiltersTestJSON:setUpClass): 201 POST http://10.180.1.21/identity/v3/users 0.148s
2024-10-24 02:25:31.838 63595 INFO tempest.lib.common.rest_client [req-6dbb2a73-7138-4a8f-b70b-5b7c99a9a247 req-6dbb2a73-7138-4a8f-b70b-5b7c99a9a247 ] Request (FlavorsV261TestJSON:setUpClass): 200 GET http://10.180.1.21/identity/v3/domains?name=Default 0.083s
2024-10-24 02:25:31.863 63613 INFO tempest.lib.common.rest_client [req-761d26f1-7fab-42e7-b2c8-8760d376a90f req-761d26f1-7fab-42e7-b2c8-8760d376a90f ] Request (ListServerFiltersTestJSON:setUpClass): 200 GET http://10.180.1.21/identity/v3/roles 0.045s
2024-10-24 02:25:31.895 63595 INFO tempest.lib.common.rest_client [req-54e9199c-4d30-4ba0-9b07-8f3e237bda28 req-54e9199c-4d30-4ba0-9b07-8f3e237bda28 ] Request (FlavorsV261TestJSON:setUpClass): 201 POST http://10.180.1.21/identity/v3/projects 0.056s
2024-10-24 02:25:31.914 63649 INFO tempest.lib.common.rest_client [req-8362bfec-79ad-403a-a0f4-67d0a012c2e9 req-8362bfec-79ad-403a-a0f4-67d0a012c2e9 ] Request (ServersV294TestFqdnHostnames:setUpClass): 201 POST http://10.180.1.21:9696/networking/v2.0/security-groups 0.430s
2024-10-24 02:25:31.921 63613 INFO tempest.lib.common.rest_client [req-478cceb8-723a-4e22-a5bf-fc6cf06dc229 req-478cceb8-723a-4e22-a5bf-fc6cf06dc229 ] Request (ListServerFiltersTestJSON:setUpClass): 204 PUT http://10.180.1.21/identity/v3/projects/b2bcc167f94446c88462022a4a39380e/users/8bea2c2f3fb144cc9adba6ffda59627d/roles/0a9aac8f8f1f4d2e9ed0435e8a05e0c7 0.054s
2024-10-24 02:25:31.921 63613 INFO tempest.lib.common.dynamic_creds [-] Dynamic test user 8bea2c2f3fb144cc9adba6ffda59627d is created with scope project and roles: ['member']
2024-10-24 02:25:31.921 63613 INFO tempest.lib.common.dynamic_creds [-] Acquired dynamic creds: credentials: Credentials: {'domain_id': 'default', 'domain_name': 'Default', 'username': 'tempest-ListServerFiltersTestJSON-1551439793-project-member', 'project_domain_id': 'default', 'project_domain_name': 'Default', 'project_id': 'b2bcc167f94446c88462022a4a39380e', 'project_name': 'tempest-ListServerFiltersTestJSON-1551439793', 'tenant_id': 'b2bcc167f94446c88462022a4a39380e', 'tenant_name': 'tempest-ListServerFiltersTestJSON-1551439793', 'user_domain_id': 'default', 'user_domain_name': 'Default', 'user_id': '8bea2c2f3fb144cc9adba6ffda59627d', 'system': None}, Network: None, Subnet: None, Router: None
2024-10-24 02:25:31.935 63635 INFO tempest.lib.common.rest_client [req-d913a848-e0ae-49e8-ab36-5f1b0768034a req-d913a848-e0ae-49e8-ab36-5f1b0768034a ] Request (ServerMetadataTestJSON:setUpClass): 200 GET http://10.180.1.21/compute/v2.1/servers/591a7907-e4a7-41d6-9cd0-5cb359f08810 0.343s
2024-10-24 02:25:31.954 63617 INFO tempest.lib.common.rest_client [req-e303e2c0-9902-441c-9e01-ffbaf8045116 req-e303e2c0-9902-441c-9e01-ffbaf8045116 ] Request (MigrationsAdminTest:test_resize_server_revert_deleted_flavor): 200 GET http://10.180.1.21/compute/v2.1/servers/ad05eda3-efd7-4040-be9c-6a47df02889b 0.556s
2024-10-24 02:25:32.043 63595 INFO tempest.lib.common.rest_client [req-ddff19ea-651f-4e8a-90c6-d2e125e2c337 req-ddff19ea-651f-4e8a-90c6-d2e125e2c337 ] Request (FlavorsV261TestJSON:setUpClass): 201 POST http://10.180.1.21/identity/v3/users 0.147s
2024-10-24 02:25:32.044 63623 INFO tempest.lib.common.rest_client [req-9b2bdc91-27f1-416b-8ec3-948e54250a6e req-9b2bdc91-27f1-416b-8ec3-948e54250a6e ] Request (ServersTestBootFromVolume:setUpClass): 201 POST http://10.180.1.21:9696/networking/v2.0/security-group-rules 0.527s
2024-10-24 02:25:32.052 63613 INFO tempest.lib.common.rest_client [req-f29a7801-7233-45bc-8078-5a7028654f7e req-f29a7801-7233-45bc-8078-5a7028654f7e ] Request (ListServerFiltersTestJSON:setUpClass): 201 POST http://10.180.1.21/identity/v3/auth/tokens 0.129s
2024-10-24 02:25:32.058 63595 INFO tempest.lib.common.rest_client [req-22ba7939-fc5b-4347-a3f0-9d7edd4adc02 req-22ba7939-fc5b-4347-a3f0-9d7edd4adc02 ] Request (FlavorsV261TestJSON:setUpClass): 200 GET http://10.180.1.21/identity/v3/roles 0.014s
2024-10-24 02:25:32.079 63615 INFO tempest.lib.common.rest_client [req-c7d80c9d-52ad-4fbd-9786-3f3619aaab87 req-c7d80c9d-52ad-4fbd-9786-3f3619aaab87 ] Request (ServerDiagnosticsTest:test_get_server_diagnostics): 200 GET http://10.180.1.21/compute/v2.1/servers/c80d746b-ad37-43d7-874e-1c1c848546f1 0.393s
2024-10-24 02:25:32.091 63595 INFO tempest.lib.common.rest_client [req-018aba57-5ec5-4fec-8825-0b812ac8252f req-018aba57-5ec5-4fec-8825-0b812ac8252f ] Request (FlavorsV261TestJSON:setUpClass): 204 PUT http://10.180.1.21/identity/v3/projects/e5a4209eadcc4b238623fcce1b2ba1c1/users/f0da0c0c369d4cf99ebcb1fed27a2180/roles/0a9aac8f8f1f4d2e9ed0435e8a05e0c7 0.033s
2024-10-24 02:25:32.092 63595 INFO tempest.lib.common.dynamic_creds [-] Dynamic test user f0da0c0c369d4cf99ebcb1fed27a2180 is created with scope project and roles: ['member']
2024-10-24 02:25:32.092 63595 INFO tempest.lib.common.dynamic_creds [-] Acquired dynamic creds: credentials: Credentials: {'domain_id': 'default', 'domain_name': 'Default', 'username': 'tempest-FlavorsV261TestJSON-681835361-project-member', 'project_domain_id': 'default', 'project_domain_name': 'Default', 'project_id': 'e5a4209eadcc4b238623fcce1b2ba1c1', 'project_name': 'tempest-FlavorsV261TestJSON-681835361', 'tenant_id': 'e5a4209eadcc4b238623fcce1b2ba1c1', 'tenant_name': 'tempest-FlavorsV261TestJSON-681835361', 'user_domain_id': 'default', 'user_domain_name': 'Default', 'user_id': 'f0da0c0c369d4cf99ebcb1fed27a2180', 'system': None}, Network: None, Subnet: None, Router: None
2024-10-24 02:25:32.092 63595 INFO tempest.lib.common.dynamic_creds [-] Created isolated network resources for: credentials: Credentials: {'domain_id': 'default', 'domain_name': 'Default', 'username': 'tempest-FlavorsV261TestJSON-681835361-project-member', 'project_domain_id': 'default', 'project_domain_name': 'Default', 'project_id': 'e5a4209eadcc4b238623fcce1b2ba1c1', 'project_name': 'tempest-FlavorsV261TestJSON-681835361', 'tenant_id': 'e5a4209eadcc4b238623fcce1b2ba1c1', 'tenant_name': 'tempest-FlavorsV261TestJSON-681835361', 'user_domain_id': 'default', 'user_domain_name': 'Default', 'user_id': 'f0da0c0c369d4cf99ebcb1fed27a2180', 'system': None}, Network: None, Subnet: None, Router: None
2024-10-24 02:25:32.095 63599 INFO tempest.lib.common.rest_client [req-912ea33c-fc37-4253-adf8-539a197cc2f6 req-912ea33c-fc37-4253-adf8-539a197cc2f6 ] Request (ServerDiagnosticsV248Test:test_get_server_diagnostics): 200 GET http://10.180.1.21/compute/v2.1/servers/b2bf4912-6b88-4ece-95c9-e9fd1cf906df 0.466s
2024-10-24 02:25:32.100 63627 INFO tempest.lib.common.rest_client [req-b8fcd96a-8105-4048-82d9-af0338f746ff req-b8fcd96a-8105-4048-82d9-af0338f746ff ] Request (SecurityGroupRulesNegativeTestJSON:tearDownClass): 204 DELETE http://10.180.1.21:9696/networking/v2.0/security-groups/392e884a-3575-44a4-8af0-3726318a686c 0.365s
2024-10-24 02:25:32.143 63649 INFO tempest.lib.common.rest_client [req-9045022e-c33b-45d0-8d42-63c4cd9e63b8 req-9045022e-c33b-45d0-8d42-63c4cd9e63b8 ] Request (ServersV294TestFqdnHostnames:setUpClass): 201 POST http://10.180.1.21:9696/networking/v2.0/security-group-rules 0.228s
2024-10-24 02:25:32.158 63593 INFO tempest.lib.common.rest_client [req-3ddd4b88-8c4e-4012-9b8f-8637d373dd72 req-3ddd4b88-8c4e-4012-9b8f-8637d373dd72 ] Request (FloatingIPsAssociationTestJSON:setUpClass): 200 GET http://10.180.1.21/compute/v2.1/servers/b275344f-695e-463b-8bfe-2bee97296349 0.420s
2024-10-24 02:25:32.165 63612 INFO tempest.lib.common.rest_client [req-2d3dd1e6-3a1b-486c-9cb4-ab791a427d53 req-2d3dd1e6-3a1b-486c-9cb4-ab791a427d53 ] Request (ServerShowV254Test:test_rebuild_server): 200 GET http://10.180.1.21/compute/v2.1/servers/e5c80c05-0e48-415a-ac91-a53e1c8819f0 0.364s
2024-10-24 02:25:32.185 63595 INFO tempest.lib.common.rest_client [req-2b30ffca-5bc4-4c63-8f4b-9eabf933f22b req-2b30ffca-5bc4-4c63-8f4b-9eabf933f22b ] Request (FlavorsV261TestJSON:setUpClass): 201 POST http://10.180.1.21/identity/v3/auth/tokens 0.090s
2024-10-24 02:25:32.221 63595 INFO tempest.lib.common.rest_client [req-02614387-ee68-4424-9925-c044983a8c47 req-02614387-ee68-4424-9925-c044983a8c47 ] Request (FlavorsV261TestJSON:setUpClass): 201 POST http://10.180.1.21/identity/v3/projects 0.035s
2024-10-24 02:25:32.227 63625 INFO tempest.lib.common.rest_client [req-4ade64f9-6c22-46b6-9d52-f200a80783e0 req-4ade64f9-6c22-46b6-9d52-f200a80783e0 ] Request (TenantUsagesTestJSON:setUpClass): 200 GET http://10.180.1.21/compute/v2.1/servers/4392313f-2fed-4308-b79a-324b3431d5af 0.402s
2024-10-24 02:25:32.236 63625 INFO tempest.common.waiters [-] State transition "BUILD/None" ==> "BUILD/networking" after 25 second wait
2024-10-24 02:25:32.239 63609 INFO tempest.lib.common.rest_client [req-9550fd96-8076-4e6d-9a1c-11c3f23b9698 req-9550fd96-8076-4e6d-9a1c-11c3f23b9698 ] Request (ServersAaction247Test:tearDownClass): 200 GET http://10.180.1.21/compute/v2.1/servers/abe6726e-7d6a-46e0-9273-de3e681311eb 0.329s
2024-10-24 02:25:32.255 63627 INFO tempest.lib.common.rest_client [req-20130fc0-a239-4b45-a666-9f1bc83feb24 req-20130fc0-a239-4b45-a666-9f1bc83feb24 ] Request (SecurityGroupRulesNegativeTestJSON:tearDownClass): 204 DELETE http://10.180.1.21/identity/v3/projects/d5a9f58e60154b7a967b68717ec58b36 0.155s
2024-10-24 02:25:32.289 63655 INFO tempest.lib.common.rest_client [req-c70ec825-0fbb-4abf-9e54-0d557fb0d3d7 req-c70ec825-0fbb-4abf-9e54-0d557fb0d3d7 ] Request (ServerActionsTestJSON:setUpClass): 200 GET http://10.180.1.21/compute/v2.1/servers/b46098f3-d952-4a33-86fe-825fe4625008 0.330s
2024-10-24 02:25:32.301 63623 INFO tempest.lib.common.rest_client [req-055ad467-8398-4df9-9af0-46ba64822ec3 req-055ad467-8398-4df9-9af0-46ba64822ec3 ] Request (ServersTestBootFromVolume:setUpClass): 201 POST http://10.180.1.21:9696/networking/v2.0/security-group-rules 0.256s
2024-10-24 02:25:32.311 63595 INFO tempest.lib.common.rest_client [req-8720ff81-a89b-4470-9e51-ba8d3ba9f6fc req-8720ff81-a89b-4470-9e51-ba8d3ba9f6fc ] Request (FlavorsV261TestJSON:setUpClass): 201 POST http://10.180.1.21/identity/v3/users 0.089s
2024-10-24 02:25:32.326 63627 INFO tempest.lib.common.rest_client [req-f986001c-628d-435b-8666-ed8812544fa9 req-f986001c-628d-435b-8666-ed8812544fa9 ] Request (ServersTestFqdnHostnames:setUpClass): 201 POST http://10.180.1.21/identity/v3/auth/tokens 0.069s
2024-10-24 02:25:32.327 63653 INFO tempest.lib.common.rest_client [req-4beffdd4-0572-41b1-b0e5-896d7d126689 req-4beffdd4-0572-41b1-b0e5-896d7d126689 ] Request (ListServersNegativeTestJSON:setUpClass): 200 GET http://10.180.1.21/compute/v2.1/servers/087c0c34-2f44-4791-86e7-b1b3564f49d5 0.339s
2024-10-24 02:25:32.335 63595 INFO tempest.lib.common.rest_client [req-40888f67-b9ba-4857-a1c8-c62d84d975a0 req-40888f67-b9ba-4857-a1c8-c62d84d975a0 ] Request (FlavorsV261TestJSON:setUpClass): 200 GET http://10.180.1.21/identity/v3/roles 0.022s
2024-10-24 02:25:32.358 63603 INFO tempest.lib.common.rest_client [req-712bcff4-893b-4fbd-a03e-025cd4786712 req-712bcff4-893b-4fbd-a03e-025cd4786712 ] Request (ServersAdminNegativeTestJSON:setUpClass): 200 GET http://10.180.1.21/compute/v2.1/servers/9478ce7a-99c6-4e95-82b0-f8a71ce94a90 0.332s
2024-10-24 02:25:32.360 63595 INFO tempest.lib.common.rest_client [req-7754bbc5-9aaa-4427-a08c-78a17771046d req-7754bbc5-9aaa-4427-a08c-78a17771046d ] Request (FlavorsV261TestJSON:setUpClass): 204 PUT http://10.180.1.21/identity/v3/projects/d80078b5845c41f293b0f2dc4a27c8e6/users/984c4f974c774287872c52b5c63060ee/roles/321e94f7d0f0450987b5473654d06086 0.024s
2024-10-24 02:25:32.400 63627 INFO tempest.lib.common.rest_client [req-bf000c48-489f-42ab-8bd7-e97652ac502d req-bf000c48-489f-42ab-8bd7-e97652ac502d ] Request (ServersTestFqdnHostnames:setUpClass): 201 POST http://10.180.1.21/identity/v3/auth/tokens 0.070s
2024-10-24 02:25:32.401 63629 INFO tempest.lib.common.rest_client [req-a6de2ad6-ab80-44be-917f-9a57f4e668d6 req-a6de2ad6-ab80-44be-917f-9a57f4e668d6 ] Request (ServersTestManualDisk:setUpClass): 200 GET http://10.180.1.21/compute/v2.1/servers/5c0ba7c6-9946-4765-be4b-d48d3823a68d 0.333s
2024-10-24 02:25:32.420 63595 INFO tempest.lib.common.rest_client [req-08a45310-6947-49d6-b614-ecfe6033e17c req-08a45310-6947-49d6-b614-ecfe6033e17c ] Request (FlavorsV261TestJSON:setUpClass): 200 GET http://10.180.1.21/identity/v3/roles 0.059s
2024-10-24 02:25:32.422 63597 INFO tempest.lib.common.rest_client [req-ee4d8856-1fc6-40fe-983a-6de0777b498e req-ee4d8856-1fc6-40fe-983a-6de0777b498e ] Request (ServerDiagnosticsNegativeTest:test_get_server_diagnostics_by_non_admin): 200 GET http://10.180.1.21/compute/v2.1/servers/10112b62-f41e-4413-9bc8-c1306c5c1bc1 0.334s
2024-10-24 02:25:32.425 63627 INFO tempest.lib.common.rest_client [req-8a9441a2-d706-439b-abb5-205c74764a84 req-8a9441a2-d706-439b-abb5-205c74764a84 ] Request (ServersTestFqdnHostnames:setUpClass): 200 GET http://10.180.1.21/identity/v3/domains?name=Default 0.025s
2024-10-24 02:25:32.446 63595 INFO tempest.lib.common.rest_client [req-4abce93a-17c0-45eb-8261-06fee30917ed req-4abce93a-17c0-45eb-8261-06fee30917ed ] Request (FlavorsV261TestJSON:setUpClass): 204 PUT http://10.180.1.21/identity/v3/projects/d80078b5845c41f293b0f2dc4a27c8e6/users/984c4f974c774287872c52b5c63060ee/roles/321e94f7d0f0450987b5473654d06086 0.026s
2024-10-24 02:25:32.446 63595 INFO tempest.lib.common.dynamic_creds [-] Dynamic test user 984c4f974c774287872c52b5c63060ee is created with scope project and roles: ['admin']
2024-10-24 02:25:32.446 63595 INFO tempest.lib.common.dynamic_creds [-] Acquired dynamic creds: credentials: Credentials: {'domain_id': 'default', 'domain_name': 'Default', 'username': 'tempest-FlavorsV261TestJSON-496445286-project-admin', 'project_domain_id': 'default', 'project_domain_name': 'Default', 'project_id': 'd80078b5845c41f293b0f2dc4a27c8e6', 'project_name': 'tempest-FlavorsV261TestJSON-496445286', 'tenant_id': 'd80078b5845c41f293b0f2dc4a27c8e6', 'tenant_name': 'tempest-FlavorsV261TestJSON-496445286', 'user_domain_id': 'default', 'user_domain_name': 'Default', 'user_id': '984c4f974c774287872c52b5c63060ee', 'system': None}, Network: None, Subnet: None, Router: None
2024-10-24 02:25:32.447 63595 INFO tempest.lib.common.dynamic_creds [-] Created isolated network resources for: credentials: Credentials: {'domain_id': 'default', 'domain_name': 'Default', 'username': 'tempest-FlavorsV261TestJSON-496445286-project-admin', 'project_domain_id': 'default', 'project_domain_name': 'Default', 'project_id': 'd80078b5845c41f293b0f2dc4a27c8e6', 'project_name': 'tempest-FlavorsV261TestJSON-496445286', 'tenant_id': 'd80078b5845c41f293b0f2dc4a27c8e6', 'tenant_name': 'tempest-FlavorsV261TestJSON-496445286', 'user_domain_id': 'default', 'user_domain_name': 'Default', 'user_id': '984c4f974c774287872c52b5c63060ee', 'system': None}, Network: None, Subnet: None, Router: None
2024-10-24 02:25:32.453 63627 INFO tempest.lib.common.rest_client [req-d2d4d6dd-26c3-4199-9d11-d1d5bcd2b768 req-d2d4d6dd-26c3-4199-9d11-d1d5bcd2b768 ] Request (ServersTestFqdnHostnames:setUpClass): 201 POST http://10.180.1.21/identity/v3/projects 0.028s
2024-10-24 02:25:32.466 63634 INFO tempest.lib.common.rest_client [req-31f14f60-517c-4da2-a23b-6ae40a62b347 req-31f14f60-517c-4da2-a23b-6ae40a62b347 ] Request (ImagesTestJSON:test_create_image_from_suspended_server): 200 GET http://10.180.1.21/compute/v2.1/servers/b7dcc653-a430-48c4-9185-3e8200cf1005 0.339s
2024-10-24 02:25:32.477 63619 INFO tempest.lib.common.rest_client [req-ecb6e77a-3d8e-4a77-9c5d-6f6be22ac777 req-ecb6e77a-3d8e-4a77-9c5d-6f6be22ac777 ] Request (ServerRescueTestJSONUnderV235:setUpClass): 200 GET http://10.180.1.21/compute/v2.1/servers/3dd3c8f5-f2ab-46b2-a6b8-beaeb906cbab 0.281s
2024-10-24 02:25:32.485 63649 INFO tempest.lib.common.rest_client [req-699f9bfd-c31a-4703-9472-ec49ecf7a69b req-699f9bfd-c31a-4703-9472-ec49ecf7a69b ] Request (ServersV294TestFqdnHostnames:setUpClass): 201 POST http://10.180.1.21:9696/networking/v2.0/security-group-rules 0.341s
2024-10-24 02:25:32.522 63627 INFO tempest.lib.common.rest_client [req-36c01732-29fe-4a2e-bcaf-3194174787ac req-36c01732-29fe-4a2e-bcaf-3194174787ac ] Request (ServersTestFqdnHostnames:setUpClass): 201 POST http://10.180.1.21/identity/v3/users 0.069s
2024-10-24 02:25:32.539 63627 INFO tempest.lib.common.rest_client [req-bd63fbe0-72ae-48f6-bfc6-d911475fc834 req-bd63fbe0-72ae-48f6-bfc6-d911475fc834 ] Request (ServersTestFqdnHostnames:setUpClass): 200 GET http://10.180.1.21/identity/v3/roles 0.016s
2024-10-24 02:25:32.541 63595 INFO tempest.lib.common.rest_client [req-745efaf9-8d7d-4b0b-a833-307595144226 req-745efaf9-8d7d-4b0b-a833-307595144226 ] Request (FlavorsV261TestJSON:setUpClass): 201 POST http://10.180.1.21/identity/v3/auth/tokens 0.091s
2024-10-24 02:25:32.544 63643 INFO tempest.lib.common.rest_client [req-0fef74e7-847f-4ab2-a984-9e5905bc9fee req-0fef74e7-847f-4ab2-a984-9e5905bc9fee ] Request (VolumesAssistedSnapshotsTest:tearDownClass): 200 PUT http://10.180.1.21:9696/networking/v2.0/routers/7fec64c3-e3fa-4e77-a667-e14ca7635c5f/remove_router_interface 1.514s
2024-10-24 02:25:32.572 63637 INFO tempest.lib.common.rest_client [req-b1d2ebbb-d7af-408b-9e78-065d8658d149 req-b1d2ebbb-d7af-408b-9e78-065d8658d149 ] Request (ServerExternalEventsTest:test_create_server_external_events): 200 GET http://10.180.1.21/compute/v2.1/servers/bc1d7402-3651-488b-a431-2cb2ae987d32 0.315s
2024-10-24 02:25:32.573 63627 INFO tempest.lib.common.rest_client [req-0e981856-201d-4739-a6bf-265eca527f37 req-0e981856-201d-4739-a6bf-265eca527f37 ] Request (ServersTestFqdnHostnames:setUpClass): 204 PUT http://10.180.1.21/identity/v3/projects/cba27209d3044b35ba03482e7b1973b2/users/8f442c1a185e4d268c79cb2c20f1f000/roles/0a9aac8f8f1f4d2e9ed0435e8a05e0c7 0.033s
2024-10-24 02:25:32.573 63627 INFO tempest.lib.common.dynamic_creds [-] Dynamic test user 8f442c1a185e4d268c79cb2c20f1f000 is created with scope project and roles: ['member']
2024-10-24 02:25:32.573 63627 INFO tempest.lib.common.dynamic_creds [-] Acquired dynamic creds: credentials: Credentials: {'domain_id': 'default', 'domain_name': 'Default', 'username': 'tempest-ServersTestFqdnHostnames-1651411780-project-member', 'project_domain_id': 'default', 'project_domain_name': 'Default', 'project_id': 'cba27209d3044b35ba03482e7b1973b2', 'project_name': 'tempest-ServersTestFqdnHostnames-1651411780', 'tenant_id': 'cba27209d3044b35ba03482e7b1973b2', 'tenant_name': 'tempest-ServersTestFqdnHostnames-1651411780', 'user_domain_id': 'default', 'user_domain_name': 'Default', 'user_id': '8f442c1a185e4d268c79cb2c20f1f000', 'system': None}, Network: None, Subnet: None, Router: None
2024-10-24 02:25:32.576 63621 INFO tempest.lib.common.rest_client [req-2a722f88-abfc-4ea7-b52c-4482a3d19480 req-2a722f88-abfc-4ea7-b52c-4482a3d19480 ] Request (AttachInterfacesTestJSON:test_create_list_show_delete_interfaces_by_fixed_ip): 200 GET http://10.180.1.21/compute/v2.1/servers/732ff6d3-2de9-4e6b-887d-5329ba83443c 0.252s
2024-10-24 02:25:32.642 63651 INFO tempest.lib.common.rest_client [req-338f0500-035d-4ff2-a526-dc0c15aab6d8 req-338f0500-035d-4ff2-a526-dc0c15aab6d8 ] Request (ServersWithSpecificFlavorTestJSON:test_verify_created_server_ephemeral_disk): 200 GET http://10.180.1.21/compute/v2.1/servers/1c68f354-9e0e-4e7e-925e-d31fab4ac1ce 0.201s
2024-10-24 02:25:32.673 63605 INFO tempest.lib.common.rest_client [req-5c60342b-f2d5-47a5-a6e9-a0588a7cf9fe req-5c60342b-f2d5-47a5-a6e9-a0588a7cf9fe ] Request (ImagesNegativeTestJSON:test_create_image_from_deleted_server): 200 GET http://10.180.1.21/compute/v2.1/servers/0fb6ba21-d45e-4809-8e68-d78a5892baeb 0.296s
2024-10-24 02:25:32.676 63627 INFO tempest.lib.common.rest_client [req-25bab2b0-47d5-4f7f-bb45-08cfa56d2e8f req-25bab2b0-47d5-4f7f-bb45-08cfa56d2e8f ] Request (ServersTestFqdnHostnames:setUpClass): 201 POST http://10.180.1.21/identity/v3/auth/tokens 0.103s
2024-10-24 02:25:32.687 63605 INFO tempest.common.waiters [-] State transition "BUILD/spawning" ==> "ERROR/None" after 39 second wait
2024-10-24 02:25:32.727 63641 INFO tempest.lib.common.rest_client [req-cef403e6-f3b1-4051-97c1-7b3794373331 req-cef403e6-f3b1-4051-97c1-7b3794373331 ] Request (DeleteServersTestJSON:test_delete_active_server): 200 GET http://10.180.1.21/compute/v2.1/servers/0de6892a-5463-4d60-807c-0e3fca2accf3 0.193s
2024-10-24 02:25:32.839 63607 INFO tempest.lib.common.rest_client [req-e663d34a-598f-40cd-9134-b24d157f19a6 req-e663d34a-598f-40cd-9134-b24d157f19a6 ] Request (ServerShowV247Test:test_update_rebuild_list_server): 200 GET http://10.180.1.21/compute/v2.1/servers/f9c8ed86-506b-4654-8e7e-cb218605764b 0.243s
2024-10-24 02:25:32.843 63595 INFO tempest.lib.common.rest_client [req-17dda6d2-dd31-49ed-a645-764427ab12bf req-17dda6d2-dd31-49ed-a645-764427ab12bf ] Request (FlavorsV261TestJSON:test_crud_flavor): 200 POST http://10.180.1.21/compute/v2.1/flavors 0.300s
2024-10-24 02:25:32.853 63613 INFO tempest.lib.common.rest_client [req-f9d3c1b9-0ba7-4ddd-a47f-1c6ac8ac3f1d req-f9d3c1b9-0ba7-4ddd-a47f-1c6ac8ac3f1d ] Request (ListServerFiltersTestJSON:setUpClass): 201 POST http://10.180.1.21:9696/networking/v2.0/networks 0.800s
2024-10-24 02:25:32.917 63647 INFO tempest.lib.common.rest_client [req-6b2bdc99-64e2-40d6-bb61-0564dbac7a43 req-6b2bdc99-64e2-40d6-bb61-0564dbac7a43 ] Request (DeleteServersAdminTestJSON:test_delete_server_while_in_error_state): 200 GET http://10.180.1.21/compute/v2.1/servers/115e42ee-60cc-400d-8f4d-c23009f9091f 0.288s
2024-10-24 02:25:33.006 63601 INFO tempest.lib.common.rest_client [req-59bfc3df-1119-4668-afcb-307461e7c81d req-59bfc3df-1119-4668-afcb-307461e7c81d ] Request (FloatingIPsAssociationNegativeTestJSON:setUpClass): 200 GET http://10.180.1.21/compute/v2.1/servers/1de0e894-1edb-4296-9e9b-2c1eb0c7c275 0.272s
2024-10-24 02:25:33.087 63639 INFO tempest.lib.common.rest_client [req-201575d4-3600-4cf5-8eea-053c9f04a46a req-201575d4-3600-4cf5-8eea-053c9f04a46a ] Request (ServersTestJSON:test_create_server_specify_multibyte_character_name): 200 GET http://10.180.1.21/compute/v2.1/servers/2386393a-3006-4e6b-91e0-40b7ab8e3948 0.332s
2024-10-24 02:25:33.096 63605 INFO tempest.lib.common.rest_client [req-60ff6dc1-181e-4bc8-b3b5-546b19430138 req-60ff6dc1-181e-4bc8-b3b5-546b19430138 ] Request (ImagesNegativeTestJSON:test_create_image_from_deleted_server): 204 DELETE http://10.180.1.21/compute/v2.1/servers/0fb6ba21-d45e-4809-8e68-d78a5892baeb 0.408s
2024-10-24 02:25:33.182 63635 INFO tempest.lib.common.rest_client [req-650a21c3-1864-45ab-8695-7728b926959e req-650a21c3-1864-45ab-8695-7728b926959e ] Request (ServerMetadataTestJSON:setUpClass): 200 GET http://10.180.1.21/compute/v2.1/servers/591a7907-e4a7-41d6-9cd0-5cb359f08810 0.234s
2024-10-24 02:25:33.192 63595 INFO tempest.lib.common.rest_client [req-3f5e6900-1e6b-4ea8-a1d0-b29f67370643 req-3f5e6900-1e6b-4ea8-a1d0-b29f67370643 ] Request (FlavorsV261TestJSON:test_crud_flavor): 200 GET http://10.180.1.21/compute/v2.1/flavors/1189242621 0.343s
2024-10-24 02:25:33.447 63615 INFO tempest.lib.common.rest_client [req-4dba4cc1-d0df-4d55-ab10-be4b7b1946ed req-4dba4cc1-d0df-4d55-ab10-be4b7b1946ed ] Request (ServerDiagnosticsTest:test_get_server_diagnostics): 200 GET http://10.180.1.21/compute/v2.1/servers/c80d746b-ad37-43d7-874e-1c1c848546f1 0.358s
2024-10-24 02:25:33.454 63617 INFO tempest.lib.common.rest_client [req-a42b23cb-2851-4c28-a70f-56fbf8342138 req-a42b23cb-2851-4c28-a70f-56fbf8342138 ] Request (MigrationsAdminTest:test_resize_server_revert_deleted_flavor): 200 GET http://10.180.1.21/compute/v2.1/servers/ad05eda3-efd7-4040-be9c-6a47df02889b 0.486s
2024-10-24 02:25:33.475 63627 INFO tempest.lib.common.rest_client [req-078a68c4-cd83-4a5e-a49a-16eb59382186 req-078a68c4-cd83-4a5e-a49a-16eb59382186 ] Request (ServersTestFqdnHostnames:setUpClass): 201 POST http://10.180.1.21:9696/networking/v2.0/networks 0.798s
2024-10-24 02:25:33.475 63605 INFO tempest.lib.common.rest_client [req-21c22e71-ebcb-4fdd-ad9e-5d810c179ec5 req-21c22e71-ebcb-4fdd-ad9e-5d810c179ec5 ] Request (ImagesNegativeTestJSON:test_create_image_from_deleted_server): 404 GET http://10.180.1.21/compute/v2.1/servers/0fb6ba21-d45e-4809-8e68-d78a5892baeb 0.379s
2024-10-24 02:25:33.507 63623 INFO tempest.lib.common.rest_client [req-01f3dbe2-b74f-4243-bd71-0313aaba8519 req-01f3dbe2-b74f-4243-bd71-0313aaba8519 ] Request (ServersTestBootFromVolume:setUpClass): 201 POST http://10.180.1.21:9696/networking/v2.0/floatingips 1.206s
2024-10-24 02:25:33.519 63643 INFO tempest.lib.common.rest_client [req-f238e127-9787-4869-a999-d90d65040fe6 req-f238e127-9787-4869-a999-d90d65040fe6 ] Request (VolumesAssistedSnapshotsTest:tearDownClass): 204 DELETE http://10.180.1.21:9696/networking/v2.0/routers/7fec64c3-e3fa-4e77-a667-e14ca7635c5f 0.974s
2024-10-24 02:25:33.535 63599 INFO tempest.lib.common.rest_client [req-49503288-aca9-4c86-b0e0-21f81ca14e91 req-49503288-aca9-4c86-b0e0-21f81ca14e91 ] Request (ServerDiagnosticsV248Test:test_get_server_diagnostics): 200 GET http://10.180.1.21/compute/v2.1/servers/b2bf4912-6b88-4ece-95c9-e9fd1cf906df 0.425s
2024-10-24 02:25:33.554 63613 INFO tempest.lib.common.rest_client [req-b3686c59-36c2-4417-a223-6dd5edc76e84 req-b3686c59-36c2-4417-a223-6dd5edc76e84 ] Request (ListServerFiltersTestJSON:setUpClass): 201 POST http://10.180.1.21:9696/networking/v2.0/subnets 0.700s
2024-10-24 02:25:33.554 63613 INFO tempest.lib.common.dynamic_creds [-] Created isolated network resources for: credentials: Credentials: {'domain_id': 'default', 'domain_name': 'Default', 'username': 'tempest-ListServerFiltersTestJSON-1551439793-project-member', 'project_domain_id': 'default', 'project_domain_name': 'Default', 'project_id': 'b2bcc167f94446c88462022a4a39380e', 'project_name': 'tempest-ListServerFiltersTestJSON-1551439793', 'tenant_id': 'b2bcc167f94446c88462022a4a39380e', 'tenant_name': 'tempest-ListServerFiltersTestJSON-1551439793', 'user_domain_id': 'default', 'user_domain_name': 'Default', 'user_id': '8bea2c2f3fb144cc9adba6ffda59627d', 'system': None}, Network: {'id': '6001b538-109a-4c67-a907-31f701fb0add', 'name': 'tempest-ListServerFiltersTestJSON-2034967476-network', 'tenant_id': 'b2bcc167f94446c88462022a4a39380e', 'admin_state_up': True, 'mtu': 8950, 'status': 'ACTIVE', 'subnets': [], 'shared': False, 'project_id': 'b2bcc167f94446c88462022a4a39380e', 'port_security_enabled': True, 'router:external': False, 'provider:network_type': 'vlan', 'provider:physical_network': 'default', 'provider:segmentation_id': 958, 'is_default': False, 'availability_zone_hints': [], 'availability_zones': [], 'ipv4_address_scope': None, 'ipv6_address_scope': None, 'description': '', 'tags': [], 'created_at': '2024-10-24T02:25:32Z', 'updated_at': '2024-10-24T02:25:32Z', 'revision_number': 1}, Subnet: {'id': '60d0f5b1-f829-4040-99d9-e098fae68af1', 'name': 'tempest-ListServerFiltersTestJSON-2034967476-subnet', 'tenant_id': 'b2bcc167f94446c88462022a4a39380e', 'network_id': '6001b538-109a-4c67-a907-31f701fb0add', 'ip_version': 4, 'subnetpool_id': None, 'enable_dhcp': True, 'ipv6_ra_mode': None, 'ipv6_address_mode': None, 'gateway_ip': '192.168.128.1', 'cidr': '192.168.128.0/28', 'allocation_pools': [{'start': '192.168.128.2', 'end': '192.168.128.14'}], 'host_routes': [], 'dns_nameservers': [], 'description': '', 'router:external': False, 'service_types': [], 'tags': [], 'created_at': '2024-10-24T02:25:32Z', 'updated_at': '2024-10-24T02:25:32Z', 'revision_number': 0, 'project_id': 'b2bcc167f94446c88462022a4a39380e'}, Router: None
2024-10-24 02:25:33.555 63593 INFO tempest.lib.common.rest_client [req-bb9c3844-d898-4bda-8274-450b80868b55 req-bb9c3844-d898-4bda-8274-450b80868b55 ] Request (FloatingIPsAssociationTestJSON:setUpClass): 200 GET http://10.180.1.21/compute/v2.1/servers/b275344f-695e-463b-8bfe-2bee97296349 0.387s
2024-10-24 02:25:33.573 63649 INFO tempest.lib.common.rest_client [req-6b144bc7-ce86-48a2-923e-dd99d88ad49c req-6b144bc7-ce86-48a2-923e-dd99d88ad49c ] Request (ServersV294TestFqdnHostnames:setUpClass): 201 POST http://10.180.1.21:9696/networking/v2.0/floatingips 1.088s
2024-10-24 02:25:33.587 63623 INFO tempest.lib.common.rest_client [req-4b1f3635-9ee8-4b63-b1b2-262c8d8a4b09 req-4b1f3635-9ee8-4b63-b1b2-262c8d8a4b09 ] Request (ServersTestBootFromVolume:setUpClass): 201 POST http://10.180.1.21/identity/v3/auth/tokens 0.074s
2024-10-24 02:25:33.588 63623 INFO tempest.lib.common.fixed_network [-] (ServersTestBootFromVolume:setUpClass) Found network {'id': '45007e5d-3573-4789-b16e-5e5d95a44a2b', 'name': 'tempest-ServersTestBootFromVolume-941281519-network', 'tenant_id': '793fe76e562d4e3a81e3ed2f2d6ee261', 'admin_state_up': True, 'mtu': 8950, 'status': 'ACTIVE', 'subnets': [], 'shared': False, 'project_id': '793fe76e562d4e3a81e3ed2f2d6ee261', 'port_security_enabled': True, 'router:external': False, 'provider:network_type': 'vlan', 'provider:physical_network': 'default', 'provider:segmentation_id': 411, 'is_default': False, 'availability_zone_hints': [], 'availability_zones': [], 'ipv4_address_scope': None, 'ipv6_address_scope': None, 'description': '', 'tags': [], 'created_at': '2024-10-24T02:25:26Z', 'updated_at': '2024-10-24T02:25:26Z', 'revision_number': 1} available for tenant
2024-10-24 02:25:33.606 63595 INFO tempest.lib.common.rest_client [req-cba3b77d-95b4-4077-bcce-707275586584 req-cba3b77d-95b4-4077-bcce-707275586584 ] Request (FlavorsV261TestJSON:test_crud_flavor): 200 PUT http://10.180.1.21/compute/v2.1/flavors/1189242621 0.409s
2024-10-24 02:25:33.611 63612 INFO tempest.lib.common.rest_client [req-8df0e31a-8a90-4289-bc8e-e746902108da req-8df0e31a-8a90-4289-bc8e-e746902108da ] Request (ServerShowV254Test:test_rebuild_server): 200 GET http://10.180.1.21/compute/v2.1/servers/e5c80c05-0e48-415a-ac91-a53e1c8819f0 0.433s
2024-10-24 02:25:33.642 63649 INFO tempest.lib.common.rest_client [req-cda121ea-47b3-4f0a-a81a-96554bc5ebfb req-cda121ea-47b3-4f0a-a81a-96554bc5ebfb ] Request (ServersV294TestFqdnHostnames:setUpClass): 201 POST http://10.180.1.21/identity/v3/auth/tokens 0.061s
2024-10-24 02:25:33.643 63649 INFO tempest.lib.common.fixed_network [-] (ServersV294TestFqdnHostnames:setUpClass) Found network {'id': 'a7008462-f85c-46a9-880f-3a67be2eedf3', 'name': 'tempest-ServersV294TestFqdnHostnames-1302634199-network', 'tenant_id': '1bed1ab2806a4ebc8438aa66484683ab', 'admin_state_up': True, 'mtu': 8950, 'status': 'ACTIVE', 'subnets': [], 'shared': False, 'project_id': '1bed1ab2806a4ebc8438aa66484683ab', 'port_security_enabled': True, 'router:external': False, 'provider:network_type': 'vlan', 'provider:physical_network': 'default', 'provider:segmentation_id': 761, 'is_default': False, 'availability_zone_hints': [], 'availability_zones': [], 'ipv4_address_scope': None, 'ipv6_address_scope': None, 'description': '', 'tags': [], 'created_at': '2024-10-24T02:25:27Z', 'updated_at': '2024-10-24T02:25:27Z', 'revision_number': 1} available for tenant
2024-10-24 02:25:33.648 63643 INFO tempest.lib.common.rest_client [req-e615cd53-6f20-4361-9d8f-4e5a3c31d32e req-e615cd53-6f20-4361-9d8f-4e5a3c31d32e ] Request (VolumesAssistedSnapshotsTest:tearDownClass): 204 DELETE http://10.180.1.21:9696/networking/v2.0/subnets/2ea55859-a461-4f55-a25e-be1f9c9329e4 0.129s
2024-10-24 02:25:33.660 63613 INFO tempest.lib.common.rest_client [req-32b9c1a7-f078-4f50-a1a3-992f0b2a6471 req-32b9c1a7-f078-4f50-a1a3-992f0b2a6471 ] Request (ListServerFiltersTestJSON:setUpClass): 201 POST http://10.180.1.21/identity/v3/auth/tokens 0.098s
2024-10-24 02:25:33.698 63613 INFO tempest.lib.common.rest_client [req-3c2b1adc-6003-4256-b03d-fe4cf40718a4 req-3c2b1adc-6003-4256-b03d-fe4cf40718a4 ] Request (ListServerFiltersTestJSON:setUpClass): 201 POST http://10.180.1.21/identity/v3/auth/tokens 0.034s
2024-10-24 02:25:33.699 63613 INFO tempest.lib.common.fixed_network [-] (ListServerFiltersTestJSON:setUpClass) Found network {'id': '6001b538-109a-4c67-a907-31f701fb0add', 'name': 'tempest-ListServerFiltersTestJSON-2034967476-network', 'tenant_id': 'b2bcc167f94446c88462022a4a39380e', 'admin_state_up': True, 'mtu': 8950, 'status': 'ACTIVE', 'subnets': [], 'shared': False, 'project_id': 'b2bcc167f94446c88462022a4a39380e', 'port_security_enabled': True, 'router:external': False, 'provider:network_type': 'vlan', 'provider:physical_network': 'default', 'provider:segmentation_id': 958, 'is_default': False, 'availability_zone_hints': [], 'availability_zones': [], 'ipv4_address_scope': None, 'ipv6_address_scope': None, 'description': '', 'tags': [], 'created_at': '2024-10-24T02:25:32Z', 'updated_at': '2024-10-24T02:25:32Z', 'revision_number': 1} available for tenant
2024-10-24 02:25:33.722 63609 INFO tempest.lib.common.rest_client [req-3d20b1aa-270e-44aa-a149-075bb28fe9c0 req-3d20b1aa-270e-44aa-a149-075bb28fe9c0 ] Request (ServersAaction247Test:tearDownClass): 200 GET http://10.180.1.21/compute/v2.1/servers/abe6726e-7d6a-46e0-9273-de3e681311eb 0.470s
2024-10-24 02:25:33.736 63613 INFO tempest.lib.common.rest_client [req-70b2e5de-295d-438d-8d20-ca7a674dbe15 req-70b2e5de-295d-438d-8d20-ca7a674dbe15 ] Request (ListServerFiltersTestJSON:setUpClass): 201 POST http://10.180.1.21/identity/v3/auth/tokens 0.033s
2024-10-24 02:25:33.736 63613 INFO tempest.lib.common.fixed_network [-] (ListServerFiltersTestJSON:setUpClass) Found network {'id': '6001b538-109a-4c67-a907-31f701fb0add', 'name': 'tempest-ListServerFiltersTestJSON-2034967476-network', 'tenant_id': 'b2bcc167f94446c88462022a4a39380e', 'admin_state_up': True, 'mtu': 8950, 'status': 'ACTIVE', 'subnets': [], 'shared': False, 'project_id': 'b2bcc167f94446c88462022a4a39380e', 'port_security_enabled': True, 'router:external': False, 'provider:network_type': 'vlan', 'provider:physical_network': 'default', 'provider:segmentation_id': 958, 'is_default': False, 'availability_zone_hints': [], 'availability_zones': [], 'ipv4_address_scope': None, 'ipv6_address_scope': None, 'description': '', 'tags': [], 'created_at': '2024-10-24T02:25:32Z', 'updated_at': '2024-10-24T02:25:32Z', 'revision_number': 1} available for tenant
2024-10-24 02:25:33.826 63655 INFO tempest.lib.common.rest_client [req-d276bb65-011e-40d8-827b-db2bd9a67b25 req-d276bb65-011e-40d8-827b-db2bd9a67b25 ] Request (ServerActionsTestJSON:setUpClass): 200 GET http://10.180.1.21/compute/v2.1/servers/b46098f3-d952-4a33-86fe-825fe4625008 0.525s
2024-10-24 02:25:33.884 63625 INFO tempest.lib.common.rest_client [req-319e4eda-8c33-4585-abcc-13577d205073 req-319e4eda-8c33-4585-abcc-13577d205073 ] Request (TenantUsagesTestJSON:setUpClass): 200 GET http://10.180.1.21/compute/v2.1/servers/4392313f-2fed-4308-b79a-324b3431d5af 0.647s
2024-10-24 02:25:33.891 63625 INFO tempest.common.waiters [-] State transition "BUILD/networking" ==> "BUILD/spawning" after 26 second wait
2024-10-24 02:25:33.904 63627 INFO tempest.lib.common.rest_client [req-f14637d5-cffe-475e-b1ca-20f42f5be9a8 req-f14637d5-cffe-475e-b1ca-20f42f5be9a8 ] Request (ServersTestFqdnHostnames:setUpClass): 201 POST http://10.180.1.21:9696/networking/v2.0/subnets 0.428s
2024-10-24 02:25:33.907 63643 INFO tempest.lib.common.rest_client [req-9fcc2f46-704b-4d1f-8343-ad1274c726a8 req-9fcc2f46-704b-4d1f-8343-ad1274c726a8 ] Request (VolumesAssistedSnapshotsTest:tearDownClass): 204 DELETE http://10.180.1.21:9696/networking/v2.0/networks/4a5f7b7a-d1b5-49d6-af62-3aec30e4fb73 0.259s
2024-10-24 02:25:33.915 63653 INFO tempest.lib.common.rest_client [req-85b0a1a9-aacf-44a3-abc8-bfe8ad9640cc req-85b0a1a9-aacf-44a3-abc8-bfe8ad9640cc ] Request (ListServersNegativeTestJSON:setUpClass): 200 GET http://10.180.1.21/compute/v2.1/servers/087c0c34-2f44-4791-86e7-b1b3564f49d5 0.581s
2024-10-24 02:25:33.963 63603 INFO tempest.lib.common.rest_client [req-2d554c35-bb88-430d-a7d9-42296e51ebfb req-2d554c35-bb88-430d-a7d9-42296e51ebfb ] Request (ServersAdminNegativeTestJSON:setUpClass): 200 GET http://10.180.1.21/compute/v2.1/servers/9478ce7a-99c6-4e95-82b0-f8a71ce94a90 0.594s
2024-10-24 02:25:33.994 63629 INFO tempest.lib.common.rest_client [req-57e33357-8ee5-45b3-a28e-c4343d603dcc req-57e33357-8ee5-45b3-a28e-c4343d603dcc ] Request (ServersTestManualDisk:setUpClass): 200 GET http://10.180.1.21/compute/v2.1/servers/5c0ba7c6-9946-4765-be4b-d48d3823a68d 0.585s
2024-10-24 02:25:34.027 63597 INFO tempest.lib.common.rest_client [req-03c49083-86b6-4e78-9cba-8853d71091ad req-03c49083-86b6-4e78-9cba-8853d71091ad ] Request (ServerDiagnosticsNegativeTest:test_get_server_diagnostics_by_non_admin): 200 GET http://10.180.1.21/compute/v2.1/servers/10112b62-f41e-4413-9bc8-c1306c5c1bc1 0.597s
2024-10-24 02:25:34.033 63605 INFO tempest.lib.common.rest_client [req-3054baea-66e2-4d80-8b86-af79ec01144d req-3054baea-66e2-4d80-8b86-af79ec01144d ] Request (ImagesNegativeTestJSON:test_create_image_from_invalid_server): 404 POST http://10.180.1.21/compute/v2.1/servers/tempest-invalid-1856549696/action 0.550s
2024-10-24 02:25:34.036 63597 INFO tempest.common.waiters [-] State transition "BUILD/scheduling" ==> "BUILD/None" after 21 second wait
2024-10-24 02:25:34.063 63634 INFO tempest.lib.common.rest_client [req-e2d5536d-ada1-4af3-af11-bcc900028bd6 req-e2d5536d-ada1-4af3-af11-bcc900028bd6 ] Request (ImagesTestJSON:test_create_image_from_suspended_server): 200 GET http://10.180.1.21/compute/v2.1/servers/b7dcc653-a430-48c4-9185-3e8200cf1005 0.584s
2024-10-24 02:25:34.102 63619 INFO tempest.lib.common.rest_client [req-556c8214-2369-447a-aa24-1058b6bd3b88 req-556c8214-2369-447a-aa24-1058b6bd3b88 ] Request (ServerRescueTestJSONUnderV235:setUpClass): 200 GET http://10.180.1.21/compute/v2.1/servers/3dd3c8f5-f2ab-46b2-a6b8-beaeb906cbab 0.615s
2024-10-24 02:25:34.110 63623 INFO tempest.lib.common.rest_client [req-7ec9ec01-10c8-429f-a1a4-5504d2662de1 req-7ec9ec01-10c8-429f-a1a4-5504d2662de1 ] Request (ServersTestBootFromVolume:setUpClass): 202 POST http://10.180.1.21/volume/v3/volumes 0.520s
2024-10-24 02:25:34.122 63637 INFO tempest.lib.common.rest_client [req-4a82125f-4394-40ac-b48a-53fbd1b59aec req-4a82125f-4394-40ac-b48a-53fbd1b59aec ] Request (ServerExternalEventsTest:test_create_server_external_events): 200 GET http://10.180.1.21/compute/v2.1/servers/bc1d7402-3651-488b-a431-2cb2ae987d32 0.535s
2024-10-24 02:25:34.145 63595 INFO tempest.lib.common.rest_client [req-5a5e3e3e-12cf-414c-aed5-7021eac376d4 req-5a5e3e3e-12cf-414c-aed5-7021eac376d4 ] Request (FlavorsV261TestJSON:test_crud_flavor): 200 GET http://10.180.1.21/compute/v2.1/flavors/detail 0.535s
2024-10-24 02:25:34.166 63621 INFO tempest.lib.common.rest_client [req-54829bc8-3672-42f5-9a82-6afc823328cc req-54829bc8-3672-42f5-9a82-6afc823328cc ] Request (AttachInterfacesTestJSON:test_create_list_show_delete_interfaces_by_fixed_ip): 200 GET http://10.180.1.21/compute/v2.1/servers/732ff6d3-2de9-4e6b-887d-5329ba83443c 0.576s
2024-10-24 02:25:34.170 63623 INFO tempest.lib.common.rest_client [req-adae7663-6027-4326-b037-d759678fc9aa req-adae7663-6027-4326-b037-d759678fc9aa ] Request (ServersTestBootFromVolume:setUpClass): 200 GET http://10.180.1.21/volume/v3/volumes/56f0283a-f2fa-4ff2-a7fc-4af53c2f3f7d 0.048s
2024-10-24 02:25:34.236 63651 INFO tempest.lib.common.rest_client [req-1061db04-1432-4b13-b94e-819792524413 req-1061db04-1432-4b13-b94e-819792524413 ] Request (ServersWithSpecificFlavorTestJSON:test_verify_created_server_ephemeral_disk): 200 GET http://10.180.1.21/compute/v2.1/servers/1c68f354-9e0e-4e7e-925e-d31fab4ac1ce 0.586s
2024-10-24 02:25:34.647 63627 INFO tempest.lib.common.rest_client [req-a9112a53-7973-4bab-affd-fc679807e295 req-a9112a53-7973-4bab-affd-fc679807e295 ] Request (ServersTestFqdnHostnames:setUpClass): 201 POST http://10.180.1.21:9696/networking/v2.0/routers 0.742s
2024-10-24 02:25:34.800 63613 INFO tempest.lib.common.rest_client [req-aec1fa68-2cff-4e5b-afe4-b65fe74de04b req-aec1fa68-2cff-4e5b-afe4-b65fe74de04b ] Request (ListServerFiltersTestJSON:setUpClass): 202 POST http://10.180.1.21/compute/v2.1/servers 1.063s
2024-10-24 02:25:34.852 63613 INFO tempest.lib.common.rest_client [req-c06f8769-5553-4054-89cf-16047e7bedf4 req-c06f8769-5553-4054-89cf-16047e7bedf4 ] Request (ListServerFiltersTestJSON:setUpClass): 201 POST http://10.180.1.21/identity/v3/auth/tokens 0.047s
2024-10-24 02:25:34.852 63613 INFO tempest.lib.common.fixed_network [-] (ListServerFiltersTestJSON:setUpClass) Found network {'id': '6001b538-109a-4c67-a907-31f701fb0add', 'name': 'tempest-ListServerFiltersTestJSON-2034967476-network', 'tenant_id': 'b2bcc167f94446c88462022a4a39380e', 'admin_state_up': True, 'mtu': 8950, 'status': 'ACTIVE', 'subnets': [], 'shared': False, 'project_id': 'b2bcc167f94446c88462022a4a39380e', 'port_security_enabled': True, 'router:external': False, 'provider:network_type': 'vlan', 'provider:physical_network': 'default', 'provider:segmentation_id': 958, 'is_default': False, 'availability_zone_hints': [], 'availability_zones': [], 'ipv4_address_scope': None, 'ipv6_address_scope': None, 'description': '', 'tags': [], 'created_at': '2024-10-24T02:25:32Z', 'updated_at': '2024-10-24T02:25:32Z', 'revision_number': 1} available for tenant
2024-10-24 02:25:34.866 63649 INFO tempest.lib.common.rest_client [req-b3cde40c-86b8-48cd-a560-0c2db7273b0f req-b3cde40c-86b8-48cd-a560-0c2db7273b0f ] Request (ServersV294TestFqdnHostnames:setUpClass): 202 POST http://10.180.1.21/compute/v2.1/servers 1.222s
2024-10-24 02:25:34.889 63641 INFO tempest.lib.common.rest_client [req-a83b1184-e21f-453e-9365-47b81c9dc2be req-a83b1184-e21f-453e-9365-47b81c9dc2be ] Request (DeleteServersTestJSON:test_delete_active_server): 200 GET http://10.180.1.21/compute/v2.1/servers/0de6892a-5463-4d60-807c-0e3fca2accf3 1.148s
2024-10-24 02:25:34.940 63607 INFO tempest.lib.common.rest_client [req-27412380-af18-4529-b760-0ad696c9c1be req-27412380-af18-4529-b760-0ad696c9c1be ] Request (ServerShowV247Test:test_update_rebuild_list_server): 200 GET http://10.180.1.21/compute/v2.1/servers/f9c8ed86-506b-4654-8e7e-cb218605764b 1.090s
2024-10-24 02:25:34.969 63647 INFO tempest.lib.common.rest_client [req-326468c4-5d3a-4b17-869a-29d0d4bba200 req-326468c4-5d3a-4b17-869a-29d0d4bba200 ] Request (DeleteServersAdminTestJSON:test_delete_server_while_in_error_state): 200 GET http://10.180.1.21/compute/v2.1/servers/115e42ee-60cc-400d-8f4d-c23009f9091f 1.040s
2024-10-24 02:25:34.973 63605 INFO tempest.lib.common.rest_client [req-56b698c5-8630-422e-96ec-50779047fa5d req-56b698c5-8630-422e-96ec-50779047fa5d ] Request (ImagesNegativeTestJSON:test_create_image_specify_uuid_35_characters_or_less): 404 POST http://10.180.1.21/compute/v2.1/servers/aaaaaaaaaaaaaaaaaaaaaaaaaaaaaaaaaaa/action 0.938s
2024-10-24 02:25:35.004 63601 INFO tempest.lib.common.rest_client [req-6b63b107-fe16-4c3d-a61b-cc18df85d7eb req-6b63b107-fe16-4c3d-a61b-cc18df85d7eb ] Request (FloatingIPsAssociationNegativeTestJSON:setUpClass): 200 GET http://10.180.1.21/compute/v2.1/servers/1de0e894-1edb-4296-9e9b-2c1eb0c7c275 0.991s
2024-10-24 02:25:35.021 63595 INFO tempest.lib.common.rest_client [req-a30a55a7-b760-4711-b0de-78c76a2f4250 req-a30a55a7-b760-4711-b0de-78c76a2f4250 ] Request (FlavorsV261TestJSON:test_crud_flavor): 200 GET http://10.180.1.21/compute/v2.1/flavors 0.867s
2024-10-24 02:25:35.049 63639 INFO tempest.lib.common.rest_client [req-df949f72-a5e2-4d58-8db6-49155c7861db req-df949f72-a5e2-4d58-8db6-49155c7861db ] Request (ServersTestJSON:test_create_server_specify_multibyte_character_name): 200 GET http://10.180.1.21/compute/v2.1/servers/2386393a-3006-4e6b-91e0-40b7ab8e3948 0.951s
2024-10-24 02:25:35.089 63635 INFO tempest.lib.common.rest_client [req-4094c4ac-df47-47b7-a2a4-53dff972e313 req-4094c4ac-df47-47b7-a2a4-53dff972e313 ] Request (ServerMetadataTestJSON:setUpClass): 200 GET http://10.180.1.21/compute/v2.1/servers/591a7907-e4a7-41d6-9cd0-5cb359f08810 0.895s
2024-10-24 02:25:35.116 63615 INFO tempest.lib.common.rest_client [req-42283941-32cf-463d-a126-d4dc64241f16 req-42283941-32cf-463d-a126-d4dc64241f16 ] Request (ServerDiagnosticsTest:test_get_server_diagnostics): 200 GET http://10.180.1.21/compute/v2.1/servers/c80d746b-ad37-43d7-874e-1c1c848546f1 0.659s
