2024-10-24 02:25:42.950 63643 INFO tempest.lib.common.dynamic_creds [-] Created isolated network resources for: credentials: Credentials: {'domain_id': 'default', 'domain_name': 'Default', 'username': 'tempest-ServersTestJSON-1828804353-project-member', 'project_domain_id': 'default', 'project_domain_name': 'Default', 'project_id': '4b86199795d048c2b32852520d504f17', 'project_name': 'tempest-ServersTestJSON-1828804353', 'tenant_id': '4b86199795d048c2b32852520d504f17', 'tenant_name': 'tempest-ServersTestJSON-1828804353', 'user_domain_id': 'default', 'user_domain_name': 'Default', 'user_id': '4e420329c3714636bac314f5abf59f9b', 'system': None}, Network: {'id': '5558b298-5780-462e-8f5c-7845f06c2170', 'name': 'tempest-ServersTestJSON-1483927973-network', 'tenant_id': '4b86199795d048c2b32852520d504f17', 'admin_state_up': True, 'mtu': 8950, 'status': 'ACTIVE', 'subnets': [], 'shared': False, 'project_id': '4b86199795d048c2b32852520d504f17', 'port_security_enabled': True, 'router:external': False, 'provider:network_type': 'vlan', 'provider:physical_network': 'default', 'provider:segmentation_id': 283, 'is_default': False, 'availability_zone_hints': [], 'availability_zones': [], 'ipv4_address_scope': None, 'ipv6_address_scope': None, 'description': '', 'tags': [], 'created_at': '2024-10-24T02:25:40Z', 'updated_at': '2024-10-24T02:25:40Z', 'revision_number': 1}, Subnet: {'id': '5cb23c94-ba1b-4c42-946e-0191bc1ea1c7', 'name': 'tempest-ServersTestJSON-1483927973-subnet', 'tenant_id': '4b86199795d048c2b32852520d504f17', 'network_id': '5558b298-5780-462e-8f5c-7845f06c2170', 'ip_version': 4, 'subnetpool_id': None, 'enable_dhcp': True, 'ipv6_ra_mode': None, 'ipv6_address_mode': None, 'gateway_ip': '192.168.128.1', 'cidr': '192.168.128.0/28', 'allocation_pools': [{'start': '192.168.128.2', 'end': '192.168.128.14'}], 'host_routes': [], 'dns_nameservers': [], 'description': '', 'router:external': False, 'service_types': [], 'tags': [], 'created_at': '2024-10-24T02:25:40Z', 'updated_at': '2024-10-24T02:25:40Z', 'revision_number': 0, 'project_id': '4b86199795d048c2b32852520d504f17'}, Router: {'id': '9d485051-e987-4815-8084-d09f169257b8', 'name': 'tempest-ServersTestJSON-1483927973-router', 'tenant_id': '4b86199795d048c2b32852520d504f17', 'admin_state_up': True, 'status': 'ACTIVE', 'external_gateway_info': {'network_id': '1b6d991f-0d2c-45a9-8ae6-d380de4283ed', 'external_fixed_ips': [{'subnet_id': '901082b9-27ac-4106-a1f6-9b3f390728a3', 'ip_address': '10.180.180.184'}], 'enable_snat': True}, 'description': '', 'availability_zones': [], 'distributed': False, 'ha': False, 'availability_zone_hints': [], 'routes': [], 'flavor_id': None, 'tags': [], 'created_at': '2024-10-24T02:25:40Z', 'updated_at': '2024-10-24T02:25:41Z', 'revision_number': 2, 'project_id': '4b86199795d048c2b32852520d504f17'}
2024-10-24 02:25:42.968 63612 INFO tempest.lib.common.rest_client [req-527103f9-77e3-4df1-a556-5953643958d6 req-527103f9-77e3-4df1-a556-5953643958d6 ] Request (ServerShowV254Test:test_rebuild_server): 200 GET http://10.180.1.21/compute/v2.1/servers/e5c80c05-0e48-415a-ac91-a53e1c8819f0 0.363s
2024-10-24 02:25:42.972 63595 INFO tempest.lib.common.rest_client [req-d0dcd336-0222-4712-9be8-80e0520b53be req-d0dcd336-0222-4712-9be8-80e0520b53be ] Request (ImagesMetadataTestJSON:test_update_image_metadata): 200 POST http://10.180.1.21/compute/v2.1/images/8c3b014f-13ff-4fc3-8676-b0c231e85c6d/metadata 0.596s
2024-10-24 02:25:43.025 63593 INFO tempest.lib.common.rest_client [req-6835a039-eb99-4c64-a873-84d337419787 req-6835a039-eb99-4c64-a873-84d337419787 ] Request (FloatingIPsAssociationTestJSON:setUpClass): 200 GET http://10.180.1.21/compute/v2.1/servers/b275344f-695e-463b-8bfe-2bee97296349 0.398s
2024-10-24 02:25:43.032 63593 INFO tempest.common.waiters [-] State transition "BUILD/scheduling" ==> "BUILD/None" after 27 second wait
2024-10-24 02:25:43.034 63609 INFO tempest.lib.common.rest_client [req-5f20eece-ecf7-4076-8828-7aaf0e359e0b req-5f20eece-ecf7-4076-8828-7aaf0e359e0b ] Request (ServersAaction247Test:tearDownClass): 200 GET http://10.180.1.21/compute/v2.1/servers/abe6726e-7d6a-46e0-9273-de3e681311eb 0.340s
2024-10-24 02:25:43.036 63643 INFO tempest.lib.common.rest_client [req-3a0c5fa8-70fc-49e4-8437-925a20054727 req-3a0c5fa8-70fc-49e4-8437-925a20054727 ] Request (ServersTestJSON:setUpClass): 201 POST http://10.180.1.21/identity/v3/auth/tokens 0.083s
2024-10-24 02:25:43.080 63655 INFO tempest.lib.common.rest_client [req-9feac814-2175-4c9d-89af-ce5abb8d0b0c req-9feac814-2175-4c9d-89af-ce5abb8d0b0c ] Request (ServerActionsTestJSON:setUpClass): 200 GET http://10.180.1.21/compute/v2.1/servers/b46098f3-d952-4a33-86fe-825fe4625008 0.317s
2024-10-24 02:25:43.131 63613 INFO tempest.lib.common.rest_client [req-72ffe626-c322-45de-ba8f-bb46d8935878 req-72ffe626-c322-45de-ba8f-bb46d8935878 ] Request (ListServerFiltersTestJSON:setUpClass): 200 GET http://10.180.1.21/compute/v2.1/servers/d5daa7b5-2b00-46f5-b89b-42f33f6cd3c6 0.305s
2024-10-24 02:25:43.195 63649 INFO tempest.lib.common.rest_client [req-b28e9eb3-d3dd-4aa4-b800-983722746ee7 req-b28e9eb3-d3dd-4aa4-b800-983722746ee7 ] Request (ServersV294TestFqdnHostnames:setUpClass): 200 GET http://10.180.1.21/compute/v2.1/servers/d7589681-fe6c-4dc6-b533-ade8ae634d58 0.307s
2024-10-24 02:25:43.249 63625 INFO tempest.lib.common.rest_client [req-d009a16a-595c-4805-885d-587ad48a75e2 req-d009a16a-595c-4805-885d-587ad48a75e2 ] Request (TenantUsagesTestJSON:setUpClass): 200 GET http://10.180.1.21/compute/v2.1/servers/4392313f-2fed-4308-b79a-324b3431d5af 0.358s
2024-10-24 02:25:43.297 63603 INFO tempest.lib.common.rest_client [req-13f732a6-e2c0-4d6e-addf-1eda01fa9f43 req-13f732a6-e2c0-4d6e-addf-1eda01fa9f43 ] Request (ServersAdminNegativeTestJSON:setUpClass): 200 GET http://10.180.1.21/compute/v2.1/servers/9478ce7a-99c6-4e95-82b0-f8a71ce94a90 0.362s
2024-10-24 02:25:43.343 63653 INFO tempest.lib.common.rest_client [req-97deacec-7e67-41f8-aa14-275ff52f3946 req-97deacec-7e67-41f8-aa14-275ff52f3946 ] Request (ListServersNegativeTestJSON:setUpClass): 200 GET http://10.180.1.21/compute/v2.1/servers/087c0c34-2f44-4791-86e7-b1b3564f49d5 0.387s
2024-10-24 02:25:43.367 63595 INFO tempest.lib.common.rest_client [req-1ca40446-3f3e-4c36-802f-45a386bbef55 req-1ca40446-3f3e-4c36-802f-45a386bbef55 ] Request (ImagesMetadataTestJSON:test_update_image_metadata): 200 GET http://10.180.1.21/compute/v2.1/images/8c3b014f-13ff-4fc3-8676-b0c231e85c6d/metadata 0.394s
2024-10-24 02:25:43.377 63605 INFO tempest.lib.common.rest_client [req-9e908101-e4d9-4aa7-9569-59cc1977cfc8 req-9e908101-e4d9-4aa7-9569-59cc1977cfc8 ] Request (SecurityGroupsTestJSON:test_list_security_groups_by_server): 202 POST http://10.180.1.21/compute/v2.1/servers 0.589s
2024-10-24 02:25:43.418 63597 INFO tempest.lib.common.rest_client [req-1cc43245-0a41-475a-be0a-3f8fca67f8e5 req-1cc43245-0a41-475a-be0a-3f8fca67f8e5 ] Request (ServerDiagnosticsNegativeTest:test_get_server_diagnostics_by_non_admin): 200 GET http://10.180.1.21/compute/v2.1/servers/10112b62-f41e-4413-9bc8-c1306c5c1bc1 0.431s
2024-10-24 02:25:43.436 63595 INFO tempest.lib.common.rest_client [req-ad52c602-a9a9-449d-a0dd-19fdd382a378 req-ad52c602-a9a9-449d-a0dd-19fdd382a378 ] Request (ImagesMetadataTestJSON:tearDownClass): 204 DELETE http://10.180.1.21/image/v2/images/8c3b014f-13ff-4fc3-8676-b0c231e85c6d 0.067s
2024-10-24 02:25:43.454 63643 INFO tempest.lib.common.rest_client [req-ffc95292-a982-4b1a-9b00-0267f954a989 req-ffc95292-a982-4b1a-9b00-0267f954a989 ] Request (ServersTestJSON:setUpClass): 200 POST http://10.180.1.21/compute/v2.1/os-keypairs 0.416s
2024-10-24 02:25:43.480 63629 INFO tempest.lib.common.rest_client [req-41d142f7-14ee-4f63-9749-bc3400a25406 req-41d142f7-14ee-4f63-9749-bc3400a25406 ] Request (ServersTestManualDisk:setUpClass): 200 GET http://10.180.1.21/compute/v2.1/servers/5c0ba7c6-9946-4765-be4b-d48d3823a68d 0.429s
2024-10-24 02:25:43.526 63619 INFO tempest.lib.common.rest_client [req-c683fe94-eb10-4ab5-aa6d-865190024318 req-c683fe94-eb10-4ab5-aa6d-865190024318 ] Request (ServerRescueTestJSONUnderV235:setUpClass): 200 GET http://10.180.1.21/compute/v2.1/servers/3dd3c8f5-f2ab-46b2-a6b8-beaeb906cbab 0.404s
2024-10-24 02:25:43.528 63595 INFO tempest.lib.common.rest_client [req-065b319d-a09c-469e-8907-e1c55614f805 req-065b319d-a09c-469e-8907-e1c55614f805 ] Request (ImagesMetadataTestJSON:tearDownClass): 204 DELETE http://10.180.1.21/identity/v3/users/cefdfebdc8d54d7a833bef997a7c23dc 0.091s
2024-10-24 02:25:43.528 63595 INFO tempest.lib.common.dynamic_creds [-] Deleting project and security group for project: 1b952dd5944c4b2c86c3bbc2916545b0
2024-10-24 02:25:43.538 63634 INFO tempest.lib.common.rest_client [req-5e1ef016-7e16-49cd-ba4e-ffbe9ed10598 req-5e1ef016-7e16-49cd-ba4e-ffbe9ed10598 ] Request (ImagesTestJSON:test_create_image_from_suspended_server): 200 GET http://10.180.1.21/compute/v2.1/servers/b7dcc653-a430-48c4-9185-3e8200cf1005 0.352s
2024-10-24 02:25:43.574 63623 INFO tempest.lib.common.rest_client [req-295b0bee-5a14-4529-baef-7940b306cba9 req-295b0bee-5a14-4529-baef-7940b306cba9 ] Request (ServersTestBootFromVolume:setUpClass): 200 GET http://10.180.1.21/volume/v3/volumes/56f0283a-f2fa-4ff2-a7fc-4af53c2f3f7d 0.045s
2024-10-24 02:25:43.581 63643 INFO tempest.lib.common.rest_client [req-d1ac16c4-3745-4991-8013-5522834cb9e2 req-d1ac16c4-3745-4991-8013-5522834cb9e2 ] Request (ServersTestJSON:setUpClass): 201 POST http://10.180.1.21:9696/networking/v2.0/security-groups 0.126s
2024-10-24 02:25:43.588 63605 INFO tempest.lib.common.rest_client [req-548470ec-9714-4347-a4ac-6a576ec4c26b req-548470ec-9714-4347-a4ac-6a576ec4c26b ] Request (SecurityGroupsTestJSON:test_list_security_groups_by_server): 200 GET http://10.180.1.21/compute/v2.1/servers/1446c7da-415f-43ee-9ff1-2266bd3038e4 0.210s
2024-10-24 02:25:43.595 63637 INFO tempest.lib.common.rest_client [req-2f0bbdb9-68c1-4bd1-a8a2-fcdc3f645acb req-2f0bbdb9-68c1-4bd1-a8a2-fcdc3f645acb ] Request (ServerExternalEventsTest:test_create_server_external_events): 200 GET http://10.180.1.21/compute/v2.1/servers/bc1d7402-3651-488b-a431-2cb2ae987d32 0.275s
2024-10-24 02:25:43.612 63595 INFO tempest.lib.common.rest_client [req-830077c6-003e-4b87-874c-dbb161b01435 req-830077c6-003e-4b87-874c-dbb161b01435 ] Request (ImagesMetadataTestJSON:tearDownClass): 201 POST http://10.180.1.21/identity/v3/auth/tokens 0.083s
2024-10-24 02:25:43.662 63621 INFO tempest.lib.common.rest_client [req-fb216978-9b14-44d9-b507-6318cc615fc8 req-fb216978-9b14-44d9-b507-6318cc615fc8 ] Request (AttachInterfacesTestJSON:test_create_list_show_delete_interfaces_by_fixed_ip): 200 GET http://10.180.1.21/compute/v2.1/servers/732ff6d3-2de9-4e6b-887d-5329ba83443c 0.229s
2024-10-24 02:25:43.662 63651 INFO tempest.lib.common.rest_client [req-1594a38d-8bf8-404b-a124-445e4b8b7b59 req-1594a38d-8bf8-404b-a124-445e4b8b7b59 ] Request (ServersWithSpecificFlavorTestJSON:test_verify_created_server_ephemeral_disk): 200 GET http://10.180.1.21/compute/v2.1/servers/1c68f354-9e0e-4e7e-925e-d31fab4ac1ce 0.281s
2024-10-24 02:25:43.681 63643 INFO tempest.lib.common.rest_client [req-090d2f0d-1307-4fdb-b36c-d7e47d03d963 req-090d2f0d-1307-4fdb-b36c-d7e47d03d963 ] Request (ServersTestJSON:setUpClass): 201 POST http://10.180.1.21:9696/networking/v2.0/security-group-rules 0.099s
2024-10-24 02:25:43.742 63647 INFO tempest.lib.common.rest_client [req-4ca99d49-51d5-4340-bcd3-80869f3867e9 req-4ca99d49-51d5-4340-bcd3-80869f3867e9 ] Request (DeleteServersAdminTestJSON:test_delete_server_while_in_error_state): 200 GET http://10.180.1.21/compute/v2.1/servers/115e42ee-60cc-400d-8f4d-c23009f9091f 0.247s
2024-10-24 02:25:43.743 63641 INFO tempest.lib.common.rest_client [req-6a826479-a25f-492b-a108-ad3b085e5297 req-6a826479-a25f-492b-a108-ad3b085e5297 ] Request (DeleteServersTestJSON:test_delete_active_server): 200 GET http://10.180.1.21/compute/v2.1/servers/0de6892a-5463-4d60-807c-0e3fca2accf3 0.293s
2024-10-24 02:25:43.808 63639 INFO tempest.lib.common.rest_client [req-46535084-6d30-4868-b357-7e9e6476cfde req-46535084-6d30-4868-b357-7e9e6476cfde ] Request (ServersTestJSON:test_create_server_specify_multibyte_character_name): 200 GET http://10.180.1.21/compute/v2.1/servers/2386393a-3006-4e6b-91e0-40b7ab8e3948 0.249s
2024-10-24 02:25:43.820 63643 INFO tempest.lib.common.rest_client [req-6aac44bd-e696-43af-85ad-2f3980d50901 req-6aac44bd-e696-43af-85ad-2f3980d50901 ] Request (ServersTestJSON:setUpClass): 201 POST http://10.180.1.21:9696/networking/v2.0/security-group-rules 0.139s
2024-10-24 02:25:43.824 63607 INFO tempest.lib.common.rest_client [req-a5057193-065c-41ac-80d5-f31bb414daec req-a5057193-065c-41ac-80d5-f31bb414daec ] Request (ServerShowV247Test:test_update_rebuild_list_server): 200 GET http://10.180.1.21/compute/v2.1/servers/f9c8ed86-506b-4654-8e7e-cb218605764b 0.296s
2024-10-24 02:25:43.855 63627 INFO tempest.lib.common.rest_client [req-1e441283-d1d0-4dd9-8e2b-3ce4ad59d2c2 req-1e441283-d1d0-4dd9-8e2b-3ce4ad59d2c2 ] Request (ServersTestFqdnHostnames:test_create_server_with_fqdn_name): 200 GET http://10.180.1.21/compute/v2.1/servers/8e5e4a26-69ed-461d-aa67-929c0a4ab0f6 0.279s
2024-10-24 02:25:43.866 63595 INFO tempest.lib.common.rest_client [req-d121ee81-9216-4771-955c-f4d864b0e46e req-d121ee81-9216-4771-955c-f4d864b0e46e ] Request (ImagesMetadataTestJSON:tearDownClass): 200 GET http://10.180.1.21:9696/networking/v2.0/security-groups?tenant_id=1b952dd5944c4b2c86c3bbc2916545b0&name=default 0.253s
2024-10-24 02:25:43.873 63601 INFO tempest.lib.common.rest_client [req-e0fbf087-cdae-462d-aa4f-904c8b987bf6 req-e0fbf087-cdae-462d-aa4f-904c8b987bf6 ] Request (FloatingIPsAssociationNegativeTestJSON:setUpClass): 200 GET http://10.180.1.21/compute/v2.1/servers/1de0e894-1edb-4296-9e9b-2c1eb0c7c275 0.229s
2024-10-24 02:25:43.917 63615 INFO tempest.lib.common.rest_client [req-5cb2138d-c61b-47c0-9f98-6e2556c014fc req-5cb2138d-c61b-47c0-9f98-6e2556c014fc ] Request (ServerDiagnosticsTest:test_get_server_diagnostics): 200 GET http://10.180.1.21/compute/v2.1/servers/c80d746b-ad37-43d7-874e-1c1c848546f1 0.202s
2024-10-24 02:25:43.937 63635 INFO tempest.lib.common.rest_client [req-2c0472ed-ba8a-41bf-90d6-ac143c3ca5f2 req-2c0472ed-ba8a-41bf-90d6-ac143c3ca5f2 ] Request (ServerMetadataTestJSON:setUpClass): 200 GET http://10.180.1.21/compute/v2.1/servers/591a7907-e4a7-41d6-9cd0-5cb359f08810 0.121s
2024-10-24 02:25:44.000 63617 INFO tempest.lib.common.rest_client [req-3e06f122-ff81-4efa-b8af-2057c722c4e0 req-3e06f122-ff81-4efa-b8af-2057c722c4e0 ] Request (MigrationsAdminTest:test_resize_server_revert_deleted_flavor): 200 GET http://10.180.1.21/compute/v2.1/servers/ad05eda3-efd7-4040-be9c-6a47df02889b 0.127s
2024-10-24 02:25:44.012 63599 INFO tempest.lib.common.rest_client [req-8c8c78ff-e25c-4571-adba-f5b5b3cbc76d req-8c8c78ff-e25c-4571-adba-f5b5b3cbc76d ] Request (ServerDiagnosticsV248Test:test_get_server_diagnostics): 200 GET http://10.180.1.21/compute/v2.1/servers/b2bf4912-6b88-4ece-95c9-e9fd1cf906df 0.088s
2024-10-24 02:25:44.014 63595 INFO tempest.lib.common.rest_client [req-c338ebc9-7c67-4430-95d6-fda6b3f270ff req-c338ebc9-7c67-4430-95d6-fda6b3f270ff ] Request (ImagesMetadataTestJSON:tearDownClass): 204 DELETE http://10.180.1.21:9696/networking/v2.0/security-groups/a7e32901-fef1-4418-b61b-844a0b08a934 0.147s
2024-10-24 02:25:44.072 63612 INFO tempest.lib.common.rest_client [req-19fec015-692d-44d8-be31-fd030c4aadab req-19fec015-692d-44d8-be31-fd030c4aadab ] Request (ServerShowV254Test:test_rebuild_server): 200 GET http://10.180.1.21/compute/v2.1/servers/e5c80c05-0e48-415a-ac91-a53e1c8819f0 0.091s
2024-10-24 02:25:44.093 63593 INFO tempest.lib.common.rest_client [req-f1efa7f0-1744-4281-bec8-28de4fe5b70d req-f1efa7f0-1744-4281-bec8-28de4fe5b70d ] Request (FloatingIPsAssociationTestJSON:setUpClass): 200 GET http://10.180.1.21/compute/v2.1/servers/b275344f-695e-463b-8bfe-2bee97296349 0.060s
2024-10-24 02:25:44.102 63595 INFO tempest.lib.common.rest_client [req-18855658-7657-48f4-92d1-630b332ee99c req-18855658-7657-48f4-92d1-630b332ee99c ] Request (ImagesMetadataTestJSON:tearDownClass): 204 DELETE http://10.180.1.21/identity/v3/projects/1b952dd5944c4b2c86c3bbc2916545b0 0.087s
2024-10-24 02:25:44.136 63609 INFO tempest.lib.common.rest_client [req-320b17ff-f683-4ac7-82c3-b3d83d163aac req-320b17ff-f683-4ac7-82c3-b3d83d163aac ] Request (ServersAaction247Test:tearDownClass): 200 GET http://10.180.1.21/compute/v2.1/servers/abe6726e-7d6a-46e0-9273-de3e681311eb 0.094s
2024-10-24 02:25:44.143 63655 INFO tempest.lib.common.rest_client [req-1a621497-659f-4b4a-856a-2cc5d9fe90dd req-1a621497-659f-4b4a-856a-2cc5d9fe90dd ] Request (ServerActionsTestJSON:setUpClass): 200 GET http://10.180.1.21/compute/v2.1/servers/b46098f3-d952-4a33-86fe-825fe4625008 0.057s
2024-10-24 02:25:44.178 63595 INFO tempest.lib.common.rest_client [req-08f4cf07-b7cc-413a-8bc4-3344d92fd3f0 req-08f4cf07-b7cc-413a-8bc4-3344d92fd3f0 ] Request (InstanceActionsTestJSON:setUpClass): 201 POST http://10.180.1.21/identity/v3/auth/tokens 0.075s
2024-10-24 02:25:44.199 63613 INFO tempest.lib.common.rest_client [req-e65f3b0e-c31c-431f-9282-03bf51a82989 req-e65f3b0e-c31c-431f-9282-03bf51a82989 ] Request (ListServerFiltersTestJSON:setUpClass): 200 GET http://10.180.1.21/compute/v2.1/servers/d5daa7b5-2b00-46f5-b89b-42f33f6cd3c6 0.062s
2024-10-24 02:25:44.218 63595 INFO tempest.lib.common.rest_client [req-d6a14dac-b6d4-4f68-a806-b07f98b5071c req-d6a14dac-b6d4-4f68-a806-b07f98b5071c ] Request (InstanceActionsTestJSON:setUpClass): 201 POST http://10.180.1.21/identity/v3/auth/tokens 0.037s
2024-10-24 02:25:44.248 63595 INFO tempest.lib.common.rest_client [req-49e3e2a6-aef3-4274-ad5e-29b3da0f62cc req-49e3e2a6-aef3-4274-ad5e-29b3da0f62cc ] Request (InstanceActionsTestJSON:setUpClass): 200 GET http://10.180.1.21/identity/v3/domains?name=Default 0.029s
2024-10-24 02:25:44.251 63643 INFO tempest.lib.common.rest_client [req-781b0b05-eaa2-4abb-8570-ef555653ae47 req-781b0b05-eaa2-4abb-8570-ef555653ae47 ] Request (ServersTestJSON:setUpClass): 201 POST http://10.180.1.21:9696/networking/v2.0/floatingips 0.430s
2024-10-24 02:25:44.264 63649 INFO tempest.lib.common.rest_client [req-3cf2f9ff-49ac-4eb5-9c45-532829bb9a3e req-3cf2f9ff-49ac-4eb5-9c45-532829bb9a3e ] Request (ServersV294TestFqdnHostnames:setUpClass): 200 GET http://10.180.1.21/compute/v2.1/servers/d7589681-fe6c-4dc6-b533-ade8ae634d58 0.060s
2024-10-24 02:25:44.282 63595 INFO tempest.lib.common.rest_client [req-33c5b6ff-b5a3-454a-9343-e3046c894574 req-33c5b6ff-b5a3-454a-9343-e3046c894574 ] Request (InstanceActionsTestJSON:setUpClass): 201 POST http://10.180.1.21/identity/v3/projects 0.033s
2024-10-24 02:25:44.310 63643 INFO tempest.lib.common.rest_client [req-41ccf1b7-75d0-4a2f-95e3-61b6665660cc req-41ccf1b7-75d0-4a2f-95e3-61b6665660cc ] Request (ServersTestJSON:setUpClass): 201 POST http://10.180.1.21/identity/v3/auth/tokens 0.056s
2024-10-24 02:25:44.310 63643 INFO tempest.lib.common.fixed_network [-] (ServersTestJSON:setUpClass) Found network {'id': '5558b298-5780-462e-8f5c-7845f06c2170', 'name': 'tempest-ServersTestJSON-1483927973-network', 'tenant_id': '4b86199795d048c2b32852520d504f17', 'admin_state_up': True, 'mtu': 8950, 'status': 'ACTIVE', 'subnets': [], 'shared': False, 'project_id': '4b86199795d048c2b32852520d504f17', 'port_security_enabled': True, 'router:external': False, 'provider:network_type': 'vlan', 'provider:physical_network': 'default', 'provider:segmentation_id': 283, 'is_default': False, 'availability_zone_hints': [], 'availability_zones': [], 'ipv4_address_scope': None, 'ipv6_address_scope': None, 'description': '', 'tags': [], 'created_at': '2024-10-24T02:25:40Z', 'updated_at': '2024-10-24T02:25:40Z', 'revision_number': 1} available for tenant
2024-10-24 02:25:44.319 63625 INFO tempest.lib.common.rest_client [req-a769e1e4-8373-41e0-8763-8de9a101beb4 req-a769e1e4-8373-41e0-8763-8de9a101beb4 ] Request (TenantUsagesTestJSON:setUpClass): 200 GET http://10.180.1.21/compute/v2.1/servers/4392313f-2fed-4308-b79a-324b3431d5af 0.061s
2024-10-24 02:25:44.358 63595 INFO tempest.lib.common.rest_client [req-d6a1186c-3e5e-498c-83c0-dc73ae5389e0 req-d6a1186c-3e5e-498c-83c0-dc73ae5389e0 ] Request (InstanceActionsTestJSON:setUpClass): 201 POST http://10.180.1.21/identity/v3/users 0.076s
2024-10-24 02:25:44.363 63603 INFO tempest.lib.common.rest_client [req-4b9d9b86-b7ef-402a-ae6f-c57988a08318 req-4b9d9b86-b7ef-402a-ae6f-c57988a08318 ] Request (ServersAdminNegativeTestJSON:setUpClass): 200 GET http://10.180.1.21/compute/v2.1/servers/9478ce7a-99c6-4e95-82b0-f8a71ce94a90 0.060s
2024-10-24 02:25:44.384 63595 INFO tempest.lib.common.rest_client [req-74094968-0c98-4ec0-a7e0-1b8182cf649d req-74094968-0c98-4ec0-a7e0-1b8182cf649d ] Request (InstanceActionsTestJSON:setUpClass): 200 GET http://10.180.1.21/identity/v3/roles 0.025s
2024-10-24 02:25:44.410 63595 INFO tempest.lib.common.rest_client [req-9da73a4a-9468-4b39-ac61-785ebd1ea4f9 req-9da73a4a-9468-4b39-ac61-785ebd1ea4f9 ] Request (InstanceActionsTestJSON:setUpClass): 204 PUT http://10.180.1.21/identity/v3/projects/81adc0ecb7dd4c2fa22110ca4f54d396/users/3813b6016e9c4b2b8fdf7a2db1a8a74b/roles/0a9aac8f8f1f4d2e9ed0435e8a05e0c7 0.026s
2024-10-24 02:25:44.411 63595 INFO tempest.lib.common.dynamic_creds [-] Dynamic test user 3813b6016e9c4b2b8fdf7a2db1a8a74b is created with scope project and roles: ['member']
2024-10-24 02:25:44.411 63595 INFO tempest.lib.common.dynamic_creds [-] Acquired dynamic creds: credentials: Credentials: {'domain_id': 'default', 'domain_name': 'Default', 'username': 'tempest-InstanceActionsTestJSON-362497317-project-member', 'project_domain_id': 'default', 'project_domain_name': 'Default', 'project_id': '81adc0ecb7dd4c2fa22110ca4f54d396', 'project_name': 'tempest-InstanceActionsTestJSON-362497317', 'tenant_id': '81adc0ecb7dd4c2fa22110ca4f54d396', 'tenant_name': 'tempest-InstanceActionsTestJSON-362497317', 'user_domain_id': 'default', 'user_domain_name': 'Default', 'user_id': '3813b6016e9c4b2b8fdf7a2db1a8a74b', 'system': None}, Network: None, Subnet: None, Router: None
2024-10-24 02:25:44.427 63653 INFO tempest.lib.common.rest_client [req-116a1ccf-5bfd-47b8-baaf-6c25fdbde91a req-116a1ccf-5bfd-47b8-baaf-6c25fdbde91a ] Request (ListServersNegativeTestJSON:setUpClass): 200 GET http://10.180.1.21/compute/v2.1/servers/087c0c34-2f44-4791-86e7-b1b3564f49d5 0.077s
2024-10-24 02:25:44.479 63595 INFO tempest.lib.common.rest_client [req-1b9e9315-6a45-4878-8ef4-44dafc0e64b5 req-1b9e9315-6a45-4878-8ef4-44dafc0e64b5 ] Request (InstanceActionsTestJSON:setUpClass): 201 POST http://10.180.1.21/identity/v3/auth/tokens 0.067s
2024-10-24 02:25:44.484 63597 INFO tempest.lib.common.rest_client [req-0361250f-5cf3-484f-94d4-03a5f495d43b req-0361250f-5cf3-484f-94d4-03a5f495d43b ] Request (ServerDiagnosticsNegativeTest:test_get_server_diagnostics_by_non_admin): 200 GET http://10.180.1.21/compute/v2.1/servers/10112b62-f41e-4413-9bc8-c1306c5c1bc1 0.057s
2024-10-24 02:25:44.556 63629 INFO tempest.lib.common.rest_client [req-eca035df-da7c-43ab-a62a-567743f134e4 req-eca035df-da7c-43ab-a62a-567743f134e4 ] Request (ServersTestManualDisk:setUpClass): 200 GET http://10.180.1.21/compute/v2.1/servers/5c0ba7c6-9946-4765-be4b-d48d3823a68d 0.070s
2024-10-24 02:25:44.614 63619 INFO tempest.lib.common.rest_client [req-c8e94f18-7c30-42b5-a436-fab4b238da02 req-c8e94f18-7c30-42b5-a436-fab4b238da02 ] Request (ServerRescueTestJSONUnderV235:setUpClass): 200 GET http://10.180.1.21/compute/v2.1/servers/3dd3c8f5-f2ab-46b2-a6b8-beaeb906cbab 0.076s
2024-10-24 02:25:44.616 63623 INFO tempest.lib.common.rest_client [req-8f6b147a-adad-4a2a-9193-9e53e6024f51 req-8f6b147a-adad-4a2a-9193-9e53e6024f51 ] Request (ServersTestBootFromVolume:setUpClass): 200 GET http://10.180.1.21/volume/v3/volumes/56f0283a-f2fa-4ff2-a7fc-4af53c2f3f7d 0.032s
2024-10-24 02:25:44.671 63634 INFO tempest.lib.common.rest_client [req-8b61f93f-c190-4975-9223-6e34d86a9c13 req-8b61f93f-c190-4975-9223-6e34d86a9c13 ] Request (ImagesTestJSON:test_create_image_from_suspended_server): 200 GET http://10.180.1.21/compute/v2.1/servers/b7dcc653-a430-48c4-9185-3e8200cf1005 0.125s
2024-10-24 02:25:44.729 63605 INFO tempest.lib.common.rest_client [req-a30b0004-1180-4394-9d79-9e4658d70163 req-a30b0004-1180-4394-9d79-9e4658d70163 ] Request (SecurityGroupsTestJSON:test_list_security_groups_by_server): 200 GET http://10.180.1.21/compute/v2.1/servers/1446c7da-415f-43ee-9ff1-2266bd3038e4 0.131s
2024-10-24 02:25:44.739 63595 INFO tempest.lib.common.rest_client [req-61e388e9-0a58-4dc5-a98b-1989011d9478 req-61e388e9-0a58-4dc5-a98b-1989011d9478 ] Request (InstanceActionsTestJSON:setUpClass): 201 POST http://10.180.1.21:9696/networking/v2.0/networks 0.259s
2024-10-24 02:25:44.785 63637 INFO tempest.lib.common.rest_client [req-191ba042-adaa-4d07-a1a8-ecfa174f0133 req-191ba042-adaa-4d07-a1a8-ecfa174f0133 ] Request (ServerExternalEventsTest:test_create_server_external_events): 200 GET http://10.180.1.21/compute/v2.1/servers/bc1d7402-3651-488b-a431-2cb2ae987d32 0.175s
2024-10-24 02:25:44.796 63643 INFO tempest.lib.common.rest_client [req-a804a09e-69de-41e8-bc85-fc661a4d64f6 req-a804a09e-69de-41e8-bc85-fc661a4d64f6 ] Request (ServersTestJSON:setUpClass): 202 POST http://10.180.1.21/compute/v2.1/servers 0.484s
2024-10-24 02:25:44.833 63621 INFO tempest.lib.common.rest_client [req-ac72dc2e-bafb-45f1-9285-5737a0a8b14a req-ac72dc2e-bafb-45f1-9285-5737a0a8b14a ] Request (AttachInterfacesTestJSON:test_create_list_show_delete_interfaces_by_fixed_ip): 200 GET http://10.180.1.21/compute/v2.1/servers/732ff6d3-2de9-4e6b-887d-5329ba83443c 0.164s
2024-10-24 02:25:44.850 63651 INFO tempest.lib.common.rest_client [req-304bf308-81f0-4262-9cae-03e803d728f7 req-304bf308-81f0-4262-9cae-03e803d728f7 ] Request (ServersWithSpecificFlavorTestJSON:test_verify_created_server_ephemeral_disk): 200 GET http://10.180.1.21/compute/v2.1/servers/1c68f354-9e0e-4e7e-925e-d31fab4ac1ce 0.175s
2024-10-24 02:25:44.885 63641 INFO tempest.lib.common.rest_client [req-b8292f9a-78df-44d3-af1d-26cbe8ea394c req-b8292f9a-78df-44d3-af1d-26cbe8ea394c ] Request (DeleteServersTestJSON:test_delete_active_server): 200 GET http://10.180.1.21/compute/v2.1/servers/0de6892a-5463-4d60-807c-0e3fca2accf3 0.135s
2024-10-24 02:25:44.919 63647 INFO tempest.lib.common.rest_client [req-654ed4d6-e0ec-45e3-9a04-ac5d38d93635 req-654ed4d6-e0ec-45e3-9a04-ac5d38d93635 ] Request (DeleteServersAdminTestJSON:test_delete_server_while_in_error_state): 200 GET http://10.180.1.21/compute/v2.1/servers/115e42ee-60cc-400d-8f4d-c23009f9091f 0.168s
2024-10-24 02:25:44.933 63643 INFO tempest.lib.common.rest_client [req-4faf658a-cd57-40ba-9faa-bf2c30cb9f5a req-4faf658a-cd57-40ba-9faa-bf2c30cb9f5a ] Request (ServersTestJSON:setUpClass): 200 GET http://10.180.1.21/compute/v2.1/servers/ec4726b2-38f9-4499-a5b0-a70db0d697f6 0.135s
2024-10-24 02:25:44.941 63595 INFO tempest.lib.common.rest_client [req-c56bae72-0632-4002-b70b-9c9836ff5330 req-c56bae72-0632-4002-b70b-9c9836ff5330 ] Request (InstanceActionsTestJSON:setUpClass): 201 POST http://10.180.1.21:9696/networking/v2.0/subnets 0.202s
2024-10-24 02:25:44.986 63639 INFO tempest.lib.common.rest_client [req-383b7e79-1c8a-45fc-8855-e1545bced734 req-383b7e79-1c8a-45fc-8855-e1545bced734 ] Request (ServersTestJSON:test_create_server_specify_multibyte_character_name): 200 GET http://10.180.1.21/compute/v2.1/servers/2386393a-3006-4e6b-91e0-40b7ab8e3948 0.168s
2024-10-24 02:25:44.988 63607 INFO tempest.lib.common.rest_client [req-f5302509-0273-416e-98f5-bfbbc2520a4a req-f5302509-0273-416e-98f5-bfbbc2520a4a ] Request (ServerShowV247Test:test_update_rebuild_list_server): 200 GET http://10.180.1.21/compute/v2.1/servers/f9c8ed86-506b-4654-8e7e-cb218605764b 0.153s
2024-10-24 02:25:45.045 63627 INFO tempest.lib.common.rest_client [req-345b8354-fa09-48d0-8b7e-ca97ff7d2941 req-345b8354-fa09-48d0-8b7e-ca97ff7d2941 ] Request (ServersTestFqdnHostnames:test_create_server_with_fqdn_name): 200 GET http://10.180.1.21/compute/v2.1/servers/8e5e4a26-69ed-461d-aa67-929c0a4ab0f6 0.181s
2024-10-24 02:25:45.056 63601 INFO tempest.lib.common.rest_client [req-5a8a6a84-d3e8-45b0-be3b-8fbf7dffced5 req-5a8a6a84-d3e8-45b0-be3b-8fbf7dffced5 ] Request (FloatingIPsAssociationNegativeTestJSON:setUpClass): 200 GET http://10.180.1.21/compute/v2.1/servers/1de0e894-1edb-4296-9e9b-2c1eb0c7c275 0.169s
2024-10-24 02:25:45.103 63615 INFO tempest.lib.common.rest_client [req-16129172-70c8-43af-af2e-b09461d0b1cf req-16129172-70c8-43af-af2e-b09461d0b1cf ] Request (ServerDiagnosticsTest:test_get_server_diagnostics): 200 GET http://10.180.1.21/compute/v2.1/servers/c80d746b-ad37-43d7-874e-1c1c848546f1 0.172s
2024-10-24 02:25:45.111 63635 INFO tempest.lib.common.rest_client [req-86af71cb-3658-4cc9-84d9-ee28669ad93a req-86af71cb-3658-4cc9-84d9-ee28669ad93a ] Request (ServerMetadataTestJSON:setUpClass): 200 GET http://10.180.1.21/compute/v2.1/servers/591a7907-e4a7-41d6-9cd0-5cb359f08810 0.164s
2024-10-24 02:25:45.152 63617 INFO tempest.lib.common.rest_client [req-2c94416b-501e-48c3-af0a-5adb2cda49fc req-2c94416b-501e-48c3-af0a-5adb2cda49fc ] Request (MigrationsAdminTest:test_resize_server_revert_deleted_flavor): 200 GET http://10.180.1.21/compute/v2.1/servers/ad05eda3-efd7-4040-be9c-6a47df02889b 0.134s
2024-10-24 02:25:45.162 63599 INFO tempest.lib.common.rest_client [req-0f73fb48-0e5e-4c2f-a5b7-c92f341a7bea req-0f73fb48-0e5e-4c2f-a5b7-c92f341a7bea ] Request (ServerDiagnosticsV248Test:test_get_server_diagnostics): 200 GET http://10.180.1.21/compute/v2.1/servers/b2bf4912-6b88-4ece-95c9-e9fd1cf906df 0.139s
2024-10-24 02:25:45.207 63612 INFO tempest.lib.common.rest_client [req-985e5df5-3afd-407c-a4a6-45a3592d4b89 req-985e5df5-3afd-407c-a4a6-45a3592d4b89 ] Request (ServerShowV254Test:test_rebuild_server): 200 GET http://10.180.1.21/compute/v2.1/servers/e5c80c05-0e48-415a-ac91-a53e1c8819f0 0.126s
2024-10-24 02:25:45.213 63593 INFO tempest.lib.common.rest_client [req-e57f23d2-48f0-45b7-9416-2db24dbf0e18 req-e57f23d2-48f0-45b7-9416-2db24dbf0e18 ] Request (FloatingIPsAssociationTestJSON:setUpClass): 200 GET http://10.180.1.21/compute/v2.1/servers/b275344f-695e-463b-8bfe-2bee97296349 0.107s
2024-10-24 02:25:45.272 63609 INFO tempest.lib.common.rest_client [req-fcc10064-a896-4899-83d5-7532fb95c32e req-fcc10064-a896-4899-83d5-7532fb95c32e ] Request (ServersAaction247Test:tearDownClass): 200 GET http://10.180.1.21/compute/v2.1/servers/abe6726e-7d6a-46e0-9273-de3e681311eb 0.123s
2024-10-24 02:25:45.281 63655 INFO tempest.lib.common.rest_client [req-9bcfac97-9c72-44ad-8dc9-0e941bcefdb4 req-9bcfac97-9c72-44ad-8dc9-0e941bcefdb4 ] Request (ServerActionsTestJSON:setUpClass): 200 GET http://10.180.1.21/compute/v2.1/servers/b46098f3-d952-4a33-86fe-825fe4625008 0.129s
2024-10-24 02:25:45.323 63613 INFO tempest.lib.common.rest_client [req-14ea910f-ac0c-4a46-87fd-1ec4dd12a7f8 req-14ea910f-ac0c-4a46-87fd-1ec4dd12a7f8 ] Request (ListServerFiltersTestJSON:setUpClass): 200 GET http://10.180.1.21/compute/v2.1/servers/d5daa7b5-2b00-46f5-b89b-42f33f6cd3c6 0.116s
2024-10-24 02:25:45.339 63649 INFO tempest.lib.common.rest_client [req-93d217f3-becd-4f20-8047-c14336b32236 req-93d217f3-becd-4f20-8047-c14336b32236 ] Request (ServersV294TestFqdnHostnames:setUpClass): 200 GET http://10.180.1.21/compute/v2.1/servers/d7589681-fe6c-4dc6-b533-ade8ae634d58 0.058s
2024-10-24 02:25:45.380 63625 INFO tempest.lib.common.rest_client [req-1a5273d1-2c9a-4bf5-8197-4a112d2f1e54 req-1a5273d1-2c9a-4bf5-8197-4a112d2f1e54 ] Request (TenantUsagesTestJSON:setUpClass): 200 GET http://10.180.1.21/compute/v2.1/servers/4392313f-2fed-4308-b79a-324b3431d5af 0.051s
2024-10-24 02:25:45.427 63603 INFO tempest.lib.common.rest_client [req-7748cc43-a108-42d9-8810-e1e1dd2990df req-7748cc43-a108-42d9-8810-e1e1dd2990df ] Request (ServersAdminNegativeTestJSON:setUpClass): 200 GET http://10.180.1.21/compute/v2.1/servers/9478ce7a-99c6-4e95-82b0-f8a71ce94a90 0.054s
2024-10-24 02:25:45.491 63653 INFO tempest.lib.common.rest_client [req-339c4fc1-ecb9-40db-8456-c09868add873 req-339c4fc1-ecb9-40db-8456-c09868add873 ] Request (ListServersNegativeTestJSON:setUpClass): 200 GET http://10.180.1.21/compute/v2.1/servers/087c0c34-2f44-4791-86e7-b1b3564f49d5 0.055s
2024-10-24 02:25:45.551 63597 INFO tempest.lib.common.rest_client [req-0a8b0157-a848-410e-a087-1f011b7a7357 req-0a8b0157-a848-410e-a087-1f011b7a7357 ] Request (ServerDiagnosticsNegativeTest:test_get_server_diagnostics_by_non_admin): 200 GET http://10.180.1.21/compute/v2.1/servers/10112b62-f41e-4413-9bc8-c1306c5c1bc1 0.058s
2024-10-24 02:25:45.615 63629 INFO tempest.lib.common.rest_client [req-10bdb85c-c56b-4209-a070-fce7a4727062 req-10bdb85c-c56b-4209-a070-fce7a4727062 ] Request (ServersTestManualDisk:setUpClass): 200 GET http://10.180.1.21/compute/v2.1/servers/5c0ba7c6-9946-4765-be4b-d48d3823a68d 0.048s
2024-10-24 02:25:45.650 63623 INFO tempest.lib.common.rest_client [req-dc61c0a6-4f21-4462-8d80-57aa322d6e08 req-dc61c0a6-4f21-4462-8d80-57aa322d6e08 ] Request (ServersTestBootFromVolume:setUpClass): 200 GET http://10.180.1.21/volume/v3/volumes/56f0283a-f2fa-4ff2-a7fc-4af53c2f3f7d 0.027s
2024-10-24 02:25:45.674 63619 INFO tempest.lib.common.rest_client [req-34ab546c-dc31-4899-9037-7dfdffb22415 req-34ab546c-dc31-4899-9037-7dfdffb22415 ] Request (ServerRescueTestJSONUnderV235:setUpClass): 200 GET http://10.180.1.21/compute/v2.1/servers/3dd3c8f5-f2ab-46b2-a6b8-beaeb906cbab 0.052s
2024-10-24 02:25:45.740 63595 INFO tempest.lib.common.rest_client [req-ab75cb52-fdbd-44d5-8d99-b8f9f6b37b43 req-ab75cb52-fdbd-44d5-8d99-b8f9f6b37b43 ] Request (InstanceActionsTestJSON:setUpClass): 201 POST http://10.180.1.21:9696/networking/v2.0/routers 0.798s
2024-10-24 02:25:45.752 63634 INFO tempest.lib.common.rest_client [req-ff3fdd8f-719b-4656-b7f2-34f4f3f11c3f req-ff3fdd8f-719b-4656-b7f2-34f4f3f11c3f ] Request (ImagesTestJSON:test_create_image_from_suspended_server): 200 GET http://10.180.1.21/compute/v2.1/servers/b7dcc653-a430-48c4-9185-3e8200cf1005 0.073s
2024-10-24 02:25:45.795 63605 INFO tempest.lib.common.rest_client [req-9035b024-b42f-4111-8d4e-d285062700b7 req-9035b024-b42f-4111-8d4e-d285062700b7 ] Request (SecurityGroupsTestJSON:test_list_security_groups_by_server): 200 GET http://10.180.1.21/compute/v2.1/servers/1446c7da-415f-43ee-9ff1-2266bd3038e4 0.054s
2024-10-24 02:25:45.877 63637 INFO tempest.lib.common.rest_client [req-90254084-0c90-492c-94b0-4e1ece9672c0 req-90254084-0c90-492c-94b0-4e1ece9672c0 ] Request (ServerExternalEventsTest:test_create_server_external_events): 200 GET http://10.180.1.21/compute/v2.1/servers/bc1d7402-3651-488b-a431-2cb2ae987d32 0.084s
2024-10-24 02:25:45.897 63621 INFO tempest.lib.common.rest_client [req-8b0e2843-55ad-48df-870b-2877ef14d106 req-8b0e2843-55ad-48df-870b-2877ef14d106 ] Request (AttachInterfacesTestJSON:test_create_list_show_delete_interfaces_by_fixed_ip): 200 GET http://10.180.1.21/compute/v2.1/servers/732ff6d3-2de9-4e6b-887d-5329ba83443c 0.056s
2024-10-24 02:25:45.958 63641 INFO tempest.lib.common.rest_client [req-3b767014-0f13-4c65-a63c-bd62c5224148 req-3b767014-0f13-4c65-a63c-bd62c5224148 ] Request (DeleteServersTestJSON:test_delete_active_server): 200 GET http://10.180.1.21/compute/v2.1/servers/0de6892a-5463-4d60-807c-0e3fca2accf3 0.063s
2024-10-24 02:25:45.959 63651 INFO tempest.lib.common.rest_client [req-9a3a8cd5-be1d-4591-a398-96f87f2789f8 req-9a3a8cd5-be1d-4591-a398-96f87f2789f8 ] Request (ServersWithSpecificFlavorTestJSON:test_verify_created_server_ephemeral_disk): 200 GET http://10.180.1.21/compute/v2.1/servers/1c68f354-9e0e-4e7e-925e-d31fab4ac1ce 0.099s
2024-10-24 02:25:46.022 63643 INFO tempest.lib.common.rest_client [req-c078c579-79cc-4b54-9f34-86abcaadcb6f req-c078c579-79cc-4b54-9f34-86abcaadcb6f ] Request (ServersTestJSON:setUpClass): 200 GET http://10.180.1.21/compute/v2.1/servers/ec4726b2-38f9-4499-a5b0-a70db0d697f6 0.082s
2024-10-24 02:25:46.023 63647 INFO tempest.lib.common.rest_client [req-af1ab114-8610-490b-b26a-30b54889b0ee req-af1ab114-8610-490b-b26a-30b54889b0ee ] Request (DeleteServersAdminTestJSON:test_delete_server_while_in_error_state): 200 GET http://10.180.1.21/compute/v2.1/servers/115e42ee-60cc-400d-8f4d-c23009f9091f 0.092s
2024-10-24 02:25:46.082 63607 INFO tempest.lib.common.rest_client [req-46405543-b216-481d-bb51-5cfb53b91326 req-46405543-b216-481d-bb51-5cfb53b91326 ] Request (ServerShowV247Test:test_update_rebuild_list_server): 200 GET http://10.180.1.21/compute/v2.1/servers/f9c8ed86-506b-4654-8e7e-cb218605764b 0.084s
2024-10-24 02:25:46.090 63639 INFO tempest.lib.common.rest_client [req-7e1b87bc-bda7-4e02-b3f2-165bb2bec232 req-7e1b87bc-bda7-4e02-b3f2-165bb2bec232 ] Request (ServersTestJSON:test_create_server_specify_multibyte_character_name): 200 GET http://10.180.1.21/compute/v2.1/servers/2386393a-3006-4e6b-91e0-40b7ab8e3948 0.090s
2024-10-24 02:25:46.149 63601 INFO tempest.lib.common.rest_client [req-15d6e694-9fa2-4c54-8deb-645a79e91f98 req-15d6e694-9fa2-4c54-8deb-645a79e91f98 ] Request (FloatingIPsAssociationNegativeTestJSON:setUpClass): 200 GET http://10.180.1.21/compute/v2.1/servers/1de0e894-1edb-4296-9e9b-2c1eb0c7c275 0.084s
2024-10-24 02:25:46.160 63627 INFO tempest.lib.common.rest_client [req-ee962646-9e84-4f4f-b94d-78c55643bbe6 req-ee962646-9e84-4f4f-b94d-78c55643bbe6 ] Request (ServersTestFqdnHostnames:test_create_server_with_fqdn_name): 200 GET http://10.180.1.21/compute/v2.1/servers/8e5e4a26-69ed-461d-aa67-929c0a4ab0f6 0.106s
2024-10-24 02:25:46.200 63615 INFO tempest.lib.common.rest_client [req-690b7ce3-961a-4f8e-a2c2-8e44f6924079 req-690b7ce3-961a-4f8e-a2c2-8e44f6924079 ] Request (ServerDiagnosticsTest:test_get_server_diagnostics): 200 GET http://10.180.1.21/compute/v2.1/servers/c80d746b-ad37-43d7-874e-1c1c848546f1 0.088s
2024-10-24 02:25:46.235 63635 INFO tempest.lib.common.rest_client [req-1164690e-ef68-4257-a0f9-24099a77ffe3 req-1164690e-ef68-4257-a0f9-24099a77ffe3 ] Request (ServerMetadataTestJSON:setUpClass): 200 GET http://10.180.1.21/compute/v2.1/servers/591a7907-e4a7-41d6-9cd0-5cb359f08810 0.115s
2024-10-24 02:25:46.269 63617 INFO tempest.lib.common.rest_client [req-7c2b0a6d-a931-459e-a3e5-8e6811fb982c req-7c2b0a6d-a931-459e-a3e5-8e6811fb982c ] Request (MigrationsAdminTest:test_resize_server_revert_deleted_flavor): 200 GET http://10.180.1.21/compute/v2.1/servers/ad05eda3-efd7-4040-be9c-6a47df02889b 0.106s
2024-10-24 02:25:46.298 63599 INFO tempest.lib.common.rest_client [req-891eece0-a1db-4382-9b1d-a612d568b663 req-891eece0-a1db-4382-9b1d-a612d568b663 ] Request (ServerDiagnosticsV248Test:test_get_server_diagnostics): 200 GET http://10.180.1.21/compute/v2.1/servers/b2bf4912-6b88-4ece-95c9-e9fd1cf906df 0.127s
2024-10-24 02:25:46.326 63612 INFO tempest.lib.common.rest_client [req-b1679f6b-990e-4fb6-b95f-e8f5daba12ab req-b1679f6b-990e-4fb6-b95f-e8f5daba12ab ] Request (ServerShowV254Test:test_rebuild_server): 200 GET http://10.180.1.21/compute/v2.1/servers/e5c80c05-0e48-415a-ac91-a53e1c8819f0 0.111s
2024-10-24 02:25:46.352 63593 INFO tempest.lib.common.rest_client [req-44de8c67-3dd5-49f6-9fee-34c51aa2e43e req-44de8c67-3dd5-49f6-9fee-34c51aa2e43e ] Request (FloatingIPsAssociationTestJSON:setUpClass): 200 GET http://10.180.1.21/compute/v2.1/servers/b275344f-695e-463b-8bfe-2bee97296349 0.132s
2024-10-24 02:25:46.389 63609 INFO tempest.lib.common.rest_client [req-714038a5-3f04-46ed-bb8f-bc8439264ff6 req-714038a5-3f04-46ed-bb8f-bc8439264ff6 ] Request (ServersAaction247Test:tearDownClass): 200 GET http://10.180.1.21/compute/v2.1/servers/abe6726e-7d6a-46e0-9273-de3e681311eb 0.109s
2024-10-24 02:25:46.404 63655 INFO tempest.lib.common.rest_client [req-6dbdee29-fcea-47e2-a30a-e3b9ca0a59d7 req-6dbdee29-fcea-47e2-a30a-e3b9ca0a59d7 ] Request (ServerActionsTestJSON:setUpClass): 200 GET http://10.180.1.21/compute/v2.1/servers/b46098f3-d952-4a33-86fe-825fe4625008 0.115s
2024-10-24 02:25:46.457 63649 INFO tempest.lib.common.rest_client [req-ef888e3c-daec-4bb2-a038-1c58202b861c req-ef888e3c-daec-4bb2-a038-1c58202b861c ] Request (ServersV294TestFqdnHostnames:setUpClass): 200 GET http://10.180.1.21/compute/v2.1/servers/d7589681-fe6c-4dc6-b533-ade8ae634d58 0.109s
2024-10-24 02:25:46.457 63613 INFO tempest.lib.common.rest_client [req-352be0ba-9a41-458a-8381-0c14dbf709df req-352be0ba-9a41-458a-8381-0c14dbf709df ] Request (ListServerFiltersTestJSON:setUpClass): 200 GET http://10.180.1.21/compute/v2.1/servers/d5daa7b5-2b00-46f5-b89b-42f33f6cd3c6 0.125s
2024-10-24 02:25:46.520 63625 INFO tempest.lib.common.rest_client [req-80efffbb-836e-4f8c-86ea-8fabb097dea6 req-80efffbb-836e-4f8c-86ea-8fabb097dea6 ] Request (TenantUsagesTestJSON:setUpClass): 200 GET http://10.180.1.21/compute/v2.1/servers/4392313f-2fed-4308-b79a-324b3431d5af 0.130s
2024-10-24 02:25:46.522 63603 INFO tempest.lib.common.rest_client [req-d5d77d23-6f89-4c1d-aa0c-25f90009025e req-d5d77d23-6f89-4c1d-aa0c-25f90009025e ] Request (ServersAdminNegativeTestJSON:setUpClass): 200 GET http://10.180.1.21/compute/v2.1/servers/9478ce7a-99c6-4e95-82b0-f8a71ce94a90 0.088s
2024-10-24 02:25:46.544 63595 INFO tempest.lib.common.rest_client [req-48382d86-abc1-4fdc-8676-efd2b0504142 req-48382d86-abc1-4fdc-8676-efd2b0504142 ] Request (InstanceActionsTestJSON:setUpClass): 200 PUT http://10.180.1.21:9696/networking/v2.0/routers/ec131abd-1c22-4bbe-a291-4e00bb315bb4/add_router_interface 0.804s
2024-10-24 02:25:46.544 63595 INFO tempest.lib.common.dynamic_creds [-] Created isolated network resources for: credentials: Credentials: {'domain_id': 'default', 'domain_name': 'Default', 'username': 'tempest-InstanceActionsTestJSON-362497317-project-member', 'project_domain_id': 'default', 'project_domain_name': 'Default', 'project_id': '81adc0ecb7dd4c2fa22110ca4f54d396', 'project_name': 'tempest-InstanceActionsTestJSON-362497317', 'tenant_id': '81adc0ecb7dd4c2fa22110ca4f54d396', 'tenant_name': 'tempest-InstanceActionsTestJSON-362497317', 'user_domain_id': 'default', 'user_domain_name': 'Default', 'user_id': '3813b6016e9c4b2b8fdf7a2db1a8a74b', 'system': None}, Network: {'id': 'fcc6ac4c-8d85-44e2-9374-a587ba9bf59b', 'name': 'tempest-InstanceActionsTestJSON-995233696-network', 'tenant_id': '81adc0ecb7dd4c2fa22110ca4f54d396', 'admin_state_up': True, 'mtu': 8950, 'status': 'ACTIVE', 'subnets': [], 'shared': False, 'project_id': '81adc0ecb7dd4c2fa22110ca4f54d396', 'port_security_enabled': True, 'router:external': False, 'provider:network_type': 'vlan', 'provider:physical_network': 'default', 'provider:segmentation_id': 232, 'is_default': False, 'availability_zone_hints': [], 'availability_zones': [], 'ipv4_address_scope': None, 'ipv6_address_scope': None, 'description': '', 'tags': [], 'created_at': '2024-10-24T02:25:44Z', 'updated_at': '2024-10-24T02:25:44Z', 'revision_number': 1}, Subnet: {'id': 'b06efffa-a359-4411-ad73-1bbb6408cba9', 'name': 'tempest-InstanceActionsTestJSON-995233696-subnet', 'tenant_id': '81adc0ecb7dd4c2fa22110ca4f54d396', 'network_id': 'fcc6ac4c-8d85-44e2-9374-a587ba9bf59b', 'ip_version': 4, 'subnetpool_id': None, 'enable_dhcp': True, 'ipv6_ra_mode': None, 'ipv6_address_mode': None, 'gateway_ip': '192.168.128.1', 'cidr': '192.168.128.0/28', 'allocation_pools': [{'start': '192.168.128.2', 'end': '192.168.128.14'}], 'host_routes': [], 'dns_nameservers': [], 'description': '', 'router:external': False, 'service_types': [], 'tags': [], 'created_at': '2024-10-24T02:25:44Z', 'updated_at': '2024-10-24T02:25:44Z', 'revision_number': 0, 'project_id': '81adc0ecb7dd4c2fa22110ca4f54d396'}, Router: {'id': 'ec131abd-1c22-4bbe-a291-4e00bb315bb4', 'name': 'tempest-InstanceActionsTestJSON-995233696-router', 'tenant_id': '81adc0ecb7dd4c2fa22110ca4f54d396', 'admin_state_up': True, 'status': 'ACTIVE', 'external_gateway_info': {'network_id': '1b6d991f-0d2c-45a9-8ae6-d380de4283ed', 'external_fixed_ips': [{'subnet_id': '901082b9-27ac-4106-a1f6-9b3f390728a3', 'ip_address': '10.180.180.130'}], 'enable_snat': True}, 'description': '', 'availability_zones': [], 'distributed': False, 'ha': False, 'availability_zone_hints': [], 'routes': [], 'flavor_id': None, 'tags': [], 'created_at': '2024-10-24T02:25:44Z', 'updated_at': '2024-10-24T02:25:45Z', 'revision_number': 2, 'project_id': '81adc0ecb7dd4c2fa22110ca4f54d396'}
2024-10-24 02:25:46.572 63653 INFO tempest.lib.common.rest_client [req-ffa39dc6-d57b-469f-972f-ca95b5e080e1 req-ffa39dc6-d57b-469f-972f-ca95b5e080e1 ] Request (ListServersNegativeTestJSON:setUpClass): 200 GET http://10.180.1.21/compute/v2.1/servers/087c0c34-2f44-4791-86e7-b1b3564f49d5 0.074s
2024-10-24 02:25:46.631 63595 INFO tempest.lib.common.rest_client [req-1516992f-a6f1-45f3-86a3-97dec92642a6 req-1516992f-a6f1-45f3-86a3-97dec92642a6 ] Request (InstanceActionsTestJSON:setUpClass): 201 POST http://10.180.1.21/identity/v3/auth/tokens 0.083s
2024-10-24 02:25:46.631 63597 INFO tempest.lib.common.rest_client [req-2b2b10fc-6be2-46e8-af3c-af4e7a7a3616 req-2b2b10fc-6be2-46e8-af3c-af4e7a7a3616 ] Request (ServerDiagnosticsNegativeTest:test_get_server_diagnostics_by_non_admin): 200 GET http://10.180.1.21/compute/v2.1/servers/10112b62-f41e-4413-9bc8-c1306c5c1bc1 0.073s
2024-10-24 02:25:46.671 63595 INFO tempest.lib.common.rest_client [req-1e51e198-2ca0-4687-a543-466c32dcf693 req-1e51e198-2ca0-4687-a543-466c32dcf693 ] Request (InstanceActionsTestJSON:setUpClass): 201 POST http://10.180.1.21/identity/v3/auth/tokens 0.037s
2024-10-24 02:25:46.672 63595 INFO tempest.lib.common.fixed_network [-] (InstanceActionsTestJSON:setUpClass) Found network {'id': 'fcc6ac4c-8d85-44e2-9374-a587ba9bf59b', 'name': 'tempest-InstanceActionsTestJSON-995233696-network', 'tenant_id': '81adc0ecb7dd4c2fa22110ca4f54d396', 'admin_state_up': True, 'mtu': 8950, 'status': 'ACTIVE', 'subnets': [], 'shared': False, 'project_id': '81adc0ecb7dd4c2fa22110ca4f54d396', 'port_security_enabled': True, 'router:external': False, 'provider:network_type': 'vlan', 'provider:physical_network': 'default', 'provider:segmentation_id': 232, 'is_default': False, 'availability_zone_hints': [], 'availability_zones': [], 'ipv4_address_scope': None, 'ipv6_address_scope': None, 'description': '', 'tags': [], 'created_at': '2024-10-24T02:25:44Z', 'updated_at': '2024-10-24T02:25:44Z', 'revision_number': 1} available for tenant
2024-10-24 02:25:46.687 63629 INFO tempest.lib.common.rest_client [req-418a3485-290d-4748-80c3-9f31b60a9b3f req-418a3485-290d-4748-80c3-9f31b60a9b3f ] Request (ServersTestManualDisk:setUpClass): 200 GET http://10.180.1.21/compute/v2.1/servers/5c0ba7c6-9946-4765-be4b-d48d3823a68d 0.064s
2024-10-24 02:25:46.692 63623 INFO tempest.lib.common.rest_client [req-d1e5e978-6944-4c82-b419-b3b6df234447 req-d1e5e978-6944-4c82-b419-b3b6df234447 ] Request (ServersTestBootFromVolume:setUpClass): 200 GET http://10.180.1.21/volume/v3/volumes/56f0283a-f2fa-4ff2-a7fc-4af53c2f3f7d 0.035s
2024-10-24 02:25:46.746 63619 INFO tempest.lib.common.rest_client [req-0e5209e4-129d-41da-9f35-169ff9b7a5a6 req-0e5209e4-129d-41da-9f35-169ff9b7a5a6 ] Request (ServerRescueTestJSONUnderV235:setUpClass): 200 GET http://10.180.1.21/compute/v2.1/servers/3dd3c8f5-f2ab-46b2-a6b8-beaeb906cbab 0.062s
2024-10-24 02:25:46.816 63634 INFO tempest.lib.common.rest_client [req-92acca63-6e91-4367-badb-d4d9674432c7 req-92acca63-6e91-4367-badb-d4d9674432c7 ] Request (ImagesTestJSON:test_create_image_from_suspended_server): 200 GET http://10.180.1.21/compute/v2.1/servers/b7dcc653-a430-48c4-9185-3e8200cf1005 0.052s
2024-10-24 02:25:46.877 63605 INFO tempest.lib.common.rest_client [req-80448c12-f127-4253-b76e-b5bab618c1b7 req-80448c12-f127-4253-b76e-b5bab618c1b7 ] Request (SecurityGroupsTestJSON:test_list_security_groups_by_server): 200 GET http://10.180.1.21/compute/v2.1/servers/1446c7da-415f-43ee-9ff1-2266bd3038e4 0.075s
2024-10-24 02:25:46.959 63637 INFO tempest.lib.common.rest_client [req-7e246977-0775-4e38-9e6f-427dad8ea464 req-7e246977-0775-4e38-9e6f-427dad8ea464 ] Request (ServerExternalEventsTest:test_create_server_external_events): 200 GET http://10.180.1.21/compute/v2.1/servers/bc1d7402-3651-488b-a431-2cb2ae987d32 0.067s
2024-10-24 02:25:46.965 63637 INFO tempest.common.waiters [-] State transition "BUILD/None" ==> "BUILD/networking" after 39 second wait
2024-10-24 02:25:47.008 63621 INFO tempest.lib.common.rest_client [req-1d8ee4a5-caa2-4271-9e03-7beda56be4df req-1d8ee4a5-caa2-4271-9e03-7beda56be4df ] Request (AttachInterfacesTestJSON:test_create_list_show_delete_interfaces_by_fixed_ip): 200 GET http://10.180.1.21/compute/v2.1/servers/732ff6d3-2de9-4e6b-887d-5329ba83443c 0.101s
2024-10-24 02:25:47.061 63641 INFO tempest.lib.common.rest_client [req-8a22d688-4d75-451e-9136-428ca1f27898 req-8a22d688-4d75-451e-9136-428ca1f27898 ] Request (DeleteServersTestJSON:test_delete_active_server): 200 GET http://10.180.1.21/compute/v2.1/servers/0de6892a-5463-4d60-807c-0e3fca2accf3 0.095s
2024-10-24 02:25:47.114 63651 INFO tempest.lib.common.rest_client [req-6d278e1b-ca35-437b-8c9d-44b1a6a2ac54 req-6d278e1b-ca35-437b-8c9d-44b1a6a2ac54 ] Request (ServersWithSpecificFlavorTestJSON:test_verify_created_server_ephemeral_disk): 200 GET http://10.180.1.21/compute/v2.1/servers/1c68f354-9e0e-4e7e-925e-d31fab4ac1ce 0.141s
2024-10-24 02:25:47.133 63595 INFO tempest.lib.common.rest_client [req-37c373ce-ed2f-4b04-b6f7-e8115e22a0a5 req-37c373ce-ed2f-4b04-b6f7-e8115e22a0a5 ] Request (InstanceActionsTestJSON:setUpClass): 202 POST http://10.180.1.21/compute/v2.1/servers 0.461s
2024-10-24 02:25:47.172 63643 INFO tempest.lib.common.rest_client [req-3e4e66b7-bc4c-4414-98ee-88b33cd0481d req-3e4e66b7-bc4c-4414-98ee-88b33cd0481d ] Request (ServersTestJSON:setUpClass): 200 GET http://10.180.1.21/compute/v2.1/servers/ec4726b2-38f9-4499-a5b0-a70db0d697f6 0.143s
2024-10-24 02:25:47.195 63647 INFO tempest.lib.common.rest_client [req-b5c37fb6-0ff7-4613-b0fe-40a4163bcc11 req-b5c37fb6-0ff7-4613-b0fe-40a4163bcc11 ] Request (DeleteServersAdminTestJSON:test_delete_server_while_in_error_state): 200 GET http://10.180.1.21/compute/v2.1/servers/115e42ee-60cc-400d-8f4d-c23009f9091f 0.160s
