2024-10-24 02:25:38.979 63605 INFO tempest.lib.common.rest_client [req-42a50f3b-0e02-4ba7-9229-c88e73418d79 req-42a50f3b-0e02-4ba7-9229-c88e73418d79 ] Request (SecurityGroupsTestJSON:setUpClass): 200 GET http://10.180.1.21/identity/v3/roles 0.024s
2024-10-24 02:25:38.990 63615 INFO tempest.lib.common.rest_client [req-0c78553a-7922-4da8-9aa0-99b1a651ab39 req-0c78553a-7922-4da8-9aa0-99b1a651ab39 ] Request (ServerDiagnosticsTest:test_get_server_diagnostics): 200 GET http://10.180.1.21/compute/v2.1/servers/c80d746b-ad37-43d7-874e-1c1c848546f1 0.131s
2024-10-24 02:25:39.001 63643 INFO tempest.lib.common.rest_client [req-e857938c-2d56-4cbd-a95a-b559cafd4d32 req-e857938c-2d56-4cbd-a95a-b559cafd4d32 ] Request (ListImagesTestJSON:setUpClass): 204 PUT http://10.180.1.21/identity/v3/projects/782bc0938ec74a69b422769c0e95bf2a/users/063e0ffc69f347e7a0bb20e55707f629/roles/0a9aac8f8f1f4d2e9ed0435e8a05e0c7 0.034s
2024-10-24 02:25:39.001 63643 INFO tempest.lib.common.dynamic_creds [-] Dynamic test user 063e0ffc69f347e7a0bb20e55707f629 is created with scope project and roles: ['member']
2024-10-24 02:25:39.001 63643 INFO tempest.lib.common.dynamic_creds [-] Acquired dynamic creds: credentials: Credentials: {'domain_id': 'default', 'domain_name': 'Default', 'username': 'tempest-ListImagesTestJSON-1061989561-project-member', 'project_domain_id': 'default', 'project_domain_name': 'Default', 'project_id': '782bc0938ec74a69b422769c0e95bf2a', 'project_name': 'tempest-ListImagesTestJSON-1061989561', 'tenant_id': '782bc0938ec74a69b422769c0e95bf2a', 'tenant_name': 'tempest-ListImagesTestJSON-1061989561', 'user_domain_id': 'default', 'user_domain_name': 'Default', 'user_id': '063e0ffc69f347e7a0bb20e55707f629', 'system': None}, Network: None, Subnet: None, Router: None
2024-10-24 02:25:39.002 63643 INFO tempest.lib.common.dynamic_creds [-] Created isolated network resources for: credentials: Credentials: {'domain_id': 'default', 'domain_name': 'Default', 'username': 'tempest-ListImagesTestJSON-1061989561-project-member', 'project_domain_id': 'default', 'project_domain_name': 'Default', 'project_id': '782bc0938ec74a69b422769c0e95bf2a', 'project_name': 'tempest-ListImagesTestJSON-1061989561', 'tenant_id': '782bc0938ec74a69b422769c0e95bf2a', 'tenant_name': 'tempest-ListImagesTestJSON-1061989561', 'user_domain_id': 'default', 'user_domain_name': 'Default', 'user_id': '063e0ffc69f347e7a0bb20e55707f629', 'system': None}, Network: None, Subnet: None, Router: None
2024-10-24 02:25:39.013 63605 INFO tempest.lib.common.rest_client [req-5b178f88-85fc-454a-9f24-273db562d8cd req-5b178f88-85fc-454a-9f24-273db562d8cd ] Request (SecurityGroupsTestJSON:setUpClass): 204 PUT http://10.180.1.21/identity/v3/projects/87a296f0ecd94879ab2336899fc575bf/users/3fd9a173cf6d4f2c8da17df12a9f3779/roles/0a9aac8f8f1f4d2e9ed0435e8a05e0c7 0.033s
2024-10-24 02:25:39.013 63605 INFO tempest.lib.common.dynamic_creds [-] Dynamic test user 3fd9a173cf6d4f2c8da17df12a9f3779 is created with scope project and roles: ['member']
2024-10-24 02:25:39.013 63605 INFO tempest.lib.common.dynamic_creds [-] Acquired dynamic creds: credentials: Credentials: {'domain_id': 'default', 'domain_name': 'Default', 'username': 'tempest-SecurityGroupsTestJSON-464317749-project-member', 'project_domain_id': 'default', 'project_domain_name': 'Default', 'project_id': '87a296f0ecd94879ab2336899fc575bf', 'project_name': 'tempest-SecurityGroupsTestJSON-464317749', 'tenant_id': '87a296f0ecd94879ab2336899fc575bf', 'tenant_name': 'tempest-SecurityGroupsTestJSON-464317749', 'user_domain_id': 'default', 'user_domain_name': 'Default', 'user_id': '3fd9a173cf6d4f2c8da17df12a9f3779', 'system': None}, Network: None, Subnet: None, Router: None
2024-10-24 02:25:39.027 63635 INFO tempest.lib.common.rest_client [req-31926c55-69d1-43a5-9bc0-5773dfc62e38 req-31926c55-69d1-43a5-9bc0-5773dfc62e38 ] Request (ServerMetadataTestJSON:setUpClass): 200 GET http://10.180.1.21/compute/v2.1/servers/591a7907-e4a7-41d6-9cd0-5cb359f08810 0.168s
2024-10-24 02:25:39.040 63599 INFO tempest.lib.common.rest_client [req-01fe62ab-bf22-43d8-9c65-fc2afc6a5c55 req-01fe62ab-bf22-43d8-9c65-fc2afc6a5c55 ] Request (ServerDiagnosticsV248Test:test_get_server_diagnostics): 200 GET http://10.180.1.21/compute/v2.1/servers/b2bf4912-6b88-4ece-95c9-e9fd1cf906df 0.076s
2024-10-24 02:25:39.065 63643 INFO tempest.lib.common.rest_client [req-a57e290b-dfd1-4655-8598-17836bbfdb60 req-a57e290b-dfd1-4655-8598-17836bbfdb60 ] Request (ListImagesTestJSON:setUpClass): 201 POST http://10.180.1.21/identity/v3/auth/tokens 0.060s
2024-10-24 02:25:39.065 63605 INFO tempest.lib.common.rest_client [req-a1daf0a0-1e11-4c76-bbdb-d32a46b9002d req-a1daf0a0-1e11-4c76-bbdb-d32a46b9002d ] Request (SecurityGroupsTestJSON:setUpClass): 201 POST http://10.180.1.21/identity/v3/auth/tokens 0.051s
2024-10-24 02:25:39.072 63617 INFO tempest.lib.common.rest_client [req-0c9e781e-840b-4f31-92c4-92f872e4e127 req-0c9e781e-840b-4f31-92c4-92f872e4e127 ] Request (MigrationsAdminTest:test_resize_server_revert_deleted_flavor): 200 GET http://10.180.1.21/compute/v2.1/servers/ad05eda3-efd7-4040-be9c-6a47df02889b 0.107s
2024-10-24 02:25:39.107 63593 INFO tempest.lib.common.rest_client [req-2266d975-f403-4309-90f2-35b388e02c86 req-2266d975-f403-4309-90f2-35b388e02c86 ] Request (FloatingIPsAssociationTestJSON:setUpClass): 200 GET http://10.180.1.21/compute/v2.1/servers/b275344f-695e-463b-8bfe-2bee97296349 0.053s
2024-10-24 02:25:39.165 63612 INFO tempest.lib.common.rest_client [req-a5b9a65a-6878-459f-9922-2e035c3226fe req-a5b9a65a-6878-459f-9922-2e035c3226fe ] Request (ServerShowV254Test:test_rebuild_server): 200 GET http://10.180.1.21/compute/v2.1/servers/e5c80c05-0e48-415a-ac91-a53e1c8819f0 0.092s
2024-10-24 02:25:39.211 63643 INFO tempest.lib.common.rest_client [req-67629ecd-9ec5-4b76-8338-bf79f6aedd8f req-67629ecd-9ec5-4b76-8338-bf79f6aedd8f ] Request (ListImagesTestJSON:test_get_image): 200 GET http://10.180.1.21/compute/v2.1/images/84ca0bb3-9916-4cea-9399-75af77b0558e 0.145s
2024-10-24 02:25:39.231 63609 INFO tempest.lib.common.rest_client [req-fa0e1a57-d340-47b2-91a8-91cf936f3323 req-fa0e1a57-d340-47b2-91a8-91cf936f3323 ] Request (ServersAaction247Test:tearDownClass): 200 GET http://10.180.1.21/compute/v2.1/servers/abe6726e-7d6a-46e0-9273-de3e681311eb 0.087s
2024-10-24 02:25:39.284 63655 INFO tempest.lib.common.rest_client [req-10aeabf1-0aa0-4daa-8f4e-7107c5d6eadd req-10aeabf1-0aa0-4daa-8f4e-7107c5d6eadd ] Request (ServerActionsTestJSON:setUpClass): 200 GET http://10.180.1.21/compute/v2.1/servers/b46098f3-d952-4a33-86fe-825fe4625008 0.086s
2024-10-24 02:25:39.293 63643 INFO tempest.lib.common.rest_client [req-a55ddcf8-4b48-4e87-ba4a-0f099e54602e req-a55ddcf8-4b48-4e87-ba4a-0f099e54602e ] Request (ListImagesTestJSON:test_list_images): 200 GET http://10.180.1.21/compute/v2.1/images 0.077s
2024-10-24 02:25:39.330 63643 INFO tempest.lib.common.rest_client [req-4d02c85b-60ac-4e5e-853e-fb0dfcd0ee5a req-4d02c85b-60ac-4e5e-853e-fb0dfcd0ee5a ] Request (ListImagesTestJSON:test_list_images_with_detail): 200 GET http://10.180.1.21/compute/v2.1/images/detail 0.034s
2024-10-24 02:25:39.334 63613 INFO tempest.lib.common.rest_client [req-9f1953f9-b603-4de3-a0bd-3d9939472daf req-9f1953f9-b603-4de3-a0bd-3d9939472daf ] Request (ListServerFiltersTestJSON:setUpClass): 200 GET http://10.180.1.21/compute/v2.1/servers/d5daa7b5-2b00-46f5-b89b-42f33f6cd3c6 0.083s
2024-10-24 02:25:39.369 63605 INFO tempest.lib.common.rest_client [req-0047bdb5-181a-4e7c-b407-4c9c4c5feddd req-0047bdb5-181a-4e7c-b407-4c9c4c5feddd ] Request (SecurityGroupsTestJSON:setUpClass): 201 POST http://10.180.1.21:9696/networking/v2.0/networks 0.304s
2024-10-24 02:25:39.372 63595 INFO tempest.lib.common.rest_client [req-8aa73e0c-7547-4600-9d6f-e117b676885f req-8aa73e0c-7547-4600-9d6f-e117b676885f ] Request (ImagesMetadataTestJSON:setUpClass): 204 PUT http://10.180.1.21/image/v2/images/8c3b014f-13ff-4fc3-8676-b0c231e85c6d/file 0.703s
2024-10-24 02:25:39.402 63623 INFO tempest.lib.common.rest_client [req-b1e6c2e2-b18c-4e28-9444-13e429b722da req-b1e6c2e2-b18c-4e28-9444-13e429b722da ] Request (ServersTestBootFromVolume:setUpClass): 200 GET http://10.180.1.21/volume/v3/volumes/56f0283a-f2fa-4ff2-a7fc-4af53c2f3f7d 0.033s
2024-10-24 02:25:39.410 63643 INFO tempest.lib.common.rest_client [req-c8f402f2-f8e3-4016-87a4-8042636f2e84 req-c8f402f2-f8e3-4016-87a4-8042636f2e84 ] Request (ListImagesTestJSON:tearDownClass): 204 DELETE http://10.180.1.21/identity/v3/users/063e0ffc69f347e7a0bb20e55707f629 0.075s
2024-10-24 02:25:39.410 63643 INFO tempest.lib.common.dynamic_creds [-] Deleting project and security group for project: 782bc0938ec74a69b422769c0e95bf2a
2024-10-24 02:25:39.415 63595 INFO tempest.lib.common.rest_client [req-2ffb306d-310d-4cb2-a2b4-7cfd96fceffd req-2ffb306d-310d-4cb2-a2b4-7cfd96fceffd ] Request (ImagesMetadataTestJSON:setUpClass): 200 GET http://10.180.1.21/compute/v2.1/images/8c3b014f-13ff-4fc3-8676-b0c231e85c6d 0.042s
2024-10-24 02:25:39.427 63649 INFO tempest.lib.common.rest_client [req-de593f31-3a87-4877-9f94-2dbcba67dbbc req-de593f31-3a87-4877-9f94-2dbcba67dbbc ] Request (ServersV294TestFqdnHostnames:setUpClass): 200 GET http://10.180.1.21/compute/v2.1/servers/d7589681-fe6c-4dc6-b533-ade8ae634d58 0.086s
2024-10-24 02:25:39.467 63643 INFO tempest.lib.common.rest_client [req-3899bb8d-fdf4-4595-8855-42f4b465fa16 req-3899bb8d-fdf4-4595-8855-42f4b465fa16 ] Request (ListImagesTestJSON:tearDownClass): 201 POST http://10.180.1.21/identity/v3/auth/tokens 0.056s
2024-10-24 02:25:39.476 63625 INFO tempest.lib.common.rest_client [req-bba25c61-f7e6-425a-81fe-755a2b891c13 req-bba25c61-f7e6-425a-81fe-755a2b891c13 ] Request (TenantUsagesTestJSON:setUpClass): 200 GET http://10.180.1.21/compute/v2.1/servers/4392313f-2fed-4308-b79a-324b3431d5af 0.060s
2024-10-24 02:25:39.538 63603 INFO tempest.lib.common.rest_client [req-0d6a86de-e833-4b45-b4f1-0f97046e3f3c req-0d6a86de-e833-4b45-b4f1-0f97046e3f3c ] Request (ServersAdminNegativeTestJSON:setUpClass): 200 GET http://10.180.1.21/compute/v2.1/servers/9478ce7a-99c6-4e95-82b0-f8a71ce94a90 0.051s
2024-10-24 02:25:39.563 63605 INFO tempest.lib.common.rest_client [req-a1d3a851-7fcf-4f66-8dcc-9c4647f0a793 req-a1d3a851-7fcf-4f66-8dcc-9c4647f0a793 ] Request (SecurityGroupsTestJSON:setUpClass): 201 POST http://10.180.1.21:9696/networking/v2.0/subnets 0.193s
2024-10-24 02:25:39.602 63653 INFO tempest.lib.common.rest_client [req-3550773a-4a3b-4e76-83b7-64bbf09c5477 req-3550773a-4a3b-4e76-83b7-64bbf09c5477 ] Request (ListServersNegativeTestJSON:setUpClass): 200 GET http://10.180.1.21/compute/v2.1/servers/087c0c34-2f44-4791-86e7-b1b3564f49d5 0.055s
2024-10-24 02:25:39.621 63643 INFO tempest.lib.common.rest_client [req-49990ad4-1c04-4ffc-a4ad-4fbdfc2c8180 req-49990ad4-1c04-4ffc-a4ad-4fbdfc2c8180 ] Request (ListImagesTestJSON:tearDownClass): 200 GET http://10.180.1.21:9696/networking/v2.0/security-groups?tenant_id=782bc0938ec74a69b422769c0e95bf2a&name=default 0.154s
2024-10-24 02:25:39.633 63595 INFO tempest.lib.common.rest_client [req-8e56f36c-a7e1-4f71-91d4-9661ba916562 req-8e56f36c-a7e1-4f71-91d4-9661ba916562 ] Request (ImagesMetadataTestJSON:setUp): 200 PUT http://10.180.1.21/compute/v2.1/images/8c3b014f-13ff-4fc3-8676-b0c231e85c6d/metadata 0.214s
2024-10-24 02:25:39.665 63597 INFO tempest.lib.common.rest_client [req-0286bbe5-b5d9-46b7-977c-100490149199 req-0286bbe5-b5d9-46b7-977c-100490149199 ] Request (ServerDiagnosticsNegativeTest:test_get_server_diagnostics_by_non_admin): 200 GET http://10.180.1.21/compute/v2.1/servers/10112b62-f41e-4413-9bc8-c1306c5c1bc1 0.054s
2024-10-24 02:25:39.715 63643 INFO tempest.lib.common.rest_client [req-ebf7c8e6-efc3-4fad-b52d-4eef5c92f8d4 req-ebf7c8e6-efc3-4fad-b52d-4eef5c92f8d4 ] Request (ListImagesTestJSON:tearDownClass): 204 DELETE http://10.180.1.21:9696/networking/v2.0/security-groups/77dc2738-bf72-4993-83a0-1115bbb8b4fc 0.094s
2024-10-24 02:25:39.767 63629 INFO tempest.lib.common.rest_client [req-81360247-5098-4d54-9b2c-6e0065ff0a25 req-81360247-5098-4d54-9b2c-6e0065ff0a25 ] Request (ServersTestManualDisk:setUpClass): 200 GET http://10.180.1.21/compute/v2.1/servers/5c0ba7c6-9946-4765-be4b-d48d3823a68d 0.095s
2024-10-24 02:25:39.800 63643 INFO tempest.lib.common.rest_client [req-605f2356-33b8-42d0-8aec-643e45998ae5 req-605f2356-33b8-42d0-8aec-643e45998ae5 ] Request (ListImagesTestJSON:tearDownClass): 204 DELETE http://10.180.1.21/identity/v3/projects/782bc0938ec74a69b422769c0e95bf2a 0.084s
2024-10-24 02:25:39.813 63595 INFO tempest.lib.common.rest_client [req-cad2bf72-cec8-4808-8882-99fc4f640fa2 req-cad2bf72-cec8-4808-8882-99fc4f640fa2 ] Request (ImagesMetadataTestJSON:test_delete_image_metadata_item): 204 DELETE http://10.180.1.21/compute/v2.1/images/8c3b014f-13ff-4fc3-8676-b0c231e85c6d/metadata/os_version 0.179s
2024-10-24 02:25:39.828 63619 INFO tempest.lib.common.rest_client [req-c3c232f1-4861-464d-8892-6190678cf6ff req-c3c232f1-4861-464d-8892-6190678cf6ff ] Request (ServerRescueTestJSONUnderV235:setUpClass): 200 GET http://10.180.1.21/compute/v2.1/servers/3dd3c8f5-f2ab-46b2-a6b8-beaeb906cbab 0.126s
2024-10-24 02:25:39.873 63634 INFO tempest.lib.common.rest_client [req-55ebf800-3420-4c56-bdfa-0990e35fc176 req-55ebf800-3420-4c56-bdfa-0990e35fc176 ] Request (ImagesTestJSON:test_create_image_from_suspended_server): 200 GET http://10.180.1.21/compute/v2.1/servers/b7dcc653-a430-48c4-9185-3e8200cf1005 0.140s
2024-10-24 02:25:39.873 63643 INFO tempest.lib.common.rest_client [req-96817c83-7c6c-4c5d-8d9e-87ad8ba6055c req-96817c83-7c6c-4c5d-8d9e-87ad8ba6055c ] Request (ServersTestJSON:setUpClass): 201 POST http://10.180.1.21/identity/v3/auth/tokens 0.071s
2024-10-24 02:25:39.887 63637 INFO tempest.lib.common.rest_client [req-379bd612-a9db-4622-b5bf-db6efd4f2c51 req-379bd612-a9db-4622-b5bf-db6efd4f2c51 ] Request (ServerExternalEventsTest:test_create_server_external_events): 200 GET http://10.180.1.21/compute/v2.1/servers/bc1d7402-3651-488b-a431-2cb2ae987d32 0.111s
2024-10-24 02:25:39.911 63643 INFO tempest.lib.common.rest_client [req-913b8b3f-0820-4275-8df1-101cb66c1ec3 req-913b8b3f-0820-4275-8df1-101cb66c1ec3 ] Request (ServersTestJSON:setUpClass): 201 POST http://10.180.1.21/identity/v3/auth/tokens 0.035s
2024-10-24 02:25:39.919 63595 INFO tempest.lib.common.rest_client [req-d0ac0764-7a14-4026-909d-8614ee330033 req-d0ac0764-7a14-4026-909d-8614ee330033 ] Request (ImagesMetadataTestJSON:test_delete_image_metadata_item): 200 GET http://10.180.1.21/compute/v2.1/images/8c3b014f-13ff-4fc3-8676-b0c231e85c6d/metadata 0.105s
2024-10-24 02:25:39.932 63643 INFO tempest.lib.common.rest_client [req-f7fdfc07-2bd4-4199-8061-ed1375b28068 req-f7fdfc07-2bd4-4199-8061-ed1375b28068 ] Request (ServersTestJSON:setUpClass): 200 GET http://10.180.1.21/identity/v3/domains?name=Default 0.021s
2024-10-24 02:25:39.933 63651 INFO tempest.lib.common.rest_client [req-59edd4b6-2ed8-4f22-81c7-039af09332ac req-59edd4b6-2ed8-4f22-81c7-039af09332ac ] Request (ServersWithSpecificFlavorTestJSON:test_verify_created_server_ephemeral_disk): 200 GET http://10.180.1.21/compute/v2.1/servers/1c68f354-9e0e-4e7e-925e-d31fab4ac1ce 0.143s
2024-10-24 02:25:39.960 63643 INFO tempest.lib.common.rest_client [req-76e3b86c-bda2-4cc2-b810-deb322c5a467 req-76e3b86c-bda2-4cc2-b810-deb322c5a467 ] Request (ServersTestJSON:setUpClass): 201 POST http://10.180.1.21/identity/v3/projects 0.027s
2024-10-24 02:25:39.964 63621 INFO tempest.lib.common.rest_client [req-ed4a8671-af9e-48d8-9445-efbdf000fc46 req-ed4a8671-af9e-48d8-9445-efbdf000fc46 ] Request (AttachInterfacesTestJSON:test_create_list_show_delete_interfaces_by_fixed_ip): 200 GET http://10.180.1.21/compute/v2.1/servers/732ff6d3-2de9-4e6b-887d-5329ba83443c 0.125s
2024-10-24 02:25:39.980 63641 INFO tempest.lib.common.rest_client [req-9e1de7e0-b8f0-442f-b960-e8f5f4ab62c1 req-9e1de7e0-b8f0-442f-b960-e8f5f4ab62c1 ] Request (DeleteServersTestJSON:test_delete_active_server): 200 GET http://10.180.1.21/compute/v2.1/servers/0de6892a-5463-4d60-807c-0e3fca2accf3 0.133s
2024-10-24 02:25:40.013 63647 INFO tempest.lib.common.rest_client [req-b9885a91-6807-4979-b4bb-35a6d08c1a5f req-b9885a91-6807-4979-b4bb-35a6d08c1a5f ] Request (DeleteServersAdminTestJSON:test_delete_server_while_in_error_state): 200 GET http://10.180.1.21/compute/v2.1/servers/115e42ee-60cc-400d-8f4d-c23009f9091f 0.115s
2024-10-24 02:25:40.025 63643 INFO tempest.lib.common.rest_client [req-82277725-cf58-462d-8e6c-70071f3fe394 req-82277725-cf58-462d-8e6c-70071f3fe394 ] Request (ServersTestJSON:setUpClass): 201 POST http://10.180.1.21/identity/v3/users 0.064s
2024-10-24 02:25:40.034 63607 INFO tempest.lib.common.rest_client [req-1c2228f6-7049-4c42-adf2-38d67555b00f req-1c2228f6-7049-4c42-adf2-38d67555b00f ] Request (ServerShowV247Test:test_update_rebuild_list_server): 200 GET http://10.180.1.21/compute/v2.1/servers/f9c8ed86-506b-4654-8e7e-cb218605764b 0.127s
2024-10-24 02:25:40.048 63643 INFO tempest.lib.common.rest_client [req-ef7d5dfc-b8ef-48bf-a269-f0c0c444d935 req-ef7d5dfc-b8ef-48bf-a269-f0c0c444d935 ] Request (ServersTestJSON:setUpClass): 200 GET http://10.180.1.21/identity/v3/roles 0.022s
2024-10-24 02:25:40.081 63643 INFO tempest.lib.common.rest_client [req-a6521780-9dc8-403f-9a60-7fd16d5f4f1b req-a6521780-9dc8-403f-9a60-7fd16d5f4f1b ] Request (ServersTestJSON:setUpClass): 204 PUT http://10.180.1.21/identity/v3/projects/4b86199795d048c2b32852520d504f17/users/4e420329c3714636bac314f5abf59f9b/roles/0a9aac8f8f1f4d2e9ed0435e8a05e0c7 0.033s
2024-10-24 02:25:40.081 63643 INFO tempest.lib.common.dynamic_creds [-] Dynamic test user 4e420329c3714636bac314f5abf59f9b is created with scope project and roles: ['member']
2024-10-24 02:25:40.081 63643 INFO tempest.lib.common.dynamic_creds [-] Acquired dynamic creds: credentials: Credentials: {'domain_id': 'default', 'domain_name': 'Default', 'username': 'tempest-ServersTestJSON-1828804353-project-member', 'project_domain_id': 'default', 'project_domain_name': 'Default', 'project_id': '4b86199795d048c2b32852520d504f17', 'project_name': 'tempest-ServersTestJSON-1828804353', 'tenant_id': '4b86199795d048c2b32852520d504f17', 'tenant_name': 'tempest-ServersTestJSON-1828804353', 'user_domain_id': 'default', 'user_domain_name': 'Default', 'user_id': '4e420329c3714636bac314f5abf59f9b', 'system': None}, Network: None, Subnet: None, Router: None
2024-10-24 02:25:40.094 63627 INFO tempest.lib.common.rest_client [req-7adf5505-f0d9-4f95-a424-219e1ce36937 req-7adf5505-f0d9-4f95-a424-219e1ce36937 ] Request (ServersTestFqdnHostnames:test_create_server_with_fqdn_name): 200 GET http://10.180.1.21/compute/v2.1/servers/8e5e4a26-69ed-461d-aa67-929c0a4ab0f6 0.155s
2024-10-24 02:25:40.143 63643 INFO tempest.lib.common.rest_client [req-a281d5ad-8582-4b1f-a703-7e573d0a6883 req-a281d5ad-8582-4b1f-a703-7e573d0a6883 ] Request (ServersTestJSON:setUpClass): 201 POST http://10.180.1.21/identity/v3/auth/tokens 0.061s
2024-10-24 02:25:40.148 63639 INFO tempest.lib.common.rest_client [req-da42d402-6e1a-4335-b86a-806fb4c4e0c3 req-da42d402-6e1a-4335-b86a-806fb4c4e0c3 ] Request (ServersTestJSON:test_create_server_specify_multibyte_character_name): 200 GET http://10.180.1.21/compute/v2.1/servers/2386393a-3006-4e6b-91e0-40b7ab8e3948 0.198s
2024-10-24 02:25:40.202 63601 INFO tempest.lib.common.rest_client [req-89c90a0a-f708-4328-b59f-0fbfae1493a9 req-89c90a0a-f708-4328-b59f-0fbfae1493a9 ] Request (FloatingIPsAssociationNegativeTestJSON:setUpClass): 200 GET http://10.180.1.21/compute/v2.1/servers/1de0e894-1edb-4296-9e9b-2c1eb0c7c275 0.217s
2024-10-24 02:25:40.212 63595 INFO tempest.lib.common.rest_client [req-03e3d93b-446f-4c0a-a1d0-28c4ec64c755 req-03e3d93b-446f-4c0a-a1d0-28c4ec64c755 ] Request (ImagesMetadataTestJSON:setUp): 200 PUT http://10.180.1.21/compute/v2.1/images/8c3b014f-13ff-4fc3-8676-b0c231e85c6d/metadata 0.292s
2024-10-24 02:25:40.256 63615 INFO tempest.lib.common.rest_client [req-fccc0c9b-eb6f-4309-af2a-8f3fb0609a53 req-fccc0c9b-eb6f-4309-af2a-8f3fb0609a53 ] Request (ServerDiagnosticsTest:test_get_server_diagnostics): 200 GET http://10.180.1.21/compute/v2.1/servers/c80d746b-ad37-43d7-874e-1c1c848546f1 0.260s
2024-10-24 02:25:40.272 63635 INFO tempest.lib.common.rest_client [req-29819cdc-d828-4357-8814-27b3869f90f2 req-29819cdc-d828-4357-8814-27b3869f90f2 ] Request (ServerMetadataTestJSON:setUpClass): 200 GET http://10.180.1.21/compute/v2.1/servers/591a7907-e4a7-41d6-9cd0-5cb359f08810 0.237s
2024-10-24 02:25:40.325 63599 INFO tempest.lib.common.rest_client [req-b63064ec-5deb-4d07-85cb-fb86058d78cf req-b63064ec-5deb-4d07-85cb-fb86058d78cf ] Request (ServerDiagnosticsV248Test:test_get_server_diagnostics): 200 GET http://10.180.1.21/compute/v2.1/servers/b2bf4912-6b88-4ece-95c9-e9fd1cf906df 0.275s
2024-10-24 02:25:40.326 63617 INFO tempest.lib.common.rest_client [req-4175c7d6-6650-4291-96ed-61a391d91168 req-4175c7d6-6650-4291-96ed-61a391d91168 ] Request (MigrationsAdminTest:test_resize_server_revert_deleted_flavor): 200 GET http://10.180.1.21/compute/v2.1/servers/ad05eda3-efd7-4040-be9c-6a47df02889b 0.246s
2024-10-24 02:25:40.379 63612 INFO tempest.lib.common.rest_client [req-a4059040-e264-4d68-9fb4-e3cab45b888d req-a4059040-e264-4d68-9fb4-e3cab45b888d ] Request (ServerShowV254Test:test_rebuild_server): 200 GET http://10.180.1.21/compute/v2.1/servers/e5c80c05-0e48-415a-ac91-a53e1c8819f0 0.205s
2024-10-24 02:25:40.392 63593 INFO tempest.lib.common.rest_client [req-e300e2d8-5e0b-4b4b-9113-37ecda70a170 req-e300e2d8-5e0b-4b4b-9113-37ecda70a170 ] Request (FloatingIPsAssociationTestJSON:setUpClass): 200 GET http://10.180.1.21/compute/v2.1/servers/b275344f-695e-463b-8bfe-2bee97296349 0.278s
2024-10-24 02:25:40.420 63643 INFO tempest.lib.common.rest_client [req-5ed86101-0040-47a7-b59a-72ecefaabb9c req-5ed86101-0040-47a7-b59a-72ecefaabb9c ] Request (ServersTestJSON:setUpClass): 201 POST http://10.180.1.21:9696/networking/v2.0/networks 0.277s
2024-10-24 02:25:40.426 63595 INFO tempest.lib.common.rest_client [req-2768fdcb-35f5-4421-a62f-93d1758fd0cd req-2768fdcb-35f5-4421-a62f-93d1758fd0cd ] Request (ImagesMetadataTestJSON:test_get_image_metadata_item): 200 GET http://10.180.1.21/compute/v2.1/images/8c3b014f-13ff-4fc3-8676-b0c231e85c6d/metadata/os_distro 0.211s
2024-10-24 02:25:40.442 63623 INFO tempest.lib.common.rest_client [req-bdfccb74-28b0-4d1a-aaab-83ca139e9ebc req-bdfccb74-28b0-4d1a-aaab-83ca139e9ebc ] Request (ServersTestBootFromVolume:setUpClass): 200 GET http://10.180.1.21/volume/v3/volumes/56f0283a-f2fa-4ff2-a7fc-4af53c2f3f7d 0.034s
2024-10-24 02:25:40.458 63609 INFO tempest.lib.common.rest_client [req-97a9afc4-1260-4911-a5d2-ff155f81ad71 req-97a9afc4-1260-4911-a5d2-ff155f81ad71 ] Request (ServersAaction247Test:tearDownClass): 200 GET http://10.180.1.21/compute/v2.1/servers/abe6726e-7d6a-46e0-9273-de3e681311eb 0.213s
2024-10-24 02:25:40.473 63605 INFO tempest.lib.common.rest_client [req-6e7f3630-b521-48e7-bebb-6dde08fddfb5 req-6e7f3630-b521-48e7-bebb-6dde08fddfb5 ] Request (SecurityGroupsTestJSON:setUpClass): 201 POST http://10.180.1.21:9696/networking/v2.0/routers 0.909s
2024-10-24 02:25:40.477 63655 INFO tempest.lib.common.rest_client [req-4adebe78-1c12-4b8c-b584-44f52b99f912 req-4adebe78-1c12-4b8c-b584-44f52b99f912 ] Request (ServerActionsTestJSON:setUpClass): 200 GET http://10.180.1.21/compute/v2.1/servers/b46098f3-d952-4a33-86fe-825fe4625008 0.184s
2024-10-24 02:25:40.510 63613 INFO tempest.lib.common.rest_client [req-f996a27b-43bf-47f5-bebe-7b45d35d40b7 req-f996a27b-43bf-47f5-bebe-7b45d35d40b7 ] Request (ListServerFiltersTestJSON:setUpClass): 200 GET http://10.180.1.21/compute/v2.1/servers/d5daa7b5-2b00-46f5-b89b-42f33f6cd3c6 0.168s
2024-10-24 02:25:40.560 63649 INFO tempest.lib.common.rest_client [req-18b3420e-f7f3-45c1-808b-e6d2cd85aa04 req-18b3420e-f7f3-45c1-808b-e6d2cd85aa04 ] Request (ServersV294TestFqdnHostnames:setUpClass): 200 GET http://10.180.1.21/compute/v2.1/servers/d7589681-fe6c-4dc6-b533-ade8ae634d58 0.124s
2024-10-24 02:25:40.607 63595 INFO tempest.lib.common.rest_client [req-9bc4e3ea-ee5a-49bc-8cf6-9c81cac42f1b req-9bc4e3ea-ee5a-49bc-8cf6-9c81cac42f1b ] Request (ImagesMetadataTestJSON:setUp): 200 PUT http://10.180.1.21/compute/v2.1/images/8c3b014f-13ff-4fc3-8676-b0c231e85c6d/metadata 0.180s
2024-10-24 02:25:40.614 63625 INFO tempest.lib.common.rest_client [req-a10227ab-79c1-4218-8377-04f8cdf7cede req-a10227ab-79c1-4218-8377-04f8cdf7cede ] Request (TenantUsagesTestJSON:setUpClass): 200 GET http://10.180.1.21/compute/v2.1/servers/4392313f-2fed-4308-b79a-324b3431d5af 0.131s
2024-10-24 02:25:40.644 63595 INFO tempest.lib.common.rest_client [req-fb756ca2-8609-4d7c-b3df-71c5c28fd7b4 req-fb756ca2-8609-4d7c-b3df-71c5c28fd7b4 ] Request (ImagesMetadataTestJSON:test_list_image_metadata): 200 GET http://10.180.1.21/compute/v2.1/images/8c3b014f-13ff-4fc3-8676-b0c231e85c6d/metadata 0.036s
2024-10-24 02:25:40.671 63603 INFO tempest.lib.common.rest_client [req-c0ef883c-93ba-4410-b211-61f346e81ee1 req-c0ef883c-93ba-4410-b211-61f346e81ee1 ] Request (ServersAdminNegativeTestJSON:setUpClass): 200 GET http://10.180.1.21/compute/v2.1/servers/9478ce7a-99c6-4e95-82b0-f8a71ce94a90 0.127s
2024-10-24 02:25:40.688 63643 INFO tempest.lib.common.rest_client [req-d3240ca2-b3be-4cfd-b524-b5fd09d12948 req-d3240ca2-b3be-4cfd-b524-b5fd09d12948 ] Request (ServersTestJSON:setUpClass): 201 POST http://10.180.1.21:9696/networking/v2.0/subnets 0.267s
2024-10-24 02:25:40.713 63653 INFO tempest.lib.common.rest_client [req-328699dd-cb71-48f1-bf21-4b9919411ab4 req-328699dd-cb71-48f1-bf21-4b9919411ab4 ] Request (ListServersNegativeTestJSON:setUpClass): 200 GET http://10.180.1.21/compute/v2.1/servers/087c0c34-2f44-4791-86e7-b1b3564f49d5 0.103s
2024-10-24 02:25:40.771 63597 INFO tempest.lib.common.rest_client [req-0ed93d7a-426a-473e-abc3-d00433f88b3a req-0ed93d7a-426a-473e-abc3-d00433f88b3a ] Request (ServerDiagnosticsNegativeTest:test_get_server_diagnostics_by_non_admin): 200 GET http://10.180.1.21/compute/v2.1/servers/10112b62-f41e-4413-9bc8-c1306c5c1bc1 0.095s
2024-10-24 02:25:40.818 63595 INFO tempest.lib.common.rest_client [req-04a6a911-9b71-43ce-b7d0-8e20c449d758 req-04a6a911-9b71-43ce-b7d0-8e20c449d758 ] Request (ImagesMetadataTestJSON:setUp): 200 PUT http://10.180.1.21/compute/v2.1/images/8c3b014f-13ff-4fc3-8676-b0c231e85c6d/metadata 0.172s
2024-10-24 02:25:40.828 63629 INFO tempest.lib.common.rest_client [req-70f978ca-42de-412a-b6d8-1f7d6a569acd req-70f978ca-42de-412a-b6d8-1f7d6a569acd ] Request (ServersTestManualDisk:setUpClass): 200 GET http://10.180.1.21/compute/v2.1/servers/5c0ba7c6-9946-4765-be4b-d48d3823a68d 0.053s
2024-10-24 02:25:40.884 63619 INFO tempest.lib.common.rest_client [req-ffa70a1e-64f0-4599-b0fe-543fc7b5052a req-ffa70a1e-64f0-4599-b0fe-543fc7b5052a ] Request (ServerRescueTestJSONUnderV235:setUpClass): 200 GET http://10.180.1.21/compute/v2.1/servers/3dd3c8f5-f2ab-46b2-a6b8-beaeb906cbab 0.048s
2024-10-24 02:25:40.938 63634 INFO tempest.lib.common.rest_client [req-8434d8d5-092e-4bfc-92f0-198ab0e8c85c req-8434d8d5-092e-4bfc-92f0-198ab0e8c85c ] Request (ImagesTestJSON:test_create_image_from_suspended_server): 200 GET http://10.180.1.21/compute/v2.1/servers/b7dcc653-a430-48c4-9185-3e8200cf1005 0.055s
2024-10-24 02:25:40.983 63637 INFO tempest.lib.common.rest_client [req-25d52830-a585-44aa-b26c-60c10ee045d0 req-25d52830-a585-44aa-b26c-60c10ee045d0 ] Request (ServerExternalEventsTest:test_create_server_external_events): 200 GET http://10.180.1.21/compute/v2.1/servers/bc1d7402-3651-488b-a431-2cb2ae987d32 0.089s
2024-10-24 02:25:41.039 63651 INFO tempest.lib.common.rest_client [req-a6ac71b8-dd82-4a40-a6df-329d6c7dbcab req-a6ac71b8-dd82-4a40-a6df-329d6c7dbcab ] Request (ServersWithSpecificFlavorTestJSON:test_verify_created_server_ephemeral_disk): 200 GET http://10.180.1.21/compute/v2.1/servers/1c68f354-9e0e-4e7e-925e-d31fab4ac1ce 0.093s
2024-10-24 02:25:41.057 63595 INFO tempest.lib.common.rest_client [req-76e287bb-528a-4c94-bf40-06d1e8815591 req-76e287bb-528a-4c94-bf40-06d1e8815591 ] Request (ImagesMetadataTestJSON:test_set_image_metadata): 200 PUT http://10.180.1.21/compute/v2.1/images/8c3b014f-13ff-4fc3-8676-b0c231e85c6d/metadata 0.238s
2024-10-24 02:25:41.084 63621 INFO tempest.lib.common.rest_client [req-135d0a61-f7a6-4494-a7c8-55cf7cecdae6 req-135d0a61-f7a6-4494-a7c8-55cf7cecdae6 ] Request (AttachInterfacesTestJSON:test_create_list_show_delete_interfaces_by_fixed_ip): 200 GET http://10.180.1.21/compute/v2.1/servers/732ff6d3-2de9-4e6b-887d-5329ba83443c 0.113s
2024-10-24 02:25:41.109 63641 INFO tempest.lib.common.rest_client [req-52efe5c7-6516-47fd-bce6-fc1f5aba24af req-52efe5c7-6516-47fd-bce6-fc1f5aba24af ] Request (DeleteServersTestJSON:test_delete_active_server): 200 GET http://10.180.1.21/compute/v2.1/servers/0de6892a-5463-4d60-807c-0e3fca2accf3 0.118s
2024-10-24 02:25:41.129 63647 INFO tempest.lib.common.rest_client [req-6fd05fbe-aa0b-4e6b-886d-de714b95df5c req-6fd05fbe-aa0b-4e6b-886d-de714b95df5c ] Request (DeleteServersAdminTestJSON:test_delete_server_while_in_error_state): 200 GET http://10.180.1.21/compute/v2.1/servers/115e42ee-60cc-400d-8f4d-c23009f9091f 0.108s
2024-10-24 02:25:41.165 63595 INFO tempest.lib.common.rest_client [req-4aa00e47-ecd0-43cc-b60e-ad732ca348ba req-4aa00e47-ecd0-43cc-b60e-ad732ca348ba ] Request (ImagesMetadataTestJSON:test_set_image_metadata): 200 GET http://10.180.1.21/compute/v2.1/images/8c3b014f-13ff-4fc3-8676-b0c231e85c6d/metadata 0.108s
2024-10-24 02:25:41.168 63607 INFO tempest.lib.common.rest_client [req-9f70aead-97c9-4d69-b2bf-01012335e84d req-9f70aead-97c9-4d69-b2bf-01012335e84d ] Request (ServerShowV247Test:test_update_rebuild_list_server): 200 GET http://10.180.1.21/compute/v2.1/servers/f9c8ed86-506b-4654-8e7e-cb218605764b 0.122s
2024-10-24 02:25:41.220 63639 INFO tempest.lib.common.rest_client [req-03d5ea31-f0a1-455d-be0f-5b0787675d5a req-03d5ea31-f0a1-455d-be0f-5b0787675d5a ] Request (ServersTestJSON:test_create_server_specify_multibyte_character_name): 200 GET http://10.180.1.21/compute/v2.1/servers/2386393a-3006-4e6b-91e0-40b7ab8e3948 0.062s
2024-10-24 02:25:41.224 63627 INFO tempest.lib.common.rest_client [req-901a639b-58fe-4532-b567-b4d14c9ffd8c req-901a639b-58fe-4532-b567-b4d14c9ffd8c ] Request (ServersTestFqdnHostnames:test_create_server_with_fqdn_name): 200 GET http://10.180.1.21/compute/v2.1/servers/8e5e4a26-69ed-461d-aa67-929c0a4ab0f6 0.122s
2024-10-24 02:25:41.267 63601 INFO tempest.lib.common.rest_client [req-8e2a9991-256e-4b16-bafa-1de225cebad9 req-8e2a9991-256e-4b16-bafa-1de225cebad9 ] Request (FloatingIPsAssociationNegativeTestJSON:setUpClass): 200 GET http://10.180.1.21/compute/v2.1/servers/1de0e894-1edb-4296-9e9b-2c1eb0c7c275 0.059s
2024-10-24 02:25:41.315 63615 INFO tempest.lib.common.rest_client [req-79607233-c38c-4968-9b3a-964b2d30e511 req-79607233-c38c-4968-9b3a-964b2d30e511 ] Request (ServerDiagnosticsTest:test_get_server_diagnostics): 200 GET http://10.180.1.21/compute/v2.1/servers/c80d746b-ad37-43d7-874e-1c1c848546f1 0.049s
2024-10-24 02:25:41.432 63595 INFO tempest.lib.common.rest_client [req-80f4cae5-17ce-43ad-8817-2207f14192c4 req-80f4cae5-17ce-43ad-8817-2207f14192c4 ] Request (ImagesMetadataTestJSON:setUp): 200 PUT http://10.180.1.21/compute/v2.1/images/8c3b014f-13ff-4fc3-8676-b0c231e85c6d/metadata 0.265s
2024-10-24 02:25:41.486 63623 INFO tempest.lib.common.rest_client [req-ebe8c2da-5559-4367-94f6-03ada17f569a req-ebe8c2da-5559-4367-94f6-03ada17f569a ] Request (ServersTestBootFromVolume:setUpClass): 200 GET http://10.180.1.21/volume/v3/volumes/56f0283a-f2fa-4ff2-a7fc-4af53c2f3f7d 0.037s
2024-10-24 02:25:41.531 63635 INFO tempest.lib.common.rest_client [req-b581a7a0-f61a-4a1b-9939-e7f01713a31e req-b581a7a0-f61a-4a1b-9939-e7f01713a31e ] Request (ServerMetadataTestJSON:setUpClass): 200 GET http://10.180.1.21/compute/v2.1/servers/591a7907-e4a7-41d6-9cd0-5cb359f08810 0.252s
2024-10-24 02:25:41.542 63617 INFO tempest.lib.common.rest_client [req-33afe7fb-dbd3-48d1-8084-15fd3bd96ec8 req-33afe7fb-dbd3-48d1-8084-15fd3bd96ec8 ] Request (MigrationsAdminTest:test_resize_server_revert_deleted_flavor): 200 GET http://10.180.1.21/compute/v2.1/servers/ad05eda3-efd7-4040-be9c-6a47df02889b 0.209s
2024-10-24 02:25:41.575 63599 INFO tempest.lib.common.rest_client [req-ab138a88-fb69-445b-bb17-7e962ddf56ba req-ab138a88-fb69-445b-bb17-7e962ddf56ba ] Request (ServerDiagnosticsV248Test:test_get_server_diagnostics): 200 GET http://10.180.1.21/compute/v2.1/servers/b2bf4912-6b88-4ece-95c9-e9fd1cf906df 0.240s
2024-10-24 02:25:41.594 63612 INFO tempest.lib.common.rest_client [req-22ed6c9e-af6c-4a8c-a0de-ae92d0aacbdc req-22ed6c9e-af6c-4a8c-a0de-ae92d0aacbdc ] Request (ServerShowV254Test:test_rebuild_server): 200 GET http://10.180.1.21/compute/v2.1/servers/e5c80c05-0e48-415a-ac91-a53e1c8819f0 0.206s
2024-10-24 02:25:41.619 63593 INFO tempest.lib.common.rest_client [req-a724598a-fa65-45f5-945f-45bfebe47a3a req-a724598a-fa65-45f5-945f-45bfebe47a3a ] Request (FloatingIPsAssociationTestJSON:setUpClass): 200 GET http://10.180.1.21/compute/v2.1/servers/b275344f-695e-463b-8bfe-2bee97296349 0.215s
2024-10-24 02:25:41.668 63643 INFO tempest.lib.common.rest_client [req-df6b4abb-efd7-410c-aee2-c74c7c75547e req-df6b4abb-efd7-410c-aee2-c74c7c75547e ] Request (ServersTestJSON:setUpClass): 201 POST http://10.180.1.21:9696/networking/v2.0/routers 0.980s
2024-10-24 02:25:41.685 63609 INFO tempest.lib.common.rest_client [req-4f8458f3-dad3-4731-8b0b-89c9cc4ecf14 req-4f8458f3-dad3-4731-8b0b-89c9cc4ecf14 ] Request (ServersAaction247Test:tearDownClass): 200 GET http://10.180.1.21/compute/v2.1/servers/abe6726e-7d6a-46e0-9273-de3e681311eb 0.214s
2024-10-24 02:25:41.744 63605 INFO tempest.lib.common.rest_client [req-670fbdfe-4b0c-430c-b172-a97a42bd036e req-670fbdfe-4b0c-430c-b172-a97a42bd036e ] Request (SecurityGroupsTestJSON:setUpClass): 200 PUT http://10.180.1.21:9696/networking/v2.0/routers/14db45f4-9d0c-4aed-84cc-2cf60456c71c/add_router_interface 1.270s
2024-10-24 02:25:41.744 63605 INFO tempest.lib.common.dynamic_creds [-] Created isolated network resources for: credentials: Credentials: {'domain_id': 'default', 'domain_name': 'Default', 'username': 'tempest-SecurityGroupsTestJSON-464317749-project-member', 'project_domain_id': 'default', 'project_domain_name': 'Default', 'project_id': '87a296f0ecd94879ab2336899fc575bf', 'project_name': 'tempest-SecurityGroupsTestJSON-464317749', 'tenant_id': '87a296f0ecd94879ab2336899fc575bf', 'tenant_name': 'tempest-SecurityGroupsTestJSON-464317749', 'user_domain_id': 'default', 'user_domain_name': 'Default', 'user_id': '3fd9a173cf6d4f2c8da17df12a9f3779', 'system': None}, Network: {'id': '47dda8ee-ad14-4eba-99a4-7a3afd76415c', 'name': 'tempest-SecurityGroupsTestJSON-564920032-network', 'tenant_id': '87a296f0ecd94879ab2336899fc575bf', 'admin_state_up': True, 'mtu': 8950, 'status': 'ACTIVE', 'subnets': [], 'shared': False, 'project_id': '87a296f0ecd94879ab2336899fc575bf', 'port_security_enabled': True, 'router:external': False, 'provider:network_type': 'vlan', 'provider:physical_network': 'default', 'provider:segmentation_id': 587, 'is_default': False, 'availability_zone_hints': [], 'availability_zones': [], 'ipv4_address_scope': None, 'ipv6_address_scope': None, 'description': '', 'tags': [], 'created_at': '2024-10-24T02:25:39Z', 'updated_at': '2024-10-24T02:25:39Z', 'revision_number': 1}, Subnet: {'id': '94729931-01d8-47df-b56b-b11d1b8f9e70', 'name': 'tempest-SecurityGroupsTestJSON-564920032-subnet', 'tenant_id': '87a296f0ecd94879ab2336899fc575bf', 'network_id': '47dda8ee-ad14-4eba-99a4-7a3afd76415c', 'ip_version': 4, 'subnetpool_id': None, 'enable_dhcp': True, 'ipv6_ra_mode': None, 'ipv6_address_mode': None, 'gateway_ip': '192.168.128.1', 'cidr': '192.168.128.0/28', 'allocation_pools': [{'start': '192.168.128.2', 'end': '192.168.128.14'}], 'host_routes': [], 'dns_nameservers': [], 'description': '', 'router:external': False, 'service_types': [], 'tags': [], 'created_at': '2024-10-24T02:25:39Z', 'updated_at': '2024-10-24T02:25:39Z', 'revision_number': 0, 'project_id': '87a296f0ecd94879ab2336899fc575bf'}, Router: {'id': '14db45f4-9d0c-4aed-84cc-2cf60456c71c', 'name': 'tempest-SecurityGroupsTestJSON-564920032-router', 'tenant_id': '87a296f0ecd94879ab2336899fc575bf', 'admin_state_up': True, 'status': 'ACTIVE', 'external_gateway_info': {'network_id': '1b6d991f-0d2c-45a9-8ae6-d380de4283ed', 'external_fixed_ips': [{'subnet_id': '901082b9-27ac-4106-a1f6-9b3f390728a3', 'ip_address': '10.180.180.182'}], 'enable_snat': True}, 'description': '', 'availability_zones': [], 'distributed': False, 'ha': False, 'availability_zone_hints': [], 'routes': [], 'flavor_id': None, 'tags': [], 'created_at': '2024-10-24T02:25:39Z', 'updated_at': '2024-10-24T02:25:40Z', 'revision_number': 2, 'project_id': '87a296f0ecd94879ab2336899fc575bf'}
2024-10-24 02:25:41.754 63655 INFO tempest.lib.common.rest_client [req-bd24b49a-6f66-45bb-ac06-f6f5bc9ab5b2 req-bd24b49a-6f66-45bb-ac06-f6f5bc9ab5b2 ] Request (ServerActionsTestJSON:setUpClass): 200 GET http://10.180.1.21/compute/v2.1/servers/b46098f3-d952-4a33-86fe-825fe4625008 0.265s
2024-10-24 02:25:41.808 63595 INFO tempest.lib.common.rest_client [req-9d5d277b-38e9-477c-a97c-45bace5239f0 req-9d5d277b-38e9-477c-a97c-45bace5239f0 ] Request (ImagesMetadataTestJSON:test_set_image_metadata_item): 200 PUT http://10.180.1.21/compute/v2.1/images/8c3b014f-13ff-4fc3-8676-b0c231e85c6d/metadata/os_version 0.375s
2024-10-24 02:25:41.817 63613 INFO tempest.lib.common.rest_client [req-1cf64efd-d1d9-4c99-a3cd-b5649c9c1e88 req-1cf64efd-d1d9-4c99-a3cd-b5649c9c1e88 ] Request (ListServerFiltersTestJSON:setUpClass): 200 GET http://10.180.1.21/compute/v2.1/servers/d5daa7b5-2b00-46f5-b89b-42f33f6cd3c6 0.298s
2024-10-24 02:25:41.839 63605 INFO tempest.lib.common.rest_client [req-495b2c09-3fcc-49e1-bcf5-379e2e4a9410 req-495b2c09-3fcc-49e1-bcf5-379e2e4a9410 ] Request (SecurityGroupsTestJSON:setUpClass): 201 POST http://10.180.1.21/identity/v3/auth/tokens 0.092s
2024-10-24 02:25:41.875 63649 INFO tempest.lib.common.rest_client [req-c0fcb74c-2b6f-43eb-bbe8-fdc0df9201fa req-c0fcb74c-2b6f-43eb-bbe8-fdc0df9201fa ] Request (ServersV294TestFqdnHostnames:setUpClass): 200 GET http://10.180.1.21/compute/v2.1/servers/d7589681-fe6c-4dc6-b533-ade8ae634d58 0.303s
2024-10-24 02:25:41.885 63625 INFO tempest.lib.common.rest_client [req-d73bd938-078a-4243-a259-a4423624006d req-d73bd938-078a-4243-a259-a4423624006d ] Request (TenantUsagesTestJSON:setUpClass): 200 GET http://10.180.1.21/compute/v2.1/servers/4392313f-2fed-4308-b79a-324b3431d5af 0.259s
2024-10-24 02:25:41.925 63603 INFO tempest.lib.common.rest_client [req-fd8ea545-bd33-41cd-9049-b400ba7fc9a9 req-fd8ea545-bd33-41cd-9049-b400ba7fc9a9 ] Request (ServersAdminNegativeTestJSON:setUpClass): 200 GET http://10.180.1.21/compute/v2.1/servers/9478ce7a-99c6-4e95-82b0-f8a71ce94a90 0.241s
2024-10-24 02:25:41.947 63653 INFO tempest.lib.common.rest_client [req-01991f13-4feb-4dd9-a1ee-8b9f2d1874cc req-01991f13-4feb-4dd9-a1ee-8b9f2d1874cc ] Request (ListServersNegativeTestJSON:setUpClass): 200 GET http://10.180.1.21/compute/v2.1/servers/087c0c34-2f44-4791-86e7-b1b3564f49d5 0.222s
2024-10-24 02:25:41.976 63597 INFO tempest.lib.common.rest_client [req-2249dc71-c203-4b87-b509-42ade388ba99 req-2249dc71-c203-4b87-b509-42ade388ba99 ] Request (ServerDiagnosticsNegativeTest:test_get_server_diagnostics_by_non_admin): 200 GET http://10.180.1.21/compute/v2.1/servers/10112b62-f41e-4413-9bc8-c1306c5c1bc1 0.194s
2024-10-24 02:25:41.982 63595 INFO tempest.lib.common.rest_client [req-4e8d000e-ecb1-4e1c-85af-9cc5c9c3729a req-4e8d000e-ecb1-4e1c-85af-9cc5c9c3729a ] Request (ImagesMetadataTestJSON:test_set_image_metadata_item): 200 GET http://10.180.1.21/compute/v2.1/images/8c3b014f-13ff-4fc3-8676-b0c231e85c6d/metadata 0.173s
2024-10-24 02:25:42.039 63629 INFO tempest.lib.common.rest_client [req-668a39dd-60d0-4095-90a4-921e9bb00853 req-668a39dd-60d0-4095-90a4-921e9bb00853 ] Request (ServersTestManualDisk:setUpClass): 200 GET http://10.180.1.21/compute/v2.1/servers/5c0ba7c6-9946-4765-be4b-d48d3823a68d 0.204s
2024-10-24 02:25:42.114 63619 INFO tempest.lib.common.rest_client [req-1e744ba3-b4db-4a3e-a98e-9f83d808b84a req-1e744ba3-b4db-4a3e-a98e-9f83d808b84a ] Request (ServerRescueTestJSONUnderV235:setUpClass): 200 GET http://10.180.1.21/compute/v2.1/servers/3dd3c8f5-f2ab-46b2-a6b8-beaeb906cbab 0.222s
2024-10-24 02:25:42.175 63634 INFO tempest.lib.common.rest_client [req-277626ec-ab62-491e-a08e-12ec5c320b85 req-277626ec-ab62-491e-a08e-12ec5c320b85 ] Request (ImagesTestJSON:test_create_image_from_suspended_server): 200 GET http://10.180.1.21/compute/v2.1/servers/b7dcc653-a430-48c4-9185-3e8200cf1005 0.230s
2024-10-24 02:25:42.244 63605 INFO tempest.lib.common.rest_client [req-bdde6304-329c-4bc9-9b07-a8ff2442e118 req-bdde6304-329c-4bc9-9b07-a8ff2442e118 ] Request (SecurityGroupsTestJSON:test_list_security_groups_by_server): 200 POST http://10.180.1.21/compute/v2.1/os-security-groups 0.403s
2024-10-24 02:25:42.307 63637 INFO tempest.lib.common.rest_client [req-f0c01c83-ff6b-468a-873e-e1a2bcbb1a11 req-f0c01c83-ff6b-468a-873e-e1a2bcbb1a11 ] Request (ServerExternalEventsTest:test_create_server_external_events): 200 GET http://10.180.1.21/compute/v2.1/servers/bc1d7402-3651-488b-a431-2cb2ae987d32 0.315s
2024-10-24 02:25:42.366 63651 INFO tempest.lib.common.rest_client [req-dd0e57a3-3325-413f-8b70-6b772d5744bd req-dd0e57a3-3325-413f-8b70-6b772d5744bd ] Request (ServersWithSpecificFlavorTestJSON:test_verify_created_server_ephemeral_disk): 200 GET http://10.180.1.21/compute/v2.1/servers/1c68f354-9e0e-4e7e-925e-d31fab4ac1ce 0.314s
2024-10-24 02:25:42.375 63595 INFO tempest.lib.common.rest_client [req-3d429064-9ba1-48aa-bdd9-58a21092d32d req-3d429064-9ba1-48aa-bdd9-58a21092d32d ] Request (ImagesMetadataTestJSON:setUp): 200 PUT http://10.180.1.21/compute/v2.1/images/8c3b014f-13ff-4fc3-8676-b0c231e85c6d/metadata 0.392s
2024-10-24 02:25:42.426 63621 INFO tempest.lib.common.rest_client [req-59f5d85a-d1e6-44a0-8073-ec89256203cd req-59f5d85a-d1e6-44a0-8073-ec89256203cd ] Request (AttachInterfacesTestJSON:test_create_list_show_delete_interfaces_by_fixed_ip): 200 GET http://10.180.1.21/compute/v2.1/servers/732ff6d3-2de9-4e6b-887d-5329ba83443c 0.335s
2024-10-24 02:25:42.439 63641 INFO tempest.lib.common.rest_client [req-718d5ba1-2460-40c3-bef4-5558ef6affbc req-718d5ba1-2460-40c3-bef4-5558ef6affbc ] Request (DeleteServersTestJSON:test_delete_active_server): 200 GET http://10.180.1.21/compute/v2.1/servers/0de6892a-5463-4d60-807c-0e3fca2accf3 0.323s
2024-10-24 02:25:42.488 63647 INFO tempest.lib.common.rest_client [req-0c0115d7-c12c-4b51-b96f-2b1e01eee6f7 req-0c0115d7-c12c-4b51-b96f-2b1e01eee6f7 ] Request (DeleteServersAdminTestJSON:test_delete_server_while_in_error_state): 200 GET http://10.180.1.21/compute/v2.1/servers/115e42ee-60cc-400d-8f4d-c23009f9091f 0.345s
2024-10-24 02:25:42.515 63607 INFO tempest.lib.common.rest_client [req-94e3241b-3554-43f8-a270-a1817d70609e req-94e3241b-3554-43f8-a270-a1817d70609e ] Request (ServerShowV247Test:test_update_rebuild_list_server): 200 GET http://10.180.1.21/compute/v2.1/servers/f9c8ed86-506b-4654-8e7e-cb218605764b 0.335s
2024-10-24 02:25:42.523 63623 INFO tempest.lib.common.rest_client [req-9a1bd0ca-8b48-4271-9249-c89a968e913d req-9a1bd0ca-8b48-4271-9249-c89a968e913d ] Request (ServersTestBootFromVolume:setUpClass): 200 GET http://10.180.1.21/volume/v3/volumes/56f0283a-f2fa-4ff2-a7fc-4af53c2f3f7d 0.028s
2024-10-24 02:25:42.548 63639 INFO tempest.lib.common.rest_client [req-49cfbaca-880f-49e1-9e21-40793dcb2228 req-49cfbaca-880f-49e1-9e21-40793dcb2228 ] Request (ServersTestJSON:test_create_server_specify_multibyte_character_name): 200 GET http://10.180.1.21/compute/v2.1/servers/2386393a-3006-4e6b-91e0-40b7ab8e3948 0.316s
2024-10-24 02:25:42.566 63627 INFO tempest.lib.common.rest_client [req-99b1c886-ec3a-405d-b182-1d41bdcd893e req-99b1c886-ec3a-405d-b182-1d41bdcd893e ] Request (ServersTestFqdnHostnames:test_create_server_with_fqdn_name): 200 GET http://10.180.1.21/compute/v2.1/servers/8e5e4a26-69ed-461d-aa67-929c0a4ab0f6 0.331s
2024-10-24 02:25:42.635 63601 INFO tempest.lib.common.rest_client [req-4b02d29e-ef72-468f-b242-052d992c7ef7 req-4b02d29e-ef72-468f-b242-052d992c7ef7 ] Request (FloatingIPsAssociationNegativeTestJSON:setUpClass): 200 GET http://10.180.1.21/compute/v2.1/servers/1de0e894-1edb-4296-9e9b-2c1eb0c7c275 0.358s
2024-10-24 02:25:42.705 63615 INFO tempest.lib.common.rest_client [req-7cef6f02-141d-473b-ad72-b054130d7d5b req-7cef6f02-141d-473b-ad72-b054130d7d5b ] Request (ServerDiagnosticsTest:test_get_server_diagnostics): 200 GET http://10.180.1.21/compute/v2.1/servers/c80d746b-ad37-43d7-874e-1c1c848546f1 0.378s
2024-10-24 02:25:42.740 63605 INFO tempest.lib.common.rest_client [req-eda97f20-9a5e-4082-8513-9c2d708f2cc8 req-eda97f20-9a5e-4082-8513-9c2d708f2cc8 ] Request (SecurityGroupsTestJSON:test_list_security_groups_by_server): 200 POST http://10.180.1.21/compute/v2.1/os-security-groups 0.493s
2024-10-24 02:25:42.786 63605 INFO tempest.lib.common.rest_client [req-74b542b7-b6ae-4b32-ad90-238dbd1b1dc3 req-74b542b7-b6ae-4b32-ad90-238dbd1b1dc3 ] Request (SecurityGroupsTestJSON:test_list_security_groups_by_server): 201 POST http://10.180.1.21/identity/v3/auth/tokens 0.035s
2024-10-24 02:25:42.787 63605 INFO tempest.lib.common.fixed_network [-] (SecurityGroupsTestJSON:test_list_security_groups_by_server) Found network {'id': '47dda8ee-ad14-4eba-99a4-7a3afd76415c', 'name': 'tempest-SecurityGroupsTestJSON-564920032-network', 'tenant_id': '87a296f0ecd94879ab2336899fc575bf', 'admin_state_up': True, 'mtu': 8950, 'status': 'ACTIVE', 'subnets': [], 'shared': False, 'project_id': '87a296f0ecd94879ab2336899fc575bf', 'port_security_enabled': True, 'router:external': False, 'provider:network_type': 'vlan', 'provider:physical_network': 'default', 'provider:segmentation_id': 587, 'is_default': False, 'availability_zone_hints': [], 'availability_zones': [], 'ipv4_address_scope': None, 'ipv6_address_scope': None, 'description': '', 'tags': [], 'created_at': '2024-10-24T02:25:39Z', 'updated_at': '2024-10-24T02:25:39Z', 'revision_number': 1} available for tenant
2024-10-24 02:25:42.807 63635 INFO tempest.lib.common.rest_client [req-edd8acef-f33e-4e5f-86f7-931bc9c67932 req-edd8acef-f33e-4e5f-86f7-931bc9c67932 ] Request (ServerMetadataTestJSON:setUpClass): 200 GET http://10.180.1.21/compute/v2.1/servers/591a7907-e4a7-41d6-9cd0-5cb359f08810 0.268s
2024-10-24 02:25:42.863 63617 INFO tempest.lib.common.rest_client [req-d03a467a-1496-40e3-a9cd-1d22e809ba56 req-d03a467a-1496-40e3-a9cd-1d22e809ba56 ] Request (MigrationsAdminTest:test_resize_server_revert_deleted_flavor): 200 GET http://10.180.1.21/compute/v2.1/servers/ad05eda3-efd7-4040-be9c-6a47df02889b 0.313s
2024-10-24 02:25:42.914 63599 INFO tempest.lib.common.rest_client [req-ddb2cbe1-878f-4c32-bec8-f3cf674da517 req-ddb2cbe1-878f-4c32-bec8-f3cf674da517 ] Request (ServerDiagnosticsV248Test:test_get_server_diagnostics): 200 GET http://10.180.1.21/compute/v2.1/servers/b2bf4912-6b88-4ece-95c9-e9fd1cf906df 0.330s
2024-10-24 02:25:42.950 63643 INFO tempest.lib.common.rest_client [req-d122b9ed-e9ab-4d4f-9c2b-aa875503f85b req-d122b9ed-e9ab-4d4f-9c2b-aa875503f85b ] Request (ServersTestJSON:setUpClass): 200 PUT http://10.180.1.21:9696/networking/v2.0/routers/9d485051-e987-4815-8084-d09f169257b8/add_router_interface 1.281s
