2024-10-24 02:26:29.172 63649 INFO tempest.lib.common.rest_client [req-bb2565ad-ebc3-4774-9cde-91da21ad2582 req-bb2565ad-ebc3-4774-9cde-91da21ad2582 ] Request (ServersV294TestFqdnHostnames:setUpClass): 200 GET http://10.180.1.21/compute/v2.1/servers/d7589681-fe6c-4dc6-b533-ade8ae634d58 0.140s
2024-10-24 02:26:29.199 63593 INFO tempest.lib.common.rest_client [req-e11f5608-8f8e-4f22-a813-eb08804e17d7 req-e11f5608-8f8e-4f22-a813-eb08804e17d7 ] Request (FloatingIPsAssociationTestJSON:setUpClass): 200 GET http://10.180.1.21/compute/v2.1/servers/b275344f-695e-463b-8bfe-2bee97296349 0.143s
2024-10-24 02:26:29.213 63601 INFO tempest.lib.common.rest_client [req-f824fdbc-19a0-4a1d-ac32-56e6605f2a45 req-f824fdbc-19a0-4a1d-ac32-56e6605f2a45 ] Request (ServerGroup264TestJSON:test_create_get_server_group): 200 GET http://10.180.1.21/compute/v2.1/os-server-groups/76f5181b-9f64-483d-9841-1bfade891139 0.111s
2024-10-24 02:26:29.219 63653 INFO tempest.lib.common.rest_client [req-a1343223-efe0-4943-b761-6d565b589363 req-a1343223-efe0-4943-b761-6d565b589363 ] Request (ListServersNegativeTestJSON:setUpClass): 200 GET http://10.180.1.21/compute/v2.1/servers/087c0c34-2f44-4791-86e7-b1b3564f49d5 0.150s
2024-10-24 02:26:29.281 63615 INFO tempest.lib.common.rest_client [req-0c1185f6-9fe0-4fe4-9455-475283dbc9f7 req-0c1185f6-9fe0-4fe4-9455-475283dbc9f7 ] Request (ServerPasswordTestJSON:setUpClass): 200 GET http://10.180.1.21/compute/v2.1/servers/7816d808-c9dd-403f-b993-c6d9dc458c7b 0.152s
2024-10-24 02:26:29.337 63625 INFO tempest.lib.common.rest_client [req-663860c8-99c5-46c6-bb84-81ad413c9a4c req-663860c8-99c5-46c6-bb84-81ad413c9a4c ] Request (SecurityGroupRulesTestJSON:test_security_group_rules_create_with_optional_group_id): 200 POST http://10.180.1.21/compute/v2.1/os-security-groups 0.217s
2024-10-24 02:26:29.340 63637 INFO tempest.lib.common.rest_client [req-e6601fda-e9a6-47f2-aba8-fc66891627f8 req-e6601fda-e9a6-47f2-aba8-fc66891627f8 ] Request (ServersAdminTestJSON:setUpClass): 200 GET http://10.180.1.21/compute/v2.1/servers/dd80c3be-ec92-4a67-a373-3e2276752feb 0.158s
2024-10-24 02:26:29.367 63601 INFO tempest.lib.common.rest_client [req-51cc975a-f0ea-4ac3-b2d8-4855b15ca129 req-51cc975a-f0ea-4ac3-b2d8-4855b15ca129 ] Request (ServerGroup264TestJSON:_run_cleanups): 204 DELETE http://10.180.1.21/compute/v2.1/os-server-groups/76f5181b-9f64-483d-9841-1bfade891139 0.152s
2024-10-24 02:26:29.388 63605 INFO tempest.lib.common.rest_client [req-c89ca471-1919-4399-b38b-c086c301aa74 req-c89ca471-1919-4399-b38b-c086c301aa74 ] Request (SecurityGroupsTestJSON:test_list_security_groups_by_server): 200 GET http://10.180.1.21/compute/v2.1/servers/1446c7da-415f-43ee-9ff1-2266bd3038e4 0.148s
2024-10-24 02:26:29.431 63603 INFO tempest.lib.common.rest_client [req-dac9fb2d-9fcd-4e01-92a6-96e402fceff7 req-dac9fb2d-9fcd-4e01-92a6-96e402fceff7 ] Request (ServersAdminNegativeTestJSON:setUpClass): 200 GET http://10.180.1.21/compute/v2.1/servers/9478ce7a-99c6-4e95-82b0-f8a71ce94a90 0.134s
2024-10-24 02:26:29.446 63597 INFO tempest.lib.common.rest_client [req-042de245-3201-42a0-a3a8-d868b128a9b1 req-042de245-3201-42a0-a3a8-d868b128a9b1 ] Request (ServerDiagnosticsNegativeTest:test_get_server_diagnostics_by_non_admin): 200 GET http://10.180.1.21/compute/v2.1/servers/10112b62-f41e-4413-9bc8-c1306c5c1bc1 0.116s
2024-10-24 02:26:29.508 63634 INFO tempest.lib.common.rest_client [req-5fed7f32-1d1f-4ba9-a2bf-dd1edb5a01d2 req-5fed7f32-1d1f-4ba9-a2bf-dd1edb5a01d2 ] Request (ImagesTestJSON:test_create_image_from_suspended_server): 200 GET http://10.180.1.21/compute/v2.1/servers/b7dcc653-a430-48c4-9185-3e8200cf1005 0.144s
2024-10-24 02:26:29.524 63601 INFO tempest.lib.common.rest_client [req-c893ab8e-7acf-4905-af60-cec64c2e5c4b req-c893ab8e-7acf-4905-af60-cec64c2e5c4b ] Request (ServerGroup264TestJSON:tearDownClass): 404 DELETE http://10.180.1.21/compute/v2.1/os-server-groups/76f5181b-9f64-483d-9841-1bfade891139 0.155s
2024-10-24 02:26:29.580 63619 INFO tempest.lib.common.rest_client [req-71e56058-918d-4aaa-9468-8fa743742b28 req-71e56058-918d-4aaa-9468-8fa743742b28 ] Request (ServerRescueTestJSONUnderV235:setUpClass): 200 GET http://10.180.1.21/compute/v2.1/servers/3dd3c8f5-f2ab-46b2-a6b8-beaeb906cbab 0.194s
2024-10-24 02:26:29.629 63621 INFO tempest.lib.common.rest_client [req-b8bd6e6e-ac0b-4399-8bdf-0a9520a35941 req-b8bd6e6e-ac0b-4399-8bdf-0a9520a35941 ] Request (AttachInterfacesTestJSON:test_create_list_show_delete_interfaces_by_fixed_ip): 200 GET http://10.180.1.21/compute/v2.1/servers/732ff6d3-2de9-4e6b-887d-5329ba83443c 0.198s
2024-10-24 02:26:29.650 63625 INFO tempest.lib.common.rest_client [req-d54e8fe8-d89e-4ad6-8eeb-05cbcbdc2d73 req-d54e8fe8-d89e-4ad6-8eeb-05cbcbdc2d73 ] Request (SecurityGroupRulesTestJSON:test_security_group_rules_create_with_optional_group_id): 200 POST http://10.180.1.21/compute/v2.1/os-security-group-rules 0.311s
2024-10-24 02:26:29.680 63641 INFO tempest.lib.common.rest_client [req-a3a2d562-6f87-4853-8d23-7e7c9ed59f74 req-a3a2d562-6f87-4853-8d23-7e7c9ed59f74 ] Request (DeleteServersTestJSON:test_delete_active_server): 200 GET http://10.180.1.21/compute/v2.1/servers/0de6892a-5463-4d60-807c-0e3fca2accf3 0.239s
2024-10-24 02:26:29.719 63623 INFO tempest.lib.common.rest_client [req-38c08738-6ddc-4403-bf4b-5fd770b2d321 req-38c08738-6ddc-4403-bf4b-5fd770b2d321 ] Request (ServersTestBootFromVolume:setUpClass): 200 GET http://10.180.1.21/compute/v2.1/servers/282f1b55-8a74-467a-9ec8-0684eb780970 0.227s
2024-10-24 02:26:29.733 63639 INFO tempest.lib.common.rest_client [req-70944d7e-72f1-42f1-85d6-7be9b741c175 req-70944d7e-72f1-42f1-85d6-7be9b741c175 ] Request (ServersTestJSON:test_create_server_specify_multibyte_character_name): 200 GET http://10.180.1.21/compute/v2.1/servers/2386393a-3006-4e6b-91e0-40b7ab8e3948 0.180s
2024-10-24 02:26:29.788 63643 INFO tempest.lib.common.rest_client [req-eab3cfe7-738a-49a1-b73b-ab7b094b4bad req-eab3cfe7-738a-49a1-b73b-ab7b094b4bad ] Request (ServersTestJSON:setUpClass): 200 GET http://10.180.1.21/compute/v2.1/servers/ec4726b2-38f9-4499-a5b0-a70db0d697f6 0.181s
2024-10-24 02:26:29.808 63635 INFO tempest.lib.common.rest_client [req-9de16b0e-6370-4e44-9dad-13b35f67cc11 req-9de16b0e-6370-4e44-9dad-13b35f67cc11 ] Request (ServerRescueNegativeTestJSON:setUpClass): 200 GET http://10.180.1.21/compute/v2.1/servers/7d79c9cf-66a9-4117-b090-0ab0676c3114 0.190s
2024-10-24 02:26:29.852 63647 INFO tempest.lib.common.rest_client [req-44af731e-81e9-43e0-ae1c-83bad81af3c6 req-44af731e-81e9-43e0-ae1c-83bad81af3c6 ] Request (DeleteServersAdminTestJSON:test_delete_server_while_in_error_state): 200 GET http://10.180.1.21/compute/v2.1/servers/115e42ee-60cc-400d-8f4d-c23009f9091f 0.201s
2024-10-24 02:26:29.910 63595 INFO tempest.lib.common.rest_client [req-a12c7201-937d-49c4-9747-b1b60b1b24c8 req-a12c7201-937d-49c4-9747-b1b60b1b24c8 ] Request (InstanceActionsTestJSON:setUpClass): 200 GET http://10.180.1.21/compute/v2.1/servers/3c04c546-a9fa-4cbd-98d4-3ea92918a918 0.233s
2024-10-24 02:26:29.970 63625 INFO tempest.lib.common.rest_client [req-3a87ba25-3d3b-474e-98cb-5950a1929ce5 req-3a87ba25-3d3b-474e-98cb-5950a1929ce5 ] Request (SecurityGroupRulesTestJSON:test_security_group_rules_delete_when_peer_group_deleted): 200 POST http://10.180.1.21/compute/v2.1/os-security-groups 0.313s
2024-10-24 02:26:29.979 63627 INFO tempest.lib.common.rest_client [req-e4dfdc3f-aee2-4b32-8404-77f4411349b3 req-e4dfdc3f-aee2-4b32-8404-77f4411349b3 ] Request (ServersTestFqdnHostnames:test_create_server_with_fqdn_name): 200 GET http://10.180.1.21/compute/v2.1/servers/8e5e4a26-69ed-461d-aa67-929c0a4ab0f6 0.275s
2024-10-24 02:26:30.041 63617 INFO tempest.lib.common.rest_client [req-0f2fc4a0-c130-49a0-b710-c3bd9b403838 req-0f2fc4a0-c130-49a0-b710-c3bd9b403838 ] Request (MigrationsAdminTest:test_resize_server_revert_deleted_flavor): 200 GET http://10.180.1.21/compute/v2.1/servers/ad05eda3-efd7-4040-be9c-6a47df02889b 0.281s
2024-10-24 02:26:30.048 63607 INFO tempest.lib.common.rest_client [req-3f4e87d0-d7d8-4449-b0ed-8db1be8de016 req-3f4e87d0-d7d8-4449-b0ed-8db1be8de016 ] Request (ServerShowV247Test:tearDownClass): 200 GET http://10.180.1.21/compute/v2.1/servers/f9c8ed86-506b-4654-8e7e-cb218605764b 0.310s
2024-10-24 02:26:30.098 63612 INFO tempest.lib.common.rest_client [req-212c998a-9cf6-4343-9c38-f99eb4658c4d req-212c998a-9cf6-4343-9c38-f99eb4658c4d ] Request (ServerShowV254Test:test_rebuild_server): 200 GET http://10.180.1.21/compute/v2.1/servers/e5c80c05-0e48-415a-ac91-a53e1c8819f0 0.296s
2024-10-24 02:26:30.112 63599 INFO tempest.lib.common.rest_client [req-cf9a61d3-fbe3-484c-8283-411bb7994c0d req-cf9a61d3-fbe3-484c-8283-411bb7994c0d ] Request (ServerDiagnosticsV248Test:test_get_server_diagnostics): 200 GET http://10.180.1.21/compute/v2.1/servers/b2bf4912-6b88-4ece-95c9-e9fd1cf906df 0.290s
2024-10-24 02:26:30.153 63613 INFO tempest.lib.common.rest_client [req-815a9d36-f92a-43fb-98dc-84b0cf490712 req-815a9d36-f92a-43fb-98dc-84b0cf490712 ] Request (ListServerFiltersTestJSON:setUpClass): 200 GET http://10.180.1.21/compute/v2.1/servers/d5daa7b5-2b00-46f5-b89b-42f33f6cd3c6 0.277s
2024-10-24 02:26:30.205 63655 INFO tempest.lib.common.rest_client [req-bbc4a411-793d-4aa5-914c-7522d059c15c req-bbc4a411-793d-4aa5-914c-7522d059c15c ] Request (ServerActionsTestJSON:setUpClass): 200 GET http://10.180.1.21/compute/v2.1/servers/b46098f3-d952-4a33-86fe-825fe4625008 0.207s
2024-10-24 02:26:30.252 63601 INFO tempest.lib.common.rest_client [req-7ea34b59-4584-4152-a76e-50d38cbadd26 req-7ea34b59-4584-4152-a76e-50d38cbadd26 ] Request (ServerGroup264TestJSON:tearDownClass): 200 PUT http://10.180.1.21:9696/networking/v2.0/routers/4b1d2e26-4dca-476d-8b64-9540cd79a8f4/remove_router_interface 0.727s
2024-10-24 02:26:30.263 63651 INFO tempest.lib.common.rest_client [req-699b77be-0272-4f7c-9875-cac7a24554a5 req-699b77be-0272-4f7c-9875-cac7a24554a5 ] Request (VolumesAdminNegativeTest:test_update_attached_volume_with_nonexistent_volume_in_body): 200 GET http://10.180.1.21/compute/v2.1/servers/21e17d32-40db-4dc1-9e73-fa6d35a4c06a 0.233s
2024-10-24 02:26:30.267 63625 INFO tempest.lib.common.rest_client [req-d44cbd1f-372a-4aab-aef5-006d6d1d4dd8 req-d44cbd1f-372a-4aab-aef5-006d6d1d4dd8 ] Request (SecurityGroupRulesTestJSON:test_security_group_rules_delete_when_peer_group_deleted): 200 POST http://10.180.1.21/compute/v2.1/os-security-groups 0.294s
2024-10-24 02:26:30.321 63629 INFO tempest.lib.common.rest_client [req-fd8ed662-e473-44be-a0a7-20c3d5bfa392 req-fd8ed662-e473-44be-a0a7-20c3d5bfa392 ] Request (MultipleCreateTestJSON:test_multiple_create): 200 GET http://10.180.1.21/compute/v2.1/servers/795b61f6-a0f3-4aab-94b3-2540ccbb7312 0.225s
2024-10-24 02:26:30.327 63609 INFO tempest.lib.common.rest_client [req-7308e922-ff50-4d3e-96a7-45311086d8e6 req-7308e922-ff50-4d3e-96a7-45311086d8e6 ] Request (ServersNegativeTestJSON:setUpClass): 200 GET http://10.180.1.21/compute/v2.1/servers/05b9ea96-23f9-4c7a-aa0f-0d9142c4167e 0.170s
2024-10-24 02:26:30.372 63649 INFO tempest.lib.common.rest_client [req-1b6ef0f4-5b58-4349-8f2b-82cf1d815ce7 req-1b6ef0f4-5b58-4349-8f2b-82cf1d815ce7 ] Request (ServersV294TestFqdnHostnames:setUpClass): 200 GET http://10.180.1.21/compute/v2.1/servers/d7589681-fe6c-4dc6-b533-ade8ae634d58 0.187s
2024-10-24 02:26:30.374 63593 INFO tempest.lib.common.rest_client [req-2f194ed7-4629-41ee-bf4b-8ee78fc46c3a req-2f194ed7-4629-41ee-bf4b-8ee78fc46c3a ] Request (FloatingIPsAssociationTestJSON:setUpClass): 200 GET http://10.180.1.21/compute/v2.1/servers/b275344f-695e-463b-8bfe-2bee97296349 0.166s
2024-10-24 02:26:30.422 63653 INFO tempest.lib.common.rest_client [req-988c66c8-49d2-4b70-8e53-dd58f36ae9f8 req-988c66c8-49d2-4b70-8e53-dd58f36ae9f8 ] Request (ListServersNegativeTestJSON:setUpClass): 200 GET http://10.180.1.21/compute/v2.1/servers/087c0c34-2f44-4791-86e7-b1b3564f49d5 0.194s
2024-10-24 02:26:30.470 63615 INFO tempest.lib.common.rest_client [req-625f89f7-a77e-4a9d-9e6b-d094d536edcf req-625f89f7-a77e-4a9d-9e6b-d094d536edcf ] Request (ServerPasswordTestJSON:setUpClass): 200 GET http://10.180.1.21/compute/v2.1/servers/7816d808-c9dd-403f-b993-c6d9dc458c7b 0.180s
2024-10-24 02:26:30.525 63637 INFO tempest.lib.common.rest_client [req-20e9ea80-2235-426a-91fc-76ca8792fa4c req-20e9ea80-2235-426a-91fc-76ca8792fa4c ] Request (ServersAdminTestJSON:setUpClass): 200 GET http://10.180.1.21/compute/v2.1/servers/dd80c3be-ec92-4a67-a373-3e2276752feb 0.178s
2024-10-24 02:26:30.545 63625 INFO tempest.lib.common.rest_client [req-a5815d40-f031-4874-aeaf-bdf195f582f1 req-a5815d40-f031-4874-aeaf-bdf195f582f1 ] Request (SecurityGroupRulesTestJSON:test_security_group_rules_delete_when_peer_group_deleted): 200 POST http://10.180.1.21/compute/v2.1/os-security-group-rules 0.275s
2024-10-24 02:26:30.563 63601 INFO tempest.lib.common.rest_client [req-f5dd2a75-d6a3-4c91-825f-64cad0ce4416 req-f5dd2a75-d6a3-4c91-825f-64cad0ce4416 ] Request (ServerGroup264TestJSON:tearDownClass): 204 DELETE http://10.180.1.21:9696/networking/v2.0/routers/4b1d2e26-4dca-476d-8b64-9540cd79a8f4 0.310s
2024-10-24 02:26:30.574 63605 INFO tempest.lib.common.rest_client [req-f6eb9d76-5d7e-4adb-861c-08f0022486a3 req-f6eb9d76-5d7e-4adb-861c-08f0022486a3 ] Request (SecurityGroupsTestJSON:test_list_security_groups_by_server): 200 GET http://10.180.1.21/compute/v2.1/servers/1446c7da-415f-43ee-9ff1-2266bd3038e4 0.176s
2024-10-24 02:26:30.597 63603 INFO tempest.lib.common.rest_client [req-571966c5-3715-4e0e-8722-afbd6e0adf20 req-571966c5-3715-4e0e-8722-afbd6e0adf20 ] Request (ServersAdminNegativeTestJSON:setUpClass): 200 GET http://10.180.1.21/compute/v2.1/servers/9478ce7a-99c6-4e95-82b0-f8a71ce94a90 0.151s
2024-10-24 02:26:30.621 63597 INFO tempest.lib.common.rest_client [req-695f63e5-e3ad-4592-ab27-7b39f13d19b6 req-695f63e5-e3ad-4592-ab27-7b39f13d19b6 ] Request (ServerDiagnosticsNegativeTest:test_get_server_diagnostics_by_non_admin): 200 GET http://10.180.1.21/compute/v2.1/servers/10112b62-f41e-4413-9bc8-c1306c5c1bc1 0.168s
2024-10-24 02:26:30.629 63597 INFO tempest.common.waiters [-] State transition "BUILD/spawning" ==> "BUILD/scheduling" after 77 second wait
2024-10-24 02:26:30.652 63634 INFO tempest.lib.common.rest_client [req-2a82931d-8505-4ca6-9e5a-a57cc1495771 req-2a82931d-8505-4ca6-9e5a-a57cc1495771 ] Request (ImagesTestJSON:test_create_image_from_suspended_server): 200 GET http://10.180.1.21/compute/v2.1/servers/b7dcc653-a430-48c4-9185-3e8200cf1005 0.128s
2024-10-24 02:26:30.678 63601 INFO tempest.lib.common.rest_client [req-742cc2f0-52e5-441c-9055-e0fac783fa54 req-742cc2f0-52e5-441c-9055-e0fac783fa54 ] Request (ServerGroup264TestJSON:tearDownClass): 204 DELETE http://10.180.1.21:9696/networking/v2.0/subnets/9a0b55be-2fd0-4b5e-9666-1616f2ed8d36 0.115s
2024-10-24 02:26:30.707 63619 INFO tempest.lib.common.rest_client [req-cf0995cd-69a3-48ec-8b6a-47ab90279e3a req-cf0995cd-69a3-48ec-8b6a-47ab90279e3a ] Request (ServerRescueTestJSONUnderV235:setUpClass): 200 GET http://10.180.1.21/compute/v2.1/servers/3dd3c8f5-f2ab-46b2-a6b8-beaeb906cbab 0.114s
2024-10-24 02:26:30.761 63621 INFO tempest.lib.common.rest_client [req-b82a20cc-8899-4139-8071-12a318e1a9be req-b82a20cc-8899-4139-8071-12a318e1a9be ] Request (AttachInterfacesTestJSON:test_create_list_show_delete_interfaces_by_fixed_ip): 200 GET http://10.180.1.21/compute/v2.1/servers/732ff6d3-2de9-4e6b-887d-5329ba83443c 0.117s
2024-10-24 02:26:30.765 63625 INFO tempest.lib.common.rest_client [req-c58c9665-de16-4b39-b8c2-77a0ff77efe3 req-c58c9665-de16-4b39-b8c2-77a0ff77efe3 ] Request (SecurityGroupRulesTestJSON:test_security_group_rules_delete_when_peer_group_deleted): 202 DELETE http://10.180.1.21/compute/v2.1/os-security-groups/0112d821-974b-4575-8379-a7ce8ea2b140 0.219s
2024-10-24 02:26:30.827 63641 INFO tempest.lib.common.rest_client [req-3f07df22-31d6-4fdb-9951-07cb3dbd0802 req-3f07df22-31d6-4fdb-9951-07cb3dbd0802 ] Request (DeleteServersTestJSON:test_delete_active_server): 200 GET http://10.180.1.21/compute/v2.1/servers/0de6892a-5463-4d60-807c-0e3fca2accf3 0.135s
2024-10-24 02:26:30.832 63623 INFO tempest.lib.common.rest_client [req-85ccd6b0-bab0-4f5f-88c9-68bc8c7b5412 req-85ccd6b0-bab0-4f5f-88c9-68bc8c7b5412 ] Request (ServersTestBootFromVolume:setUpClass): 200 GET http://10.180.1.21/compute/v2.1/servers/282f1b55-8a74-467a-9ec8-0684eb780970 0.105s
2024-10-24 02:26:30.876 63625 INFO tempest.lib.common.rest_client [req-16949649-f32d-46f7-b9ed-a122a11d3b7a req-16949649-f32d-46f7-b9ed-a122a11d3b7a ] Request (SecurityGroupRulesTestJSON:test_security_group_rules_delete_when_peer_group_deleted): 200 GET http://10.180.1.21/compute/v2.1/os-security-groups/059c2a5d-f694-43e7-9ac5-378055571369 0.110s
2024-10-24 02:26:30.882 63639 INFO tempest.lib.common.rest_client [req-0d7f6d18-2f00-42a7-9f50-086c0ce73d95 req-0d7f6d18-2f00-42a7-9f50-086c0ce73d95 ] Request (ServersTestJSON:test_create_server_specify_multibyte_character_name): 200 GET http://10.180.1.21/compute/v2.1/servers/2386393a-3006-4e6b-91e0-40b7ab8e3948 0.140s
2024-10-24 02:26:30.910 63601 INFO tempest.lib.common.rest_client [req-859bc88e-a78b-4aad-93b6-3c021e325121 req-859bc88e-a78b-4aad-93b6-3c021e325121 ] Request (ServerGroup264TestJSON:tearDownClass): 204 DELETE http://10.180.1.21:9696/networking/v2.0/networks/1ee9a7ec-78e7-4434-91c5-b0f79eabd908 0.231s
2024-10-24 02:26:30.927 63643 INFO tempest.lib.common.rest_client [req-e2fb0e65-0f7c-49f1-ba1c-1f627d60f975 req-e2fb0e65-0f7c-49f1-ba1c-1f627d60f975 ] Request (ServersTestJSON:setUpClass): 200 GET http://10.180.1.21/compute/v2.1/servers/ec4726b2-38f9-4499-a5b0-a70db0d697f6 0.128s
2024-10-24 02:26:30.939 63635 INFO tempest.lib.common.rest_client [req-808e43fd-6326-4ba8-9534-91216dd04ab3 req-808e43fd-6326-4ba8-9534-91216dd04ab3 ] Request (ServerRescueNegativeTestJSON:setUpClass): 200 GET http://10.180.1.21/compute/v2.1/servers/7d79c9cf-66a9-4117-b090-0ab0676c3114 0.123s
2024-10-24 02:26:30.974 63647 INFO tempest.lib.common.rest_client [req-90434dca-47f5-4342-8992-a9b6ea1521bf req-90434dca-47f5-4342-8992-a9b6ea1521bf ] Request (DeleteServersAdminTestJSON:test_delete_server_while_in_error_state): 200 GET http://10.180.1.21/compute/v2.1/servers/115e42ee-60cc-400d-8f4d-c23009f9091f 0.115s
2024-10-24 02:26:30.976 63601 INFO tempest.lib.common.rest_client [req-b84bf62f-9a10-4b68-ba37-c15a4d41a4e3 req-b84bf62f-9a10-4b68-ba37-c15a4d41a4e3 ] Request (ServerGroup264TestJSON:tearDownClass): 204 DELETE http://10.180.1.21/identity/v3/users/7cad902d139145fb81de066828855875 0.066s
2024-10-24 02:26:30.976 63601 INFO tempest.lib.common.dynamic_creds [-] Deleting project and security group for project: 45f630d0e1384dd1a7c728bce26df829
2024-10-24 02:26:31.013 63601 INFO tempest.lib.common.rest_client [req-60ea3536-fa76-42a4-ac72-34657b3d030c req-60ea3536-fa76-42a4-ac72-34657b3d030c ] Request (ServerGroup264TestJSON:tearDownClass): 200 GET http://10.180.1.21:9696/networking/v2.0/security-groups?tenant_id=45f630d0e1384dd1a7c728bce26df829&name=default 0.037s
2024-10-24 02:26:31.021 63595 INFO tempest.lib.common.rest_client [req-57f8e1ce-09fc-434b-8a14-383ec51c45dc req-57f8e1ce-09fc-434b-8a14-383ec51c45dc ] Request (InstanceActionsTestJSON:setUpClass): 200 GET http://10.180.1.21/compute/v2.1/servers/3c04c546-a9fa-4cbd-98d4-3ea92918a918 0.100s
2024-10-24 02:26:31.073 63627 INFO tempest.lib.common.rest_client [req-a884d487-625d-4e9a-a9ec-85aecf9b2b9b req-a884d487-625d-4e9a-a9ec-85aecf9b2b9b ] Request (ServersTestFqdnHostnames:test_create_server_with_fqdn_name): 200 GET http://10.180.1.21/compute/v2.1/servers/8e5e4a26-69ed-461d-aa67-929c0a4ab0f6 0.086s
2024-10-24 02:26:31.076 63625 INFO tempest.lib.common.rest_client [req-030510f9-3850-4d12-ae89-61f49dd5f3a6 req-030510f9-3850-4d12-ae89-61f49dd5f3a6 ] Request (SecurityGroupRulesTestJSON:test_security_group_rules_list): 200 POST http://10.180.1.21/compute/v2.1/os-security-groups 0.195s
2024-10-24 02:26:31.093 63601 INFO tempest.lib.common.rest_client [req-ee53495a-8e3a-495e-94b0-cfb4deb816dc req-ee53495a-8e3a-495e-94b0-cfb4deb816dc ] Request (ServerGroup264TestJSON:tearDownClass): 204 DELETE http://10.180.1.21:9696/networking/v2.0/security-groups/01d2c0c2-10b0-4522-9cd9-38b6c149c598 0.079s
2024-10-24 02:26:31.117 63617 INFO tempest.lib.common.rest_client [req-be58f281-c36f-4faf-b373-32f0b199cf0c req-be58f281-c36f-4faf-b373-32f0b199cf0c ] Request (MigrationsAdminTest:test_resize_server_revert_deleted_flavor): 200 GET http://10.180.1.21/compute/v2.1/servers/ad05eda3-efd7-4040-be9c-6a47df02889b 0.068s
2024-10-24 02:26:31.131 63607 INFO tempest.lib.common.rest_client [req-594c1ddf-bab0-40dd-b693-0bed528f557e req-594c1ddf-bab0-40dd-b693-0bed528f557e ] Request (ServerShowV247Test:tearDownClass): 200 GET http://10.180.1.21/compute/v2.1/servers/f9c8ed86-506b-4654-8e7e-cb218605764b 0.074s
2024-10-24 02:26:31.174 63601 INFO tempest.lib.common.rest_client [req-8c4d62c8-1d37-4269-944e-f54616389090 req-8c4d62c8-1d37-4269-944e-f54616389090 ] Request (ServerGroup264TestJSON:tearDownClass): 204 DELETE http://10.180.1.21/identity/v3/projects/45f630d0e1384dd1a7c728bce26df829 0.080s
2024-10-24 02:26:31.180 63612 INFO tempest.lib.common.rest_client [req-773d0b05-6ab6-4260-bd83-65e29f9425c6 req-773d0b05-6ab6-4260-bd83-65e29f9425c6 ] Request (ServerShowV254Test:test_rebuild_server): 200 GET http://10.180.1.21/compute/v2.1/servers/e5c80c05-0e48-415a-ac91-a53e1c8819f0 0.066s
2024-10-24 02:26:31.228 63601 INFO tempest.lib.common.rest_client [req-94648250-1d9b-4a0a-af89-e8fdba197592 req-94648250-1d9b-4a0a-af89-e8fdba197592 ] Request (AttachVolumeShelveTestJSON:setUpClass): 201 POST http://10.180.1.21/identity/v3/auth/tokens 0.052s
2024-10-24 02:26:31.232 63599 INFO tempest.lib.common.rest_client [req-b7083fe7-1727-4407-941e-ea8fc32fa35b req-b7083fe7-1727-4407-941e-ea8fc32fa35b ] Request (ServerDiagnosticsV248Test:test_get_server_diagnostics): 200 GET http://10.180.1.21/compute/v2.1/servers/b2bf4912-6b88-4ece-95c9-e9fd1cf906df 0.111s
2024-10-24 02:26:31.248 63625 INFO tempest.lib.common.rest_client [req-b8f9263d-b37b-4b54-a51e-c4e96e4a4dbd req-b8f9263d-b37b-4b54-a51e-c4e96e4a4dbd ] Request (SecurityGroupRulesTestJSON:test_security_group_rules_list): 200 POST http://10.180.1.21/compute/v2.1/os-security-group-rules 0.169s
2024-10-24 02:26:31.260 63601 INFO tempest.lib.common.rest_client [req-c8fcb21c-91ae-41c8-9518-18f0301f5b4d req-c8fcb21c-91ae-41c8-9518-18f0301f5b4d ] Request (AttachVolumeShelveTestJSON:setUpClass): 201 POST http://10.180.1.21/identity/v3/auth/tokens 0.030s
2024-10-24 02:26:31.280 63601 INFO tempest.lib.common.rest_client [req-a15ee12c-232b-4bcb-8a69-0de6b5ad4c93 req-a15ee12c-232b-4bcb-8a69-0de6b5ad4c93 ] Request (AttachVolumeShelveTestJSON:setUpClass): 200 GET http://10.180.1.21/identity/v3/domains?name=Default 0.020s
2024-10-24 02:26:31.281 63613 INFO tempest.lib.common.rest_client [req-1f3dd9a9-3dbc-43fd-a531-95cb7bfef5da req-1f3dd9a9-3dbc-43fd-a531-95cb7bfef5da ] Request (ListServerFiltersTestJSON:setUpClass): 200 GET http://10.180.1.21/compute/v2.1/servers/d5daa7b5-2b00-46f5-b89b-42f33f6cd3c6 0.122s
2024-10-24 02:26:31.296 63655 INFO tempest.lib.common.rest_client [req-2c984b8b-503f-49b1-97ba-e176ed1ce0cb req-2c984b8b-503f-49b1-97ba-e176ed1ce0cb ] Request (ServerActionsTestJSON:setUpClass): 200 GET http://10.180.1.21/compute/v2.1/servers/b46098f3-d952-4a33-86fe-825fe4625008 0.083s
2024-10-24 02:26:31.311 63601 INFO tempest.lib.common.rest_client [req-50924503-ec98-4c6f-926b-07ad5210d21e req-50924503-ec98-4c6f-926b-07ad5210d21e ] Request (AttachVolumeShelveTestJSON:setUpClass): 201 POST http://10.180.1.21/identity/v3/projects 0.030s
2024-10-24 02:26:31.345 63651 INFO tempest.lib.common.rest_client [req-17606e15-4a4d-4f41-b6f9-f3ca24b1e2b2 req-17606e15-4a4d-4f41-b6f9-f3ca24b1e2b2 ] Request (VolumesAdminNegativeTest:test_update_attached_volume_with_nonexistent_volume_in_body): 200 GET http://10.180.1.21/compute/v2.1/servers/21e17d32-40db-4dc1-9e73-fa6d35a4c06a 0.074s
2024-10-24 02:26:31.358 63601 INFO tempest.lib.common.rest_client [req-57bd2a5f-75bd-419e-9dc5-cbd2febb4c03 req-57bd2a5f-75bd-419e-9dc5-cbd2febb4c03 ] Request (AttachVolumeShelveTestJSON:setUpClass): 201 POST http://10.180.1.21/identity/v3/users 0.046s
2024-10-24 02:26:31.376 63601 INFO tempest.lib.common.rest_client [req-6025bb00-50ea-4e82-a8c5-aee8d0c82642 req-6025bb00-50ea-4e82-a8c5-aee8d0c82642 ] Request (AttachVolumeShelveTestJSON:setUpClass): 200 GET http://10.180.1.21/identity/v3/roles 0.017s
2024-10-24 02:26:31.396 63629 INFO tempest.lib.common.rest_client [req-00651db2-6d26-4e38-9885-47a05f7aac72 req-00651db2-6d26-4e38-9885-47a05f7aac72 ] Request (MultipleCreateTestJSON:test_multiple_create): 200 GET http://10.180.1.21/compute/v2.1/servers/795b61f6-a0f3-4aab-94b3-2540ccbb7312 0.069s
2024-10-24 02:26:31.415 63625 INFO tempest.lib.common.rest_client [req-30e3b9e3-0e27-4e33-9c57-adfc703eef7b req-30e3b9e3-0e27-4e33-9c57-adfc703eef7b ] Request (SecurityGroupRulesTestJSON:test_security_group_rules_list): 200 POST http://10.180.1.21/compute/v2.1/os-security-group-rules 0.165s
2024-10-24 02:26:31.442 63609 INFO tempest.lib.common.rest_client [req-4cc889eb-ef58-4d07-8436-8ad4ba8bdd31 req-4cc889eb-ef58-4d07-8436-8ad4ba8bdd31 ] Request (ServersNegativeTestJSON:setUpClass): 200 GET http://10.180.1.21/compute/v2.1/servers/05b9ea96-23f9-4c7a-aa0f-0d9142c4167e 0.107s
2024-10-24 02:26:31.464 63649 INFO tempest.lib.common.rest_client [req-371e9c4f-10cf-4a10-b6f8-2d1270c0b0a4 req-371e9c4f-10cf-4a10-b6f8-2d1270c0b0a4 ] Request (ServersV294TestFqdnHostnames:setUpClass): 200 GET http://10.180.1.21/compute/v2.1/servers/d7589681-fe6c-4dc6-b533-ade8ae634d58 0.079s
2024-10-24 02:26:31.491 63593 INFO tempest.lib.common.rest_client [req-6ab3c0ec-17d6-46e7-893a-5764faed53b5 req-6ab3c0ec-17d6-46e7-893a-5764faed53b5 ] Request (FloatingIPsAssociationTestJSON:setUpClass): 200 GET http://10.180.1.21/compute/v2.1/servers/b275344f-695e-463b-8bfe-2bee97296349 0.107s
2024-10-24 02:26:31.505 63625 INFO tempest.lib.common.rest_client [req-74c92021-53e1-4703-a07d-f8148b27b071 req-74c92021-53e1-4703-a07d-f8148b27b071 ] Request (SecurityGroupRulesTestJSON:test_security_group_rules_list): 200 GET http://10.180.1.21/compute/v2.1/os-security-groups/2898de1e-17a7-40cd-b65c-80948d692f8d 0.088s
2024-10-24 02:26:31.523 63601 INFO tempest.lib.common.rest_client [req-27c8b66d-8e3a-4438-8046-0a98b3e89e41 req-27c8b66d-8e3a-4438-8046-0a98b3e89e41 ] Request (AttachVolumeShelveTestJSON:setUpClass): 204 PUT http://10.180.1.21/identity/v3/projects/744ce7dc0ab4463fa461cbac87e51904/users/fdbd89aac89e4d58bbfd5b549d42a27f/roles/0a9aac8f8f1f4d2e9ed0435e8a05e0c7 0.146s
2024-10-24 02:26:31.523 63601 INFO tempest.lib.common.dynamic_creds [-] Dynamic test user fdbd89aac89e4d58bbfd5b549d42a27f is created with scope project and roles: ['member']
2024-10-24 02:26:31.523 63601 INFO tempest.lib.common.dynamic_creds [-] Acquired dynamic creds: credentials: Credentials: {'domain_id': 'default', 'domain_name': 'Default', 'username': 'tempest-AttachVolumeShelveTestJSON-199973924-project-member', 'project_domain_id': 'default', 'project_domain_name': 'Default', 'project_id': '744ce7dc0ab4463fa461cbac87e51904', 'project_name': 'tempest-AttachVolumeShelveTestJSON-199973924', 'tenant_id': '744ce7dc0ab4463fa461cbac87e51904', 'tenant_name': 'tempest-AttachVolumeShelveTestJSON-199973924', 'user_domain_id': 'default', 'user_domain_name': 'Default', 'user_id': 'fdbd89aac89e4d58bbfd5b549d42a27f', 'system': None}, Network: None, Subnet: None, Router: None
2024-10-24 02:26:31.544 63653 INFO tempest.lib.common.rest_client [req-6b1d35e0-0b9c-4c5d-9afe-a316f496a887 req-6b1d35e0-0b9c-4c5d-9afe-a316f496a887 ] Request (ListServersNegativeTestJSON:setUpClass): 200 GET http://10.180.1.21/compute/v2.1/servers/087c0c34-2f44-4791-86e7-b1b3564f49d5 0.111s
2024-10-24 02:26:31.555 63615 INFO tempest.lib.common.rest_client [req-1c93fafa-ce0f-4f35-801a-f4c129806d17 req-1c93fafa-ce0f-4f35-801a-f4c129806d17 ] Request (ServerPasswordTestJSON:setUpClass): 200 GET http://10.180.1.21/compute/v2.1/servers/7816d808-c9dd-403f-b993-c6d9dc458c7b 0.078s
2024-10-24 02:26:31.579 63601 INFO tempest.lib.common.rest_client [req-27e3a57c-b6ac-4778-b81e-f359a72d57be req-27e3a57c-b6ac-4778-b81e-f359a72d57be ] Request (AttachVolumeShelveTestJSON:setUpClass): 201 POST http://10.180.1.21/identity/v3/auth/tokens 0.055s
2024-10-24 02:26:31.610 63637 INFO tempest.lib.common.rest_client [req-bbefeaba-fc5e-43ad-a3aa-e2ff284caf7a req-bbefeaba-fc5e-43ad-a3aa-e2ff284caf7a ] Request (ServersAdminTestJSON:setUpClass): 200 GET http://10.180.1.21/compute/v2.1/servers/dd80c3be-ec92-4a67-a373-3e2276752feb 0.077s
2024-10-24 02:26:31.667 63605 INFO tempest.lib.common.rest_client [req-0f6537c6-dc49-4b14-a891-338ea6544eed req-0f6537c6-dc49-4b14-a891-338ea6544eed ] Request (SecurityGroupsTestJSON:test_list_security_groups_by_server): 200 GET http://10.180.1.21/compute/v2.1/servers/1446c7da-415f-43ee-9ff1-2266bd3038e4 0.086s
2024-10-24 02:26:31.722 63625 INFO tempest.lib.common.rest_client [req-8f0bb8ad-5be8-46d7-9081-ea329f70579d req-8f0bb8ad-5be8-46d7-9081-ea329f70579d ] Request (SecurityGroupRulesTestJSON:_run_cleanups): 202 DELETE http://10.180.1.21/compute/v2.1/os-security-group-rules/42a00b03-5e0c-430d-bc61-a401d289341e 0.213s
2024-10-24 02:26:31.734 63603 INFO tempest.lib.common.rest_client [req-d11ada93-900b-40a9-a649-d5e959251bef req-d11ada93-900b-40a9-a649-d5e959251bef ] Request (ServersAdminNegativeTestJSON:setUpClass): 200 GET http://10.180.1.21/compute/v2.1/servers/9478ce7a-99c6-4e95-82b0-f8a71ce94a90 0.131s
2024-10-24 02:26:31.800 63601 INFO tempest.lib.common.rest_client [req-e1cdf09f-ab13-4c62-ac1a-70dd2601bc01 req-e1cdf09f-ab13-4c62-ac1a-70dd2601bc01 ] Request (AttachVolumeShelveTestJSON:setUpClass): 201 POST http://10.180.1.21:9696/networking/v2.0/networks 0.220s
2024-10-24 02:26:31.812 63597 INFO tempest.lib.common.rest_client [req-71053c62-417e-4550-a2e0-e34fd96490d0 req-71053c62-417e-4550-a2e0-e34fd96490d0 ] Request (ServerDiagnosticsNegativeTest:test_get_server_diagnostics_by_non_admin): 200 GET http://10.180.1.21/compute/v2.1/servers/10112b62-f41e-4413-9bc8-c1306c5c1bc1 0.181s
2024-10-24 02:26:31.812 63634 INFO tempest.lib.common.rest_client [req-c534da67-e09d-41ee-9372-895612ef8aa2 req-c534da67-e09d-41ee-9372-895612ef8aa2 ] Request (ImagesTestJSON:test_create_image_from_suspended_server): 200 GET http://10.180.1.21/compute/v2.1/servers/b7dcc653-a430-48c4-9185-3e8200cf1005 0.149s
2024-10-24 02:26:31.819 63597 INFO tempest.common.waiters [-] State transition "BUILD/scheduling" ==> "ERROR/None" after 78 second wait
2024-10-24 02:26:31.881 63619 INFO tempest.lib.common.rest_client [req-6843d78e-7122-47e4-b804-35c09e199371 req-6843d78e-7122-47e4-b804-35c09e199371 ] Request (ServerRescueTestJSONUnderV235:setUpClass): 200 GET http://10.180.1.21/compute/v2.1/servers/3dd3c8f5-f2ab-46b2-a6b8-beaeb906cbab 0.165s
2024-10-24 02:26:31.941 63621 INFO tempest.lib.common.rest_client [req-46c589b1-854d-4189-97d4-15462a4fad10 req-46c589b1-854d-4189-97d4-15462a4fad10 ] Request (AttachInterfacesTestJSON:test_create_list_show_delete_interfaces_by_fixed_ip): 200 GET http://10.180.1.21/compute/v2.1/servers/732ff6d3-2de9-4e6b-887d-5329ba83443c 0.171s
2024-10-24 02:26:31.946 63621 INFO tempest.common.waiters [-] State transition "BUILD/None" ==> "BUILD/networking" after 69 second wait
2024-10-24 02:26:31.960 63601 INFO tempest.lib.common.rest_client [req-2a23e071-1c53-43db-983f-4e077174a477 req-2a23e071-1c53-43db-983f-4e077174a477 ] Request (AttachVolumeShelveTestJSON:setUpClass): 201 POST http://10.180.1.21:9696/networking/v2.0/subnets 0.159s
2024-10-24 02:26:32.011 63625 INFO tempest.lib.common.rest_client [req-30c966bb-fec1-4ca7-b72a-fc588f66d344 req-30c966bb-fec1-4ca7-b72a-fc588f66d344 ] Request (SecurityGroupRulesTestJSON:tearDownClass): 202 DELETE http://10.180.1.21/compute/v2.1/os-security-groups/2898de1e-17a7-40cd-b65c-80948d692f8d 0.288s
2024-10-24 02:26:32.064 63641 INFO tempest.lib.common.rest_client [req-b5f201bf-d1bd-40d0-b36f-d6c79579d291 req-b5f201bf-d1bd-40d0-b36f-d6c79579d291 ] Request (DeleteServersTestJSON:test_delete_active_server): 200 GET http://10.180.1.21/compute/v2.1/servers/0de6892a-5463-4d60-807c-0e3fca2accf3 0.228s
2024-10-24 02:26:32.122 63623 INFO tempest.lib.common.rest_client [req-78d68a2d-5c07-4a84-926a-d760feae4c4d req-78d68a2d-5c07-4a84-926a-d760feae4c4d ] Request (ServersTestBootFromVolume:setUpClass): 200 GET http://10.180.1.21/compute/v2.1/servers/282f1b55-8a74-467a-9ec8-0684eb780970 0.280s
2024-10-24 02:26:32.145 63597 INFO tempest.lib.common.rest_client [req-08d29eaf-4353-469a-b90d-0295819b6e45 req-08d29eaf-4353-469a-b90d-0295819b6e45 ] Request (ServerDiagnosticsNegativeTest:test_get_server_diagnostics_by_non_admin): 204 DELETE http://10.180.1.21/compute/v2.1/servers/10112b62-f41e-4413-9bc8-c1306c5c1bc1 0.326s
2024-10-24 02:26:32.176 63639 INFO tempest.lib.common.rest_client [req-c0b3cb37-6203-4de3-831a-e642c7f556b1 req-c0b3cb37-6203-4de3-831a-e642c7f556b1 ] Request (ServersTestJSON:test_create_server_specify_multibyte_character_name): 200 GET http://10.180.1.21/compute/v2.1/servers/2386393a-3006-4e6b-91e0-40b7ab8e3948 0.285s
2024-10-24 02:26:32.352 63643 INFO tempest.lib.common.rest_client [req-92c15e0d-7030-409c-8afb-a8d58aaa9542 req-92c15e0d-7030-409c-8afb-a8d58aaa9542 ] Request (ServersTestJSON:setUpClass): 200 GET http://10.180.1.21/compute/v2.1/servers/ec4726b2-38f9-4499-a5b0-a70db0d697f6 0.418s
2024-10-24 02:26:32.353 63635 INFO tempest.lib.common.rest_client [req-e83bc69d-de87-4015-bb38-b936653f93c6 req-e83bc69d-de87-4015-bb38-b936653f93c6 ] Request (ServerRescueNegativeTestJSON:setUpClass): 200 GET http://10.180.1.21/compute/v2.1/servers/7d79c9cf-66a9-4117-b090-0ab0676c3114 0.407s
2024-10-24 02:26:32.370 63625 INFO tempest.lib.common.rest_client [req-d2250c5c-2485-4071-802a-d6cca3ca344c req-d2250c5c-2485-4071-802a-d6cca3ca344c ] Request (SecurityGroupRulesTestJSON:tearDownClass): 404 DELETE http://10.180.1.21/compute/v2.1/os-security-groups/0112d821-974b-4575-8379-a7ce8ea2b140 0.359s
2024-10-24 02:26:32.396 63647 INFO tempest.lib.common.rest_client [req-bfac596e-e9cc-42b6-a736-c35c72e0c24f req-bfac596e-e9cc-42b6-a736-c35c72e0c24f ] Request (DeleteServersAdminTestJSON:test_delete_server_while_in_error_state): 200 GET http://10.180.1.21/compute/v2.1/servers/115e42ee-60cc-400d-8f4d-c23009f9091f 0.414s
2024-10-24 02:26:32.418 63595 INFO tempest.lib.common.rest_client [req-811a5f53-3f21-43f4-a084-5f017f27d706 req-811a5f53-3f21-43f4-a084-5f017f27d706 ] Request (InstanceActionsTestJSON:setUpClass): 200 GET http://10.180.1.21/compute/v2.1/servers/3c04c546-a9fa-4cbd-98d4-3ea92918a918 0.387s
2024-10-24 02:26:32.439 63627 INFO tempest.lib.common.rest_client [req-2ad527a2-d523-4ced-8b1f-6be8fb43c2ef req-2ad527a2-d523-4ced-8b1f-6be8fb43c2ef ] Request (ServersTestFqdnHostnames:test_create_server_with_fqdn_name): 200 GET http://10.180.1.21/compute/v2.1/servers/8e5e4a26-69ed-461d-aa67-929c0a4ab0f6 0.359s
2024-10-24 02:26:32.467 63617 INFO tempest.lib.common.rest_client [req-0d75850c-6733-4528-af90-17afd41db53d req-0d75850c-6733-4528-af90-17afd41db53d ] Request (MigrationsAdminTest:test_resize_server_revert_deleted_flavor): 200 GET http://10.180.1.21/compute/v2.1/servers/ad05eda3-efd7-4040-be9c-6a47df02889b 0.343s
2024-10-24 02:26:32.484 63597 INFO tempest.lib.common.rest_client [req-e109466b-c29b-4191-b2b4-1b4fc7c145b4 req-e109466b-c29b-4191-b2b4-1b4fc7c145b4 ] Request (ServerDiagnosticsNegativeTest:test_get_server_diagnostics_by_non_admin): 404 GET http://10.180.1.21/compute/v2.1/servers/10112b62-f41e-4413-9bc8-c1306c5c1bc1 0.338s
2024-10-24 02:26:32.498 63607 INFO tempest.lib.common.rest_client [req-bdd76691-47a5-42fa-942e-cfeb918b4e9c req-bdd76691-47a5-42fa-942e-cfeb918b4e9c ] Request (ServerShowV247Test:tearDownClass): 200 GET http://10.180.1.21/compute/v2.1/servers/f9c8ed86-506b-4654-8e7e-cb218605764b 0.359s
2024-10-24 02:26:32.532 63601 INFO tempest.lib.common.rest_client [req-375c5b7b-d43b-43e4-b422-ce6fac44e3a7 req-375c5b7b-d43b-43e4-b422-ce6fac44e3a7 ] Request (AttachVolumeShelveTestJSON:setUpClass): 201 POST http://10.180.1.21:9696/networking/v2.0/routers 0.572s
2024-10-24 02:26:32.543 63612 INFO tempest.lib.common.rest_client [req-aff21073-cc23-4481-b7c5-ffa7a94a1050 req-aff21073-cc23-4481-b7c5-ffa7a94a1050 ] Request (ServerShowV254Test:test_rebuild_server): 200 GET http://10.180.1.21/compute/v2.1/servers/e5c80c05-0e48-415a-ac91-a53e1c8819f0 0.356s
2024-10-24 02:26:32.561 63599 INFO tempest.lib.common.rest_client [req-69978569-4124-4f35-9982-3c7a6e653a6a req-69978569-4124-4f35-9982-3c7a6e653a6a ] Request (ServerDiagnosticsV248Test:test_get_server_diagnostics): 200 GET http://10.180.1.21/compute/v2.1/servers/b2bf4912-6b88-4ece-95c9-e9fd1cf906df 0.321s
2024-10-24 02:26:32.574 63597 INFO tempest.lib.common.rest_client [req-551edb46-e11c-4403-b1b9-061f01637c54 req-551edb46-e11c-4403-b1b9-061f01637c54 ] Request (ServerDiagnosticsNegativeTest:tearDownClass): 204 DELETE http://10.180.1.21/identity/v3/users/4cc824dbae1f40918c3c57fb739fcfee 0.088s
2024-10-24 02:26:32.605 63613 INFO tempest.lib.common.rest_client [req-601223d9-62cb-4c3b-a970-2cefd92ffa19 req-601223d9-62cb-4c3b-a970-2cefd92ffa19 ] Request (ListServerFiltersTestJSON:setUpClass): 200 GET http://10.180.1.21/compute/v2.1/servers/d5daa7b5-2b00-46f5-b89b-42f33f6cd3c6 0.316s
2024-10-24 02:26:32.618 63655 INFO tempest.lib.common.rest_client [req-4d8c6919-d00a-4bd1-8a23-9f294415f72d req-4d8c6919-d00a-4bd1-8a23-9f294415f72d ] Request (ServerActionsTestJSON:setUpClass): 200 GET http://10.180.1.21/compute/v2.1/servers/b46098f3-d952-4a33-86fe-825fe4625008 0.313s
2024-10-24 02:26:32.665 63651 INFO tempest.lib.common.rest_client [req-da1dd1da-becd-4d18-8f67-ff376b94210d req-da1dd1da-becd-4d18-8f67-ff376b94210d ] Request (VolumesAdminNegativeTest:test_update_attached_volume_with_nonexistent_volume_in_body): 200 GET http://10.180.1.21/compute/v2.1/servers/21e17d32-40db-4dc1-9e73-fa6d35a4c06a 0.314s
2024-10-24 02:26:32.677 63597 INFO tempest.lib.common.rest_client [req-d4a60ad1-e6f8-4119-bcc3-9f06033ba782 req-d4a60ad1-e6f8-4119-bcc3-9f06033ba782 ] Request (ServerDiagnosticsNegativeTest:tearDownClass): 204 DELETE http://10.180.1.21/identity/v3/users/0a8cc981bfa04a69bb485d54192f4e84 0.103s
2024-10-24 02:26:32.677 63597 INFO tempest.lib.common.dynamic_creds [-] Deleting project and security group for project: 2e7ccc8ef3df46a6a3a11d3a19254965
2024-10-24 02:26:32.718 63629 INFO tempest.lib.common.rest_client [req-55290f10-fda2-45c8-b604-0d0c8f3d20c3 req-55290f10-fda2-45c8-b604-0d0c8f3d20c3 ] Request (MultipleCreateTestJSON:test_multiple_create): 200 GET http://10.180.1.21/compute/v2.1/servers/795b61f6-a0f3-4aab-94b3-2540ccbb7312 0.315s
2024-10-24 02:26:32.735 63597 INFO tempest.lib.common.rest_client [req-fabb8c65-0cda-4caa-8e46-7b99092fd9b3 req-fabb8c65-0cda-4caa-8e46-7b99092fd9b3 ] Request (ServerDiagnosticsNegativeTest:tearDownClass): 201 POST http://10.180.1.21/identity/v3/auth/tokens 0.058s
2024-10-24 02:26:32.782 63609 INFO tempest.lib.common.rest_client [req-6d8e94b4-025d-4893-af87-34b0b819266f req-6d8e94b4-025d-4893-af87-34b0b819266f ] Request (ServersNegativeTestJSON:setUpClass): 200 GET http://10.180.1.21/compute/v2.1/servers/05b9ea96-23f9-4c7a-aa0f-0d9142c4167e 0.333s
2024-10-24 02:26:32.814 63625 INFO tempest.lib.common.rest_client [req-386ec00a-7cb4-41d2-a6fb-9e33dd0139dc req-386ec00a-7cb4-41d2-a6fb-9e33dd0139dc ] Request (SecurityGroupRulesTestJSON:tearDownClass): 202 DELETE http://10.180.1.21/compute/v2.1/os-security-groups/059c2a5d-f694-43e7-9ac5-378055571369 0.444s
2024-10-24 02:26:32.859 63649 INFO tempest.lib.common.rest_client [req-fe53756e-2175-43d2-8cb6-5dea842e4c50 req-fe53756e-2175-43d2-8cb6-5dea842e4c50 ] Request (ServersV294TestFqdnHostnames:setUpClass): 200 GET http://10.180.1.21/compute/v2.1/servers/d7589681-fe6c-4dc6-b533-ade8ae634d58 0.378s
2024-10-24 02:26:32.870 63593 INFO tempest.lib.common.rest_client [req-932d3ae9-1dc3-41ad-af08-084243c3669d req-932d3ae9-1dc3-41ad-af08-084243c3669d ] Request (FloatingIPsAssociationTestJSON:setUpClass): 200 GET http://10.180.1.21/compute/v2.1/servers/b275344f-695e-463b-8bfe-2bee97296349 0.367s
2024-10-24 02:26:32.907 63653 INFO tempest.lib.common.rest_client [req-38ba5995-4978-49de-ac48-a6d00d5eea37 req-38ba5995-4978-49de-ac48-a6d00d5eea37 ] Request (ListServersNegativeTestJSON:setUpClass): 200 GET http://10.180.1.21/compute/v2.1/servers/087c0c34-2f44-4791-86e7-b1b3564f49d5 0.357s
2024-10-24 02:26:32.923 63615 INFO tempest.lib.common.rest_client [req-50cd0043-f319-4f3b-a1fd-7ab2600972d7 req-50cd0043-f319-4f3b-a1fd-7ab2600972d7 ] Request (ServerPasswordTestJSON:setUpClass): 200 GET http://10.180.1.21/compute/v2.1/servers/7816d808-c9dd-403f-b993-c6d9dc458c7b 0.361s
2024-10-24 02:26:32.962 63637 INFO tempest.lib.common.rest_client [req-d44809cb-4625-4bd5-95f1-33d1f120a8a8 req-d44809cb-4625-4bd5-95f1-33d1f120a8a8 ] Request (ServersAdminTestJSON:setUpClass): 200 GET http://10.180.1.21/compute/v2.1/servers/dd80c3be-ec92-4a67-a373-3e2276752feb 0.344s
2024-10-24 02:26:32.965 63597 INFO tempest.lib.common.rest_client [req-8dc92b48-cb54-4748-abd3-fd59cb6e5fe2 req-8dc92b48-cb54-4748-abd3-fd59cb6e5fe2 ] Request (ServerDiagnosticsNegativeTest:tearDownClass): 200 GET http://10.180.1.21:9696/networking/v2.0/security-groups?tenant_id=2e7ccc8ef3df46a6a3a11d3a19254965&name=default 0.230s
2024-10-24 02:26:32.970 63605 INFO tempest.lib.common.rest_client [req-cd80e28d-901d-474c-aac6-e06ccf7a388c req-cd80e28d-901d-474c-aac6-e06ccf7a388c ] Request (SecurityGroupsTestJSON:test_list_security_groups_by_server): 200 GET http://10.180.1.21/compute/v2.1/servers/1446c7da-415f-43ee-9ff1-2266bd3038e4 0.296s
2024-10-24 02:26:33.016 63603 INFO tempest.lib.common.rest_client [req-5b39c796-fb0c-4bf7-82f7-5c34d87d565f req-5b39c796-fb0c-4bf7-82f7-5c34d87d565f ] Request (ServersAdminNegativeTestJSON:setUpClass): 200 GET http://10.180.1.21/compute/v2.1/servers/9478ce7a-99c6-4e95-82b0-f8a71ce94a90 0.273s
2024-10-24 02:26:33.076 63634 INFO tempest.lib.common.rest_client [req-dcaa0e46-95eb-4e81-b144-97bb1aea94fa req-dcaa0e46-95eb-4e81-b144-97bb1aea94fa ] Request (ImagesTestJSON:test_create_image_from_suspended_server): 200 GET http://10.180.1.21/compute/v2.1/servers/b7dcc653-a430-48c4-9185-3e8200cf1005 0.258s
2024-10-24 02:26:33.095 63597 INFO tempest.lib.common.rest_client [req-6b17b5a1-2abb-4dd0-b710-7a5467792940 req-6b17b5a1-2abb-4dd0-b710-7a5467792940 ] Request (ServerDiagnosticsNegativeTest:tearDownClass): 204 DELETE http://10.180.1.21:9696/networking/v2.0/security-groups/e3e6bbea-77f0-4923-90e4-834ef12a5501 0.127s
2024-10-24 02:26:33.141 63619 INFO tempest.lib.common.rest_client [req-f117952f-8454-434f-b07d-024e71410fcb req-f117952f-8454-434f-b07d-024e71410fcb ] Request (ServerRescueTestJSONUnderV235:setUpClass): 200 GET http://10.180.1.21/compute/v2.1/servers/3dd3c8f5-f2ab-46b2-a6b8-beaeb906cbab 0.253s
2024-10-24 02:26:33.160 63625 INFO tempest.lib.common.rest_client [req-0d645b07-acea-4180-a62c-d115d10ff57c req-0d645b07-acea-4180-a62c-d115d10ff57c ] Request (SecurityGroupRulesTestJSON:tearDownClass): 202 DELETE http://10.180.1.21/compute/v2.1/os-security-groups/77cc207f-f1f6-41be-b80d-95748dde4155 0.345s
2024-10-24 02:26:33.185 63597 INFO tempest.lib.common.rest_client [req-57acd553-f163-4c73-9797-c53f689db90c req-57acd553-f163-4c73-9797-c53f689db90c ] Request (ServerDiagnosticsNegativeTest:tearDownClass): 204 DELETE http://10.180.1.21/identity/v3/projects/2e7ccc8ef3df46a6a3a11d3a19254965 0.090s
2024-10-24 02:26:33.185 63597 INFO tempest.lib.common.dynamic_creds [-] Deleting project and security group for project: 8749867b3cb44cadb7096608072d4904
2024-10-24 02:26:33.237 63597 INFO tempest.lib.common.rest_client [req-4400c328-28b5-4b45-aaf2-33d2c6091f8b req-4400c328-28b5-4b45-aaf2-33d2c6091f8b ] Request (ServerDiagnosticsNegativeTest:tearDownClass): 200 GET http://10.180.1.21:9696/networking/v2.0/security-groups?tenant_id=8749867b3cb44cadb7096608072d4904&name=default 0.051s
2024-10-24 02:26:33.245 63641 INFO tempest.lib.common.rest_client [req-8b50981d-ae6b-416e-9185-ce8d115d2ceb req-8b50981d-ae6b-416e-9185-ce8d115d2ceb ] Request (DeleteServersTestJSON:test_delete_active_server): 200 GET http://10.180.1.21/compute/v2.1/servers/0de6892a-5463-4d60-807c-0e3fca2accf3 0.171s
2024-10-24 02:26:33.307 63623 INFO tempest.lib.common.rest_client [req-749887ce-e931-4067-bbcf-68f3fe2b83b5 req-749887ce-e931-4067-bbcf-68f3fe2b83b5 ] Request (ServersTestBootFromVolume:setUpClass): 200 GET http://10.180.1.21/compute/v2.1/servers/282f1b55-8a74-467a-9ec8-0684eb780970 0.177s
2024-10-24 02:26:33.367 63597 INFO tempest.lib.common.rest_client [req-af54df6a-b9f0-4263-8fc3-a21b84e046d6 req-af54df6a-b9f0-4263-8fc3-a21b84e046d6 ] Request (ServerDiagnosticsNegativeTest:tearDownClass): 204 DELETE http://10.180.1.21:9696/networking/v2.0/security-groups/4ba3ef24-1818-4072-aa85-e815de7d1614 0.130s
2024-10-24 02:26:33.387 63621 INFO tempest.lib.common.rest_client [req-f2c3a157-539b-4556-bc46-e0487ba8a0ef req-f2c3a157-539b-4556-bc46-e0487ba8a0ef ] Request (AttachInterfacesTestJSON:test_create_list_show_delete_interfaces_by_fixed_ip): 200 GET http://10.180.1.21/compute/v2.1/servers/732ff6d3-2de9-4e6b-887d-5329ba83443c 0.440s
2024-10-24 02:26:33.397 63621 INFO tempest.common.waiters [-] State transition "BUILD/networking" ==> "BUILD/spawning" after 71 second wait
2024-10-24 02:26:33.462 63639 INFO tempest.lib.common.rest_client [req-14a82919-4f40-43cc-8b75-5f438d1c0049 req-14a82919-4f40-43cc-8b75-5f438d1c0049 ] Request (ServersTestJSON:test_create_server_specify_multibyte_character_name): 200 GET http://10.180.1.21/compute/v2.1/servers/2386393a-3006-4e6b-91e0-40b7ab8e3948 0.279s
2024-10-24 02:26:33.473 63625 INFO tempest.lib.common.rest_client [req-80f76a83-1208-4f92-840b-b71d0f219295 req-80f76a83-1208-4f92-840b-b71d0f219295 ] Request (SecurityGroupRulesTestJSON:tearDownClass): 202 DELETE http://10.180.1.21/compute/v2.1/os-security-groups/dce3dc29-0e5d-4cb4-9857-1d5af0793084 0.313s
2024-10-24 02:26:33.474 63597 INFO tempest.lib.common.rest_client [req-1a47f867-c1c4-4bca-8b46-260afbc07479 req-1a47f867-c1c4-4bca-8b46-260afbc07479 ] Request (ServerDiagnosticsNegativeTest:tearDownClass): 204 DELETE http://10.180.1.21/identity/v3/projects/8749867b3cb44cadb7096608072d4904 0.106s
2024-10-24 02:26:33.535 63635 INFO tempest.lib.common.rest_client [req-86333061-f071-43e9-a35a-dd0f174b9986 req-86333061-f071-43e9-a35a-dd0f174b9986 ] Request (ServerRescueNegativeTestJSON:setUpClass): 200 GET http://10.180.1.21/compute/v2.1/servers/7d79c9cf-66a9-4117-b090-0ab0676c3114 0.174s
2024-10-24 02:26:33.536 63643 INFO tempest.lib.common.rest_client [req-c030dc79-0e0c-498a-a3a8-23908308a53c req-c030dc79-0e0c-498a-a3a8-23908308a53c ] Request (ServersTestJSON:setUpClass): 200 GET http://10.180.1.21/compute/v2.1/servers/ec4726b2-38f9-4499-a5b0-a70db0d697f6 0.178s
2024-10-24 02:26:33.557 63597 INFO tempest.lib.common.rest_client [req-58fbb8ea-9918-4913-a67f-f1b58ee244a4 req-58fbb8ea-9918-4913-a67f-f1b58ee244a4 ] Request (ServersAdmin275Test:setUpClass): 201 POST http://10.180.1.21/identity/v3/auth/tokens 0.081s
2024-10-24 02:26:33.587 63597 INFO tempest.lib.common.rest_client [req-87190a66-5cd3-46bc-b931-48ca527e5aad req-87190a66-5cd3-46bc-b931-48ca527e5aad ] Request (ServersAdmin275Test:setUpClass): 201 POST http://10.180.1.21/identity/v3/auth/tokens 0.027s
2024-10-24 02:26:33.608 63595 INFO tempest.lib.common.rest_client [req-529a591b-b9a7-46b9-8d0c-0a3b5bf56bd5 req-529a591b-b9a7-46b9-8d0c-0a3b5bf56bd5 ] Request (InstanceActionsTestJSON:setUpClass): 200 GET http://10.180.1.21/compute/v2.1/servers/3c04c546-a9fa-4cbd-98d4-3ea92918a918 0.183s
2024-10-24 02:26:33.610 63597 INFO tempest.lib.common.rest_client [req-909c1d2c-ded1-4648-ae2a-ec994fa5ed84 req-909c1d2c-ded1-4648-ae2a-ec994fa5ed84 ] Request (ServersAdmin275Test:setUpClass): 200 GET http://10.180.1.21/identity/v3/domains?name=Default 0.022s
2024-10-24 02:26:33.610 63647 INFO tempest.lib.common.rest_client [req-c6012421-fb85-42c8-a25e-95343db1c0e1 req-c6012421-fb85-42c8-a25e-95343db1c0e1 ] Request (DeleteServersAdminTestJSON:test_delete_server_while_in_error_state): 200 GET http://10.180.1.21/compute/v2.1/servers/115e42ee-60cc-400d-8f4d-c23009f9091f 0.207s
2024-10-24 02:26:33.646 63597 INFO tempest.lib.common.rest_client [req-118f592c-a318-44af-b989-c2f42025bee8 req-118f592c-a318-44af-b989-c2f42025bee8 ] Request (ServersAdmin275Test:setUpClass): 201 POST http://10.180.1.21/identity/v3/projects 0.035s
2024-10-24 02:26:33.674 63627 INFO tempest.lib.common.rest_client [req-9c36c1e4-de5d-48ed-9fa8-8055d5608b15 req-9c36c1e4-de5d-48ed-9fa8-8055d5608b15 ] Request (ServersTestFqdnHostnames:test_create_server_with_fqdn_name): 200 GET http://10.180.1.21/compute/v2.1/servers/8e5e4a26-69ed-461d-aa67-929c0a4ab0f6 0.224s
2024-10-24 02:26:33.681 63617 INFO tempest.lib.common.rest_client [req-01cb4369-a0fd-4c09-ae7f-20f497824ba6 req-01cb4369-a0fd-4c09-ae7f-20f497824ba6 ] Request (MigrationsAdminTest:test_resize_server_revert_deleted_flavor): 200 GET http://10.180.1.21/compute/v2.1/servers/ad05eda3-efd7-4040-be9c-6a47df02889b 0.208s
2024-10-24 02:26:33.701 63601 INFO tempest.lib.common.rest_client [req-c71a6405-9ec2-424b-b027-ee0c026ea7b9 req-c71a6405-9ec2-424b-b027-ee0c026ea7b9 ] Request (AttachVolumeShelveTestJSON:setUpClass): 200 PUT http://10.180.1.21:9696/networking/v2.0/routers/f7674ec6-083f-402d-acd7-92f22cebee25/add_router_interface 1.167s
