2024-10-24 02:25:47.237 63607 INFO tempest.lib.common.rest_client [req-99ec4339-af9c-47c9-bd72-7bc1a29c856c req-99ec4339-af9c-47c9-bd72-7bc1a29c856c ] Request (ServerShowV247Test:test_update_rebuild_list_server): 200 GET http://10.180.1.21/compute/v2.1/servers/f9c8ed86-506b-4654-8e7e-cb218605764b 0.143s
2024-10-24 02:25:47.262 63639 INFO tempest.lib.common.rest_client [req-cbbb17f0-09fe-440c-92f5-9354d3bd6ff9 req-cbbb17f0-09fe-440c-92f5-9354d3bd6ff9 ] Request (ServersTestJSON:test_create_server_specify_multibyte_character_name): 200 GET http://10.180.1.21/compute/v2.1/servers/2386393a-3006-4e6b-91e0-40b7ab8e3948 0.163s
2024-10-24 02:25:47.280 63595 INFO tempest.lib.common.rest_client [req-15459516-f02d-42d8-8607-02158d3a43ad req-15459516-f02d-42d8-8607-02158d3a43ad ] Request (InstanceActionsTestJSON:setUpClass): 200 GET http://10.180.1.21/compute/v2.1/servers/3c04c546-a9fa-4cbd-98d4-3ea92918a918 0.145s
2024-10-24 02:25:47.313 63601 INFO tempest.lib.common.rest_client [req-42b3806c-4ee6-4d55-8c2a-e8a7e8f69244 req-42b3806c-4ee6-4d55-8c2a-e8a7e8f69244 ] Request (FloatingIPsAssociationNegativeTestJSON:setUpClass): 200 GET http://10.180.1.21/compute/v2.1/servers/1de0e894-1edb-4296-9e9b-2c1eb0c7c275 0.157s
2024-10-24 02:25:47.345 63627 INFO tempest.lib.common.rest_client [req-d032b39c-0e9e-45c8-9469-1a0b5f76338a req-d032b39c-0e9e-45c8-9469-1a0b5f76338a ] Request (ServersTestFqdnHostnames:test_create_server_with_fqdn_name): 200 GET http://10.180.1.21/compute/v2.1/servers/8e5e4a26-69ed-461d-aa67-929c0a4ab0f6 0.177s
2024-10-24 02:25:47.372 63615 INFO tempest.lib.common.rest_client [req-cc58c8d2-5006-460c-a01d-dc8f2955efa6 req-cc58c8d2-5006-460c-a01d-dc8f2955efa6 ] Request (ServerDiagnosticsTest:test_get_server_diagnostics): 200 GET http://10.180.1.21/compute/v2.1/servers/c80d746b-ad37-43d7-874e-1c1c848546f1 0.161s
2024-10-24 02:25:47.401 63635 INFO tempest.lib.common.rest_client [req-ab4848c1-f73d-492f-9e74-b99a796c48d3 req-ab4848c1-f73d-492f-9e74-b99a796c48d3 ] Request (ServerMetadataTestJSON:setUpClass): 200 GET http://10.180.1.21/compute/v2.1/servers/591a7907-e4a7-41d6-9cd0-5cb359f08810 0.160s
2024-10-24 02:25:47.435 63617 INFO tempest.lib.common.rest_client [req-9a3fe9f9-ba64-4c8a-9db0-0180c479e223 req-9a3fe9f9-ba64-4c8a-9db0-0180c479e223 ] Request (MigrationsAdminTest:test_resize_server_revert_deleted_flavor): 200 GET http://10.180.1.21/compute/v2.1/servers/ad05eda3-efd7-4040-be9c-6a47df02889b 0.148s
2024-10-24 02:25:47.460 63599 INFO tempest.lib.common.rest_client [req-c88865e3-5fda-4037-b1bb-05dbc59d98f4 req-c88865e3-5fda-4037-b1bb-05dbc59d98f4 ] Request (ServerDiagnosticsV248Test:test_get_server_diagnostics): 200 GET http://10.180.1.21/compute/v2.1/servers/b2bf4912-6b88-4ece-95c9-e9fd1cf906df 0.152s
2024-10-24 02:25:47.505 63612 INFO tempest.lib.common.rest_client [req-9908765c-605d-48ea-afc8-744c326b04d7 req-9908765c-605d-48ea-afc8-744c326b04d7 ] Request (ServerShowV254Test:test_rebuild_server): 200 GET http://10.180.1.21/compute/v2.1/servers/e5c80c05-0e48-415a-ac91-a53e1c8819f0 0.169s
2024-10-24 02:25:47.585 63609 INFO tempest.lib.common.rest_client [req-0a9aad81-fd7a-4b94-9356-bd853f6135a1 req-0a9aad81-fd7a-4b94-9356-bd853f6135a1 ] Request (ServersAaction247Test:tearDownClass): 200 GET http://10.180.1.21/compute/v2.1/servers/abe6726e-7d6a-46e0-9273-de3e681311eb 0.186s
2024-10-24 02:25:47.643 63655 INFO tempest.lib.common.rest_client [req-8e478a4d-6863-497f-8c7f-ad66a5c1814d req-8e478a4d-6863-497f-8c7f-ad66a5c1814d ] Request (ServerActionsTestJSON:setUpClass): 200 GET http://10.180.1.21/compute/v2.1/servers/b46098f3-d952-4a33-86fe-825fe4625008 0.228s
2024-10-24 02:25:47.708 63613 INFO tempest.lib.common.rest_client [req-560bf430-4dc7-40c7-905b-72b390e882b2 req-560bf430-4dc7-40c7-905b-72b390e882b2 ] Request (ListServerFiltersTestJSON:setUpClass): 200 GET http://10.180.1.21/compute/v2.1/servers/d5daa7b5-2b00-46f5-b89b-42f33f6cd3c6 0.243s
2024-10-24 02:25:47.735 63593 INFO tempest.lib.common.rest_client [req-a22f94b3-9519-47fc-b08e-3568ce2966e7 req-a22f94b3-9519-47fc-b08e-3568ce2966e7 ] Request (FloatingIPsAssociationTestJSON:setUpClass): 200 GET http://10.180.1.21/compute/v2.1/servers/b275344f-695e-463b-8bfe-2bee97296349 0.373s
2024-10-24 02:25:47.744 63623 INFO tempest.lib.common.rest_client [req-790b66c2-01f1-489c-b4b0-acb36dfac8c8 req-790b66c2-01f1-489c-b4b0-acb36dfac8c8 ] Request (ServersTestBootFromVolume:setUpClass): 200 GET http://10.180.1.21/volume/v3/volumes/56f0283a-f2fa-4ff2-a7fc-4af53c2f3f7d 0.045s
2024-10-24 02:25:47.782 63649 INFO tempest.lib.common.rest_client [req-860bab6d-d99b-4095-8739-030ea0c7741c req-860bab6d-d99b-4095-8739-030ea0c7741c ] Request (ServersV294TestFqdnHostnames:setUpClass): 200 GET http://10.180.1.21/compute/v2.1/servers/d7589681-fe6c-4dc6-b533-ade8ae634d58 0.308s
2024-10-24 02:25:47.794 63625 INFO tempest.lib.common.rest_client [req-6b2fb233-7a9f-46c9-86dc-0c45f1812310 req-6b2fb233-7a9f-46c9-86dc-0c45f1812310 ] Request (TenantUsagesTestJSON:setUpClass): 200 GET http://10.180.1.21/compute/v2.1/servers/4392313f-2fed-4308-b79a-324b3431d5af 0.268s
2024-10-24 02:25:47.846 63603 INFO tempest.lib.common.rest_client [req-a7c909d2-e427-4cc2-a7a4-3a849bb03edc req-a7c909d2-e427-4cc2-a7a4-3a849bb03edc ] Request (ServersAdminNegativeTestJSON:setUpClass): 200 GET http://10.180.1.21/compute/v2.1/servers/9478ce7a-99c6-4e95-82b0-f8a71ce94a90 0.313s
2024-10-24 02:25:47.850 63653 INFO tempest.lib.common.rest_client [req-b0982f8f-b1db-4102-bce4-2f33bfbf33f5 req-b0982f8f-b1db-4102-bce4-2f33bfbf33f5 ] Request (ListServersNegativeTestJSON:setUpClass): 200 GET http://10.180.1.21/compute/v2.1/servers/087c0c34-2f44-4791-86e7-b1b3564f49d5 0.268s
2024-10-24 02:25:47.909 63597 INFO tempest.lib.common.rest_client [req-e22ed0d1-77cf-46c9-bdd3-66261b6f0371 req-e22ed0d1-77cf-46c9-bdd3-66261b6f0371 ] Request (ServerDiagnosticsNegativeTest:test_get_server_diagnostics_by_non_admin): 200 GET http://10.180.1.21/compute/v2.1/servers/10112b62-f41e-4413-9bc8-c1306c5c1bc1 0.270s
2024-10-24 02:25:47.914 63629 INFO tempest.lib.common.rest_client [req-e5f1d5b6-f084-4cfb-8aaf-b1786a346431 req-e5f1d5b6-f084-4cfb-8aaf-b1786a346431 ] Request (ServersTestManualDisk:setUpClass): 200 GET http://10.180.1.21/compute/v2.1/servers/5c0ba7c6-9946-4765-be4b-d48d3823a68d 0.213s
2024-10-24 02:25:47.963 63619 INFO tempest.lib.common.rest_client [req-a399490a-c507-4df1-9689-56739240358c req-a399490a-c507-4df1-9689-56739240358c ] Request (ServerRescueTestJSONUnderV235:setUpClass): 200 GET http://10.180.1.21/compute/v2.1/servers/3dd3c8f5-f2ab-46b2-a6b8-beaeb906cbab 0.206s
2024-10-24 02:25:47.972 63634 INFO tempest.lib.common.rest_client [req-5f783d32-4c1b-482c-9feb-97e7c50ae449 req-5f783d32-4c1b-482c-9feb-97e7c50ae449 ] Request (ImagesTestJSON:test_create_image_from_suspended_server): 200 GET http://10.180.1.21/compute/v2.1/servers/b7dcc653-a430-48c4-9185-3e8200cf1005 0.143s
2024-10-24 02:25:48.181 63605 INFO tempest.lib.common.rest_client [req-aad6ac8a-f642-4fdf-b4aa-936594187db0 req-aad6ac8a-f642-4fdf-b4aa-936594187db0 ] Request (SecurityGroupsTestJSON:test_list_security_groups_by_server): 200 GET http://10.180.1.21/compute/v2.1/servers/1446c7da-415f-43ee-9ff1-2266bd3038e4 0.296s
2024-10-24 02:25:48.242 63621 INFO tempest.lib.common.rest_client [req-953f548d-6ef1-4ff2-aabf-60a91f3ed2d0 req-953f548d-6ef1-4ff2-aabf-60a91f3ed2d0 ] Request (AttachInterfacesTestJSON:test_create_list_show_delete_interfaces_by_fixed_ip): 200 GET http://10.180.1.21/compute/v2.1/servers/732ff6d3-2de9-4e6b-887d-5329ba83443c 0.226s
2024-10-24 02:25:48.302 63641 INFO tempest.lib.common.rest_client [req-e4e99df9-962f-4b97-98c8-4c374408c242 req-e4e99df9-962f-4b97-98c8-4c374408c242 ] Request (DeleteServersTestJSON:test_delete_active_server): 200 GET http://10.180.1.21/compute/v2.1/servers/0de6892a-5463-4d60-807c-0e3fca2accf3 0.233s
2024-10-24 02:25:48.329 63637 INFO tempest.lib.common.rest_client [req-899485c2-181a-4c3e-b89d-79f5d9f6dd2d req-899485c2-181a-4c3e-b89d-79f5d9f6dd2d ] Request (ServerExternalEventsTest:test_create_server_external_events): 200 GET http://10.180.1.21/compute/v2.1/servers/bc1d7402-3651-488b-a431-2cb2ae987d32 0.363s
2024-10-24 02:25:48.335 63637 INFO tempest.common.waiters [-] State transition "BUILD/networking" ==> "BUILD/block_device_mapping" after 41 second wait
2024-10-24 02:25:48.355 63651 INFO tempest.lib.common.rest_client [req-8db53760-140c-4102-afe6-c43750f17089 req-8db53760-140c-4102-afe6-c43750f17089 ] Request (ServersWithSpecificFlavorTestJSON:test_verify_created_server_ephemeral_disk): 200 GET http://10.180.1.21/compute/v2.1/servers/1c68f354-9e0e-4e7e-925e-d31fab4ac1ce 0.226s
2024-10-24 02:25:48.382 63643 INFO tempest.lib.common.rest_client [req-64996189-aa89-42a0-abaf-e32e73e0fb45 req-64996189-aa89-42a0-abaf-e32e73e0fb45 ] Request (ServersTestJSON:setUpClass): 200 GET http://10.180.1.21/compute/v2.1/servers/ec4726b2-38f9-4499-a5b0-a70db0d697f6 0.203s
2024-10-24 02:25:48.410 63647 INFO tempest.lib.common.rest_client [req-3f260dd0-2bd9-46d7-b51c-fe985e0900cf req-3f260dd0-2bd9-46d7-b51c-fe985e0900cf ] Request (DeleteServersAdminTestJSON:test_delete_server_while_in_error_state): 200 GET http://10.180.1.21/compute/v2.1/servers/115e42ee-60cc-400d-8f4d-c23009f9091f 0.208s
2024-10-24 02:25:48.453 63607 INFO tempest.lib.common.rest_client [req-4e2ceb8e-afc6-4fbc-81b6-ae058df8645a req-4e2ceb8e-afc6-4fbc-81b6-ae058df8645a ] Request (ServerShowV247Test:test_update_rebuild_list_server): 200 GET http://10.180.1.21/compute/v2.1/servers/f9c8ed86-506b-4654-8e7e-cb218605764b 0.200s
2024-10-24 02:25:48.465 63639 INFO tempest.lib.common.rest_client [req-8ef9c672-2abe-4402-b7ae-bc4c2a7b900d req-8ef9c672-2abe-4402-b7ae-bc4c2a7b900d ] Request (ServersTestJSON:test_create_server_specify_multibyte_character_name): 200 GET http://10.180.1.21/compute/v2.1/servers/2386393a-3006-4e6b-91e0-40b7ab8e3948 0.190s
2024-10-24 02:25:48.503 63595 INFO tempest.lib.common.rest_client [req-ff9da869-d299-4aa2-b83a-886176484624 req-ff9da869-d299-4aa2-b83a-886176484624 ] Request (InstanceActionsTestJSON:setUpClass): 200 GET http://10.180.1.21/compute/v2.1/servers/3c04c546-a9fa-4cbd-98d4-3ea92918a918 0.215s
2024-10-24 02:25:48.517 63601 INFO tempest.lib.common.rest_client [req-3b78fafb-8c86-4984-870b-94a9ed3a8e6e req-3b78fafb-8c86-4984-870b-94a9ed3a8e6e ] Request (FloatingIPsAssociationNegativeTestJSON:setUpClass): 200 GET http://10.180.1.21/compute/v2.1/servers/1de0e894-1edb-4296-9e9b-2c1eb0c7c275 0.196s
2024-10-24 02:25:48.554 63627 INFO tempest.lib.common.rest_client [req-73def803-21be-46a3-8232-17ad5273a118 req-73def803-21be-46a3-8232-17ad5273a118 ] Request (ServersTestFqdnHostnames:test_create_server_with_fqdn_name): 200 GET http://10.180.1.21/compute/v2.1/servers/8e5e4a26-69ed-461d-aa67-929c0a4ab0f6 0.197s
2024-10-24 02:25:48.577 63615 INFO tempest.lib.common.rest_client [req-2ecbdc3f-c042-4322-921d-993e3b15c081 req-2ecbdc3f-c042-4322-921d-993e3b15c081 ] Request (ServerDiagnosticsTest:test_get_server_diagnostics): 200 GET http://10.180.1.21/compute/v2.1/servers/c80d746b-ad37-43d7-874e-1c1c848546f1 0.198s
2024-10-24 02:25:48.601 63635 INFO tempest.lib.common.rest_client [req-4677ea02-4249-42c0-ba0f-30b57a986c3d req-4677ea02-4249-42c0-ba0f-30b57a986c3d ] Request (ServerMetadataTestJSON:setUpClass): 200 GET http://10.180.1.21/compute/v2.1/servers/591a7907-e4a7-41d6-9cd0-5cb359f08810 0.188s
2024-10-24 02:25:48.639 63617 INFO tempest.lib.common.rest_client [req-8d5263fc-ee84-41c7-8a63-15868feb0ff5 req-8d5263fc-ee84-41c7-8a63-15868feb0ff5 ] Request (MigrationsAdminTest:test_resize_server_revert_deleted_flavor): 200 GET http://10.180.1.21/compute/v2.1/servers/ad05eda3-efd7-4040-be9c-6a47df02889b 0.197s
2024-10-24 02:25:48.665 63599 INFO tempest.lib.common.rest_client [req-a1a54e0b-efb0-4b8f-bb19-606567958672 req-a1a54e0b-efb0-4b8f-bb19-606567958672 ] Request (ServerDiagnosticsV248Test:test_get_server_diagnostics): 200 GET http://10.180.1.21/compute/v2.1/servers/b2bf4912-6b88-4ece-95c9-e9fd1cf906df 0.195s
2024-10-24 02:25:48.708 63612 INFO tempest.lib.common.rest_client [req-7c6d24e1-5278-4b76-9724-eaf32b5abff1 req-7c6d24e1-5278-4b76-9724-eaf32b5abff1 ] Request (ServerShowV254Test:test_rebuild_server): 200 GET http://10.180.1.21/compute/v2.1/servers/e5c80c05-0e48-415a-ac91-a53e1c8819f0 0.186s
2024-10-24 02:25:48.741 63609 INFO tempest.lib.common.rest_client [req-6547e234-eb8f-43bc-91df-d1f8433b7c81 req-6547e234-eb8f-43bc-91df-d1f8433b7c81 ] Request (ServersAaction247Test:tearDownClass): 200 GET http://10.180.1.21/compute/v2.1/servers/abe6726e-7d6a-46e0-9273-de3e681311eb 0.146s
2024-10-24 02:25:48.764 63655 INFO tempest.lib.common.rest_client [req-4f414d09-cc8f-4ea4-b391-5533ab75aa85 req-4f414d09-cc8f-4ea4-b391-5533ab75aa85 ] Request (ServerActionsTestJSON:setUpClass): 200 GET http://10.180.1.21/compute/v2.1/servers/b46098f3-d952-4a33-86fe-825fe4625008 0.112s
2024-10-24 02:25:48.780 63623 INFO tempest.lib.common.rest_client [req-90d5b685-9aa3-4117-a936-976658f669d2 req-90d5b685-9aa3-4117-a936-976658f669d2 ] Request (ServersTestBootFromVolume:setUpClass): 200 GET http://10.180.1.21/volume/v3/volumes/56f0283a-f2fa-4ff2-a7fc-4af53c2f3f7d 0.028s
2024-10-24 02:25:48.792 63613 INFO tempest.lib.common.rest_client [req-9842a6a2-a8f8-4a66-b903-bd78b13f3af7 req-9842a6a2-a8f8-4a66-b903-bd78b13f3af7 ] Request (ListServerFiltersTestJSON:setUpClass): 200 GET http://10.180.1.21/compute/v2.1/servers/d5daa7b5-2b00-46f5-b89b-42f33f6cd3c6 0.074s
2024-10-24 02:25:48.819 63593 INFO tempest.lib.common.rest_client [req-6c96817d-3dda-4738-a68d-9e8da9b2a5c1 req-6c96817d-3dda-4738-a68d-9e8da9b2a5c1 ] Request (FloatingIPsAssociationTestJSON:setUpClass): 200 GET http://10.180.1.21/compute/v2.1/servers/b275344f-695e-463b-8bfe-2bee97296349 0.075s
2024-10-24 02:25:48.851 63649 INFO tempest.lib.common.rest_client [req-a0efa396-f486-495b-aac7-7384e597d7ad req-a0efa396-f486-495b-aac7-7384e597d7ad ] Request (ServersV294TestFqdnHostnames:setUpClass): 200 GET http://10.180.1.21/compute/v2.1/servers/d7589681-fe6c-4dc6-b533-ade8ae634d58 0.056s
2024-10-24 02:25:48.871 63625 INFO tempest.lib.common.rest_client [req-85e12401-a2e4-46ad-9d9a-4c7a5b87529a req-85e12401-a2e4-46ad-9d9a-4c7a5b87529a ] Request (TenantUsagesTestJSON:setUpClass): 200 GET http://10.180.1.21/compute/v2.1/servers/4392313f-2fed-4308-b79a-324b3431d5af 0.069s
2024-10-24 02:25:48.900 63603 INFO tempest.lib.common.rest_client [req-8d7ab85f-d94b-4d79-82ba-433a8a4a1b18 req-8d7ab85f-d94b-4d79-82ba-433a8a4a1b18 ] Request (ServersAdminNegativeTestJSON:setUpClass): 200 GET http://10.180.1.21/compute/v2.1/servers/9478ce7a-99c6-4e95-82b0-f8a71ce94a90 0.048s
2024-10-24 02:25:48.920 63653 INFO tempest.lib.common.rest_client [req-5026acbf-e64c-4589-9436-da348eee49d1 req-5026acbf-e64c-4589-9436-da348eee49d1 ] Request (ListServersNegativeTestJSON:setUpClass): 200 GET http://10.180.1.21/compute/v2.1/servers/087c0c34-2f44-4791-86e7-b1b3564f49d5 0.063s
2024-10-24 02:25:48.967 63597 INFO tempest.lib.common.rest_client [req-a759fb2c-b07e-44a4-9e4a-2976a1cc4278 req-a759fb2c-b07e-44a4-9e4a-2976a1cc4278 ] Request (ServerDiagnosticsNegativeTest:test_get_server_diagnostics_by_non_admin): 200 GET http://10.180.1.21/compute/v2.1/servers/10112b62-f41e-4413-9bc8-c1306c5c1bc1 0.050s
2024-10-24 02:25:48.982 63629 INFO tempest.lib.common.rest_client [req-c7e22773-0848-416f-b524-b29ca4e20db1 req-c7e22773-0848-416f-b524-b29ca4e20db1 ] Request (ServersTestManualDisk:setUpClass): 200 GET http://10.180.1.21/compute/v2.1/servers/5c0ba7c6-9946-4765-be4b-d48d3823a68d 0.059s
2024-10-24 02:25:49.041 63619 INFO tempest.lib.common.rest_client [req-ac77202a-fe37-47bb-a8fb-fa196dc4749f req-ac77202a-fe37-47bb-a8fb-fa196dc4749f ] Request (ServerRescueTestJSONUnderV235:setUpClass): 200 GET http://10.180.1.21/compute/v2.1/servers/3dd3c8f5-f2ab-46b2-a6b8-beaeb906cbab 0.069s
2024-10-24 02:25:49.045 63634 INFO tempest.lib.common.rest_client [req-4138c5f4-248d-480d-a9d8-eb7dd196c92e req-4138c5f4-248d-480d-a9d8-eb7dd196c92e ] Request (ImagesTestJSON:test_create_image_from_suspended_server): 200 GET http://10.180.1.21/compute/v2.1/servers/b7dcc653-a430-48c4-9185-3e8200cf1005 0.065s
2024-10-24 02:25:49.241 63605 INFO tempest.lib.common.rest_client [req-25cecdd3-ef92-4d09-a504-c68fbc7af3b7 req-25cecdd3-ef92-4d09-a504-c68fbc7af3b7 ] Request (SecurityGroupsTestJSON:test_list_security_groups_by_server): 200 GET http://10.180.1.21/compute/v2.1/servers/1446c7da-415f-43ee-9ff1-2266bd3038e4 0.049s
2024-10-24 02:25:49.293 63621 INFO tempest.lib.common.rest_client [req-5a42e55e-84a6-451b-8496-f3593be15d64 req-5a42e55e-84a6-451b-8496-f3593be15d64 ] Request (AttachInterfacesTestJSON:test_create_list_show_delete_interfaces_by_fixed_ip): 200 GET http://10.180.1.21/compute/v2.1/servers/732ff6d3-2de9-4e6b-887d-5329ba83443c 0.044s
2024-10-24 02:25:49.357 63641 INFO tempest.lib.common.rest_client [req-d2332094-eb5b-4891-b570-745f7e36a248 req-d2332094-eb5b-4891-b570-745f7e36a248 ] Request (DeleteServersTestJSON:test_delete_active_server): 200 GET http://10.180.1.21/compute/v2.1/servers/0de6892a-5463-4d60-807c-0e3fca2accf3 0.045s
2024-10-24 02:25:49.382 63637 INFO tempest.lib.common.rest_client [req-88490117-d132-4b71-b1d8-ea841ab8232f req-88490117-d132-4b71-b1d8-ea841ab8232f ] Request (ServerExternalEventsTest:test_create_server_external_events): 200 GET http://10.180.1.21/compute/v2.1/servers/bc1d7402-3651-488b-a431-2cb2ae987d32 0.045s
2024-10-24 02:25:49.387 63637 INFO tempest.common.waiters [-] State transition "BUILD/block_device_mapping" ==> "BUILD/spawning" after 42 second wait
2024-10-24 02:25:49.409 63651 INFO tempest.lib.common.rest_client [req-2d622316-663e-493c-b81e-35c2d7f4a135 req-2d622316-663e-493c-b81e-35c2d7f4a135 ] Request (ServersWithSpecificFlavorTestJSON:test_verify_created_server_ephemeral_disk): 200 GET http://10.180.1.21/compute/v2.1/servers/1c68f354-9e0e-4e7e-925e-d31fab4ac1ce 0.046s
2024-10-24 02:25:49.434 63643 INFO tempest.lib.common.rest_client [req-2f94cfde-0b60-4483-a76b-ebd9b495b764 req-2f94cfde-0b60-4483-a76b-ebd9b495b764 ] Request (ServersTestJSON:setUpClass): 200 GET http://10.180.1.21/compute/v2.1/servers/ec4726b2-38f9-4499-a5b0-a70db0d697f6 0.044s
2024-10-24 02:25:49.463 63647 INFO tempest.lib.common.rest_client [req-97b1805e-6047-48cd-9c79-1f8b1a390d61 req-97b1805e-6047-48cd-9c79-1f8b1a390d61 ] Request (DeleteServersAdminTestJSON:test_delete_server_while_in_error_state): 200 GET http://10.180.1.21/compute/v2.1/servers/115e42ee-60cc-400d-8f4d-c23009f9091f 0.044s
2024-10-24 02:25:49.516 63607 INFO tempest.lib.common.rest_client [req-20c95e2b-3476-44f1-9cdc-226b2b2b4327 req-20c95e2b-3476-44f1-9cdc-226b2b2b4327 ] Request (ServerShowV247Test:test_update_rebuild_list_server): 200 GET http://10.180.1.21/compute/v2.1/servers/f9c8ed86-506b-4654-8e7e-cb218605764b 0.053s
2024-10-24 02:25:49.520 63639 INFO tempest.lib.common.rest_client [req-3579899d-bc23-4186-a9e9-7aa345a72f37 req-3579899d-bc23-4186-a9e9-7aa345a72f37 ] Request (ServersTestJSON:test_create_server_specify_multibyte_character_name): 200 GET http://10.180.1.21/compute/v2.1/servers/2386393a-3006-4e6b-91e0-40b7ab8e3948 0.048s
2024-10-24 02:25:49.566 63595 INFO tempest.lib.common.rest_client [req-60b02516-2b0d-4e0e-ac8b-2209a1dd8257 req-60b02516-2b0d-4e0e-ac8b-2209a1dd8257 ] Request (InstanceActionsTestJSON:setUpClass): 200 GET http://10.180.1.21/compute/v2.1/servers/3c04c546-a9fa-4cbd-98d4-3ea92918a918 0.056s
2024-10-24 02:25:49.574 63601 INFO tempest.lib.common.rest_client [req-538268eb-0864-49c0-9f22-6cce2172f9fd req-538268eb-0864-49c0-9f22-6cce2172f9fd ] Request (FloatingIPsAssociationNegativeTestJSON:setUpClass): 200 GET http://10.180.1.21/compute/v2.1/servers/1de0e894-1edb-4296-9e9b-2c1eb0c7c275 0.049s
2024-10-24 02:25:49.610 63627 INFO tempest.lib.common.rest_client [req-f6edfe24-a51e-47af-a241-0008e41ea1f5 req-f6edfe24-a51e-47af-a241-0008e41ea1f5 ] Request (ServersTestFqdnHostnames:test_create_server_with_fqdn_name): 200 GET http://10.180.1.21/compute/v2.1/servers/8e5e4a26-69ed-461d-aa67-929c0a4ab0f6 0.049s
2024-10-24 02:25:49.639 63615 INFO tempest.lib.common.rest_client [req-f17905b6-c06f-4936-93b7-c862021accd2 req-f17905b6-c06f-4936-93b7-c862021accd2 ] Request (ServerDiagnosticsTest:test_get_server_diagnostics): 200 GET http://10.180.1.21/compute/v2.1/servers/c80d746b-ad37-43d7-874e-1c1c848546f1 0.052s
2024-10-24 02:25:49.652 63635 INFO tempest.lib.common.rest_client [req-a7747677-c477-44ec-bc2f-b19050710ef5 req-a7747677-c477-44ec-bc2f-b19050710ef5 ] Request (ServerMetadataTestJSON:setUpClass): 200 GET http://10.180.1.21/compute/v2.1/servers/591a7907-e4a7-41d6-9cd0-5cb359f08810 0.044s
2024-10-24 02:25:49.693 63617 INFO tempest.lib.common.rest_client [req-e918d00d-ece7-44e1-ae60-4b41b00aea48 req-e918d00d-ece7-44e1-ae60-4b41b00aea48 ] Request (MigrationsAdminTest:test_resize_server_revert_deleted_flavor): 200 GET http://10.180.1.21/compute/v2.1/servers/ad05eda3-efd7-4040-be9c-6a47df02889b 0.047s
2024-10-24 02:25:49.730 63599 INFO tempest.lib.common.rest_client [req-ba18f69c-59a7-45d6-ac97-8607630ccc44 req-ba18f69c-59a7-45d6-ac97-8607630ccc44 ] Request (ServerDiagnosticsV248Test:test_get_server_diagnostics): 200 GET http://10.180.1.21/compute/v2.1/servers/b2bf4912-6b88-4ece-95c9-e9fd1cf906df 0.055s
2024-10-24 02:25:49.766 63612 INFO tempest.lib.common.rest_client [req-940fcc01-38fa-4f83-9cad-d223ad852a22 req-940fcc01-38fa-4f83-9cad-d223ad852a22 ] Request (ServerShowV254Test:test_rebuild_server): 200 GET http://10.180.1.21/compute/v2.1/servers/e5c80c05-0e48-415a-ac91-a53e1c8819f0 0.048s
2024-10-24 02:25:49.771 63609 INFO tempest.lib.common.rest_client [req-0f5a4c37-32dc-4364-8bc7-6bda999747f9 req-0f5a4c37-32dc-4364-8bc7-6bda999747f9 ] Request (ServersAaction247Test:tearDownClass): 404 GET http://10.180.1.21/compute/v2.1/servers/abe6726e-7d6a-46e0-9273-de3e681311eb 0.021s
2024-10-24 02:25:49.817 63623 INFO tempest.lib.common.rest_client [req-cc417b95-2008-47b4-a8f8-ddc93f18a1c9 req-cc417b95-2008-47b4-a8f8-ddc93f18a1c9 ] Request (ServersTestBootFromVolume:setUpClass): 200 GET http://10.180.1.21/volume/v3/volumes/56f0283a-f2fa-4ff2-a7fc-4af53c2f3f7d 0.028s
2024-10-24 02:25:49.822 63655 INFO tempest.lib.common.rest_client [req-a152aed1-ffbd-4855-90fe-933ab45e7ebc req-a152aed1-ffbd-4855-90fe-933ab45e7ebc ] Request (ServerActionsTestJSON:setUpClass): 200 GET http://10.180.1.21/compute/v2.1/servers/b46098f3-d952-4a33-86fe-825fe4625008 0.050s
2024-10-24 02:25:49.846 63609 INFO tempest.lib.common.rest_client [req-d4f3344e-b902-4f8d-9e9d-cae31f250a85 req-d4f3344e-b902-4f8d-9e9d-cae31f250a85 ] Request (ServersAaction247Test:tearDownClass): 204 DELETE http://10.180.1.21/identity/v3/users/d97968add3d84a9cac78d20b159741ca 0.075s
2024-10-24 02:25:49.846 63609 INFO tempest.lib.common.dynamic_creds [-] Deleting project and security group for project: f0ec4c3ae53b4663a110377ac0e4fcc1
2024-10-24 02:25:49.855 63613 INFO tempest.lib.common.rest_client [req-339b7bd4-4910-4572-8eda-a908d025bdfa req-339b7bd4-4910-4572-8eda-a908d025bdfa ] Request (ListServerFiltersTestJSON:setUpClass): 200 GET http://10.180.1.21/compute/v2.1/servers/d5daa7b5-2b00-46f5-b89b-42f33f6cd3c6 0.049s
2024-10-24 02:25:49.868 63593 INFO tempest.lib.common.rest_client [req-b84eb244-e46b-48bd-a5cd-7e7c72aedeff req-b84eb244-e46b-48bd-a5cd-7e7c72aedeff ] Request (FloatingIPsAssociationTestJSON:setUpClass): 200 GET http://10.180.1.21/compute/v2.1/servers/b275344f-695e-463b-8bfe-2bee97296349 0.042s
2024-10-24 02:25:49.902 63609 INFO tempest.lib.common.rest_client [req-32bf4caa-f52a-4ec6-8c34-8b1fb24cdf5d req-32bf4caa-f52a-4ec6-8c34-8b1fb24cdf5d ] Request (ServersAaction247Test:tearDownClass): 201 POST http://10.180.1.21/identity/v3/auth/tokens 0.055s
2024-10-24 02:25:49.919 63649 INFO tempest.lib.common.rest_client [req-90b45df3-f983-4184-b971-c114089cb378 req-90b45df3-f983-4184-b971-c114089cb378 ] Request (ServersV294TestFqdnHostnames:setUpClass): 200 GET http://10.180.1.21/compute/v2.1/servers/d7589681-fe6c-4dc6-b533-ade8ae634d58 0.058s
2024-10-24 02:25:49.935 63625 INFO tempest.lib.common.rest_client [req-2f8455ca-e5d4-441b-9aeb-b9071d3d00ce req-2f8455ca-e5d4-441b-9aeb-b9071d3d00ce ] Request (TenantUsagesTestJSON:setUpClass): 200 GET http://10.180.1.21/compute/v2.1/servers/4392313f-2fed-4308-b79a-324b3431d5af 0.055s
2024-10-24 02:25:49.972 63603 INFO tempest.lib.common.rest_client [req-694bd6f8-c675-4305-84a4-e40b43ea61e8 req-694bd6f8-c675-4305-84a4-e40b43ea61e8 ] Request (ServersAdminNegativeTestJSON:setUpClass): 200 GET http://10.180.1.21/compute/v2.1/servers/9478ce7a-99c6-4e95-82b0-f8a71ce94a90 0.065s
2024-10-24 02:25:49.991 63653 INFO tempest.lib.common.rest_client [req-1abb3038-d979-4d7b-9deb-a2110d573266 req-1abb3038-d979-4d7b-9deb-a2110d573266 ] Request (ListServersNegativeTestJSON:setUpClass): 200 GET http://10.180.1.21/compute/v2.1/servers/087c0c34-2f44-4791-86e7-b1b3564f49d5 0.058s
2024-10-24 02:25:50.035 63597 INFO tempest.lib.common.rest_client [req-2d53e474-bd9d-4cda-9a55-0a67233c25e9 req-2d53e474-bd9d-4cda-9a55-0a67233c25e9 ] Request (ServerDiagnosticsNegativeTest:test_get_server_diagnostics_by_non_admin): 200 GET http://10.180.1.21/compute/v2.1/servers/10112b62-f41e-4413-9bc8-c1306c5c1bc1 0.061s
2024-10-24 02:25:50.042 63629 INFO tempest.lib.common.rest_client [req-40f5742a-e56f-4693-977d-c78ca17bf97f req-40f5742a-e56f-4693-977d-c78ca17bf97f ] Request (ServersTestManualDisk:setUpClass): 200 GET http://10.180.1.21/compute/v2.1/servers/5c0ba7c6-9946-4765-be4b-d48d3823a68d 0.050s
2024-10-24 02:25:50.044 63609 INFO tempest.lib.common.rest_client [req-afcbfa80-15dd-4e6f-b084-3b10e3c0675a req-afcbfa80-15dd-4e6f-b084-3b10e3c0675a ] Request (ServersAaction247Test:tearDownClass): 200 GET http://10.180.1.21:9696/networking/v2.0/security-groups?tenant_id=f0ec4c3ae53b4663a110377ac0e4fcc1&name=default 0.141s
2024-10-24 02:25:50.107 63634 INFO tempest.lib.common.rest_client [req-2565cccb-f8e9-4884-b854-43893111c1d5 req-2565cccb-f8e9-4884-b854-43893111c1d5 ] Request (ImagesTestJSON:test_create_image_from_suspended_server): 200 GET http://10.180.1.21/compute/v2.1/servers/b7dcc653-a430-48c4-9185-3e8200cf1005 0.048s
2024-10-24 02:25:50.107 63619 INFO tempest.lib.common.rest_client [req-f08caa43-ae61-4c6d-b6f3-0d4aa552a942 req-f08caa43-ae61-4c6d-b6f3-0d4aa552a942 ] Request (ServerRescueTestJSONUnderV235:setUpClass): 200 GET http://10.180.1.21/compute/v2.1/servers/3dd3c8f5-f2ab-46b2-a6b8-beaeb906cbab 0.059s
2024-10-24 02:25:50.123 63609 INFO tempest.lib.common.rest_client [req-a60d8762-bf21-401f-a636-a84529ad9559 req-a60d8762-bf21-401f-a636-a84529ad9559 ] Request (ServersAaction247Test:tearDownClass): 204 DELETE http://10.180.1.21:9696/networking/v2.0/security-groups/8403164c-0cf8-46c6-a433-341395b913fe 0.078s
2024-10-24 02:25:50.176 63609 INFO tempest.lib.common.rest_client [req-7a29971e-24cb-4ccb-b5bf-dfda02c602a7 req-7a29971e-24cb-4ccb-b5bf-dfda02c602a7 ] Request (ServersAaction247Test:tearDownClass): 204 DELETE http://10.180.1.21/identity/v3/projects/f0ec4c3ae53b4663a110377ac0e4fcc1 0.053s
2024-10-24 02:25:50.228 63609 INFO tempest.lib.common.rest_client [req-9e8031e2-80c1-4924-8237-9f2d25d933aa req-9e8031e2-80c1-4924-8237-9f2d25d933aa ] Request (ServersNegativeTestJSON:setUpClass): 201 POST http://10.180.1.21/identity/v3/auth/tokens 0.050s
2024-10-24 02:25:50.256 63609 INFO tempest.lib.common.rest_client [req-e1f75e05-40d0-4aaf-a6e0-6d8dc2b8af44 req-e1f75e05-40d0-4aaf-a6e0-6d8dc2b8af44 ] Request (ServersNegativeTestJSON:setUpClass): 201 POST http://10.180.1.21/identity/v3/auth/tokens 0.025s
2024-10-24 02:25:50.279 63609 INFO tempest.lib.common.rest_client [req-add25d64-3b50-40d5-b698-d213a2121c0d req-add25d64-3b50-40d5-b698-d213a2121c0d ] Request (ServersNegativeTestJSON:setUpClass): 200 GET http://10.180.1.21/identity/v3/domains?name=Default 0.023s
2024-10-24 02:25:50.302 63605 INFO tempest.lib.common.rest_client [req-bdbeb45d-8f8d-4717-97f2-c595d32f7188 req-bdbeb45d-8f8d-4717-97f2-c595d32f7188 ] Request (SecurityGroupsTestJSON:test_list_security_groups_by_server): 200 GET http://10.180.1.21/compute/v2.1/servers/1446c7da-415f-43ee-9ff1-2266bd3038e4 0.052s
2024-10-24 02:25:50.303 63609 INFO tempest.lib.common.rest_client [req-c9e1b5c8-eca5-4acb-922d-2d63143a5ba5 req-c9e1b5c8-eca5-4acb-922d-2d63143a5ba5 ] Request (ServersNegativeTestJSON:setUpClass): 201 POST http://10.180.1.21/identity/v3/projects 0.024s
2024-10-24 02:25:50.345 63621 INFO tempest.lib.common.rest_client [req-ecfa2b09-ce64-42cb-8194-a9d666db673a req-ecfa2b09-ce64-42cb-8194-a9d666db673a ] Request (AttachInterfacesTestJSON:test_create_list_show_delete_interfaces_by_fixed_ip): 200 GET http://10.180.1.21/compute/v2.1/servers/732ff6d3-2de9-4e6b-887d-5329ba83443c 0.045s
2024-10-24 02:25:50.350 63609 INFO tempest.lib.common.rest_client [req-6aef868d-59c0-4828-b76e-75968d4e2db9 req-6aef868d-59c0-4828-b76e-75968d4e2db9 ] Request (ServersNegativeTestJSON:setUpClass): 201 POST http://10.180.1.21/identity/v3/users 0.047s
2024-10-24 02:25:50.366 63609 INFO tempest.lib.common.rest_client [req-6c141583-02f8-41da-87a9-ced8859b5a7d req-6c141583-02f8-41da-87a9-ced8859b5a7d ] Request (ServersNegativeTestJSON:setUpClass): 200 GET http://10.180.1.21/identity/v3/roles 0.015s
2024-10-24 02:25:50.388 63609 INFO tempest.lib.common.rest_client [req-ac24262f-c41b-4552-a703-ee88f00aa96b req-ac24262f-c41b-4552-a703-ee88f00aa96b ] Request (ServersNegativeTestJSON:setUpClass): 204 PUT http://10.180.1.21/identity/v3/projects/8354011bc12a44779eb4030247748227/users/00d6e1e0ce804255b530760d8f959261/roles/0a9aac8f8f1f4d2e9ed0435e8a05e0c7 0.022s
2024-10-24 02:25:50.388 63609 INFO tempest.lib.common.dynamic_creds [-] Dynamic test user 00d6e1e0ce804255b530760d8f959261 is created with scope project and roles: ['member']
2024-10-24 02:25:50.389 63609 INFO tempest.lib.common.dynamic_creds [-] Acquired dynamic creds: credentials: Credentials: {'domain_id': 'default', 'domain_name': 'Default', 'username': 'tempest-ServersNegativeTestJSON-1737520908-project-member', 'project_domain_id': 'default', 'project_domain_name': 'Default', 'project_id': '8354011bc12a44779eb4030247748227', 'project_name': 'tempest-ServersNegativeTestJSON-1737520908', 'tenant_id': '8354011bc12a44779eb4030247748227', 'tenant_name': 'tempest-ServersNegativeTestJSON-1737520908', 'user_domain_id': 'default', 'user_domain_name': 'Default', 'user_id': '00d6e1e0ce804255b530760d8f959261', 'system': None}, Network: None, Subnet: None, Router: None
2024-10-24 02:25:50.410 63641 INFO tempest.lib.common.rest_client [req-bf8e7de0-476b-4b18-a94e-d51cef387866 req-bf8e7de0-476b-4b18-a94e-d51cef387866 ] Request (DeleteServersTestJSON:test_delete_active_server): 200 GET http://10.180.1.21/compute/v2.1/servers/0de6892a-5463-4d60-807c-0e3fca2accf3 0.047s
2024-10-24 02:25:50.432 63637 INFO tempest.lib.common.rest_client [req-a4fbe413-a199-40c8-9504-c0dc3e669cfc req-a4fbe413-a199-40c8-9504-c0dc3e669cfc ] Request (ServerExternalEventsTest:test_create_server_external_events): 200 GET http://10.180.1.21/compute/v2.1/servers/bc1d7402-3651-488b-a431-2cb2ae987d32 0.044s
2024-10-24 02:25:50.438 63609 INFO tempest.lib.common.rest_client [req-46125b35-4650-4c2d-9e39-aa6ca30b8c95 req-46125b35-4650-4c2d-9e39-aa6ca30b8c95 ] Request (ServersNegativeTestJSON:setUpClass): 201 POST http://10.180.1.21/identity/v3/auth/tokens 0.049s
2024-10-24 02:25:50.463 63651 INFO tempest.lib.common.rest_client [req-015f52d1-4b1c-4731-ae12-5f12eded95db req-015f52d1-4b1c-4731-ae12-5f12eded95db ] Request (ServersWithSpecificFlavorTestJSON:test_verify_created_server_ephemeral_disk): 200 GET http://10.180.1.21/compute/v2.1/servers/1c68f354-9e0e-4e7e-925e-d31fab4ac1ce 0.047s
2024-10-24 02:25:50.484 63643 INFO tempest.lib.common.rest_client [req-8adaad83-1a2f-4abb-9fce-8ff3aaf38f81 req-8adaad83-1a2f-4abb-9fce-8ff3aaf38f81 ] Request (ServersTestJSON:setUpClass): 200 GET http://10.180.1.21/compute/v2.1/servers/ec4726b2-38f9-4499-a5b0-a70db0d697f6 0.044s
2024-10-24 02:25:50.520 63647 INFO tempest.lib.common.rest_client [req-ab61a1ba-bc08-4e50-a669-d4509dbd1f8a req-ab61a1ba-bc08-4e50-a669-d4509dbd1f8a ] Request (DeleteServersAdminTestJSON:test_delete_server_while_in_error_state): 200 GET http://10.180.1.21/compute/v2.1/servers/115e42ee-60cc-400d-8f4d-c23009f9091f 0.051s
2024-10-24 02:25:50.590 63639 INFO tempest.lib.common.rest_client [req-50dea7b8-a559-4d24-b8f1-593e2e7d3ab9 req-50dea7b8-a559-4d24-b8f1-593e2e7d3ab9 ] Request (ServersTestJSON:test_create_server_specify_multibyte_character_name): 200 GET http://10.180.1.21/compute/v2.1/servers/2386393a-3006-4e6b-91e0-40b7ab8e3948 0.063s
2024-10-24 02:25:50.590 63607 INFO tempest.lib.common.rest_client [req-7a97255e-fc73-47d2-acb7-131cc1d1e664 req-7a97255e-fc73-47d2-acb7-131cc1d1e664 ] Request (ServerShowV247Test:test_update_rebuild_list_server): 200 GET http://10.180.1.21/compute/v2.1/servers/f9c8ed86-506b-4654-8e7e-cb218605764b 0.066s
2024-10-24 02:25:50.650 63595 INFO tempest.lib.common.rest_client [req-4615455f-9e61-46fa-9dcd-a53c28f2d6e1 req-4615455f-9e61-46fa-9dcd-a53c28f2d6e1 ] Request (InstanceActionsTestJSON:setUpClass): 200 GET http://10.180.1.21/compute/v2.1/servers/3c04c546-a9fa-4cbd-98d4-3ea92918a918 0.077s
2024-10-24 02:25:50.654 63601 INFO tempest.lib.common.rest_client [req-5c2e5263-21c2-41aa-a3f5-5376392896b2 req-5c2e5263-21c2-41aa-a3f5-5376392896b2 ] Request (FloatingIPsAssociationNegativeTestJSON:setUpClass): 200 GET http://10.180.1.21/compute/v2.1/servers/1de0e894-1edb-4296-9e9b-2c1eb0c7c275 0.072s
2024-10-24 02:25:50.725 63615 INFO tempest.lib.common.rest_client [req-434aeb16-665a-46f1-b018-7bc99eab3068 req-434aeb16-665a-46f1-b018-7bc99eab3068 ] Request (ServerDiagnosticsTest:test_get_server_diagnostics): 200 GET http://10.180.1.21/compute/v2.1/servers/c80d746b-ad37-43d7-874e-1c1c848546f1 0.077s
2024-10-24 02:25:50.725 63627 INFO tempest.lib.common.rest_client [req-1b7ba0f8-405d-45b3-ba4a-9f6827231365 req-1b7ba0f8-405d-45b3-ba4a-9f6827231365 ] Request (ServersTestFqdnHostnames:test_create_server_with_fqdn_name): 200 GET http://10.180.1.21/compute/v2.1/servers/8e5e4a26-69ed-461d-aa67-929c0a4ab0f6 0.107s
2024-10-24 02:25:50.754 63609 INFO tempest.lib.common.rest_client [req-7dca7028-c362-4b8b-82d2-4e3bea515483 req-7dca7028-c362-4b8b-82d2-4e3bea515483 ] Request (ServersNegativeTestJSON:setUpClass): 201 POST http://10.180.1.21:9696/networking/v2.0/networks 0.315s
2024-10-24 02:25:50.796 63617 INFO tempest.lib.common.rest_client [req-fa26b2f2-506f-45de-9f05-b3ae392baf30 req-fa26b2f2-506f-45de-9f05-b3ae392baf30 ] Request (MigrationsAdminTest:test_resize_server_revert_deleted_flavor): 200 GET http://10.180.1.21/compute/v2.1/servers/ad05eda3-efd7-4040-be9c-6a47df02889b 0.096s
2024-10-24 02:25:50.797 63635 INFO tempest.lib.common.rest_client [req-86d5548b-4c30-4dc3-bf25-7438186bd99e req-86d5548b-4c30-4dc3-bf25-7438186bd99e ] Request (ServerMetadataTestJSON:setUpClass): 200 GET http://10.180.1.21/compute/v2.1/servers/591a7907-e4a7-41d6-9cd0-5cb359f08810 0.136s
2024-10-24 02:25:50.849 63623 INFO tempest.lib.common.rest_client [req-1380ebe9-504c-41cd-b0a6-cbd196b09b42 req-1380ebe9-504c-41cd-b0a6-cbd196b09b42 ] Request (ServersTestBootFromVolume:setUpClass): 200 GET http://10.180.1.21/volume/v3/volumes/56f0283a-f2fa-4ff2-a7fc-4af53c2f3f7d 0.026s
2024-10-24 02:25:50.857 63599 INFO tempest.lib.common.rest_client [req-6ca2dc07-8d87-483d-9c1f-8d5c7c64ec82 req-6ca2dc07-8d87-483d-9c1f-8d5c7c64ec82 ] Request (ServerDiagnosticsV248Test:test_get_server_diagnostics): 200 GET http://10.180.1.21/compute/v2.1/servers/b2bf4912-6b88-4ece-95c9-e9fd1cf906df 0.119s
2024-10-24 02:25:50.860 63612 INFO tempest.lib.common.rest_client [req-eed0344b-ccd4-41f5-9945-c7f75c7acd66 req-eed0344b-ccd4-41f5-9945-c7f75c7acd66 ] Request (ServerShowV254Test:test_rebuild_server): 200 GET http://10.180.1.21/compute/v2.1/servers/e5c80c05-0e48-415a-ac91-a53e1c8819f0 0.086s
2024-10-24 02:25:50.908 63655 INFO tempest.lib.common.rest_client [req-8686a8aa-f305-4717-a5c0-49782aa299a4 req-8686a8aa-f305-4717-a5c0-49782aa299a4 ] Request (ServerActionsTestJSON:setUpClass): 200 GET http://10.180.1.21/compute/v2.1/servers/b46098f3-d952-4a33-86fe-825fe4625008 0.080s
2024-10-24 02:25:50.919 63613 INFO tempest.lib.common.rest_client [req-6af50011-fadf-4d0f-9c9a-f56ddecfe25e req-6af50011-fadf-4d0f-9c9a-f56ddecfe25e ] Request (ListServerFiltersTestJSON:setUpClass): 200 GET http://10.180.1.21/compute/v2.1/servers/d5daa7b5-2b00-46f5-b89b-42f33f6cd3c6 0.057s
2024-10-24 02:25:50.955 63593 INFO tempest.lib.common.rest_client [req-01a153fd-b923-46b9-ae37-5e1cfbbce3b2 req-01a153fd-b923-46b9-ae37-5e1cfbbce3b2 ] Request (FloatingIPsAssociationTestJSON:setUpClass): 200 GET http://10.180.1.21/compute/v2.1/servers/b275344f-695e-463b-8bfe-2bee97296349 0.081s
2024-10-24 02:25:50.980 63649 INFO tempest.lib.common.rest_client [req-517cd319-0240-42da-93e3-74840172c573 req-517cd319-0240-42da-93e3-74840172c573 ] Request (ServersV294TestFqdnHostnames:setUpClass): 200 GET http://10.180.1.21/compute/v2.1/servers/d7589681-fe6c-4dc6-b533-ade8ae634d58 0.051s
2024-10-24 02:25:50.987 63609 INFO tempest.lib.common.rest_client [req-0a40082d-c60e-434c-94a8-1dcede710423 req-0a40082d-c60e-434c-94a8-1dcede710423 ] Request (ServersNegativeTestJSON:setUpClass): 201 POST http://10.180.1.21:9696/networking/v2.0/subnets 0.232s
2024-10-24 02:25:51.011 63625 INFO tempest.lib.common.rest_client [req-963c212d-4e02-47f8-89f1-e81613fb2b7f req-963c212d-4e02-47f8-89f1-e81613fb2b7f ] Request (TenantUsagesTestJSON:setUpClass): 200 GET http://10.180.1.21/compute/v2.1/servers/4392313f-2fed-4308-b79a-324b3431d5af 0.069s
2024-10-24 02:25:51.026 63603 INFO tempest.lib.common.rest_client [req-d8352191-0b59-4706-9d44-600c10dafb1d req-d8352191-0b59-4706-9d44-600c10dafb1d ] Request (ServersAdminNegativeTestJSON:setUpClass): 200 GET http://10.180.1.21/compute/v2.1/servers/9478ce7a-99c6-4e95-82b0-f8a71ce94a90 0.046s
2024-10-24 02:25:51.071 63653 INFO tempest.lib.common.rest_client [req-b8cd70ad-f824-4f3c-96b0-1076f1290d36 req-b8cd70ad-f824-4f3c-96b0-1076f1290d36 ] Request (ListServersNegativeTestJSON:setUpClass): 200 GET http://10.180.1.21/compute/v2.1/servers/087c0c34-2f44-4791-86e7-b1b3564f49d5 0.072s
2024-10-24 02:25:51.091 63597 INFO tempest.lib.common.rest_client [req-4f3c6edb-fe14-4f8c-b1e6-9dd036814a79 req-4f3c6edb-fe14-4f8c-b1e6-9dd036814a79 ] Request (ServerDiagnosticsNegativeTest:test_get_server_diagnostics_by_non_admin): 200 GET http://10.180.1.21/compute/v2.1/servers/10112b62-f41e-4413-9bc8-c1306c5c1bc1 0.049s
2024-10-24 02:25:51.113 63629 INFO tempest.lib.common.rest_client [req-2466acd2-bbc1-4ba3-8b6f-cb540544f513 req-2466acd2-bbc1-4ba3-8b6f-cb540544f513 ] Request (ServersTestManualDisk:setUpClass): 200 GET http://10.180.1.21/compute/v2.1/servers/5c0ba7c6-9946-4765-be4b-d48d3823a68d 0.064s
2024-10-24 02:25:51.167 63619 INFO tempest.lib.common.rest_client [req-64aca232-275c-4967-9b60-cacf23ada5d4 req-64aca232-275c-4967-9b60-cacf23ada5d4 ] Request (ServerRescueTestJSONUnderV235:setUpClass): 200 GET http://10.180.1.21/compute/v2.1/servers/3dd3c8f5-f2ab-46b2-a6b8-beaeb906cbab 0.054s
2024-10-24 02:25:51.170 63634 INFO tempest.lib.common.rest_client [req-371bb737-abeb-4e62-9450-02b0bb115a8d req-371bb737-abeb-4e62-9450-02b0bb115a8d ] Request (ImagesTestJSON:test_create_image_from_suspended_server): 200 GET http://10.180.1.21/compute/v2.1/servers/b7dcc653-a430-48c4-9185-3e8200cf1005 0.056s
2024-10-24 02:25:51.356 63605 INFO tempest.lib.common.rest_client [req-4892fe71-4fa9-4378-98aa-bf4c6e217949 req-4892fe71-4fa9-4378-98aa-bf4c6e217949 ] Request (SecurityGroupsTestJSON:test_list_security_groups_by_server): 200 GET http://10.180.1.21/compute/v2.1/servers/1446c7da-415f-43ee-9ff1-2266bd3038e4 0.047s
2024-10-24 02:25:51.396 63621 INFO tempest.lib.common.rest_client [req-74aa0252-1e76-4ca7-a554-0d5f065af00c req-74aa0252-1e76-4ca7-a554-0d5f065af00c ] Request (AttachInterfacesTestJSON:test_create_list_show_delete_interfaces_by_fixed_ip): 200 GET http://10.180.1.21/compute/v2.1/servers/732ff6d3-2de9-4e6b-887d-5329ba83443c 0.044s
2024-10-24 02:25:51.465 63641 INFO tempest.lib.common.rest_client [req-fa458a16-5229-4d10-bfe4-80b2c6b98cb6 req-fa458a16-5229-4d10-bfe4-80b2c6b98cb6 ] Request (DeleteServersTestJSON:test_delete_active_server): 200 GET http://10.180.1.21/compute/v2.1/servers/0de6892a-5463-4d60-807c-0e3fca2accf3 0.048s
2024-10-24 02:25:51.485 63637 INFO tempest.lib.common.rest_client [req-879c36cd-fd73-4539-b90f-e53db8d916d6 req-879c36cd-fd73-4539-b90f-e53db8d916d6 ] Request (ServerExternalEventsTest:test_create_server_external_events): 200 GET http://10.180.1.21/compute/v2.1/servers/bc1d7402-3651-488b-a431-2cb2ae987d32 0.045s
2024-10-24 02:25:51.513 63651 INFO tempest.lib.common.rest_client [req-582dbde7-cc10-445e-88ee-9f6c9fcdcd02 req-582dbde7-cc10-445e-88ee-9f6c9fcdcd02 ] Request (ServersWithSpecificFlavorTestJSON:test_verify_created_server_ephemeral_disk): 200 GET http://10.180.1.21/compute/v2.1/servers/1c68f354-9e0e-4e7e-925e-d31fab4ac1ce 0.044s
2024-10-24 02:25:51.536 63643 INFO tempest.lib.common.rest_client [req-88aee6ce-cf48-4942-9f1e-fffb6efef4ae req-88aee6ce-cf48-4942-9f1e-fffb6efef4ae ] Request (ServersTestJSON:setUpClass): 200 GET http://10.180.1.21/compute/v2.1/servers/ec4726b2-38f9-4499-a5b0-a70db0d697f6 0.045s
2024-10-24 02:25:51.571 63647 INFO tempest.lib.common.rest_client [req-1c430b68-1b09-49ba-8830-96ecef716a5b req-1c430b68-1b09-49ba-8830-96ecef716a5b ] Request (DeleteServersAdminTestJSON:test_delete_server_while_in_error_state): 200 GET http://10.180.1.21/compute/v2.1/servers/115e42ee-60cc-400d-8f4d-c23009f9091f 0.042s
2024-10-24 02:25:51.642 63609 INFO tempest.lib.common.rest_client [req-4b8adacb-4c41-4761-b18c-f1cbd040b746 req-4b8adacb-4c41-4761-b18c-f1cbd040b746 ] Request (ServersNegativeTestJSON:setUpClass): 201 POST http://10.180.1.21:9696/networking/v2.0/routers 0.654s
2024-10-24 02:25:51.663 63639 INFO tempest.lib.common.rest_client [req-1582c73e-1a4a-4261-a273-a38cea4a58fc req-1582c73e-1a4a-4261-a273-a38cea4a58fc ] Request (ServersTestJSON:test_create_server_specify_multibyte_character_name): 200 GET http://10.180.1.21/compute/v2.1/servers/2386393a-3006-4e6b-91e0-40b7ab8e3948 0.065s
2024-10-24 02:25:51.667 63607 INFO tempest.lib.common.rest_client [req-127d1af6-9c58-41ff-8325-5031e2b58aad req-127d1af6-9c58-41ff-8325-5031e2b58aad ] Request (ServerShowV247Test:test_update_rebuild_list_server): 200 GET http://10.180.1.21/compute/v2.1/servers/f9c8ed86-506b-4654-8e7e-cb218605764b 0.067s
2024-10-24 02:25:51.731 63601 INFO tempest.lib.common.rest_client [req-5efeb2bd-2aa8-4325-a94d-fb4fd3a77986 req-5efeb2bd-2aa8-4325-a94d-fb4fd3a77986 ] Request (FloatingIPsAssociationNegativeTestJSON:setUpClass): 200 GET http://10.180.1.21/compute/v2.1/servers/1de0e894-1edb-4296-9e9b-2c1eb0c7c275 0.069s
2024-10-24 02:25:51.735 63595 INFO tempest.lib.common.rest_client [req-2d784c01-ecd4-4892-be2b-31e479ff68e4 req-2d784c01-ecd4-4892-be2b-31e479ff68e4 ] Request (InstanceActionsTestJSON:setUpClass): 200 GET http://10.180.1.21/compute/v2.1/servers/3c04c546-a9fa-4cbd-98d4-3ea92918a918 0.075s
2024-10-24 02:25:51.816 63627 INFO tempest.lib.common.rest_client [req-3825173b-1273-47e9-9cc4-097429fe872e req-3825173b-1273-47e9-9cc4-097429fe872e ] Request (ServersTestFqdnHostnames:test_create_server_with_fqdn_name): 200 GET http://10.180.1.21/compute/v2.1/servers/8e5e4a26-69ed-461d-aa67-929c0a4ab0f6 0.080s
2024-10-24 02:25:51.824 63615 INFO tempest.lib.common.rest_client [req-d58632d0-3029-41ef-863b-6d90c3a437c4 req-d58632d0-3029-41ef-863b-6d90c3a437c4 ] Request (ServerDiagnosticsTest:test_get_server_diagnostics): 200 GET http://10.180.1.21/compute/v2.1/servers/c80d746b-ad37-43d7-874e-1c1c848546f1 0.090s
2024-10-24 02:25:51.879 63617 INFO tempest.lib.common.rest_client [req-11995bde-96ca-4557-85e4-bc7f6d8fc38e req-11995bde-96ca-4557-85e4-bc7f6d8fc38e ] Request (MigrationsAdminTest:test_resize_server_revert_deleted_flavor): 200 GET http://10.180.1.21/compute/v2.1/servers/ad05eda3-efd7-4040-be9c-6a47df02889b 0.075s
2024-10-24 02:25:51.890 63623 INFO tempest.lib.common.rest_client [req-b246419d-77df-4d4a-b3b6-e17ddbf75506 req-b246419d-77df-4d4a-b3b6-e17ddbf75506 ] Request (ServersTestBootFromVolume:setUpClass): 200 GET http://10.180.1.21/volume/v3/volumes/56f0283a-f2fa-4ff2-a7fc-4af53c2f3f7d 0.035s
2024-10-24 02:25:51.894 63635 INFO tempest.lib.common.rest_client [req-76f75c76-b6d2-432f-94b8-f1eb8cea7b6c req-76f75c76-b6d2-432f-94b8-f1eb8cea7b6c ] Request (ServerMetadataTestJSON:setUpClass): 200 GET http://10.180.1.21/compute/v2.1/servers/591a7907-e4a7-41d6-9cd0-5cb359f08810 0.089s
2024-10-24 02:25:51.947 63599 INFO tempest.lib.common.rest_client [req-4dd32932-5e01-47a5-806f-efd2b8a3d41e req-4dd32932-5e01-47a5-806f-efd2b8a3d41e ] Request (ServerDiagnosticsV248Test:test_get_server_diagnostics): 200 GET http://10.180.1.21/compute/v2.1/servers/b2bf4912-6b88-4ece-95c9-e9fd1cf906df 0.082s
2024-10-24 02:25:51.953 63612 INFO tempest.lib.common.rest_client [req-8ac87c36-d7ee-4e01-82fd-146ee992a9c7 req-8ac87c36-d7ee-4e01-82fd-146ee992a9c7 ] Request (ServerShowV254Test:test_rebuild_server): 200 GET http://10.180.1.21/compute/v2.1/servers/e5c80c05-0e48-415a-ac91-a53e1c8819f0 0.084s
2024-10-24 02:25:51.999 63655 INFO tempest.lib.common.rest_client [req-960e81e7-c8af-4cc7-ba90-7ff26ed7d66f req-960e81e7-c8af-4cc7-ba90-7ff26ed7d66f ] Request (ServerActionsTestJSON:setUpClass): 200 GET http://10.180.1.21/compute/v2.1/servers/b46098f3-d952-4a33-86fe-825fe4625008 0.083s
2024-10-24 02:25:52.023 63613 INFO tempest.lib.common.rest_client [req-79b25328-2369-4558-ba13-bca8485a1dfd req-79b25328-2369-4558-ba13-bca8485a1dfd ] Request (ListServerFiltersTestJSON:setUpClass): 200 GET http://10.180.1.21/compute/v2.1/servers/d5daa7b5-2b00-46f5-b89b-42f33f6cd3c6 0.097s
2024-10-24 02:25:52.053 63593 INFO tempest.lib.common.rest_client [req-de764508-efb7-44a4-a9d5-be324c8d6598 req-de764508-efb7-44a4-a9d5-be324c8d6598 ] Request (FloatingIPsAssociationTestJSON:setUpClass): 200 GET http://10.180.1.21/compute/v2.1/servers/b275344f-695e-463b-8bfe-2bee97296349 0.091s
2024-10-24 02:25:52.086 63649 INFO tempest.lib.common.rest_client [req-efde6b1a-2277-489b-88ab-d3764fdcfe76 req-efde6b1a-2277-489b-88ab-d3764fdcfe76 ] Request (ServersV294TestFqdnHostnames:setUpClass): 200 GET http://10.180.1.21/compute/v2.1/servers/d7589681-fe6c-4dc6-b533-ade8ae634d58 0.097s
2024-10-24 02:25:52.112 63625 INFO tempest.lib.common.rest_client [req-5d2bf5da-0afa-450b-80cf-8f830fce1ac6 req-5d2bf5da-0afa-450b-80cf-8f830fce1ac6 ] Request (TenantUsagesTestJSON:setUpClass): 200 GET http://10.180.1.21/compute/v2.1/servers/4392313f-2fed-4308-b79a-324b3431d5af 0.093s
2024-10-24 02:25:52.139 63603 INFO tempest.lib.common.rest_client [req-2642060c-2472-41c0-b552-0493f9264ad0 req-2642060c-2472-41c0-b552-0493f9264ad0 ] Request (ServersAdminNegativeTestJSON:setUpClass): 200 GET http://10.180.1.21/compute/v2.1/servers/9478ce7a-99c6-4e95-82b0-f8a71ce94a90 0.105s
2024-10-24 02:25:52.164 63653 INFO tempest.lib.common.rest_client [req-25971581-20f4-4732-8d86-3619580f802a req-25971581-20f4-4732-8d86-3619580f802a ] Request (ListServersNegativeTestJSON:setUpClass): 200 GET http://10.180.1.21/compute/v2.1/servers/087c0c34-2f44-4791-86e7-b1b3564f49d5 0.086s
2024-10-24 02:25:52.188 63597 INFO tempest.lib.common.rest_client [req-4898aa44-fc7d-4a77-8781-5a4ed60df7c6 req-4898aa44-fc7d-4a77-8781-5a4ed60df7c6 ] Request (ServerDiagnosticsNegativeTest:test_get_server_diagnostics_by_non_admin): 200 GET http://10.180.1.21/compute/v2.1/servers/10112b62-f41e-4413-9bc8-c1306c5c1bc1 0.090s
2024-10-24 02:25:52.235 63629 INFO tempest.lib.common.rest_client [req-dd76755d-b232-4957-9b7a-d9515f16712f req-dd76755d-b232-4957-9b7a-d9515f16712f ] Request (ServersTestManualDisk:setUpClass): 200 GET http://10.180.1.21/compute/v2.1/servers/5c0ba7c6-9946-4765-be4b-d48d3823a68d 0.115s
2024-10-24 02:25:52.241 63619 INFO tempest.lib.common.rest_client [req-7c3d4a89-af55-4dff-b8c5-2b2eee32c2ba req-7c3d4a89-af55-4dff-b8c5-2b2eee32c2ba ] Request (ServerRescueTestJSONUnderV235:setUpClass): 200 GET http://10.180.1.21/compute/v2.1/servers/3dd3c8f5-f2ab-46b2-a6b8-beaeb906cbab 0.067s
2024-10-24 02:25:52.242 63629 INFO tempest.common.waiters [-] State transition "BUILD/spawning" ==> "ERROR/None" after 54 second wait
2024-10-24 02:25:52.280 63634 INFO tempest.lib.common.rest_client [req-8551a7bf-19a8-456e-9550-9f30f5e12184 req-8551a7bf-19a8-456e-9550-9f30f5e12184 ] Request (ImagesTestJSON:test_create_image_from_suspended_server): 200 GET http://10.180.1.21/compute/v2.1/servers/b7dcc653-a430-48c4-9185-3e8200cf1005 0.099s
2024-10-24 02:25:52.414 63605 INFO tempest.lib.common.rest_client [req-d467f9f7-711e-4116-9fac-61752981dcca req-d467f9f7-711e-4116-9fac-61752981dcca ] Request (SecurityGroupsTestJSON:test_list_security_groups_by_server): 200 GET http://10.180.1.21/compute/v2.1/servers/1446c7da-415f-43ee-9ff1-2266bd3038e4 0.050s
2024-10-24 02:25:52.443 63629 INFO tempest.lib.common.rest_client [req-2471cdbf-eff8-45a8-a9fe-76157eaa0afc req-2471cdbf-eff8-45a8-a9fe-76157eaa0afc ] Request (ServersTestManualDisk:setUpClass): 204 DELETE http://10.180.1.21/compute/v2.1/servers/5c0ba7c6-9946-4765-be4b-d48d3823a68d 0.201s
2024-10-24 02:25:52.460 63621 INFO tempest.lib.common.rest_client [req-5fa869c2-1340-4201-8593-878600feecfd req-5fa869c2-1340-4201-8593-878600feecfd ] Request (AttachInterfacesTestJSON:test_create_list_show_delete_interfaces_by_fixed_ip): 200 GET http://10.180.1.21/compute/v2.1/servers/732ff6d3-2de9-4e6b-887d-5329ba83443c 0.056s
2024-10-24 02:25:52.463 63609 INFO tempest.lib.common.rest_client [req-8c709822-11ad-4804-9489-57a20518ff3c req-8c709822-11ad-4804-9489-57a20518ff3c ] Request (ServersNegativeTestJSON:setUpClass): 200 PUT http://10.180.1.21:9696/networking/v2.0/routers/dd4b3c1d-2bc7-40e7-80b7-92ca7422a532/add_router_interface 0.820s
