2024-10-24 14:05:10.547 62127 INFO tempest.lib.common.rest_client [req-3f7bcc95-3e20-4cdb-a7a0-025e0346d577 req-3f7bcc95-3e20-4cdb-a7a0-025e0346d577 ] Request (AbsoluteLimitsTestJSON:test_absLimits_get): 200 GET http://10.180.1.21/compute/v2.1/limits 1.424s
2024-10-24 14:05:10.602 62141 INFO tempest.lib.common.rest_client [req-9b6ce464-c7f8-4491-8085-2189ae26214a req-9b6ce464-c7f8-4491-8085-2189ae26214a ] Request (ServersTestFqdnHostnames:test_create_server_with_fqdn_name): 200 GET http://10.180.1.21/compute/v2.1/servers/6b3ecea4-fe20-4b6c-a987-59c20731b9ac 1.458s
2024-10-24 14:05:10.638 62133 INFO tempest.lib.common.rest_client [req-0cf3202f-b344-4795-9208-a9d9748a96bd req-0cf3202f-b344-4795-9208-a9d9748a96bd ] Request (FlavorsV2TestJSON:tearDownClass): 204 DELETE http://10.180.1.21:9696/networking/v2.0/security-groups/bcff6b3a-4344-4689-b01d-56c19fe3ec42 0.367s
2024-10-24 14:05:10.647 62127 INFO tempest.lib.common.rest_client [req-f87e9ac1-fae5-45a1-a388-69de87ec426e req-f87e9ac1-fae5-45a1-a388-69de87ec426e ] Request (AbsoluteLimitsTestJSON:tearDownClass): 204 DELETE http://10.180.1.21/identity/v3/users/dae9126b87664983a90c8afaf93b644f 0.093s
2024-10-24 14:05:10.647 62127 INFO tempest.lib.common.dynamic_creds [-] Deleting project and security group for project: 5dae4867122a4c619368ba4279071020
2024-10-24 14:05:10.670 62157 INFO tempest.lib.common.rest_client [req-d30a5102-ca2e-4bb7-90cb-a3b769409ba0 req-d30a5102-ca2e-4bb7-90cb-a3b769409ba0 ] Request (DeleteServersAdminTestJSON:test_delete_server_while_in_error_state): 200 GET http://10.180.1.21/compute/v2.1/servers/e64fd277-10ae-494d-918a-2f3faa4e44d1 1.509s
2024-10-24 14:05:10.713 62127 INFO tempest.lib.common.rest_client [req-f0f015e3-bdd2-4535-b8b1-65c7bc49c600 req-f0f015e3-bdd2-4535-b8b1-65c7bc49c600 ] Request (AbsoluteLimitsTestJSON:tearDownClass): 201 POST http://10.180.1.21/identity/v3/auth/tokens 0.065s
2024-10-24 14:05:10.759 62133 INFO tempest.lib.common.rest_client [req-8ae40405-455e-4655-b25a-97e1d3329ac9 req-8ae40405-455e-4655-b25a-97e1d3329ac9 ] Request (FlavorsV2TestJSON:tearDownClass): 204 DELETE http://10.180.1.21/identity/v3/projects/8cfd22d9fb92493c984285bb643b3e2a 0.119s
2024-10-24 14:05:10.760 62161 INFO tempest.lib.common.rest_client [req-eed343dd-1f78-4a52-9166-d12d10cf22ad req-eed343dd-1f78-4a52-9166-d12d10cf22ad ] Request (ServersAdmin275Test:_run_cleanups): 200 GET http://10.180.1.21/compute/v2.1/servers/85effb81-494c-4bda-a093-6dde523d5f45 1.575s
2024-10-24 14:05:10.768 62161 INFO tempest.common.waiters [-] State transition "REBUILD/rebuilding" ==> "REBUILD/rebuild_spawning" after 2 second wait
2024-10-24 14:05:10.780 62119 INFO tempest.lib.common.rest_client [req-72b6fef4-cbe2-4fe7-a800-92e9658c7490 req-72b6fef4-cbe2-4fe7-a800-92e9658c7490 ] Request (FloatingIPDetailsTestJSON:test_get_floating_ip_details): 200 POST http://10.180.1.21/compute/v2.1/os-floating-ips 1.866s
2024-10-24 14:05:10.839 62151 INFO tempest.lib.common.rest_client [req-cfba5391-9fbe-4aff-a839-58f2799bcefa req-cfba5391-9fbe-4aff-a839-58f2799bcefa ] Request (ServerExternalEventsTest:test_create_server_external_events): 200 GET http://10.180.1.21/compute/v2.1/servers/d23d0d19-4806-4d5e-aa05-13aaf3c4a770 1.619s
2024-10-24 14:05:10.861 62137 INFO tempest.lib.common.rest_client [req-409eb152-0e00-400e-96ea-7c5ae1f89a81 req-409eb152-0e00-400e-96ea-7c5ae1f89a81 ] Request (FlavorsAccessNegativeTestJSON:_run_cleanups): 200 GET http://10.180.1.21/compute/v2.1/flavors/detail 1.571s
2024-10-24 14:05:10.864 62163 INFO tempest.lib.common.rest_client [req-bc0577bc-7ef3-4dba-a689-72037f2fcbbf req-bc0577bc-7ef3-4dba-a689-72037f2fcbbf ] Request (ServersTestJSON:setUpClass): 200 GET http://10.180.1.21/compute/v2.1/servers/17b85f46-4660-4af6-825d-3f2e7ea931ca 1.621s
2024-10-24 14:05:10.873 62133 INFO tempest.lib.common.rest_client [req-403a4f3d-f4d3-4731-992b-b8580f47d50a req-403a4f3d-f4d3-4731-992b-b8580f47d50a ] Request (FlavorsV2NegativeTest:setUpClass): 201 POST http://10.180.1.21/identity/v3/auth/tokens 0.110s
2024-10-24 14:05:10.893 62148 INFO tempest.lib.common.rest_client [req-d013c3dc-1106-44e4-9e46-fde7f830f631 req-d013c3dc-1106-44e4-9e46-fde7f830f631 ] Request (VolumesNegativeTest:test_volume_delete_nonexistent_volume_id): 404 DELETE http://10.180.1.21/compute/v2.1/os-volumes/8a9ea655-a354-49a5-bf21-3b2baecc1209 1.339s
2024-10-24 14:05:10.924 62133 INFO tempest.lib.common.rest_client [req-7c871543-f6fb-49af-853c-bc0e8c3a4acf req-7c871543-f6fb-49af-853c-bc0e8c3a4acf ] Request (FlavorsV2NegativeTest:setUpClass): 201 POST http://10.180.1.21/identity/v3/auth/tokens 0.045s
2024-10-24 14:05:10.927 62156 INFO tempest.lib.common.rest_client [req-521579c3-034f-40ee-98e4-27679bfb7510 req-521579c3-034f-40ee-98e4-27679bfb7510 ] Request (ImagesOneServerNegativeTestJSON:setUpClass): 200 GET http://10.180.1.21/compute/v2.1/servers/4b0abc14-0ce2-4212-8677-82f6279ee107 1.436s
2024-10-24 14:05:10.933 62125 INFO tempest.lib.common.rest_client [req-02fa1d57-3dc4-4fed-92ca-6795b7b6d06a req-02fa1d57-3dc4-4fed-92ca-6795b7b6d06a ] Request (ImagesNegativeTestJSON:test_create_image_specify_uuid_37_characters_or_more): 404 POST http://10.180.1.21/compute/v2.1/servers/aaaaaaaaaaaaaaaaaaaaaaaaaaaaaaaaaaaaa/action 1.370s
2024-10-24 14:05:10.937 62139 INFO tempest.lib.common.rest_client [req-ee6a710a-ac9e-4664-acdf-8e9a2d61a4a6 req-ee6a710a-ac9e-4664-acdf-8e9a2d61a4a6 ] Request (HypervisorAdminUnderV252Test:test_search_hypervisor): 200 GET http://10.180.1.21/compute/v2.1/os-hypervisors 1.385s
2024-10-24 14:05:10.966 62137 INFO tempest.lib.common.rest_client [req-18895d99-14df-4dae-9063-19fae94952c6 req-18895d99-14df-4dae-9063-19fae94952c6 ] Request (FlavorsAccessNegativeTestJSON:tearDownClass): 204 DELETE http://10.180.1.21/identity/v3/users/e7aa82def1794a1184599d838c92c210 0.099s
2024-10-24 14:05:10.988 62131 INFO tempest.lib.common.rest_client [req-ff94d241-8409-440e-a856-b3dbf5cab593 req-ff94d241-8409-440e-a856-b3dbf5cab593 ] Request (ImagesOneServerTestJSON:setUpClass): 404 GET http://10.180.1.21/compute/v2.1/servers/a3e97bd0-34e0-45f2-a10b-f554e10ca710 1.199s
2024-10-24 14:05:10.989 62131 INFO tempest.test [-] raised in ImagesOneServerTestJSON.setUpClass. Invoking tearDownClass.
2024-10-24 14:05:10.996 62133 INFO tempest.lib.common.rest_client [req-4c85026c-ebfc-411e-a563-0987c97e30c9 req-4c85026c-ebfc-411e-a563-0987c97e30c9 ] Request (FlavorsV2NegativeTest:setUpClass): 200 GET http://10.180.1.21/identity/v3/domains?name=Default 0.071s
2024-10-24 14:05:11.000 62101 INFO tempest.lib.common.rest_client [req-6371bccb-1d0a-4d8c-af9c-aee147a6b1bd req-6371bccb-1d0a-4d8c-af9c-aee147a6b1bd ] Request (FlavorsExtraSpecsNegativeTestJSON:test_flavor_unset_nonexistent_key): 404 DELETE http://10.180.1.21/compute/v2.1/flavors/599636275/os-extra_specs/hw:cpu_thread_policy 1.154s
2024-10-24 14:05:11.024 62117 INFO tempest.lib.common.rest_client [req-8da1d6b5-4247-4811-b6e9-f575f3371ec8 req-8da1d6b5-4247-4811-b6e9-f575f3371ec8 ] Request (AggregatesAdminNegativeTestJSON:test_aggregate_remove_host_as_user): 200 POST http://10.180.1.21/compute/v2.1/os-aggregates 1.166s
2024-10-24 14:05:11.039 62149 INFO tempest.lib.common.rest_client [req-5dcf7bea-e460-4634-8122-53618b70c4f5 req-5dcf7bea-e460-4634-8122-53618b70c4f5 ] Request (FlavorsAdminTestJSON:_run_cleanups): 200 GET http://10.180.1.21/compute/v2.1/flavors/detail 1.173s
2024-10-24 14:05:11.073 62127 INFO tempest.lib.common.rest_client [req-584c6851-527b-4ae3-a637-afcfc962d01f req-584c6851-527b-4ae3-a637-afcfc962d01f ] Request (AbsoluteLimitsTestJSON:tearDownClass): 200 GET http://10.180.1.21:9696/networking/v2.0/security-groups?tenant_id=5dae4867122a4c619368ba4279071020&name=default 0.360s
2024-10-24 14:05:11.074 62137 INFO tempest.lib.common.rest_client [req-21d8377b-f141-414f-ac15-f7f3b1d3abcb req-21d8377b-f141-414f-ac15-f7f3b1d3abcb ] Request (FlavorsAccessNegativeTestJSON:tearDownClass): 204 DELETE http://10.180.1.21/identity/v3/users/2fbe249ce47a48e0aff9929e50aae837 0.108s
2024-10-24 14:05:11.126 62135 INFO tempest.lib.common.rest_client [req-74c54616-cae2-4bdc-b7b8-7be0b5afdfbb req-74c54616-cae2-4bdc-b7b8-7be0b5afdfbb ] Request (ServersAdminNegativeTestJSON:setUpClass): 200 GET http://10.180.1.21/compute/v2.1/servers/fa0cbe6c-937b-4276-a419-0ab6e92e795f 0.891s
2024-10-24 14:05:11.147 62133 INFO tempest.lib.common.rest_client [req-801bd8f7-e650-4202-90ba-b69add33b9d4 req-801bd8f7-e650-4202-90ba-b69add33b9d4 ] Request (FlavorsV2NegativeTest:setUpClass): 201 POST http://10.180.1.21/identity/v3/projects 0.151s
2024-10-24 14:05:11.154 62107 INFO tempest.lib.common.rest_client [req-538644dc-a326-4478-9ad5-c88007271504 req-538644dc-a326-4478-9ad5-c88007271504 ] Request (QuotasAdminTestJSON:test_update_all_quota_resources_for_tenant): 200 GET http://10.180.1.21/compute/v2.1/os-quota-sets/9a4f6b5fc9504eaa924867103ab7ece1/defaults 1.402s
2024-10-24 14:05:11.189 62109 INFO tempest.lib.common.rest_client [req-06a9d74b-f66b-4a51-9447-72d051999995 req-06a9d74b-f66b-4a51-9447-72d051999995 ] Request (ServerActionsTestOtherB:setUpClass): 200 GET http://10.180.1.21/compute/v2.1/servers/05cefc82-3585-4d0b-8620-91412b3ef69e 0.944s
2024-10-24 14:05:11.207 62133 INFO tempest.lib.common.rest_client [req-bea6c25d-0338-4f2e-9de4-153a15e61012 req-bea6c25d-0338-4f2e-9de4-153a15e61012 ] Request (FlavorsV2NegativeTest:setUpClass): 201 POST http://10.180.1.21/identity/v3/users 0.058s
2024-10-24 14:05:11.234 62137 INFO tempest.lib.common.rest_client [req-1f7fe4a4-2160-4426-bbf9-82eedafaa0b1 req-1f7fe4a4-2160-4426-bbf9-82eedafaa0b1 ] Request (FlavorsAccessNegativeTestJSON:tearDownClass): 204 DELETE http://10.180.1.21/identity/v3/users/d793b7a3c6e940c6ba9ab762d6cd2a1d 0.159s
2024-10-24 14:05:11.234 62137 INFO tempest.lib.common.dynamic_creds [-] Deleting project and security group for project: b8ce016222f842ecb2d6eacbf39eed0f
2024-10-24 14:05:11.236 62105 INFO tempest.lib.common.rest_client [req-b8b9323b-6ec5-46bf-9914-85e9272b7cec req-b8b9323b-6ec5-46bf-9914-85e9272b7cec ] Request (VolumesAdminNegativeTest:test_update_attached_volume_with_nonexistent_volume_in_body): 200 GET http://10.180.1.21/compute/v2.1/servers/f708ec4a-7f1e-4bfa-b561-4b9bc5556d27 0.883s
2024-10-24 14:05:11.260 62133 INFO tempest.lib.common.rest_client [req-1aff97e6-8670-4326-9a1b-578b8b224faf req-1aff97e6-8670-4326-9a1b-578b8b224faf ] Request (FlavorsV2NegativeTest:setUpClass): 200 GET http://10.180.1.21/identity/v3/roles 0.052s
2024-10-24 14:05:11.297 62137 INFO tempest.lib.common.rest_client [req-24ed359b-83b7-48b9-b2b2-4f971bb8f0e3 req-24ed359b-83b7-48b9-b2b2-4f971bb8f0e3 ] Request (FlavorsAccessNegativeTestJSON:tearDownClass): 201 POST http://10.180.1.21/identity/v3/auth/tokens 0.062s
2024-10-24 14:05:11.318 62133 INFO tempest.lib.common.rest_client [req-afbb8615-f55a-451d-9868-35f9bdd579f5 req-afbb8615-f55a-451d-9868-35f9bdd579f5 ] Request (FlavorsV2NegativeTest:setUpClass): 204 PUT http://10.180.1.21/identity/v3/projects/199af06b3f7f45149fcf3fadc205caa0/users/86a13da4d9804e18ab049237696e4621/roles/38c90a16680640a798037e49f5448f78 0.058s
2024-10-24 14:05:11.319 62133 INFO tempest.lib.common.dynamic_creds [-] Dynamic test user 86a13da4d9804e18ab049237696e4621 is created with scope project and roles: ['member']
2024-10-24 14:05:11.319 62133 INFO tempest.lib.common.dynamic_creds [-] Acquired dynamic creds: credentials: Credentials: {'domain_id': 'default', 'domain_name': 'Default', 'username': 'tempest-FlavorsV2NegativeTest-392717483-project-member', 'project_domain_id': 'default', 'project_domain_name': 'Default', 'project_id': '199af06b3f7f45149fcf3fadc205caa0', 'project_name': 'tempest-FlavorsV2NegativeTest-392717483', 'tenant_id': '199af06b3f7f45149fcf3fadc205caa0', 'tenant_name': 'tempest-FlavorsV2NegativeTest-392717483', 'user_domain_id': 'default', 'user_domain_name': 'Default', 'user_id': '86a13da4d9804e18ab049237696e4621', 'system': None}, Network: None, Subnet: None, Router: None
2024-10-24 14:05:11.319 62133 INFO tempest.lib.common.dynamic_creds [-] Created isolated network resources for: credentials: Credentials: {'domain_id': 'default', 'domain_name': 'Default', 'username': 'tempest-FlavorsV2NegativeTest-392717483-project-member', 'project_domain_id': 'default', 'project_domain_name': 'Default', 'project_id': '199af06b3f7f45149fcf3fadc205caa0', 'project_name': 'tempest-FlavorsV2NegativeTest-392717483', 'tenant_id': '199af06b3f7f45149fcf3fadc205caa0', 'tenant_name': 'tempest-FlavorsV2NegativeTest-392717483', 'user_domain_id': 'default', 'user_domain_name': 'Default', 'user_id': '86a13da4d9804e18ab049237696e4621', 'system': None}, Network: None, Subnet: None, Router: None
2024-10-24 14:05:11.384 62133 INFO tempest.lib.common.rest_client [req-f0386a8c-e7ea-4b18-8f6d-f7f8098d4b06 req-f0386a8c-e7ea-4b18-8f6d-f7f8098d4b06 ] Request (FlavorsV2NegativeTest:setUpClass): 201 POST http://10.180.1.21/identity/v3/auth/tokens 0.062s
2024-10-24 14:05:11.425 62127 INFO tempest.lib.common.rest_client [req-cce38729-f8f0-4ed2-85d3-ce81af5955c0 req-cce38729-f8f0-4ed2-85d3-ce81af5955c0 ] Request (AbsoluteLimitsTestJSON:tearDownClass): 204 DELETE http://10.180.1.21:9696/networking/v2.0/security-groups/487de65a-88d3-4f8a-bbef-eea45b512937 0.351s
2024-10-24 14:05:11.440 62143 INFO tempest.lib.common.rest_client [req-7d28ab47-3057-4595-ad0f-447b1b95febf req-7d28ab47-3057-4595-ad0f-447b1b95febf ] Request (MigrationsAdminTest:test_list_migrations_in_flavor_resize_situation): 200 GET http://10.180.1.21/compute/v2.1/servers/5f417757-4295-4faa-83d2-1ad2d9c04ad6 0.874s
2024-10-24 14:05:11.459 62113 INFO tempest.lib.common.rest_client [req-592d7d5d-b1cf-4811-8c48-f7e8c35068f0 req-592d7d5d-b1cf-4811-8c48-f7e8c35068f0 ] Request (VolumesAssistedSnapshotsTest:test_volume_assisted_snapshot_create_delete): 200 GET http://10.180.1.21/compute/v2.1/servers/4dc3af05-b670-4f7c-bb9f-d1fa2e4180db 1.174s
2024-10-24 14:05:11.465 62113 INFO tempest.common.waiters [-] State transition "BUILD/networking" ==> "BUILD/spawning" after 13 second wait
2024-10-24 14:05:11.489 62127 INFO tempest.lib.common.rest_client [req-c01a381e-1c17-4a63-83d4-5f09a33dc656 req-c01a381e-1c17-4a63-83d4-5f09a33dc656 ] Request (AbsoluteLimitsTestJSON:tearDownClass): 204 DELETE http://10.180.1.21/identity/v3/projects/5dae4867122a4c619368ba4279071020 0.063s
2024-10-24 14:05:11.511 62153 INFO tempest.lib.common.rest_client [req-0d68dcb0-188f-48ad-a4cd-2b0d4b2b83ee req-0d68dcb0-188f-48ad-a4cd-2b0d4b2b83ee ] Request (ServerRescueTestJSON:setUpClass): 200 GET http://10.180.1.21/compute/v2.1/servers/528a2095-e82e-44eb-a4a1-dacde88966bb 0.883s
2024-10-24 14:05:11.511 62111 INFO tempest.lib.common.rest_client [req-2e501b86-a857-4742-87fe-4869bd924461 req-2e501b86-a857-4742-87fe-4869bd924461 ] Request (ServersTestBootFromVolume:setUpClass): 200 GET http://10.180.1.21/volume/v3/volumes/d4fe3ed0-6de6-42d8-ac65-6a324ac1b224 0.036s
2024-10-24 14:05:11.555 62103 INFO tempest.lib.common.rest_client [req-9c356cfa-e226-469d-a606-e0f6da60c318 req-9c356cfa-e226-469d-a606-e0f6da60c318 ] Request (ServersAaction247Test:test_create_backup): 200 GET http://10.180.1.21/compute/v2.1/servers/e23fd777-66f7-4ee1-bdcb-fe19c55f955c 0.832s
2024-10-24 14:05:11.562 62127 INFO tempest.lib.common.rest_client [req-15fe430a-2a59-4b9a-89c7-b7cf06a6dfef req-15fe430a-2a59-4b9a-89c7-b7cf06a6dfef ] Request (ListServerFiltersTestJSON:setUpClass): 201 POST http://10.180.1.21/identity/v3/auth/tokens 0.071s
2024-10-24 14:05:11.591 62127 INFO tempest.lib.common.rest_client [req-c37cb2e2-2414-44c5-b690-954da03bbaaa req-c37cb2e2-2414-44c5-b690-954da03bbaaa ] Request (ListServerFiltersTestJSON:setUpClass): 201 POST http://10.180.1.21/identity/v3/auth/tokens 0.026s
2024-10-24 14:05:11.614 62127 INFO tempest.lib.common.rest_client [req-c66220ac-674c-4bab-9498-9dc9b7b915e7 req-c66220ac-674c-4bab-9498-9dc9b7b915e7 ] Request (ListServerFiltersTestJSON:setUpClass): 200 GET http://10.180.1.21/identity/v3/domains?name=Default 0.022s
2024-10-24 14:05:11.633 62119 INFO tempest.lib.common.rest_client [req-3b9ef895-c721-4589-a390-41bea7fd8133 req-3b9ef895-c721-4589-a390-41bea7fd8133 ] Request (FloatingIPDetailsTestJSON:test_get_floating_ip_details): 200 GET http://10.180.1.21/compute/v2.1/os-floating-ips/b1c063c6-f2f6-4d8f-a24f-fb6e6738a526 0.850s
2024-10-24 14:05:11.642 62145 INFO tempest.lib.common.rest_client [req-8a6f5580-8cf2-4d06-bedb-bd5b59047ae2 req-8a6f5580-8cf2-4d06-bedb-bd5b59047ae2 ] Request (ServersAdminTestJSON:setUpClass): 200 GET http://10.180.1.21/compute/v2.1/servers/f72e6538-7130-45a9-a722-ba60de3bda49 0.796s
2024-10-24 14:05:11.646 62127 INFO tempest.lib.common.rest_client [req-34590bef-12c4-4839-bd11-acf37878eaa5 req-34590bef-12c4-4839-bd11-acf37878eaa5 ] Request (ListServerFiltersTestJSON:setUpClass): 201 POST http://10.180.1.21/identity/v3/projects 0.031s
2024-10-24 14:05:11.666 62139 INFO tempest.lib.common.rest_client [req-e4cd686c-11e4-4610-af26-ecb570696fac req-e4cd686c-11e4-4610-af26-ecb570696fac ] Request (HypervisorAdminUnderV252Test:test_search_hypervisor): 200 GET http://10.180.1.21/compute/v2.1/os-hypervisors/domain-c8.fc996f14-c53b-4953-92e3-bdfa48f5cc28/search 0.727s
2024-10-24 14:05:11.669 62148 INFO tempest.lib.common.rest_client [req-8824c7d6-e67c-4778-a9c1-cd6f9a4ce52c req-8824c7d6-e67c-4778-a9c1-cd6f9a4ce52c ] Request (VolumesNegativeTest:test_volume_get_nonexistent_volume_id): 404 GET http://10.180.1.21/compute/v2.1/os-volumes/fc0057cd-d1d7-48da-9dc0-beaad7a32a84 0.774s
2024-10-24 14:05:11.672 62101 INFO tempest.lib.common.rest_client [req-4f8aadf3-45c1-49a7-844c-299c48fcf996 req-4f8aadf3-45c1-49a7-844c-299c48fcf996 ] Request (FlavorsExtraSpecsNegativeTestJSON:test_flavor_update_mismatch_key): 400 PUT http://10.180.1.21/compute/v2.1/flavors/599636275/os-extra_specs/hw:numa_nodes 0.670s
2024-10-24 14:05:11.692 62149 INFO tempest.lib.common.rest_client [req-1f18bd93-c950-46ac-9010-388e10ee08eb req-1f18bd93-c950-46ac-9010-388e10ee08eb ] Request (FlavorsAdminTestJSON:test_is_public_string_variations): 200 POST http://10.180.1.21/compute/v2.1/flavors 0.645s
2024-10-24 14:05:11.730 62127 INFO tempest.lib.common.rest_client [req-b96e9cd6-efbe-4aef-99d3-56613396f3d5 req-b96e9cd6-efbe-4aef-99d3-56613396f3d5 ] Request (ListServerFiltersTestJSON:setUpClass): 201 POST http://10.180.1.21/identity/v3/users 0.084s
2024-10-24 14:05:11.749 62137 INFO tempest.lib.common.rest_client [req-061737ad-1461-4e2d-84ec-64c8396f723f req-061737ad-1461-4e2d-84ec-64c8396f723f ] Request (FlavorsAccessNegativeTestJSON:tearDownClass): 200 GET http://10.180.1.21:9696/networking/v2.0/security-groups?tenant_id=b8ce016222f842ecb2d6eacbf39eed0f&name=default 0.452s
2024-10-24 14:05:11.796 62117 INFO tempest.lib.common.rest_client [req-ef5cf84b-a76e-41e5-b4a5-220ebc8496bd req-ef5cf84b-a76e-41e5-b4a5-220ebc8496bd ] Request (AggregatesAdminNegativeTestJSON:test_aggregate_remove_host_as_user): 200 POST http://10.180.1.21/compute/v2.1/os-aggregates/7/action 0.768s
2024-10-24 14:05:11.804 62148 INFO tempest.lib.common.rest_client [req-69e4fd59-9390-4365-a032-23b8bf7e19ba req-69e4fd59-9390-4365-a032-23b8bf7e19ba ] Request (VolumesNegativeTest:tearDownClass): 204 DELETE http://10.180.1.21/identity/v3/users/a3af62e6e6744ce7b5a7cbec0c3ded59 0.127s
2024-10-24 14:05:11.804 62148 INFO tempest.lib.common.dynamic_creds [-] Deleting project and security group for project: 5ff0f70ddbd84ed7abc516bbee62ad1b
2024-10-24 14:05:11.809 62139 INFO tempest.lib.common.rest_client [req-59c80627-7664-493e-9403-e4c64881f272 req-59c80627-7664-493e-9403-e4c64881f272 ] Request (HypervisorAdminUnderV252Test:tearDownClass): 204 DELETE http://10.180.1.21/identity/v3/users/f4d7e534c849421582f287976c97cfcb 0.141s
2024-10-24 14:05:11.874 62121 INFO tempest.lib.common.rest_client [req-1e44fd3f-c7e2-465e-ac5e-b0a7dbaa530e req-1e44fd3f-c7e2-465e-ac5e-b0a7dbaa530e ] Request (ServerDiskConfigTestJSON:test_rebuild_server_with_auto_disk_config): 200 GET http://10.180.1.21/compute/v2.1/servers/2f64e954-bf3e-464f-a72e-d83f0783af5c 0.553s
2024-10-24 14:05:11.881 62127 INFO tempest.lib.common.rest_client [req-c936e489-065e-46d3-8094-1e6c8af1f3e3 req-c936e489-065e-46d3-8094-1e6c8af1f3e3 ] Request (ListServerFiltersTestJSON:setUpClass): 200 GET http://10.180.1.21/identity/v3/roles 0.150s
2024-10-24 14:05:11.917 62148 INFO tempest.lib.common.rest_client [req-93ea8746-f51b-47cd-8e54-882bebbf8d2f req-93ea8746-f51b-47cd-8e54-882bebbf8d2f ] Request (VolumesNegativeTest:tearDownClass): 201 POST http://10.180.1.21/identity/v3/auth/tokens 0.113s
2024-10-24 14:05:11.924 62137 INFO tempest.lib.common.rest_client [req-bc67582d-4d3c-4af8-8a89-718aaa28bf28 req-bc67582d-4d3c-4af8-8a89-718aaa28bf28 ] Request (FlavorsAccessNegativeTestJSON:tearDownClass): 204 DELETE http://10.180.1.21:9696/networking/v2.0/security-groups/c55b8018-effe-4621-b8f7-febb9b313998 0.174s
2024-10-24 14:05:12.000 62139 INFO tempest.lib.common.rest_client [req-acb0bf22-76f6-4d4a-860b-5c9270c5de23 req-acb0bf22-76f6-4d4a-860b-5c9270c5de23 ] Request (HypervisorAdminUnderV252Test:tearDownClass): 204 DELETE http://10.180.1.21/identity/v3/users/ae1dec167f084cba96e5509038b7dc08 0.190s
2024-10-24 14:05:12.000 62139 INFO tempest.lib.common.dynamic_creds [-] Deleting project and security group for project: 89ffdd604f864763a39f0792127b4848
2024-10-24 14:05:12.004 62133 INFO tempest.lib.common.rest_client [req-3013a142-2d99-47d1-9560-ae0f844609b5 req-3013a142-2d99-47d1-9560-ae0f844609b5 ] Request (FlavorsV2NegativeTest:test_boot_with_low_ram): 200 GET http://10.180.1.21/compute/v2.1/flavors/42 0.619s
2024-10-24 14:05:12.050 62127 INFO tempest.lib.common.rest_client [req-43dd9d7a-4a94-46eb-bfca-3f258cecbeac req-43dd9d7a-4a94-46eb-bfca-3f258cecbeac ] Request (ListServerFiltersTestJSON:setUpClass): 204 PUT http://10.180.1.21/identity/v3/projects/cff38ff9380e44e4adc18c532e4ff258/users/649eabb1fe0e4a4884624e27eade0ee7/roles/38c90a16680640a798037e49f5448f78 0.169s
2024-10-24 14:05:12.051 62127 INFO tempest.lib.common.dynamic_creds [-] Dynamic test user 649eabb1fe0e4a4884624e27eade0ee7 is created with scope project and roles: ['member']
2024-10-24 14:05:12.051 62127 INFO tempest.lib.common.dynamic_creds [-] Acquired dynamic creds: credentials: Credentials: {'domain_id': 'default', 'domain_name': 'Default', 'username': 'tempest-ListServerFiltersTestJSON-638303160-project-member', 'project_domain_id': 'default', 'project_domain_name': 'Default', 'project_id': 'cff38ff9380e44e4adc18c532e4ff258', 'project_name': 'tempest-ListServerFiltersTestJSON-638303160', 'tenant_id': 'cff38ff9380e44e4adc18c532e4ff258', 'tenant_name': 'tempest-ListServerFiltersTestJSON-638303160', 'user_domain_id': 'default', 'user_domain_name': 'Default', 'user_id': '649eabb1fe0e4a4884624e27eade0ee7', 'system': None}, Network: None, Subnet: None, Router: None
2024-10-24 14:05:12.066 62107 INFO tempest.lib.common.rest_client [req-35ab3d30-781f-44f2-af71-8b75859d5c06 req-35ab3d30-781f-44f2-af71-8b75859d5c06 ] Request (QuotasAdminTestJSON:test_update_all_quota_resources_for_tenant): 200 PUT http://10.180.1.21/compute/v2.1/os-quota-sets/9a4f6b5fc9504eaa924867103ab7ece1 0.910s
2024-10-24 14:05:12.096 62123 INFO tempest.lib.common.rest_client [req-1950f449-3bb8-4631-84a3-396f25ce6553 req-1950f449-3bb8-4631-84a3-396f25ce6553 ] Request (ServersWithSpecificFlavorTestJSON:test_verify_created_server_ephemeral_disk): 200 GET http://10.180.1.21/compute/v2.1/servers/9f6864a2-3e54-41cb-b858-16e6e350a2af 0.709s
2024-10-24 14:05:12.101 62137 INFO tempest.lib.common.rest_client [req-887cac5a-416b-4595-ab00-0f9e59fa36be req-887cac5a-416b-4595-ab00-0f9e59fa36be ] Request (FlavorsAccessNegativeTestJSON:tearDownClass): 204 DELETE http://10.180.1.21/identity/v3/projects/b8ce016222f842ecb2d6eacbf39eed0f 0.175s
2024-10-24 14:05:12.101 62137 INFO tempest.lib.common.dynamic_creds [-] Deleting project and security group for project: ab29dbba8b8249b3b4dd93b3cde7aadb
2024-10-24 14:05:12.133 62129 INFO tempest.lib.common.rest_client [req-3b333739-c1c1-4a51-a595-0956987dcf96 req-3b333739-c1c1-4a51-a595-0956987dcf96 ] Request (AttachInterfacesUnderV243Test:test_add_remove_fixed_ip): 200 GET http://10.180.1.21/compute/v2.1/servers/6c354d85-0252-4eb9-81e2-550a403bdbc5 0.696s
2024-10-24 14:05:12.181 62141 INFO tempest.lib.common.rest_client [req-f89dc2ad-8f3e-4bc7-a7f0-c8611159e371 req-f89dc2ad-8f3e-4bc7-a7f0-c8611159e371 ] Request (ServersTestFqdnHostnames:test_create_server_with_fqdn_name): 200 GET http://10.180.1.21/compute/v2.1/servers/6b3ecea4-fe20-4b6c-a987-59c20731b9ac 0.571s
2024-10-24 14:05:12.186 62139 INFO tempest.lib.common.rest_client [req-a25e18e8-1236-4aca-bf66-483458e56f4e req-a25e18e8-1236-4aca-bf66-483458e56f4e ] Request (HypervisorAdminUnderV252Test:tearDownClass): 201 POST http://10.180.1.21/identity/v3/auth/tokens 0.186s
2024-10-24 14:05:12.187 62101 INFO tempest.lib.common.rest_client [req-4c25aa7a-634e-4563-908b-f84300f645a7 req-4c25aa7a-634e-4563-908b-f84300f645a7 ] Request (FlavorsExtraSpecsNegativeTestJSON:test_flavor_update_more_key): 400 PUT http://10.180.1.21/compute/v2.1/flavors/599636275/os-extra_specs/hw:numa_nodes 0.509s
2024-10-24 14:05:12.220 62127 INFO tempest.lib.common.rest_client [req-9a248aba-7a21-4ad9-8cac-a725bb105a3f req-9a248aba-7a21-4ad9-8cac-a725bb105a3f ] Request (ListServerFiltersTestJSON:setUpClass): 201 POST http://10.180.1.21/identity/v3/auth/tokens 0.169s
2024-10-24 14:05:12.248 62157 INFO tempest.lib.common.rest_client [req-ae44910b-fc79-45da-8959-9de66341f6de req-ae44910b-fc79-45da-8959-9de66341f6de ] Request (DeleteServersAdminTestJSON:test_delete_server_while_in_error_state): 200 GET http://10.180.1.21/compute/v2.1/servers/e64fd277-10ae-494d-918a-2f3faa4e44d1 0.566s
2024-10-24 14:05:12.268 62149 INFO tempest.lib.common.rest_client [req-380e31f7-b391-48eb-bc35-cbce82fb01bb req-380e31f7-b391-48eb-bc35-cbce82fb01bb ] Request (FlavorsAdminTestJSON:test_is_public_string_variations): 200 POST http://10.180.1.21/compute/v2.1/flavors 0.573s
2024-10-24 14:05:12.308 62131 INFO tempest.lib.common.rest_client [req-8272f206-4b43-43d4-a508-e3e7407096dd req-8272f206-4b43-43d4-a508-e3e7407096dd ] Request (ImagesOneServerTestJSON:tearDownClass): 200 PUT http://10.180.1.21:9696/networking/v2.0/routers/411b8004-1af0-42bc-8026-71a86432955b/remove_router_interface 1.319s
2024-10-24 14:05:12.332 62161 INFO tempest.lib.common.rest_client [req-a72fc617-d430-474c-8a62-8a952fe33a86 req-a72fc617-d430-474c-8a62-8a952fe33a86 ] Request (ServersAdmin275Test:_run_cleanups): 200 GET http://10.180.1.21/compute/v2.1/servers/85effb81-494c-4bda-a093-6dde523d5f45 0.563s
2024-10-24 14:05:12.341 62117 INFO tempest.lib.common.rest_client [req-99476988-67ba-4b47-b208-1d4b118d3b55 req-99476988-67ba-4b47-b208-1d4b118d3b55 ] Request (AggregatesAdminNegativeTestJSON:test_aggregate_remove_host_as_user): 403 POST http://10.180.1.21/compute/v2.1/os-aggregates/7/action 0.541s
2024-10-24 14:05:12.416 62151 INFO tempest.lib.common.rest_client [req-4d794a99-404b-435e-bf2d-62e3854338dd req-4d794a99-404b-435e-bf2d-62e3854338dd ] Request (ServerExternalEventsTest:test_create_server_external_events): 200 GET http://10.180.1.21/compute/v2.1/servers/d23d0d19-4806-4d5e-aa05-13aaf3c4a770 0.565s
2024-10-24 14:05:12.446 62148 INFO tempest.lib.common.rest_client [req-b92b4084-6513-46f1-b3f5-8254370474b5 req-b92b4084-6513-46f1-b3f5-8254370474b5 ] Request (VolumesNegativeTest:tearDownClass): 200 GET http://10.180.1.21:9696/networking/v2.0/security-groups?tenant_id=5ff0f70ddbd84ed7abc516bbee62ad1b&name=default 0.528s
2024-10-24 14:05:12.458 62137 INFO tempest.lib.common.rest_client [req-8de2c38a-8ea4-409b-84cd-4843926424dd req-8de2c38a-8ea4-409b-84cd-4843926424dd ] Request (FlavorsAccessNegativeTestJSON:tearDownClass): 200 GET http://10.180.1.21:9696/networking/v2.0/security-groups?tenant_id=ab29dbba8b8249b3b4dd93b3cde7aadb&name=default 0.356s
2024-10-24 14:05:12.480 62133 INFO tempest.lib.common.rest_client [req-5fd3b8ea-8dcb-4426-bada-50682227e139 req-5fd3b8ea-8dcb-4426-bada-50682227e139 ] Request (FlavorsV2NegativeTest:test_boot_with_low_ram): 201 POST http://10.180.1.21/image/v2/images 0.469s
2024-10-24 14:05:12.491 62163 INFO tempest.lib.common.rest_client [req-e63eabf7-bbf9-4a6c-a956-856f8eb46a38 req-e63eabf7-bbf9-4a6c-a956-856f8eb46a38 ] Request (ServersTestJSON:setUpClass): 200 GET http://10.180.1.21/compute/v2.1/servers/17b85f46-4660-4af6-825d-3f2e7ea931ca 0.613s
2024-10-24 14:05:12.542 62139 INFO tempest.lib.common.rest_client [req-252553e5-a56e-42ed-8177-8f78c31cacae req-252553e5-a56e-42ed-8177-8f78c31cacae ] Request (HypervisorAdminUnderV252Test:tearDownClass): 200 GET http://10.180.1.21:9696/networking/v2.0/security-groups?tenant_id=89ffdd604f864763a39f0792127b4848&name=default 0.355s
2024-10-24 14:05:12.553 62111 INFO tempest.lib.common.rest_client [req-ba7d8b62-7a44-48b7-9917-66744d7ad233 req-ba7d8b62-7a44-48b7-9917-66744d7ad233 ] Request (ServersTestBootFromVolume:setUpClass): 200 GET http://10.180.1.21/volume/v3/volumes/d4fe3ed0-6de6-42d8-ac65-6a324ac1b224 0.031s
2024-10-24 14:05:12.556 62156 INFO tempest.lib.common.rest_client [req-6ff926c8-1614-4eba-aea5-550c1d071ab2 req-6ff926c8-1614-4eba-aea5-550c1d071ab2 ] Request (ImagesOneServerNegativeTestJSON:setUpClass): 200 GET http://10.180.1.21/compute/v2.1/servers/4b0abc14-0ce2-4212-8677-82f6279ee107 0.609s
2024-10-24 14:05:12.666 62137 INFO tempest.lib.common.rest_client [req-9b202fbb-342a-4b52-b9ab-0e7b382ddccd req-9b202fbb-342a-4b52-b9ab-0e7b382ddccd ] Request (FlavorsAccessNegativeTestJSON:tearDownClass): 204 DELETE http://10.180.1.21:9696/networking/v2.0/security-groups/37bbc3f0-2747-49c9-9d32-d3709acde5c9 0.208s
2024-10-24 14:05:12.674 62148 INFO tempest.lib.common.rest_client [req-7fbf8f7b-1444-481c-a26d-504beee545be req-7fbf8f7b-1444-481c-a26d-504beee545be ] Request (VolumesNegativeTest:tearDownClass): 204 DELETE http://10.180.1.21:9696/networking/v2.0/security-groups/065e5929-e9c4-4656-9d48-2d019c37d775 0.227s
2024-10-24 14:05:12.678 62139 INFO tempest.lib.common.rest_client [req-5ae18d8d-8486-4d91-b8be-5eb05810d8e1 req-5ae18d8d-8486-4d91-b8be-5eb05810d8e1 ] Request (HypervisorAdminUnderV252Test:tearDownClass): 204 DELETE http://10.180.1.21:9696/networking/v2.0/security-groups/37ad06f7-14e3-4b89-9fa7-e04e09f6bec7 0.136s
2024-10-24 14:05:12.737 62125 INFO tempest.lib.common.rest_client [req-4ca4c8e0-a7e8-482a-b72f-a3413102d535 req-4ca4c8e0-a7e8-482a-b72f-a3413102d535 ] Request (ImagesNegativeTestJSON:tearDownClass): 200 PUT http://10.180.1.21:9696/networking/v2.0/routers/bab4edd2-f2cd-4c33-a923-61608c0ca53f/remove_router_interface 1.802s
2024-10-24 14:05:12.749 62137 INFO tempest.lib.common.rest_client [req-474d0c4b-396f-4238-ac04-213b51aaf7d0 req-474d0c4b-396f-4238-ac04-213b51aaf7d0 ] Request (FlavorsAccessNegativeTestJSON:tearDownClass): 204 DELETE http://10.180.1.21/identity/v3/projects/ab29dbba8b8249b3b4dd93b3cde7aadb 0.083s
2024-10-24 14:05:12.750 62137 INFO tempest.lib.common.dynamic_creds [-] Deleting project and security group for project: 4702fb3d97ad4dbfb4382f81df2df989
2024-10-24 14:05:12.756 62148 INFO tempest.lib.common.rest_client [req-86fd18b8-af49-402a-9adf-c38d921f04a4 req-86fd18b8-af49-402a-9adf-c38d921f04a4 ] Request (VolumesNegativeTest:tearDownClass): 204 DELETE http://10.180.1.21/identity/v3/projects/5ff0f70ddbd84ed7abc516bbee62ad1b 0.081s
2024-10-24 14:05:12.909 62139 INFO tempest.lib.common.rest_client [req-894ebed4-9f27-4250-ba6f-dfc5f2124a59 req-894ebed4-9f27-4250-ba6f-dfc5f2124a59 ] Request (HypervisorAdminUnderV252Test:tearDownClass): 204 DELETE http://10.180.1.21/identity/v3/projects/89ffdd604f864763a39f0792127b4848 0.230s
2024-10-24 14:05:12.910 62139 INFO tempest.lib.common.dynamic_creds [-] Deleting project and security group for project: 57af2b98b75344ff8844688423358c54
2024-10-24 14:05:12.926 62107 INFO tempest.lib.common.rest_client [req-7deabf43-ea60-4ec1-84c9-5beea7aaf41f req-7deabf43-ea60-4ec1-84c9-5beea7aaf41f ] Request (QuotasAdminTestJSON:_run_cleanups): 200 PUT http://10.180.1.21/compute/v2.1/os-quota-sets/9a4f6b5fc9504eaa924867103ab7ece1 0.858s
2024-10-24 14:05:13.041 62135 INFO tempest.lib.common.rest_client [req-8e3a5eb6-3d5e-455c-9652-736808dc97d5 req-8e3a5eb6-3d5e-455c-9652-736808dc97d5 ] Request (ServersAdminNegativeTestJSON:setUpClass): 200 GET http://10.180.1.21/compute/v2.1/servers/fa0cbe6c-937b-4276-a419-0ab6e92e795f 0.906s
2024-10-24 14:05:13.065 62101 INFO tempest.lib.common.rest_client [req-6be2022b-a590-400d-a932-b0db059187b4 req-6be2022b-a590-400d-a932-b0db059187b4 ] Request (FlavorsExtraSpecsNegativeTestJSON:tearDownClass): 202 DELETE http://10.180.1.21/compute/v2.1/flavors/599636275 0.875s
2024-10-24 14:05:13.077 62137 INFO tempest.lib.common.rest_client [req-637f6122-86d8-4385-b55b-f962bad7268f req-637f6122-86d8-4385-b55b-f962bad7268f ] Request (FlavorsAccessNegativeTestJSON:tearDownClass): 200 GET http://10.180.1.21:9696/networking/v2.0/security-groups?tenant_id=4702fb3d97ad4dbfb4382f81df2df989&name=default 0.326s
2024-10-24 14:05:13.096 62127 INFO tempest.lib.common.rest_client [req-aae6bd8d-c88b-4d97-a5c4-16522337019e req-aae6bd8d-c88b-4d97-a5c4-16522337019e ] Request (ListServerFiltersTestJSON:setUpClass): 201 POST http://10.180.1.21:9696/networking/v2.0/networks 0.875s
2024-10-24 14:05:13.135 62107 INFO tempest.lib.common.rest_client [req-d32f859e-999b-4197-82d8-1d7de0164f6c req-d32f859e-999b-4197-82d8-1d7de0164f6c ] Request (QuotasAdminTestJSON:tearDownClass): 204 DELETE http://10.180.1.21/identity/v3/users/704771ac76a749ecb8711f6b35d19cb9 0.206s
2024-10-24 14:05:13.165 62109 INFO tempest.lib.common.rest_client [req-cab717fd-5922-448c-ba77-e4c7ad965049 req-cab717fd-5922-448c-ba77-e4c7ad965049 ] Request (ServerActionsTestOtherB:setUpClass): 200 GET http://10.180.1.21/compute/v2.1/servers/05cefc82-3585-4d0b-8620-91412b3ef69e 0.967s
2024-10-24 14:05:13.205 62139 INFO tempest.lib.common.rest_client [req-9e5e9e7b-8a19-430e-a3b1-2dcb7097eb88 req-9e5e9e7b-8a19-430e-a3b1-2dcb7097eb88 ] Request (HypervisorAdminUnderV252Test:tearDownClass): 200 GET http://10.180.1.21:9696/networking/v2.0/security-groups?tenant_id=57af2b98b75344ff8844688423358c54&name=default 0.295s
2024-10-24 14:05:13.234 62105 INFO tempest.lib.common.rest_client [req-eb7a4073-4497-4a48-b00b-568a91ac901d req-eb7a4073-4497-4a48-b00b-568a91ac901d ] Request (VolumesAdminNegativeTest:test_update_attached_volume_with_nonexistent_volume_in_body): 200 GET http://10.180.1.21/compute/v2.1/servers/f708ec4a-7f1e-4bfa-b561-4b9bc5556d27 0.987s
2024-10-24 14:05:13.254 62107 INFO tempest.lib.common.rest_client [req-2d3a397e-3acc-48e4-9f31-68c91b0c63d8 req-2d3a397e-3acc-48e4-9f31-68c91b0c63d8 ] Request (QuotasAdminTestJSON:tearDownClass): 204 DELETE http://10.180.1.21/identity/v3/users/d2580506130b439e9d57148d1cc82d31 0.118s
2024-10-24 14:05:13.254 62107 INFO tempest.lib.common.dynamic_creds [-] Deleting project and security group for project: 9a4f6b5fc9504eaa924867103ab7ece1
2024-10-24 14:05:13.254 62149 INFO tempest.lib.common.rest_client [req-577e8ec9-3509-4c35-aff2-8c8abde3d291 req-577e8ec9-3509-4c35-aff2-8c8abde3d291 ] Request (FlavorsAdminTestJSON:test_is_public_string_variations): 200 GET http://10.180.1.21/compute/v2.1/flavors/detail?is_public=f 0.983s
2024-10-24 14:05:13.293 62137 INFO tempest.lib.common.rest_client [req-b93e8c1c-1413-4875-b53e-c66505b161df req-b93e8c1c-1413-4875-b53e-c66505b161df ] Request (FlavorsAccessNegativeTestJSON:tearDownClass): 204 DELETE http://10.180.1.21:9696/networking/v2.0/security-groups/84130c77-8213-49cf-9cc0-a264a7c0d03a 0.216s
2024-10-24 14:05:13.301 62119 INFO tempest.lib.common.rest_client [req-e9023eb7-c857-4b4f-b003-68765b12cc6a req-e9023eb7-c857-4b4f-b003-68765b12cc6a ] Request (FloatingIPDetailsTestJSON:_run_cleanups): 202 DELETE http://10.180.1.21/compute/v2.1/os-floating-ips/b1c063c6-f2f6-4d8f-a24f-fb6e6738a526 1.666s
2024-10-24 14:05:13.371 62107 INFO tempest.lib.common.rest_client [req-f506e32e-ae8a-4324-94a5-720e46fe477e req-f506e32e-ae8a-4324-94a5-720e46fe477e ] Request (QuotasAdminTestJSON:tearDownClass): 201 POST http://10.180.1.21/identity/v3/auth/tokens 0.116s
2024-10-24 14:05:13.405 62117 INFO tempest.lib.common.rest_client [req-b03427c8-7dbb-4c96-a295-ece13c0a929c req-b03427c8-7dbb-4c96-a295-ece13c0a929c ] Request (AggregatesAdminNegativeTestJSON:_run_cleanups): 200 POST http://10.180.1.21/compute/v2.1/os-aggregates/7/action 1.060s
2024-10-24 14:05:13.415 62143 INFO tempest.lib.common.rest_client [req-663f71f5-634e-4fbc-90ae-20cf00b0914a req-663f71f5-634e-4fbc-90ae-20cf00b0914a ] Request (MigrationsAdminTest:test_list_migrations_in_flavor_resize_situation): 200 GET http://10.180.1.21/compute/v2.1/servers/5f417757-4295-4faa-83d2-1ad2d9c04ad6 0.968s
2024-10-24 14:05:13.419 62137 INFO tempest.lib.common.rest_client [req-9de2a8b7-e075-4d05-a178-91d088c7754a req-9de2a8b7-e075-4d05-a178-91d088c7754a ] Request (FlavorsAccessNegativeTestJSON:tearDownClass): 204 DELETE http://10.180.1.21/identity/v3/projects/4702fb3d97ad4dbfb4382f81df2df989 0.125s
2024-10-24 14:05:13.431 62133 INFO tempest.lib.common.rest_client [req-fa489abe-c93d-4ce6-b843-1b47fb35ca3e req-fa489abe-c93d-4ce6-b843-1b47fb35ca3e ] Request (FlavorsV2NegativeTest:test_boot_with_low_ram): 204 PUT http://10.180.1.21/image/v2/images/0ca16efa-e25d-4943-a092-ea6eab1d4a96/file 0.951s
2024-10-24 14:05:13.478 62113 INFO tempest.lib.common.rest_client [req-c5ebfe34-38a1-4e1b-8691-3ba6cf6331e7 req-c5ebfe34-38a1-4e1b-8691-3ba6cf6331e7 ] Request (VolumesAssistedSnapshotsTest:test_volume_assisted_snapshot_create_delete): 200 GET http://10.180.1.21/compute/v2.1/servers/4dc3af05-b670-4f7c-bb9f-d1fa2e4180db 1.012s
2024-10-24 14:05:13.483 62137 INFO tempest.lib.common.rest_client [req-428d8c4a-5132-4378-88d5-fb3eec2a4cfa req-428d8c4a-5132-4378-88d5-fb3eec2a4cfa ] Request (ServerDiagnosticsNegativeTest:setUpClass): 201 POST http://10.180.1.21/identity/v3/auth/tokens 0.062s
2024-10-24 14:05:13.492 62153 INFO tempest.lib.common.rest_client [req-5d0597f1-f12d-4ec0-b8f9-06bc006b11dd req-5d0597f1-f12d-4ec0-b8f9-06bc006b11dd ] Request (ServerRescueTestJSON:setUpClass): 200 GET http://10.180.1.21/compute/v2.1/servers/528a2095-e82e-44eb-a4a1-dacde88966bb 0.972s
2024-10-24 14:05:13.500 62139 INFO tempest.lib.common.rest_client [req-1961be62-0521-4a6e-b785-005212f18479 req-1961be62-0521-4a6e-b785-005212f18479 ] Request (HypervisorAdminUnderV252Test:tearDownClass): 204 DELETE http://10.180.1.21:9696/networking/v2.0/security-groups/109094ab-3597-4346-9286-e22f0ee01cbe 0.294s
2024-10-24 14:05:13.515 62137 INFO tempest.lib.common.rest_client [req-75860fb1-4d03-4cab-8e7b-180971c1d120 req-75860fb1-4d03-4cab-8e7b-180971c1d120 ] Request (ServerDiagnosticsNegativeTest:setUpClass): 201 POST http://10.180.1.21/identity/v3/auth/tokens 0.029s
2024-10-24 14:05:13.534 62125 INFO tempest.lib.common.rest_client [req-4d701914-3462-4ce1-8c5c-d3ef16587084 req-4d701914-3462-4ce1-8c5c-d3ef16587084 ] Request (ImagesNegativeTestJSON:tearDownClass): 204 DELETE http://10.180.1.21:9696/networking/v2.0/routers/bab4edd2-f2cd-4c33-a923-61608c0ca53f 0.797s
2024-10-24 14:05:13.535 62133 INFO tempest.lib.common.rest_client [req-c18cb815-3b7b-4ac7-894a-9a15ae2fbd61 req-c18cb815-3b7b-4ac7-894a-9a15ae2fbd61 ] Request (FlavorsV2NegativeTest:test_boot_with_low_ram): 201 POST http://10.180.1.21/identity/v3/auth/tokens 0.100s
2024-10-24 14:05:13.536 62133 INFO tempest.lib.common.fixed_network [-] (FlavorsV2NegativeTest:test_boot_with_low_ram) Found network None available for tenant
2024-10-24 14:05:13.538 62103 INFO tempest.lib.common.rest_client [req-30e238e6-a0a6-45eb-bbb4-53b8dcfdf13a req-30e238e6-a0a6-45eb-bbb4-53b8dcfdf13a ] Request (ServersAaction247Test:test_create_backup): 200 GET http://10.180.1.21/compute/v2.1/servers/e23fd777-66f7-4ee1-bdcb-fe19c55f955c 0.974s
2024-10-24 14:05:13.556 62137 INFO tempest.lib.common.rest_client [req-d209abc3-40f4-4e01-a9a0-0b56e516fc3f req-d209abc3-40f4-4e01-a9a0-0b56e516fc3f ] Request (ServerDiagnosticsNegativeTest:setUpClass): 200 GET http://10.180.1.21/identity/v3/domains?name=Default 0.040s
2024-10-24 14:05:13.565 62131 INFO tempest.lib.common.rest_client [req-9d5b47f6-b350-4690-99b2-2205fb07d884 req-9d5b47f6-b350-4690-99b2-2205fb07d884 ] Request (ImagesOneServerTestJSON:tearDownClass): 204 DELETE http://10.180.1.21:9696/networking/v2.0/routers/411b8004-1af0-42bc-8026-71a86432955b 1.256s
2024-10-24 14:05:13.572 62145 INFO tempest.lib.common.rest_client [req-4ca6c829-3d26-46bf-bee8-cd4a52683a74 req-4ca6c829-3d26-46bf-bee8-cd4a52683a74 ] Request (ServersAdminTestJSON:setUpClass): 200 GET http://10.180.1.21/compute/v2.1/servers/f72e6538-7130-45a9-a722-ba60de3bda49 0.916s
2024-10-24 14:05:13.601 62139 INFO tempest.lib.common.rest_client [req-7b4e8934-d343-49b1-85bc-4b1c492f1e08 req-7b4e8934-d343-49b1-85bc-4b1c492f1e08 ] Request (HypervisorAdminUnderV252Test:tearDownClass): 204 DELETE http://10.180.1.21/identity/v3/projects/57af2b98b75344ff8844688423358c54 0.101s
2024-10-24 14:05:13.605 62121 INFO tempest.lib.common.rest_client [req-e177d41b-cd08-4f74-a9bc-dcd26f230791 req-e177d41b-cd08-4f74-a9bc-dcd26f230791 ] Request (ServerDiskConfigTestJSON:test_rebuild_server_with_auto_disk_config): 200 GET http://10.180.1.21/compute/v2.1/servers/2f64e954-bf3e-464f-a72e-d83f0783af5c 0.718s
2024-10-24 14:05:13.609 62111 INFO tempest.lib.common.rest_client [req-68d39999-17c0-4a46-ad0e-555df49610ab req-68d39999-17c0-4a46-ad0e-555df49610ab ] Request (ServersTestBootFromVolume:setUpClass): 200 GET http://10.180.1.21/volume/v3/volumes/d4fe3ed0-6de6-42d8-ac65-6a324ac1b224 0.049s
2024-10-24 14:05:13.617 62127 INFO tempest.lib.common.rest_client [req-7a6c9015-520e-46b0-b9d1-a671124686b4 req-7a6c9015-520e-46b0-b9d1-a671124686b4 ] Request (ListServerFiltersTestJSON:setUpClass): 201 POST http://10.180.1.21:9696/networking/v2.0/subnets 0.521s
2024-10-24 14:05:13.618 62127 INFO tempest.lib.common.dynamic_creds [-] Created isolated network resources for: credentials: Credentials: {'domain_id': 'default', 'domain_name': 'Default', 'username': 'tempest-ListServerFiltersTestJSON-638303160-project-member', 'project_domain_id': 'default', 'project_domain_name': 'Default', 'project_id': 'cff38ff9380e44e4adc18c532e4ff258', 'project_name': 'tempest-ListServerFiltersTestJSON-638303160', 'tenant_id': 'cff38ff9380e44e4adc18c532e4ff258', 'tenant_name': 'tempest-ListServerFiltersTestJSON-638303160', 'user_domain_id': 'default', 'user_domain_name': 'Default', 'user_id': '649eabb1fe0e4a4884624e27eade0ee7', 'system': None}, Network: {'id': '3fdc0527-caea-4675-b5fe-fd76b926dbf2', 'name': 'tempest-ListServerFiltersTestJSON-1282690212-network', 'tenant_id': 'cff38ff9380e44e4adc18c532e4ff258', 'admin_state_up': True, 'mtu': 8950, 'status': 'ACTIVE', 'subnets': [], 'shared': False, 'project_id': 'cff38ff9380e44e4adc18c532e4ff258', 'port_security_enabled': True, 'router:external': False, 'provider:network_type': 'vlan', 'provider:physical_network': 'default', 'provider:segmentation_id': 929, 'is_default': False, 'availability_zone_hints': [], 'availability_zones': [], 'ipv4_address_scope': None, 'ipv6_address_scope': None, 'description': '', 'tags': [], 'created_at': '2024-10-24T14:05:12Z', 'updated_at': '2024-10-24T14:05:12Z', 'revision_number': 1}, Subnet: {'id': '2236e892-f64f-44eb-88f6-50ae7b23d49d', 'name': 'tempest-ListServerFiltersTestJSON-1282690212-subnet', 'tenant_id': 'cff38ff9380e44e4adc18c532e4ff258', 'network_id': '3fdc0527-caea-4675-b5fe-fd76b926dbf2', 'ip_version': 4, 'subnetpool_id': None, 'enable_dhcp': True, 'ipv6_ra_mode': None, 'ipv6_address_mode': None, 'gateway_ip': '192.168.128.1', 'cidr': '192.168.128.0/28', 'allocation_pools': [{'start': '192.168.128.2', 'end': '192.168.128.14'}], 'host_routes': [], 'dns_nameservers': [], 'description': '', 'router:external': False, 'service_types': [], 'tags': [], 'created_at': '2024-10-24T14:05:13Z', 'updated_at': '2024-10-24T14:05:13Z', 'revision_number': 0, 'project_id': 'cff38ff9380e44e4adc18c532e4ff258'}, Router: None
2024-10-24 14:05:13.622 62101 INFO tempest.lib.common.rest_client [req-273b3a58-b1ca-4d91-8c72-7789b6d673b1 req-273b3a58-b1ca-4d91-8c72-7789b6d673b1 ] Request (FlavorsExtraSpecsNegativeTestJSON:tearDownClass): 200 GET http://10.180.1.21/compute/v2.1/flavors/detail 0.557s
2024-10-24 14:05:13.645 62139 INFO tempest.lib.common.rest_client [req-56643801-62d6-404b-a3fa-c7bba0d1aace req-56643801-62d6-404b-a3fa-c7bba0d1aace ] Request (KeyPairsV210TestJSON:setUpClass): 201 POST http://10.180.1.21/identity/v3/auth/tokens 0.040s
2024-10-24 14:05:13.647 62137 INFO tempest.lib.common.rest_client [req-b5183ec7-2c15-4441-8d28-7d61c2db778a req-b5183ec7-2c15-4441-8d28-7d61c2db778a ] Request (ServerDiagnosticsNegativeTest:setUpClass): 201 POST http://10.180.1.21/identity/v3/projects 0.091s
2024-10-24 14:05:13.688 62107 INFO tempest.lib.common.rest_client [req-640a1465-cfc6-4761-8bfd-9f75b529a99a req-640a1465-cfc6-4761-8bfd-9f75b529a99a ] Request (QuotasAdminTestJSON:tearDownClass): 200 GET http://10.180.1.21:9696/networking/v2.0/security-groups?tenant_id=9a4f6b5fc9504eaa924867103ab7ece1&name=default 0.317s
2024-10-24 14:05:13.694 62123 INFO tempest.lib.common.rest_client [req-8fc9b7ae-153b-4703-8b68-c746ab4f8058 req-8fc9b7ae-153b-4703-8b68-c746ab4f8058 ] Request (ServersWithSpecificFlavorTestJSON:test_verify_created_server_ephemeral_disk): 200 GET http://10.180.1.21/compute/v2.1/servers/9f6864a2-3e54-41cb-b858-16e6e350a2af 0.585s
2024-10-24 14:05:13.701 62129 INFO tempest.lib.common.rest_client [req-711caaf5-a2ff-4b4d-934f-4dd5e04fdf0a req-711caaf5-a2ff-4b4d-934f-4dd5e04fdf0a ] Request (AttachInterfacesUnderV243Test:test_add_remove_fixed_ip): 200 GET http://10.180.1.21/compute/v2.1/servers/6c354d85-0252-4eb9-81e2-550a403bdbc5 0.560s
2024-10-24 14:05:13.721 62127 INFO tempest.lib.common.rest_client [req-07d9b233-d9e9-46f5-84cb-2a6297db74ca req-07d9b233-d9e9-46f5-84cb-2a6297db74ca ] Request (ListServerFiltersTestJSON:setUpClass): 201 POST http://10.180.1.21/identity/v3/auth/tokens 0.098s
2024-10-24 14:05:13.771 62141 INFO tempest.lib.common.rest_client [req-3c4fde73-dd80-46c7-a5dc-bd86791190ba req-3c4fde73-dd80-46c7-a5dc-bd86791190ba ] Request (ServersTestFqdnHostnames:test_create_server_with_fqdn_name): 200 GET http://10.180.1.21/compute/v2.1/servers/6b3ecea4-fe20-4b6c-a987-59c20731b9ac 0.575s
2024-10-24 14:05:13.775 62125 INFO tempest.lib.common.rest_client [req-037e1a1b-8f2e-461b-9bc9-2e78e18b5751 req-037e1a1b-8f2e-461b-9bc9-2e78e18b5751 ] Request (ImagesNegativeTestJSON:tearDownClass): 204 DELETE http://10.180.1.21:9696/networking/v2.0/subnets/b9ce9ddb-84f6-47b3-b45a-b4358b4337f8 0.241s
2024-10-24 14:05:13.778 62131 INFO tempest.lib.common.rest_client [req-234e0c92-8811-4376-bf98-77fecd6e9883 req-234e0c92-8811-4376-bf98-77fecd6e9883 ] Request (ImagesOneServerTestJSON:tearDownClass): 204 DELETE http://10.180.1.21:9696/networking/v2.0/subnets/849528b3-1134-450a-895b-ce73071c8e45 0.213s
2024-10-24 14:05:13.782 62157 INFO tempest.lib.common.rest_client [req-4c97206e-819b-4038-a5a8-87215d0932a9 req-4c97206e-819b-4038-a5a8-87215d0932a9 ] Request (DeleteServersAdminTestJSON:test_delete_server_while_in_error_state): 200 GET http://10.180.1.21/compute/v2.1/servers/e64fd277-10ae-494d-918a-2f3faa4e44d1 0.524s
2024-10-24 14:05:13.790 62101 INFO tempest.lib.common.rest_client [req-0389fa25-f769-46a4-9ccd-6bea22b60bd7 req-0389fa25-f769-46a4-9ccd-6bea22b60bd7 ] Request (FlavorsExtraSpecsNegativeTestJSON:tearDownClass): 204 DELETE http://10.180.1.21/identity/v3/users/776ace66cfef47518ef0553223b0aade 0.158s
2024-10-24 14:05:13.792 62149 INFO tempest.lib.common.rest_client [req-fbd6c4b9-92b9-4b5b-9ac6-41838d260cce req-fbd6c4b9-92b9-4b5b-9ac6-41838d260cce ] Request (FlavorsAdminTestJSON:test_is_public_string_variations): 200 GET http://10.180.1.21/compute/v2.1/flavors/detail?is_public=false 0.534s
2024-10-24 14:05:13.813 62137 INFO tempest.lib.common.rest_client [req-48588816-07de-47a9-87d5-3f29114db2bd req-48588816-07de-47a9-87d5-3f29114db2bd ] Request (ServerDiagnosticsNegativeTest:setUpClass): 201 POST http://10.180.1.21/identity/v3/users 0.165s
2024-10-24 14:05:13.848 62107 INFO tempest.lib.common.rest_client [req-4c5f61fe-3573-4e03-bdb0-0bc8b37e14ca req-4c5f61fe-3573-4e03-bdb0-0bc8b37e14ca ] Request (QuotasAdminTestJSON:tearDownClass): 204 DELETE http://10.180.1.21:9696/networking/v2.0/security-groups/da6a23ac-acba-4550-9118-f3104ab276f5 0.159s
2024-10-24 14:05:13.865 62139 INFO tempest.lib.common.rest_client [req-b2e1f0e8-0d4d-431d-acc7-61cbc6f5dc16 req-b2e1f0e8-0d4d-431d-acc7-61cbc6f5dc16 ] Request (KeyPairsV210TestJSON:setUpClass): 201 POST http://10.180.1.21/identity/v3/auth/tokens 0.216s
2024-10-24 14:05:13.872 62161 INFO tempest.lib.common.rest_client [req-ebc81d03-6677-49b5-9ff1-a070559b3a3c req-ebc81d03-6677-49b5-9ff1-a070559b3a3c ] Request (ServersAdmin275Test:_run_cleanups): 200 GET http://10.180.1.21/compute/v2.1/servers/85effb81-494c-4bda-a093-6dde523d5f45 0.527s
2024-10-24 14:05:13.884 62127 INFO tempest.lib.common.rest_client [req-d6b38089-0cf2-4b42-bb1c-dd47ca8f96b3 req-d6b38089-0cf2-4b42-bb1c-dd47ca8f96b3 ] Request (ListServerFiltersTestJSON:setUpClass): 201 POST http://10.180.1.21/identity/v3/auth/tokens 0.158s
2024-10-24 14:05:13.884 62127 INFO tempest.lib.common.fixed_network [-] (ListServerFiltersTestJSON:setUpClass) Found network {'id': '3fdc0527-caea-4675-b5fe-fd76b926dbf2', 'name': 'tempest-ListServerFiltersTestJSON-1282690212-network', 'tenant_id': 'cff38ff9380e44e4adc18c532e4ff258', 'admin_state_up': True, 'mtu': 8950, 'status': 'ACTIVE', 'subnets': [], 'shared': False, 'project_id': 'cff38ff9380e44e4adc18c532e4ff258', 'port_security_enabled': True, 'router:external': False, 'provider:network_type': 'vlan', 'provider:physical_network': 'default', 'provider:segmentation_id': 929, 'is_default': False, 'availability_zone_hints': [], 'availability_zones': [], 'ipv4_address_scope': None, 'ipv6_address_scope': None, 'description': '', 'tags': [], 'created_at': '2024-10-24T14:05:12Z', 'updated_at': '2024-10-24T14:05:12Z', 'revision_number': 1} available for tenant
