2024-10-24 14:06:31.464 62127 INFO tempest.lib.common.rest_client [req-4306d337-18a2-4103-88f8-97efc7e52320 req-4306d337-18a2-4103-88f8-97efc7e52320 ] Request (ListServerFiltersTestJSON:setUpClass): 200 GET http://10.180.1.21/compute/v2.1/servers/b56dd330-d31c-4e42-baf9-d9897c55e633 0.102s
2024-10-24 14:06:31.475 62141 INFO tempest.lib.common.rest_client [req-edab4b65-95f2-4c40-8ede-55b12042b645 req-edab4b65-95f2-4c40-8ede-55b12042b645 ] Request (ServersNegativeTestJSON:setUpClass): 201 POST http://10.180.1.21/identity/v3/auth/tokens 0.090s
2024-10-24 14:06:31.506 62141 INFO tempest.lib.common.rest_client [req-d90d404b-de3d-4826-ae8b-76a77e78ea85 req-d90d404b-de3d-4826-ae8b-76a77e78ea85 ] Request (ServersNegativeTestJSON:setUpClass): 201 POST http://10.180.1.21/identity/v3/auth/tokens 0.028s
2024-10-24 14:06:31.507 62141 INFO tempest.lib.common.fixed_network [-] (ServersNegativeTestJSON:setUpClass) Found network {'id': 'ed2bcf09-c7a4-45ca-bbd8-6be369a62455', 'name': 'tempest-ServersNegativeTestJSON-1464172279-network', 'tenant_id': '1bb8b80700b2403f91072183df36a35b', 'admin_state_up': True, 'mtu': 8950, 'status': 'ACTIVE', 'subnets': [], 'shared': False, 'project_id': '1bb8b80700b2403f91072183df36a35b', 'port_security_enabled': True, 'router:external': False, 'provider:network_type': 'vlan', 'provider:physical_network': 'default', 'provider:segmentation_id': 121, 'is_default': False, 'availability_zone_hints': [], 'availability_zones': [], 'ipv4_address_scope': None, 'ipv6_address_scope': None, 'description': '', 'tags': [], 'created_at': '2024-10-24T14:06:29Z', 'updated_at': '2024-10-24T14:06:29Z', 'revision_number': 1} available for tenant
2024-10-24 14:06:31.511 62163 INFO tempest.lib.common.rest_client [req-b71a4044-c949-4a9f-a828-776c61734f87 req-b71a4044-c949-4a9f-a828-776c61734f87 ] Request (InstanceActionsV221TestJSON:test_get_list_deleted_instance_actions): 200 GET http://10.180.1.21/compute/v2.1/servers/71fe23a8-1108-4781-9a35-0156cb9d584d 0.097s
2024-10-24 14:06:31.522 62121 INFO tempest.lib.common.rest_client [req-bfd0acc5-3224-45c6-a7eb-a9966093b40c req-bfd0acc5-3224-45c6-a7eb-a9966093b40c ] Request (ServerDiskConfigTestJSON:test_rebuild_server_with_manual_disk_config): 200 GET http://10.180.1.21/compute/v2.1/servers/569d7ab1-22b8-4006-bf0e-ff35032cb9a6 0.146s
2024-10-24 14:06:31.542 62153 INFO tempest.lib.common.rest_client [req-85a2d03d-434d-4a5f-bcc9-cc4975305d75 req-85a2d03d-434d-4a5f-bcc9-cc4975305d75 ] Request (ServerRescueTestJSON:setUpClass): 404 GET http://10.180.1.21/compute/v2.1/servers/528a2095-e82e-44eb-a4a1-dacde88966bb 0.080s
2024-10-24 14:06:31.542 62153 INFO tempest.test [-] raised in ServerRescueTestJSON.setUpClass. Invoking tearDownClass.
2024-10-24 14:06:31.582 62151 INFO tempest.lib.common.rest_client [req-87210412-a66a-453a-9fc7-c76da965641b req-87210412-a66a-453a-9fc7-c76da965641b ] Request (TenantUsagesTestJSON:setUpClass): 200 GET http://10.180.1.21/compute/v2.1/servers/b1ec5d55-96a6-42eb-ba54-c4a3904e22cd 0.135s
2024-10-24 14:06:31.601 62125 INFO tempest.lib.common.rest_client [req-3cf8541c-3c7e-48ed-82fa-02d2cf11910d req-3cf8541c-3c7e-48ed-82fa-02d2cf11910d ] Request (ListServersNegativeTestJSON:setUpClass): 200 GET http://10.180.1.21/compute/v2.1/servers/0c7d1af9-54e9-435d-a0cc-687f793d4f43 0.137s
2024-10-24 14:06:31.667 62107 INFO tempest.lib.common.rest_client [req-0cf7ac46-a4e3-41ef-aa0c-70157bc01b3f req-0cf7ac46-a4e3-41ef-aa0c-70157bc01b3f ] Request (SecurityGroupsTestJSON:test_list_security_groups_by_server): 200 GET http://10.180.1.21/compute/v2.1/servers/42135fac-aef7-47d9-9afe-5ac2351bb07c 0.167s
2024-10-24 14:06:31.711 62145 INFO tempest.lib.common.rest_client [req-b0604a65-9ea5-44ca-a3cb-99db1fab859e req-b0604a65-9ea5-44ca-a3cb-99db1fab859e ] Request (FloatingIPsTestJSON:setUpClass): 200 PUT http://10.180.1.21:9696/networking/v2.0/routers/f3aad961-90dc-480d-9039-6a477c617e2a/add_router_interface 1.602s
2024-10-24 14:06:31.711 62145 INFO tempest.lib.common.dynamic_creds [-] Created isolated network resources for: credentials: Credentials: {'domain_id': 'default', 'domain_name': 'Default', 'username': 'tempest-FloatingIPsTestJSON-759446219-project-member', 'project_domain_id': 'default', 'project_domain_name': 'Default', 'project_id': '113c371542114407beefb01fa46db401', 'project_name': 'tempest-FloatingIPsTestJSON-759446219', 'tenant_id': '113c371542114407beefb01fa46db401', 'tenant_name': 'tempest-FloatingIPsTestJSON-759446219', 'user_domain_id': 'default', 'user_domain_name': 'Default', 'user_id': 'd85355f85e6a42828dcfe4252181a99f', 'system': None}, Network: {'id': '1e0a9f1c-4d81-4027-bd74-6e67ddda1493', 'name': 'tempest-FloatingIPsTestJSON-1298591154-network', 'tenant_id': '113c371542114407beefb01fa46db401', 'admin_state_up': True, 'mtu': 8950, 'status': 'ACTIVE', 'subnets': [], 'shared': False, 'project_id': '113c371542114407beefb01fa46db401', 'port_security_enabled': True, 'router:external': False, 'provider:network_type': 'vlan', 'provider:physical_network': 'default', 'provider:segmentation_id': 72, 'is_default': False, 'availability_zone_hints': [], 'availability_zones': [], 'ipv4_address_scope': None, 'ipv6_address_scope': None, 'description': '', 'tags': [], 'created_at': '2024-10-24T14:06:28Z', 'updated_at': '2024-10-24T14:06:28Z', 'revision_number': 1}, Subnet: {'id': '4bca949b-95c1-43ce-8b0f-a56fdd6d3060', 'name': 'tempest-FloatingIPsTestJSON-1298591154-subnet', 'tenant_id': '113c371542114407beefb01fa46db401', 'network_id': '1e0a9f1c-4d81-4027-bd74-6e67ddda1493', 'ip_version': 4, 'subnetpool_id': None, 'enable_dhcp': True, 'ipv6_ra_mode': None, 'ipv6_address_mode': None, 'gateway_ip': '192.168.128.1', 'cidr': '192.168.128.0/28', 'allocation_pools': [{'start': '192.168.128.2', 'end': '192.168.128.14'}], 'host_routes': [], 'dns_nameservers': [], 'description': '', 'router:external': False, 'service_types': [], 'tags': [], 'created_at': '2024-10-24T14:06:29Z', 'updated_at': '2024-10-24T14:06:29Z', 'revision_number': 0, 'project_id': '113c371542114407beefb01fa46db401'}, Router: {'id': 'f3aad961-90dc-480d-9039-6a477c617e2a', 'name': 'tempest-FloatingIPsTestJSON-1298591154-router', 'tenant_id': '113c371542114407beefb01fa46db401', 'admin_state_up': True, 'status': 'ACTIVE', 'external_gateway_info': {'network_id': 'bee216b1-2ee9-4465-89bd-0f7df535cca7', 'external_fixed_ips': [{'subnet_id': 'c8a08114-86d5-49f8-8a4f-6eb09234fef7', 'ip_address': '10.180.180.241'}], 'enable_snat': True}, 'description': '', 'availability_zones': [], 'distributed': False, 'ha': False, 'availability_zone_hints': [], 'routes': [], 'flavor_id': None, 'tags': [], 'created_at': '2024-10-24T14:06:29Z', 'updated_at': '2024-10-24T14:06:29Z', 'revision_number': 2, 'project_id': '113c371542114407beefb01fa46db401'}
2024-10-24 14:06:31.723 62133 INFO tempest.lib.common.rest_client [req-5b3bd51a-6b90-4213-88e5-c1843ee21726 req-5b3bd51a-6b90-4213-88e5-c1843ee21726 ] Request (ServersTestMultiNic:test_verify_duplicate_network_nics): 200 GET http://10.180.1.21/compute/v2.1/servers/8d4c25cc-47d0-42e0-8fe9-49426175af68 0.208s
2024-10-24 14:06:31.783 62101 INFO tempest.lib.common.rest_client [req-84ad80a5-ac2e-461f-86d6-7de37ada3045 req-84ad80a5-ac2e-461f-86d6-7de37ada3045 ] Request (AttachVolumeTestJSON:test_attach_detach_volume): 200 GET http://10.180.1.21/compute/v2.1/servers/e5c81f8b-aac3-4cf8-9abb-444731f57206 0.233s
2024-10-24 14:06:31.792 62145 INFO tempest.lib.common.rest_client [req-473fa150-e0b2-4898-ad8b-19d71b715a71 req-473fa150-e0b2-4898-ad8b-19d71b715a71 ] Request (FloatingIPsTestJSON:setUpClass): 201 POST http://10.180.1.21/identity/v3/auth/tokens 0.077s
2024-10-24 14:06:31.835 62113 INFO tempest.lib.common.rest_client [req-2d3e2331-fc9a-4257-943d-69f29f489679 req-2d3e2331-fc9a-4257-943d-69f29f489679 ] Request (ListImageFiltersTestJSON:setUpClass): 200 GET http://10.180.1.21/compute/v2.1/servers/0dca3209-d37b-4536-bbf9-72f0418cef8e 0.254s
2024-10-24 14:06:31.894 62105 INFO tempest.lib.common.rest_client [req-c9a27fc0-bd3f-4346-8b9b-623d559b2545 req-c9a27fc0-bd3f-4346-8b9b-623d559b2545 ] Request (VolumesAdminNegativeTest:test_update_attached_volume_with_nonexistent_volume_in_uri): 200 GET http://10.180.1.21/compute/v2.1/servers/746ec539-5e13-4a9f-af73-26b175ad1e41 0.290s
2024-10-24 14:06:31.953 62123 INFO tempest.lib.common.rest_client [req-b369079f-3df7-49a5-b546-c07cff7bb379 req-b369079f-3df7-49a5-b546-c07cff7bb379 ] Request (ServerDiagnosticsTest:test_get_server_diagnostics): 200 GET http://10.180.1.21/compute/v2.1/servers/cb8d2bd7-ca6a-4465-8daa-9f15b13c9e2b 0.305s
2024-10-24 14:06:32.023 62135 INFO tempest.lib.common.rest_client [req-fb7575e0-feea-4ce4-a767-898d4d68bbae req-fb7575e0-feea-4ce4-a767-898d4d68bbae ] Request (ServerAddressesTestJSON:setUpClass): 200 GET http://10.180.1.21/compute/v2.1/servers/2f5bd366-317e-4c18-956a-35d9cdbae9e2 0.360s
2024-10-24 14:06:32.057 62141 INFO tempest.lib.common.rest_client [req-64857d0c-6514-4512-939e-f6e69fea1b0e req-64857d0c-6514-4512-939e-f6e69fea1b0e ] Request (ServersNegativeTestJSON:setUpClass): 202 POST http://10.180.1.21/compute/v2.1/servers 0.550s
2024-10-24 14:06:32.117 62137 INFO tempest.lib.common.rest_client [req-dd774eef-739c-4f6f-be88-344d7510d3f5 req-dd774eef-739c-4f6f-be88-344d7510d3f5 ] Request (ServerDiagnosticsNegativeTest:test_get_server_diagnostics_by_non_admin): 200 GET http://10.180.1.21/compute/v2.1/servers/ebea667f-6495-41c0-88b3-a9c61390558d 0.279s
2024-10-24 14:06:32.180 62103 INFO tempest.lib.common.rest_client [req-00288ad1-466b-4ad9-8620-79caaa3be12f req-00288ad1-466b-4ad9-8620-79caaa3be12f ] Request (AttachVolumeNegativeTest:test_attach_attached_volume_to_different_server): 200 GET http://10.180.1.21/compute/v2.1/servers/2fdb9569-9e1a-44cd-9c2d-b493bc90ce81 0.323s
2024-10-24 14:06:32.236 62157 INFO tempest.lib.common.rest_client [req-319e89d9-925e-4cda-b5cc-8c903fd39697 req-319e89d9-925e-4cda-b5cc-8c903fd39697 ] Request (DeleteServersAdminTestJSON:test_delete_server_while_in_error_state): 200 GET http://10.180.1.21/compute/v2.1/servers/e64fd277-10ae-494d-918a-2f3faa4e44d1 0.339s
2024-10-24 14:06:32.289 62156 INFO tempest.lib.common.rest_client [req-bc3ccc0e-2eb0-43d9-8156-5f1c0f3d3c98 req-bc3ccc0e-2eb0-43d9-8156-5f1c0f3d3c98 ] Request (ImagesOneServerNegativeTestJSON:setUpClass): 200 GET http://10.180.1.21/compute/v2.1/servers/4b0abc14-0ce2-4212-8677-82f6279ee107 0.359s
2024-10-24 14:06:32.347 62111 INFO tempest.lib.common.rest_client [req-6f0a249b-0c8a-4714-a370-97a83231b0dd req-6f0a249b-0c8a-4714-a370-97a83231b0dd ] Request (ServersTestBootFromVolume:setUpClass): 200 GET http://10.180.1.21/compute/v2.1/servers/73a96c0e-a08b-46c9-b700-25544e17c73d 0.392s
2024-10-24 14:06:32.354 62111 INFO tempest.common.waiters [-] State transition "BUILD/scheduling" ==> "BUILD/None" after 67 second wait
2024-10-24 14:06:32.401 62109 INFO tempest.lib.common.rest_client [req-4447a843-dbec-4aa8-b43d-52b0d6da6a48 req-4447a843-dbec-4aa8-b43d-52b0d6da6a48 ] Request (ServerActionsTestOtherB:setUpClass): 200 GET http://10.180.1.21/compute/v2.1/servers/05cefc82-3585-4d0b-8620-91412b3ef69e 0.392s
2024-10-24 14:06:32.435 62141 INFO tempest.lib.common.rest_client [req-aa85c850-eca6-47d6-af48-25039e06cc8e req-aa85c850-eca6-47d6-af48-25039e06cc8e ] Request (ServersNegativeTestJSON:setUpClass): 200 GET http://10.180.1.21/compute/v2.1/servers/83c86407-16b6-4025-9568-0c9c73d20b10 0.376s
2024-10-24 14:06:32.500 62161 INFO tempest.lib.common.rest_client [req-6df049e8-68c8-45a2-bc25-1456c13e5689 req-6df049e8-68c8-45a2-bc25-1456c13e5689 ] Request (ServerRescueTestJSONUnderV235:setUpClass): 200 GET http://10.180.1.21/compute/v2.1/servers/3c0602a1-ad7d-4f85-b4e0-d36565e28a38 0.427s
2024-10-24 14:06:32.548 62143 INFO tempest.lib.common.rest_client [req-cbaa0cb2-0b80-413a-aff4-22c7074cbeb9 req-cbaa0cb2-0b80-413a-aff4-22c7074cbeb9 ] Request (MigrationsAdminTest:test_resize_server_revert_deleted_flavor): 200 GET http://10.180.1.21/compute/v2.1/servers/f9edb738-210e-4f85-8062-7759fa9033ea 0.383s
2024-10-24 14:06:32.592 62153 INFO tempest.lib.common.rest_client [req-80552332-8ac7-4c40-a41b-630e4f3c6de9 req-80552332-8ac7-4c40-a41b-630e4f3c6de9 ] Request (ServerRescueTestJSON:tearDownClass): 200 PUT http://10.180.1.21:9696/networking/v2.0/routers/ef80608e-bcbc-4260-8f15-1cccb85987de/remove_router_interface 1.048s
2024-10-24 14:06:32.605 62119 INFO tempest.lib.common.rest_client [req-a946c554-dd4b-43c1-90f2-04ad722df53d req-a946c554-dd4b-43c1-90f2-04ad722df53d ] Request (ServersTestManualDisk:setUpClass): 200 GET http://10.180.1.21/compute/v2.1/servers/95604a75-0ab3-45d9-a235-9067e615e72a 0.404s
2024-10-24 14:06:32.701 62129 INFO tempest.lib.common.rest_client [req-0685cb46-7e00-4d66-afc1-643843f00857 req-0685cb46-7e00-4d66-afc1-643843f00857 ] Request (ServerActionsTestOtherA:setUpClass): 200 GET http://10.180.1.21/compute/v2.1/servers/59227a6d-e699-43e3-8f40-e8767ffdc938 0.401s
2024-10-24 14:06:32.766 62131 INFO tempest.lib.common.rest_client [req-c1a081da-7128-440c-84ba-6098c29c0ba4 req-c1a081da-7128-440c-84ba-6098c29c0ba4 ] Request (AttachInterfacesV270Test:test_create_get_list_interfaces): 200 GET http://10.180.1.21/compute/v2.1/servers/3e6732aa-a878-4bde-9299-abd779f2a109 0.401s
2024-10-24 14:06:32.795 62145 INFO tempest.lib.common.rest_client [req-9ce4c215-0f51-4e1d-b0f7-87b51a974b95 req-9ce4c215-0f51-4e1d-b0f7-87b51a974b95 ] Request (FloatingIPsTestJSON:test_allocate_floating_ip): 200 POST http://10.180.1.21/compute/v2.1/os-floating-ips 0.999s
2024-10-24 14:06:32.831 62115 INFO tempest.lib.common.rest_client [req-213d0c93-89a4-4586-b9ce-c4fb227a4dc4 req-213d0c93-89a4-4586-b9ce-c4fb227a4dc4 ] Request (DeleteServersTestJSON:test_delete_active_server): 200 GET http://10.180.1.21/compute/v2.1/servers/40dae609-e7a5-4af2-84d9-a53f93d95743 0.418s
2024-10-24 14:06:32.854 62127 INFO tempest.lib.common.rest_client [req-3fc2c844-1657-47fc-9c4c-1f3cc30fb883 req-3fc2c844-1657-47fc-9c4c-1f3cc30fb883 ] Request (ListServerFiltersTestJSON:setUpClass): 200 GET http://10.180.1.21/compute/v2.1/servers/b56dd330-d31c-4e42-baf9-d9897c55e633 0.380s
2024-10-24 14:06:32.886 62163 INFO tempest.lib.common.rest_client [req-f45b244f-d4ba-476c-a4e8-add78f752619 req-f45b244f-d4ba-476c-a4e8-add78f752619 ] Request (InstanceActionsV221TestJSON:test_get_list_deleted_instance_actions): 200 GET http://10.180.1.21/compute/v2.1/servers/71fe23a8-1108-4781-9a35-0156cb9d584d 0.365s
2024-10-24 14:06:32.922 62121 INFO tempest.lib.common.rest_client [req-32070fd8-18d5-45e9-a1d2-5566ae325d0c req-32070fd8-18d5-45e9-a1d2-5566ae325d0c ] Request (ServerDiskConfigTestJSON:test_rebuild_server_with_manual_disk_config): 200 GET http://10.180.1.21/compute/v2.1/servers/569d7ab1-22b8-4006-bf0e-ff35032cb9a6 0.386s
2024-10-24 14:06:32.945 62151 INFO tempest.lib.common.rest_client [req-03f4fcbf-e30c-42f2-8e8c-bace8b079b4d req-03f4fcbf-e30c-42f2-8e8c-bace8b079b4d ] Request (TenantUsagesTestJSON:setUpClass): 200 GET http://10.180.1.21/compute/v2.1/servers/b1ec5d55-96a6-42eb-ba54-c4a3904e22cd 0.355s
2024-10-24 14:06:32.979 62125 INFO tempest.lib.common.rest_client [req-00982f57-faa1-46b0-aa79-7c409465446b req-00982f57-faa1-46b0-aa79-7c409465446b ] Request (ListServersNegativeTestJSON:setUpClass): 200 GET http://10.180.1.21/compute/v2.1/servers/0c7d1af9-54e9-435d-a0cc-687f793d4f43 0.372s
2024-10-24 14:06:33.002 62107 INFO tempest.lib.common.rest_client [req-d08f8d04-a6da-403c-89cf-e9448ebe2edc req-d08f8d04-a6da-403c-89cf-e9448ebe2edc ] Request (SecurityGroupsTestJSON:test_list_security_groups_by_server): 200 GET http://10.180.1.21/compute/v2.1/servers/42135fac-aef7-47d9-9afe-5ac2351bb07c 0.325s
2024-10-24 14:06:33.033 62133 INFO tempest.lib.common.rest_client [req-eaa7bcbe-6d7b-48ac-9615-2e322ef9acf1 req-eaa7bcbe-6d7b-48ac-9615-2e322ef9acf1 ] Request (ServersTestMultiNic:test_verify_duplicate_network_nics): 200 GET http://10.180.1.21/compute/v2.1/servers/8d4c25cc-47d0-42e0-8fe9-49426175af68 0.298s
2024-10-24 14:06:33.061 62101 INFO tempest.lib.common.rest_client [req-60f9ba98-972b-40a1-b37c-b965e0187a75 req-60f9ba98-972b-40a1-b37c-b965e0187a75 ] Request (AttachVolumeTestJSON:test_attach_detach_volume): 200 GET http://10.180.1.21/compute/v2.1/servers/e5c81f8b-aac3-4cf8-9abb-444731f57206 0.269s
2024-10-24 14:06:33.096 62153 INFO tempest.lib.common.rest_client [req-5e4dc4d3-e4bd-46dd-8944-5b71b23f59e5 req-5e4dc4d3-e4bd-46dd-8944-5b71b23f59e5 ] Request (ServerRescueTestJSON:tearDownClass): 204 DELETE http://10.180.1.21:9696/networking/v2.0/routers/ef80608e-bcbc-4260-8f15-1cccb85987de 0.504s
2024-10-24 14:06:33.102 62145 INFO tempest.lib.common.rest_client [req-9ef01fdb-59b3-4288-9a42-0b6ac2c001c3 req-9ef01fdb-59b3-4288-9a42-0b6ac2c001c3 ] Request (FloatingIPsTestJSON:test_allocate_floating_ip): 200 GET http://10.180.1.21/compute/v2.1/os-floating-ips/9beb4269-7c98-46eb-b171-2d3a18a05dd2 0.305s
2024-10-24 14:06:33.129 62113 INFO tempest.lib.common.rest_client [req-2bfbee95-c224-4dad-a112-34be82072656 req-2bfbee95-c224-4dad-a112-34be82072656 ] Request (ListImageFiltersTestJSON:setUpClass): 200 GET http://10.180.1.21/compute/v2.1/servers/0dca3209-d37b-4536-bbf9-72f0418cef8e 0.287s
2024-10-24 14:06:33.165 62105 INFO tempest.lib.common.rest_client [req-b9044fe3-2234-4ee4-8f5e-dd659d99b037 req-b9044fe3-2234-4ee4-8f5e-dd659d99b037 ] Request (VolumesAdminNegativeTest:test_update_attached_volume_with_nonexistent_volume_in_uri): 200 GET http://10.180.1.21/compute/v2.1/servers/746ec539-5e13-4a9f-af73-26b175ad1e41 0.263s
2024-10-24 14:06:33.214 62153 INFO tempest.lib.common.rest_client [req-ec426e0e-4d19-472c-a5bb-afb978976683 req-ec426e0e-4d19-472c-a5bb-afb978976683 ] Request (ServerRescueTestJSON:tearDownClass): 204 DELETE http://10.180.1.21:9696/networking/v2.0/subnets/684dccbb-93d8-4889-9c34-82348ec9c3be 0.118s
2024-10-24 14:06:33.236 62135 INFO tempest.lib.common.rest_client [req-c97b1738-3c8e-45aa-9de7-fe73e6d6d431 req-c97b1738-3c8e-45aa-9de7-fe73e6d6d431 ] Request (ServerAddressesTestJSON:setUpClass): 200 GET http://10.180.1.21/compute/v2.1/servers/2f5bd366-317e-4c18-956a-35d9cdbae9e2 0.203s
2024-10-24 14:06:33.361 62145 INFO tempest.lib.common.rest_client [req-96c9ae68-199b-43ee-897e-fb8ee67d60d7 req-96c9ae68-199b-43ee-897e-fb8ee67d60d7 ] Request (FloatingIPsTestJSON:test_allocate_floating_ip): 200 GET http://10.180.1.21/compute/v2.1/os-floating-ips 0.257s
2024-10-24 14:06:33.413 62153 INFO tempest.lib.common.rest_client [req-47da4c45-ae01-4f0d-a415-0cb2d0b6ea7d req-47da4c45-ae01-4f0d-a415-0cb2d0b6ea7d ] Request (ServerRescueTestJSON:tearDownClass): 204 DELETE http://10.180.1.21:9696/networking/v2.0/networks/e32057d2-56a6-49ad-8a68-7449d9c44b42 0.198s
2024-10-24 14:06:33.415 62123 INFO tempest.lib.common.rest_client [req-86f306ec-3dfa-40f9-aa73-c442924270ae req-86f306ec-3dfa-40f9-aa73-c442924270ae ] Request (ServerDiagnosticsTest:test_get_server_diagnostics): 200 GET http://10.180.1.21/compute/v2.1/servers/cb8d2bd7-ca6a-4465-8daa-9f15b13c9e2b 0.453s
2024-10-24 14:06:33.425 62137 INFO tempest.lib.common.rest_client [req-e9b2ddf8-7e11-4f44-847b-e3da4da50acd req-e9b2ddf8-7e11-4f44-847b-e3da4da50acd ] Request (ServerDiagnosticsNegativeTest:test_get_server_diagnostics_by_non_admin): 200 GET http://10.180.1.21/compute/v2.1/servers/ebea667f-6495-41c0-88b3-a9c61390558d 0.297s
2024-10-24 14:06:33.463 62103 INFO tempest.lib.common.rest_client [req-98a34674-b2d6-4cb8-8d8a-cfd9aa1ebe28 req-98a34674-b2d6-4cb8-8d8a-cfd9aa1ebe28 ] Request (AttachVolumeNegativeTest:test_attach_attached_volume_to_different_server): 200 GET http://10.180.1.21/compute/v2.1/servers/2fdb9569-9e1a-44cd-9c2d-b493bc90ce81 0.273s
2024-10-24 14:06:33.477 62157 INFO tempest.lib.common.rest_client [req-868840d5-dc5f-4bc6-b09f-fbb1cf822bb4 req-868840d5-dc5f-4bc6-b09f-fbb1cf822bb4 ] Request (DeleteServersAdminTestJSON:test_delete_server_while_in_error_state): 200 GET http://10.180.1.21/compute/v2.1/servers/e64fd277-10ae-494d-918a-2f3faa4e44d1 0.230s
2024-10-24 14:06:33.520 62156 INFO tempest.lib.common.rest_client [req-a4592d14-22d2-41e5-95d4-ef92190bd499 req-a4592d14-22d2-41e5-95d4-ef92190bd499 ] Request (ImagesOneServerNegativeTestJSON:setUpClass): 200 GET http://10.180.1.21/compute/v2.1/servers/4b0abc14-0ce2-4212-8677-82f6279ee107 0.223s
2024-10-24 14:06:33.530 62111 INFO tempest.lib.common.rest_client [req-159c711b-4a7e-42c8-9562-b979ccfcd933 req-159c711b-4a7e-42c8-9562-b979ccfcd933 ] Request (ServersTestBootFromVolume:setUpClass): 200 GET http://10.180.1.21/compute/v2.1/servers/73a96c0e-a08b-46c9-b700-25544e17c73d 0.175s
2024-10-24 14:06:33.556 62153 INFO tempest.lib.common.rest_client [req-75ae88f4-eb39-4984-8b5e-75ca242d2a9f req-75ae88f4-eb39-4984-8b5e-75ca242d2a9f ] Request (ServerRescueTestJSON:tearDownClass): 204 DELETE http://10.180.1.21/identity/v3/users/a46c8a399120463284b3980744b6a5c7 0.142s
2024-10-24 14:06:33.556 62153 INFO tempest.lib.common.dynamic_creds [-] Deleting project and security group for project: fbb116811b9f446484cb5439066cdc1c
2024-10-24 14:06:33.576 62109 INFO tempest.lib.common.rest_client [req-006bfb8b-be2f-4ef6-a64c-d9e1ba6cff62 req-006bfb8b-be2f-4ef6-a64c-d9e1ba6cff62 ] Request (ServerActionsTestOtherB:setUpClass): 200 GET http://10.180.1.21/compute/v2.1/servers/05cefc82-3585-4d0b-8620-91412b3ef69e 0.167s
2024-10-24 14:06:33.604 62153 INFO tempest.lib.common.rest_client [req-f97628e0-50dd-4221-bf06-8dd38d37bb46 req-f97628e0-50dd-4221-bf06-8dd38d37bb46 ] Request (ServerRescueTestJSON:tearDownClass): 200 GET http://10.180.1.21:9696/networking/v2.0/security-groups?tenant_id=fbb116811b9f446484cb5439066cdc1c&name=default 0.047s
2024-10-24 14:06:33.621 62141 INFO tempest.lib.common.rest_client [req-a88e0724-4e73-4bed-9e9a-0e61a25ef726 req-a88e0724-4e73-4bed-9e9a-0e61a25ef726 ] Request (ServersNegativeTestJSON:setUpClass): 200 GET http://10.180.1.21/compute/v2.1/servers/83c86407-16b6-4025-9568-0c9c73d20b10 0.173s
2024-10-24 14:06:33.671 62161 INFO tempest.lib.common.rest_client [req-d38ae9d3-75d3-41c3-8824-dcbc296813f9 req-d38ae9d3-75d3-41c3-8824-dcbc296813f9 ] Request (ServerRescueTestJSONUnderV235:setUpClass): 200 GET http://10.180.1.21/compute/v2.1/servers/3c0602a1-ad7d-4f85-b4e0-d36565e28a38 0.164s
2024-10-24 14:06:33.725 62143 INFO tempest.lib.common.rest_client [req-69ecf489-dca1-4372-9366-f3d0635748af req-69ecf489-dca1-4372-9366-f3d0635748af ] Request (MigrationsAdminTest:test_resize_server_revert_deleted_flavor): 200 GET http://10.180.1.21/compute/v2.1/servers/f9edb738-210e-4f85-8062-7759fa9033ea 0.170s
2024-10-24 14:06:33.769 62153 INFO tempest.lib.common.rest_client [req-0d57a465-1faf-4b62-a7a1-47bf4bc36f38 req-0d57a465-1faf-4b62-a7a1-47bf4bc36f38 ] Request (ServerRescueTestJSON:tearDownClass): 204 DELETE http://10.180.1.21:9696/networking/v2.0/security-groups/fbd9b653-22ce-4763-ba1f-7bc70b41d8d0 0.165s
2024-10-24 14:06:33.850 62153 INFO tempest.lib.common.rest_client [req-dad12202-81bd-4305-8377-1e11fb855abd req-dad12202-81bd-4305-8377-1e11fb855abd ] Request (ServerRescueTestJSON:tearDownClass): 204 DELETE http://10.180.1.21/identity/v3/projects/fbb116811b9f446484cb5439066cdc1c 0.080s
2024-10-24 14:06:33.907 62145 INFO tempest.lib.common.rest_client [req-7f14c96c-7d76-4d53-bf5f-8a4d723d0891 req-7f14c96c-7d76-4d53-bf5f-8a4d723d0891 ] Request (FloatingIPsTestJSON:_run_cleanups): 202 DELETE http://10.180.1.21/compute/v2.1/os-floating-ips/9beb4269-7c98-46eb-b171-2d3a18a05dd2 0.543s
2024-10-24 14:06:33.930 62119 INFO tempest.lib.common.rest_client [req-2093a966-3a75-4d24-8803-f4787b0cda85 req-2093a966-3a75-4d24-8803-f4787b0cda85 ] Request (ServersTestManualDisk:setUpClass): 200 GET http://10.180.1.21/compute/v2.1/servers/95604a75-0ab3-45d9-a235-9067e615e72a 0.315s
2024-10-24 14:06:33.959 62129 INFO tempest.lib.common.rest_client [req-81a86766-3207-4109-960b-61c57c039bf2 req-81a86766-3207-4109-960b-61c57c039bf2 ] Request (ServerActionsTestOtherA:setUpClass): 200 GET http://10.180.1.21/compute/v2.1/servers/59227a6d-e699-43e3-8f40-e8767ffdc938 0.248s
2024-10-24 14:06:33.993 62131 INFO tempest.lib.common.rest_client [req-46b4d0af-61a6-499a-937e-bb4e9a90df29 req-46b4d0af-61a6-499a-937e-bb4e9a90df29 ] Request (AttachInterfacesV270Test:test_create_get_list_interfaces): 200 GET http://10.180.1.21/compute/v2.1/servers/3e6732aa-a878-4bde-9299-abd779f2a109 0.217s
2024-10-24 14:06:34.017 62115 INFO tempest.lib.common.rest_client [req-9a62163e-fc0b-4101-8d56-17c62cac25b3 req-9a62163e-fc0b-4101-8d56-17c62cac25b3 ] Request (DeleteServersTestJSON:test_delete_active_server): 200 GET http://10.180.1.21/compute/v2.1/servers/40dae609-e7a5-4af2-84d9-a53f93d95743 0.177s
2024-10-24 14:06:34.045 62127 INFO tempest.lib.common.rest_client [req-4e1465ed-7efc-4ba7-ba42-a2e3be7b752f req-4e1465ed-7efc-4ba7-ba42-a2e3be7b752f ] Request (ListServerFiltersTestJSON:setUpClass): 200 GET http://10.180.1.21/compute/v2.1/servers/b56dd330-d31c-4e42-baf9-d9897c55e633 0.185s
2024-10-24 14:06:34.061 62163 INFO tempest.lib.common.rest_client [req-f89245a5-9165-4738-9a39-72b8c2acb9c1 req-f89245a5-9165-4738-9a39-72b8c2acb9c1 ] Request (InstanceActionsV221TestJSON:test_get_list_deleted_instance_actions): 200 GET http://10.180.1.21/compute/v2.1/servers/71fe23a8-1108-4781-9a35-0156cb9d584d 0.163s
2024-10-24 14:06:34.104 62121 INFO tempest.lib.common.rest_client [req-fab66e9a-3144-42e9-843e-0c8bda9ee66a req-fab66e9a-3144-42e9-843e-0c8bda9ee66a ] Request (ServerDiskConfigTestJSON:test_rebuild_server_with_manual_disk_config): 200 GET http://10.180.1.21/compute/v2.1/servers/569d7ab1-22b8-4006-bf0e-ff35032cb9a6 0.174s
2024-10-24 14:06:34.146 62151 INFO tempest.lib.common.rest_client [req-b1ede94a-06d3-4ff7-9e56-ec44314827c2 req-b1ede94a-06d3-4ff7-9e56-ec44314827c2 ] Request (TenantUsagesTestJSON:setUpClass): 200 GET http://10.180.1.21/compute/v2.1/servers/b1ec5d55-96a6-42eb-ba54-c4a3904e22cd 0.194s
2024-10-24 14:06:34.195 62125 INFO tempest.lib.common.rest_client [req-72cba13d-4560-45dd-999e-548a64343d06 req-72cba13d-4560-45dd-999e-548a64343d06 ] Request (ListServersNegativeTestJSON:setUpClass): 200 GET http://10.180.1.21/compute/v2.1/servers/0c7d1af9-54e9-435d-a0cc-687f793d4f43 0.209s
2024-10-24 14:06:34.245 62107 INFO tempest.lib.common.rest_client [req-31fcf38a-aea9-4c91-803e-c903d3eea19a req-31fcf38a-aea9-4c91-803e-c903d3eea19a ] Request (SecurityGroupsTestJSON:test_list_security_groups_by_server): 200 GET http://10.180.1.21/compute/v2.1/servers/42135fac-aef7-47d9-9afe-5ac2351bb07c 0.232s
2024-10-24 14:06:34.305 62133 INFO tempest.lib.common.rest_client [req-72f17e06-cab0-43c7-8f13-15bba08f0ea6 req-72f17e06-cab0-43c7-8f13-15bba08f0ea6 ] Request (ServersTestMultiNic:test_verify_duplicate_network_nics): 200 GET http://10.180.1.21/compute/v2.1/servers/8d4c25cc-47d0-42e0-8fe9-49426175af68 0.265s
2024-10-24 14:06:34.357 62101 INFO tempest.lib.common.rest_client [req-82556176-c69a-4a5a-b14f-a701b479a3d8 req-82556176-c69a-4a5a-b14f-a701b479a3d8 ] Request (AttachVolumeTestJSON:test_attach_detach_volume): 200 GET http://10.180.1.21/compute/v2.1/servers/e5c81f8b-aac3-4cf8-9abb-444731f57206 0.281s
2024-10-24 14:06:34.409 62113 INFO tempest.lib.common.rest_client [req-044dcc4a-3820-473c-9057-0ead2a929e6e req-044dcc4a-3820-473c-9057-0ead2a929e6e ] Request (ListImageFiltersTestJSON:setUpClass): 200 GET http://10.180.1.21/compute/v2.1/servers/0dca3209-d37b-4536-bbf9-72f0418cef8e 0.270s
2024-10-24 14:06:34.454 62105 INFO tempest.lib.common.rest_client [req-b67f04ad-89f4-49ef-a730-6b60a106008f req-b67f04ad-89f4-49ef-a730-6b60a106008f ] Request (VolumesAdminNegativeTest:test_update_attached_volume_with_nonexistent_volume_in_uri): 200 GET http://10.180.1.21/compute/v2.1/servers/746ec539-5e13-4a9f-af73-26b175ad1e41 0.277s
2024-10-24 14:06:34.497 62135 INFO tempest.lib.common.rest_client [req-6deba397-e0ff-4679-8e97-5873d36b9fcc req-6deba397-e0ff-4679-8e97-5873d36b9fcc ] Request (ServerAddressesTestJSON:setUpClass): 200 GET http://10.180.1.21/compute/v2.1/servers/2f5bd366-317e-4c18-956a-35d9cdbae9e2 0.251s
2024-10-24 14:06:34.535 62145 INFO tempest.lib.common.rest_client [req-7eb3743b-9e64-4851-ab23-debdf28586c2 req-7eb3743b-9e64-4851-ab23-debdf28586c2 ] Request (FloatingIPsTestJSON:test_delete_floating_ip): 200 POST http://10.180.1.21/compute/v2.1/os-floating-ips 0.627s
2024-10-24 14:06:34.541 62123 INFO tempest.lib.common.rest_client [req-90be3818-4bc9-4a06-9886-c6bd79ab2f89 req-90be3818-4bc9-4a06-9886-c6bd79ab2f89 ] Request (ServerDiagnosticsTest:test_get_server_diagnostics): 200 GET http://10.180.1.21/compute/v2.1/servers/cb8d2bd7-ca6a-4465-8daa-9f15b13c9e2b 0.116s
2024-10-24 14:06:34.584 62137 INFO tempest.lib.common.rest_client [req-75f24723-4a20-4caf-bc8d-567366ae427a req-75f24723-4a20-4caf-bc8d-567366ae427a ] Request (ServerDiagnosticsNegativeTest:test_get_server_diagnostics_by_non_admin): 200 GET http://10.180.1.21/compute/v2.1/servers/ebea667f-6495-41c0-88b3-a9c61390558d 0.151s
2024-10-24 14:06:34.584 62103 INFO tempest.lib.common.rest_client [req-6fa2624c-be8e-43ef-ad0e-945f15018bcd req-6fa2624c-be8e-43ef-ad0e-945f15018bcd ] Request (AttachVolumeNegativeTest:test_attach_attached_volume_to_different_server): 200 GET http://10.180.1.21/compute/v2.1/servers/2fdb9569-9e1a-44cd-9c2d-b493bc90ce81 0.113s
2024-10-24 14:06:34.627 62156 INFO tempest.lib.common.rest_client [req-4dbdb2b3-c137-493c-a38f-b86e16b02aa7 req-4dbdb2b3-c137-493c-a38f-b86e16b02aa7 ] Request (ImagesOneServerNegativeTestJSON:setUpClass): 200 GET http://10.180.1.21/compute/v2.1/servers/4b0abc14-0ce2-4212-8677-82f6279ee107 0.100s
2024-10-24 14:06:34.629 62157 INFO tempest.lib.common.rest_client [req-0f79cc5d-e35d-4749-a446-5e51f6012249 req-0f79cc5d-e35d-4749-a446-5e51f6012249 ] Request (DeleteServersAdminTestJSON:test_delete_server_while_in_error_state): 200 GET http://10.180.1.21/compute/v2.1/servers/e64fd277-10ae-494d-918a-2f3faa4e44d1 0.141s
2024-10-24 14:06:34.673 62111 INFO tempest.lib.common.rest_client [req-284aa95c-1353-477b-93cf-7961899ba645 req-284aa95c-1353-477b-93cf-7961899ba645 ] Request (ServersTestBootFromVolume:setUpClass): 200 GET http://10.180.1.21/compute/v2.1/servers/73a96c0e-a08b-46c9-b700-25544e17c73d 0.133s
2024-10-24 14:06:34.717 62109 INFO tempest.lib.common.rest_client [req-952d88e8-8143-43f4-9aa5-b4493f7d76a3 req-952d88e8-8143-43f4-9aa5-b4493f7d76a3 ] Request (ServerActionsTestOtherB:setUpClass): 200 GET http://10.180.1.21/compute/v2.1/servers/05cefc82-3585-4d0b-8620-91412b3ef69e 0.134s
2024-10-24 14:06:34.765 62141 INFO tempest.lib.common.rest_client [req-f8529c55-cd04-463a-9453-2416728f6ca4 req-f8529c55-cd04-463a-9453-2416728f6ca4 ] Request (ServersNegativeTestJSON:setUpClass): 200 GET http://10.180.1.21/compute/v2.1/servers/83c86407-16b6-4025-9568-0c9c73d20b10 0.137s
2024-10-24 14:06:34.834 62161 INFO tempest.lib.common.rest_client [req-d327700f-90d1-48e1-9507-9a6acb533d52 req-d327700f-90d1-48e1-9507-9a6acb533d52 ] Request (ServerRescueTestJSONUnderV235:setUpClass): 200 GET http://10.180.1.21/compute/v2.1/servers/3c0602a1-ad7d-4f85-b4e0-d36565e28a38 0.156s
2024-10-24 14:06:34.881 62143 INFO tempest.lib.common.rest_client [req-a8199861-bc16-4f9d-9972-071f9788a225 req-a8199861-bc16-4f9d-9972-071f9788a225 ] Request (MigrationsAdminTest:test_resize_server_revert_deleted_flavor): 200 GET http://10.180.1.21/compute/v2.1/servers/f9edb738-210e-4f85-8062-7759fa9033ea 0.147s
2024-10-24 14:06:34.907 62145 INFO tempest.lib.common.rest_client [req-94d5e1a2-4ad2-4ff4-baa8-4e2f8d1a3c1f req-94d5e1a2-4ad2-4ff4-baa8-4e2f8d1a3c1f ] Request (FloatingIPsTestJSON:test_delete_floating_ip): 202 DELETE http://10.180.1.21/compute/v2.1/os-floating-ips/72f8a966-6875-412f-9481-5f4e871eb716 0.370s
2024-10-24 14:06:34.931 62145 INFO tempest.lib.common.rest_client [req-d859d3f3-0296-47b7-9041-898bbbbaa05b req-d859d3f3-0296-47b7-9041-898bbbbaa05b ] Request (FloatingIPsTestJSON:test_delete_floating_ip): 404 GET http://10.180.1.21/compute/v2.1/os-floating-ips/72f8a966-6875-412f-9481-5f4e871eb716 0.024s
2024-10-24 14:06:34.987 62119 INFO tempest.lib.common.rest_client [req-60fff1a3-e768-4e4e-8477-d207891f6903 req-60fff1a3-e768-4e4e-8477-d207891f6903 ] Request (ServersTestManualDisk:setUpClass): 200 GET http://10.180.1.21/compute/v2.1/servers/95604a75-0ab3-45d9-a235-9067e615e72a 0.048s
2024-10-24 14:06:35.033 62129 INFO tempest.lib.common.rest_client [req-05db96ef-956b-4961-93d6-8e2767806fa6 req-05db96ef-956b-4961-93d6-8e2767806fa6 ] Request (ServerActionsTestOtherA:setUpClass): 200 GET http://10.180.1.21/compute/v2.1/servers/59227a6d-e699-43e3-8f40-e8767ffdc938 0.056s
2024-10-24 14:06:35.079 62131 INFO tempest.lib.common.rest_client [req-4a964ddf-6cb9-4bba-9cf0-5deef2ffeb07 req-4a964ddf-6cb9-4bba-9cf0-5deef2ffeb07 ] Request (AttachInterfacesV270Test:test_create_get_list_interfaces): 200 GET http://10.180.1.21/compute/v2.1/servers/3e6732aa-a878-4bde-9299-abd779f2a109 0.076s
2024-10-24 14:06:35.106 62145 INFO tempest.lib.common.rest_client [req-e59e532c-0d5d-43c4-8706-bb7d7ca90133 req-e59e532c-0d5d-43c4-8706-bb7d7ca90133 ] Request (FloatingIPsTestJSON:_run_cleanups): 404 DELETE http://10.180.1.21/compute/v2.1/os-floating-ips/72f8a966-6875-412f-9481-5f4e871eb716 0.174s
2024-10-24 14:06:35.121 62115 INFO tempest.lib.common.rest_client [req-5ed05a24-3d9b-4297-a4da-acae158b4ad5 req-5ed05a24-3d9b-4297-a4da-acae158b4ad5 ] Request (DeleteServersTestJSON:test_delete_active_server): 200 GET http://10.180.1.21/compute/v2.1/servers/40dae609-e7a5-4af2-84d9-a53f93d95743 0.096s
2024-10-24 14:06:35.163 62127 INFO tempest.lib.common.rest_client [req-35174dcb-e617-463a-b7b8-7098aefab40e req-35174dcb-e617-463a-b7b8-7098aefab40e ] Request (ListServerFiltersTestJSON:setUpClass): 200 GET http://10.180.1.21/compute/v2.1/servers/b56dd330-d31c-4e42-baf9-d9897c55e633 0.111s
2024-10-24 14:06:35.173 62163 INFO tempest.lib.common.rest_client [req-25212f2f-8033-44e0-a5b9-41910bb272e2 req-25212f2f-8033-44e0-a5b9-41910bb272e2 ] Request (InstanceActionsV221TestJSON:test_get_list_deleted_instance_actions): 200 GET http://10.180.1.21/compute/v2.1/servers/71fe23a8-1108-4781-9a35-0156cb9d584d 0.104s
2024-10-24 14:06:35.213 62121 INFO tempest.lib.common.rest_client [req-96bdade3-3fdf-44fa-a16e-73c60f95a3f8 req-96bdade3-3fdf-44fa-a16e-73c60f95a3f8 ] Request (ServerDiskConfigTestJSON:test_rebuild_server_with_manual_disk_config): 200 GET http://10.180.1.21/compute/v2.1/servers/569d7ab1-22b8-4006-bf0e-ff35032cb9a6 0.102s
2024-10-24 14:06:35.226 62151 INFO tempest.lib.common.rest_client [req-f4d6e5fb-f270-4d97-98b0-d230996123c7 req-f4d6e5fb-f270-4d97-98b0-d230996123c7 ] Request (TenantUsagesTestJSON:setUpClass): 200 GET http://10.180.1.21/compute/v2.1/servers/b1ec5d55-96a6-42eb-ba54-c4a3904e22cd 0.073s
2024-10-24 14:06:35.260 62125 INFO tempest.lib.common.rest_client [req-eadb76c7-3d98-4dd5-9285-a50eb89405e0 req-eadb76c7-3d98-4dd5-9285-a50eb89405e0 ] Request (ListServersNegativeTestJSON:setUpClass): 200 GET http://10.180.1.21/compute/v2.1/servers/0c7d1af9-54e9-435d-a0cc-687f793d4f43 0.055s
2024-10-24 14:06:35.307 62107 INFO tempest.lib.common.rest_client [req-1440712f-f28d-410c-acc7-ee624c9cb6da req-1440712f-f28d-410c-acc7-ee624c9cb6da ] Request (SecurityGroupsTestJSON:test_list_security_groups_by_server): 200 GET http://10.180.1.21/compute/v2.1/servers/42135fac-aef7-47d9-9afe-5ac2351bb07c 0.054s
2024-10-24 14:06:35.375 62133 INFO tempest.lib.common.rest_client [req-0f139d9b-67cd-43e5-8d6b-88b1aaa4148f req-0f139d9b-67cd-43e5-8d6b-88b1aaa4148f ] Request (ServersTestMultiNic:test_verify_duplicate_network_nics): 200 GET http://10.180.1.21/compute/v2.1/servers/8d4c25cc-47d0-42e0-8fe9-49426175af68 0.063s
2024-10-24 14:06:35.417 62101 INFO tempest.lib.common.rest_client [req-439ede48-9683-418b-880b-a99f60d57f6b req-439ede48-9683-418b-880b-a99f60d57f6b ] Request (AttachVolumeTestJSON:test_attach_detach_volume): 200 GET http://10.180.1.21/compute/v2.1/servers/e5c81f8b-aac3-4cf8-9abb-444731f57206 0.052s
2024-10-24 14:06:35.477 62113 INFO tempest.lib.common.rest_client [req-e1cb897f-976e-4ea6-b98a-b4eae4880091 req-e1cb897f-976e-4ea6-b98a-b4eae4880091 ] Request (ListImageFiltersTestJSON:setUpClass): 200 GET http://10.180.1.21/compute/v2.1/servers/0dca3209-d37b-4536-bbf9-72f0418cef8e 0.059s
2024-10-24 14:06:35.510 62105 INFO tempest.lib.common.rest_client [req-633e9aa8-9e19-499f-9b76-c233d73d5658 req-633e9aa8-9e19-499f-9b76-c233d73d5658 ] Request (VolumesAdminNegativeTest:test_update_attached_volume_with_nonexistent_volume_in_uri): 200 GET http://10.180.1.21/compute/v2.1/servers/746ec539-5e13-4a9f-af73-26b175ad1e41 0.048s
2024-10-24 14:06:35.567 62135 INFO tempest.lib.common.rest_client [req-c748380f-f6d8-4d3f-9cbc-95f620fa9720 req-c748380f-f6d8-4d3f-9cbc-95f620fa9720 ] Request (ServerAddressesTestJSON:setUpClass): 200 GET http://10.180.1.21/compute/v2.1/servers/2f5bd366-317e-4c18-956a-35d9cdbae9e2 0.062s
2024-10-24 14:06:35.597 62123 INFO tempest.lib.common.rest_client [req-a02490dc-5d9f-4355-94e1-e58aace78f7f req-a02490dc-5d9f-4355-94e1-e58aace78f7f ] Request (ServerDiagnosticsTest:test_get_server_diagnostics): 200 GET http://10.180.1.21/compute/v2.1/servers/cb8d2bd7-ca6a-4465-8daa-9f15b13c9e2b 0.049s
2024-10-24 14:06:35.640 62103 INFO tempest.lib.common.rest_client [req-da687776-2d09-4400-bc14-7163b9000fa5 req-da687776-2d09-4400-bc14-7163b9000fa5 ] Request (AttachVolumeNegativeTest:test_attach_attached_volume_to_different_server): 200 GET http://10.180.1.21/compute/v2.1/servers/2fdb9569-9e1a-44cd-9c2d-b493bc90ce81 0.048s
2024-10-24 14:06:35.654 62137 INFO tempest.lib.common.rest_client [req-5c0184f5-862c-4671-90f6-505c57591dd9 req-5c0184f5-862c-4671-90f6-505c57591dd9 ] Request (ServerDiagnosticsNegativeTest:test_get_server_diagnostics_by_non_admin): 200 GET http://10.180.1.21/compute/v2.1/servers/ebea667f-6495-41c0-88b3-a9c61390558d 0.063s
2024-10-24 14:06:35.661 62137 INFO tempest.common.waiters [-] State transition "BUILD/None" ==> "BUILD/networking" after 78 second wait
2024-10-24 14:06:35.688 62156 INFO tempest.lib.common.rest_client [req-609e27ab-b345-42b4-ae72-f8cfa0e861bf req-609e27ab-b345-42b4-ae72-f8cfa0e861bf ] Request (ImagesOneServerNegativeTestJSON:setUpClass): 200 GET http://10.180.1.21/compute/v2.1/servers/4b0abc14-0ce2-4212-8677-82f6279ee107 0.054s
2024-10-24 14:06:35.719 62157 INFO tempest.lib.common.rest_client [req-4532ccb4-d1ac-4ef1-8e0c-6ad4724b7030 req-4532ccb4-d1ac-4ef1-8e0c-6ad4724b7030 ] Request (DeleteServersAdminTestJSON:test_delete_server_while_in_error_state): 200 GET http://10.180.1.21/compute/v2.1/servers/e64fd277-10ae-494d-918a-2f3faa4e44d1 0.083s
2024-10-24 14:06:35.729 62157 INFO tempest.common.waiters [-] State transition "BUILD/spawning" ==> "ERROR/None" after 85 second wait
2024-10-24 14:06:35.747 62111 INFO tempest.lib.common.rest_client [req-290e46db-c3ea-45b0-a213-02e4f02055ed req-290e46db-c3ea-45b0-a213-02e4f02055ed ] Request (ServersTestBootFromVolume:setUpClass): 200 GET http://10.180.1.21/compute/v2.1/servers/73a96c0e-a08b-46c9-b700-25544e17c73d 0.067s
2024-10-24 14:06:35.780 62109 INFO tempest.lib.common.rest_client [req-d4ba10c2-a972-4534-8b6f-0ff3dac04630 req-d4ba10c2-a972-4534-8b6f-0ff3dac04630 ] Request (ServerActionsTestOtherB:setUpClass): 200 GET http://10.180.1.21/compute/v2.1/servers/05cefc82-3585-4d0b-8620-91412b3ef69e 0.056s
2024-10-24 14:06:35.834 62141 INFO tempest.lib.common.rest_client [req-fc4e1a78-769d-4acd-bc6e-652a5e5d19d1 req-fc4e1a78-769d-4acd-bc6e-652a5e5d19d1 ] Request (ServersNegativeTestJSON:setUpClass): 200 GET http://10.180.1.21/compute/v2.1/servers/83c86407-16b6-4025-9568-0c9c73d20b10 0.059s
2024-10-24 14:06:35.906 62161 INFO tempest.lib.common.rest_client [req-e1094d7d-2058-4d19-a734-0c26e93687ba req-e1094d7d-2058-4d19-a734-0c26e93687ba ] Request (ServerRescueTestJSONUnderV235:setUpClass): 200 GET http://10.180.1.21/compute/v2.1/servers/3c0602a1-ad7d-4f85-b4e0-d36565e28a38 0.060s
2024-10-24 14:06:35.931 62157 INFO tempest.lib.common.rest_client [req-9091fe66-56f1-474b-aea4-78bfec2bee57 req-9091fe66-56f1-474b-aea4-78bfec2bee57 ] Request (DeleteServersAdminTestJSON:test_delete_server_while_in_error_state): 204 DELETE http://10.180.1.21/compute/v2.1/servers/e64fd277-10ae-494d-918a-2f3faa4e44d1 0.202s
2024-10-24 14:06:35.951 62157 INFO tempest.lib.common.rest_client [req-4fe42b9b-a28b-4f19-a2c1-3b8262f8e9e3 req-4fe42b9b-a28b-4f19-a2c1-3b8262f8e9e3 ] Request (DeleteServersAdminTestJSON:test_delete_server_while_in_error_state): 404 GET http://10.180.1.21/compute/v2.1/servers/e64fd277-10ae-494d-918a-2f3faa4e44d1 0.019s
2024-10-24 14:06:35.969 62143 INFO tempest.lib.common.rest_client [req-bdda2fc5-a58a-432e-b73f-8abc5a0ecae8 req-bdda2fc5-a58a-432e-b73f-8abc5a0ecae8 ] Request (MigrationsAdminTest:test_resize_server_revert_deleted_flavor): 200 GET http://10.180.1.21/compute/v2.1/servers/f9edb738-210e-4f85-8062-7759fa9033ea 0.081s
2024-10-24 14:06:36.047 62119 INFO tempest.lib.common.rest_client [req-819a2aae-bf1f-4d8b-aa72-51c0753a4300 req-819a2aae-bf1f-4d8b-aa72-51c0753a4300 ] Request (ServersTestManualDisk:setUpClass): 200 GET http://10.180.1.21/compute/v2.1/servers/95604a75-0ab3-45d9-a235-9067e615e72a 0.053s
2024-10-24 14:06:36.079 62157 INFO tempest.lib.common.rest_client [req-2ea27f91-b895-48a2-ac2d-76205f7b38b1 req-2ea27f91-b895-48a2-ac2d-76205f7b38b1 ] Request (DeleteServersAdminTestJSON:tearDownClass): 204 DELETE http://10.180.1.21/identity/v3/users/ced8ec3ae40e4d44a2ad41f74784b172 0.125s
2024-10-24 14:06:36.109 62129 INFO tempest.lib.common.rest_client [req-e52abef4-a5a8-40b0-ae83-b37f51746d7e req-e52abef4-a5a8-40b0-ae83-b37f51746d7e ] Request (ServerActionsTestOtherA:setUpClass): 200 GET http://10.180.1.21/compute/v2.1/servers/59227a6d-e699-43e3-8f40-e8767ffdc938 0.069s
2024-10-24 14:06:36.141 62131 INFO tempest.lib.common.rest_client [req-d44db71c-195e-4929-819b-53bbea4540ea req-d44db71c-195e-4929-819b-53bbea4540ea ] Request (AttachInterfacesV270Test:test_create_get_list_interfaces): 200 GET http://10.180.1.21/compute/v2.1/servers/3e6732aa-a878-4bde-9299-abd779f2a109 0.052s
2024-10-24 14:06:36.183 62157 INFO tempest.lib.common.rest_client [req-48047561-7459-4ec8-8c40-2ac8741cab68 req-48047561-7459-4ec8-8c40-2ac8741cab68 ] Request (DeleteServersAdminTestJSON:tearDownClass): 204 DELETE http://10.180.1.21/identity/v3/users/190357e5720341e3891989395badcd01 0.103s
2024-10-24 14:06:36.183 62157 INFO tempest.lib.common.dynamic_creds [-] Deleting project and security group for project: cc3dcba5d9054cb682c6f0e82b461d84
2024-10-24 14:06:36.193 62115 INFO tempest.lib.common.rest_client [req-1e23f29d-bdeb-41bd-9cb3-80d2da55607a req-1e23f29d-bdeb-41bd-9cb3-80d2da55607a ] Request (DeleteServersTestJSON:test_delete_active_server): 200 GET http://10.180.1.21/compute/v2.1/servers/40dae609-e7a5-4af2-84d9-a53f93d95743 0.063s
2024-10-24 14:06:36.232 62127 INFO tempest.lib.common.rest_client [req-52cb72b2-d051-4653-94df-a8b9cb3130aa req-52cb72b2-d051-4653-94df-a8b9cb3130aa ] Request (ListServerFiltersTestJSON:setUpClass): 200 GET http://10.180.1.21/compute/v2.1/servers/b56dd330-d31c-4e42-baf9-d9897c55e633 0.060s
2024-10-24 14:06:36.247 62163 INFO tempest.lib.common.rest_client [req-6cc9b8ff-cdf9-4341-9047-4c5904db645c req-6cc9b8ff-cdf9-4341-9047-4c5904db645c ] Request (InstanceActionsV221TestJSON:test_get_list_deleted_instance_actions): 200 GET http://10.180.1.21/compute/v2.1/servers/71fe23a8-1108-4781-9a35-0156cb9d584d 0.064s
2024-10-24 14:06:36.255 62157 INFO tempest.lib.common.rest_client [req-3bc14d77-89ec-49aa-8878-9ead076d23a0 req-3bc14d77-89ec-49aa-8878-9ead076d23a0 ] Request (DeleteServersAdminTestJSON:tearDownClass): 201 POST http://10.180.1.21/identity/v3/auth/tokens 0.072s
2024-10-24 14:06:36.258 62145 INFO tempest.lib.common.rest_client [req-06cb41fb-53da-4381-9550-f65f009f1970 req-06cb41fb-53da-4381-9550-f65f009f1970 ] Request (FloatingIPsTestJSON:tearDownClass): 200 PUT http://10.180.1.21:9696/networking/v2.0/routers/f3aad961-90dc-480d-9039-6a477c617e2a/remove_router_interface 1.151s
2024-10-24 14:06:36.305 62151 INFO tempest.lib.common.rest_client [req-004d8b13-2398-424c-b386-b5937596f9cc req-004d8b13-2398-424c-b386-b5937596f9cc ] Request (TenantUsagesTestJSON:setUpClass): 200 GET http://10.180.1.21/compute/v2.1/servers/b1ec5d55-96a6-42eb-ba54-c4a3904e22cd 0.073s
2024-10-24 14:06:36.307 62121 INFO tempest.lib.common.rest_client [req-958041dc-2d16-4388-ad0c-b84f1a7ab714 req-958041dc-2d16-4388-ad0c-b84f1a7ab714 ] Request (ServerDiskConfigTestJSON:test_rebuild_server_with_manual_disk_config): 200 GET http://10.180.1.21/compute/v2.1/servers/569d7ab1-22b8-4006-bf0e-ff35032cb9a6 0.086s
2024-10-24 14:06:36.358 62125 INFO tempest.lib.common.rest_client [req-58736279-ea7a-4b01-9249-67b7e1749811 req-58736279-ea7a-4b01-9249-67b7e1749811 ] Request (ListServersNegativeTestJSON:setUpClass): 200 GET http://10.180.1.21/compute/v2.1/servers/0c7d1af9-54e9-435d-a0cc-687f793d4f43 0.090s
2024-10-24 14:06:36.381 62107 INFO tempest.lib.common.rest_client [req-c6c104fa-b6e2-4b19-a128-fcd0af745186 req-c6c104fa-b6e2-4b19-a128-fcd0af745186 ] Request (SecurityGroupsTestJSON:test_list_security_groups_by_server): 200 GET http://10.180.1.21/compute/v2.1/servers/42135fac-aef7-47d9-9afe-5ac2351bb07c 0.064s
2024-10-24 14:06:36.445 62133 INFO tempest.lib.common.rest_client [req-45ba9958-519f-4f57-a084-db1a2582e4ac req-45ba9958-519f-4f57-a084-db1a2582e4ac ] Request (ServersTestMultiNic:test_verify_duplicate_network_nics): 200 GET http://10.180.1.21/compute/v2.1/servers/8d4c25cc-47d0-42e0-8fe9-49426175af68 0.063s
2024-10-24 14:06:36.453 62157 INFO tempest.lib.common.rest_client [req-ceea8674-ff93-4434-8a39-443f1afe2d09 req-ceea8674-ff93-4434-8a39-443f1afe2d09 ] Request (DeleteServersAdminTestJSON:tearDownClass): 200 GET http://10.180.1.21:9696/networking/v2.0/security-groups?tenant_id=cc3dcba5d9054cb682c6f0e82b461d84&name=default 0.197s
2024-10-24 14:06:36.487 62101 INFO tempest.lib.common.rest_client [req-ae418733-17cf-40e0-bd48-05b8557e3281 req-ae418733-17cf-40e0-bd48-05b8557e3281 ] Request (AttachVolumeTestJSON:test_attach_detach_volume): 200 GET http://10.180.1.21/compute/v2.1/servers/e5c81f8b-aac3-4cf8-9abb-444731f57206 0.060s
2024-10-24 14:06:36.542 62157 INFO tempest.lib.common.rest_client [req-978529d6-7c3c-4167-ab69-67d0ae89f91e req-978529d6-7c3c-4167-ab69-67d0ae89f91e ] Request (DeleteServersAdminTestJSON:tearDownClass): 204 DELETE http://10.180.1.21:9696/networking/v2.0/security-groups/15c7e017-73f4-47eb-91f8-83c199bfe4d3 0.089s
2024-10-24 14:06:36.545 62113 INFO tempest.lib.common.rest_client [req-a5e91a3d-35df-48e1-a5c4-b64d0e0bcf3d req-a5e91a3d-35df-48e1-a5c4-b64d0e0bcf3d ] Request (ListImageFiltersTestJSON:setUpClass): 200 GET http://10.180.1.21/compute/v2.1/servers/0dca3209-d37b-4536-bbf9-72f0418cef8e 0.061s
2024-10-24 14:06:36.573 62105 INFO tempest.lib.common.rest_client [req-4cbafcc3-0bfc-4607-85b3-5ab4b626f07a req-4cbafcc3-0bfc-4607-85b3-5ab4b626f07a ] Request (VolumesAdminNegativeTest:test_update_attached_volume_with_nonexistent_volume_in_uri): 200 GET http://10.180.1.21/compute/v2.1/servers/746ec539-5e13-4a9f-af73-26b175ad1e41 0.054s
2024-10-24 14:06:36.613 62157 INFO tempest.lib.common.rest_client [req-5cec93f4-f03d-41e9-a621-756ff5195242 req-5cec93f4-f03d-41e9-a621-756ff5195242 ] Request (DeleteServersAdminTestJSON:tearDownClass): 204 DELETE http://10.180.1.21/identity/v3/projects/cc3dcba5d9054cb682c6f0e82b461d84 0.070s
2024-10-24 14:06:36.613 62157 INFO tempest.lib.common.dynamic_creds [-] Deleting project and security group for project: 1ae83ff4f61b47ec884177f50ac9d303
2024-10-24 14:06:36.643 62135 INFO tempest.lib.common.rest_client [req-af36f68b-05f9-41d3-9a82-35e79c660acc req-af36f68b-05f9-41d3-9a82-35e79c660acc ] Request (ServerAddressesTestJSON:setUpClass): 200 GET http://10.180.1.21/compute/v2.1/servers/2f5bd366-317e-4c18-956a-35d9cdbae9e2 0.069s
2024-10-24 14:06:36.647 62157 INFO tempest.lib.common.rest_client [req-7fd7ba9e-d58f-4aca-95b3-dfc10a102424 req-7fd7ba9e-d58f-4aca-95b3-dfc10a102424 ] Request (DeleteServersAdminTestJSON:tearDownClass): 200 GET http://10.180.1.21:9696/networking/v2.0/security-groups?tenant_id=1ae83ff4f61b47ec884177f50ac9d303&name=default 0.033s
2024-10-24 14:06:36.662 62123 INFO tempest.lib.common.rest_client [req-d0c1d716-8ad5-4c8e-ab76-3d0508d6df9d req-d0c1d716-8ad5-4c8e-ab76-3d0508d6df9d ] Request (ServerDiagnosticsTest:test_get_server_diagnostics): 200 GET http://10.180.1.21/compute/v2.1/servers/cb8d2bd7-ca6a-4465-8daa-9f15b13c9e2b 0.057s
2024-10-24 14:06:36.699 62103 INFO tempest.lib.common.rest_client [req-5c51b2ff-c425-42e6-bcfc-a778a0780498 req-5c51b2ff-c425-42e6-bcfc-a778a0780498 ] Request (AttachVolumeNegativeTest:test_attach_attached_volume_to_different_server): 200 GET http://10.180.1.21/compute/v2.1/servers/2fdb9569-9e1a-44cd-9c2d-b493bc90ce81 0.049s
2024-10-24 14:06:36.767 62157 INFO tempest.lib.common.rest_client [req-dfacfa24-b47a-4762-a44e-fa9ebd54cc80 req-dfacfa24-b47a-4762-a44e-fa9ebd54cc80 ] Request (DeleteServersAdminTestJSON:tearDownClass): 204 DELETE http://10.180.1.21:9696/networking/v2.0/security-groups/cf63a8ec-a45e-4e8e-bb2c-8b6c7c14f2c8 0.120s
2024-10-24 14:06:36.772 62156 INFO tempest.lib.common.rest_client [req-5f7f20ae-d3d1-4276-9336-488209cd2aa1 req-5f7f20ae-d3d1-4276-9336-488209cd2aa1 ] Request (ImagesOneServerNegativeTestJSON:setUpClass): 200 GET http://10.180.1.21/compute/v2.1/servers/4b0abc14-0ce2-4212-8677-82f6279ee107 0.077s
2024-10-24 14:06:36.810 62137 INFO tempest.lib.common.rest_client [req-c7020d29-6e83-43ea-b493-438596885be1 req-c7020d29-6e83-43ea-b493-438596885be1 ] Request (ServerDiagnosticsNegativeTest:test_get_server_diagnostics_by_non_admin): 200 GET http://10.180.1.21/compute/v2.1/servers/ebea667f-6495-41c0-88b3-a9c61390558d 0.148s
2024-10-24 14:06:36.819 62137 INFO tempest.common.waiters [-] State transition "BUILD/networking" ==> "BUILD/spawning" after 79 second wait
2024-10-24 14:06:36.827 62111 INFO tempest.lib.common.rest_client [req-76e6b6b4-8043-4eec-a1a6-895ca7819621 req-76e6b6b4-8043-4eec-a1a6-895ca7819621 ] Request (ServersTestBootFromVolume:setUpClass): 200 GET http://10.180.1.21/compute/v2.1/servers/73a96c0e-a08b-46c9-b700-25544e17c73d 0.071s
