2024-10-24 14:05:59.198 62125 INFO tempest.lib.common.rest_client [req-f3ecb454-59d5-43bc-9be6-89a177339423 req-f3ecb454-59d5-43bc-9be6-89a177339423 ] Request (ListServersNegativeTestJSON:setUpClass): 200 GET http://10.180.1.21/compute/v2.1/servers/0c7d1af9-54e9-435d-a0cc-687f793d4f43 0.221s
2024-10-24 14:05:59.231 62101 INFO tempest.lib.common.rest_client [req-5a5c44a0-8168-4037-9d4e-c05f385d83ab req-5a5c44a0-8168-4037-9d4e-c05f385d83ab ] Request (AttachVolumeTestJSON:test_attach_detach_volume): 200 GET http://10.180.1.21/compute/v2.1/servers/e5c81f8b-aac3-4cf8-9abb-444731f57206 0.194s
2024-10-24 14:05:59.236 62123 INFO tempest.lib.common.rest_client [req-a62e9bc7-5f6a-457b-8671-db7472915c08 req-a62e9bc7-5f6a-457b-8671-db7472915c08 ] Request (HypervisorAdminNegativeTestJSON:test_get_nonexistent_hypervisor_uptime): 404 GET http://10.180.1.21/compute/v2.1/os-hypervisors/72826a20-f5d0-40d3-a46b-d5ac4c786947/uptime 0.164s
2024-10-24 14:05:59.260 62129 INFO tempest.lib.common.rest_client [req-c1e61a12-e615-494e-9340-5c033f0fb795 req-c1e61a12-e615-494e-9340-5c033f0fb795 ] Request (AttachInterfacesUnderV243Test:test_add_remove_fixed_ip): 200 GET http://10.180.1.21/compute/v2.1/servers/6c354d85-0252-4eb9-81e2-550a403bdbc5 0.215s
2024-10-24 14:05:59.281 62123 INFO tempest.lib.common.rest_client [req-1a175ec3-dd39-49e6-9850-68691c32c6d6 req-1a175ec3-dd39-49e6-9850-68691c32c6d6 ] Request (HypervisorAdminNegativeTestJSON:test_show_hypervisor_with_non_admin_user): 200 GET http://10.180.1.21/compute/v2.1/os-hypervisors 0.043s
2024-10-24 14:05:59.291 62123 INFO tempest.lib.common.rest_client [req-d38d209a-448e-4e7d-b0ce-a1a3719c201c req-d38d209a-448e-4e7d-b0ce-a1a3719c201c ] Request (HypervisorAdminNegativeTestJSON:test_show_hypervisor_with_non_admin_user): 403 GET http://10.180.1.21/compute/v2.1/os-hypervisors/1 0.008s
2024-10-24 14:05:59.302 62133 INFO tempest.lib.common.rest_client [req-580b7273-4f11-4070-96b0-076a4a51f5c9 req-580b7273-4f11-4070-96b0-076a4a51f5c9 ] Request (ServersTestMultiNic:test_verify_duplicate_network_nics): 200 GET http://10.180.1.21/compute/v2.1/servers/8d4c25cc-47d0-42e0-8fe9-49426175af68 0.158s
2024-10-24 14:05:59.304 62123 INFO tempest.lib.common.rest_client [req-94975088-f49b-4c67-a7b0-ac959f5aa295 req-94975088-f49b-4c67-a7b0-ac959f5aa295 ] Request (HypervisorAdminNegativeTestJSON:test_show_nonexistent_hypervisor): 404 GET http://10.180.1.21/compute/v2.1/os-hypervisors/935791b6-903b-4395-a057-b823b968860c 0.012s
2024-10-24 14:05:59.381 62115 INFO tempest.lib.common.rest_client [req-c83a4429-7b20-4e08-8e6f-27fd35e079fc req-c83a4429-7b20-4e08-8e6f-27fd35e079fc ] Request (FloatingIPDetailsNegativeTestJSON:setUpClass): 201 POST http://10.180.1.21:9696/networking/v2.0/routers 1.025s
2024-10-24 14:05:59.416 62161 INFO tempest.lib.common.rest_client [req-9238eb01-b000-42f6-806a-db2139f2397e req-9238eb01-b000-42f6-806a-db2139f2397e ] Request (SecurityGroupRulesTestJSON:setUpClass): 200 PUT http://10.180.1.21:9696/networking/v2.0/routers/643a4048-13ca-4958-b174-bce92448e233/add_router_interface 1.718s
2024-10-24 14:05:59.416 62161 INFO tempest.lib.common.dynamic_creds [-] Created isolated network resources for: credentials: Credentials: {'domain_id': 'default', 'domain_name': 'Default', 'username': 'tempest-SecurityGroupRulesTestJSON-338869037-project-member', 'project_domain_id': 'default', 'project_domain_name': 'Default', 'project_id': 'dda64d680f43454198b14bce947c5d6b', 'project_name': 'tempest-SecurityGroupRulesTestJSON-338869037', 'tenant_id': 'dda64d680f43454198b14bce947c5d6b', 'tenant_name': 'tempest-SecurityGroupRulesTestJSON-338869037', 'user_domain_id': 'default', 'user_domain_name': 'Default', 'user_id': 'b74acb5f94f548f8b23bd63b365fe9a5', 'system': None}, Network: {'id': 'a86eef2f-b762-4994-80d5-a16dab988506', 'name': 'tempest-SecurityGroupRulesTestJSON-1440823496-network', 'tenant_id': 'dda64d680f43454198b14bce947c5d6b', 'admin_state_up': True, 'mtu': 8950, 'status': 'ACTIVE', 'subnets': [], 'shared': False, 'project_id': 'dda64d680f43454198b14bce947c5d6b', 'port_security_enabled': True, 'router:external': False, 'provider:network_type': 'vlan', 'provider:physical_network': 'default', 'provider:segmentation_id': 832, 'is_default': False, 'availability_zone_hints': [], 'availability_zones': [], 'ipv4_address_scope': None, 'ipv6_address_scope': None, 'description': '', 'tags': [], 'created_at': '2024-10-24T14:05:55Z', 'updated_at': '2024-10-24T14:05:55Z', 'revision_number': 1}, Subnet: {'id': '1479e6dd-6649-474b-b8e6-4f32003b4126', 'name': 'tempest-SecurityGroupRulesTestJSON-1440823496-subnet', 'tenant_id': 'dda64d680f43454198b14bce947c5d6b', 'network_id': 'a86eef2f-b762-4994-80d5-a16dab988506', 'ip_version': 4, 'subnetpool_id': None, 'enable_dhcp': True, 'ipv6_ra_mode': None, 'ipv6_address_mode': None, 'gateway_ip': '192.168.128.1', 'cidr': '192.168.128.0/28', 'allocation_pools': [{'start': '192.168.128.2', 'end': '192.168.128.14'}], 'host_routes': [], 'dns_nameservers': [], 'description': '', 'router:external': False, 'service_types': [], 'tags': [], 'created_at': '2024-10-24T14:05:55Z', 'updated_at': '2024-10-24T14:05:55Z', 'revision_number': 0, 'project_id': 'dda64d680f43454198b14bce947c5d6b'}, Router: {'id': '643a4048-13ca-4958-b174-bce92448e233', 'name': 'tempest-SecurityGroupRulesTestJSON-1440823496-router', 'tenant_id': 'dda64d680f43454198b14bce947c5d6b', 'admin_state_up': True, 'status': 'ACTIVE', 'external_gateway_info': {'network_id': 'bee216b1-2ee9-4465-89bd-0f7df535cca7', 'external_fixed_ips': [{'subnet_id': 'c8a08114-86d5-49f8-8a4f-6eb09234fef7', 'ip_address': '10.180.180.225'}], 'enable_snat': True}, 'description': '', 'availability_zones': [], 'distributed': False, 'ha': False, 'availability_zone_hints': [], 'routes': [], 'flavor_id': None, 'tags': [], 'created_at': '2024-10-24T14:05:56Z', 'updated_at': '2024-10-24T14:05:56Z', 'revision_number': 2, 'project_id': 'dda64d680f43454198b14bce947c5d6b'}
2024-10-24 14:05:59.431 62123 INFO tempest.lib.common.rest_client [req-627e87e5-fe4f-4988-a831-06c0698e3c20 req-627e87e5-fe4f-4988-a831-06c0698e3c20 ] Request (HypervisorAdminNegativeTestJSON:tearDownClass): 204 DELETE http://10.180.1.21/identity/v3/users/acefd7c4e1b5440b95f6fde9f0c0b935 0.125s
2024-10-24 14:05:59.498 62161 INFO tempest.lib.common.rest_client [req-f45cf32c-8ed6-411c-9edb-d5ce77225989 req-f45cf32c-8ed6-411c-9edb-d5ce77225989 ] Request (SecurityGroupRulesTestJSON:setUpClass): 201 POST http://10.180.1.21/identity/v3/auth/tokens 0.077s
2024-10-24 14:05:59.539 62123 INFO tempest.lib.common.rest_client [req-472e0ac5-4fd6-4fbd-9ca9-86c0d47e7c67 req-472e0ac5-4fd6-4fbd-9ca9-86c0d47e7c67 ] Request (HypervisorAdminNegativeTestJSON:tearDownClass): 204 DELETE http://10.180.1.21/identity/v3/users/8668a22a872f4e27a4382ce5fbf064d7 0.108s
2024-10-24 14:05:59.540 62123 INFO tempest.lib.common.dynamic_creds [-] Deleting project and security group for project: 12bfa7ccffdf4bb0969476a44c9c7c67
2024-10-24 14:05:59.548 62135 INFO tempest.lib.common.rest_client [req-7f70dce7-b3a6-453b-9da9-59a830d4417c req-7f70dce7-b3a6-453b-9da9-59a830d4417c ] Request (ServerAddressesTestJSON:setUpClass): 200 GET http://10.180.1.21/compute/v2.1/servers/2f5bd366-317e-4c18-956a-35d9cdbae9e2 0.073s
2024-10-24 14:05:59.597 62123 INFO tempest.lib.common.rest_client [req-ba422763-be7d-4967-a34b-3a3074691642 req-ba422763-be7d-4967-a34b-3a3074691642 ] Request (HypervisorAdminNegativeTestJSON:tearDownClass): 201 POST http://10.180.1.21/identity/v3/auth/tokens 0.057s
2024-10-24 14:05:59.604 62157 INFO tempest.lib.common.rest_client [req-23c08808-1b21-4d5f-862f-01d6d8da59bf req-23c08808-1b21-4d5f-862f-01d6d8da59bf ] Request (DeleteServersAdminTestJSON:test_delete_server_while_in_error_state): 200 GET http://10.180.1.21/compute/v2.1/servers/e64fd277-10ae-494d-918a-2f3faa4e44d1 0.228s
2024-10-24 14:05:59.837 62151 INFO tempest.lib.common.rest_client [req-6a507cba-6c3b-4f05-a089-708c9c579cbd req-6a507cba-6c3b-4f05-a089-708c9c579cbd ] Request (ServerExternalEventsTest:test_create_server_external_events): 200 GET http://10.180.1.21/compute/v2.1/servers/d23d0d19-4806-4d5e-aa05-13aaf3c4a770 0.292s
2024-10-24 14:05:59.849 62151 INFO tempest.common.waiters [-] State transition "BUILD/networking" ==> "BUILD/spawning" after 54 second wait
2024-10-24 14:05:59.922 62145 INFO tempest.lib.common.rest_client [req-2676d852-8fcf-40aa-86e0-83cda4cfefec req-2676d852-8fcf-40aa-86e0-83cda4cfefec ] Request (ServersAdminTestJSON:setUpClass): 200 GET http://10.180.1.21/compute/v2.1/servers/f72e6538-7130-45a9-a722-ba60de3bda49 0.315s
2024-10-24 14:05:59.994 62141 INFO tempest.lib.common.rest_client [req-1936606d-bf78-448b-890b-ebaaaf153f47 req-1936606d-bf78-448b-890b-ebaaaf153f47 ] Request (ServersTestFqdnHostnames:test_create_server_with_fqdn_name): 200 GET http://10.180.1.21/compute/v2.1/servers/6b3ecea4-fe20-4b6c-a987-59c20731b9ac 0.347s
2024-10-24 14:06:00.053 62161 INFO tempest.lib.common.rest_client [req-9ca4dcab-e594-4ba5-b484-392d1f12ecbf req-9ca4dcab-e594-4ba5-b484-392d1f12ecbf ] Request (SecurityGroupRulesTestJSON:test_security_group_rules_create): 200 POST http://10.180.1.21/compute/v2.1/os-security-groups 0.554s
2024-10-24 14:06:00.059 62123 INFO tempest.lib.common.rest_client [req-f38b8302-7f33-4e23-80be-5ec6abf34e4f req-f38b8302-7f33-4e23-80be-5ec6abf34e4f ] Request (HypervisorAdminNegativeTestJSON:tearDownClass): 200 GET http://10.180.1.21:9696/networking/v2.0/security-groups?tenant_id=12bfa7ccffdf4bb0969476a44c9c7c67&name=default 0.461s
2024-10-24 14:06:00.070 62119 INFO tempest.lib.common.rest_client [req-798269fd-7ddb-415a-a7af-a8937c7d666d req-798269fd-7ddb-415a-a7af-a8937c7d666d ] Request (ServersTestManualDisk:setUpClass): 200 GET http://10.180.1.21/compute/v2.1/servers/95604a75-0ab3-45d9-a235-9067e615e72a 0.392s
2024-10-24 14:06:00.114 62137 INFO tempest.lib.common.rest_client [req-40781d30-0fec-44c6-9ba0-628e474096f0 req-40781d30-0fec-44c6-9ba0-628e474096f0 ] Request (ServerDiagnosticsNegativeTest:test_get_server_diagnostics_by_non_admin): 200 GET http://10.180.1.21/compute/v2.1/servers/ebea667f-6495-41c0-88b3-a9c61390558d 0.376s
2024-10-24 14:06:00.154 62156 INFO tempest.lib.common.rest_client [req-25e74329-7963-4769-8ada-0b5fddfe0fa7 req-25e74329-7963-4769-8ada-0b5fddfe0fa7 ] Request (ImagesOneServerNegativeTestJSON:setUpClass): 200 GET http://10.180.1.21/compute/v2.1/servers/4b0abc14-0ce2-4212-8677-82f6279ee107 0.411s
2024-10-24 14:06:00.180 62111 INFO tempest.lib.common.rest_client [req-5163868a-2ab2-4e90-ac9f-eba76f2a8f50 req-5163868a-2ab2-4e90-ac9f-eba76f2a8f50 ] Request (ServersTestBootFromVolume:setUpClass): 200 GET http://10.180.1.21/compute/v2.1/servers/73a96c0e-a08b-46c9-b700-25544e17c73d 0.379s
2024-10-24 14:06:00.213 62123 INFO tempest.lib.common.rest_client [req-b36d244d-ff0d-4df0-bfa6-e9f0a17a5bdc req-b36d244d-ff0d-4df0-bfa6-e9f0a17a5bdc ] Request (HypervisorAdminNegativeTestJSON:tearDownClass): 204 DELETE http://10.180.1.21:9696/networking/v2.0/security-groups/d49c6309-a695-4470-af63-a9da59b592d5 0.154s
2024-10-24 14:06:00.224 62143 INFO tempest.lib.common.rest_client [req-fec26b48-67da-4251-b6a4-9c6fca886489 req-fec26b48-67da-4251-b6a4-9c6fca886489 ] Request (MigrationsAdminTest:test_resize_server_revert_deleted_flavor): 200 GET http://10.180.1.21/compute/v2.1/servers/f9edb738-210e-4f85-8062-7759fa9033ea 0.416s
2024-10-24 14:06:00.255 62127 INFO tempest.lib.common.rest_client [req-8bc8f490-ea30-459c-90b6-5f3a1478d6db req-8bc8f490-ea30-459c-90b6-5f3a1478d6db ] Request (ListServerFiltersTestJSON:setUpClass): 200 GET http://10.180.1.21/compute/v2.1/servers/b56dd330-d31c-4e42-baf9-d9897c55e633 0.393s
2024-10-24 14:06:00.279 62113 INFO tempest.lib.common.rest_client [req-46d18b13-b8a3-40c2-b0d4-657b6920b7e3 req-46d18b13-b8a3-40c2-b0d4-657b6920b7e3 ] Request (VolumesAssistedSnapshotsTest:tearDownClass): 200 PUT http://10.180.1.21:9696/networking/v2.0/routers/e9a0549c-03d0-4ca5-8b49-b38141eda10e/remove_router_interface 1.744s
2024-10-24 14:06:00.295 62123 INFO tempest.lib.common.rest_client [req-2c819d9a-26cf-48ea-a425-4e6de56ec410 req-2c819d9a-26cf-48ea-a425-4e6de56ec410 ] Request (HypervisorAdminNegativeTestJSON:tearDownClass): 204 DELETE http://10.180.1.21/identity/v3/projects/12bfa7ccffdf4bb0969476a44c9c7c67 0.081s
2024-10-24 14:06:00.295 62123 INFO tempest.lib.common.dynamic_creds [-] Deleting project and security group for project: d864eb4f419948588483ad0cafefd291
2024-10-24 14:06:00.319 62109 INFO tempest.lib.common.rest_client [req-239e343c-d5de-45c7-b1de-88425db6909d req-239e343c-d5de-45c7-b1de-88425db6909d ] Request (ServerActionsTestOtherB:setUpClass): 200 GET http://10.180.1.21/compute/v2.1/servers/05cefc82-3585-4d0b-8620-91412b3ef69e 0.378s
2024-10-24 14:06:00.343 62103 INFO tempest.lib.common.rest_client [req-457acc1d-a0de-4cb2-8b62-8148cc84e805 req-457acc1d-a0de-4cb2-8b62-8148cc84e805 ] Request (ServersAaction247Test:tearDownClass): 200 GET http://10.180.1.21/compute/v2.1/servers/e23fd777-66f7-4ee1-bdcb-fe19c55f955c 0.401s
2024-10-24 14:06:00.387 62153 INFO tempest.lib.common.rest_client [req-fd395362-5e8b-4d64-a172-e1eb425c5e9a req-fd395362-5e8b-4d64-a172-e1eb425c5e9a ] Request (ServerRescueTestJSON:setUpClass): 200 GET http://10.180.1.21/compute/v2.1/servers/528a2095-e82e-44eb-a4a1-dacde88966bb 0.389s
2024-10-24 14:06:00.412 62131 INFO tempest.lib.common.rest_client [req-7fcd015d-7e24-4c14-9150-d2ff9d3dc99c req-7fcd015d-7e24-4c14-9150-d2ff9d3dc99c ] Request (AttachInterfacesV270Test:test_create_get_list_interfaces): 200 GET http://10.180.1.21/compute/v2.1/servers/3e6732aa-a878-4bde-9299-abd779f2a109 0.393s
2024-10-24 14:06:00.475 62163 INFO tempest.lib.common.rest_client [req-6c62895e-e754-49fc-b629-0d8dc2aa1191 req-6c62895e-e754-49fc-b629-0d8dc2aa1191 ] Request (InstanceActionsV221TestJSON:test_get_list_deleted_instance_actions): 200 GET http://10.180.1.21/compute/v2.1/servers/71fe23a8-1108-4781-9a35-0156cb9d584d 0.404s
2024-10-24 14:06:00.484 62123 INFO tempest.lib.common.rest_client [req-9f6fe597-781b-4fe8-89f3-59984944680f req-9f6fe597-781b-4fe8-89f3-59984944680f ] Request (HypervisorAdminNegativeTestJSON:tearDownClass): 200 GET http://10.180.1.21:9696/networking/v2.0/security-groups?tenant_id=d864eb4f419948588483ad0cafefd291&name=default 0.188s
2024-10-24 14:06:00.546 62107 INFO tempest.lib.common.rest_client [req-89ac11e2-bb41-493c-a6c0-c71c7353eee9 req-89ac11e2-bb41-493c-a6c0-c71c7353eee9 ] Request (SecurityGroupsTestJSON:test_list_security_groups_by_server): 200 GET http://10.180.1.21/compute/v2.1/servers/42135fac-aef7-47d9-9afe-5ac2351bb07c 0.445s
2024-10-24 14:06:00.579 62161 INFO tempest.lib.common.rest_client [req-3f01fac0-f373-485a-adaf-04127d36c0e9 req-3f01fac0-f373-485a-adaf-04127d36c0e9 ] Request (SecurityGroupRulesTestJSON:test_security_group_rules_create): 200 POST http://10.180.1.21/compute/v2.1/os-security-group-rules 0.522s
2024-10-24 14:06:00.620 62121 INFO tempest.lib.common.rest_client [req-6afa3eb6-f6d2-4666-855e-7fdc52b7c3ff req-6afa3eb6-f6d2-4666-855e-7fdc52b7c3ff ] Request (ServerDiskConfigTestJSON:test_rebuild_server_with_manual_disk_config): 200 GET http://10.180.1.21/compute/v2.1/servers/569d7ab1-22b8-4006-bf0e-ff35032cb9a6 0.479s
2024-10-24 14:06:00.646 62105 INFO tempest.lib.common.rest_client [req-a5d84779-a211-4a27-8d3f-3907e4425029 req-a5d84779-a211-4a27-8d3f-3907e4425029 ] Request (VolumesAdminNegativeTest:test_update_attached_volume_with_nonexistent_volume_in_body): 200 GET http://10.180.1.21/compute/v2.1/servers/f708ec4a-7f1e-4bfa-b561-4b9bc5556d27 0.482s
2024-10-24 14:06:00.698 62125 INFO tempest.lib.common.rest_client [req-17876c09-679c-4b53-a3c3-087eddef0db5 req-17876c09-679c-4b53-a3c3-087eddef0db5 ] Request (ListServersNegativeTestJSON:setUpClass): 200 GET http://10.180.1.21/compute/v2.1/servers/0c7d1af9-54e9-435d-a0cc-687f793d4f43 0.492s
2024-10-24 14:06:00.707 62101 INFO tempest.lib.common.rest_client [req-cdbf8c4a-d3e2-403a-b7be-99c276579c38 req-cdbf8c4a-d3e2-403a-b7be-99c276579c38 ] Request (AttachVolumeTestJSON:test_attach_detach_volume): 200 GET http://10.180.1.21/compute/v2.1/servers/e5c81f8b-aac3-4cf8-9abb-444731f57206 0.468s
2024-10-24 14:06:00.765 62129 INFO tempest.lib.common.rest_client [req-3d37f80a-66c1-4285-b06a-ba4e711905b2 req-3d37f80a-66c1-4285-b06a-ba4e711905b2 ] Request (AttachInterfacesUnderV243Test:test_add_remove_fixed_ip): 200 GET http://10.180.1.21/compute/v2.1/servers/6c354d85-0252-4eb9-81e2-550a403bdbc5 0.492s
2024-10-24 14:06:00.769 62123 INFO tempest.lib.common.rest_client [req-5bdeeef3-c68b-4ba2-91a9-654cfde26fd4 req-5bdeeef3-c68b-4ba2-91a9-654cfde26fd4 ] Request (HypervisorAdminNegativeTestJSON:tearDownClass): 204 DELETE http://10.180.1.21:9696/networking/v2.0/security-groups/f7030c07-af75-4fc1-915d-3d5e136a4f81 0.285s
2024-10-24 14:06:00.770 62133 INFO tempest.lib.common.rest_client [req-7252ab10-caa3-4666-93bc-8fb91cbfcd5a req-7252ab10-caa3-4666-93bc-8fb91cbfcd5a ] Request (ServersTestMultiNic:test_verify_duplicate_network_nics): 200 GET http://10.180.1.21/compute/v2.1/servers/8d4c25cc-47d0-42e0-8fe9-49426175af68 0.458s
2024-10-24 14:06:00.842 62135 INFO tempest.lib.common.rest_client [req-a86a4956-4522-4c29-9e0d-2aa4273a3af8 req-a86a4956-4522-4c29-9e0d-2aa4273a3af8 ] Request (ServerAddressesTestJSON:setUpClass): 200 GET http://10.180.1.21/compute/v2.1/servers/2f5bd366-317e-4c18-956a-35d9cdbae9e2 0.285s
2024-10-24 14:06:00.860 62123 INFO tempest.lib.common.rest_client [req-8c5a0184-c887-4aba-8652-f0fdd561dbc1 req-8c5a0184-c887-4aba-8652-f0fdd561dbc1 ] Request (HypervisorAdminNegativeTestJSON:tearDownClass): 204 DELETE http://10.180.1.21/identity/v3/projects/d864eb4f419948588483ad0cafefd291 0.090s
2024-10-24 14:06:00.922 62157 INFO tempest.lib.common.rest_client [req-44391f67-95fb-4310-8c26-f4efc9e9057d req-44391f67-95fb-4310-8c26-f4efc9e9057d ] Request (DeleteServersAdminTestJSON:test_delete_server_while_in_error_state): 200 GET http://10.180.1.21/compute/v2.1/servers/e64fd277-10ae-494d-918a-2f3faa4e44d1 0.308s
2024-10-24 14:06:00.941 62123 INFO tempest.lib.common.rest_client [req-6d6010be-913b-4955-a2f1-f32de44ab0f1 req-6d6010be-913b-4955-a2f1-f32de44ab0f1 ] Request (ServerDiagnosticsTest:setUpClass): 201 POST http://10.180.1.21/identity/v3/auth/tokens 0.078s
2024-10-24 14:06:00.984 62161 INFO tempest.lib.common.rest_client [req-a5ab83c5-0436-4ee8-ba36-7437ca2ccc65 req-a5ab83c5-0436-4ee8-ba36-7437ca2ccc65 ] Request (SecurityGroupRulesTestJSON:test_security_group_rules_create_with_optional_cidr): 200 POST http://10.180.1.21/compute/v2.1/os-security-groups 0.400s
2024-10-24 14:06:00.985 62123 INFO tempest.lib.common.rest_client [req-e4727e43-6951-4fae-801d-aed699082c2c req-e4727e43-6951-4fae-801d-aed699082c2c ] Request (ServerDiagnosticsTest:setUpClass): 201 POST http://10.180.1.21/identity/v3/auth/tokens 0.037s
2024-10-24 14:06:01.026 62123 INFO tempest.lib.common.rest_client [req-038ec720-0c3a-4410-8aef-3601a40db930 req-038ec720-0c3a-4410-8aef-3601a40db930 ] Request (ServerDiagnosticsTest:setUpClass): 200 GET http://10.180.1.21/identity/v3/domains?name=Default 0.038s
2024-10-24 14:06:01.053 62145 INFO tempest.lib.common.rest_client [req-c044f298-0601-4dda-b009-dff9c9f9102f req-c044f298-0601-4dda-b009-dff9c9f9102f ] Request (ServersAdminTestJSON:setUpClass): 200 GET http://10.180.1.21/compute/v2.1/servers/f72e6538-7130-45a9-a722-ba60de3bda49 0.122s
2024-10-24 14:06:01.063 62123 INFO tempest.lib.common.rest_client [req-b9c506d5-5666-4a0f-a1ca-48203368c78c req-b9c506d5-5666-4a0f-a1ca-48203368c78c ] Request (ServerDiagnosticsTest:setUpClass): 201 POST http://10.180.1.21/identity/v3/projects 0.037s
2024-10-24 14:06:01.147 62123 INFO tempest.lib.common.rest_client [req-f443dec1-318f-453e-84ff-e29c797778e8 req-f443dec1-318f-453e-84ff-e29c797778e8 ] Request (ServerDiagnosticsTest:setUpClass): 201 POST http://10.180.1.21/identity/v3/users 0.083s
2024-10-24 14:06:01.166 62123 INFO tempest.lib.common.rest_client [req-89d1a31f-bdc2-41c9-a499-f3a0bf67d934 req-89d1a31f-bdc2-41c9-a499-f3a0bf67d934 ] Request (ServerDiagnosticsTest:setUpClass): 200 GET http://10.180.1.21/identity/v3/roles 0.018s
2024-10-24 14:06:01.197 62113 INFO tempest.lib.common.rest_client [req-40d460cf-eee1-4876-9c3b-2cefc6dfd56b req-40d460cf-eee1-4876-9c3b-2cefc6dfd56b ] Request (VolumesAssistedSnapshotsTest:tearDownClass): 204 DELETE http://10.180.1.21:9696/networking/v2.0/routers/e9a0549c-03d0-4ca5-8b49-b38141eda10e 0.917s
2024-10-24 14:06:01.200 62123 INFO tempest.lib.common.rest_client [req-203eb436-98c5-45b6-a9f1-d55421d8a62d req-203eb436-98c5-45b6-a9f1-d55421d8a62d ] Request (ServerDiagnosticsTest:setUpClass): 204 PUT http://10.180.1.21/identity/v3/projects/717c30385610400793faa971da525812/users/e2d5cabf716441a2aef356b324035b73/roles/38c90a16680640a798037e49f5448f78 0.034s
2024-10-24 14:06:01.200 62123 INFO tempest.lib.common.dynamic_creds [-] Dynamic test user e2d5cabf716441a2aef356b324035b73 is created with scope project and roles: ['member']
2024-10-24 14:06:01.201 62123 INFO tempest.lib.common.dynamic_creds [-] Acquired dynamic creds: credentials: Credentials: {'domain_id': 'default', 'domain_name': 'Default', 'username': 'tempest-ServerDiagnosticsTest-409090786-project-member', 'project_domain_id': 'default', 'project_domain_name': 'Default', 'project_id': '717c30385610400793faa971da525812', 'project_name': 'tempest-ServerDiagnosticsTest-409090786', 'tenant_id': '717c30385610400793faa971da525812', 'tenant_name': 'tempest-ServerDiagnosticsTest-409090786', 'user_domain_id': 'default', 'user_domain_name': 'Default', 'user_id': 'e2d5cabf716441a2aef356b324035b73', 'system': None}, Network: None, Subnet: None, Router: None
2024-10-24 14:06:01.201 62123 INFO tempest.lib.common.dynamic_creds [-] Created isolated network resources for: credentials: Credentials: {'domain_id': 'default', 'domain_name': 'Default', 'username': 'tempest-ServerDiagnosticsTest-409090786-project-member', 'project_domain_id': 'default', 'project_domain_name': 'Default', 'project_id': '717c30385610400793faa971da525812', 'project_name': 'tempest-ServerDiagnosticsTest-409090786', 'tenant_id': '717c30385610400793faa971da525812', 'tenant_name': 'tempest-ServerDiagnosticsTest-409090786', 'user_domain_id': 'default', 'user_domain_name': 'Default', 'user_id': 'e2d5cabf716441a2aef356b324035b73', 'system': None}, Network: None, Subnet: None, Router: None
2024-10-24 14:06:01.235 62151 INFO tempest.lib.common.rest_client [req-a28ec747-4b47-4928-810d-b0024f8d0a23 req-a28ec747-4b47-4928-810d-b0024f8d0a23 ] Request (ServerExternalEventsTest:test_create_server_external_events): 200 GET http://10.180.1.21/compute/v2.1/servers/d23d0d19-4806-4d5e-aa05-13aaf3c4a770 0.385s
2024-10-24 14:06:01.278 62161 INFO tempest.lib.common.rest_client [req-1c417364-eb7e-43d9-8d27-b1a9b314cf9e req-1c417364-eb7e-43d9-8d27-b1a9b314cf9e ] Request (SecurityGroupRulesTestJSON:test_security_group_rules_create_with_optional_cidr): 200 POST http://10.180.1.21/compute/v2.1/os-security-group-rules 0.290s
2024-10-24 14:06:01.317 62123 INFO tempest.lib.common.rest_client [req-2c1bccaa-278c-479a-8422-8d371f7d7d92 req-2c1bccaa-278c-479a-8422-8d371f7d7d92 ] Request (ServerDiagnosticsTest:setUpClass): 201 POST http://10.180.1.21/identity/v3/auth/tokens 0.111s
2024-10-24 14:06:01.344 62141 INFO tempest.lib.common.rest_client [req-170d36ed-5f62-4c95-ade2-3e1a161d020b req-170d36ed-5f62-4c95-ade2-3e1a161d020b ] Request (ServersTestFqdnHostnames:test_create_server_with_fqdn_name): 200 GET http://10.180.1.21/compute/v2.1/servers/6b3ecea4-fe20-4b6c-a987-59c20731b9ac 0.340s
2024-10-24 14:06:01.358 62119 INFO tempest.lib.common.rest_client [req-076ff6bc-f465-49e6-b434-9d210d42ae16 req-076ff6bc-f465-49e6-b434-9d210d42ae16 ] Request (ServersTestManualDisk:setUpClass): 200 GET http://10.180.1.21/compute/v2.1/servers/95604a75-0ab3-45d9-a235-9067e615e72a 0.277s
2024-10-24 14:06:01.386 62115 INFO tempest.lib.common.rest_client [req-6895eb35-ae34-46a8-b86f-aa54eea5326b req-6895eb35-ae34-46a8-b86f-aa54eea5326b ] Request (FloatingIPDetailsNegativeTestJSON:setUpClass): 200 PUT http://10.180.1.21:9696/networking/v2.0/routers/eee2077a-80f1-4156-9511-ae903a355dc4/add_router_interface 2.004s
2024-10-24 14:06:01.386 62115 INFO tempest.lib.common.dynamic_creds [-] Created isolated network resources for: credentials: Credentials: {'domain_id': 'default', 'domain_name': 'Default', 'username': 'tempest-FloatingIPDetailsNegativeTestJSON-1351407320-project-member', 'project_domain_id': 'default', 'project_domain_name': 'Default', 'project_id': '61453b91f035400bad0ab9964d6304fd', 'project_name': 'tempest-FloatingIPDetailsNegativeTestJSON-1351407320', 'tenant_id': '61453b91f035400bad0ab9964d6304fd', 'tenant_name': 'tempest-FloatingIPDetailsNegativeTestJSON-1351407320', 'user_domain_id': 'default', 'user_domain_name': 'Default', 'user_id': '8fc4f93aaa184e4d84fbd8b1ecc7d64f', 'system': None}, Network: {'id': 'fc2db470-61ae-41c0-beab-10b58210e267', 'name': 'tempest-FloatingIPDetailsNegativeTestJSON-566073193-network', 'tenant_id': '61453b91f035400bad0ab9964d6304fd', 'admin_state_up': True, 'mtu': 8950, 'status': 'ACTIVE', 'subnets': [], 'shared': False, 'project_id': '61453b91f035400bad0ab9964d6304fd', 'port_security_enabled': True, 'router:external': False, 'provider:network_type': 'vlan', 'provider:physical_network': 'default', 'provider:segmentation_id': 487, 'is_default': False, 'availability_zone_hints': [], 'availability_zones': [], 'ipv4_address_scope': None, 'ipv6_address_scope': None, 'description': '', 'tags': [], 'created_at': '2024-10-24T14:05:57Z', 'updated_at': '2024-10-24T14:05:57Z', 'revision_number': 1}, Subnet: {'id': 'baa54d24-5b8c-44e4-b55b-161f63fc324a', 'name': 'tempest-FloatingIPDetailsNegativeTestJSON-566073193-subnet', 'tenant_id': '61453b91f035400bad0ab9964d6304fd', 'network_id': 'fc2db470-61ae-41c0-beab-10b58210e267', 'ip_version': 4, 'subnetpool_id': None, 'enable_dhcp': True, 'ipv6_ra_mode': None, 'ipv6_address_mode': None, 'gateway_ip': '192.168.128.1', 'cidr': '192.168.128.0/28', 'allocation_pools': [{'start': '192.168.128.2', 'end': '192.168.128.14'}], 'host_routes': [], 'dns_nameservers': [], 'description': '', 'router:external': False, 'service_types': [], 'tags': [], 'created_at': '2024-10-24T14:05:58Z', 'updated_at': '2024-10-24T14:05:58Z', 'revision_number': 0, 'project_id': '61453b91f035400bad0ab9964d6304fd'}, Router: {'id': 'eee2077a-80f1-4156-9511-ae903a355dc4', 'name': 'tempest-FloatingIPDetailsNegativeTestJSON-566073193-router', 'tenant_id': '61453b91f035400bad0ab9964d6304fd', 'admin_state_up': True, 'status': 'ACTIVE', 'external_gateway_info': {'network_id': 'bee216b1-2ee9-4465-89bd-0f7df535cca7', 'external_fixed_ips': [{'subnet_id': 'c8a08114-86d5-49f8-8a4f-6eb09234fef7', 'ip_address': '10.180.180.188'}], 'enable_snat': True}, 'description': '', 'availability_zones': [], 'distributed': False, 'ha': False, 'availability_zone_hints': [], 'routes': [], 'flavor_id': None, 'tags': [], 'created_at': '2024-10-24T14:05:58Z', 'updated_at': '2024-10-24T14:05:58Z', 'revision_number': 2, 'project_id': '61453b91f035400bad0ab9964d6304fd'}
2024-10-24 14:06:01.404 62137 INFO tempest.lib.common.rest_client [req-9bc0f6bb-a4f6-4370-9e6d-becb0a01a643 req-9bc0f6bb-a4f6-4370-9e6d-becb0a01a643 ] Request (ServerDiagnosticsNegativeTest:test_get_server_diagnostics_by_non_admin): 200 GET http://10.180.1.21/compute/v2.1/servers/ebea667f-6495-41c0-88b3-a9c61390558d 0.281s
2024-10-24 14:06:01.413 62123 INFO tempest.lib.common.rest_client [req-f234f881-44a6-4104-997e-164d0ed7d049 req-f234f881-44a6-4104-997e-164d0ed7d049 ] Request (ServerDiagnosticsTest:setUpClass): 201 POST http://10.180.1.21/identity/v3/projects 0.096s
2024-10-24 14:06:01.421 62156 INFO tempest.lib.common.rest_client [req-46a50af2-5bdf-47b4-b018-724c18c73d3a req-46a50af2-5bdf-47b4-b018-724c18c73d3a ] Request (ImagesOneServerNegativeTestJSON:setUpClass): 200 GET http://10.180.1.21/compute/v2.1/servers/4b0abc14-0ce2-4212-8677-82f6279ee107 0.257s
2024-10-24 14:06:01.425 62113 INFO tempest.lib.common.rest_client [req-5fe0e827-eabb-4fae-bf5b-b62c268689b0 req-5fe0e827-eabb-4fae-bf5b-b62c268689b0 ] Request (VolumesAssistedSnapshotsTest:tearDownClass): 204 DELETE http://10.180.1.21:9696/networking/v2.0/subnets/c253b71d-0d55-4aa8-9285-827cb13511f7 0.227s
2024-10-24 14:06:01.464 62111 INFO tempest.lib.common.rest_client [req-54a881d8-917c-417b-b547-992b68174b2d req-54a881d8-917c-417b-b547-992b68174b2d ] Request (ServersTestBootFromVolume:setUpClass): 200 GET http://10.180.1.21/compute/v2.1/servers/73a96c0e-a08b-46c9-b700-25544e17c73d 0.271s
2024-10-24 14:06:01.474 62123 INFO tempest.lib.common.rest_client [req-388330f9-5125-4f67-9ba8-1d721f20aa51 req-388330f9-5125-4f67-9ba8-1d721f20aa51 ] Request (ServerDiagnosticsTest:setUpClass): 201 POST http://10.180.1.21/identity/v3/users 0.060s
2024-10-24 14:06:01.475 62143 INFO tempest.lib.common.rest_client [req-dc68da02-2a64-4420-ad80-48a235a0053b req-dc68da02-2a64-4420-ad80-48a235a0053b ] Request (MigrationsAdminTest:test_resize_server_revert_deleted_flavor): 200 GET http://10.180.1.21/compute/v2.1/servers/f9edb738-210e-4f85-8062-7759fa9033ea 0.241s
2024-10-24 14:06:01.477 62115 INFO tempest.lib.common.rest_client [req-e391419a-0ab3-45f5-a8bd-ef72c60eaeda req-e391419a-0ab3-45f5-a8bd-ef72c60eaeda ] Request (FloatingIPDetailsNegativeTestJSON:setUpClass): 201 POST http://10.180.1.21/identity/v3/auth/tokens 0.085s
2024-10-24 14:06:01.494 62123 INFO tempest.lib.common.rest_client [req-e12f2178-4db3-4595-82ed-0cc2c7ef902d req-e12f2178-4db3-4595-82ed-0cc2c7ef902d ] Request (ServerDiagnosticsTest:setUpClass): 200 GET http://10.180.1.21/identity/v3/roles 0.019s
2024-10-24 14:06:01.518 62123 INFO tempest.lib.common.rest_client [req-ba8e16ee-1653-4033-b8dc-08b7460a4069 req-ba8e16ee-1653-4033-b8dc-08b7460a4069 ] Request (ServerDiagnosticsTest:setUpClass): 204 PUT http://10.180.1.21/identity/v3/projects/27110d16c4a84c0285a9d84dd6eeff30/users/195c88e66ebc4fee9758fb4dc83b642e/roles/9bfe83cba8e84171a633c319e2a68bc8 0.024s
2024-10-24 14:06:01.522 62127 INFO tempest.lib.common.rest_client [req-1ce388a9-03ce-4bce-8721-aeeaece63b2e req-1ce388a9-03ce-4bce-8721-aeeaece63b2e ] Request (ListServerFiltersTestJSON:setUpClass): 200 GET http://10.180.1.21/compute/v2.1/servers/b56dd330-d31c-4e42-baf9-d9897c55e633 0.258s
2024-10-24 14:06:01.570 62109 INFO tempest.lib.common.rest_client [req-fd0a4985-c7d3-406a-a520-c5f51cf9fb8c req-fd0a4985-c7d3-406a-a520-c5f51cf9fb8c ] Request (ServerActionsTestOtherB:setUpClass): 200 GET http://10.180.1.21/compute/v2.1/servers/05cefc82-3585-4d0b-8620-91412b3ef69e 0.244s
2024-10-24 14:06:01.572 62123 INFO tempest.lib.common.rest_client [req-a187e4ce-7958-4976-85ec-68544e385a32 req-a187e4ce-7958-4976-85ec-68544e385a32 ] Request (ServerDiagnosticsTest:setUpClass): 200 GET http://10.180.1.21/identity/v3/roles 0.053s
2024-10-24 14:06:01.578 62161 INFO tempest.lib.common.rest_client [req-22cf122c-2f80-42e7-beda-b21961413f1f req-22cf122c-2f80-42e7-beda-b21961413f1f ] Request (SecurityGroupRulesTestJSON:test_security_group_rules_create_with_optional_group_id): 200 POST http://10.180.1.21/compute/v2.1/os-security-groups 0.296s
2024-10-24 14:06:01.596 62123 INFO tempest.lib.common.rest_client [req-1bccf428-1144-4fa5-9b2f-d64ea7cf8a21 req-1bccf428-1144-4fa5-9b2f-d64ea7cf8a21 ] Request (ServerDiagnosticsTest:setUpClass): 204 PUT http://10.180.1.21/identity/v3/projects/27110d16c4a84c0285a9d84dd6eeff30/users/195c88e66ebc4fee9758fb4dc83b642e/roles/9bfe83cba8e84171a633c319e2a68bc8 0.024s
2024-10-24 14:06:01.596 62123 INFO tempest.lib.common.dynamic_creds [-] Dynamic test user 195c88e66ebc4fee9758fb4dc83b642e is created with scope project and roles: ['admin']
2024-10-24 14:06:01.597 62123 INFO tempest.lib.common.dynamic_creds [-] Acquired dynamic creds: credentials: Credentials: {'domain_id': 'default', 'domain_name': 'Default', 'username': 'tempest-ServerDiagnosticsTest-693115024-project-admin', 'project_domain_id': 'default', 'project_domain_name': 'Default', 'project_id': '27110d16c4a84c0285a9d84dd6eeff30', 'project_name': 'tempest-ServerDiagnosticsTest-693115024', 'tenant_id': '27110d16c4a84c0285a9d84dd6eeff30', 'tenant_name': 'tempest-ServerDiagnosticsTest-693115024', 'user_domain_id': 'default', 'user_domain_name': 'Default', 'user_id': '195c88e66ebc4fee9758fb4dc83b642e', 'system': None}, Network: None, Subnet: None, Router: None
2024-10-24 14:06:01.597 62123 INFO tempest.lib.common.dynamic_creds [-] Created isolated network resources for: credentials: Credentials: {'domain_id': 'default', 'domain_name': 'Default', 'username': 'tempest-ServerDiagnosticsTest-693115024-project-admin', 'project_domain_id': 'default', 'project_domain_name': 'Default', 'project_id': '27110d16c4a84c0285a9d84dd6eeff30', 'project_name': 'tempest-ServerDiagnosticsTest-693115024', 'tenant_id': '27110d16c4a84c0285a9d84dd6eeff30', 'tenant_name': 'tempest-ServerDiagnosticsTest-693115024', 'user_domain_id': 'default', 'user_domain_name': 'Default', 'user_id': '195c88e66ebc4fee9758fb4dc83b642e', 'system': None}, Network: None, Subnet: None, Router: None
2024-10-24 14:06:01.626 62153 INFO tempest.lib.common.rest_client [req-0686f7f4-21ec-477f-a22b-62b55b2b57f1 req-0686f7f4-21ec-477f-a22b-62b55b2b57f1 ] Request (ServerRescueTestJSON:setUpClass): 200 GET http://10.180.1.21/compute/v2.1/servers/528a2095-e82e-44eb-a4a1-dacde88966bb 0.229s
2024-10-24 14:06:01.641 62103 INFO tempest.lib.common.rest_client [req-1796a718-7ceb-4912-978e-6ac753f9956f req-1796a718-7ceb-4912-978e-6ac753f9956f ] Request (ServersAaction247Test:tearDownClass): 200 GET http://10.180.1.21/compute/v2.1/servers/e23fd777-66f7-4ee1-bdcb-fe19c55f955c 0.286s
2024-10-24 14:06:01.674 62131 INFO tempest.lib.common.rest_client [req-8a191d3b-f8e1-47d0-b9dd-815f07a5d1be req-8a191d3b-f8e1-47d0-b9dd-815f07a5d1be ] Request (AttachInterfacesV270Test:test_create_get_list_interfaces): 200 GET http://10.180.1.21/compute/v2.1/servers/3e6732aa-a878-4bde-9299-abd779f2a109 0.250s
2024-10-24 14:06:01.674 62123 INFO tempest.lib.common.rest_client [req-05f95f3d-b55c-4f5a-8b4b-69f8f6dfebe4 req-05f95f3d-b55c-4f5a-8b4b-69f8f6dfebe4 ] Request (ServerDiagnosticsTest:setUpClass): 201 POST http://10.180.1.21/identity/v3/auth/tokens 0.072s
2024-10-24 14:06:01.727 62163 INFO tempest.lib.common.rest_client [req-f65cf5c0-e64e-428d-a796-9eceba69d180 req-f65cf5c0-e64e-428d-a796-9eceba69d180 ] Request (InstanceActionsV221TestJSON:test_get_list_deleted_instance_actions): 200 GET http://10.180.1.21/compute/v2.1/servers/71fe23a8-1108-4781-9a35-0156cb9d584d 0.243s
2024-10-24 14:06:01.733 62123 INFO tempest.lib.common.rest_client [req-bf8b02f1-32b2-43d2-947e-13f442937408 req-bf8b02f1-32b2-43d2-947e-13f442937408 ] Request (ServerDiagnosticsTest:test_get_server_diagnostics): 201 POST http://10.180.1.21/identity/v3/auth/tokens 0.054s
2024-10-24 14:06:01.734 62123 INFO tempest.lib.common.fixed_network [-] (ServerDiagnosticsTest:test_get_server_diagnostics) Found network None available for tenant
2024-10-24 14:06:01.759 62113 INFO tempest.lib.common.rest_client [req-0e586873-478a-4da3-b5ec-7bf8d8c8319d req-0e586873-478a-4da3-b5ec-7bf8d8c8319d ] Request (VolumesAssistedSnapshotsTest:tearDownClass): 204 DELETE http://10.180.1.21:9696/networking/v2.0/networks/7ef8972c-16bd-406e-8741-bcde4b4d7636 0.334s
2024-10-24 14:06:01.775 62107 INFO tempest.lib.common.rest_client [req-4ef495be-0758-4d37-b3a4-a6cb39491b4a req-4ef495be-0758-4d37-b3a4-a6cb39491b4a ] Request (SecurityGroupsTestJSON:test_list_security_groups_by_server): 200 GET http://10.180.1.21/compute/v2.1/servers/42135fac-aef7-47d9-9afe-5ac2351bb07c 0.222s
2024-10-24 14:06:01.797 62115 INFO tempest.lib.common.rest_client [req-9e459105-b6f7-499e-bdca-45d0afe6aa3c req-9e459105-b6f7-499e-bdca-45d0afe6aa3c ] Request (FloatingIPDetailsNegativeTestJSON:test_get_nonexistent_floating_ip_details): 404 GET http://10.180.1.21/compute/v2.1/os-floating-ips/71679d45-f127-429b-8e36-a62d31dee44e 0.318s
2024-10-24 14:06:01.856 62121 INFO tempest.lib.common.rest_client [req-70540776-7e48-4185-824a-584260589d65 req-70540776-7e48-4185-824a-584260589d65 ] Request (ServerDiskConfigTestJSON:test_rebuild_server_with_manual_disk_config): 200 GET http://10.180.1.21/compute/v2.1/servers/569d7ab1-22b8-4006-bf0e-ff35032cb9a6 0.227s
2024-10-24 14:06:01.876 62161 INFO tempest.lib.common.rest_client [req-ec7db309-9ce5-46bf-824a-3d4350800828 req-ec7db309-9ce5-46bf-824a-3d4350800828 ] Request (SecurityGroupRulesTestJSON:test_security_group_rules_create_with_optional_group_id): 200 POST http://10.180.1.21/compute/v2.1/os-security-groups 0.296s
2024-10-24 14:06:01.910 62105 INFO tempest.lib.common.rest_client [req-add8b2b2-9036-4e54-b1d7-df17703b18f3 req-add8b2b2-9036-4e54-b1d7-df17703b18f3 ] Request (VolumesAdminNegativeTest:test_update_attached_volume_with_nonexistent_volume_in_body): 200 GET http://10.180.1.21/compute/v2.1/servers/f708ec4a-7f1e-4bfa-b561-4b9bc5556d27 0.254s
2024-10-24 14:06:01.936 62125 INFO tempest.lib.common.rest_client [req-7794a9de-ec19-4f89-98fc-831c2427e655 req-7794a9de-ec19-4f89-98fc-831c2427e655 ] Request (ListServersNegativeTestJSON:setUpClass): 200 GET http://10.180.1.21/compute/v2.1/servers/0c7d1af9-54e9-435d-a0cc-687f793d4f43 0.226s
2024-10-24 14:06:01.981 62101 INFO tempest.lib.common.rest_client [req-e216e69f-aef1-43bf-927e-0940e6353021 req-e216e69f-aef1-43bf-927e-0940e6353021 ] Request (AttachVolumeTestJSON:test_attach_detach_volume): 200 GET http://10.180.1.21/compute/v2.1/servers/e5c81f8b-aac3-4cf8-9abb-444731f57206 0.266s
2024-10-24 14:06:02.043 62133 INFO tempest.lib.common.rest_client [req-6debe15b-6e48-4b57-83ef-2b422c57b6e8 req-6debe15b-6e48-4b57-83ef-2b422c57b6e8 ] Request (ServersTestMultiNic:test_verify_duplicate_network_nics): 200 GET http://10.180.1.21/compute/v2.1/servers/8d4c25cc-47d0-42e0-8fe9-49426175af68 0.262s
2024-10-24 14:06:02.103 62129 INFO tempest.lib.common.rest_client [req-83dbb403-ba1f-4cbf-9a86-d398fd156a4d req-83dbb403-ba1f-4cbf-9a86-d398fd156a4d ] Request (AttachInterfacesUnderV243Test:test_add_remove_fixed_ip): 200 GET http://10.180.1.21/compute/v2.1/servers/6c354d85-0252-4eb9-81e2-550a403bdbc5 0.320s
2024-10-24 14:06:02.182 62123 INFO tempest.lib.common.rest_client [req-cbbcbe13-18c5-42d9-8b85-aabe13fc6212 req-cbbcbe13-18c5-42d9-8b85-aabe13fc6212 ] Request (ServerDiagnosticsTest:test_get_server_diagnostics): 202 POST http://10.180.1.21/compute/v2.1/servers 0.447s
2024-10-24 14:06:02.307 62135 INFO tempest.lib.common.rest_client [req-1d625cd6-a77e-4d2e-90d6-80eefa7a34f7 req-1d625cd6-a77e-4d2e-90d6-80eefa7a34f7 ] Request (ServerAddressesTestJSON:setUpClass): 200 GET http://10.180.1.21/compute/v2.1/servers/2f5bd366-317e-4c18-956a-35d9cdbae9e2 0.453s
2024-10-24 14:06:02.361 62161 INFO tempest.lib.common.rest_client [req-5edd8c20-a007-4d63-ac12-9865e8afe0a5 req-5edd8c20-a007-4d63-ac12-9865e8afe0a5 ] Request (SecurityGroupRulesTestJSON:test_security_group_rules_create_with_optional_group_id): 200 POST http://10.180.1.21/compute/v2.1/os-security-group-rules 0.483s
2024-10-24 14:06:02.363 62157 INFO tempest.lib.common.rest_client [req-a7061f9e-978a-4829-bdc8-25d2c13f7541 req-a7061f9e-978a-4829-bdc8-25d2c13f7541 ] Request (DeleteServersAdminTestJSON:test_delete_server_while_in_error_state): 200 GET http://10.180.1.21/compute/v2.1/servers/e64fd277-10ae-494d-918a-2f3faa4e44d1 0.423s
2024-10-24 14:06:02.363 62161 WARNING tempest.lib.common.rest_client [-] Deprecated: "tenant_id" property is deprecated for removal, use "project_id" instead
2024-10-24 14:06:02.414 62123 INFO tempest.lib.common.rest_client [req-a08753a1-dd48-4e22-9422-ff306b1081e0 req-a08753a1-dd48-4e22-9422-ff306b1081e0 ] Request (ServerDiagnosticsTest:test_get_server_diagnostics): 200 GET http://10.180.1.21/compute/v2.1/servers/cb8d2bd7-ca6a-4465-8daa-9f15b13c9e2b 0.231s
2024-10-24 14:06:02.425 62145 INFO tempest.lib.common.rest_client [req-c100e118-00ff-445f-bf31-4e731b0ea4d4 req-c100e118-00ff-445f-bf31-4e731b0ea4d4 ] Request (ServersAdminTestJSON:setUpClass): 200 GET http://10.180.1.21/compute/v2.1/servers/f72e6538-7130-45a9-a722-ba60de3bda49 0.365s
2024-10-24 14:06:02.473 62151 INFO tempest.lib.common.rest_client [req-40290338-40de-432a-a593-fbe102a83b49 req-40290338-40de-432a-a593-fbe102a83b49 ] Request (ServerExternalEventsTest:test_create_server_external_events): 200 GET http://10.180.1.21/compute/v2.1/servers/d23d0d19-4806-4d5e-aa05-13aaf3c4a770 0.230s
2024-10-24 14:06:02.488 62141 INFO tempest.lib.common.rest_client [req-e05d4755-7279-409b-b4e3-e9249caffafc req-e05d4755-7279-409b-b4e3-e9249caffafc ] Request (ServersTestFqdnHostnames:test_create_server_with_fqdn_name): 200 GET http://10.180.1.21/compute/v2.1/servers/6b3ecea4-fe20-4b6c-a987-59c20731b9ac 0.136s
2024-10-24 14:06:02.538 62119 INFO tempest.lib.common.rest_client [req-03ec2740-b472-4138-a96d-bf99dcd55e32 req-03ec2740-b472-4138-a96d-bf99dcd55e32 ] Request (ServersTestManualDisk:setUpClass): 200 GET http://10.180.1.21/compute/v2.1/servers/95604a75-0ab3-45d9-a235-9067e615e72a 0.171s
2024-10-24 14:06:02.592 62137 INFO tempest.lib.common.rest_client [req-f522fc33-51f2-474f-ae7d-dd8b6ada1b73 req-f522fc33-51f2-474f-ae7d-dd8b6ada1b73 ] Request (ServerDiagnosticsNegativeTest:test_get_server_diagnostics_by_non_admin): 200 GET http://10.180.1.21/compute/v2.1/servers/ebea667f-6495-41c0-88b3-a9c61390558d 0.178s
2024-10-24 14:06:02.638 62156 INFO tempest.lib.common.rest_client [req-bcc4cafa-3e83-4186-919b-ea51ea01b889 req-bcc4cafa-3e83-4186-919b-ea51ea01b889 ] Request (ImagesOneServerNegativeTestJSON:setUpClass): 200 GET http://10.180.1.21/compute/v2.1/servers/4b0abc14-0ce2-4212-8677-82f6279ee107 0.206s
2024-10-24 14:06:02.684 62111 INFO tempest.lib.common.rest_client [req-5780b6f6-6cee-400b-8d15-98a072ee2875 req-5780b6f6-6cee-400b-8d15-98a072ee2875 ] Request (ServersTestBootFromVolume:setUpClass): 200 GET http://10.180.1.21/compute/v2.1/servers/73a96c0e-a08b-46c9-b700-25544e17c73d 0.211s
2024-10-24 14:06:02.727 62161 INFO tempest.lib.common.rest_client [req-b84413f4-d49e-4b37-89bb-af957a189287 req-b84413f4-d49e-4b37-89bb-af957a189287 ] Request (SecurityGroupRulesTestJSON:test_security_group_rules_delete_when_peer_group_deleted): 200 POST http://10.180.1.21/compute/v2.1/os-security-groups 0.361s
2024-10-24 14:06:02.743 62143 INFO tempest.lib.common.rest_client [req-4a1b6072-a510-4362-96b9-2b556cc32357 req-4a1b6072-a510-4362-96b9-2b556cc32357 ] Request (MigrationsAdminTest:test_resize_server_revert_deleted_flavor): 200 GET http://10.180.1.21/compute/v2.1/servers/f9edb738-210e-4f85-8062-7759fa9033ea 0.259s
2024-10-24 14:06:02.809 62109 INFO tempest.lib.common.rest_client [req-59830e5c-086c-41bf-b0c1-a82274de2f1e req-59830e5c-086c-41bf-b0c1-a82274de2f1e ] Request (ServerActionsTestOtherB:setUpClass): 200 GET http://10.180.1.21/compute/v2.1/servers/05cefc82-3585-4d0b-8620-91412b3ef69e 0.231s
2024-10-24 14:06:02.812 62127 INFO tempest.lib.common.rest_client [req-c2015640-a546-417d-bafa-e5b98c10b221 req-c2015640-a546-417d-bafa-e5b98c10b221 ] Request (ListServerFiltersTestJSON:setUpClass): 200 GET http://10.180.1.21/compute/v2.1/servers/b56dd330-d31c-4e42-baf9-d9897c55e633 0.283s
2024-10-24 14:06:02.861 62153 INFO tempest.lib.common.rest_client [req-f5b4743f-a8c7-4970-ae48-521486202be5 req-f5b4743f-a8c7-4970-ae48-521486202be5 ] Request (ServerRescueTestJSON:setUpClass): 200 GET http://10.180.1.21/compute/v2.1/servers/528a2095-e82e-44eb-a4a1-dacde88966bb 0.228s
2024-10-24 14:06:02.867 62153 INFO tempest.common.waiters [-] State transition "BUILD/None" ==> "BUILD/networking" after 55 second wait
2024-10-24 14:06:02.888 62103 INFO tempest.lib.common.rest_client [req-cb0e204a-4307-4749-a547-04bd93408a34 req-cb0e204a-4307-4749-a547-04bd93408a34 ] Request (ServersAaction247Test:tearDownClass): 200 GET http://10.180.1.21/compute/v2.1/servers/e23fd777-66f7-4ee1-bdcb-fe19c55f955c 0.237s
2024-10-24 14:06:02.908 62131 INFO tempest.lib.common.rest_client [req-15e1ec19-f5de-4f08-8d0a-9dd13c7f88e2 req-15e1ec19-f5de-4f08-8d0a-9dd13c7f88e2 ] Request (AttachInterfacesV270Test:test_create_get_list_interfaces): 200 GET http://10.180.1.21/compute/v2.1/servers/3e6732aa-a878-4bde-9299-abd779f2a109 0.225s
2024-10-24 14:06:02.960 62163 INFO tempest.lib.common.rest_client [req-aaaf5363-9866-4885-8483-ae8a3f231c71 req-aaaf5363-9866-4885-8483-ae8a3f231c71 ] Request (InstanceActionsV221TestJSON:test_get_list_deleted_instance_actions): 200 GET http://10.180.1.21/compute/v2.1/servers/71fe23a8-1108-4781-9a35-0156cb9d584d 0.221s
2024-10-24 14:06:03.017 62107 INFO tempest.lib.common.rest_client [req-25707400-65bb-4e66-a98c-354c6c7965d2 req-25707400-65bb-4e66-a98c-354c6c7965d2 ] Request (SecurityGroupsTestJSON:test_list_security_groups_by_server): 200 GET http://10.180.1.21/compute/v2.1/servers/42135fac-aef7-47d9-9afe-5ac2351bb07c 0.234s
2024-10-24 14:06:03.073 62121 INFO tempest.lib.common.rest_client [req-75ba97c3-91b2-4629-9b4c-d6e2e5909383 req-75ba97c3-91b2-4629-9b4c-d6e2e5909383 ] Request (ServerDiskConfigTestJSON:test_rebuild_server_with_manual_disk_config): 200 GET http://10.180.1.21/compute/v2.1/servers/569d7ab1-22b8-4006-bf0e-ff35032cb9a6 0.208s
2024-10-24 14:06:03.126 62105 INFO tempest.lib.common.rest_client [req-cb5f2163-cafd-4975-9059-bbb1efcc1b0d req-cb5f2163-cafd-4975-9059-bbb1efcc1b0d ] Request (VolumesAdminNegativeTest:test_update_attached_volume_with_nonexistent_volume_in_body): 200 GET http://10.180.1.21/compute/v2.1/servers/f708ec4a-7f1e-4bfa-b561-4b9bc5556d27 0.207s
2024-10-24 14:06:03.179 62125 INFO tempest.lib.common.rest_client [req-15a838a4-8c2e-4f91-8602-90f715269732 req-15a838a4-8c2e-4f91-8602-90f715269732 ] Request (ListServersNegativeTestJSON:setUpClass): 200 GET http://10.180.1.21/compute/v2.1/servers/0c7d1af9-54e9-435d-a0cc-687f793d4f43 0.228s
2024-10-24 14:06:03.190 62161 INFO tempest.lib.common.rest_client [req-8a91e408-3f13-4244-bae7-426ae8331f83 req-8a91e408-3f13-4244-bae7-426ae8331f83 ] Request (SecurityGroupRulesTestJSON:test_security_group_rules_delete_when_peer_group_deleted): 200 POST http://10.180.1.21/compute/v2.1/os-security-groups 0.460s
2024-10-24 14:06:03.233 62101 INFO tempest.lib.common.rest_client [req-f00d338c-6e74-4c7a-90c9-0614c52334e1 req-f00d338c-6e74-4c7a-90c9-0614c52334e1 ] Request (AttachVolumeTestJSON:test_attach_detach_volume): 200 GET http://10.180.1.21/compute/v2.1/servers/e5c81f8b-aac3-4cf8-9abb-444731f57206 0.237s
2024-10-24 14:06:03.264 62133 INFO tempest.lib.common.rest_client [req-0df2492e-3633-4e95-9b6b-c8e94b201e70 req-0df2492e-3633-4e95-9b6b-c8e94b201e70 ] Request (ServersTestMultiNic:test_verify_duplicate_network_nics): 200 GET http://10.180.1.21/compute/v2.1/servers/8d4c25cc-47d0-42e0-8fe9-49426175af68 0.210s
2024-10-24 14:06:03.310 62129 INFO tempest.lib.common.rest_client [req-e5234301-e596-4c25-bda5-0484f67c1d8a req-e5234301-e596-4c25-bda5-0484f67c1d8a ] Request (AttachInterfacesUnderV243Test:test_add_remove_fixed_ip): 200 GET http://10.180.1.21/compute/v2.1/servers/6c354d85-0252-4eb9-81e2-550a403bdbc5 0.198s
2024-10-24 14:06:03.323 62129 INFO tempest.common.waiters [-] State transition "BUILD/spawning" ==> "BUILD/scheduling" after 63 second wait
2024-10-24 14:06:03.364 62135 INFO tempest.lib.common.rest_client [req-917e1d26-fa32-4935-b305-244307e7b2b6 req-917e1d26-fa32-4935-b305-244307e7b2b6 ] Request (ServerAddressesTestJSON:setUpClass): 200 GET http://10.180.1.21/compute/v2.1/servers/2f5bd366-317e-4c18-956a-35d9cdbae9e2 0.049s
2024-10-24 14:06:03.432 62157 INFO tempest.lib.common.rest_client [req-2ca05ac4-9017-4b2f-9859-0a3ce494c88e req-2ca05ac4-9017-4b2f-9859-0a3ce494c88e ] Request (DeleteServersAdminTestJSON:test_delete_server_while_in_error_state): 200 GET http://10.180.1.21/compute/v2.1/servers/e64fd277-10ae-494d-918a-2f3faa4e44d1 0.059s
2024-10-24 14:06:03.493 62123 INFO tempest.lib.common.rest_client [req-1070035c-f98f-4995-ae06-5d628ae05607 req-1070035c-f98f-4995-ae06-5d628ae05607 ] Request (ServerDiagnosticsTest:test_get_server_diagnostics): 200 GET http://10.180.1.21/compute/v2.1/servers/cb8d2bd7-ca6a-4465-8daa-9f15b13c9e2b 0.071s
2024-10-24 14:06:03.530 62115 INFO tempest.lib.common.rest_client [req-29088163-9ead-4d3b-a4f9-ffba1f15178e req-29088163-9ead-4d3b-a4f9-ffba1f15178e ] Request (FloatingIPDetailsNegativeTestJSON:tearDownClass): 200 PUT http://10.180.1.21:9696/networking/v2.0/routers/eee2077a-80f1-4156-9511-ae903a355dc4/remove_router_interface 1.730s
2024-10-24 14:06:03.535 62113 INFO tempest.lib.common.rest_client [req-3be76e15-2308-4fa7-a1e1-1c05d7af6e57 req-3be76e15-2308-4fa7-a1e1-1c05d7af6e57 ] Request (VolumesAssistedSnapshotsTest:tearDownClass): 200 PUT http://10.180.1.21:9696/networking/v2.0/routers/21780338-ced8-4f3e-b82d-ba4e88ebca77/remove_router_interface 1.775s
2024-10-24 14:06:03.549 62145 INFO tempest.lib.common.rest_client [req-7b50b555-2c1e-4162-8ef1-6207268a8ef6 req-7b50b555-2c1e-4162-8ef1-6207268a8ef6 ] Request (ServersAdminTestJSON:setUpClass): 200 GET http://10.180.1.21/compute/v2.1/servers/f72e6538-7130-45a9-a722-ba60de3bda49 0.116s
2024-10-24 14:06:03.623 62151 INFO tempest.lib.common.rest_client [req-634eca50-2fa1-4109-8686-ac3a92722c93 req-634eca50-2fa1-4109-8686-ac3a92722c93 ] Request (ServerExternalEventsTest:test_create_server_external_events): 200 GET http://10.180.1.21/compute/v2.1/servers/d23d0d19-4806-4d5e-aa05-13aaf3c4a770 0.137s
2024-10-24 14:06:03.672 62141 INFO tempest.lib.common.rest_client [req-0bb0ee95-2204-4265-865a-bc70bf6890b6 req-0bb0ee95-2204-4265-865a-bc70bf6890b6 ] Request (ServersTestFqdnHostnames:test_create_server_with_fqdn_name): 200 GET http://10.180.1.21/compute/v2.1/servers/6b3ecea4-fe20-4b6c-a987-59c20731b9ac 0.175s
2024-10-24 14:06:03.726 62119 INFO tempest.lib.common.rest_client [req-576db5f1-898d-4932-8c14-edd9d3dc7578 req-576db5f1-898d-4932-8c14-edd9d3dc7578 ] Request (ServersTestManualDisk:setUpClass): 200 GET http://10.180.1.21/compute/v2.1/servers/95604a75-0ab3-45d9-a235-9067e615e72a 0.172s
