2024-10-24 14:05:19.256 62117 INFO tempest.lib.common.rest_client [req-f805ed2e-cb9c-46bb-bc7d-9047e24d3e9b req-f805ed2e-cb9c-46bb-bc7d-9047e24d3e9b ] Request (AZAdminV2TestJSON:tearDownClass): 204 DELETE http://10.180.1.21/identity/v3/users/b01140922012438a909b74cf6c6d56b2 0.143s
2024-10-24 14:05:19.284 62119 INFO tempest.lib.common.rest_client [req-43c2ba8c-5664-445d-a131-26e0bb57e722 req-43c2ba8c-5664-445d-a131-26e0bb57e722 ] Request (ServersTestManualDisk:setUpClass): 204 PUT http://10.180.1.21/identity/v3/projects/3ec491f4c3ae40d8a60fe37d0dc7b2ef/users/d4d2def35d334a67b25b36124197a1d2/roles/38c90a16680640a798037e49f5448f78 0.076s
2024-10-24 14:05:19.284 62119 INFO tempest.lib.common.dynamic_creds [-] Dynamic test user d4d2def35d334a67b25b36124197a1d2 is created with scope project and roles: ['member']
2024-10-24 14:05:19.284 62119 INFO tempest.lib.common.dynamic_creds [-] Acquired dynamic creds: credentials: Credentials: {'domain_id': 'default', 'domain_name': 'Default', 'username': 'tempest-ServersTestManualDisk-596290628-project-member', 'project_domain_id': 'default', 'project_domain_name': 'Default', 'project_id': '3ec491f4c3ae40d8a60fe37d0dc7b2ef', 'project_name': 'tempest-ServersTestManualDisk-596290628', 'tenant_id': '3ec491f4c3ae40d8a60fe37d0dc7b2ef', 'tenant_name': 'tempest-ServersTestManualDisk-596290628', 'user_domain_id': 'default', 'user_domain_name': 'Default', 'user_id': 'd4d2def35d334a67b25b36124197a1d2', 'system': None}, Network: None, Subnet: None, Router: None
2024-10-24 14:05:19.300 62127 INFO tempest.lib.common.rest_client [req-dbb7cd5b-a1b8-4d6d-8285-0a508d8c97cf req-dbb7cd5b-a1b8-4d6d-8285-0a508d8c97cf ] Request (ListServerFiltersTestJSON:setUpClass): 200 GET http://10.180.1.21/compute/v2.1/servers/b56dd330-d31c-4e42-baf9-d9897c55e633 0.435s
2024-10-24 14:05:19.304 62135 INFO tempest.lib.common.rest_client [req-bbb52d6c-0bc0-421e-befd-c12fcbdecfff req-bbb52d6c-0bc0-421e-befd-c12fcbdecfff ] Request (ServersAdminNegativeTestJSON:setUpClass): 200 GET http://10.180.1.21/compute/v2.1/servers/fa0cbe6c-937b-4276-a419-0ab6e92e795f 0.520s
2024-10-24 14:05:19.317 62139 INFO tempest.lib.common.rest_client [req-d014092b-2d8f-401a-a5d2-a6da59f7ec3c req-d014092b-2d8f-401a-a5d2-a6da59f7ec3c ] Request (KeyPairsV210TestJSON:test_admin_manage_keypairs_for_other_users): 200 GET http://10.180.1.21/compute/v2.1/os-keypairs?user_id=45d60a57cc2f424b9ae542f149e71809 0.388s
2024-10-24 14:05:19.336 62149 INFO tempest.lib.common.rest_client [req-4f4f27e8-5455-458d-bd4a-d035e6d29c35 req-4f4f27e8-5455-458d-bd4a-d035e6d29c35 ] Request (FlavorsAdminTestJSON:_run_cleanups): 200 GET http://10.180.1.21/compute/v2.1/flavors/detail 0.360s
2024-10-24 14:05:19.380 62115 INFO tempest.lib.common.rest_client [req-88b716a8-11f9-4775-95b8-8a1dad0972eb req-88b716a8-11f9-4775-95b8-8a1dad0972eb ] Request (ServerDiagnosticsV248Test:tearDownClass): 200 GET http://10.180.1.21/compute/v2.1/servers/7f4bb9fb-fa64-451d-9876-7e4314c13a64 0.498s
2024-10-24 14:05:19.385 62117 INFO tempest.lib.common.rest_client [req-b8216961-b5f8-4cf4-87b0-eec3304f3007 req-b8216961-b5f8-4cf4-87b0-eec3304f3007 ] Request (AZAdminV2TestJSON:tearDownClass): 204 DELETE http://10.180.1.21/identity/v3/users/36396c9ebb084eeba092d1d4b304daaa 0.129s
2024-10-24 14:05:19.387 62117 INFO tempest.lib.common.dynamic_creds [-] Deleting project and security group for project: dcdea0eb29e04ebbb992947b3747856c
2024-10-24 14:05:19.398 62107 INFO tempest.lib.common.rest_client [req-400e9b26-73c1-4132-91bb-ac6603668703 req-400e9b26-73c1-4132-91bb-ac6603668703 ] Request (ServicesAdminTestJSON:tearDownClass): 204 DELETE http://10.180.1.21/identity/v3/users/0661c052cfe14ba0852f522928d437fa 0.177s
2024-10-24 14:05:19.400 62125 INFO tempest.lib.common.rest_client [req-fbcda15a-1a57-4c0c-bb5f-2a2f7ad7c45e req-fbcda15a-1a57-4c0c-bb5f-2a2f7ad7c45e ] Request (ListServersNegativeTestJSON:setUpClass): 201 POST http://10.180.1.21:9696/networking/v2.0/subnets 0.348s
2024-10-24 14:05:19.415 62161 INFO tempest.lib.common.rest_client [req-626ecb94-1968-4b5f-9d1f-8342429d4cff req-626ecb94-1968-4b5f-9d1f-8342429d4cff ] Request (ServersAdmin275Test:tearDownClass): 200 GET http://10.180.1.21/compute/v2.1/servers/85effb81-494c-4bda-a093-6dde523d5f45 0.381s
2024-10-24 14:05:19.423 62143 INFO tempest.lib.common.rest_client [req-4a23efce-876a-4457-955c-f68e3071ca47 req-4a23efce-876a-4457-955c-f68e3071ca47 ] Request (MigrationsAdminTest:test_resize_server_revert_deleted_flavor): 200 GET http://10.180.1.21/compute/v2.1/flavors/42 0.283s
2024-10-24 14:05:19.439 62133 INFO tempest.lib.common.rest_client [req-72374d5d-5b77-4283-b3e7-885b62e89367 req-72374d5d-5b77-4283-b3e7-885b62e89367 ] Request (KeyPairsV22TestJSON:_run_cleanups): 204 DELETE http://10.180.1.21/compute/v2.1/os-keypairs/tempest-keypair-1824779384 0.211s
2024-10-24 14:05:19.442 62119 INFO tempest.lib.common.rest_client [req-c16ea145-5062-4aab-9927-1710edc44dff req-c16ea145-5062-4aab-9927-1710edc44dff ] Request (ServersTestManualDisk:setUpClass): 201 POST http://10.180.1.21/identity/v3/auth/tokens 0.157s
2024-10-24 14:05:19.467 62117 INFO tempest.lib.common.rest_client [req-b81be04d-8ddd-42ca-94b8-9ab3bb9ad5e7 req-b81be04d-8ddd-42ca-94b8-9ab3bb9ad5e7 ] Request (AZAdminV2TestJSON:tearDownClass): 201 POST http://10.180.1.21/identity/v3/auth/tokens 0.079s
2024-10-24 14:05:19.474 62109 INFO tempest.lib.common.rest_client [req-fa7e7ebf-0538-4c5b-99a2-3d92a408d0c2 req-fa7e7ebf-0538-4c5b-99a2-3d92a408d0c2 ] Request (ServerActionsTestOtherB:setUpClass): 200 GET http://10.180.1.21/compute/v2.1/servers/05cefc82-3585-4d0b-8620-91412b3ef69e 0.360s
2024-10-24 14:05:19.497 62139 INFO tempest.lib.common.rest_client [req-4e1251e1-5717-400b-bd53-6c5ef8fe49df req-4e1251e1-5717-400b-bd53-6c5ef8fe49df ] Request (KeyPairsV210TestJSON:_run_cleanups): 204 DELETE http://10.180.1.21/compute/v2.1/os-keypairs/tempest-KeyPairsV210TestJSON-keypair-282932261 0.174s
2024-10-24 14:05:19.511 62107 INFO tempest.lib.common.rest_client [req-1fa2e195-2ddd-44ae-a289-a10b29ee0e23 req-1fa2e195-2ddd-44ae-a289-a10b29ee0e23 ] Request (ServicesAdminTestJSON:tearDownClass): 204 DELETE http://10.180.1.21/identity/v3/users/d253c914d7af461095bb28e4fae30309 0.112s
2024-10-24 14:05:19.511 62107 INFO tempest.lib.common.dynamic_creds [-] Deleting project and security group for project: de2347dd17c749a0ac6458ad038e27f3
2024-10-24 14:05:19.513 62149 INFO tempest.lib.common.rest_client [req-8d10b94c-f4bd-4998-8dd4-3667c4b46d72 req-8d10b94c-f4bd-4998-8dd4-3667c4b46d72 ] Request (FlavorsAdminTestJSON:test_list_non_public_flavor): 200 POST http://10.180.1.21/compute/v2.1/flavors 0.166s
2024-10-24 14:05:19.513 62105 INFO tempest.lib.common.rest_client [req-660fe6b1-aa46-4ecd-b53e-335b6a7c0d5e req-660fe6b1-aa46-4ecd-b53e-335b6a7c0d5e ] Request (VolumesAdminNegativeTest:test_update_attached_volume_with_nonexistent_volume_in_body): 200 GET http://10.180.1.21/compute/v2.1/servers/f708ec4a-7f1e-4bfa-b561-4b9bc5556d27 0.206s
2024-10-24 14:05:19.574 62153 INFO tempest.lib.common.rest_client [req-29b7da05-494b-497a-b924-a343e5a32433 req-29b7da05-494b-497a-b924-a343e5a32433 ] Request (ServerRescueTestJSON:setUpClass): 200 GET http://10.180.1.21/compute/v2.1/servers/528a2095-e82e-44eb-a4a1-dacde88966bb 0.170s
2024-10-24 14:05:19.591 62143 INFO tempest.lib.common.rest_client [req-ceb107bc-2b33-4412-a468-cfdd2dafbe96 req-ceb107bc-2b33-4412-a468-cfdd2dafbe96 ] Request (MigrationsAdminTest:test_resize_server_revert_deleted_flavor): 200 POST http://10.180.1.21/compute/v2.1/flavors 0.166s
2024-10-24 14:05:19.605 62107 INFO tempest.lib.common.rest_client [req-5e810666-3853-401d-a2c1-d8830ea25200 req-5e810666-3853-401d-a2c1-d8830ea25200 ] Request (ServicesAdminTestJSON:tearDownClass): 201 POST http://10.180.1.21/identity/v3/auth/tokens 0.093s
2024-10-24 14:05:19.607 62113 INFO tempest.lib.common.rest_client [req-bd8ba68b-a28b-4ed2-8182-f81291f9f9e6 req-bd8ba68b-a28b-4ed2-8182-f81291f9f9e6 ] Request (VolumesAssistedSnapshotsTest:test_volume_assisted_snapshot_create_delete): 200 GET http://10.180.1.21/compute/v2.1/servers/4dc3af05-b670-4f7c-bb9f-d1fa2e4180db 0.233s
2024-10-24 14:05:19.630 62133 INFO tempest.lib.common.rest_client [req-0bb4017e-8255-4f2f-a93b-3a7b1b41f027 req-0bb4017e-8255-4f2f-a93b-3a7b1b41f027 ] Request (KeyPairsV22TestJSON:test_keypair_create_with_pub_key): 201 POST http://10.180.1.21/compute/v2.1/os-keypairs 0.190s
2024-10-24 14:05:19.650 62139 INFO tempest.lib.common.rest_client [req-30f14089-5407-4383-a00c-89b08b4b133a req-30f14089-5407-4383-a00c-89b08b4b133a ] Request (KeyPairsV210TestJSON:_run_cleanups): 204 DELETE http://10.180.1.21/compute/v2.1/os-keypairs/tempest-keypair-747390222?user_id=45d60a57cc2f424b9ae542f149e71809 0.152s
2024-10-24 14:05:19.672 62149 INFO tempest.lib.common.rest_client [req-d50fbb8c-d32d-49e5-9679-9ca260ce7e61 req-d50fbb8c-d32d-49e5-9679-9ca260ce7e61 ] Request (FlavorsAdminTestJSON:test_list_non_public_flavor): 200 GET http://10.180.1.21/compute/v2.1/flavors/detail 0.157s
2024-10-24 14:05:19.707 62103 INFO tempest.lib.common.rest_client [req-41e3ae28-0286-4571-9b16-6ef656d4c39f req-41e3ae28-0286-4571-9b16-6ef656d4c39f ] Request (ServersAaction247Test:test_create_backup): 200 GET http://10.180.1.21/compute/v2.1/servers/e23fd777-66f7-4ee1-bdcb-fe19c55f955c 0.226s
2024-10-24 14:05:19.724 62143 INFO tempest.lib.common.rest_client [req-e8e21066-9f73-4fba-963f-afe2c9ffb7d0 req-e8e21066-9f73-4fba-963f-afe2c9ffb7d0 ] Request (MigrationsAdminTest:test_resize_server_revert_deleted_flavor): 200 GET http://10.180.1.21/compute/v2.1/flavors/42/os-extra_specs 0.131s
2024-10-24 14:05:19.790 62145 INFO tempest.lib.common.rest_client [req-2536ea39-8826-4946-9582-219f551ab61b req-2536ea39-8826-4946-9582-219f551ab61b ] Request (ServersAdminTestJSON:setUpClass): 200 GET http://10.180.1.21/compute/v2.1/servers/f72e6538-7130-45a9-a722-ba60de3bda49 0.261s
2024-10-24 14:05:19.812 62121 INFO tempest.lib.common.rest_client [req-43764b62-f11e-4d77-a035-018ab0009f7d req-43764b62-f11e-4d77-a035-018ab0009f7d ] Request (ServerDiskConfigTestJSON:test_rebuild_server_with_auto_disk_config): 200 GET http://10.180.1.21/compute/v2.1/servers/2f64e954-bf3e-464f-a72e-d83f0783af5c 0.216s
2024-10-24 14:05:19.813 62133 INFO tempest.lib.common.rest_client [req-2e3b7401-0d97-475b-b79b-b71ab67c3a3c req-2e3b7401-0d97-475b-b79b-b71ab67c3a3c ] Request (KeyPairsV22TestJSON:_run_cleanups): 204 DELETE http://10.180.1.21/compute/v2.1/os-keypairs/tempest-keypair-136637170 0.181s
2024-10-24 14:05:19.833 62149 INFO tempest.lib.common.rest_client [req-a5262928-8a97-4603-93b5-c91eba88c4c6 req-a5262928-8a97-4603-93b5-c91eba88c4c6 ] Request (FlavorsAdminTestJSON:test_list_non_public_flavor): 200 GET http://10.180.1.21/compute/v2.1/flavors/detail 0.153s
2024-10-24 14:05:19.837 62139 INFO tempest.lib.common.rest_client [req-229fb7c4-3e27-46ba-9814-b2d97cc66f6b req-229fb7c4-3e27-46ba-9814-b2d97cc66f6b ] Request (KeyPairsV210TestJSON:_run_cleanups): 204 DELETE http://10.180.1.21/compute/v2.1/os-keypairs/tempest-keypair-1298415701?user_id=45d60a57cc2f424b9ae542f149e71809 0.186s
2024-10-24 14:05:19.857 62143 INFO tempest.lib.common.rest_client [req-5feec51f-5816-4aea-956e-1fb375ee2425 req-5feec51f-5816-4aea-956e-1fb375ee2425 ] Request (MigrationsAdminTest:test_resize_server_revert_deleted_flavor): 200 POST http://10.180.1.21/compute/v2.1/flavors/35bcdaf3-fe7a-403b-a414-5aa03ee691bc/os-extra_specs 0.132s
2024-10-24 14:05:19.882 62111 INFO tempest.lib.common.rest_client [req-18f44670-c0dd-4e7a-8ec8-0ee6a7752869 req-18f44670-c0dd-4e7a-8ec8-0ee6a7752869 ] Request (ServersTestBootFromVolume:setUpClass): 200 GET http://10.180.1.21/volume/v3/volumes/d4fe3ed0-6de6-42d8-ac65-6a324ac1b224 0.042s
2024-10-24 14:05:19.901 62133 INFO tempest.lib.common.rest_client [req-e16cff2b-77b8-48e8-a589-13fe672c70ba req-e16cff2b-77b8-48e8-a589-13fe672c70ba ] Request (KeyPairsV22TestJSON:test_keypairs_create_list_delete): 201 POST http://10.180.1.21/compute/v2.1/os-keypairs 0.086s
2024-10-24 14:05:19.902 62117 INFO tempest.lib.common.rest_client [req-6b8598c9-8e6c-4acc-8251-7bb3e8c1ec47 req-6b8598c9-8e6c-4acc-8251-7bb3e8c1ec47 ] Request (AZAdminV2TestJSON:tearDownClass): 200 GET http://10.180.1.21:9696/networking/v2.0/security-groups?tenant_id=dcdea0eb29e04ebbb992947b3747856c&name=default 0.434s
2024-10-24 14:05:19.936 62129 INFO tempest.lib.common.rest_client [req-c9863424-9bab-4766-96c3-fc9ab9dde0c9 req-c9863424-9bab-4766-96c3-fc9ab9dde0c9 ] Request (AttachInterfacesUnderV243Test:test_add_remove_fixed_ip): 200 GET http://10.180.1.21/compute/v2.1/servers/6c354d85-0252-4eb9-81e2-550a403bdbc5 0.135s
2024-10-24 14:05:19.942 62143 INFO tempest.lib.common.rest_client [req-5c6e9355-bd92-42c5-b365-94003555d8ea req-5c6e9355-bd92-42c5-b365-94003555d8ea ] Request (MigrationsAdminTest:test_resize_server_revert_deleted_flavor): 201 POST http://10.180.1.21/identity/v3/auth/tokens 0.080s
2024-10-24 14:05:19.943 62143 INFO tempest.lib.common.fixed_network [-] (MigrationsAdminTest:test_resize_server_revert_deleted_flavor) Found network None available for tenant
2024-10-24 14:05:19.957 62149 INFO tempest.lib.common.rest_client [req-1b12d12b-ce48-4212-9df2-8e90497a3d7a req-1b12d12b-ce48-4212-9df2-8e90497a3d7a ] Request (FlavorsAdminTestJSON:_run_cleanups): 202 DELETE http://10.180.1.21/compute/v2.1/flavors/2069191091 0.114s
2024-10-24 14:05:19.967 62139 INFO tempest.lib.common.rest_client [req-aab25639-d46f-40d0-a2d7-dcf8eb3d2327 req-aab25639-d46f-40d0-a2d7-dcf8eb3d2327 ] Request (KeyPairsV210TestJSON:tearDownClass): 204 DELETE http://10.180.1.21/identity/v3/users/45d60a57cc2f424b9ae542f149e71809 0.124s
2024-10-24 14:05:20.020 62107 INFO tempest.lib.common.rest_client [req-a0492fec-3a35-46e4-81cc-50d4d632139e req-a0492fec-3a35-46e4-81cc-50d4d632139e ] Request (ServicesAdminTestJSON:tearDownClass): 200 GET http://10.180.1.21:9696/networking/v2.0/security-groups?tenant_id=de2347dd17c749a0ac6458ad038e27f3&name=default 0.414s
2024-10-24 14:05:20.025 62123 INFO tempest.lib.common.rest_client [req-b941d357-ca9e-41a7-b867-13c0997805f3 req-b941d357-ca9e-41a7-b867-13c0997805f3 ] Request (ServersWithSpecificFlavorTestJSON:test_verify_created_server_ephemeral_disk): 200 GET http://10.180.1.21/compute/v2.1/servers/9f6864a2-3e54-41cb-b858-16e6e350a2af 0.204s
2024-10-24 14:05:20.068 62133 INFO tempest.lib.common.rest_client [req-2d31ec1d-1c1f-4dd4-a985-02ab4581adb4 req-2d31ec1d-1c1f-4dd4-a985-02ab4581adb4 ] Request (KeyPairsV22TestJSON:test_keypairs_create_list_delete): 201 POST http://10.180.1.21/compute/v2.1/os-keypairs 0.165s
2024-10-24 14:05:20.089 62141 INFO tempest.lib.common.rest_client [req-939c0758-34df-4d1b-bc36-740361192a72 req-939c0758-34df-4d1b-bc36-740361192a72 ] Request (ServersTestFqdnHostnames:test_create_server_with_fqdn_name): 200 GET http://10.180.1.21/compute/v2.1/servers/6b3ecea4-fe20-4b6c-a987-59c20731b9ac 0.198s
2024-10-24 14:05:20.108 62139 INFO tempest.lib.common.rest_client [req-c7e77842-3712-4baf-ae43-5c0c7bacaf4c req-c7e77842-3712-4baf-ae43-5c0c7bacaf4c ] Request (KeyPairsV210TestJSON:tearDownClass): 204 DELETE http://10.180.1.21/identity/v3/users/3d4fc7fa83904a43a1508338094b56a2 0.139s
2024-10-24 14:05:20.108 62139 INFO tempest.lib.common.dynamic_creds [-] Deleting project and security group for project: df79dd18a04e4690b11d15e0befc9687
2024-10-24 14:05:20.122 62149 INFO tempest.lib.common.rest_client [req-c85303fc-3113-4989-933a-aa20397e4a6c req-c85303fc-3113-4989-933a-aa20397e4a6c ] Request (FlavorsAdminTestJSON:_run_cleanups): 200 GET http://10.180.1.21/compute/v2.1/flavors/detail 0.165s
2024-10-24 14:05:20.156 62117 INFO tempest.lib.common.rest_client [req-39df572d-382f-4377-924d-1056acbd75f0 req-39df572d-382f-4377-924d-1056acbd75f0 ] Request (AZAdminV2TestJSON:tearDownClass): 204 DELETE http://10.180.1.21:9696/networking/v2.0/security-groups/b47a333a-3e68-4797-815d-486964fc42fe 0.253s
2024-10-24 14:05:20.201 62157 INFO tempest.lib.common.rest_client [req-829b04c3-7c3a-4939-868a-d9ba307d60e7 req-829b04c3-7c3a-4939-868a-d9ba307d60e7 ] Request (DeleteServersAdminTestJSON:test_delete_server_while_in_error_state): 200 GET http://10.180.1.21/compute/v2.1/servers/e64fd277-10ae-494d-918a-2f3faa4e44d1 0.233s
2024-10-24 14:05:20.230 62139 INFO tempest.lib.common.rest_client [req-5d2a8753-aa1a-450d-90f6-392eef36af67 req-5d2a8753-aa1a-450d-90f6-392eef36af67 ] Request (KeyPairsV210TestJSON:tearDownClass): 201 POST http://10.180.1.21/identity/v3/auth/tokens 0.122s
2024-10-24 14:05:20.283 62137 INFO tempest.lib.common.rest_client [req-f85f8c85-5e13-4335-8e0e-3d5042c7f34f req-f85f8c85-5e13-4335-8e0e-3d5042c7f34f ] Request (ServerDiagnosticsNegativeTest:test_get_server_diagnostics_by_non_admin): 200 GET http://10.180.1.21/compute/v2.1/servers/ebea667f-6495-41c0-88b3-a9c61390558d 0.275s
2024-10-24 14:05:20.302 62117 INFO tempest.lib.common.rest_client [req-b2770b90-7861-4151-a441-b79ebcc9e33d req-b2770b90-7861-4151-a441-b79ebcc9e33d ] Request (AZAdminV2TestJSON:tearDownClass): 204 DELETE http://10.180.1.21/identity/v3/projects/dcdea0eb29e04ebbb992947b3747856c 0.146s
2024-10-24 14:05:20.303 62117 INFO tempest.lib.common.dynamic_creds [-] Deleting project and security group for project: 829a8d78e0ae4e66b8c681f23cc4fe32
2024-10-24 14:05:20.376 62107 INFO tempest.lib.common.rest_client [req-7ae606a1-6101-4d5a-bfe1-a908b854a3db req-7ae606a1-6101-4d5a-bfe1-a908b854a3db ] Request (ServicesAdminTestJSON:tearDownClass): 204 DELETE http://10.180.1.21:9696/networking/v2.0/security-groups/ea10842c-0fa0-441f-94bf-8cc8a57732d0 0.356s
2024-10-24 14:05:20.384 62151 INFO tempest.lib.common.rest_client [req-4f2cc8a2-e102-4b3d-adee-fa601e31c9b3 req-4f2cc8a2-e102-4b3d-adee-fa601e31c9b3 ] Request (ServerExternalEventsTest:test_create_server_external_events): 200 GET http://10.180.1.21/compute/v2.1/servers/d23d0d19-4806-4d5e-aa05-13aaf3c4a770 0.319s
2024-10-24 14:05:20.420 62133 INFO tempest.lib.common.rest_client [req-f9f8b3d8-d8a9-45b7-923b-5fa0c9ff2022 req-f9f8b3d8-d8a9-45b7-923b-5fa0c9ff2022 ] Request (KeyPairsV22TestJSON:test_keypairs_create_list_delete): 201 POST http://10.180.1.21/compute/v2.1/os-keypairs 0.349s
2024-10-24 14:05:20.431 62143 INFO tempest.lib.common.rest_client [req-96b1be40-e341-4e1f-9cb7-6a41e9754980 req-96b1be40-e341-4e1f-9cb7-6a41e9754980 ] Request (MigrationsAdminTest:test_resize_server_revert_deleted_flavor): 202 POST http://10.180.1.21/compute/v2.1/servers 0.488s
2024-10-24 14:05:20.436 62119 INFO tempest.lib.common.rest_client [req-99363027-c1fe-48b2-80ec-806121294b05 req-99363027-c1fe-48b2-80ec-806121294b05 ] Request (ServersTestManualDisk:setUpClass): 201 POST http://10.180.1.21:9696/networking/v2.0/networks 0.994s
2024-10-24 14:05:20.468 62149 INFO tempest.lib.common.rest_client [req-8691a44e-6a66-41ea-8d19-56f5ea0cd488 req-8691a44e-6a66-41ea-8d19-56f5ea0cd488 ] Request (FlavorsAdminTestJSON:test_list_public_flavor_with_other_user): 200 POST http://10.180.1.21/compute/v2.1/flavors 0.333s
2024-10-24 14:05:20.470 62107 INFO tempest.lib.common.rest_client [req-14cd4e95-caed-4c90-aa6b-0107f8ec82b5 req-14cd4e95-caed-4c90-aa6b-0107f8ec82b5 ] Request (ServicesAdminTestJSON:tearDownClass): 204 DELETE http://10.180.1.21/identity/v3/projects/de2347dd17c749a0ac6458ad038e27f3 0.093s
2024-10-24 14:05:20.470 62107 INFO tempest.lib.common.dynamic_creds [-] Deleting project and security group for project: dc1db5f6e38a4d2aa22778c7e89818e1
2024-10-24 14:05:20.543 62163 INFO tempest.lib.common.rest_client [req-020fb64a-cee6-42df-b72e-a717b803917a req-020fb64a-cee6-42df-b72e-a717b803917a ] Request (ServersTestJSON:setUpClass): 200 GET http://10.180.1.21/compute/v2.1/servers/17b85f46-4660-4af6-825d-3f2e7ea931ca 0.424s
2024-10-24 14:05:20.552 62163 INFO tempest.common.waiters [-] State transition "BUILD/scheduling" ==> "ERROR/None" after 36 second wait
2024-10-24 14:05:20.557 62156 INFO tempest.lib.common.rest_client [req-887587ec-8a93-4d57-b96b-27fa5f29e83a req-887587ec-8a93-4d57-b96b-27fa5f29e83a ] Request (ImagesOneServerNegativeTestJSON:setUpClass): 200 GET http://10.180.1.21/compute/v2.1/servers/4b0abc14-0ce2-4212-8677-82f6279ee107 0.366s
2024-10-24 14:05:20.610 62131 INFO tempest.lib.common.rest_client [req-83c3e05a-d954-44a2-9256-f50254036193 req-83c3e05a-d954-44a2-9256-f50254036193 ] Request (AttachInterfacesV270Test:setUpClass): 200 PUT http://10.180.1.21:9696/networking/v2.0/routers/8a4fb9a1-ae04-4791-986c-7181e8500525/add_router_interface 2.391s
2024-10-24 14:05:20.611 62131 INFO tempest.lib.common.dynamic_creds [-] Created isolated network resources for: credentials: Credentials: {'domain_id': 'default', 'domain_name': 'Default', 'username': 'tempest-AttachInterfacesV270Test-847696500-project-member', 'project_domain_id': 'default', 'project_domain_name': 'Default', 'project_id': '3554954fb95f4cf3876237804bead670', 'project_name': 'tempest-AttachInterfacesV270Test-847696500', 'tenant_id': '3554954fb95f4cf3876237804bead670', 'tenant_name': 'tempest-AttachInterfacesV270Test-847696500', 'user_domain_id': 'default', 'user_domain_name': 'Default', 'user_id': '4763c3a0fede4c44ba578972d8d90601', 'system': None}, Network: {'id': '45ff99c6-352a-43f5-a05f-01bc2f2baca7', 'name': 'tempest-AttachInterfacesV270Test-1971916-network', 'tenant_id': '3554954fb95f4cf3876237804bead670', 'admin_state_up': True, 'mtu': 8950, 'status': 'ACTIVE', 'subnets': [], 'shared': False, 'project_id': '3554954fb95f4cf3876237804bead670', 'port_security_enabled': True, 'router:external': False, 'provider:network_type': 'vlan', 'provider:physical_network': 'default', 'provider:segmentation_id': 531, 'is_default': False, 'availability_zone_hints': [], 'availability_zones': [], 'ipv4_address_scope': None, 'ipv6_address_scope': None, 'description': '', 'tags': [], 'created_at': '2024-10-24T14:05:16Z', 'updated_at': '2024-10-24T14:05:16Z', 'revision_number': 1}, Subnet: {'id': '37a4fe6c-9205-4431-af3e-3091dcee589d', 'name': 'tempest-AttachInterfacesV270Test-1971916-subnet', 'tenant_id': '3554954fb95f4cf3876237804bead670', 'network_id': '45ff99c6-352a-43f5-a05f-01bc2f2baca7', 'ip_version': 4, 'subnetpool_id': None, 'enable_dhcp': True, 'ipv6_ra_mode': None, 'ipv6_address_mode': None, 'gateway_ip': '192.168.128.1', 'cidr': '192.168.128.0/28', 'allocation_pools': [{'start': '192.168.128.2', 'end': '192.168.128.14'}], 'host_routes': [], 'dns_nameservers': [], 'description': '', 'router:external': False, 'service_types': [], 'tags': [], 'created_at': '2024-10-24T14:05:16Z', 'updated_at': '2024-10-24T14:05:16Z', 'revision_number': 0, 'project_id': '3554954fb95f4cf3876237804bead670'}, Router: {'id': '8a4fb9a1-ae04-4791-986c-7181e8500525', 'name': 'tempest-AttachInterfacesV270Test-1971916-router', 'tenant_id': '3554954fb95f4cf3876237804bead670', 'admin_state_up': True, 'status': 'ACTIVE', 'external_gateway_info': {'network_id': 'bee216b1-2ee9-4465-89bd-0f7df535cca7', 'external_fixed_ips': [{'subnet_id': 'c8a08114-86d5-49f8-8a4f-6eb09234fef7', 'ip_address': '10.180.180.147'}], 'enable_snat': True}, 'description': '', 'availability_zones': [], 'distributed': False, 'ha': False, 'availability_zone_hints': [], 'routes': [], 'flavor_id': None, 'tags': [], 'created_at': '2024-10-24T14:05:17Z', 'updated_at': '2024-10-24T14:05:17Z', 'revision_number': 2, 'project_id': '3554954fb95f4cf3876237804bead670'}
2024-10-24 14:05:20.622 62135 INFO tempest.lib.common.rest_client [req-c5dd46e9-ee82-44ae-a0ea-88216b484da9 req-c5dd46e9-ee82-44ae-a0ea-88216b484da9 ] Request (ServersAdminNegativeTestJSON:setUpClass): 200 GET http://10.180.1.21/compute/v2.1/servers/fa0cbe6c-937b-4276-a419-0ab6e92e795f 0.306s
2024-10-24 14:05:20.630 62117 INFO tempest.lib.common.rest_client [req-fbe1d043-f86e-42a6-b665-142389d2bb1a req-fbe1d043-f86e-42a6-b665-142389d2bb1a ] Request (AZAdminV2TestJSON:tearDownClass): 200 GET http://10.180.1.21:9696/networking/v2.0/security-groups?tenant_id=829a8d78e0ae4e66b8c681f23cc4fe32&name=default 0.327s
2024-10-24 14:05:20.656 62127 INFO tempest.lib.common.rest_client [req-2496bce4-0608-41f5-898c-2b1402605fbf req-2496bce4-0608-41f5-898c-2b1402605fbf ] Request (ListServerFiltersTestJSON:setUpClass): 200 GET http://10.180.1.21/compute/v2.1/servers/b56dd330-d31c-4e42-baf9-d9897c55e633 0.335s
2024-10-24 14:05:20.667 62133 INFO tempest.lib.common.rest_client [req-b01fb325-6ebc-403f-953d-7c4a51b0a429 req-b01fb325-6ebc-403f-953d-7c4a51b0a429 ] Request (KeyPairsV22TestJSON:test_keypairs_create_list_delete): 200 GET http://10.180.1.21/compute/v2.1/os-keypairs 0.245s
2024-10-24 14:05:20.708 62115 INFO tempest.lib.common.rest_client [req-3f27dd1a-df0e-4fb4-b841-f74df48b9502 req-3f27dd1a-df0e-4fb4-b841-f74df48b9502 ] Request (ServerDiagnosticsV248Test:tearDownClass): 200 GET http://10.180.1.21/compute/v2.1/servers/7f4bb9fb-fa64-451d-9876-7e4314c13a64 0.315s
2024-10-24 14:05:20.728 62131 INFO tempest.lib.common.rest_client [req-707e7014-9373-463b-9021-52a6e747b47c req-707e7014-9373-463b-9021-52a6e747b47c ] Request (AttachInterfacesV270Test:setUpClass): 201 POST http://10.180.1.21/identity/v3/auth/tokens 0.113s
2024-10-24 14:05:20.760 62131 INFO tempest.lib.common.rest_client [req-234b1750-4a62-401c-b839-05fe7405612c req-234b1750-4a62-401c-b839-05fe7405612c ] Request (AttachInterfacesV270Test:test_create_get_list_interfaces): 201 POST http://10.180.1.21/identity/v3/auth/tokens 0.027s
2024-10-24 14:05:20.760 62131 INFO tempest.lib.common.fixed_network [-] (AttachInterfacesV270Test:test_create_get_list_interfaces) Found network {'id': '45ff99c6-352a-43f5-a05f-01bc2f2baca7', 'name': 'tempest-AttachInterfacesV270Test-1971916-network', 'tenant_id': '3554954fb95f4cf3876237804bead670', 'admin_state_up': True, 'mtu': 8950, 'status': 'ACTIVE', 'subnets': [], 'shared': False, 'project_id': '3554954fb95f4cf3876237804bead670', 'port_security_enabled': True, 'router:external': False, 'provider:network_type': 'vlan', 'provider:physical_network': 'default', 'provider:segmentation_id': 531, 'is_default': False, 'availability_zone_hints': [], 'availability_zones': [], 'ipv4_address_scope': None, 'ipv6_address_scope': None, 'description': '', 'tags': [], 'created_at': '2024-10-24T14:05:16Z', 'updated_at': '2024-10-24T14:05:16Z', 'revision_number': 1} available for tenant
2024-10-24 14:05:20.784 62143 INFO tempest.lib.common.rest_client [req-856b6644-e23c-4437-ad68-294a31a0e727 req-856b6644-e23c-4437-ad68-294a31a0e727 ] Request (MigrationsAdminTest:test_resize_server_revert_deleted_flavor): 200 GET http://10.180.1.21/compute/v2.1/servers/f9edb738-210e-4f85-8062-7759fa9033ea 0.349s
2024-10-24 14:05:20.800 62149 INFO tempest.lib.common.rest_client [req-99d895af-a3c1-4b59-b09f-8656ca1117af req-99d895af-a3c1-4b59-b09f-8656ca1117af ] Request (FlavorsAdminTestJSON:test_list_public_flavor_with_other_user): 200 GET http://10.180.1.21/compute/v2.1/flavors/detail 0.327s
2024-10-24 14:05:20.867 62109 INFO tempest.lib.common.rest_client [req-9e9abbc2-21d8-42f3-94e4-8492658b95d4 req-9e9abbc2-21d8-42f3-94e4-8492658b95d4 ] Request (ServerActionsTestOtherB:setUpClass): 200 GET http://10.180.1.21/compute/v2.1/servers/05cefc82-3585-4d0b-8620-91412b3ef69e 0.383s
2024-10-24 14:05:20.875 62117 INFO tempest.lib.common.rest_client [req-33491c2d-8267-47f3-9b45-fcbe07d91692 req-33491c2d-8267-47f3-9b45-fcbe07d91692 ] Request (AZAdminV2TestJSON:tearDownClass): 204 DELETE http://10.180.1.21:9696/networking/v2.0/security-groups/4c52ce36-6591-4932-b7a5-95b3f590ef02 0.244s
2024-10-24 14:05:20.895 62139 INFO tempest.lib.common.rest_client [req-aa3875ab-a6f4-4df1-a7f2-032169e6b124 req-aa3875ab-a6f4-4df1-a7f2-032169e6b124 ] Request (KeyPairsV210TestJSON:tearDownClass): 200 GET http://10.180.1.21:9696/networking/v2.0/security-groups?tenant_id=df79dd18a04e4690b11d15e0befc9687&name=default 0.664s
2024-10-24 14:05:20.929 62161 INFO tempest.lib.common.rest_client [req-623b4f3c-9142-4ebe-9126-63b50aed1fd2 req-623b4f3c-9142-4ebe-9126-63b50aed1fd2 ] Request (ServersAdmin275Test:tearDownClass): 200 GET http://10.180.1.21/compute/v2.1/servers/85effb81-494c-4bda-a093-6dde523d5f45 0.504s
2024-10-24 14:05:20.929 62111 INFO tempest.lib.common.rest_client [req-6017316b-231f-469a-8f87-f3a63270054a req-6017316b-231f-469a-8f87-f3a63270054a ] Request (ServersTestBootFromVolume:setUpClass): 200 GET http://10.180.1.21/volume/v3/volumes/d4fe3ed0-6de6-42d8-ac65-6a324ac1b224 0.037s
2024-10-24 14:05:20.940 62161 INFO tempest.common.waiters [-] State transition "ACTIVE/deleting" ==> "DELETED/None" after 4 second wait
2024-10-24 14:05:20.942 62107 INFO tempest.lib.common.rest_client [req-2e14fd35-6f85-4760-b722-2dbc60c7c284 req-2e14fd35-6f85-4760-b722-2dbc60c7c284 ] Request (ServicesAdminTestJSON:tearDownClass): 200 GET http://10.180.1.21:9696/networking/v2.0/security-groups?tenant_id=dc1db5f6e38a4d2aa22778c7e89818e1&name=default 0.472s
2024-10-24 14:05:20.948 62105 INFO tempest.lib.common.rest_client [req-6b499ce2-792a-4a0b-baed-444e08b22561 req-6b499ce2-792a-4a0b-baed-444e08b22561 ] Request (VolumesAdminNegativeTest:test_update_attached_volume_with_nonexistent_volume_in_body): 200 GET http://10.180.1.21/compute/v2.1/servers/f708ec4a-7f1e-4bfa-b561-4b9bc5556d27 0.424s
2024-10-24 14:05:20.971 62119 INFO tempest.lib.common.rest_client [req-67675439-a2ac-4714-bc64-5817002e1350 req-67675439-a2ac-4714-bc64-5817002e1350 ] Request (ServersTestManualDisk:setUpClass): 201 POST http://10.180.1.21:9696/networking/v2.0/subnets 0.534s
2024-10-24 14:05:21.028 62153 INFO tempest.lib.common.rest_client [req-7e398875-d6b0-46a0-af85-e623d88b16f5 req-7e398875-d6b0-46a0-af85-e623d88b16f5 ] Request (ServerRescueTestJSON:setUpClass): 200 GET http://10.180.1.21/compute/v2.1/servers/528a2095-e82e-44eb-a4a1-dacde88966bb 0.445s
2024-10-24 14:05:21.034 62117 INFO tempest.lib.common.rest_client [req-acd9d675-4ba7-44c3-bef2-2f8abd311972 req-acd9d675-4ba7-44c3-bef2-2f8abd311972 ] Request (AZAdminV2TestJSON:tearDownClass): 204 DELETE http://10.180.1.21/identity/v3/projects/829a8d78e0ae4e66b8c681f23cc4fe32 0.158s
2024-10-24 14:05:21.097 62107 INFO tempest.lib.common.rest_client [req-2c30f2f9-2ad3-4c05-a03a-b7adb4e8009c req-2c30f2f9-2ad3-4c05-a03a-b7adb4e8009c ] Request (ServicesAdminTestJSON:tearDownClass): 204 DELETE http://10.180.1.21:9696/networking/v2.0/security-groups/77e2f703-913c-4e24-a5cd-19149b6580ca 0.154s
2024-10-24 14:05:21.124 62113 INFO tempest.lib.common.rest_client [req-6dfa70bb-385e-47d0-90b8-efdee144c146 req-6dfa70bb-385e-47d0-90b8-efdee144c146 ] Request (VolumesAssistedSnapshotsTest:test_volume_assisted_snapshot_create_delete): 200 GET http://10.180.1.21/compute/v2.1/servers/4dc3af05-b670-4f7c-bb9f-d1fa2e4180db 0.508s
2024-10-24 14:05:21.132 62117 INFO tempest.lib.common.rest_client [req-1a4c5512-5205-4509-b4c9-b9b84c9f8cba req-1a4c5512-5205-4509-b4c9-b9b84c9f8cba ] Request (ServicesAdminNegativeTestJSON:setUpClass): 201 POST http://10.180.1.21/identity/v3/auth/tokens 0.095s
2024-10-24 14:05:21.148 62133 INFO tempest.lib.common.rest_client [req-a5e01b29-04a2-4e6c-8188-e9bd1d2ff67f req-a5e01b29-04a2-4e6c-8188-e9bd1d2ff67f ] Request (KeyPairsV22TestJSON:_run_cleanups): 204 DELETE http://10.180.1.21/compute/v2.1/os-keypairs/tempest-KeyPairsV22TestJSON-keypair-1080815698 0.478s
2024-10-24 14:05:21.165 62117 INFO tempest.lib.common.rest_client [req-6ca2bfc1-ea97-41f2-ad69-21879d879f1b req-6ca2bfc1-ea97-41f2-ad69-21879d879f1b ] Request (ServicesAdminNegativeTestJSON:setUpClass): 201 POST http://10.180.1.21/identity/v3/auth/tokens 0.030s
2024-10-24 14:05:21.186 62117 INFO tempest.lib.common.rest_client [req-21e3de72-6a34-4b87-bc55-3a4ae95da4f6 req-21e3de72-6a34-4b87-bc55-3a4ae95da4f6 ] Request (ServicesAdminNegativeTestJSON:setUpClass): 200 GET http://10.180.1.21/identity/v3/domains?name=Default 0.020s
2024-10-24 14:05:21.190 62163 INFO tempest.lib.common.rest_client [req-c6ac1cf7-6816-4029-876d-3ca4be2e5900 req-c6ac1cf7-6816-4029-876d-3ca4be2e5900 ] Request (ServersTestJSON:setUpClass): 204 DELETE http://10.180.1.21/compute/v2.1/servers/17b85f46-4660-4af6-825d-3f2e7ea931ca 0.637s
2024-10-24 14:05:21.196 62139 INFO tempest.lib.common.rest_client [req-8c58f63f-f0b9-4eca-b51e-68442e8d2dd7 req-8c58f63f-f0b9-4eca-b51e-68442e8d2dd7 ] Request (KeyPairsV210TestJSON:tearDownClass): 204 DELETE http://10.180.1.21:9696/networking/v2.0/security-groups/15dcd4e7-cd48-4150-ad49-2f23cbb5083d 0.301s
2024-10-24 14:05:21.228 62103 INFO tempest.lib.common.rest_client [req-9a7a0b9c-e5b4-422e-a8d5-0da10d121f44 req-9a7a0b9c-e5b4-422e-a8d5-0da10d121f44 ] Request (ServersAaction247Test:test_create_backup): 200 GET http://10.180.1.21/compute/v2.1/servers/e23fd777-66f7-4ee1-bdcb-fe19c55f955c 0.508s
2024-10-24 14:05:21.229 62107 INFO tempest.lib.common.rest_client [req-58f7cccc-893b-47a8-913e-20bca386dfc0 req-58f7cccc-893b-47a8-913e-20bca386dfc0 ] Request (ServicesAdminTestJSON:tearDownClass): 204 DELETE http://10.180.1.21/identity/v3/projects/dc1db5f6e38a4d2aa22778c7e89818e1 0.131s
2024-10-24 14:05:21.258 62117 INFO tempest.lib.common.rest_client [req-9dcee44c-944c-4e09-96e4-f1b872f438aa req-9dcee44c-944c-4e09-96e4-f1b872f438aa ] Request (ServicesAdminNegativeTestJSON:setUpClass): 201 POST http://10.180.1.21/identity/v3/projects 0.071s
2024-10-24 14:05:21.318 62145 INFO tempest.lib.common.rest_client [req-2595976d-fd6e-48ce-942b-4b5a2bf35a68 req-2595976d-fd6e-48ce-942b-4b5a2bf35a68 ] Request (ServersAdminTestJSON:setUpClass): 200 GET http://10.180.1.21/compute/v2.1/servers/f72e6538-7130-45a9-a722-ba60de3bda49 0.518s
2024-10-24 14:05:21.333 62149 INFO tempest.lib.common.rest_client [req-25e391b2-84d1-4752-b416-7b964a1b859e req-25e391b2-84d1-4752-b416-7b964a1b859e ] Request (FlavorsAdminTestJSON:_run_cleanups): 202 DELETE http://10.180.1.21/compute/v2.1/flavors/186059932 0.529s
2024-10-24 14:05:21.348 62139 INFO tempest.lib.common.rest_client [req-38d163cb-b794-450f-8c80-231f0de027f5 req-38d163cb-b794-450f-8c80-231f0de027f5 ] Request (KeyPairsV210TestJSON:tearDownClass): 204 DELETE http://10.180.1.21/identity/v3/projects/df79dd18a04e4690b11d15e0befc9687 0.152s
2024-10-24 14:05:21.348 62139 INFO tempest.lib.common.dynamic_creds [-] Deleting project and security group for project: 055d1851007f413aa8ed368ba5021ab3
2024-10-24 14:05:21.357 62101 INFO tempest.lib.common.rest_client [req-1ab89d88-69a4-41b6-80f6-9e08d533db2e req-1ab89d88-69a4-41b6-80f6-9e08d533db2e ] Request (AttachVolumeTestJSON:setUpClass): 200 PUT http://10.180.1.21:9696/networking/v2.0/routers/68c09094-b78d-4e42-b8f9-64c497faa22b/add_router_interface 2.123s
2024-10-24 14:05:21.358 62101 INFO tempest.lib.common.dynamic_creds [-] Created isolated network resources for: credentials: Credentials: {'domain_id': 'default', 'domain_name': 'Default', 'username': 'tempest-AttachVolumeTestJSON-246068195-project-member', 'project_domain_id': 'default', 'project_domain_name': 'Default', 'project_id': '256a7dcc6f1549b58e81c41509c0500e', 'project_name': 'tempest-AttachVolumeTestJSON-246068195', 'tenant_id': '256a7dcc6f1549b58e81c41509c0500e', 'tenant_name': 'tempest-AttachVolumeTestJSON-246068195', 'user_domain_id': 'default', 'user_domain_name': 'Default', 'user_id': '70a294a034cf41fa93084149243c880e', 'system': None}, Network: {'id': '284049ff-5f18-429d-acc1-87410c5c34ed', 'name': 'tempest-AttachVolumeTestJSON-2080501147-network', 'tenant_id': '256a7dcc6f1549b58e81c41509c0500e', 'admin_state_up': True, 'mtu': 8950, 'status': 'ACTIVE', 'subnets': [], 'shared': False, 'project_id': '256a7dcc6f1549b58e81c41509c0500e', 'port_security_enabled': True, 'router:external': False, 'provider:network_type': 'vlan', 'provider:physical_network': 'default', 'provider:segmentation_id': 714, 'is_default': False, 'availability_zone_hints': [], 'availability_zones': [], 'ipv4_address_scope': None, 'ipv6_address_scope': None, 'description': '', 'tags': [], 'created_at': '2024-10-24T14:05:17Z', 'updated_at': '2024-10-24T14:05:17Z', 'revision_number': 1}, Subnet: {'id': '1280c87d-8719-4abf-9d43-3ff75c0fc37a', 'name': 'tempest-AttachVolumeTestJSON-2080501147-subnet', 'tenant_id': '256a7dcc6f1549b58e81c41509c0500e', 'network_id': '284049ff-5f18-429d-acc1-87410c5c34ed', 'ip_version': 4, 'subnetpool_id': None, 'enable_dhcp': True, 'ipv6_ra_mode': None, 'ipv6_address_mode': None, 'gateway_ip': '192.168.128.1', 'cidr': '192.168.128.0/28', 'allocation_pools': [{'start': '192.168.128.2', 'end': '192.168.128.14'}], 'host_routes': [], 'dns_nameservers': [], 'description': '', 'router:external': False, 'service_types': [], 'tags': [], 'created_at': '2024-10-24T14:05:17Z', 'updated_at': '2024-10-24T14:05:17Z', 'revision_number': 0, 'project_id': '256a7dcc6f1549b58e81c41509c0500e'}, Router: {'id': '68c09094-b78d-4e42-b8f9-64c497faa22b', 'name': 'tempest-AttachVolumeTestJSON-2080501147-router', 'tenant_id': '256a7dcc6f1549b58e81c41509c0500e', 'admin_state_up': True, 'status': 'ACTIVE', 'external_gateway_info': {'network_id': 'bee216b1-2ee9-4465-89bd-0f7df535cca7', 'external_fixed_ips': [{'subnet_id': 'c8a08114-86d5-49f8-8a4f-6eb09234fef7', 'ip_address': '10.180.180.137'}], 'enable_snat': True}, 'description': '', 'availability_zones': [], 'distributed': False, 'ha': False, 'availability_zone_hints': [], 'routes': [], 'flavor_id': None, 'tags': [], 'created_at': '2024-10-24T14:05:17Z', 'updated_at': '2024-10-24T14:05:18Z', 'revision_number': 2, 'project_id': '256a7dcc6f1549b58e81c41509c0500e'}
2024-10-24 14:05:21.418 62121 INFO tempest.lib.common.rest_client [req-0dac1f50-5542-4c9f-8da8-bac7a07ec790 req-0dac1f50-5542-4c9f-8da8-bac7a07ec790 ] Request (ServerDiskConfigTestJSON:test_rebuild_server_with_auto_disk_config): 200 GET http://10.180.1.21/compute/v2.1/servers/2f64e954-bf3e-464f-a72e-d83f0783af5c 0.597s
2024-10-24 14:05:21.419 62107 INFO tempest.lib.common.rest_client [req-835913b9-fd83-4322-b762-606a4ee7b684 req-835913b9-fd83-4322-b762-606a4ee7b684 ] Request (SecurityGroupsTestJSON:setUpClass): 201 POST http://10.180.1.21/identity/v3/auth/tokens 0.188s
2024-10-24 14:05:21.423 62117 INFO tempest.lib.common.rest_client [req-99c8f3b1-205f-430d-ae03-de10607434c2 req-99c8f3b1-205f-430d-ae03-de10607434c2 ] Request (ServicesAdminNegativeTestJSON:setUpClass): 201 POST http://10.180.1.21/identity/v3/users 0.164s
2024-10-24 14:05:21.453 62107 INFO tempest.lib.common.rest_client [req-29a08ca5-9efb-430d-997b-02e2028be1fa req-29a08ca5-9efb-430d-997b-02e2028be1fa ] Request (SecurityGroupsTestJSON:setUpClass): 201 POST http://10.180.1.21/identity/v3/auth/tokens 0.030s
2024-10-24 14:05:21.469 62117 INFO tempest.lib.common.rest_client [req-c02dea85-3b14-4c95-bb71-c7d697bf896d req-c02dea85-3b14-4c95-bb71-c7d697bf896d ] Request (ServicesAdminNegativeTestJSON:setUpClass): 200 GET http://10.180.1.21/identity/v3/roles 0.045s
2024-10-24 14:05:21.488 62107 INFO tempest.lib.common.rest_client [req-9edddade-c7ba-466d-a80a-2ae72b3e1418 req-9edddade-c7ba-466d-a80a-2ae72b3e1418 ] Request (SecurityGroupsTestJSON:setUpClass): 200 GET http://10.180.1.21/identity/v3/domains?name=Default 0.035s
2024-10-24 14:05:21.511 62129 INFO tempest.lib.common.rest_client [req-c8fb89ca-aca5-4b77-8f44-297a908d6b41 req-c8fb89ca-aca5-4b77-8f44-297a908d6b41 ] Request (AttachInterfacesUnderV243Test:test_add_remove_fixed_ip): 200 GET http://10.180.1.21/compute/v2.1/servers/6c354d85-0252-4eb9-81e2-550a403bdbc5 0.563s
2024-10-24 14:05:21.525 62117 INFO tempest.lib.common.rest_client [req-66b583d7-6a00-45b7-9fc7-ed14bf543c12 req-66b583d7-6a00-45b7-9fc7-ed14bf543c12 ] Request (ServicesAdminNegativeTestJSON:setUpClass): 204 PUT http://10.180.1.21/identity/v3/projects/51b00267708c405082af95f332aa032b/users/05dcf8e261584aba95b9c7c4a42526e2/roles/38c90a16680640a798037e49f5448f78 0.055s
2024-10-24 14:05:21.525 62117 INFO tempest.lib.common.dynamic_creds [-] Dynamic test user 05dcf8e261584aba95b9c7c4a42526e2 is created with scope project and roles: ['member']
2024-10-24 14:05:21.525 62117 INFO tempest.lib.common.dynamic_creds [-] Acquired dynamic creds: credentials: Credentials: {'domain_id': 'default', 'domain_name': 'Default', 'username': 'tempest-ServicesAdminNegativeTestJSON-979496856-project-member', 'project_domain_id': 'default', 'project_domain_name': 'Default', 'project_id': '51b00267708c405082af95f332aa032b', 'project_name': 'tempest-ServicesAdminNegativeTestJSON-979496856', 'tenant_id': '51b00267708c405082af95f332aa032b', 'tenant_name': 'tempest-ServicesAdminNegativeTestJSON-979496856', 'user_domain_id': 'default', 'user_domain_name': 'Default', 'user_id': '05dcf8e261584aba95b9c7c4a42526e2', 'system': None}, Network: None, Subnet: None, Router: None
2024-10-24 14:05:21.525 62117 INFO tempest.lib.common.dynamic_creds [-] Created isolated network resources for: credentials: Credentials: {'domain_id': 'default', 'domain_name': 'Default', 'username': 'tempest-ServicesAdminNegativeTestJSON-979496856-project-member', 'project_domain_id': 'default', 'project_domain_name': 'Default', 'project_id': '51b00267708c405082af95f332aa032b', 'project_name': 'tempest-ServicesAdminNegativeTestJSON-979496856', 'tenant_id': '51b00267708c405082af95f332aa032b', 'tenant_name': 'tempest-ServicesAdminNegativeTestJSON-979496856', 'user_domain_id': 'default', 'user_domain_name': 'Default', 'user_id': '05dcf8e261584aba95b9c7c4a42526e2', 'system': None}, Network: None, Subnet: None, Router: None
2024-10-24 14:05:21.530 62101 INFO tempest.lib.common.rest_client [req-1b637e26-b4b2-459f-a1c9-65b8f3712f18 req-1b637e26-b4b2-459f-a1c9-65b8f3712f18 ] Request (AttachVolumeTestJSON:setUpClass): 201 POST http://10.180.1.21/identity/v3/auth/tokens 0.168s
2024-10-24 14:05:21.548 62125 INFO tempest.lib.common.rest_client [req-1f7f7ab7-9de5-4dd1-8cb4-9cc74e3a40f3 req-1f7f7ab7-9de5-4dd1-8cb4-9cc74e3a40f3 ] Request (ListServersNegativeTestJSON:setUpClass): 201 POST http://10.180.1.21:9696/networking/v2.0/routers 2.148s
2024-10-24 14:05:21.602 62123 INFO tempest.lib.common.rest_client [req-be8206be-ce0f-43cd-8c11-9d524a2a648b req-be8206be-ce0f-43cd-8c11-9d524a2a648b ] Request (ServersWithSpecificFlavorTestJSON:test_verify_created_server_ephemeral_disk): 200 GET http://10.180.1.21/compute/v2.1/servers/9f6864a2-3e54-41cb-b858-16e6e350a2af 0.568s
2024-10-24 14:05:21.620 62139 INFO tempest.lib.common.rest_client [req-a70b3fc8-a8f9-4748-a313-120fc2a5ef99 req-a70b3fc8-a8f9-4748-a313-120fc2a5ef99 ] Request (KeyPairsV210TestJSON:tearDownClass): 200 GET http://10.180.1.21:9696/networking/v2.0/security-groups?tenant_id=055d1851007f413aa8ed368ba5021ab3&name=default 0.271s
2024-10-24 14:05:21.628 62107 INFO tempest.lib.common.rest_client [req-61e9fe74-5e3d-4df2-9fc5-3736ed782b74 req-61e9fe74-5e3d-4df2-9fc5-3736ed782b74 ] Request (SecurityGroupsTestJSON:setUpClass): 201 POST http://10.180.1.21/identity/v3/projects 0.140s
2024-10-24 14:05:21.643 62117 INFO tempest.lib.common.rest_client [req-71ad2eff-2a0f-4ff1-b159-b72ef23209c2 req-71ad2eff-2a0f-4ff1-b159-b72ef23209c2 ] Request (ServicesAdminNegativeTestJSON:setUpClass): 201 POST http://10.180.1.21/identity/v3/auth/tokens 0.111s
2024-10-24 14:05:21.679 62141 INFO tempest.lib.common.rest_client [req-7520f349-c9f7-49e5-9b39-9d790e3df70f req-7520f349-c9f7-49e5-9b39-9d790e3df70f ] Request (ServersTestFqdnHostnames:test_create_server_with_fqdn_name): 200 GET http://10.180.1.21/compute/v2.1/servers/6b3ecea4-fe20-4b6c-a987-59c20731b9ac 0.577s
2024-10-24 14:05:21.687 62141 INFO tempest.common.waiters [-] State transition "BUILD/scheduling" ==> "BUILD/None" after 16 second wait
2024-10-24 14:05:21.691 62107 INFO tempest.lib.common.rest_client [req-acb09109-4ec4-45b8-8100-1c86cf22cdb7 req-acb09109-4ec4-45b8-8100-1c86cf22cdb7 ] Request (SecurityGroupsTestJSON:setUpClass): 201 POST http://10.180.1.21/identity/v3/users 0.062s
2024-10-24 14:05:21.700 62133 INFO tempest.lib.common.rest_client [req-3a90f7c1-949c-45da-a802-869cc8e00bec req-3a90f7c1-949c-45da-a802-869cc8e00bec ] Request (KeyPairsV22TestJSON:_run_cleanups): 204 DELETE http://10.180.1.21/compute/v2.1/os-keypairs/tempest-KeyPairsV22TestJSON-keypair-1266454591 0.551s
2024-10-24 14:05:21.707 62117 INFO tempest.lib.common.rest_client [req-d4548a3e-b317-4124-88bc-e889adb9ee1f req-d4548a3e-b317-4124-88bc-e889adb9ee1f ] Request (ServicesAdminNegativeTestJSON:setUpClass): 201 POST http://10.180.1.21/identity/v3/projects 0.064s
2024-10-24 14:05:21.707 62107 INFO tempest.lib.common.rest_client [req-1c0eb66c-2469-4fd4-bd8e-cfbcc8118a3e req-1c0eb66c-2469-4fd4-bd8e-cfbcc8118a3e ] Request (SecurityGroupsTestJSON:setUpClass): 200 GET http://10.180.1.21/identity/v3/roles 0.015s
2024-10-24 14:05:21.724 62163 INFO tempest.lib.common.rest_client [req-d07d0f64-47e7-43c5-9131-542f2e920407 req-d07d0f64-47e7-43c5-9131-542f2e920407 ] Request (ServersTestJSON:setUpClass): 404 GET http://10.180.1.21/compute/v2.1/servers/17b85f46-4660-4af6-825d-3f2e7ea931ca 0.533s
2024-10-24 14:05:21.724 62163 INFO tempest.test [-] raised in ServersTestJSON.setUpClass. Invoking tearDownClass.
2024-10-24 14:05:21.771 62107 INFO tempest.lib.common.rest_client [req-70f12ed5-c5d6-4d0f-a39e-e827adb8bbde req-70f12ed5-c5d6-4d0f-a39e-e827adb8bbde ] Request (SecurityGroupsTestJSON:setUpClass): 204 PUT http://10.180.1.21/identity/v3/projects/5d5318e962dd4c17af474c9d0786a414/users/217c5f7019504ef8a4d4b11fdbb2a343/roles/38c90a16680640a798037e49f5448f78 0.063s
2024-10-24 14:05:21.771 62107 INFO tempest.lib.common.dynamic_creds [-] Dynamic test user 217c5f7019504ef8a4d4b11fdbb2a343 is created with scope project and roles: ['member']
2024-10-24 14:05:21.771 62107 INFO tempest.lib.common.dynamic_creds [-] Acquired dynamic creds: credentials: Credentials: {'domain_id': 'default', 'domain_name': 'Default', 'username': 'tempest-SecurityGroupsTestJSON-1679810606-project-member', 'project_domain_id': 'default', 'project_domain_name': 'Default', 'project_id': '5d5318e962dd4c17af474c9d0786a414', 'project_name': 'tempest-SecurityGroupsTestJSON-1679810606', 'tenant_id': '5d5318e962dd4c17af474c9d0786a414', 'tenant_name': 'tempest-SecurityGroupsTestJSON-1679810606', 'user_domain_id': 'default', 'user_domain_name': 'Default', 'user_id': '217c5f7019504ef8a4d4b11fdbb2a343', 'system': None}, Network: None, Subnet: None, Router: None
2024-10-24 14:05:21.782 62117 INFO tempest.lib.common.rest_client [req-2b789dc1-ca88-4199-8a08-add2206c4c7b req-2b789dc1-ca88-4199-8a08-add2206c4c7b ] Request (ServicesAdminNegativeTestJSON:setUpClass): 201 POST http://10.180.1.21/identity/v3/users 0.075s
2024-10-24 14:05:21.805 62157 INFO tempest.lib.common.rest_client [req-3f3ec4d9-ca43-413c-b1c4-7eb0b15607d2 req-3f3ec4d9-ca43-413c-b1c4-7eb0b15607d2 ] Request (DeleteServersAdminTestJSON:test_delete_server_while_in_error_state): 200 GET http://10.180.1.21/compute/v2.1/servers/e64fd277-10ae-494d-918a-2f3faa4e44d1 0.591s
2024-10-24 14:05:21.811 62131 INFO tempest.lib.common.rest_client [req-9309b615-33de-4ae2-8a73-6f5210be338d req-9309b615-33de-4ae2-8a73-6f5210be338d ] Request (AttachInterfacesV270Test:test_create_get_list_interfaces): 202 POST http://10.180.1.21/compute/v2.1/servers 1.049s
2024-10-24 14:05:21.827 62139 INFO tempest.lib.common.rest_client [req-868b4e70-09c6-4167-ae27-3c80afe434b6 req-868b4e70-09c6-4167-ae27-3c80afe434b6 ] Request (KeyPairsV210TestJSON:tearDownClass): 204 DELETE http://10.180.1.21:9696/networking/v2.0/security-groups/a482e3c7-e618-403a-97fe-1ae56529bf4b 0.207s
2024-10-24 14:05:21.832 62107 INFO tempest.lib.common.rest_client [req-9251497e-8fd5-497c-8cc9-df48b76d7822 req-9251497e-8fd5-497c-8cc9-df48b76d7822 ] Request (SecurityGroupsTestJSON:setUpClass): 201 POST http://10.180.1.21/identity/v3/auth/tokens 0.060s
2024-10-24 14:05:21.838 62149 INFO tempest.lib.common.rest_client [req-001bb1f6-510b-433f-8825-b3ee161fae5b req-001bb1f6-510b-433f-8825-b3ee161fae5b ] Request (FlavorsAdminTestJSON:_run_cleanups): 200 GET http://10.180.1.21/compute/v2.1/flavors/detail 0.503s
2024-10-24 14:05:21.847 62117 INFO tempest.lib.common.rest_client [req-cdacd06e-1e70-47d1-974a-1912498ff2e8 req-cdacd06e-1e70-47d1-974a-1912498ff2e8 ] Request (ServicesAdminNegativeTestJSON:setUpClass): 200 GET http://10.180.1.21/identity/v3/roles 0.064s
2024-10-24 14:05:21.896 62137 INFO tempest.lib.common.rest_client [req-0611285c-ffcb-4933-9e4f-dcf952e5630a req-0611285c-ffcb-4933-9e4f-dcf952e5630a ] Request (ServerDiagnosticsNegativeTest:test_get_server_diagnostics_by_non_admin): 200 GET http://10.180.1.21/compute/v2.1/servers/ebea667f-6495-41c0-88b3-a9c61390558d 0.603s
2024-10-24 14:05:21.896 62139 INFO tempest.lib.common.rest_client [req-d3f3d778-8fe6-406b-9263-295affa969ce req-d3f3d778-8fe6-406b-9263-295affa969ce ] Request (KeyPairsV210TestJSON:tearDownClass): 204 DELETE http://10.180.1.21/identity/v3/projects/055d1851007f413aa8ed368ba5021ab3 0.067s
2024-10-24 14:05:21.915 62151 INFO tempest.lib.common.rest_client [req-148bbe59-4484-4668-8244-7f9bd73d1519 req-148bbe59-4484-4668-8244-7f9bd73d1519 ] Request (ServerExternalEventsTest:test_create_server_external_events): 200 GET http://10.180.1.21/compute/v2.1/servers/d23d0d19-4806-4d5e-aa05-13aaf3c4a770 0.521s
2024-10-24 14:05:21.990 62111 INFO tempest.lib.common.rest_client [req-0610e114-de9a-4b97-9ff4-d1171b2c68f0 req-0610e114-de9a-4b97-9ff4-d1171b2c68f0 ] Request (ServersTestBootFromVolume:setUpClass): 200 GET http://10.180.1.21/volume/v3/volumes/d4fe3ed0-6de6-42d8-ac65-6a324ac1b224 0.046s
2024-10-24 14:05:21.991 62117 INFO tempest.lib.common.rest_client [req-539e4d19-2881-4bae-8d55-914b938b07e2 req-539e4d19-2881-4bae-8d55-914b938b07e2 ] Request (ServicesAdminNegativeTestJSON:setUpClass): 204 PUT http://10.180.1.21/identity/v3/projects/b5006b6b6c244e3da23851a2c5dea5a5/users/b6946e3cb4b4406d9296e1e0ff98e611/roles/9bfe83cba8e84171a633c319e2a68bc8 0.143s
2024-10-24 14:05:22.030 62149 INFO tempest.lib.common.rest_client [req-7f97ec50-d5cd-433e-93cd-9ee6b8f3b137 req-7f97ec50-d5cd-433e-93cd-9ee6b8f3b137 ] Request (FlavorsAdminTestJSON:tearDownClass): 204 DELETE http://10.180.1.21/identity/v3/users/a3f757a00b6f4278827212f2acabaf4e 0.181s
