2024-10-24 14:06:27.853 62145 INFO tempest.lib.common.rest_client [req-b69ea759-3d8c-445a-a3ab-d7b3b652f4a7 req-b69ea759-3d8c-445a-a3ab-d7b3b652f4a7 ] Request (ServersAdminTestJSON:tearDownClass): 204 DELETE http://10.180.1.21/identity/v3/projects/2edac4a5b81c442ea577d3cfdc6509d0 0.168s
2024-10-24 14:06:27.853 62145 INFO tempest.lib.common.dynamic_creds [-] Deleting project and security group for project: 0495675ff94f494aa8ab2cc86e8c74d3
2024-10-24 14:06:27.859 62153 INFO tempest.lib.common.rest_client [req-573377a7-9f32-4ab0-8e9b-8b71d3367755 req-573377a7-9f32-4ab0-8e9b-8b71d3367755 ] Request (ServerRescueTestJSON:setUpClass): 200 GET http://10.180.1.21/compute/v2.1/servers/528a2095-e82e-44eb-a4a1-dacde88966bb 0.064s
2024-10-24 14:06:27.867 62141 INFO tempest.lib.common.rest_client [req-463831af-9b6c-40ac-8063-ea299ba95e63 req-463831af-9b6c-40ac-8063-ea299ba95e63 ] Request (ServersTestFqdnHostnames:tearDownClass): 204 DELETE http://10.180.1.21:9696/networking/v2.0/subnets/428aa359-7a28-4ee3-92b9-db416c2f1b08 0.156s
2024-10-24 14:06:27.879 62129 INFO tempest.lib.common.rest_client [req-691ac265-5dbd-4df3-a867-ec29d3f156bf req-691ac265-5dbd-4df3-a867-ec29d3f156bf ] Request (ServerActionsTestOtherA:setUpClass): 200 GET http://10.180.1.21/compute/v2.1/servers/59227a6d-e699-43e3-8f40-e8767ffdc938 0.047s
2024-10-24 14:06:27.901 62145 INFO tempest.lib.common.rest_client [req-6059f6a7-e68d-4750-84a3-8eee09384d6b req-6059f6a7-e68d-4750-84a3-8eee09384d6b ] Request (ServersAdminTestJSON:tearDownClass): 200 GET http://10.180.1.21:9696/networking/v2.0/security-groups?tenant_id=0495675ff94f494aa8ab2cc86e8c74d3&name=default 0.047s
2024-10-24 14:06:27.901 62151 INFO tempest.lib.common.rest_client [req-9a62bf07-e6ff-41ac-b3e7-2703e072c1e7 req-9a62bf07-e6ff-41ac-b3e7-2703e072c1e7 ] Request (ServerExternalEventsTest:tearDownClass): 204 DELETE http://10.180.1.21/identity/v3/users/4f529edca7aa4c29a5164d05ee83a3af 0.128s
2024-10-24 14:06:27.929 62131 INFO tempest.lib.common.rest_client [req-f6fdced5-268b-419c-81c4-06751c21904b req-f6fdced5-268b-419c-81c4-06751c21904b ] Request (AttachInterfacesV270Test:test_create_get_list_interfaces): 200 GET http://10.180.1.21/compute/v2.1/servers/3e6732aa-a878-4bde-9299-abd779f2a109 0.064s
2024-10-24 14:06:27.934 62115 INFO tempest.lib.common.rest_client [req-5f103a7f-15b8-4227-b545-fee8ad872193 req-5f103a7f-15b8-4227-b545-fee8ad872193 ] Request (DeleteServersTestJSON:test_delete_active_server): 200 GET http://10.180.1.21/compute/v2.1/servers/40dae609-e7a5-4af2-84d9-a53f93d95743 0.054s
2024-10-24 14:06:27.937 62131 INFO tempest.common.waiters [-] State transition "BUILD/scheduling" ==> "BUILD/None" after 65 second wait
2024-10-24 14:06:27.994 62163 INFO tempest.lib.common.rest_client [req-cdb3e4f4-47ed-41da-a957-beb1ecd3bbf4 req-cdb3e4f4-47ed-41da-a957-beb1ecd3bbf4 ] Request (InstanceActionsV221TestJSON:test_get_list_deleted_instance_actions): 200 GET http://10.180.1.21/compute/v2.1/servers/71fe23a8-1108-4781-9a35-0156cb9d584d 0.070s
2024-10-24 14:06:27.995 62121 INFO tempest.lib.common.rest_client [req-bbfab3a2-4dec-4098-83d6-74498a3e5d95 req-bbfab3a2-4dec-4098-83d6-74498a3e5d95 ] Request (ServerDiskConfigTestJSON:test_rebuild_server_with_manual_disk_config): 200 GET http://10.180.1.21/compute/v2.1/servers/569d7ab1-22b8-4006-bf0e-ff35032cb9a6 0.058s
2024-10-24 14:06:28.046 62145 INFO tempest.lib.common.rest_client [req-c33c225d-8665-4181-9dee-4f8a1e76c3d4 req-c33c225d-8665-4181-9dee-4f8a1e76c3d4 ] Request (ServersAdminTestJSON:tearDownClass): 204 DELETE http://10.180.1.21:9696/networking/v2.0/security-groups/dc9b2f73-832a-4dc3-9e6c-2ccc27ae2169 0.144s
2024-10-24 14:06:28.071 62151 INFO tempest.lib.common.rest_client [req-fd8b9eaf-c07f-46e2-8090-79626f224a72 req-fd8b9eaf-c07f-46e2-8090-79626f224a72 ] Request (ServerExternalEventsTest:tearDownClass): 204 DELETE http://10.180.1.21/identity/v3/users/dd67df91588742729686fd336093bb42 0.169s
2024-10-24 14:06:28.071 62151 INFO tempest.lib.common.dynamic_creds [-] Deleting project and security group for project: 8c9f0ac6d3d4445baef7c09ec3d85d1f
2024-10-24 14:06:28.072 62125 INFO tempest.lib.common.rest_client [req-b40d3d7d-b801-417c-9963-b7896ec7977a req-b40d3d7d-b801-417c-9963-b7896ec7977a ] Request (ListServersNegativeTestJSON:setUpClass): 200 GET http://10.180.1.21/compute/v2.1/servers/0c7d1af9-54e9-435d-a0cc-687f793d4f43 0.078s
2024-10-24 14:06:28.075 62107 INFO tempest.lib.common.rest_client [req-7bdace50-9403-4830-9988-06f8077b2fe1 req-7bdace50-9403-4830-9988-06f8077b2fe1 ] Request (SecurityGroupsTestJSON:test_list_security_groups_by_server): 200 GET http://10.180.1.21/compute/v2.1/servers/42135fac-aef7-47d9-9afe-5ac2351bb07c 0.090s
2024-10-24 14:06:28.137 62151 INFO tempest.lib.common.rest_client [req-f6660b1c-5029-48e6-96f1-a98dbe04ba64 req-f6660b1c-5029-48e6-96f1-a98dbe04ba64 ] Request (ServerExternalEventsTest:tearDownClass): 201 POST http://10.180.1.21/identity/v3/auth/tokens 0.064s
2024-10-24 14:06:28.149 62133 INFO tempest.lib.common.rest_client [req-7eaaf1f8-1ea3-44dd-9bff-a16fd8eed210 req-7eaaf1f8-1ea3-44dd-9bff-a16fd8eed210 ] Request (ServersTestMultiNic:test_verify_duplicate_network_nics): 200 GET http://10.180.1.21/compute/v2.1/servers/8d4c25cc-47d0-42e0-8fe9-49426175af68 0.102s
2024-10-24 14:06:28.151 62101 INFO tempest.lib.common.rest_client [req-fb384957-0dac-4d73-8faf-17f99e59addd req-fb384957-0dac-4d73-8faf-17f99e59addd ] Request (AttachVolumeTestJSON:test_attach_detach_volume): 200 GET http://10.180.1.21/compute/v2.1/servers/e5c81f8b-aac3-4cf8-9abb-444731f57206 0.108s
2024-10-24 14:06:28.193 62145 INFO tempest.lib.common.rest_client [req-8ebdceb3-ade0-4b39-9bd5-41ca47c0ebd1 req-8ebdceb3-ade0-4b39-9bd5-41ca47c0ebd1 ] Request (ServersAdminTestJSON:tearDownClass): 204 DELETE http://10.180.1.21/identity/v3/projects/0495675ff94f494aa8ab2cc86e8c74d3 0.147s
2024-10-24 14:06:28.236 62141 INFO tempest.lib.common.rest_client [req-d7b18efd-8c60-44b9-8439-862af478aa4c req-d7b18efd-8c60-44b9-8439-862af478aa4c ] Request (ServersTestFqdnHostnames:tearDownClass): 204 DELETE http://10.180.1.21:9696/networking/v2.0/networks/f3bd7881-e202-49fb-80f7-1da180580d83 0.368s
2024-10-24 14:06:28.260 62145 INFO tempest.lib.common.rest_client [req-cc6c027f-6dcb-4ace-9413-cf6907588a7e req-cc6c027f-6dcb-4ace-9413-cf6907588a7e ] Request (FloatingIPsTestJSON:setUpClass): 201 POST http://10.180.1.21/identity/v3/auth/tokens 0.060s
2024-10-24 14:06:28.274 62113 INFO tempest.lib.common.rest_client [req-d2b3f014-ae6b-4126-aeea-0e66f7dd4e3f req-d2b3f014-ae6b-4126-aeea-0e66f7dd4e3f ] Request (ListImageFiltersTestJSON:setUpClass): 200 GET http://10.180.1.21/compute/v2.1/servers/0dca3209-d37b-4536-bbf9-72f0418cef8e 0.055s
2024-10-24 14:06:28.289 62145 INFO tempest.lib.common.rest_client [req-c864631c-98a7-446e-beda-54b838e607a0 req-c864631c-98a7-446e-beda-54b838e607a0 ] Request (FloatingIPsTestJSON:setUpClass): 201 POST http://10.180.1.21/identity/v3/auth/tokens 0.026s
2024-10-24 14:06:28.308 62145 INFO tempest.lib.common.rest_client [req-5c907889-763d-46f7-a4a1-e1105fc934e3 req-5c907889-763d-46f7-a4a1-e1105fc934e3 ] Request (FloatingIPsTestJSON:setUpClass): 200 GET http://10.180.1.21/identity/v3/domains?name=Default 0.018s
2024-10-24 14:06:28.326 62141 INFO tempest.lib.common.rest_client [req-59df451a-acb6-47ac-abad-14ebfbfb1729 req-59df451a-acb6-47ac-abad-14ebfbfb1729 ] Request (ServersTestFqdnHostnames:tearDownClass): 204 DELETE http://10.180.1.21/identity/v3/users/9a4f6272a837477aa04bc88b55ec857d 0.089s
2024-10-24 14:06:28.326 62141 INFO tempest.lib.common.dynamic_creds [-] Deleting project and security group for project: 9db10096c0254e258125ba7c333c8161
2024-10-24 14:06:28.331 62105 INFO tempest.lib.common.rest_client [req-0c97055e-cebc-4da8-9cfb-dfce0b966cbe req-0c97055e-cebc-4da8-9cfb-dfce0b966cbe ] Request (VolumesAdminNegativeTest:test_update_attached_volume_with_nonexistent_volume_in_uri): 200 GET http://10.180.1.21/compute/v2.1/servers/746ec539-5e13-4a9f-af73-26b175ad1e41 0.068s
2024-10-24 14:06:28.358 62141 INFO tempest.lib.common.rest_client [req-62679093-17d1-458c-8da7-888ba62ae411 req-62679093-17d1-458c-8da7-888ba62ae411 ] Request (ServersTestFqdnHostnames:tearDownClass): 200 GET http://10.180.1.21:9696/networking/v2.0/security-groups?tenant_id=9db10096c0254e258125ba7c333c8161&name=default 0.031s
2024-10-24 14:06:28.374 62151 INFO tempest.lib.common.rest_client [req-4381c688-7ba7-46b5-bc98-7760cfa0404c req-4381c688-7ba7-46b5-bc98-7760cfa0404c ] Request (ServerExternalEventsTest:tearDownClass): 200 GET http://10.180.1.21:9696/networking/v2.0/security-groups?tenant_id=8c9f0ac6d3d4445baef7c09ec3d85d1f&name=default 0.236s
2024-10-24 14:06:28.379 62123 INFO tempest.lib.common.rest_client [req-cce242c0-a664-4edd-8c8c-3943e84841af req-cce242c0-a664-4edd-8c8c-3943e84841af ] Request (ServerDiagnosticsTest:test_get_server_diagnostics): 200 GET http://10.180.1.21/compute/v2.1/servers/cb8d2bd7-ca6a-4465-8daa-9f15b13c9e2b 0.116s
2024-10-24 14:06:28.387 62145 INFO tempest.lib.common.rest_client [req-f76df17c-7007-4414-b2d4-4ea1f841c022 req-f76df17c-7007-4414-b2d4-4ea1f841c022 ] Request (FloatingIPsTestJSON:setUpClass): 201 POST http://10.180.1.21/identity/v3/projects 0.079s
2024-10-24 14:06:28.433 62135 INFO tempest.lib.common.rest_client [req-fa065fd5-fa63-4298-8119-4a77a571142a req-fa065fd5-fa63-4298-8119-4a77a571142a ] Request (ServerAddressesTestJSON:setUpClass): 200 GET http://10.180.1.21/compute/v2.1/servers/2f5bd366-317e-4c18-956a-35d9cdbae9e2 0.323s
2024-10-24 14:06:28.456 62151 INFO tempest.lib.common.rest_client [req-097661cc-c3a2-4ad2-ba56-4948d6441bed req-097661cc-c3a2-4ad2-ba56-4948d6441bed ] Request (ServerExternalEventsTest:tearDownClass): 204 DELETE http://10.180.1.21:9696/networking/v2.0/security-groups/4a5b3ee1-3195-44ff-8210-54891670ad5e 0.082s
2024-10-24 14:06:28.457 62141 INFO tempest.lib.common.rest_client [req-9c811591-121d-4dc2-a099-bb63e10e32bf req-9c811591-121d-4dc2-a099-bb63e10e32bf ] Request (ServersTestFqdnHostnames:tearDownClass): 204 DELETE http://10.180.1.21:9696/networking/v2.0/security-groups/c5d32665-655e-4a4d-a2de-db089fd27e17 0.098s
2024-10-24 14:06:28.466 62145 INFO tempest.lib.common.rest_client [req-1f7aa345-146f-4655-936c-6eba18754b0c req-1f7aa345-146f-4655-936c-6eba18754b0c ] Request (FloatingIPsTestJSON:setUpClass): 201 POST http://10.180.1.21/identity/v3/users 0.078s
2024-10-24 14:06:28.508 62151 INFO tempest.lib.common.rest_client [req-46bca5c1-6c85-4dce-a1c5-6b8c01f057da req-46bca5c1-6c85-4dce-a1c5-6b8c01f057da ] Request (ServerExternalEventsTest:tearDownClass): 204 DELETE http://10.180.1.21/identity/v3/projects/8c9f0ac6d3d4445baef7c09ec3d85d1f 0.051s
2024-10-24 14:06:28.508 62151 INFO tempest.lib.common.dynamic_creds [-] Deleting project and security group for project: 687c75027dd740ad808ed05b7b1c226d
2024-10-24 14:06:28.514 62141 INFO tempest.lib.common.rest_client [req-115505c4-9dea-411e-91d8-cbdaed33048f req-115505c4-9dea-411e-91d8-cbdaed33048f ] Request (ServersTestFqdnHostnames:tearDownClass): 204 DELETE http://10.180.1.21/identity/v3/projects/9db10096c0254e258125ba7c333c8161 0.056s
2024-10-24 14:06:28.569 62141 INFO tempest.lib.common.rest_client [req-77bf6f18-6f00-4f15-bb38-1c753472c625 req-77bf6f18-6f00-4f15-bb38-1c753472c625 ] Request (ServersNegativeTestJSON:setUpClass): 201 POST http://10.180.1.21/identity/v3/auth/tokens 0.053s
2024-10-24 14:06:28.580 62145 INFO tempest.lib.common.rest_client [req-fb63852f-2b0b-4f2a-bdb1-8b34a1f4bd4d req-fb63852f-2b0b-4f2a-bdb1-8b34a1f4bd4d ] Request (FloatingIPsTestJSON:setUpClass): 200 GET http://10.180.1.21/identity/v3/roles 0.113s
2024-10-24 14:06:28.599 62151 INFO tempest.lib.common.rest_client [req-739630df-315c-48ec-831d-64db02596d58 req-739630df-315c-48ec-831d-64db02596d58 ] Request (ServerExternalEventsTest:tearDownClass): 200 GET http://10.180.1.21:9696/networking/v2.0/security-groups?tenant_id=687c75027dd740ad808ed05b7b1c226d&name=default 0.090s
2024-10-24 14:06:28.602 62141 INFO tempest.lib.common.rest_client [req-2639cecb-a6bd-4358-8e64-5aa08f388c07 req-2639cecb-a6bd-4358-8e64-5aa08f388c07 ] Request (ServersNegativeTestJSON:setUpClass): 201 POST http://10.180.1.21/identity/v3/auth/tokens 0.031s
2024-10-24 14:06:28.616 62145 INFO tempest.lib.common.rest_client [req-9a41e5bf-1fe4-4516-bc81-ea07bf212f7b req-9a41e5bf-1fe4-4516-bc81-ea07bf212f7b ] Request (FloatingIPsTestJSON:setUpClass): 204 PUT http://10.180.1.21/identity/v3/projects/113c371542114407beefb01fa46db401/users/d85355f85e6a42828dcfe4252181a99f/roles/38c90a16680640a798037e49f5448f78 0.035s
2024-10-24 14:06:28.616 62145 INFO tempest.lib.common.dynamic_creds [-] Dynamic test user d85355f85e6a42828dcfe4252181a99f is created with scope project and roles: ['member']
2024-10-24 14:06:28.616 62145 INFO tempest.lib.common.dynamic_creds [-] Acquired dynamic creds: credentials: Credentials: {'domain_id': 'default', 'domain_name': 'Default', 'username': 'tempest-FloatingIPsTestJSON-759446219-project-member', 'project_domain_id': 'default', 'project_domain_name': 'Default', 'project_id': '113c371542114407beefb01fa46db401', 'project_name': 'tempest-FloatingIPsTestJSON-759446219', 'tenant_id': '113c371542114407beefb01fa46db401', 'tenant_name': 'tempest-FloatingIPsTestJSON-759446219', 'user_domain_id': 'default', 'user_domain_name': 'Default', 'user_id': 'd85355f85e6a42828dcfe4252181a99f', 'system': None}, Network: None, Subnet: None, Router: None
2024-10-24 14:06:28.620 62141 INFO tempest.lib.common.rest_client [req-c19f2fd7-53b7-4e59-bb4c-0f71f4b1a1fb req-c19f2fd7-53b7-4e59-bb4c-0f71f4b1a1fb ] Request (ServersNegativeTestJSON:setUpClass): 200 GET http://10.180.1.21/identity/v3/domains?name=Default 0.017s
2024-10-24 14:06:28.661 62137 INFO tempest.lib.common.rest_client [req-051eee09-b0cf-45dc-961f-101ce088fba0 req-051eee09-b0cf-45dc-961f-101ce088fba0 ] Request (ServerDiagnosticsNegativeTest:test_get_server_diagnostics_by_non_admin): 200 GET http://10.180.1.21/compute/v2.1/servers/ebea667f-6495-41c0-88b3-a9c61390558d 0.084s
2024-10-24 14:06:28.664 62103 INFO tempest.lib.common.rest_client [req-cfcb00f6-bdea-47ea-8aa7-6d77b3044c1e req-cfcb00f6-bdea-47ea-8aa7-6d77b3044c1e ] Request (AttachVolumeNegativeTest:test_attach_attached_volume_to_different_server): 200 GET http://10.180.1.21/compute/v2.1/servers/2fdb9569-9e1a-44cd-9c2d-b493bc90ce81 0.052s
2024-10-24 14:06:28.674 62145 INFO tempest.lib.common.rest_client [req-379db4c9-a35f-4d3f-a087-36f73afd7995 req-379db4c9-a35f-4d3f-a087-36f73afd7995 ] Request (FloatingIPsTestJSON:setUpClass): 201 POST http://10.180.1.21/identity/v3/auth/tokens 0.058s
2024-10-24 14:06:28.679 62141 INFO tempest.lib.common.rest_client [req-7fb013c6-4c8b-4453-b48b-3227d3edf2a5 req-7fb013c6-4c8b-4453-b48b-3227d3edf2a5 ] Request (ServersNegativeTestJSON:setUpClass): 201 POST http://10.180.1.21/identity/v3/projects 0.059s
2024-10-24 14:06:28.699 62151 INFO tempest.lib.common.rest_client [req-e8bba53d-0958-470f-9731-6c5bd414e224 req-e8bba53d-0958-470f-9731-6c5bd414e224 ] Request (ServerExternalEventsTest:tearDownClass): 204 DELETE http://10.180.1.21:9696/networking/v2.0/security-groups/afddcdb1-aa85-4dd7-b49c-623d32f38326 0.100s
2024-10-24 14:06:28.718 62157 INFO tempest.lib.common.rest_client [req-6e565b6c-8495-4bbf-84f3-b6fbcbb3acf9 req-6e565b6c-8495-4bbf-84f3-b6fbcbb3acf9 ] Request (DeleteServersAdminTestJSON:test_delete_server_while_in_error_state): 200 GET http://10.180.1.21/compute/v2.1/servers/e64fd277-10ae-494d-918a-2f3faa4e44d1 0.079s
2024-10-24 14:06:28.743 62156 INFO tempest.lib.common.rest_client [req-2873835a-6b13-4bc1-b31a-9da2f36ae956 req-2873835a-6b13-4bc1-b31a-9da2f36ae956 ] Request (ImagesOneServerNegativeTestJSON:setUpClass): 200 GET http://10.180.1.21/compute/v2.1/servers/4b0abc14-0ce2-4212-8677-82f6279ee107 0.056s
2024-10-24 14:06:28.745 62141 INFO tempest.lib.common.rest_client [req-16e540b7-6c18-44fa-951e-137c086f09a0 req-16e540b7-6c18-44fa-951e-137c086f09a0 ] Request (ServersNegativeTestJSON:setUpClass): 201 POST http://10.180.1.21/identity/v3/users 0.065s
2024-10-24 14:06:28.769 62111 INFO tempest.lib.common.rest_client [req-866dc089-0a20-4ebf-a97d-663828e74e6d req-866dc089-0a20-4ebf-a97d-663828e74e6d ] Request (ServersTestBootFromVolume:setUpClass): 200 GET http://10.180.1.21/compute/v2.1/servers/73a96c0e-a08b-46c9-b700-25544e17c73d 0.070s
2024-10-24 14:06:28.782 62141 INFO tempest.lib.common.rest_client [req-12309f98-df8d-4602-b889-06a454f36db6 req-12309f98-df8d-4602-b889-06a454f36db6 ] Request (ServersNegativeTestJSON:setUpClass): 200 GET http://10.180.1.21/identity/v3/roles 0.036s
2024-10-24 14:06:28.799 62109 INFO tempest.lib.common.rest_client [req-9be01efd-6356-4e3f-947e-680367c0e0d9 req-9be01efd-6356-4e3f-947e-680367c0e0d9 ] Request (ServerActionsTestOtherB:setUpClass): 200 GET http://10.180.1.21/compute/v2.1/servers/05cefc82-3585-4d0b-8620-91412b3ef69e 0.059s
2024-10-24 14:06:28.806 62151 INFO tempest.lib.common.rest_client [req-994671c2-02ee-4217-91ef-604e6b4ac8cd req-994671c2-02ee-4217-91ef-604e6b4ac8cd ] Request (ServerExternalEventsTest:tearDownClass): 204 DELETE http://10.180.1.21/identity/v3/projects/687c75027dd740ad808ed05b7b1c226d 0.106s
2024-10-24 14:06:28.806 62151 INFO tempest.lib.common.dynamic_creds [-] Deleting project and security group for project: 76581eb7c05947bab9ad415463cba670
2024-10-24 14:06:28.823 62161 INFO tempest.lib.common.rest_client [req-ea0080d1-95b3-467e-a8fe-b86d672cc48b req-ea0080d1-95b3-467e-a8fe-b86d672cc48b ] Request (ServerRescueTestJSONUnderV235:setUpClass): 200 GET http://10.180.1.21/compute/v2.1/servers/3c0602a1-ad7d-4f85-b4e0-d36565e28a38 0.056s
2024-10-24 14:06:28.843 62141 INFO tempest.lib.common.rest_client [req-e712217f-854e-4f50-9d14-4bd78800cd2c req-e712217f-854e-4f50-9d14-4bd78800cd2c ] Request (ServersNegativeTestJSON:setUpClass): 204 PUT http://10.180.1.21/identity/v3/projects/1bb8b80700b2403f91072183df36a35b/users/bd4614eac1b543bbae9e6cbdfc737ece/roles/38c90a16680640a798037e49f5448f78 0.060s
2024-10-24 14:06:28.843 62141 INFO tempest.lib.common.dynamic_creds [-] Dynamic test user bd4614eac1b543bbae9e6cbdfc737ece is created with scope project and roles: ['member']
2024-10-24 14:06:28.843 62141 INFO tempest.lib.common.dynamic_creds [-] Acquired dynamic creds: credentials: Credentials: {'domain_id': 'default', 'domain_name': 'Default', 'username': 'tempest-ServersNegativeTestJSON-1396988084-project-member', 'project_domain_id': 'default', 'project_domain_name': 'Default', 'project_id': '1bb8b80700b2403f91072183df36a35b', 'project_name': 'tempest-ServersNegativeTestJSON-1396988084', 'tenant_id': '1bb8b80700b2403f91072183df36a35b', 'tenant_name': 'tempest-ServersNegativeTestJSON-1396988084', 'user_domain_id': 'default', 'user_domain_name': 'Default', 'user_id': 'bd4614eac1b543bbae9e6cbdfc737ece', 'system': None}, Network: None, Subnet: None, Router: None
2024-10-24 14:06:28.844 62151 INFO tempest.lib.common.rest_client [req-3d1c4fec-4600-4b81-8702-7e120a23b5c1 req-3d1c4fec-4600-4b81-8702-7e120a23b5c1 ] Request (ServerExternalEventsTest:tearDownClass): 200 GET http://10.180.1.21:9696/networking/v2.0/security-groups?tenant_id=76581eb7c05947bab9ad415463cba670&name=default 0.037s
2024-10-24 14:06:28.861 62143 INFO tempest.lib.common.rest_client [req-19546e56-ac7b-43ec-a5ec-e4168be5d790 req-19546e56-ac7b-43ec-a5ec-e4168be5d790 ] Request (MigrationsAdminTest:test_resize_server_revert_deleted_flavor): 200 GET http://10.180.1.21/compute/v2.1/servers/f9edb738-210e-4f85-8062-7759fa9033ea 0.069s
2024-10-24 14:06:28.879 62119 INFO tempest.lib.common.rest_client [req-86ef8a45-b40a-4997-89c7-16faf180deb1 req-86ef8a45-b40a-4997-89c7-16faf180deb1 ] Request (ServersTestManualDisk:setUpClass): 200 GET http://10.180.1.21/compute/v2.1/servers/95604a75-0ab3-45d9-a235-9067e615e72a 0.065s
2024-10-24 14:06:28.900 62141 INFO tempest.lib.common.rest_client [req-177a8a52-70b3-473e-8dfb-aa5b5d068dfa req-177a8a52-70b3-473e-8dfb-aa5b5d068dfa ] Request (ServersNegativeTestJSON:setUpClass): 201 POST http://10.180.1.21/identity/v3/auth/tokens 0.056s
2024-10-24 14:06:28.909 62127 INFO tempest.lib.common.rest_client [req-c8383ebc-938f-48af-9514-58f5f4429896 req-c8383ebc-938f-48af-9514-58f5f4429896 ] Request (ListServerFiltersTestJSON:setUpClass): 200 GET http://10.180.1.21/compute/v2.1/servers/b56dd330-d31c-4e42-baf9-d9897c55e633 0.068s
2024-10-24 14:06:28.946 62153 INFO tempest.lib.common.rest_client [req-e02a063c-5008-4e47-978e-de9292bb4d79 req-e02a063c-5008-4e47-978e-de9292bb4d79 ] Request (ServerRescueTestJSON:setUpClass): 200 GET http://10.180.1.21/compute/v2.1/servers/528a2095-e82e-44eb-a4a1-dacde88966bb 0.079s
2024-10-24 14:06:28.969 62129 INFO tempest.lib.common.rest_client [req-0c49cf3f-e3d1-46be-ab74-7005a50e41f1 req-0c49cf3f-e3d1-46be-ab74-7005a50e41f1 ] Request (ServerActionsTestOtherA:setUpClass): 200 GET http://10.180.1.21/compute/v2.1/servers/59227a6d-e699-43e3-8f40-e8767ffdc938 0.079s
2024-10-24 14:06:28.985 62145 INFO tempest.lib.common.rest_client [req-0d002f48-43d6-464c-91a0-53e46ff11791 req-0d002f48-43d6-464c-91a0-53e46ff11791 ] Request (FloatingIPsTestJSON:setUpClass): 201 POST http://10.180.1.21:9696/networking/v2.0/networks 0.311s
2024-10-24 14:06:29.001 62151 INFO tempest.lib.common.rest_client [req-6578c2e4-462a-49fa-914f-c40b2e2ba4f2 req-6578c2e4-462a-49fa-914f-c40b2e2ba4f2 ] Request (ServerExternalEventsTest:tearDownClass): 204 DELETE http://10.180.1.21:9696/networking/v2.0/security-groups/2bb72848-a7b7-40b6-8bca-49da3ad2d02e 0.157s
2024-10-24 14:06:29.018 62131 INFO tempest.lib.common.rest_client [req-433f0b39-75ba-4ca0-bf9c-82ec853fe0c1 req-433f0b39-75ba-4ca0-bf9c-82ec853fe0c1 ] Request (AttachInterfacesV270Test:test_create_get_list_interfaces): 200 GET http://10.180.1.21/compute/v2.1/servers/3e6732aa-a878-4bde-9299-abd779f2a109 0.080s
2024-10-24 14:06:29.029 62115 INFO tempest.lib.common.rest_client [req-6fb0e4f3-6d2b-4d73-9068-ddfc217ecfe8 req-6fb0e4f3-6d2b-4d73-9068-ddfc217ecfe8 ] Request (DeleteServersTestJSON:test_delete_active_server): 200 GET http://10.180.1.21/compute/v2.1/servers/40dae609-e7a5-4af2-84d9-a53f93d95743 0.082s
2024-10-24 14:06:29.072 62121 INFO tempest.lib.common.rest_client [req-00f1203e-753b-4a7f-8f84-6eb688d48e59 req-00f1203e-753b-4a7f-8f84-6eb688d48e59 ] Request (ServerDiskConfigTestJSON:test_rebuild_server_with_manual_disk_config): 200 GET http://10.180.1.21/compute/v2.1/servers/569d7ab1-22b8-4006-bf0e-ff35032cb9a6 0.068s
2024-10-24 14:06:29.077 62151 INFO tempest.lib.common.rest_client [req-3600f953-0be0-4325-9aa6-74a96fba1188 req-3600f953-0be0-4325-9aa6-74a96fba1188 ] Request (ServerExternalEventsTest:tearDownClass): 204 DELETE http://10.180.1.21/identity/v3/projects/76581eb7c05947bab9ad415463cba670 0.075s
2024-10-24 14:06:29.084 62163 INFO tempest.lib.common.rest_client [req-5e65f38e-9eb8-44f2-b54e-dc5f20bb389e req-5e65f38e-9eb8-44f2-b54e-dc5f20bb389e ] Request (InstanceActionsV221TestJSON:test_get_list_deleted_instance_actions): 200 GET http://10.180.1.21/compute/v2.1/servers/71fe23a8-1108-4781-9a35-0156cb9d584d 0.078s
2024-10-24 14:06:29.133 62125 INFO tempest.lib.common.rest_client [req-d6e6500a-5ce6-439d-9122-2996722770eb req-d6e6500a-5ce6-439d-9122-2996722770eb ] Request (ListServersNegativeTestJSON:setUpClass): 200 GET http://10.180.1.21/compute/v2.1/servers/0c7d1af9-54e9-435d-a0cc-687f793d4f43 0.051s
2024-10-24 14:06:29.135 62107 INFO tempest.lib.common.rest_client [req-9ab1eda8-ec6b-48e5-acc5-007b28ed736b req-9ab1eda8-ec6b-48e5-acc5-007b28ed736b ] Request (SecurityGroupsTestJSON:test_list_security_groups_by_server): 200 GET http://10.180.1.21/compute/v2.1/servers/42135fac-aef7-47d9-9afe-5ac2351bb07c 0.050s
2024-10-24 14:06:29.144 62151 INFO tempest.lib.common.rest_client [req-f01fa065-bc93-422e-bf92-d7ca4ec8b0e1 req-f01fa065-bc93-422e-bf92-d7ca4ec8b0e1 ] Request (TenantUsagesTestJSON:setUpClass): 201 POST http://10.180.1.21/identity/v3/auth/tokens 0.066s
2024-10-24 14:06:29.175 62145 INFO tempest.lib.common.rest_client [req-a6a6f59b-1c1e-4a14-91fa-3852f804bb8a req-a6a6f59b-1c1e-4a14-91fa-3852f804bb8a ] Request (FloatingIPsTestJSON:setUpClass): 201 POST http://10.180.1.21:9696/networking/v2.0/subnets 0.188s
2024-10-24 14:06:29.178 62151 INFO tempest.lib.common.rest_client [req-6c2ccf4d-3382-4f9b-89fe-f86e660508e2 req-6c2ccf4d-3382-4f9b-89fe-f86e660508e2 ] Request (TenantUsagesTestJSON:setUpClass): 201 POST http://10.180.1.21/identity/v3/auth/tokens 0.031s
2024-10-24 14:06:29.179 62141 INFO tempest.lib.common.rest_client [req-1aadfe65-65f8-4a78-a32b-a4cda607e9a3 req-1aadfe65-65f8-4a78-a32b-a4cda607e9a3 ] Request (ServersNegativeTestJSON:setUpClass): 201 POST http://10.180.1.21:9696/networking/v2.0/networks 0.279s
2024-10-24 14:06:29.203 62151 INFO tempest.lib.common.rest_client [req-7f63606c-d675-4dc9-8f96-ef031f9acce6 req-7f63606c-d675-4dc9-8f96-ef031f9acce6 ] Request (TenantUsagesTestJSON:setUpClass): 200 GET http://10.180.1.21/identity/v3/domains?name=Default 0.025s
2024-10-24 14:06:29.211 62133 INFO tempest.lib.common.rest_client [req-78d68ab5-36d5-48b9-ac7a-762155fd83c3 req-78d68ab5-36d5-48b9-ac7a-762155fd83c3 ] Request (ServersTestMultiNic:test_verify_duplicate_network_nics): 200 GET http://10.180.1.21/compute/v2.1/servers/8d4c25cc-47d0-42e0-8fe9-49426175af68 0.051s
2024-10-24 14:06:29.225 62101 INFO tempest.lib.common.rest_client [req-9f2fe42b-419c-4be7-8d64-37d888014b04 req-9f2fe42b-419c-4be7-8d64-37d888014b04 ] Request (AttachVolumeTestJSON:test_attach_detach_volume): 200 GET http://10.180.1.21/compute/v2.1/servers/e5c81f8b-aac3-4cf8-9abb-444731f57206 0.068s
2024-10-24 14:06:29.232 62151 INFO tempest.lib.common.rest_client [req-1e37f190-91c6-491a-b432-9de48b103047 req-1e37f190-91c6-491a-b432-9de48b103047 ] Request (TenantUsagesTestJSON:setUpClass): 201 POST http://10.180.1.21/identity/v3/projects 0.028s
2024-10-24 14:06:29.286 62151 INFO tempest.lib.common.rest_client [req-5b6d0130-1cf0-4d8a-a51e-781eab300aa9 req-5b6d0130-1cf0-4d8a-a51e-781eab300aa9 ] Request (TenantUsagesTestJSON:setUpClass): 201 POST http://10.180.1.21/identity/v3/users 0.053s
2024-10-24 14:06:29.303 62151 INFO tempest.lib.common.rest_client [req-e5dbaa9d-e42e-4c9a-8b59-0d9051f78cd3 req-e5dbaa9d-e42e-4c9a-8b59-0d9051f78cd3 ] Request (TenantUsagesTestJSON:setUpClass): 200 GET http://10.180.1.21/identity/v3/roles 0.017s
2024-10-24 14:06:29.329 62151 INFO tempest.lib.common.rest_client [req-80df7d1f-be5c-432e-b6e3-7b340905850f req-80df7d1f-be5c-432e-b6e3-7b340905850f ] Request (TenantUsagesTestJSON:setUpClass): 204 PUT http://10.180.1.21/identity/v3/projects/08b1224bc5494ab6a02e84eed71005c4/users/3d5405d35a72490dbe5ce244c88346b0/roles/38c90a16680640a798037e49f5448f78 0.025s
2024-10-24 14:06:29.329 62151 INFO tempest.lib.common.dynamic_creds [-] Dynamic test user 3d5405d35a72490dbe5ce244c88346b0 is created with scope project and roles: ['member']
2024-10-24 14:06:29.329 62151 INFO tempest.lib.common.dynamic_creds [-] Acquired dynamic creds: credentials: Credentials: {'domain_id': 'default', 'domain_name': 'Default', 'username': 'tempest-TenantUsagesTestJSON-1532269427-project-member', 'project_domain_id': 'default', 'project_domain_name': 'Default', 'project_id': '08b1224bc5494ab6a02e84eed71005c4', 'project_name': 'tempest-TenantUsagesTestJSON-1532269427', 'tenant_id': '08b1224bc5494ab6a02e84eed71005c4', 'tenant_name': 'tempest-TenantUsagesTestJSON-1532269427', 'user_domain_id': 'default', 'user_domain_name': 'Default', 'user_id': '3d5405d35a72490dbe5ce244c88346b0', 'system': None}, Network: None, Subnet: None, Router: None
2024-10-24 14:06:29.329 62151 INFO tempest.lib.common.dynamic_creds [-] Created isolated network resources for: credentials: Credentials: {'domain_id': 'default', 'domain_name': 'Default', 'username': 'tempest-TenantUsagesTestJSON-1532269427-project-member', 'project_domain_id': 'default', 'project_domain_name': 'Default', 'project_id': '08b1224bc5494ab6a02e84eed71005c4', 'project_name': 'tempest-TenantUsagesTestJSON-1532269427', 'tenant_id': '08b1224bc5494ab6a02e84eed71005c4', 'tenant_name': 'tempest-TenantUsagesTestJSON-1532269427', 'user_domain_id': 'default', 'user_domain_name': 'Default', 'user_id': '3d5405d35a72490dbe5ce244c88346b0', 'system': None}, Network: None, Subnet: None, Router: None
2024-10-24 14:06:29.355 62113 INFO tempest.lib.common.rest_client [req-bb8bbf5b-c19d-49d8-a91e-c92a2dbe93ad req-bb8bbf5b-c19d-49d8-a91e-c92a2dbe93ad ] Request (ListImageFiltersTestJSON:setUpClass): 200 GET http://10.180.1.21/compute/v2.1/servers/0dca3209-d37b-4536-bbf9-72f0418cef8e 0.068s
2024-10-24 14:06:29.394 62105 INFO tempest.lib.common.rest_client [req-8f5b2f1c-354c-4d7e-b0d0-1980b1a9dacd req-8f5b2f1c-354c-4d7e-b0d0-1980b1a9dacd ] Request (VolumesAdminNegativeTest:test_update_attached_volume_with_nonexistent_volume_in_uri): 200 GET http://10.180.1.21/compute/v2.1/servers/746ec539-5e13-4a9f-af73-26b175ad1e41 0.055s
2024-10-24 14:06:29.405 62151 INFO tempest.lib.common.rest_client [req-c7dc5555-db0d-4f97-8bcc-f2bb946fe8c9 req-c7dc5555-db0d-4f97-8bcc-f2bb946fe8c9 ] Request (TenantUsagesTestJSON:setUpClass): 201 POST http://10.180.1.21/identity/v3/auth/tokens 0.072s
2024-10-24 14:06:29.419 62141 INFO tempest.lib.common.rest_client [req-bbe37ee6-d12f-431b-b486-3d51b06065aa req-bbe37ee6-d12f-431b-b486-3d51b06065aa ] Request (ServersNegativeTestJSON:setUpClass): 201 POST http://10.180.1.21:9696/networking/v2.0/subnets 0.239s
2024-10-24 14:06:29.452 62123 INFO tempest.lib.common.rest_client [req-a86b108e-386e-451f-bb41-371d6c4995fa req-a86b108e-386e-451f-bb41-371d6c4995fa ] Request (ServerDiagnosticsTest:test_get_server_diagnostics): 200 GET http://10.180.1.21/compute/v2.1/servers/cb8d2bd7-ca6a-4465-8daa-9f15b13c9e2b 0.067s
2024-10-24 14:06:29.472 62151 INFO tempest.lib.common.rest_client [req-51559a0c-61bb-4f86-a301-c86abb37bdbd req-51559a0c-61bb-4f86-a301-c86abb37bdbd ] Request (TenantUsagesTestJSON:setUpClass): 201 POST http://10.180.1.21/identity/v3/projects 0.064s
2024-10-24 14:06:29.500 62135 INFO tempest.lib.common.rest_client [req-3884e551-9b1e-4794-aa2f-12ac795704d4 req-3884e551-9b1e-4794-aa2f-12ac795704d4 ] Request (ServerAddressesTestJSON:setUpClass): 200 GET http://10.180.1.21/compute/v2.1/servers/2f5bd366-317e-4c18-956a-35d9cdbae9e2 0.060s
2024-10-24 14:06:29.533 62151 INFO tempest.lib.common.rest_client [req-9e415a5d-a72d-4972-ac38-e05821ff8769 req-9e415a5d-a72d-4972-ac38-e05821ff8769 ] Request (TenantUsagesTestJSON:setUpClass): 201 POST http://10.180.1.21/identity/v3/users 0.061s
2024-10-24 14:06:29.548 62151 INFO tempest.lib.common.rest_client [req-cca5106f-01bd-40e4-b23f-708b93fc9f73 req-cca5106f-01bd-40e4-b23f-708b93fc9f73 ] Request (TenantUsagesTestJSON:setUpClass): 200 GET http://10.180.1.21/identity/v3/roles 0.014s
2024-10-24 14:06:29.573 62151 INFO tempest.lib.common.rest_client [req-0b9c8b29-990f-422f-8ce3-63e3b5281e11 req-0b9c8b29-990f-422f-8ce3-63e3b5281e11 ] Request (TenantUsagesTestJSON:setUpClass): 204 PUT http://10.180.1.21/identity/v3/projects/022201735f1f41bcae88352a1fe9a16b/users/4709639f064545068c32dde34709fab1/roles/9bfe83cba8e84171a633c319e2a68bc8 0.024s
2024-10-24 14:06:29.617 62151 INFO tempest.lib.common.rest_client [req-e29428cb-c559-432f-a007-d534ec02259d req-e29428cb-c559-432f-a007-d534ec02259d ] Request (TenantUsagesTestJSON:setUpClass): 200 GET http://10.180.1.21/identity/v3/roles 0.044s
2024-10-24 14:06:29.634 62151 INFO tempest.lib.common.rest_client [req-278689d5-4208-4ec7-92f5-2aefd3e88680 req-278689d5-4208-4ec7-92f5-2aefd3e88680 ] Request (TenantUsagesTestJSON:setUpClass): 204 PUT http://10.180.1.21/identity/v3/projects/022201735f1f41bcae88352a1fe9a16b/users/4709639f064545068c32dde34709fab1/roles/9bfe83cba8e84171a633c319e2a68bc8 0.016s
2024-10-24 14:06:29.634 62151 INFO tempest.lib.common.dynamic_creds [-] Dynamic test user 4709639f064545068c32dde34709fab1 is created with scope project and roles: ['admin']
2024-10-24 14:06:29.634 62151 INFO tempest.lib.common.dynamic_creds [-] Acquired dynamic creds: credentials: Credentials: {'domain_id': 'default', 'domain_name': 'Default', 'username': 'tempest-TenantUsagesTestJSON-625915383-project-admin', 'project_domain_id': 'default', 'project_domain_name': 'Default', 'project_id': '022201735f1f41bcae88352a1fe9a16b', 'project_name': 'tempest-TenantUsagesTestJSON-625915383', 'tenant_id': '022201735f1f41bcae88352a1fe9a16b', 'tenant_name': 'tempest-TenantUsagesTestJSON-625915383', 'user_domain_id': 'default', 'user_domain_name': 'Default', 'user_id': '4709639f064545068c32dde34709fab1', 'system': None}, Network: None, Subnet: None, Router: None
2024-10-24 14:06:29.635 62151 INFO tempest.lib.common.dynamic_creds [-] Created isolated network resources for: credentials: Credentials: {'domain_id': 'default', 'domain_name': 'Default', 'username': 'tempest-TenantUsagesTestJSON-625915383-project-admin', 'project_domain_id': 'default', 'project_domain_name': 'Default', 'project_id': '022201735f1f41bcae88352a1fe9a16b', 'project_name': 'tempest-TenantUsagesTestJSON-625915383', 'tenant_id': '022201735f1f41bcae88352a1fe9a16b', 'tenant_name': 'tempest-TenantUsagesTestJSON-625915383', 'user_domain_id': 'default', 'user_domain_name': 'Default', 'user_id': '4709639f064545068c32dde34709fab1', 'system': None}, Network: None, Subnet: None, Router: None
2024-10-24 14:06:29.709 62151 INFO tempest.lib.common.rest_client [req-4a0c966f-76a6-4adf-90b2-605ec7e61a58 req-4a0c966f-76a6-4adf-90b2-605ec7e61a58 ] Request (TenantUsagesTestJSON:setUpClass): 201 POST http://10.180.1.21/identity/v3/auth/tokens 0.072s
2024-10-24 14:06:29.712 62151 WARNING tempest.lib.common.rest_client [-] Deprecated: "tenant_id" property is deprecated for removal, use "project_id" instead
2024-10-24 14:06:29.730 62103 INFO tempest.lib.common.rest_client [req-54d63271-0043-4583-bd38-68d1afc93f17 req-54d63271-0043-4583-bd38-68d1afc93f17 ] Request (AttachVolumeNegativeTest:test_attach_attached_volume_to_different_server): 200 GET http://10.180.1.21/compute/v2.1/servers/2fdb9569-9e1a-44cd-9c2d-b493bc90ce81 0.057s
2024-10-24 14:06:29.738 62137 INFO tempest.lib.common.rest_client [req-84c3fdd1-298f-4fcf-b6a9-ce359e918df5 req-84c3fdd1-298f-4fcf-b6a9-ce359e918df5 ] Request (ServerDiagnosticsNegativeTest:test_get_server_diagnostics_by_non_admin): 200 GET http://10.180.1.21/compute/v2.1/servers/ebea667f-6495-41c0-88b3-a9c61390558d 0.065s
2024-10-24 14:06:29.772 62151 INFO tempest.lib.common.rest_client [req-87132049-b52f-4835-a48f-9d5e114136a1 req-87132049-b52f-4835-a48f-9d5e114136a1 ] Request (TenantUsagesTestJSON:setUpClass): 201 POST http://10.180.1.21/identity/v3/auth/tokens 0.055s
2024-10-24 14:06:29.772 62151 INFO tempest.lib.common.fixed_network [-] (TenantUsagesTestJSON:setUpClass) Found network None available for tenant
2024-10-24 14:06:29.792 62157 INFO tempest.lib.common.rest_client [req-89a01529-41e1-4808-9841-2fd9dbfa3a10 req-89a01529-41e1-4808-9841-2fd9dbfa3a10 ] Request (DeleteServersAdminTestJSON:test_delete_server_while_in_error_state): 200 GET http://10.180.1.21/compute/v2.1/servers/e64fd277-10ae-494d-918a-2f3faa4e44d1 0.065s
2024-10-24 14:06:29.816 62156 INFO tempest.lib.common.rest_client [req-1597aecd-9587-4918-8070-7217ebd09379 req-1597aecd-9587-4918-8070-7217ebd09379 ] Request (ImagesOneServerNegativeTestJSON:setUpClass): 200 GET http://10.180.1.21/compute/v2.1/servers/4b0abc14-0ce2-4212-8677-82f6279ee107 0.065s
2024-10-24 14:06:29.876 62111 INFO tempest.lib.common.rest_client [req-ab11dd19-5d8b-448c-8fc1-24fc18c93915 req-ab11dd19-5d8b-448c-8fc1-24fc18c93915 ] Request (ServersTestBootFromVolume:setUpClass): 200 GET http://10.180.1.21/compute/v2.1/servers/73a96c0e-a08b-46c9-b700-25544e17c73d 0.099s
2024-10-24 14:06:29.924 62109 INFO tempest.lib.common.rest_client [req-aa696c2a-dd3d-4599-a75e-a3be01d0515c req-aa696c2a-dd3d-4599-a75e-a3be01d0515c ] Request (ServerActionsTestOtherB:setUpClass): 200 GET http://10.180.1.21/compute/v2.1/servers/05cefc82-3585-4d0b-8620-91412b3ef69e 0.115s
2024-10-24 14:06:29.982 62161 INFO tempest.lib.common.rest_client [req-1d0e7b53-e17d-4003-8e5d-d84b84b7ac62 req-1d0e7b53-e17d-4003-8e5d-d84b84b7ac62 ] Request (ServerRescueTestJSONUnderV235:setUpClass): 200 GET http://10.180.1.21/compute/v2.1/servers/3c0602a1-ad7d-4f85-b4e0-d36565e28a38 0.149s
2024-10-24 14:06:30.066 62143 INFO tempest.lib.common.rest_client [req-67a8ceb2-5e4b-481b-96a8-3bdc492ae4a6 req-67a8ceb2-5e4b-481b-96a8-3bdc492ae4a6 ] Request (MigrationsAdminTest:test_resize_server_revert_deleted_flavor): 200 GET http://10.180.1.21/compute/v2.1/servers/f9edb738-210e-4f85-8062-7759fa9033ea 0.196s
2024-10-24 14:06:30.105 62145 INFO tempest.lib.common.rest_client [req-9a92e3bf-d469-4703-a47c-fcdf7c08d56d req-9a92e3bf-d469-4703-a47c-fcdf7c08d56d ] Request (FloatingIPsTestJSON:setUpClass): 201 POST http://10.180.1.21:9696/networking/v2.0/routers 0.929s
2024-10-24 14:06:30.108 62151 INFO tempest.lib.common.rest_client [req-492057c5-004c-4465-ad47-3b7ccaab6916 req-492057c5-004c-4465-ad47-3b7ccaab6916 ] Request (TenantUsagesTestJSON:setUpClass): 202 POST http://10.180.1.21/compute/v2.1/servers 0.335s
2024-10-24 14:06:30.120 62119 INFO tempest.lib.common.rest_client [req-a5664fa6-09e6-4545-aea8-ba7b51406ee2 req-a5664fa6-09e6-4545-aea8-ba7b51406ee2 ] Request (ServersTestManualDisk:setUpClass): 200 GET http://10.180.1.21/compute/v2.1/servers/95604a75-0ab3-45d9-a235-9067e615e72a 0.234s
2024-10-24 14:06:30.169 62153 INFO tempest.lib.common.rest_client [req-fb7e0fd5-cd71-443d-8801-859915ce7ada req-fb7e0fd5-cd71-443d-8801-859915ce7ada ] Request (ServerRescueTestJSON:setUpClass): 200 GET http://10.180.1.21/compute/v2.1/servers/528a2095-e82e-44eb-a4a1-dacde88966bb 0.214s
2024-10-24 14:06:30.222 62129 INFO tempest.lib.common.rest_client [req-cbaf3f99-de98-4f39-82ed-9937637de605 req-cbaf3f99-de98-4f39-82ed-9937637de605 ] Request (ServerActionsTestOtherA:setUpClass): 200 GET http://10.180.1.21/compute/v2.1/servers/59227a6d-e699-43e3-8f40-e8767ffdc938 0.246s
2024-10-24 14:06:30.273 62131 INFO tempest.lib.common.rest_client [req-2a1ae22a-402e-4d1b-9919-024b5d8fbb60 req-2a1ae22a-402e-4d1b-9919-024b5d8fbb60 ] Request (AttachInterfacesV270Test:test_create_get_list_interfaces): 200 GET http://10.180.1.21/compute/v2.1/servers/3e6732aa-a878-4bde-9299-abd779f2a109 0.245s
2024-10-24 14:06:30.321 62115 INFO tempest.lib.common.rest_client [req-0fd3d2eb-7fb8-4c4b-98ca-0b02db4b83bd req-0fd3d2eb-7fb8-4c4b-98ca-0b02db4b83bd ] Request (DeleteServersTestJSON:test_delete_active_server): 200 GET http://10.180.1.21/compute/v2.1/servers/40dae609-e7a5-4af2-84d9-a53f93d95743 0.283s
2024-10-24 14:06:30.350 62127 INFO tempest.lib.common.rest_client [req-ce73d41f-b7b1-4bf7-93b8-988b68c4792c req-ce73d41f-b7b1-4bf7-93b8-988b68c4792c ] Request (ListServerFiltersTestJSON:setUpClass): 200 GET http://10.180.1.21/compute/v2.1/servers/b56dd330-d31c-4e42-baf9-d9897c55e633 0.431s
2024-10-24 14:06:30.353 62141 INFO tempest.lib.common.rest_client [req-cae5c001-4bf3-4860-af23-5e0efadad494 req-cae5c001-4bf3-4860-af23-5e0efadad494 ] Request (ServersNegativeTestJSON:setUpClass): 201 POST http://10.180.1.21:9696/networking/v2.0/routers 0.933s
2024-10-24 14:06:30.370 62121 INFO tempest.lib.common.rest_client [req-3d73c90e-c1ed-45e3-b650-0c49640fcc1c req-3d73c90e-c1ed-45e3-b650-0c49640fcc1c ] Request (ServerDiskConfigTestJSON:test_rebuild_server_with_manual_disk_config): 200 GET http://10.180.1.21/compute/v2.1/servers/569d7ab1-22b8-4006-bf0e-ff35032cb9a6 0.291s
2024-10-24 14:06:30.400 62163 INFO tempest.lib.common.rest_client [req-692aa24a-7cdf-462f-acfb-e14eac2aa765 req-692aa24a-7cdf-462f-acfb-e14eac2aa765 ] Request (InstanceActionsV221TestJSON:test_get_list_deleted_instance_actions): 200 GET http://10.180.1.21/compute/v2.1/servers/71fe23a8-1108-4781-9a35-0156cb9d584d 0.308s
2024-10-24 14:06:30.437 62151 INFO tempest.lib.common.rest_client [req-f93bb1b4-0af5-415a-91e1-f75dc3bfdef4 req-f93bb1b4-0af5-415a-91e1-f75dc3bfdef4 ] Request (TenantUsagesTestJSON:setUpClass): 200 GET http://10.180.1.21/compute/v2.1/servers/b1ec5d55-96a6-42eb-ba54-c4a3904e22cd 0.327s
2024-10-24 14:06:30.455 62125 INFO tempest.lib.common.rest_client [req-d82670ad-12bd-4ff1-b905-9465a70e0728 req-d82670ad-12bd-4ff1-b905-9465a70e0728 ] Request (ListServersNegativeTestJSON:setUpClass): 200 GET http://10.180.1.21/compute/v2.1/servers/0c7d1af9-54e9-435d-a0cc-687f793d4f43 0.315s
2024-10-24 14:06:30.486 62107 INFO tempest.lib.common.rest_client [req-26270a25-125f-4eca-b0e1-c23cabbcd50e req-26270a25-125f-4eca-b0e1-c23cabbcd50e ] Request (SecurityGroupsTestJSON:test_list_security_groups_by_server): 200 GET http://10.180.1.21/compute/v2.1/servers/42135fac-aef7-47d9-9afe-5ac2351bb07c 0.344s
2024-10-24 14:06:30.508 62133 INFO tempest.lib.common.rest_client [req-c1189d4f-9ac6-4751-a3f3-8060b27075f3 req-c1189d4f-9ac6-4751-a3f3-8060b27075f3 ] Request (ServersTestMultiNic:test_verify_duplicate_network_nics): 200 GET http://10.180.1.21/compute/v2.1/servers/8d4c25cc-47d0-42e0-8fe9-49426175af68 0.289s
2024-10-24 14:06:30.542 62101 INFO tempest.lib.common.rest_client [req-c5872183-1920-4b29-a497-d4d3062462b4 req-c5872183-1920-4b29-a497-d4d3062462b4 ] Request (AttachVolumeTestJSON:test_attach_detach_volume): 200 GET http://10.180.1.21/compute/v2.1/servers/e5c81f8b-aac3-4cf8-9abb-444731f57206 0.308s
2024-10-24 14:06:30.572 62113 INFO tempest.lib.common.rest_client [req-4a04c3ad-6300-47b6-bf5f-3abbec3daa7d req-4a04c3ad-6300-47b6-bf5f-3abbec3daa7d ] Request (ListImageFiltersTestJSON:setUpClass): 200 GET http://10.180.1.21/compute/v2.1/servers/0dca3209-d37b-4536-bbf9-72f0418cef8e 0.209s
2024-10-24 14:06:30.595 62105 INFO tempest.lib.common.rest_client [req-d46014b0-a56b-48b5-adf5-164a128a1a03 req-d46014b0-a56b-48b5-adf5-164a128a1a03 ] Request (VolumesAdminNegativeTest:test_update_attached_volume_with_nonexistent_volume_in_uri): 200 GET http://10.180.1.21/compute/v2.1/servers/746ec539-5e13-4a9f-af73-26b175ad1e41 0.193s
2024-10-24 14:06:30.639 62123 INFO tempest.lib.common.rest_client [req-b38d29f2-65c3-444c-9258-8fec91313359 req-b38d29f2-65c3-444c-9258-8fec91313359 ] Request (ServerDiagnosticsTest:test_get_server_diagnostics): 200 GET http://10.180.1.21/compute/v2.1/servers/cb8d2bd7-ca6a-4465-8daa-9f15b13c9e2b 0.181s
2024-10-24 14:06:30.654 62135 INFO tempest.lib.common.rest_client [req-4131d630-fa83-40fd-8bc7-51d7231328a5 req-4131d630-fa83-40fd-8bc7-51d7231328a5 ] Request (ServerAddressesTestJSON:setUpClass): 200 GET http://10.180.1.21/compute/v2.1/servers/2f5bd366-317e-4c18-956a-35d9cdbae9e2 0.142s
2024-10-24 14:06:30.831 62137 INFO tempest.lib.common.rest_client [req-08c13507-351a-4968-a77b-b6b269a607f8 req-08c13507-351a-4968-a77b-b6b269a607f8 ] Request (ServerDiagnosticsNegativeTest:test_get_server_diagnostics_by_non_admin): 200 GET http://10.180.1.21/compute/v2.1/servers/ebea667f-6495-41c0-88b3-a9c61390558d 0.086s
2024-10-24 14:06:30.848 62103 INFO tempest.lib.common.rest_client [req-f78895d0-e5f3-4419-952d-190907654218 req-f78895d0-e5f3-4419-952d-190907654218 ] Request (AttachVolumeNegativeTest:test_attach_attached_volume_to_different_server): 200 GET http://10.180.1.21/compute/v2.1/servers/2fdb9569-9e1a-44cd-9c2d-b493bc90ce81 0.107s
2024-10-24 14:06:30.889 62157 INFO tempest.lib.common.rest_client [req-c892d8ff-1f1c-40db-bbe0-4ef20caba681 req-c892d8ff-1f1c-40db-bbe0-4ef20caba681 ] Request (DeleteServersAdminTestJSON:test_delete_server_while_in_error_state): 200 GET http://10.180.1.21/compute/v2.1/servers/e64fd277-10ae-494d-918a-2f3faa4e44d1 0.090s
2024-10-24 14:06:30.921 62156 INFO tempest.lib.common.rest_client [req-7f14ccde-c586-4b05-9910-cf958b647477 req-7f14ccde-c586-4b05-9910-cf958b647477 ] Request (ImagesOneServerNegativeTestJSON:setUpClass): 200 GET http://10.180.1.21/compute/v2.1/servers/4b0abc14-0ce2-4212-8677-82f6279ee107 0.097s
2024-10-24 14:06:30.945 62111 INFO tempest.lib.common.rest_client [req-4a4d780a-ddaf-489b-bfb7-98f1d51227ba req-4a4d780a-ddaf-489b-bfb7-98f1d51227ba ] Request (ServersTestBootFromVolume:setUpClass): 200 GET http://10.180.1.21/compute/v2.1/servers/73a96c0e-a08b-46c9-b700-25544e17c73d 0.060s
2024-10-24 14:06:31.001 62109 INFO tempest.lib.common.rest_client [req-a2fd6c0a-ccf3-4f42-b629-a23c5daeea66 req-a2fd6c0a-ccf3-4f42-b629-a23c5daeea66 ] Request (ServerActionsTestOtherB:setUpClass): 200 GET http://10.180.1.21/compute/v2.1/servers/05cefc82-3585-4d0b-8620-91412b3ef69e 0.066s
2024-10-24 14:06:31.065 62161 INFO tempest.lib.common.rest_client [req-6a9bcd1d-5b2b-4c48-ad21-ec7c8a2e6e55 req-6a9bcd1d-5b2b-4c48-ad21-ec7c8a2e6e55 ] Request (ServerRescueTestJSONUnderV235:setUpClass): 200 GET http://10.180.1.21/compute/v2.1/servers/3c0602a1-ad7d-4f85-b4e0-d36565e28a38 0.074s
2024-10-24 14:06:31.155 62143 INFO tempest.lib.common.rest_client [req-3d61c031-4b2b-4ce2-bcbf-00cefb49a9ab req-3d61c031-4b2b-4ce2-bcbf-00cefb49a9ab ] Request (MigrationsAdminTest:test_resize_server_revert_deleted_flavor): 200 GET http://10.180.1.21/compute/v2.1/servers/f9edb738-210e-4f85-8062-7759fa9033ea 0.082s
2024-10-24 14:06:31.191 62119 INFO tempest.lib.common.rest_client [req-6de55d19-0769-465e-b203-d2372c57c392 req-6de55d19-0769-465e-b203-d2372c57c392 ] Request (ServersTestManualDisk:setUpClass): 200 GET http://10.180.1.21/compute/v2.1/servers/95604a75-0ab3-45d9-a235-9067e615e72a 0.064s
2024-10-24 14:06:31.264 62153 INFO tempest.lib.common.rest_client [req-e6c9bd1e-2160-4405-a8d6-4f74f0a08a5b req-e6c9bd1e-2160-4405-a8d6-4f74f0a08a5b ] Request (ServerRescueTestJSON:setUpClass): 200 GET http://10.180.1.21/compute/v2.1/servers/528a2095-e82e-44eb-a4a1-dacde88966bb 0.087s
2024-10-24 14:06:31.271 62153 INFO tempest.common.waiters [-] State transition "BUILD/spawning" ==> "ERROR/None" after 84 second wait
2024-10-24 14:06:31.289 62129 INFO tempest.lib.common.rest_client [req-f2736eb4-3458-466c-80f5-d495c85b03ad req-f2736eb4-3458-466c-80f5-d495c85b03ad ] Request (ServerActionsTestOtherA:setUpClass): 200 GET http://10.180.1.21/compute/v2.1/servers/59227a6d-e699-43e3-8f40-e8767ffdc938 0.057s
2024-10-24 14:06:31.352 62131 INFO tempest.lib.common.rest_client [req-2afbf26f-2560-42d5-b28c-371627c7798a req-2afbf26f-2560-42d5-b28c-371627c7798a ] Request (AttachInterfacesV270Test:test_create_get_list_interfaces): 200 GET http://10.180.1.21/compute/v2.1/servers/3e6732aa-a878-4bde-9299-abd779f2a109 0.070s
2024-10-24 14:06:31.380 62141 INFO tempest.lib.common.rest_client [req-5dd7f24e-6079-49af-ac97-586a186dcf5e req-5dd7f24e-6079-49af-ac97-586a186dcf5e ] Request (ServersNegativeTestJSON:setUpClass): 200 PUT http://10.180.1.21:9696/networking/v2.0/routers/c6fa8d38-b29c-4841-a818-685f53699495/add_router_interface 1.027s
2024-10-24 14:06:31.381 62141 INFO tempest.lib.common.dynamic_creds [-] Created isolated network resources for: credentials: Credentials: {'domain_id': 'default', 'domain_name': 'Default', 'username': 'tempest-ServersNegativeTestJSON-1396988084-project-member', 'project_domain_id': 'default', 'project_domain_name': 'Default', 'project_id': '1bb8b80700b2403f91072183df36a35b', 'project_name': 'tempest-ServersNegativeTestJSON-1396988084', 'tenant_id': '1bb8b80700b2403f91072183df36a35b', 'tenant_name': 'tempest-ServersNegativeTestJSON-1396988084', 'user_domain_id': 'default', 'user_domain_name': 'Default', 'user_id': 'bd4614eac1b543bbae9e6cbdfc737ece', 'system': None}, Network: {'id': 'ed2bcf09-c7a4-45ca-bbd8-6be369a62455', 'name': 'tempest-ServersNegativeTestJSON-1464172279-network', 'tenant_id': '1bb8b80700b2403f91072183df36a35b', 'admin_state_up': True, 'mtu': 8950, 'status': 'ACTIVE', 'subnets': [], 'shared': False, 'project_id': '1bb8b80700b2403f91072183df36a35b', 'port_security_enabled': True, 'router:external': False, 'provider:network_type': 'vlan', 'provider:physical_network': 'default', 'provider:segmentation_id': 121, 'is_default': False, 'availability_zone_hints': [], 'availability_zones': [], 'ipv4_address_scope': None, 'ipv6_address_scope': None, 'description': '', 'tags': [], 'created_at': '2024-10-24T14:06:29Z', 'updated_at': '2024-10-24T14:06:29Z', 'revision_number': 1}, Subnet: {'id': 'f6e8265d-19dd-4500-b7c3-5c66d3682057', 'name': 'tempest-ServersNegativeTestJSON-1464172279-subnet', 'tenant_id': '1bb8b80700b2403f91072183df36a35b', 'network_id': 'ed2bcf09-c7a4-45ca-bbd8-6be369a62455', 'ip_version': 4, 'subnetpool_id': None, 'enable_dhcp': True, 'ipv6_ra_mode': None, 'ipv6_address_mode': None, 'gateway_ip': '192.168.128.1', 'cidr': '192.168.128.0/28', 'allocation_pools': [{'start': '192.168.128.2', 'end': '192.168.128.14'}], 'host_routes': [], 'dns_nameservers': [], 'description': '', 'router:external': False, 'service_types': [], 'tags': [], 'created_at': '2024-10-24T14:06:29Z', 'updated_at': '2024-10-24T14:06:29Z', 'revision_number': 0, 'project_id': '1bb8b80700b2403f91072183df36a35b'}, Router: {'id': 'c6fa8d38-b29c-4841-a818-685f53699495', 'name': 'tempest-ServersNegativeTestJSON-1464172279-router', 'tenant_id': '1bb8b80700b2403f91072183df36a35b', 'admin_state_up': True, 'status': 'ACTIVE', 'external_gateway_info': {'network_id': 'bee216b1-2ee9-4465-89bd-0f7df535cca7', 'external_fixed_ips': [{'subnet_id': 'c8a08114-86d5-49f8-8a4f-6eb09234fef7', 'ip_address': '10.180.180.195'}], 'enable_snat': True}, 'description': '', 'availability_zones': [], 'distributed': False, 'ha': False, 'availability_zone_hints': [], 'routes': [], 'flavor_id': None, 'tags': [], 'created_at': '2024-10-24T14:06:29Z', 'updated_at': '2024-10-24T14:06:29Z', 'revision_number': 2, 'project_id': '1bb8b80700b2403f91072183df36a35b'}
2024-10-24 14:06:31.405 62115 INFO tempest.lib.common.rest_client [req-9171e173-dc66-45a5-b544-61453c61a10c req-9171e173-dc66-45a5-b544-61453c61a10c ] Request (DeleteServersTestJSON:test_delete_active_server): 200 GET http://10.180.1.21/compute/v2.1/servers/40dae609-e7a5-4af2-84d9-a53f93d95743 0.077s
2024-10-24 14:06:31.461 62153 INFO tempest.lib.common.rest_client [req-9b5f673c-4ee3-4041-b7e6-197d0ffe2de4 req-9b5f673c-4ee3-4041-b7e6-197d0ffe2de4 ] Request (ServerRescueTestJSON:setUpClass): 204 DELETE http://10.180.1.21/compute/v2.1/servers/528a2095-e82e-44eb-a4a1-dacde88966bb 0.190s
