2024-12-10 20:39:50.023 65664 INFO tempest.lib.common.rest_client [req-e5bddb5c-8292-4eb6-8365-ff0ab9bb6770 req-e5bddb5c-8292-4eb6-8365-ff0ab9bb6770 ] Request (QuotasAdminTestV257:setUpClass): 201 POST http://10.180.1.21/identity/v3/projects 0.100s
2024-12-10 20:39:50.024 65718 INFO tempest.lib.common.rest_client [req-b5fbbfc2-4ecf-4209-83dd-d9e486420bcc req-b5fbbfc2-4ecf-4209-83dd-d9e486420bcc ] Request (AZAdminV2TestJSON:tearDownClass): 204 DELETE http://10.180.1.21/identity/v3/projects/7459647b3fea479ebc19261a8aa7ad47 0.111s
2024-12-10 20:39:50.024 65718 INFO tempest.lib.common.dynamic_creds [-] Deleting project and security group for project: c49e055070304ba5ad8edcb44bd5e6a7
2024-12-10 20:39:50.079 65686 INFO tempest.lib.common.rest_client [req-30d5ff98-d1ae-44e6-b1f4-cee3cd264d88 req-30d5ff98-d1ae-44e6-b1f4-cee3cd264d88 ] Request (ListServerFiltersTestJSON:setUpClass): 202 POST http://10.180.1.21/compute/v2.1/servers 2.581s
2024-12-10 20:39:50.082 65664 INFO tempest.lib.common.rest_client [req-ebdea856-2e25-4eea-8b81-68f5383a2e89 req-ebdea856-2e25-4eea-8b81-68f5383a2e89 ] Request (QuotasAdminTestV257:setUpClass): 201 POST http://10.180.1.21/identity/v3/users 0.058s
2024-12-10 20:39:50.091 65713 INFO tempest.lib.common.rest_client [req-e444a031-9572-411b-a8c6-8e50e03f9f08 req-e444a031-9572-411b-a8c6-8e50e03f9f08 ] Request (HypervisorAdminNegativeTestJSON:test_get_hypervisor_stats_with_non_admin_user): 403 GET http://10.180.1.21/compute/v2.1/os-hypervisors/statistics 2.020s
2024-12-10 20:39:50.108 65696 INFO tempest.lib.common.rest_client [req-b8e85ba9-6866-4f21-8752-e2ae8dd29d22 req-b8e85ba9-6866-4f21-8752-e2ae8dd29d22 ] Request (ServersAdmin275Test:test_rebuild_update_server_275): 200 PUT http://10.180.1.21/compute/v2.1/servers/18b25250-cc54-44ce-805b-04736141debc 2.047s
2024-12-10 20:39:50.122 65684 INFO tempest.lib.common.rest_client [req-4de3cef9-3f17-40a3-a756-75962483d534 req-4de3cef9-3f17-40a3-a756-75962483d534 ] Request (FlavorMetadataValidation:_run_cleanups): 202 DELETE http://10.180.1.21/compute/v2.1/flavors/1582619888 1.937s
2024-12-10 20:39:50.130 65702 INFO tempest.lib.common.rest_client [req-5a28d7ad-9ea5-46b2-9878-99e910bedc2e req-5a28d7ad-9ea5-46b2-9878-99e910bedc2e ] Request (InstanceUsageAuditLogNegativeTestJSON:test_instance_usage_audit_logs_with_nonadmin_user): 403 GET http://10.180.1.21/compute/v2.1/os-instance_usage_audit_log/2024-12-10%2020%3A39%3A48 1.938s
2024-12-10 20:39:50.140 65664 INFO tempest.lib.common.rest_client [req-d0e8b3de-0ae4-4e57-ae0d-1f6268592edf req-d0e8b3de-0ae4-4e57-ae0d-1f6268592edf ] Request (QuotasAdminTestV257:setUpClass): 200 GET http://10.180.1.21/identity/v3/roles 0.057s
2024-12-10 20:39:50.154 65688 INFO tempest.lib.common.rest_client [req-e5e3d418-150e-41ad-90b4-f7a1cd95adfd req-e5e3d418-150e-41ad-90b4-f7a1cd95adfd ] Request (FlavorsExtraSpecsTestJSON:test_flavor_non_admin_get_specific_key): 200 POST http://10.180.1.21/compute/v2.1/flavors/161018999/os-extra_specs 1.733s
2024-12-10 20:39:50.166 65686 INFO tempest.lib.common.rest_client [req-865e9b28-b673-4aab-b8c8-e538f8da2697 req-865e9b28-b673-4aab-b8c8-e538f8da2697 ] Request (ListServerFiltersTestJSON:setUpClass): 201 POST http://10.180.1.21/identity/v3/auth/tokens 0.081s
2024-12-10 20:39:50.166 65686 INFO tempest.lib.common.fixed_network [-] (ListServerFiltersTestJSON:setUpClass) Found network {'id': '4d844ea4-1465-4495-85b4-0d6b53add4b2', 'name': 'tempest-ListServerFiltersTestJSON-1747319105-network', 'tenant_id': '54266081308d42628094b33b3d7a2f53', 'admin_state_up': True, 'mtu': 8950, 'status': 'ACTIVE', 'subnets': [], 'shared': False, 'project_id': '54266081308d42628094b33b3d7a2f53', 'port_security_enabled': True, 'router:external': False, 'provider:network_type': 'vlan', 'provider:physical_network': 'default', 'provider:segmentation_id': 765, 'availability_zone_hints': [], 'availability_zones': [], 'ipv4_address_scope': None, 'ipv6_address_scope': None, 'description': '', 'tags': [], 'created_at': '2024-12-10T20:39:46Z', 'updated_at': '2024-12-10T20:39:46Z', 'revision_number': 1} available for tenant
2024-12-10 20:39:50.237 65702 INFO tempest.lib.common.rest_client [req-d9dcfb14-3b29-4005-ab6d-0d10eeb22395 req-d9dcfb14-3b29-4005-ab6d-0d10eeb22395 ] Request (InstanceUsageAuditLogNegativeTestJSON:tearDownClass): 204 DELETE http://10.180.1.21/identity/v3/users/3c57f50a4214433cb4bead19830fe813 0.106s
2024-12-10 20:39:50.275 65670 INFO tempest.lib.common.rest_client [req-9261ee7b-1da3-4c56-a122-fda80aad74f2 req-9261ee7b-1da3-4c56-a122-fda80aad74f2 ] Request (ServersWithSpecificFlavorTestJSON:test_verify_created_server_ephemeral_disk): 200 POST http://10.180.1.21/compute/v2.1/flavors 2.167s
2024-12-10 20:39:50.297 65714 INFO tempest.lib.common.rest_client [req-52ed30fd-8a82-4a99-8ecf-3cda1cf201ea req-52ed30fd-8a82-4a99-8ecf-3cda1cf201ea ] Request (ImagesMetadataNegativeTestJSON:test_get_nonexistent_image_metadata_item): 404 GET http://10.180.1.21/compute/v2.1/images/d02625b1-86d2-45e7-908a-b6eb907fc706/metadata/os_version 1.851s
2024-12-10 20:39:50.317 65656 INFO tempest.lib.common.rest_client [req-44372582-484b-44b4-8e51-3871d57ba979 req-44372582-484b-44b4-8e51-3871d57ba979 ] Request (FlavorsAdminTestJSON:test_list_non_public_flavor): 200 POST http://10.180.1.21/compute/v2.1/flavors 1.866s
2024-12-10 20:39:50.334 65664 INFO tempest.lib.common.rest_client [req-bc785e1f-34b4-4e9c-bbfc-feaf2f8c528e req-bc785e1f-34b4-4e9c-bbfc-feaf2f8c528e ] Request (QuotasAdminTestV257:setUpClass): 204 PUT http://10.180.1.21/identity/v3/projects/f401057eb7ab4c64a254b9e4e56001cf/users/01a92e1d79df435eaefcab57d15ef5d6/roles/ee79e681965043e5b3d22425c6f65fd1 0.193s
2024-12-10 20:39:50.335 65664 INFO tempest.lib.common.dynamic_creds [-] Dynamic test user 01a92e1d79df435eaefcab57d15ef5d6 is created with scope project and roles: ['member']
2024-12-10 20:39:50.335 65664 INFO tempest.lib.common.dynamic_creds [-] Acquired dynamic creds: credentials: Credentials: {'domain_id': 'default', 'domain_name': 'Default', 'username': 'tempest-QuotasAdminTestV257-274632695-project-member', 'project_domain_id': 'default', 'project_domain_name': 'Default', 'project_id': 'f401057eb7ab4c64a254b9e4e56001cf', 'project_name': 'tempest-QuotasAdminTestV257-274632695', 'tenant_id': 'f401057eb7ab4c64a254b9e4e56001cf', 'tenant_name': 'tempest-QuotasAdminTestV257-274632695', 'user_domain_id': 'default', 'user_domain_name': 'Default', 'user_id': '01a92e1d79df435eaefcab57d15ef5d6', 'system': None}, Network: None, Subnet: None, Router: None
2024-12-10 20:39:50.336 65664 INFO tempest.lib.common.dynamic_creds [-] Created isolated network resources for: credentials: Credentials: {'domain_id': 'default', 'domain_name': 'Default', 'username': 'tempest-QuotasAdminTestV257-274632695-project-member', 'project_domain_id': 'default', 'project_domain_name': 'Default', 'project_id': 'f401057eb7ab4c64a254b9e4e56001cf', 'project_name': 'tempest-QuotasAdminTestV257-274632695', 'tenant_id': 'f401057eb7ab4c64a254b9e4e56001cf', 'tenant_name': 'tempest-QuotasAdminTestV257-274632695', 'user_domain_id': 'default', 'user_domain_name': 'Default', 'user_id': '01a92e1d79df435eaefcab57d15ef5d6', 'system': None}, Network: None, Subnet: None, Router: None
2024-12-10 20:39:50.348 65666 INFO tempest.lib.common.rest_client [req-dcee8624-07a3-4349-8d14-6dfa51a37af5 req-dcee8624-07a3-4349-8d14-6dfa51a37af5 ] Request (FlavorsExtraSpecsNegativeTestJSON:test_flavor_non_admin_unset_keys): 200 POST http://10.180.1.21/compute/v2.1/flavors/1855100047/os-extra_specs 1.893s
2024-12-10 20:39:50.355 65718 INFO tempest.lib.common.rest_client [req-2f966a73-313a-4b1d-921d-504b491f7546 req-2f966a73-313a-4b1d-921d-504b491f7546 ] Request (AZAdminV2TestJSON:tearDownClass): 200 GET http://10.180.1.21:9696/networking/v2.0/security-groups?tenant_id=c49e055070304ba5ad8edcb44bd5e6a7&name=default 0.330s
2024-12-10 20:39:50.376 65672 INFO tempest.lib.common.rest_client [req-900c3847-a50b-40da-b2a1-ab2e2e310045 req-900c3847-a50b-40da-b2a1-ab2e2e310045 ] Request (FlavorsV261TestJSON:test_crud_flavor): 200 PUT http://10.180.1.21/compute/v2.1/flavors/1657256105 1.843s
2024-12-10 20:39:50.409 65674 INFO tempest.lib.common.rest_client [req-9f44a369-e581-451b-a745-0c5034d27410 req-9f44a369-e581-451b-a745-0c5034d27410 ] Request (FlavorsV255TestJSON:test_crud_flavor): 200 PUT http://10.180.1.21/compute/v2.1/flavors/1860807430 1.872s
2024-12-10 20:39:50.421 65664 INFO tempest.lib.common.rest_client [req-fd055fe0-2b14-478a-91a7-37f5ad0cb250 req-fd055fe0-2b14-478a-91a7-37f5ad0cb250 ] Request (QuotasAdminTestV257:setUpClass): 201 POST http://10.180.1.21/identity/v3/auth/tokens 0.081s
2024-12-10 20:39:50.427 65682 INFO tempest.lib.common.rest_client [req-41c4cdcb-1979-44ee-b066-9fcad33ad333 req-41c4cdcb-1979-44ee-b066-9fcad33ad333 ] Request (KeyPairsV210TestJSON:test_admin_manage_keypairs_for_other_users): 200 GET http://10.180.1.21/compute/v2.1/os-keypairs/tempest-keypair-2036584494?user_id=3cda87796aa64780a72146df07a7a081 1.849s
2024-12-10 20:39:50.467 65702 INFO tempest.lib.common.rest_client [req-e311d684-5eef-49ce-8038-275fffd2e7d1 req-e311d684-5eef-49ce-8038-275fffd2e7d1 ] Request (InstanceUsageAuditLogNegativeTestJSON:tearDownClass): 204 DELETE http://10.180.1.21/identity/v3/users/383529130b45464ca68857b8a464f880 0.229s
2024-12-10 20:39:50.467 65702 INFO tempest.lib.common.dynamic_creds [-] Deleting project and security group for project: 37ff1a627f7d47c1a68f1a04aa2322bc
2024-12-10 20:39:50.508 65710 INFO tempest.lib.common.rest_client [req-6294a961-6444-40eb-a90c-6bb10031de8e req-6294a961-6444-40eb-a90c-6bb10031de8e ] Request (VolumesAssistedSnapshotsTest:setUpClass): 201 POST http://10.180.1.21:9696/networking/v2.0/subnets 0.543s
2024-12-10 20:39:50.521 65676 INFO tempest.lib.common.rest_client [req-ada28079-6284-41f9-a88f-07bd45d6029b req-ada28079-6284-41f9-a88f-07bd45d6029b ] Request (ServerDiagnosticsV248Test:test_get_server_diagnostics): 202 POST http://10.180.1.21/compute/v2.1/servers 2.079s
2024-12-10 20:39:50.525 65664 INFO tempest.lib.common.rest_client [req-8c6a7b59-ab15-4bc3-ba01-7013e17d79b8 req-8c6a7b59-ab15-4bc3-ba01-7013e17d79b8 ] Request (QuotasAdminTestV257:setUpClass): 201 POST http://10.180.1.21/identity/v3/projects 0.099s
2024-12-10 20:39:50.553 65680 INFO tempest.lib.common.rest_client [req-8f68b040-ea5d-498a-9263-bf013a18f35b req-8f68b040-ea5d-498a-9263-bf013a18f35b ] Request (HypervisorAdminUnderV252Test:test_search_hypervisor): 200 GET http://10.180.1.21/compute/v2.1/os-hypervisors 1.878s
2024-12-10 20:39:50.577 65704 INFO tempest.lib.common.rest_client [req-6a5e89cb-c37a-4435-ae30-e912e5bb0a8a req-6a5e89cb-c37a-4435-ae30-e912e5bb0a8a ] Request (QuotaClassesAdminTestJSON:test_update_default_quotas): 200 GET http://10.180.1.21/compute/v2.1/os-quota-class-sets/default 1.771s
2024-12-10 20:39:50.597 65702 INFO tempest.lib.common.rest_client [req-4c3e4ee0-3ed2-47e3-9ee8-1736923d6393 req-4c3e4ee0-3ed2-47e3-9ee8-1736923d6393 ] Request (InstanceUsageAuditLogNegativeTestJSON:tearDownClass): 201 POST http://10.180.1.21/identity/v3/auth/tokens 0.126s
2024-12-10 20:39:50.612 65718 INFO tempest.lib.common.rest_client [req-460fb32c-463d-4d10-9e69-d1987b6ac2f8 req-460fb32c-463d-4d10-9e69-d1987b6ac2f8 ] Request (AZAdminV2TestJSON:tearDownClass): 204 DELETE http://10.180.1.21:9696/networking/v2.0/security-groups/8e6738a4-f51b-4678-ab15-ffd5e0e5b5c9 0.256s
2024-12-10 20:39:50.633 65664 INFO tempest.lib.common.rest_client [req-d2f075bc-d13d-4179-8733-63a4092f3672 req-d2f075bc-d13d-4179-8733-63a4092f3672 ] Request (QuotasAdminTestV257:setUpClass): 201 POST http://10.180.1.21/identity/v3/users 0.107s
2024-12-10 20:39:50.691 65708 INFO tempest.lib.common.rest_client [req-2897cf52-3627-45e6-9958-aaa22d77fbbd req-2897cf52-3627-45e6-9958-aaa22d77fbbd ] Request (ImagesOneServerTestJSON:setUpClass): 200 GET http://10.180.1.21/compute/v2.1/servers/67273d80-15fa-440b-bb86-901b28c075aa 1.253s
2024-12-10 20:39:50.699 65708 INFO tempest.common.waiters [-] State transition "BUILD/None" ==> "BUILD/networking" after 2 second wait
2024-12-10 20:39:50.794 65664 INFO tempest.lib.common.rest_client [req-5977c1e3-87b8-4e4b-abad-ed0378b5d3c4 req-5977c1e3-87b8-4e4b-abad-ed0378b5d3c4 ] Request (QuotasAdminTestV257:setUpClass): 200 GET http://10.180.1.21/identity/v3/roles 0.161s
2024-12-10 20:39:50.822 65718 INFO tempest.lib.common.rest_client [req-89e0bf97-0cbb-449a-965a-ba4ca70106e0 req-89e0bf97-0cbb-449a-965a-ba4ca70106e0 ] Request (AZAdminV2TestJSON:tearDownClass): 204 DELETE http://10.180.1.21/identity/v3/projects/c49e055070304ba5ad8edcb44bd5e6a7 0.210s
2024-12-10 20:39:50.951 65718 INFO tempest.lib.common.rest_client [req-e5757c3f-3674-4324-95a6-8b0ce6e7be8b req-e5757c3f-3674-4324-95a6-8b0ce6e7be8b ] Request (HypervisorAdminTestJSON:setUpClass): 201 POST http://10.180.1.21/identity/v3/auth/tokens 0.123s
2024-12-10 20:39:50.973 65664 INFO tempest.lib.common.rest_client [req-45d9cdf7-b1d5-446f-bbb5-63d38846963b req-45d9cdf7-b1d5-446f-bbb5-63d38846963b ] Request (QuotasAdminTestV257:setUpClass): 204 PUT http://10.180.1.21/identity/v3/projects/068fad3fe15c45abb0a8a2974d9f9e48/users/9ea99c25dc13472081ba347b9bcc7a89/roles/d34193c709fe4498a74111b3404de3da 0.178s
2024-12-10 20:39:50.977 65668 INFO tempest.lib.common.rest_client [req-a1a15b3f-2b1b-4014-9ba9-dc36f2f09754 req-a1a15b3f-2b1b-4014-9ba9-dc36f2f09754 ] Request (FloatingIPsNegativeTestJSON:setUpClass): 200 PUT http://10.180.1.21:9696/networking/v2.0/routers/1a0b7f02-86b5-4f14-96d6-01c3fcc3345c/add_router_interface 1.880s
2024-12-10 20:39:50.977 65668 INFO tempest.lib.common.dynamic_creds [-] Created isolated network resources for: credentials: Credentials: {'domain_id': 'default', 'domain_name': 'Default', 'username': 'tempest-FloatingIPsNegativeTestJSON-1211654584-project-member', 'project_domain_id': 'default', 'project_domain_name': 'Default', 'project_id': '5d97524ba53e47899c72b2c1485ce70a', 'project_name': 'tempest-FloatingIPsNegativeTestJSON-1211654584', 'tenant_id': '5d97524ba53e47899c72b2c1485ce70a', 'tenant_name': 'tempest-FloatingIPsNegativeTestJSON-1211654584', 'user_domain_id': 'default', 'user_domain_name': 'Default', 'user_id': 'dc15803f47bc4a14a13de0407f96e451', 'system': None}, Network: {'id': '1d825ca5-6f07-40eb-af3f-19d291f62df8', 'name': 'tempest-FloatingIPsNegativeTestJSON-1630466540-network', 'tenant_id': '5d97524ba53e47899c72b2c1485ce70a', 'admin_state_up': True, 'mtu': 8950, 'status': 'ACTIVE', 'subnets': [], 'shared': False, 'project_id': '5d97524ba53e47899c72b2c1485ce70a', 'port_security_enabled': True, 'router:external': False, 'provider:network_type': 'vlan', 'provider:physical_network': 'default', 'provider:segmentation_id': 721, 'availability_zone_hints': [], 'availability_zones': [], 'ipv4_address_scope': None, 'ipv6_address_scope': None, 'description': '', 'tags': [], 'created_at': '2024-12-10T20:39:46Z', 'updated_at': '2024-12-10T20:39:46Z', 'revision_number': 1}, Subnet: {'id': 'd5deec14-58de-496e-af06-2bdc2b71de69', 'name': 'tempest-FloatingIPsNegativeTestJSON-1630466540-subnet', 'tenant_id': '5d97524ba53e47899c72b2c1485ce70a', 'network_id': '1d825ca5-6f07-40eb-af3f-19d291f62df8', 'ip_version': 4, 'subnetpool_id': None, 'enable_dhcp': True, 'ipv6_ra_mode': None, 'ipv6_address_mode': None, 'gateway_ip': '192.168.128.1', 'cidr': '192.168.128.0/28', 'allocation_pools': [{'start': '192.168.128.2', 'end': '192.168.128.14'}], 'host_routes': [], 'dns_nameservers': [], 'description': '', 'router:external': False, 'service_types': [], 'tags': [], 'created_at': '2024-12-10T20:39:46Z', 'updated_at': '2024-12-10T20:39:46Z', 'revision_number': 0, 'project_id': '5d97524ba53e47899c72b2c1485ce70a'}, Router: {'id': '1a0b7f02-86b5-4f14-96d6-01c3fcc3345c', 'name': 'tempest-FloatingIPsNegativeTestJSON-1630466540-router', 'tenant_id': '5d97524ba53e47899c72b2c1485ce70a', 'admin_state_up': True, 'status': 'ACTIVE', 'external_gateway_info': {'network_id': 'cf86652b-ffac-4a91-bc63-eeedd5885525', 'external_fixed_ips': [{'subnet_id': 'ad1fd691-ff63-4283-a4c1-ff2c4d757087', 'ip_address': '10.180.180.234'}], 'enable_snat': True}, 'description': '', 'availability_zones': [], 'distributed': False, 'ha': False, 'availability_zone_hints': [], 'routes': [], 'flavor_id': None, 'tags': [], 'created_at': '2024-12-10T20:39:47Z', 'updated_at': '2024-12-10T20:39:48Z', 'revision_number': 2, 'project_id': '5d97524ba53e47899c72b2c1485ce70a'}
2024-12-10 20:39:50.982 65698 INFO tempest.lib.common.rest_client [req-6ea3d418-245d-4296-a822-100f667f9d15 req-6ea3d418-245d-4296-a822-100f667f9d15 ] Request (ServersV294TestFqdnHostnames:setUpClass): 201 POST http://10.180.1.21/compute/v2.1/os-keypairs 1.363s
2024-12-10 20:39:50.984 65679 INFO tempest.lib.common.rest_client [req-cdb80068-3743-466a-912e-5e96c4a20224 req-cdb80068-3743-466a-912e-5e96c4a20224 ] Request (AggregatesAdminNegativeTestJSON:_run_cleanups): 200 POST http://10.180.1.21/compute/v2.1/os-aggregates/1/action 2.372s
2024-12-10 20:39:51.015 65718 INFO tempest.lib.common.rest_client [req-f111c0d5-3ca4-490c-bc89-f843f593ca73 req-f111c0d5-3ca4-490c-bc89-f843f593ca73 ] Request (HypervisorAdminTestJSON:setUpClass): 201 POST http://10.180.1.21/identity/v3/auth/tokens 0.061s
2024-12-10 20:39:51.047 65664 INFO tempest.lib.common.rest_client [req-5e5ea9e5-8a64-4a44-8f6d-56efd034362e req-5e5ea9e5-8a64-4a44-8f6d-56efd034362e ] Request (QuotasAdminTestV257:setUpClass): 200 GET http://10.180.1.21/identity/v3/roles 0.074s
2024-12-10 20:39:51.075 65668 INFO tempest.lib.common.rest_client [req-11b287e9-5f91-4099-8159-45506149ecce req-11b287e9-5f91-4099-8159-45506149ecce ] Request (FloatingIPsNegativeTestJSON:setUpClass): 201 POST http://10.180.1.21/identity/v3/auth/tokens 0.091s
2024-12-10 20:39:51.100 65702 INFO tempest.lib.common.rest_client [req-b400352c-7d81-4a9d-b16a-cef1e3320ed2 req-b400352c-7d81-4a9d-b16a-cef1e3320ed2 ] Request (InstanceUsageAuditLogNegativeTestJSON:tearDownClass): 200 GET http://10.180.1.21:9696/networking/v2.0/security-groups?tenant_id=37ff1a627f7d47c1a68f1a04aa2322bc&name=default 0.503s
2024-12-10 20:39:51.169 65658 INFO tempest.lib.common.rest_client [req-4fcb597e-ad4a-47a1-ac29-98a573be84c5 req-4fcb597e-ad4a-47a1-ac29-98a573be84c5 ] Request (MigrationsAdminTest:test_list_migrations): 200 GET http://10.180.1.21/compute/v2.1/os-migrations 1.546s
2024-12-10 20:39:51.173 65718 INFO tempest.lib.common.rest_client [req-ea7132ef-9e36-4a6f-bceb-3b7f4f15fddb req-ea7132ef-9e36-4a6f-bceb-3b7f4f15fddb ] Request (HypervisorAdminTestJSON:setUpClass): 200 GET http://10.180.1.21/identity/v3/domains?name=Default 0.158s
2024-12-10 20:39:51.182 65664 INFO tempest.lib.common.rest_client [req-7ea308f1-4423-4980-a98a-1f71b52302c8 req-7ea308f1-4423-4980-a98a-1f71b52302c8 ] Request (QuotasAdminTestV257:setUpClass): 204 PUT http://10.180.1.21/identity/v3/projects/068fad3fe15c45abb0a8a2974d9f9e48/users/9ea99c25dc13472081ba347b9bcc7a89/roles/d34193c709fe4498a74111b3404de3da 0.134s
2024-12-10 20:39:51.182 65664 INFO tempest.lib.common.dynamic_creds [-] Dynamic test user 9ea99c25dc13472081ba347b9bcc7a89 is created with scope project and roles: ['admin']
2024-12-10 20:39:51.182 65698 INFO tempest.lib.common.rest_client [req-27ea218c-23af-41a2-b87c-01a4ddb32ca6 req-27ea218c-23af-41a2-b87c-01a4ddb32ca6 ] Request (ServersV294TestFqdnHostnames:setUpClass): 201 POST http://10.180.1.21:9696/networking/v2.0/security-groups 0.196s
2024-12-10 20:39:51.182 65664 INFO tempest.lib.common.dynamic_creds [-] Acquired dynamic creds: credentials: Credentials: {'domain_id': 'default', 'domain_name': 'Default', 'username': 'tempest-QuotasAdminTestV257-1047619004-project-admin', 'project_domain_id': 'default', 'project_domain_name': 'Default', 'project_id': '068fad3fe15c45abb0a8a2974d9f9e48', 'project_name': 'tempest-QuotasAdminTestV257-1047619004', 'tenant_id': '068fad3fe15c45abb0a8a2974d9f9e48', 'tenant_name': 'tempest-QuotasAdminTestV257-1047619004', 'user_domain_id': 'default', 'user_domain_name': 'Default', 'user_id': '9ea99c25dc13472081ba347b9bcc7a89', 'system': None}, Network: None, Subnet: None, Router: None
2024-12-10 20:39:51.182 65664 INFO tempest.lib.common.dynamic_creds [-] Created isolated network resources for: credentials: Credentials: {'domain_id': 'default', 'domain_name': 'Default', 'username': 'tempest-QuotasAdminTestV257-1047619004-project-admin', 'project_domain_id': 'default', 'project_domain_name': 'Default', 'project_id': '068fad3fe15c45abb0a8a2974d9f9e48', 'project_name': 'tempest-QuotasAdminTestV257-1047619004', 'tenant_id': '068fad3fe15c45abb0a8a2974d9f9e48', 'tenant_name': 'tempest-QuotasAdminTestV257-1047619004', 'user_domain_id': 'default', 'user_domain_name': 'Default', 'user_id': '9ea99c25dc13472081ba347b9bcc7a89', 'system': None}, Network: None, Subnet: None, Router: None
2024-12-10 20:39:51.230 65658 INFO tempest.lib.common.rest_client [req-5786bf0f-f93e-4a1f-a2fd-74899fd56c4b req-5786bf0f-f93e-4a1f-a2fd-74899fd56c4b ] Request (MigrationsAdminTest:test_list_migrations_in_flavor_resize_situation): 201 POST http://10.180.1.21/identity/v3/auth/tokens 0.054s
2024-12-10 20:39:51.231 65658 INFO tempest.lib.common.fixed_network [-] (MigrationsAdminTest:test_list_migrations_in_flavor_resize_situation) Found network None available for tenant
2024-12-10 20:39:51.239 65718 INFO tempest.lib.common.rest_client [req-d47d7a69-0fc8-4980-8db9-84b7f568de8b req-d47d7a69-0fc8-4980-8db9-84b7f568de8b ] Request (HypervisorAdminTestJSON:setUpClass): 201 POST http://10.180.1.21/identity/v3/projects 0.065s
2024-12-10 20:39:51.259 65698 INFO tempest.lib.common.rest_client [req-ec1f02a5-2562-4511-9f21-f62aeda9559d req-ec1f02a5-2562-4511-9f21-f62aeda9559d ] Request (ServersV294TestFqdnHostnames:setUpClass): 201 POST http://10.180.1.21:9696/networking/v2.0/security-group-rules 0.077s
2024-12-10 20:39:51.298 65664 INFO tempest.lib.common.rest_client [req-f465e2f2-0b4e-49b0-a7ad-c47231341111 req-f465e2f2-0b4e-49b0-a7ad-c47231341111 ] Request (QuotasAdminTestV257:setUpClass): 201 POST http://10.180.1.21/identity/v3/auth/tokens 0.111s
2024-12-10 20:39:51.300 65664 WARNING tempest.lib.common.rest_client [-] Deprecated: "tenant_id" property is deprecated for removal, use "project_id" instead
2024-12-10 20:39:51.349 65694 INFO tempest.lib.common.rest_client [req-2de6affe-1b24-48f3-aa5f-3f2889a63258 req-2de6affe-1b24-48f3-aa5f-3f2889a63258 ] Request (FlavorsAccessTestJSON:test_flavor_access_add_remove): 200 POST http://10.180.1.21/compute/v2.1/flavors/946085422/action 1.459s
2024-12-10 20:39:51.353 65702 INFO tempest.lib.common.rest_client [req-ec8f0faf-f67d-42cd-8573-f7f08e7fdf73 req-ec8f0faf-f67d-42cd-8573-f7f08e7fdf73 ] Request (InstanceUsageAuditLogNegativeTestJSON:tearDownClass): 204 DELETE http://10.180.1.21:9696/networking/v2.0/security-groups/fdfe3fa6-7150-4b9b-beb6-f9242bd88e3b 0.253s
2024-12-10 20:39:51.359 65698 INFO tempest.lib.common.rest_client [req-a47cb035-8eea-48e5-a25d-7a0b683d6674 req-a47cb035-8eea-48e5-a25d-7a0b683d6674 ] Request (ServersV294TestFqdnHostnames:setUpClass): 201 POST http://10.180.1.21:9696/networking/v2.0/security-group-rules 0.099s
2024-12-10 20:39:51.364 65718 INFO tempest.lib.common.rest_client [req-55555d36-b937-4be5-a3ee-1d1a062fdf87 req-55555d36-b937-4be5-a3ee-1d1a062fdf87 ] Request (HypervisorAdminTestJSON:setUpClass): 201 POST http://10.180.1.21/identity/v3/users 0.125s
2024-12-10 20:39:51.382 65718 INFO tempest.lib.common.rest_client [req-f8ca62e4-3c87-452e-96f7-425d6f79cb2d req-f8ca62e4-3c87-452e-96f7-425d6f79cb2d ] Request (HypervisorAdminTestJSON:setUpClass): 200 GET http://10.180.1.21/identity/v3/roles 0.017s
2024-12-10 20:39:51.408 65718 INFO tempest.lib.common.rest_client [req-fa96356d-0f94-4f9c-a54d-e0fef2a0431b req-fa96356d-0f94-4f9c-a54d-e0fef2a0431b ] Request (HypervisorAdminTestJSON:setUpClass): 204 PUT http://10.180.1.21/identity/v3/projects/33d98eb9ec7e4cde80cf3572f12b1c9f/users/b4f126d33ffe4629a059fc48d7317bd4/roles/ee79e681965043e5b3d22425c6f65fd1 0.026s
2024-12-10 20:39:51.408 65718 INFO tempest.lib.common.dynamic_creds [-] Dynamic test user b4f126d33ffe4629a059fc48d7317bd4 is created with scope project and roles: ['member']
2024-12-10 20:39:51.408 65718 INFO tempest.lib.common.dynamic_creds [-] Acquired dynamic creds: credentials: Credentials: {'domain_id': 'default', 'domain_name': 'Default', 'username': 'tempest-HypervisorAdminTestJSON-1522178274-project-member', 'project_domain_id': 'default', 'project_domain_name': 'Default', 'project_id': '33d98eb9ec7e4cde80cf3572f12b1c9f', 'project_name': 'tempest-HypervisorAdminTestJSON-1522178274', 'tenant_id': '33d98eb9ec7e4cde80cf3572f12b1c9f', 'tenant_name': 'tempest-HypervisorAdminTestJSON-1522178274', 'user_domain_id': 'default', 'user_domain_name': 'Default', 'user_id': 'b4f126d33ffe4629a059fc48d7317bd4', 'system': None}, Network: None, Subnet: None, Router: None
2024-12-10 20:39:51.409 65718 INFO tempest.lib.common.dynamic_creds [-] Created isolated network resources for: credentials: Credentials: {'domain_id': 'default', 'domain_name': 'Default', 'username': 'tempest-HypervisorAdminTestJSON-1522178274-project-member', 'project_domain_id': 'default', 'project_domain_name': 'Default', 'project_id': '33d98eb9ec7e4cde80cf3572f12b1c9f', 'project_name': 'tempest-HypervisorAdminTestJSON-1522178274', 'tenant_id': '33d98eb9ec7e4cde80cf3572f12b1c9f', 'tenant_name': 'tempest-HypervisorAdminTestJSON-1522178274', 'user_domain_id': 'default', 'user_domain_name': 'Default', 'user_id': 'b4f126d33ffe4629a059fc48d7317bd4', 'system': None}, Network: None, Subnet: None, Router: None
2024-12-10 20:39:51.430 65702 INFO tempest.lib.common.rest_client [req-4360cb3b-e08b-4874-9dbf-21e431511da9 req-4360cb3b-e08b-4874-9dbf-21e431511da9 ] Request (InstanceUsageAuditLogNegativeTestJSON:tearDownClass): 204 DELETE http://10.180.1.21/identity/v3/projects/37ff1a627f7d47c1a68f1a04aa2322bc 0.075s
2024-12-10 20:39:51.430 65702 INFO tempest.lib.common.dynamic_creds [-] Deleting project and security group for project: 86f2d55ad6e94639b2affea0d1736d6a
2024-12-10 20:39:51.481 65718 INFO tempest.lib.common.rest_client [req-e38c455a-4bb2-4edc-96eb-254209ec2ad6 req-e38c455a-4bb2-4edc-96eb-254209ec2ad6 ] Request (HypervisorAdminTestJSON:setUpClass): 201 POST http://10.180.1.21/identity/v3/auth/tokens 0.068s
2024-12-10 20:39:51.584 65718 INFO tempest.lib.common.rest_client [req-232d0d88-33ae-4f96-9e96-7fbdba40df0c req-232d0d88-33ae-4f96-9e96-7fbdba40df0c ] Request (HypervisorAdminTestJSON:setUpClass): 201 POST http://10.180.1.21/identity/v3/projects 0.102s
2024-12-10 20:39:51.596 65702 INFO tempest.lib.common.rest_client [req-67b14285-4adf-40e8-bb3b-be522e5303ae req-67b14285-4adf-40e8-bb3b-be522e5303ae ] Request (InstanceUsageAuditLogNegativeTestJSON:tearDownClass): 200 GET http://10.180.1.21:9696/networking/v2.0/security-groups?tenant_id=86f2d55ad6e94639b2affea0d1736d6a&name=default 0.165s
2024-12-10 20:39:51.648 65718 INFO tempest.lib.common.rest_client [req-3ba9f2a4-72a0-49f9-be67-af7e752cd304 req-3ba9f2a4-72a0-49f9-be67-af7e752cd304 ] Request (HypervisorAdminTestJSON:setUpClass): 201 POST http://10.180.1.21/identity/v3/users 0.063s
2024-12-10 20:39:51.669 65718 INFO tempest.lib.common.rest_client [req-5f808dc3-123c-47e5-b585-0c6a1c20ac1a req-5f808dc3-123c-47e5-b585-0c6a1c20ac1a ] Request (HypervisorAdminTestJSON:setUpClass): 200 GET http://10.180.1.21/identity/v3/roles 0.020s
2024-12-10 20:39:51.687 65662 INFO tempest.lib.common.rest_client [req-f3d01ca9-264f-435e-956f-91a66b684ac8 req-f3d01ca9-264f-435e-956f-91a66b684ac8 ] Request (DeleteServersAdminTestJSON:test_admin_delete_servers_of_others): 200 GET http://10.180.1.21/compute/v2.1/servers/dc24bb79-1fe3-4f19-bc3e-956a256757ee 1.741s
2024-12-10 20:39:51.697 65718 INFO tempest.lib.common.rest_client [req-c48b5d77-b2c1-4285-9d60-1f680ef27d57 req-c48b5d77-b2c1-4285-9d60-1f680ef27d57 ] Request (HypervisorAdminTestJSON:setUpClass): 204 PUT http://10.180.1.21/identity/v3/projects/a3c9a61c8fb54ad1b9ff246b3270e995/users/664a3a2aab6041b8a5a011a20f727ef6/roles/d34193c709fe4498a74111b3404de3da 0.028s
2024-12-10 20:39:51.725 65690 INFO tempest.lib.common.rest_client [req-21f2282a-31e8-44cd-b3b0-7c5d5bccb418 req-21f2282a-31e8-44cd-b3b0-7c5d5bccb418 ] Request (SecurityGroupsTestAdminJSON:test_list_security_groups_list_all_tenants_filter): 200 POST http://10.180.1.21/compute/v2.1/os-security-groups 1.951s
2024-12-10 20:39:51.754 65718 INFO tempest.lib.common.rest_client [req-70a4e2bb-7931-4775-9c40-b76a85d3c3d8 req-70a4e2bb-7931-4775-9c40-b76a85d3c3d8 ] Request (HypervisorAdminTestJSON:setUpClass): 200 GET http://10.180.1.21/identity/v3/roles 0.056s
2024-12-10 20:39:51.761 65702 INFO tempest.lib.common.rest_client [req-91257433-29bd-4a03-ab4a-f4ea16c294ba req-91257433-29bd-4a03-ab4a-f4ea16c294ba ] Request (InstanceUsageAuditLogNegativeTestJSON:tearDownClass): 204 DELETE http://10.180.1.21:9696/networking/v2.0/security-groups/410a0ef7-52c5-440d-abcb-2f179393fad3 0.164s
2024-12-10 20:39:51.773 65718 INFO tempest.lib.common.rest_client [req-fd5bf766-a373-47d7-ac03-8beed09951b2 req-fd5bf766-a373-47d7-ac03-8beed09951b2 ] Request (HypervisorAdminTestJSON:setUpClass): 204 PUT http://10.180.1.21/identity/v3/projects/a3c9a61c8fb54ad1b9ff246b3270e995/users/664a3a2aab6041b8a5a011a20f727ef6/roles/d34193c709fe4498a74111b3404de3da 0.018s
2024-12-10 20:39:51.773 65718 INFO tempest.lib.common.dynamic_creds [-] Dynamic test user 664a3a2aab6041b8a5a011a20f727ef6 is created with scope project and roles: ['admin']
2024-12-10 20:39:51.773 65718 INFO tempest.lib.common.dynamic_creds [-] Acquired dynamic creds: credentials: Credentials: {'domain_id': 'default', 'domain_name': 'Default', 'username': 'tempest-HypervisorAdminTestJSON-1376698131-project-admin', 'project_domain_id': 'default', 'project_domain_name': 'Default', 'project_id': 'a3c9a61c8fb54ad1b9ff246b3270e995', 'project_name': 'tempest-HypervisorAdminTestJSON-1376698131', 'tenant_id': 'a3c9a61c8fb54ad1b9ff246b3270e995', 'tenant_name': 'tempest-HypervisorAdminTestJSON-1376698131', 'user_domain_id': 'default', 'user_domain_name': 'Default', 'user_id': '664a3a2aab6041b8a5a011a20f727ef6', 'system': None}, Network: None, Subnet: None, Router: None
2024-12-10 20:39:51.773 65718 INFO tempest.lib.common.dynamic_creds [-] Created isolated network resources for: credentials: Credentials: {'domain_id': 'default', 'domain_name': 'Default', 'username': 'tempest-HypervisorAdminTestJSON-1376698131-project-admin', 'project_domain_id': 'default', 'project_domain_name': 'Default', 'project_id': 'a3c9a61c8fb54ad1b9ff246b3270e995', 'project_name': 'tempest-HypervisorAdminTestJSON-1376698131', 'tenant_id': 'a3c9a61c8fb54ad1b9ff246b3270e995', 'tenant_name': 'tempest-HypervisorAdminTestJSON-1376698131', 'user_domain_id': 'default', 'user_domain_name': 'Default', 'user_id': '664a3a2aab6041b8a5a011a20f727ef6', 'system': None}, Network: None, Subnet: None, Router: None
2024-12-10 20:39:51.868 65702 INFO tempest.lib.common.rest_client [req-1b6cca61-e9af-4f0e-8ba2-0387cbb8d813 req-1b6cca61-e9af-4f0e-8ba2-0387cbb8d813 ] Request (InstanceUsageAuditLogNegativeTestJSON:tearDownClass): 204 DELETE http://10.180.1.21/identity/v3/projects/86f2d55ad6e94639b2affea0d1736d6a 0.107s
2024-12-10 20:39:51.869 65702 INFO tempest.test [-] raised in TestVolumeSwap.setUpClass. Invoking tearDownClass.
2024-12-10 20:39:51.900 65716 INFO tempest.lib.common.rest_client [req-6e5b12ef-aefc-4c19-ba23-9c4e072184e3 req-6e5b12ef-aefc-4c19-ba23-9c4e072184e3 ] Request (FlavorsAccessNegativeTestJSON:test_add_flavor_access_duplicate): 409 POST http://10.180.1.21/compute/v2.1/flavors/1649532686/action 1.890s
2024-12-10 20:39:51.908 65698 INFO tempest.lib.common.rest_client [req-a8b12cde-5f40-4c45-908e-643e35bb3610 req-a8b12cde-5f40-4c45-908e-643e35bb3610 ] Request (ServersV294TestFqdnHostnames:setUpClass): 201 POST http://10.180.1.21:9696/networking/v2.0/floatingips 0.548s
2024-12-10 20:39:51.941 65718 INFO tempest.lib.common.rest_client [req-8067084a-2d28-41eb-8682-b6e15bef932a req-8067084a-2d28-41eb-8682-b6e15bef932a ] Request (HypervisorAdminTestJSON:setUpClass): 201 POST http://10.180.1.21/identity/v3/auth/tokens 0.163s
2024-12-10 20:39:51.944 65702 INFO tempest.lib.common.rest_client [req-f5078729-153d-4b72-95c7-a769dcb2f1fb req-f5078729-153d-4b72-95c7-a769dcb2f1fb ] Request (FloatingIPsAssociationNegativeTestJSON:setUpClass): 201 POST http://10.180.1.21/identity/v3/auth/tokens 0.072s
2024-12-10 20:39:51.996 65698 INFO tempest.lib.common.rest_client [req-e7083f27-79c0-49c8-b664-669c888593db req-e7083f27-79c0-49c8-b664-669c888593db ] Request (ServersV294TestFqdnHostnames:setUpClass): 201 POST http://10.180.1.21/identity/v3/auth/tokens 0.085s
2024-12-10 20:39:51.996 65698 INFO tempest.lib.common.fixed_network [-] (ServersV294TestFqdnHostnames:setUpClass) Found network {'id': '1e31d606-bc3b-4701-8526-a1d6e1c95a9f', 'name': 'tempest-ServersV294TestFqdnHostnames-1272502909-network', 'tenant_id': '34fcb49b54814cd7a2944a8ef15ee21f', 'admin_state_up': True, 'mtu': 8950, 'status': 'ACTIVE', 'subnets': [], 'shared': False, 'project_id': '34fcb49b54814cd7a2944a8ef15ee21f', 'port_security_enabled': True, 'router:external': False, 'provider:network_type': 'vlan', 'provider:physical_network': 'default', 'provider:segmentation_id': 53, 'availability_zone_hints': [], 'availability_zones': [], 'ipv4_address_scope': None, 'ipv6_address_scope': None, 'description': '', 'tags': [], 'created_at': '2024-12-10T20:39:46Z', 'updated_at': '2024-12-10T20:39:46Z', 'revision_number': 1} available for tenant
2024-12-10 20:39:52.020 65702 INFO tempest.lib.common.rest_client [req-ce796db3-4e5f-4727-bd56-54689ce2ad2a req-ce796db3-4e5f-4727-bd56-54689ce2ad2a ] Request (FloatingIPsAssociationNegativeTestJSON:setUpClass): 201 POST http://10.180.1.21/identity/v3/auth/tokens 0.072s
2024-12-10 20:39:52.045 65702 INFO tempest.lib.common.rest_client [req-234040d9-df63-4be9-9a15-0d5cfa963beb req-234040d9-df63-4be9-9a15-0d5cfa963beb ] Request (FloatingIPsAssociationNegativeTestJSON:setUpClass): 200 GET http://10.180.1.21/identity/v3/domains?name=Default 0.024s
2024-12-10 20:39:52.053 65713 INFO tempest.lib.common.rest_client [req-9abeb456-c5a4-4d4a-8f80-d92861374df8 req-9abeb456-c5a4-4d4a-8f80-d92861374df8 ] Request (HypervisorAdminNegativeTestJSON:test_get_hypervisor_uptime_with_non_admin_user): 200 GET http://10.180.1.21/compute/v2.1/os-hypervisors 1.960s
2024-12-10 20:39:52.074 65702 INFO tempest.lib.common.rest_client [req-1240a1b6-7b00-47a8-a096-c6214f9ea718 req-1240a1b6-7b00-47a8-a096-c6214f9ea718 ] Request (FloatingIPsAssociationNegativeTestJSON:setUpClass): 201 POST http://10.180.1.21/identity/v3/projects 0.029s
2024-12-10 20:39:52.140 65702 INFO tempest.lib.common.rest_client [req-0193bcf7-35e6-4ebd-bd04-150a71347c45 req-0193bcf7-35e6-4ebd-bd04-150a71347c45 ] Request (FloatingIPsAssociationNegativeTestJSON:setUpClass): 201 POST http://10.180.1.21/identity/v3/users 0.065s
2024-12-10 20:39:52.151 65696 INFO tempest.lib.common.rest_client [req-159752c7-14f7-4b4b-b645-62d715c16be2 req-159752c7-14f7-4b4b-b645-62d715c16be2 ] Request (ServersAdmin275Test:test_rebuild_update_server_275): 200 GET http://10.180.1.21/compute/v2.1/servers/18b25250-cc54-44ce-805b-04736141debc 2.029s
2024-12-10 20:39:52.160 65702 INFO tempest.lib.common.rest_client [req-28e73939-767a-4ad8-b101-68b1c03b97da req-28e73939-767a-4ad8-b101-68b1c03b97da ] Request (FloatingIPsAssociationNegativeTestJSON:setUpClass): 200 GET http://10.180.1.21/identity/v3/roles 0.020s
2024-12-10 20:39:52.170 65684 INFO tempest.lib.common.rest_client [req-672ab644-9fb9-4b84-927b-bcc2572b22bf req-672ab644-9fb9-4b84-927b-bcc2572b22bf ] Request (FlavorMetadataValidation:_run_cleanups): 200 GET http://10.180.1.21/compute/v2.1/flavors/detail 2.047s
2024-12-10 20:39:52.181 65688 INFO tempest.lib.common.rest_client [req-282261a3-cf99-464a-b18c-ae1514f8a384 req-282261a3-cf99-464a-b18c-ae1514f8a384 ] Request (FlavorsExtraSpecsTestJSON:test_flavor_non_admin_get_specific_key): 200 GET http://10.180.1.21/compute/v2.1/flavors/161018999/os-extra_specs/hw:numa_nodes 2.026s
2024-12-10 20:39:52.190 65702 INFO tempest.lib.common.rest_client [req-6a83b78c-020f-43af-923c-b253a435e72e req-6a83b78c-020f-43af-923c-b253a435e72e ] Request (FloatingIPsAssociationNegativeTestJSON:setUpClass): 204 PUT http://10.180.1.21/identity/v3/projects/20260609b92a4650a1e40ca729b366ae/users/88c17ab67815454d836f49d1beacb338/roles/ee79e681965043e5b3d22425c6f65fd1 0.029s
2024-12-10 20:39:52.191 65702 INFO tempest.lib.common.dynamic_creds [-] Dynamic test user 88c17ab67815454d836f49d1beacb338 is created with scope project and roles: ['member']
2024-12-10 20:39:52.191 65702 INFO tempest.lib.common.dynamic_creds [-] Acquired dynamic creds: credentials: Credentials: {'domain_id': 'default', 'domain_name': 'Default', 'username': 'tempest-FloatingIPsAssociationNegativeTestJSON-1954606103-project-member', 'project_domain_id': 'default', 'project_domain_name': 'Default', 'project_id': '20260609b92a4650a1e40ca729b366ae', 'project_name': 'tempest-FloatingIPsAssociationNegativeTestJSON-1954606103', 'tenant_id': '20260609b92a4650a1e40ca729b366ae', 'tenant_name': 'tempest-FloatingIPsAssociationNegativeTestJSON-1954606103', 'user_domain_id': 'default', 'user_domain_name': 'Default', 'user_id': '88c17ab67815454d836f49d1beacb338', 'system': None}, Network: None, Subnet: None, Router: None
2024-12-10 20:39:52.266 65702 INFO tempest.lib.common.rest_client [req-a4c86b10-566e-4ab9-91f2-a5ac98e76a85 req-a4c86b10-566e-4ab9-91f2-a5ac98e76a85 ] Request (FloatingIPsAssociationNegativeTestJSON:setUpClass): 201 POST http://10.180.1.21/identity/v3/auth/tokens 0.075s
2024-12-10 20:39:52.332 65684 INFO tempest.lib.common.rest_client [req-2515585b-2936-4130-9e78-fda5cb0475bd req-2515585b-2936-4130-9e78-fda5cb0475bd ] Request (FlavorMetadataValidation:tearDownClass): 204 DELETE http://10.180.1.21/identity/v3/users/562769e436ec4ed285df9fa1099bf55a 0.109s
2024-12-10 20:39:52.355 65660 INFO tempest.lib.common.rest_client [req-adcd1c40-1d1d-4a59-a8e9-690d75b41996 req-adcd1c40-1d1d-4a59-a8e9-690d75b41996 ] Request (ServerDiagnosticsTest:test_get_server_diagnostics): 200 GET http://10.180.1.21/compute/v2.1/servers/7b31f551-7141-445a-8468-7777316f58d5 2.197s
2024-12-10 20:39:52.440 65684 INFO tempest.lib.common.rest_client [req-f54498a8-a918-4de7-a91b-0a9b4fa867b8 req-f54498a8-a918-4de7-a91b-0a9b4fa867b8 ] Request (FlavorMetadataValidation:tearDownClass): 204 DELETE http://10.180.1.21/identity/v3/users/33d299ceb8e04c158a8cfcc69790f6c3 0.107s
2024-12-10 20:39:52.440 65684 INFO tempest.lib.common.dynamic_creds [-] Deleting project and security group for project: f3cc18ed1f6e4cd992d120edd02cfae8
2024-12-10 20:39:52.455 65710 INFO tempest.lib.common.rest_client [req-45aecfad-14df-45bb-b387-dada07840455 req-45aecfad-14df-45bb-b387-dada07840455 ] Request (VolumesAssistedSnapshotsTest:setUpClass): 201 POST http://10.180.1.21:9696/networking/v2.0/routers 1.947s
2024-12-10 20:39:52.492 65700 INFO tempest.lib.common.rest_client [req-62489537-4da8-42fe-92fa-281586dbb7c9 req-62489537-4da8-42fe-92fa-281586dbb7c9 ] Request (AttachInterfacesUnderV243Test:test_add_remove_fixed_ip): 202 POST http://10.180.1.21/compute/v2.1/servers 2.520s
2024-12-10 20:39:52.517 65670 INFO tempest.lib.common.rest_client [req-a127f918-23c8-468d-9790-8e37f7fbb6ae req-a127f918-23c8-468d-9790-8e37f7fbb6ae ] Request (ServersWithSpecificFlavorTestJSON:test_verify_created_server_ephemeral_disk): 200 GET http://10.180.1.21/compute/v2.1/flavors/42/os-extra_specs 2.239s
2024-12-10 20:39:52.528 65684 INFO tempest.lib.common.rest_client [req-ced6f55c-566b-498e-b696-03b2b1729bde req-ced6f55c-566b-498e-b696-03b2b1729bde ] Request (FlavorMetadataValidation:tearDownClass): 201 POST http://10.180.1.21/identity/v3/auth/tokens 0.087s
2024-12-10 20:39:52.544 65714 INFO tempest.lib.common.rest_client [req-3ceb1eca-fd60-474e-9c5e-222198acc530 req-3ceb1eca-fd60-474e-9c5e-222198acc530 ] Request (ImagesMetadataNegativeTestJSON:test_list_nonexistent_image_metadata): 404 GET http://10.180.1.21/compute/v2.1/images/82741cde-5d96-4b5a-bbc5-24d00639bec0/metadata 2.245s
2024-12-10 20:39:52.570 65656 INFO tempest.lib.common.rest_client [req-f5770b7f-3385-43b4-861b-444161e3179c req-f5770b7f-3385-43b4-861b-444161e3179c ] Request (FlavorsAdminTestJSON:test_list_non_public_flavor): 200 GET http://10.180.1.21/compute/v2.1/flavors/detail 2.251s
2024-12-10 20:39:52.575 65666 INFO tempest.lib.common.rest_client [req-21fbcaa8-1e8a-4e8b-837c-185388c3abdb req-21fbcaa8-1e8a-4e8b-837c-185388c3abdb ] Request (FlavorsExtraSpecsNegativeTestJSON:test_flavor_non_admin_unset_keys): 403 DELETE http://10.180.1.21/compute/v2.1/flavors/1855100047/os-extra_specs/hw:numa_nodes 2.226s
2024-12-10 20:39:52.597 65672 INFO tempest.lib.common.rest_client [req-aeb40063-186b-4fef-b6b2-74b0966d6c9d req-aeb40063-186b-4fef-b6b2-74b0966d6c9d ] Request (FlavorsV261TestJSON:test_crud_flavor): 200 GET http://10.180.1.21/compute/v2.1/flavors/detail 2.219s
2024-12-10 20:39:52.686 65702 INFO tempest.lib.common.rest_client [req-19818c94-6236-4921-8845-e65f5b51adce req-19818c94-6236-4921-8845-e65f5b51adce ] Request (FloatingIPsAssociationNegativeTestJSON:setUpClass): 201 POST http://10.180.1.21:9696/networking/v2.0/networks 0.420s
2024-12-10 20:39:52.705 65692 INFO tempest.lib.common.rest_client [req-aed14243-d9dd-4d6c-a430-438ed6020c22 req-aed14243-d9dd-4d6c-a430-438ed6020c22 ] Request (TenantUsagesTestJSON:setUpClass): 200 GET http://10.180.1.21/compute/v2.1/servers/8be4a564-093a-4b61-8111-54db06bd4dea 2.323s
2024-12-10 20:39:52.713 65692 INFO tempest.common.waiters [-] State transition "BUILD/None" ==> "BUILD/networking" after 3 second wait
2024-12-10 20:39:52.724 65674 INFO tempest.lib.common.rest_client [req-7fde19cd-0f70-4ee8-b1af-754f8a997103 req-7fde19cd-0f70-4ee8-b1af-754f8a997103 ] Request (FlavorsV255TestJSON:test_crud_flavor): 200 GET http://10.180.1.21/compute/v2.1/flavors/detail 2.310s
2024-12-10 20:39:52.766 65682 INFO tempest.lib.common.rest_client [req-6600bfd0-ddc0-4b85-b896-14e2ccd0370f req-6600bfd0-ddc0-4b85-b896-14e2ccd0370f ] Request (KeyPairsV210TestJSON:test_admin_manage_keypairs_for_other_users): 201 POST http://10.180.1.21/compute/v2.1/os-keypairs 2.332s
2024-12-10 20:39:52.870 65686 INFO tempest.lib.common.rest_client [req-a775fa33-e6ac-4b18-9359-d256436c4a67 req-a775fa33-e6ac-4b18-9359-d256436c4a67 ] Request (ListServerFiltersTestJSON:setUpClass): 202 POST http://10.180.1.21/compute/v2.1/servers 2.703s
2024-12-10 20:39:52.878 65676 INFO tempest.lib.common.rest_client [req-7e717926-53f5-47f1-a215-6b494c9d517c req-7e717926-53f5-47f1-a215-6b494c9d517c ] Request (ServerDiagnosticsV248Test:test_get_server_diagnostics): 200 GET http://10.180.1.21/compute/v2.1/servers/e31e8ed5-e3cd-4de7-8672-0540697da421 2.355s
2024-12-10 20:39:52.879 65702 INFO tempest.lib.common.rest_client [req-97b65519-9126-4762-a30b-15e53541a96e req-97b65519-9126-4762-a30b-15e53541a96e ] Request (FloatingIPsAssociationNegativeTestJSON:setUpClass): 201 POST http://10.180.1.21:9696/networking/v2.0/subnets 0.192s
2024-12-10 20:39:52.893 65680 INFO tempest.lib.common.rest_client [req-c5d5970e-8745-4c89-a2fd-9b96559b72c4 req-c5d5970e-8745-4c89-a2fd-9b96559b72c4 ] Request (HypervisorAdminUnderV252Test:test_search_hypervisor): 200 GET http://10.180.1.21/compute/v2.1/os-hypervisors/domain-c8.fc996f14-c53b-4953-92e3-bdfa48f5cc28/search 2.339s
2024-12-10 20:39:52.910 65684 INFO tempest.lib.common.rest_client [req-e983b454-5a72-438a-a12a-f404a9157d2f req-e983b454-5a72-438a-a12a-f404a9157d2f ] Request (FlavorMetadataValidation:tearDownClass): 200 GET http://10.180.1.21:9696/networking/v2.0/security-groups?tenant_id=f3cc18ed1f6e4cd992d120edd02cfae8&name=default 0.382s
2024-12-10 20:39:52.924 65679 INFO tempest.lib.common.rest_client [req-a11620d9-1c26-4b40-9bf2-b3278c9f99f4 req-a11620d9-1c26-4b40-9bf2-b3278c9f99f4 ] Request (AggregatesAdminNegativeTestJSON:_run_cleanups): 200 DELETE http://10.180.1.21/compute/v2.1/os-aggregates/1 1.938s
2024-12-10 20:39:52.966 65704 INFO tempest.lib.common.rest_client [req-99a3056a-4577-44f4-b0f8-74c8d05a5b36 req-99a3056a-4577-44f4-b0f8-74c8d05a5b36 ] Request (QuotaClassesAdminTestJSON:_run_cleanups): 200 PUT http://10.180.1.21/compute/v2.1/os-quota-class-sets/default 2.387s
2024-12-10 20:39:53.016 65686 INFO tempest.lib.common.rest_client [req-73f3a110-c09d-47c1-ad04-9d0a32ad5c51 req-73f3a110-c09d-47c1-ad04-9d0a32ad5c51 ] Request (ListServerFiltersTestJSON:setUpClass): 201 POST http://10.180.1.21/identity/v3/auth/tokens 0.141s
2024-12-10 20:39:53.017 65686 INFO tempest.lib.common.fixed_network [-] (ListServerFiltersTestJSON:setUpClass) Found network {'id': '4d844ea4-1465-4495-85b4-0d6b53add4b2', 'name': 'tempest-ListServerFiltersTestJSON-1747319105-network', 'tenant_id': '54266081308d42628094b33b3d7a2f53', 'admin_state_up': True, 'mtu': 8950, 'status': 'ACTIVE', 'subnets': [], 'shared': False, 'project_id': '54266081308d42628094b33b3d7a2f53', 'port_security_enabled': True, 'router:external': False, 'provider:network_type': 'vlan', 'provider:physical_network': 'default', 'provider:segmentation_id': 765, 'availability_zone_hints': [], 'availability_zones': [], 'ipv4_address_scope': None, 'ipv6_address_scope': None, 'description': '', 'tags': [], 'created_at': '2024-12-10T20:39:46Z', 'updated_at': '2024-12-10T20:39:46Z', 'revision_number': 1} available for tenant
2024-12-10 20:39:53.044 65680 INFO tempest.lib.common.rest_client [req-fb9da983-c3fc-4128-9844-26cea473ef46 req-fb9da983-c3fc-4128-9844-26cea473ef46 ] Request (HypervisorAdminUnderV252Test:tearDownClass): 204 DELETE http://10.180.1.21/identity/v3/users/c68890ef90d94f9d9900248ed8b90d2b 0.147s
2024-12-10 20:39:53.163 65684 INFO tempest.lib.common.rest_client [req-940bf672-ac6e-4fa0-91d8-4acb8fc59a48 req-940bf672-ac6e-4fa0-91d8-4acb8fc59a48 ] Request (FlavorMetadataValidation:tearDownClass): 204 DELETE http://10.180.1.21:9696/networking/v2.0/security-groups/6a41cb4b-4c7b-44f0-892d-e9d4bb654b8e 0.253s
2024-12-10 20:39:53.214 65706 INFO tempest.lib.common.rest_client [req-f0671375-913d-4848-8bcf-3a546dfff4b8 req-f0671375-913d-4848-8bcf-3a546dfff4b8 ] Request (QuotasAdminTestV236:test_get_updated_quotas): 200 GET http://10.180.1.21/identity/v3/domains?name=Default 0.210s
2024-12-10 20:39:53.216 65668 INFO tempest.lib.common.rest_client [req-8dea914c-88f0-4d2c-9abe-7f2d2b90c520 req-8dea914c-88f0-4d2c-9abe-7f2d2b90c520 ] Request (FloatingIPsNegativeTestJSON:setUpClass): 200 GET http://10.180.1.21/compute/v2.1/os-floating-ips 2.140s
2024-12-10 20:39:53.235 65694 INFO tempest.lib.common.rest_client [req-0fcc12c0-2290-4752-978b-b1d025da1526 req-0fcc12c0-2290-4752-978b-b1d025da1526 ] Request (FlavorsAccessTestJSON:test_flavor_access_add_remove): 200 GET http://10.180.1.21/compute/v2.1/flavors/detail 1.884s
2024-12-10 20:39:53.294 65704 INFO tempest.lib.common.rest_client [req-0cc82166-3a46-4202-a525-51147256a8a5 req-0cc82166-3a46-4202-a525-51147256a8a5 ] Request (QuotaClassesAdminTestJSON:tearDownClass): 204 DELETE http://10.180.1.21/identity/v3/users/b15379444b7e4ad48865658413708e39 0.258s
2024-12-10 20:39:53.315 65680 INFO tempest.lib.common.rest_client [req-10cdc31b-f334-4141-8350-fbf745fbbc95 req-10cdc31b-f334-4141-8350-fbf745fbbc95 ] Request (HypervisorAdminUnderV252Test:tearDownClass): 204 DELETE http://10.180.1.21/identity/v3/users/f2f9dbe24d6a4be0b757e16a2339e23b 0.271s
2024-12-10 20:39:53.315 65680 INFO tempest.lib.common.dynamic_creds [-] Deleting project and security group for project: e0d5eb22ac114deb91fbd132fbbe4b8e
2024-12-10 20:39:53.400 65706 INFO tempest.lib.common.rest_client [req-2c978e6f-5dcc-41c1-8eeb-ff62096003b0 req-2c978e6f-5dcc-41c1-8eeb-ff62096003b0 ] Request (QuotasAdminTestV236:test_get_updated_quotas): 201 POST http://10.180.1.21/identity/v3/projects 0.184s
2024-12-10 20:39:53.418 65684 INFO tempest.lib.common.rest_client [req-6a2ee2b7-cb8d-4c76-9d02-3100f33a8e72 req-6a2ee2b7-cb8d-4c76-9d02-3100f33a8e72 ] Request (FlavorMetadataValidation:tearDownClass): 204 DELETE http://10.180.1.21/identity/v3/projects/f3cc18ed1f6e4cd992d120edd02cfae8 0.254s
2024-12-10 20:39:53.418 65684 INFO tempest.lib.common.dynamic_creds [-] Deleting project and security group for project: 39ad6ded5714496d9708ddcf741b5d0e
2024-12-10 20:39:53.479 65680 INFO tempest.lib.common.rest_client [req-4cc636e6-efac-47e5-807f-cc14267702e3 req-4cc636e6-efac-47e5-807f-cc14267702e3 ] Request (HypervisorAdminUnderV252Test:tearDownClass): 201 POST http://10.180.1.21/identity/v3/auth/tokens 0.164s
2024-12-10 20:39:53.519 65704 INFO tempest.lib.common.rest_client [req-48dfea26-a852-455c-8b9d-ae023e709c43 req-48dfea26-a852-455c-8b9d-ae023e709c43 ] Request (QuotaClassesAdminTestJSON:tearDownClass): 204 DELETE http://10.180.1.21/identity/v3/users/c9eab5b6313e49b8a994582c179ab00b 0.224s
2024-12-10 20:39:53.519 65704 INFO tempest.lib.common.dynamic_creds [-] Deleting project and security group for project: ecebedbaab254ea78510d263734a7870
2024-12-10 20:39:53.571 65706 INFO tempest.lib.common.rest_client [req-6783cb42-1242-40d9-8d15-42d71e44d519 req-6783cb42-1242-40d9-8d15-42d71e44d519 ] Request (QuotasAdminTestV236:test_get_updated_quotas): 200 GET http://10.180.1.21/identity/v3/domains?name=Default 0.170s
2024-12-10 20:39:53.629 65704 INFO tempest.lib.common.rest_client [req-a3f0904e-87d3-46dd-99f3-73d1e91d343f req-a3f0904e-87d3-46dd-99f3-73d1e91d343f ] Request (QuotaClassesAdminTestJSON:tearDownClass): 201 POST http://10.180.1.21/identity/v3/auth/tokens 0.109s
2024-12-10 20:39:53.664 65658 INFO tempest.lib.common.rest_client [req-56dd7b6f-f60f-4658-9342-52da100fa89c req-56dd7b6f-f60f-4658-9342-52da100fa89c ] Request (MigrationsAdminTest:test_list_migrations_in_flavor_resize_situation): 202 POST http://10.180.1.21/compute/v2.1/servers 2.432s
2024-12-10 20:39:53.758 65708 INFO tempest.lib.common.rest_client [req-79d664f4-b643-44f1-92dc-eea4940c05ac req-79d664f4-b643-44f1-92dc-eea4940c05ac ] Request (ImagesOneServerTestJSON:setUpClass): 200 GET http://10.180.1.21/compute/v2.1/servers/67273d80-15fa-440b-bb86-901b28c075aa 2.058s
