2024-12-10 20:41:43.855 65666 INFO tempest.lib.common.rest_client [req-134f2eb1-d580-4f6a-a1e9-e3206653d917 req-134f2eb1-d580-4f6a-a1e9-e3206653d917 ] Request (AttachInterfacesV270Test:tearDownClass): 200 GET http://10.180.1.21/compute/v2.1/servers/24a0a90c-f0bd-4906-be70-7d92fad5eeaa 0.310s
2024-12-10 20:41:43.891 65704 INFO tempest.lib.common.rest_client [req-14768a23-d054-4450-a088-da2233fc176a req-14768a23-d054-4450-a088-da2233fc176a ] Request (VolumesSnapshotsTestJSON:tearDownClass): 204 DELETE http://10.180.1.21/identity/v3/projects/82ca60bdf83849b9bd66315f9d8917f9 0.147s
2024-12-10 20:41:43.893 65662 INFO tempest.lib.common.rest_client [req-4663e9b4-b8e7-4c64-b99c-abd212b30564 req-4663e9b4-b8e7-4c64-b99c-abd212b30564 ] Request (TenantUsagesNegativeTestJSON:tearDownClass): 204 DELETE http://10.180.1.21/identity/v3/projects/1986cd9f9114492184214fddb7714333 0.147s
2024-12-10 20:41:43.893 65662 INFO tempest.lib.common.dynamic_creds [-] Deleting project and security group for project: b678693b9f2d47f581c8158f5247164b
2024-12-10 20:41:43.929 65682 INFO tempest.lib.common.rest_client [req-ff9a95e5-a5fa-4920-ad2e-f0df2ded907b req-ff9a95e5-a5fa-4920-ad2e-f0df2ded907b ] Request (ServerDiagnosticsNegativeTest:tearDownClass): 200 GET http://10.180.1.21/compute/v2.1/servers/307db39f-278d-4033-a1f5-47db8efb85d3 0.294s
2024-12-10 20:41:43.935 65690 INFO tempest.lib.common.rest_client [req-248debaf-dc15-4a75-a776-bbcd16838776 req-248debaf-dc15-4a75-a776-bbcd16838776 ] Request (ServersAdminNegativeTestJSON:test_migrate_server_invalid_state): 200 GET http://10.180.1.21/compute/v2.1/servers/5b496f77-8644-40b9-9643-baa725c576c8 0.491s
2024-12-10 20:41:43.957 65708 INFO tempest.lib.common.rest_client [req-8192b06c-6aa3-4cdb-9ee1-958c9eda8eb1 req-8192b06c-6aa3-4cdb-9ee1-958c9eda8eb1 ] Request (ServersTestMultiNic:setUpClass): 201 POST http://10.180.1.21/identity/v3/auth/tokens 0.153s
2024-12-10 20:41:43.988 65668 INFO tempest.lib.common.rest_client [req-9717abe2-e5e8-4a54-96b0-0fd14a2e9fb0 req-9717abe2-e5e8-4a54-96b0-0fd14a2e9fb0 ] Request (ServersTestBootFromVolume:setUpClass): 200 GET http://10.180.1.21/compute/v2.1/servers/cbd5c7a7-4ea7-405c-8cc7-c8acf518ba7f 0.340s
2024-12-10 20:41:44.005 65708 INFO tempest.lib.common.rest_client [req-84640e38-3f5c-41fc-96ca-ddb79e62823c req-84640e38-3f5c-41fc-96ca-ddb79e62823c ] Request (ServersTestMultiNic:setUpClass): 201 POST http://10.180.1.21/identity/v3/auth/tokens 0.045s
2024-12-10 20:41:44.010 65662 INFO tempest.lib.common.rest_client [req-6e804fe2-5f53-448c-9428-b97d63fb47d9 req-6e804fe2-5f53-448c-9428-b97d63fb47d9 ] Request (TenantUsagesNegativeTestJSON:tearDownClass): 200 GET http://10.180.1.21:9696/networking/v2.0/security-groups?tenant_id=b678693b9f2d47f581c8158f5247164b&name=default 0.116s
2024-12-10 20:41:44.014 65688 INFO tempest.lib.common.rest_client [req-5ab81fd5-9556-4162-89b0-cea9608455ea req-5ab81fd5-9556-4162-89b0-cea9608455ea ] Request (ServerActionsTestOtherA:setUpClass): 200 GET http://10.180.1.21/compute/v2.1/servers/4e6fef4a-58a3-4b2f-8453-2eae22a37cb8/os-interface 0.352s
2024-12-10 20:41:44.043 65708 INFO tempest.lib.common.rest_client [req-39faed6c-1e98-4173-9698-56abc556530c req-39faed6c-1e98-4173-9698-56abc556530c ] Request (ServersTestMultiNic:setUpClass): 200 GET http://10.180.1.21/identity/v3/domains?name=Default 0.037s
2024-12-10 20:41:44.060 65706 INFO tempest.lib.common.rest_client [req-db9e1465-871b-4304-a06d-a60f4e9c59d4 req-db9e1465-871b-4304-a06d-a60f4e9c59d4 ] Request (ServerDiskConfigTestJSON:test_rebuild_server_with_manual_disk_config): 200 GET http://10.180.1.21/compute/v2.1/servers/a9115a71-24c3-46da-88e2-fa7246b0d4f6 0.341s
2024-12-10 20:41:44.073 65708 INFO tempest.lib.common.rest_client [req-d7131e5f-8fcd-4b26-bf0a-ae1e1c6b992d req-d7131e5f-8fcd-4b26-bf0a-ae1e1c6b992d ] Request (ServersTestMultiNic:setUpClass): 201 POST http://10.180.1.21/identity/v3/projects 0.030s
2024-12-10 20:41:44.113 65658 INFO tempest.lib.common.rest_client [req-061adf5c-1318-4dbb-b389-e447471713a3 req-061adf5c-1318-4dbb-b389-e447471713a3 ] Request (MigrationsAdminTest:test_resize_server_revert_deleted_flavor): 200 GET http://10.180.1.21/compute/v2.1/servers/fe45fb95-2776-45ac-8293-8f8607e9be73 0.363s
2024-12-10 20:41:44.119 65716 INFO tempest.lib.common.rest_client [req-60905b5b-a549-46ed-94d5-75ebfc46a8df req-60905b5b-a549-46ed-94d5-75ebfc46a8df ] Request (ServerRescueTestJSONUnderV235:tearDownClass): 200 GET http://10.180.1.21/compute/v2.1/servers/8585620c-9060-4fac-94d1-321a8ab4fca1 0.391s
2024-12-10 20:41:44.149 65708 INFO tempest.lib.common.rest_client [req-e0be7a5a-206f-452b-b41d-5711db5888f6 req-e0be7a5a-206f-452b-b41d-5711db5888f6 ] Request (ServersTestMultiNic:setUpClass): 201 POST http://10.180.1.21/identity/v3/users 0.076s
2024-12-10 20:41:44.151 65714 WARNING tempest.lib.common.ssh [-] Failed to establish authenticated ssh connection to cirros@10.180.180.211 ([Errno None] Unable to connect to port 22 on 10.180.180.211). Number attempts: 7. Retry after 8 seconds.: paramiko.ssh_exception.NoValidConnectionsError: [Errno None] Unable to connect to port 22 on 10.180.180.211
2024-12-10 20:41:44.169 65708 INFO tempest.lib.common.rest_client [req-cadb59ba-5096-4f0e-9c7c-09d4a8118439 req-cadb59ba-5096-4f0e-9c7c-09d4a8118439 ] Request (ServersTestMultiNic:setUpClass): 200 GET http://10.180.1.21/identity/v3/roles 0.019s
2024-12-10 20:41:44.180 65662 INFO tempest.lib.common.rest_client [req-554c8371-1933-4856-992f-930e45fe6c15 req-554c8371-1933-4856-992f-930e45fe6c15 ] Request (TenantUsagesNegativeTestJSON:tearDownClass): 204 DELETE http://10.180.1.21:9696/networking/v2.0/security-groups/9c249b9d-9026-4268-9c40-734269607340 0.170s
2024-12-10 20:41:44.186 65696 INFO tempest.lib.common.rest_client [req-06c29626-34a3-4893-be96-195689b026f0 req-06c29626-34a3-4893-be96-195689b026f0 ] Request (SecurityGroupsTestJSON:test_list_security_groups_by_server): 200 GET http://10.180.1.21/compute/v2.1/servers/e48fd17e-2e72-43b5-a5b0-40187e23f3ce 0.288s
2024-12-10 20:41:44.187 65679 INFO tempest.lib.common.rest_client [req-e344feda-a3a3-40a3-bdde-57b1ea1a4d28 req-e344feda-a3a3-40a3-bdde-57b1ea1a4d28 ] Request (ServersTestFqdnHostnames:test_create_server_with_fqdn_name): 200 GET http://10.180.1.21/compute/v2.1/servers/2c4c03dd-a708-45a4-b8bd-a60964917f90 0.402s
2024-12-10 20:41:44.195 65679 INFO tempest.common.waiters [-] State transition "BUILD/None" ==> "BUILD/networking" after 37 second wait
2024-12-10 20:41:44.199 65708 INFO tempest.lib.common.rest_client [req-20e8a842-f0a8-44ed-856d-0ddaec3eff4e req-20e8a842-f0a8-44ed-856d-0ddaec3eff4e ] Request (ServersTestMultiNic:setUpClass): 204 PUT http://10.180.1.21/identity/v3/projects/a4d6f3de0e614da0ae5274333f3a0a14/users/64455a37116a439eb903740e546c5e50/roles/ee79e681965043e5b3d22425c6f65fd1 0.029s
2024-12-10 20:41:44.199 65708 INFO tempest.lib.common.dynamic_creds [-] Dynamic test user 64455a37116a439eb903740e546c5e50 is created with scope project and roles: ['member']
2024-12-10 20:41:44.199 65708 INFO tempest.lib.common.dynamic_creds [-] Acquired dynamic creds: credentials: Credentials: {'domain_id': 'default', 'domain_name': 'Default', 'username': 'tempest-ServersTestMultiNic-58041676-project-member', 'project_domain_id': 'default', 'project_domain_name': 'Default', 'project_id': 'a4d6f3de0e614da0ae5274333f3a0a14', 'project_name': 'tempest-ServersTestMultiNic-58041676', 'tenant_id': 'a4d6f3de0e614da0ae5274333f3a0a14', 'tenant_name': 'tempest-ServersTestMultiNic-58041676', 'user_domain_id': 'default', 'user_domain_name': 'Default', 'user_id': '64455a37116a439eb903740e546c5e50', 'system': None}, Network: None, Subnet: None, Router: None
2024-12-10 20:41:44.258 65686 INFO tempest.lib.common.rest_client [req-856695f8-eb66-46a5-a1e8-7599ffd79326 req-856695f8-eb66-46a5-a1e8-7599ffd79326 ] Request (ListServerFiltersTestJSON:tearDownClass): 200 GET http://10.180.1.21/compute/v2.1/servers/6db30528-7f27-48dd-add8-3ec4d6f5e0be 0.289s
2024-12-10 20:41:44.266 65664 INFO tempest.lib.common.rest_client [req-e4be8953-a415-46b6-bccd-8cb75e656d57 req-e4be8953-a415-46b6-bccd-8cb75e656d57 ] Request (ImagesOneServerNegativeTestJSON:_run_cleanups): 200 GET http://10.180.1.21/compute/v2.1/servers/d5b886d2-8290-4352-a05e-d871cc5162a5 0.259s
2024-12-10 20:41:44.273 65708 INFO tempest.lib.common.rest_client [req-e8b1bec1-de2d-45a1-b912-913194b3ebcd req-e8b1bec1-de2d-45a1-b912-913194b3ebcd ] Request (ServersTestMultiNic:setUpClass): 201 POST http://10.180.1.21/identity/v3/auth/tokens 0.074s
2024-12-10 20:41:44.292 65662 INFO tempest.lib.common.rest_client [req-8e5d3f48-ae54-4937-9137-78035d98addc req-8e5d3f48-ae54-4937-9137-78035d98addc ] Request (TenantUsagesNegativeTestJSON:tearDownClass): 204 DELETE http://10.180.1.21/identity/v3/projects/b678693b9f2d47f581c8158f5247164b 0.111s
2024-12-10 20:41:44.334 65660 INFO tempest.lib.common.rest_client [req-78f92691-a8de-4c11-bfa5-fcb0ffa5a382 req-78f92691-a8de-4c11-bfa5-fcb0ffa5a382 ] Request (ServerExternalEventsTest:tearDownClass): 200 GET http://10.180.1.21/compute/v2.1/servers/598de54d-5837-4c76-a256-90975ab135d7 0.268s
2024-12-10 20:41:44.362 65662 INFO tempest.lib.common.rest_client [req-4c7485c3-acac-4d2c-8354-36788f12c65e req-4c7485c3-acac-4d2c-8354-36788f12c65e ] Request (FloatingIPsTestJSON:setUpClass): 201 POST http://10.180.1.21/identity/v3/auth/tokens 0.068s
2024-12-10 20:41:44.393 65662 INFO tempest.lib.common.rest_client [req-c7d18e72-4827-4ac3-b67d-92e59b3a55b0 req-c7d18e72-4827-4ac3-b67d-92e59b3a55b0 ] Request (FloatingIPsTestJSON:setUpClass): 201 POST http://10.180.1.21/identity/v3/auth/tokens 0.028s
2024-12-10 20:41:44.418 65662 INFO tempest.lib.common.rest_client [req-a238219e-a7ae-47bb-a801-5b09ccfbf08e req-a238219e-a7ae-47bb-a801-5b09ccfbf08e ] Request (FloatingIPsTestJSON:setUpClass): 200 GET http://10.180.1.21/identity/v3/domains?name=Default 0.024s
2024-12-10 20:41:44.449 65662 INFO tempest.lib.common.rest_client [req-d9a71bcb-34a2-454d-8f27-a93bf88d4164 req-d9a71bcb-34a2-454d-8f27-a93bf88d4164 ] Request (FloatingIPsTestJSON:setUpClass): 201 POST http://10.180.1.21/identity/v3/projects 0.030s
2024-12-10 20:41:44.475 65676 INFO tempest.lib.common.rest_client [req-e9ad3315-f7c0-4e69-96d7-b063ae72a2c9 req-e9ad3315-f7c0-4e69-96d7-b063ae72a2c9 ] Request (ImagesTestJSON:test_create_image_from_stopped_server): 200 GET http://10.180.1.21/compute/v2.1/servers/e0e295b3-1bf8-4640-95b1-b5c1e19fce04 0.157s
2024-12-10 20:41:44.501 65672 INFO tempest.lib.common.rest_client [req-0d4c3e6b-3694-4bdb-b048-bea9bb8eab3c req-0d4c3e6b-3694-4bdb-b048-bea9bb8eab3c ] Request (ServerAddressesTestJSON:tearDownClass): 200 GET http://10.180.1.21/compute/v2.1/servers/8f3f53bf-2faa-404f-83db-c23774200517 0.064s
2024-12-10 20:41:44.511 65662 INFO tempest.lib.common.rest_client [req-71a4fb0a-10a4-4a04-99d1-7808342f5382 req-71a4fb0a-10a4-4a04-99d1-7808342f5382 ] Request (FloatingIPsTestJSON:setUpClass): 201 POST http://10.180.1.21/identity/v3/users 0.061s
2024-12-10 20:41:44.529 65662 INFO tempest.lib.common.rest_client [req-c0f318db-b0cf-462b-96ae-d011b639510a req-c0f318db-b0cf-462b-96ae-d011b639510a ] Request (FloatingIPsTestJSON:setUpClass): 200 GET http://10.180.1.21/identity/v3/roles 0.018s
2024-12-10 20:41:44.555 65662 INFO tempest.lib.common.rest_client [req-7faad51d-dd7b-4842-b9b6-3976bd42e564 req-7faad51d-dd7b-4842-b9b6-3976bd42e564 ] Request (FloatingIPsTestJSON:setUpClass): 204 PUT http://10.180.1.21/identity/v3/projects/565c65050ed744839f4bd9d33e4185e6/users/cec997f7db6645048c17e426ad9a0b8e/roles/ee79e681965043e5b3d22425c6f65fd1 0.025s
2024-12-10 20:41:44.555 65662 INFO tempest.lib.common.dynamic_creds [-] Dynamic test user cec997f7db6645048c17e426ad9a0b8e is created with scope project and roles: ['member']
2024-12-10 20:41:44.555 65662 INFO tempest.lib.common.dynamic_creds [-] Acquired dynamic creds: credentials: Credentials: {'domain_id': 'default', 'domain_name': 'Default', 'username': 'tempest-FloatingIPsTestJSON-67175276-project-member', 'project_domain_id': 'default', 'project_domain_name': 'Default', 'project_id': '565c65050ed744839f4bd9d33e4185e6', 'project_name': 'tempest-FloatingIPsTestJSON-67175276', 'tenant_id': '565c65050ed744839f4bd9d33e4185e6', 'tenant_name': 'tempest-FloatingIPsTestJSON-67175276', 'user_domain_id': 'default', 'user_domain_name': 'Default', 'user_id': 'cec997f7db6645048c17e426ad9a0b8e', 'system': None}, Network: None, Subnet: None, Router: None
2024-12-10 20:41:44.615 65662 INFO tempest.lib.common.rest_client [req-573355e1-8b2e-43f9-a87c-d4dfb2663e17 req-573355e1-8b2e-43f9-a87c-d4dfb2663e17 ] Request (FloatingIPsTestJSON:setUpClass): 201 POST http://10.180.1.21/identity/v3/auth/tokens 0.059s
2024-12-10 20:41:44.762 65708 INFO tempest.lib.common.rest_client [req-07ee0c93-ec22-48dd-945f-398242128ae2 req-07ee0c93-ec22-48dd-945f-398242128ae2 ] Request (ServersTestMultiNic:setUpClass): 201 POST http://10.180.1.21:9696/networking/v2.0/networks 0.488s
2024-12-10 20:41:44.775 65688 INFO tempest.lib.common.rest_client [req-382189d4-a3ab-42d4-9118-8ad57f53512f req-382189d4-a3ab-42d4-9118-8ad57f53512f ] Request (ServerActionsTestOtherA:setUpClass): 200 PUT http://10.180.1.21:9696/networking/v2.0/floatingips/d5c6647c-35cc-4956-bdcd-92517f5ce3d0 0.759s
2024-12-10 20:41:44.777 65688 INFO tempest.lib.common.ssh [-] Creating ssh connection to '10.180.180.222:22' as 'cirros' with public key authentication
2024-12-10 20:41:45.085 65692 INFO tempest.lib.common.rest_client [req-c693bb91-fe4c-4421-98bb-931b2cd98ab7 req-c693bb91-fe4c-4421-98bb-931b2cd98ab7 ] Request (ImagesNegativeTestJSON:test_create_image_from_deleted_server): 200 GET http://10.180.1.21/compute/v2.1/servers/71194ade-910f-43c0-a874-369fc90eb6fb 0.321s
2024-12-10 20:41:45.119 65666 INFO tempest.lib.common.rest_client [req-805b42b2-15a3-43e4-a141-97e327744af5 req-805b42b2-15a3-43e4-a141-97e327744af5 ] Request (AttachInterfacesV270Test:tearDownClass): 200 GET http://10.180.1.21/compute/v2.1/servers/24a0a90c-f0bd-4906-be70-7d92fad5eeaa 0.252s
2024-12-10 20:41:45.174 65682 INFO tempest.lib.common.rest_client [req-e74074db-7030-4821-ad27-31520243d107 req-e74074db-7030-4821-ad27-31520243d107 ] Request (ServerDiagnosticsNegativeTest:tearDownClass): 200 GET http://10.180.1.21/compute/v2.1/servers/307db39f-278d-4033-a1f5-47db8efb85d3 0.237s
2024-12-10 20:41:45.259 65668 INFO tempest.lib.common.rest_client [req-a2e471ef-be97-4944-a925-ba569cf4ba7c req-a2e471ef-be97-4944-a925-ba569cf4ba7c ] Request (ServersTestBootFromVolume:setUpClass): 200 GET http://10.180.1.21/compute/v2.1/servers/cbd5c7a7-4ea7-405c-8cc7-c8acf518ba7f 0.261s
2024-12-10 20:41:45.328 65706 INFO tempest.lib.common.rest_client [req-d6b3ec43-423a-40e6-8b75-10a9fed81509 req-d6b3ec43-423a-40e6-8b75-10a9fed81509 ] Request (ServerDiskConfigTestJSON:test_rebuild_server_with_manual_disk_config): 200 GET http://10.180.1.21/compute/v2.1/servers/a9115a71-24c3-46da-88e2-fa7246b0d4f6 0.259s
2024-12-10 20:41:45.359 65690 INFO tempest.lib.common.rest_client [req-fe7aa3fe-e2fc-4f97-8f2d-fb0cbd02f2aa req-fe7aa3fe-e2fc-4f97-8f2d-fb0cbd02f2aa ] Request (ServersAdminNegativeTestJSON:test_migrate_server_invalid_state): 200 GET http://10.180.1.21/compute/v2.1/servers/5b496f77-8644-40b9-9643-baa725c576c8 0.417s
2024-12-10 20:41:45.423 65658 INFO tempest.lib.common.rest_client [req-6b32a7c3-029e-4152-874f-1020af6e251e req-6b32a7c3-029e-4152-874f-1020af6e251e ] Request (MigrationsAdminTest:test_resize_server_revert_deleted_flavor): 200 GET http://10.180.1.21/compute/v2.1/servers/fe45fb95-2776-45ac-8293-8f8607e9be73 0.299s
2024-12-10 20:41:45.432 65658 INFO tempest.common.waiters [-] State transition "BUILD/scheduling" ==> "BUILD/None" after 1 second wait
2024-12-10 20:41:45.436 65716 INFO tempest.lib.common.rest_client [req-f3e813e6-061d-4a71-8c80-bfc13b66543e req-f3e813e6-061d-4a71-8c80-bfc13b66543e ] Request (ServerRescueTestJSONUnderV235:tearDownClass): 200 GET http://10.180.1.21/compute/v2.1/servers/8585620c-9060-4fac-94d1-321a8ab4fca1 0.307s
2024-12-10 20:41:45.444 65662 INFO tempest.lib.common.rest_client [req-7267aca7-52b9-4220-87b4-a803d83bdc05 req-7267aca7-52b9-4220-87b4-a803d83bdc05 ] Request (FloatingIPsTestJSON:setUpClass): 201 POST http://10.180.1.21:9696/networking/v2.0/networks 0.827s
2024-12-10 20:41:45.485 65696 INFO tempest.lib.common.rest_client [req-33a81769-567f-4621-8b5a-cc1d1c496a1e req-33a81769-567f-4621-8b5a-cc1d1c496a1e ] Request (SecurityGroupsTestJSON:test_list_security_groups_by_server): 200 GET http://10.180.1.21/compute/v2.1/servers/e48fd17e-2e72-43b5-a5b0-40187e23f3ce 0.290s
2024-12-10 20:41:45.511 65708 INFO tempest.lib.common.rest_client [req-d291c293-0864-4f26-b8aa-517eec469f91 req-d291c293-0864-4f26-b8aa-517eec469f91 ] Request (ServersTestMultiNic:setUpClass): 201 POST http://10.180.1.21:9696/networking/v2.0/subnets 0.748s
2024-12-10 20:41:45.578 65686 INFO tempest.lib.common.rest_client [req-ba667582-8416-4a67-94bd-36fe5b00a849 req-ba667582-8416-4a67-94bd-36fe5b00a849 ] Request (ListServerFiltersTestJSON:tearDownClass): 200 GET http://10.180.1.21/compute/v2.1/servers/6db30528-7f27-48dd-add8-3ec4d6f5e0be 0.309s
2024-12-10 20:41:45.584 65686 INFO tempest.common.waiters [-] State transition "ACTIVE/deleting" ==> "DELETED/None" after 4 second wait
2024-12-10 20:41:45.659 65664 INFO tempest.lib.common.rest_client [req-39801b0d-7f48-426b-bff1-4bf15d73faa4 req-39801b0d-7f48-426b-bff1-4bf15d73faa4 ] Request (ImagesOneServerNegativeTestJSON:_run_cleanups): 200 GET http://10.180.1.21/compute/v2.1/servers/d5b886d2-8290-4352-a05e-d871cc5162a5 0.385s
2024-12-10 20:41:45.759 65660 INFO tempest.lib.common.rest_client [req-b612a0ff-de24-431e-8b24-d97ab788f3dd req-b612a0ff-de24-431e-8b24-d97ab788f3dd ] Request (ServerExternalEventsTest:tearDownClass): 200 GET http://10.180.1.21/compute/v2.1/servers/598de54d-5837-4c76-a256-90975ab135d7 0.415s
2024-12-10 20:41:45.771 65679 INFO tempest.lib.common.rest_client [req-e111dcd4-dfb3-47c7-9b08-12ba475c1f4e req-e111dcd4-dfb3-47c7-9b08-12ba475c1f4e ] Request (ServersTestFqdnHostnames:test_create_server_with_fqdn_name): 200 GET http://10.180.1.21/compute/v2.1/servers/2c4c03dd-a708-45a4-b8bd-a60964917f90 0.574s
2024-12-10 20:41:45.784 65679 INFO tempest.common.waiters [-] State transition "BUILD/networking" ==> "BUILD/block_device_mapping" after 38 second wait
2024-12-10 20:41:45.795 65662 INFO tempest.lib.common.rest_client [req-51c426c4-9781-44e4-b295-4604c2c2245d req-51c426c4-9781-44e4-b295-4604c2c2245d ] Request (FloatingIPsTestJSON:setUpClass): 201 POST http://10.180.1.21:9696/networking/v2.0/subnets 0.350s
2024-12-10 20:41:45.865 65672 INFO tempest.lib.common.rest_client [req-545d5680-b68f-4dff-a42d-d04f8a298563 req-545d5680-b68f-4dff-a42d-d04f8a298563 ] Request (ServerAddressesTestJSON:tearDownClass): 200 GET http://10.180.1.21/compute/v2.1/servers/8f3f53bf-2faa-404f-83db-c23774200517 0.356s
2024-12-10 20:41:45.871 65672 INFO tempest.common.waiters [-] State transition "ACTIVE/deleting" ==> "DELETED/None" after 3 second wait
2024-12-10 20:41:45.963 65676 INFO tempest.lib.common.rest_client [req-8ed9f5cc-0081-45f3-906b-cec88ef05f19 req-8ed9f5cc-0081-45f3-906b-cec88ef05f19 ] Request (ImagesTestJSON:test_create_image_from_stopped_server): 200 GET http://10.180.1.21/compute/v2.1/servers/e0e295b3-1bf8-4640-95b1-b5c1e19fce04 0.481s
2024-12-10 20:41:46.002 65684 WARNING tempest.lib.common.ssh [-] Failed to establish authenticated ssh connection to cirros@10.180.180.173 ([Errno None] Unable to connect to port 22 on 10.180.180.173). Number attempts: 6. Retry after 7 seconds.: paramiko.ssh_exception.NoValidConnectionsError: [Errno None] Unable to connect to port 22 on 10.180.180.173
2024-12-10 20:41:46.171 65692 INFO tempest.lib.common.rest_client [req-2a598734-39b3-4bfc-ba19-7765a4288e65 req-2a598734-39b3-4bfc-ba19-7765a4288e65 ] Request (ImagesNegativeTestJSON:test_create_image_from_deleted_server): 200 GET http://10.180.1.21/compute/v2.1/servers/71194ade-910f-43c0-a874-369fc90eb6fb 0.071s
2024-12-10 20:41:46.225 65666 INFO tempest.lib.common.rest_client [req-50f8c28a-b1b4-4603-ac86-99a48f13ace7 req-50f8c28a-b1b4-4603-ac86-99a48f13ace7 ] Request (AttachInterfacesV270Test:tearDownClass): 200 GET http://10.180.1.21/compute/v2.1/servers/24a0a90c-f0bd-4906-be70-7d92fad5eeaa 0.091s
2024-12-10 20:41:46.253 65682 INFO tempest.lib.common.rest_client [req-e4a01762-0209-469a-a458-c1128503b904 req-e4a01762-0209-469a-a458-c1128503b904 ] Request (ServerDiagnosticsNegativeTest:tearDownClass): 200 GET http://10.180.1.21/compute/v2.1/servers/307db39f-278d-4033-a1f5-47db8efb85d3 0.070s
2024-12-10 20:41:46.317 65668 INFO tempest.lib.common.rest_client [req-f2980e4c-cd71-43ce-a6b5-ddddb766616c req-f2980e4c-cd71-43ce-a6b5-ddddb766616c ] Request (ServersTestBootFromVolume:setUpClass): 200 GET http://10.180.1.21/compute/v2.1/servers/cbd5c7a7-4ea7-405c-8cc7-c8acf518ba7f 0.050s
2024-12-10 20:41:46.394 65706 INFO tempest.lib.common.rest_client [req-983e20ec-5d74-4c62-bc9d-9e6389cb2ad1 req-983e20ec-5d74-4c62-bc9d-9e6389cb2ad1 ] Request (ServerDiskConfigTestJSON:test_rebuild_server_with_manual_disk_config): 200 GET http://10.180.1.21/compute/v2.1/servers/a9115a71-24c3-46da-88e2-fa7246b0d4f6 0.057s
2024-12-10 20:41:46.492 65658 INFO tempest.lib.common.rest_client [req-48fbb44a-4697-4e26-9e56-660fcc8f1455 req-48fbb44a-4697-4e26-9e56-660fcc8f1455 ] Request (MigrationsAdminTest:test_resize_server_revert_deleted_flavor): 200 GET http://10.180.1.21/compute/v2.1/servers/fe45fb95-2776-45ac-8293-8f8607e9be73 0.059s
2024-12-10 20:41:46.514 65690 INFO tempest.lib.common.rest_client [req-460546e8-06d5-4b27-b230-19646cdc8279 req-460546e8-06d5-4b27-b230-19646cdc8279 ] Request (ServersAdminNegativeTestJSON:test_migrate_server_invalid_state): 200 GET http://10.180.1.21/compute/v2.1/servers/5b496f77-8644-40b9-9643-baa725c576c8 0.146s
2024-12-10 20:41:46.520 65690 INFO tempest.common.waiters [-] State transition "BUILD/spawning" ==> "ACTIVE/None" after 51 second wait
2024-12-10 20:41:46.568 65716 INFO tempest.lib.common.rest_client [req-81aa806b-1abe-486c-bf54-29617673497a req-81aa806b-1abe-486c-bf54-29617673497a ] Request (ServerRescueTestJSONUnderV235:tearDownClass): 200 GET http://10.180.1.21/compute/v2.1/servers/8585620c-9060-4fac-94d1-321a8ab4fca1 0.125s
2024-12-10 20:41:46.576 65696 INFO tempest.lib.common.rest_client [req-7a19a6c7-71f8-46a6-a368-8a2d41e008f4 req-7a19a6c7-71f8-46a6-a368-8a2d41e008f4 ] Request (SecurityGroupsTestJSON:test_list_security_groups_by_server): 200 GET http://10.180.1.21/compute/v2.1/servers/e48fd17e-2e72-43b5-a5b0-40187e23f3ce 0.080s
2024-12-10 20:41:46.604 65708 INFO tempest.lib.common.rest_client [req-798c838c-a630-4e18-9da2-2a673bb0b8c1 req-798c838c-a630-4e18-9da2-2a673bb0b8c1 ] Request (ServersTestMultiNic:setUpClass): 201 POST http://10.180.1.21:9696/networking/v2.0/routers 1.092s
2024-12-10 20:41:46.611 65662 INFO tempest.lib.common.rest_client [req-9266f9f0-8703-4aea-921c-4586f1dc3b6c req-9266f9f0-8703-4aea-921c-4586f1dc3b6c ] Request (FloatingIPsTestJSON:setUpClass): 201 POST http://10.180.1.21:9696/networking/v2.0/routers 0.816s
2024-12-10 20:41:46.650 65690 INFO tempest.lib.common.rest_client [req-8c910eba-cc3b-41e6-9dc5-9832a6171f34 req-8c910eba-cc3b-41e6-9dc5-9832a6171f34 ] Request (ServersAdminNegativeTestJSON:test_migrate_server_invalid_state): 202 POST http://10.180.1.21/compute/v2.1/servers/5b496f77-8644-40b9-9643-baa725c576c8/action 0.129s
2024-12-10 20:41:46.663 65713 WARNING tempest.lib.common.ssh [-] Failed to establish authenticated ssh connection to cirros@10.180.180.242 ([Errno None] Unable to connect to port 22 on 10.180.180.242). Number attempts: 6. Retry after 7 seconds.: paramiko.ssh_exception.NoValidConnectionsError: [Errno None] Unable to connect to port 22 on 10.180.180.242
2024-12-10 20:41:46.689 65686 INFO tempest.lib.common.rest_client [req-a11daae7-ca25-4dbd-b1bc-9a833daec743 req-a11daae7-ca25-4dbd-b1bc-9a833daec743 ] Request (ListServerFiltersTestJSON:tearDownClass): 200 GET http://10.180.1.21/compute/v2.1/servers/6db30528-7f27-48dd-add8-3ec4d6f5e0be 0.104s
2024-12-10 20:41:46.771 65664 INFO tempest.lib.common.rest_client [req-28221940-ff7a-48af-ba17-802a1cf465ca req-28221940-ff7a-48af-ba17-802a1cf465ca ] Request (ImagesOneServerNegativeTestJSON:_run_cleanups): 200 GET http://10.180.1.21/compute/v2.1/servers/d5b886d2-8290-4352-a05e-d871cc5162a5 0.103s
2024-12-10 20:41:46.855 65660 INFO tempest.lib.common.rest_client [req-0bbd23be-0a60-4152-94a8-460e1a739f13 req-0bbd23be-0a60-4152-94a8-460e1a739f13 ] Request (ServerExternalEventsTest:tearDownClass): 200 GET http://10.180.1.21/compute/v2.1/servers/598de54d-5837-4c76-a256-90975ab135d7 0.084s
2024-12-10 20:41:46.985 65690 INFO tempest.lib.common.rest_client [req-74b4d080-e895-454b-81c0-29178c60d02a req-74b4d080-e895-454b-81c0-29178c60d02a ] Request (ServersAdminNegativeTestJSON:test_migrate_server_invalid_state): 200 GET http://10.180.1.21/compute/v2.1/servers/5b496f77-8644-40b9-9643-baa725c576c8 0.333s
2024-12-10 20:41:47.016 65679 INFO tempest.lib.common.rest_client [req-42b22158-a5a5-4066-ba01-be585ea31659 req-42b22158-a5a5-4066-ba01-be585ea31659 ] Request (ServersTestFqdnHostnames:test_create_server_with_fqdn_name): 200 GET http://10.180.1.21/compute/v2.1/servers/2c4c03dd-a708-45a4-b8bd-a60964917f90 0.230s
2024-12-10 20:41:47.025 65679 INFO tempest.common.waiters [-] State transition "BUILD/block_device_mapping" ==> "BUILD/spawning" after 40 second wait
2024-12-10 20:41:47.063 65672 INFO tempest.lib.common.rest_client [req-0fc09d68-60f0-43e2-a03b-1e9cc0864aa3 req-0fc09d68-60f0-43e2-a03b-1e9cc0864aa3 ] Request (ServerAddressesTestJSON:tearDownClass): 200 GET http://10.180.1.21/compute/v2.1/servers/8f3f53bf-2faa-404f-83db-c23774200517 0.191s
2024-12-10 20:41:47.177 65676 INFO tempest.lib.common.rest_client [req-ee8218f1-5e4e-4e1b-95a8-e4c8fdc5d829 req-ee8218f1-5e4e-4e1b-95a8-e4c8fdc5d829 ] Request (ImagesTestJSON:test_create_image_from_stopped_server): 200 GET http://10.180.1.21/compute/v2.1/servers/e0e295b3-1bf8-4640-95b1-b5c1e19fce04 0.203s
2024-12-10 20:41:47.266 65692 INFO tempest.lib.common.rest_client [req-ec8515b4-5d7f-4c06-9fb7-11a4be62bb75 req-ec8515b4-5d7f-4c06-9fb7-11a4be62bb75 ] Request (ImagesNegativeTestJSON:test_create_image_from_deleted_server): 200 GET http://10.180.1.21/compute/v2.1/servers/71194ade-910f-43c0-a874-369fc90eb6fb 0.083s
2024-12-10 20:41:47.343 65666 INFO tempest.lib.common.rest_client [req-69ac0e18-f412-4f34-bbd0-a6e2a49f9815 req-69ac0e18-f412-4f34-bbd0-a6e2a49f9815 ] Request (AttachInterfacesV270Test:tearDownClass): 200 GET http://10.180.1.21/compute/v2.1/servers/24a0a90c-f0bd-4906-be70-7d92fad5eeaa 0.108s
2024-12-10 20:41:47.359 65682 INFO tempest.lib.common.rest_client [req-1bbf5130-b467-4dd0-8bc1-f52a64e03874 req-1bbf5130-b467-4dd0-8bc1-f52a64e03874 ] Request (ServerDiagnosticsNegativeTest:tearDownClass): 200 GET http://10.180.1.21/compute/v2.1/servers/307db39f-278d-4033-a1f5-47db8efb85d3 0.099s
2024-12-10 20:41:47.414 65668 INFO tempest.lib.common.rest_client [req-4146cb11-7ae7-44b4-bf96-b6b3182777ca req-4146cb11-7ae7-44b4-bf96-b6b3182777ca ] Request (ServersTestBootFromVolume:setUpClass): 200 GET http://10.180.1.21/compute/v2.1/servers/cbd5c7a7-4ea7-405c-8cc7-c8acf518ba7f 0.090s
2024-12-10 20:41:47.471 65706 INFO tempest.lib.common.rest_client [req-af361990-21fd-45a4-b057-32fecdb37770 req-af361990-21fd-45a4-b057-32fecdb37770 ] Request (ServerDiskConfigTestJSON:test_rebuild_server_with_manual_disk_config): 200 GET http://10.180.1.21/compute/v2.1/servers/a9115a71-24c3-46da-88e2-fa7246b0d4f6 0.069s
2024-12-10 20:41:47.575 65658 INFO tempest.lib.common.rest_client [req-9556316b-1d53-46d8-8274-3f1f71efe5e1 req-9556316b-1d53-46d8-8274-3f1f71efe5e1 ] Request (MigrationsAdminTest:test_resize_server_revert_deleted_flavor): 200 GET http://10.180.1.21/compute/v2.1/servers/fe45fb95-2776-45ac-8293-8f8607e9be73 0.074s
2024-12-10 20:41:47.669 65716 INFO tempest.lib.common.rest_client [req-99b72e04-2ef5-40eb-a7fe-c32acef675da req-99b72e04-2ef5-40eb-a7fe-c32acef675da ] Request (ServerRescueTestJSONUnderV235:tearDownClass): 200 GET http://10.180.1.21/compute/v2.1/servers/8585620c-9060-4fac-94d1-321a8ab4fca1 0.093s
2024-12-10 20:41:47.803 65662 INFO tempest.lib.common.rest_client [req-b0599c63-57fc-4ad7-a1bf-549d5cd1cb20 req-b0599c63-57fc-4ad7-a1bf-549d5cd1cb20 ] Request (FloatingIPsTestJSON:setUpClass): 200 PUT http://10.180.1.21:9696/networking/v2.0/routers/2cebd4e5-eb64-4d5c-9764-7ec56824bd3e/add_router_interface 1.191s
2024-12-10 20:41:47.803 65662 INFO tempest.lib.common.dynamic_creds [-] Created isolated network resources for: credentials: Credentials: {'domain_id': 'default', 'domain_name': 'Default', 'username': 'tempest-FloatingIPsTestJSON-67175276-project-member', 'project_domain_id': 'default', 'project_domain_name': 'Default', 'project_id': '565c65050ed744839f4bd9d33e4185e6', 'project_name': 'tempest-FloatingIPsTestJSON-67175276', 'tenant_id': '565c65050ed744839f4bd9d33e4185e6', 'tenant_name': 'tempest-FloatingIPsTestJSON-67175276', 'user_domain_id': 'default', 'user_domain_name': 'Default', 'user_id': 'cec997f7db6645048c17e426ad9a0b8e', 'system': None}, Network: {'id': '35b489a2-9069-48a8-a186-5a549639197b', 'name': 'tempest-FloatingIPsTestJSON-2079084438-network', 'tenant_id': '565c65050ed744839f4bd9d33e4185e6', 'admin_state_up': True, 'mtu': 8950, 'status': 'ACTIVE', 'subnets': [], 'shared': False, 'project_id': '565c65050ed744839f4bd9d33e4185e6', 'port_security_enabled': True, 'router:external': False, 'provider:network_type': 'vlan', 'provider:physical_network': 'default', 'provider:segmentation_id': 157, 'availability_zone_hints': [], 'availability_zones': [], 'ipv4_address_scope': None, 'ipv6_address_scope': None, 'description': '', 'tags': [], 'created_at': '2024-12-10T20:41:45Z', 'updated_at': '2024-12-10T20:41:45Z', 'revision_number': 1}, Subnet: {'id': 'eef2b155-e98d-4efa-a186-f5e5ec4c8723', 'name': 'tempest-FloatingIPsTestJSON-2079084438-subnet', 'tenant_id': '565c65050ed744839f4bd9d33e4185e6', 'network_id': '35b489a2-9069-48a8-a186-5a549639197b', 'ip_version': 4, 'subnetpool_id': None, 'enable_dhcp': True, 'ipv6_ra_mode': None, 'ipv6_address_mode': None, 'gateway_ip': '192.168.128.1', 'cidr': '192.168.128.0/28', 'allocation_pools': [{'start': '192.168.128.2', 'end': '192.168.128.14'}], 'host_routes': [], 'dns_nameservers': [], 'description': '', 'router:external': False, 'service_types': [], 'tags': [], 'created_at': '2024-12-10T20:41:45Z', 'updated_at': '2024-12-10T20:41:45Z', 'revision_number': 0, 'project_id': '565c65050ed744839f4bd9d33e4185e6'}, Router: {'id': '2cebd4e5-eb64-4d5c-9764-7ec56824bd3e', 'name': 'tempest-FloatingIPsTestJSON-2079084438-router', 'tenant_id': '565c65050ed744839f4bd9d33e4185e6', 'admin_state_up': True, 'status': 'ACTIVE', 'external_gateway_info': {'network_id': 'cf86652b-ffac-4a91-bc63-eeedd5885525', 'external_fixed_ips': [{'subnet_id': 'ad1fd691-ff63-4283-a4c1-ff2c4d757087', 'ip_address': '10.180.180.131'}], 'enable_snat': True}, 'description': '', 'availability_zones': [], 'distributed': False, 'ha': False, 'availability_zone_hints': [], 'routes': [], 'flavor_id': None, 'tags': [], 'created_at': '2024-12-10T20:41:45Z', 'updated_at': '2024-12-10T20:41:46Z', 'revision_number': 2, 'project_id': '565c65050ed744839f4bd9d33e4185e6'}
2024-12-10 20:41:47.832 65686 INFO tempest.lib.common.rest_client [req-8dc4893a-7707-4036-a527-78018493299d req-8dc4893a-7707-4036-a527-78018493299d ] Request (ListServerFiltersTestJSON:tearDownClass): 200 GET http://10.180.1.21/compute/v2.1/servers/6db30528-7f27-48dd-add8-3ec4d6f5e0be 0.133s
2024-12-10 20:41:47.931 65696 INFO tempest.lib.common.rest_client [req-85699d1b-b6ef-4ef1-b01f-ad7d81daa00d req-85699d1b-b6ef-4ef1-b01f-ad7d81daa00d ] Request (SecurityGroupsTestJSON:test_list_security_groups_by_server): 200 GET http://10.180.1.21/compute/v2.1/servers/e48fd17e-2e72-43b5-a5b0-40187e23f3ce 0.347s
2024-12-10 20:41:47.936 65662 INFO tempest.lib.common.rest_client [req-32c0dda8-bd27-43e6-bc62-bf6d36ca394f req-32c0dda8-bd27-43e6-bc62-bf6d36ca394f ] Request (FloatingIPsTestJSON:setUpClass): 201 POST http://10.180.1.21/identity/v3/auth/tokens 0.130s
2024-12-10 20:41:47.938 65664 INFO tempest.lib.common.rest_client [req-483d964d-45ef-4b4e-8538-ae0e8954d9bf req-483d964d-45ef-4b4e-8538-ae0e8954d9bf ] Request (ImagesOneServerNegativeTestJSON:_run_cleanups): 200 GET http://10.180.1.21/compute/v2.1/servers/d5b886d2-8290-4352-a05e-d871cc5162a5 0.157s
2024-12-10 20:41:47.939 65696 INFO tempest.common.waiters [-] State transition "BUILD/None" ==> "BUILD/networking" after 33 second wait
2024-12-10 20:41:48.014 65660 INFO tempest.lib.common.rest_client [req-ebfad637-2a93-4a02-9475-a0e8eceb67a3 req-ebfad637-2a93-4a02-9475-a0e8eceb67a3 ] Request (ServerExternalEventsTest:tearDownClass): 200 GET http://10.180.1.21/compute/v2.1/servers/598de54d-5837-4c76-a256-90975ab135d7 0.152s
2024-12-10 20:41:48.219 65690 INFO tempest.lib.common.rest_client [req-7057b63e-d4f0-4168-9912-47fc14f4f23b req-7057b63e-d4f0-4168-9912-47fc14f4f23b ] Request (ServersAdminNegativeTestJSON:test_migrate_server_invalid_state): 200 GET http://10.180.1.21/compute/v2.1/servers/5b496f77-8644-40b9-9643-baa725c576c8 0.226s
2024-12-10 20:41:48.487 65708 INFO tempest.lib.common.rest_client [req-c7436d56-9a1f-440f-a37b-53a2535b69db req-c7436d56-9a1f-440f-a37b-53a2535b69db ] Request (ServersTestMultiNic:setUpClass): 200 PUT http://10.180.1.21:9696/networking/v2.0/routers/762f9268-db80-4348-8587-89377a263205/add_router_interface 1.883s
2024-12-10 20:41:48.487 65708 INFO tempest.lib.common.dynamic_creds [-] Created isolated network resources for: credentials: Credentials: {'domain_id': 'default', 'domain_name': 'Default', 'username': 'tempest-ServersTestMultiNic-58041676-project-member', 'project_domain_id': 'default', 'project_domain_name': 'Default', 'project_id': 'a4d6f3de0e614da0ae5274333f3a0a14', 'project_name': 'tempest-ServersTestMultiNic-58041676', 'tenant_id': 'a4d6f3de0e614da0ae5274333f3a0a14', 'tenant_name': 'tempest-ServersTestMultiNic-58041676', 'user_domain_id': 'default', 'user_domain_name': 'Default', 'user_id': '64455a37116a439eb903740e546c5e50', 'system': None}, Network: {'id': '2821c357-d013-46f2-9dd9-73d1f6aa7dce', 'name': 'tempest-ServersTestMultiNic-1013468089-network', 'tenant_id': 'a4d6f3de0e614da0ae5274333f3a0a14', 'admin_state_up': True, 'mtu': 8950, 'status': 'ACTIVE', 'subnets': [], 'shared': False, 'project_id': 'a4d6f3de0e614da0ae5274333f3a0a14', 'port_security_enabled': True, 'router:external': False, 'provider:network_type': 'vlan', 'provider:physical_network': 'default', 'provider:segmentation_id': 498, 'availability_zone_hints': [], 'availability_zones': [], 'ipv4_address_scope': None, 'ipv6_address_scope': None, 'description': '', 'tags': [], 'created_at': '2024-12-10T20:41:44Z', 'updated_at': '2024-12-10T20:41:44Z', 'revision_number': 1}, Subnet: {'id': '2fc27a7a-35ad-41d7-91dc-9886a0fd32b7', 'name': 'tempest-ServersTestMultiNic-1013468089-subnet', 'tenant_id': 'a4d6f3de0e614da0ae5274333f3a0a14', 'network_id': '2821c357-d013-46f2-9dd9-73d1f6aa7dce', 'ip_version': 4, 'subnetpool_id': None, 'enable_dhcp': True, 'ipv6_ra_mode': None, 'ipv6_address_mode': None, 'gateway_ip': '192.168.128.1', 'cidr': '192.168.128.0/28', 'allocation_pools': [{'start': '192.168.128.2', 'end': '192.168.128.14'}], 'host_routes': [], 'dns_nameservers': [], 'description': '', 'router:external': False, 'service_types': [], 'tags': [], 'created_at': '2024-12-10T20:41:45Z', 'updated_at': '2024-12-10T20:41:45Z', 'revision_number': 0, 'project_id': 'a4d6f3de0e614da0ae5274333f3a0a14'}, Router: {'id': '762f9268-db80-4348-8587-89377a263205', 'name': 'tempest-ServersTestMultiNic-1013468089-router', 'tenant_id': 'a4d6f3de0e614da0ae5274333f3a0a14', 'admin_state_up': True, 'status': 'ACTIVE', 'external_gateway_info': {'network_id': 'cf86652b-ffac-4a91-bc63-eeedd5885525', 'external_fixed_ips': [{'subnet_id': 'ad1fd691-ff63-4283-a4c1-ff2c4d757087', 'ip_address': '10.180.180.230'}], 'enable_snat': True}, 'description': '', 'availability_zones': [], 'distributed': False, 'ha': False, 'availability_zone_hints': [], 'routes': [], 'flavor_id': None, 'tags': [], 'created_at': '2024-12-10T20:41:45Z', 'updated_at': '2024-12-10T20:41:46Z', 'revision_number': 2, 'project_id': 'a4d6f3de0e614da0ae5274333f3a0a14'}
2024-12-10 20:41:48.563 65679 INFO tempest.lib.common.rest_client [req-b371624a-19e9-42c2-bab7-61c0b82f3e8a req-b371624a-19e9-42c2-bab7-61c0b82f3e8a ] Request (ServersTestFqdnHostnames:test_create_server_with_fqdn_name): 200 GET http://10.180.1.21/compute/v2.1/servers/2c4c03dd-a708-45a4-b8bd-a60964917f90 0.538s
2024-12-10 20:41:48.581 65708 INFO tempest.lib.common.rest_client [req-d6f42dcc-e3d7-4a64-b4cc-661564d77155 req-d6f42dcc-e3d7-4a64-b4cc-661564d77155 ] Request (ServersTestMultiNic:setUpClass): 201 POST http://10.180.1.21/identity/v3/auth/tokens 0.088s
2024-12-10 20:41:48.623 65672 INFO tempest.lib.common.rest_client [req-53408b67-a4c5-4558-91b6-c4ed5f30c981 req-53408b67-a4c5-4558-91b6-c4ed5f30c981 ] Request (ServerAddressesTestJSON:tearDownClass): 200 GET http://10.180.1.21/compute/v2.1/servers/8f3f53bf-2faa-404f-83db-c23774200517 0.550s
2024-12-10 20:41:48.820 65676 INFO tempest.lib.common.rest_client [req-5de69366-7a8d-401c-9d4c-61e90f3dccae req-5de69366-7a8d-401c-9d4c-61e90f3dccae ] Request (ImagesTestJSON:test_create_image_from_stopped_server): 200 GET http://10.180.1.21/compute/v2.1/servers/e0e295b3-1bf8-4640-95b1-b5c1e19fce04 0.632s
2024-12-10 20:41:48.831 65676 INFO tempest.common.waiters [-] State transition "BUILD/spawning" ==> "ACTIVE/None" after 45 second wait
2024-12-10 20:41:48.851 65708 INFO tempest.lib.common.rest_client [req-c27aa23f-73d9-4c9d-b2f1-a9498524bf2d req-c27aa23f-73d9-4c9d-b2f1-a9498524bf2d ] Request (ServersTestMultiNic:test_verify_duplicate_network_nics): 201 POST http://10.180.1.21:9696/networking/v2.0/networks 0.268s
2024-12-10 20:41:48.888 65688 WARNING tempest.lib.common.ssh [-] Failed to establish authenticated ssh connection to cirros@10.180.180.222 ([Errno None] Unable to connect to port 22 on 10.180.180.222). Number attempts: 1. Retry after 2 seconds.: paramiko.ssh_exception.NoValidConnectionsError: [Errno None] Unable to connect to port 22 on 10.180.180.222
2024-12-10 20:41:48.904 65692 INFO tempest.lib.common.rest_client [req-22ae22f7-8b70-432d-b952-3647b33817ce req-22ae22f7-8b70-432d-b952-3647b33817ce ] Request (ImagesNegativeTestJSON:test_create_image_from_deleted_server): 200 GET http://10.180.1.21/compute/v2.1/servers/71194ade-910f-43c0-a874-369fc90eb6fb 0.628s
2024-12-10 20:41:48.973 65666 INFO tempest.lib.common.rest_client [req-f3b444fa-9f53-4f0a-a69b-0d53cc8ae061 req-f3b444fa-9f53-4f0a-a69b-0d53cc8ae061 ] Request (AttachInterfacesV270Test:tearDownClass): 200 GET http://10.180.1.21/compute/v2.1/servers/24a0a90c-f0bd-4906-be70-7d92fad5eeaa 0.616s
2024-12-10 20:41:49.041 65682 INFO tempest.lib.common.rest_client [req-2e1768e4-507e-40bc-9fb3-fabff5bf5779 req-2e1768e4-507e-40bc-9fb3-fabff5bf5779 ] Request (ServerDiagnosticsNegativeTest:tearDownClass): 200 GET http://10.180.1.21/compute/v2.1/servers/307db39f-278d-4033-a1f5-47db8efb85d3 0.672s
2024-12-10 20:41:49.059 65708 INFO tempest.lib.common.rest_client [req-7681f3a4-bbac-4023-b7d5-ddd9602f5f20 req-7681f3a4-bbac-4023-b7d5-ddd9602f5f20 ] Request (ServersTestMultiNic:test_verify_duplicate_network_nics): 201 POST http://10.180.1.21:9696/networking/v2.0/subnets 0.207s
2024-12-10 20:41:49.093 65668 INFO tempest.lib.common.rest_client [req-5a40cfa1-7309-446d-8afc-ddc68e878e11 req-5a40cfa1-7309-446d-8afc-ddc68e878e11 ] Request (ServersTestBootFromVolume:setUpClass): 200 GET http://10.180.1.21/compute/v2.1/servers/cbd5c7a7-4ea7-405c-8cc7-c8acf518ba7f 0.670s
2024-12-10 20:41:49.148 65706 INFO tempest.lib.common.rest_client [req-e0f9e707-cf2a-4fbb-85cf-7971b81ff3f8 req-e0f9e707-cf2a-4fbb-85cf-7971b81ff3f8 ] Request (ServerDiskConfigTestJSON:test_rebuild_server_with_manual_disk_config): 200 GET http://10.180.1.21/compute/v2.1/servers/a9115a71-24c3-46da-88e2-fa7246b0d4f6 0.669s
2024-12-10 20:41:49.208 65658 INFO tempest.lib.common.rest_client [req-a11b2222-4077-4569-b292-bf0b8098b798 req-a11b2222-4077-4569-b292-bf0b8098b798 ] Request (MigrationsAdminTest:test_resize_server_revert_deleted_flavor): 200 GET http://10.180.1.21/compute/v2.1/servers/fe45fb95-2776-45ac-8293-8f8607e9be73 0.622s
2024-12-10 20:41:49.251 65708 INFO tempest.lib.common.rest_client [req-57b7f07c-d96b-41c7-97ea-5add6b67a8d5 req-57b7f07c-d96b-41c7-97ea-5add6b67a8d5 ] Request (ServersTestMultiNic:test_verify_duplicate_network_nics): 201 POST http://10.180.1.21:9696/networking/v2.0/networks 0.192s
2024-12-10 20:41:49.265 65716 INFO tempest.lib.common.rest_client [req-edfeac40-8369-4e2d-887b-2a028154b5fd req-edfeac40-8369-4e2d-887b-2a028154b5fd ] Request (ServerRescueTestJSONUnderV235:tearDownClass): 200 GET http://10.180.1.21/compute/v2.1/servers/8585620c-9060-4fac-94d1-321a8ab4fca1 0.588s
2024-12-10 20:41:49.292 65662 INFO tempest.lib.common.rest_client [req-283417df-7593-4c0c-90df-79b6e019fc5a req-283417df-7593-4c0c-90df-79b6e019fc5a ] Request (FloatingIPsTestJSON:test_allocate_floating_ip): 200 POST http://10.180.1.21/compute/v2.1/os-floating-ips 1.354s
2024-12-10 20:41:49.333 65676 INFO tempest.lib.common.rest_client [req-a2fecc88-4aa1-4e28-9e89-b2507a9012b6 req-a2fecc88-4aa1-4e28-9e89-b2507a9012b6 ] Request (ImagesTestJSON:test_create_image_from_stopped_server): 202 POST http://10.180.1.21/compute/v2.1/servers/e0e295b3-1bf8-4640-95b1-b5c1e19fce04/action 0.501s
2024-12-10 20:41:49.364 65686 INFO tempest.lib.common.rest_client [req-651dfbb3-4dcd-4f12-bad6-cc8dd32158f5 req-651dfbb3-4dcd-4f12-bad6-cc8dd32158f5 ] Request (ListServerFiltersTestJSON:tearDownClass): 200 GET http://10.180.1.21/compute/v2.1/servers/6db30528-7f27-48dd-add8-3ec4d6f5e0be 0.519s
2024-12-10 20:41:49.423 65664 INFO tempest.lib.common.rest_client [req-0be10ff2-4220-4e12-9b1d-60df02100d6e req-0be10ff2-4220-4e12-9b1d-60df02100d6e ] Request (ImagesOneServerNegativeTestJSON:_run_cleanups): 200 GET http://10.180.1.21/compute/v2.1/servers/d5b886d2-8290-4352-a05e-d871cc5162a5 0.473s
2024-12-10 20:41:49.436 65696 INFO tempest.lib.common.rest_client [req-6f2f4ac4-44f4-4030-a8ff-1aefdae96514 req-6f2f4ac4-44f4-4030-a8ff-1aefdae96514 ] Request (SecurityGroupsTestJSON:test_list_security_groups_by_server): 200 GET http://10.180.1.21/compute/v2.1/servers/e48fd17e-2e72-43b5-a5b0-40187e23f3ce 0.496s
2024-12-10 20:41:49.443 65696 INFO tempest.common.waiters [-] State transition "BUILD/networking" ==> "BUILD/spawning" after 35 second wait
2024-12-10 20:41:49.482 65660 INFO tempest.lib.common.rest_client [req-6cf47d9a-549c-4991-bfde-b1120c83cd73 req-6cf47d9a-549c-4991-bfde-b1120c83cd73 ] Request (ServerExternalEventsTest:tearDownClass): 200 GET http://10.180.1.21/compute/v2.1/servers/598de54d-5837-4c76-a256-90975ab135d7 0.461s
2024-12-10 20:41:49.564 65690 INFO tempest.lib.common.rest_client [req-342c1d9e-cbc8-49f5-ba09-ef098bc26868 req-342c1d9e-cbc8-49f5-ba09-ef098bc26868 ] Request (ServersAdminNegativeTestJSON:test_migrate_server_invalid_state): 200 GET http://10.180.1.21/compute/v2.1/servers/5b496f77-8644-40b9-9643-baa725c576c8 0.336s
2024-12-10 20:41:49.570 65690 INFO tempest.common.waiters [-] State transition "ACTIVE/suspending" ==> "SUSPENDED/None" after 3 second wait
2024-12-10 20:41:49.580 65708 INFO tempest.lib.common.rest_client [req-2431bdcb-efea-42a8-b901-e455d01bcf04 req-2431bdcb-efea-42a8-b901-e455d01bcf04 ] Request (ServersTestMultiNic:test_verify_duplicate_network_nics): 201 POST http://10.180.1.21:9696/networking/v2.0/subnets 0.328s
2024-12-10 20:41:49.583 65662 INFO tempest.lib.common.rest_client [req-634a6d5a-4745-4d19-bcd4-0f8b3ad9aa01 req-634a6d5a-4745-4d19-bcd4-0f8b3ad9aa01 ] Request (FloatingIPsTestJSON:test_allocate_floating_ip): 200 GET http://10.180.1.21/compute/v2.1/os-floating-ips/8512c351-4c45-4594-a558-4504ec2ffb24 0.289s
2024-12-10 20:41:49.629 65708 INFO tempest.lib.common.rest_client [req-41837de4-1870-40cb-9bc1-a6c1a119697d req-41837de4-1870-40cb-9bc1-a6c1a119697d ] Request (ServersTestMultiNic:test_verify_duplicate_network_nics): 201 POST http://10.180.1.21/identity/v3/auth/tokens 0.044s
2024-12-10 20:41:49.629 65708 INFO tempest.lib.common.fixed_network [-] (ServersTestMultiNic:test_verify_duplicate_network_nics) Found network {'id': '2821c357-d013-46f2-9dd9-73d1f6aa7dce', 'name': 'tempest-ServersTestMultiNic-1013468089-network', 'tenant_id': 'a4d6f3de0e614da0ae5274333f3a0a14', 'admin_state_up': True, 'mtu': 8950, 'status': 'ACTIVE', 'subnets': [], 'shared': False, 'project_id': 'a4d6f3de0e614da0ae5274333f3a0a14', 'port_security_enabled': True, 'router:external': False, 'provider:network_type': 'vlan', 'provider:physical_network': 'default', 'provider:segmentation_id': 498, 'availability_zone_hints': [], 'availability_zones': [], 'ipv4_address_scope': None, 'ipv6_address_scope': None, 'description': '', 'tags': [], 'created_at': '2024-12-10T20:41:44Z', 'updated_at': '2024-12-10T20:41:44Z', 'revision_number': 1} available for tenant
2024-12-10 20:41:49.737 65676 INFO tempest.lib.common.rest_client [req-4607cb59-fe55-46f0-ac7f-2de7e18ba6da req-4607cb59-fe55-46f0-ac7f-2de7e18ba6da ] Request (ImagesTestJSON:test_create_image_from_stopped_server): 200 GET http://10.180.1.21/compute/v2.1/servers/e0e295b3-1bf8-4640-95b1-b5c1e19fce04 0.404s
2024-12-10 20:41:49.776 65679 INFO tempest.lib.common.rest_client [req-e98165ee-c4ed-4992-868e-c7845450c027 req-e98165ee-c4ed-4992-868e-c7845450c027 ] Request (ServersTestFqdnHostnames:test_create_server_with_fqdn_name): 200 GET http://10.180.1.21/compute/v2.1/servers/2c4c03dd-a708-45a4-b8bd-a60964917f90 0.205s
2024-12-10 20:41:49.845 65690 INFO tempest.lib.common.rest_client [req-59fe32ff-d925-4739-b267-fe71afd12d02 req-59fe32ff-d925-4739-b267-fe71afd12d02 ] Request (ServersAdminNegativeTestJSON:test_migrate_server_invalid_state): 409 POST http://10.180.1.21/compute/v2.1/servers/5b496f77-8644-40b9-9643-baa725c576c8/action 0.274s
2024-12-10 20:41:49.933 65672 INFO tempest.lib.common.rest_client [req-e026c682-e344-405c-981a-0a36768a0890 req-e026c682-e344-405c-981a-0a36768a0890 ] Request (ServerAddressesTestJSON:tearDownClass): 200 GET http://10.180.1.21/compute/v2.1/servers/8f3f53bf-2faa-404f-83db-c23774200517 0.303s
2024-12-10 20:41:49.946 65662 INFO tempest.lib.common.rest_client [req-92e124c5-4795-42d5-a205-db873eb6b837 req-92e124c5-4795-42d5-a205-db873eb6b837 ] Request (FloatingIPsTestJSON:test_allocate_floating_ip): 200 GET http://10.180.1.21/compute/v2.1/os-floating-ips 0.361s
2024-12-10 20:41:49.958 65690 INFO tempest.lib.common.rest_client [req-4c4bffec-5a30-4e8a-8c61-8e3951e7b540 req-4c4bffec-5a30-4e8a-8c61-8e3951e7b540 ] Request (ServersAdminNegativeTestJSON:test_reset_state_server_invalid_state): 400 POST http://10.180.1.21/compute/v2.1/servers/6f2ae7c7-730a-4d3d-8c93-71882eb41b8e/action 0.112s
2024-12-10 20:41:50.047 65692 INFO tempest.lib.common.rest_client [req-5b9a3d70-80d4-4696-8899-5acf1fae4bbf req-5b9a3d70-80d4-4696-8899-5acf1fae4bbf ] Request (ImagesNegativeTestJSON:test_create_image_from_deleted_server): 200 GET http://10.180.1.21/compute/v2.1/servers/71194ade-910f-43c0-a874-369fc90eb6fb 0.135s
2024-12-10 20:41:50.292 65710 INFO paramiko.transport [-] Connected (version 2.0, client dropbear_2020.81)
2024-12-10 20:41:50.401 65710 INFO paramiko.transport [-] Authentication (publickey) successful!
2024-12-10 20:41:50.402 65710 INFO tempest.lib.common.ssh [-] ssh connection to cirros@10.180.180.197 successfully created
2024-12-10 20:41:50.618 65662 INFO tempest.lib.common.rest_client [req-c1df3cf9-1d4a-4700-878d-2fcf2808b7b3 req-c1df3cf9-1d4a-4700-878d-2fcf2808b7b3 ] Request (FloatingIPsTestJSON:_run_cleanups): 202 DELETE http://10.180.1.21/compute/v2.1/os-floating-ips/8512c351-4c45-4594-a558-4504ec2ffb24 0.670s
2024-12-10 20:41:50.626 65690 INFO tempest.lib.common.rest_client [req-4bb6198f-0f53-4fcf-abfd-024e0e0ad04d req-4bb6198f-0f53-4fcf-abfd-024e0e0ad04d ] Request (ServersAdminNegativeTestJSON:test_reset_state_server_invalid_type): 400 POST http://10.180.1.21/compute/v2.1/servers/6f2ae7c7-730a-4d3d-8c93-71882eb41b8e/action 0.667s
2024-12-10 20:41:50.703 65666 INFO tempest.lib.common.rest_client [req-a1f9a605-4eb1-4a93-a6cf-8a00289167f1 req-a1f9a605-4eb1-4a93-a6cf-8a00289167f1 ] Request (AttachInterfacesV270Test:tearDownClass): 200 GET http://10.180.1.21/compute/v2.1/servers/24a0a90c-f0bd-4906-be70-7d92fad5eeaa 0.719s
2024-12-10 20:41:50.738 65708 INFO tempest.lib.common.rest_client [req-88361d8f-62c5-444a-aac0-9c043a3f55bf req-88361d8f-62c5-444a-aac0-9c043a3f55bf ] Request (ServersTestMultiNic:test_verify_duplicate_network_nics): 202 POST http://10.180.1.21/compute/v2.1/servers 1.108s
2024-12-10 20:41:50.781 65682 INFO tempest.lib.common.rest_client [req-9e3cb299-3ea2-4d8a-af91-9cdd177490b9 req-9e3cb299-3ea2-4d8a-af91-9cdd177490b9 ] Request (ServerDiagnosticsNegativeTest:tearDownClass): 200 GET http://10.180.1.21/compute/v2.1/servers/307db39f-278d-4033-a1f5-47db8efb85d3 0.731s
2024-12-10 20:41:50.806 65668 INFO tempest.lib.common.rest_client [req-5df0f59a-8956-42b8-ac78-ecb518f8ce77 req-5df0f59a-8956-42b8-ac78-ecb518f8ce77 ] Request (ServersTestBootFromVolume:setUpClass): 200 GET http://10.180.1.21/compute/v2.1/servers/cbd5c7a7-4ea7-405c-8cc7-c8acf518ba7f 0.707s
2024-12-10 20:41:50.863 65658 INFO tempest.lib.common.rest_client [req-1d1cbd87-caf9-4b6e-bbae-5998af86b13d req-1d1cbd87-caf9-4b6e-bbae-5998af86b13d ] Request (MigrationsAdminTest:test_resize_server_revert_deleted_flavor): 200 GET http://10.180.1.21/compute/v2.1/servers/fe45fb95-2776-45ac-8293-8f8607e9be73 0.642s
2024-12-10 20:41:50.931 65716 INFO tempest.lib.common.rest_client [req-cac4ca69-973a-4456-bdd2-c640699e1e41 req-cac4ca69-973a-4456-bdd2-c640699e1e41 ] Request (ServerRescueTestJSONUnderV235:tearDownClass): 200 GET http://10.180.1.21/compute/v2.1/servers/8585620c-9060-4fac-94d1-321a8ab4fca1 0.658s
