2024-12-10 20:40:38.145 65660 INFO tempest.lib.common.rest_client [req-c9b383cf-5e48-442e-983d-c51b79966477 req-c9b383cf-5e48-442e-983d-c51b79966477 ] Request (ServerExternalEventsTest:setUpClass): 204 PUT http://10.180.1.21/identity/v3/projects/3325fb7ef2914c91b9c8630968f9e6a1/users/b100250472d0453d92023add2ad293bd/roles/d34193c709fe4498a74111b3404de3da 0.348s
2024-12-10 20:40:38.145 65660 INFO tempest.lib.common.dynamic_creds [-] Dynamic test user b100250472d0453d92023add2ad293bd is created with scope project and roles: ['service', 'admin']
2024-12-10 20:40:38.146 65660 INFO tempest.lib.common.dynamic_creds [-] Acquired dynamic creds: credentials: Credentials: {'domain_id': 'default', 'domain_name': 'Default', 'username': 'tempest-ServerExternalEventsTest-2122845781-project', 'project_domain_id': 'default', 'project_domain_name': 'Default', 'project_id': '3325fb7ef2914c91b9c8630968f9e6a1', 'project_name': 'tempest-ServerExternalEventsTest-2122845781', 'tenant_id': '3325fb7ef2914c91b9c8630968f9e6a1', 'tenant_name': 'tempest-ServerExternalEventsTest-2122845781', 'user_domain_id': 'default', 'user_domain_name': 'Default', 'user_id': 'b100250472d0453d92023add2ad293bd', 'system': None}, Network: None, Subnet: None, Router: None
2024-12-10 20:40:38.146 65660 INFO tempest.lib.common.dynamic_creds [-] Created isolated network resources for: credentials: Credentials: {'domain_id': 'default', 'domain_name': 'Default', 'username': 'tempest-ServerExternalEventsTest-2122845781-project', 'project_domain_id': 'default', 'project_domain_name': 'Default', 'project_id': '3325fb7ef2914c91b9c8630968f9e6a1', 'project_name': 'tempest-ServerExternalEventsTest-2122845781', 'tenant_id': '3325fb7ef2914c91b9c8630968f9e6a1', 'tenant_name': 'tempest-ServerExternalEventsTest-2122845781', 'user_domain_id': 'default', 'user_domain_name': 'Default', 'user_id': 'b100250472d0453d92023add2ad293bd', 'system': None}, Network: None, Subnet: None, Router: None
2024-12-10 20:40:38.299 65688 INFO tempest.lib.common.rest_client [req-52977149-442e-43e2-9cb2-30eb35e110e0 req-52977149-442e-43e2-9cb2-30eb35e110e0 ] Request (QuotasAdminNegativeTest:tearDownClass): 204 DELETE http://10.180.1.21:9696/networking/v2.0/security-groups/8339395b-59d4-4f29-9a06-e6541560c82c 0.596s
2024-12-10 20:40:38.363 65660 INFO tempest.lib.common.rest_client [req-a5753a04-0a22-4403-9329-b83fa2500f76 req-a5753a04-0a22-4403-9329-b83fa2500f76 ] Request (ServerExternalEventsTest:setUpClass): 201 POST http://10.180.1.21/identity/v3/auth/tokens 0.214s
2024-12-10 20:40:38.436 65660 INFO tempest.lib.common.rest_client [req-bb5b8217-ca35-439f-8650-0dd32f47bf96 req-bb5b8217-ca35-439f-8650-0dd32f47bf96 ] Request (ServerExternalEventsTest:test_create_server_external_events): 201 POST http://10.180.1.21/identity/v3/auth/tokens 0.067s
2024-12-10 20:40:38.436 65660 INFO tempest.lib.common.fixed_network [-] (ServerExternalEventsTest:test_create_server_external_events) Found network None available for tenant
2024-12-10 20:40:38.503 65686 INFO tempest.lib.common.rest_client [req-f4a5aabc-b2c5-42aa-9831-06f3672ee6aa req-f4a5aabc-b2c5-42aa-9831-06f3672ee6aa ] Request (ListServerFiltersTestJSON:test_list_servers_detailed_filter_by_flavor): 200 GET http://10.180.1.21/compute/v2.1/servers/detail?flavor=84 3.375s
2024-12-10 20:40:38.528 65688 INFO tempest.lib.common.rest_client [req-78269bf7-3156-4a15-bb5b-40adadd82e81 req-78269bf7-3156-4a15-bb5b-40adadd82e81 ] Request (QuotasAdminNegativeTest:tearDownClass): 204 DELETE http://10.180.1.21/identity/v3/projects/4f1dcac0cf50451cbb49e4a46aaba805 0.228s
2024-12-10 20:40:38.564 65679 INFO tempest.lib.common.rest_client [req-c86174b2-900d-4521-a547-52ed4230b7a3 req-c86174b2-900d-4521-a547-52ed4230b7a3 ] Request (AggregatesAdminNegativeTestJSON:test_aggregate_remove_nonexistent_host): 200 POST http://10.180.1.21/compute/v2.1/os-aggregates 3.045s
2024-12-10 20:40:38.626 65688 INFO tempest.lib.common.rest_client [req-48a271e1-a9ab-487f-829b-efdf77a3bb24 req-48a271e1-a9ab-487f-829b-efdf77a3bb24 ] Request (ServerActionsTestOtherA:setUpClass): 201 POST http://10.180.1.21/identity/v3/auth/tokens 0.096s
2024-12-10 20:40:38.667 65688 INFO tempest.lib.common.rest_client [req-6eb7955e-371a-47df-af4f-f84a33fd8e61 req-6eb7955e-371a-47df-af4f-f84a33fd8e61 ] Request (ServerActionsTestOtherA:setUpClass): 201 POST http://10.180.1.21/identity/v3/auth/tokens 0.038s
2024-12-10 20:40:38.711 65688 INFO tempest.lib.common.rest_client [req-789ebc15-f1a9-4bfc-afbc-899a6fd36b98 req-789ebc15-f1a9-4bfc-afbc-899a6fd36b98 ] Request (ServerActionsTestOtherA:setUpClass): 200 GET http://10.180.1.21/identity/v3/domains?name=Default 0.044s
2024-12-10 20:40:38.774 65688 INFO tempest.lib.common.rest_client [req-544f23f4-e0ba-4767-8a44-57c5adbf493c req-544f23f4-e0ba-4767-8a44-57c5adbf493c ] Request (ServerActionsTestOtherA:setUpClass): 201 POST http://10.180.1.21/identity/v3/projects 0.062s
2024-12-10 20:40:38.932 65688 INFO tempest.lib.common.rest_client [req-907e8a0b-dfbf-44be-99f8-11b8a42912aa req-907e8a0b-dfbf-44be-99f8-11b8a42912aa ] Request (ServerActionsTestOtherA:setUpClass): 201 POST http://10.180.1.21/identity/v3/users 0.157s
2024-12-10 20:40:38.958 65688 INFO tempest.lib.common.rest_client [req-b325b37a-c305-4391-9591-4ddb7d992a5b req-b325b37a-c305-4391-9591-4ddb7d992a5b ] Request (ServerActionsTestOtherA:setUpClass): 200 GET http://10.180.1.21/identity/v3/roles 0.026s
2024-12-10 20:40:38.973 65666 INFO tempest.lib.common.rest_client [req-ee9c342b-e08d-4bb8-a3b1-78911cdc31b2 req-ee9c342b-e08d-4bb8-a3b1-78911cdc31b2 ] Request (AttachInterfacesV270Test:setUpClass): 201 POST http://10.180.1.21:9696/networking/v2.0/routers 4.057s
2024-12-10 20:40:39.008 65688 INFO tempest.lib.common.rest_client [req-f786920c-8e22-4841-a278-45d263db356e req-f786920c-8e22-4841-a278-45d263db356e ] Request (ServerActionsTestOtherA:setUpClass): 204 PUT http://10.180.1.21/identity/v3/projects/1f9bc89334404ba7abc7badaba7b2488/users/72cee2cf02364120ab35e380fe11a52d/roles/ee79e681965043e5b3d22425c6f65fd1 0.049s
2024-12-10 20:40:39.009 65688 INFO tempest.lib.common.dynamic_creds [-] Dynamic test user 72cee2cf02364120ab35e380fe11a52d is created with scope project and roles: ['member']
2024-12-10 20:40:39.009 65688 INFO tempest.lib.common.dynamic_creds [-] Acquired dynamic creds: credentials: Credentials: {'domain_id': 'default', 'domain_name': 'Default', 'username': 'tempest-ServerActionsTestOtherA-1300099735-project-member', 'project_domain_id': 'default', 'project_domain_name': 'Default', 'project_id': '1f9bc89334404ba7abc7badaba7b2488', 'project_name': 'tempest-ServerActionsTestOtherA-1300099735', 'tenant_id': '1f9bc89334404ba7abc7badaba7b2488', 'tenant_name': 'tempest-ServerActionsTestOtherA-1300099735', 'user_domain_id': 'default', 'user_domain_name': 'Default', 'user_id': '72cee2cf02364120ab35e380fe11a52d', 'system': None}, Network: None, Subnet: None, Router: None
2024-12-10 20:40:39.081 65688 INFO tempest.lib.common.rest_client [req-d827c434-e1be-4804-9f68-92e03206393c req-d827c434-e1be-4804-9f68-92e03206393c ] Request (ServerActionsTestOtherA:setUpClass): 201 POST http://10.180.1.21/identity/v3/auth/tokens 0.071s
2024-12-10 20:40:39.095 65656 INFO tempest.lib.common.rest_client [req-a25a4128-c175-48f6-99dc-9816c0bed69c req-a25a4128-c175-48f6-99dc-9816c0bed69c ] Request (SecurityGroupsNegativeTestJSON:tearDownClass): 200 PUT http://10.180.1.21:9696/networking/v2.0/routers/1de02079-1672-46c2-8783-031cce0654b4/remove_router_interface 3.737s
2024-12-10 20:40:39.160 65710 INFO tempest.lib.common.rest_client [req-5de91062-437e-47bc-8b6e-4d7a6402e279 req-5de91062-437e-47bc-8b6e-4d7a6402e279 ] Request (VolumesAssistedSnapshotsTest:test_volume_assisted_snapshot_create_delete): 200 GET http://10.180.1.21/compute/v2.1/servers/ba09256d-b67b-4793-8c98-e0873d510df2 2.952s
2024-12-10 20:40:39.449 65698 WARNING tempest.lib.common.ssh [-] Failed to establish authenticated ssh connection to cirros@10.180.180.136 ([Errno None] Unable to connect to port 22 on 10.180.180.136). Number attempts: 2. Retry after 3 seconds.: paramiko.ssh_exception.NoValidConnectionsError: [Errno None] Unable to connect to port 22 on 10.180.180.136
2024-12-10 20:40:39.897 65714 INFO tempest.lib.common.rest_client [req-fe503bee-c664-4893-a3d1-d9e2ddac2b8a req-fe503bee-c664-4893-a3d1-d9e2ddac2b8a ] Request (ServersTestJSON:setUpClass): 200 GET http://10.180.1.21/compute/v2.1/servers/403eab33-2ad0-4f65-8461-247418146362 3.560s
2024-12-10 20:40:39.904 65714 INFO tempest.common.waiters [-] State transition "BUILD/None" ==> "BUILD/block_device_mapping" after 25 second wait
2024-12-10 20:40:40.223 65670 INFO tempest.lib.common.rest_client [req-f31b00c0-c46b-4d7b-94e4-1c7f6555cabd req-f31b00c0-c46b-4d7b-94e4-1c7f6555cabd ] Request (ServersWithSpecificFlavorTestJSON:test_verify_created_server_ephemeral_disk): 200 GET http://10.180.1.21/compute/v2.1/servers/bf4ce20f-179a-490e-8332-44a77e0880d9 3.849s
2024-12-10 20:40:40.239 65666 INFO tempest.lib.common.rest_client [req-06a92210-2d19-42d1-b1b2-1b4d0bbb3fbd req-06a92210-2d19-42d1-b1b2-1b4d0bbb3fbd ] Request (AttachInterfacesV270Test:setUpClass): 200 PUT http://10.180.1.21:9696/networking/v2.0/routers/412df900-ffff-4ed9-adc2-c43b86a24991/add_router_interface 1.265s
2024-12-10 20:40:40.239 65666 INFO tempest.lib.common.dynamic_creds [-] Created isolated network resources for: credentials: Credentials: {'domain_id': 'default', 'domain_name': 'Default', 'username': 'tempest-AttachInterfacesV270Test-125159266-project-member', 'project_domain_id': 'default', 'project_domain_name': 'Default', 'project_id': '869a8c35a53e44f69de0f8e2826ac67c', 'project_name': 'tempest-AttachInterfacesV270Test-125159266', 'tenant_id': '869a8c35a53e44f69de0f8e2826ac67c', 'tenant_name': 'tempest-AttachInterfacesV270Test-125159266', 'user_domain_id': 'default', 'user_domain_name': 'Default', 'user_id': '5758e923e5094128a9e66ff4803b40e6', 'system': None}, Network: {'id': '2ccfab23-7430-4e18-9304-c45f16bdd8d3', 'name': 'tempest-AttachInterfacesV270Test-19835435-network', 'tenant_id': '869a8c35a53e44f69de0f8e2826ac67c', 'admin_state_up': True, 'mtu': 8950, 'status': 'ACTIVE', 'subnets': [], 'shared': False, 'project_id': '869a8c35a53e44f69de0f8e2826ac67c', 'port_security_enabled': True, 'router:external': False, 'provider:network_type': 'vlan', 'provider:physical_network': 'default', 'provider:segmentation_id': 441, 'availability_zone_hints': [], 'availability_zones': [], 'ipv4_address_scope': None, 'ipv6_address_scope': None, 'description': '', 'tags': [], 'created_at': '2024-12-10T20:40:34Z', 'updated_at': '2024-12-10T20:40:34Z', 'revision_number': 1}, Subnet: {'id': '287031ef-217f-4a03-b1c9-8fa14f430c3c', 'name': 'tempest-AttachInterfacesV270Test-19835435-subnet', 'tenant_id': '869a8c35a53e44f69de0f8e2826ac67c', 'network_id': '2ccfab23-7430-4e18-9304-c45f16bdd8d3', 'ip_version': 4, 'subnetpool_id': None, 'enable_dhcp': True, 'ipv6_ra_mode': None, 'ipv6_address_mode': None, 'gateway_ip': '192.168.128.1', 'cidr': '192.168.128.0/28', 'allocation_pools': [{'start': '192.168.128.2', 'end': '192.168.128.14'}], 'host_routes': [], 'dns_nameservers': [], 'description': '', 'router:external': False, 'service_types': [], 'tags': [], 'created_at': '2024-12-10T20:40:34Z', 'updated_at': '2024-12-10T20:40:34Z', 'revision_number': 0, 'project_id': '869a8c35a53e44f69de0f8e2826ac67c'}, Router: {'id': '412df900-ffff-4ed9-adc2-c43b86a24991', 'name': 'tempest-AttachInterfacesV270Test-19835435-router', 'tenant_id': '869a8c35a53e44f69de0f8e2826ac67c', 'admin_state_up': True, 'status': 'ACTIVE', 'external_gateway_info': {'network_id': 'cf86652b-ffac-4a91-bc63-eeedd5885525', 'external_fixed_ips': [{'subnet_id': 'ad1fd691-ff63-4283-a4c1-ff2c4d757087', 'ip_address': '10.180.180.178'}], 'enable_snat': True}, 'description': '', 'availability_zones': [], 'distributed': False, 'ha': False, 'availability_zone_hints': [], 'routes': [], 'flavor_id': None, 'tags': [], 'created_at': '2024-12-10T20:40:35Z', 'updated_at': '2024-12-10T20:40:36Z', 'revision_number': 2, 'project_id': '869a8c35a53e44f69de0f8e2826ac67c'}
2024-12-10 20:40:40.316 65664 INFO tempest.lib.common.rest_client [req-ed56ff80-7f9e-4bcb-b106-2cf3fb254ada req-ed56ff80-7f9e-4bcb-b106-2cf3fb254ada ] Request (ImagesOneServerNegativeTestJSON:setUpClass): 200 GET http://10.180.1.21/compute/v2.1/servers/d5b886d2-8290-4352-a05e-d871cc5162a5 3.841s
2024-12-10 20:40:40.327 65688 INFO tempest.lib.common.rest_client [req-4c31aa4d-4150-43f0-8034-f7b203df9756 req-4c31aa4d-4150-43f0-8034-f7b203df9756 ] Request (ServerActionsTestOtherA:setUpClass): 201 POST http://10.180.1.21:9696/networking/v2.0/networks 1.245s
2024-12-10 20:40:40.386 65672 INFO tempest.lib.common.rest_client [req-89a7d02b-690f-490c-9c90-b6b02d45142a req-89a7d02b-690f-490c-9c90-b6b02d45142a ] Request (FloatingIPDetailsNegativeTestJSON:tearDownClass): 200 PUT http://10.180.1.21:9696/networking/v2.0/routers/7ac780a2-d80a-4bae-ae7d-f71a2ffcf16c/remove_router_interface 4.304s
2024-12-10 20:40:40.399 65666 INFO tempest.lib.common.rest_client [req-9cd7c952-8afe-4a7d-9534-2a1566bb60e7 req-9cd7c952-8afe-4a7d-9534-2a1566bb60e7 ] Request (AttachInterfacesV270Test:setUpClass): 201 POST http://10.180.1.21/identity/v3/auth/tokens 0.155s
2024-12-10 20:40:40.403 65662 INFO tempest.lib.common.rest_client [req-a0432ab8-f43d-4891-878d-a847ef45d2b4 req-a0432ab8-f43d-4891-878d-a847ef45d2b4 ] Request (DeleteServersAdminTestJSON:test_delete_server_while_in_error_state): 200 GET http://10.180.1.21/compute/v2.1/servers/2aa3c355-0fa5-4e5b-a322-b727ee76cce5 3.906s
2024-12-10 20:40:40.462 65666 INFO tempest.lib.common.rest_client [req-c7f339d0-2f7b-4d47-b722-ef26ecdb4836 req-c7f339d0-2f7b-4d47-b722-ef26ecdb4836 ] Request (AttachInterfacesV270Test:test_create_get_list_interfaces): 201 POST http://10.180.1.21/identity/v3/auth/tokens 0.057s
2024-12-10 20:40:40.465 65666 INFO tempest.lib.common.fixed_network [-] (AttachInterfacesV270Test:test_create_get_list_interfaces) Found network {'id': '2ccfab23-7430-4e18-9304-c45f16bdd8d3', 'name': 'tempest-AttachInterfacesV270Test-19835435-network', 'tenant_id': '869a8c35a53e44f69de0f8e2826ac67c', 'admin_state_up': True, 'mtu': 8950, 'status': 'ACTIVE', 'subnets': [], 'shared': False, 'project_id': '869a8c35a53e44f69de0f8e2826ac67c', 'port_security_enabled': True, 'router:external': False, 'provider:network_type': 'vlan', 'provider:physical_network': 'default', 'provider:segmentation_id': 441, 'availability_zone_hints': [], 'availability_zones': [], 'ipv4_address_scope': None, 'ipv6_address_scope': None, 'description': '', 'tags': [], 'created_at': '2024-12-10T20:40:34Z', 'updated_at': '2024-12-10T20:40:34Z', 'revision_number': 1} available for tenant
2024-12-10 20:40:40.523 65680 INFO tempest.lib.common.rest_client [req-525fd125-13ef-4fd2-a278-6d72c3cea757 req-525fd125-13ef-4fd2-a278-6d72c3cea757 ] Request (InstanceActionsV221TestJSON:test_get_list_deleted_instance_actions): 200 GET http://10.180.1.21/compute/v2.1/servers/9b486e6a-caa0-4243-a956-5d93e21d86ba 3.935s
2024-12-10 20:40:40.611 65706 INFO tempest.lib.common.rest_client [req-591188fb-497d-4c09-979e-14ad53882c98 req-591188fb-497d-4c09-979e-14ad53882c98 ] Request (ServerDiskConfigTestJSON:test_rebuild_server_with_auto_disk_config): 200 GET http://10.180.1.21/compute/v2.1/servers/43deba17-25a0-48e9-936b-7f2dde4758d8 3.947s
2024-12-10 20:40:40.671 65656 INFO tempest.lib.common.rest_client [req-346e8442-d204-4286-ae60-fa59cf95a359 req-346e8442-d204-4286-ae60-fa59cf95a359 ] Request (SecurityGroupsNegativeTestJSON:tearDownClass): 204 DELETE http://10.180.1.21:9696/networking/v2.0/routers/1de02079-1672-46c2-8783-031cce0654b4 1.576s
2024-12-10 20:40:40.793 65688 INFO tempest.lib.common.rest_client [req-f13e2707-75c4-4a64-9705-e86b73b6b0a1 req-f13e2707-75c4-4a64-9705-e86b73b6b0a1 ] Request (ServerActionsTestOtherA:setUpClass): 201 POST http://10.180.1.21:9696/networking/v2.0/subnets 0.466s
2024-12-10 20:40:40.834 65674 INFO tempest.lib.common.rest_client [req-627c5df7-d1c9-4c9a-987e-7043cb3158bf req-627c5df7-d1c9-4c9a-987e-7043cb3158bf ] Request (QuotasAdminTestJSON:test_get_updated_quotas): 200 GET http://10.180.1.21/compute/v2.1/os-quota-sets/500436f1111c4250a9ce53dd273a447f?user_id=9bf8595a88844a8a972905ef251c77a7 4.022s
2024-12-10 20:40:40.882 65702 INFO tempest.lib.common.rest_client [req-9245c2d9-e399-49b2-9e81-a5ab1349ca6d req-9245c2d9-e399-49b2-9e81-a5ab1349ca6d ] Request (FloatingIPsAssociationNegativeTestJSON:test_associate_ip_to_server_with_floating_ip): 202 POST http://10.180.1.21/compute/v2.1/servers/f6dd62c7-f64c-44ab-bb84-acf65d749940/action 6.018s
2024-12-10 20:40:40.929 65708 INFO tempest.lib.common.rest_client [req-06b5cd71-c7c1-4527-b6d2-ddbc5c69860e req-06b5cd71-c7c1-4527-b6d2-ddbc5c69860e ] Request (ImagesOneServerTestJSON:test_create_delete_image): 200 GET http://10.180.1.21/compute/v2.1/flavors/42 4.007s
2024-12-10 20:40:40.955 65692 INFO tempest.lib.common.rest_client [req-d4187535-0506-4963-b3a2-83483e8b1b8b req-d4187535-0506-4963-b3a2-83483e8b1b8b ] Request (TenantUsagesTestJSON:tearDownClass): 404 GET http://10.180.1.21/compute/v2.1/servers/8be4a564-093a-4b61-8111-54db06bd4dea 3.917s
2024-12-10 20:40:41.087 65656 INFO tempest.lib.common.rest_client [req-72a95fae-7f97-49c6-bb76-ac295d30498e req-72a95fae-7f97-49c6-bb76-ac295d30498e ] Request (SecurityGroupsNegativeTestJSON:tearDownClass): 204 DELETE http://10.180.1.21:9696/networking/v2.0/subnets/d9fc6a44-bb4a-4b59-a228-002b055688c0 0.415s
2024-12-10 20:40:41.099 65674 INFO tempest.lib.common.rest_client [req-61d31eb2-79c0-4070-bc5f-17fb02900db1 req-61d31eb2-79c0-4070-bc5f-17fb02900db1 ] Request (QuotasAdminTestJSON:_run_cleanups): 204 DELETE http://10.180.1.21/identity/v3/users/9bf8595a88844a8a972905ef251c77a7 0.263s
2024-12-10 20:40:41.099 65692 INFO tempest.lib.common.rest_client [req-4645e166-efc6-4363-9b90-abd71f4eef0d req-4645e166-efc6-4363-9b90-abd71f4eef0d ] Request (TenantUsagesTestJSON:tearDownClass): 204 DELETE http://10.180.1.21/identity/v3/users/979c73f876ed43d5adf38ccfc1891359 0.143s
2024-12-10 20:40:41.195 65672 INFO tempest.lib.common.rest_client [req-4e803595-15c7-417e-9904-43d0a7bbfaea req-4e803595-15c7-417e-9904-43d0a7bbfaea ] Request (FloatingIPDetailsNegativeTestJSON:tearDownClass): 204 DELETE http://10.180.1.21:9696/networking/v2.0/routers/7ac780a2-d80a-4bae-ae7d-f71a2ffcf16c 0.808s
2024-12-10 20:40:41.266 65674 INFO tempest.lib.common.rest_client [req-033e32d8-a660-45af-9555-a283e23a9506 req-033e32d8-a660-45af-9555-a283e23a9506 ] Request (QuotasAdminTestJSON:_run_cleanups): 204 DELETE http://10.180.1.21/identity/v3/projects/500436f1111c4250a9ce53dd273a447f 0.167s
2024-12-10 20:40:41.276 65658 INFO tempest.lib.common.rest_client [req-e1dde426-f2ae-4a9f-b271-451f4e1ef6d0 req-e1dde426-f2ae-4a9f-b271-451f4e1ef6d0 ] Request (MigrationsAdminTest:test_list_migrations_in_flavor_resize_situation): 200 GET http://10.180.1.21/compute/v2.1/servers/1b474473-e1cd-4a71-be47-f9e54d37a059 4.442s
2024-12-10 20:40:41.428 65676 INFO tempest.lib.common.rest_client [req-1e0de618-5dc9-439d-b0c8-13403a329315 req-1e0de618-5dc9-439d-b0c8-13403a329315 ] Request (ServerDiagnosticsV248Test:tearDownClass): 200 GET http://10.180.1.21/compute/v2.1/servers/e31e8ed5-e3cd-4de7-8672-0540697da421 4.220s
2024-12-10 20:40:41.492 65672 INFO tempest.lib.common.rest_client [req-260ecc94-8a99-4105-baee-98013abbbc08 req-260ecc94-8a99-4105-baee-98013abbbc08 ] Request (FloatingIPDetailsNegativeTestJSON:tearDownClass): 204 DELETE http://10.180.1.21:9696/networking/v2.0/subnets/95b38726-8b2e-4cf1-bac8-df97a7f5aa14 0.296s
2024-12-10 20:40:41.511 65713 INFO tempest.lib.common.rest_client [req-cb04bf36-1cfa-4e10-8a53-4f5624d54e9a req-cb04bf36-1cfa-4e10-8a53-4f5624d54e9a ] Request (ServerActionsTestOtherB:setUpClass): 200 GET http://10.180.1.21/compute/v2.1/servers/29babd74-293a-4d57-9e2a-b25181e507b7 4.295s
2024-12-10 20:40:41.521 65692 INFO tempest.lib.common.rest_client [req-69e42926-10c2-4ac5-b87d-1e961645478d req-69e42926-10c2-4ac5-b87d-1e961645478d ] Request (TenantUsagesTestJSON:tearDownClass): 204 DELETE http://10.180.1.21/identity/v3/users/10137d441b554147a9efcdfb10d898aa 0.421s
2024-12-10 20:40:41.521 65692 INFO tempest.lib.common.dynamic_creds [-] Deleting project and security group for project: ea00f5e8b8d34559bdc955ec60d9eaba
2024-12-10 20:40:41.531 65668 INFO tempest.lib.common.rest_client [req-549bcc61-e950-40bb-88f5-6c367b232007 req-549bcc61-e950-40bb-88f5-6c367b232007 ] Request (KeyPairsV22TestJSON:_run_cleanups): 204 DELETE http://10.180.1.21/compute/v2.1/os-keypairs/tempest-keypair-1144750259 4.303s
2024-12-10 20:40:41.641 65684 INFO tempest.lib.common.rest_client [req-0c5d5669-3d47-4feb-99b6-197168b4c83f req-0c5d5669-3d47-4feb-99b6-197168b4c83f ] Request (VolumesAdminNegativeTest:test_update_attached_volume_with_nonexistent_volume_in_body): 200 GET http://10.180.1.21/compute/v2.1/servers/5faab3b6-199c-4f0c-9b77-300c543f012b 4.272s
2024-12-10 20:40:41.653 65692 INFO tempest.lib.common.rest_client [req-f7dc740b-aa9b-49dc-9575-f7fad56df2c4 req-f7dc740b-aa9b-49dc-9575-f7fad56df2c4 ] Request (TenantUsagesTestJSON:tearDownClass): 201 POST http://10.180.1.21/identity/v3/auth/tokens 0.132s
2024-12-10 20:40:41.712 65656 INFO tempest.lib.common.rest_client [req-7f48e5ab-f428-4be2-8367-013bd2fef596 req-7f48e5ab-f428-4be2-8367-013bd2fef596 ] Request (SecurityGroupsNegativeTestJSON:tearDownClass): 204 DELETE http://10.180.1.21:9696/networking/v2.0/networks/50ff876b-7a59-41fa-99b5-c5ca945c2d2e 0.624s
2024-12-10 20:40:41.756 65682 INFO tempest.lib.common.rest_client [req-44c26347-c331-4dbd-a56b-fda760b3dd20 req-44c26347-c331-4dbd-a56b-fda760b3dd20 ] Request (ServerDiagnosticsNegativeTest:test_get_server_diagnostics_by_non_admin): 200 GET http://10.180.1.21/compute/v2.1/servers/307db39f-278d-4033-a1f5-47db8efb85d3 4.383s
2024-12-10 20:40:41.767 65682 INFO tempest.common.waiters [-] State transition "BUILD/scheduling" ==> "BUILD/None" after 15 second wait
2024-12-10 20:40:41.833 65692 INFO tempest.lib.common.rest_client [req-b9baeeb6-5868-479c-bac2-cf7d9db01319 req-b9baeeb6-5868-479c-bac2-cf7d9db01319 ] Request (TenantUsagesTestJSON:tearDownClass): 200 GET http://10.180.1.21:9696/networking/v2.0/security-groups?tenant_id=ea00f5e8b8d34559bdc955ec60d9eaba&name=default 0.180s
2024-12-10 20:40:41.846 65672 INFO tempest.lib.common.rest_client [req-020c5c5b-e1ac-4ec6-a8f9-d0f9d748381f req-020c5c5b-e1ac-4ec6-a8f9-d0f9d748381f ] Request (FloatingIPDetailsNegativeTestJSON:tearDownClass): 204 DELETE http://10.180.1.21:9696/networking/v2.0/networks/1b4697e9-8657-474e-add5-f8ca11a16ef5 0.353s
2024-12-10 20:40:41.980 65696 INFO tempest.lib.common.rest_client [req-8abb6e64-edc6-42a8-8273-4795e8000748 req-8abb6e64-edc6-42a8-8273-4795e8000748 ] Request (ServersAdmin275Test:tearDownClass): 200 GET http://10.180.1.21/compute/v2.1/servers/18b25250-cc54-44ce-805b-04736141debc 4.502s
2024-12-10 20:40:42.069 65692 INFO tempest.lib.common.rest_client [req-82202ebd-6548-4ce7-a074-d3ac7373c694 req-82202ebd-6548-4ce7-a074-d3ac7373c694 ] Request (TenantUsagesTestJSON:tearDownClass): 204 DELETE http://10.180.1.21:9696/networking/v2.0/security-groups/4dd9231c-a2b0-4710-961a-4329815aa785 0.235s
2024-12-10 20:40:42.116 65656 INFO tempest.lib.common.rest_client [req-22811ab5-9e22-453e-8538-93056dc84566 req-22811ab5-9e22-453e-8538-93056dc84566 ] Request (SecurityGroupsNegativeTestJSON:tearDownClass): 204 DELETE http://10.180.1.21/identity/v3/users/ee679af189b9470c8f1bd088c0fb2166 0.401s
2024-12-10 20:40:42.116 65656 INFO tempest.lib.common.dynamic_creds [-] Deleting project and security group for project: 05c5a1365a7a4d4a9b4bcaf92a3111fc
2024-12-10 20:40:42.154 65716 INFO tempest.lib.common.rest_client [req-0c13deda-a8a2-45dd-98ba-e1284c15cbad req-0c13deda-a8a2-45dd-98ba-e1284c15cbad ] Request (ServerRescueTestJSONUnderV235:setUpClass): 202 POST http://10.180.1.21/compute/v2.1/servers 4.988s
2024-12-10 20:40:42.183 65672 INFO tempest.lib.common.rest_client [req-514381ff-8334-4a8b-b890-18e546183ae2 req-514381ff-8334-4a8b-b890-18e546183ae2 ] Request (FloatingIPDetailsNegativeTestJSON:tearDownClass): 204 DELETE http://10.180.1.21/identity/v3/users/dc848f78651e42e09d1c19181f2e7a33 0.337s
2024-12-10 20:40:42.183 65672 INFO tempest.lib.common.dynamic_creds [-] Deleting project and security group for project: 44e75e1214e048ad8fb41fc64ec840e5
2024-12-10 20:40:42.195 65656 INFO tempest.lib.common.rest_client [req-25fc2628-ee0a-4382-a606-c4007dd0391f req-25fc2628-ee0a-4382-a606-c4007dd0391f ] Request (SecurityGroupsNegativeTestJSON:tearDownClass): 200 GET http://10.180.1.21:9696/networking/v2.0/security-groups?tenant_id=05c5a1365a7a4d4a9b4bcaf92a3111fc&name=default 0.078s
2024-12-10 20:40:42.242 65672 INFO tempest.lib.common.rest_client [req-e90d6cd6-8fe8-44d9-b73e-12a1b3e9ab17 req-e90d6cd6-8fe8-44d9-b73e-12a1b3e9ab17 ] Request (FloatingIPDetailsNegativeTestJSON:tearDownClass): 200 GET http://10.180.1.21:9696/networking/v2.0/security-groups?tenant_id=44e75e1214e048ad8fb41fc64ec840e5&name=default 0.058s
2024-12-10 20:40:42.346 65690 INFO tempest.lib.common.rest_client [req-63ac0a5c-fd17-4bd0-aab9-8f7feac702f2 req-63ac0a5c-fd17-4bd0-aab9-8f7feac702f2 ] Request (ServersAdminNegativeTestJSON:setUpClass): 200 GET http://10.180.1.21/compute/v2.1/servers/6f2ae7c7-730a-4d3d-8c93-71882eb41b8e 4.256s
2024-12-10 20:40:42.349 65692 INFO tempest.lib.common.rest_client [req-ca369939-5a43-433c-affd-0a2bcd76cddb req-ca369939-5a43-433c-affd-0a2bcd76cddb ] Request (TenantUsagesTestJSON:tearDownClass): 204 DELETE http://10.180.1.21/identity/v3/projects/ea00f5e8b8d34559bdc955ec60d9eaba 0.280s
2024-12-10 20:40:42.350 65692 INFO tempest.lib.common.dynamic_creds [-] Deleting project and security group for project: feaf357f6a80403c9b2bba8c26fee668
2024-12-10 20:40:42.448 65656 INFO tempest.lib.common.rest_client [req-995f0054-220b-47c9-a3f9-c8e8065b5cad req-995f0054-220b-47c9-a3f9-c8e8065b5cad ] Request (SecurityGroupsNegativeTestJSON:tearDownClass): 204 DELETE http://10.180.1.21:9696/networking/v2.0/security-groups/b3eaf039-3696-4066-831b-bdcea444f394 0.252s
2024-12-10 20:40:42.452 65672 INFO tempest.lib.common.rest_client [req-d89da4eb-c796-4e15-bf53-09c03cff4d10 req-d89da4eb-c796-4e15-bf53-09c03cff4d10 ] Request (FloatingIPDetailsNegativeTestJSON:tearDownClass): 204 DELETE http://10.180.1.21:9696/networking/v2.0/security-groups/c43467fd-70e7-4372-84bd-69fe77ef7df0 0.209s
2024-12-10 20:40:42.456 65700 WARNING tempest.lib.common.ssh [-] Failed to establish authenticated ssh connection to cirros@10.180.180.207 ([Errno None] Unable to connect to port 22 on 10.180.180.207). Number attempts: 4. Retry after 5 seconds.: paramiko.ssh_exception.NoValidConnectionsError: [Errno None] Unable to connect to port 22 on 10.180.180.207
2024-12-10 20:40:42.496 65692 INFO tempest.lib.common.rest_client [req-385ed657-6c2e-4196-8067-36810c5b0d28 req-385ed657-6c2e-4196-8067-36810c5b0d28 ] Request (TenantUsagesTestJSON:tearDownClass): 200 GET http://10.180.1.21:9696/networking/v2.0/security-groups?tenant_id=feaf357f6a80403c9b2bba8c26fee668&name=default 0.146s
2024-12-10 20:40:42.597 65692 INFO tempest.lib.common.rest_client [req-75996036-c19a-4230-aff6-173e6738ffdf req-75996036-c19a-4230-aff6-173e6738ffdf ] Request (TenantUsagesTestJSON:tearDownClass): 204 DELETE http://10.180.1.21:9696/networking/v2.0/security-groups/de40b707-b1ed-4c95-b356-8248df475a08 0.100s
2024-12-10 20:40:42.608 65656 INFO tempest.lib.common.rest_client [req-68507892-5709-4258-94f1-a30863e43188 req-68507892-5709-4258-94f1-a30863e43188 ] Request (SecurityGroupsNegativeTestJSON:tearDownClass): 204 DELETE http://10.180.1.21/identity/v3/projects/05c5a1365a7a4d4a9b4bcaf92a3111fc 0.160s
2024-12-10 20:40:42.609 65656 INFO tempest.test [-] raised in ServerPersonalityTestJSON.setUpClass. Invoking tearDownClass.
2024-12-10 20:40:42.670 65672 INFO tempest.lib.common.rest_client [req-2c2133e2-ea99-47a5-a81a-7e3fdae06d8f req-2c2133e2-ea99-47a5-a81a-7e3fdae06d8f ] Request (FloatingIPDetailsNegativeTestJSON:tearDownClass): 204 DELETE http://10.180.1.21/identity/v3/projects/44e75e1214e048ad8fb41fc64ec840e5 0.218s
2024-12-10 20:40:42.745 65672 INFO tempest.lib.common.rest_client [req-285f0179-229e-4c72-b0ac-09962c808eef req-285f0179-229e-4c72-b0ac-09962c808eef ] Request (ServerAddressesTestJSON:setUpClass): 201 POST http://10.180.1.21/identity/v3/auth/tokens 0.073s
2024-12-10 20:40:42.774 65672 INFO tempest.lib.common.rest_client [req-7a753b03-42ec-4bcc-a2bb-e94ac24f2a7f req-7a753b03-42ec-4bcc-a2bb-e94ac24f2a7f ] Request (ServerAddressesTestJSON:setUpClass): 201 POST http://10.180.1.21/identity/v3/auth/tokens 0.025s
2024-12-10 20:40:42.812 65704 INFO tempest.lib.common.rest_client [req-3c518b9c-a73e-4c22-a18e-68928c75a8ee req-3c518b9c-a73e-4c22-a18e-68928c75a8ee ] Request (ServerMetadataTestJSON:setUpClass): 200 GET http://10.180.1.21/compute/v2.1/servers/ae8bc00e-8461-4cb4-ae6a-e2a8aced1ede 4.596s
2024-12-10 20:40:42.819 65704 INFO tempest.common.waiters [-] State transition "BUILD/spawning" ==> "ACTIVE/None" after 35 second wait
2024-12-10 20:40:42.827 65672 INFO tempest.lib.common.rest_client [req-cf161989-d60b-45f0-bc7f-53fed7ad7f86 req-cf161989-d60b-45f0-bc7f-53fed7ad7f86 ] Request (ServerAddressesTestJSON:setUpClass): 200 GET http://10.180.1.21/identity/v3/domains?name=Default 0.053s
2024-12-10 20:40:42.832 65692 INFO tempest.lib.common.rest_client [req-5dbe1306-1781-4c9b-897c-348e85b88114 req-5dbe1306-1781-4c9b-897c-348e85b88114 ] Request (TenantUsagesTestJSON:tearDownClass): 204 DELETE http://10.180.1.21/identity/v3/projects/feaf357f6a80403c9b2bba8c26fee668 0.235s
2024-12-10 20:40:42.879 65692 INFO tempest.lib.common.rest_client [req-869cb585-6532-4c94-a5a6-cf2d6a989ab9 req-869cb585-6532-4c94-a5a6-cf2d6a989ab9 ] Request (ImagesNegativeTestJSON:setUpClass): 201 POST http://10.180.1.21/identity/v3/auth/tokens 0.046s
2024-12-10 20:40:42.895 65672 INFO tempest.lib.common.rest_client [req-89e945cc-8eab-41da-86f1-6a9751cfbe66 req-89e945cc-8eab-41da-86f1-6a9751cfbe66 ] Request (ServerAddressesTestJSON:setUpClass): 201 POST http://10.180.1.21/identity/v3/projects 0.068s
2024-12-10 20:40:42.990 65692 INFO tempest.lib.common.rest_client [req-2272e68c-9dac-4fb9-a234-816a464dcb3b req-2272e68c-9dac-4fb9-a234-816a464dcb3b ] Request (ImagesNegativeTestJSON:setUpClass): 201 POST http://10.180.1.21/identity/v3/auth/tokens 0.109s
2024-12-10 20:40:43.011 65672 INFO tempest.lib.common.rest_client [req-ce727c74-af0e-4b46-bbba-cc7c8248f1f8 req-ce727c74-af0e-4b46-bbba-cc7c8248f1f8 ] Request (ServerAddressesTestJSON:setUpClass): 201 POST http://10.180.1.21/identity/v3/users 0.114s
2024-12-10 20:40:43.018 65692 INFO tempest.lib.common.rest_client [req-6ea9c52f-b147-4c2d-920f-5454968eaa96 req-6ea9c52f-b147-4c2d-920f-5454968eaa96 ] Request (ImagesNegativeTestJSON:setUpClass): 200 GET http://10.180.1.21/identity/v3/domains?name=Default 0.028s
2024-12-10 20:40:43.031 65672 INFO tempest.lib.common.rest_client [req-74020ea2-922d-4440-ba92-8567eb70d48c req-74020ea2-922d-4440-ba92-8567eb70d48c ] Request (ServerAddressesTestJSON:setUpClass): 200 GET http://10.180.1.21/identity/v3/roles 0.020s
2024-12-10 20:40:43.098 65672 INFO tempest.lib.common.rest_client [req-f7c59323-8df3-471b-9150-0db8880702e6 req-f7c59323-8df3-471b-9150-0db8880702e6 ] Request (ServerAddressesTestJSON:setUpClass): 204 PUT http://10.180.1.21/identity/v3/projects/141222aafe34454d94280d3e2d27b2eb/users/0cf050123a924eec8b498cf84d432675/roles/ee79e681965043e5b3d22425c6f65fd1 0.066s
2024-12-10 20:40:43.098 65672 INFO tempest.lib.common.dynamic_creds [-] Dynamic test user 0cf050123a924eec8b498cf84d432675 is created with scope project and roles: ['member']
2024-12-10 20:40:43.098 65672 INFO tempest.lib.common.dynamic_creds [-] Acquired dynamic creds: credentials: Credentials: {'domain_id': 'default', 'domain_name': 'Default', 'username': 'tempest-ServerAddressesTestJSON-1086460821-project-member', 'project_domain_id': 'default', 'project_domain_name': 'Default', 'project_id': '141222aafe34454d94280d3e2d27b2eb', 'project_name': 'tempest-ServerAddressesTestJSON-1086460821', 'tenant_id': '141222aafe34454d94280d3e2d27b2eb', 'tenant_name': 'tempest-ServerAddressesTestJSON-1086460821', 'user_domain_id': 'default', 'user_domain_name': 'Default', 'user_id': '0cf050123a924eec8b498cf84d432675', 'system': None}, Network: None, Subnet: None, Router: None
2024-12-10 20:40:43.099 65692 INFO tempest.lib.common.rest_client [req-9d50f3d3-f496-4a19-b92f-67564fcf1377 req-9d50f3d3-f496-4a19-b92f-67564fcf1377 ] Request (ImagesNegativeTestJSON:setUpClass): 201 POST http://10.180.1.21/identity/v3/projects 0.078s
2024-12-10 20:40:43.112 65660 INFO tempest.lib.common.rest_client [req-11ba015c-5da5-4180-95d5-5205a1e4b6be req-11ba015c-5da5-4180-95d5-5205a1e4b6be ] Request (ServerExternalEventsTest:test_create_server_external_events): 202 POST http://10.180.1.21/compute/v2.1/servers 4.675s
2024-12-10 20:40:43.162 65679 INFO tempest.lib.common.rest_client [req-b0c04866-0fc7-4ae1-8fe3-611396a21e28 req-b0c04866-0fc7-4ae1-8fe3-611396a21e28 ] Request (AggregatesAdminNegativeTestJSON:test_aggregate_remove_nonexistent_host): 404 POST http://10.180.1.21/compute/v2.1/os-aggregates/8/action 4.593s
2024-12-10 20:40:43.222 65672 INFO tempest.lib.common.rest_client [req-5e948bf5-6019-4c27-8c92-7428820174c1 req-5e948bf5-6019-4c27-8c92-7428820174c1 ] Request (ServerAddressesTestJSON:setUpClass): 201 POST http://10.180.1.21/identity/v3/auth/tokens 0.123s
2024-12-10 20:40:43.231 65692 INFO tempest.lib.common.rest_client [req-6e24328a-0cd3-4b87-bf94-829756115863 req-6e24328a-0cd3-4b87-bf94-829756115863 ] Request (ImagesNegativeTestJSON:setUpClass): 201 POST http://10.180.1.21/identity/v3/users 0.132s
2024-12-10 20:40:43.271 65692 INFO tempest.lib.common.rest_client [req-c9906425-b641-4f27-bfb9-fa429b30b32b req-c9906425-b641-4f27-bfb9-fa429b30b32b ] Request (ImagesNegativeTestJSON:setUpClass): 200 GET http://10.180.1.21/identity/v3/roles 0.039s
2024-12-10 20:40:43.298 65688 INFO tempest.lib.common.rest_client [req-1aced1ce-0e19-4b7f-81f5-a0891b4374a6 req-1aced1ce-0e19-4b7f-81f5-a0891b4374a6 ] Request (ServerActionsTestOtherA:setUpClass): 201 POST http://10.180.1.21:9696/networking/v2.0/routers 2.504s
2024-12-10 20:40:43.314 65692 INFO tempest.lib.common.rest_client [req-6a715164-2d94-4049-b373-135580748a29 req-6a715164-2d94-4049-b373-135580748a29 ] Request (ImagesNegativeTestJSON:setUpClass): 204 PUT http://10.180.1.21/identity/v3/projects/9c55ce0a23b9422ab4992a0f5c4d5cbc/users/3245a45a95cf4fc98c39e5f743f0034d/roles/ee79e681965043e5b3d22425c6f65fd1 0.043s
2024-12-10 20:40:43.314 65692 INFO tempest.lib.common.dynamic_creds [-] Dynamic test user 3245a45a95cf4fc98c39e5f743f0034d is created with scope project and roles: ['member']
2024-12-10 20:40:43.314 65692 INFO tempest.lib.common.dynamic_creds [-] Acquired dynamic creds: credentials: Credentials: {'domain_id': 'default', 'domain_name': 'Default', 'username': 'tempest-ImagesNegativeTestJSON-1191507942-project-member', 'project_domain_id': 'default', 'project_domain_name': 'Default', 'project_id': '9c55ce0a23b9422ab4992a0f5c4d5cbc', 'project_name': 'tempest-ImagesNegativeTestJSON-1191507942', 'tenant_id': '9c55ce0a23b9422ab4992a0f5c4d5cbc', 'tenant_name': 'tempest-ImagesNegativeTestJSON-1191507942', 'user_domain_id': 'default', 'user_domain_name': 'Default', 'user_id': '3245a45a95cf4fc98c39e5f743f0034d', 'system': None}, Network: None, Subnet: None, Router: None
2024-12-10 20:40:43.376 65692 INFO tempest.lib.common.rest_client [req-b123e5e7-5278-4e3e-9f90-2bc67806b251 req-b123e5e7-5278-4e3e-9f90-2bc67806b251 ] Request (ImagesNegativeTestJSON:setUpClass): 201 POST http://10.180.1.21/identity/v3/auth/tokens 0.062s
2024-12-10 20:40:43.492 65710 INFO tempest.lib.common.rest_client [req-763436f0-c2ac-4268-8e93-59e81aa8b2a0 req-763436f0-c2ac-4268-8e93-59e81aa8b2a0 ] Request (VolumesAssistedSnapshotsTest:test_volume_assisted_snapshot_create_delete): 200 GET http://10.180.1.21/compute/v2.1/servers/ba09256d-b67b-4793-8c98-e0873d510df2 3.323s
2024-12-10 20:40:43.501 65710 INFO tempest.common.waiters [-] State transition "BUILD/spawning" ==> "ACTIVE/None" after 35 second wait
2024-12-10 20:40:43.550 65686 INFO tempest.lib.common.rest_client [req-613550f8-acba-4034-b4e0-060b4fb5d748 req-613550f8-acba-4034-b4e0-060b4fb5d748 ] Request (ListServerFiltersTestJSON:test_list_servers_detailed_filter_by_server_name): 200 GET http://10.180.1.21/compute/v2.1/servers/detail?name=tempest-ListServerFiltersTestJSON-instance-644428813 5.035s
2024-12-10 20:40:43.723 65692 INFO tempest.lib.common.rest_client [req-4bf5e6d7-b310-471b-a9d2-f9e7e7b41fe2 req-4bf5e6d7-b310-471b-a9d2-f9e7e7b41fe2 ] Request (ImagesNegativeTestJSON:setUpClass): 201 POST http://10.180.1.21:9696/networking/v2.0/networks 0.346s
2024-12-10 20:40:44.205 65692 INFO tempest.lib.common.rest_client [req-9e55d08d-1c31-42c7-9e31-12fcd6337225 req-9e55d08d-1c31-42c7-9e31-12fcd6337225 ] Request (ImagesNegativeTestJSON:setUpClass): 201 POST http://10.180.1.21:9696/networking/v2.0/subnets 0.482s
2024-12-10 20:40:44.471 65672 INFO tempest.lib.common.rest_client [req-e4380137-6227-4e36-85f3-6287d26c110b req-e4380137-6227-4e36-85f3-6287d26c110b ] Request (ServerAddressesTestJSON:setUpClass): 201 POST http://10.180.1.21:9696/networking/v2.0/networks 1.249s
2024-12-10 20:40:44.631 65666 INFO tempest.lib.common.rest_client [req-ff4b1ec2-d6ba-4481-85b8-6544d81989da req-ff4b1ec2-d6ba-4481-85b8-6544d81989da ] Request (AttachInterfacesV270Test:test_create_get_list_interfaces): 202 POST http://10.180.1.21/compute/v2.1/servers 4.165s
2024-12-10 20:40:44.745 65672 INFO tempest.lib.common.rest_client [req-e64c628a-3184-4b2f-8968-d16d580278f3 req-e64c628a-3184-4b2f-8968-d16d580278f3 ] Request (ServerAddressesTestJSON:setUpClass): 201 POST http://10.180.1.21:9696/networking/v2.0/subnets 0.273s
2024-12-10 20:40:44.950 65714 INFO tempest.lib.common.rest_client [req-38456b72-e451-4193-8403-16edd81b963c req-38456b72-e451-4193-8403-16edd81b963c ] Request (ServersTestJSON:setUpClass): 200 GET http://10.180.1.21/compute/v2.1/servers/403eab33-2ad0-4f65-8461-247418146362 4.045s
2024-12-10 20:40:44.958 65714 INFO tempest.common.waiters [-] State transition "BUILD/block_device_mapping" ==> "BUILD/spawning" after 30 second wait
2024-12-10 20:40:45.166 65708 INFO tempest.lib.common.rest_client [req-49b998de-0185-4c55-8680-1c434c70f2f9 req-49b998de-0185-4c55-8680-1c434c70f2f9 ] Request (ImagesOneServerTestJSON:test_create_delete_image): 204 DELETE http://10.180.1.21/compute/v2.1/images/1208fb5e-ab91-4ba9-8796-0d654d23d6e8 4.234s
2024-12-10 20:40:45.306 65702 INFO tempest.lib.common.rest_client [req-80f747d0-f781-48e7-8dff-b7d89510a83d req-80f747d0-f781-48e7-8dff-b7d89510a83d ] Request (FloatingIPsAssociationNegativeTestJSON:test_associate_ip_to_server_with_floating_ip): 200 POST http://10.180.1.21/compute/v2.1/os-floating-ips 4.424s
2024-12-10 20:40:45.447 65674 INFO tempest.lib.common.rest_client [req-9fe0f7f5-2a68-4572-9686-c811a3939353 req-9fe0f7f5-2a68-4572-9686-c811a3939353 ] Request (QuotasAdminTestJSON:test_update_all_quota_resources_for_tenant): 200 GET http://10.180.1.21/compute/v2.1/os-quota-sets/1bf8d72221f949369283f868a767ab9f/defaults 4.179s
2024-12-10 20:40:45.496 65670 INFO tempest.lib.common.rest_client [req-2ad8b5b2-5f5e-43d3-8b58-ea18bb84b75a req-2ad8b5b2-5f5e-43d3-8b58-ea18bb84b75a ] Request (ServersWithSpecificFlavorTestJSON:test_verify_created_server_ephemeral_disk): 200 GET http://10.180.1.21/compute/v2.1/servers/bf4ce20f-179a-490e-8332-44a77e0880d9 4.263s
2024-12-10 20:40:45.545 65664 INFO tempest.lib.common.rest_client [req-9da18767-be4e-4234-869c-5dd4d6e3b1ff req-9da18767-be4e-4234-869c-5dd4d6e3b1ff ] Request (ImagesOneServerNegativeTestJSON:setUpClass): 200 GET http://10.180.1.21/compute/v2.1/servers/d5b886d2-8290-4352-a05e-d871cc5162a5 4.220s
2024-12-10 20:40:45.571 65662 INFO tempest.lib.common.rest_client [req-4f2b6a34-177c-46d9-a89d-3776f295b96c req-4f2b6a34-177c-46d9-a89d-3776f295b96c ] Request (DeleteServersAdminTestJSON:test_delete_server_while_in_error_state): 200 GET http://10.180.1.21/compute/v2.1/servers/2aa3c355-0fa5-4e5b-a322-b727ee76cce5 4.160s
2024-12-10 20:40:45.599 65692 INFO tempest.lib.common.rest_client [req-4b944039-4cc2-47df-a9d7-9fe4757e2b9e req-4b944039-4cc2-47df-a9d7-9fe4757e2b9e ] Request (ImagesNegativeTestJSON:setUpClass): 201 POST http://10.180.1.21:9696/networking/v2.0/routers 1.392s
2024-12-10 20:40:45.688 65680 INFO tempest.lib.common.rest_client [req-d8c48661-4eb0-4d29-916f-e6e3e3e8c441 req-d8c48661-4eb0-4d29-916f-e6e3e3e8c441 ] Request (InstanceActionsV221TestJSON:test_get_list_deleted_instance_actions): 200 GET http://10.180.1.21/compute/v2.1/servers/9b486e6a-caa0-4243-a956-5d93e21d86ba 4.150s
2024-12-10 20:40:45.702 65688 INFO tempest.lib.common.rest_client [req-1f72a865-9294-4316-9529-99cfb1d69ede req-1f72a865-9294-4316-9529-99cfb1d69ede ] Request (ServerActionsTestOtherA:setUpClass): 200 PUT http://10.180.1.21:9696/networking/v2.0/routers/19db2d62-a83e-41d7-bd02-b869fa72f775/add_router_interface 2.403s
2024-12-10 20:40:45.702 65688 INFO tempest.lib.common.dynamic_creds [-] Created isolated network resources for: credentials: Credentials: {'domain_id': 'default', 'domain_name': 'Default', 'username': 'tempest-ServerActionsTestOtherA-1300099735-project-member', 'project_domain_id': 'default', 'project_domain_name': 'Default', 'project_id': '1f9bc89334404ba7abc7badaba7b2488', 'project_name': 'tempest-ServerActionsTestOtherA-1300099735', 'tenant_id': '1f9bc89334404ba7abc7badaba7b2488', 'tenant_name': 'tempest-ServerActionsTestOtherA-1300099735', 'user_domain_id': 'default', 'user_domain_name': 'Default', 'user_id': '72cee2cf02364120ab35e380fe11a52d', 'system': None}, Network: {'id': '018eccb6-3a61-4913-a4ba-7a296c026c4e', 'name': 'tempest-ServerActionsTestOtherA-190431586-network', 'tenant_id': '1f9bc89334404ba7abc7badaba7b2488', 'admin_state_up': True, 'mtu': 8950, 'status': 'ACTIVE', 'subnets': [], 'shared': False, 'project_id': '1f9bc89334404ba7abc7badaba7b2488', 'port_security_enabled': True, 'router:external': False, 'provider:network_type': 'vlan', 'provider:physical_network': 'default', 'provider:segmentation_id': 868, 'availability_zone_hints': [], 'availability_zones': [], 'ipv4_address_scope': None, 'ipv6_address_scope': None, 'description': '', 'tags': [], 'created_at': '2024-12-10T20:40:39Z', 'updated_at': '2024-12-10T20:40:40Z', 'revision_number': 1}, Subnet: {'id': '5cd0210f-4de6-4907-8355-c1768f15702a', 'name': 'tempest-ServerActionsTestOtherA-190431586-subnet', 'tenant_id': '1f9bc89334404ba7abc7badaba7b2488', 'network_id': '018eccb6-3a61-4913-a4ba-7a296c026c4e', 'ip_version': 4, 'subnetpool_id': None, 'enable_dhcp': True, 'ipv6_ra_mode': None, 'ipv6_address_mode': None, 'gateway_ip': '192.168.128.1', 'cidr': '192.168.128.0/28', 'allocation_pools': [{'start': '192.168.128.2', 'end': '192.168.128.14'}], 'host_routes': [], 'dns_nameservers': [], 'description': '', 'router:external': False, 'service_types': [], 'tags': [], 'created_at': '2024-12-10T20:40:40Z', 'updated_at': '2024-12-10T20:40:40Z', 'revision_number': 0, 'project_id': '1f9bc89334404ba7abc7badaba7b2488'}, Router: {'id': '19db2d62-a83e-41d7-bd02-b869fa72f775', 'name': 'tempest-ServerActionsTestOtherA-190431586-router', 'tenant_id': '1f9bc89334404ba7abc7badaba7b2488', 'admin_state_up': True, 'status': 'ACTIVE', 'external_gateway_info': {'network_id': 'cf86652b-ffac-4a91-bc63-eeedd5885525', 'external_fixed_ips': [{'subnet_id': 'ad1fd691-ff63-4283-a4c1-ff2c4d757087', 'ip_address': '10.180.180.133'}], 'enable_snat': True}, 'description': '', 'availability_zones': [], 'distributed': False, 'ha': False, 'availability_zone_hints': [], 'routes': [], 'flavor_id': None, 'tags': [], 'created_at': '2024-12-10T20:40:40Z', 'updated_at': '2024-12-10T20:40:41Z', 'revision_number': 2, 'project_id': '1f9bc89334404ba7abc7badaba7b2488'}
2024-12-10 20:40:45.813 65688 INFO tempest.lib.common.rest_client [req-40abed66-1225-4de7-9e44-3af06315045d req-40abed66-1225-4de7-9e44-3af06315045d ] Request (ServerActionsTestOtherA:setUpClass): 201 POST http://10.180.1.21/identity/v3/auth/tokens 0.107s
2024-12-10 20:40:45.862 65706 INFO tempest.lib.common.rest_client [req-c998e2aa-d0e6-4987-b281-2e5314327b36 req-c998e2aa-d0e6-4987-b281-2e5314327b36 ] Request (ServerDiskConfigTestJSON:test_rebuild_server_with_auto_disk_config): 200 GET http://10.180.1.21/compute/v2.1/servers/43deba17-25a0-48e9-936b-7f2dde4758d8 4.243s
2024-12-10 20:40:45.869 65706 INFO tempest.common.waiters [-] State transition "BUILD/None" ==> "BUILD/spawning" after 28 second wait
2024-12-10 20:40:45.907 65668 INFO tempest.lib.common.rest_client [req-30fa8e1b-5363-4f1d-a904-1ca774a4eb62 req-30fa8e1b-5363-4f1d-a904-1ca774a4eb62 ] Request (KeyPairsV22TestJSON:test_keypairsv22_create_list_show_with_type): 201 POST http://10.180.1.21/compute/v2.1/os-keypairs 4.373s
2024-12-10 20:40:45.938 65716 INFO tempest.lib.common.rest_client [req-e79f63a8-74dd-41ac-8b7d-136a5b00e1f1 req-e79f63a8-74dd-41ac-8b7d-136a5b00e1f1 ] Request (ServerRescueTestJSONUnderV235:setUpClass): 200 GET http://10.180.1.21/compute/v2.1/servers/8585620c-9060-4fac-94d1-321a8ab4fca1 3.782s
2024-12-10 20:40:46.027 65676 INFO tempest.lib.common.rest_client [req-80f4a81d-dcae-41f8-bd5c-3f1e1af97602 req-80f4a81d-dcae-41f8-bd5c-3f1e1af97602 ] Request (ServerDiagnosticsV248Test:tearDownClass): 200 GET http://10.180.1.21/compute/v2.1/servers/e31e8ed5-e3cd-4de7-8672-0540697da421 3.589s
2024-12-10 20:40:46.038 65698 WARNING tempest.lib.common.ssh [-] Failed to establish authenticated ssh connection to cirros@10.180.180.136 ([Errno None] Unable to connect to port 22 on 10.180.180.136). Number attempts: 3. Retry after 4 seconds.: paramiko.ssh_exception.NoValidConnectionsError: [Errno None] Unable to connect to port 22 on 10.180.180.136
2024-12-10 20:40:46.042 65658 INFO tempest.lib.common.rest_client [req-a26c8dfa-b951-47ef-b884-326d8e377808 req-a26c8dfa-b951-47ef-b884-326d8e377808 ] Request (MigrationsAdminTest:test_list_migrations_in_flavor_resize_situation): 200 GET http://10.180.1.21/compute/v2.1/servers/1b474473-e1cd-4a71-be47-f9e54d37a059 3.750s
2024-12-10 20:40:46.098 65713 INFO tempest.lib.common.rest_client [req-e0480e1a-73a1-43a7-b39b-d70995659dd5 req-e0480e1a-73a1-43a7-b39b-d70995659dd5 ] Request (ServerActionsTestOtherB:setUpClass): 200 GET http://10.180.1.21/compute/v2.1/servers/29babd74-293a-4d57-9e2a-b25181e507b7 3.577s
2024-12-10 20:40:46.102 65684 INFO tempest.lib.common.rest_client [req-ece1b8aa-976d-400c-b4b3-1785cc8c5715 req-ece1b8aa-976d-400c-b4b3-1785cc8c5715 ] Request (VolumesAdminNegativeTest:test_update_attached_volume_with_nonexistent_volume_in_body): 200 GET http://10.180.1.21/compute/v2.1/servers/5faab3b6-199c-4f0c-9b77-300c543f012b 3.445s
2024-12-10 20:40:46.174 65704 INFO tempest.lib.common.rest_client [req-18feb01f-530c-4065-a04e-de0e0207ef8e req-18feb01f-530c-4065-a04e-de0e0207ef8e ] Request (ServerMetadataTestJSON:setUp): 200 PUT http://10.180.1.21/compute/v2.1/servers/ae8bc00e-8461-4cb4-ae6a-e2a8aced1ede/metadata 3.355s
2024-12-10 20:40:46.175 65682 INFO tempest.lib.common.rest_client [req-ee5eb249-87ef-4bec-9332-cbaa1fce8436 req-ee5eb249-87ef-4bec-9332-cbaa1fce8436 ] Request (ServerDiagnosticsNegativeTest:test_get_server_diagnostics_by_non_admin): 200 GET http://10.180.1.21/compute/v2.1/servers/307db39f-278d-4033-a1f5-47db8efb85d3 3.407s
2024-12-10 20:40:46.224 65660 INFO tempest.lib.common.rest_client [req-0ad957e3-ea6d-499c-b09d-b8cfc1294e0d req-0ad957e3-ea6d-499c-b09d-b8cfc1294e0d ] Request (ServerExternalEventsTest:test_create_server_external_events): 200 GET http://10.180.1.21/compute/v2.1/servers/598de54d-5837-4c76-a256-90975ab135d7 3.110s
2024-12-10 20:40:46.244 65679 INFO tempest.lib.common.rest_client [req-78666de0-5cfd-43a7-98e6-80b4a4f74ec8 req-78666de0-5cfd-43a7-98e6-80b4a4f74ec8 ] Request (AggregatesAdminNegativeTestJSON:_run_cleanups): 200 DELETE http://10.180.1.21/compute/v2.1/os-aggregates/8 3.082s
2024-12-10 20:40:46.248 65696 INFO tempest.lib.common.rest_client [req-32ee928a-ad70-426a-b06b-a7fdd5ae327c req-32ee928a-ad70-426a-b06b-a7fdd5ae327c ] Request (ServersAdmin275Test:tearDownClass): 200 GET http://10.180.1.21/compute/v2.1/servers/18b25250-cc54-44ce-805b-04736141debc 3.248s
2024-12-10 20:40:46.308 65672 INFO tempest.lib.common.rest_client [req-b36a3d88-ac31-4bae-92a6-493fc274fb71 req-b36a3d88-ac31-4bae-92a6-493fc274fb71 ] Request (ServerAddressesTestJSON:setUpClass): 201 POST http://10.180.1.21:9696/networking/v2.0/routers 1.562s
2024-12-10 20:40:46.352 65679 INFO tempest.lib.common.rest_client [req-d53b0915-6425-4b07-8973-6c5cb49aa491 req-d53b0915-6425-4b07-8973-6c5cb49aa491 ] Request (AggregatesAdminNegativeTestJSON:tearDownClass): 204 DELETE http://10.180.1.21/identity/v3/users/d9957a048af04a0f8076422c71b13de9 0.106s
2024-12-10 20:40:46.393 65710 INFO tempest.lib.common.rest_client [req-cf29d6ea-a0b1-4d00-a9ce-f16742fe4c50 req-cf29d6ea-a0b1-4d00-a9ce-f16742fe4c50 ] Request (VolumesAssistedSnapshotsTest:test_volume_assisted_snapshot_create_delete): 200 GET http://10.180.1.21/compute/v2.1/servers/ba09256d-b67b-4793-8c98-e0873d510df2/os-interface 2.890s
2024-12-10 20:40:46.478 65679 INFO tempest.lib.common.rest_client [req-0207ad3d-e90e-4cae-98f3-a6d53593f90f req-0207ad3d-e90e-4cae-98f3-a6d53593f90f ] Request (AggregatesAdminNegativeTestJSON:tearDownClass): 204 DELETE http://10.180.1.21/identity/v3/users/39e2c3e96d8e49bab8282d1e7ce87eb3 0.126s
2024-12-10 20:40:46.478 65679 INFO tempest.lib.common.dynamic_creds [-] Deleting project and security group for project: 5ca32169b78a49afb3587eb3ab7f6aed
2024-12-10 20:40:46.545 65690 INFO tempest.lib.common.rest_client [req-37ca89e4-f9c9-4cab-8cfc-83a53bd4786f req-37ca89e4-f9c9-4cab-8cfc-83a53bd4786f ] Request (ServersAdminNegativeTestJSON:setUpClass): 200 GET http://10.180.1.21/compute/v2.1/servers/6f2ae7c7-730a-4d3d-8c93-71882eb41b8e 3.192s
