2025-01-13 17:51:52.135 68461 INFO tempest.lib.common.rest_client [req-73539332-5954-4ee0-987e-3a82922af1a5 req-73539332-5954-4ee0-987e-3a82922af1a5 ] Request (ServicesAdminNegativeV253TestJSON:setUpClass): 204 PUT http://10.180.1.21/identity/v3/projects/172f0815f6b742cd956746d3f05a9449/users/5a4779c39f3848b3a72f91bd486a8475/roles/862c93e1db534875a917bd8723610fbf 0.230s
2025-01-13 17:51:52.135 68461 INFO tempest.lib.common.dynamic_creds [-] Dynamic test user 5a4779c39f3848b3a72f91bd486a8475 is created with scope project and roles: ['member']
2025-01-13 17:51:52.136 68461 INFO tempest.lib.common.dynamic_creds [-] Acquired dynamic creds: credentials: Credentials: {'domain_id': 'default', 'domain_name': 'Default', 'username': 'tempest-ServicesAdminNegativeV253TestJSON-2058290411-project-member', 'project_domain_id': 'default', 'project_domain_name': 'Default', 'project_id': '172f0815f6b742cd956746d3f05a9449', 'project_name': 'tempest-ServicesAdminNegativeV253TestJSON-2058290411', 'tenant_id': '172f0815f6b742cd956746d3f05a9449', 'tenant_name': 'tempest-ServicesAdminNegativeV253TestJSON-2058290411', 'user_domain_id': 'default', 'user_domain_name': 'Default', 'user_id': '5a4779c39f3848b3a72f91bd486a8475', 'system': None}, Network: None, Subnet: None, Router: None
2025-01-13 17:51:52.137 68461 INFO tempest.lib.common.dynamic_creds [-] Created isolated network resources for: credentials: Credentials: {'domain_id': 'default', 'domain_name': 'Default', 'username': 'tempest-ServicesAdminNegativeV253TestJSON-2058290411-project-member', 'project_domain_id': 'default', 'project_domain_name': 'Default', 'project_id': '172f0815f6b742cd956746d3f05a9449', 'project_name': 'tempest-ServicesAdminNegativeV253TestJSON-2058290411', 'tenant_id': '172f0815f6b742cd956746d3f05a9449', 'tenant_name': 'tempest-ServicesAdminNegativeV253TestJSON-2058290411', 'user_domain_id': 'default', 'user_domain_name': 'Default', 'user_id': '5a4779c39f3848b3a72f91bd486a8475', 'system': None}, Network: None, Subnet: None, Router: None
2025-01-13 17:51:52.166 68465 INFO tempest.lib.common.rest_client [req-d43329df-608e-4bd7-84f0-1c4626bd7d08 req-d43329df-608e-4bd7-84f0-1c4626bd7d08 ] Request (ServerDiskConfigTestJSON:setUpClass): 201 POST http://10.180.1.21:9696/networking/v2.0/networks 1.180s
2025-01-13 17:51:52.172 68471 INFO tempest.lib.common.rest_client [req-8dbb688c-4d7e-493d-af30-f69812bd0cf7 req-8dbb688c-4d7e-493d-af30-f69812bd0cf7 ] Request (KeyPairsV210TestJSON:test_admin_manage_keypairs_for_other_users): 201 POST http://10.180.1.21/compute/v2.1/os-keypairs 1.190s
2025-01-13 17:51:52.184 68513 INFO tempest.lib.common.rest_client [req-888cdb56-792e-4f42-9f0b-899982d47023 req-888cdb56-792e-4f42-9f0b-899982d47023 ] Request (HypervisorAdminNegativeUnderV252Test:tearDownClass): 201 POST http://10.180.1.21/identity/v3/auth/tokens 0.252s
2025-01-13 17:51:52.184 68479 INFO tempest.lib.common.rest_client [req-40aa836f-2233-461a-8e86-42eb38f115ef req-40aa836f-2233-461a-8e86-42eb38f115ef ] Request (ServersAdminTestJSON:setUpClass): 200 GET http://10.180.1.21/compute/v2.1/servers/4a9088e0-2992-4b18-8be9-6bc70633369b 0.969s
2025-01-13 17:51:52.209 68499 INFO tempest.lib.common.rest_client [req-e5698591-035f-4c52-9b34-3b3234384a0b req-e5698591-035f-4c52-9b34-3b3234384a0b ] Request (FlavorsV261TestJSON:tearDownClass): 201 POST http://10.180.1.21/identity/v3/auth/tokens 0.172s
2025-01-13 17:51:52.210 68503 INFO tempest.lib.common.rest_client [req-ec3626e4-9483-4ba1-a661-009119045429 req-ec3626e4-9483-4ba1-a661-009119045429 ] Request (ServersWithSpecificFlavorTestJSON:test_verify_created_server_ephemeral_disk): 200 GET http://10.180.1.21/compute/v2.1/flavors/42/os-extra_specs 0.837s
2025-01-13 17:51:52.231 68505 INFO tempest.lib.common.rest_client [req-befb5458-b7d1-4995-a298-dceddd132619 req-befb5458-b7d1-4995-a298-dceddd132619 ] Request (FlavorsExtraSpecsTestJSON:test_flavor_set_get_update_show_unset_keys): 200 PUT http://10.180.1.21/compute/v2.1/flavors/1779494617/os-extra_specs/hw:numa_nodes 0.806s
2025-01-13 17:51:52.234 68497 INFO tempest.lib.common.rest_client [req-ab5a63b4-96c1-4d11-81ba-1d30dd22c40e req-ab5a63b4-96c1-4d11-81ba-1d30dd22c40e ] Request (HostsAdminNegativeTestJSON:test_shutdown_nonexistent_host): 404 GET http://10.180.1.21/compute/v2.1/os-hosts/nonexistent_hostname/shutdown 0.800s
2025-01-13 17:51:52.257 68483 INFO tempest.lib.common.rest_client [req-6b91b773-772d-4d70-986a-4c62d150f4b7 req-6b91b773-772d-4d70-986a-4c62d150f4b7 ] Request (FlavorsV255TestJSON:tearDownClass): 204 DELETE http://10.180.1.21/identity/v3/users/f2991c2392c54a7ea6296da3ed3cb0fd 0.226s
2025-01-13 17:51:52.258 68483 INFO tempest.lib.common.dynamic_creds [-] Deleting project and security group for project: b824a43624ae4f989c35cf1e81824d0d
2025-01-13 17:51:52.263 68470 INFO tempest.lib.common.rest_client [req-c96d4072-59c5-4bb4-93c7-738bb1d98cd5 req-c96d4072-59c5-4bb4-93c7-738bb1d98cd5 ] Request (QuotaClassesAdmin257Test:tearDownClass): 204 DELETE http://10.180.1.21:9696/networking/v2.0/security-groups/38c74e71-5e83-4751-89ad-4ba78dd482e0 0.243s
2025-01-13 17:51:52.280 68491 INFO tempest.lib.common.rest_client [req-0d7f8fca-6cee-4434-8217-8c1858ac5f5b req-0d7f8fca-6cee-4434-8217-8c1858ac5f5b ] Request (HostsAdminTestJSON:tearDownClass): 204 DELETE http://10.180.1.21/identity/v3/projects/f050083f28d24837a5fde99160c7b7c5 0.161s
2025-01-13 17:51:52.280 68491 INFO tempest.lib.common.dynamic_creds [-] Deleting project and security group for project: fde713f2db9a427b939aa5936c376654
2025-01-13 17:51:52.286 68489 INFO tempest.lib.common.rest_client [req-97381b79-6427-41db-a9c9-966df4727875 req-97381b79-6427-41db-a9c9-966df4727875 ] Request (VolumesAssistedSnapshotsTest:test_volume_assisted_snapshot_create_delete): 201 POST http://10.180.1.21:9696/networking/v2.0/security-group-rules 0.249s
2025-01-13 17:51:52.337 68461 INFO tempest.lib.common.rest_client [req-6b3d51ca-4925-43f7-9d44-be26513878e5 req-6b3d51ca-4925-43f7-9d44-be26513878e5 ] Request (ServicesAdminNegativeV253TestJSON:setUpClass): 201 POST http://10.180.1.21/identity/v3/auth/tokens 0.197s
2025-01-13 17:51:52.411 68483 INFO tempest.lib.common.rest_client [req-852e2b9e-7904-40a6-8b5e-a259dbf863c9 req-852e2b9e-7904-40a6-8b5e-a259dbf863c9 ] Request (FlavorsV255TestJSON:tearDownClass): 201 POST http://10.180.1.21/identity/v3/auth/tokens 0.153s
2025-01-13 17:51:52.444 68461 INFO tempest.lib.common.rest_client [req-f0d31352-c67e-4cda-b47d-025b7255151c req-f0d31352-c67e-4cda-b47d-025b7255151c ] Request (ServicesAdminNegativeV253TestJSON:setUpClass): 201 POST http://10.180.1.21/identity/v3/projects 0.107s
2025-01-13 17:51:52.465 68470 INFO tempest.lib.common.rest_client [req-a56f76dd-6bc3-41be-a90d-faba76bd0c72 req-a56f76dd-6bc3-41be-a90d-faba76bd0c72 ] Request (QuotaClassesAdmin257Test:tearDownClass): 204 DELETE http://10.180.1.21/identity/v3/projects/529c64f9159d4796898658058f8b9daf 0.202s
2025-01-13 17:51:52.465 68470 INFO tempest.lib.common.dynamic_creds [-] Deleting project and security group for project: 46c29b91ce854cca83bb7759dc5526a3
2025-01-13 17:51:52.485 68463 INFO tempest.lib.common.rest_client [req-467cfb9d-5683-4ff0-942b-417e28ea3501 req-467cfb9d-5683-4ff0-942b-417e28ea3501 ] Request (ServersAdminNegativeTestJSON:setUpClass): 200 GET http://10.180.1.21/compute/v2.1/servers/0224e4ea-c13c-4abd-9626-6038c0bbe4e9 0.895s
2025-01-13 17:51:52.505 68519 INFO tempest.lib.common.rest_client [req-b75d2c26-2fd3-465d-91a1-381d0f9a5b60 req-b75d2c26-2fd3-465d-91a1-381d0f9a5b60 ] Request (HypervisorAdminUnderV252Test:test_search_hypervisor): 200 GET http://10.180.1.21/compute/v2.1/os-hypervisors/domain-c8.fc996f14-c53b-4953-92e3-bdfa48f5cc28/search 0.834s
2025-01-13 17:51:52.521 68485 INFO tempest.lib.common.rest_client [req-255dd7ea-e7c9-43b8-8496-2c8c9064fac8 req-255dd7ea-e7c9-43b8-8496-2c8c9064fac8 ] Request (FlavorsAccessTestJSON:test_flavor_access_list_with_private_flavor): 200 GET http://10.180.1.21/compute/v2.1/flavors/1385238249/os-flavor-access 0.802s
2025-01-13 17:51:52.528 68481 INFO tempest.lib.common.rest_client [req-c6b71cc6-b689-44dd-9e71-d0e531d92e4a req-c6b71cc6-b689-44dd-9e71-d0e531d92e4a ] Request (FlavorsExtraSpecsNegativeTestJSON:test_flavor_update_mismatch_key): 400 PUT http://10.180.1.21/compute/v2.1/flavors/719739881/os-extra_specs/hw:numa_nodes 0.680s
2025-01-13 17:51:52.533 68461 INFO tempest.lib.common.rest_client [req-56e89af4-4831-400a-b12f-b58dea664295 req-56e89af4-4831-400a-b12f-b58dea664295 ] Request (ServicesAdminNegativeV253TestJSON:setUpClass): 201 POST http://10.180.1.21/identity/v3/users 0.088s
2025-01-13 17:51:52.554 68461 INFO tempest.lib.common.rest_client [req-16d9eda3-41e1-4bea-abf8-c3440ca20205 req-16d9eda3-41e1-4bea-abf8-c3440ca20205 ] Request (ServicesAdminNegativeV253TestJSON:setUpClass): 200 GET http://10.180.1.21/identity/v3/roles 0.020s
2025-01-13 17:51:52.584 68461 INFO tempest.lib.common.rest_client [req-cb2205ca-1361-4cf0-a328-3b6083098644 req-cb2205ca-1361-4cf0-a328-3b6083098644 ] Request (ServicesAdminNegativeV253TestJSON:setUpClass): 204 PUT http://10.180.1.21/identity/v3/projects/4b58e168b71d4b1fab30f1aa39c17280/users/a3ea612f17574fa4ab77d5e55358a954/roles/f6e1bd81f5244c078c0877a32754877b 0.029s
2025-01-13 17:51:52.595 68519 INFO tempest.lib.common.rest_client [req-1211e863-e36c-4445-956f-7d688bb13b36 req-1211e863-e36c-4445-956f-7d688bb13b36 ] Request (HypervisorAdminUnderV252Test:tearDownClass): 204 DELETE http://10.180.1.21/identity/v3/users/5f7e039587194dc5a4e6d35c628a50df 0.085s
2025-01-13 17:51:52.658 68473 INFO tempest.lib.common.rest_client [req-aba40880-fdc9-43bd-a3b5-2e913bc5eec9 req-aba40880-fdc9-43bd-a3b5-2e913bc5eec9 ] Request (MigrationsAdminTest:test_list_migrations_in_flavor_resize_situation): 200 GET http://10.180.1.21/compute/v2.1/servers/5656c853-ac83-47be-83c4-979a9e87ab91 0.790s
2025-01-13 17:51:52.661 68461 INFO tempest.lib.common.rest_client [req-5ad7362f-619c-4a5a-af08-86b13cf8d79d req-5ad7362f-619c-4a5a-af08-86b13cf8d79d ] Request (ServicesAdminNegativeV253TestJSON:setUpClass): 200 GET http://10.180.1.21/identity/v3/roles 0.077s
2025-01-13 17:51:52.693 68493 INFO tempest.lib.common.rest_client [req-f8659000-48da-4296-9c7e-90d319799bed req-f8659000-48da-4296-9c7e-90d319799bed ] Request (ImagesMetadataTestJSON:test_list_image_metadata): 200 GET http://10.180.1.21/compute/v2.1/images/785603c2-d4ee-42b5-8b20-1c4ff0da52b7/metadata 0.691s
2025-01-13 17:51:52.701 68519 INFO tempest.lib.common.rest_client [req-15ef2112-a66a-40a5-8872-360137c6e302 req-15ef2112-a66a-40a5-8872-360137c6e302 ] Request (HypervisorAdminUnderV252Test:tearDownClass): 204 DELETE http://10.180.1.21/identity/v3/users/70b4775a49ee4818a3d6c539200e0794 0.105s
2025-01-13 17:51:52.702 68519 INFO tempest.lib.common.dynamic_creds [-] Deleting project and security group for project: fffe38dc225044a3a9107b7eebb756bf
2025-01-13 17:51:52.721 68461 INFO tempest.lib.common.rest_client [req-3e573cb3-e3cc-40a0-aec7-969ac3f0322e req-3e573cb3-e3cc-40a0-aec7-969ac3f0322e ] Request (ServicesAdminNegativeV253TestJSON:setUpClass): 204 PUT http://10.180.1.21/identity/v3/projects/4b58e168b71d4b1fab30f1aa39c17280/users/a3ea612f17574fa4ab77d5e55358a954/roles/f6e1bd81f5244c078c0877a32754877b 0.059s
2025-01-13 17:51:52.721 68461 INFO tempest.lib.common.dynamic_creds [-] Dynamic test user a3ea612f17574fa4ab77d5e55358a954 is created with scope project and roles: ['admin']
2025-01-13 17:51:52.721 68461 INFO tempest.lib.common.dynamic_creds [-] Acquired dynamic creds: credentials: Credentials: {'domain_id': 'default', 'domain_name': 'Default', 'username': 'tempest-ServicesAdminNegativeV253TestJSON-2127445371-project-admin', 'project_domain_id': 'default', 'project_domain_name': 'Default', 'project_id': '4b58e168b71d4b1fab30f1aa39c17280', 'project_name': 'tempest-ServicesAdminNegativeV253TestJSON-2127445371', 'tenant_id': '4b58e168b71d4b1fab30f1aa39c17280', 'tenant_name': 'tempest-ServicesAdminNegativeV253TestJSON-2127445371', 'user_domain_id': 'default', 'user_domain_name': 'Default', 'user_id': 'a3ea612f17574fa4ab77d5e55358a954', 'system': None}, Network: None, Subnet: None, Router: None
2025-01-13 17:51:52.721 68461 INFO tempest.lib.common.dynamic_creds [-] Created isolated network resources for: credentials: Credentials: {'domain_id': 'default', 'domain_name': 'Default', 'username': 'tempest-ServicesAdminNegativeV253TestJSON-2127445371-project-admin', 'project_domain_id': 'default', 'project_domain_name': 'Default', 'project_id': '4b58e168b71d4b1fab30f1aa39c17280', 'project_name': 'tempest-ServicesAdminNegativeV253TestJSON-2127445371', 'tenant_id': '4b58e168b71d4b1fab30f1aa39c17280', 'tenant_name': 'tempest-ServicesAdminNegativeV253TestJSON-2127445371', 'user_domain_id': 'default', 'user_domain_name': 'Default', 'user_id': 'a3ea612f17574fa4ab77d5e55358a954', 'system': None}, Network: None, Subnet: None, Router: None
2025-01-13 17:51:52.742 68491 INFO tempest.lib.common.rest_client [req-fabde186-2e2f-417b-88c7-6589bd5b79b5 req-fabde186-2e2f-417b-88c7-6589bd5b79b5 ] Request (HostsAdminTestJSON:tearDownClass): 200 GET http://10.180.1.21:9696/networking/v2.0/security-groups?tenant_id=fde713f2db9a427b939aa5936c376654&name=default 0.461s
2025-01-13 17:51:52.756 68515 INFO tempest.lib.common.rest_client [req-673b83bd-ea73-426d-877c-d7e56867e69c req-673b83bd-ea73-426d-877c-d7e56867e69c ] Request (QuotasAdminNegativeTest:test_create_server_when_instances_quota_is_full): 403 POST http://10.180.1.21/compute/v2.1/servers 1.196s
2025-01-13 17:51:52.759 68467 INFO tempest.lib.common.rest_client [req-7417c4df-6662-4ea0-a406-15d1027bce8f req-7417c4df-6662-4ea0-a406-15d1027bce8f ] Request (FloatingIPDetailsNegativeTestJSON:setUpClass): 201 POST http://10.180.1.21:9696/networking/v2.0/routers 2.980s
2025-01-13 17:51:52.779 68519 INFO tempest.lib.common.rest_client [req-8b16461d-acb4-469c-ba08-bc571816f19f req-8b16461d-acb4-469c-ba08-bc571816f19f ] Request (HypervisorAdminUnderV252Test:tearDownClass): 201 POST http://10.180.1.21/identity/v3/auth/tokens 0.077s
2025-01-13 17:51:52.793 68471 INFO tempest.lib.common.rest_client [req-300419eb-d5e2-45e7-a571-52304e680750 req-300419eb-d5e2-45e7-a571-52304e680750 ] Request (KeyPairsV210TestJSON:test_admin_manage_keypairs_for_other_users): 201 POST http://10.180.1.21/compute/v2.1/os-keypairs 0.619s
2025-01-13 17:51:52.819 68461 INFO tempest.lib.common.rest_client [req-dc86bcd2-b53b-4b90-aab3-0e6204c6bb94 req-dc86bcd2-b53b-4b90-aab3-0e6204c6bb94 ] Request (ServicesAdminNegativeV253TestJSON:setUpClass): 201 POST http://10.180.1.21/identity/v3/auth/tokens 0.090s
2025-01-13 17:51:52.827 68503 INFO tempest.lib.common.rest_client [req-9208ed16-6987-456a-9f72-d8a7e96bc121 req-9208ed16-6987-456a-9f72-d8a7e96bc121 ] Request (ServersWithSpecificFlavorTestJSON:test_verify_created_server_ephemeral_disk): 200 POST http://10.180.1.21/compute/v2.1/flavors/1077870210/os-extra_specs 0.615s
2025-01-13 17:51:52.840 68505 INFO tempest.lib.common.rest_client [req-9cc240f6-3d61-4d78-b247-a282a04bdd7b req-9cc240f6-3d61-4d78-b247-a282a04bdd7b ] Request (FlavorsExtraSpecsTestJSON:test_flavor_set_get_update_show_unset_keys): 200 GET http://10.180.1.21/compute/v2.1/flavors/1779494617/os-extra_specs 0.607s
2025-01-13 17:51:52.847 68497 INFO tempest.lib.common.rest_client [req-a8d87346-f6dc-438b-bbb2-2e28a305829d req-a8d87346-f6dc-438b-bbb2-2e28a305829d ] Request (HostsAdminNegativeTestJSON:test_startup_host_with_non_admin_user): 403 GET http://10.180.1.21/compute/v2.1/os-hosts/devstack/startup 0.610s
2025-01-13 17:51:52.852 68489 INFO tempest.lib.common.rest_client [req-16b4ad81-a2ee-4679-8f24-70bf573fcd98 req-16b4ad81-a2ee-4679-8f24-70bf573fcd98 ] Request (VolumesAssistedSnapshotsTest:test_volume_assisted_snapshot_create_delete): 201 POST http://10.180.1.21:9696/networking/v2.0/security-group-rules 0.565s
2025-01-13 17:51:52.959 68513 INFO tempest.lib.common.rest_client [req-a4f8900c-8120-4339-917c-788c000dff09 req-a4f8900c-8120-4339-917c-788c000dff09 ] Request (HypervisorAdminNegativeUnderV252Test:tearDownClass): 200 GET http://10.180.1.21:9696/networking/v2.0/security-groups?tenant_id=03be68aec2524871b03c4d5528f0d7a2&name=default 0.775s
2025-01-13 17:51:53.132 68499 INFO tempest.lib.common.rest_client [req-ba5b41f5-7950-4ed7-b0f6-5205da4b14d6 req-ba5b41f5-7950-4ed7-b0f6-5205da4b14d6 ] Request (FlavorsV261TestJSON:tearDownClass): 200 GET http://10.180.1.21:9696/networking/v2.0/security-groups?tenant_id=49c7b748da7b4e1abfdc89b951ee03aa&name=default 0.922s
2025-01-13 17:51:53.230 68470 INFO tempest.lib.common.rest_client [req-07d78cc6-5808-46e5-a5bd-485ba2ee6a36 req-07d78cc6-5808-46e5-a5bd-485ba2ee6a36 ] Request (QuotaClassesAdmin257Test:tearDownClass): 200 GET http://10.180.1.21:9696/networking/v2.0/security-groups?tenant_id=46c29b91ce854cca83bb7759dc5526a3&name=default 0.764s
2025-01-13 17:51:53.259 68465 INFO tempest.lib.common.rest_client [req-d1db6b88-e1bf-4cba-8b0b-d221b2e2f832 req-d1db6b88-e1bf-4cba-8b0b-d221b2e2f832 ] Request (ServerDiskConfigTestJSON:setUpClass): 201 POST http://10.180.1.21:9696/networking/v2.0/subnets 1.092s
2025-01-13 17:51:53.293 68457 INFO tempest.lib.common.rest_client [req-97407eb8-7605-4c1b-84f4-59b9286c11f5 req-97407eb8-7605-4c1b-84f4-59b9286c11f5 ] Request (ServerDiagnosticsNegativeTest:test_get_server_diagnostics_by_non_admin): 200 GET http://10.180.1.21/compute/v2.1/servers/4063d5e0-1144-40fa-8ed8-efda16730617 1.090s
2025-01-13 17:51:53.319 68485 INFO tempest.lib.common.rest_client [req-b27ca2c5-5a0e-496a-9ec0-95d74affc9ea req-b27ca2c5-5a0e-496a-9ec0-95d74affc9ea ] Request (FlavorsAccessTestJSON:_run_cleanups): 202 DELETE http://10.180.1.21/compute/v2.1/flavors/1385238249 0.797s
2025-01-13 17:51:53.329 68481 INFO tempest.lib.common.rest_client [req-c281da8c-8285-4d56-94e6-fdb1acee8a14 req-c281da8c-8285-4d56-94e6-fdb1acee8a14 ] Request (FlavorsExtraSpecsNegativeTestJSON:test_flavor_update_more_key): 400 PUT http://10.180.1.21/compute/v2.1/flavors/719739881/os-extra_specs/hw:numa_nodes 0.799s
2025-01-13 17:51:53.348 68483 INFO tempest.lib.common.rest_client [req-875ec6b4-17bf-4e3d-8615-af06e4e7c57f req-875ec6b4-17bf-4e3d-8615-af06e4e7c57f ] Request (FlavorsV255TestJSON:tearDownClass): 200 GET http://10.180.1.21:9696/networking/v2.0/security-groups?tenant_id=b824a43624ae4f989c35cf1e81824d0d&name=default 0.936s
2025-01-13 17:51:53.374 68475 INFO tempest.lib.common.rest_client [req-73cd9fe8-b57d-4e70-bf11-6682bff9c5cc req-73cd9fe8-b57d-4e70-bf11-6682bff9c5cc ] Request (ServerDiagnosticsTest:test_get_server_diagnostics): 200 GET http://10.180.1.21/compute/v2.1/servers/ac1d0e8f-446a-4a6d-a916-08f52426396d 1.013s
2025-01-13 17:51:53.439 68491 INFO tempest.lib.common.rest_client [req-ec441d13-fe7a-4e86-88f2-afd5fe42f1bf req-ec441d13-fe7a-4e86-88f2-afd5fe42f1bf ] Request (HostsAdminTestJSON:tearDownClass): 204 DELETE http://10.180.1.21:9696/networking/v2.0/security-groups/dcc1e15f-e70f-48c6-93ad-9a8b2c2981a2 0.696s
2025-01-13 17:51:53.462 68509 INFO tempest.lib.common.rest_client [req-2369df55-96b2-44fd-99b5-34301beb00e7 req-2369df55-96b2-44fd-99b5-34301beb00e7 ] Request (ServerDiagnosticsV248Test:test_get_server_diagnostics): 200 GET http://10.180.1.21/compute/v2.1/servers/abd63285-ee3c-4546-b86d-6d4388765d94 0.918s
2025-01-13 17:51:53.508 68495 INFO tempest.lib.common.rest_client [req-ff218920-9ab6-4273-85a4-2763753967e1 req-ff218920-9ab6-4273-85a4-2763753967e1 ] Request (TenantUsagesTestJSON:setUpClass): 200 GET http://10.180.1.21/compute/v2.1/servers/8c712d0d-55c2-4a14-b759-9441594211e1 0.878s
2025-01-13 17:51:53.518 68495 INFO tempest.common.waiters [-] State transition "BUILD/networking" ==> "BUILD/spawning" after 9 second wait
2025-01-13 17:51:53.523 68491 INFO tempest.lib.common.rest_client [req-613bc4a1-ef99-441f-8dbc-52e8ed7bb29a req-613bc4a1-ef99-441f-8dbc-52e8ed7bb29a ] Request (HostsAdminTestJSON:tearDownClass): 204 DELETE http://10.180.1.21/identity/v3/projects/fde713f2db9a427b939aa5936c376654 0.084s
2025-01-13 17:51:53.596 68499 INFO tempest.lib.common.rest_client [req-ef73eafb-a720-4bcd-b5f2-85e347711f4c req-ef73eafb-a720-4bcd-b5f2-85e347711f4c ] Request (FlavorsV261TestJSON:tearDownClass): 204 DELETE http://10.180.1.21:9696/networking/v2.0/security-groups/4a770dc7-443c-4d86-8e59-de70e04093d0 0.464s
2025-01-13 17:51:53.600 68491 INFO tempest.lib.common.rest_client [req-db262c0d-a23f-4356-a078-25b54be7040e req-db262c0d-a23f-4356-a078-25b54be7040e ] Request (InstanceUsageAuditLogTestJSON:setUpClass): 201 POST http://10.180.1.21/identity/v3/auth/tokens 0.075s
2025-01-13 17:51:53.641 68491 INFO tempest.lib.common.rest_client [req-3f1cc5e1-df53-4efd-a3a9-a84860cf420b req-3f1cc5e1-df53-4efd-a3a9-a84860cf420b ] Request (InstanceUsageAuditLogTestJSON:setUpClass): 201 POST http://10.180.1.21/identity/v3/auth/tokens 0.039s
2025-01-13 17:51:53.647 68511 INFO tempest.lib.common.rest_client [req-17357655-a083-49d3-8f8d-2eaecdb4e7e2 req-17357655-a083-49d3-8f8d-2eaecdb4e7e2 ] Request (ServerPasswordTestJSON:setUpClass): 200 GET http://10.180.1.21/compute/v2.1/servers/21c2bba1-5482-496a-9e2a-f123a94ed48a 0.936s
2025-01-13 17:51:53.654 68493 INFO tempest.lib.common.rest_client [req-3c0fe481-3ee2-45f3-8903-4f0f096f7684 req-3c0fe481-3ee2-45f3-8903-4f0f096f7684 ] Request (ImagesMetadataTestJSON:setUp): 200 PUT http://10.180.1.21/compute/v2.1/images/785603c2-d4ee-42b5-8b20-1c4ff0da52b7/metadata 0.959s
2025-01-13 17:51:53.672 68491 INFO tempest.lib.common.rest_client [req-c32aa73c-f3ef-4376-a4ae-6437dd7ea093 req-c32aa73c-f3ef-4376-a4ae-6437dd7ea093 ] Request (InstanceUsageAuditLogTestJSON:setUpClass): 200 GET http://10.180.1.21/identity/v3/domains?name=Default 0.030s
2025-01-13 17:51:53.716 68499 INFO tempest.lib.common.rest_client [req-16fd946f-4ab2-4e0f-8091-ac89734c0704 req-16fd946f-4ab2-4e0f-8091-ac89734c0704 ] Request (FlavorsV261TestJSON:tearDownClass): 204 DELETE http://10.180.1.21/identity/v3/projects/49c7b748da7b4e1abfdc89b951ee03aa 0.120s
2025-01-13 17:51:53.718 68499 INFO tempest.lib.common.dynamic_creds [-] Deleting project and security group for project: 8527da216ff848eda0419c10a7ebdff1
2025-01-13 17:51:53.730 68513 INFO tempest.lib.common.rest_client [req-142931c3-8f22-4744-ab58-03d45dac5e08 req-142931c3-8f22-4744-ab58-03d45dac5e08 ] Request (HypervisorAdminNegativeUnderV252Test:tearDownClass): 204 DELETE http://10.180.1.21:9696/networking/v2.0/security-groups/9d67c369-0116-4585-99cf-ccfaba951883 0.770s
2025-01-13 17:51:53.748 68501 INFO tempest.lib.common.rest_client [req-e1b18e6f-3624-452d-ad03-3459bd434dae req-e1b18e6f-3624-452d-ad03-3459bd434dae ] Request (DeleteServersAdminTestJSON:test_admin_delete_servers_of_others): 200 GET http://10.180.1.21/compute/v2.1/servers/a301d225-684d-4f88-bc9b-7e02b8115b9d 0.964s
2025-01-13 17:51:53.758 68471 INFO tempest.lib.common.rest_client [req-f1c643fe-248c-45e6-a0f5-ef69196d60c3 req-f1c643fe-248c-45e6-a0f5-ef69196d60c3 ] Request (KeyPairsV210TestJSON:test_admin_manage_keypairs_for_other_users): 200 GET http://10.180.1.21/compute/v2.1/os-keypairs/tempest-keypair-198690634?user_id=3c92cc7a79d8420ca6d20f3500b6b035 0.962s
2025-01-13 17:51:53.759 68501 INFO tempest.common.waiters [-] State transition "BUILD/None" ==> "BUILD/networking" after 9 second wait
2025-01-13 17:51:53.760 68519 INFO tempest.lib.common.rest_client [req-efa5a210-5fc1-4ee1-9c63-fc6c713740cb req-efa5a210-5fc1-4ee1-9c63-fc6c713740cb ] Request (HypervisorAdminUnderV252Test:tearDownClass): 200 GET http://10.180.1.21:9696/networking/v2.0/security-groups?tenant_id=fffe38dc225044a3a9107b7eebb756bf&name=default 0.981s
2025-01-13 17:51:53.772 68491 INFO tempest.lib.common.rest_client [req-f2e6d689-7c1f-4e3b-b5da-c99a43d0d4ce req-f2e6d689-7c1f-4e3b-b5da-c99a43d0d4ce ] Request (InstanceUsageAuditLogTestJSON:setUpClass): 201 POST http://10.180.1.21/identity/v3/projects 0.100s
2025-01-13 17:51:53.870 68513 INFO tempest.lib.common.rest_client [req-66bb7c46-a717-4d16-8b3d-1810493e0dcc req-66bb7c46-a717-4d16-8b3d-1810493e0dcc ] Request (HypervisorAdminNegativeUnderV252Test:tearDownClass): 204 DELETE http://10.180.1.21/identity/v3/projects/03be68aec2524871b03c4d5528f0d7a2 0.139s
2025-01-13 17:51:53.871 68513 INFO tempest.lib.common.dynamic_creds [-] Deleting project and security group for project: 8140068a57774baeadb90131e474a218
2025-01-13 17:51:53.906 68470 INFO tempest.lib.common.rest_client [req-0e694e4c-6d10-4ceb-af6c-afef39a0057f req-0e694e4c-6d10-4ceb-af6c-afef39a0057f ] Request (QuotaClassesAdmin257Test:tearDownClass): 204 DELETE http://10.180.1.21:9696/networking/v2.0/security-groups/f125b412-bbe7-4865-9d76-3b83a534cb29 0.675s
2025-01-13 17:51:53.912 68515 INFO tempest.lib.common.rest_client [req-c4de263d-6810-4e71-95c4-d0c521a15e1a req-c4de263d-6810-4e71-95c4-d0c521a15e1a ] Request (QuotasAdminNegativeTest:_run_cleanups): 200 PUT http://10.180.1.21/compute/v2.1/os-quota-sets/6750aed752844a14a6294e48daab4780 1.155s
2025-01-13 17:51:53.932 68491 INFO tempest.lib.common.rest_client [req-f309bd23-164d-4361-afa6-9d6f09ef69fe req-f309bd23-164d-4361-afa6-9d6f09ef69fe ] Request (InstanceUsageAuditLogTestJSON:setUpClass): 201 POST http://10.180.1.21/identity/v3/users 0.158s
2025-01-13 17:51:53.943 68503 INFO tempest.lib.common.rest_client [req-963a6e54-def3-4cd0-be70-503fdbe80bd9 req-963a6e54-def3-4cd0-be70-503fdbe80bd9 ] Request (ValidationResourcesFixture:setUp): 200 POST http://10.180.1.21/compute/v2.1/os-keypairs 1.115s
2025-01-13 17:51:53.967 68483 INFO tempest.lib.common.rest_client [req-774ee6c1-169a-435c-864b-45da2e5439ac req-774ee6c1-169a-435c-864b-45da2e5439ac ] Request (FlavorsV255TestJSON:tearDownClass): 204 DELETE http://10.180.1.21:9696/networking/v2.0/security-groups/47adc3fd-fe26-4861-bd2a-23a03b125e1c 0.619s
2025-01-13 17:51:53.969 68505 INFO tempest.lib.common.rest_client [req-5042c900-0ffc-4872-86bf-9d93f3c04ba5 req-5042c900-0ffc-4872-86bf-9d93f3c04ba5 ] Request (FlavorsExtraSpecsTestJSON:test_flavor_set_get_update_show_unset_keys): 200 DELETE http://10.180.1.21/compute/v2.1/flavors/1779494617/os-extra_specs/hw:numa_nodes 1.128s
2025-01-13 17:51:53.990 68470 INFO tempest.lib.common.rest_client [req-76325142-dc0b-463e-a29d-65548cc069c6 req-76325142-dc0b-463e-a29d-65548cc069c6 ] Request (QuotaClassesAdmin257Test:tearDownClass): 204 DELETE http://10.180.1.21/identity/v3/projects/46c29b91ce854cca83bb7759dc5526a3 0.083s
2025-01-13 17:51:54.030 68461 INFO tempest.lib.common.rest_client [req-434d5ffb-cfcc-4f85-b6c9-0dbf7f982b85 req-434d5ffb-cfcc-4f85-b6c9-0dbf7f982b85 ] Request (ServicesAdminNegativeV253TestJSON:test_disable_log_reason_with_invalid_service_id): 404 PUT http://10.180.1.21/compute/v2.1/os-services/0f31bdd2-ea8b-494c-a149-315c1ec6e16d 1.209s
2025-01-13 17:51:54.045 68497 INFO tempest.lib.common.rest_client [req-3882c9f9-1fcd-4310-ae61-540d7269f705 req-3882c9f9-1fcd-4310-ae61-540d7269f705 ] Request (HostsAdminNegativeTestJSON:test_startup_nonexistent_host): 404 GET http://10.180.1.21/compute/v2.1/os-hosts/nonexistent_hostname/startup 1.197s
2025-01-13 17:51:54.056 68491 INFO tempest.lib.common.rest_client [req-08589a4c-c1f6-4928-b6d3-d45cd1015e4a req-08589a4c-c1f6-4928-b6d3-d45cd1015e4a ] Request (InstanceUsageAuditLogTestJSON:setUpClass): 200 GET http://10.180.1.21/identity/v3/roles 0.124s
2025-01-13 17:51:54.063 68507 INFO tempest.lib.common.rest_client [req-fd768777-c9b0-4745-b498-8f9eebe155c5 req-fd768777-c9b0-4745-b498-8f9eebe155c5 ] Request (ServerExternalEventsTest:test_create_server_external_events): 200 GET http://10.180.1.21/compute/v2.1/servers/24bce28c-fc43-4f17-9800-4d980f6729bc 1.219s
2025-01-13 17:51:54.104 68483 INFO tempest.lib.common.rest_client [req-ab7f68c8-aada-4a0d-b49c-5e84339cd4cc req-ab7f68c8-aada-4a0d-b49c-5e84339cd4cc ] Request (FlavorsV255TestJSON:tearDownClass): 204 DELETE http://10.180.1.21/identity/v3/projects/b824a43624ae4f989c35cf1e81824d0d 0.136s
2025-01-13 17:51:54.104 68483 INFO tempest.lib.common.dynamic_creds [-] Deleting project and security group for project: 4fccf0d6c30d414b8359132b67f374a0
2025-01-13 17:51:54.132 68470 INFO tempest.lib.common.rest_client [req-a087d8c3-564c-4525-b2a7-00de4dc2c115 req-a087d8c3-564c-4525-b2a7-00de4dc2c115 ] Request (ServersTestManualDisk:setUpClass): 201 POST http://10.180.1.21/identity/v3/auth/tokens 0.140s
2025-01-13 17:51:54.165 68470 INFO tempest.lib.common.rest_client [req-30e10937-2134-4548-9010-67412930c0fc req-30e10937-2134-4548-9010-67412930c0fc ] Request (ServersTestManualDisk:setUpClass): 201 POST http://10.180.1.21/identity/v3/auth/tokens 0.029s
2025-01-13 17:51:54.168 68517 INFO tempest.lib.common.rest_client [req-949eca2b-1c32-4e19-8d2b-4a7d88cc74be req-949eca2b-1c32-4e19-8d2b-4a7d88cc74be ] Request (ValidationResourcesFixture:setUp): 201 POST http://10.180.1.21:9696/networking/v2.0/floatingips 2.554s
2025-01-13 17:51:54.188 68491 INFO tempest.lib.common.rest_client [req-280f464a-b96a-4eaf-9d71-92a7739f4440 req-280f464a-b96a-4eaf-9d71-92a7739f4440 ] Request (InstanceUsageAuditLogTestJSON:setUpClass): 204 PUT http://10.180.1.21/identity/v3/projects/827bdc20c78548a6b9239fd5789a64cf/users/e0ff161d46ab49689abb0528e2bf3e43/roles/862c93e1db534875a917bd8723610fbf 0.130s
2025-01-13 17:51:54.188 68491 INFO tempest.lib.common.dynamic_creds [-] Dynamic test user e0ff161d46ab49689abb0528e2bf3e43 is created with scope project and roles: ['member']
2025-01-13 17:51:54.188 68491 INFO tempest.lib.common.dynamic_creds [-] Acquired dynamic creds: credentials: Credentials: {'domain_id': 'default', 'domain_name': 'Default', 'username': 'tempest-InstanceUsageAuditLogTestJSON-1998542000-project-member', 'project_domain_id': 'default', 'project_domain_name': 'Default', 'project_id': '827bdc20c78548a6b9239fd5789a64cf', 'project_name': 'tempest-InstanceUsageAuditLogTestJSON-1998542000', 'tenant_id': '827bdc20c78548a6b9239fd5789a64cf', 'tenant_name': 'tempest-InstanceUsageAuditLogTestJSON-1998542000', 'user_domain_id': 'default', 'user_domain_name': 'Default', 'user_id': 'e0ff161d46ab49689abb0528e2bf3e43', 'system': None}, Network: None, Subnet: None, Router: None
2025-01-13 17:51:54.188 68491 INFO tempest.lib.common.dynamic_creds [-] Created isolated network resources for: credentials: Credentials: {'domain_id': 'default', 'domain_name': 'Default', 'username': 'tempest-InstanceUsageAuditLogTestJSON-1998542000-project-member', 'project_domain_id': 'default', 'project_domain_name': 'Default', 'project_id': '827bdc20c78548a6b9239fd5789a64cf', 'project_name': 'tempest-InstanceUsageAuditLogTestJSON-1998542000', 'tenant_id': '827bdc20c78548a6b9239fd5789a64cf', 'tenant_name': 'tempest-InstanceUsageAuditLogTestJSON-1998542000', 'user_domain_id': 'default', 'user_domain_name': 'Default', 'user_id': 'e0ff161d46ab49689abb0528e2bf3e43', 'system': None}, Network: None, Subnet: None, Router: None
2025-01-13 17:51:54.193 68479 INFO tempest.lib.common.rest_client [req-fa11588d-a85c-4ad9-b791-4d97699a19c2 req-fa11588d-a85c-4ad9-b791-4d97699a19c2 ] Request (ServersAdminTestJSON:setUpClass): 200 GET http://10.180.1.21/compute/v2.1/servers/4a9088e0-2992-4b18-8be9-6bc70633369b 0.994s
2025-01-13 17:51:54.198 68488 INFO tempest.lib.common.rest_client [req-e47d9d68-d83d-4217-b98b-4c80133ffbdd req-e47d9d68-d83d-4217-b98b-4c80133ffbdd ] Request (ImagesOneServerTestJSON:setUpClass): 200 GET http://10.180.1.21/compute/v2.1/servers/7cd673bb-3795-4c6f-a1e0-a8ea0da0a35f 1.273s
2025-01-13 17:51:54.206 68470 INFO tempest.lib.common.rest_client [req-3be5d371-e483-4357-aa29-d19a1fad93b4 req-3be5d371-e483-4357-aa29-d19a1fad93b4 ] Request (ServersTestManualDisk:setUpClass): 200 GET http://10.180.1.21/identity/v3/domains?name=Default 0.040s
2025-01-13 17:51:54.216 68481 INFO tempest.lib.common.rest_client [req-8326c2d2-5123-4a42-91da-ded4e00f1233 req-8326c2d2-5123-4a42-91da-ded4e00f1233 ] Request (FlavorsExtraSpecsNegativeTestJSON:tearDownClass): 202 DELETE http://10.180.1.21/compute/v2.1/flavors/719739881 0.886s
2025-01-13 17:51:54.226 68485 INFO tempest.lib.common.rest_client [req-f9c7c3f7-5593-4402-8963-48123937a805 req-f9c7c3f7-5593-4402-8963-48123937a805 ] Request (FlavorsAccessTestJSON:_run_cleanups): 200 GET http://10.180.1.21/compute/v2.1/flavors/detail 0.905s
2025-01-13 17:51:54.273 68517 INFO tempest.lib.common.rest_client [req-0ff608ef-2f4d-41d0-bbe4-7e5cf3429734 req-0ff608ef-2f4d-41d0-bbe4-7e5cf3429734 ] Request (AttachInterfacesUnderV243Test:test_add_remove_fixed_ip): 201 POST http://10.180.1.21/identity/v3/auth/tokens 0.102s
2025-01-13 17:51:54.274 68517 INFO tempest.lib.common.fixed_network [-] (AttachInterfacesUnderV243Test:test_add_remove_fixed_ip) Found network {'id': '50f30894-1239-497e-9f70-afa5b0c429ea', 'name': 'tempest-AttachInterfacesUnderV243Test-85780566-network', 'tenant_id': 'dfdf69a97cf54d5cb8c4fb1c59b6a5d0', 'admin_state_up': True, 'mtu': 8950, 'status': 'ACTIVE', 'subnets': [], 'shared': False, 'project_id': 'dfdf69a97cf54d5cb8c4fb1c59b6a5d0', 'port_security_enabled': True, 'router:external': False, 'provider:network_type': 'vlan', 'provider:physical_network': 'default', 'provider:segmentation_id': 614, 'availability_zone_hints': [], 'availability_zones': [], 'ipv4_address_scope': None, 'ipv6_address_scope': None, 'description': '', 'tags': [], 'created_at': '2025-01-13T17:51:44Z', 'updated_at': '2025-01-13T17:51:44Z', 'revision_number': 1} available for tenant
2025-01-13 17:51:54.301 68491 INFO tempest.lib.common.rest_client [req-b29663a3-c840-4a1c-9e96-a779a37d7c00 req-b29663a3-c840-4a1c-9e96-a779a37d7c00 ] Request (InstanceUsageAuditLogTestJSON:setUpClass): 201 POST http://10.180.1.21/identity/v3/auth/tokens 0.108s
2025-01-13 17:51:54.332 68519 INFO tempest.lib.common.rest_client [req-3112d877-0ed9-4481-9518-6bff5d8b486a req-3112d877-0ed9-4481-9518-6bff5d8b486a ] Request (HypervisorAdminUnderV252Test:tearDownClass): 204 DELETE http://10.180.1.21:9696/networking/v2.0/security-groups/71971dc8-43e3-4531-9f3c-2018b0762cb3 0.571s
2025-01-13 17:51:54.344 68470 INFO tempest.lib.common.rest_client [req-ba53df1d-91fd-4036-a642-c603de298082 req-ba53df1d-91fd-4036-a642-c603de298082 ] Request (ServersTestManualDisk:setUpClass): 201 POST http://10.180.1.21/identity/v3/projects 0.137s
2025-01-13 17:51:54.348 68499 INFO tempest.lib.common.rest_client [req-d96ecfd8-0498-4405-a2ae-12f66365229e req-d96ecfd8-0498-4405-a2ae-12f66365229e ] Request (FlavorsV261TestJSON:tearDownClass): 200 GET http://10.180.1.21:9696/networking/v2.0/security-groups?tenant_id=8527da216ff848eda0419c10a7ebdff1&name=default 0.629s
2025-01-13 17:51:54.411 68491 INFO tempest.lib.common.rest_client [req-96b2c61a-3e01-4819-bcca-71582907029e req-96b2c61a-3e01-4819-bcca-71582907029e ] Request (InstanceUsageAuditLogTestJSON:setUpClass): 201 POST http://10.180.1.21/identity/v3/projects 0.110s
2025-01-13 17:51:54.453 68485 INFO tempest.lib.common.rest_client [req-b7b1e3b5-3920-48bf-8a31-33d8cf857d97 req-b7b1e3b5-3920-48bf-8a31-33d8cf857d97 ] Request (FlavorsAccessTestJSON:tearDownClass): 204 DELETE http://10.180.1.21/identity/v3/users/eb0079a3c88240e6ad129ad6297ef42e 0.220s
2025-01-13 17:51:54.524 68493 INFO tempest.lib.common.rest_client [req-e75c1a53-f282-4c83-8ab9-97c0c7cf72f6 req-e75c1a53-f282-4c83-8ab9-97c0c7cf72f6 ] Request (ImagesMetadataTestJSON:test_set_image_metadata): 200 PUT http://10.180.1.21/compute/v2.1/images/785603c2-d4ee-42b5-8b20-1c4ff0da52b7/metadata 0.869s
2025-01-13 17:51:54.570 68519 INFO tempest.lib.common.rest_client [req-40bf4b37-954c-40b9-a9c0-690d1688005d req-40bf4b37-954c-40b9-a9c0-690d1688005d ] Request (HypervisorAdminUnderV252Test:tearDownClass): 204 DELETE http://10.180.1.21/identity/v3/projects/fffe38dc225044a3a9107b7eebb756bf 0.237s
2025-01-13 17:51:54.570 68519 INFO tempest.lib.common.dynamic_creds [-] Deleting project and security group for project: 1207538394d44b69b4073b27b4fd1c00
2025-01-13 17:51:54.571 68513 INFO tempest.lib.common.rest_client [req-7e0b891c-8704-4d89-9596-d8ef3413af21 req-7e0b891c-8704-4d89-9596-d8ef3413af21 ] Request (HypervisorAdminNegativeUnderV252Test:tearDownClass): 200 GET http://10.180.1.21:9696/networking/v2.0/security-groups?tenant_id=8140068a57774baeadb90131e474a218&name=default 0.699s
2025-01-13 17:51:54.584 68503 INFO tempest.lib.common.rest_client [req-cbfd903d-e381-438b-8bef-1e85e05cd2c8 req-cbfd903d-e381-438b-8bef-1e85e05cd2c8 ] Request (ValidationResourcesFixture:setUp): 201 POST http://10.180.1.21:9696/networking/v2.0/security-groups 0.639s
2025-01-13 17:51:54.618 68470 INFO tempest.lib.common.rest_client [req-fe730a02-1636-4a99-92be-0399887200f1 req-fe730a02-1636-4a99-92be-0399887200f1 ] Request (ServersTestManualDisk:setUpClass): 201 POST http://10.180.1.21/identity/v3/users 0.273s
2025-01-13 17:51:54.632 68463 INFO tempest.lib.common.rest_client [req-ceb054b8-a703-433f-a61f-b01f8bcb2294 req-ceb054b8-a703-433f-a61f-b01f8bcb2294 ] Request (ServersAdminNegativeTestJSON:setUpClass): 200 GET http://10.180.1.21/compute/v2.1/servers/0224e4ea-c13c-4abd-9626-6038c0bbe4e9 1.137s
2025-01-13 17:51:54.653 68491 INFO tempest.lib.common.rest_client [req-de32afc3-f957-41dd-9f97-43862acede76 req-de32afc3-f957-41dd-9f97-43862acede76 ] Request (InstanceUsageAuditLogTestJSON:setUpClass): 201 POST http://10.180.1.21/identity/v3/users 0.241s
2025-01-13 17:51:54.656 68473 INFO tempest.lib.common.rest_client [req-da7e0c8b-7c02-4032-98d6-b884001284e8 req-da7e0c8b-7c02-4032-98d6-b884001284e8 ] Request (MigrationsAdminTest:test_list_migrations_in_flavor_resize_situation): 200 GET http://10.180.1.21/compute/v2.1/servers/5656c853-ac83-47be-83c4-979a9e87ab91 0.986s
2025-01-13 17:51:54.687 68471 INFO tempest.lib.common.rest_client [req-ea2cabbf-0660-4469-bef8-ece5c4429857 req-ea2cabbf-0660-4469-bef8-ece5c4429857 ] Request (KeyPairsV210TestJSON:test_admin_manage_keypairs_for_other_users): 201 POST http://10.180.1.21/compute/v2.1/os-keypairs 0.925s
2025-01-13 17:51:54.688 68470 INFO tempest.lib.common.rest_client [req-43b749d0-fd46-4ec0-963a-3eb4d843da55 req-43b749d0-fd46-4ec0-963a-3eb4d843da55 ] Request (ServersTestManualDisk:setUpClass): 200 GET http://10.180.1.21/identity/v3/roles 0.069s
2025-01-13 17:51:54.722 68505 INFO tempest.lib.common.rest_client [req-9c63dc1d-436d-4a5f-bced-a0e798936732 req-9c63dc1d-436d-4a5f-bced-a0e798936732 ] Request (FlavorsExtraSpecsTestJSON:test_flavor_set_get_update_show_unset_keys): 200 DELETE http://10.180.1.21/compute/v2.1/flavors/1779494617/os-extra_specs/hw:cpu_policy 0.753s
2025-01-13 17:51:54.740 68461 INFO tempest.lib.common.rest_client [req-dfb0db7c-afc2-43aa-9a6c-e9e15b07e4bc req-dfb0db7c-afc2-43aa-9a6c-e9e15b07e4bc ] Request (ServicesAdminNegativeV253TestJSON:test_disable_service_with_invalid_service_id): 404 PUT http://10.180.1.21/compute/v2.1/os-services/0f31bdd2-ea8b-494c-a149-315c1ec6e16d 0.708s
2025-01-13 17:51:54.744 68497 INFO tempest.lib.common.rest_client [req-7b9a59a4-f6ef-46a6-9019-822ca3e36aeb req-7b9a59a4-f6ef-46a6-9019-822ca3e36aeb ] Request (HostsAdminNegativeTestJSON:test_update_host_with_invalid_maintenance_mode): 400 PUT http://10.180.1.21/compute/v2.1/os-hosts/devstack 0.697s
2025-01-13 17:51:54.747 68491 INFO tempest.lib.common.rest_client [req-308718a1-e901-4e0f-9487-5453b596f3f8 req-308718a1-e901-4e0f-9487-5453b596f3f8 ] Request (InstanceUsageAuditLogTestJSON:setUpClass): 200 GET http://10.180.1.21/identity/v3/roles 0.093s
2025-01-13 17:51:54.763 68485 INFO tempest.lib.common.rest_client [req-c2b2dc18-1d39-43b4-ba81-8d3e470faf7e req-c2b2dc18-1d39-43b4-ba81-8d3e470faf7e ] Request (FlavorsAccessTestJSON:tearDownClass): 204 DELETE http://10.180.1.21/identity/v3/users/e7144bb4d29747438aa5a00f9e4aa085 0.310s
2025-01-13 17:51:54.764 68485 INFO tempest.lib.common.dynamic_creds [-] Deleting project and security group for project: d6c86e5856d341999e9318f21ea4c6ec
2025-01-13 17:51:54.768 68481 INFO tempest.lib.common.rest_client [req-0df2f5aa-cefb-4e04-9f29-0a6ebc306f76 req-0df2f5aa-cefb-4e04-9f29-0a6ebc306f76 ] Request (FlavorsExtraSpecsNegativeTestJSON:tearDownClass): 200 GET http://10.180.1.21/compute/v2.1/flavors/detail 0.551s
2025-01-13 17:51:54.790 68470 INFO tempest.lib.common.rest_client [req-6a8eeaf4-eca9-47db-a9a2-bb8f2b1359c0 req-6a8eeaf4-eca9-47db-a9a2-bb8f2b1359c0 ] Request (ServersTestManualDisk:setUpClass): 204 PUT http://10.180.1.21/identity/v3/projects/e271c0d8278c4192950ebc988485dd5f/users/05d54932ba5a43e5ab9cda4a7912aa3e/roles/862c93e1db534875a917bd8723610fbf 0.102s
2025-01-13 17:51:54.790 68470 INFO tempest.lib.common.dynamic_creds [-] Dynamic test user 05d54932ba5a43e5ab9cda4a7912aa3e is created with scope project and roles: ['member']
2025-01-13 17:51:54.791 68470 INFO tempest.lib.common.dynamic_creds [-] Acquired dynamic creds: credentials: Credentials: {'domain_id': 'default', 'domain_name': 'Default', 'username': 'tempest-ServersTestManualDisk-725019117-project-member', 'project_domain_id': 'default', 'project_domain_name': 'Default', 'project_id': 'e271c0d8278c4192950ebc988485dd5f', 'project_name': 'tempest-ServersTestManualDisk-725019117', 'tenant_id': 'e271c0d8278c4192950ebc988485dd5f', 'tenant_name': 'tempest-ServersTestManualDisk-725019117', 'user_domain_id': 'default', 'user_domain_name': 'Default', 'user_id': '05d54932ba5a43e5ab9cda4a7912aa3e', 'system': None}, Network: None, Subnet: None, Router: None
2025-01-13 17:51:54.871 68499 INFO tempest.lib.common.rest_client [req-6079a664-cb10-4a81-a123-3d8a7925e675 req-6079a664-cb10-4a81-a123-3d8a7925e675 ] Request (FlavorsV261TestJSON:tearDownClass): 204 DELETE http://10.180.1.21:9696/networking/v2.0/security-groups/389af903-e755-40cd-87f3-b2da6b125af4 0.523s
2025-01-13 17:51:54.895 68515 INFO tempest.lib.common.rest_client [req-022a5450-6f6e-4d4d-8e50-d2da0c3ecbf7 req-022a5450-6f6e-4d4d-8e50-d2da0c3ecbf7 ] Request (QuotasAdminNegativeTest:test_create_server_when_memory_quota_is_full): 200 GET http://10.180.1.21/compute/v2.1/os-quota-sets/6750aed752844a14a6294e48daab4780 0.978s
2025-01-13 17:51:54.901 68483 INFO tempest.lib.common.rest_client [req-c192b74b-bbb4-4534-beac-fd81acd6d3a7 req-c192b74b-bbb4-4534-beac-fd81acd6d3a7 ] Request (FlavorsV255TestJSON:tearDownClass): 200 GET http://10.180.1.21:9696/networking/v2.0/security-groups?tenant_id=4fccf0d6c30d414b8359132b67f374a0&name=default 0.796s
2025-01-13 17:51:54.902 68485 INFO tempest.lib.common.rest_client [req-343f62fd-b9db-4be4-b69f-ac06aaca8d82 req-343f62fd-b9db-4be4-b69f-ac06aaca8d82 ] Request (FlavorsAccessTestJSON:tearDownClass): 201 POST http://10.180.1.21/identity/v3/auth/tokens 0.138s
2025-01-13 17:51:54.910 68491 INFO tempest.lib.common.rest_client [req-a1146dea-90df-447f-a022-45b053d422d3 req-a1146dea-90df-447f-a022-45b053d422d3 ] Request (InstanceUsageAuditLogTestJSON:setUpClass): 204 PUT http://10.180.1.21/identity/v3/projects/2f4ab60623f2479a8abc738d3a22ce64/users/acaaa447a5c5427c981a0b875673ec94/roles/f6e1bd81f5244c078c0877a32754877b 0.161s
2025-01-13 17:51:54.965 68470 INFO tempest.lib.common.rest_client [req-d68d05f8-fc99-4968-ab45-d6701b576943 req-d68d05f8-fc99-4968-ab45-d6701b576943 ] Request (ServersTestManualDisk:setUpClass): 201 POST http://10.180.1.21/identity/v3/auth/tokens 0.174s
2025-01-13 17:51:54.994 68481 INFO tempest.lib.common.rest_client [req-978277bb-abb1-4e21-ad66-467081957eb6 req-978277bb-abb1-4e21-ad66-467081957eb6 ] Request (FlavorsExtraSpecsNegativeTestJSON:tearDownClass): 204 DELETE http://10.180.1.21/identity/v3/users/68520f1ccd6b48ffb56297d78e734440 0.215s
2025-01-13 17:51:55.053 68499 INFO tempest.lib.common.rest_client [req-5ec79fd5-1011-471c-bd28-dffa096b2be4 req-5ec79fd5-1011-471c-bd28-dffa096b2be4 ] Request (FlavorsV261TestJSON:tearDownClass): 204 DELETE http://10.180.1.21/identity/v3/projects/8527da216ff848eda0419c10a7ebdff1 0.181s
2025-01-13 17:51:55.085 68491 INFO tempest.lib.common.rest_client [req-e4dd68ae-a655-4ff2-a323-08f741b047f7 req-e4dd68ae-a655-4ff2-a323-08f741b047f7 ] Request (InstanceUsageAuditLogTestJSON:setUpClass): 200 GET http://10.180.1.21/identity/v3/roles 0.174s
2025-01-13 17:51:55.162 68513 INFO tempest.lib.common.rest_client [req-aad41ed2-34a6-4e6a-ad4c-2e458f6109d4 req-aad41ed2-34a6-4e6a-ad4c-2e458f6109d4 ] Request (HypervisorAdminNegativeUnderV252Test:tearDownClass): 204 DELETE http://10.180.1.21:9696/networking/v2.0/security-groups/4490c214-51fe-46f3-a43b-dec6f912d377 0.591s
2025-01-13 17:51:55.200 68503 INFO tempest.lib.common.rest_client [req-d5caecf9-fe2c-4d67-847d-c21050ac7502 req-d5caecf9-fe2c-4d67-847d-c21050ac7502 ] Request (ValidationResourcesFixture:setUp): 201 POST http://10.180.1.21:9696/networking/v2.0/security-group-rules 0.616s
2025-01-13 17:51:55.228 68481 INFO tempest.lib.common.rest_client [req-e67fa004-cd78-4024-84e1-74a2d0d0a403 req-e67fa004-cd78-4024-84e1-74a2d0d0a403 ] Request (FlavorsExtraSpecsNegativeTestJSON:tearDownClass): 204 DELETE http://10.180.1.21/identity/v3/users/71f59f0a42774d9f84eb5470c22f3677 0.234s
2025-01-13 17:51:55.229 68481 INFO tempest.lib.common.dynamic_creds [-] Deleting project and security group for project: 55ea3fb116fe4e9ea1c2271da8aaf499
2025-01-13 17:51:55.240 68499 INFO tempest.lib.common.rest_client [req-2e9500c4-8cf7-4d33-9162-015bd6a94fdb req-2e9500c4-8cf7-4d33-9162-015bd6a94fdb ] Request (HypervisorAdminNegativeTestJSON:setUpClass): 201 POST http://10.180.1.21/identity/v3/auth/tokens 0.185s
2025-01-13 17:51:55.282 68519 INFO tempest.lib.common.rest_client [req-cf9ad89a-b153-41e0-94c2-23e579745021 req-cf9ad89a-b153-41e0-94c2-23e579745021 ] Request (HypervisorAdminUnderV252Test:tearDownClass): 200 GET http://10.180.1.21:9696/networking/v2.0/security-groups?tenant_id=1207538394d44b69b4073b27b4fd1c00&name=default 0.712s
2025-01-13 17:51:55.295 68491 INFO tempest.lib.common.rest_client [req-1c59babc-3f5a-40d0-bc92-d6c548c08530 req-1c59babc-3f5a-40d0-bc92-d6c548c08530 ] Request (InstanceUsageAuditLogTestJSON:setUpClass): 204 PUT http://10.180.1.21/identity/v3/projects/2f4ab60623f2479a8abc738d3a22ce64/users/acaaa447a5c5427c981a0b875673ec94/roles/f6e1bd81f5244c078c0877a32754877b 0.208s
2025-01-13 17:51:55.295 68491 INFO tempest.lib.common.dynamic_creds [-] Dynamic test user acaaa447a5c5427c981a0b875673ec94 is created with scope project and roles: ['admin']
2025-01-13 17:51:55.295 68491 INFO tempest.lib.common.dynamic_creds [-] Acquired dynamic creds: credentials: Credentials: {'domain_id': 'default', 'domain_name': 'Default', 'username': 'tempest-InstanceUsageAuditLogTestJSON-804042712-project-admin', 'project_domain_id': 'default', 'project_domain_name': 'Default', 'project_id': '2f4ab60623f2479a8abc738d3a22ce64', 'project_name': 'tempest-InstanceUsageAuditLogTestJSON-804042712', 'tenant_id': '2f4ab60623f2479a8abc738d3a22ce64', 'tenant_name': 'tempest-InstanceUsageAuditLogTestJSON-804042712', 'user_domain_id': 'default', 'user_domain_name': 'Default', 'user_id': 'acaaa447a5c5427c981a0b875673ec94', 'system': None}, Network: None, Subnet: None, Router: None
2025-01-13 17:51:55.295 68491 INFO tempest.lib.common.dynamic_creds [-] Created isolated network resources for: credentials: Credentials: {'domain_id': 'default', 'domain_name': 'Default', 'username': 'tempest-InstanceUsageAuditLogTestJSON-804042712-project-admin', 'project_domain_id': 'default', 'project_domain_name': 'Default', 'project_id': '2f4ab60623f2479a8abc738d3a22ce64', 'project_name': 'tempest-InstanceUsageAuditLogTestJSON-804042712', 'tenant_id': '2f4ab60623f2479a8abc738d3a22ce64', 'tenant_name': 'tempest-InstanceUsageAuditLogTestJSON-804042712', 'user_domain_id': 'default', 'user_domain_name': 'Default', 'user_id': 'acaaa447a5c5427c981a0b875673ec94', 'system': None}, Network: None, Subnet: None, Router: None
2025-01-13 17:51:55.336 68513 INFO tempest.lib.common.rest_client [req-c43e0924-d7de-48c2-8b47-bb1b61bd43df req-c43e0924-d7de-48c2-8b47-bb1b61bd43df ] Request (HypervisorAdminNegativeUnderV252Test:tearDownClass): 204 DELETE http://10.180.1.21/identity/v3/projects/8140068a57774baeadb90131e474a218 0.173s
2025-01-13 17:51:55.360 68481 INFO tempest.lib.common.rest_client [req-49e5a2b9-9ef9-4752-a18d-4220a2e45c98 req-49e5a2b9-9ef9-4752-a18d-4220a2e45c98 ] Request (FlavorsExtraSpecsNegativeTestJSON:tearDownClass): 201 POST http://10.180.1.21/identity/v3/auth/tokens 0.131s
2025-01-13 17:51:55.366 68499 INFO tempest.lib.common.rest_client [req-6c25977e-dd79-4c0f-9045-3d872dc8b7ee req-6c25977e-dd79-4c0f-9045-3d872dc8b7ee ] Request (HypervisorAdminNegativeTestJSON:setUpClass): 201 POST http://10.180.1.21/identity/v3/auth/tokens 0.122s
2025-01-13 17:51:55.391 68513 INFO tempest.lib.common.rest_client [req-9c74c185-446c-4ad2-8873-bfd35f63c940 req-9c74c185-446c-4ad2-8873-bfd35f63c940 ] Request (ImagesOneServerNegativeTestJSON:setUpClass): 201 POST http://10.180.1.21/identity/v3/auth/tokens 0.053s
2025-01-13 17:51:55.414 68499 INFO tempest.lib.common.rest_client [req-d485a373-37f3-45b4-a9b4-311affef35d5 req-d485a373-37f3-45b4-a9b4-311affef35d5 ] Request (HypervisorAdminNegativeTestJSON:setUpClass): 200 GET http://10.180.1.21/identity/v3/domains?name=Default 0.047s
2025-01-13 17:51:55.438 68513 INFO tempest.lib.common.rest_client [req-7c289cc8-948c-4d3f-9f8e-96143394997d req-7c289cc8-948c-4d3f-9f8e-96143394997d ] Request (ImagesOneServerNegativeTestJSON:setUpClass): 201 POST http://10.180.1.21/identity/v3/auth/tokens 0.044s
2025-01-13 17:51:55.440 68491 INFO tempest.lib.common.rest_client [req-2922a910-ea08-4082-89c1-ff81483e4a91 req-2922a910-ea08-4082-89c1-ff81483e4a91 ] Request (InstanceUsageAuditLogTestJSON:setUpClass): 201 POST http://10.180.1.21/identity/v3/auth/tokens 0.140s
2025-01-13 17:51:55.469 68499 INFO tempest.lib.common.rest_client [req-8aea9d0a-ab30-4ad5-9538-7d5b8f92c836 req-8aea9d0a-ab30-4ad5-9538-7d5b8f92c836 ] Request (HypervisorAdminNegativeTestJSON:setUpClass): 201 POST http://10.180.1.21/identity/v3/projects 0.054s
2025-01-13 17:51:55.498 68483 INFO tempest.lib.common.rest_client [req-1f614be5-e705-49ca-ab5d-4b580f592ae6 req-1f614be5-e705-49ca-ab5d-4b580f592ae6 ] Request (FlavorsV255TestJSON:tearDownClass): 204 DELETE http://10.180.1.21:9696/networking/v2.0/security-groups/958213fc-7f73-46b0-b59c-c50e5c5708e4 0.596s
