2024-10-26 01:34:26.972 63244 INFO tempest.lib.common.fixed_network [-] (InstanceActionsV221TestJSON:test_get_list_deleted_instance_actions) Found network {'id': '7d68c7b0-0be2-4cfb-8097-902840237fb7', 'name': 'tempest-InstanceActionsV221TestJSON-1977566135-network', 'tenant_id': 'c57a43be3c844332b7211f8200cc48db', 'admin_state_up': True, 'mtu': 8950, 'status': 'ACTIVE', 'subnets': [], 'shared': False, 'project_id': 'c57a43be3c844332b7211f8200cc48db', 'port_security_enabled': True, 'router:external': False, 'provider:network_type': 'vlan', 'provider:physical_network': 'default', 'provider:segmentation_id': 298, 'is_default': False, 'availability_zone_hints': [], 'availability_zones': [], 'ipv4_address_scope': None, 'ipv6_address_scope': None, 'description': '', 'tags': [], 'created_at': '2024-10-26T01:34:22Z', 'updated_at': '2024-10-26T01:34:22Z', 'revision_number': 1} available for tenant
2024-10-26 01:34:27.005 63226 INFO tempest.lib.common.rest_client [req-90c728be-9a8d-41ab-a1f5-8cbdd3940b6b req-90c728be-9a8d-41ab-a1f5-8cbdd3940b6b ] Request (ServersAdminTestJSON:setUpClass): 200 GET http://10.180.1.21/compute/v2.1/servers/12408f00-ed1d-4b96-bc0c-59779d0eda74 1.155s
2024-10-26 01:34:27.033 63240 INFO tempest.lib.common.rest_client [req-e5d34c94-4b6d-491f-8360-5e5a4e8bea49 req-e5d34c94-4b6d-491f-8360-5e5a4e8bea49 ] Request (MigrationsAdminTest:test_list_migrations_in_flavor_resize_situation): 404 GET http://10.180.1.21/compute/v2.1/servers/7f376384-c401-418e-94d3-c9136005a11e 1.004s
2024-10-26 01:34:27.052 63222 INFO tempest.lib.common.rest_client [req-28410202-2252-446b-837a-5e7480ecfa8b req-28410202-2252-446b-837a-5e7480ecfa8b ] Request (ServerDiagnosticsTest:setUpClass): 201 POST http://10.180.1.21/identity/v3/users 0.132s
2024-10-26 01:34:27.063 63196 INFO tempest.lib.common.rest_client [req-2010a116-ff3f-4d85-897c-a60142a4e4ad req-2010a116-ff3f-4d85-897c-a60142a4e4ad ] Request (KeyPairsV2TestJSON:test_get_keypair_detail): 200 POST http://10.180.1.21/compute/v2.1/os-keypairs 1.417s
2024-10-26 01:34:27.069 63222 INFO tempest.lib.common.rest_client [req-e01cfb79-1a33-4994-b14f-a229e0dbcf59 req-e01cfb79-1a33-4994-b14f-a229e0dbcf59 ] Request (ServerDiagnosticsTest:setUpClass): 200 GET http://10.180.1.21/identity/v3/roles 0.016s
2024-10-26 01:34:27.102 63204 INFO tempest.lib.common.rest_client [req-12c75810-8f72-4af6-b322-f4481ffa7454 req-12c75810-8f72-4af6-b322-f4481ffa7454 ] Request (VolumesAssistedSnapshotsTest:test_volume_assisted_snapshot_create_delete): 200 GET http://10.180.1.21/compute/v2.1/servers/f569eee5-8806-4493-8625-52b55513f64c 0.922s
2024-10-26 01:34:27.103 63222 INFO tempest.lib.common.rest_client [req-a98ed842-13f6-4ed2-abd6-e11268ecf7e6 req-a98ed842-13f6-4ed2-abd6-e11268ecf7e6 ] Request (ServerDiagnosticsTest:setUpClass): 204 PUT http://10.180.1.21/identity/v3/projects/0a873aeba5284b0cb64bdf19b28e38d4/users/2421d5410e274cdda439e0851d751db2/roles/61f740e02a094f5984449fcc80a18849 0.033s
2024-10-26 01:34:27.103 63222 INFO tempest.lib.common.dynamic_creds [-] Dynamic test user 2421d5410e274cdda439e0851d751db2 is created with scope project and roles: ['member']
2024-10-26 01:34:27.104 63222 INFO tempest.lib.common.dynamic_creds [-] Acquired dynamic creds: credentials: Credentials: {'domain_id': 'default', 'domain_name': 'Default', 'username': 'tempest-ServerDiagnosticsTest-1080211335-project-member', 'project_domain_id': 'default', 'project_domain_name': 'Default', 'project_id': '0a873aeba5284b0cb64bdf19b28e38d4', 'project_name': 'tempest-ServerDiagnosticsTest-1080211335', 'tenant_id': '0a873aeba5284b0cb64bdf19b28e38d4', 'tenant_name': 'tempest-ServerDiagnosticsTest-1080211335', 'user_domain_id': 'default', 'user_domain_name': 'Default', 'user_id': '2421d5410e274cdda439e0851d751db2', 'system': None}, Network: None, Subnet: None, Router: None
2024-10-26 01:34:27.104 63222 INFO tempest.lib.common.dynamic_creds [-] Created isolated network resources for: credentials: Credentials: {'domain_id': 'default', 'domain_name': 'Default', 'username': 'tempest-ServerDiagnosticsTest-1080211335-project-member', 'project_domain_id': 'default', 'project_domain_name': 'Default', 'project_id': '0a873aeba5284b0cb64bdf19b28e38d4', 'project_name': 'tempest-ServerDiagnosticsTest-1080211335', 'tenant_id': '0a873aeba5284b0cb64bdf19b28e38d4', 'tenant_name': 'tempest-ServerDiagnosticsTest-1080211335', 'user_domain_id': 'default', 'user_domain_name': 'Default', 'user_id': '2421d5410e274cdda439e0851d751db2', 'system': None}, Network: None, Subnet: None, Router: None
2024-10-26 01:34:27.108 63204 INFO tempest.common.waiters [-] State transition "BUILD/None" ==> "BUILD/block_device_mapping" after 10 second wait
2024-10-26 01:34:27.154 63251 INFO tempest.lib.common.rest_client [req-d9826284-7b50-45e6-9556-a847af137b16 req-d9826284-7b50-45e6-9556-a847af137b16 ] Request (ServerGroupTestJSON:setUpClass): 200 PUT http://10.180.1.21:9696/networking/v2.0/routers/6ca85b58-f81f-488d-af1a-0f6e392e00d2/add_router_interface 2.035s
2024-10-26 01:34:27.156 63251 INFO tempest.lib.common.dynamic_creds [-] Created isolated network resources for: credentials: Credentials: {'domain_id': 'default', 'domain_name': 'Default', 'username': 'tempest-ServerGroupTestJSON-1694021366-project-member', 'project_domain_id': 'default', 'project_domain_name': 'Default', 'project_id': '608687386ecf4cedac065d9f2c5c430d', 'project_name': 'tempest-ServerGroupTestJSON-1694021366', 'tenant_id': '608687386ecf4cedac065d9f2c5c430d', 'tenant_name': 'tempest-ServerGroupTestJSON-1694021366', 'user_domain_id': 'default', 'user_domain_name': 'Default', 'user_id': '8762d7e2e0404fd2b1c15c6f438bbe5e', 'system': None}, Network: {'id': 'b9012b62-482c-4b97-8ebe-bd9beb3005c6', 'name': 'tempest-ServerGroupTestJSON-929175293-network', 'tenant_id': '608687386ecf4cedac065d9f2c5c430d', 'admin_state_up': True, 'mtu': 8950, 'status': 'ACTIVE', 'subnets': [], 'shared': False, 'project_id': '608687386ecf4cedac065d9f2c5c430d', 'port_security_enabled': True, 'router:external': False, 'provider:network_type': 'vlan', 'provider:physical_network': 'default', 'provider:segmentation_id': 309, 'is_default': False, 'availability_zone_hints': [], 'availability_zones': [], 'ipv4_address_scope': None, 'ipv6_address_scope': None, 'description': '', 'tags': [], 'created_at': '2024-10-26T01:34:23Z', 'updated_at': '2024-10-26T01:34:23Z', 'revision_number': 1}, Subnet: {'id': '7b892d5d-8603-41ab-b712-e877337e8ea6', 'name': 'tempest-ServerGroupTestJSON-929175293-subnet', 'tenant_id': '608687386ecf4cedac065d9f2c5c430d', 'network_id': 'b9012b62-482c-4b97-8ebe-bd9beb3005c6', 'ip_version': 4, 'subnetpool_id': None, 'enable_dhcp': True, 'ipv6_ra_mode': None, 'ipv6_address_mode': None, 'gateway_ip': '192.168.128.1', 'cidr': '192.168.128.0/28', 'allocation_pools': [{'start': '192.168.128.2', 'end': '192.168.128.14'}], 'host_routes': [], 'dns_nameservers': [], 'description': '', 'router:external': False, 'service_types': [], 'tags': [], 'created_at': '2024-10-26T01:34:23Z', 'updated_at': '2024-10-26T01:34:23Z', 'revision_number': 0, 'project_id': '608687386ecf4cedac065d9f2c5c430d'}, Router: {'id': '6ca85b58-f81f-488d-af1a-0f6e392e00d2', 'name': 'tempest-ServerGroupTestJSON-929175293-router', 'tenant_id': '608687386ecf4cedac065d9f2c5c430d', 'admin_state_up': True, 'status': 'ACTIVE', 'external_gateway_info': {'network_id': '4f6532fc-f5ca-485b-999a-1c13a82747e0', 'external_fixed_ips': [{'subnet_id': '5bbc5ea6-4048-4a59-b2d5-1733181394f7', 'ip_address': '10.180.180.166'}], 'enable_snat': True}, 'description': '', 'availability_zones': [], 'distributed': False, 'ha': False, 'availability_zone_hints': [], 'routes': [], 'flavor_id': None, 'tags': [], 'created_at': '2024-10-26T01:34:24Z', 'updated_at': '2024-10-26T01:34:24Z', 'revision_number': 2, 'project_id': '608687386ecf4cedac065d9f2c5c430d'}
2024-10-26 01:34:27.165 63206 INFO tempest.lib.common.rest_client [req-9d8a55c0-90d5-4ea9-ac54-cb90092ea821 req-9d8a55c0-90d5-4ea9-ac54-cb90092ea821 ] Request (ServersAdminNegativeTestJSON:setUpClass): 200 GET http://10.180.1.21/compute/v2.1/servers/722f0334-6210-46b8-87de-d9bf24812a1f 0.874s
2024-10-26 01:34:27.202 63192 INFO tempest.lib.common.rest_client [req-d8feea27-e0da-444a-b920-6252f8f75a0d req-d8feea27-e0da-444a-b920-6252f8f75a0d ] Request (DeleteServersAdminTestJSON:test_delete_server_while_in_error_state): 200 GET http://10.180.1.21/compute/v2.1/servers/d8653006-b429-44b5-b978-ee00a279e50e 0.824s
2024-10-26 01:34:27.213 63222 INFO tempest.lib.common.rest_client [req-af05bfd3-a1a2-4a02-8142-0589d664472f req-af05bfd3-a1a2-4a02-8142-0589d664472f ] Request (ServerDiagnosticsTest:setUpClass): 201 POST http://10.180.1.21/identity/v3/auth/tokens 0.104s
2024-10-26 01:34:27.251 63200 INFO tempest.lib.common.rest_client [req-cbc56319-309f-49aa-8d62-dd1c2e9586fd req-cbc56319-309f-49aa-8d62-dd1c2e9586fd ] Request (VolumesAdminNegativeTest:test_update_attached_volume_with_nonexistent_volume_in_body): 200 GET http://10.180.1.21/compute/v2.1/servers/288918a3-85be-416d-99fc-fd3450029749 0.872s
2024-10-26 01:34:27.255 63236 INFO tempest.lib.common.rest_client [req-ce02146e-6532-433a-a205-943e84fa4be1 req-ce02146e-6532-433a-a205-943e84fa4be1 ] Request (FloatingIPsAssociationTestJSON:tearDownClass): 200 PUT http://10.180.1.21:9696/networking/v2.0/routers/05459cab-e6f6-40ce-8cca-420a2a4a00a7/remove_router_interface 2.053s
2024-10-26 01:34:27.290 63251 INFO tempest.lib.common.rest_client [req-3d3deb9a-a9af-4d09-a85c-553b92da3ffa req-3d3deb9a-a9af-4d09-a85c-553b92da3ffa ] Request (ServerGroupTestJSON:setUpClass): 201 POST http://10.180.1.21/identity/v3/auth/tokens 0.130s
2024-10-26 01:34:27.292 63242 INFO tempest.lib.common.rest_client [req-b2599280-90e5-4822-9c2c-e32c889ab1e7 req-b2599280-90e5-4822-9c2c-e32c889ab1e7 ] Request (KeyPairsV22TestJSON:test_keypairs_create_list_delete): 201 POST http://10.180.1.21/compute/v2.1/os-keypairs 0.797s
2024-10-26 01:34:27.324 63218 INFO tempest.lib.common.rest_client [req-27a96af2-9276-46c0-9de4-7a01637bb522 req-27a96af2-9276-46c0-9de4-7a01637bb522 ] Request (AggregatesAdminNegativeTestJSON:test_aggregate_delete_as_user): 200 POST http://10.180.1.21/compute/v2.1/os-aggregates 0.788s
2024-10-26 01:34:27.373 63248 INFO tempest.lib.common.rest_client [req-d05ef4e4-d148-4f57-8f1a-acd283ed7a61 req-d05ef4e4-d148-4f57-8f1a-acd283ed7a61 ] Request (HypervisorAdminV228Test:test_get_list_hypervisor_details): 200 GET http://10.180.1.21/compute/v2.1/os-hypervisors 0.914s
2024-10-26 01:34:27.399 63190 INFO tempest.lib.common.rest_client [req-6614c242-9d94-4477-8a84-2600a7eb9843 req-6614c242-9d94-4477-8a84-2600a7eb9843 ] Request (QuotasAdminTestJSON:test_update_all_quota_resources_for_tenant): 200 GET http://10.180.1.21/compute/v2.1/os-quota-sets/d6f1f5d07c6e4026b938df8b5e6540f0/defaults 0.616s
2024-10-26 01:34:27.411 63222 INFO tempest.lib.common.rest_client [req-eebedc3d-6d7e-4b83-bce5-bd39187a7568 req-eebedc3d-6d7e-4b83-bce5-bd39187a7568 ] Request (ServerDiagnosticsTest:setUpClass): 201 POST http://10.180.1.21/identity/v3/projects 0.195s
2024-10-26 01:34:27.485 63222 INFO tempest.lib.common.rest_client [req-aee57b4e-5ada-4083-95c3-8d87f9ce6822 req-aee57b4e-5ada-4083-95c3-8d87f9ce6822 ] Request (ServerDiagnosticsTest:setUpClass): 201 POST http://10.180.1.21/identity/v3/users 0.073s
2024-10-26 01:34:27.502 63232 INFO tempest.lib.common.rest_client [req-5bf1d2a3-54b6-4c54-ae6f-2af93d33df55 req-5bf1d2a3-54b6-4c54-ae6f-2af93d33df55 ] Request (ServersAdmin275Test:_run_cleanups): 200 GET http://10.180.1.21/compute/v2.1/servers/418cd947-00b8-485f-b9fc-2a675c58998d 0.715s
2024-10-26 01:34:27.512 63222 INFO tempest.lib.common.rest_client [req-2ad3e251-5519-4012-8d32-3312f39e6344 req-2ad3e251-5519-4012-8d32-3312f39e6344 ] Request (ServerDiagnosticsTest:setUpClass): 200 GET http://10.180.1.21/identity/v3/roles 0.026s
2024-10-26 01:34:27.572 63222 INFO tempest.lib.common.rest_client [req-937ae8f0-36d0-4c10-bc27-ceffbc6a7db5 req-937ae8f0-36d0-4c10-bc27-ceffbc6a7db5 ] Request (ServerDiagnosticsTest:setUpClass): 204 PUT http://10.180.1.21/identity/v3/projects/c06a4220d826481f8ca047076e0d9c2e/users/4024db20cd07464096a2ef9cfb16b73c/roles/39ba1435ef264b70b0249d8357465170 0.060s
2024-10-26 01:34:27.607 63202 INFO tempest.lib.common.rest_client [req-a40a7045-4e1e-4e04-868a-fed964698cce req-a40a7045-4e1e-4e04-868a-fed964698cce ] Request (ServerActionsV293TestJSON:setUpClass): 200 GET http://10.180.1.21/volume/v3/volumes/b4c4ed52-bbfb-48f0-9ebe-4615188cbdd2 0.044s
2024-10-26 01:34:27.630 63214 INFO tempest.lib.common.rest_client [req-14d00d7a-ce8e-4ac1-b767-dcfe5111a06c req-14d00d7a-ce8e-4ac1-b767-dcfe5111a06c ] Request (ImagesMetadataTestJSON:setUp): 200 PUT http://10.180.1.21/compute/v2.1/images/cb01ddfb-9100-4fc8-a169-8bfa8282dabe/metadata 0.772s
2024-10-26 01:34:27.650 63208 INFO tempest.lib.common.rest_client [req-ccbad797-1199-45f0-b852-e6848277e195 req-ccbad797-1199-45f0-b852-e6848277e195 ] Request (ServicesAdminNegativeTestJSON:test_get_service_by_invalid_params): 200 GET http://10.180.1.21/compute/v2.1/os-services 0.761s
2024-10-26 01:34:27.651 63222 INFO tempest.lib.common.rest_client [req-44111fec-c342-43a0-b630-4385c8979b61 req-44111fec-c342-43a0-b630-4385c8979b61 ] Request (ServerDiagnosticsTest:setUpClass): 200 GET http://10.180.1.21/identity/v3/roles 0.077s
2024-10-26 01:34:27.670 63222 INFO tempest.lib.common.rest_client [req-85950df3-2516-4d7f-9bb6-3f9d675de233 req-85950df3-2516-4d7f-9bb6-3f9d675de233 ] Request (ServerDiagnosticsTest:setUpClass): 204 PUT http://10.180.1.21/identity/v3/projects/c06a4220d826481f8ca047076e0d9c2e/users/4024db20cd07464096a2ef9cfb16b73c/roles/39ba1435ef264b70b0249d8357465170 0.018s
2024-10-26 01:34:27.671 63222 INFO tempest.lib.common.dynamic_creds [-] Dynamic test user 4024db20cd07464096a2ef9cfb16b73c is created with scope project and roles: ['admin']
2024-10-26 01:34:27.671 63222 INFO tempest.lib.common.dynamic_creds [-] Acquired dynamic creds: credentials: Credentials: {'domain_id': 'default', 'domain_name': 'Default', 'username': 'tempest-ServerDiagnosticsTest-1140016908-project-admin', 'project_domain_id': 'default', 'project_domain_name': 'Default', 'project_id': 'c06a4220d826481f8ca047076e0d9c2e', 'project_name': 'tempest-ServerDiagnosticsTest-1140016908', 'tenant_id': 'c06a4220d826481f8ca047076e0d9c2e', 'tenant_name': 'tempest-ServerDiagnosticsTest-1140016908', 'user_domain_id': 'default', 'user_domain_name': 'Default', 'user_id': '4024db20cd07464096a2ef9cfb16b73c', 'system': None}, Network: None, Subnet: None, Router: None
2024-10-26 01:34:27.671 63222 INFO tempest.lib.common.dynamic_creds [-] Created isolated network resources for: credentials: Credentials: {'domain_id': 'default', 'domain_name': 'Default', 'username': 'tempest-ServerDiagnosticsTest-1140016908-project-admin', 'project_domain_id': 'default', 'project_domain_name': 'Default', 'project_id': 'c06a4220d826481f8ca047076e0d9c2e', 'project_name': 'tempest-ServerDiagnosticsTest-1140016908', 'tenant_id': 'c06a4220d826481f8ca047076e0d9c2e', 'tenant_name': 'tempest-ServerDiagnosticsTest-1140016908', 'user_domain_id': 'default', 'user_domain_name': 'Default', 'user_id': '4024db20cd07464096a2ef9cfb16b73c', 'system': None}, Network: None, Subnet: None, Router: None
2024-10-26 01:34:27.731 63234 INFO tempest.lib.common.rest_client [req-0e57957e-6606-4308-b2e1-a5481906bb20 req-0e57957e-6606-4308-b2e1-a5481906bb20 ] Request (ServersTestFqdnHostnames:test_create_server_with_fqdn_name): 200 GET http://10.180.1.21/compute/v2.1/servers/7c98a241-9297-417a-b412-5c279144572b 0.824s
2024-10-26 01:34:27.741 63234 INFO tempest.common.waiters [-] State transition "BUILD/scheduling" ==> "BUILD/None" after 6 second wait
2024-10-26 01:34:27.757 63222 INFO tempest.lib.common.rest_client [req-11ced0c8-bf3a-409e-8a93-25fa9e2b79b9 req-11ced0c8-bf3a-409e-8a93-25fa9e2b79b9 ] Request (ServerDiagnosticsTest:setUpClass): 201 POST http://10.180.1.21/identity/v3/auth/tokens 0.082s
2024-10-26 01:34:27.796 63220 INFO tempest.lib.common.rest_client [req-373680dc-b038-4fed-b7b6-43b51ab80421 req-373680dc-b038-4fed-b7b6-43b51ab80421 ] Request (FloatingIPsNegativeTestJSON:setUpClass): 201 POST http://10.180.1.21:9696/networking/v2.0/routers 2.083s
2024-10-26 01:34:27.829 63228 INFO tempest.lib.common.rest_client [req-7b634c05-60a0-4a76-be3d-030d51cf6909 req-7b634c05-60a0-4a76-be3d-030d51cf6909 ] Request (FlavorsAccessNegativeTestJSON:_run_cleanups): 200 POST http://10.180.1.21/compute/v2.1/flavors/707983439/action 0.896s
2024-10-26 01:34:27.845 63240 INFO tempest.lib.common.rest_client [req-c18e0ca6-0260-4fa6-a872-ab68f99b4980 req-c18e0ca6-0260-4fa6-a872-ab68f99b4980 ] Request (MigrationsAdminTest:test_resize_server_revert_deleted_flavor): 200 GET http://10.180.1.21/compute/v2.1/flavors/42 0.806s
2024-10-26 01:34:27.854 63196 INFO tempest.lib.common.rest_client [req-0635d2d0-afcd-4272-b242-562e27bc9d37 req-0635d2d0-afcd-4272-b242-562e27bc9d37 ] Request (KeyPairsV2TestJSON:test_get_keypair_detail): 200 GET http://10.180.1.21/compute/v2.1/os-keypairs/tempest-keypair-280087187 0.789s
2024-10-26 01:34:27.892 63222 INFO tempest.lib.common.rest_client [req-7cdaff65-7fb2-468f-8a50-8d4c06fc16c0 req-7cdaff65-7fb2-468f-8a50-8d4c06fc16c0 ] Request (ServerDiagnosticsTest:test_get_server_diagnostics): 201 POST http://10.180.1.21/identity/v3/auth/tokens 0.130s
2024-10-26 01:34:27.893 63222 INFO tempest.lib.common.fixed_network [-] (ServerDiagnosticsTest:test_get_server_diagnostics) Found network None available for tenant
2024-10-26 01:34:27.931 63252 INFO tempest.lib.common.rest_client [req-f8930685-5ca6-4489-bde4-ff7a00ca29e1 req-f8930685-5ca6-4489-bde4-ff7a00ca29e1 ] Request (ServerAddressesTestJSON:setUpClass): 200 GET http://10.180.1.21/compute/v2.1/servers/f363ccb6-2c0e-4520-83b1-f41c74ab8bd3 0.829s
2024-10-26 01:34:27.955 63224 INFO tempest.lib.common.rest_client [req-43ac59db-9fa7-457f-9e4b-49e10a5111a4 req-43ac59db-9fa7-457f-9e4b-49e10a5111a4 ] Request (ServerActionsTestJSON:setUpClass): 201 POST http://10.180.1.21:9696/networking/v2.0/networks 1.075s
2024-10-26 01:34:28.030 63230 INFO tempest.lib.common.rest_client [req-bd6d39b9-6628-4553-8378-5a7cf4efebdb req-bd6d39b9-6628-4553-8378-5a7cf4efebdb ] Request (ServersTestMultiNic:test_verify_duplicate_network_nics): 200 GET http://10.180.1.21/compute/v2.1/servers/77418633-2833-47a7-b30f-dca84432d382 0.862s
2024-10-26 01:34:28.046 63236 INFO tempest.lib.common.rest_client [req-6b9170cf-934b-4152-9ace-4f92dc2b4ec4 req-6b9170cf-934b-4152-9ace-4f92dc2b4ec4 ] Request (FloatingIPsAssociationTestJSON:tearDownClass): 204 DELETE http://10.180.1.21:9696/networking/v2.0/routers/05459cab-e6f6-40ce-8cca-420a2a4a00a7 0.791s
2024-10-26 01:34:28.161 63251 INFO tempest.lib.common.rest_client [req-cba8f070-91b4-4293-a2a3-624b2258e27b req-cba8f070-91b4-4293-a2a3-624b2258e27b ] Request (ServerGroupTestJSON:setUp): 200 POST http://10.180.1.21/compute/v2.1/os-server-groups 0.868s
2024-10-26 01:34:28.175 63242 INFO tempest.lib.common.rest_client [req-803084e4-6b63-4e3e-8b84-311bb1dd1707 req-803084e4-6b63-4e3e-8b84-311bb1dd1707 ] Request (KeyPairsV22TestJSON:test_keypairs_create_list_delete): 200 GET http://10.180.1.21/compute/v2.1/os-keypairs 0.881s
2024-10-26 01:34:28.178 63218 INFO tempest.lib.common.rest_client [req-4d2c86c1-15e0-4362-94cd-04dfb5e72d9e req-4d2c86c1-15e0-4362-94cd-04dfb5e72d9e ] Request (AggregatesAdminNegativeTestJSON:test_aggregate_delete_as_user): 403 DELETE http://10.180.1.21/compute/v2.1/os-aggregates/5 0.852s
2024-10-26 01:34:28.197 63248 INFO tempest.lib.common.rest_client [req-7ad8e0a5-6fb7-4841-a129-3f6c2b82d887 req-7ad8e0a5-6fb7-4841-a129-3f6c2b82d887 ] Request (HypervisorAdminV228Test:test_get_list_hypervisor_details): 200 GET http://10.180.1.21/compute/v2.1/os-hypervisors/1 0.822s
2024-10-26 01:34:28.360 63248 INFO tempest.lib.common.rest_client [req-b2e38a21-0d7b-47f3-8c07-c2a4832ad6cb req-b2e38a21-0d7b-47f3-8c07-c2a4832ad6cb ] Request (HypervisorAdminV228Test:tearDownClass): 204 DELETE http://10.180.1.21/identity/v3/users/a038eb33dcea4c58a1b7d6c8312f4736 0.156s
2024-10-26 01:34:28.440 63190 INFO tempest.lib.common.rest_client [req-40b18ec3-316d-47c4-9ac3-4ffa0518ede0 req-40b18ec3-316d-47c4-9ac3-4ffa0518ede0 ] Request (QuotasAdminTestJSON:test_update_all_quota_resources_for_tenant): 200 PUT http://10.180.1.21/compute/v2.1/os-quota-sets/d6f1f5d07c6e4026b938df8b5e6540f0 1.039s
2024-10-26 01:34:28.458 63236 INFO tempest.lib.common.rest_client [req-971ef1ea-5c6e-4274-9dec-ac4aeab0286b req-971ef1ea-5c6e-4274-9dec-ac4aeab0286b ] Request (FloatingIPsAssociationTestJSON:tearDownClass): 204 DELETE http://10.180.1.21:9696/networking/v2.0/subnets/9d42927e-6b16-4516-8b16-43ce7b48f30b 0.411s
2024-10-26 01:34:28.493 63248 INFO tempest.lib.common.rest_client [req-ee104fbc-1ddb-4974-861a-aba95a73fae2 req-ee104fbc-1ddb-4974-861a-aba95a73fae2 ] Request (HypervisorAdminV228Test:tearDownClass): 204 DELETE http://10.180.1.21/identity/v3/users/380465c12c7547279e37b9f422f12efc 0.133s
2024-10-26 01:34:28.493 63248 INFO tempest.lib.common.dynamic_creds [-] Deleting project and security group for project: da45624377124c08aa7b68e4539f87cb
2024-10-26 01:34:28.535 63210 INFO tempest.lib.common.rest_client [req-8c52337d-07b1-48f0-9c49-b13122234d7d req-8c52337d-07b1-48f0-9c49-b13122234d7d ] Request (ServersWithSpecificFlavorTestJSON:test_verify_created_server_ephemeral_disk): 200 GET http://10.180.1.21/compute/v2.1/servers/51db1590-9612-4d23-a49f-e1900f82ed90 1.083s
2024-10-26 01:34:28.574 63214 INFO tempest.lib.common.rest_client [req-fa688233-3ce8-4dd7-b164-06618fc9f75d req-fa688233-3ce8-4dd7-b164-06618fc9f75d ] Request (ImagesMetadataTestJSON:test_list_image_metadata): 200 GET http://10.180.1.21/compute/v2.1/images/cb01ddfb-9100-4fc8-a169-8bfa8282dabe/metadata 0.942s
2024-10-26 01:34:28.598 63248 INFO tempest.lib.common.rest_client [req-7a1de954-c0b0-47e9-a36d-42fe798a9219 req-7a1de954-c0b0-47e9-a36d-42fe798a9219 ] Request (HypervisorAdminV228Test:tearDownClass): 201 POST http://10.180.1.21/identity/v3/auth/tokens 0.104s
2024-10-26 01:34:28.662 63202 INFO tempest.lib.common.rest_client [req-56652e0c-881a-4a42-ac2a-78e86dd8c42f req-56652e0c-881a-4a42-ac2a-78e86dd8c42f ] Request (ServerActionsV293TestJSON:setUpClass): 200 GET http://10.180.1.21/volume/v3/volumes/b4c4ed52-bbfb-48f0-9ebe-4615188cbdd2 0.042s
2024-10-26 01:34:28.669 63216 INFO tempest.lib.common.rest_client [req-08fd4bf7-8506-4841-af89-f4f79ef577e9 req-08fd4bf7-8506-4841-af89-f4f79ef577e9 ] Request (FloatingIPsAssociationNegativeTestJSON:setUpClass): 200 GET http://10.180.1.21/compute/v2.1/servers/21c8106e-8b6c-447b-89e2-df1b34aed12c 1.018s
2024-10-26 01:34:28.708 63208 INFO tempest.lib.common.rest_client [req-71b8ec1e-d0c7-4b58-8b3d-fc1a98c16136 req-71b8ec1e-d0c7-4b58-8b3d-fc1a98c16136 ] Request (ServicesAdminNegativeTestJSON:test_get_service_by_invalid_params): 200 GET http://10.180.1.21/compute/v2.1/os-services?xxx=nova-compute 1.055s
2024-10-26 01:34:28.711 63224 INFO tempest.lib.common.rest_client [req-257b44f7-1858-42ac-b4ac-36d72bb31906 req-257b44f7-1858-42ac-b4ac-36d72bb31906 ] Request (ServerActionsTestJSON:setUpClass): 201 POST http://10.180.1.21:9696/networking/v2.0/subnets 0.755s
2024-10-26 01:34:28.750 63244 INFO tempest.lib.common.rest_client [req-4de5d918-a790-4830-b328-be50e548befd req-4de5d918-a790-4830-b328-be50e548befd ] Request (InstanceActionsV221TestJSON:test_get_list_deleted_instance_actions): 202 POST http://10.180.1.21/compute/v2.1/servers 1.778s
2024-10-26 01:34:28.831 63198 INFO tempest.lib.common.rest_client [req-e16352a4-44cd-4662-b551-fcfb7af1dee2 req-e16352a4-44cd-4662-b551-fcfb7af1dee2 ] Request (ServerDiagnosticsNegativeTest:test_get_server_diagnostics_by_non_admin): 200 GET http://10.180.1.21/compute/v2.1/servers/542169bf-71e2-47f8-a311-8a3dca4ffee7 1.099s
2024-10-26 01:34:28.848 63228 INFO tempest.lib.common.rest_client [req-b58154cf-17ca-437c-a3e9-edbc821ed36a req-b58154cf-17ca-437c-a3e9-edbc821ed36a ] Request (FlavorsAccessNegativeTestJSON:_run_cleanups): 202 DELETE http://10.180.1.21/compute/v2.1/flavors/707983439 1.018s
2024-10-26 01:34:28.861 63212 INFO tempest.lib.common.rest_client [req-20587956-6393-4dc0-9585-43a6747c7236 req-20587956-6393-4dc0-9585-43a6747c7236 ] Request (ServerExternalEventsTest:test_create_server_external_events): 200 GET http://10.180.1.21/compute/v2.1/servers/1dc0311e-2f03-402a-bb31-117289502ab0 1.035s
2024-10-26 01:34:28.872 63240 INFO tempest.lib.common.rest_client [req-e298b6d6-3722-4d6c-822b-cedfa4030adb req-e298b6d6-3722-4d6c-822b-cedfa4030adb ] Request (MigrationsAdminTest:test_resize_server_revert_deleted_flavor): 200 POST http://10.180.1.21/compute/v2.1/flavors 1.025s
2024-10-26 01:34:28.889 63196 INFO tempest.lib.common.rest_client [req-fc099d00-6652-41d3-9fea-ec01d24d2ec3 req-fc099d00-6652-41d3-9fea-ec01d24d2ec3 ] Request (KeyPairsV2TestJSON:_run_cleanups): 202 DELETE http://10.180.1.21/compute/v2.1/os-keypairs/tempest-keypair-280087187 1.030s
2024-10-26 01:34:29.002 63246 INFO tempest.lib.common.rest_client [req-36c908a8-0ea0-4477-a61a-14e259e35d17 req-36c908a8-0ea0-4477-a61a-14e259e35d17 ] Request (ServerPasswordTestJSON:setUpClass): 200 GET http://10.180.1.21/compute/v2.1/servers/6511f90d-82e8-4374-bdaf-0a6cc66a5a65 1.067s
2024-10-26 01:34:29.023 63248 INFO tempest.lib.common.rest_client [req-a92a981c-7969-4683-a39f-290ee9cfff83 req-a92a981c-7969-4683-a39f-290ee9cfff83 ] Request (HypervisorAdminV228Test:tearDownClass): 200 GET http://10.180.1.21:9696/networking/v2.0/security-groups?tenant_id=da45624377124c08aa7b68e4539f87cb&name=default 0.425s
2024-10-26 01:34:29.085 63226 INFO tempest.lib.common.rest_client [req-523c3541-1528-4bd4-aa39-f2e10d8c2c1d req-523c3541-1528-4bd4-aa39-f2e10d8c2c1d ] Request (ServersAdminTestJSON:setUpClass): 200 GET http://10.180.1.21/compute/v2.1/servers/12408f00-ed1d-4b96-bc0c-59779d0eda74 1.070s
2024-10-26 01:34:29.113 63236 INFO tempest.lib.common.rest_client [req-e499d45b-f48f-4697-9590-35840857fd23 req-e499d45b-f48f-4697-9590-35840857fd23 ] Request (FloatingIPsAssociationTestJSON:tearDownClass): 204 DELETE http://10.180.1.21:9696/networking/v2.0/networks/c408eb6c-06c5-45c9-991f-352759bfdd6a 0.655s
2024-10-26 01:34:29.202 63236 INFO tempest.lib.common.rest_client [req-93f43d80-f5cf-4e0e-8d63-f00a51ee2500 req-93f43d80-f5cf-4e0e-8d63-f00a51ee2500 ] Request (FloatingIPsAssociationTestJSON:tearDownClass): 204 DELETE http://10.180.1.21/identity/v3/users/3194a809559f4730815775cef88e849c 0.089s
2024-10-26 01:34:29.203 63236 INFO tempest.lib.common.dynamic_creds [-] Deleting project and security group for project: e8eb7cde31904e13b7e83bcf59a5106c
2024-10-26 01:34:29.259 63248 INFO tempest.lib.common.rest_client [req-8fc44bc3-be0c-421f-af04-4c470076ffc6 req-8fc44bc3-be0c-421f-af04-4c470076ffc6 ] Request (HypervisorAdminV228Test:tearDownClass): 204 DELETE http://10.180.1.21:9696/networking/v2.0/security-groups/8a807de9-ca4a-4fb0-9615-2516d723e482 0.235s
2024-10-26 01:34:29.356 63222 INFO tempest.lib.common.rest_client [req-f33e9603-1122-4787-a4f0-cf7618027a6a req-f33e9603-1122-4787-a4f0-cf7618027a6a ] Request (ServerDiagnosticsTest:test_get_server_diagnostics): 202 POST http://10.180.1.21/compute/v2.1/servers 1.462s
2024-10-26 01:34:29.412 63248 INFO tempest.lib.common.rest_client [req-de32290d-e388-4f67-82f7-f689a8ad5568 req-de32290d-e388-4f67-82f7-f689a8ad5568 ] Request (HypervisorAdminV228Test:tearDownClass): 204 DELETE http://10.180.1.21/identity/v3/projects/da45624377124c08aa7b68e4539f87cb 0.152s
2024-10-26 01:34:29.412 63248 INFO tempest.lib.common.dynamic_creds [-] Deleting project and security group for project: 5002fd92ddce43649cbfd8728bf78d33
2024-10-26 01:34:29.445 63236 INFO tempest.lib.common.rest_client [req-d1725822-7f8e-4930-8fea-37a49dd316f2 req-d1725822-7f8e-4930-8fea-37a49dd316f2 ] Request (FloatingIPsAssociationTestJSON:tearDownClass): 200 GET http://10.180.1.21:9696/networking/v2.0/security-groups?tenant_id=e8eb7cde31904e13b7e83bcf59a5106c&name=default 0.241s
2024-10-26 01:34:29.449 63251 INFO tempest.lib.common.rest_client [req-5c6010e3-e1cb-4686-b4e8-8c98cc291670 req-5c6010e3-e1cb-4686-b4e8-8c98cc291670 ] Request (ServerGroupTestJSON:test_create_delete_multiple_server_groups_with_same_name_policy): 200 POST http://10.180.1.21/compute/v2.1/os-server-groups 1.286s
2024-10-26 01:34:29.562 63206 INFO tempest.lib.common.rest_client [req-845404a3-022f-4f42-8c41-11ea233df1ea req-845404a3-022f-4f42-8c41-11ea233df1ea ] Request (ServersAdminNegativeTestJSON:setUpClass): 200 GET http://10.180.1.21/compute/v2.1/servers/722f0334-6210-46b8-87de-d9bf24812a1f 1.390s
2024-10-26 01:34:29.573 63204 INFO tempest.lib.common.rest_client [req-38d31b26-adc2-4f7d-818c-8c5d92ad5c66 req-38d31b26-adc2-4f7d-818c-8c5d92ad5c66 ] Request (VolumesAssistedSnapshotsTest:test_volume_assisted_snapshot_create_delete): 200 GET http://10.180.1.21/compute/v2.1/servers/f569eee5-8806-4493-8625-52b55513f64c 1.464s
2024-10-26 01:34:29.584 63204 INFO tempest.common.waiters [-] State transition "BUILD/block_device_mapping" ==> "BUILD/spawning" after 12 second wait
2024-10-26 01:34:29.588 63238 INFO tempest.lib.common.rest_client [req-e56374be-9560-4808-95a2-96f40a69195d req-e56374be-9560-4808-95a2-96f40a69195d ] Request (FloatingIPsTestJSON:setUpClass): 201 POST http://10.180.1.21:9696/networking/v2.0/routers 2.689s
2024-10-26 01:34:29.595 63242 INFO tempest.lib.common.rest_client [req-e74b6741-9888-4828-81fb-5da8a29c01ad req-e74b6741-9888-4828-81fb-5da8a29c01ad ] Request (KeyPairsV22TestJSON:_run_cleanups): 204 DELETE http://10.180.1.21/compute/v2.1/os-keypairs/tempest-KeyPairsV22TestJSON-keypair-1900852251 1.418s
2024-10-26 01:34:29.599 63218 INFO tempest.lib.common.rest_client [req-eece4698-73c4-4a1e-a047-560e410d9d13 req-eece4698-73c4-4a1e-a047-560e410d9d13 ] Request (AggregatesAdminNegativeTestJSON:_run_cleanups): 200 DELETE http://10.180.1.21/compute/v2.1/os-aggregates/5 1.421s
2024-10-26 01:34:29.700 63200 INFO tempest.lib.common.rest_client [req-03e698f4-e912-4c71-8f8f-2d9f0fa88b67 req-03e698f4-e912-4c71-8f8f-2d9f0fa88b67 ] Request (VolumesAdminNegativeTest:test_update_attached_volume_with_nonexistent_volume_in_body): 200 GET http://10.180.1.21/compute/v2.1/servers/288918a3-85be-416d-99fc-fd3450029749 1.436s
2024-10-26 01:34:29.707 63248 INFO tempest.lib.common.rest_client [req-3ae80f7b-82d6-4f84-826c-8a578a544f5a req-3ae80f7b-82d6-4f84-826c-8a578a544f5a ] Request (HypervisorAdminV228Test:tearDownClass): 200 GET http://10.180.1.21:9696/networking/v2.0/security-groups?tenant_id=5002fd92ddce43649cbfd8728bf78d33&name=default 0.295s
2024-10-26 01:34:29.710 63192 INFO tempest.lib.common.rest_client [req-7da7d659-de62-4c2f-934c-1a4f16c638e8 req-7da7d659-de62-4c2f-934c-1a4f16c638e8 ] Request (DeleteServersAdminTestJSON:test_delete_server_while_in_error_state): 200 GET http://10.180.1.21/compute/v2.1/servers/d8653006-b429-44b5-b978-ee00a279e50e 1.492s
2024-10-26 01:34:29.712 63202 INFO tempest.lib.common.rest_client [req-bd5993a0-cfed-420e-acab-8d65cb8ec70d req-bd5993a0-cfed-420e-acab-8d65cb8ec70d ] Request (ServerActionsV293TestJSON:setUpClass): 200 GET http://10.180.1.21/volume/v3/volumes/b4c4ed52-bbfb-48f0-9ebe-4615188cbdd2 0.035s
2024-10-26 01:34:29.788 63236 INFO tempest.lib.common.rest_client [req-180f2ebd-d093-4d3b-93c7-05eeec0c9f03 req-180f2ebd-d093-4d3b-93c7-05eeec0c9f03 ] Request (FloatingIPsAssociationTestJSON:tearDownClass): 204 DELETE http://10.180.1.21:9696/networking/v2.0/security-groups/b5313715-4f6d-4bda-9640-adec6b3080b5 0.342s
2024-10-26 01:34:29.801 63232 INFO tempest.lib.common.rest_client [req-dcfaca4d-8ae5-4622-9b81-85f6faeee00c req-dcfaca4d-8ae5-4622-9b81-85f6faeee00c ] Request (ServersAdmin275Test:_run_cleanups): 200 GET http://10.180.1.21/compute/v2.1/servers/418cd947-00b8-485f-b9fc-2a675c58998d 1.286s
2024-10-26 01:34:29.813 63232 INFO tempest.common.waiters [-] State transition "REBUILD/rebuilding" ==> "REBUILD/rebuild_spawning" after 2 second wait
2024-10-26 01:34:29.924 63236 INFO tempest.lib.common.rest_client [req-d25154a1-d267-4197-80d5-dff563ba3740 req-d25154a1-d267-4197-80d5-dff563ba3740 ] Request (FloatingIPsAssociationTestJSON:tearDownClass): 204 DELETE http://10.180.1.21/identity/v3/projects/e8eb7cde31904e13b7e83bcf59a5106c 0.133s
2024-10-26 01:34:30.011 63236 INFO tempest.lib.common.rest_client [req-902c20a3-897b-4260-a3da-941adebdd091 req-902c20a3-897b-4260-a3da-941adebdd091 ] Request (ListImageFiltersTestJSON:setUpClass): 201 POST http://10.180.1.21/identity/v3/auth/tokens 0.076s
2024-10-26 01:34:30.016 63220 INFO tempest.lib.common.rest_client [req-e705bc1e-5008-45e2-9783-17dfc83db19b req-e705bc1e-5008-45e2-9783-17dfc83db19b ] Request (FloatingIPsNegativeTestJSON:setUpClass): 200 PUT http://10.180.1.21:9696/networking/v2.0/routers/7ff5fdaf-9c46-41e3-b7f7-96c54af6d36a/add_router_interface 2.219s
2024-10-26 01:34:30.016 63220 INFO tempest.lib.common.dynamic_creds [-] Created isolated network resources for: credentials: Credentials: {'domain_id': 'default', 'domain_name': 'Default', 'username': 'tempest-FloatingIPsNegativeTestJSON-1890575085-project-member', 'project_domain_id': 'default', 'project_domain_name': 'Default', 'project_id': '61b6dc8c86c542daa0297ab8cb2009b0', 'project_name': 'tempest-FloatingIPsNegativeTestJSON-1890575085', 'tenant_id': '61b6dc8c86c542daa0297ab8cb2009b0', 'tenant_name': 'tempest-FloatingIPsNegativeTestJSON-1890575085', 'user_domain_id': 'default', 'user_domain_name': 'Default', 'user_id': 'cdf1fd62f8704d96b23cb057c52f209e', 'system': None}, Network: {'id': '2ac2f61c-f6ab-475f-a5c7-f37a7e369f9e', 'name': 'tempest-FloatingIPsNegativeTestJSON-1951530787-network', 'tenant_id': '61b6dc8c86c542daa0297ab8cb2009b0', 'admin_state_up': True, 'mtu': 8950, 'status': 'ACTIVE', 'subnets': [], 'shared': False, 'project_id': '61b6dc8c86c542daa0297ab8cb2009b0', 'port_security_enabled': True, 'router:external': False, 'provider:network_type': 'vlan', 'provider:physical_network': 'default', 'provider:segmentation_id': 51, 'is_default': False, 'availability_zone_hints': [], 'availability_zones': [], 'ipv4_address_scope': None, 'ipv6_address_scope': None, 'description': '', 'tags': [], 'created_at': '2024-10-26T01:34:25Z', 'updated_at': '2024-10-26T01:34:25Z', 'revision_number': 1}, Subnet: {'id': '176aa5ff-30c5-4f37-85be-94dee7eb53fa', 'name': 'tempest-FloatingIPsNegativeTestJSON-1951530787-subnet', 'tenant_id': '61b6dc8c86c542daa0297ab8cb2009b0', 'network_id': '2ac2f61c-f6ab-475f-a5c7-f37a7e369f9e', 'ip_version': 4, 'subnetpool_id': None, 'enable_dhcp': True, 'ipv6_ra_mode': None, 'ipv6_address_mode': None, 'gateway_ip': '192.168.128.1', 'cidr': '192.168.128.0/28', 'allocation_pools': [{'start': '192.168.128.2', 'end': '192.168.128.14'}], 'host_routes': [], 'dns_nameservers': [], 'description': '', 'router:external': False, 'service_types': [], 'tags': [], 'created_at': '2024-10-26T01:34:25Z', 'updated_at': '2024-10-26T01:34:25Z', 'revision_number': 0, 'project_id': '61b6dc8c86c542daa0297ab8cb2009b0'}, Router: {'id': '7ff5fdaf-9c46-41e3-b7f7-96c54af6d36a', 'name': 'tempest-FloatingIPsNegativeTestJSON-1951530787-router', 'tenant_id': '61b6dc8c86c542daa0297ab8cb2009b0', 'admin_state_up': True, 'status': 'ACTIVE', 'external_gateway_info': {'network_id': '4f6532fc-f5ca-485b-999a-1c13a82747e0', 'external_fixed_ips': [{'subnet_id': '5bbc5ea6-4048-4a59-b2d5-1733181394f7', 'ip_address': '10.180.180.215'}], 'enable_snat': True}, 'description': '', 'availability_zones': [], 'distributed': False, 'ha': False, 'availability_zone_hints': [], 'routes': [], 'flavor_id': None, 'tags': [], 'created_at': '2024-10-26T01:34:25Z', 'updated_at': '2024-10-26T01:34:27Z', 'revision_number': 2, 'project_id': '61b6dc8c86c542daa0297ab8cb2009b0'}
2024-10-26 01:34:30.048 63248 INFO tempest.lib.common.rest_client [req-0e7ab1d5-960d-4b6d-a57c-4501d7580ff4 req-0e7ab1d5-960d-4b6d-a57c-4501d7580ff4 ] Request (HypervisorAdminV228Test:tearDownClass): 204 DELETE http://10.180.1.21:9696/networking/v2.0/security-groups/53cccfe2-2a3f-4552-bbb4-335a0378d7be 0.340s
2024-10-26 01:34:30.052 63190 INFO tempest.lib.common.rest_client [req-06adaad3-f590-453d-a3f4-4d543e79e3d1 req-06adaad3-f590-453d-a3f4-4d543e79e3d1 ] Request (QuotasAdminTestJSON:_run_cleanups): 200 PUT http://10.180.1.21/compute/v2.1/os-quota-sets/d6f1f5d07c6e4026b938df8b5e6540f0 1.608s
2024-10-26 01:34:30.063 63236 INFO tempest.lib.common.rest_client [req-1e02a6f3-a00f-46f4-b704-4227d7bf8e3c req-1e02a6f3-a00f-46f4-b704-4227d7bf8e3c ] Request (ListImageFiltersTestJSON:setUpClass): 201 POST http://10.180.1.21/identity/v3/auth/tokens 0.048s
2024-10-26 01:34:30.079 63208 INFO tempest.lib.common.rest_client [req-34c922ef-a486-4f9a-97b4-116bdce9426c req-34c922ef-a486-4f9a-97b4-116bdce9426c ] Request (ServicesAdminNegativeTestJSON:test_get_service_by_invalid_service_and_valid_host): 200 GET http://10.180.1.21/compute/v2.1/os-services 1.365s
2024-10-26 01:34:30.115 63220 INFO tempest.lib.common.rest_client [req-5b7bd99e-c810-4689-98ad-47b607c94dcc req-5b7bd99e-c810-4689-98ad-47b607c94dcc ] Request (FloatingIPsNegativeTestJSON:setUpClass): 201 POST http://10.180.1.21/identity/v3/auth/tokens 0.095s
2024-10-26 01:34:30.151 63248 INFO tempest.lib.common.rest_client [req-f580430b-7225-47bd-bea8-4beeaf7e98f4 req-f580430b-7225-47bd-bea8-4beeaf7e98f4 ] Request (HypervisorAdminV228Test:tearDownClass): 204 DELETE http://10.180.1.21/identity/v3/projects/5002fd92ddce43649cbfd8728bf78d33 0.102s
2024-10-26 01:34:30.171 63234 INFO tempest.lib.common.rest_client [req-72d5bc5e-6566-457a-8d1c-3f7533bc644a req-72d5bc5e-6566-457a-8d1c-3f7533bc644a ] Request (ServersTestFqdnHostnames:test_create_server_with_fqdn_name): 200 GET http://10.180.1.21/compute/v2.1/servers/7c98a241-9297-417a-b412-5c279144572b 1.429s
2024-10-26 01:34:30.189 63214 INFO tempest.lib.common.rest_client [req-7081974d-67a0-469c-98b8-2a35f6524140 req-7081974d-67a0-469c-98b8-2a35f6524140 ] Request (ImagesMetadataTestJSON:setUp): 200 PUT http://10.180.1.21/compute/v2.1/images/cb01ddfb-9100-4fc8-a169-8bfa8282dabe/metadata 1.614s
2024-10-26 01:34:30.206 63236 INFO tempest.lib.common.rest_client [req-6a7915b4-29fe-486c-a701-dc47d58e1852 req-6a7915b4-29fe-486c-a701-dc47d58e1852 ] Request (ListImageFiltersTestJSON:setUpClass): 200 GET http://10.180.1.21/identity/v3/domains?name=Default 0.143s
2024-10-26 01:34:30.216 63228 INFO tempest.lib.common.rest_client [req-914d0e5d-e663-402b-9021-26a1101eea81 req-914d0e5d-e663-402b-9021-26a1101eea81 ] Request (FlavorsAccessNegativeTestJSON:_run_cleanups): 200 GET http://10.180.1.21/compute/v2.1/flavors/detail 1.367s
2024-10-26 01:34:30.230 63240 INFO tempest.lib.common.rest_client [req-f284bc31-e4ac-451c-bd44-ed3ead3327ef req-f284bc31-e4ac-451c-bd44-ed3ead3327ef ] Request (MigrationsAdminTest:test_resize_server_revert_deleted_flavor): 200 GET http://10.180.1.21/compute/v2.1/flavors/42/os-extra_specs 1.357s
2024-10-26 01:34:30.235 63190 INFO tempest.lib.common.rest_client [req-2e7c0e12-c8e1-43b7-841f-42c456d36177 req-2e7c0e12-c8e1-43b7-841f-42c456d36177 ] Request (QuotasAdminTestJSON:tearDownClass): 204 DELETE http://10.180.1.21/identity/v3/users/8830932a3a1c49d8b4bdcdb656b20410 0.179s
2024-10-26 01:34:30.257 63244 INFO tempest.lib.common.rest_client [req-b8b04704-0e6c-4f7b-9bee-85ba9570b971 req-b8b04704-0e6c-4f7b-9bee-85ba9570b971 ] Request (InstanceActionsV221TestJSON:test_get_list_deleted_instance_actions): 200 GET http://10.180.1.21/compute/v2.1/servers/8db47d06-230f-4c5e-8bd6-9d5b543455b6 1.505s
2024-10-26 01:34:30.273 63196 INFO tempest.lib.common.rest_client [req-92abe68c-9bb8-47bd-9d29-0f3575375b74 req-92abe68c-9bb8-47bd-9d29-0f3575375b74 ] Request (KeyPairsV2TestJSON:test_keypair_create_delete): 200 POST http://10.180.1.21/compute/v2.1/os-keypairs 1.381s
2024-10-26 01:34:30.299 63248 INFO tempest.lib.common.rest_client [req-d04c4c47-bee8-4bf9-8790-714c26a58373 req-d04c4c47-bee8-4bf9-8790-714c26a58373 ] Request (ImagesOneServerNegativeTestJSON:setUpClass): 201 POST http://10.180.1.21/identity/v3/auth/tokens 0.146s
2024-10-26 01:34:30.316 63194 INFO tempest.lib.common.rest_client [req-150304ff-1c7c-4cd8-902f-94dde7b4231c req-150304ff-1c7c-4cd8-902f-94dde7b4231c ] Request (QuotasAdminTestV236:test_get_updated_quotas): 200 GET http://10.180.1.21/identity/v3/domains?name=Default 0.216s
2024-10-26 01:34:30.338 63230 INFO tempest.lib.common.rest_client [req-18fb4c9e-7935-4e17-ab7a-eb3ceac540c8 req-18fb4c9e-7935-4e17-ab7a-eb3ceac540c8 ] Request (ServersTestMultiNic:test_verify_duplicate_network_nics): 200 GET http://10.180.1.21/compute/v2.1/servers/77418633-2833-47a7-b30f-dca84432d382 1.301s
2024-10-26 01:34:30.344 63236 INFO tempest.lib.common.rest_client [req-91368126-4311-419d-9af0-68d3a3a3051e req-91368126-4311-419d-9af0-68d3a3a3051e ] Request (ListImageFiltersTestJSON:setUpClass): 201 POST http://10.180.1.21/identity/v3/projects 0.137s
2024-10-26 01:34:30.392 63190 INFO tempest.lib.common.rest_client [req-f3179bc0-8518-4809-aed8-9a59af6d6be2 req-f3179bc0-8518-4809-aed8-9a59af6d6be2 ] Request (QuotasAdminTestJSON:tearDownClass): 204 DELETE http://10.180.1.21/identity/v3/users/dbab1fab67b34879841755340536ab9c 0.157s
2024-10-26 01:34:30.393 63190 INFO tempest.lib.common.dynamic_creds [-] Deleting project and security group for project: d6f1f5d07c6e4026b938df8b5e6540f0
2024-10-26 01:34:30.411 63248 INFO tempest.lib.common.rest_client [req-17c082d7-72c2-4232-9421-ee8cf484ba11 req-17c082d7-72c2-4232-9421-ee8cf484ba11 ] Request (ImagesOneServerNegativeTestJSON:setUpClass): 201 POST http://10.180.1.21/identity/v3/auth/tokens 0.110s
2024-10-26 01:34:30.428 63222 INFO tempest.lib.common.rest_client [req-65a95d5a-fbc3-4060-b1da-8f8db16f7157 req-65a95d5a-fbc3-4060-b1da-8f8db16f7157 ] Request (ServerDiagnosticsTest:test_get_server_diagnostics): 200 GET http://10.180.1.21/compute/v2.1/servers/f54e2a1f-987b-40ac-8197-d6e4ad3ba18f 1.071s
2024-10-26 01:34:30.469 63236 INFO tempest.lib.common.rest_client [req-48760f3c-f679-4b33-97e5-e610255c5ab0 req-48760f3c-f679-4b33-97e5-e610255c5ab0 ] Request (ListImageFiltersTestJSON:setUpClass): 201 POST http://10.180.1.21/identity/v3/users 0.124s
2024-10-26 01:34:30.504 63194 INFO tempest.lib.common.rest_client [req-00801208-d60e-43ac-9d71-664f7bc8a258 req-00801208-d60e-43ac-9d71-664f7bc8a258 ] Request (QuotasAdminTestV236:test_get_updated_quotas): 201 POST http://10.180.1.21/identity/v3/projects 0.187s
2024-10-26 01:34:30.528 63251 INFO tempest.lib.common.rest_client [req-e0408d4d-1fa2-43a9-9bde-fd9c85b102fd req-e0408d4d-1fa2-43a9-9bde-fd9c85b102fd ] Request (ServerGroupTestJSON:test_create_delete_multiple_server_groups_with_same_name_policy): 200 POST http://10.180.1.21/compute/v2.1/os-server-groups 1.074s
2024-10-26 01:34:30.563 63190 INFO tempest.lib.common.rest_client [req-d19d61ab-7d4f-4f95-ae9f-373b6240ef5c req-d19d61ab-7d4f-4f95-ae9f-373b6240ef5c ] Request (QuotasAdminTestJSON:tearDownClass): 201 POST http://10.180.1.21/identity/v3/auth/tokens 0.170s
2024-10-26 01:34:30.587 63236 INFO tempest.lib.common.rest_client [req-bccaad94-0f5f-4392-ba9b-22b86aaa24b6 req-bccaad94-0f5f-4392-ba9b-22b86aaa24b6 ] Request (ListImageFiltersTestJSON:setUpClass): 200 GET http://10.180.1.21/identity/v3/roles 0.118s
2024-10-26 01:34:30.619 63248 INFO tempest.lib.common.rest_client [req-fa501f61-5a3f-4dd2-ab51-9033cb76f995 req-fa501f61-5a3f-4dd2-ab51-9033cb76f995 ] Request (ImagesOneServerNegativeTestJSON:setUpClass): 200 GET http://10.180.1.21/identity/v3/domains?name=Default 0.208s
2024-10-26 01:34:30.622 63210 INFO tempest.lib.common.rest_client [req-b7f2b00f-cd66-46be-a5ab-6af757c0ef8b req-b7f2b00f-cd66-46be-a5ab-6af757c0ef8b ] Request (ServersWithSpecificFlavorTestJSON:test_verify_created_server_ephemeral_disk): 200 GET http://10.180.1.21/compute/v2.1/servers/51db1590-9612-4d23-a49f-e1900f82ed90 1.073s
2024-10-26 01:34:30.654 63242 INFO tempest.lib.common.rest_client [req-7a8ea5d5-e765-4581-bd30-f9f1f1bbfbea req-7a8ea5d5-e765-4581-bd30-f9f1f1bbfbea ] Request (KeyPairsV22TestJSON:_run_cleanups): 204 DELETE http://10.180.1.21/compute/v2.1/os-keypairs/tempest-KeyPairsV22TestJSON-keypair-246323387 1.058s
2024-10-26 01:34:30.655 63194 INFO tempest.lib.common.rest_client [req-e7888b60-b9ef-45c2-92fa-53e3332bca66 req-e7888b60-b9ef-45c2-92fa-53e3332bca66 ] Request (QuotasAdminTestV236:test_get_updated_quotas): 200 GET http://10.180.1.21/identity/v3/domains?name=Default 0.150s
2024-10-26 01:34:30.673 63218 INFO tempest.lib.common.rest_client [req-6a83e9b3-e7bb-44b3-a9b6-433ca43ac83f req-6a83e9b3-e7bb-44b3-a9b6-433ca43ac83f ] Request (AggregatesAdminNegativeTestJSON:test_aggregate_delete_with_invalid_id): 404 DELETE http://10.180.1.21/compute/v2.1/os-aggregates/-1 1.071s
2024-10-26 01:34:30.694 63236 INFO tempest.lib.common.rest_client [req-4d8ae7a6-dd63-40b7-aeb5-d1a49b3ff50c req-4d8ae7a6-dd63-40b7-aeb5-d1a49b3ff50c ] Request (ListImageFiltersTestJSON:setUpClass): 204 PUT http://10.180.1.21/identity/v3/projects/d43742a77a784ed087a0105400e61435/users/6165653e44f147ee91e4a2edef90337e/roles/61f740e02a094f5984449fcc80a18849 0.106s
2024-10-26 01:34:30.694 63236 INFO tempest.lib.common.dynamic_creds [-] Dynamic test user 6165653e44f147ee91e4a2edef90337e is created with scope project and roles: ['member']
2024-10-26 01:34:30.694 63236 INFO tempest.lib.common.dynamic_creds [-] Acquired dynamic creds: credentials: Credentials: {'domain_id': 'default', 'domain_name': 'Default', 'username': 'tempest-ListImageFiltersTestJSON-933601881-project-member', 'project_domain_id': 'default', 'project_domain_name': 'Default', 'project_id': 'd43742a77a784ed087a0105400e61435', 'project_name': 'tempest-ListImageFiltersTestJSON-933601881', 'tenant_id': 'd43742a77a784ed087a0105400e61435', 'tenant_name': 'tempest-ListImageFiltersTestJSON-933601881', 'user_domain_id': 'default', 'user_domain_name': 'Default', 'user_id': '6165653e44f147ee91e4a2edef90337e', 'system': None}, Network: None, Subnet: None, Router: None
2024-10-26 01:34:30.695 63236 INFO tempest.lib.common.dynamic_creds [-] Created isolated network resources for: credentials: Credentials: {'domain_id': 'default', 'domain_name': 'Default', 'username': 'tempest-ListImageFiltersTestJSON-933601881-project-member', 'project_domain_id': 'default', 'project_domain_name': 'Default', 'project_id': 'd43742a77a784ed087a0105400e61435', 'project_name': 'tempest-ListImageFiltersTestJSON-933601881', 'tenant_id': 'd43742a77a784ed087a0105400e61435', 'tenant_name': 'tempest-ListImageFiltersTestJSON-933601881', 'user_domain_id': 'default', 'user_domain_name': 'Default', 'user_id': '6165653e44f147ee91e4a2edef90337e', 'system': None}, Network: None, Subnet: None, Router: None
2024-10-26 01:34:30.760 63202 INFO tempest.lib.common.rest_client [req-5e60b7bf-4aca-459f-b641-c374ea76ec94 req-5e60b7bf-4aca-459f-b641-c374ea76ec94 ] Request (ServerActionsV293TestJSON:setUpClass): 200 GET http://10.180.1.21/volume/v3/volumes/b4c4ed52-bbfb-48f0-9ebe-4615188cbdd2 0.038s
2024-10-26 01:34:30.763 63216 INFO tempest.lib.common.rest_client [req-31c7da76-f147-4775-927c-959e6a99eb69 req-31c7da76-f147-4775-927c-959e6a99eb69 ] Request (FloatingIPsAssociationNegativeTestJSON:setUpClass): 200 GET http://10.180.1.21/compute/v2.1/servers/21c8106e-8b6c-447b-89e2-df1b34aed12c 1.083s
2024-10-26 01:34:30.791 63248 INFO tempest.lib.common.rest_client [req-0e2e5efd-7564-499b-a599-fc5f6698eca1 req-0e2e5efd-7564-499b-a599-fc5f6698eca1 ] Request (ImagesOneServerNegativeTestJSON:setUpClass): 201 POST http://10.180.1.21/identity/v3/projects 0.171s
2024-10-26 01:34:30.800 63252 INFO tempest.lib.common.rest_client [req-74e5a77a-eb65-47f1-8d63-f8f9afbfa41b req-74e5a77a-eb65-47f1-8d63-f8f9afbfa41b ] Request (ServerAddressesTestJSON:setUpClass): 200 GET http://10.180.1.21/compute/v2.1/servers/f363ccb6-2c0e-4520-83b1-f41c74ab8bd3 1.856s
2024-10-26 01:34:30.809 63252 INFO tempest.common.waiters [-] State transition "BUILD/None" ==> "BUILD/spawning" after 11 second wait
2024-10-26 01:34:30.840 63198 INFO tempest.lib.common.rest_client [req-493688db-5556-4f63-a104-96c1cc1818ea req-493688db-5556-4f63-a104-96c1cc1818ea ] Request (ServerDiagnosticsNegativeTest:test_get_server_diagnostics_by_non_admin): 200 GET http://10.180.1.21/compute/v2.1/servers/542169bf-71e2-47f8-a311-8a3dca4ffee7 0.998s
2024-10-26 01:34:30.859 63236 INFO tempest.lib.common.rest_client [req-046b56c0-b378-424d-b577-162ba0e07235 req-046b56c0-b378-424d-b577-162ba0e07235 ] Request (ListImageFiltersTestJSON:setUpClass): 201 POST http://10.180.1.21/identity/v3/auth/tokens 0.158s
2024-10-26 01:34:30.891 63248 INFO tempest.lib.common.rest_client [req-77665bda-a687-4b6f-833f-837f89a09f72 req-77665bda-a687-4b6f-833f-837f89a09f72 ] Request (ImagesOneServerNegativeTestJSON:setUpClass): 201 POST http://10.180.1.21/identity/v3/users 0.099s
2024-10-26 01:34:30.898 63212 INFO tempest.lib.common.rest_client [req-10ba3435-040c-429f-90ea-ec1e9f699322 req-10ba3435-040c-429f-90ea-ec1e9f699322 ] Request (ServerExternalEventsTest:test_create_server_external_events): 200 GET http://10.180.1.21/compute/v2.1/servers/1dc0311e-2f03-402a-bb31-117289502ab0 1.025s
2024-10-26 01:34:30.908 63246 INFO tempest.lib.common.rest_client [req-7e97e8d9-1301-4556-8aa7-fb2b79b7e2ea req-7e97e8d9-1301-4556-8aa7-fb2b79b7e2ea ] Request (ServerPasswordTestJSON:setUpClass): 200 GET http://10.180.1.21/compute/v2.1/servers/6511f90d-82e8-4374-bdaf-0a6cc66a5a65 0.895s
2024-10-26 01:34:30.916 63248 INFO tempest.lib.common.rest_client [req-8190524f-7a33-4436-b63a-21d6d8f73c7a req-8190524f-7a33-4436-b63a-21d6d8f73c7a ] Request (ImagesOneServerNegativeTestJSON:setUpClass): 200 GET http://10.180.1.21/identity/v3/roles 0.025s
2024-10-26 01:34:30.920 63208 INFO tempest.lib.common.rest_client [req-b6265853-95db-4091-94e3-2f31371e88d9 req-b6265853-95db-4091-94e3-2f31371e88d9 ] Request (ServicesAdminNegativeTestJSON:test_get_service_by_invalid_service_and_valid_host): 200 GET http://10.180.1.21/compute/v2.1/os-services?host=devstack&binary=xxx 0.837s
