2024-10-26 01:34:13.988 63212 INFO tempest.lib.common.dynamic_creds [-] Created isolated network resources for: credentials: Credentials: {'domain_id': 'default', 'domain_name': 'Default', 'username': 'tempest-ServerExternalEventsTest-1176729700-project-member', 'project_domain_id': 'default', 'project_domain_name': 'Default', 'project_id': 'ab12fb45215443f1b10911673f10c192', 'project_name': 'tempest-ServerExternalEventsTest-1176729700', 'tenant_id': 'ab12fb45215443f1b10911673f10c192', 'tenant_name': 'tempest-ServerExternalEventsTest-1176729700', 'user_domain_id': 'default', 'user_domain_name': 'Default', 'user_id': '51631fa04d9c44eebb7aa61332193582', 'system': None}, Network: None, Subnet: None, Router: None
2024-10-26 01:34:13.996 63222 INFO tempest.lib.common.rest_client [req-1b608f43-9e13-4ebf-b27f-a2583e1bb306 req-1b608f43-9e13-4ebf-b27f-a2583e1bb306 ] Request (SecurityGroupsTestAdminJSON:test_list_security_groups_list_all_tenants_filter): 200 GET http://10.180.1.21/compute/v2.1/os-security-groups?all_tenants=true 6.583s
2024-10-26 01:34:14.006 63224 INFO tempest.lib.common.rest_client [req-e50298c5-0812-457e-9fc4-ad12cdf564c2 req-e50298c5-0812-457e-9fc4-ad12cdf564c2 ] Request (KeyPairsNegativeTestJSON:test_create_keypair_with_duplicate_name): 202 DELETE http://10.180.1.21/compute/v2.1/os-keypairs/tempest-keypair-1311926763 4.286s
2024-10-26 01:34:14.014 63202 INFO tempest.lib.common.rest_client [req-403a4272-bbcb-4d03-94d0-caa653bc6ccd req-403a4272-bbcb-4d03-94d0-caa653bc6ccd ] Request (FlavorsAccessTestJSON:_run_cleanups): 200 GET http://10.180.1.21/compute/v2.1/flavors/detail 4.276s
2024-10-26 01:34:14.023 63251 INFO tempest.lib.common.rest_client [req-8f9a8aac-761e-4764-91f2-8677a0c3f966 req-8f9a8aac-761e-4764-91f2-8677a0c3f966 ] Request (FlavorsExtraSpecsNegativeTestJSON:tearDownClass): 202 DELETE http://10.180.1.21/compute/v2.1/flavors/1385256490 4.278s
2024-10-26 01:34:14.037 63206 INFO tempest.lib.common.rest_client [req-f78e6d13-51f9-4933-88aa-55092ae3d1dd req-f78e6d13-51f9-4933-88aa-55092ae3d1dd ] Request (QuotasSecurityGroupAdminNegativeTest:tearDownClass): 204 DELETE http://10.180.1.21:9696/networking/v2.0/security-groups/908c6ae7-fa98-47cf-9772-00e1ab307d58 0.611s
2024-10-26 01:34:14.041 63228 INFO tempest.lib.common.rest_client [req-1a169a50-d759-43f2-bdcf-c0f1fd202c21 req-1a169a50-d759-43f2-bdcf-c0f1fd202c21 ] Request (FlavorsAccessNegativeTestJSON:_run_cleanups): 200 GET http://10.180.1.21/compute/v2.1/flavors/detail 4.280s
2024-10-26 01:34:14.059 63248 INFO tempest.lib.common.rest_client [req-733dc997-0559-445c-9e96-00f42a9048d1 req-733dc997-0559-445c-9e96-00f42a9048d1 ] Request (FlavorsExtraSpecsTestJSON:test_flavor_set_get_update_show_unset_keys): 200 DELETE http://10.180.1.21/compute/v2.1/flavors/2024785399/os-extra_specs/hw:cpu_policy 3.992s
2024-10-26 01:34:14.067 63210 INFO tempest.lib.common.rest_client [req-65b4ed33-c4cd-4316-9cc5-57476aacce91 req-65b4ed33-c4cd-4316-9cc5-57476aacce91 ] Request (ValidationResourcesFixture:setUp): 201 POST http://10.180.1.21:9696/networking/v2.0/floatingips 2.660s
2024-10-26 01:34:14.068 63242 INFO tempest.lib.common.rest_client [req-5a5271f7-4762-4d30-ad08-bca683e1b182 req-5a5271f7-4762-4d30-ad08-bca683e1b182 ] Request (KeyPairsV22TestJSON:test_get_keypair_detail): 200 GET http://10.180.1.21/compute/v2.1/os-keypairs/tempest-keypair-528045812 3.786s
2024-10-26 01:34:14.087 63212 INFO tempest.lib.common.rest_client [req-b12f4431-1c9e-4c60-a2e3-1c875f1111d9 req-b12f4431-1c9e-4c60-a2e3-1c875f1111d9 ] Request (ServerExternalEventsTest:setUpClass): 201 POST http://10.180.1.21/identity/v3/auth/tokens 0.096s
2024-10-26 01:34:14.134 63202 INFO tempest.lib.common.rest_client [req-08ad1c18-4d5c-407c-80d1-fe7dd3089f7b req-08ad1c18-4d5c-407c-80d1-fe7dd3089f7b ] Request (FlavorsAccessTestJSON:tearDownClass): 204 DELETE http://10.180.1.21/identity/v3/users/a92b786a811a4273a378f1a4083e2333 0.110s
2024-10-26 01:34:14.148 63240 INFO tempest.lib.common.rest_client [req-e611855f-7765-44fb-93e7-472460dff6dd req-e611855f-7765-44fb-93e7-472460dff6dd ] Request (MigrationsAdminTest:test_list_migrations_in_flavor_resize_situation): 200 GET http://10.180.1.21/compute/v2.1/servers/7f376384-c401-418e-94d3-c9136005a11e 3.843s
2024-10-26 01:34:14.450 63206 INFO tempest.lib.common.rest_client [req-b42b34bd-4fa2-4c43-bea9-36f070900334 req-b42b34bd-4fa2-4c43-bea9-36f070900334 ] Request (QuotasSecurityGroupAdminNegativeTest:tearDownClass): 204 DELETE http://10.180.1.21/identity/v3/projects/6a2a417d404e4a908f7bea815eca280c 0.412s
2024-10-26 01:34:14.505 63234 INFO tempest.lib.common.rest_client [req-d3677e8f-4ee9-42bd-a972-48ae632de094 req-d3677e8f-4ee9-42bd-a972-48ae632de094 ] Request (ServersTestFqdnHostnames:test_create_server_with_fqdn_name): 200 POST http://10.180.1.21/compute/v2.1/os-keypairs 4.439s
2024-10-26 01:34:14.534 63212 INFO tempest.lib.common.rest_client [req-9bcb0614-b480-464f-8562-dc5c43a51b81 req-9bcb0614-b480-464f-8562-dc5c43a51b81 ] Request (ServerExternalEventsTest:setUpClass): 201 POST http://10.180.1.21/identity/v3/projects 0.446s
2024-10-26 01:34:14.537 63210 INFO tempest.lib.common.rest_client [req-b88ff053-1533-4049-97d6-4bc1cfdc0cfe req-b88ff053-1533-4049-97d6-4bc1cfdc0cfe ] Request (ServersWithSpecificFlavorTestJSON:test_verify_created_server_ephemeral_disk): 201 POST http://10.180.1.21/identity/v3/auth/tokens 0.414s
2024-10-26 01:34:14.538 63210 INFO tempest.lib.common.fixed_network [-] (ServersWithSpecificFlavorTestJSON:test_verify_created_server_ephemeral_disk) Found network {'id': '99ac67c0-749f-4b57-bbad-53833b4a3de7', 'name': 'tempest-ServersWithSpecificFlavorTestJSON-1798090909-network', 'tenant_id': '451b42f86347460fa0c30e51334de0c3', 'admin_state_up': True, 'mtu': 8950, 'status': 'ACTIVE', 'subnets': [], 'shared': False, 'project_id': '451b42f86347460fa0c30e51334de0c3', 'port_security_enabled': True, 'router:external': False, 'provider:network_type': 'vlan', 'provider:physical_network': 'default', 'provider:segmentation_id': 567, 'is_default': False, 'availability_zone_hints': [], 'availability_zones': [], 'ipv4_address_scope': None, 'ipv6_address_scope': None, 'description': '', 'tags': [], 'created_at': '2024-10-26T01:33:48Z', 'updated_at': '2024-10-26T01:33:48Z', 'revision_number': 1} available for tenant
2024-10-26 01:34:14.623 63206 INFO tempest.lib.common.rest_client [req-a129d0b9-b016-4044-84b4-2793386c4664 req-a129d0b9-b016-4044-84b4-2793386c4664 ] Request (ServersAdminNegativeTestJSON:setUpClass): 201 POST http://10.180.1.21/identity/v3/auth/tokens 0.170s
2024-10-26 01:34:14.678 63214 INFO tempest.lib.common.rest_client [req-8a485dba-bc9f-42b8-bdd0-bed462521405 req-8a485dba-bc9f-42b8-bdd0-bed462521405 ] Request (FloatingIPDetailsNegativeTestJSON:tearDownClass): 204 DELETE http://10.180.1.21:9696/networking/v2.0/networks/fe69a94d-39b2-4986-b9f6-b2612060ade4 1.084s
2024-10-26 01:34:14.705 63202 INFO tempest.lib.common.rest_client [req-6ec3ec18-3ca1-4f48-a16d-6b420dacc04e req-6ec3ec18-3ca1-4f48-a16d-6b420dacc04e ] Request (FlavorsAccessTestJSON:tearDownClass): 204 DELETE http://10.180.1.21/identity/v3/users/37de37474e354e00b731e8d95e81b0cd 0.570s
2024-10-26 01:34:14.706 63202 INFO tempest.lib.common.dynamic_creds [-] Deleting project and security group for project: 466424eacde44df295b541eba2350127
2024-10-26 01:34:14.726 63212 INFO tempest.lib.common.rest_client [req-437a9ee0-62f2-431e-ae02-d07dbe46e928 req-437a9ee0-62f2-431e-ae02-d07dbe46e928 ] Request (ServerExternalEventsTest:setUpClass): 201 POST http://10.180.1.21/identity/v3/users 0.191s
2024-10-26 01:34:14.765 63206 INFO tempest.lib.common.rest_client [req-b93f9831-11f7-4d1a-a14b-c950850f2b65 req-b93f9831-11f7-4d1a-a14b-c950850f2b65 ] Request (ServersAdminNegativeTestJSON:setUpClass): 201 POST http://10.180.1.21/identity/v3/auth/tokens 0.139s
2024-10-26 01:34:14.899 63234 INFO tempest.lib.common.rest_client [req-baa4564e-59bd-4691-9f89-bf17608a17b5 req-baa4564e-59bd-4691-9f89-bf17608a17b5 ] Request (ServersTestFqdnHostnames:test_create_server_with_fqdn_name): 201 POST http://10.180.1.21:9696/networking/v2.0/security-groups 0.392s
2024-10-26 01:34:14.900 63214 INFO tempest.lib.common.rest_client [req-bc11d8f4-b53d-4816-8f92-65791b5ccac9 req-bc11d8f4-b53d-4816-8f92-65791b5ccac9 ] Request (FloatingIPDetailsNegativeTestJSON:tearDownClass): 204 DELETE http://10.180.1.21/identity/v3/users/d78e68ab964e4f15a73450d9910bc8a2 0.221s
2024-10-26 01:34:14.900 63214 INFO tempest.lib.common.dynamic_creds [-] Deleting project and security group for project: 8cc1aafa39684effbbdc699f81695b0a
2024-10-26 01:34:14.911 63208 INFO tempest.lib.common.rest_client [req-de4ebf99-d3b6-4ad7-b112-aaa628376c0a req-de4ebf99-d3b6-4ad7-b112-aaa628376c0a ] Request (QuotasAdminNegativeTest:test_create_server_when_memory_quota_is_full): 200 PUT http://10.180.1.21/compute/v2.1/os-quota-sets/871b813def96460cb9da96e6a57c90cd 4.381s
2024-10-26 01:34:14.918 63202 INFO tempest.lib.common.rest_client [req-c65f4d0c-7303-4603-b504-c0e030d08daf req-c65f4d0c-7303-4603-b504-c0e030d08daf ] Request (FlavorsAccessTestJSON:tearDownClass): 201 POST http://10.180.1.21/identity/v3/auth/tokens 0.212s
2024-10-26 01:34:14.954 63212 INFO tempest.lib.common.rest_client [req-5cdcb79b-6531-4d9f-923d-e63cb7e7df22 req-5cdcb79b-6531-4d9f-923d-e63cb7e7df22 ] Request (ServerExternalEventsTest:setUpClass): 200 GET http://10.180.1.21/identity/v3/roles 0.228s
2024-10-26 01:34:14.970 63206 INFO tempest.lib.common.rest_client [req-16dd7e00-d362-4748-b101-3001d79a8a26 req-16dd7e00-d362-4748-b101-3001d79a8a26 ] Request (ServersAdminNegativeTestJSON:setUpClass): 200 GET http://10.180.1.21/identity/v3/domains?name=Default 0.205s
2024-10-26 01:34:15.003 63192 INFO tempest.lib.common.rest_client [req-8b58050b-d4fb-46e8-a694-3872b418dfe1 req-8b58050b-d4fb-46e8-a694-3872b418dfe1 ] Request (DeleteServersAdminTestJSON:test_admin_delete_servers_of_others): 200 GET http://10.180.1.21/compute/v2.1/servers/977675cb-bcf3-431b-aef1-36f8232b093b 4.111s
2024-10-26 01:34:15.029 63196 INFO tempest.lib.common.rest_client [req-a2144181-a477-4373-8f63-05e35b37037b req-a2144181-a477-4373-8f63-05e35b37037b ] Request (ImagesDeleteNegativeTestJSON:test_delete_image_negative_image_id): 404 DELETE http://10.180.1.21/compute/v2.1/images/-1 3.805s
2024-10-26 01:34:15.030 63208 INFO tempest.lib.common.rest_client [req-2c7d9be5-49a5-46c1-b72e-aa9f745339eb req-2c7d9be5-49a5-46c1-b72e-aa9f745339eb ] Request (QuotasAdminNegativeTest:test_create_server_when_memory_quota_is_full): 201 POST http://10.180.1.21/identity/v3/auth/tokens 0.114s
2024-10-26 01:34:15.031 63208 INFO tempest.lib.common.fixed_network [-] (QuotasAdminNegativeTest:test_create_server_when_memory_quota_is_full) Found network None available for tenant
2024-10-26 01:34:15.035 63214 INFO tempest.lib.common.rest_client [req-326209e6-0379-4d58-b18d-366ed687082a req-326209e6-0379-4d58-b18d-366ed687082a ] Request (FloatingIPDetailsNegativeTestJSON:tearDownClass): 200 GET http://10.180.1.21:9696/networking/v2.0/security-groups?tenant_id=8cc1aafa39684effbbdc699f81695b0a&name=default 0.134s
2024-10-26 01:34:15.065 63212 INFO tempest.lib.common.rest_client [req-d4063e63-a19f-4241-8c88-45b21374debc req-d4063e63-a19f-4241-8c88-45b21374debc ] Request (ServerExternalEventsTest:setUpClass): 204 PUT http://10.180.1.21/identity/v3/projects/1b61ccd5b95548f79e21302293711bbc/users/8b24cef594a34e7385d7446c1ac1fceb/roles/39ba1435ef264b70b0249d8357465170 0.111s
2024-10-26 01:34:15.125 63206 INFO tempest.lib.common.rest_client [req-09fb4e70-c48d-4ae1-8c4a-055178166055 req-09fb4e70-c48d-4ae1-8c4a-055178166055 ] Request (ServersAdminNegativeTestJSON:setUpClass): 201 POST http://10.180.1.21/identity/v3/projects 0.154s
2024-10-26 01:34:15.168 63212 INFO tempest.lib.common.rest_client [req-4bda7d4b-8bdd-497c-87a1-d9329dafb8f5 req-4bda7d4b-8bdd-497c-87a1-d9329dafb8f5 ] Request (ServerExternalEventsTest:setUpClass): 200 GET http://10.180.1.21/identity/v3/roles 0.102s
2024-10-26 01:34:15.184 63206 INFO tempest.lib.common.rest_client [req-3b75d59f-7a73-46e7-9e99-8a392e240d1b req-3b75d59f-7a73-46e7-9e99-8a392e240d1b ] Request (ServersAdminNegativeTestJSON:setUpClass): 201 POST http://10.180.1.21/identity/v3/users 0.059s
2024-10-26 01:34:15.184 63212 INFO tempest.lib.common.rest_client [req-766ba30e-00a9-40bd-8ed3-33d86e7f543e req-766ba30e-00a9-40bd-8ed3-33d86e7f543e ] Request (ServerExternalEventsTest:setUpClass): 204 PUT http://10.180.1.21/identity/v3/projects/1b61ccd5b95548f79e21302293711bbc/users/8b24cef594a34e7385d7446c1ac1fceb/roles/39ba1435ef264b70b0249d8357465170 0.016s
2024-10-26 01:34:15.185 63212 INFO tempest.lib.common.dynamic_creds [-] Dynamic test user 8b24cef594a34e7385d7446c1ac1fceb is created with scope project and roles: ['admin']
2024-10-26 01:34:15.185 63212 INFO tempest.lib.common.dynamic_creds [-] Acquired dynamic creds: credentials: Credentials: {'domain_id': 'default', 'domain_name': 'Default', 'username': 'tempest-ServerExternalEventsTest-389857410-project-admin', 'project_domain_id': 'default', 'project_domain_name': 'Default', 'project_id': '1b61ccd5b95548f79e21302293711bbc', 'project_name': 'tempest-ServerExternalEventsTest-389857410', 'tenant_id': '1b61ccd5b95548f79e21302293711bbc', 'tenant_name': 'tempest-ServerExternalEventsTest-389857410', 'user_domain_id': 'default', 'user_domain_name': 'Default', 'user_id': '8b24cef594a34e7385d7446c1ac1fceb', 'system': None}, Network: None, Subnet: None, Router: None
2024-10-26 01:34:15.185 63212 INFO tempest.lib.common.dynamic_creds [-] Created isolated network resources for: credentials: Credentials: {'domain_id': 'default', 'domain_name': 'Default', 'username': 'tempest-ServerExternalEventsTest-389857410-project-admin', 'project_domain_id': 'default', 'project_domain_name': 'Default', 'project_id': '1b61ccd5b95548f79e21302293711bbc', 'project_name': 'tempest-ServerExternalEventsTest-389857410', 'tenant_id': '1b61ccd5b95548f79e21302293711bbc', 'tenant_name': 'tempest-ServerExternalEventsTest-389857410', 'user_domain_id': 'default', 'user_domain_name': 'Default', 'user_id': '8b24cef594a34e7385d7446c1ac1fceb', 'system': None}, Network: None, Subnet: None, Router: None
2024-10-26 01:34:15.239 63206 INFO tempest.lib.common.rest_client [req-2db95972-f70a-4709-be27-3259ee9ae12a req-2db95972-f70a-4709-be27-3259ee9ae12a ] Request (ServersAdminNegativeTestJSON:setUpClass): 200 GET http://10.180.1.21/identity/v3/roles 0.054s
2024-10-26 01:34:15.260 63212 INFO tempest.lib.common.rest_client [req-21317fb2-674c-4a5f-a459-09a957fe57d0 req-21317fb2-674c-4a5f-a459-09a957fe57d0 ] Request (ServerExternalEventsTest:setUpClass): 201 POST http://10.180.1.21/identity/v3/auth/tokens 0.072s
2024-10-26 01:34:15.276 63206 INFO tempest.lib.common.rest_client [req-c83e1168-a403-4190-885e-6360508a8b8d req-c83e1168-a403-4190-885e-6360508a8b8d ] Request (ServersAdminNegativeTestJSON:setUpClass): 204 PUT http://10.180.1.21/identity/v3/projects/e1dd5a879b4e42e98e871e4739c0f279/users/b752d9b13c50423297fa0c2336f7638a/roles/61f740e02a094f5984449fcc80a18849 0.037s
2024-10-26 01:34:15.277 63206 INFO tempest.lib.common.dynamic_creds [-] Dynamic test user b752d9b13c50423297fa0c2336f7638a is created with scope project and roles: ['member']
2024-10-26 01:34:15.278 63206 INFO tempest.lib.common.dynamic_creds [-] Acquired dynamic creds: credentials: Credentials: {'domain_id': 'default', 'domain_name': 'Default', 'username': 'tempest-ServersAdminNegativeTestJSON-162250365-project-member', 'project_domain_id': 'default', 'project_domain_name': 'Default', 'project_id': 'e1dd5a879b4e42e98e871e4739c0f279', 'project_name': 'tempest-ServersAdminNegativeTestJSON-162250365', 'tenant_id': 'e1dd5a879b4e42e98e871e4739c0f279', 'tenant_name': 'tempest-ServersAdminNegativeTestJSON-162250365', 'user_domain_id': 'default', 'user_domain_name': 'Default', 'user_id': 'b752d9b13c50423297fa0c2336f7638a', 'system': None}, Network: None, Subnet: None, Router: None
2024-10-26 01:34:15.278 63206 INFO tempest.lib.common.dynamic_creds [-] Created isolated network resources for: credentials: Credentials: {'domain_id': 'default', 'domain_name': 'Default', 'username': 'tempest-ServersAdminNegativeTestJSON-162250365-project-member', 'project_domain_id': 'default', 'project_domain_name': 'Default', 'project_id': 'e1dd5a879b4e42e98e871e4739c0f279', 'project_name': 'tempest-ServersAdminNegativeTestJSON-162250365', 'tenant_id': 'e1dd5a879b4e42e98e871e4739c0f279', 'tenant_name': 'tempest-ServersAdminNegativeTestJSON-162250365', 'user_domain_id': 'default', 'user_domain_name': 'Default', 'user_id': 'b752d9b13c50423297fa0c2336f7638a', 'system': None}, Network: None, Subnet: None, Router: None
2024-10-26 01:34:15.283 63234 INFO tempest.lib.common.rest_client [req-eaf8027f-2aaf-4797-a7d1-d88591eedc66 req-eaf8027f-2aaf-4797-a7d1-d88591eedc66 ] Request (ServersTestFqdnHostnames:test_create_server_with_fqdn_name): 201 POST http://10.180.1.21:9696/networking/v2.0/security-group-rules 0.383s
2024-10-26 01:34:15.290 63212 INFO tempest.lib.common.rest_client [req-1d8a14a4-d6b0-4b69-b64f-cf169c611f7a req-1d8a14a4-d6b0-4b69-b64f-cf169c611f7a ] Request (ServerExternalEventsTest:setUpClass): 201 POST http://10.180.1.21/identity/v3/projects 0.029s
2024-10-26 01:34:15.315 63204 INFO tempest.lib.common.rest_client [req-fe7fc4d3-3c36-45be-868b-082636f0fc2b req-fe7fc4d3-3c36-45be-868b-082636f0fc2b ] Request (VolumesAssistedSnapshotsTest:test_volume_assisted_snapshot_create_delete): 202 POST http://10.180.1.21/compute/v2.1/servers 5.006s
2024-10-26 01:34:15.317 63232 INFO tempest.lib.common.rest_client [req-d103b9ca-0bea-48b6-aa34-5b70c9181be8 req-d103b9ca-0bea-48b6-aa34-5b70c9181be8 ] Request (ServersAdmin275Test:test_rebuild_update_server_275): 202 POST http://10.180.1.21/compute/v2.1/servers/418cd947-00b8-485f-b9fc-2a675c58998d/action 3.966s
2024-10-26 01:34:15.346 63212 INFO tempest.lib.common.rest_client [req-3b71a917-d4c0-44fa-8d8b-51b2fbdac105 req-3b71a917-d4c0-44fa-8d8b-51b2fbdac105 ] Request (ServerExternalEventsTest:setUpClass): 201 POST http://10.180.1.21/identity/v3/users 0.054s
2024-10-26 01:34:15.349 63218 INFO tempest.lib.common.rest_client [req-8abd4496-90dd-49d8-8baf-e781021068d9 req-8abd4496-90dd-49d8-8baf-e781021068d9 ] Request (AggregatesAdminNegativeTestJSON:test_aggregate_add_non_exist_host): 404 POST http://10.180.1.21/compute/v2.1/os-aggregates/3/action 3.985s
2024-10-26 01:34:15.361 63212 INFO tempest.lib.common.rest_client [req-3051b430-408b-4dfa-be70-b35ae2ceeb17 req-3051b430-408b-4dfa-be70-b35ae2ceeb17 ] Request (ServerExternalEventsTest:setUpClass): 200 GET http://10.180.1.21/identity/v3/roles 0.015s
2024-10-26 01:34:15.364 63206 INFO tempest.lib.common.rest_client [req-3ec4f04c-e9a5-44c8-84ab-4192206a185c req-3ec4f04c-e9a5-44c8-84ab-4192206a185c ] Request (ServersAdminNegativeTestJSON:setUpClass): 201 POST http://10.180.1.21/identity/v3/auth/tokens 0.083s
2024-10-26 01:34:15.390 63212 INFO tempest.lib.common.rest_client [req-13958e3e-0d6b-4311-8b0d-fa6e6a2760df req-13958e3e-0d6b-4311-8b0d-fa6e6a2760df ] Request (ServerExternalEventsTest:setUpClass): 204 PUT http://10.180.1.21/identity/v3/projects/4e558bf9e3e04a1cadea67f16e2afd53/users/029afdd5eb0b4bb6b28ba2847e382386/roles/d20ed06aed0d4a4386cd36e41ca1c440 0.028s
2024-10-26 01:34:15.403 63206 INFO tempest.lib.common.rest_client [req-ac274ef0-fff3-4ad2-a841-f5f984e004a5 req-ac274ef0-fff3-4ad2-a841-f5f984e004a5 ] Request (ServersAdminNegativeTestJSON:setUpClass): 201 POST http://10.180.1.21/identity/v3/projects 0.038s
2024-10-26 01:34:15.403 63200 INFO tempest.lib.common.rest_client [req-eaf88ecb-9fd8-44c4-b66f-2d6664459b24 req-eaf88ecb-9fd8-44c4-b66f-2d6664459b24 ] Request (VolumesAdminNegativeTest:setUpClass): 201 POST http://10.180.1.21:9696/networking/v2.0/routers 1.988s
2024-10-26 01:34:15.448 63236 INFO tempest.lib.common.rest_client [req-189a1093-46d4-43c4-ad7c-75dae63ad78d req-189a1093-46d4-43c4-ad7c-75dae63ad78d ] Request (FloatingIPsAssociationTestJSON:setUpClass): 200 GET http://10.180.1.21/compute/v2.1/servers/e075df95-2102-4f64-b4ba-a65b8fea78d2 3.823s
2024-10-26 01:34:15.456 63214 INFO tempest.lib.common.rest_client [req-7b169ced-2dd6-4e09-9477-f34c502a2697 req-7b169ced-2dd6-4e09-9477-f34c502a2697 ] Request (FloatingIPDetailsNegativeTestJSON:tearDownClass): 204 DELETE http://10.180.1.21:9696/networking/v2.0/security-groups/9c103682-5a47-440a-8bfb-87d4d0220789 0.419s
2024-10-26 01:34:15.476 63206 INFO tempest.lib.common.rest_client [req-76fb36ae-d2ec-4694-93c2-503a178c54da req-76fb36ae-d2ec-4694-93c2-503a178c54da ] Request (ServersAdminNegativeTestJSON:setUpClass): 201 POST http://10.180.1.21/identity/v3/users 0.071s
2024-10-26 01:34:15.478 63212 INFO tempest.lib.common.rest_client [req-9cc97c8a-d934-4080-ab71-be2ff849a871 req-9cc97c8a-d934-4080-ab71-be2ff849a871 ] Request (ServerExternalEventsTest:setUpClass): 200 GET http://10.180.1.21/identity/v3/roles 0.087s
2024-10-26 01:34:15.513 63234 INFO tempest.lib.common.rest_client [req-9a89da3c-02c0-41de-a19a-e47604172b30 req-9a89da3c-02c0-41de-a19a-e47604172b30 ] Request (ServersTestFqdnHostnames:test_create_server_with_fqdn_name): 201 POST http://10.180.1.21:9696/networking/v2.0/security-group-rules 0.229s
2024-10-26 01:34:15.557 63214 INFO tempest.lib.common.rest_client [req-4c175242-8d5a-4c9b-af04-8d8048eccca4 req-4c175242-8d5a-4c9b-af04-8d8048eccca4 ] Request (FloatingIPDetailsNegativeTestJSON:tearDownClass): 204 DELETE http://10.180.1.21/identity/v3/projects/8cc1aafa39684effbbdc699f81695b0a 0.100s
2024-10-26 01:34:15.582 63202 INFO tempest.lib.common.rest_client [req-0c0043e4-8d74-4131-89cb-0921edf63cee req-0c0043e4-8d74-4131-89cb-0921edf63cee ] Request (FlavorsAccessTestJSON:tearDownClass): 200 GET http://10.180.1.21:9696/networking/v2.0/security-groups?tenant_id=466424eacde44df295b541eba2350127&name=default 0.663s
2024-10-26 01:34:15.615 63206 INFO tempest.lib.common.rest_client [req-8f4e6649-3bad-4c70-a75b-934f0631168b req-8f4e6649-3bad-4c70-a75b-934f0631168b ] Request (ServersAdminNegativeTestJSON:setUpClass): 200 GET http://10.180.1.21/identity/v3/roles 0.138s
2024-10-26 01:34:15.634 63212 INFO tempest.lib.common.rest_client [req-36441a26-0218-4cc0-bc1a-2fc0019c9ee6 req-36441a26-0218-4cc0-bc1a-2fc0019c9ee6 ] Request (ServerExternalEventsTest:setUpClass): 204 PUT http://10.180.1.21/identity/v3/projects/4e558bf9e3e04a1cadea67f16e2afd53/users/029afdd5eb0b4bb6b28ba2847e382386/roles/39ba1435ef264b70b0249d8357465170 0.155s
2024-10-26 01:34:15.634 63212 INFO tempest.lib.common.dynamic_creds [-] Dynamic test user 029afdd5eb0b4bb6b28ba2847e382386 is created with scope project and roles: ['service', 'admin']
2024-10-26 01:34:15.634 63212 INFO tempest.lib.common.dynamic_creds [-] Acquired dynamic creds: credentials: Credentials: {'domain_id': 'default', 'domain_name': 'Default', 'username': 'tempest-ServerExternalEventsTest-1199697445-project', 'project_domain_id': 'default', 'project_domain_name': 'Default', 'project_id': '4e558bf9e3e04a1cadea67f16e2afd53', 'project_name': 'tempest-ServerExternalEventsTest-1199697445', 'tenant_id': '4e558bf9e3e04a1cadea67f16e2afd53', 'tenant_name': 'tempest-ServerExternalEventsTest-1199697445', 'user_domain_id': 'default', 'user_domain_name': 'Default', 'user_id': '029afdd5eb0b4bb6b28ba2847e382386', 'system': None}, Network: None, Subnet: None, Router: None
2024-10-26 01:34:15.634 63212 INFO tempest.lib.common.dynamic_creds [-] Created isolated network resources for: credentials: Credentials: {'domain_id': 'default', 'domain_name': 'Default', 'username': 'tempest-ServerExternalEventsTest-1199697445-project', 'project_domain_id': 'default', 'project_domain_name': 'Default', 'project_id': '4e558bf9e3e04a1cadea67f16e2afd53', 'project_name': 'tempest-ServerExternalEventsTest-1199697445', 'tenant_id': '4e558bf9e3e04a1cadea67f16e2afd53', 'tenant_name': 'tempest-ServerExternalEventsTest-1199697445', 'user_domain_id': 'default', 'user_domain_name': 'Default', 'user_id': '029afdd5eb0b4bb6b28ba2847e382386', 'system': None}, Network: None, Subnet: None, Router: None
2024-10-26 01:34:15.646 63194 INFO tempest.lib.common.rest_client [req-7f95f6d0-170a-4509-b44b-20de2aa83fa0 req-7f95f6d0-170a-4509-b44b-20de2aa83fa0 ] Request (InstanceUsageAuditLogNegativeTestJSON:test_get_instance_usage_audit_logs_with_invalid_time): 400 GET http://10.180.1.21/compute/v2.1/os-instance_usage_audit_log/invalid_time 3.577s
2024-10-26 01:34:15.674 63246 INFO tempest.lib.common.rest_client [req-2c022876-8e2e-40a7-a6ef-e4835325cafe req-2c022876-8e2e-40a7-a6ef-e4835325cafe ] Request (ServerPasswordTestJSON:setUpClass): 200 PUT http://10.180.1.21:9696/networking/v2.0/routers/1a0cac43-cdf2-436e-874c-4a4c2ad5bcf7/add_router_interface 2.487s
2024-10-26 01:34:15.674 63246 INFO tempest.lib.common.dynamic_creds [-] Created isolated network resources for: credentials: Credentials: {'domain_id': 'default', 'domain_name': 'Default', 'username': 'tempest-ServerPasswordTestJSON-1685617635-project-member', 'project_domain_id': 'default', 'project_domain_name': 'Default', 'project_id': 'bde4ba5200d04548b3a1893afc56720a', 'project_name': 'tempest-ServerPasswordTestJSON-1685617635', 'tenant_id': 'bde4ba5200d04548b3a1893afc56720a', 'tenant_name': 'tempest-ServerPasswordTestJSON-1685617635', 'user_domain_id': 'default', 'user_domain_name': 'Default', 'user_id': '460f4570c2074153a6c0e4ae06e4d99a', 'system': None}, Network: {'id': 'b68b4bc6-188a-4bdd-a62e-70d5ac814985', 'name': 'tempest-ServerPasswordTestJSON-467326505-network', 'tenant_id': 'bde4ba5200d04548b3a1893afc56720a', 'admin_state_up': True, 'mtu': 8950, 'status': 'ACTIVE', 'subnets': [], 'shared': False, 'project_id': 'bde4ba5200d04548b3a1893afc56720a', 'port_security_enabled': True, 'router:external': False, 'provider:network_type': 'vlan', 'provider:physical_network': 'default', 'provider:segmentation_id': 179, 'is_default': False, 'availability_zone_hints': [], 'availability_zones': [], 'ipv4_address_scope': None, 'ipv6_address_scope': None, 'description': '', 'tags': [], 'created_at': '2024-10-26T01:34:09Z', 'updated_at': '2024-10-26T01:34:09Z', 'revision_number': 1}, Subnet: {'id': '979fd441-d98a-4e6c-a7ac-de7aa24b1e1b', 'name': 'tempest-ServerPasswordTestJSON-467326505-subnet', 'tenant_id': 'bde4ba5200d04548b3a1893afc56720a', 'network_id': 'b68b4bc6-188a-4bdd-a62e-70d5ac814985', 'ip_version': 4, 'subnetpool_id': None, 'enable_dhcp': True, 'ipv6_ra_mode': None, 'ipv6_address_mode': None, 'gateway_ip': '192.168.128.1', 'cidr': '192.168.128.0/28', 'allocation_pools': [{'start': '192.168.128.2', 'end': '192.168.128.14'}], 'host_routes': [], 'dns_nameservers': [], 'description': '', 'router:external': False, 'service_types': [], 'tags': [], 'created_at': '2024-10-26T01:34:09Z', 'updated_at': '2024-10-26T01:34:09Z', 'revision_number': 0, 'project_id': 'bde4ba5200d04548b3a1893afc56720a'}, Router: {'id': '1a0cac43-cdf2-436e-874c-4a4c2ad5bcf7', 'name': 'tempest-ServerPasswordTestJSON-467326505-router', 'tenant_id': 'bde4ba5200d04548b3a1893afc56720a', 'admin_state_up': True, 'status': 'ACTIVE', 'external_gateway_info': {'network_id': '4f6532fc-f5ca-485b-999a-1c13a82747e0', 'external_fixed_ips': [{'subnet_id': '5bbc5ea6-4048-4a59-b2d5-1733181394f7', 'ip_address': '10.180.180.157'}], 'enable_snat': True}, 'description': '', 'availability_zones': [], 'distributed': False, 'ha': False, 'availability_zone_hints': [], 'routes': [], 'flavor_id': None, 'tags': [], 'created_at': '2024-10-26T01:34:10Z', 'updated_at': '2024-10-26T01:34:12Z', 'revision_number': 2, 'project_id': 'bde4ba5200d04548b3a1893afc56720a'}
2024-10-26 01:34:15.686 63214 INFO tempest.lib.common.rest_client [req-d15eb00d-4265-465a-8f2c-74175ef9bc97 req-d15eb00d-4265-465a-8f2c-74175ef9bc97 ] Request (ImagesMetadataTestJSON:setUpClass): 201 POST http://10.180.1.21/identity/v3/auth/tokens 0.127s
2024-10-26 01:34:15.720 63206 INFO tempest.lib.common.rest_client [req-045e091d-626b-401e-b3df-76e394b50a02 req-045e091d-626b-401e-b3df-76e394b50a02 ] Request (ServersAdminNegativeTestJSON:setUpClass): 204 PUT http://10.180.1.21/identity/v3/projects/2daff6252924453684956f59c1de0739/users/2e81b070a1754ce79e7477fdfa3c30d7/roles/39ba1435ef264b70b0249d8357465170 0.105s
2024-10-26 01:34:15.747 63230 INFO tempest.lib.common.rest_client [req-de0481d0-32ac-49df-ad2c-4b15ea9f2f14 req-de0481d0-32ac-49df-ad2c-4b15ea9f2f14 ] Request (ServersTestMultiNic:test_verify_duplicate_network_nics): 200 GET http://10.180.1.21/compute/v2.1/servers/77418633-2833-47a7-b30f-dca84432d382 3.701s
2024-10-26 01:34:15.776 63212 INFO tempest.lib.common.rest_client [req-b6070885-e229-48e0-ab92-7335d8af3e55 req-b6070885-e229-48e0-ab92-7335d8af3e55 ] Request (ServerExternalEventsTest:setUpClass): 201 POST http://10.180.1.21/identity/v3/auth/tokens 0.134s
2024-10-26 01:34:15.837 63246 INFO tempest.lib.common.rest_client [req-d45088a5-d859-43ea-887c-e2dd958e025a req-d45088a5-d859-43ea-887c-e2dd958e025a ] Request (ServerPasswordTestJSON:setUpClass): 201 POST http://10.180.1.21/identity/v3/auth/tokens 0.159s
2024-10-26 01:34:15.878 63206 INFO tempest.lib.common.rest_client [req-9c044e51-c5e1-4511-a878-5f7c24cc5848 req-9c044e51-c5e1-4511-a878-5f7c24cc5848 ] Request (ServersAdminNegativeTestJSON:setUpClass): 200 GET http://10.180.1.21/identity/v3/roles 0.158s
2024-10-26 01:34:15.886 63214 INFO tempest.lib.common.rest_client [req-b522d015-ae11-43ad-a5ac-e0d527c08249 req-b522d015-ae11-43ad-a5ac-e0d527c08249 ] Request (ImagesMetadataTestJSON:setUpClass): 201 POST http://10.180.1.21/identity/v3/auth/tokens 0.191s
2024-10-26 01:34:15.913 63246 INFO tempest.lib.common.rest_client [req-f49d2a39-f182-4c0b-8226-6b63e99be928 req-f49d2a39-f182-4c0b-8226-6b63e99be928 ] Request (ServerPasswordTestJSON:setUpClass): 201 POST http://10.180.1.21/identity/v3/auth/tokens 0.072s
2024-10-26 01:34:15.914 63246 INFO tempest.lib.common.fixed_network [-] (ServerPasswordTestJSON:setUpClass) Found network {'id': 'b68b4bc6-188a-4bdd-a62e-70d5ac814985', 'name': 'tempest-ServerPasswordTestJSON-467326505-network', 'tenant_id': 'bde4ba5200d04548b3a1893afc56720a', 'admin_state_up': True, 'mtu': 8950, 'status': 'ACTIVE', 'subnets': [], 'shared': False, 'project_id': 'bde4ba5200d04548b3a1893afc56720a', 'port_security_enabled': True, 'router:external': False, 'provider:network_type': 'vlan', 'provider:physical_network': 'default', 'provider:segmentation_id': 179, 'is_default': False, 'availability_zone_hints': [], 'availability_zones': [], 'ipv4_address_scope': None, 'ipv6_address_scope': None, 'description': '', 'tags': [], 'created_at': '2024-10-26T01:34:09Z', 'updated_at': '2024-10-26T01:34:09Z', 'revision_number': 1} available for tenant
2024-10-26 01:34:15.930 63206 INFO tempest.lib.common.rest_client [req-f8466b3c-9bbf-41b2-a920-07aba82cc997 req-f8466b3c-9bbf-41b2-a920-07aba82cc997 ] Request (ServersAdminNegativeTestJSON:setUpClass): 204 PUT http://10.180.1.21/identity/v3/projects/2daff6252924453684956f59c1de0739/users/2e81b070a1754ce79e7477fdfa3c30d7/roles/39ba1435ef264b70b0249d8357465170 0.051s
2024-10-26 01:34:15.930 63206 INFO tempest.lib.common.dynamic_creds [-] Dynamic test user 2e81b070a1754ce79e7477fdfa3c30d7 is created with scope project and roles: ['admin']
2024-10-26 01:34:15.930 63206 INFO tempest.lib.common.dynamic_creds [-] Acquired dynamic creds: credentials: Credentials: {'domain_id': 'default', 'domain_name': 'Default', 'username': 'tempest-ServersAdminNegativeTestJSON-324307814-project-admin', 'project_domain_id': 'default', 'project_domain_name': 'Default', 'project_id': '2daff6252924453684956f59c1de0739', 'project_name': 'tempest-ServersAdminNegativeTestJSON-324307814', 'tenant_id': '2daff6252924453684956f59c1de0739', 'tenant_name': 'tempest-ServersAdminNegativeTestJSON-324307814', 'user_domain_id': 'default', 'user_domain_name': 'Default', 'user_id': '2e81b070a1754ce79e7477fdfa3c30d7', 'system': None}, Network: None, Subnet: None, Router: None
2024-10-26 01:34:15.931 63206 INFO tempest.lib.common.dynamic_creds [-] Created isolated network resources for: credentials: Credentials: {'domain_id': 'default', 'domain_name': 'Default', 'username': 'tempest-ServersAdminNegativeTestJSON-324307814-project-admin', 'project_domain_id': 'default', 'project_domain_name': 'Default', 'project_id': '2daff6252924453684956f59c1de0739', 'project_name': 'tempest-ServersAdminNegativeTestJSON-324307814', 'tenant_id': '2daff6252924453684956f59c1de0739', 'tenant_name': 'tempest-ServersAdminNegativeTestJSON-324307814', 'user_domain_id': 'default', 'user_domain_name': 'Default', 'user_id': '2e81b070a1754ce79e7477fdfa3c30d7', 'system': None}, Network: None, Subnet: None, Router: None
2024-10-26 01:34:15.946 63212 INFO tempest.lib.common.rest_client [req-71d104a9-7282-45c0-a0c4-77f6b2824605 req-71d104a9-7282-45c0-a0c4-77f6b2824605 ] Request (ServerExternalEventsTest:test_create_server_external_events): 201 POST http://10.180.1.21/identity/v3/auth/tokens 0.162s
2024-10-26 01:34:15.947 63212 INFO tempest.lib.common.fixed_network [-] (ServerExternalEventsTest:test_create_server_external_events) Found network None available for tenant
2024-10-26 01:34:15.996 63214 INFO tempest.lib.common.rest_client [req-11f54f2f-b063-44e1-add2-1047b66c0ea2 req-11f54f2f-b063-44e1-add2-1047b66c0ea2 ] Request (ImagesMetadataTestJSON:setUpClass): 200 GET http://10.180.1.21/identity/v3/domains?name=Default 0.106s
2024-10-26 01:34:16.002 63202 INFO tempest.lib.common.rest_client [req-bc9a5d14-837c-4424-83ca-4f5e5380818f req-bc9a5d14-837c-4424-83ca-4f5e5380818f ] Request (FlavorsAccessTestJSON:tearDownClass): 204 DELETE http://10.180.1.21:9696/networking/v2.0/security-groups/c5ec9649-756f-4d2f-a304-4d1b4efef50b 0.420s
2024-10-26 01:34:16.031 63214 INFO tempest.lib.common.rest_client [req-3b6cad37-a126-4534-a0bc-4a0e986616e2 req-3b6cad37-a126-4534-a0bc-4a0e986616e2 ] Request (ImagesMetadataTestJSON:setUpClass): 201 POST http://10.180.1.21/identity/v3/projects 0.034s
2024-10-26 01:34:16.056 63206 INFO tempest.lib.common.rest_client [req-b6d0ee51-6394-4cb8-ab95-f735a7dddde1 req-b6d0ee51-6394-4cb8-ab95-f735a7dddde1 ] Request (ServersAdminNegativeTestJSON:setUpClass): 201 POST http://10.180.1.21/identity/v3/auth/tokens 0.117s
2024-10-26 01:34:16.122 63202 INFO tempest.lib.common.rest_client [req-dda6e4f5-fbe1-437a-93f3-69f8c5f4cd1f req-dda6e4f5-fbe1-437a-93f3-69f8c5f4cd1f ] Request (FlavorsAccessTestJSON:tearDownClass): 204 DELETE http://10.180.1.21/identity/v3/projects/466424eacde44df295b541eba2350127 0.119s
2024-10-26 01:34:16.123 63202 INFO tempest.lib.common.dynamic_creds [-] Deleting project and security group for project: 6284d43f10b5453c8d323d3b09b5070f
2024-10-26 01:34:16.149 63226 INFO tempest.lib.common.rest_client [req-fa2b36f2-a747-4db5-907c-4d703dea3940 req-fa2b36f2-a747-4db5-907c-4d703dea3940 ] Request (ServersAdminTestJSON:setUpClass): 200 PUT http://10.180.1.21:9696/networking/v2.0/routers/51badb5c-ac77-477f-ad8e-5208831c23f7/add_router_interface 4.482s
2024-10-26 01:34:16.150 63226 INFO tempest.lib.common.dynamic_creds [-] Created isolated network resources for: credentials: Credentials: {'domain_id': 'default', 'domain_name': 'Default', 'username': 'tempest-ServersAdminTestJSON-1691516217-project-admin', 'project_domain_id': 'default', 'project_domain_name': 'Default', 'project_id': '90e8af97068d429f880f3328b0695af9', 'project_name': 'tempest-ServersAdminTestJSON-1691516217', 'tenant_id': '90e8af97068d429f880f3328b0695af9', 'tenant_name': 'tempest-ServersAdminTestJSON-1691516217', 'user_domain_id': 'default', 'user_domain_name': 'Default', 'user_id': '8b7099d9a7d84d4db15e158938718738', 'system': None}, Network: {'id': 'b1cbcbce-99b5-4da4-8f32-1cf48c517771', 'name': 'tempest-ServersAdminTestJSON-1139133682-network', 'tenant_id': '90e8af97068d429f880f3328b0695af9', 'admin_state_up': True, 'mtu': 8950, 'status': 'ACTIVE', 'subnets': [], 'shared': False, 'project_id': '90e8af97068d429f880f3328b0695af9', 'port_security_enabled': True, 'router:external': False, 'provider:network_type': 'vlan', 'provider:physical_network': 'default', 'provider:segmentation_id': 225, 'is_default': False, 'availability_zone_hints': [], 'availability_zones': [], 'ipv4_address_scope': None, 'ipv6_address_scope': None, 'description': '', 'tags': [], 'created_at': '2024-10-26T01:34:06Z', 'updated_at': '2024-10-26T01:34:06Z', 'revision_number': 1}, Subnet: {'id': '895f10e9-2148-4208-8db5-ac4ac662d592', 'name': 'tempest-ServersAdminTestJSON-1139133682-subnet', 'tenant_id': '90e8af97068d429f880f3328b0695af9', 'network_id': 'b1cbcbce-99b5-4da4-8f32-1cf48c517771', 'ip_version': 4, 'subnetpool_id': None, 'enable_dhcp': True, 'ipv6_ra_mode': None, 'ipv6_address_mode': None, 'gateway_ip': '192.168.128.1', 'cidr': '192.168.128.0/28', 'allocation_pools': [{'start': '192.168.128.2', 'end': '192.168.128.14'}], 'host_routes': [], 'dns_nameservers': [], 'description': '', 'router:external': False, 'service_types': [], 'tags': [], 'created_at': '2024-10-26T01:34:07Z', 'updated_at': '2024-10-26T01:34:07Z', 'revision_number': 0, 'project_id': '90e8af97068d429f880f3328b0695af9'}, Router: {'id': '51badb5c-ac77-477f-ad8e-5208831c23f7', 'name': 'tempest-ServersAdminTestJSON-1139133682-router', 'tenant_id': '90e8af97068d429f880f3328b0695af9', 'admin_state_up': True, 'status': 'ACTIVE', 'external_gateway_info': {'network_id': '4f6532fc-f5ca-485b-999a-1c13a82747e0', 'external_fixed_ips': [{'subnet_id': '5bbc5ea6-4048-4a59-b2d5-1733181394f7', 'ip_address': '10.180.180.131'}], 'enable_snat': True}, 'description': '', 'availability_zones': [], 'distributed': False, 'ha': False, 'availability_zone_hints': [], 'routes': [], 'flavor_id': None, 'tags': [], 'created_at': '2024-10-26T01:34:08Z', 'updated_at': '2024-10-26T01:34:10Z', 'revision_number': 2, 'project_id': '90e8af97068d429f880f3328b0695af9'}
2024-10-26 01:34:16.183 63214 INFO tempest.lib.common.rest_client [req-79068694-a056-4bc1-8c45-3b657b06ec78 req-79068694-a056-4bc1-8c45-3b657b06ec78 ] Request (ImagesMetadataTestJSON:setUpClass): 201 POST http://10.180.1.21/identity/v3/users 0.151s
2024-10-26 01:34:16.216 63206 INFO tempest.lib.common.rest_client [req-d85c6ff7-11fc-4a80-9cdc-ca694c6457c6 req-d85c6ff7-11fc-4a80-9cdc-ca694c6457c6 ] Request (ServersAdminNegativeTestJSON:setUpClass): 201 POST http://10.180.1.21/identity/v3/auth/tokens 0.156s
2024-10-26 01:34:16.217 63206 INFO tempest.lib.common.fixed_network [-] (ServersAdminNegativeTestJSON:setUpClass) Found network None available for tenant
2024-10-26 01:34:16.234 63214 INFO tempest.lib.common.rest_client [req-5fadffe3-c465-4210-88d4-fd11b2ecb7fc req-5fadffe3-c465-4210-88d4-fd11b2ecb7fc ] Request (ImagesMetadataTestJSON:setUpClass): 200 GET http://10.180.1.21/identity/v3/roles 0.050s
2024-10-26 01:34:16.253 63226 INFO tempest.lib.common.rest_client [req-16b79cb3-7a41-43aa-bb3e-c42671addfc6 req-16b79cb3-7a41-43aa-bb3e-c42671addfc6 ] Request (ServersAdminTestJSON:setUpClass): 201 POST http://10.180.1.21/identity/v3/auth/tokens 0.100s
2024-10-26 01:34:16.262 63214 INFO tempest.lib.common.rest_client [req-13e167a6-a607-4bc0-8e6f-bbef7ffc589b req-13e167a6-a607-4bc0-8e6f-bbef7ffc589b ] Request (ImagesMetadataTestJSON:setUpClass): 204 PUT http://10.180.1.21/identity/v3/projects/d6529037a302419db60365c4eacbf07a/users/848d8f8f2dde44778a3e56cf5dec4644/roles/61f740e02a094f5984449fcc80a18849 0.028s
2024-10-26 01:34:16.262 63214 INFO tempest.lib.common.dynamic_creds [-] Dynamic test user 848d8f8f2dde44778a3e56cf5dec4644 is created with scope project and roles: ['member']
2024-10-26 01:34:16.263 63214 INFO tempest.lib.common.dynamic_creds [-] Acquired dynamic creds: credentials: Credentials: {'domain_id': 'default', 'domain_name': 'Default', 'username': 'tempest-ImagesMetadataTestJSON-1649280634-project-member', 'project_domain_id': 'default', 'project_domain_name': 'Default', 'project_id': 'd6529037a302419db60365c4eacbf07a', 'project_name': 'tempest-ImagesMetadataTestJSON-1649280634', 'tenant_id': 'd6529037a302419db60365c4eacbf07a', 'tenant_name': 'tempest-ImagesMetadataTestJSON-1649280634', 'user_domain_id': 'default', 'user_domain_name': 'Default', 'user_id': '848d8f8f2dde44778a3e56cf5dec4644', 'system': None}, Network: None, Subnet: None, Router: None
2024-10-26 01:34:16.263 63214 INFO tempest.lib.common.dynamic_creds [-] Created isolated network resources for: credentials: Credentials: {'domain_id': 'default', 'domain_name': 'Default', 'username': 'tempest-ImagesMetadataTestJSON-1649280634-project-member', 'project_domain_id': 'default', 'project_domain_name': 'Default', 'project_id': 'd6529037a302419db60365c4eacbf07a', 'project_name': 'tempest-ImagesMetadataTestJSON-1649280634', 'tenant_id': 'd6529037a302419db60365c4eacbf07a', 'tenant_name': 'tempest-ImagesMetadataTestJSON-1649280634', 'user_domain_id': 'default', 'user_domain_name': 'Default', 'user_id': '848d8f8f2dde44778a3e56cf5dec4644', 'system': None}, Network: None, Subnet: None, Router: None
2024-10-26 01:34:16.308 63226 INFO tempest.lib.common.rest_client [req-a6b55841-45f9-487b-b5a9-8b838b3e2fa4 req-a6b55841-45f9-487b-b5a9-8b838b3e2fa4 ] Request (ServersAdminTestJSON:setUpClass): 201 POST http://10.180.1.21/identity/v3/auth/tokens 0.052s
2024-10-26 01:34:16.308 63226 INFO tempest.lib.common.fixed_network [-] (ServersAdminTestJSON:setUpClass) Found network {'id': '27aad935-31e2-4358-a509-6b295b4fe92c', 'name': 'tempest-ServersAdminTestJSON-726463161-network', 'tenant_id': '602039593ae34a56a98329d98d94eb5a', 'admin_state_up': True, 'mtu': 8950, 'status': 'ACTIVE', 'subnets': [], 'shared': False, 'project_id': '602039593ae34a56a98329d98d94eb5a', 'port_security_enabled': True, 'router:external': False, 'provider:network_type': 'vlan', 'provider:physical_network': 'default', 'provider:segmentation_id': 416, 'is_default': False, 'availability_zone_hints': [], 'availability_zones': [], 'ipv4_address_scope': None, 'ipv6_address_scope': None, 'description': '', 'tags': [], 'created_at': '2024-10-26T01:33:59Z', 'updated_at': '2024-10-26T01:33:59Z', 'revision_number': 1} available for tenant
2024-10-26 01:34:16.333 63214 INFO tempest.lib.common.rest_client [req-6ba00938-9f4d-45d5-810d-791e68f1214b req-6ba00938-9f4d-45d5-810d-791e68f1214b ] Request (ImagesMetadataTestJSON:setUpClass): 201 POST http://10.180.1.21/identity/v3/auth/tokens 0.065s
2024-10-26 01:34:16.342 63202 INFO tempest.lib.common.rest_client [req-685998a0-7e07-48ff-bba6-5e420c96e7b3 req-685998a0-7e07-48ff-bba6-5e420c96e7b3 ] Request (FlavorsAccessTestJSON:tearDownClass): 200 GET http://10.180.1.21:9696/networking/v2.0/security-groups?tenant_id=6284d43f10b5453c8d323d3b09b5070f&name=default 0.219s
2024-10-26 01:34:16.356 63244 INFO tempest.lib.common.rest_client [req-fb24f93f-b3d0-4a2a-94d7-d6cae80243d7 req-fb24f93f-b3d0-4a2a-94d7-d6cae80243d7 ] Request (FloatingIPDetailsTestJSON:tearDownClass): 202 DELETE http://10.180.1.21/compute/v2.1/os-floating-ips/c9201f9c-eab3-444a-ae42-386170f60097 3.120s
2024-10-26 01:34:16.357 63234 INFO tempest.lib.common.rest_client [req-1dc7b377-750e-49e4-9572-7ea9de3a996e req-1dc7b377-750e-49e4-9572-7ea9de3a996e ] Request (ServersTestFqdnHostnames:test_create_server_with_fqdn_name): 201 POST http://10.180.1.21:9696/networking/v2.0/floatingips 0.843s
2024-10-26 01:34:16.368 63220 INFO tempest.lib.common.rest_client [req-c4e2d4c1-390d-4e73-b1d4-37524b025ee9 req-c4e2d4c1-390d-4e73-b1d4-37524b025ee9 ] Request (HostsAdminNegativeTestJSON:test_update_host_with_non_admin_user): 403 PUT http://10.180.1.21/compute/v2.1/os-hosts/devstack 3.119s
2024-10-26 01:34:16.430 63234 INFO tempest.lib.common.rest_client [req-c66df0e8-8ecc-4ac2-838b-a37d095a0a0b req-c66df0e8-8ecc-4ac2-838b-a37d095a0a0b ] Request (ServersTestFqdnHostnames:test_create_server_with_fqdn_name): 201 POST http://10.180.1.21/identity/v3/auth/tokens 0.071s
2024-10-26 01:34:16.431 63234 INFO tempest.lib.common.fixed_network [-] (ServersTestFqdnHostnames:test_create_server_with_fqdn_name) Found network {'id': '4c1e7105-ee0b-4748-94a0-42e5088d24d2', 'name': 'tempest-ServersTestFqdnHostnames-448036880-network', 'tenant_id': '1427ec86cfc64c1e8db03445199a4d62', 'admin_state_up': True, 'mtu': 8950, 'status': 'ACTIVE', 'subnets': [], 'shared': False, 'project_id': '1427ec86cfc64c1e8db03445199a4d62', 'port_security_enabled': True, 'router:external': False, 'provider:network_type': 'vlan', 'provider:physical_network': 'default', 'provider:segmentation_id': 874, 'is_default': False, 'availability_zone_hints': [], 'availability_zones': [], 'ipv4_address_scope': None, 'ipv6_address_scope': None, 'description': '', 'tags': [], 'created_at': '2024-10-26T01:34:02Z', 'updated_at': '2024-10-26T01:34:02Z', 'revision_number': 1} available for tenant
2024-10-26 01:34:16.491 63238 INFO tempest.lib.common.rest_client [req-57557fac-c97c-409d-95c2-1922e810775f req-57557fac-c97c-409d-95c2-1922e810775f ] Request (TenantUsagesNegativeTestJSON:test_get_usage_tenant_with_empty_tenant_id): 404 GET http://10.180.1.21/compute/v2.1/os-simple-tenant-usage/?start=2024-10-25T01%3A34%3A13.511566&end=2024-10-27T01%3A34%3A13.511566 2.980s
2024-10-26 01:34:16.493 63238 WARNING tempest.lib.common.rest_client [-] Deprecated: "tenant_id" property is deprecated for removal, use "project_id" instead
2024-10-26 01:34:16.563 63198 INFO tempest.lib.common.rest_client [req-cf23e0fc-abf4-4bb5-8c53-da9a0a76c35b req-cf23e0fc-abf4-4bb5-8c53-da9a0a76c35b ] Request (QuotaClassesAdmin257Test:_run_cleanups): 200 PUT http://10.180.1.21/compute/v2.1/os-quota-class-sets/default 2.583s
2024-10-26 01:34:16.571 63224 INFO tempest.lib.common.rest_client [req-d92ca325-5e7b-4ba8-a0c7-8fd960d0e056 req-d92ca325-5e7b-4ba8-a0c7-8fd960d0e056 ] Request (KeyPairsNegativeTestJSON:test_create_keypair_with_empty_name_string): 400 POST http://10.180.1.21/compute/v2.1/os-keypairs 2.562s
2024-10-26 01:34:16.573 63202 INFO tempest.lib.common.rest_client [req-2efd89b8-0e79-4fd3-95d8-925da7f0d6b7 req-2efd89b8-0e79-4fd3-95d8-925da7f0d6b7 ] Request (FlavorsAccessTestJSON:tearDownClass): 204 DELETE http://10.180.1.21:9696/networking/v2.0/security-groups/75b89062-dbfc-4506-8999-ff4c013c30f1 0.230s
2024-10-26 01:34:16.633 63252 INFO tempest.lib.common.rest_client [req-2f70cfe3-656c-499f-b84d-405e5e2a3df9 req-2f70cfe3-656c-499f-b84d-405e5e2a3df9 ] Request (ServerAddressesTestJSON:setUpClass): 202 POST http://10.180.1.21/compute/v2.1/servers 3.760s
2024-10-26 01:34:16.659 63251 INFO tempest.lib.common.rest_client [req-4119d1cb-f22e-44e9-b9ae-d2d598b8020d req-4119d1cb-f22e-44e9-b9ae-d2d598b8020d ] Request (FlavorsExtraSpecsNegativeTestJSON:tearDownClass): 200 GET http://10.180.1.21/compute/v2.1/flavors/detail 2.636s
2024-10-26 01:34:16.671 63228 INFO tempest.lib.common.rest_client [req-7d1ec019-a941-4482-a6da-d69affb32a4f req-7d1ec019-a941-4482-a6da-d69affb32a4f ] Request (FlavorsAccessNegativeTestJSON:test_flavor_non_admin_add): 200 POST http://10.180.1.21/compute/v2.1/flavors 2.623s
2024-10-26 01:34:16.681 63248 INFO tempest.lib.common.rest_client [req-a8ff583a-2913-48d2-9e83-fbdcff7b1c0d req-a8ff583a-2913-48d2-9e83-fbdcff7b1c0d ] Request (FlavorsExtraSpecsTestJSON:test_flavor_set_get_update_show_unset_keys): 200 GET http://10.180.1.21/compute/v2.1/flavors/2024785399/os-extra_specs 2.622s
2024-10-26 01:34:16.697 63202 INFO tempest.lib.common.rest_client [req-ddaac5fb-2dd1-46fc-89ac-ffd0ebdda5a2 req-ddaac5fb-2dd1-46fc-89ac-ffd0ebdda5a2 ] Request (FlavorsAccessTestJSON:tearDownClass): 204 DELETE http://10.180.1.21/identity/v3/projects/6284d43f10b5453c8d323d3b09b5070f 0.124s
2024-10-26 01:34:16.700 63242 INFO tempest.lib.common.rest_client [req-9ce4cbd4-14f8-4d81-8297-e4b65ebbca3e req-9ce4cbd4-14f8-4d81-8297-e4b65ebbca3e ] Request (KeyPairsV22TestJSON:_run_cleanups): 204 DELETE http://10.180.1.21/compute/v2.1/os-keypairs/tempest-keypair-528045812 2.630s
2024-10-26 01:34:16.726 63198 INFO tempest.lib.common.rest_client [req-5f545c94-b90b-4bf8-8ec8-95d4ce52bdf5 req-5f545c94-b90b-4bf8-8ec8-95d4ce52bdf5 ] Request (QuotaClassesAdmin257Test:tearDownClass): 204 DELETE http://10.180.1.21/identity/v3/users/4aa6eae7d60b4cdf9bae349e879fa458 0.160s
2024-10-26 01:34:16.806 63202 INFO tempest.lib.common.rest_client [req-6a2374bc-f6ad-4c13-b551-d91bcbac81fd req-6a2374bc-f6ad-4c13-b551-d91bcbac81fd ] Request (ServerActionsV293TestJSON:setUpClass): 201 POST http://10.180.1.21/identity/v3/auth/tokens 0.107s
2024-10-26 01:34:16.819 63222 INFO tempest.lib.common.rest_client [req-c39d301c-e061-4113-a380-f4832e783d28 req-c39d301c-e061-4113-a380-f4832e783d28 ] Request (SecurityGroupsTestAdminJSON:test_list_security_groups_list_all_tenants_filter): 200 GET http://10.180.1.21/compute/v2.1/os-security-groups?all_tenants=true 2.803s
2024-10-26 01:34:16.842 63251 INFO tempest.lib.common.rest_client [req-e26d2cb3-df01-4372-a954-bcc311746e92 req-e26d2cb3-df01-4372-a954-bcc311746e92 ] Request (FlavorsExtraSpecsNegativeTestJSON:tearDownClass): 204 DELETE http://10.180.1.21/identity/v3/users/efbaac7cfa8b4394a94c079d3cc099b9 0.178s
2024-10-26 01:34:16.899 63198 INFO tempest.lib.common.rest_client [req-ec6e4df0-b73d-47bb-b0c4-9f507ff0e497 req-ec6e4df0-b73d-47bb-b0c4-9f507ff0e497 ] Request (QuotaClassesAdmin257Test:tearDownClass): 204 DELETE http://10.180.1.21/identity/v3/users/55b3fb8a39414b54ac47e56adb8f0225 0.173s
2024-10-26 01:34:16.899 63198 INFO tempest.lib.common.dynamic_creds [-] Deleting project and security group for project: 3c3af41d4a574a14b0f3fe6ce9efaeb2
2024-10-26 01:34:16.952 63214 INFO tempest.lib.common.rest_client [req-85be23cc-2182-4c54-ac14-987688919c39 req-85be23cc-2182-4c54-ac14-987688919c39 ] Request (ImagesMetadataTestJSON:setUpClass): 201 POST http://10.180.1.21/image/v2/images 0.617s
2024-10-26 01:34:16.969 63202 INFO tempest.lib.common.rest_client [req-0ca44b14-19e3-4d15-8c9e-bbabe495faed req-0ca44b14-19e3-4d15-8c9e-bbabe495faed ] Request (ServerActionsV293TestJSON:setUpClass): 201 POST http://10.180.1.21/identity/v3/auth/tokens 0.156s
