2024-10-26 01:35:38.391 63224 INFO tempest.lib.common.rest_client [req-81eb6940-ca2c-47b0-95ba-be242d96cb04 req-81eb6940-ca2c-47b0-95ba-be242d96cb04 ] Request (ServerActionsTestJSON:setUpClass): 200 GET http://10.180.1.21/compute/v2.1/servers/cb35ba14-6a78-4381-9c93-f2fa285468d7 0.237s
2024-10-26 01:35:38.397 63212 INFO tempest.lib.common.rest_client [req-c46c02dc-bcb6-46f2-894e-52ba53bcf839 req-c46c02dc-bcb6-46f2-894e-52ba53bcf839 ] Request (ServerRescueTestJSON:setUpClass): 200 GET http://10.180.1.21/compute/v2.1/servers/91660994-feca-40d8-8b75-d3c79110a19e 0.146s
2024-10-26 01:35:38.398 63224 INFO tempest.common.waiters [-] State transition "BUILD/None" ==> "BUILD/block_device_mapping" after 58 second wait
2024-10-26 01:35:38.418 63226 INFO tempest.lib.common.rest_client [req-0a5e8257-d3e3-4bf7-a688-e57d9114d97d req-0a5e8257-d3e3-4bf7-a688-e57d9114d97d ] Request (ServersAdminTestJSON:setUpClass): 404 GET http://10.180.1.21/compute/v2.1/servers/12408f00-ed1d-4b96-bc0c-59779d0eda74 0.152s
2024-10-26 01:35:38.418 63226 INFO tempest.test [-] raised in ServersAdminTestJSON.setUpClass. Invoking tearDownClass.
2024-10-26 01:35:38.438 63216 INFO tempest.lib.common.rest_client [req-fe1c0afb-c6f1-4873-96a9-745304406856 req-fe1c0afb-c6f1-4873-96a9-745304406856 ] Request (ServerMetadataTestJSON:setUpClass): 200 GET http://10.180.1.21/compute/v2.1/servers/fc5b891b-8432-4b2f-97d9-c93ca0a18783 0.178s
2024-10-26 01:35:38.468 63228 INFO tempest.lib.common.rest_client [req-84b78743-4972-4e57-aa27-4887f5ca8c54 req-84b78743-4972-4e57-aa27-4887f5ca8c54 ] Request (ServersTestJSON:setUpClass): 200 GET http://10.180.1.21/compute/v2.1/servers/9f6e1fdf-d7b3-48eb-b4f9-729d4c1fb9cc 0.141s
2024-10-26 01:35:38.532 63236 INFO tempest.lib.common.rest_client [req-4aa8ab0c-feea-4a4a-94fa-7744effc1d32 req-4aa8ab0c-feea-4a4a-94fa-7744effc1d32 ] Request (ListImageFiltersTestJSON:setUpClass): 200 GET http://10.180.1.21/compute/v2.1/servers/ac386ddb-c812-4689-b9b4-b98d26ad1831 0.164s
2024-10-26 01:35:38.595 63200 INFO tempest.lib.common.rest_client [req-1332a12f-3243-46c4-a866-941786491b1a req-1332a12f-3243-46c4-a866-941786491b1a ] Request (VolumesAdminNegativeTest:test_update_attached_volume_with_nonexistent_volume_in_body): 200 GET http://10.180.1.21/compute/v2.1/servers/288918a3-85be-416d-99fc-fd3450029749 0.214s
2024-10-26 01:35:38.646 63192 INFO tempest.lib.common.rest_client [req-7f8a2b90-18b9-4f7d-bf2b-2a18fbf9200a req-7f8a2b90-18b9-4f7d-bf2b-2a18fbf9200a ] Request (DeleteServersAdminTestJSON:test_delete_server_while_in_error_state): 200 GET http://10.180.1.21/compute/v2.1/servers/d8653006-b429-44b5-b978-ee00a279e50e 0.237s
2024-10-26 01:35:38.649 63202 INFO tempest.lib.common.rest_client [req-e6c0a19b-15b9-4ff1-ae0a-50299aa3cb96 req-e6c0a19b-15b9-4ff1-ae0a-50299aa3cb96 ] Request (ServerActionsV293TestJSON:setUpClass): 200 GET http://10.180.1.21/compute/v2.1/servers/869c5e7f-b937-4add-ace2-7d9b178c2acc 0.321s
2024-10-26 01:35:38.696 63220 INFO tempest.lib.common.rest_client [req-2f150995-e474-4bd1-a958-4a12fe1ac776 req-2f150995-e474-4bd1-a958-4a12fe1ac776 ] Request (AttachInterfacesTestJSON:test_create_list_show_delete_interfaces_by_fixed_ip): 200 GET http://10.180.1.21/compute/v2.1/servers/f4ec1e94-1778-4296-989d-782700c6faf8 0.237s
2024-10-26 01:35:38.743 63210 INFO tempest.lib.common.rest_client [req-c6d60d97-4f4b-4319-b2a4-7458f531a50e req-c6d60d97-4f4b-4319-b2a4-7458f531a50e ] Request (ImagesOneServerTestJSON:setUpClass): 200 GET http://10.180.1.21/compute/v2.1/servers/74361d48-0a82-453a-a4a1-45173c49e901 0.229s
2024-10-26 01:35:38.788 63196 INFO tempest.lib.common.rest_client [req-11e40c26-234c-49d0-b6dc-7a1c0beb111b req-11e40c26-234c-49d0-b6dc-7a1c0beb111b ] Request (ListServersNegativeTestJSON:setUpClass): 200 GET http://10.180.1.21/compute/v2.1/servers/04f5dd28-9b5e-4175-9f00-bbd55e8db2ec 0.230s
2024-10-26 01:35:38.808 63226 INFO tempest.lib.common.rest_client [req-f7ae104b-af7f-4df2-9068-8503a864cd40 req-f7ae104b-af7f-4df2-9068-8503a864cd40 ] Request (ServersAdminTestJSON:tearDownClass): 204 DELETE http://10.180.1.21/compute/v2.1/servers/510731f2-399d-486a-8c60-1c61c05063de 0.389s
2024-10-26 01:35:38.829 63190 INFO tempest.lib.common.rest_client [req-5c72c38a-fd2c-438c-b089-cf823d13171f req-5c72c38a-fd2c-438c-b089-cf823d13171f ] Request (SecurityGroupsTestJSON:test_list_security_groups_by_server): 200 GET http://10.180.1.21/compute/v2.1/servers/de2daf8c-73c1-44fe-bb01-2b54f1f1c419 0.217s
2024-10-26 01:35:38.852 63244 INFO tempest.lib.common.rest_client [req-f8fb74a6-3f71-41dd-9c70-81560dc20a35 req-f8fb74a6-3f71-41dd-9c70-81560dc20a35 ] Request (InstanceActionsV221TestJSON:test_get_list_deleted_instance_actions): 200 GET http://10.180.1.21/compute/v2.1/servers/8db47d06-230f-4c5e-8bd6-9d5b543455b6 0.166s
2024-10-26 01:35:38.877 63214 INFO tempest.lib.common.rest_client [req-6837b197-1a3b-45d5-a6b3-c7aa699a931b req-6837b197-1a3b-45d5-a6b3-c7aa699a931b ] Request (ServerShowV254Test:test_rebuild_server): 200 GET http://10.180.1.21/compute/v2.1/servers/9567865d-41ae-4379-8313-e87bfc92fba8 0.117s
2024-10-26 01:35:38.896 63226 INFO tempest.lib.common.rest_client [req-4b6e7ec4-8c6b-4ba3-811c-a3084edda9d7 req-4b6e7ec4-8c6b-4ba3-811c-a3084edda9d7 ] Request (ServersAdminTestJSON:tearDownClass): 404 GET http://10.180.1.21/compute/v2.1/servers/510731f2-399d-486a-8c60-1c61c05063de 0.087s
2024-10-26 01:35:38.897 63232 INFO tempest.lib.common.rest_client [req-2c03f54f-e210-45a0-b908-8ff753254565 req-2c03f54f-e210-45a0-b908-8ff753254565 ] Request (ServerRescueNegativeTestJSON:setUpClass): 200 GET http://10.180.1.21/compute/v2.1/servers/65c1a63f-4645-40fe-b429-00923e60d1cb 0.102s
2024-10-26 01:35:38.949 63208 INFO tempest.lib.common.rest_client [req-f7280371-d6bb-46f5-87c9-e5f1841a0eb8 req-f7280371-d6bb-46f5-87c9-e5f1841a0eb8 ] Request (DeleteServersTestJSON:test_delete_active_server): 200 GET http://10.180.1.21/compute/v2.1/servers/afd7d381-6eb1-4e5a-aaa5-34ce77953b1b 0.096s
2024-10-26 01:35:38.982 63222 INFO tempest.lib.common.rest_client [req-7c467a08-6471-4714-8774-6cd528e5c630 req-7c467a08-6471-4714-8774-6cd528e5c630 ] Request (ServerDiagnosticsTest:test_get_server_diagnostics): 200 GET http://10.180.1.21/compute/v2.1/servers/f54e2a1f-987b-40ac-8197-d6e4ad3ba18f 0.048s
2024-10-26 01:35:39.071 63218 INFO tempest.lib.common.rest_client [req-c60f8d61-8b27-484e-89be-82ba3b6a9688 req-c60f8d61-8b27-484e-89be-82ba3b6a9688 ] Request (ServersV294TestFqdnHostnames:setUpClass): 200 GET http://10.180.1.21/compute/v2.1/servers/38e05fe2-d938-43d6-ab2b-b99fb7be51d5 0.060s
2024-10-26 01:35:39.095 63248 INFO tempest.lib.common.rest_client [req-2c766c2f-b93e-4cb1-a836-19b1c407942c req-2c766c2f-b93e-4cb1-a836-19b1c407942c ] Request (ImagesOneServerNegativeTestJSON:setUpClass): 200 GET http://10.180.1.21/compute/v2.1/servers/64044aea-4572-48b1-93b3-93f079a829dd 0.054s
2024-10-26 01:35:39.136 63198 INFO tempest.lib.common.rest_client [req-733f1960-76ff-4cd8-b8c2-80fef4b6106d req-733f1960-76ff-4cd8-b8c2-80fef4b6106d ] Request (ImagesTestJSON:test_create_image_from_stopped_server): 200 GET http://10.180.1.21/compute/v2.1/servers/4be2f0a4-5f57-4a80-9450-6d61d344799e 0.086s
2024-10-26 01:35:39.164 63194 INFO tempest.lib.common.rest_client [req-86b66114-9560-4e61-9779-0cab73d71529 req-86b66114-9560-4e61-9779-0cab73d71529 ] Request (ServerMetadataNegativeTestJSON:setUpClass): 200 GET http://10.180.1.21/compute/v2.1/servers/a224dd44-bda2-464f-b946-edbe167927b9 0.079s
2024-10-26 01:35:39.204 63206 INFO tempest.lib.common.rest_client [req-36b071fa-0f48-409e-bc77-6af0782070c6 req-36b071fa-0f48-409e-bc77-6af0782070c6 ] Request (ImagesNegativeTestJSON:test_create_image_from_deleted_server): 200 GET http://10.180.1.21/compute/v2.1/servers/c7771b47-cbe8-4696-9a21-9204501c8877 0.061s
2024-10-26 01:35:39.235 63251 INFO tempest.lib.common.rest_client [req-08a00d37-51d2-4002-9909-eaf0e5db2dfd req-08a00d37-51d2-4002-9909-eaf0e5db2dfd ] Request (ServerGroupTestJSON:test_create_server_with_scheduler_hint_group): 200 GET http://10.180.1.21/compute/v2.1/servers/710a4cb2-a1f6-461e-ac26-d1e86cdd435d 0.045s
2024-10-26 01:35:39.297 63240 INFO tempest.lib.common.rest_client [req-8b2c5ba8-439a-4199-bbfa-b3e674022075 req-8b2c5ba8-439a-4199-bbfa-b3e674022075 ] Request (MigrationsAdminTest:test_resize_server_revert_deleted_flavor): 200 GET http://10.180.1.21/compute/v2.1/servers/40b6590d-44e1-4d02-b1fa-46c1e6c861ea 0.056s
2024-10-26 01:35:39.370 63204 INFO tempest.lib.common.rest_client [req-ca83c842-3de9-4988-b866-8de6197b273a req-ca83c842-3de9-4988-b866-8de6197b273a ] Request (ServersTestManualDisk:setUpClass): 200 GET http://10.180.1.21/compute/v2.1/servers/2222309b-ce4e-46eb-a620-34553f644947 0.050s
2024-10-26 01:35:39.424 63230 INFO tempest.lib.common.rest_client [req-085105ce-b535-4683-bde5-8ccad55b6c62 req-085105ce-b535-4683-bde5-8ccad55b6c62 ] Request (ServersTestMultiNic:test_verify_multiple_nics_order): 200 GET http://10.180.1.21/compute/v2.1/servers/5283bf79-bf20-4a38-912f-ced401fbd691 0.062s
2024-10-26 01:35:39.444 63224 INFO tempest.lib.common.rest_client [req-bf95875d-e6ad-4de2-8905-908e953952cc req-bf95875d-e6ad-4de2-8905-908e953952cc ] Request (ServerActionsTestJSON:setUpClass): 200 GET http://10.180.1.21/compute/v2.1/servers/cb35ba14-6a78-4381-9c93-f2fa285468d7 0.045s
2024-10-26 01:35:39.454 63224 INFO tempest.common.waiters [-] State transition "BUILD/block_device_mapping" ==> "BUILD/spawning" after 59 second wait
2024-10-26 01:35:39.478 63212 INFO tempest.lib.common.rest_client [req-6dae1fb8-b857-44b5-8ab4-2ea51f0c7f40 req-6dae1fb8-b857-44b5-8ab4-2ea51f0c7f40 ] Request (ServerRescueTestJSON:setUpClass): 200 GET http://10.180.1.21/compute/v2.1/servers/91660994-feca-40d8-8b75-d3c79110a19e 0.074s
2024-10-26 01:35:39.498 63216 INFO tempest.lib.common.rest_client [req-57808696-c57a-4a14-8c68-14a7508126cb req-57808696-c57a-4a14-8c68-14a7508126cb ] Request (ServerMetadataTestJSON:setUpClass): 200 GET http://10.180.1.21/compute/v2.1/servers/fc5b891b-8432-4b2f-97d9-c93ca0a18783 0.052s
2024-10-26 01:35:39.527 63228 INFO tempest.lib.common.rest_client [req-aef1841f-f1ce-4925-a081-a4528c48d5a8 req-aef1841f-f1ce-4925-a081-a4528c48d5a8 ] Request (ServersTestJSON:setUpClass): 200 GET http://10.180.1.21/compute/v2.1/servers/9f6e1fdf-d7b3-48eb-b4f9-729d4c1fb9cc 0.052s
2024-10-26 01:35:39.585 63236 INFO tempest.lib.common.rest_client [req-5b3f2ee1-dad3-421c-b25e-6e656fac9fbd req-5b3f2ee1-dad3-421c-b25e-6e656fac9fbd ] Request (ListImageFiltersTestJSON:setUpClass): 200 GET http://10.180.1.21/compute/v2.1/servers/ac386ddb-c812-4689-b9b4-b98d26ad1831 0.046s
2024-10-26 01:35:39.666 63200 INFO tempest.lib.common.rest_client [req-f7e880a0-cc08-43aa-8468-2ea217e917c8 req-f7e880a0-cc08-43aa-8468-2ea217e917c8 ] Request (VolumesAdminNegativeTest:test_update_attached_volume_with_nonexistent_volume_in_body): 200 GET http://10.180.1.21/compute/v2.1/servers/288918a3-85be-416d-99fc-fd3450029749 0.061s
2024-10-26 01:35:39.701 63192 INFO tempest.lib.common.rest_client [req-fcc351ab-741a-4f90-8ed1-0ec16da26d2b req-fcc351ab-741a-4f90-8ed1-0ec16da26d2b ] Request (DeleteServersAdminTestJSON:test_delete_server_while_in_error_state): 200 GET http://10.180.1.21/compute/v2.1/servers/d8653006-b429-44b5-b978-ee00a279e50e 0.047s
2024-10-26 01:35:39.734 63202 INFO tempest.lib.common.rest_client [req-a43b3ddb-c428-4bea-b8f6-650d505e4a50 req-a43b3ddb-c428-4bea-b8f6-650d505e4a50 ] Request (ServerActionsV293TestJSON:setUpClass): 200 GET http://10.180.1.21/compute/v2.1/servers/869c5e7f-b937-4add-ace2-7d9b178c2acc 0.076s
2024-10-26 01:35:39.763 63220 INFO tempest.lib.common.rest_client [req-9b718478-5b85-490a-9e73-ea8426b360d4 req-9b718478-5b85-490a-9e73-ea8426b360d4 ] Request (AttachInterfacesTestJSON:test_create_list_show_delete_interfaces_by_fixed_ip): 200 GET http://10.180.1.21/compute/v2.1/servers/f4ec1e94-1778-4296-989d-782700c6faf8 0.060s
2024-10-26 01:35:39.808 63210 INFO tempest.lib.common.rest_client [req-812e0de6-06de-4d7a-b475-fc32ced9bcbb req-812e0de6-06de-4d7a-b475-fc32ced9bcbb ] Request (ImagesOneServerTestJSON:setUpClass): 200 GET http://10.180.1.21/compute/v2.1/servers/74361d48-0a82-453a-a4a1-45173c49e901 0.058s
2024-10-26 01:35:39.849 63196 INFO tempest.lib.common.rest_client [req-94025938-8dcd-4fe0-92b9-059a137817b5 req-94025938-8dcd-4fe0-92b9-059a137817b5 ] Request (ListServersNegativeTestJSON:setUpClass): 200 GET http://10.180.1.21/compute/v2.1/servers/04f5dd28-9b5e-4175-9f00-bbd55e8db2ec 0.054s
2024-10-26 01:35:39.884 63190 INFO tempest.lib.common.rest_client [req-a456d607-48da-4fcb-bd9a-f72d53c330d8 req-a456d607-48da-4fcb-bd9a-f72d53c330d8 ] Request (SecurityGroupsTestJSON:test_list_security_groups_by_server): 200 GET http://10.180.1.21/compute/v2.1/servers/de2daf8c-73c1-44fe-bb01-2b54f1f1c419 0.048s
2024-10-26 01:35:39.895 63190 INFO tempest.common.waiters [-] State transition "BUILD/scheduling" ==> "BUILD/None" after 53 second wait
2024-10-26 01:35:39.908 63244 INFO tempest.lib.common.rest_client [req-4c7fd8d0-c240-407b-b417-6a62fa55ca37 req-4c7fd8d0-c240-407b-b417-6a62fa55ca37 ] Request (InstanceActionsV221TestJSON:test_get_list_deleted_instance_actions): 200 GET http://10.180.1.21/compute/v2.1/servers/8db47d06-230f-4c5e-8bd6-9d5b543455b6 0.048s
2024-10-26 01:35:39.944 63214 INFO tempest.lib.common.rest_client [req-806de9cf-24af-4c05-bb68-f439d8557740 req-806de9cf-24af-4c05-bb68-f439d8557740 ] Request (ServerShowV254Test:test_rebuild_server): 200 GET http://10.180.1.21/compute/v2.1/servers/9567865d-41ae-4379-8313-e87bfc92fba8 0.056s
2024-10-26 01:35:39.944 63226 INFO tempest.lib.common.rest_client [req-9e20d05a-3261-4585-b254-bc241b3645e0 req-9e20d05a-3261-4585-b254-bc241b3645e0 ] Request (ServersAdminTestJSON:tearDownClass): 200 PUT http://10.180.1.21:9696/networking/v2.0/routers/7044ed94-8f28-4f0d-a9cd-8285b311b561/remove_router_interface 1.048s
2024-10-26 01:35:39.950 63232 INFO tempest.lib.common.rest_client [req-e4f810a0-fde0-42f8-9651-bdefa8269870 req-e4f810a0-fde0-42f8-9651-bdefa8269870 ] Request (ServerRescueNegativeTestJSON:setUpClass): 200 GET http://10.180.1.21/compute/v2.1/servers/65c1a63f-4645-40fe-b429-00923e60d1cb 0.043s
2024-10-26 01:35:40.002 63208 INFO tempest.lib.common.rest_client [req-725669ef-570f-4bf5-b68f-149f23b67c08 req-725669ef-570f-4bf5-b68f-149f23b67c08 ] Request (DeleteServersTestJSON:test_delete_active_server): 200 GET http://10.180.1.21/compute/v2.1/servers/afd7d381-6eb1-4e5a-aaa5-34ce77953b1b 0.046s
2024-10-26 01:35:40.038 63222 INFO tempest.lib.common.rest_client [req-3b688bf7-cf0e-4303-9671-95d1b419e5e1 req-3b688bf7-cf0e-4303-9671-95d1b419e5e1 ] Request (ServerDiagnosticsTest:test_get_server_diagnostics): 200 GET http://10.180.1.21/compute/v2.1/servers/f54e2a1f-987b-40ac-8197-d6e4ad3ba18f 0.048s
2024-10-26 01:35:40.155 63218 INFO tempest.lib.common.rest_client [req-237d7fbe-498f-484a-9707-9456e34a53c1 req-237d7fbe-498f-484a-9707-9456e34a53c1 ] Request (ServersV294TestFqdnHostnames:setUpClass): 200 GET http://10.180.1.21/compute/v2.1/servers/38e05fe2-d938-43d6-ab2b-b99fb7be51d5 0.066s
2024-10-26 01:35:40.164 63248 INFO tempest.lib.common.rest_client [req-a7f3ab38-3207-4068-9e52-e51c45349f8d req-a7f3ab38-3207-4068-9e52-e51c45349f8d ] Request (ImagesOneServerNegativeTestJSON:setUpClass): 200 GET http://10.180.1.21/compute/v2.1/servers/64044aea-4572-48b1-93b3-93f079a829dd 0.061s
2024-10-26 01:35:40.170 63248 INFO tempest.common.waiters [-] State transition "BUILD/None" ==> "BUILD/networking" after 59 second wait
2024-10-26 01:35:40.201 63198 INFO tempest.lib.common.rest_client [req-4e87c3f9-c748-4055-8313-9feb65e9f02d req-4e87c3f9-c748-4055-8313-9feb65e9f02d ] Request (ImagesTestJSON:test_create_image_from_stopped_server): 200 GET http://10.180.1.21/compute/v2.1/servers/4be2f0a4-5f57-4a80-9450-6d61d344799e 0.051s
2024-10-26 01:35:40.221 63194 INFO tempest.lib.common.rest_client [req-c2022e13-9546-4a2c-93fc-e4b595afdf2a req-c2022e13-9546-4a2c-93fc-e4b595afdf2a ] Request (ServerMetadataNegativeTestJSON:setUpClass): 200 GET http://10.180.1.21/compute/v2.1/servers/a224dd44-bda2-464f-b946-edbe167927b9 0.050s
2024-10-26 01:35:40.267 63206 INFO tempest.lib.common.rest_client [req-21d831ad-b8f0-48fe-853b-46a1997fd02b req-21d831ad-b8f0-48fe-853b-46a1997fd02b ] Request (ImagesNegativeTestJSON:test_create_image_from_deleted_server): 200 GET http://10.180.1.21/compute/v2.1/servers/c7771b47-cbe8-4696-9a21-9204501c8877 0.054s
2024-10-26 01:35:40.286 63226 INFO tempest.lib.common.rest_client [req-a9dee24b-f118-4812-a059-39783682e772 req-a9dee24b-f118-4812-a059-39783682e772 ] Request (ServersAdminTestJSON:tearDownClass): 204 DELETE http://10.180.1.21:9696/networking/v2.0/routers/7044ed94-8f28-4f0d-a9cd-8285b311b561 0.342s
2024-10-26 01:35:40.294 63251 INFO tempest.lib.common.rest_client [req-46900fe9-0092-4a94-af05-a897b6bc01d8 req-46900fe9-0092-4a94-af05-a897b6bc01d8 ] Request (ServerGroupTestJSON:test_create_server_with_scheduler_hint_group): 200 GET http://10.180.1.21/compute/v2.1/servers/710a4cb2-a1f6-461e-ac26-d1e86cdd435d 0.052s
2024-10-26 01:35:40.361 63240 INFO tempest.lib.common.rest_client [req-659e2dfb-9849-4df1-a303-e4e2c946f334 req-659e2dfb-9849-4df1-a303-e4e2c946f334 ] Request (MigrationsAdminTest:test_resize_server_revert_deleted_flavor): 200 GET http://10.180.1.21/compute/v2.1/servers/40b6590d-44e1-4d02-b1fa-46c1e6c861ea 0.057s
2024-10-26 01:35:40.395 63226 INFO tempest.lib.common.rest_client [req-6c1db39f-c98b-423a-a329-892ae4a67bec req-6c1db39f-c98b-423a-a329-892ae4a67bec ] Request (ServersAdminTestJSON:tearDownClass): 204 DELETE http://10.180.1.21:9696/networking/v2.0/subnets/653ccddb-892a-4d94-945a-1c534fd466d2 0.108s
2024-10-26 01:35:40.427 63204 INFO tempest.lib.common.rest_client [req-621c6e72-331f-4c8d-b4dd-b4b4f513520f req-621c6e72-331f-4c8d-b4dd-b4b4f513520f ] Request (ServersTestManualDisk:setUpClass): 200 GET http://10.180.1.21/compute/v2.1/servers/2222309b-ce4e-46eb-a620-34553f644947 0.049s
2024-10-26 01:35:40.500 63230 INFO tempest.lib.common.rest_client [req-b995c848-1d62-444f-8ea3-2c30448766dd req-b995c848-1d62-444f-8ea3-2c30448766dd ] Request (ServersTestMultiNic:test_verify_multiple_nics_order): 200 GET http://10.180.1.21/compute/v2.1/servers/5283bf79-bf20-4a38-912f-ced401fbd691 0.068s
2024-10-26 01:35:40.515 63224 INFO tempest.lib.common.rest_client [req-2b97692e-76ff-4cf8-882c-6c76b4a6c296 req-2b97692e-76ff-4cf8-882c-6c76b4a6c296 ] Request (ServerActionsTestJSON:setUpClass): 200 GET http://10.180.1.21/compute/v2.1/servers/cb35ba14-6a78-4381-9c93-f2fa285468d7 0.059s
2024-10-26 01:35:40.570 63212 INFO tempest.lib.common.rest_client [req-477cd3d5-0178-4940-8fe0-76f390bd9994 req-477cd3d5-0178-4940-8fe0-76f390bd9994 ] Request (ServerRescueTestJSON:setUpClass): 200 GET http://10.180.1.21/compute/v2.1/servers/91660994-feca-40d8-8b75-d3c79110a19e 0.085s
2024-10-26 01:35:40.577 63216 INFO tempest.lib.common.rest_client [req-4e324c66-6427-4c79-acfc-bbfcfa615a03 req-4e324c66-6427-4c79-acfc-bbfcfa615a03 ] Request (ServerMetadataTestJSON:setUpClass): 200 GET http://10.180.1.21/compute/v2.1/servers/fc5b891b-8432-4b2f-97d9-c93ca0a18783 0.071s
2024-10-26 01:35:40.627 63228 INFO tempest.lib.common.rest_client [req-4d321e10-e5cd-4893-b125-b50283c0588f req-4d321e10-e5cd-4893-b125-b50283c0588f ] Request (ServersTestJSON:setUpClass): 200 GET http://10.180.1.21/compute/v2.1/servers/9f6e1fdf-d7b3-48eb-b4f9-729d4c1fb9cc 0.093s
2024-10-26 01:35:40.651 63236 INFO tempest.lib.common.rest_client [req-c87d8a11-40c0-4cdb-9bb9-bcb37044200c req-c87d8a11-40c0-4cdb-9bb9-bcb37044200c ] Request (ListImageFiltersTestJSON:setUpClass): 200 GET http://10.180.1.21/compute/v2.1/servers/ac386ddb-c812-4689-b9b4-b98d26ad1831 0.056s
2024-10-26 01:35:40.701 63226 INFO tempest.lib.common.rest_client [req-0f3c6535-3de9-4d99-b500-f9016f3c0af9 req-0f3c6535-3de9-4d99-b500-f9016f3c0af9 ] Request (ServersAdminTestJSON:tearDownClass): 204 DELETE http://10.180.1.21:9696/networking/v2.0/networks/27aad935-31e2-4358-a509-6b295b4fe92c 0.305s
2024-10-26 01:35:40.736 63200 INFO tempest.lib.common.rest_client [req-e28f5e37-5411-4219-87ba-8cbcf2e44a19 req-e28f5e37-5411-4219-87ba-8cbcf2e44a19 ] Request (VolumesAdminNegativeTest:test_update_attached_volume_with_nonexistent_volume_in_body): 200 GET http://10.180.1.21/compute/v2.1/servers/288918a3-85be-416d-99fc-fd3450029749 0.059s
2024-10-26 01:35:40.790 63192 INFO tempest.lib.common.rest_client [req-68ed55fc-b022-4fe8-a5e4-4e4a7defa5db req-68ed55fc-b022-4fe8-a5e4-4e4a7defa5db ] Request (DeleteServersAdminTestJSON:test_delete_server_while_in_error_state): 200 GET http://10.180.1.21/compute/v2.1/servers/d8653006-b429-44b5-b978-ee00a279e50e 0.077s
2024-10-26 01:35:40.812 63202 INFO tempest.lib.common.rest_client [req-d3d7dcec-25d4-4300-95d9-0bb24cbc0f63 req-d3d7dcec-25d4-4300-95d9-0bb24cbc0f63 ] Request (ServerActionsV293TestJSON:setUpClass): 200 GET http://10.180.1.21/compute/v2.1/servers/869c5e7f-b937-4add-ace2-7d9b178c2acc 0.064s
2024-10-26 01:35:40.854 63220 INFO tempest.lib.common.rest_client [req-5dabf398-bd76-43ab-895b-59bbe25d66e7 req-5dabf398-bd76-43ab-895b-59bbe25d66e7 ] Request (AttachInterfacesTestJSON:test_create_list_show_delete_interfaces_by_fixed_ip): 200 GET http://10.180.1.21/compute/v2.1/servers/f4ec1e94-1778-4296-989d-782700c6faf8 0.080s
2024-10-26 01:35:40.869 63210 INFO tempest.lib.common.rest_client [req-f955f3f5-f3df-4186-be34-df474d1c80b2 req-f955f3f5-f3df-4186-be34-df474d1c80b2 ] Request (ImagesOneServerTestJSON:setUpClass): 200 GET http://10.180.1.21/compute/v2.1/servers/74361d48-0a82-453a-a4a1-45173c49e901 0.055s
2024-10-26 01:35:40.934 63196 INFO tempest.lib.common.rest_client [req-d1786d9d-ca0f-4fc9-b1c1-556106089d35 req-d1786d9d-ca0f-4fc9-b1c1-556106089d35 ] Request (ListServersNegativeTestJSON:setUpClass): 200 GET http://10.180.1.21/compute/v2.1/servers/04f5dd28-9b5e-4175-9f00-bbd55e8db2ec 0.078s
2024-10-26 01:35:40.955 63190 INFO tempest.lib.common.rest_client [req-42cc0025-5e8d-4be1-8ca9-dbbe30c7e423 req-42cc0025-5e8d-4be1-8ca9-dbbe30c7e423 ] Request (SecurityGroupsTestJSON:test_list_security_groups_by_server): 200 GET http://10.180.1.21/compute/v2.1/servers/de2daf8c-73c1-44fe-bb01-2b54f1f1c419 0.059s
2024-10-26 01:35:40.998 63244 INFO tempest.lib.common.rest_client [req-b230167e-5268-432d-a71c-8ea7d68384c7 req-b230167e-5268-432d-a71c-8ea7d68384c7 ] Request (InstanceActionsV221TestJSON:test_get_list_deleted_instance_actions): 200 GET http://10.180.1.21/compute/v2.1/servers/8db47d06-230f-4c5e-8bd6-9d5b543455b6 0.082s
2024-10-26 01:35:41.015 63214 INFO tempest.lib.common.rest_client [req-01a13e55-5414-4f74-a3d5-285702fa22e3 req-01a13e55-5414-4f74-a3d5-285702fa22e3 ] Request (ServerShowV254Test:test_rebuild_server): 200 GET http://10.180.1.21/compute/v2.1/servers/9567865d-41ae-4379-8313-e87bfc92fba8 0.063s
2024-10-26 01:35:41.047 63232 INFO tempest.lib.common.rest_client [req-966942d0-cf53-4979-bc9d-5572b6bca9a4 req-966942d0-cf53-4979-bc9d-5572b6bca9a4 ] Request (ServerRescueNegativeTestJSON:setUpClass): 200 GET http://10.180.1.21/compute/v2.1/servers/65c1a63f-4645-40fe-b429-00923e60d1cb 0.090s
2024-10-26 01:35:41.076 63208 INFO tempest.lib.common.rest_client [req-f2c90d15-4c50-41a8-bb5b-93e340d9335b req-f2c90d15-4c50-41a8-bb5b-93e340d9335b ] Request (DeleteServersTestJSON:test_delete_active_server): 200 GET http://10.180.1.21/compute/v2.1/servers/afd7d381-6eb1-4e5a-aaa5-34ce77953b1b 0.067s
2024-10-26 01:35:41.097 63222 INFO tempest.lib.common.rest_client [req-f8749a10-600f-46cf-8bb7-1cae10d28542 req-f8749a10-600f-46cf-8bb7-1cae10d28542 ] Request (ServerDiagnosticsTest:test_get_server_diagnostics): 200 GET http://10.180.1.21/compute/v2.1/servers/f54e2a1f-987b-40ac-8197-d6e4ad3ba18f 0.053s
2024-10-26 01:35:41.223 63218 INFO tempest.lib.common.rest_client [req-ddbeb4cb-5066-4a93-b9e1-928df37d7d53 req-ddbeb4cb-5066-4a93-b9e1-928df37d7d53 ] Request (ServersV294TestFqdnHostnames:setUpClass): 200 GET http://10.180.1.21/compute/v2.1/servers/38e05fe2-d938-43d6-ab2b-b99fb7be51d5 0.058s
2024-10-26 01:35:41.273 63198 INFO tempest.lib.common.rest_client [req-3002e0be-0bd4-48a4-9d28-5e34d6d13009 req-3002e0be-0bd4-48a4-9d28-5e34d6d13009 ] Request (ImagesTestJSON:test_create_image_from_stopped_server): 200 GET http://10.180.1.21/compute/v2.1/servers/4be2f0a4-5f57-4a80-9450-6d61d344799e 0.064s
2024-10-26 01:35:41.323 63194 INFO tempest.lib.common.rest_client [req-892ab5eb-02f8-492f-89a7-0fbf1b59e1d2 req-892ab5eb-02f8-492f-89a7-0fbf1b59e1d2 ] Request (ServerMetadataNegativeTestJSON:setUpClass): 200 GET http://10.180.1.21/compute/v2.1/servers/a224dd44-bda2-464f-b946-edbe167927b9 0.094s
2024-10-26 01:35:41.352 63248 INFO tempest.lib.common.rest_client [req-0efb741a-17e3-41de-9f82-12f48ffa611e req-0efb741a-17e3-41de-9f82-12f48ffa611e ] Request (ImagesOneServerNegativeTestJSON:setUpClass): 200 GET http://10.180.1.21/compute/v2.1/servers/64044aea-4572-48b1-93b3-93f079a829dd 0.180s
2024-10-26 01:35:41.358 63248 INFO tempest.common.waiters [-] State transition "BUILD/networking" ==> "BUILD/spawning" after 60 second wait
2024-10-26 01:35:41.370 63206 INFO tempest.lib.common.rest_client [req-5cbc0727-089a-4065-ad4e-fbdeffcc0dd1 req-5cbc0727-089a-4065-ad4e-fbdeffcc0dd1 ] Request (ImagesNegativeTestJSON:test_create_image_from_deleted_server): 200 GET http://10.180.1.21/compute/v2.1/servers/c7771b47-cbe8-4696-9a21-9204501c8877 0.095s
2024-10-26 01:35:41.405 63251 INFO tempest.lib.common.rest_client [req-eb6d7b7f-85d2-4814-8cc6-0787e9cbee27 req-eb6d7b7f-85d2-4814-8cc6-0787e9cbee27 ] Request (ServerGroupTestJSON:test_create_server_with_scheduler_hint_group): 200 GET http://10.180.1.21/compute/v2.1/servers/710a4cb2-a1f6-461e-ac26-d1e86cdd435d 0.104s
2024-10-26 01:35:41.432 63240 INFO tempest.lib.common.rest_client [req-afd307e6-9871-4b4a-a99c-93a624b5bfbe req-afd307e6-9871-4b4a-a99c-93a624b5bfbe ] Request (MigrationsAdminTest:test_resize_server_revert_deleted_flavor): 200 GET http://10.180.1.21/compute/v2.1/servers/40b6590d-44e1-4d02-b1fa-46c1e6c861ea 0.057s
2024-10-26 01:35:41.459 63226 INFO tempest.lib.common.rest_client [req-db09bbef-c6e1-4129-9ae3-56baa6ba0612 req-db09bbef-c6e1-4129-9ae3-56baa6ba0612 ] Request (ServersAdminTestJSON:tearDownClass): 200 PUT http://10.180.1.21:9696/networking/v2.0/routers/51badb5c-ac77-477f-ad8e-5208831c23f7/remove_router_interface 0.758s
2024-10-26 01:35:41.493 63204 INFO tempest.lib.common.rest_client [req-32bab488-714e-4559-a4a7-a832004b20be req-32bab488-714e-4559-a4a7-a832004b20be ] Request (ServersTestManualDisk:setUpClass): 200 GET http://10.180.1.21/compute/v2.1/servers/2222309b-ce4e-46eb-a620-34553f644947 0.055s
2024-10-26 01:35:41.602 63224 INFO tempest.lib.common.rest_client [req-2b168f77-6935-439d-9398-3ab6b4d69653 req-2b168f77-6935-439d-9398-3ab6b4d69653 ] Request (ServerActionsTestJSON:setUpClass): 200 GET http://10.180.1.21/compute/v2.1/servers/cb35ba14-6a78-4381-9c93-f2fa285468d7 0.073s
2024-10-26 01:35:41.664 63212 INFO tempest.lib.common.rest_client [req-d949efe1-2bb3-4756-9484-52d348f325fe req-d949efe1-2bb3-4756-9484-52d348f325fe ] Request (ServerRescueTestJSON:setUpClass): 200 GET http://10.180.1.21/compute/v2.1/servers/91660994-feca-40d8-8b75-d3c79110a19e 0.088s
2024-10-26 01:35:41.712 63216 INFO tempest.lib.common.rest_client [req-4b7ada33-5d9d-4cd1-9135-9fbf66eb9242 req-4b7ada33-5d9d-4cd1-9135-9fbf66eb9242 ] Request (ServerMetadataTestJSON:setUpClass): 200 GET http://10.180.1.21/compute/v2.1/servers/fc5b891b-8432-4b2f-97d9-c93ca0a18783 0.126s
2024-10-26 01:35:41.720 63230 INFO tempest.lib.common.rest_client [req-58a921d2-012d-4080-ab69-366767b2e71c req-58a921d2-012d-4080-ab69-366767b2e71c ] Request (ServersTestMultiNic:test_verify_multiple_nics_order): 200 GET http://10.180.1.21/compute/v2.1/servers/5283bf79-bf20-4a38-912f-ced401fbd691 0.207s
2024-10-26 01:35:41.756 63228 INFO tempest.lib.common.rest_client [req-9e53cc53-095b-434d-ad32-ec8051a1a475 req-9e53cc53-095b-434d-ad32-ec8051a1a475 ] Request (ServersTestJSON:setUpClass): 200 GET http://10.180.1.21/compute/v2.1/servers/9f6e1fdf-d7b3-48eb-b4f9-729d4c1fb9cc 0.121s
2024-10-26 01:35:41.769 63236 INFO tempest.lib.common.rest_client [req-4df6cb0f-99c5-41c4-890b-8a2462a40803 req-4df6cb0f-99c5-41c4-890b-8a2462a40803 ] Request (ListImageFiltersTestJSON:setUpClass): 200 GET http://10.180.1.21/compute/v2.1/servers/ac386ddb-c812-4689-b9b4-b98d26ad1831 0.104s
2024-10-26 01:35:41.807 63200 INFO tempest.lib.common.rest_client [req-7553cc9b-4ca0-4e07-b291-7f55f3b2c1b9 req-7553cc9b-4ca0-4e07-b291-7f55f3b2c1b9 ] Request (VolumesAdminNegativeTest:test_update_attached_volume_with_nonexistent_volume_in_body): 200 GET http://10.180.1.21/compute/v2.1/servers/288918a3-85be-416d-99fc-fd3450029749 0.062s
2024-10-26 01:35:41.854 63192 INFO tempest.lib.common.rest_client [req-cb0acd61-24ae-40c3-be60-e732f0707d67 req-cb0acd61-24ae-40c3-be60-e732f0707d67 ] Request (DeleteServersAdminTestJSON:test_delete_server_while_in_error_state): 200 GET http://10.180.1.21/compute/v2.1/servers/d8653006-b429-44b5-b978-ee00a279e50e 0.052s
2024-10-26 01:35:41.884 63202 INFO tempest.lib.common.rest_client [req-842d88f5-b5ee-41ec-9657-89aefdc55f13 req-842d88f5-b5ee-41ec-9657-89aefdc55f13 ] Request (ServerActionsV293TestJSON:setUpClass): 200 GET http://10.180.1.21/compute/v2.1/servers/869c5e7f-b937-4add-ace2-7d9b178c2acc 0.058s
2024-10-26 01:35:41.931 63210 INFO tempest.lib.common.rest_client [req-61ad09a8-7c3a-43b2-9d16-ade99bd201bb req-61ad09a8-7c3a-43b2-9d16-ade99bd201bb ] Request (ImagesOneServerTestJSON:setUpClass): 200 GET http://10.180.1.21/compute/v2.1/servers/74361d48-0a82-453a-a4a1-45173c49e901 0.052s
2024-10-26 01:35:41.932 63220 INFO tempest.lib.common.rest_client [req-6d41d02f-1360-4c33-8ea4-67f23976ea27 req-6d41d02f-1360-4c33-8ea4-67f23976ea27 ] Request (AttachInterfacesTestJSON:test_create_list_show_delete_interfaces_by_fixed_ip): 200 GET http://10.180.1.21/compute/v2.1/servers/f4ec1e94-1778-4296-989d-782700c6faf8 0.068s
2024-10-26 01:35:41.963 63226 INFO tempest.lib.common.rest_client [req-81e440f5-f583-4658-ae3d-4fc1a78cc3a5 req-81e440f5-f583-4658-ae3d-4fc1a78cc3a5 ] Request (ServersAdminTestJSON:tearDownClass): 204 DELETE http://10.180.1.21:9696/networking/v2.0/routers/51badb5c-ac77-477f-ad8e-5208831c23f7 0.503s
2024-10-26 01:35:41.993 63196 INFO tempest.lib.common.rest_client [req-8f718da6-42dd-4cb3-9ee8-5f7b61e4fa23 req-8f718da6-42dd-4cb3-9ee8-5f7b61e4fa23 ] Request (ListServersNegativeTestJSON:setUpClass): 200 GET http://10.180.1.21/compute/v2.1/servers/04f5dd28-9b5e-4175-9f00-bbd55e8db2ec 0.049s
2024-10-26 01:35:42.012 63190 INFO tempest.lib.common.rest_client [req-73393c32-4410-49e6-bf57-5e43a8eee569 req-73393c32-4410-49e6-bf57-5e43a8eee569 ] Request (SecurityGroupsTestJSON:test_list_security_groups_by_server): 200 GET http://10.180.1.21/compute/v2.1/servers/de2daf8c-73c1-44fe-bb01-2b54f1f1c419 0.050s
2024-10-26 01:35:42.065 63244 INFO tempest.lib.common.rest_client [req-4b2dc652-020d-49e2-85e6-8d6166fa9e75 req-4b2dc652-020d-49e2-85e6-8d6166fa9e75 ] Request (InstanceActionsV221TestJSON:test_get_list_deleted_instance_actions): 200 GET http://10.180.1.21/compute/v2.1/servers/8db47d06-230f-4c5e-8bd6-9d5b543455b6 0.059s
2024-10-26 01:35:42.079 63214 INFO tempest.lib.common.rest_client [req-62a7fe3a-2eaf-4106-9dc1-ef02886fd795 req-62a7fe3a-2eaf-4106-9dc1-ef02886fd795 ] Request (ServerShowV254Test:test_rebuild_server): 200 GET http://10.180.1.21/compute/v2.1/servers/9567865d-41ae-4379-8313-e87bfc92fba8 0.054s
2024-10-26 01:35:42.083 63226 INFO tempest.lib.common.rest_client [req-5b2035fd-ef30-40a9-9918-3d45428b8a7b req-5b2035fd-ef30-40a9-9918-3d45428b8a7b ] Request (ServersAdminTestJSON:tearDownClass): 204 DELETE http://10.180.1.21:9696/networking/v2.0/subnets/895f10e9-2148-4208-8db5-ac4ac662d592 0.120s
2024-10-26 01:35:42.118 63232 INFO tempest.lib.common.rest_client [req-7adb36a8-6f53-45a4-abc5-9bc5773a7d0a req-7adb36a8-6f53-45a4-abc5-9bc5773a7d0a ] Request (ServerRescueNegativeTestJSON:setUpClass): 200 GET http://10.180.1.21/compute/v2.1/servers/65c1a63f-4645-40fe-b429-00923e60d1cb 0.063s
2024-10-26 01:35:42.141 63208 INFO tempest.lib.common.rest_client [req-e538c42f-abd8-4637-9065-2c106eefd6b4 req-e538c42f-abd8-4637-9065-2c106eefd6b4 ] Request (DeleteServersTestJSON:test_delete_active_server): 200 GET http://10.180.1.21/compute/v2.1/servers/afd7d381-6eb1-4e5a-aaa5-34ce77953b1b 0.057s
2024-10-26 01:35:42.173 63222 INFO tempest.lib.common.rest_client [req-da191dd7-c64f-4a8a-9892-a636b31de8bf req-da191dd7-c64f-4a8a-9892-a636b31de8bf ] Request (ServerDiagnosticsTest:test_get_server_diagnostics): 200 GET http://10.180.1.21/compute/v2.1/servers/f54e2a1f-987b-40ac-8197-d6e4ad3ba18f 0.066s
2024-10-26 01:35:42.294 63226 INFO tempest.lib.common.rest_client [req-e429c090-b495-4a83-92f0-bf6633809c08 req-e429c090-b495-4a83-92f0-bf6633809c08 ] Request (ServersAdminTestJSON:tearDownClass): 204 DELETE http://10.180.1.21:9696/networking/v2.0/networks/b1cbcbce-99b5-4da4-8f32-1cf48c517771 0.211s
2024-10-26 01:35:42.330 63198 INFO tempest.lib.common.rest_client [req-fea36056-91ed-48ee-9eaa-c2849219b94d req-fea36056-91ed-48ee-9eaa-c2849219b94d ] Request (ImagesTestJSON:test_create_image_from_stopped_server): 200 GET http://10.180.1.21/compute/v2.1/servers/4be2f0a4-5f57-4a80-9450-6d61d344799e 0.050s
2024-10-26 01:35:42.368 63226 INFO tempest.lib.common.rest_client [req-72d77283-18bb-4beb-9781-6aeba43f6429 req-72d77283-18bb-4beb-9781-6aeba43f6429 ] Request (ServersAdminTestJSON:tearDownClass): 204 DELETE http://10.180.1.21/identity/v3/users/8d254e604e82453d95f85247c49898a0 0.073s
2024-10-26 01:35:42.390 63194 INFO tempest.lib.common.rest_client [req-7edac34f-499f-4ada-8a6d-f1d64cf3a0d2 req-7edac34f-499f-4ada-8a6d-f1d64cf3a0d2 ] Request (ServerMetadataNegativeTestJSON:setUpClass): 200 GET http://10.180.1.21/compute/v2.1/servers/a224dd44-bda2-464f-b946-edbe167927b9 0.057s
2024-10-26 01:35:42.445 63248 INFO tempest.lib.common.rest_client [req-04986f68-83c6-4ccc-9c29-be54f13f7cd9 req-04986f68-83c6-4ccc-9c29-be54f13f7cd9 ] Request (ImagesOneServerNegativeTestJSON:setUpClass): 200 GET http://10.180.1.21/compute/v2.1/servers/64044aea-4572-48b1-93b3-93f079a829dd 0.086s
2024-10-26 01:35:42.462 63226 INFO tempest.lib.common.rest_client [req-824d580c-4ad3-4132-83e6-b713cfb452e1 req-824d580c-4ad3-4132-83e6-b713cfb452e1 ] Request (ServersAdminTestJSON:tearDownClass): 204 DELETE http://10.180.1.21/identity/v3/users/8b7099d9a7d84d4db15e158938718738 0.093s
2024-10-26 01:35:42.462 63226 INFO tempest.lib.common.dynamic_creds [-] Deleting project and security group for project: 602039593ae34a56a98329d98d94eb5a
2024-10-26 01:35:42.489 63218 INFO tempest.lib.common.rest_client [req-1e7e63e6-9a20-4b78-b0aa-df2f84fcf726 req-1e7e63e6-9a20-4b78-b0aa-df2f84fcf726 ] Request (ServersV294TestFqdnHostnames:setUpClass): 200 GET http://10.180.1.21/compute/v2.1/servers/38e05fe2-d938-43d6-ab2b-b99fb7be51d5 0.255s
2024-10-26 01:35:42.511 63206 INFO tempest.lib.common.rest_client [req-794a721c-c01d-435a-bd63-c323cb48f8bd req-794a721c-c01d-435a-bd63-c323cb48f8bd ] Request (ImagesNegativeTestJSON:test_create_image_from_deleted_server): 200 GET http://10.180.1.21/compute/v2.1/servers/c7771b47-cbe8-4696-9a21-9204501c8877 0.133s
2024-10-26 01:35:42.513 63226 INFO tempest.lib.common.rest_client [req-ea02e3dc-bf5a-4824-8f47-e21a49550baa req-ea02e3dc-bf5a-4824-8f47-e21a49550baa ] Request (ServersAdminTestJSON:tearDownClass): 200 GET http://10.180.1.21:9696/networking/v2.0/security-groups?tenant_id=602039593ae34a56a98329d98d94eb5a&name=default 0.051s
2024-10-26 01:35:42.538 63251 INFO tempest.lib.common.rest_client [req-5b0be012-98f1-447e-9e68-39f07238aef5 req-5b0be012-98f1-447e-9e68-39f07238aef5 ] Request (ServerGroupTestJSON:test_create_server_with_scheduler_hint_group): 200 GET http://10.180.1.21/compute/v2.1/servers/710a4cb2-a1f6-461e-ac26-d1e86cdd435d 0.124s
2024-10-26 01:35:42.567 63240 INFO tempest.lib.common.rest_client [req-8e687732-a057-4049-8c7d-818a615b3484 req-8e687732-a057-4049-8c7d-818a615b3484 ] Request (MigrationsAdminTest:test_resize_server_revert_deleted_flavor): 200 GET http://10.180.1.21/compute/v2.1/servers/40b6590d-44e1-4d02-b1fa-46c1e6c861ea 0.128s
2024-10-26 01:35:42.585 63204 INFO tempest.lib.common.rest_client [req-4566ac05-d643-4c56-af2e-fd970813b8c3 req-4566ac05-d643-4c56-af2e-fd970813b8c3 ] Request (ServersTestManualDisk:setUpClass): 200 GET http://10.180.1.21/compute/v2.1/servers/2222309b-ce4e-46eb-a620-34553f644947 0.085s
2024-10-26 01:35:42.608 63226 INFO tempest.lib.common.rest_client [req-599a5bb6-db40-431c-a4c5-220707a6966b req-599a5bb6-db40-431c-a4c5-220707a6966b ] Request (ServersAdminTestJSON:tearDownClass): 204 DELETE http://10.180.1.21:9696/networking/v2.0/security-groups/28401c23-0277-4adc-a0ad-3e21bf11be3e 0.094s
2024-10-26 01:35:42.670 63224 INFO tempest.lib.common.rest_client [req-21d39972-4781-413f-bb80-509695ee871e req-21d39972-4781-413f-bb80-509695ee871e ] Request (ServerActionsTestJSON:setUpClass): 200 GET http://10.180.1.21/compute/v2.1/servers/cb35ba14-6a78-4381-9c93-f2fa285468d7 0.057s
2024-10-26 01:35:42.703 63226 INFO tempest.lib.common.rest_client [req-75dbcfc7-4196-4b0d-9361-e654bc3666cd req-75dbcfc7-4196-4b0d-9361-e654bc3666cd ] Request (ServersAdminTestJSON:tearDownClass): 204 DELETE http://10.180.1.21/identity/v3/projects/602039593ae34a56a98329d98d94eb5a 0.094s
2024-10-26 01:35:42.703 63226 INFO tempest.lib.common.dynamic_creds [-] Deleting project and security group for project: 90e8af97068d429f880f3328b0695af9
2024-10-26 01:35:42.732 63212 INFO tempest.lib.common.rest_client [req-77136475-9971-4c64-a0be-7c89710303c4 req-77136475-9971-4c64-a0be-7c89710303c4 ] Request (ServerRescueTestJSON:setUpClass): 200 GET http://10.180.1.21/compute/v2.1/servers/91660994-feca-40d8-8b75-d3c79110a19e 0.054s
2024-10-26 01:35:42.743 63226 INFO tempest.lib.common.rest_client [req-81bfa8b4-642e-405e-87cd-8c2e915a84f4 req-81bfa8b4-642e-405e-87cd-8c2e915a84f4 ] Request (ServersAdminTestJSON:tearDownClass): 200 GET http://10.180.1.21:9696/networking/v2.0/security-groups?tenant_id=90e8af97068d429f880f3328b0695af9&name=default 0.039s
2024-10-26 01:35:42.781 63230 INFO tempest.lib.common.rest_client [req-175150bd-002b-4980-a25f-609fb561886c req-175150bd-002b-4980-a25f-609fb561886c ] Request (ServersTestMultiNic:test_verify_multiple_nics_order): 200 GET http://10.180.1.21/compute/v2.1/servers/5283bf79-bf20-4a38-912f-ced401fbd691 0.051s
2024-10-26 01:35:42.788 63216 INFO tempest.lib.common.rest_client [req-47e901ad-f5e9-438c-a0a2-5ec0c2f466e4 req-47e901ad-f5e9-438c-a0a2-5ec0c2f466e4 ] Request (ServerMetadataTestJSON:setUpClass): 200 GET http://10.180.1.21/compute/v2.1/servers/fc5b891b-8432-4b2f-97d9-c93ca0a18783 0.063s
2024-10-26 01:35:42.832 63228 INFO tempest.lib.common.rest_client [req-12dc6897-e8e4-4196-a196-cdf80202b085 req-12dc6897-e8e4-4196-a196-cdf80202b085 ] Request (ServersTestJSON:setUpClass): 200 GET http://10.180.1.21/compute/v2.1/servers/9f6e1fdf-d7b3-48eb-b4f9-729d4c1fb9cc 0.069s
2024-10-26 01:35:42.836 63226 INFO tempest.lib.common.rest_client [req-23b34392-1d0f-4654-88dd-14feac739039 req-23b34392-1d0f-4654-88dd-14feac739039 ] Request (ServersAdminTestJSON:tearDownClass): 204 DELETE http://10.180.1.21:9696/networking/v2.0/security-groups/d4127815-a94c-477b-9f5c-cf9aba0d9616 0.092s
2024-10-26 01:35:42.843 63236 INFO tempest.lib.common.rest_client [req-27205b29-1151-477a-91b6-3c567a142621 req-27205b29-1151-477a-91b6-3c567a142621 ] Request (ListImageFiltersTestJSON:setUpClass): 200 GET http://10.180.1.21/compute/v2.1/servers/ac386ddb-c812-4689-b9b4-b98d26ad1831 0.063s
2024-10-26 01:35:42.887 63200 INFO tempest.lib.common.rest_client [req-2337928f-1b5b-4a2a-9373-b5ed846e2773 req-2337928f-1b5b-4a2a-9373-b5ed846e2773 ] Request (VolumesAdminNegativeTest:test_update_attached_volume_with_nonexistent_volume_in_body): 200 GET http://10.180.1.21/compute/v2.1/servers/288918a3-85be-416d-99fc-fd3450029749 0.073s
2024-10-26 01:35:42.928 63192 INFO tempest.lib.common.rest_client [req-cb12d888-b595-46bc-835b-1ec4c76ba0bb req-cb12d888-b595-46bc-835b-1ec4c76ba0bb ] Request (DeleteServersAdminTestJSON:test_delete_server_while_in_error_state): 200 GET http://10.180.1.21/compute/v2.1/servers/d8653006-b429-44b5-b978-ee00a279e50e 0.065s
2024-10-26 01:35:42.937 63226 INFO tempest.lib.common.rest_client [req-92583b17-7238-4446-a9e0-efe46fcfaf06 req-92583b17-7238-4446-a9e0-efe46fcfaf06 ] Request (ServersAdminTestJSON:tearDownClass): 204 DELETE http://10.180.1.21/identity/v3/projects/90e8af97068d429f880f3328b0695af9 0.101s
2024-10-26 01:35:42.955 63202 INFO tempest.lib.common.rest_client [req-34f28064-8ee8-4a46-8f22-07a9d05efee5 req-34f28064-8ee8-4a46-8f22-07a9d05efee5 ] Request (ServerActionsV293TestJSON:setUpClass): 200 GET http://10.180.1.21/compute/v2.1/servers/869c5e7f-b937-4add-ace2-7d9b178c2acc 0.060s
2024-10-26 01:35:43.002 63220 INFO tempest.lib.common.rest_client [req-5504cad3-0a98-4047-98aa-f97cecc4d6fb req-5504cad3-0a98-4047-98aa-f97cecc4d6fb ] Request (AttachInterfacesTestJSON:test_create_list_show_delete_interfaces_by_fixed_ip): 200 GET http://10.180.1.21/compute/v2.1/servers/f4ec1e94-1778-4296-989d-782700c6faf8 0.062s
2024-10-26 01:35:43.006 63226 INFO tempest.lib.common.rest_client [req-ab904fdb-2c51-4ced-977d-eca4a3785650 req-ab904fdb-2c51-4ced-977d-eca4a3785650 ] Request (AttachInterfacesUnderV243Test:setUpClass): 201 POST http://10.180.1.21/identity/v3/auth/tokens 0.063s
2024-10-26 01:35:43.035 63226 INFO tempest.lib.common.rest_client [req-ca01283b-3c13-4e16-8a05-fb8b38462028 req-ca01283b-3c13-4e16-8a05-fb8b38462028 ] Request (AttachInterfacesUnderV243Test:setUpClass): 201 POST http://10.180.1.21/identity/v3/auth/tokens 0.026s
2024-10-26 01:35:43.058 63196 INFO tempest.lib.common.rest_client [req-0a0839ba-cc0d-487c-9e93-ea12718cf24d req-0a0839ba-cc0d-487c-9e93-ea12718cf24d ] Request (ListServersNegativeTestJSON:setUpClass): 200 GET http://10.180.1.21/compute/v2.1/servers/04f5dd28-9b5e-4175-9f00-bbd55e8db2ec 0.057s
2024-10-26 01:35:43.059 63226 INFO tempest.lib.common.rest_client [req-2aa78e1d-1bfd-4e1e-8fb7-5d20993ba161 req-2aa78e1d-1bfd-4e1e-8fb7-5d20993ba161 ] Request (AttachInterfacesUnderV243Test:setUpClass): 200 GET http://10.180.1.21/identity/v3/domains?name=Default 0.023s
2024-10-26 01:35:43.091 63226 INFO tempest.lib.common.rest_client [req-f9cc1980-8ccb-4d7d-86eb-82e3942131b3 req-f9cc1980-8ccb-4d7d-86eb-82e3942131b3 ] Request (AttachInterfacesUnderV243Test:setUpClass): 201 POST http://10.180.1.21/identity/v3/projects 0.031s
2024-10-26 01:35:43.107 63190 INFO tempest.lib.common.rest_client [req-685ff0fa-8ded-43fc-95f0-812ab9e8b660 req-685ff0fa-8ded-43fc-95f0-812ab9e8b660 ] Request (SecurityGroupsTestJSON:test_list_security_groups_by_server): 200 GET http://10.180.1.21/compute/v2.1/servers/de2daf8c-73c1-44fe-bb01-2b54f1f1c419 0.088s
2024-10-26 01:35:43.128 63210 INFO tempest.lib.common.rest_client [req-20a414c0-421c-4cdc-8376-68606431f9d3 req-20a414c0-421c-4cdc-8376-68606431f9d3 ] Request (ImagesOneServerTestJSON:setUpClass): 200 GET http://10.180.1.21/compute/v2.1/servers/74361d48-0a82-453a-a4a1-45173c49e901 0.191s
2024-10-26 01:35:43.146 63226 INFO tempest.lib.common.rest_client [req-6de0c176-decc-4119-8cd5-24c7b8497b0e req-6de0c176-decc-4119-8cd5-24c7b8497b0e ] Request (AttachInterfacesUnderV243Test:setUpClass): 201 POST http://10.180.1.21/identity/v3/users 0.055s
2024-10-26 01:35:43.166 63244 INFO tempest.lib.common.rest_client [req-03b8936f-8274-45e5-af6f-2643fb2828f9 req-03b8936f-8274-45e5-af6f-2643fb2828f9 ] Request (InstanceActionsV221TestJSON:test_get_list_deleted_instance_actions): 200 GET http://10.180.1.21/compute/v2.1/servers/8db47d06-230f-4c5e-8bd6-9d5b543455b6 0.088s
2024-10-26 01:35:43.169 63226 INFO tempest.lib.common.rest_client [req-2e4e96dc-43d0-4fa5-a6f0-0cc3aab538e3 req-2e4e96dc-43d0-4fa5-a6f0-0cc3aab538e3 ] Request (AttachInterfacesUnderV243Test:setUpClass): 200 GET http://10.180.1.21/identity/v3/roles 0.023s
2024-10-26 01:35:43.187 63214 INFO tempest.lib.common.rest_client [req-34bbc194-f537-4f2f-b984-68a52a808b8b req-34bbc194-f537-4f2f-b984-68a52a808b8b ] Request (ServerShowV254Test:test_rebuild_server): 200 GET http://10.180.1.21/compute/v2.1/servers/9567865d-41ae-4379-8313-e87bfc92fba8 0.099s
2024-10-26 01:35:43.197 63226 INFO tempest.lib.common.rest_client [req-eae91b34-7623-4f61-9249-9b5e77cbf3e0 req-eae91b34-7623-4f61-9249-9b5e77cbf3e0 ] Request (AttachInterfacesUnderV243Test:setUpClass): 204 PUT http://10.180.1.21/identity/v3/projects/9fb2b7ad8e20454d83f9808b38ea26f1/users/d3b70a4d7afa4caebd57270f89bf5ab0/roles/61f740e02a094f5984449fcc80a18849 0.027s
2024-10-26 01:35:43.197 63226 INFO tempest.lib.common.dynamic_creds [-] Dynamic test user d3b70a4d7afa4caebd57270f89bf5ab0 is created with scope project and roles: ['member']
2024-10-26 01:35:43.198 63226 INFO tempest.lib.common.dynamic_creds [-] Acquired dynamic creds: credentials: Credentials: {'domain_id': 'default', 'domain_name': 'Default', 'username': 'tempest-AttachInterfacesUnderV243Test-2115078195-project-member', 'project_domain_id': 'default', 'project_domain_name': 'Default', 'project_id': '9fb2b7ad8e20454d83f9808b38ea26f1', 'project_name': 'tempest-AttachInterfacesUnderV243Test-2115078195', 'tenant_id': '9fb2b7ad8e20454d83f9808b38ea26f1', 'tenant_name': 'tempest-AttachInterfacesUnderV243Test-2115078195', 'user_domain_id': 'default', 'user_domain_name': 'Default', 'user_id': 'd3b70a4d7afa4caebd57270f89bf5ab0', 'system': None}, Network: None, Subnet: None, Router: None
2024-10-26 01:35:43.209 63232 INFO tempest.lib.common.rest_client [req-fd8d3ccc-0159-4503-a442-2358f6853986 req-fd8d3ccc-0159-4503-a442-2358f6853986 ] Request (ServerRescueNegativeTestJSON:setUpClass): 200 GET http://10.180.1.21/compute/v2.1/servers/65c1a63f-4645-40fe-b429-00923e60d1cb 0.079s
2024-10-26 01:35:43.249 63226 INFO tempest.lib.common.rest_client [req-c6b6a55d-7b3d-465f-8190-3d0509565bdb req-c6b6a55d-7b3d-465f-8190-3d0509565bdb ] Request (AttachInterfacesUnderV243Test:setUpClass): 201 POST http://10.180.1.21/identity/v3/auth/tokens 0.051s
2024-10-26 01:35:43.255 63222 INFO tempest.lib.common.rest_client [req-89a001ce-dfe8-4816-8524-be5a81003b38 req-89a001ce-dfe8-4816-8524-be5a81003b38 ] Request (ServerDiagnosticsTest:test_get_server_diagnostics): 200 GET http://10.180.1.21/compute/v2.1/servers/f54e2a1f-987b-40ac-8197-d6e4ad3ba18f 0.074s
2024-10-26 01:35:43.375 63208 INFO tempest.lib.common.rest_client [req-6378541f-8e8d-4d33-8c9e-e4542891e434 req-6378541f-8e8d-4d33-8c9e-e4542891e434 ] Request (DeleteServersTestJSON:test_delete_active_server): 200 GET http://10.180.1.21/compute/v2.1/servers/afd7d381-6eb1-4e5a-aaa5-34ce77953b1b 0.225s
2024-10-26 01:35:43.381 63208 INFO tempest.common.waiters [-] State transition "BUILD/None" ==> "BUILD/block_device_mapping" after 59 second wait
2024-10-26 01:35:43.405 63198 INFO tempest.lib.common.rest_client [req-82df7e74-c3c5-488b-8ce6-8b3c257c06c6 req-82df7e74-c3c5-488b-8ce6-8b3c257c06c6 ] Request (ImagesTestJSON:test_create_image_from_stopped_server): 200 GET http://10.180.1.21/compute/v2.1/servers/4be2f0a4-5f57-4a80-9450-6d61d344799e 0.062s
2024-10-26 01:35:43.459 63194 INFO tempest.lib.common.rest_client [req-7ec1057f-fc7b-431c-b647-04c8d809d6d7 req-7ec1057f-fc7b-431c-b647-04c8d809d6d7 ] Request (ServerMetadataNegativeTestJSON:setUpClass): 200 GET http://10.180.1.21/compute/v2.1/servers/a224dd44-bda2-464f-b946-edbe167927b9 0.057s
2024-10-26 01:35:43.462 63226 INFO tempest.lib.common.rest_client [req-fb91529a-d873-498e-aae9-70343cf331f0 req-fb91529a-d873-498e-aae9-70343cf331f0 ] Request (AttachInterfacesUnderV243Test:setUpClass): 201 POST http://10.180.1.21:9696/networking/v2.0/networks 0.212s
2024-10-26 01:35:43.512 63248 INFO tempest.lib.common.rest_client [req-e6a8a6c1-90da-44ce-851f-9c1c3799a7dd req-e6a8a6c1-90da-44ce-851f-9c1c3799a7dd ] Request (ImagesOneServerNegativeTestJSON:setUpClass): 200 GET http://10.180.1.21/compute/v2.1/servers/64044aea-4572-48b1-93b3-93f079a829dd 0.058s
2024-10-26 01:35:43.557 63218 INFO tempest.lib.common.rest_client [req-8e62258f-08c4-4fdc-ae25-438a66689557 req-8e62258f-08c4-4fdc-ae25-438a66689557 ] Request (ServersV294TestFqdnHostnames:setUpClass): 200 GET http://10.180.1.21/compute/v2.1/servers/38e05fe2-d938-43d6-ab2b-b99fb7be51d5 0.058s
2024-10-26 01:35:43.573 63206 INFO tempest.lib.common.rest_client [req-db1e73e8-e0ee-405f-ae3e-fe66b0750d14 req-db1e73e8-e0ee-405f-ae3e-fe66b0750d14 ] Request (ImagesNegativeTestJSON:test_create_image_from_deleted_server): 200 GET http://10.180.1.21/compute/v2.1/servers/c7771b47-cbe8-4696-9a21-9204501c8877 0.054s
2024-10-26 01:35:43.603 63251 INFO tempest.lib.common.rest_client [req-bc17e8c8-f73e-4f33-91c6-8aadaac58210 req-bc17e8c8-f73e-4f33-91c6-8aadaac58210 ] Request (ServerGroupTestJSON:test_create_server_with_scheduler_hint_group): 200 GET http://10.180.1.21/compute/v2.1/servers/710a4cb2-a1f6-461e-ac26-d1e86cdd435d 0.058s
2024-10-26 01:35:43.628 63240 INFO tempest.lib.common.rest_client [req-8138b92c-712d-4e3c-9e6a-d424a512230a req-8138b92c-712d-4e3c-9e6a-d424a512230a ] Request (MigrationsAdminTest:test_resize_server_revert_deleted_flavor): 200 GET http://10.180.1.21/compute/v2.1/servers/40b6590d-44e1-4d02-b1fa-46c1e6c861ea 0.053s
2024-10-26 01:35:43.647 63226 INFO tempest.lib.common.rest_client [req-c3059df5-30ec-41d9-b8ba-b3ff619b993d req-c3059df5-30ec-41d9-b8ba-b3ff619b993d ] Request (AttachInterfacesUnderV243Test:setUpClass): 201 POST http://10.180.1.21:9696/networking/v2.0/subnets 0.185s
2024-10-26 01:35:43.655 63204 INFO tempest.lib.common.rest_client [req-8d5593ba-a8f6-42de-a82e-d6e7b7f8abf3 req-8d5593ba-a8f6-42de-a82e-d6e7b7f8abf3 ] Request (ServersTestManualDisk:setUpClass): 200 GET http://10.180.1.21/compute/v2.1/servers/2222309b-ce4e-46eb-a620-34553f644947 0.064s
2024-10-26 01:35:43.723 63224 INFO tempest.lib.common.rest_client [req-8b794341-0580-41c8-bae4-a7daa335153c req-8b794341-0580-41c8-bae4-a7daa335153c ] Request (ServerActionsTestJSON:setUpClass): 200 GET http://10.180.1.21/compute/v2.1/servers/cb35ba14-6a78-4381-9c93-f2fa285468d7 0.046s
