2024-10-26 01:35:52.925 63214 INFO tempest.lib.common.rest_client [req-08c200de-f6cc-4cc3-acf9-b9cd8e62d669 req-08c200de-f6cc-4cc3-acf9-b9cd8e62d669 ] Request (ServerShowV254Test:test_rebuild_server): 200 GET http://10.180.1.21/compute/v2.1/servers/9567865d-41ae-4379-8313-e87bfc92fba8 0.046s
2024-10-26 01:35:52.938 63192 INFO tempest.lib.common.rest_client [req-19144fac-e531-40cf-b1b7-f428b7052a5b req-19144fac-e531-40cf-b1b7-f428b7052a5b ] Request (FlavorsAdminTestJSON:test_list_non_public_flavor): 200 GET http://10.180.1.21/compute/v2.1/flavors/detail 0.032s
2024-10-26 01:35:52.948 63232 INFO tempest.lib.common.rest_client [req-cecf2d4f-9275-48b6-98d7-7b7b47dfda64 req-cecf2d4f-9275-48b6-98d7-7b7b47dfda64 ] Request (ServerRescueNegativeTestJSON:setUpClass): 200 GET http://10.180.1.21/compute/v2.1/servers/65c1a63f-4645-40fe-b429-00923e60d1cb 0.043s
2024-10-26 01:35:52.955 63192 INFO tempest.lib.common.rest_client [req-bd2770b4-3754-4417-9bd3-1cbfdc6415bc req-bd2770b4-3754-4417-9bd3-1cbfdc6415bc ] Request (FlavorsAdminTestJSON:_run_cleanups): 202 DELETE http://10.180.1.21/compute/v2.1/flavors/963688220 0.012s
2024-10-26 01:35:52.969 63192 INFO tempest.lib.common.rest_client [req-d6c9bfc1-3a26-4456-8982-e1ee926935d5 req-d6c9bfc1-3a26-4456-8982-e1ee926935d5 ] Request (FlavorsAdminTestJSON:_run_cleanups): 200 GET http://10.180.1.21/compute/v2.1/flavors/detail 0.013s
2024-10-26 01:35:52.986 63192 INFO tempest.lib.common.rest_client [req-e03375e6-435c-46db-9a28-918c8f24faae req-e03375e6-435c-46db-9a28-918c8f24faae ] Request (FlavorsAdminTestJSON:test_list_public_flavor_with_other_user): 200 POST http://10.180.1.21/compute/v2.1/flavors 0.012s
2024-10-26 01:35:52.989 63222 INFO tempest.lib.common.rest_client [req-48d03460-0dc0-4f52-8832-34c077a006e1 req-48d03460-0dc0-4f52-8832-34c077a006e1 ] Request (ServerDiagnosticsTest:test_get_server_diagnostics): 200 GET http://10.180.1.21/compute/v2.1/servers/f54e2a1f-987b-40ac-8197-d6e4ad3ba18f 0.046s
2024-10-26 01:35:53.001 63192 INFO tempest.lib.common.rest_client [req-59aacf18-bbd6-4890-ba24-f8b70640b8f5 req-59aacf18-bbd6-4890-ba24-f8b70640b8f5 ] Request (FlavorsAdminTestJSON:test_list_public_flavor_with_other_user): 200 GET http://10.180.1.21/compute/v2.1/flavors/detail 0.013s
2024-10-26 01:35:53.016 63192 INFO tempest.lib.common.rest_client [req-dd24c28d-b970-4402-a927-2fbf02ba9cc2 req-dd24c28d-b970-4402-a927-2fbf02ba9cc2 ] Request (FlavorsAdminTestJSON:_run_cleanups): 202 DELETE http://10.180.1.21/compute/v2.1/flavors/692549806 0.011s
2024-10-26 01:35:53.044 63226 INFO tempest.lib.common.rest_client [req-536929c4-d21b-4fe4-b07e-054bddd25bc5 req-536929c4-d21b-4fe4-b07e-054bddd25bc5 ] Request (AttachInterfacesUnderV243Test:test_add_remove_fixed_ip): 200 GET http://10.180.1.21/compute/v2.1/servers/6f085d0c-c440-4bba-9bf8-cf2f70742748 0.044s
2024-10-26 01:35:53.056 63192 INFO tempest.lib.common.rest_client [req-bffa4fdd-99d2-4344-b191-3361bc68b3be req-bffa4fdd-99d2-4344-b191-3361bc68b3be ] Request (FlavorsAdminTestJSON:_run_cleanups): 200 GET http://10.180.1.21/compute/v2.1/flavors/detail 0.039s
2024-10-26 01:35:53.059 63198 INFO tempest.lib.common.rest_client [req-66360d41-0b74-435c-8d59-e59256bdd08a req-66360d41-0b74-435c-8d59-e59256bdd08a ] Request (ImagesTestJSON:test_create_image_from_stopped_server): 200 GET http://10.180.1.21/compute/v2.1/servers/4be2f0a4-5f57-4a80-9450-6d61d344799e 0.045s
2024-10-26 01:35:53.105 63194 INFO tempest.lib.common.rest_client [req-a73e606c-3768-4c19-a829-e000c3621726 req-a73e606c-3768-4c19-a829-e000c3621726 ] Request (ServerMetadataNegativeTestJSON:setUpClass): 200 GET http://10.180.1.21/compute/v2.1/servers/a224dd44-bda2-464f-b946-edbe167927b9 0.046s
2024-10-26 01:35:53.145 63192 INFO tempest.lib.common.rest_client [req-33de39ec-62e5-4bad-b4a8-e23484387b3d req-33de39ec-62e5-4bad-b4a8-e23484387b3d ] Request (FlavorsAdminTestJSON:tearDownClass): 204 DELETE http://10.180.1.21/identity/v3/users/735851f28153420081cc825a9e1cf79b 0.084s
2024-10-26 01:35:53.154 63208 INFO tempest.lib.common.rest_client [req-9b156d00-ad0c-4acd-ac72-36640f036a62 req-9b156d00-ad0c-4acd-ac72-36640f036a62 ] Request (DeleteServersTestJSON:test_delete_active_server): 200 GET http://10.180.1.21/compute/v2.1/servers/afd7d381-6eb1-4e5a-aaa5-34ce77953b1b 0.052s
2024-10-26 01:35:53.168 63248 INFO tempest.lib.common.rest_client [req-cc253cf4-0246-4b96-a45f-524940869fea req-cc253cf4-0246-4b96-a45f-524940869fea ] Request (ImagesOneServerNegativeTestJSON:setUpClass): 200 GET http://10.180.1.21/compute/v2.1/servers/64044aea-4572-48b1-93b3-93f079a829dd 0.052s
2024-10-26 01:35:53.196 63200 INFO tempest.lib.common.rest_client [req-dc82872a-604e-4702-80ad-73dbda6cb711 req-dc82872a-604e-4702-80ad-73dbda6cb711 ] Request (VolumesAdminNegativeTest:test_update_attached_volume_with_nonexistent_volume_in_uri): 200 GET http://10.180.1.21/compute/v2.1/servers/95c07667-e9d8-4cc3-b135-f80d196d179f 0.052s
2024-10-26 01:35:53.217 63192 INFO tempest.lib.common.rest_client [req-bca04520-dfa1-44f8-92f1-c6453ca83ed3 req-bca04520-dfa1-44f8-92f1-c6453ca83ed3 ] Request (FlavorsAdminTestJSON:tearDownClass): 204 DELETE http://10.180.1.21/identity/v3/users/c52b7e86cdd04e8eb7162da32c87ec75 0.071s
2024-10-26 01:35:53.217 63192 INFO tempest.lib.common.dynamic_creds [-] Deleting project and security group for project: 3887f12732c44bfa9595849f1dc8eadd
2024-10-26 01:35:53.217 63206 INFO tempest.lib.common.rest_client [req-e2d4b528-7c5d-4e1f-966d-3df1a1f5e987 req-e2d4b528-7c5d-4e1f-966d-3df1a1f5e987 ] Request (ImagesNegativeTestJSON:test_create_image_from_deleted_server): 200 GET http://10.180.1.21/compute/v2.1/servers/c7771b47-cbe8-4696-9a21-9204501c8877 0.045s
2024-10-26 01:35:53.265 63192 INFO tempest.lib.common.rest_client [req-16cec57a-65a0-44a5-9b63-cd25cf4604cb req-16cec57a-65a0-44a5-9b63-cd25cf4604cb ] Request (FlavorsAdminTestJSON:tearDownClass): 201 POST http://10.180.1.21/identity/v3/auth/tokens 0.048s
2024-10-26 01:35:53.265 63204 INFO tempest.lib.common.rest_client [req-057950f9-031c-4e43-990c-11d7e0572f2d req-057950f9-031c-4e43-990c-11d7e0572f2d ] Request (ServersTestManualDisk:setUpClass): 200 GET http://10.180.1.21/compute/v2.1/servers/2222309b-ce4e-46eb-a620-34553f644947 0.046s
2024-10-26 01:35:53.317 63240 INFO tempest.lib.common.rest_client [req-faeb8c4e-c69a-4a23-b0dd-dc1c3c0004d7 req-faeb8c4e-c69a-4a23-b0dd-dc1c3c0004d7 ] Request (MigrationsAdminTest:test_resize_server_revert_deleted_flavor): 200 GET http://10.180.1.21/compute/v2.1/servers/40b6590d-44e1-4d02-b1fa-46c1e6c861ea 0.049s
2024-10-26 01:35:53.330 63251 INFO tempest.lib.common.rest_client [req-e1aa4499-e1eb-438d-b928-0edb8fb00f9d req-e1aa4499-e1eb-438d-b928-0edb8fb00f9d ] Request (ServerGroupTestJSON:test_create_server_with_scheduler_hint_group): 200 GET http://10.180.1.21/compute/v2.1/servers/710a4cb2-a1f6-461e-ac26-d1e86cdd435d 0.048s
2024-10-26 01:35:53.396 63224 INFO tempest.lib.common.rest_client [req-e27ecae7-7259-4299-8dfc-8bc4cf6114ef req-e27ecae7-7259-4299-8dfc-8bc4cf6114ef ] Request (ServerActionsTestJSON:setUpClass): 200 GET http://10.180.1.21/compute/v2.1/servers/cb35ba14-6a78-4381-9c93-f2fa285468d7 0.072s
2024-10-26 01:35:53.399 63218 INFO tempest.lib.common.rest_client [req-86ff0c63-f8f0-4468-9463-d67a75874f54 req-86ff0c63-f8f0-4468-9463-d67a75874f54 ] Request (ServersV294TestFqdnHostnames:setUpClass): 200 GET http://10.180.1.21/compute/v2.1/servers/38e05fe2-d938-43d6-ab2b-b99fb7be51d5 0.054s
2024-10-26 01:35:53.422 63192 INFO tempest.lib.common.rest_client [req-f220e103-e3cd-451b-80d5-82daf4bc2094 req-f220e103-e3cd-451b-80d5-82daf4bc2094 ] Request (FlavorsAdminTestJSON:tearDownClass): 200 GET http://10.180.1.21:9696/networking/v2.0/security-groups?tenant_id=3887f12732c44bfa9595849f1dc8eadd&name=default 0.156s
2024-10-26 01:35:53.459 63212 INFO tempest.lib.common.rest_client [req-948baeaa-51e6-4633-af78-6dd31d330e36 req-948baeaa-51e6-4633-af78-6dd31d330e36 ] Request (ServerRescueTestJSON:setUpClass): 200 GET http://10.180.1.21/compute/v2.1/servers/91660994-feca-40d8-8b75-d3c79110a19e 0.080s
2024-10-26 01:35:53.460 63230 INFO tempest.lib.common.rest_client [req-c19fd71a-5b78-49cc-afc1-5d3c1c1d2f97 req-c19fd71a-5b78-49cc-afc1-5d3c1c1d2f97 ] Request (ServersTestMultiNic:test_verify_multiple_nics_order): 200 GET http://10.180.1.21/compute/v2.1/servers/5283bf79-bf20-4a38-912f-ced401fbd691 0.058s
2024-10-26 01:35:53.525 63228 INFO tempest.lib.common.rest_client [req-381a7b54-3dd4-43d5-85de-9e5b79051af4 req-381a7b54-3dd4-43d5-85de-9e5b79051af4 ] Request (ServersTestJSON:setUpClass): 200 GET http://10.180.1.21/compute/v2.1/servers/9f6e1fdf-d7b3-48eb-b4f9-729d4c1fb9cc 0.081s
2024-10-26 01:35:53.526 63216 INFO tempest.lib.common.rest_client [req-473ecf0e-c18e-4436-b2f7-36f545bdb3a2 req-473ecf0e-c18e-4436-b2f7-36f545bdb3a2 ] Request (ServerMetadataTestJSON:setUpClass): 200 GET http://10.180.1.21/compute/v2.1/servers/fc5b891b-8432-4b2f-97d9-c93ca0a18783 0.092s
2024-10-26 01:35:53.528 63192 INFO tempest.lib.common.rest_client [req-9407f670-e864-4048-902c-676382d1043f req-9407f670-e864-4048-902c-676382d1043f ] Request (FlavorsAdminTestJSON:tearDownClass): 204 DELETE http://10.180.1.21:9696/networking/v2.0/security-groups/d19bfc82-e1db-4110-867e-6f39e98e458e 0.105s
2024-10-26 01:35:53.571 63236 INFO tempest.lib.common.rest_client [req-e212fcc7-23e8-4956-a6de-3ba22ea32bbf req-e212fcc7-23e8-4956-a6de-3ba22ea32bbf ] Request (ListImageFiltersTestJSON:setUpClass): 200 GET http://10.180.1.21/compute/v2.1/servers/ac386ddb-c812-4689-b9b4-b98d26ad1831 0.082s
2024-10-26 01:35:53.588 63192 INFO tempest.lib.common.rest_client [req-4efa5a7d-7086-47b0-b520-96f16c44ae04 req-4efa5a7d-7086-47b0-b520-96f16c44ae04 ] Request (FlavorsAdminTestJSON:tearDownClass): 204 DELETE http://10.180.1.21/identity/v3/projects/3887f12732c44bfa9595849f1dc8eadd 0.059s
2024-10-26 01:35:53.589 63192 INFO tempest.lib.common.dynamic_creds [-] Deleting project and security group for project: 35950f47185343e89dad45c0f9292d50
2024-10-26 01:35:53.663 63202 INFO tempest.lib.common.rest_client [req-09a481ff-d37c-4dc5-aa44-2c329dd12aff req-09a481ff-d37c-4dc5-aa44-2c329dd12aff ] Request (ServerActionsV293TestJSON:setUpClass): 200 GET http://10.180.1.21/compute/v2.1/servers/869c5e7f-b937-4add-ace2-7d9b178c2acc 0.052s
2024-10-26 01:35:53.677 63192 INFO tempest.lib.common.rest_client [req-5acaff97-80f0-4875-aff3-41fc738b06f4 req-5acaff97-80f0-4875-aff3-41fc738b06f4 ] Request (FlavorsAdminTestJSON:tearDownClass): 200 GET http://10.180.1.21:9696/networking/v2.0/security-groups?tenant_id=35950f47185343e89dad45c0f9292d50&name=default 0.088s
2024-10-26 01:35:53.706 63220 INFO tempest.lib.common.rest_client [req-95074475-9af8-4224-a552-442b25e3e1fd req-95074475-9af8-4224-a552-442b25e3e1fd ] Request (AttachInterfacesTestJSON:test_create_list_show_delete_interfaces_by_fixed_ip): 200 GET http://10.180.1.21/compute/v2.1/servers/f4ec1e94-1778-4296-989d-782700c6faf8 0.052s
2024-10-26 01:35:53.741 63196 INFO tempest.lib.common.rest_client [req-0e94c129-8371-4831-a9c8-f1238905e577 req-0e94c129-8371-4831-a9c8-f1238905e577 ] Request (ListServersNegativeTestJSON:setUpClass): 200 GET http://10.180.1.21/compute/v2.1/servers/04f5dd28-9b5e-4175-9f00-bbd55e8db2ec 0.046s
2024-10-26 01:35:53.778 63192 INFO tempest.lib.common.rest_client [req-990fb3d5-3684-4781-a627-c5689f99f1d5 req-990fb3d5-3684-4781-a627-c5689f99f1d5 ] Request (FlavorsAdminTestJSON:tearDownClass): 204 DELETE http://10.180.1.21:9696/networking/v2.0/security-groups/13707cda-40ff-4498-b890-51afe3246e26 0.100s
2024-10-26 01:35:53.790 63190 INFO tempest.lib.common.rest_client [req-77c40330-3e06-4c9f-8757-0d7fa0025765 req-77c40330-3e06-4c9f-8757-0d7fa0025765 ] Request (SecurityGroupsTestJSON:test_list_security_groups_by_server): 200 GET http://10.180.1.21/compute/v2.1/servers/de2daf8c-73c1-44fe-bb01-2b54f1f1c419 0.050s
2024-10-26 01:35:53.857 63192 INFO tempest.lib.common.rest_client [req-88dc3673-dfdd-4ea7-a342-bc59831e430f req-88dc3673-dfdd-4ea7-a342-bc59831e430f ] Request (FlavorsAdminTestJSON:tearDownClass): 204 DELETE http://10.180.1.21/identity/v3/projects/35950f47185343e89dad45c0f9292d50 0.079s
2024-10-26 01:35:53.864 63210 INFO tempest.lib.common.rest_client [req-e64015c3-743f-43e9-9a8c-794948ff2338 req-e64015c3-743f-43e9-9a8c-794948ff2338 ] Request (ImagesOneServerTestJSON:setUpClass): 200 GET http://10.180.1.21/compute/v2.1/servers/74361d48-0a82-453a-a4a1-45173c49e901 0.047s
2024-10-26 01:35:53.908 63192 INFO tempest.lib.common.rest_client [req-8f950ea1-618a-4b88-a756-017242386337 req-8f950ea1-618a-4b88-a756-017242386337 ] Request (FlavorsV255TestJSON:setUpClass): 201 POST http://10.180.1.21/identity/v3/auth/tokens 0.049s
2024-10-26 01:35:53.922 63244 INFO tempest.lib.common.rest_client [req-e4721f31-3548-413b-9387-782078d8100c req-e4721f31-3548-413b-9387-782078d8100c ] Request (InstanceActionsV221TestJSON:test_get_list_deleted_instance_actions): 200 GET http://10.180.1.21/compute/v2.1/servers/8db47d06-230f-4c5e-8bd6-9d5b543455b6 0.048s
2024-10-26 01:35:53.934 63192 INFO tempest.lib.common.rest_client [req-6fa66dab-5f12-42bc-b10e-4356e3fcec26 req-6fa66dab-5f12-42bc-b10e-4356e3fcec26 ] Request (FlavorsV255TestJSON:setUpClass): 201 POST http://10.180.1.21/identity/v3/auth/tokens 0.024s
2024-10-26 01:35:53.952 63192 INFO tempest.lib.common.rest_client [req-54518e74-dbb3-4d7b-ba5f-048fe9e3d41b req-54518e74-dbb3-4d7b-ba5f-048fe9e3d41b ] Request (FlavorsV255TestJSON:setUpClass): 200 GET http://10.180.1.21/identity/v3/domains?name=Default 0.017s
2024-10-26 01:35:53.977 63192 INFO tempest.lib.common.rest_client [req-f35fab0b-1f4f-4624-ae6f-8282043b9378 req-f35fab0b-1f4f-4624-ae6f-8282043b9378 ] Request (FlavorsV255TestJSON:setUpClass): 201 POST http://10.180.1.21/identity/v3/projects 0.024s
2024-10-26 01:35:53.981 63214 INFO tempest.lib.common.rest_client [req-8da7e98c-06c6-4950-9561-b6d07ae97c6b req-8da7e98c-06c6-4950-9561-b6d07ae97c6b ] Request (ServerShowV254Test:test_rebuild_server): 200 GET http://10.180.1.21/compute/v2.1/servers/9567865d-41ae-4379-8313-e87bfc92fba8 0.048s
2024-10-26 01:35:53.999 63232 INFO tempest.lib.common.rest_client [req-71f717c9-ee3f-45ed-9f97-013a1e20cabc req-71f717c9-ee3f-45ed-9f97-013a1e20cabc ] Request (ServerRescueNegativeTestJSON:setUpClass): 200 GET http://10.180.1.21/compute/v2.1/servers/65c1a63f-4645-40fe-b429-00923e60d1cb 0.045s
2024-10-26 01:35:54.026 63192 INFO tempest.lib.common.rest_client [req-aa575167-1434-43e3-8f3a-ba75b07740dd req-aa575167-1434-43e3-8f3a-ba75b07740dd ] Request (FlavorsV255TestJSON:setUpClass): 201 POST http://10.180.1.21/identity/v3/users 0.048s
2024-10-26 01:35:54.041 63222 INFO tempest.lib.common.rest_client [req-6774c397-6f15-44f1-a707-e93e9f51eeb0 req-6774c397-6f15-44f1-a707-e93e9f51eeb0 ] Request (ServerDiagnosticsTest:test_get_server_diagnostics): 200 GET http://10.180.1.21/compute/v2.1/servers/f54e2a1f-987b-40ac-8197-d6e4ad3ba18f 0.046s
2024-10-26 01:35:54.042 63192 INFO tempest.lib.common.rest_client [req-c8216029-21b9-45f9-ae27-fbe6e209d9ff req-c8216029-21b9-45f9-ae27-fbe6e209d9ff ] Request (FlavorsV255TestJSON:setUpClass): 200 GET http://10.180.1.21/identity/v3/roles 0.016s
2024-10-26 01:35:54.068 63192 INFO tempest.lib.common.rest_client [req-188ad9f0-890b-4953-8fde-8fda707e7ce8 req-188ad9f0-890b-4953-8fde-8fda707e7ce8 ] Request (FlavorsV255TestJSON:setUpClass): 204 PUT http://10.180.1.21/identity/v3/projects/32e38b160425417a9ebd94464d09f1e7/users/900bbe319886492db033b6debfe7e936/roles/61f740e02a094f5984449fcc80a18849 0.025s
2024-10-26 01:35:54.068 63192 INFO tempest.lib.common.dynamic_creds [-] Dynamic test user 900bbe319886492db033b6debfe7e936 is created with scope project and roles: ['member']
2024-10-26 01:35:54.069 63192 INFO tempest.lib.common.dynamic_creds [-] Acquired dynamic creds: credentials: Credentials: {'domain_id': 'default', 'domain_name': 'Default', 'username': 'tempest-FlavorsV255TestJSON-507080839-project-member', 'project_domain_id': 'default', 'project_domain_name': 'Default', 'project_id': '32e38b160425417a9ebd94464d09f1e7', 'project_name': 'tempest-FlavorsV255TestJSON-507080839', 'tenant_id': '32e38b160425417a9ebd94464d09f1e7', 'tenant_name': 'tempest-FlavorsV255TestJSON-507080839', 'user_domain_id': 'default', 'user_domain_name': 'Default', 'user_id': '900bbe319886492db033b6debfe7e936', 'system': None}, Network: None, Subnet: None, Router: None
2024-10-26 01:35:54.069 63192 INFO tempest.lib.common.dynamic_creds [-] Created isolated network resources for: credentials: Credentials: {'domain_id': 'default', 'domain_name': 'Default', 'username': 'tempest-FlavorsV255TestJSON-507080839-project-member', 'project_domain_id': 'default', 'project_domain_name': 'Default', 'project_id': '32e38b160425417a9ebd94464d09f1e7', 'project_name': 'tempest-FlavorsV255TestJSON-507080839', 'tenant_id': '32e38b160425417a9ebd94464d09f1e7', 'tenant_name': 'tempest-FlavorsV255TestJSON-507080839', 'user_domain_id': 'default', 'user_domain_name': 'Default', 'user_id': '900bbe319886492db033b6debfe7e936', 'system': None}, Network: None, Subnet: None, Router: None
2024-10-26 01:35:54.097 63226 INFO tempest.lib.common.rest_client [req-b09d26d5-65aa-47d3-946d-1e29465ee349 req-b09d26d5-65aa-47d3-946d-1e29465ee349 ] Request (AttachInterfacesUnderV243Test:test_add_remove_fixed_ip): 200 GET http://10.180.1.21/compute/v2.1/servers/6f085d0c-c440-4bba-9bf8-cf2f70742748 0.047s
2024-10-26 01:35:54.112 63198 INFO tempest.lib.common.rest_client [req-fe64dfd6-04f7-42fb-8343-753694d7a2bd req-fe64dfd6-04f7-42fb-8343-753694d7a2bd ] Request (ImagesTestJSON:test_create_image_from_stopped_server): 200 GET http://10.180.1.21/compute/v2.1/servers/4be2f0a4-5f57-4a80-9450-6d61d344799e 0.045s
2024-10-26 01:35:54.128 63192 INFO tempest.lib.common.rest_client [req-5a384bc8-e12c-48e8-988f-cd63d48517ce req-5a384bc8-e12c-48e8-988f-cd63d48517ce ] Request (FlavorsV255TestJSON:setUpClass): 201 POST http://10.180.1.21/identity/v3/auth/tokens 0.057s
2024-10-26 01:35:54.156 63194 INFO tempest.lib.common.rest_client [req-ce7b6b8c-3c19-4bc9-aba9-5d4c2a35fbb1 req-ce7b6b8c-3c19-4bc9-aba9-5d4c2a35fbb1 ] Request (ServerMetadataNegativeTestJSON:setUpClass): 200 GET http://10.180.1.21/compute/v2.1/servers/a224dd44-bda2-464f-b946-edbe167927b9 0.044s
2024-10-26 01:35:54.179 63192 INFO tempest.lib.common.rest_client [req-2f879a4b-a8c1-4f59-a96e-baaa17fa91a8 req-2f879a4b-a8c1-4f59-a96e-baaa17fa91a8 ] Request (FlavorsV255TestJSON:setUpClass): 201 POST http://10.180.1.21/identity/v3/projects 0.050s
2024-10-26 01:35:54.210 63208 INFO tempest.lib.common.rest_client [req-9ddee8e9-c001-4004-9824-ec20295e105f req-9ddee8e9-c001-4004-9824-ec20295e105f ] Request (DeleteServersTestJSON:test_delete_active_server): 200 GET http://10.180.1.21/compute/v2.1/servers/afd7d381-6eb1-4e5a-aaa5-34ce77953b1b 0.046s
2024-10-26 01:35:54.220 63248 INFO tempest.lib.common.rest_client [req-508b8799-9523-4336-957b-26275fcfb48d req-508b8799-9523-4336-957b-26275fcfb48d ] Request (ImagesOneServerNegativeTestJSON:setUpClass): 200 GET http://10.180.1.21/compute/v2.1/servers/64044aea-4572-48b1-93b3-93f079a829dd 0.044s
2024-10-26 01:35:54.228 63192 INFO tempest.lib.common.rest_client [req-f0c3275e-c76c-4c78-829d-b2c7eac41a6a req-f0c3275e-c76c-4c78-829d-b2c7eac41a6a ] Request (FlavorsV255TestJSON:setUpClass): 201 POST http://10.180.1.21/identity/v3/users 0.048s
2024-10-26 01:35:54.244 63192 INFO tempest.lib.common.rest_client [req-cc603f96-3c2f-4913-b390-b4e394bed4d2 req-cc603f96-3c2f-4913-b390-b4e394bed4d2 ] Request (FlavorsV255TestJSON:setUpClass): 200 GET http://10.180.1.21/identity/v3/roles 0.016s
2024-10-26 01:35:54.254 63200 INFO tempest.lib.common.rest_client [req-55acea14-e212-4579-94d5-4a2ac19e1659 req-55acea14-e212-4579-94d5-4a2ac19e1659 ] Request (VolumesAdminNegativeTest:test_update_attached_volume_with_nonexistent_volume_in_uri): 200 GET http://10.180.1.21/compute/v2.1/servers/95c07667-e9d8-4cc3-b135-f80d196d179f 0.051s
2024-10-26 01:35:54.269 63192 INFO tempest.lib.common.rest_client [req-7fbc4c98-5e24-4528-a687-4dde470c5320 req-7fbc4c98-5e24-4528-a687-4dde470c5320 ] Request (FlavorsV255TestJSON:setUpClass): 204 PUT http://10.180.1.21/identity/v3/projects/36ab90e1c9134102a9a8787a5ce8d241/users/966fb3cec03f4860a03fa05dc91507bc/roles/39ba1435ef264b70b0249d8357465170 0.025s
2024-10-26 01:35:54.270 63206 INFO tempest.lib.common.rest_client [req-e0133d96-2878-4150-9f7b-a8032c68def5 req-e0133d96-2878-4150-9f7b-a8032c68def5 ] Request (ImagesNegativeTestJSON:test_create_image_from_deleted_server): 200 GET http://10.180.1.21/compute/v2.1/servers/c7771b47-cbe8-4696-9a21-9204501c8877 0.045s
2024-10-26 01:35:54.311 63192 INFO tempest.lib.common.rest_client [req-fd6713d6-a8b1-4917-8f39-d99e70894a6f req-fd6713d6-a8b1-4917-8f39-d99e70894a6f ] Request (FlavorsV255TestJSON:setUpClass): 200 GET http://10.180.1.21/identity/v3/roles 0.042s
2024-10-26 01:35:54.315 63204 INFO tempest.lib.common.rest_client [req-2df9f057-1dd4-4898-8e11-049bd114bba4 req-2df9f057-1dd4-4898-8e11-049bd114bba4 ] Request (ServersTestManualDisk:setUpClass): 200 GET http://10.180.1.21/compute/v2.1/servers/2222309b-ce4e-46eb-a620-34553f644947 0.042s
2024-10-26 01:35:54.327 63192 INFO tempest.lib.common.rest_client [req-31894c6c-7c18-48a4-8b0f-a22314907a44 req-31894c6c-7c18-48a4-8b0f-a22314907a44 ] Request (FlavorsV255TestJSON:setUpClass): 204 PUT http://10.180.1.21/identity/v3/projects/36ab90e1c9134102a9a8787a5ce8d241/users/966fb3cec03f4860a03fa05dc91507bc/roles/39ba1435ef264b70b0249d8357465170 0.015s
2024-10-26 01:35:54.327 63192 INFO tempest.lib.common.dynamic_creds [-] Dynamic test user 966fb3cec03f4860a03fa05dc91507bc is created with scope project and roles: ['admin']
2024-10-26 01:35:54.327 63192 INFO tempest.lib.common.dynamic_creds [-] Acquired dynamic creds: credentials: Credentials: {'domain_id': 'default', 'domain_name': 'Default', 'username': 'tempest-FlavorsV255TestJSON-1362023848-project-admin', 'project_domain_id': 'default', 'project_domain_name': 'Default', 'project_id': '36ab90e1c9134102a9a8787a5ce8d241', 'project_name': 'tempest-FlavorsV255TestJSON-1362023848', 'tenant_id': '36ab90e1c9134102a9a8787a5ce8d241', 'tenant_name': 'tempest-FlavorsV255TestJSON-1362023848', 'user_domain_id': 'default', 'user_domain_name': 'Default', 'user_id': '966fb3cec03f4860a03fa05dc91507bc', 'system': None}, Network: None, Subnet: None, Router: None
2024-10-26 01:35:54.327 63192 INFO tempest.lib.common.dynamic_creds [-] Created isolated network resources for: credentials: Credentials: {'domain_id': 'default', 'domain_name': 'Default', 'username': 'tempest-FlavorsV255TestJSON-1362023848-project-admin', 'project_domain_id': 'default', 'project_domain_name': 'Default', 'project_id': '36ab90e1c9134102a9a8787a5ce8d241', 'project_name': 'tempest-FlavorsV255TestJSON-1362023848', 'tenant_id': '36ab90e1c9134102a9a8787a5ce8d241', 'tenant_name': 'tempest-FlavorsV255TestJSON-1362023848', 'user_domain_id': 'default', 'user_domain_name': 'Default', 'user_id': '966fb3cec03f4860a03fa05dc91507bc', 'system': None}, Network: None, Subnet: None, Router: None
2024-10-26 01:35:54.372 63240 INFO tempest.lib.common.rest_client [req-24ef6280-8ed7-4ae1-b29a-b3561cb1a9f4 req-24ef6280-8ed7-4ae1-b29a-b3561cb1a9f4 ] Request (MigrationsAdminTest:test_resize_server_revert_deleted_flavor): 200 GET http://10.180.1.21/compute/v2.1/servers/40b6590d-44e1-4d02-b1fa-46c1e6c861ea 0.048s
2024-10-26 01:35:54.381 63251 INFO tempest.lib.common.rest_client [req-2425eec0-befa-4734-ab44-23bb498690db req-2425eec0-befa-4734-ab44-23bb498690db ] Request (ServerGroupTestJSON:test_create_server_with_scheduler_hint_group): 200 GET http://10.180.1.21/compute/v2.1/servers/710a4cb2-a1f6-461e-ac26-d1e86cdd435d 0.045s
2024-10-26 01:35:54.390 63192 INFO tempest.lib.common.rest_client [req-d8617a29-8518-425b-8f83-2c965a2312d6 req-d8617a29-8518-425b-8f83-2c965a2312d6 ] Request (FlavorsV255TestJSON:setUpClass): 201 POST http://10.180.1.21/identity/v3/auth/tokens 0.059s
2024-10-26 01:35:54.445 63224 INFO tempest.lib.common.rest_client [req-a2dee7dd-8fe5-4355-a321-a02788df2795 req-a2dee7dd-8fe5-4355-a321-a02788df2795 ] Request (ServerActionsTestJSON:setUpClass): 200 GET http://10.180.1.21/compute/v2.1/servers/cb35ba14-6a78-4381-9c93-f2fa285468d7 0.042s
2024-10-26 01:35:54.457 63192 INFO tempest.lib.common.rest_client [req-a85833a3-e808-4ab3-9ac0-19586ea3716f req-a85833a3-e808-4ab3-9ac0-19586ea3716f ] Request (FlavorsV255TestJSON:test_crud_flavor): 200 POST http://10.180.1.21/compute/v2.1/flavors 0.065s
2024-10-26 01:35:54.498 63218 INFO tempest.lib.common.rest_client [req-8b4a4fbd-3e88-4d8d-bc5f-9239ae28bdc1 req-8b4a4fbd-3e88-4d8d-bc5f-9239ae28bdc1 ] Request (ServersV294TestFqdnHostnames:setUpClass): 200 GET http://10.180.1.21/compute/v2.1/servers/38e05fe2-d938-43d6-ab2b-b99fb7be51d5 0.090s
2024-10-26 01:35:54.522 63192 INFO tempest.lib.common.rest_client [req-81fd13b3-0621-4d56-8398-98c0cf30b033 req-81fd13b3-0621-4d56-8398-98c0cf30b033 ] Request (FlavorsV255TestJSON:test_crud_flavor): 200 GET http://10.180.1.21/compute/v2.1/flavors/735214613 0.062s
2024-10-26 01:35:54.542 63212 INFO tempest.lib.common.rest_client [req-e181e04c-81e8-4f2a-b405-d27a4acabca0 req-e181e04c-81e8-4f2a-b405-d27a4acabca0 ] Request (ServerRescueTestJSON:setUpClass): 200 GET http://10.180.1.21/compute/v2.1/servers/91660994-feca-40d8-8b75-d3c79110a19e 0.076s
2024-10-26 01:35:54.562 63230 INFO tempest.lib.common.rest_client [req-c415da60-a9d0-4ebe-b80f-b80f1e971f9d req-c415da60-a9d0-4ebe-b80f-b80f1e971f9d ] Request (ServersTestMultiNic:test_verify_multiple_nics_order): 200 GET http://10.180.1.21/compute/v2.1/servers/5283bf79-bf20-4a38-912f-ced401fbd691 0.095s
2024-10-26 01:35:54.563 63192 INFO tempest.lib.common.rest_client [req-2ebd8351-6c12-40ed-b864-d88f96fb59b7 req-2ebd8351-6c12-40ed-b864-d88f96fb59b7 ] Request (FlavorsV255TestJSON:test_crud_flavor): 200 PUT http://10.180.1.21/compute/v2.1/flavors/735214613 0.039s
2024-10-26 01:35:54.606 63228 INFO tempest.lib.common.rest_client [req-117dd3ab-2509-4282-9a0a-4df2ad727ba9 req-117dd3ab-2509-4282-9a0a-4df2ad727ba9 ] Request (ServersTestJSON:setUpClass): 200 GET http://10.180.1.21/compute/v2.1/servers/9f6e1fdf-d7b3-48eb-b4f9-729d4c1fb9cc 0.070s
2024-10-26 01:35:54.610 63216 INFO tempest.lib.common.rest_client [req-94fc8688-baca-4c66-9d69-26d6a86ebb75 req-94fc8688-baca-4c66-9d69-26d6a86ebb75 ] Request (ServerMetadataTestJSON:setUpClass): 200 GET http://10.180.1.21/compute/v2.1/servers/fc5b891b-8432-4b2f-97d9-c93ca0a18783 0.077s
2024-10-26 01:35:54.619 63192 INFO tempest.lib.common.rest_client [req-93c3bb45-8380-41d8-b4dd-688047680dab req-93c3bb45-8380-41d8-b4dd-688047680dab ] Request (FlavorsV255TestJSON:test_crud_flavor): 200 GET http://10.180.1.21/compute/v2.1/flavors/detail 0.054s
2024-10-26 01:35:54.637 63192 INFO tempest.lib.common.rest_client [req-c26883a6-67ad-47ec-8126-66c5b2995b0f req-c26883a6-67ad-47ec-8126-66c5b2995b0f ] Request (FlavorsV255TestJSON:test_crud_flavor): 200 GET http://10.180.1.21/compute/v2.1/flavors 0.013s
2024-10-26 01:35:54.650 63236 INFO tempest.lib.common.rest_client [req-c655d034-52cd-4756-8602-2f321f298574 req-c655d034-52cd-4756-8602-2f321f298574 ] Request (ListImageFiltersTestJSON:setUpClass): 200 GET http://10.180.1.21/compute/v2.1/servers/ac386ddb-c812-4689-b9b4-b98d26ad1831 0.073s
2024-10-26 01:35:54.652 63192 INFO tempest.lib.common.rest_client [req-f9bb2fd4-d569-46fb-861a-a8025b5e7569 req-f9bb2fd4-d569-46fb-861a-a8025b5e7569 ] Request (FlavorsV255TestJSON:_run_cleanups): 202 DELETE http://10.180.1.21/compute/v2.1/flavors/735214613 0.011s
2024-10-26 01:35:54.665 63192 INFO tempest.lib.common.rest_client [req-95393069-1fc8-4b44-9efd-75fdebc41a16 req-95393069-1fc8-4b44-9efd-75fdebc41a16 ] Request (FlavorsV255TestJSON:_run_cleanups): 200 GET http://10.180.1.21/compute/v2.1/flavors/detail 0.013s
2024-10-26 01:35:54.717 63202 INFO tempest.lib.common.rest_client [req-08018325-0fac-4c06-9514-b11ebaf02ff3 req-08018325-0fac-4c06-9514-b11ebaf02ff3 ] Request (ServerActionsV293TestJSON:setUpClass): 200 GET http://10.180.1.21/compute/v2.1/servers/869c5e7f-b937-4add-ace2-7d9b178c2acc 0.046s
2024-10-26 01:35:54.749 63192 INFO tempest.lib.common.rest_client [req-5b106c6d-7ab8-4d2e-aeaa-805c9daf2fe5 req-5b106c6d-7ab8-4d2e-aeaa-805c9daf2fe5 ] Request (FlavorsV255TestJSON:tearDownClass): 204 DELETE http://10.180.1.21/identity/v3/users/900bbe319886492db033b6debfe7e936 0.078s
2024-10-26 01:35:54.759 63220 INFO tempest.lib.common.rest_client [req-693b9775-0505-49ae-a816-6fdad62d35a0 req-693b9775-0505-49ae-a816-6fdad62d35a0 ] Request (AttachInterfacesTestJSON:test_create_list_show_delete_interfaces_by_fixed_ip): 200 GET http://10.180.1.21/compute/v2.1/servers/f4ec1e94-1778-4296-989d-782700c6faf8 0.045s
2024-10-26 01:35:54.794 63196 INFO tempest.lib.common.rest_client [req-47f15bbd-83e2-4ce0-a5fc-f5e3c1980d22 req-47f15bbd-83e2-4ce0-a5fc-f5e3c1980d22 ] Request (ListServersNegativeTestJSON:setUpClass): 200 GET http://10.180.1.21/compute/v2.1/servers/04f5dd28-9b5e-4175-9f00-bbd55e8db2ec 0.045s
2024-10-26 01:35:54.825 63192 INFO tempest.lib.common.rest_client [req-99735c11-6332-470a-bd5c-e245f4ab9b17 req-99735c11-6332-470a-bd5c-e245f4ab9b17 ] Request (FlavorsV255TestJSON:tearDownClass): 204 DELETE http://10.180.1.21/identity/v3/users/966fb3cec03f4860a03fa05dc91507bc 0.075s
2024-10-26 01:35:54.825 63192 INFO tempest.lib.common.dynamic_creds [-] Deleting project and security group for project: 36ab90e1c9134102a9a8787a5ce8d241
2024-10-26 01:35:54.843 63190 INFO tempest.lib.common.rest_client [req-119ae14d-c68a-4721-9f52-100a915854c8 req-119ae14d-c68a-4721-9f52-100a915854c8 ] Request (SecurityGroupsTestJSON:test_list_security_groups_by_server): 200 GET http://10.180.1.21/compute/v2.1/servers/de2daf8c-73c1-44fe-bb01-2b54f1f1c419 0.046s
2024-10-26 01:35:54.873 63192 INFO tempest.lib.common.rest_client [req-fe01d4bf-7992-4ca1-8652-74fa707cb718 req-fe01d4bf-7992-4ca1-8652-74fa707cb718 ] Request (FlavorsV255TestJSON:tearDownClass): 201 POST http://10.180.1.21/identity/v3/auth/tokens 0.048s
2024-10-26 01:35:54.916 63210 INFO tempest.lib.common.rest_client [req-55ba39da-7fd8-4668-bb68-85af00fa2065 req-55ba39da-7fd8-4668-bb68-85af00fa2065 ] Request (ImagesOneServerTestJSON:setUpClass): 200 GET http://10.180.1.21/compute/v2.1/servers/74361d48-0a82-453a-a4a1-45173c49e901 0.045s
2024-10-26 01:35:54.980 63244 INFO tempest.lib.common.rest_client [req-e2590cc6-721c-4c87-8bcc-536e4a16c888 req-e2590cc6-721c-4c87-8bcc-536e4a16c888 ] Request (InstanceActionsV221TestJSON:test_get_list_deleted_instance_actions): 200 GET http://10.180.1.21/compute/v2.1/servers/8db47d06-230f-4c5e-8bd6-9d5b543455b6 0.051s
2024-10-26 01:35:55.006 63192 INFO tempest.lib.common.rest_client [req-c8da08aa-5393-4c13-91cf-b12f1a0db2a9 req-c8da08aa-5393-4c13-91cf-b12f1a0db2a9 ] Request (FlavorsV255TestJSON:tearDownClass): 200 GET http://10.180.1.21:9696/networking/v2.0/security-groups?tenant_id=36ab90e1c9134102a9a8787a5ce8d241&name=default 0.133s
2024-10-26 01:35:55.048 63214 INFO tempest.lib.common.rest_client [req-275448a8-5324-42be-bca4-e0183695eadb req-275448a8-5324-42be-bca4-e0183695eadb ] Request (ServerShowV254Test:test_rebuild_server): 200 GET http://10.180.1.21/compute/v2.1/servers/9567865d-41ae-4379-8313-e87bfc92fba8 0.058s
2024-10-26 01:35:55.057 63232 INFO tempest.lib.common.rest_client [req-5b1384f2-cf54-4a04-a0ba-b56fbd359aca req-5b1384f2-cf54-4a04-a0ba-b56fbd359aca ] Request (ServerRescueNegativeTestJSON:setUpClass): 200 GET http://10.180.1.21/compute/v2.1/servers/65c1a63f-4645-40fe-b429-00923e60d1cb 0.050s
2024-10-26 01:35:55.095 63192 INFO tempest.lib.common.rest_client [req-7aef20b0-0491-4a06-8cf2-b10d3320438b req-7aef20b0-0491-4a06-8cf2-b10d3320438b ] Request (FlavorsV255TestJSON:tearDownClass): 204 DELETE http://10.180.1.21:9696/networking/v2.0/security-groups/09737a3d-3b4d-4dce-9033-6115c3fabe2d 0.088s
2024-10-26 01:35:55.103 63222 INFO tempest.lib.common.rest_client [req-5fdd0baa-43a0-4ff8-bfb6-0bfcbf5882ef req-5fdd0baa-43a0-4ff8-bfb6-0bfcbf5882ef ] Request (ServerDiagnosticsTest:test_get_server_diagnostics): 200 GET http://10.180.1.21/compute/v2.1/servers/f54e2a1f-987b-40ac-8197-d6e4ad3ba18f 0.056s
2024-10-26 01:35:55.148 63192 INFO tempest.lib.common.rest_client [req-dbbda0de-0472-433b-8b7c-75c73d97d784 req-dbbda0de-0472-433b-8b7c-75c73d97d784 ] Request (FlavorsV255TestJSON:tearDownClass): 204 DELETE http://10.180.1.21/identity/v3/projects/36ab90e1c9134102a9a8787a5ce8d241 0.052s
2024-10-26 01:35:55.148 63192 INFO tempest.lib.common.dynamic_creds [-] Deleting project and security group for project: 32e38b160425417a9ebd94464d09f1e7
2024-10-26 01:35:55.150 63226 INFO tempest.lib.common.rest_client [req-b2d882b7-c4dc-4a05-8be5-812451b9e281 req-b2d882b7-c4dc-4a05-8be5-812451b9e281 ] Request (AttachInterfacesUnderV243Test:test_add_remove_fixed_ip): 200 GET http://10.180.1.21/compute/v2.1/servers/6f085d0c-c440-4bba-9bf8-cf2f70742748 0.046s
2024-10-26 01:35:55.164 63198 INFO tempest.lib.common.rest_client [req-af31d860-3b8f-434a-9378-68dfb08e7971 req-af31d860-3b8f-434a-9378-68dfb08e7971 ] Request (ImagesTestJSON:test_create_image_from_stopped_server): 200 GET http://10.180.1.21/compute/v2.1/servers/4be2f0a4-5f57-4a80-9450-6d61d344799e 0.044s
2024-10-26 01:35:55.210 63194 INFO tempest.lib.common.rest_client [req-8815efa4-3422-4ac8-ab32-922b71c3cff5 req-8815efa4-3422-4ac8-ab32-922b71c3cff5 ] Request (ServerMetadataNegativeTestJSON:setUpClass): 200 GET http://10.180.1.21/compute/v2.1/servers/a224dd44-bda2-464f-b946-edbe167927b9 0.047s
2024-10-26 01:35:55.238 63192 INFO tempest.lib.common.rest_client [req-e9e32433-7788-449c-88e6-4117286f0780 req-e9e32433-7788-449c-88e6-4117286f0780 ] Request (FlavorsV255TestJSON:tearDownClass): 200 GET http://10.180.1.21:9696/networking/v2.0/security-groups?tenant_id=32e38b160425417a9ebd94464d09f1e7&name=default 0.089s
2024-10-26 01:35:55.261 63208 INFO tempest.lib.common.rest_client [req-59512c89-6d37-4ead-b02b-84c1817a07c7 req-59512c89-6d37-4ead-b02b-84c1817a07c7 ] Request (DeleteServersTestJSON:test_delete_active_server): 200 GET http://10.180.1.21/compute/v2.1/servers/afd7d381-6eb1-4e5a-aaa5-34ce77953b1b 0.045s
2024-10-26 01:35:55.272 63248 INFO tempest.lib.common.rest_client [req-4a8644a1-d180-40ef-aee3-eeef6da8cab1 req-4a8644a1-d180-40ef-aee3-eeef6da8cab1 ] Request (ImagesOneServerNegativeTestJSON:setUpClass): 200 GET http://10.180.1.21/compute/v2.1/servers/64044aea-4572-48b1-93b3-93f079a829dd 0.045s
2024-10-26 01:35:55.303 63200 INFO tempest.lib.common.rest_client [req-98c87c35-87d5-4a68-b121-6267caae31ab req-98c87c35-87d5-4a68-b121-6267caae31ab ] Request (VolumesAdminNegativeTest:test_update_attached_volume_with_nonexistent_volume_in_uri): 200 GET http://10.180.1.21/compute/v2.1/servers/95c07667-e9d8-4cc3-b135-f80d196d179f 0.042s
2024-10-26 01:35:55.317 63192 INFO tempest.lib.common.rest_client [req-41ae16a5-ec62-4647-8766-b78b44cc61d8 req-41ae16a5-ec62-4647-8766-b78b44cc61d8 ] Request (FlavorsV255TestJSON:tearDownClass): 204 DELETE http://10.180.1.21:9696/networking/v2.0/security-groups/02b3e55e-e3c9-4e9a-9473-77c52ec2408e 0.079s
2024-10-26 01:35:55.329 63206 INFO tempest.lib.common.rest_client [req-b6f285ae-138e-49df-93b1-771c51a5615f req-b6f285ae-138e-49df-93b1-771c51a5615f ] Request (ImagesNegativeTestJSON:test_create_image_from_deleted_server): 200 GET http://10.180.1.21/compute/v2.1/servers/c7771b47-cbe8-4696-9a21-9204501c8877 0.051s
2024-10-26 01:35:55.365 63204 INFO tempest.lib.common.rest_client [req-412c02d5-9ae5-44cd-8422-d95016f261bd req-412c02d5-9ae5-44cd-8422-d95016f261bd ] Request (ServersTestManualDisk:setUpClass): 200 GET http://10.180.1.21/compute/v2.1/servers/2222309b-ce4e-46eb-a620-34553f644947 0.044s
2024-10-26 01:35:55.389 63192 INFO tempest.lib.common.rest_client [req-33a4ec09-c768-4967-8dca-e4e6eccdd63c req-33a4ec09-c768-4967-8dca-e4e6eccdd63c ] Request (FlavorsV255TestJSON:tearDownClass): 204 DELETE http://10.180.1.21/identity/v3/projects/32e38b160425417a9ebd94464d09f1e7 0.071s
2024-10-26 01:35:55.425 63240 INFO tempest.lib.common.rest_client [req-2995cb7b-2758-4d9d-96b9-87eceb8afa05 req-2995cb7b-2758-4d9d-96b9-87eceb8afa05 ] Request (MigrationsAdminTest:test_resize_server_revert_deleted_flavor): 200 GET http://10.180.1.21/compute/v2.1/servers/40b6590d-44e1-4d02-b1fa-46c1e6c861ea 0.046s
2024-10-26 01:35:55.429 63251 INFO tempest.lib.common.rest_client [req-e3f9c498-7001-454b-a9ae-55883cb4377e req-e3f9c498-7001-454b-a9ae-55883cb4377e ] Request (ServerGroupTestJSON:test_create_server_with_scheduler_hint_group): 200 GET http://10.180.1.21/compute/v2.1/servers/710a4cb2-a1f6-461e-ac26-d1e86cdd435d 0.042s
2024-10-26 01:35:55.440 63192 INFO tempest.lib.common.rest_client [req-dadce297-3740-4fe1-ab8e-55f112d2677d req-dadce297-3740-4fe1-ab8e-55f112d2677d ] Request (ServersTestBootFromVolume:setUpClass): 201 POST http://10.180.1.21/identity/v3/auth/tokens 0.050s
2024-10-26 01:35:55.468 63192 INFO tempest.lib.common.rest_client [req-fec32f85-c634-42e9-a90c-49b5d340e9db req-fec32f85-c634-42e9-a90c-49b5d340e9db ] Request (ServersTestBootFromVolume:setUpClass): 201 POST http://10.180.1.21/identity/v3/auth/tokens 0.025s
2024-10-26 01:35:55.492 63192 INFO tempest.lib.common.rest_client [req-0fc345b4-aa53-4a3d-bc71-ff35a3fcf33d req-0fc345b4-aa53-4a3d-bc71-ff35a3fcf33d ] Request (ServersTestBootFromVolume:setUpClass): 200 GET http://10.180.1.21/identity/v3/domains?name=Default 0.023s
2024-10-26 01:35:55.503 63224 INFO tempest.lib.common.rest_client [req-bcc04e54-e1e9-4ca2-a5b3-563dc19e0c73 req-bcc04e54-e1e9-4ca2-a5b3-563dc19e0c73 ] Request (ServerActionsTestJSON:setUpClass): 200 GET http://10.180.1.21/compute/v2.1/servers/cb35ba14-6a78-4381-9c93-f2fa285468d7 0.052s
2024-10-26 01:35:55.518 63192 INFO tempest.lib.common.rest_client [req-3ea6bc51-83d4-489d-a4be-0cd3dfe19020 req-3ea6bc51-83d4-489d-a4be-0cd3dfe19020 ] Request (ServersTestBootFromVolume:setUpClass): 201 POST http://10.180.1.21/identity/v3/projects 0.025s
2024-10-26 01:35:55.562 63218 INFO tempest.lib.common.rest_client [req-f349883d-e9e2-48df-9d3c-27c8f38c2edd req-f349883d-e9e2-48df-9d3c-27c8f38c2edd ] Request (ServersV294TestFqdnHostnames:setUpClass): 200 GET http://10.180.1.21/compute/v2.1/servers/38e05fe2-d938-43d6-ab2b-b99fb7be51d5 0.055s
2024-10-26 01:35:55.573 63192 INFO tempest.lib.common.rest_client [req-48855a77-e63a-4448-9505-ea614182484a req-48855a77-e63a-4448-9505-ea614182484a ] Request (ServersTestBootFromVolume:setUpClass): 201 POST http://10.180.1.21/identity/v3/users 0.055s
2024-10-26 01:35:55.589 63192 INFO tempest.lib.common.rest_client [req-71a61757-c0df-4f5e-a1d7-1faaca8ebffd req-71a61757-c0df-4f5e-a1d7-1faaca8ebffd ] Request (ServersTestBootFromVolume:setUpClass): 200 GET http://10.180.1.21/identity/v3/roles 0.015s
2024-10-26 01:35:55.595 63212 INFO tempest.lib.common.rest_client [req-b183c60a-65d2-4cce-8bde-b49725636038 req-b183c60a-65d2-4cce-8bde-b49725636038 ] Request (ServerRescueTestJSON:setUpClass): 200 GET http://10.180.1.21/compute/v2.1/servers/91660994-feca-40d8-8b75-d3c79110a19e 0.046s
2024-10-26 01:35:55.611 63230 INFO tempest.lib.common.rest_client [req-1305a9f2-aa5e-4aff-a716-78fb4f81f85f req-1305a9f2-aa5e-4aff-a716-78fb4f81f85f ] Request (ServersTestMultiNic:test_verify_multiple_nics_order): 200 GET http://10.180.1.21/compute/v2.1/servers/5283bf79-bf20-4a38-912f-ced401fbd691 0.042s
2024-10-26 01:35:55.612 63192 INFO tempest.lib.common.rest_client [req-b6137ece-2d0d-4627-aac2-69899b051f0e req-b6137ece-2d0d-4627-aac2-69899b051f0e ] Request (ServersTestBootFromVolume:setUpClass): 204 PUT http://10.180.1.21/identity/v3/projects/f9bd4f56d8d6415c9f5d98fe6d2562ed/users/88ff36903a64472aac028f0367fa59f6/roles/61f740e02a094f5984449fcc80a18849 0.023s
2024-10-26 01:35:55.612 63192 INFO tempest.lib.common.dynamic_creds [-] Dynamic test user 88ff36903a64472aac028f0367fa59f6 is created with scope project and roles: ['member']
2024-10-26 01:35:55.612 63192 INFO tempest.lib.common.dynamic_creds [-] Acquired dynamic creds: credentials: Credentials: {'domain_id': 'default', 'domain_name': 'Default', 'username': 'tempest-ServersTestBootFromVolume-52030683-project-member', 'project_domain_id': 'default', 'project_domain_name': 'Default', 'project_id': 'f9bd4f56d8d6415c9f5d98fe6d2562ed', 'project_name': 'tempest-ServersTestBootFromVolume-52030683', 'tenant_id': 'f9bd4f56d8d6415c9f5d98fe6d2562ed', 'tenant_name': 'tempest-ServersTestBootFromVolume-52030683', 'user_domain_id': 'default', 'user_domain_name': 'Default', 'user_id': '88ff36903a64472aac028f0367fa59f6', 'system': None}, Network: None, Subnet: None, Router: None
2024-10-26 01:35:55.657 63228 INFO tempest.lib.common.rest_client [req-2d83973e-8f51-4635-9b7c-b8ea533b8be7 req-2d83973e-8f51-4635-9b7c-b8ea533b8be7 ] Request (ServersTestJSON:setUpClass): 200 GET http://10.180.1.21/compute/v2.1/servers/9f6e1fdf-d7b3-48eb-b4f9-729d4c1fb9cc 0.044s
2024-10-26 01:35:55.660 63192 INFO tempest.lib.common.rest_client [req-ea0c7d9b-5824-4979-90d2-17b4e237b935 req-ea0c7d9b-5824-4979-90d2-17b4e237b935 ] Request (ServersTestBootFromVolume:setUpClass): 201 POST http://10.180.1.21/identity/v3/auth/tokens 0.048s
2024-10-26 01:35:55.661 63216 INFO tempest.lib.common.rest_client [req-e2b847f1-36d3-4960-8a49-137005c730a6 req-e2b847f1-36d3-4960-8a49-137005c730a6 ] Request (ServerMetadataTestJSON:setUpClass): 200 GET http://10.180.1.21/compute/v2.1/servers/fc5b891b-8432-4b2f-97d9-c93ca0a18783 0.044s
2024-10-26 01:35:55.700 63236 INFO tempest.lib.common.rest_client [req-0b1bae4e-e128-4eab-88e4-44e53a1b85c7 req-0b1bae4e-e128-4eab-88e4-44e53a1b85c7 ] Request (ListImageFiltersTestJSON:setUpClass): 200 GET http://10.180.1.21/compute/v2.1/servers/ac386ddb-c812-4689-b9b4-b98d26ad1831 0.043s
2024-10-26 01:35:55.777 63202 INFO tempest.lib.common.rest_client [req-b120ed56-8dea-4190-a968-8a99d9de4c26 req-b120ed56-8dea-4190-a968-8a99d9de4c26 ] Request (ServerActionsV293TestJSON:setUpClass): 200 GET http://10.180.1.21/compute/v2.1/servers/869c5e7f-b937-4add-ace2-7d9b178c2acc 0.049s
2024-10-26 01:35:55.817 63220 INFO tempest.lib.common.rest_client [req-af5a01fc-004d-4f69-a0db-c0ee981c17ab req-af5a01fc-004d-4f69-a0db-c0ee981c17ab ] Request (AttachInterfacesTestJSON:test_create_list_show_delete_interfaces_by_fixed_ip): 200 GET http://10.180.1.21/compute/v2.1/servers/f4ec1e94-1778-4296-989d-782700c6faf8 0.052s
2024-10-26 01:35:55.846 63196 INFO tempest.lib.common.rest_client [req-fe48f837-328c-4d85-9085-049a3ebff9ee req-fe48f837-328c-4d85-9085-049a3ebff9ee ] Request (ListServersNegativeTestJSON:setUpClass): 200 GET http://10.180.1.21/compute/v2.1/servers/04f5dd28-9b5e-4175-9f00-bbd55e8db2ec 0.045s
2024-10-26 01:35:55.877 63192 INFO tempest.lib.common.rest_client [req-da11ff8c-524c-4601-8048-55977b0dcdf8 req-da11ff8c-524c-4601-8048-55977b0dcdf8 ] Request (ServersTestBootFromVolume:setUpClass): 201 POST http://10.180.1.21:9696/networking/v2.0/networks 0.216s
2024-10-26 01:35:55.894 63190 INFO tempest.lib.common.rest_client [req-1d2cfeae-89d9-4460-8ee9-7626d70005e9 req-1d2cfeae-89d9-4460-8ee9-7626d70005e9 ] Request (SecurityGroupsTestJSON:test_list_security_groups_by_server): 200 GET http://10.180.1.21/compute/v2.1/servers/de2daf8c-73c1-44fe-bb01-2b54f1f1c419 0.043s
2024-10-26 01:35:55.973 63210 INFO tempest.lib.common.rest_client [req-7ad9ad6a-ca92-4ad1-ba76-60212817017c req-7ad9ad6a-ca92-4ad1-ba76-60212817017c ] Request (ImagesOneServerTestJSON:setUpClass): 200 GET http://10.180.1.21/compute/v2.1/servers/74361d48-0a82-453a-a4a1-45173c49e901 0.050s
2024-10-26 01:35:56.023 63192 INFO tempest.lib.common.rest_client [req-2b646e4c-1ee1-4ecb-8766-a6e71dfab68f req-2b646e4c-1ee1-4ecb-8766-a6e71dfab68f ] Request (ServersTestBootFromVolume:setUpClass): 201 POST http://10.180.1.21:9696/networking/v2.0/subnets 0.145s
2024-10-26 01:35:56.041 63244 INFO tempest.lib.common.rest_client [req-b67d7016-378e-43b2-bc4f-1340f9a080de req-b67d7016-378e-43b2-bc4f-1340f9a080de ] Request (InstanceActionsV221TestJSON:test_get_list_deleted_instance_actions): 200 GET http://10.180.1.21/compute/v2.1/servers/8db47d06-230f-4c5e-8bd6-9d5b543455b6 0.052s
2024-10-26 01:35:56.108 63232 INFO tempest.lib.common.rest_client [req-d33a6cb6-09f6-4077-b586-ea3c9c8cb784 req-d33a6cb6-09f6-4077-b586-ea3c9c8cb784 ] Request (ServerRescueNegativeTestJSON:setUpClass): 200 GET http://10.180.1.21/compute/v2.1/servers/65c1a63f-4645-40fe-b429-00923e60d1cb 0.044s
2024-10-26 01:35:56.124 63214 INFO tempest.lib.common.rest_client [req-b1aa5f06-a1a9-4ec9-87c0-525324ca088c req-b1aa5f06-a1a9-4ec9-87c0-525324ca088c ] Request (ServerShowV254Test:test_rebuild_server): 200 GET http://10.180.1.21/compute/v2.1/servers/9567865d-41ae-4379-8313-e87bfc92fba8 0.065s
2024-10-26 01:35:56.163 63222 INFO tempest.lib.common.rest_client [req-7a61d523-b138-49c2-9790-74abbe4b2bf7 req-7a61d523-b138-49c2-9790-74abbe4b2bf7 ] Request (ServerDiagnosticsTest:test_get_server_diagnostics): 200 GET http://10.180.1.21/compute/v2.1/servers/f54e2a1f-987b-40ac-8197-d6e4ad3ba18f 0.052s
2024-10-26 01:35:56.209 63226 INFO tempest.lib.common.rest_client [req-05305d76-5dc6-4af6-9408-ebd99db9d369 req-05305d76-5dc6-4af6-9408-ebd99db9d369 ] Request (AttachInterfacesUnderV243Test:test_add_remove_fixed_ip): 200 GET http://10.180.1.21/compute/v2.1/servers/6f085d0c-c440-4bba-9bf8-cf2f70742748 0.052s
2024-10-26 01:35:56.220 63198 INFO tempest.lib.common.rest_client [req-65e871bf-8cb0-4559-a104-edfb83f0f165 req-65e871bf-8cb0-4559-a104-edfb83f0f165 ] Request (ImagesTestJSON:test_create_image_from_stopped_server): 200 GET http://10.180.1.21/compute/v2.1/servers/4be2f0a4-5f57-4a80-9450-6d61d344799e 0.049s
2024-10-26 01:35:56.263 63194 INFO tempest.lib.common.rest_client [req-498a3adf-ad1c-4900-8a74-e3b08b779ed8 req-498a3adf-ad1c-4900-8a74-e3b08b779ed8 ] Request (ServerMetadataNegativeTestJSON:setUpClass): 200 GET http://10.180.1.21/compute/v2.1/servers/a224dd44-bda2-464f-b946-edbe167927b9 0.046s
2024-10-26 01:35:56.318 63208 INFO tempest.lib.common.rest_client [req-5063eaaa-947a-4fc0-a96f-5b0ed35ad487 req-5063eaaa-947a-4fc0-a96f-5b0ed35ad487 ] Request (DeleteServersTestJSON:test_delete_active_server): 200 GET http://10.180.1.21/compute/v2.1/servers/afd7d381-6eb1-4e5a-aaa5-34ce77953b1b 0.050s
2024-10-26 01:35:56.333 63248 INFO tempest.lib.common.rest_client [req-a0fe8ae6-fdc3-4310-bae0-0df2ef09dfa5 req-a0fe8ae6-fdc3-4310-bae0-0df2ef09dfa5 ] Request (ImagesOneServerNegativeTestJSON:setUpClass): 200 GET http://10.180.1.21/compute/v2.1/servers/64044aea-4572-48b1-93b3-93f079a829dd 0.053s
2024-10-26 01:35:56.364 63200 INFO tempest.lib.common.rest_client [req-b4a5b65e-0ac7-4547-beed-450f6e824df5 req-b4a5b65e-0ac7-4547-beed-450f6e824df5 ] Request (VolumesAdminNegativeTest:test_update_attached_volume_with_nonexistent_volume_in_uri): 200 GET http://10.180.1.21/compute/v2.1/servers/95c07667-e9d8-4cc3-b135-f80d196d179f 0.054s
2024-10-26 01:35:56.388 63206 INFO tempest.lib.common.rest_client [req-fa4f8117-8269-4592-b28f-b19f602210b8 req-fa4f8117-8269-4592-b28f-b19f602210b8 ] Request (ImagesNegativeTestJSON:test_create_image_from_deleted_server): 200 GET http://10.180.1.21/compute/v2.1/servers/c7771b47-cbe8-4696-9a21-9204501c8877 0.053s
2024-10-26 01:35:56.413 63204 INFO tempest.lib.common.rest_client [req-fc3c5b7e-7b1e-41cf-948a-9e0be79d7e31 req-fc3c5b7e-7b1e-41cf-948a-9e0be79d7e31 ] Request (ServersTestManualDisk:setUpClass): 200 GET http://10.180.1.21/compute/v2.1/servers/2222309b-ce4e-46eb-a620-34553f644947 0.042s
2024-10-26 01:35:56.482 63251 INFO tempest.lib.common.rest_client [req-d0bcd033-e30a-4a06-b08a-bc772763aa80 req-d0bcd033-e30a-4a06-b08a-bc772763aa80 ] Request (ServerGroupTestJSON:test_create_server_with_scheduler_hint_group): 200 GET http://10.180.1.21/compute/v2.1/servers/710a4cb2-a1f6-461e-ac26-d1e86cdd435d 0.046s
2024-10-26 01:35:56.484 63240 INFO tempest.lib.common.rest_client [req-25188da4-d53d-4b18-89dc-0652efbadbdf req-25188da4-d53d-4b18-89dc-0652efbadbdf ] Request (MigrationsAdminTest:test_resize_server_revert_deleted_flavor): 200 GET http://10.180.1.21/compute/v2.1/servers/40b6590d-44e1-4d02-b1fa-46c1e6c861ea 0.053s
2024-10-26 01:35:56.562 63224 INFO tempest.lib.common.rest_client [req-08f2278c-b815-4e35-995e-578f2f3bf6f0 req-08f2278c-b815-4e35-995e-578f2f3bf6f0 ] Request (ServerActionsTestJSON:setUpClass): 200 GET http://10.180.1.21/compute/v2.1/servers/cb35ba14-6a78-4381-9c93-f2fa285468d7 0.053s
2024-10-26 01:35:56.625 63218 INFO tempest.lib.common.rest_client [req-8b1ae70c-94c9-4e5b-9003-4720f352d6dd req-8b1ae70c-94c9-4e5b-9003-4720f352d6dd ] Request (ServersV294TestFqdnHostnames:setUpClass): 200 GET http://10.180.1.21/compute/v2.1/servers/38e05fe2-d938-43d6-ab2b-b99fb7be51d5 0.054s
2024-10-26 01:35:56.653 63212 INFO tempest.lib.common.rest_client [req-a1773c90-8e0e-49eb-b5b8-5cb5a76db1f9 req-a1773c90-8e0e-49eb-b5b8-5cb5a76db1f9 ] Request (ServerRescueTestJSON:setUpClass): 200 GET http://10.180.1.21/compute/v2.1/servers/91660994-feca-40d8-8b75-d3c79110a19e 0.052s
2024-10-26 01:35:56.673 63230 INFO tempest.lib.common.rest_client [req-a8a6cac2-8ba9-4783-9c42-d4ff9dd55cef req-a8a6cac2-8ba9-4783-9c42-d4ff9dd55cef ] Request (ServersTestMultiNic:test_verify_multiple_nics_order): 200 GET http://10.180.1.21/compute/v2.1/servers/5283bf79-bf20-4a38-912f-ced401fbd691 0.055s
2024-10-26 01:35:56.683 63192 INFO tempest.lib.common.rest_client [req-33673119-0250-4cdf-bbc3-312227fd0aaa req-33673119-0250-4cdf-bbc3-312227fd0aaa ] Request (ServersTestBootFromVolume:setUpClass): 201 POST http://10.180.1.21:9696/networking/v2.0/routers 0.659s
2024-10-26 01:35:56.715 63228 INFO tempest.lib.common.rest_client [req-f4ac070e-c961-4f14-b72a-e2693e9cd80a req-f4ac070e-c961-4f14-b72a-e2693e9cd80a ] Request (ServersTestJSON:setUpClass): 200 GET http://10.180.1.21/compute/v2.1/servers/9f6e1fdf-d7b3-48eb-b4f9-729d4c1fb9cc 0.051s
2024-10-26 01:35:56.717 63216 INFO tempest.lib.common.rest_client [req-d8506153-d16c-4ac7-850b-7e88db31fa77 req-d8506153-d16c-4ac7-850b-7e88db31fa77 ] Request (ServerMetadataTestJSON:setUpClass): 200 GET http://10.180.1.21/compute/v2.1/servers/fc5b891b-8432-4b2f-97d9-c93ca0a18783 0.050s
