2024-10-26 01:34:30.947 63248 INFO tempest.lib.common.rest_client [req-279b8750-54b8-4eba-8d4a-5d8aedd6a42f req-279b8750-54b8-4eba-8d4a-5d8aedd6a42f ] Request (ImagesOneServerNegativeTestJSON:setUpClass): 204 PUT http://10.180.1.21/identity/v3/projects/d846730e0a3c4d748590225789bfa1d0/users/133f56aa710045a5994c2effb34e7387/roles/61f740e02a094f5984449fcc80a18849 0.030s
2024-10-26 01:34:30.947 63248 INFO tempest.lib.common.dynamic_creds [-] Dynamic test user 133f56aa710045a5994c2effb34e7387 is created with scope project and roles: ['member']
2024-10-26 01:34:30.948 63248 INFO tempest.lib.common.dynamic_creds [-] Acquired dynamic creds: credentials: Credentials: {'domain_id': 'default', 'domain_name': 'Default', 'username': 'tempest-ImagesOneServerNegativeTestJSON-1454207902-project-member', 'project_domain_id': 'default', 'project_domain_name': 'Default', 'project_id': 'd846730e0a3c4d748590225789bfa1d0', 'project_name': 'tempest-ImagesOneServerNegativeTestJSON-1454207902', 'tenant_id': 'd846730e0a3c4d748590225789bfa1d0', 'tenant_name': 'tempest-ImagesOneServerNegativeTestJSON-1454207902', 'user_domain_id': 'default', 'user_domain_name': 'Default', 'user_id': '133f56aa710045a5994c2effb34e7387', 'system': None}, Network: None, Subnet: None, Router: None
2024-10-26 01:34:30.963 63226 INFO tempest.lib.common.rest_client [req-22707868-ac11-4839-8e2f-f03528bfd9c6 req-22707868-ac11-4839-8e2f-f03528bfd9c6 ] Request (ServersAdminTestJSON:setUpClass): 200 GET http://10.180.1.21/compute/v2.1/servers/12408f00-ed1d-4b96-bc0c-59779d0eda74 0.870s
2024-10-26 01:34:31.017 63248 INFO tempest.lib.common.rest_client [req-15b8f847-d10b-415f-ba32-c040ed75330d req-15b8f847-d10b-415f-ba32-c040ed75330d ] Request (ImagesOneServerNegativeTestJSON:setUpClass): 201 POST http://10.180.1.21/identity/v3/auth/tokens 0.068s
2024-10-26 01:34:31.049 63238 INFO tempest.lib.common.rest_client [req-3ef178ed-1766-4157-905d-c6d96797c2b2 req-3ef178ed-1766-4157-905d-c6d96797c2b2 ] Request (FloatingIPsTestJSON:setUpClass): 200 PUT http://10.180.1.21:9696/networking/v2.0/routers/87ac7623-3e44-495b-a103-bb6f4d2e6d42/add_router_interface 1.460s
2024-10-26 01:34:31.049 63238 INFO tempest.lib.common.dynamic_creds [-] Created isolated network resources for: credentials: Credentials: {'domain_id': 'default', 'domain_name': 'Default', 'username': 'tempest-FloatingIPsTestJSON-401417882-project-member', 'project_domain_id': 'default', 'project_domain_name': 'Default', 'project_id': 'a6fc972e2df0453b9bc883392b05b00d', 'project_name': 'tempest-FloatingIPsTestJSON-401417882', 'tenant_id': 'a6fc972e2df0453b9bc883392b05b00d', 'tenant_name': 'tempest-FloatingIPsTestJSON-401417882', 'user_domain_id': 'default', 'user_domain_name': 'Default', 'user_id': '8bf33b9fd7fa459e822e8810c3013731', 'system': None}, Network: {'id': '608e25b0-9b50-41e1-a72b-35de368d497d', 'name': 'tempest-FloatingIPsTestJSON-35193098-network', 'tenant_id': 'a6fc972e2df0453b9bc883392b05b00d', 'admin_state_up': True, 'mtu': 8950, 'status': 'ACTIVE', 'subnets': [], 'shared': False, 'project_id': 'a6fc972e2df0453b9bc883392b05b00d', 'port_security_enabled': True, 'router:external': False, 'provider:network_type': 'vlan', 'provider:physical_network': 'default', 'provider:segmentation_id': 168, 'is_default': False, 'availability_zone_hints': [], 'availability_zones': [], 'ipv4_address_scope': None, 'ipv6_address_scope': None, 'description': '', 'tags': [], 'created_at': '2024-10-26T01:34:25Z', 'updated_at': '2024-10-26T01:34:25Z', 'revision_number': 1}, Subnet: {'id': '83b277da-3bc7-4ff8-9e6a-21b3adf96d83', 'name': 'tempest-FloatingIPsTestJSON-35193098-subnet', 'tenant_id': 'a6fc972e2df0453b9bc883392b05b00d', 'network_id': '608e25b0-9b50-41e1-a72b-35de368d497d', 'ip_version': 4, 'subnetpool_id': None, 'enable_dhcp': True, 'ipv6_ra_mode': None, 'ipv6_address_mode': None, 'gateway_ip': '192.168.128.1', 'cidr': '192.168.128.0/28', 'allocation_pools': [{'start': '192.168.128.2', 'end': '192.168.128.14'}], 'host_routes': [], 'dns_nameservers': [], 'description': '', 'router:external': False, 'service_types': [], 'tags': [], 'created_at': '2024-10-26T01:34:26Z', 'updated_at': '2024-10-26T01:34:26Z', 'revision_number': 0, 'project_id': 'a6fc972e2df0453b9bc883392b05b00d'}, Router: {'id': '87ac7623-3e44-495b-a103-bb6f4d2e6d42', 'name': 'tempest-FloatingIPsTestJSON-35193098-router', 'tenant_id': 'a6fc972e2df0453b9bc883392b05b00d', 'admin_state_up': True, 'status': 'ACTIVE', 'external_gateway_info': {'network_id': '4f6532fc-f5ca-485b-999a-1c13a82747e0', 'external_fixed_ips': [{'subnet_id': '5bbc5ea6-4048-4a59-b2d5-1733181394f7', 'ip_address': '10.180.180.208'}], 'enable_snat': True}, 'description': '', 'availability_zones': [], 'distributed': False, 'ha': False, 'availability_zone_hints': [], 'routes': [], 'flavor_id': None, 'tags': [], 'created_at': '2024-10-26T01:34:26Z', 'updated_at': '2024-10-26T01:34:28Z', 'revision_number': 2, 'project_id': 'a6fc972e2df0453b9bc883392b05b00d'}
2024-10-26 01:34:31.105 63220 INFO tempest.lib.common.rest_client [req-88ffc065-532d-4bd3-8f31-bea71274804f req-88ffc065-532d-4bd3-8f31-bea71274804f ] Request (FloatingIPsNegativeTestJSON:setUpClass): 200 GET http://10.180.1.21/compute/v2.1/os-floating-ips 0.989s
2024-10-26 01:34:31.125 63228 INFO tempest.lib.common.rest_client [req-c54c2e25-2773-4169-9957-b73937ebdf30 req-c54c2e25-2773-4169-9957-b73937ebdf30 ] Request (FlavorsAccessNegativeTestJSON:test_remove_flavor_access_not_found): 200 POST http://10.180.1.21/compute/v2.1/flavors 0.899s
2024-10-26 01:34:31.158 63240 INFO tempest.lib.common.rest_client [req-c273c4cd-74d4-4f7e-815b-aeaf65884e5d req-c273c4cd-74d4-4f7e-815b-aeaf65884e5d ] Request (MigrationsAdminTest:test_resize_server_revert_deleted_flavor): 200 POST http://10.180.1.21/compute/v2.1/flavors/82709d86-89cc-457d-a896-01beea9a7fe0/os-extra_specs 0.926s
2024-10-26 01:34:31.160 63238 INFO tempest.lib.common.rest_client [req-a8353869-bf50-40c5-b887-8505f33f6be7 req-a8353869-bf50-40c5-b887-8505f33f6be7 ] Request (FloatingIPsTestJSON:setUpClass): 201 POST http://10.180.1.21/identity/v3/auth/tokens 0.107s
2024-10-26 01:34:31.177 63214 INFO tempest.lib.common.rest_client [req-6e53524f-0390-4024-8508-97347ff49757 req-6e53524f-0390-4024-8508-97347ff49757 ] Request (ImagesMetadataTestJSON:test_set_image_metadata): 200 PUT http://10.180.1.21/compute/v2.1/images/cb01ddfb-9100-4fc8-a169-8bfa8282dabe/metadata 0.987s
2024-10-26 01:34:31.184 63196 INFO tempest.lib.common.rest_client [req-2b600de6-b8c6-4584-9c9d-0ac49fd98ff4 req-2b600de6-b8c6-4584-9c9d-0ac49fd98ff4 ] Request (KeyPairsV2TestJSON:_run_cleanups): 202 DELETE http://10.180.1.21/compute/v2.1/os-keypairs/tempest-keypair-220301104 0.909s
2024-10-26 01:34:31.195 63190 INFO tempest.lib.common.rest_client [req-b988450b-4382-4b82-bf11-b707f9c9204f req-b988450b-4382-4b82-bf11-b707f9c9204f ] Request (QuotasAdminTestJSON:tearDownClass): 200 GET http://10.180.1.21:9696/networking/v2.0/security-groups?tenant_id=d6f1f5d07c6e4026b938df8b5e6540f0&name=default 0.631s
2024-10-26 01:34:31.221 63251 INFO tempest.lib.common.rest_client [req-e575166d-0373-4e75-858d-e8939a34fe6b req-e575166d-0373-4e75-858d-e8939a34fe6b ] Request (ServerGroupTestJSON:test_create_delete_multiple_server_groups_with_same_name_policy): 204 DELETE http://10.180.1.21/compute/v2.1/os-server-groups/f157d861-552a-4a56-995b-42e0e6d90b1f 0.692s
2024-10-26 01:34:31.227 63240 INFO tempest.lib.common.rest_client [req-8cdcaad9-a9c5-438f-abff-356b8c7384dd req-8cdcaad9-a9c5-438f-abff-356b8c7384dd ] Request (MigrationsAdminTest:test_resize_server_revert_deleted_flavor): 201 POST http://10.180.1.21/identity/v3/auth/tokens 0.064s
2024-10-26 01:34:31.228 63240 INFO tempest.lib.common.fixed_network [-] (MigrationsAdminTest:test_resize_server_revert_deleted_flavor) Found network None available for tenant
2024-10-26 01:34:31.302 63206 INFO tempest.lib.common.rest_client [req-43f03861-6c20-4c4d-abf9-d038a8b734b3 req-43f03861-6c20-4c4d-abf9-d038a8b734b3 ] Request (ServersAdminNegativeTestJSON:setUpClass): 200 GET http://10.180.1.21/compute/v2.1/servers/722f0334-6210-46b8-87de-d9bf24812a1f 0.728s
2024-10-26 01:34:31.322 63236 INFO tempest.lib.common.rest_client [req-34d92783-8f7a-4805-a8bd-175cc42444b9 req-34d92783-8f7a-4805-a8bd-175cc42444b9 ] Request (ListImageFiltersTestJSON:setUpClass): 201 POST http://10.180.1.21/image/v2/images 0.460s
2024-10-26 01:34:31.323 63242 INFO tempest.lib.common.rest_client [req-8e816c73-bc49-47fb-876d-9e1e2815fa8d req-8e816c73-bc49-47fb-876d-9e1e2815fa8d ] Request (KeyPairsV22TestJSON:_run_cleanups): 204 DELETE http://10.180.1.21/compute/v2.1/os-keypairs/tempest-KeyPairsV22TestJSON-keypair-1386972594 0.668s
2024-10-26 01:34:31.342 63190 INFO tempest.lib.common.rest_client [req-3c45ab5c-5f9a-4070-b382-a16b07daa4a3 req-3c45ab5c-5f9a-4070-b382-a16b07daa4a3 ] Request (QuotasAdminTestJSON:tearDownClass): 204 DELETE http://10.180.1.21:9696/networking/v2.0/security-groups/61a8110c-a324-457d-9cca-964fd7cf14cd 0.146s
2024-10-26 01:34:31.377 63204 INFO tempest.lib.common.rest_client [req-d4b79824-a387-4d38-98f4-8ec31ac20c12 req-d4b79824-a387-4d38-98f4-8ec31ac20c12 ] Request (VolumesAssistedSnapshotsTest:test_volume_assisted_snapshot_create_delete): 200 GET http://10.180.1.21/compute/v2.1/servers/f569eee5-8806-4493-8625-52b55513f64c 0.791s
2024-10-26 01:34:31.421 63218 INFO tempest.lib.common.rest_client [req-a56ef45d-9e47-43c2-9502-10829d09c648 req-a56ef45d-9e47-43c2-9502-10829d09c648 ] Request (AggregatesAdminNegativeTestJSON:test_aggregate_get_details_as_user): 200 POST http://10.180.1.21/compute/v2.1/os-aggregates 0.743s
2024-10-26 01:34:31.428 63224 INFO tempest.lib.common.rest_client [req-1c610dc4-035a-4787-94fc-781e9f40ed22 req-1c610dc4-035a-4787-94fc-781e9f40ed22 ] Request (ServerActionsTestJSON:setUpClass): 201 POST http://10.180.1.21:9696/networking/v2.0/routers 2.717s
2024-10-26 01:34:31.466 63190 INFO tempest.lib.common.rest_client [req-53a61fef-6aeb-4546-b84f-3046e2f1d456 req-53a61fef-6aeb-4546-b84f-3046e2f1d456 ] Request (QuotasAdminTestJSON:tearDownClass): 204 DELETE http://10.180.1.21/identity/v3/projects/d6f1f5d07c6e4026b938df8b5e6540f0 0.124s
2024-10-26 01:34:31.466 63190 INFO tempest.lib.common.dynamic_creds [-] Deleting project and security group for project: 62df447b49ad402aabcf8b5a683bf382
2024-10-26 01:34:31.532 63200 INFO tempest.lib.common.rest_client [req-18848416-c62f-4096-b812-1df2c697333c req-18848416-c62f-4096-b812-1df2c697333c ] Request (VolumesAdminNegativeTest:test_update_attached_volume_with_nonexistent_volume_in_body): 200 GET http://10.180.1.21/compute/v2.1/servers/288918a3-85be-416d-99fc-fd3450029749 0.821s
2024-10-26 01:34:31.592 63194 INFO tempest.lib.common.rest_client [req-f7b0e73a-8cab-4e24-9911-907bcae5883d req-f7b0e73a-8cab-4e24-9911-907bcae5883d ] Request (QuotasAdminTestV236:test_get_updated_quotas): 200 PUT http://10.180.1.21/compute/v2.1/os-quota-sets/ccb8af0afb6642f8ba479820ff846d46 0.937s
2024-10-26 01:34:31.630 63192 INFO tempest.lib.common.rest_client [req-fb4b109f-aa45-46c4-8047-27e5159e31a0 req-fb4b109f-aa45-46c4-8047-27e5159e31a0 ] Request (DeleteServersAdminTestJSON:test_delete_server_while_in_error_state): 200 GET http://10.180.1.21/compute/v2.1/servers/d8653006-b429-44b5-b978-ee00a279e50e 0.907s
2024-10-26 01:34:31.655 63208 INFO tempest.lib.common.rest_client [req-97343342-0545-414c-9faa-9426097a4a49 req-97343342-0545-414c-9faa-9426097a4a49 ] Request (ServicesAdminNegativeTestJSON:test_get_service_with_valid_service_and_invalid_host): 200 GET http://10.180.1.21/compute/v2.1/os-services 0.731s
2024-10-26 01:34:31.685 63220 INFO tempest.lib.common.rest_client [req-132007a9-463b-432b-8ed1-a40833e14f58 req-132007a9-463b-432b-8ed1-a40833e14f58 ] Request (FloatingIPsNegativeTestJSON:test_allocate_floating_ip_from_nonexistent_pool): 404 POST http://10.180.1.21/compute/v2.1/os-floating-ips 0.577s
2024-10-26 01:34:31.730 63232 INFO tempest.lib.common.rest_client [req-64d9bc06-1738-4a6f-8d24-ec39d5ccb89e req-64d9bc06-1738-4a6f-8d24-ec39d5ccb89e ] Request (ServersAdmin275Test:_run_cleanups): 200 GET http://10.180.1.21/compute/v2.1/servers/418cd947-00b8-485f-b9fc-2a675c58998d 0.914s
2024-10-26 01:34:31.810 63248 INFO tempest.lib.common.rest_client [req-aa5a87f1-aa20-4efa-a02a-891d16a90508 req-aa5a87f1-aa20-4efa-a02a-891d16a90508 ] Request (ImagesOneServerNegativeTestJSON:setUpClass): 201 POST http://10.180.1.21:9696/networking/v2.0/networks 0.793s
2024-10-26 01:34:31.812 63202 INFO tempest.lib.common.rest_client [req-aac30b83-042f-427e-aa95-f4056358b698 req-aac30b83-042f-427e-aa95-f4056358b698 ] Request (ServerActionsV293TestJSON:setUpClass): 200 GET http://10.180.1.21/volume/v3/volumes/b4c4ed52-bbfb-48f0-9ebe-4615188cbdd2 0.039s
2024-10-26 01:34:31.816 63228 INFO tempest.lib.common.rest_client [req-d5f077e5-4f5e-44cd-8b68-a887d57c3398 req-d5f077e5-4f5e-44cd-8b68-a887d57c3398 ] Request (FlavorsAccessNegativeTestJSON:test_remove_flavor_access_not_found): 404 POST http://10.180.1.21/compute/v2.1/flavors/1255135774/action 0.685s
2024-10-26 01:34:31.850 63214 INFO tempest.lib.common.rest_client [req-445d6b8d-be88-4773-b068-225160a39ef4 req-445d6b8d-be88-4773-b068-225160a39ef4 ] Request (ImagesMetadataTestJSON:test_set_image_metadata): 200 GET http://10.180.1.21/compute/v2.1/images/cb01ddfb-9100-4fc8-a169-8bfa8282dabe/metadata 0.672s
2024-10-26 01:34:31.899 63190 INFO tempest.lib.common.rest_client [req-0d94ce9d-1746-4d4a-a61d-7b15017c7891 req-0d94ce9d-1746-4d4a-a61d-7b15017c7891 ] Request (QuotasAdminTestJSON:tearDownClass): 200 GET http://10.180.1.21:9696/networking/v2.0/security-groups?tenant_id=62df447b49ad402aabcf8b5a683bf382&name=default 0.433s
2024-10-26 01:34:32.068 63234 INFO tempest.lib.common.rest_client [req-0c787d6b-fa96-4ad9-8c53-5a2ef46b3ddd req-0c787d6b-fa96-4ad9-8c53-5a2ef46b3ddd ] Request (ServersTestFqdnHostnames:test_create_server_with_fqdn_name): 200 GET http://10.180.1.21/compute/v2.1/servers/7c98a241-9297-417a-b412-5c279144572b 0.885s
2024-10-26 01:34:32.102 63190 INFO tempest.lib.common.rest_client [req-bd121dc9-9cc1-41e6-b64b-6a24227f0494 req-bd121dc9-9cc1-41e6-b64b-6a24227f0494 ] Request (QuotasAdminTestJSON:tearDownClass): 204 DELETE http://10.180.1.21:9696/networking/v2.0/security-groups/71ac9595-793d-49e8-b53d-6806e87bbfd1 0.202s
2024-10-26 01:34:32.105 63196 INFO tempest.lib.common.rest_client [req-b702b2b2-4d15-4329-81c4-886efbec70e3 req-b702b2b2-4d15-4329-81c4-886efbec70e3 ] Request (KeyPairsV2TestJSON:test_keypair_create_with_pub_key): 200 POST http://10.180.1.21/compute/v2.1/os-keypairs 0.920s
2024-10-26 01:34:32.120 63251 INFO tempest.lib.common.rest_client [req-1aac86b9-b2a9-4409-9506-244e95a64836 req-1aac86b9-b2a9-4409-9506-244e95a64836 ] Request (ServerGroupTestJSON:test_create_delete_multiple_server_groups_with_same_name_policy): 200 GET http://10.180.1.21/compute/v2.1/os-server-groups 0.898s
2024-10-26 01:34:32.232 63190 INFO tempest.lib.common.rest_client [req-4fed111b-243c-48ef-aff3-747a0d543e74 req-4fed111b-243c-48ef-aff3-747a0d543e74 ] Request (QuotasAdminTestJSON:tearDownClass): 204 DELETE http://10.180.1.21/identity/v3/projects/62df447b49ad402aabcf8b5a683bf382 0.130s
2024-10-26 01:34:32.233 63190 INFO tempest.test [-] raised in UpdateMultiattachVolumeNegativeTest.setUpClass. Invoking tearDownClass.
2024-10-26 01:34:32.302 63190 INFO tempest.lib.common.rest_client [req-9381faa7-1c18-4d5e-9107-e817115b44f9 req-9381faa7-1c18-4d5e-9107-e817115b44f9 ] Request (SecurityGroupsTestJSON:setUpClass): 201 POST http://10.180.1.21/identity/v3/auth/tokens 0.067s
2024-10-26 01:34:32.334 63248 INFO tempest.lib.common.rest_client [req-bcc9bc42-5b3a-4d59-9a1e-ed42e78671c5 req-bcc9bc42-5b3a-4d59-9a1e-ed42e78671c5 ] Request (ImagesOneServerNegativeTestJSON:setUpClass): 201 POST http://10.180.1.21:9696/networking/v2.0/subnets 0.523s
2024-10-26 01:34:32.337 63190 INFO tempest.lib.common.rest_client [req-0569ee4c-42ae-435c-bb99-a1ab2e34fcb5 req-0569ee4c-42ae-435c-bb99-a1ab2e34fcb5 ] Request (SecurityGroupsTestJSON:setUpClass): 201 POST http://10.180.1.21/identity/v3/auth/tokens 0.032s
2024-10-26 01:34:32.360 63190 INFO tempest.lib.common.rest_client [req-86c2a4ad-75b0-4ffb-bf37-43e0df55897a req-86c2a4ad-75b0-4ffb-bf37-43e0df55897a ] Request (SecurityGroupsTestJSON:setUpClass): 200 GET http://10.180.1.21/identity/v3/domains?name=Default 0.022s
2024-10-26 01:34:32.388 63240 INFO tempest.lib.common.rest_client [req-0c9a9821-e78c-4b0e-9901-8a8b0512a171 req-0c9a9821-e78c-4b0e-9901-8a8b0512a171 ] Request (MigrationsAdminTest:test_resize_server_revert_deleted_flavor): 202 POST http://10.180.1.21/compute/v2.1/servers 1.159s
2024-10-26 01:34:32.406 63190 INFO tempest.lib.common.rest_client [req-b0212653-0260-4990-9091-b322238ff9c0 req-b0212653-0260-4990-9091-b322238ff9c0 ] Request (SecurityGroupsTestJSON:setUpClass): 201 POST http://10.180.1.21/identity/v3/projects 0.045s
2024-10-26 01:34:32.499 63190 INFO tempest.lib.common.rest_client [req-e084a06b-18e6-4655-88d2-6e7d54323858 req-e084a06b-18e6-4655-88d2-6e7d54323858 ] Request (SecurityGroupsTestJSON:setUpClass): 201 POST http://10.180.1.21/identity/v3/users 0.093s
2024-10-26 01:34:32.522 63244 INFO tempest.lib.common.rest_client [req-f5d58078-4c0c-4359-ac7d-832dd6bfa9dc req-f5d58078-4c0c-4359-ac7d-832dd6bfa9dc ] Request (InstanceActionsV221TestJSON:test_get_list_deleted_instance_actions): 200 GET http://10.180.1.21/compute/v2.1/servers/8db47d06-230f-4c5e-8bd6-9d5b543455b6 1.249s
2024-10-26 01:34:32.534 63190 INFO tempest.lib.common.rest_client [req-42766985-3b46-464c-9f8d-b188207b3b87 req-42766985-3b46-464c-9f8d-b188207b3b87 ] Request (SecurityGroupsTestJSON:setUpClass): 200 GET http://10.180.1.21/identity/v3/roles 0.034s
2024-10-26 01:34:32.608 63190 INFO tempest.lib.common.rest_client [req-784f21ef-7a80-457b-9155-4eb3f44f045d req-784f21ef-7a80-457b-9155-4eb3f44f045d ] Request (SecurityGroupsTestJSON:setUpClass): 204 PUT http://10.180.1.21/identity/v3/projects/c7a9b722dee442b1bd6fa656a3689fa0/users/fda30da3f0e7444b9a109fd15c1bbb20/roles/61f740e02a094f5984449fcc80a18849 0.073s
2024-10-26 01:34:32.611 63190 INFO tempest.lib.common.dynamic_creds [-] Dynamic test user fda30da3f0e7444b9a109fd15c1bbb20 is created with scope project and roles: ['member']
2024-10-26 01:34:32.612 63190 INFO tempest.lib.common.dynamic_creds [-] Acquired dynamic creds: credentials: Credentials: {'domain_id': 'default', 'domain_name': 'Default', 'username': 'tempest-SecurityGroupsTestJSON-1309146595-project-member', 'project_domain_id': 'default', 'project_domain_name': 'Default', 'project_id': 'c7a9b722dee442b1bd6fa656a3689fa0', 'project_name': 'tempest-SecurityGroupsTestJSON-1309146595', 'tenant_id': 'c7a9b722dee442b1bd6fa656a3689fa0', 'tenant_name': 'tempest-SecurityGroupsTestJSON-1309146595', 'user_domain_id': 'default', 'user_domain_name': 'Default', 'user_id': 'fda30da3f0e7444b9a109fd15c1bbb20', 'system': None}, Network: None, Subnet: None, Router: None
2024-10-26 01:34:32.617 63242 INFO tempest.lib.common.rest_client [req-dc3000fd-7fb5-4dd7-bb25-d40474936de7 req-dc3000fd-7fb5-4dd7-bb25-d40474936de7 ] Request (KeyPairsV22TestJSON:test_keypairsv22_create_list_show): 201 POST http://10.180.1.21/compute/v2.1/os-keypairs 1.292s
2024-10-26 01:34:32.711 63190 INFO tempest.lib.common.rest_client [req-e0120a90-c9b1-48a3-9f59-9b3e24b5e12b req-e0120a90-c9b1-48a3-9f59-9b3e24b5e12b ] Request (SecurityGroupsTestJSON:setUpClass): 201 POST http://10.180.1.21/identity/v3/auth/tokens 0.099s
2024-10-26 01:34:32.742 63230 INFO tempest.lib.common.rest_client [req-7e72ad06-bd69-4930-97e8-f3371ad6d6e3 req-7e72ad06-bd69-4930-97e8-f3371ad6d6e3 ] Request (ServersTestMultiNic:test_verify_duplicate_network_nics): 200 GET http://10.180.1.21/compute/v2.1/servers/77418633-2833-47a7-b30f-dca84432d382 1.393s
2024-10-26 01:34:32.751 63218 INFO tempest.lib.common.rest_client [req-eb0ea3e6-21ec-4b46-8a2e-c6ca9d0ba864 req-eb0ea3e6-21ec-4b46-8a2e-c6ca9d0ba864 ] Request (AggregatesAdminNegativeTestJSON:test_aggregate_get_details_as_user): 403 GET http://10.180.1.21/compute/v2.1/os-aggregates/6 1.328s
2024-10-26 01:34:32.858 63222 INFO tempest.lib.common.rest_client [req-a32a5180-764b-48de-aa5e-036f55addbe3 req-a32a5180-764b-48de-aa5e-036f55addbe3 ] Request (ServerDiagnosticsTest:test_get_server_diagnostics): 200 GET http://10.180.1.21/compute/v2.1/servers/f54e2a1f-987b-40ac-8197-d6e4ad3ba18f 1.414s
2024-10-26 01:34:32.873 63202 INFO tempest.lib.common.rest_client [req-ff40c7ab-8165-4be5-bb8e-38c937e3384e req-ff40c7ab-8165-4be5-bb8e-38c937e3384e ] Request (ServerActionsV293TestJSON:setUpClass): 200 GET http://10.180.1.21/volume/v3/volumes/b4c4ed52-bbfb-48f0-9ebe-4615188cbdd2 0.050s
2024-10-26 01:34:33.015 63238 INFO tempest.lib.common.rest_client [req-8e6795c8-75c4-4180-bde5-498438f8a017 req-8e6795c8-75c4-4180-bde5-498438f8a017 ] Request (FloatingIPsTestJSON:test_allocate_floating_ip): 200 POST http://10.180.1.21/compute/v2.1/os-floating-ips 1.853s
2024-10-26 01:34:33.063 63194 INFO tempest.lib.common.rest_client [req-ab27b814-6001-47dc-ab73-8ba5c252c46c req-ab27b814-6001-47dc-ab73-8ba5c252c46c ] Request (QuotasAdminTestV236:test_get_updated_quotas): 200 GET http://10.180.1.21/compute/v2.1/os-quota-sets/ccb8af0afb6642f8ba479820ff846d46/detail 1.468s
2024-10-26 01:34:33.102 63208 INFO tempest.lib.common.rest_client [req-006ad44d-0f73-4f7b-b6b0-b71832add050 req-006ad44d-0f73-4f7b-b6b0-b71832add050 ] Request (ServicesAdminNegativeTestJSON:test_get_service_with_valid_service_and_invalid_host): 200 GET http://10.180.1.21/compute/v2.1/os-services?host=xxx&binary=nova-scheduler 1.444s
2024-10-26 01:34:33.108 63236 INFO tempest.lib.common.rest_client [req-feb92913-cdf2-40ca-8f3d-4c3e73de922f req-feb92913-cdf2-40ca-8f3d-4c3e73de922f ] Request (ListImageFiltersTestJSON:setUpClass): 204 PUT http://10.180.1.21/image/v2/images/b299d8e7-7511-4181-8204-1ec5cf8f6d90/file 0.784s
2024-10-26 01:34:33.112 63194 INFO tempest.lib.common.rest_client [req-8205fba5-5e0f-4f25-8d4b-deecbd5982e0 req-8205fba5-5e0f-4f25-8d4b-deecbd5982e0 ] Request (QuotasAdminTestV236:test_get_updated_quotas): 200 GET http://10.180.1.21/identity/v3/domains?name=Default 0.039s
2024-10-26 01:34:33.133 63210 INFO tempest.lib.common.rest_client [req-2a82ba84-06be-4b44-8580-2ee1674d7daa req-2a82ba84-06be-4b44-8580-2ee1674d7daa ] Request (ServersWithSpecificFlavorTestJSON:test_verify_created_server_ephemeral_disk): 200 GET http://10.180.1.21/compute/v2.1/servers/51db1590-9612-4d23-a49f-e1900f82ed90 1.497s
2024-10-26 01:34:33.141 63210 INFO tempest.common.waiters [-] State transition "BUILD/None" ==> "BUILD/block_device_mapping" after 13 second wait
2024-10-26 01:34:33.143 63220 INFO tempest.lib.common.rest_client [req-d8fd97da-dba0-47d3-8e4f-61bdcf078e4a req-d8fd97da-dba0-47d3-8e4f-61bdcf078e4a ] Request (FloatingIPsNegativeTestJSON:test_delete_nonexistent_floating_ip): 404 DELETE http://10.180.1.21/compute/v2.1/os-floating-ips/9fad3a14-2950-4c27-8155-2787943efaeb 1.457s
2024-10-26 01:34:33.157 63194 INFO tempest.lib.common.rest_client [req-6ef3f9fd-ecfc-4410-83f0-0c2e4c13245b req-6ef3f9fd-ecfc-4410-83f0-0c2e4c13245b ] Request (QuotasAdminTestV236:test_get_updated_quotas): 201 POST http://10.180.1.21/identity/v3/users 0.045s
2024-10-26 01:34:33.190 63194 INFO tempest.lib.common.rest_client [req-13f36757-843a-42af-8093-d4b0d8af3a7d req-13f36757-843a-42af-8093-d4b0d8af3a7d ] Request (QuotasAdminTestV236:test_get_updated_quotas): 200 GET http://10.180.1.21/identity/v3/domains?name=Default 0.033s
2024-10-26 01:34:33.220 63216 INFO tempest.lib.common.rest_client [req-397d8e23-2b25-40c8-a187-37adea92b457 req-397d8e23-2b25-40c8-a187-37adea92b457 ] Request (FloatingIPsAssociationNegativeTestJSON:setUpClass): 200 GET http://10.180.1.21/compute/v2.1/servers/21c8106e-8b6c-447b-89e2-df1b34aed12c 1.447s
2024-10-26 01:34:33.239 63228 INFO tempest.lib.common.rest_client [req-9b0c28ef-1071-45ec-bd67-2c0d7018d545 req-9b0c28ef-1071-45ec-bd67-2c0d7018d545 ] Request (FlavorsAccessNegativeTestJSON:_run_cleanups): 202 DELETE http://10.180.1.21/compute/v2.1/flavors/1255135774 1.422s
2024-10-26 01:34:33.407 63224 INFO tempest.lib.common.rest_client [req-6883763e-c562-4226-ae15-9ecf593fee04 req-6883763e-c562-4226-ae15-9ecf593fee04 ] Request (ServerActionsTestJSON:setUpClass): 200 PUT http://10.180.1.21:9696/networking/v2.0/routers/0d10f5bb-256a-401d-bd9d-65963bdc515c/add_router_interface 1.978s
2024-10-26 01:34:33.408 63224 INFO tempest.lib.common.dynamic_creds [-] Created isolated network resources for: credentials: Credentials: {'domain_id': 'default', 'domain_name': 'Default', 'username': 'tempest-ServerActionsTestJSON-1068459111-project-member', 'project_domain_id': 'default', 'project_domain_name': 'Default', 'project_id': '1d446121953c4ca99acd8bd14b9168e3', 'project_name': 'tempest-ServerActionsTestJSON-1068459111', 'tenant_id': '1d446121953c4ca99acd8bd14b9168e3', 'tenant_name': 'tempest-ServerActionsTestJSON-1068459111', 'user_domain_id': 'default', 'user_domain_name': 'Default', 'user_id': '4775d366579c453080fe8686fc9f9adb', 'system': None}, Network: {'id': '5d555e62-957b-49d5-843d-7f6b18cfe200', 'name': 'tempest-ServerActionsTestJSON-1055880580-network', 'tenant_id': '1d446121953c4ca99acd8bd14b9168e3', 'admin_state_up': True, 'mtu': 8950, 'status': 'ACTIVE', 'subnets': [], 'shared': False, 'project_id': '1d446121953c4ca99acd8bd14b9168e3', 'port_security_enabled': True, 'router:external': False, 'provider:network_type': 'vlan', 'provider:physical_network': 'default', 'provider:segmentation_id': 147, 'is_default': False, 'availability_zone_hints': [], 'availability_zones': [], 'ipv4_address_scope': None, 'ipv6_address_scope': None, 'description': '', 'tags': [], 'created_at': '2024-10-26T01:34:27Z', 'updated_at': '2024-10-26T01:34:27Z', 'revision_number': 1}, Subnet: {'id': '83a3f41f-c463-4a68-8edf-f9523fc819aa', 'name': 'tempest-ServerActionsTestJSON-1055880580-subnet', 'tenant_id': '1d446121953c4ca99acd8bd14b9168e3', 'network_id': '5d555e62-957b-49d5-843d-7f6b18cfe200', 'ip_version': 4, 'subnetpool_id': None, 'enable_dhcp': True, 'ipv6_ra_mode': None, 'ipv6_address_mode': None, 'gateway_ip': '192.168.128.1', 'cidr': '192.168.128.0/28', 'allocation_pools': [{'start': '192.168.128.2', 'end': '192.168.128.14'}], 'host_routes': [], 'dns_nameservers': [], 'description': '', 'router:external': False, 'service_types': [], 'tags': [], 'created_at': '2024-10-26T01:34:28Z', 'updated_at': '2024-10-26T01:34:28Z', 'revision_number': 0, 'project_id': '1d446121953c4ca99acd8bd14b9168e3'}, Router: {'id': '0d10f5bb-256a-401d-bd9d-65963bdc515c', 'name': 'tempest-ServerActionsTestJSON-1055880580-router', 'tenant_id': '1d446121953c4ca99acd8bd14b9168e3', 'admin_state_up': True, 'status': 'ACTIVE', 'external_gateway_info': {'network_id': '4f6532fc-f5ca-485b-999a-1c13a82747e0', 'external_fixed_ips': [{'subnet_id': '5bbc5ea6-4048-4a59-b2d5-1733181394f7', 'ip_address': '10.180.180.181'}], 'enable_snat': True}, 'description': '', 'availability_zones': [], 'distributed': False, 'ha': False, 'availability_zone_hints': [], 'routes': [], 'flavor_id': None, 'tags': [], 'created_at': '2024-10-26T01:34:28Z', 'updated_at': '2024-10-26T01:34:30Z', 'revision_number': 2, 'project_id': '1d446121953c4ca99acd8bd14b9168e3'}
2024-10-26 01:34:33.425 63252 INFO tempest.lib.common.rest_client [req-5a4bee8b-7022-460f-adee-ee258ef25ad4 req-5a4bee8b-7022-460f-adee-ee258ef25ad4 ] Request (ServerAddressesTestJSON:setUpClass): 200 GET http://10.180.1.21/compute/v2.1/servers/f363ccb6-2c0e-4520-83b1-f41c74ab8bd3 1.612s
2024-10-26 01:34:33.447 63190 INFO tempest.lib.common.rest_client [req-76617ae7-defb-4d6b-85d7-39f2ff580d66 req-76617ae7-defb-4d6b-85d7-39f2ff580d66 ] Request (SecurityGroupsTestJSON:setUpClass): 201 POST http://10.180.1.21:9696/networking/v2.0/networks 0.735s
2024-10-26 01:34:33.527 63198 INFO tempest.lib.common.rest_client [req-e7f3d262-1e20-47c5-bf42-4b378b6294ad req-e7f3d262-1e20-47c5-bf42-4b378b6294ad ] Request (ServerDiagnosticsNegativeTest:test_get_server_diagnostics_by_non_admin): 200 GET http://10.180.1.21/compute/v2.1/servers/542169bf-71e2-47f8-a311-8a3dca4ffee7 1.674s
2024-10-26 01:34:33.530 63224 INFO tempest.lib.common.rest_client [req-ac01ade7-69a4-4c11-b5be-d7a5745fb0e9 req-ac01ade7-69a4-4c11-b5be-d7a5745fb0e9 ] Request (ServerActionsTestJSON:setUpClass): 201 POST http://10.180.1.21/identity/v3/auth/tokens 0.116s
2024-10-26 01:34:33.537 63214 INFO tempest.lib.common.rest_client [req-e05267ee-503a-4df0-9006-f8b1429841d7 req-e05267ee-503a-4df0-9006-f8b1429841d7 ] Request (ImagesMetadataTestJSON:setUp): 200 PUT http://10.180.1.21/compute/v2.1/images/cb01ddfb-9100-4fc8-a169-8bfa8282dabe/metadata 1.685s
2024-10-26 01:34:33.601 63212 INFO tempest.lib.common.rest_client [req-4d66ee41-3fb7-484e-a9d4-99ef08e13b9e req-4d66ee41-3fb7-484e-a9d4-99ef08e13b9e ] Request (ServerExternalEventsTest:test_create_server_external_events): 200 GET http://10.180.1.21/compute/v2.1/servers/1dc0311e-2f03-402a-bb31-117289502ab0 1.695s
2024-10-26 01:34:33.608 63246 INFO tempest.lib.common.rest_client [req-1ada8cf7-7bad-4ee3-8617-6123eae067c9 req-1ada8cf7-7bad-4ee3-8617-6123eae067c9 ] Request (ServerPasswordTestJSON:setUpClass): 200 GET http://10.180.1.21/compute/v2.1/servers/6511f90d-82e8-4374-bdaf-0a6cc66a5a65 1.689s
2024-10-26 01:34:33.636 63196 INFO tempest.lib.common.rest_client [req-7804ee40-ffd3-4891-9d90-23d54614211a req-7804ee40-ffd3-4891-9d90-23d54614211a ] Request (KeyPairsV2TestJSON:_run_cleanups): 202 DELETE http://10.180.1.21/compute/v2.1/os-keypairs/tempest-keypair-1298430693 1.529s
2024-10-26 01:34:33.665 63251 INFO tempest.lib.common.rest_client [req-22c07c7e-ea8d-448d-854a-66c16e681fec req-22c07c7e-ea8d-448d-854a-66c16e681fec ] Request (ServerGroupTestJSON:test_create_delete_multiple_server_groups_with_same_name_policy): 204 DELETE http://10.180.1.21/compute/v2.1/os-server-groups/7e0e7899-2b62-42c3-aa82-e77dd702682c 1.544s
2024-10-26 01:34:33.677 63226 INFO tempest.lib.common.rest_client [req-6cb2d32e-5045-4cb4-ae21-527c078474c4 req-6cb2d32e-5045-4cb4-ae21-527c078474c4 ] Request (ServersAdminTestJSON:setUpClass): 200 GET http://10.180.1.21/compute/v2.1/servers/12408f00-ed1d-4b96-bc0c-59779d0eda74 1.705s
2024-10-26 01:34:33.722 63206 INFO tempest.lib.common.rest_client [req-9858abb8-c5e7-46e1-8b90-eba05b2eaf01 req-9858abb8-c5e7-46e1-8b90-eba05b2eaf01 ] Request (ServersAdminNegativeTestJSON:setUpClass): 200 GET http://10.180.1.21/compute/v2.1/servers/722f0334-6210-46b8-87de-d9bf24812a1f 1.409s
2024-10-26 01:34:33.736 63204 INFO tempest.lib.common.rest_client [req-37f02073-574b-4e84-a2d8-34e9959eaadd req-37f02073-574b-4e84-a2d8-34e9959eaadd ] Request (VolumesAssistedSnapshotsTest:test_volume_assisted_snapshot_create_delete): 200 GET http://10.180.1.21/compute/v2.1/servers/f569eee5-8806-4493-8625-52b55513f64c 1.350s
2024-10-26 01:34:33.778 63240 INFO tempest.lib.common.rest_client [req-5542afce-19f6-426d-b01f-06e7f4466a0f req-5542afce-19f6-426d-b01f-06e7f4466a0f ] Request (MigrationsAdminTest:test_resize_server_revert_deleted_flavor): 200 GET http://10.180.1.21/compute/v2.1/servers/40b6590d-44e1-4d02-b1fa-46c1e6c861ea 1.386s
2024-10-26 01:34:33.785 63242 INFO tempest.lib.common.rest_client [req-86fdc039-205e-4e4d-a828-482450eb5f1e req-86fdc039-205e-4e4d-a828-482450eb5f1e ] Request (KeyPairsV22TestJSON:test_keypairsv22_create_list_show): 200 GET http://10.180.1.21/compute/v2.1/os-keypairs/tempest-keypair-1893906807 1.166s
2024-10-26 01:34:33.799 63200 INFO tempest.lib.common.rest_client [req-d413e6d3-6cb5-408a-9830-88b316672df6 req-d413e6d3-6cb5-408a-9830-88b316672df6 ] Request (VolumesAdminNegativeTest:test_update_attached_volume_with_nonexistent_volume_in_body): 200 GET http://10.180.1.21/compute/v2.1/servers/288918a3-85be-416d-99fc-fd3450029749 1.257s
2024-10-26 01:34:33.816 63190 INFO tempest.lib.common.rest_client [req-ddec06ff-b67d-4156-a7ad-8aadfddc0401 req-ddec06ff-b67d-4156-a7ad-8aadfddc0401 ] Request (SecurityGroupsTestJSON:setUpClass): 201 POST http://10.180.1.21:9696/networking/v2.0/subnets 0.369s
2024-10-26 01:34:33.843 63192 INFO tempest.lib.common.rest_client [req-e46bfd5b-8578-4a52-baac-0898a6075ba7 req-e46bfd5b-8578-4a52-baac-0898a6075ba7 ] Request (DeleteServersAdminTestJSON:test_delete_server_while_in_error_state): 200 GET http://10.180.1.21/compute/v2.1/servers/d8653006-b429-44b5-b978-ee00a279e50e 1.204s
2024-10-26 01:34:33.862 63218 INFO tempest.lib.common.rest_client [req-bbe80337-3d36-46af-8cc4-c95e6d27cff3 req-bbe80337-3d36-46af-8cc4-c95e6d27cff3 ] Request (AggregatesAdminNegativeTestJSON:_run_cleanups): 200 DELETE http://10.180.1.21/compute/v2.1/os-aggregates/6 1.110s
2024-10-26 01:34:33.864 63232 INFO tempest.lib.common.rest_client [req-79460099-672f-43ee-a88e-069ebbf028e2 req-79460099-672f-43ee-a88e-069ebbf028e2 ] Request (ServersAdmin275Test:_run_cleanups): 200 GET http://10.180.1.21/compute/v2.1/servers/418cd947-00b8-485f-b9fc-2a675c58998d 1.116s
2024-10-26 01:34:33.914 63202 INFO tempest.lib.common.rest_client [req-08fd70a1-8852-44f4-81d5-56aee1c9fbb6 req-08fd70a1-8852-44f4-81d5-56aee1c9fbb6 ] Request (ServerActionsV293TestJSON:setUpClass): 200 GET http://10.180.1.21/volume/v3/volumes/b4c4ed52-bbfb-48f0-9ebe-4615188cbdd2 0.028s
2024-10-26 01:34:33.928 63234 INFO tempest.lib.common.rest_client [req-d001341a-c5f6-4c29-849a-166f1f846dc3 req-d001341a-c5f6-4c29-849a-166f1f846dc3 ] Request (ServersTestFqdnHostnames:test_create_server_with_fqdn_name): 200 GET http://10.180.1.21/compute/v2.1/servers/7c98a241-9297-417a-b412-5c279144572b 0.849s
2024-10-26 01:34:34.005 63208 INFO tempest.lib.common.rest_client [req-012248b6-ef6b-482c-a472-7f70a780566d req-012248b6-ef6b-482c-a472-7f70a780566d ] Request (ServicesAdminNegativeTestJSON:test_list_services_with_non_admin_user): 403 GET http://10.180.1.21/compute/v2.1/os-services 0.901s
2024-10-26 01:34:34.040 63236 INFO tempest.lib.common.rest_client [req-825c670a-a3a6-42db-b984-d0d3dd0650a2 req-825c670a-a3a6-42db-b984-d0d3dd0650a2 ] Request (ListImageFiltersTestJSON:setUpClass): 200 GET http://10.180.1.21/compute/v2.1/images/b299d8e7-7511-4181-8204-1ec5cf8f6d90 0.931s
2024-10-26 01:34:34.086 63208 INFO tempest.lib.common.rest_client [req-3143b46a-8e6d-4c1a-bdb2-95e0f5319ac1 req-3143b46a-8e6d-4c1a-bdb2-95e0f5319ac1 ] Request (ServicesAdminNegativeTestJSON:tearDownClass): 204 DELETE http://10.180.1.21/identity/v3/users/09ef9c8f4e824f4daf22d14c123c79bc 0.079s
2024-10-26 01:34:34.178 63208 INFO tempest.lib.common.rest_client [req-1deec572-ab54-4d41-9214-37aff78376c9 req-1deec572-ab54-4d41-9214-37aff78376c9 ] Request (ServicesAdminNegativeTestJSON:tearDownClass): 204 DELETE http://10.180.1.21/identity/v3/users/f6884a9b441247b3b026a34a7f08da7d 0.091s
2024-10-26 01:34:34.178 63208 INFO tempest.lib.common.dynamic_creds [-] Deleting project and security group for project: 434617bc82ef42f98300bd31187f8570
2024-10-26 01:34:34.190 63194 INFO tempest.lib.common.rest_client [req-e53b210a-d4e2-4e14-ab15-12b359a6d108 req-e53b210a-d4e2-4e14-ab15-12b359a6d108 ] Request (QuotasAdminTestV236:test_get_updated_quotas): 200 PUT http://10.180.1.21/compute/v2.1/os-quota-sets/ccb8af0afb6642f8ba479820ff846d46?user_id=93526ceb7a55434eaab7721439b3b062 0.999s
2024-10-26 01:34:34.209 63228 INFO tempest.lib.common.rest_client [req-57c48aa9-b949-43ac-9b0a-77e2490cf4d5 req-57c48aa9-b949-43ac-9b0a-77e2490cf4d5 ] Request (FlavorsAccessNegativeTestJSON:_run_cleanups): 200 GET http://10.180.1.21/compute/v2.1/flavors/detail 0.969s
2024-10-26 01:34:34.226 63238 INFO tempest.lib.common.rest_client [req-3d82342f-f279-43cc-a91f-bf88ea104cc2 req-3d82342f-f279-43cc-a91f-bf88ea104cc2 ] Request (FloatingIPsTestJSON:test_allocate_floating_ip): 200 GET http://10.180.1.21/compute/v2.1/os-floating-ips/216f6f02-f0e7-4bd4-9c80-965c44fb93f4 1.209s
2024-10-26 01:34:34.232 63248 INFO tempest.lib.common.rest_client [req-a9005202-a9a1-4898-abe2-3d7f9f71777f req-a9005202-a9a1-4898-abe2-3d7f9f71777f ] Request (ImagesOneServerNegativeTestJSON:setUpClass): 201 POST http://10.180.1.21:9696/networking/v2.0/routers 1.898s
2024-10-26 01:34:34.271 63208 INFO tempest.lib.common.rest_client [req-43c2e9c7-8e40-4190-8b97-345144ebcdd8 req-43c2e9c7-8e40-4190-8b97-345144ebcdd8 ] Request (ServicesAdminNegativeTestJSON:tearDownClass): 201 POST http://10.180.1.21/identity/v3/auth/tokens 0.092s
2024-10-26 01:34:34.346 63228 INFO tempest.lib.common.rest_client [req-0a6ef257-0e8d-4602-9b55-0f9bf5155113 req-0a6ef257-0e8d-4602-9b55-0f9bf5155113 ] Request (FlavorsAccessNegativeTestJSON:tearDownClass): 204 DELETE http://10.180.1.21/identity/v3/users/b67a3484109f4ff0b71ea66fb430e26b 0.128s
2024-10-26 01:34:34.355 63224 INFO tempest.lib.common.rest_client [req-ed6ec214-785a-42ce-a77b-e8d49ecbf132 req-ed6ec214-785a-42ce-a77b-e8d49ecbf132 ] Request (ServerActionsTestJSON:setUpClass): 200 POST http://10.180.1.21/compute/v2.1/os-keypairs 0.824s
2024-10-26 01:34:34.431 63244 INFO tempest.lib.common.rest_client [req-756d05f4-8b70-4e22-85d3-35192d595344 req-756d05f4-8b70-4e22-85d3-35192d595344 ] Request (InstanceActionsV221TestJSON:test_get_list_deleted_instance_actions): 200 GET http://10.180.1.21/compute/v2.1/servers/8db47d06-230f-4c5e-8bd6-9d5b543455b6 0.890s
2024-10-26 01:34:34.453 63214 INFO tempest.lib.common.rest_client [req-131e7c1d-c5c2-4859-9744-b828b0355b07 req-131e7c1d-c5c2-4859-9744-b828b0355b07 ] Request (ImagesMetadataTestJSON:test_set_image_metadata_item): 200 PUT http://10.180.1.21/compute/v2.1/images/cb01ddfb-9100-4fc8-a169-8bfa8282dabe/metadata/os_version 0.914s
2024-10-26 01:34:34.463 63251 INFO tempest.lib.common.rest_client [req-4a89df85-51c3-487a-98fb-f03b3593769b req-4a89df85-51c3-487a-98fb-f03b3593769b ] Request (ServerGroupTestJSON:test_create_delete_multiple_server_groups_with_same_name_policy): 200 GET http://10.180.1.21/compute/v2.1/os-server-groups 0.797s
2024-10-26 01:34:34.473 63196 INFO tempest.lib.common.rest_client [req-b15d452a-150b-4e21-aab8-a555160b8051 req-b15d452a-150b-4e21-aab8-a555160b8051 ] Request (KeyPairsV2TestJSON:test_keypairs_create_list_delete): 200 POST http://10.180.1.21/compute/v2.1/os-keypairs 0.835s
2024-10-26 01:34:34.482 63242 INFO tempest.lib.common.rest_client [req-d787d808-b90e-45b0-aae6-25c29366e1cc req-d787d808-b90e-45b0-aae6-25c29366e1cc ] Request (KeyPairsV22TestJSON:test_keypairsv22_create_list_show): 200 GET http://10.180.1.21/compute/v2.1/os-keypairs 0.695s
2024-10-26 01:34:34.489 63228 INFO tempest.lib.common.rest_client [req-57e3b452-6fcc-435a-bb62-0fbeb8730611 req-57e3b452-6fcc-435a-bb62-0fbeb8730611 ] Request (FlavorsAccessNegativeTestJSON:tearDownClass): 204 DELETE http://10.180.1.21/identity/v3/users/2e2197c1ddc44913902bed98fe7bb012 0.141s
2024-10-26 01:34:34.491 63218 INFO tempest.lib.common.rest_client [req-a8c42cb7-3c88-481d-b66d-c31d620f2994 req-a8c42cb7-3c88-481d-b66d-c31d620f2994 ] Request (AggregatesAdminNegativeTestJSON:test_aggregate_get_details_with_invalid_id): 404 GET http://10.180.1.21/compute/v2.1/os-aggregates/-1 0.626s
2024-10-26 01:34:34.558 63230 INFO tempest.lib.common.rest_client [req-9b13da36-e487-40ad-b2cf-569ea125bbd6 req-9b13da36-e487-40ad-b2cf-569ea125bbd6 ] Request (ServersTestMultiNic:test_verify_duplicate_network_nics): 200 GET http://10.180.1.21/compute/v2.1/servers/77418633-2833-47a7-b30f-dca84432d382 0.806s
2024-10-26 01:34:34.584 63208 INFO tempest.lib.common.rest_client [req-fd65a6ab-d766-4a1f-95b8-81865d3adaaa req-fd65a6ab-d766-4a1f-95b8-81865d3adaaa ] Request (ServicesAdminNegativeTestJSON:tearDownClass): 200 GET http://10.180.1.21:9696/networking/v2.0/security-groups?tenant_id=434617bc82ef42f98300bd31187f8570&name=default 0.313s
2024-10-26 01:34:34.585 63222 INFO tempest.lib.common.rest_client [req-2d25707b-b883-4738-a7f2-08b7f65a29c1 req-2d25707b-b883-4738-a7f2-08b7f65a29c1 ] Request (ServerDiagnosticsTest:test_get_server_diagnostics): 200 GET http://10.180.1.21/compute/v2.1/servers/f54e2a1f-987b-40ac-8197-d6e4ad3ba18f 0.719s
2024-10-26 01:34:34.607 63236 INFO tempest.lib.common.rest_client [req-f0f701fb-7a9e-4c1c-bc7d-04c6a2841b7d req-f0f701fb-7a9e-4c1c-bc7d-04c6a2841b7d ] Request (ListImageFiltersTestJSON:setUpClass): 200 GET http://10.180.1.21/compute/v2.1/images/b299d8e7-7511-4181-8204-1ec5cf8f6d90 0.563s
2024-10-26 01:34:34.662 63228 INFO tempest.lib.common.rest_client [req-06c8f4a7-d1be-4e2d-b63d-4f586122779a req-06c8f4a7-d1be-4e2d-b63d-4f586122779a ] Request (FlavorsAccessNegativeTestJSON:tearDownClass): 204 DELETE http://10.180.1.21/identity/v3/users/d6d524b7f2b94ca382c939520884d80d 0.173s
2024-10-26 01:34:34.662 63228 INFO tempest.lib.common.dynamic_creds [-] Deleting project and security group for project: bf66eeca75334fd2b6e7a21ce9028db8
2024-10-26 01:34:34.737 63224 INFO tempest.lib.common.rest_client [req-e7b7242a-233e-4c9c-aa36-0f5bb70075ad req-e7b7242a-233e-4c9c-aa36-0f5bb70075ad ] Request (ServerActionsTestJSON:setUpClass): 201 POST http://10.180.1.21:9696/networking/v2.0/security-groups 0.381s
2024-10-26 01:34:34.773 63208 INFO tempest.lib.common.rest_client [req-e210b1bf-52b1-4497-9f11-2e7e8d225795 req-e210b1bf-52b1-4497-9f11-2e7e8d225795 ] Request (ServicesAdminNegativeTestJSON:tearDownClass): 204 DELETE http://10.180.1.21:9696/networking/v2.0/security-groups/07165c65-79b1-4b32-aa45-ab0c029724d3 0.189s
2024-10-26 01:34:34.790 63228 INFO tempest.lib.common.rest_client [req-fc089c5a-24ea-4288-b675-d607f6fd20fa req-fc089c5a-24ea-4288-b675-d607f6fd20fa ] Request (FlavorsAccessNegativeTestJSON:tearDownClass): 201 POST http://10.180.1.21/identity/v3/auth/tokens 0.127s
2024-10-26 01:34:34.806 63194 INFO tempest.lib.common.rest_client [req-364de4ee-f3c6-4b45-ae72-9ccdcb7438b9 req-364de4ee-f3c6-4b45-ae72-9ccdcb7438b9 ] Request (QuotasAdminTestV236:test_get_updated_quotas): 200 GET http://10.180.1.21/compute/v2.1/os-quota-sets/ccb8af0afb6642f8ba479820ff846d46?user_id=93526ceb7a55434eaab7721439b3b062 0.615s
2024-10-26 01:34:34.861 63208 INFO tempest.lib.common.rest_client [req-2de99faa-5dae-415d-a2a2-0f679aad1fdf req-2de99faa-5dae-415d-a2a2-0f679aad1fdf ] Request (ServicesAdminNegativeTestJSON:tearDownClass): 204 DELETE http://10.180.1.21/identity/v3/projects/434617bc82ef42f98300bd31187f8570 0.088s
2024-10-26 01:34:34.862 63208 INFO tempest.lib.common.dynamic_creds [-] Deleting project and security group for project: 769e6a2997a94cc4b30f6f78f2771bc6
2024-10-26 01:34:34.959 63202 INFO tempest.lib.common.rest_client [req-6c88f769-8a7d-4084-ac1a-9c703bf85884 req-6c88f769-8a7d-4084-ac1a-9c703bf85884 ] Request (ServerActionsV293TestJSON:setUpClass): 200 GET http://10.180.1.21/volume/v3/volumes/b4c4ed52-bbfb-48f0-9ebe-4615188cbdd2 0.036s
2024-10-26 01:34:34.976 63194 INFO tempest.lib.common.rest_client [req-2f00024d-1587-4203-8b34-18716aee1602 req-2f00024d-1587-4203-8b34-18716aee1602 ] Request (QuotasAdminTestV236:_run_cleanups): 204 DELETE http://10.180.1.21/identity/v3/users/93526ceb7a55434eaab7721439b3b062 0.168s
2024-10-26 01:34:35.015 63210 INFO tempest.lib.common.rest_client [req-e267b19b-686f-41b0-a00d-1b3adbd2fa51 req-e267b19b-686f-41b0-a00d-1b3adbd2fa51 ] Request (ServersWithSpecificFlavorTestJSON:test_verify_created_server_ephemeral_disk): 200 GET http://10.180.1.21/compute/v2.1/servers/51db1590-9612-4d23-a49f-e1900f82ed90 0.871s
2024-10-26 01:34:35.023 63210 INFO tempest.common.waiters [-] State transition "BUILD/block_device_mapping" ==> "BUILD/spawning" after 15 second wait
2024-10-26 01:34:35.059 63224 INFO tempest.lib.common.rest_client [req-284447b5-1768-47e5-a0a9-a5d2ff4b93de req-284447b5-1768-47e5-a0a9-a5d2ff4b93de ] Request (ServerActionsTestJSON:setUpClass): 201 POST http://10.180.1.21:9696/networking/v2.0/security-group-rules 0.321s
2024-10-26 01:34:35.075 63194 INFO tempest.lib.common.rest_client [req-52229ebc-1171-41e9-aa3d-e50c367dbc7a req-52229ebc-1171-41e9-aa3d-e50c367dbc7a ] Request (QuotasAdminTestV236:_run_cleanups): 204 DELETE http://10.180.1.21/identity/v3/projects/ccb8af0afb6642f8ba479820ff846d46 0.098s
2024-10-26 01:34:35.077 63238 INFO tempest.lib.common.rest_client [req-6a7a5049-0841-4419-84f3-757619a3dd3c req-6a7a5049-0841-4419-84f3-757619a3dd3c ] Request (FloatingIPsTestJSON:test_allocate_floating_ip): 200 GET http://10.180.1.21/compute/v2.1/os-floating-ips 0.849s
2024-10-26 01:34:35.092 63216 INFO tempest.lib.common.rest_client [req-5821809c-45e2-4a55-a17c-ba8a1ab76854 req-5821809c-45e2-4a55-a17c-ba8a1ab76854 ] Request (FloatingIPsAssociationNegativeTestJSON:setUpClass): 200 GET http://10.180.1.21/compute/v2.1/servers/21c8106e-8b6c-447b-89e2-df1b34aed12c 0.864s
2024-10-26 01:34:35.104 63236 INFO tempest.lib.common.rest_client [req-0998e4d8-c376-42ce-b4eb-7e00e39b2533 req-0998e4d8-c376-42ce-b4eb-7e00e39b2533 ] Request (ListImageFiltersTestJSON:setUpClass): 201 POST http://10.180.1.21/image/v2/images 0.494s
2024-10-26 01:34:35.153 63214 INFO tempest.lib.common.rest_client [req-4a0adf1c-d72a-4d95-bf08-48c03d64d00d req-4a0adf1c-d72a-4d95-bf08-48c03d64d00d ] Request (ImagesMetadataTestJSON:test_set_image_metadata_item): 200 GET http://10.180.1.21/compute/v2.1/images/cb01ddfb-9100-4fc8-a169-8bfa8282dabe/metadata 0.700s
2024-10-26 01:34:35.186 63252 INFO tempest.lib.common.rest_client [req-0079cffc-fcd7-4c71-a065-e3da942279f8 req-0079cffc-fcd7-4c71-a065-e3da942279f8 ] Request (ServerAddressesTestJSON:setUpClass): 200 GET http://10.180.1.21/compute/v2.1/servers/f363ccb6-2c0e-4520-83b1-f41c74ab8bd3 0.752s
2024-10-26 01:34:35.186 63194 INFO tempest.lib.common.rest_client [req-e9306ac3-a5fe-4730-beaa-407035566546 req-e9306ac3-a5fe-4730-beaa-407035566546 ] Request (QuotasAdminTestV236:tearDownClass): 204 DELETE http://10.180.1.21/identity/v3/users/54cc6c67b08443318e0c450b3407cb6e 0.106s
2024-10-26 01:34:35.221 63251 INFO tempest.lib.common.rest_client [req-8182daa1-7cc6-4da2-ba79-09c342ac966f req-8182daa1-7cc6-4da2-ba79-09c342ac966f ] Request (ServerGroupTestJSON:test_create_delete_server_group_with_affinity_policy): 200 POST http://10.180.1.21/compute/v2.1/os-server-groups 0.753s
2024-10-26 01:34:35.231 63196 INFO tempest.lib.common.rest_client [req-8b4f1e45-5fc1-4b22-a255-4c74ed125702 req-8b4f1e45-5fc1-4b22-a255-4c74ed125702 ] Request (KeyPairsV2TestJSON:test_keypairs_create_list_delete): 200 POST http://10.180.1.21/compute/v2.1/os-keypairs 0.757s
2024-10-26 01:34:35.232 63220 INFO tempest.lib.common.rest_client [req-a6160fe8-7b24-4bbd-9d2e-81bf3bccc121 req-a6160fe8-7b24-4bbd-9d2e-81bf3bccc121 ] Request (FloatingIPsNegativeTestJSON:tearDownClass): 200 PUT http://10.180.1.21:9696/networking/v2.0/routers/7ff5fdaf-9c46-41e3-b7f7-96c54af6d36a/remove_router_interface 2.087s
2024-10-26 01:34:35.238 63208 INFO tempest.lib.common.rest_client [req-1507081b-8353-431f-993b-8a9d26538366 req-1507081b-8353-431f-993b-8a9d26538366 ] Request (ServicesAdminNegativeTestJSON:tearDownClass): 200 GET http://10.180.1.21:9696/networking/v2.0/security-groups?tenant_id=769e6a2997a94cc4b30f6f78f2771bc6&name=default 0.376s
2024-10-26 01:34:35.241 63218 INFO tempest.lib.common.rest_client [req-facff49a-6deb-4c1b-84b2-2fd39f4fed06 req-facff49a-6deb-4c1b-84b2-2fd39f4fed06 ] Request (AggregatesAdminNegativeTestJSON:test_aggregate_list_as_user): 403 GET http://10.180.1.21/compute/v2.1/os-aggregates 0.747s
2024-10-26 01:34:35.242 63242 INFO tempest.lib.common.rest_client [req-c254a969-de27-4b47-ad2c-8334f6cf23b8 req-c254a969-de27-4b47-ad2c-8334f6cf23b8 ] Request (KeyPairsV22TestJSON:_run_cleanups): 204 DELETE http://10.180.1.21/compute/v2.1/os-keypairs/tempest-keypair-1893906807 0.755s
2024-10-26 01:34:35.300 63228 INFO tempest.lib.common.rest_client [req-9fb44d1d-31f0-42eb-8f66-4f9854882b66 req-9fb44d1d-31f0-42eb-8f66-4f9854882b66 ] Request (FlavorsAccessNegativeTestJSON:tearDownClass): 200 GET http://10.180.1.21:9696/networking/v2.0/security-groups?tenant_id=bf66eeca75334fd2b6e7a21ce9028db8&name=default 0.509s
2024-10-26 01:34:35.320 63194 INFO tempest.lib.common.rest_client [req-aae62b31-1eca-44a5-879b-9a147b904e55 req-aae62b31-1eca-44a5-879b-9a147b904e55 ] Request (QuotasAdminTestV236:tearDownClass): 204 DELETE http://10.180.1.21/identity/v3/users/da8e8b7eb6b146a781dff63be19dc0b5 0.134s
2024-10-26 01:34:35.321 63194 INFO tempest.lib.common.dynamic_creds [-] Deleting project and security group for project: 0efd20fdbb3f4525b6ebc0adfa3c49a6
2024-10-26 01:34:35.326 63198 INFO tempest.lib.common.rest_client [req-77afd15c-ce86-4515-9cd3-d6704f20e0f8 req-77afd15c-ce86-4515-9cd3-d6704f20e0f8 ] Request (ServerDiagnosticsNegativeTest:test_get_server_diagnostics_by_non_admin): 200 GET http://10.180.1.21/compute/v2.1/servers/542169bf-71e2-47f8-a311-8a3dca4ffee7 0.785s
2024-10-26 01:34:35.329 63212 INFO tempest.lib.common.rest_client [req-bf249dc0-d704-4cea-a826-d7cc2133720a req-bf249dc0-d704-4cea-a826-d7cc2133720a ] Request (ServerExternalEventsTest:test_create_server_external_events): 200 GET http://10.180.1.21/compute/v2.1/servers/1dc0311e-2f03-402a-bb31-117289502ab0 0.718s
2024-10-26 01:34:35.393 63226 INFO tempest.lib.common.rest_client [req-76f565d4-71c4-47d2-ad57-8930a859409c req-76f565d4-71c4-47d2-ad57-8930a859409c ] Request (ServersAdminTestJSON:setUpClass): 200 GET http://10.180.1.21/compute/v2.1/servers/12408f00-ed1d-4b96-bc0c-59779d0eda74 0.708s
2024-10-26 01:34:35.399 63194 INFO tempest.lib.common.rest_client [req-896a23b3-73ce-4d59-aab9-d12dfcf35f18 req-896a23b3-73ce-4d59-aab9-d12dfcf35f18 ] Request (QuotasAdminTestV236:tearDownClass): 201 POST http://10.180.1.21/identity/v3/auth/tokens 0.078s
2024-10-26 01:34:35.422 63246 INFO tempest.lib.common.rest_client [req-e10a55af-738e-4dba-858d-20b5eb304b3d req-e10a55af-738e-4dba-858d-20b5eb304b3d ] Request (ServerPasswordTestJSON:setUpClass): 200 GET http://10.180.1.21/compute/v2.1/servers/6511f90d-82e8-4374-bdaf-0a6cc66a5a65 0.799s
2024-10-26 01:34:35.435 63224 INFO tempest.lib.common.rest_client [req-3666deca-6cf2-4aef-a6c9-283255723b8e req-3666deca-6cf2-4aef-a6c9-283255723b8e ] Request (ServerActionsTestJSON:setUpClass): 201 POST http://10.180.1.21:9696/networking/v2.0/security-group-rules 0.375s
