2024-10-30 07:58:39.142 63686 INFO tempest.lib.common.dynamic_creds [-] Created isolated network resources for: credentials: Credentials: {'domain_id': 'default', 'domain_name': 'Default', 'username': 'tempest-InstanceActionsNegativeTestJSON-1215042727-project-member', 'project_domain_id': 'default', 'project_domain_name': 'Default', 'project_id': 'bf8b8d044bc547e396b06affd79813c2', 'project_name': 'tempest-InstanceActionsNegativeTestJSON-1215042727', 'tenant_id': 'bf8b8d044bc547e396b06affd79813c2', 'tenant_name': 'tempest-InstanceActionsNegativeTestJSON-1215042727', 'user_domain_id': 'default', 'user_domain_name': 'Default', 'user_id': '6a72c46d9cca4c58b5739a9ccefb5260', 'system': None}, Network: {'id': 'ab99cebc-6371-43b7-bef9-538430bc38ab', 'name': 'tempest-InstanceActionsNegativeTestJSON-1875802134-network', 'tenant_id': 'bf8b8d044bc547e396b06affd79813c2', 'admin_state_up': True, 'mtu': 8950, 'status': 'ACTIVE', 'subnets': [], 'shared': False, 'project_id': 'bf8b8d044bc547e396b06affd79813c2', 'port_security_enabled': True, 'router:external': False, 'provider:network_type': 'vlan', 'provider:physical_network': 'default', 'provider:segmentation_id': 192, 'availability_zone_hints': [], 'availability_zones': [], 'ipv4_address_scope': None, 'ipv6_address_scope': None, 'description': '', 'tags': [], 'created_at': '2024-10-30T07:58:32Z', 'updated_at': '2024-10-30T07:58:32Z', 'revision_number': 1}, Subnet: {'id': 'b7a8a7eb-538d-4a24-9b55-e2d647871c3c', 'name': 'tempest-InstanceActionsNegativeTestJSON-1875802134-subnet', 'tenant_id': 'bf8b8d044bc547e396b06affd79813c2', 'network_id': 'ab99cebc-6371-43b7-bef9-538430bc38ab', 'ip_version': 4, 'subnetpool_id': None, 'enable_dhcp': True, 'ipv6_ra_mode': None, 'ipv6_address_mode': None, 'gateway_ip': '192.168.128.1', 'cidr': '192.168.128.0/28', 'allocation_pools': [{'start': '192.168.128.2', 'end': '192.168.128.14'}], 'host_routes': [], 'dns_nameservers': [], 'description': '', 'router:external': False, 'service_types': [], 'tags': [], 'created_at': '2024-10-30T07:58:33Z', 'updated_at': '2024-10-30T07:58:33Z', 'revision_number': 0, 'project_id': 'bf8b8d044bc547e396b06affd79813c2'}, Router: {'id': 'a0dc4ec1-2661-40fb-a767-871dad621a21', 'name': 'tempest-InstanceActionsNegativeTestJSON-1875802134-router', 'tenant_id': 'bf8b8d044bc547e396b06affd79813c2', 'admin_state_up': True, 'status': 'ACTIVE', 'external_gateway_info': {'network_id': 'b6756295-7b8c-4a8d-8e32-a884d3c5a03c', 'external_fixed_ips': [{'subnet_id': 'd1439423-e5a5-4d47-9b8a-b6c473df81b1', 'ip_address': '10.180.180.148'}], 'enable_snat': True}, 'description': '', 'availability_zones': [], 'distributed': False, 'ha': False, 'availability_zone_hints': [], 'routes': [], 'flavor_id': None, 'tags': [], 'created_at': '2024-10-30T07:58:34Z', 'updated_at': '2024-10-30T07:58:35Z', 'revision_number': 2, 'project_id': 'bf8b8d044bc547e396b06affd79813c2'}
2024-10-30 07:58:39.201 63692 INFO tempest.lib.common.rest_client [req-59868118-cefc-4291-859b-2edadb064504 req-59868118-cefc-4291-859b-2edadb064504 ] Request (FloatingIPsTestJSON:_run_cleanups): 404 DELETE http://10.180.1.21/compute/v2.1/os-floating-ips/2e2aab31-677b-4234-988e-6817a9d3e801 1.284s
2024-10-30 07:58:39.235 63686 INFO tempest.lib.common.rest_client [req-e68f3e51-90b4-47a4-b936-3fa18d5bb3a0 req-e68f3e51-90b4-47a4-b936-3fa18d5bb3a0 ] Request (InstanceActionsNegativeTestJSON:setUpClass): 201 POST http://10.180.1.21/identity/v3/auth/tokens 0.087s
2024-10-30 07:58:39.272 63686 INFO tempest.lib.common.rest_client [req-5e2a932e-fe38-4e77-96af-42305bfa667d req-5e2a932e-fe38-4e77-96af-42305bfa667d ] Request (InstanceActionsNegativeTestJSON:setUpClass): 201 POST http://10.180.1.21/identity/v3/auth/tokens 0.032s
2024-10-30 07:58:39.273 63686 INFO tempest.lib.common.fixed_network [-] (InstanceActionsNegativeTestJSON:setUpClass) Found network {'id': 'ab99cebc-6371-43b7-bef9-538430bc38ab', 'name': 'tempest-InstanceActionsNegativeTestJSON-1875802134-network', 'tenant_id': 'bf8b8d044bc547e396b06affd79813c2', 'admin_state_up': True, 'mtu': 8950, 'status': 'ACTIVE', 'subnets': [], 'shared': False, 'project_id': 'bf8b8d044bc547e396b06affd79813c2', 'port_security_enabled': True, 'router:external': False, 'provider:network_type': 'vlan', 'provider:physical_network': 'default', 'provider:segmentation_id': 192, 'availability_zone_hints': [], 'availability_zones': [], 'ipv4_address_scope': None, 'ipv6_address_scope': None, 'description': '', 'tags': [], 'created_at': '2024-10-30T07:58:32Z', 'updated_at': '2024-10-30T07:58:32Z', 'revision_number': 1} available for tenant
2024-10-30 07:58:39.328 63726 INFO tempest.lib.common.rest_client [req-3dfd1c5c-e966-411f-8d99-e3bcd2e3afac req-3dfd1c5c-e966-411f-8d99-e3bcd2e3afac ] Request (ServersTestMultiNic:test_verify_duplicate_network_nics): 200 GET http://10.180.1.21/compute/v2.1/servers/48d7e966-639a-4300-867f-b65c51b78045 1.305s
2024-10-30 07:58:39.357 63718 INFO tempest.lib.common.rest_client [req-f9fe1fed-bd38-4a4b-b1d4-592a1ac6ea96 req-f9fe1fed-bd38-4a4b-b1d4-592a1ac6ea96 ] Request (ImagesDeleteNegativeTestJSON:test_delete_image_negative_image_id): 404 DELETE http://10.180.1.21/compute/v2.1/images/-1 1.327s
2024-10-30 07:58:39.372 63684 INFO tempest.lib.common.rest_client [req-23b32928-fdc5-4c47-a3c8-3d9692204db1 req-23b32928-fdc5-4c47-a3c8-3d9692204db1 ] Request (FlavorsV255TestJSON:test_crud_flavor): 200 GET http://10.180.1.21/compute/v2.1/flavors 1.274s
2024-10-30 07:58:39.387 63712 INFO tempest.lib.common.rest_client [req-079d9f17-3ad2-41a1-9c57-2c1cef00c0a8 req-079d9f17-3ad2-41a1-9c57-2c1cef00c0a8 ] Request (KeyPairsV2TestJSON:tearDownClass): 200 GET http://10.180.1.21:9696/networking/v2.0/security-groups?tenant_id=1cc2f1f51af64131bc9337512c3cb79c&name=default 0.614s
2024-10-30 07:58:39.390 63682 INFO tempest.lib.common.rest_client [req-7072bb78-715b-4c05-aa3f-5429268b693d req-7072bb78-715b-4c05-aa3f-5429268b693d ] Request (ServerShowV263Test:tearDownClass): 204 DELETE http://10.180.1.21:9696/networking/v2.0/security-groups/4e78735c-677d-44bc-a10a-a4871efd96b5 0.551s
2024-10-30 07:58:39.390 63694 INFO tempest.lib.common.rest_client [req-8dc25a99-4566-433f-94df-36b47ae2e385 req-8dc25a99-4566-433f-94df-36b47ae2e385 ] Request (ServersWithSpecificFlavorTestJSON:test_verify_created_server_ephemeral_disk): 200 GET http://10.180.1.21/compute/v2.1/flavors/42/os-extra_specs 1.286s
2024-10-30 07:58:39.452 63672 INFO tempest.lib.common.rest_client [req-b92c5538-da70-4ca1-86aa-42b2a90290b7 req-b92c5538-da70-4ca1-86aa-42b2a90290b7 ] Request (TenantUsagesTestJSON:tearDownClass): 200 GET http://10.180.1.21:9696/networking/v2.0/security-groups?tenant_id=60a0a504dc2f44078329713f2b2e4094&name=default 0.704s
2024-10-30 07:58:39.482 63670 INFO tempest.lib.common.rest_client [req-3350f981-7b68-4a54-9404-0d4448288c07 req-3350f981-7b68-4a54-9404-0d4448288c07 ] Request (ServerDiagnosticsNegativeTest:test_get_server_diagnostics_by_non_admin): 200 GET http://10.180.1.21/compute/v2.1/servers/2587cf95-30ca-4358-acb0-d6ce70e149c5 1.289s
2024-10-30 07:58:39.498 63682 INFO tempest.lib.common.rest_client [req-c73f8b22-d02f-42e1-b81b-93f8e790aa7f req-c73f8b22-d02f-42e1-b81b-93f8e790aa7f ] Request (ServerShowV263Test:tearDownClass): 204 DELETE http://10.180.1.21/identity/v3/projects/5a4ea553863043a2aa03a941a10228dc 0.105s
2024-10-30 07:58:39.562 63729 INFO tempest.lib.common.rest_client [req-44cf0ee1-6b77-4bc6-a548-e29c95b2bdb1 req-44cf0ee1-6b77-4bc6-a548-e29c95b2bdb1 ] Request (FlavorsAccessTestJSON:tearDownClass): 200 GET http://10.180.1.21:9696/networking/v2.0/security-groups?tenant_id=8c3899e1e0f546bf8e900e676064f8ca&name=default 0.505s
2024-10-30 07:58:39.572 63682 INFO tempest.lib.common.rest_client [req-997e5b22-6ad3-4261-8732-f5ba33a05b41 req-997e5b22-6ad3-4261-8732-f5ba33a05b41 ] Request (ServersNegativeTestJSON:setUpClass): 201 POST http://10.180.1.21/identity/v3/auth/tokens 0.072s
2024-10-30 07:58:39.595 63698 INFO tempest.lib.common.rest_client [req-d0d044c8-d49d-43f9-a841-bb2b38037dcb req-d0d044c8-d49d-43f9-a841-bb2b38037dcb ] Request (SecurityGroupRulesTestJSON:test_security_group_rules_create): 200 POST http://10.180.1.21/compute/v2.1/os-security-groups 1.614s
2024-10-30 07:58:39.605 63682 INFO tempest.lib.common.rest_client [req-84ee4151-47bf-4eba-8431-1ab0a5528ef4 req-84ee4151-47bf-4eba-8431-1ab0a5528ef4 ] Request (ServersNegativeTestJSON:setUpClass): 201 POST http://10.180.1.21/identity/v3/auth/tokens 0.030s
2024-10-30 07:58:39.634 63682 INFO tempest.lib.common.rest_client [req-b274c7ee-c419-4cd4-9016-e4b6260a92e0 req-b274c7ee-c419-4cd4-9016-e4b6260a92e0 ] Request (ServersNegativeTestJSON:setUpClass): 200 GET http://10.180.1.21/identity/v3/domains?name=Default 0.028s
2024-10-30 07:58:39.673 63682 INFO tempest.lib.common.rest_client [req-fe3d5a98-17bc-4166-8385-640cc3badbbe req-fe3d5a98-17bc-4166-8385-640cc3badbbe ] Request (ServersNegativeTestJSON:setUpClass): 201 POST http://10.180.1.21/identity/v3/projects 0.039s
2024-10-30 07:58:39.686 63724 INFO tempest.lib.common.rest_client [req-c08b3128-adf3-4861-9909-2f4ee140199e req-c08b3128-adf3-4861-9909-2f4ee140199e ] Request (ServersTestJSON:test_create_server_specify_multibyte_character_name): 200 GET http://10.180.1.21/compute/v2.1/servers/a67b46d2-4f73-4424-b0bb-5c1539119efd 1.317s
2024-10-30 07:58:39.704 63674 INFO tempest.lib.common.rest_client [req-1103a575-e43b-494a-8965-6ad27ff29b34 req-1103a575-e43b-494a-8965-6ad27ff29b34 ] Request (FlavorsAdminTestJSON:_run_cleanups): 200 GET http://10.180.1.21/compute/v2.1/flavors/detail 1.317s
2024-10-30 07:58:39.711 63676 INFO tempest.lib.common.rest_client [req-a82c88bb-de8b-4c23-94fb-e53c07bf3198 req-a82c88bb-de8b-4c23-94fb-e53c07bf3198 ] Request (QuotasAdminTestJSON:test_update_all_quota_resources_for_tenant): 200 PUT http://10.180.1.21/compute/v2.1/os-quota-sets/b7fc28e7dc6d408891614588b778bb1d 1.347s
2024-10-30 07:58:39.717 63704 INFO tempest.lib.common.rest_client [req-ffedfee4-cb9e-44d4-a67c-4b6f2a2fdd5e req-ffedfee4-cb9e-44d4-a67c-4b6f2a2fdd5e ] Request (HostsAdminNegativeTestJSON:test_update_host_with_invalid_status): 400 PUT http://10.180.1.21/compute/v2.1/os-hosts/devstack 1.294s
2024-10-30 07:58:39.738 63672 INFO tempest.lib.common.rest_client [req-3f2968f1-5506-4a33-9303-c06338165326 req-3f2968f1-5506-4a33-9303-c06338165326 ] Request (TenantUsagesTestJSON:tearDownClass): 204 DELETE http://10.180.1.21:9696/networking/v2.0/security-groups/8c578a43-74a3-49fd-8e3c-f786bcd9ebcb 0.285s
2024-10-30 07:58:39.745 63712 INFO tempest.lib.common.rest_client [req-07bb2194-21b1-48be-b351-b7066dff4430 req-07bb2194-21b1-48be-b351-b7066dff4430 ] Request (KeyPairsV2TestJSON:tearDownClass): 204 DELETE http://10.180.1.21:9696/networking/v2.0/security-groups/15932471-0177-4a7f-93ba-e351f240c1aa 0.357s
2024-10-30 07:58:39.755 63682 INFO tempest.lib.common.rest_client [req-769cb100-10f0-4d99-9783-76ee220fe209 req-769cb100-10f0-4d99-9783-76ee220fe209 ] Request (ServersNegativeTestJSON:setUpClass): 201 POST http://10.180.1.21/identity/v3/users 0.081s
2024-10-30 07:58:39.779 63700 INFO tempest.lib.common.rest_client [req-5b1ebc74-a053-44f5-b5ce-da58f776b1c8 req-5b1ebc74-a053-44f5-b5ce-da58f776b1c8 ] Request (ServerPasswordTestJSON:setUpClass): 200 GET http://10.180.1.21/compute/v2.1/servers/47e44ca3-8be8-4964-877a-5dd949da1a20 1.376s
2024-10-30 07:58:39.802 63708 INFO tempest.lib.common.rest_client [req-f9263593-cf10-4dc6-abab-eab88683071e req-f9263593-cf10-4dc6-abab-eab88683071e ] Request (FlavorsAccessNegativeTestJSON:test_flavor_non_admin_add): 200 POST http://10.180.1.21/compute/v2.1/flavors 1.162s
2024-10-30 07:58:39.809 63729 INFO tempest.lib.common.rest_client [req-0e0d3b13-fb1e-49df-9be9-9b4a75bf93e3 req-0e0d3b13-fb1e-49df-9be9-9b4a75bf93e3 ] Request (FlavorsAccessTestJSON:tearDownClass): 204 DELETE http://10.180.1.21:9696/networking/v2.0/security-groups/19ad873c-ae4f-4a07-8ff7-848e45293db7 0.246s
2024-10-30 07:58:39.817 63672 INFO tempest.lib.common.rest_client [req-3aa00e61-6360-414e-b326-95e6e3f52fce req-3aa00e61-6360-414e-b326-95e6e3f52fce ] Request (TenantUsagesTestJSON:tearDownClass): 204 DELETE http://10.180.1.21/identity/v3/projects/60a0a504dc2f44078329713f2b2e4094 0.078s
2024-10-30 07:58:39.819 63672 INFO tempest.lib.common.dynamic_creds [-] Deleting project and security group for project: bdb0ae6ba27540d1bc91905a802b0419
2024-10-30 07:58:39.821 63702 INFO tempest.lib.common.rest_client [req-cec0bb5b-c3db-4644-a2ca-c08df81cab76 req-cec0bb5b-c3db-4644-a2ca-c08df81cab76 ] Request (ServicesAdminNegativeV253TestJSON:test_get_service_by_invalid_params): 200 GET http://10.180.1.21/compute/v2.1/os-services 1.142s
2024-10-30 07:58:39.844 63716 INFO tempest.lib.common.rest_client [req-ffc84882-7c38-4193-8979-118b2a0c231f req-ffc84882-7c38-4193-8979-118b2a0c231f ] Request (AggregatesAdminNegativeTestJSON:test_aggregate_create_with_existent_aggregate_name): 200 POST http://10.180.1.21/compute/v2.1/os-aggregates 1.116s
2024-10-30 07:58:39.856 63722 INFO tempest.lib.common.rest_client [req-667b78bd-6270-4d0c-8f2c-57a72141dc34 req-667b78bd-6270-4d0c-8f2c-57a72141dc34 ] Request (ServersTestJSON:setUpClass): 200 POST http://10.180.1.21/compute/v2.1/os-keypairs 1.318s
2024-10-30 07:58:39.888 63682 INFO tempest.lib.common.rest_client [req-6638b52d-8b51-480c-978f-592d537951a0 req-6638b52d-8b51-480c-978f-592d537951a0 ] Request (ServersNegativeTestJSON:setUpClass): 200 GET http://10.180.1.21/identity/v3/roles 0.132s
2024-10-30 07:58:39.889 63678 INFO tempest.lib.common.rest_client [req-a6b5e659-e608-41f3-9864-8f6c63ee430d req-a6b5e659-e608-41f3-9864-8f6c63ee430d ] Request (HostsAdminTestJSON:test_list_hosts_with_a_blank_zone): 200 GET http://10.180.1.21/compute/v2.1/os-hosts?zone= 0.942s
2024-10-30 07:58:39.903 63712 INFO tempest.lib.common.rest_client [req-0da9a01d-9cf5-4c9b-ba4b-3befbf45cdb8 req-0da9a01d-9cf5-4c9b-ba4b-3befbf45cdb8 ] Request (KeyPairsV2TestJSON:tearDownClass): 204 DELETE http://10.180.1.21/identity/v3/projects/1cc2f1f51af64131bc9337512c3cb79c 0.158s
2024-10-30 07:58:39.920 63733 INFO tempest.lib.common.rest_client [req-f5c24a13-fe36-4efa-881d-17714dddd6a4 req-f5c24a13-fe36-4efa-881d-17714dddd6a4 ] Request (DeleteServersAdminTestJSON:test_delete_server_while_in_error_state): 404 GET http://10.180.1.21/compute/v2.1/servers/01f4d8f5-1dcd-46e2-8739-d669ab635c1d 0.882s
2024-10-30 07:58:39.941 63720 INFO tempest.lib.common.rest_client [req-838cfd22-f492-49c4-abe6-14edc53f6ac9 req-838cfd22-f492-49c4-abe6-14edc53f6ac9 ] Request (ServicesAdminNegativeTestJSON:test_get_service_by_invalid_params): 200 GET http://10.180.1.21/compute/v2.1/os-services?xxx=nova-compute 0.822s
2024-10-30 07:58:39.968 63682 INFO tempest.lib.common.rest_client [req-9af1c4b8-f368-4f4f-91a7-87585a0b3d39 req-9af1c4b8-f368-4f4f-91a7-87585a0b3d39 ] Request (ServersNegativeTestJSON:setUpClass): 204 PUT http://10.180.1.21/identity/v3/projects/2622f04d36644c9c9a2f70fe2fa472be/users/7968a96189f6405fb79664ad39d7322d/roles/7c8692863e784fa79020b80aac2c0f9e 0.080s
2024-10-30 07:58:39.968 63682 INFO tempest.lib.common.dynamic_creds [-] Dynamic test user 7968a96189f6405fb79664ad39d7322d is created with scope project and roles: ['member']
2024-10-30 07:58:39.968 63682 INFO tempest.lib.common.dynamic_creds [-] Acquired dynamic creds: credentials: Credentials: {'domain_id': 'default', 'domain_name': 'Default', 'username': 'tempest-ServersNegativeTestJSON-1167342652-project-member', 'project_domain_id': 'default', 'project_domain_name': 'Default', 'project_id': '2622f04d36644c9c9a2f70fe2fa472be', 'project_name': 'tempest-ServersNegativeTestJSON-1167342652', 'tenant_id': '2622f04d36644c9c9a2f70fe2fa472be', 'tenant_name': 'tempest-ServersNegativeTestJSON-1167342652', 'user_domain_id': 'default', 'user_domain_name': 'Default', 'user_id': '7968a96189f6405fb79664ad39d7322d', 'system': None}, Network: None, Subnet: None, Router: None
2024-10-30 07:58:39.975 63729 INFO tempest.lib.common.rest_client [req-97bb0f70-8879-47ca-9ce6-a7e218fb8fe0 req-97bb0f70-8879-47ca-9ce6-a7e218fb8fe0 ] Request (FlavorsAccessTestJSON:tearDownClass): 204 DELETE http://10.180.1.21/identity/v3/projects/8c3899e1e0f546bf8e900e676064f8ca 0.166s
2024-10-30 07:58:39.975 63729 INFO tempest.lib.common.dynamic_creds [-] Deleting project and security group for project: 71d8ff9c5d154e58864d6cb56224351c
2024-10-30 07:58:40.026 63712 INFO tempest.lib.common.rest_client [req-40493f99-42a6-4ace-a6e4-7d1c2cc74a19 req-40493f99-42a6-4ace-a6e4-7d1c2cc74a19 ] Request (KeyPairsNegativeTestJSON:setUpClass): 201 POST http://10.180.1.21/identity/v3/auth/tokens 0.121s
2024-10-30 07:58:40.100 63733 INFO tempest.lib.common.rest_client [req-ece3c2a0-245f-4600-8675-9120f73c8cab req-ece3c2a0-245f-4600-8675-9120f73c8cab ] Request (DeleteServersAdminTestJSON:tearDownClass): 204 DELETE http://10.180.1.21/identity/v3/users/a4b9aaa44e16427997faf11ae8e9c380 0.178s
2024-10-30 07:58:40.156 63682 INFO tempest.lib.common.rest_client [req-fce2be9d-f3f1-4640-8880-010cc63709e3 req-fce2be9d-f3f1-4640-8880-010cc63709e3 ] Request (ServersNegativeTestJSON:setUpClass): 201 POST http://10.180.1.21/identity/v3/auth/tokens 0.187s
2024-10-30 07:58:40.179 63712 INFO tempest.lib.common.rest_client [req-af5f9853-83aa-4cec-b138-b326031dde65 req-af5f9853-83aa-4cec-b138-b326031dde65 ] Request (KeyPairsNegativeTestJSON:setUpClass): 201 POST http://10.180.1.21/identity/v3/auth/tokens 0.098s
2024-10-30 07:58:40.199 63712 INFO tempest.lib.common.rest_client [req-9edc4495-6f15-44ab-8c8e-3fe30ff1753f req-9edc4495-6f15-44ab-8c8e-3fe30ff1753f ] Request (KeyPairsNegativeTestJSON:setUpClass): 200 GET http://10.180.1.21/identity/v3/domains?name=Default 0.019s
2024-10-30 07:58:40.267 63733 INFO tempest.lib.common.rest_client [req-1e26b508-d0db-4087-b945-a7acab21a727 req-1e26b508-d0db-4087-b945-a7acab21a727 ] Request (DeleteServersAdminTestJSON:tearDownClass): 204 DELETE http://10.180.1.21/identity/v3/users/05d096c1ace64076ac54e5f20d1c25fe 0.166s
2024-10-30 07:58:40.267 63733 INFO tempest.lib.common.dynamic_creds [-] Deleting project and security group for project: 2b7c27b440344ae6a74c714e0f93caf7
2024-10-30 07:58:40.328 63672 INFO tempest.lib.common.rest_client [req-c2213bfc-7e49-4daf-9509-e91a8811f81e req-c2213bfc-7e49-4daf-9509-e91a8811f81e ] Request (TenantUsagesTestJSON:tearDownClass): 200 GET http://10.180.1.21:9696/networking/v2.0/security-groups?tenant_id=bdb0ae6ba27540d1bc91905a802b0419&name=default 0.508s
2024-10-30 07:58:40.343 63712 INFO tempest.lib.common.rest_client [req-8d628711-6989-4163-b7ff-d7687fa7236f req-8d628711-6989-4163-b7ff-d7687fa7236f ] Request (KeyPairsNegativeTestJSON:setUpClass): 201 POST http://10.180.1.21/identity/v3/projects 0.143s
2024-10-30 07:58:40.407 63712 INFO tempest.lib.common.rest_client [req-f2826a05-afa9-4eca-87aa-415513019207 req-f2826a05-afa9-4eca-87aa-415513019207 ] Request (KeyPairsNegativeTestJSON:setUpClass): 201 POST http://10.180.1.21/identity/v3/users 0.063s
2024-10-30 07:58:40.427 63712 INFO tempest.lib.common.rest_client [req-5443a886-5769-4213-b358-e9aa597ecd21 req-5443a886-5769-4213-b358-e9aa597ecd21 ] Request (KeyPairsNegativeTestJSON:setUpClass): 200 GET http://10.180.1.21/identity/v3/roles 0.019s
2024-10-30 07:58:40.430 63733 INFO tempest.lib.common.rest_client [req-1909f2ff-6488-4194-b19b-1bf049e0e32e req-1909f2ff-6488-4194-b19b-1bf049e0e32e ] Request (DeleteServersAdminTestJSON:tearDownClass): 201 POST http://10.180.1.21/identity/v3/auth/tokens 0.162s
2024-10-30 07:58:40.457 63712 INFO tempest.lib.common.rest_client [req-c20d91e1-fdd3-4ae6-8fc9-54d842b6307b req-c20d91e1-fdd3-4ae6-8fc9-54d842b6307b ] Request (KeyPairsNegativeTestJSON:setUpClass): 204 PUT http://10.180.1.21/identity/v3/projects/28a1b3e31a7d4bc7b1c3618db8262c17/users/638a5a363f7448f9a961c89523afbd33/roles/7c8692863e784fa79020b80aac2c0f9e 0.030s
2024-10-30 07:58:40.458 63712 INFO tempest.lib.common.dynamic_creds [-] Dynamic test user 638a5a363f7448f9a961c89523afbd33 is created with scope project and roles: ['member']
2024-10-30 07:58:40.459 63712 INFO tempest.lib.common.dynamic_creds [-] Acquired dynamic creds: credentials: Credentials: {'domain_id': 'default', 'domain_name': 'Default', 'username': 'tempest-KeyPairsNegativeTestJSON-1246060048-project-member', 'project_domain_id': 'default', 'project_domain_name': 'Default', 'project_id': '28a1b3e31a7d4bc7b1c3618db8262c17', 'project_name': 'tempest-KeyPairsNegativeTestJSON-1246060048', 'tenant_id': '28a1b3e31a7d4bc7b1c3618db8262c17', 'tenant_name': 'tempest-KeyPairsNegativeTestJSON-1246060048', 'user_domain_id': 'default', 'user_domain_name': 'Default', 'user_id': '638a5a363f7448f9a961c89523afbd33', 'system': None}, Network: None, Subnet: None, Router: None
2024-10-30 07:58:40.459 63712 INFO tempest.lib.common.dynamic_creds [-] Created isolated network resources for: credentials: Credentials: {'domain_id': 'default', 'domain_name': 'Default', 'username': 'tempest-KeyPairsNegativeTestJSON-1246060048-project-member', 'project_domain_id': 'default', 'project_domain_name': 'Default', 'project_id': '28a1b3e31a7d4bc7b1c3618db8262c17', 'project_name': 'tempest-KeyPairsNegativeTestJSON-1246060048', 'tenant_id': '28a1b3e31a7d4bc7b1c3618db8262c17', 'tenant_name': 'tempest-KeyPairsNegativeTestJSON-1246060048', 'user_domain_id': 'default', 'user_domain_name': 'Default', 'user_id': '638a5a363f7448f9a961c89523afbd33', 'system': None}, Network: None, Subnet: None, Router: None
2024-10-30 07:58:40.521 63722 INFO tempest.lib.common.rest_client [req-9c34d841-045b-4724-81fd-4c533b4d0f79 req-9c34d841-045b-4724-81fd-4c533b4d0f79 ] Request (ServersTestJSON:setUpClass): 201 POST http://10.180.1.21:9696/networking/v2.0/security-groups 0.663s
2024-10-30 07:58:40.555 63712 INFO tempest.lib.common.rest_client [req-f1251692-98a2-4ba2-8816-0bb2c451a9d3 req-f1251692-98a2-4ba2-8816-0bb2c451a9d3 ] Request (KeyPairsNegativeTestJSON:setUpClass): 201 POST http://10.180.1.21/identity/v3/auth/tokens 0.090s
2024-10-30 07:58:40.563 63710 INFO tempest.lib.common.rest_client [req-0887a02c-cd92-482b-90b5-01bb4f82a4f0 req-0887a02c-cd92-482b-90b5-01bb4f82a4f0 ] Request (QuotasAdminNegativeTest:test_create_server_when_memory_quota_is_full): 403 POST http://10.180.1.21/compute/v2.1/servers 1.803s
2024-10-30 07:58:40.689 63729 INFO tempest.lib.common.rest_client [req-5b129d4e-c9b3-4903-b020-fcd0eeff75d5 req-5b129d4e-c9b3-4903-b020-fcd0eeff75d5 ] Request (FlavorsAccessTestJSON:tearDownClass): 200 GET http://10.180.1.21:9696/networking/v2.0/security-groups?tenant_id=71d8ff9c5d154e58864d6cb56224351c&name=default 0.714s
2024-10-30 07:58:40.695 63732 INFO tempest.lib.common.rest_client [req-310435ad-0537-4915-b43a-7c7426fe3916 req-310435ad-0537-4915-b43a-7c7426fe3916 ] Request (VolumesAssistedSnapshotsTest:test_volume_assisted_snapshot_create_delete): 201 POST http://10.180.1.21:9696/networking/v2.0/floatingips 1.882s
2024-10-30 07:58:40.777 63672 INFO tempest.lib.common.rest_client [req-f7ca295f-e8f5-42e0-ac28-370b3378f6cf req-f7ca295f-e8f5-42e0-ac28-370b3378f6cf ] Request (TenantUsagesTestJSON:tearDownClass): 204 DELETE http://10.180.1.21:9696/networking/v2.0/security-groups/43884e33-aa1c-4e3c-b804-aa2484f20c25 0.448s
2024-10-30 07:58:40.799 63732 INFO tempest.lib.common.rest_client [req-1c1bd9a9-d798-4219-93c1-f3d51f5319a3 req-1c1bd9a9-d798-4219-93c1-f3d51f5319a3 ] Request (VolumesAssistedSnapshotsTest:test_volume_assisted_snapshot_create_delete): 201 POST http://10.180.1.21/identity/v3/auth/tokens 0.100s
2024-10-30 07:58:40.799 63732 INFO tempest.lib.common.fixed_network [-] (VolumesAssistedSnapshotsTest:test_volume_assisted_snapshot_create_delete) Found network {'id': 'bc7fe929-9f47-4842-bd8e-36409c088547', 'name': 'tempest-VolumesAssistedSnapshotsTest-2113731498-network', 'tenant_id': 'a408ed6b63e8481a9c71fa9eaa42e8ee', 'admin_state_up': True, 'mtu': 8950, 'status': 'ACTIVE', 'subnets': [], 'shared': False, 'project_id': 'a408ed6b63e8481a9c71fa9eaa42e8ee', 'port_security_enabled': True, 'router:external': False, 'provider:network_type': 'vlan', 'provider:physical_network': 'default', 'provider:segmentation_id': 876, 'availability_zone_hints': [], 'availability_zones': [], 'ipv4_address_scope': None, 'ipv6_address_scope': None, 'description': '', 'tags': [], 'created_at': '2024-10-30T07:58:14Z', 'updated_at': '2024-10-30T07:58:14Z', 'revision_number': 1} available for tenant
2024-10-30 07:58:40.859 63726 INFO tempest.lib.common.rest_client [req-c07e02c7-4f53-4fbe-bbd1-88f76323e665 req-c07e02c7-4f53-4fbe-bbd1-88f76323e665 ] Request (ServersTestMultiNic:test_verify_duplicate_network_nics): 204 DELETE http://10.180.1.21/compute/v2.1/servers/48d7e966-639a-4300-867f-b65c51b78045 1.522s
2024-10-30 07:58:40.885 63718 INFO tempest.lib.common.rest_client [req-dcde31fb-31e6-4f93-acbb-fb27c59b6355 req-dcde31fb-31e6-4f93-acbb-fb27c59b6355 ] Request (ImagesDeleteNegativeTestJSON:test_delete_image_non_hex_string_id): 404 DELETE http://10.180.1.21/compute/v2.1/images/b5af0629-2e63-44da-b0bf-50ebba0b519j 1.527s
2024-10-30 07:58:40.885 63672 INFO tempest.lib.common.rest_client [req-f421910d-dc53-4fbb-bbcf-7890ec59cf5a req-f421910d-dc53-4fbb-bbcf-7890ec59cf5a ] Request (TenantUsagesTestJSON:tearDownClass): 204 DELETE http://10.180.1.21/identity/v3/projects/bdb0ae6ba27540d1bc91905a802b0419 0.108s
2024-10-30 07:58:40.905 63684 INFO tempest.lib.common.rest_client [req-c83f7f34-2c15-468a-b174-5f6a01636fbb req-c83f7f34-2c15-468a-b174-5f6a01636fbb ] Request (FlavorsV255TestJSON:_run_cleanups): 202 DELETE http://10.180.1.21/compute/v2.1/flavors/83811489 1.527s
2024-10-30 07:58:40.923 63694 INFO tempest.lib.common.rest_client [req-61a4ebea-37cb-4cf7-9248-f36ffbe2c7ae req-61a4ebea-37cb-4cf7-9248-f36ffbe2c7ae ] Request (ServersWithSpecificFlavorTestJSON:test_verify_created_server_ephemeral_disk): 200 POST http://10.180.1.21/compute/v2.1/flavors/523726486/os-extra_specs 1.531s
2024-10-30 07:58:40.957 63672 INFO tempest.lib.common.rest_client [req-f3831b22-6c4e-4501-bb22-84dd78b10d5c req-f3831b22-6c4e-4501-bb22-84dd78b10d5c ] Request (ServerActionsV293TestJSON:setUpClass): 201 POST http://10.180.1.21/identity/v3/auth/tokens 0.068s
2024-10-30 07:58:40.998 63672 INFO tempest.lib.common.rest_client [req-f0bb323e-be38-4367-a11c-4625c4277228 req-f0bb323e-be38-4367-a11c-4625c4277228 ] Request (ServerActionsV293TestJSON:setUpClass): 201 POST http://10.180.1.21/identity/v3/auth/tokens 0.038s
2024-10-30 07:58:41.027 63672 INFO tempest.lib.common.rest_client [req-828d51da-12cb-4069-a94f-2624bea9ea2e req-828d51da-12cb-4069-a94f-2624bea9ea2e ] Request (ServerActionsV293TestJSON:setUpClass): 200 GET http://10.180.1.21/identity/v3/domains?name=Default 0.028s
2024-10-30 07:58:41.049 63686 INFO tempest.lib.common.rest_client [req-9e881eb9-da76-42e3-8283-18f8c7ef9ca3 req-9e881eb9-da76-42e3-8283-18f8c7ef9ca3 ] Request (InstanceActionsNegativeTestJSON:setUpClass): 202 POST http://10.180.1.21/compute/v2.1/servers 1.775s
2024-10-30 07:58:41.082 63672 INFO tempest.lib.common.rest_client [req-db1dace6-6285-412e-ae52-eb91ce8f8470 req-db1dace6-6285-412e-ae52-eb91ce8f8470 ] Request (ServerActionsV293TestJSON:setUpClass): 201 POST http://10.180.1.21/identity/v3/projects 0.055s
2024-10-30 07:58:41.149 63670 INFO tempest.lib.common.rest_client [req-fb2c6921-9169-4b73-8dd6-0a1c70635f18 req-fb2c6921-9169-4b73-8dd6-0a1c70635f18 ] Request (ServerDiagnosticsNegativeTest:test_get_server_diagnostics_by_non_admin): 204 DELETE http://10.180.1.21/compute/v2.1/servers/2587cf95-30ca-4358-acb0-d6ce70e149c5 1.656s
2024-10-30 07:58:41.162 63680 INFO tempest.lib.common.rest_client [req-5bd335b0-7cc0-47f7-902c-1e3da17ababd req-5bd335b0-7cc0-47f7-902c-1e3da17ababd ] Request (AttachInterfacesV270Test:setUpClass): 200 PUT http://10.180.1.21:9696/networking/v2.0/routers/54d2d4ef-dc00-41d7-b7e6-177ec083ccee/add_router_interface 2.610s
2024-10-30 07:58:41.163 63680 INFO tempest.lib.common.dynamic_creds [-] Created isolated network resources for: credentials: Credentials: {'domain_id': 'default', 'domain_name': 'Default', 'username': 'tempest-AttachInterfacesV270Test-259122643-project-member', 'project_domain_id': 'default', 'project_domain_name': 'Default', 'project_id': 'd6cbb7da1e7f46bcac7b562cf0b462a5', 'project_name': 'tempest-AttachInterfacesV270Test-259122643', 'tenant_id': 'd6cbb7da1e7f46bcac7b562cf0b462a5', 'tenant_name': 'tempest-AttachInterfacesV270Test-259122643', 'user_domain_id': 'default', 'user_domain_name': 'Default', 'user_id': '0aa6c6a6130e4e179fbd1f630071a3be', 'system': None}, Network: {'id': '72609f35-b3ec-4295-af0f-c0133b7a29d6', 'name': 'tempest-AttachInterfacesV270Test-1294699419-network', 'tenant_id': 'd6cbb7da1e7f46bcac7b562cf0b462a5', 'admin_state_up': True, 'mtu': 8950, 'status': 'ACTIVE', 'subnets': [], 'shared': False, 'project_id': 'd6cbb7da1e7f46bcac7b562cf0b462a5', 'port_security_enabled': True, 'router:external': False, 'provider:network_type': 'vlan', 'provider:physical_network': 'default', 'provider:segmentation_id': 113, 'availability_zone_hints': [], 'availability_zones': [], 'ipv4_address_scope': None, 'ipv6_address_scope': None, 'description': '', 'tags': [], 'created_at': '2024-10-30T07:58:36Z', 'updated_at': '2024-10-30T07:58:36Z', 'revision_number': 1}, Subnet: {'id': 'bda33b0d-a799-432d-b0c0-9093ee145f9d', 'name': 'tempest-AttachInterfacesV270Test-1294699419-subnet', 'tenant_id': 'd6cbb7da1e7f46bcac7b562cf0b462a5', 'network_id': '72609f35-b3ec-4295-af0f-c0133b7a29d6', 'ip_version': 4, 'subnetpool_id': None, 'enable_dhcp': True, 'ipv6_ra_mode': None, 'ipv6_address_mode': None, 'gateway_ip': '192.168.128.1', 'cidr': '192.168.128.0/28', 'allocation_pools': [{'start': '192.168.128.2', 'end': '192.168.128.14'}], 'host_routes': [], 'dns_nameservers': [], 'description': '', 'router:external': False, 'service_types': [], 'tags': [], 'created_at': '2024-10-30T07:58:36Z', 'updated_at': '2024-10-30T07:58:36Z', 'revision_number': 0, 'project_id': 'd6cbb7da1e7f46bcac7b562cf0b462a5'}, Router: {'id': '54d2d4ef-dc00-41d7-b7e6-177ec083ccee', 'name': 'tempest-AttachInterfacesV270Test-1294699419-router', 'tenant_id': 'd6cbb7da1e7f46bcac7b562cf0b462a5', 'admin_state_up': True, 'status': 'ACTIVE', 'external_gateway_info': {'network_id': 'b6756295-7b8c-4a8d-8e32-a884d3c5a03c', 'external_fixed_ips': [{'subnet_id': 'd1439423-e5a5-4d47-9b8a-b6c473df81b1', 'ip_address': '10.180.180.241'}], 'enable_snat': True}, 'description': '', 'availability_zones': [], 'distributed': False, 'ha': False, 'availability_zone_hints': [], 'routes': [], 'flavor_id': None, 'tags': [], 'created_at': '2024-10-30T07:58:36Z', 'updated_at': '2024-10-30T07:58:37Z', 'revision_number': 2, 'project_id': 'd6cbb7da1e7f46bcac7b562cf0b462a5'}
2024-10-30 07:58:41.174 63674 INFO tempest.lib.common.rest_client [req-93464bff-982c-426e-b225-5072bb5cde6b req-93464bff-982c-426e-b225-5072bb5cde6b ] Request (FlavorsAdminTestJSON:_run_cleanups): 202 DELETE http://10.180.1.21/compute/v2.1/flavors/1202603235 1.463s
2024-10-30 07:58:41.178 63672 INFO tempest.lib.common.rest_client [req-17de1749-9df8-4ca4-95b5-13e991842701 req-17de1749-9df8-4ca4-95b5-13e991842701 ] Request (ServerActionsV293TestJSON:setUpClass): 201 POST http://10.180.1.21/identity/v3/users 0.095s
2024-10-30 07:58:41.189 63722 INFO tempest.lib.common.rest_client [req-13b6e55d-93bc-4e47-af6b-0c2afa28a0c2 req-13b6e55d-93bc-4e47-af6b-0c2afa28a0c2 ] Request (ServersTestJSON:setUpClass): 201 POST http://10.180.1.21:9696/networking/v2.0/security-group-rules 0.667s
2024-10-30 07:58:41.205 63672 INFO tempest.lib.common.rest_client [req-127531a1-eafb-4311-bca4-0c72ef19c086 req-127531a1-eafb-4311-bca4-0c72ef19c086 ] Request (ServerActionsV293TestJSON:setUpClass): 200 GET http://10.180.1.21/identity/v3/roles 0.026s
2024-10-30 07:58:41.205 63714 INFO tempest.lib.common.rest_client [req-48fb650a-e72f-47ad-bdeb-02ceadda94cb req-48fb650a-e72f-47ad-bdeb-02ceadda94cb ] Request (FloatingIPsAssociationTestJSON:setUpClass): 201 POST http://10.180.1.21:9696/networking/v2.0/routers 2.870s
2024-10-30 07:58:41.246 63672 INFO tempest.lib.common.rest_client [req-0eecfd88-f148-4f70-be7f-b6f397bd4c98 req-0eecfd88-f148-4f70-be7f-b6f397bd4c98 ] Request (ServerActionsV293TestJSON:setUpClass): 204 PUT http://10.180.1.21/identity/v3/projects/0cdfdeea5575440fa0b0ccf53c3846bd/users/ead1ee977d8349538f456f78b9d95a5b/roles/7c8692863e784fa79020b80aac2c0f9e 0.040s
2024-10-30 07:58:41.246 63672 INFO tempest.lib.common.dynamic_creds [-] Dynamic test user ead1ee977d8349538f456f78b9d95a5b is created with scope project and roles: ['member']
2024-10-30 07:58:41.246 63672 INFO tempest.lib.common.dynamic_creds [-] Acquired dynamic creds: credentials: Credentials: {'domain_id': 'default', 'domain_name': 'Default', 'username': 'tempest-ServerActionsV293TestJSON-451513540-project-member', 'project_domain_id': 'default', 'project_domain_name': 'Default', 'project_id': '0cdfdeea5575440fa0b0ccf53c3846bd', 'project_name': 'tempest-ServerActionsV293TestJSON-451513540', 'tenant_id': '0cdfdeea5575440fa0b0ccf53c3846bd', 'tenant_name': 'tempest-ServerActionsV293TestJSON-451513540', 'user_domain_id': 'default', 'user_domain_name': 'Default', 'user_id': 'ead1ee977d8349538f456f78b9d95a5b', 'system': None}, Network: None, Subnet: None, Router: None
2024-10-30 07:58:41.317 63680 INFO tempest.lib.common.rest_client [req-9cc13389-7084-45c2-aa6d-0b4f266fa99a req-9cc13389-7084-45c2-aa6d-0b4f266fa99a ] Request (AttachInterfacesV270Test:setUpClass): 201 POST http://10.180.1.21/identity/v3/auth/tokens 0.151s
2024-10-30 07:58:41.333 63733 INFO tempest.lib.common.rest_client [req-20ca0233-ca55-4f47-80f5-01946909cfb7 req-20ca0233-ca55-4f47-80f5-01946909cfb7 ] Request (DeleteServersAdminTestJSON:tearDownClass): 200 GET http://10.180.1.21:9696/networking/v2.0/security-groups?tenant_id=2b7c27b440344ae6a74c714e0f93caf7&name=default 0.903s
2024-10-30 07:58:41.367 63729 INFO tempest.lib.common.rest_client [req-a4deaf65-782b-403b-ab17-fbb1141ae8d2 req-a4deaf65-782b-403b-ab17-fbb1141ae8d2 ] Request (FlavorsAccessTestJSON:tearDownClass): 204 DELETE http://10.180.1.21:9696/networking/v2.0/security-groups/fbdb2d1b-2374-4c2f-bce9-dc704cd5b3ca 0.677s
2024-10-30 07:58:41.385 63706 INFO tempest.lib.common.rest_client [req-1921d99f-d4f1-47f4-9bbf-b9b475fa3bc3 req-1921d99f-d4f1-47f4-9bbf-b9b475fa3bc3 ] Request (ImagesNegativeTestJSON:tearDownClass): 200 PUT http://10.180.1.21:9696/networking/v2.0/routers/a5cb1b29-4908-49f2-8627-a9718cb028fa/remove_router_interface 2.950s
2024-10-30 07:58:41.402 63682 INFO tempest.lib.common.rest_client [req-1519fcfc-4182-4eca-a253-b8d38f581c55 req-1519fcfc-4182-4eca-a253-b8d38f581c55 ] Request (ServersNegativeTestJSON:setUpClass): 201 POST http://10.180.1.21:9696/networking/v2.0/networks 1.245s
2024-10-30 07:58:41.411 63672 INFO tempest.lib.common.rest_client [req-95cab679-6d5b-4a55-9208-a369c2255854 req-95cab679-6d5b-4a55-9208-a369c2255854 ] Request (ServerActionsV293TestJSON:setUpClass): 201 POST http://10.180.1.21/identity/v3/auth/tokens 0.165s
2024-10-30 07:58:41.445 63680 INFO tempest.lib.common.rest_client [req-a060e1f4-575b-46b2-8a66-e715af0bfe21 req-a060e1f4-575b-46b2-8a66-e715af0bfe21 ] Request (AttachInterfacesV270Test:test_create_get_list_interfaces): 201 POST http://10.180.1.21/identity/v3/auth/tokens 0.124s
2024-10-30 07:58:41.445 63680 INFO tempest.lib.common.fixed_network [-] (AttachInterfacesV270Test:test_create_get_list_interfaces) Found network {'id': '72609f35-b3ec-4295-af0f-c0133b7a29d6', 'name': 'tempest-AttachInterfacesV270Test-1294699419-network', 'tenant_id': 'd6cbb7da1e7f46bcac7b562cf0b462a5', 'admin_state_up': True, 'mtu': 8950, 'status': 'ACTIVE', 'subnets': [], 'shared': False, 'project_id': 'd6cbb7da1e7f46bcac7b562cf0b462a5', 'port_security_enabled': True, 'router:external': False, 'provider:network_type': 'vlan', 'provider:physical_network': 'default', 'provider:segmentation_id': 113, 'availability_zone_hints': [], 'availability_zones': [], 'ipv4_address_scope': None, 'ipv6_address_scope': None, 'description': '', 'tags': [], 'created_at': '2024-10-30T07:58:36Z', 'updated_at': '2024-10-30T07:58:36Z', 'revision_number': 1} available for tenant
2024-10-30 07:58:41.474 63729 INFO tempest.lib.common.rest_client [req-15cab049-3731-41cb-b9fd-0e9b51c998e4 req-15cab049-3731-41cb-b9fd-0e9b51c998e4 ] Request (FlavorsAccessTestJSON:tearDownClass): 204 DELETE http://10.180.1.21/identity/v3/projects/71d8ff9c5d154e58864d6cb56224351c 0.106s
2024-10-30 07:58:41.508 63698 INFO tempest.lib.common.rest_client [req-ee73c767-0e1d-4e81-b2be-32dc7f4e2d62 req-ee73c767-0e1d-4e81-b2be-32dc7f4e2d62 ] Request (SecurityGroupRulesTestJSON:test_security_group_rules_create): 200 POST http://10.180.1.21/compute/v2.1/os-security-group-rules 1.909s
2024-10-30 07:58:41.519 63704 INFO tempest.lib.common.rest_client [req-23799a67-0ce9-45ba-b042-15d9415f7d65 req-23799a67-0ce9-45ba-b042-15d9415f7d65 ] Request (HostsAdminNegativeTestJSON:test_update_host_with_non_admin_user): 403 PUT http://10.180.1.21/compute/v2.1/os-hosts/devstack 1.800s
2024-10-30 07:58:41.551 63722 INFO tempest.lib.common.rest_client [req-cf8b5706-4401-441e-8d72-9782780239aa req-cf8b5706-4401-441e-8d72-9782780239aa ] Request (ServersTestJSON:setUpClass): 201 POST http://10.180.1.21:9696/networking/v2.0/security-group-rules 0.362s
2024-10-30 07:58:41.565 63729 INFO tempest.lib.common.rest_client [req-7e7b31e5-b782-402f-b69b-f7e10e359103 req-7e7b31e5-b782-402f-b69b-f7e10e359103 ] Request (KeyPairsV210TestJSON:setUpClass): 201 POST http://10.180.1.21/identity/v3/auth/tokens 0.090s
2024-10-30 07:58:41.637 63729 INFO tempest.lib.common.rest_client [req-2b080cfd-2f47-4afd-83eb-b8c439f29a0f req-2b080cfd-2f47-4afd-83eb-b8c439f29a0f ] Request (KeyPairsV210TestJSON:setUpClass): 201 POST http://10.180.1.21/identity/v3/auth/tokens 0.070s
2024-10-30 07:58:41.649 63733 INFO tempest.lib.common.rest_client [req-f4206ce2-edd0-4629-9c5d-ceefe6f355ac req-f4206ce2-edd0-4629-9c5d-ceefe6f355ac ] Request (DeleteServersAdminTestJSON:tearDownClass): 204 DELETE http://10.180.1.21:9696/networking/v2.0/security-groups/a976b0a3-346b-48b7-81ab-38ed1b10cf46 0.315s
2024-10-30 07:58:41.678 63729 INFO tempest.lib.common.rest_client [req-ecd37231-6f8f-4731-8958-d315b5d5088c req-ecd37231-6f8f-4731-8958-d315b5d5088c ] Request (KeyPairsV210TestJSON:setUpClass): 200 GET http://10.180.1.21/identity/v3/domains?name=Default 0.040s
2024-10-30 07:58:41.691 63676 INFO tempest.lib.common.rest_client [req-efecb843-3ed9-4b05-b422-905328f0568b req-efecb843-3ed9-4b05-b422-905328f0568b ] Request (QuotasAdminTestJSON:_run_cleanups): 200 PUT http://10.180.1.21/compute/v2.1/os-quota-sets/b7fc28e7dc6d408891614588b778bb1d 1.978s
2024-10-30 07:58:41.725 63729 INFO tempest.lib.common.rest_client [req-2121c928-4fc2-4125-ab65-d3207a0e368d req-2121c928-4fc2-4125-ab65-d3207a0e368d ] Request (KeyPairsV210TestJSON:setUpClass): 201 POST http://10.180.1.21/identity/v3/projects 0.047s
2024-10-30 07:58:41.787 63733 INFO tempest.lib.common.rest_client [req-1ff55646-f9ec-47ff-a333-1fac910fa7a6 req-1ff55646-f9ec-47ff-a333-1fac910fa7a6 ] Request (DeleteServersAdminTestJSON:tearDownClass): 204 DELETE http://10.180.1.21/identity/v3/projects/2b7c27b440344ae6a74c714e0f93caf7 0.138s
2024-10-30 07:58:41.787 63733 INFO tempest.lib.common.dynamic_creds [-] Deleting project and security group for project: 434d15a5777f40ad8afcbf5d63c2163e
2024-10-30 07:58:41.841 63700 INFO tempest.lib.common.rest_client [req-0765fb8e-3368-4a62-bb44-0df7c325b66d req-0765fb8e-3368-4a62-bb44-0df7c325b66d ] Request (ServerPasswordTestJSON:setUpClass): 204 DELETE http://10.180.1.21/compute/v2.1/servers/47e44ca3-8be8-4964-877a-5dd949da1a20 2.052s
2024-10-30 07:58:41.866 63702 INFO tempest.lib.common.rest_client [req-82aa4da4-7aae-4c9d-bfca-a1ac501ecb9d req-82aa4da4-7aae-4c9d-bfca-a1ac501ecb9d ] Request (ServicesAdminNegativeV253TestJSON:test_get_service_by_invalid_params): 200 GET http://10.180.1.21/compute/v2.1/os-services?xxx=nova-compute 2.042s
2024-10-30 07:58:41.879 63716 INFO tempest.lib.common.rest_client [req-e331ca93-776d-4022-9b13-4004f0b3c392 req-e331ca93-776d-4022-9b13-4004f0b3c392 ] Request (AggregatesAdminNegativeTestJSON:test_aggregate_create_with_existent_aggregate_name): 409 POST http://10.180.1.21/compute/v2.1/os-aggregates 2.030s
2024-10-30 07:58:41.896 63708 INFO tempest.lib.common.rest_client [req-4efa061d-c45b-43b7-a73d-698cf7703734 req-4efa061d-c45b-43b7-a73d-698cf7703734 ] Request (FlavorsAccessNegativeTestJSON:test_flavor_non_admin_add): 403 POST http://10.180.1.21/compute/v2.1/flavors/466943051/action 2.092s
2024-10-30 07:58:41.900 63676 INFO tempest.lib.common.rest_client [req-5ba4898d-b8d2-4bbd-b03a-7a42a52fb077 req-5ba4898d-b8d2-4bbd-b03a-7a42a52fb077 ] Request (QuotasAdminTestJSON:tearDownClass): 204 DELETE http://10.180.1.21/identity/v3/users/e1e186503ca14ec0aebef14d769bd5a1 0.206s
2024-10-30 07:58:41.907 63678 INFO tempest.lib.common.rest_client [req-4c5c7b06-e89e-4327-99ed-dc0f88203e6c req-4c5c7b06-e89e-4327-99ed-dc0f88203e6c ] Request (HostsAdminTestJSON:test_list_hosts_with_nonexistent_zone): 200 GET http://10.180.1.21/compute/v2.1/os-hosts?zone=xxx 2.012s
2024-10-30 07:58:41.930 63720 INFO tempest.lib.common.rest_client [req-151e26b3-c260-406a-b0eb-ba20395cedb3 req-151e26b3-c260-406a-b0eb-ba20395cedb3 ] Request (ServicesAdminNegativeTestJSON:test_get_service_by_invalid_service_and_valid_host): 200 GET http://10.180.1.21/compute/v2.1/os-services 1.986s
2024-10-30 07:58:41.944 63729 INFO tempest.lib.common.rest_client [req-529072b6-5338-4e04-9d74-e0ed3e5b8b78 req-529072b6-5338-4e04-9d74-e0ed3e5b8b78 ] Request (KeyPairsV210TestJSON:setUpClass): 201 POST http://10.180.1.21/identity/v3/users 0.217s
2024-10-30 07:58:41.999 63676 INFO tempest.lib.common.rest_client [req-8cac6c5a-1d5a-4f02-8f1f-504854f6bd0d req-8cac6c5a-1d5a-4f02-8f1f-504854f6bd0d ] Request (QuotasAdminTestJSON:tearDownClass): 204 DELETE http://10.180.1.21/identity/v3/users/7069ac6910b74e86930455bbc9144146 0.098s
2024-10-30 07:58:41.999 63676 INFO tempest.lib.common.dynamic_creds [-] Deleting project and security group for project: b7fc28e7dc6d408891614588b778bb1d
2024-10-30 07:58:42.068 63712 INFO tempest.lib.common.rest_client [req-d7e29afc-1708-4dfc-a8cd-bcabba081c48 req-d7e29afc-1708-4dfc-a8cd-bcabba081c48 ] Request (KeyPairsNegativeTestJSON:test_create_keypair_invalid_name): 400 POST http://10.180.1.21/compute/v2.1/os-keypairs 1.512s
2024-10-30 07:58:42.078 63729 INFO tempest.lib.common.rest_client [req-7a40701b-ffbd-42c1-a36a-60006d38e346 req-7a40701b-ffbd-42c1-a36a-60006d38e346 ] Request (KeyPairsV210TestJSON:setUpClass): 200 GET http://10.180.1.21/identity/v3/roles 0.134s
2024-10-30 07:58:42.088 63676 INFO tempest.lib.common.rest_client [req-45c5abc4-2ee5-42d5-bd34-8b7940274e74 req-45c5abc4-2ee5-42d5-bd34-8b7940274e74 ] Request (QuotasAdminTestJSON:tearDownClass): 201 POST http://10.180.1.21/identity/v3/auth/tokens 0.089s
2024-10-30 07:58:42.119 63682 INFO tempest.lib.common.rest_client [req-db0233b0-05b6-4641-b52e-630143683841 req-db0233b0-05b6-4641-b52e-630143683841 ] Request (ServersNegativeTestJSON:setUpClass): 201 POST http://10.180.1.21:9696/networking/v2.0/subnets 0.717s
2024-10-30 07:58:42.125 63729 INFO tempest.lib.common.rest_client [req-78e66e0a-d67e-47ba-bbea-3cc2e75c0889 req-78e66e0a-d67e-47ba-bbea-3cc2e75c0889 ] Request (KeyPairsV210TestJSON:setUpClass): 204 PUT http://10.180.1.21/identity/v3/projects/7e0c124c93054394a269f2e752b0b4af/users/553c1bb614bc4709b6978f19c7434d58/roles/7c8692863e784fa79020b80aac2c0f9e 0.044s
2024-10-30 07:58:42.125 63729 INFO tempest.lib.common.dynamic_creds [-] Dynamic test user 553c1bb614bc4709b6978f19c7434d58 is created with scope project and roles: ['member']
2024-10-30 07:58:42.125 63729 INFO tempest.lib.common.dynamic_creds [-] Acquired dynamic creds: credentials: Credentials: {'domain_id': 'default', 'domain_name': 'Default', 'username': 'tempest-KeyPairsV210TestJSON-668256113-project-member', 'project_domain_id': 'default', 'project_domain_name': 'Default', 'project_id': '7e0c124c93054394a269f2e752b0b4af', 'project_name': 'tempest-KeyPairsV210TestJSON-668256113', 'tenant_id': '7e0c124c93054394a269f2e752b0b4af', 'tenant_name': 'tempest-KeyPairsV210TestJSON-668256113', 'user_domain_id': 'default', 'user_domain_name': 'Default', 'user_id': '553c1bb614bc4709b6978f19c7434d58', 'system': None}, Network: None, Subnet: None, Router: None
2024-10-30 07:58:42.125 63729 INFO tempest.lib.common.dynamic_creds [-] Created isolated network resources for: credentials: Credentials: {'domain_id': 'default', 'domain_name': 'Default', 'username': 'tempest-KeyPairsV210TestJSON-668256113-project-member', 'project_domain_id': 'default', 'project_domain_name': 'Default', 'project_id': '7e0c124c93054394a269f2e752b0b4af', 'project_name': 'tempest-KeyPairsV210TestJSON-668256113', 'tenant_id': '7e0c124c93054394a269f2e752b0b4af', 'tenant_name': 'tempest-KeyPairsV210TestJSON-668256113', 'user_domain_id': 'default', 'user_domain_name': 'Default', 'user_id': '553c1bb614bc4709b6978f19c7434d58', 'system': None}, Network: None, Subnet: None, Router: None
2024-10-30 07:58:42.172 63733 INFO tempest.lib.common.rest_client [req-4bbf80d1-35f1-4541-8d2b-b4e835a906e4 req-4bbf80d1-35f1-4541-8d2b-b4e835a906e4 ] Request (DeleteServersAdminTestJSON:tearDownClass): 200 GET http://10.180.1.21:9696/networking/v2.0/security-groups?tenant_id=434d15a5777f40ad8afcbf5d63c2163e&name=default 0.384s
2024-10-30 07:58:42.204 63724 INFO tempest.lib.common.rest_client [req-ced140bc-48d1-4f25-9aec-99b6ffcabe90 req-ced140bc-48d1-4f25-9aec-99b6ffcabe90 ] Request (ServersTestJSON:test_create_server_specify_multibyte_character_name): 200 GET http://10.180.1.21/compute/v2.1/servers/a67b46d2-4f73-4424-b0bb-5c1539119efd 1.511s
2024-10-30 07:58:42.281 63710 INFO tempest.lib.common.rest_client [req-3a089abc-7eba-466d-9519-1daa0dc922d3 req-3a089abc-7eba-466d-9519-1daa0dc922d3 ] Request (QuotasAdminNegativeTest:_run_cleanups): 200 PUT http://10.180.1.21/compute/v2.1/os-quota-sets/7b726a5528eb4bacab67dda699a3572d 1.718s
2024-10-30 07:58:42.286 63729 INFO tempest.lib.common.rest_client [req-fc0daf3b-ca7e-480a-80d0-a0b259949b51 req-fc0daf3b-ca7e-480a-80d0-a0b259949b51 ] Request (KeyPairsV210TestJSON:setUpClass): 201 POST http://10.180.1.21/identity/v3/auth/tokens 0.154s
2024-10-30 07:58:42.313 63726 INFO tempest.lib.common.rest_client [req-d9a6e0c1-872d-41ac-aefd-99edab9c223f req-d9a6e0c1-872d-41ac-aefd-99edab9c223f ] Request (ServersTestMultiNic:test_verify_duplicate_network_nics): 404 GET http://10.180.1.21/compute/v2.1/servers/48d7e966-639a-4300-867f-b65c51b78045 1.454s
2024-10-30 07:58:42.327 63718 INFO tempest.lib.common.rest_client [req-d4b5969a-7d9e-4692-8789-8181f6e95679 req-d4b5969a-7d9e-4692-8789-8181f6e95679 ] Request (ImagesDeleteNegativeTestJSON:test_delete_image_with_id_over_character_limit): 404 DELETE http://10.180.1.21/compute/v2.1/images/78203afb-1295-41e6-a5a7-d9f7b81e05111 1.440s
2024-10-30 07:58:42.334 63729 INFO tempest.lib.common.rest_client [req-811d08e2-3a23-4312-9618-ef0861371fc2 req-811d08e2-3a23-4312-9618-ef0861371fc2 ] Request (KeyPairsV210TestJSON:setUpClass): 201 POST http://10.180.1.21/identity/v3/projects 0.046s
2024-10-30 07:58:42.343 63684 INFO tempest.lib.common.rest_client [req-90c3f4c6-5098-4784-b0a6-41aae48dbf29 req-90c3f4c6-5098-4784-b0a6-41aae48dbf29 ] Request (FlavorsV255TestJSON:_run_cleanups): 200 GET http://10.180.1.21/compute/v2.1/flavors/detail 1.437s
2024-10-30 07:58:42.384 63694 INFO tempest.lib.common.rest_client [req-02a74978-f432-4dc9-90bb-8c333924e999 req-02a74978-f432-4dc9-90bb-8c333924e999 ] Request (ValidationResourcesFixture:setUp): 200 POST http://10.180.1.21/compute/v2.1/os-keypairs 1.459s
2024-10-30 07:58:42.418 63729 INFO tempest.lib.common.rest_client [req-61f18cf5-dee3-407c-b2a5-d53b8b09e090 req-61f18cf5-dee3-407c-b2a5-d53b8b09e090 ] Request (KeyPairsV210TestJSON:setUpClass): 201 POST http://10.180.1.21/identity/v3/users 0.083s
2024-10-30 07:58:42.447 63729 INFO tempest.lib.common.rest_client [req-63981a9d-f0e0-4168-b6f8-c4d637f699a5 req-63981a9d-f0e0-4168-b6f8-c4d637f699a5 ] Request (KeyPairsV210TestJSON:setUpClass): 200 GET http://10.180.1.21/identity/v3/roles 0.029s
2024-10-30 07:58:42.478 63672 INFO tempest.lib.common.rest_client [req-0135608b-49c5-4de6-8540-bffd1cb5b960 req-0135608b-49c5-4de6-8540-bffd1cb5b960 ] Request (ServerActionsV293TestJSON:setUpClass): 201 POST http://10.180.1.21:9696/networking/v2.0/networks 1.066s
2024-10-30 07:58:42.489 63729 INFO tempest.lib.common.rest_client [req-ed9e4a5f-ebcd-4862-bb0a-2adaff46c0e8 req-ed9e4a5f-ebcd-4862-bb0a-2adaff46c0e8 ] Request (KeyPairsV210TestJSON:setUpClass): 204 PUT http://10.180.1.21/identity/v3/projects/b6bf61ccc6b44492b1f192fe501c3fb4/users/7a23b7ce11e248a69c3f8f1f15918005/roles/b95c8ed3e7ce4b65a9628b6db45f5987 0.042s
2024-10-30 07:58:42.518 63684 INFO tempest.lib.common.rest_client [req-43285308-7da8-4883-ba4e-4c650b9dc5e0 req-43285308-7da8-4883-ba4e-4c650b9dc5e0 ] Request (FlavorsV255TestJSON:tearDownClass): 204 DELETE http://10.180.1.21/identity/v3/users/2195012e80334b15823093d1802abc7e 0.167s
2024-10-30 07:58:42.540 63686 INFO tempest.lib.common.rest_client [req-23e44e1e-23bc-4172-9c84-acea52da6762 req-23e44e1e-23bc-4172-9c84-acea52da6762 ] Request (InstanceActionsNegativeTestJSON:setUpClass): 200 GET http://10.180.1.21/compute/v2.1/servers/1c6ab6dc-683a-4ec4-a041-8e78c0021639 1.489s
2024-10-30 07:58:42.549 63733 INFO tempest.lib.common.rest_client [req-826d9e70-a87c-463b-9a9f-794e482367d6 req-826d9e70-a87c-463b-9a9f-794e482367d6 ] Request (DeleteServersAdminTestJSON:tearDownClass): 204 DELETE http://10.180.1.21:9696/networking/v2.0/security-groups/38f2b0cd-549f-424b-85b5-e1e81c6feb73 0.376s
2024-10-30 07:58:42.578 63670 INFO tempest.lib.common.rest_client [req-1e4481cd-bdfb-491b-aba6-9d9e6475a4a7 req-1e4481cd-bdfb-491b-aba6-9d9e6475a4a7 ] Request (ServerDiagnosticsNegativeTest:test_get_server_diagnostics_by_non_admin): 404 GET http://10.180.1.21/compute/v2.1/servers/2587cf95-30ca-4358-acb0-d6ce70e149c5 1.428s
