2024-10-30 07:58:49.155 63714 INFO tempest.lib.common.rest_client [req-760cd879-10cc-43e8-b889-d43703481536 req-760cd879-10cc-43e8-b889-d43703481536 ] Request (FloatingIPsAssociationTestJSON:setUpClass): 200 GET http://10.180.1.21/compute/v2.1/servers/a9edd0c5-db23-4599-bba9-880c792a47ac 1.688s
2024-10-30 07:58:49.156 63684 INFO tempest.lib.common.rest_client [req-d2861fda-c30a-4853-8b97-e9dc6d3a9638 req-d2861fda-c30a-4853-8b97-e9dc6d3a9638 ] Request (MigrationsAdminTest:test_list_migrations): 200 GET http://10.180.1.21/compute/v2.1/os-migrations 1.929s
2024-10-30 07:58:49.158 63704 INFO tempest.lib.common.rest_client [req-07c4c29e-99b0-4245-b37a-b5e0bae6c8b9 req-07c4c29e-99b0-4245-b37a-b5e0bae6c8b9 ] Request (InstanceUsageAuditLogTestJSON:setUpClass): 201 POST http://10.180.1.21/identity/v3/auth/tokens 0.208s
2024-10-30 07:58:49.183 63676 INFO tempest.lib.common.rest_client [req-be2131d4-a393-4179-a741-45d3c7ee6fc4 req-be2131d4-a393-4179-a741-45d3c7ee6fc4 ] Request (ServicesAdminTestJSON:test_get_service_by_host_name): 200 GET http://10.180.1.21/compute/v2.1/os-services?host=devstack 1.540s
2024-10-30 07:58:49.196 63670 INFO tempest.lib.common.rest_client [req-12ec020e-00b3-45dc-a6fd-b35ccfab941c req-12ec020e-00b3-45dc-a6fd-b35ccfab941c ] Request (ServerGroup264TestJSON:setUpClass): 201 POST http://10.180.1.21/identity/v3/users 0.178s
2024-10-30 07:58:49.229 63678 INFO tempest.lib.common.rest_client [req-e2480025-1a4c-470c-8bf2-8a9e20fee66c req-e2480025-1a4c-470c-8bf2-8a9e20fee66c ] Request (HostsAdminTestJSON:tearDownClass): 204 DELETE http://10.180.1.21/identity/v3/projects/c6090adc62634a3ab7701843c41ced2a 0.098s
2024-10-30 07:58:49.229 63678 INFO tempest.lib.common.dynamic_creds [-] Deleting project and security group for project: 7194085fba2a4b6b909df58b58e96eae
2024-10-30 07:58:49.242 63690 INFO tempest.lib.common.rest_client [req-2b99f74e-0ed5-486c-a5f5-b46e7a361ddb req-2b99f74e-0ed5-486c-a5f5-b46e7a361ddb ] Request (QuotaClassesAdminTestJSON:_run_cleanups): 200 PUT http://10.180.1.21/compute/v2.1/os-quota-class-sets/default 1.582s
2024-10-30 07:58:49.256 63704 INFO tempest.lib.common.rest_client [req-329c0164-181f-4fb7-803c-ce2bfda8dafc req-329c0164-181f-4fb7-803c-ce2bfda8dafc ] Request (InstanceUsageAuditLogTestJSON:setUpClass): 201 POST http://10.180.1.21/identity/v3/auth/tokens 0.095s
2024-10-30 07:58:49.261 63702 INFO tempest.lib.common.rest_client [req-ff327e20-7025-4110-9e19-9ff79a4929b2 req-ff327e20-7025-4110-9e19-9ff79a4929b2 ] Request (ServicesAdminNegativeV253TestJSON:test_get_service_with_valid_service_and_invalid_host): 200 GET http://10.180.1.21/compute/v2.1/os-services?host=xxx&binary=nova-scheduler 1.578s
2024-10-30 07:58:49.281 63716 INFO tempest.lib.common.rest_client [req-f51d3f2f-cf1e-4a11-9ffd-de18fb6b5367 req-f51d3f2f-cf1e-4a11-9ffd-de18fb6b5367 ] Request (AggregatesAdminNegativeTestJSON:_run_cleanups): 200 DELETE http://10.180.1.21/compute/v2.1/os-aggregates/5 1.593s
2024-10-30 07:58:49.286 63670 INFO tempest.lib.common.rest_client [req-21de51c5-f88f-4e82-9025-4f3567e8b189 req-21de51c5-f88f-4e82-9025-4f3567e8b189 ] Request (ServerGroup264TestJSON:setUpClass): 200 GET http://10.180.1.21/identity/v3/roles 0.088s
2024-10-30 07:58:49.300 63684 INFO tempest.lib.common.rest_client [req-c43e82c4-2802-4487-9c1e-d97fda1e1a56 req-c43e82c4-2802-4487-9c1e-d97fda1e1a56 ] Request (MigrationsAdminTest:test_list_migrations_in_flavor_resize_situation): 201 POST http://10.180.1.21/identity/v3/auth/tokens 0.131s
2024-10-30 07:58:49.300 63684 INFO tempest.lib.common.fixed_network [-] (MigrationsAdminTest:test_list_migrations_in_flavor_resize_situation) Found network None available for tenant
2024-10-30 07:58:49.323 63704 INFO tempest.lib.common.rest_client [req-9909fe3f-a53a-41c2-8881-2ff0dd53f382 req-9909fe3f-a53a-41c2-8881-2ff0dd53f382 ] Request (InstanceUsageAuditLogTestJSON:setUpClass): 200 GET http://10.180.1.21/identity/v3/domains?name=Default 0.066s
2024-10-30 07:58:49.362 63670 INFO tempest.lib.common.rest_client [req-bafc6e13-0da2-44e7-8a5f-b3ea5c63691c req-bafc6e13-0da2-44e7-8a5f-b3ea5c63691c ] Request (ServerGroup264TestJSON:setUpClass): 204 PUT http://10.180.1.21/identity/v3/projects/c5fcd5d72dcf4567abbf1a5fbf5b13d0/users/bc797f678fd54bb7bd9410a59d19714e/roles/7c8692863e784fa79020b80aac2c0f9e 0.076s
2024-10-30 07:58:49.363 63670 INFO tempest.lib.common.dynamic_creds [-] Dynamic test user bc797f678fd54bb7bd9410a59d19714e is created with scope project and roles: ['member']
2024-10-30 07:58:49.363 63670 INFO tempest.lib.common.dynamic_creds [-] Acquired dynamic creds: credentials: Credentials: {'domain_id': 'default', 'domain_name': 'Default', 'username': 'tempest-ServerGroup264TestJSON-644483757-project-member', 'project_domain_id': 'default', 'project_domain_name': 'Default', 'project_id': 'c5fcd5d72dcf4567abbf1a5fbf5b13d0', 'project_name': 'tempest-ServerGroup264TestJSON-644483757', 'tenant_id': 'c5fcd5d72dcf4567abbf1a5fbf5b13d0', 'tenant_name': 'tempest-ServerGroup264TestJSON-644483757', 'user_domain_id': 'default', 'user_domain_name': 'Default', 'user_id': 'bc797f678fd54bb7bd9410a59d19714e', 'system': None}, Network: None, Subnet: None, Router: None
2024-10-30 07:58:49.374 63700 INFO tempest.lib.common.rest_client [req-c15f556c-e2e8-4e6d-941f-9ef2ac0b657d req-c15f556c-e2e8-4e6d-941f-9ef2ac0b657d ] Request (ServerPasswordTestJSON:tearDownClass): 204 DELETE http://10.180.1.21:9696/networking/v2.0/routers/eea1ea50-82c5-4184-8444-31cdf5223289 1.147s
2024-10-30 07:58:49.391 63690 INFO tempest.lib.common.rest_client [req-a56f3bcd-07c3-4689-91b5-5349b4ea521f req-a56f3bcd-07c3-4689-91b5-5349b4ea521f ] Request (QuotaClassesAdminTestJSON:tearDownClass): 204 DELETE http://10.180.1.21/identity/v3/users/a9b738db4d30473eabb04e438b1219d7 0.144s
2024-10-30 07:58:49.534 63704 INFO tempest.lib.common.rest_client [req-d11fba25-5021-4b2a-8802-cf161a3515fe req-d11fba25-5021-4b2a-8802-cf161a3515fe ] Request (InstanceUsageAuditLogTestJSON:setUpClass): 201 POST http://10.180.1.21/identity/v3/projects 0.209s
2024-10-30 07:58:49.553 63708 INFO tempest.lib.common.rest_client [req-8f29d378-3331-4aa4-91c9-ea5a485ca872 req-8f29d378-3331-4aa4-91c9-ea5a485ca872 ] Request (FlavorsAccessNegativeTestJSON:test_flavor_non_admin_remove): 200 POST http://10.180.1.21/compute/v2.1/flavors/422740909/action 1.839s
2024-10-30 07:58:49.614 63670 INFO tempest.lib.common.rest_client [req-1a4eba5b-c11c-4995-be6b-17e491047a5e req-1a4eba5b-c11c-4995-be6b-17e491047a5e ] Request (ServerGroup264TestJSON:setUpClass): 201 POST http://10.180.1.21/identity/v3/auth/tokens 0.251s
2024-10-30 07:58:49.651 63698 INFO tempest.lib.common.rest_client [req-a24017ec-6ab1-4396-9db5-131482fe59c1 req-a24017ec-6ab1-4396-9db5-131482fe59c1 ] Request (SecurityGroupRulesTestJSON:test_security_group_rules_create_with_optional_group_id): 200 POST http://10.180.1.21/compute/v2.1/os-security-groups 2.079s
2024-10-30 07:58:49.669 63704 INFO tempest.lib.common.rest_client [req-b531aeb6-fc89-47e2-9941-7d0621d88ac2 req-b531aeb6-fc89-47e2-9941-7d0621d88ac2 ] Request (InstanceUsageAuditLogTestJSON:setUpClass): 201 POST http://10.180.1.21/identity/v3/users 0.135s
2024-10-30 07:58:49.679 63712 INFO tempest.lib.common.rest_client [req-5d42808a-da59-416f-a9b3-553fb69735e7 req-5d42808a-da59-416f-a9b3-553fb69735e7 ] Request (KeyPairsNegativeTestJSON:test_create_keypair_with_duplicate_name): 202 DELETE http://10.180.1.21/compute/v2.1/os-keypairs/tempest-keypair-1279362920 1.888s
2024-10-30 07:58:49.730 63700 INFO tempest.lib.common.rest_client [req-f0fb4ed6-1d62-4cce-8f52-2066006e78ef req-f0fb4ed6-1d62-4cce-8f52-2066006e78ef ] Request (ServerPasswordTestJSON:tearDownClass): 204 DELETE http://10.180.1.21:9696/networking/v2.0/subnets/3a8be080-8e84-4ece-936b-f2aee8a574e8 0.355s
2024-10-30 07:58:49.741 63690 INFO tempest.lib.common.rest_client [req-2c460657-47c3-4323-b54f-5d5274a19301 req-2c460657-47c3-4323-b54f-5d5274a19301 ] Request (QuotaClassesAdminTestJSON:tearDownClass): 204 DELETE http://10.180.1.21/identity/v3/users/6c171f1bab4d457485fdf098265338d9 0.350s
2024-10-30 07:58:49.742 63690 INFO tempest.lib.common.dynamic_creds [-] Deleting project and security group for project: d6305bbd7e6748e9917c9806564eb422
2024-10-30 07:58:49.797 63678 INFO tempest.lib.common.rest_client [req-c6ea8fe9-f7ef-4397-bd7a-984bc6925fd0 req-c6ea8fe9-f7ef-4397-bd7a-984bc6925fd0 ] Request (HostsAdminTestJSON:tearDownClass): 200 GET http://10.180.1.21:9696/networking/v2.0/security-groups?tenant_id=7194085fba2a4b6b909df58b58e96eae&name=default 0.567s
2024-10-30 07:58:49.869 63720 INFO tempest.lib.common.rest_client [req-bca462a5-abb8-4fcc-bb09-e4a31f306f02 req-bca462a5-abb8-4fcc-bb09-e4a31f306f02 ] Request (ServicesAdminNegativeTestJSON:test_list_services_with_non_admin_user): 403 GET http://10.180.1.21/compute/v2.1/os-services 2.109s
2024-10-30 07:58:49.896 63674 INFO tempest.lib.common.rest_client [req-c2c583fd-38d8-4169-9de6-d5865d4c3c77 req-c2c583fd-38d8-4169-9de6-d5865d4c3c77 ] Request (FlavorsAdminTestJSON:_run_cleanups): 202 DELETE http://10.180.1.21/compute/v2.1/flavors/4060763 2.021s
2024-10-30 07:58:49.907 63690 INFO tempest.lib.common.rest_client [req-69d56edb-f7bd-4a7a-82f2-0af5a2a9d3be req-69d56edb-f7bd-4a7a-82f2-0af5a2a9d3be ] Request (QuotaClassesAdminTestJSON:tearDownClass): 201 POST http://10.180.1.21/identity/v3/auth/tokens 0.165s
2024-10-30 07:58:49.918 63704 INFO tempest.lib.common.rest_client [req-e817b157-047e-495a-89a1-d286d67e7c6f req-e817b157-047e-495a-89a1-d286d67e7c6f ] Request (InstanceUsageAuditLogTestJSON:setUpClass): 200 GET http://10.180.1.21/identity/v3/roles 0.249s
2024-10-30 07:58:49.944 63729 INFO tempest.lib.common.rest_client [req-8b9a2833-6e58-4e78-9d6e-d1b3f579d69b req-8b9a2833-6e58-4e78-9d6e-d1b3f579d69b ] Request (KeyPairsV210TestJSON:test_admin_manage_keypairs_for_other_users): 201 POST http://10.180.1.21/compute/v2.1/os-keypairs 2.063s
2024-10-30 07:58:49.962 63704 INFO tempest.lib.common.rest_client [req-a18a85ea-fe36-4487-ae1e-6e9c9b0675b9 req-a18a85ea-fe36-4487-ae1e-6e9c9b0675b9 ] Request (InstanceUsageAuditLogTestJSON:setUpClass): 204 PUT http://10.180.1.21/identity/v3/projects/e9dc55661b224f928095956e5b3d11dd/users/d6a32b2988114517b80ba126ca4e535e/roles/7c8692863e784fa79020b80aac2c0f9e 0.043s
2024-10-30 07:58:49.962 63704 INFO tempest.lib.common.dynamic_creds [-] Dynamic test user d6a32b2988114517b80ba126ca4e535e is created with scope project and roles: ['member']
2024-10-30 07:58:49.963 63704 INFO tempest.lib.common.dynamic_creds [-] Acquired dynamic creds: credentials: Credentials: {'domain_id': 'default', 'domain_name': 'Default', 'username': 'tempest-InstanceUsageAuditLogTestJSON-1356033473-project-member', 'project_domain_id': 'default', 'project_domain_name': 'Default', 'project_id': 'e9dc55661b224f928095956e5b3d11dd', 'project_name': 'tempest-InstanceUsageAuditLogTestJSON-1356033473', 'tenant_id': 'e9dc55661b224f928095956e5b3d11dd', 'tenant_name': 'tempest-InstanceUsageAuditLogTestJSON-1356033473', 'user_domain_id': 'default', 'user_domain_name': 'Default', 'user_id': 'd6a32b2988114517b80ba126ca4e535e', 'system': None}, Network: None, Subnet: None, Router: None
2024-10-30 07:58:49.963 63704 INFO tempest.lib.common.dynamic_creds [-] Created isolated network resources for: credentials: Credentials: {'domain_id': 'default', 'domain_name': 'Default', 'username': 'tempest-InstanceUsageAuditLogTestJSON-1356033473-project-member', 'project_domain_id': 'default', 'project_domain_name': 'Default', 'project_id': 'e9dc55661b224f928095956e5b3d11dd', 'project_name': 'tempest-InstanceUsageAuditLogTestJSON-1356033473', 'tenant_id': 'e9dc55661b224f928095956e5b3d11dd', 'tenant_name': 'tempest-InstanceUsageAuditLogTestJSON-1356033473', 'user_domain_id': 'default', 'user_domain_name': 'Default', 'user_id': 'd6a32b2988114517b80ba126ca4e535e', 'system': None}, Network: None, Subnet: None, Router: None
2024-10-30 07:58:49.972 63732 INFO tempest.lib.common.rest_client [req-e9d39a1c-a9c8-4bea-8b7a-674f15a90fa1 req-e9d39a1c-a9c8-4bea-8b7a-674f15a90fa1 ] Request (VolumesAssistedSnapshotsTest:test_volume_assisted_snapshot_create_delete): 204 DELETE http://10.180.1.21/compute/v2.1/servers/97baca5c-1028-4162-8fb4-97473167b0e3 2.123s
2024-10-30 07:58:49.993 63720 INFO tempest.lib.common.rest_client [req-27433e3d-a0c0-47ed-81db-743c8de0a125 req-27433e3d-a0c0-47ed-81db-743c8de0a125 ] Request (ServicesAdminNegativeTestJSON:tearDownClass): 204 DELETE http://10.180.1.21/identity/v3/users/61b8dab9fa42495c9450e5456c4b8c23 0.122s
2024-10-30 07:58:50.105 63710 INFO tempest.lib.common.rest_client [req-82beb1f7-91db-4154-a5d1-209952371d06 req-82beb1f7-91db-4154-a5d1-209952371d06 ] Request (ImagesMetadataNegativeTestJSON:test_delete_nonexistent_image_metadata_item): 404 DELETE http://10.180.1.21/compute/v2.1/images/22f953df-8b11-40fe-87a6-debfce52ce27/metadata/os_distro 2.223s
2024-10-30 07:58:50.135 63672 INFO tempest.lib.common.rest_client [req-d66409e5-932e-438a-9c7c-531c39b21b0a req-d66409e5-932e-438a-9c7c-531c39b21b0a ] Request (ServerActionsV293TestJSON:setUpClass): 200 PUT http://10.180.1.21:9696/networking/v2.0/routers/63f829f3-6b1d-4ce3-97e9-14cd091c59a0/add_router_interface 3.697s
2024-10-30 07:58:50.135 63672 INFO tempest.lib.common.dynamic_creds [-] Created isolated network resources for: credentials: Credentials: {'domain_id': 'default', 'domain_name': 'Default', 'username': 'tempest-ServerActionsV293TestJSON-451513540-project-member', 'project_domain_id': 'default', 'project_domain_name': 'Default', 'project_id': '0cdfdeea5575440fa0b0ccf53c3846bd', 'project_name': 'tempest-ServerActionsV293TestJSON-451513540', 'tenant_id': '0cdfdeea5575440fa0b0ccf53c3846bd', 'tenant_name': 'tempest-ServerActionsV293TestJSON-451513540', 'user_domain_id': 'default', 'user_domain_name': 'Default', 'user_id': 'ead1ee977d8349538f456f78b9d95a5b', 'system': None}, Network: {'id': '0674b28d-0d42-44f3-adaa-600894a56026', 'name': 'tempest-ServerActionsV293TestJSON-799229049-network', 'tenant_id': '0cdfdeea5575440fa0b0ccf53c3846bd', 'admin_state_up': True, 'mtu': 8950, 'status': 'ACTIVE', 'subnets': [], 'shared': False, 'project_id': '0cdfdeea5575440fa0b0ccf53c3846bd', 'port_security_enabled': True, 'router:external': False, 'provider:network_type': 'vlan', 'provider:physical_network': 'default', 'provider:segmentation_id': 704, 'availability_zone_hints': [], 'availability_zones': [], 'ipv4_address_scope': None, 'ipv6_address_scope': None, 'description': '', 'tags': [], 'created_at': '2024-10-30T07:58:42Z', 'updated_at': '2024-10-30T07:58:42Z', 'revision_number': 1}, Subnet: {'id': 'a420c34e-41eb-4720-a578-006b80dd071c', 'name': 'tempest-ServerActionsV293TestJSON-799229049-subnet', 'tenant_id': '0cdfdeea5575440fa0b0ccf53c3846bd', 'network_id': '0674b28d-0d42-44f3-adaa-600894a56026', 'ip_version': 4, 'subnetpool_id': None, 'enable_dhcp': True, 'ipv6_ra_mode': None, 'ipv6_address_mode': None, 'gateway_ip': '192.168.128.1', 'cidr': '192.168.128.0/28', 'allocation_pools': [{'start': '192.168.128.2', 'end': '192.168.128.14'}], 'host_routes': [], 'dns_nameservers': [], 'description': '', 'router:external': False, 'service_types': [], 'tags': [], 'created_at': '2024-10-30T07:58:42Z', 'updated_at': '2024-10-30T07:58:42Z', 'revision_number': 0, 'project_id': '0cdfdeea5575440fa0b0ccf53c3846bd'}, Router: {'id': '63f829f3-6b1d-4ce3-97e9-14cd091c59a0', 'name': 'tempest-ServerActionsV293TestJSON-799229049-router', 'tenant_id': '0cdfdeea5575440fa0b0ccf53c3846bd', 'admin_state_up': True, 'status': 'ACTIVE', 'external_gateway_info': {'network_id': 'b6756295-7b8c-4a8d-8e32-a884d3c5a03c', 'external_fixed_ips': [{'subnet_id': 'd1439423-e5a5-4d47-9b8a-b6c473df81b1', 'ip_address': '10.180.180.165'}], 'enable_snat': True}, 'description': '', 'availability_zones': [], 'distributed': False, 'ha': False, 'availability_zone_hints': [], 'routes': [], 'flavor_id': None, 'tags': [], 'created_at': '2024-10-30T07:58:43Z', 'updated_at': '2024-10-30T07:58:45Z', 'revision_number': 2, 'project_id': '0cdfdeea5575440fa0b0ccf53c3846bd'}
2024-10-30 07:58:50.146 63704 INFO tempest.lib.common.rest_client [req-d4b7a8e6-6ea0-4032-a2d0-928d7a8c0577 req-d4b7a8e6-6ea0-4032-a2d0-928d7a8c0577 ] Request (InstanceUsageAuditLogTestJSON:setUpClass): 201 POST http://10.180.1.21/identity/v3/auth/tokens 0.179s
2024-10-30 07:58:50.205 63720 INFO tempest.lib.common.rest_client [req-44693ac1-06b8-4f7d-9d09-58d21d385283 req-44693ac1-06b8-4f7d-9d09-58d21d385283 ] Request (ServicesAdminNegativeTestJSON:tearDownClass): 204 DELETE http://10.180.1.21/identity/v3/users/2b22ecf9c7d44c669c2c2cb8dd85d239 0.211s
2024-10-30 07:58:50.206 63720 INFO tempest.lib.common.dynamic_creds [-] Deleting project and security group for project: 3b6e2fefa81a4b45b6e8e8172a5c996d
2024-10-30 07:58:50.211 63672 INFO tempest.lib.common.rest_client [req-39f7b0a8-cf65-4c5b-b860-8b3ad2609489 req-39f7b0a8-cf65-4c5b-b860-8b3ad2609489 ] Request (ServerActionsV293TestJSON:setUpClass): 201 POST http://10.180.1.21/identity/v3/auth/tokens 0.068s
2024-10-30 07:58:50.268 63720 INFO tempest.lib.common.rest_client [req-465eb15b-b956-42ac-8de0-13bb16ecf2c8 req-465eb15b-b956-42ac-8de0-13bb16ecf2c8 ] Request (ServicesAdminNegativeTestJSON:tearDownClass): 201 POST http://10.180.1.21/identity/v3/auth/tokens 0.062s
2024-10-30 07:58:50.279 63718 INFO tempest.lib.common.rest_client [req-85f6140c-c0ec-42d8-ab42-956c7341c20c req-85f6140c-c0ec-42d8-ab42-956c7341c20c ] Request (ServerShowV254Test:test_rebuild_server): 202 POST http://10.180.1.21/compute/v2.1/servers 1.732s
2024-10-30 07:58:50.279 63704 INFO tempest.lib.common.rest_client [req-b136e49f-b97b-4398-af09-e3403893d52c req-b136e49f-b97b-4398-af09-e3403893d52c ] Request (InstanceUsageAuditLogTestJSON:setUpClass): 201 POST http://10.180.1.21/identity/v3/projects 0.131s
2024-10-30 07:58:50.287 63678 INFO tempest.lib.common.rest_client [req-4fa45a7a-994a-4e40-adcb-725da421d7f6 req-4fa45a7a-994a-4e40-adcb-725da421d7f6 ] Request (HostsAdminTestJSON:tearDownClass): 204 DELETE http://10.180.1.21:9696/networking/v2.0/security-groups/a9315dee-d05e-4644-b4db-e5d6033acbb8 0.489s
2024-10-30 07:58:50.370 63704 INFO tempest.lib.common.rest_client [req-766b5aa6-2549-4237-883f-8a885bc76c5c req-766b5aa6-2549-4237-883f-8a885bc76c5c ] Request (InstanceUsageAuditLogTestJSON:setUpClass): 201 POST http://10.180.1.21/identity/v3/users 0.090s
2024-10-30 07:58:50.398 63704 INFO tempest.lib.common.rest_client [req-02bc05b5-2908-4bf5-9f9e-5aef6b5a1c14 req-02bc05b5-2908-4bf5-9f9e-5aef6b5a1c14 ] Request (InstanceUsageAuditLogTestJSON:setUpClass): 200 GET http://10.180.1.21/identity/v3/roles 0.027s
2024-10-30 07:58:50.430 63704 INFO tempest.lib.common.rest_client [req-17a89007-6c0a-43e9-b077-e874ee418e62 req-17a89007-6c0a-43e9-b077-e874ee418e62 ] Request (InstanceUsageAuditLogTestJSON:setUpClass): 204 PUT http://10.180.1.21/identity/v3/projects/1a7e76ec6aa04bed9c52ca95a9b1211a/users/30b0ddfee76148beafd07f98334f4ba2/roles/b95c8ed3e7ce4b65a9628b6db45f5987 0.032s
2024-10-30 07:58:50.454 63678 INFO tempest.lib.common.rest_client [req-4110adb5-f771-46ef-976d-436265029891 req-4110adb5-f771-46ef-976d-436265029891 ] Request (HostsAdminTestJSON:tearDownClass): 204 DELETE http://10.180.1.21/identity/v3/projects/7194085fba2a4b6b909df58b58e96eae 0.166s
2024-10-30 07:58:50.528 63704 INFO tempest.lib.common.rest_client [req-b7faa607-eb8c-4942-80d7-464eedb2b0f7 req-b7faa607-eb8c-4942-80d7-464eedb2b0f7 ] Request (InstanceUsageAuditLogTestJSON:setUpClass): 200 GET http://10.180.1.21/identity/v3/roles 0.098s
2024-10-30 07:58:50.562 63678 INFO tempest.lib.common.rest_client [req-3d2bd09e-0456-40c7-8828-61a990f627f7 req-3d2bd09e-0456-40c7-8828-61a990f627f7 ] Request (ServersAdminTestJSON:setUpClass): 201 POST http://10.180.1.21/identity/v3/auth/tokens 0.105s
2024-10-30 07:58:50.565 63704 INFO tempest.lib.common.rest_client [req-d73ecb55-5001-4364-85c4-3b779c98b205 req-d73ecb55-5001-4364-85c4-3b779c98b205 ] Request (InstanceUsageAuditLogTestJSON:setUpClass): 204 PUT http://10.180.1.21/identity/v3/projects/1a7e76ec6aa04bed9c52ca95a9b1211a/users/30b0ddfee76148beafd07f98334f4ba2/roles/b95c8ed3e7ce4b65a9628b6db45f5987 0.036s
2024-10-30 07:58:50.566 63704 INFO tempest.lib.common.dynamic_creds [-] Dynamic test user 30b0ddfee76148beafd07f98334f4ba2 is created with scope project and roles: ['admin']
2024-10-30 07:58:50.566 63704 INFO tempest.lib.common.dynamic_creds [-] Acquired dynamic creds: credentials: Credentials: {'domain_id': 'default', 'domain_name': 'Default', 'username': 'tempest-InstanceUsageAuditLogTestJSON-1653977517-project-admin', 'project_domain_id': 'default', 'project_domain_name': 'Default', 'project_id': '1a7e76ec6aa04bed9c52ca95a9b1211a', 'project_name': 'tempest-InstanceUsageAuditLogTestJSON-1653977517', 'tenant_id': '1a7e76ec6aa04bed9c52ca95a9b1211a', 'tenant_name': 'tempest-InstanceUsageAuditLogTestJSON-1653977517', 'user_domain_id': 'default', 'user_domain_name': 'Default', 'user_id': '30b0ddfee76148beafd07f98334f4ba2', 'system': None}, Network: None, Subnet: None, Router: None
2024-10-30 07:58:50.566 63704 INFO tempest.lib.common.dynamic_creds [-] Created isolated network resources for: credentials: Credentials: {'domain_id': 'default', 'domain_name': 'Default', 'username': 'tempest-InstanceUsageAuditLogTestJSON-1653977517-project-admin', 'project_domain_id': 'default', 'project_domain_name': 'Default', 'project_id': '1a7e76ec6aa04bed9c52ca95a9b1211a', 'project_name': 'tempest-InstanceUsageAuditLogTestJSON-1653977517', 'tenant_id': '1a7e76ec6aa04bed9c52ca95a9b1211a', 'tenant_name': 'tempest-InstanceUsageAuditLogTestJSON-1653977517', 'user_domain_id': 'default', 'user_domain_name': 'Default', 'user_id': '30b0ddfee76148beafd07f98334f4ba2', 'system': None}, Network: None, Subnet: None, Router: None
2024-10-30 07:58:50.631 63690 INFO tempest.lib.common.rest_client [req-7ffd8df6-43b9-4f52-8b1d-c1adbf9a4462 req-7ffd8df6-43b9-4f52-8b1d-c1adbf9a4462 ] Request (QuotaClassesAdminTestJSON:tearDownClass): 200 GET http://10.180.1.21:9696/networking/v2.0/security-groups?tenant_id=d6305bbd7e6748e9917c9806564eb422&name=default 0.723s
2024-10-30 07:58:50.657 63678 INFO tempest.lib.common.rest_client [req-d1b3a0ee-ebfc-41d9-aaa4-54297fdfd61e req-d1b3a0ee-ebfc-41d9-aaa4-54297fdfd61e ] Request (ServersAdminTestJSON:setUpClass): 201 POST http://10.180.1.21/identity/v3/auth/tokens 0.091s
2024-10-30 07:58:50.685 63724 INFO tempest.lib.common.rest_client [req-42fbbdca-ec0a-4c7e-b5a2-636c5dde9138 req-42fbbdca-ec0a-4c7e-b5a2-636c5dde9138 ] Request (ServersTestJSON:_run_cleanups): 204 DELETE http://10.180.1.21/compute/v2.1/servers/390f4481-0854-4937-8831-882e59a145e1 1.820s
2024-10-30 07:58:50.688 63700 INFO tempest.lib.common.rest_client [req-61c59c39-f620-4cd6-bb0e-4e6708dca4b7 req-61c59c39-f620-4cd6-bb0e-4e6708dca4b7 ] Request (ServerPasswordTestJSON:tearDownClass): 204 DELETE http://10.180.1.21:9696/networking/v2.0/networks/28e9e8a3-f460-46c1-b2a7-9f82cd8a4dd6 0.957s
2024-10-30 07:58:50.690 63678 INFO tempest.lib.common.rest_client [req-607983a9-10f9-4b60-a698-55b78807abef req-607983a9-10f9-4b60-a698-55b78807abef ] Request (ServersAdminTestJSON:setUpClass): 200 GET http://10.180.1.21/identity/v3/domains?name=Default 0.032s
2024-10-30 07:58:50.694 63720 INFO tempest.lib.common.rest_client [req-3131ad5f-dfc5-43e2-ab55-08e67bd46432 req-3131ad5f-dfc5-43e2-ab55-08e67bd46432 ] Request (ServicesAdminNegativeTestJSON:tearDownClass): 200 GET http://10.180.1.21:9696/networking/v2.0/security-groups?tenant_id=3b6e2fefa81a4b45b6e8e8172a5c996d&name=default 0.426s
2024-10-30 07:58:50.696 63704 INFO tempest.lib.common.rest_client [req-780a5f17-a027-407a-91f7-7dea8d62c4a1 req-780a5f17-a027-407a-91f7-7dea8d62c4a1 ] Request (InstanceUsageAuditLogTestJSON:setUpClass): 201 POST http://10.180.1.21/identity/v3/auth/tokens 0.125s
2024-10-30 07:58:50.718 63670 INFO tempest.lib.common.rest_client [req-720fc2ef-abcb-4624-84c8-9d5a684ea6eb req-720fc2ef-abcb-4624-84c8-9d5a684ea6eb ] Request (ServerGroup264TestJSON:setUpClass): 201 POST http://10.180.1.21:9696/networking/v2.0/networks 1.103s
2024-10-30 07:58:50.731 63678 INFO tempest.lib.common.rest_client [req-a4e79de4-4ea1-47fc-95c8-a0bdf59acd89 req-a4e79de4-4ea1-47fc-95c8-a0bdf59acd89 ] Request (ServersAdminTestJSON:setUpClass): 201 POST http://10.180.1.21/identity/v3/projects 0.040s
2024-10-30 07:58:50.786 63700 INFO tempest.lib.common.rest_client [req-3f07485e-a38a-4837-8ab6-124501370e29 req-3f07485e-a38a-4837-8ab6-124501370e29 ] Request (ServerPasswordTestJSON:tearDownClass): 204 DELETE http://10.180.1.21/identity/v3/users/678488f329204cefb04000b96f9d3b90 0.097s
2024-10-30 07:58:50.786 63700 INFO tempest.lib.common.dynamic_creds [-] Deleting project and security group for project: d228b5ada55a43b18fdf95ff2780704b
2024-10-30 07:58:50.804 63722 INFO tempest.lib.common.rest_client [req-6ed62fef-42db-4835-9555-9b96adfbffde req-6ed62fef-42db-4835-9555-9b96adfbffde ] Request (ServersTestJSON:setUpClass): 200 GET http://10.180.1.21/compute/v2.1/servers/56a9ab06-087f-4b39-a587-8eaafec6a1f9 1.888s
2024-10-30 07:58:50.814 63686 INFO tempest.lib.common.rest_client [req-4b32aa3f-cefc-4a20-9196-31141d288d12 req-4b32aa3f-cefc-4a20-9196-31141d288d12 ] Request (InstanceActionsNegativeTestJSON:tearDownClass): 200 PUT http://10.180.1.21:9696/networking/v2.0/routers/a0dc4ec1-2661-40fb-a767-871dad621a21/remove_router_interface 2.881s
2024-10-30 07:58:50.845 63678 INFO tempest.lib.common.rest_client [req-561d66ba-72b9-4784-a1db-5a6814ee938b req-561d66ba-72b9-4784-a1db-5a6814ee938b ] Request (ServersAdminTestJSON:setUpClass): 201 POST http://10.180.1.21/identity/v3/users 0.114s
2024-10-30 07:58:50.883 63678 INFO tempest.lib.common.rest_client [req-e91c2d48-3733-46ec-ac3b-3acce0e39770 req-e91c2d48-3733-46ec-ac3b-3acce0e39770 ] Request (ServersAdminTestJSON:setUpClass): 200 GET http://10.180.1.21/identity/v3/roles 0.037s
2024-10-30 07:58:50.900 63700 INFO tempest.lib.common.rest_client [req-907dc953-d3fb-4c24-a708-6cf57895b6e8 req-907dc953-d3fb-4c24-a708-6cf57895b6e8 ] Request (ServerPasswordTestJSON:tearDownClass): 200 GET http://10.180.1.21:9696/networking/v2.0/security-groups?tenant_id=d228b5ada55a43b18fdf95ff2780704b&name=default 0.114s
2024-10-30 07:58:50.912 63694 INFO tempest.lib.common.rest_client [req-89e2761b-fbc9-47ef-8a0b-0cf8c1c8dec5 req-89e2761b-fbc9-47ef-8a0b-0cf8c1c8dec5 ] Request (ServersWithSpecificFlavorTestJSON:test_verify_created_server_ephemeral_disk): 200 GET http://10.180.1.21/compute/v2.1/servers/1a577940-e41e-412e-a1d2-1db6c01e29ea 1.987s
2024-10-30 07:58:50.919 63678 INFO tempest.lib.common.rest_client [req-e19d1072-7ebd-4def-9e4d-5df2eda8c4da req-e19d1072-7ebd-4def-9e4d-5df2eda8c4da ] Request (ServersAdminTestJSON:setUpClass): 204 PUT http://10.180.1.21/identity/v3/projects/7e34e136eb814fe49d26e5ce398ea3b2/users/7d364b9067a64d78abad19418187fb48/roles/7c8692863e784fa79020b80aac2c0f9e 0.035s
2024-10-30 07:58:50.922 63678 INFO tempest.lib.common.dynamic_creds [-] Dynamic test user 7d364b9067a64d78abad19418187fb48 is created with scope project and roles: ['member']
2024-10-30 07:58:50.923 63678 INFO tempest.lib.common.dynamic_creds [-] Acquired dynamic creds: credentials: Credentials: {'domain_id': 'default', 'domain_name': 'Default', 'username': 'tempest-ServersAdminTestJSON-1835303409-project-member', 'project_domain_id': 'default', 'project_domain_name': 'Default', 'project_id': '7e34e136eb814fe49d26e5ce398ea3b2', 'project_name': 'tempest-ServersAdminTestJSON-1835303409', 'tenant_id': '7e34e136eb814fe49d26e5ce398ea3b2', 'tenant_name': 'tempest-ServersAdminTestJSON-1835303409', 'user_domain_id': 'default', 'user_domain_name': 'Default', 'user_id': '7d364b9067a64d78abad19418187fb48', 'system': None}, Network: None, Subnet: None, Router: None
2024-10-30 07:58:50.974 63690 INFO tempest.lib.common.rest_client [req-25d91589-0bad-4354-ae13-967251077cef req-25d91589-0bad-4354-ae13-967251077cef ] Request (QuotaClassesAdminTestJSON:tearDownClass): 204 DELETE http://10.180.1.21:9696/networking/v2.0/security-groups/2aab719a-603e-4f94-8202-54c10844a505 0.342s
2024-10-30 07:58:51.000 63678 INFO tempest.lib.common.rest_client [req-5409d962-24f7-46b0-aeba-6aa766e094f0 req-5409d962-24f7-46b0-aeba-6aa766e094f0 ] Request (ServersAdminTestJSON:setUpClass): 201 POST http://10.180.1.21/identity/v3/auth/tokens 0.077s
2024-10-30 07:58:51.084 63690 INFO tempest.lib.common.rest_client [req-ebe271ad-6493-4f33-b678-8aee7e3257c1 req-ebe271ad-6493-4f33-b678-8aee7e3257c1 ] Request (QuotaClassesAdminTestJSON:tearDownClass): 204 DELETE http://10.180.1.21/identity/v3/projects/d6305bbd7e6748e9917c9806564eb422 0.110s
2024-10-30 07:58:51.084 63690 INFO tempest.lib.common.dynamic_creds [-] Deleting project and security group for project: 90c257d2ff1449f982223f65044a82ac
2024-10-30 07:58:51.085 63720 INFO tempest.lib.common.rest_client [req-3294b79d-be3b-4e95-9ae9-d405bfa01cf4 req-3294b79d-be3b-4e95-9ae9-d405bfa01cf4 ] Request (ServicesAdminNegativeTestJSON:tearDownClass): 204 DELETE http://10.180.1.21:9696/networking/v2.0/security-groups/26b36514-719b-4074-a3c5-51c1c3061f7d 0.390s
2024-10-30 07:58:51.095 63700 INFO tempest.lib.common.rest_client [req-0b2a1c73-ad33-45f2-8bac-19bba77530c7 req-0b2a1c73-ad33-45f2-8bac-19bba77530c7 ] Request (ServerPasswordTestJSON:tearDownClass): 204 DELETE http://10.180.1.21:9696/networking/v2.0/security-groups/cc41425b-2957-4bb5-9771-c0ef80b636b0 0.194s
2024-10-30 07:58:51.128 63680 INFO tempest.lib.common.rest_client [req-72427426-ee0e-406c-b3c9-303ad4c37091 req-72427426-ee0e-406c-b3c9-303ad4c37091 ] Request (AttachInterfacesV270Test:test_create_get_list_interfaces): 204 DELETE http://10.180.1.21/compute/v2.1/servers/77c3716e-74d3-430c-9c07-3eed5f2040a0 2.066s
2024-10-30 07:58:51.187 63720 INFO tempest.lib.common.rest_client [req-a3effc72-4519-4cdc-b85f-610c8d5e339b req-a3effc72-4519-4cdc-b85f-610c8d5e339b ] Request (ServicesAdminNegativeTestJSON:tearDownClass): 204 DELETE http://10.180.1.21/identity/v3/projects/3b6e2fefa81a4b45b6e8e8172a5c996d 0.102s
2024-10-30 07:58:51.187 63720 INFO tempest.lib.common.dynamic_creds [-] Deleting project and security group for project: 86f41f6f51a34f8ea671dd05af13f68e
2024-10-30 07:58:51.198 63700 INFO tempest.lib.common.rest_client [req-2ea83822-1776-43e0-861f-127a3095fda7 req-2ea83822-1776-43e0-861f-127a3095fda7 ] Request (ServerPasswordTestJSON:tearDownClass): 204 DELETE http://10.180.1.21/identity/v3/projects/d228b5ada55a43b18fdf95ff2780704b 0.103s
2024-10-30 07:58:51.261 63700 INFO tempest.lib.common.rest_client [req-41534ac1-2dd1-470a-839e-063e33f947e7 req-41534ac1-2dd1-470a-839e-063e33f947e7 ] Request (ComputeTenantNetworksTest:setUpClass): 201 POST http://10.180.1.21/identity/v3/auth/tokens 0.059s
2024-10-30 07:58:51.292 63700 INFO tempest.lib.common.rest_client [req-4636f331-25d8-4ab6-9299-bbdba6d6778a req-4636f331-25d8-4ab6-9299-bbdba6d6778a ] Request (ComputeTenantNetworksTest:setUpClass): 201 POST http://10.180.1.21/identity/v3/auth/tokens 0.028s
2024-10-30 07:58:51.317 63700 INFO tempest.lib.common.rest_client [req-b9ede9ea-9b9b-42d9-a16e-82dadb3887ab req-b9ede9ea-9b9b-42d9-a16e-82dadb3887ab ] Request (ComputeTenantNetworksTest:setUpClass): 200 GET http://10.180.1.21/identity/v3/domains?name=Default 0.023s
2024-10-30 07:58:51.331 63726 INFO tempest.lib.common.rest_client [req-bcaa3755-1455-434d-a08e-e6c4225025f9 req-bcaa3755-1455-434d-a08e-e6c4225025f9 ] Request (ServersTestMultiNic:test_verify_multiple_nics_order): 202 POST http://10.180.1.21/compute/v2.1/servers 2.514s
2024-10-30 07:58:51.358 63676 INFO tempest.lib.common.rest_client [req-a98c5879-5b93-409d-98e6-fca16e9b250b req-a98c5879-5b93-409d-98e6-fca16e9b250b ] Request (ServicesAdminTestJSON:test_get_service_by_service_binary_name): 200 GET http://10.180.1.21/compute/v2.1/os-services?binary=nova-compute 2.172s
2024-10-30 07:58:51.366 63700 INFO tempest.lib.common.rest_client [req-5c3621a7-1ca2-454c-8f2f-2f57c3366110 req-5c3621a7-1ca2-454c-8f2f-2f57c3366110 ] Request (ComputeTenantNetworksTest:setUpClass): 201 POST http://10.180.1.21/identity/v3/projects 0.048s
2024-10-30 07:58:51.372 63733 INFO tempest.lib.common.rest_client [req-9524dd71-8996-4514-b254-4572d6529ebc req-9524dd71-8996-4514-b254-4572d6529ebc ] Request (VolumesAdminNegativeTest:setUpClass): 200 PUT http://10.180.1.21:9696/networking/v2.0/routers/7a6032b9-3341-425f-ac33-93a3fc17ea6d/add_router_interface 3.653s
2024-10-30 07:58:51.372 63733 INFO tempest.lib.common.dynamic_creds [-] Created isolated network resources for: credentials: Credentials: {'domain_id': 'default', 'domain_name': 'Default', 'username': 'tempest-VolumesAdminNegativeTest-1164079708-project-member', 'project_domain_id': 'default', 'project_domain_name': 'Default', 'project_id': 'e17400fb06a345d5be4930491fcb891a', 'project_name': 'tempest-VolumesAdminNegativeTest-1164079708', 'tenant_id': 'e17400fb06a345d5be4930491fcb891a', 'tenant_name': 'tempest-VolumesAdminNegativeTest-1164079708', 'user_domain_id': 'default', 'user_domain_name': 'Default', 'user_id': '76dd5987a81f40f48b0057d16c7f09a9', 'system': None}, Network: {'id': 'e9d0d658-ea80-4f1e-83d1-e7810b6254b2', 'name': 'tempest-VolumesAdminNegativeTest-1588478333-network', 'tenant_id': 'e17400fb06a345d5be4930491fcb891a', 'admin_state_up': True, 'mtu': 8950, 'status': 'ACTIVE', 'subnets': [], 'shared': False, 'project_id': 'e17400fb06a345d5be4930491fcb891a', 'port_security_enabled': True, 'router:external': False, 'provider:network_type': 'vlan', 'provider:physical_network': 'default', 'provider:segmentation_id': 388, 'availability_zone_hints': [], 'availability_zones': [], 'ipv4_address_scope': None, 'ipv6_address_scope': None, 'description': '', 'tags': [], 'created_at': '2024-10-30T07:58:44Z', 'updated_at': '2024-10-30T07:58:44Z', 'revision_number': 1}, Subnet: {'id': '07210d51-7c70-44cc-b4b6-361fc427268e', 'name': 'tempest-VolumesAdminNegativeTest-1588478333-subnet', 'tenant_id': 'e17400fb06a345d5be4930491fcb891a', 'network_id': 'e9d0d658-ea80-4f1e-83d1-e7810b6254b2', 'ip_version': 4, 'subnetpool_id': None, 'enable_dhcp': True, 'ipv6_ra_mode': None, 'ipv6_address_mode': None, 'gateway_ip': '192.168.128.1', 'cidr': '192.168.128.0/28', 'allocation_pools': [{'start': '192.168.128.2', 'end': '192.168.128.14'}], 'host_routes': [], 'dns_nameservers': [], 'description': '', 'router:external': False, 'service_types': [], 'tags': [], 'created_at': '2024-10-30T07:58:44Z', 'updated_at': '2024-10-30T07:58:44Z', 'revision_number': 0, 'project_id': 'e17400fb06a345d5be4930491fcb891a'}, Router: {'id': '7a6032b9-3341-425f-ac33-93a3fc17ea6d', 'name': 'tempest-VolumesAdminNegativeTest-1588478333-router', 'tenant_id': 'e17400fb06a345d5be4930491fcb891a', 'admin_state_up': True, 'status': 'ACTIVE', 'external_gateway_info': {'network_id': 'b6756295-7b8c-4a8d-8e32-a884d3c5a03c', 'external_fixed_ips': [{'subnet_id': 'd1439423-e5a5-4d47-9b8a-b6c473df81b1', 'ip_address': '10.180.180.187'}], 'enable_snat': True}, 'description': '', 'availability_zones': [], 'distributed': False, 'ha': False, 'availability_zone_hints': [], 'routes': [], 'flavor_id': None, 'tags': [], 'created_at': '2024-10-30T07:58:45Z', 'updated_at': '2024-10-30T07:58:46Z', 'revision_number': 2, 'project_id': 'e17400fb06a345d5be4930491fcb891a'}
2024-10-30 07:58:51.375 63670 INFO tempest.lib.common.rest_client [req-a474a9bc-8d23-4c19-a76a-73488d08582c req-a474a9bc-8d23-4c19-a76a-73488d08582c ] Request (ServerGroup264TestJSON:setUpClass): 201 POST http://10.180.1.21:9696/networking/v2.0/subnets 0.656s
2024-10-30 07:58:51.428 63690 INFO tempest.lib.common.rest_client [req-6a30cb1e-d827-49b2-8176-153f0522a4aa req-6a30cb1e-d827-49b2-8176-153f0522a4aa ] Request (QuotaClassesAdminTestJSON:tearDownClass): 200 GET http://10.180.1.21:9696/networking/v2.0/security-groups?tenant_id=90c257d2ff1449f982223f65044a82ac&name=default 0.343s
2024-10-30 07:58:51.436 63700 INFO tempest.lib.common.rest_client [req-56980fc2-8294-44e4-87ee-0d9d706a451a req-56980fc2-8294-44e4-87ee-0d9d706a451a ] Request (ComputeTenantNetworksTest:setUpClass): 201 POST http://10.180.1.21/identity/v3/users 0.069s
2024-10-30 07:58:51.469 63720 INFO tempest.lib.common.rest_client [req-977cc1ef-431f-4cb1-af6d-6a4aea1dae2b req-977cc1ef-431f-4cb1-af6d-6a4aea1dae2b ] Request (ServicesAdminNegativeTestJSON:tearDownClass): 200 GET http://10.180.1.21:9696/networking/v2.0/security-groups?tenant_id=86f41f6f51a34f8ea671dd05af13f68e&name=default 0.281s
2024-10-30 07:58:51.475 63702 INFO tempest.lib.common.rest_client [req-8ca531a7-6cfd-4869-8518-1dff4a5f0f07 req-8ca531a7-6cfd-4869-8518-1dff4a5f0f07 ] Request (ServicesAdminNegativeV253TestJSON:test_list_services_with_non_admin_user): 403 GET http://10.180.1.21/compute/v2.1/os-services 2.210s
2024-10-30 07:58:51.480 63700 INFO tempest.lib.common.rest_client [req-df10a969-5a0a-4749-9f21-0038cc437e1b req-df10a969-5a0a-4749-9f21-0038cc437e1b ] Request (ComputeTenantNetworksTest:setUpClass): 200 GET http://10.180.1.21/identity/v3/roles 0.043s
2024-10-30 07:58:51.512 63733 INFO tempest.lib.common.rest_client [req-dcd48d2a-9732-407a-b144-9ccaf92a2b04 req-dcd48d2a-9732-407a-b144-9ccaf92a2b04 ] Request (VolumesAdminNegativeTest:setUpClass): 201 POST http://10.180.1.21/identity/v3/auth/tokens 0.136s
2024-10-30 07:58:51.557 63688 INFO tempest.lib.common.rest_client [req-c7851fd1-fe83-4c4e-9355-71df31d8f5bf req-c7851fd1-fe83-4c4e-9355-71df31d8f5bf ] Request (QuotaClassesAdmin257Test:test_update_default_quotas): 200 GET http://10.180.1.21/compute/v2.1/os-quota-class-sets/default 2.278s
2024-10-30 07:58:51.565 63700 INFO tempest.lib.common.rest_client [req-7317f6fd-1bb8-4477-a66a-f8e4727ac565 req-7317f6fd-1bb8-4477-a66a-f8e4727ac565 ] Request (ComputeTenantNetworksTest:setUpClass): 204 PUT http://10.180.1.21/identity/v3/projects/68a7bf17e3494debad7bbe7901c3cab8/users/95234057e4d446339247bb15e7281554/roles/7c8692863e784fa79020b80aac2c0f9e 0.084s
2024-10-30 07:58:51.565 63700 INFO tempest.lib.common.dynamic_creds [-] Dynamic test user 95234057e4d446339247bb15e7281554 is created with scope project and roles: ['member']
2024-10-30 07:58:51.565 63700 INFO tempest.lib.common.dynamic_creds [-] Acquired dynamic creds: credentials: Credentials: {'domain_id': 'default', 'domain_name': 'Default', 'username': 'tempest-ComputeTenantNetworksTest-1958998564-project-member', 'project_domain_id': 'default', 'project_domain_name': 'Default', 'project_id': '68a7bf17e3494debad7bbe7901c3cab8', 'project_name': 'tempest-ComputeTenantNetworksTest-1958998564', 'tenant_id': '68a7bf17e3494debad7bbe7901c3cab8', 'tenant_name': 'tempest-ComputeTenantNetworksTest-1958998564', 'user_domain_id': 'default', 'user_domain_name': 'Default', 'user_id': '95234057e4d446339247bb15e7281554', 'system': None}, Network: None, Subnet: None, Router: None
2024-10-30 07:58:51.572 63716 INFO tempest.lib.common.rest_client [req-80920ca2-ca0a-4e0a-a33a-95f450aec193 req-80920ca2-ca0a-4e0a-a33a-95f450aec193 ] Request (AggregatesAdminNegativeTestJSON:test_aggregate_delete_with_invalid_id): 404 DELETE http://10.180.1.21/compute/v2.1/os-aggregates/-1 2.290s
2024-10-30 07:58:51.588 63702 INFO tempest.lib.common.rest_client [req-4cf90560-f110-4a7f-b507-ebcb20f43cb5 req-4cf90560-f110-4a7f-b507-ebcb20f43cb5 ] Request (ServicesAdminNegativeV253TestJSON:tearDownClass): 204 DELETE http://10.180.1.21/identity/v3/users/1555f046512746c097bb4012cb5a1391 0.110s
2024-10-30 07:58:51.637 63690 INFO tempest.lib.common.rest_client [req-088b17e4-88c1-4ab8-9e5c-f5874cba0156 req-088b17e4-88c1-4ab8-9e5c-f5874cba0156 ] Request (QuotaClassesAdminTestJSON:tearDownClass): 204 DELETE http://10.180.1.21:9696/networking/v2.0/security-groups/a6c11be4-7537-4fb2-8832-f6c58549f0ab 0.209s
2024-10-30 07:58:51.640 63678 INFO tempest.lib.common.rest_client [req-6111f5a0-78f3-4ebe-aa85-255b93f66a43 req-6111f5a0-78f3-4ebe-aa85-255b93f66a43 ] Request (ServersAdminTestJSON:setUpClass): 201 POST http://10.180.1.21:9696/networking/v2.0/networks 0.639s
2024-10-30 07:58:51.643 63700 INFO tempest.lib.common.rest_client [req-76f546af-dc1c-4645-86bc-6530a79bfaf5 req-76f546af-dc1c-4645-86bc-6530a79bfaf5 ] Request (ComputeTenantNetworksTest:setUpClass): 201 POST http://10.180.1.21/identity/v3/auth/tokens 0.077s
2024-10-30 07:58:51.659 63733 INFO tempest.lib.common.rest_client [req-7096ca00-b824-4aae-bd20-ccb5f8a5b508 req-7096ca00-b824-4aae-bd20-ccb5f8a5b508 ] Request (VolumesAdminNegativeTest:setUpClass): 201 POST http://10.180.1.21/identity/v3/projects 0.146s
2024-10-30 07:58:51.758 63702 INFO tempest.lib.common.rest_client [req-331a280f-ecb3-4752-b8f4-f616ca846616 req-331a280f-ecb3-4752-b8f4-f616ca846616 ] Request (ServicesAdminNegativeV253TestJSON:tearDownClass): 204 DELETE http://10.180.1.21/identity/v3/users/35f13059043d4e74a93a4a212688eebf 0.169s
2024-10-30 07:58:51.758 63702 INFO tempest.lib.common.dynamic_creds [-] Deleting project and security group for project: 8901c599589a47b997bacf070a0f6576
2024-10-30 07:58:51.776 63706 INFO tempest.lib.common.rest_client [req-8300b104-9c2b-4e3d-978a-e151c76f9f66 req-8300b104-9c2b-4e3d-978a-e151c76f9f66 ] Request (ServersTestManualDisk:setUpClass): 201 POST http://10.180.1.21:9696/networking/v2.0/routers 2.659s
2024-10-30 07:58:51.827 63733 INFO tempest.lib.common.rest_client [req-62867a29-dbd4-4a8d-b104-4bcfd46815c7 req-62867a29-dbd4-4a8d-b104-4bcfd46815c7 ] Request (VolumesAdminNegativeTest:setUpClass): 201 POST http://10.180.1.21/identity/v3/users 0.167s
2024-10-30 07:58:51.825 63720 INFO tempest.lib.common.rest_client [req-96cad690-bb5a-41aa-a561-07869b8bc5e7 req-96cad690-bb5a-41aa-a561-07869b8bc5e7 ] Request (ServicesAdminNegativeTestJSON:tearDownClass): 204 DELETE http://10.180.1.21:9696/networking/v2.0/security-groups/6fd6b971-55a7-449f-a334-094f9c671d50 0.356s
2024-10-30 07:58:51.835 63690 INFO tempest.lib.common.rest_client [req-a77f1f89-9614-4952-a80a-c3ffe833cffa req-a77f1f89-9614-4952-a80a-c3ffe833cffa ] Request (QuotaClassesAdminTestJSON:tearDownClass): 204 DELETE http://10.180.1.21/identity/v3/projects/90c257d2ff1449f982223f65044a82ac 0.197s
2024-10-30 07:58:51.888 63686 INFO tempest.lib.common.rest_client [req-4ab026cd-62cd-458c-81e8-be29f509d9d0 req-4ab026cd-62cd-458c-81e8-be29f509d9d0 ] Request (InstanceActionsNegativeTestJSON:tearDownClass): 204 DELETE http://10.180.1.21:9696/networking/v2.0/routers/a0dc4ec1-2661-40fb-a767-871dad621a21 1.074s
2024-10-30 07:58:51.892 63702 INFO tempest.lib.common.rest_client [req-2ee3b51f-abae-4672-9a09-b151dcf96577 req-2ee3b51f-abae-4672-9a09-b151dcf96577 ] Request (ServicesAdminNegativeV253TestJSON:tearDownClass): 201 POST http://10.180.1.21/identity/v3/auth/tokens 0.134s
2024-10-30 07:58:51.921 63733 INFO tempest.lib.common.rest_client [req-8d07dba8-d055-4769-85e1-2b8c17538af2 req-8d07dba8-d055-4769-85e1-2b8c17538af2 ] Request (VolumesAdminNegativeTest:setUpClass): 200 GET http://10.180.1.21/identity/v3/roles 0.091s
2024-10-30 07:58:51.950 63690 INFO tempest.lib.common.rest_client [req-55188757-de86-430a-9e59-c75fb7d885d0 req-55188757-de86-430a-9e59-c75fb7d885d0 ] Request (FlavorsV2TestJSON:setUpClass): 201 POST http://10.180.1.21/identity/v3/auth/tokens 0.113s
2024-10-30 07:58:51.981 63720 INFO tempest.lib.common.rest_client [req-2116000d-d2c8-4eb2-a489-97127a4445c6 req-2116000d-d2c8-4eb2-a489-97127a4445c6 ] Request (ServicesAdminNegativeTestJSON:tearDownClass): 204 DELETE http://10.180.1.21/identity/v3/projects/86f41f6f51a34f8ea671dd05af13f68e 0.152s
2024-10-30 07:58:52.041 63733 INFO tempest.lib.common.rest_client [req-af661efc-bc67-404c-884c-6f39661e5576 req-af661efc-bc67-404c-884c-6f39661e5576 ] Request (VolumesAdminNegativeTest:setUpClass): 204 PUT http://10.180.1.21/identity/v3/projects/34d47f0caec044b8b836be3f52f964fc/users/62e7585acd554a81ad748f6841258d67/roles/b95c8ed3e7ce4b65a9628b6db45f5987 0.119s
2024-10-30 07:58:52.108 63690 INFO tempest.lib.common.rest_client [req-39807526-df37-4cfb-8c56-74c33d3c8ef8 req-39807526-df37-4cfb-8c56-74c33d3c8ef8 ] Request (FlavorsV2TestJSON:setUpClass): 201 POST http://10.180.1.21/identity/v3/auth/tokens 0.156s
2024-10-30 07:58:52.128 63733 INFO tempest.lib.common.rest_client [req-643493ac-9875-4235-a27f-ae4444fc36cb req-643493ac-9875-4235-a27f-ae4444fc36cb ] Request (VolumesAdminNegativeTest:setUpClass): 200 GET http://10.180.1.21/identity/v3/roles 0.086s
2024-10-30 07:58:52.131 63720 INFO tempest.lib.common.rest_client [req-ea7823df-ba8e-4327-913a-88613f7b2e00 req-ea7823df-ba8e-4327-913a-88613f7b2e00 ] Request (MultipleCreateTestJSON:setUpClass): 201 POST http://10.180.1.21/identity/v3/auth/tokens 0.149s
2024-10-30 07:58:52.152 63733 INFO tempest.lib.common.rest_client [req-9ba5ee51-47a5-41d9-9176-156c8ad32ac8 req-9ba5ee51-47a5-41d9-9176-156c8ad32ac8 ] Request (VolumesAdminNegativeTest:setUpClass): 204 PUT http://10.180.1.21/identity/v3/projects/34d47f0caec044b8b836be3f52f964fc/users/62e7585acd554a81ad748f6841258d67/roles/b95c8ed3e7ce4b65a9628b6db45f5987 0.024s
2024-10-30 07:58:52.154 63733 INFO tempest.lib.common.dynamic_creds [-] Dynamic test user 62e7585acd554a81ad748f6841258d67 is created with scope project and roles: ['admin']
2024-10-30 07:58:52.154 63733 INFO tempest.lib.common.dynamic_creds [-] Acquired dynamic creds: credentials: Credentials: {'domain_id': 'default', 'domain_name': 'Default', 'username': 'tempest-VolumesAdminNegativeTest-2054958817-project-admin', 'project_domain_id': 'default', 'project_domain_name': 'Default', 'project_id': '34d47f0caec044b8b836be3f52f964fc', 'project_name': 'tempest-VolumesAdminNegativeTest-2054958817', 'tenant_id': '34d47f0caec044b8b836be3f52f964fc', 'tenant_name': 'tempest-VolumesAdminNegativeTest-2054958817', 'user_domain_id': 'default', 'user_domain_name': 'Default', 'user_id': '62e7585acd554a81ad748f6841258d67', 'system': None}, Network: None, Subnet: None, Router: None
2024-10-30 07:58:52.156 63690 INFO tempest.lib.common.rest_client [req-fb8d3753-519c-4fc7-aaf5-c4ba64bd754f req-fb8d3753-519c-4fc7-aaf5-c4ba64bd754f ] Request (FlavorsV2TestJSON:setUpClass): 200 GET http://10.180.1.21/identity/v3/domains?name=Default 0.047s
2024-10-30 07:58:52.178 63686 INFO tempest.lib.common.rest_client [req-63c1d9d3-cf11-48a3-b3a2-920fd267561e req-63c1d9d3-cf11-48a3-b3a2-920fd267561e ] Request (InstanceActionsNegativeTestJSON:tearDownClass): 204 DELETE http://10.180.1.21:9696/networking/v2.0/subnets/b7a8a7eb-538d-4a24-9b55-e2d647871c3c 0.289s
2024-10-30 07:58:52.218 63678 INFO tempest.lib.common.rest_client [req-38feaba8-c03f-46ac-806d-66fe4dda7482 req-38feaba8-c03f-46ac-806d-66fe4dda7482 ] Request (ServersAdminTestJSON:setUpClass): 201 POST http://10.180.1.21:9696/networking/v2.0/subnets 0.578s
2024-10-30 07:58:52.222 63720 INFO tempest.lib.common.rest_client [req-fe8d5c98-f10c-4a5e-9b21-3fe189e1b321 req-fe8d5c98-f10c-4a5e-9b21-3fe189e1b321 ] Request (MultipleCreateTestJSON:setUpClass): 201 POST http://10.180.1.21/identity/v3/auth/tokens 0.088s
2024-10-30 07:58:52.235 63690 INFO tempest.lib.common.rest_client [req-629dac39-578d-4c50-b827-8ad94f4efb4e req-629dac39-578d-4c50-b827-8ad94f4efb4e ] Request (FlavorsV2TestJSON:setUpClass): 201 POST http://10.180.1.21/identity/v3/projects 0.079s
2024-10-30 07:58:52.243 63682 INFO tempest.lib.common.rest_client [req-f2fa5483-44d6-4148-bd9e-61661fb3bad6 req-f2fa5483-44d6-4148-bd9e-61661fb3bad6 ] Request (ServersNegativeTestJSON:setUpClass): 202 POST http://10.180.1.21/compute/v2.1/servers 3.143s
2024-10-30 07:58:52.253 63708 INFO tempest.lib.common.rest_client [req-ddcf0dcb-1474-4208-b289-7a29675bb38c req-ddcf0dcb-1474-4208-b289-7a29675bb38c ] Request (FlavorsAccessNegativeTestJSON:test_flavor_non_admin_remove): 403 POST http://10.180.1.21/compute/v2.1/flavors/422740909/action 2.698s
2024-10-30 07:58:52.289 63720 INFO tempest.lib.common.rest_client [req-d0b70049-972a-4d2e-b90d-9a1e9f6548e8 req-d0b70049-972a-4d2e-b90d-9a1e9f6548e8 ] Request (MultipleCreateTestJSON:setUpClass): 200 GET http://10.180.1.21/identity/v3/domains?name=Default 0.066s
2024-10-30 07:58:52.293 63684 INFO tempest.lib.common.rest_client [req-5a055e4d-2b13-437a-9459-1f59fe9efaca req-5a055e4d-2b13-437a-9459-1f59fe9efaca ] Request (MigrationsAdminTest:test_list_migrations_in_flavor_resize_situation): 202 POST http://10.180.1.21/compute/v2.1/servers 2.992s
2024-10-30 07:58:52.296 63690 INFO tempest.lib.common.rest_client [req-431d7485-0949-48f7-bda6-aa65432125d2 req-431d7485-0949-48f7-bda6-aa65432125d2 ] Request (FlavorsV2TestJSON:setUpClass): 201 POST http://10.180.1.21/identity/v3/users 0.060s
2024-10-30 07:58:52.304 63712 INFO tempest.lib.common.rest_client [req-cd4dd9bc-cc8c-4640-8b38-c594cb8c239d req-cd4dd9bc-cc8c-4640-8b38-c594cb8c239d ] Request (KeyPairsNegativeTestJSON:test_create_keypair_with_empty_name_string): 400 POST http://10.180.1.21/compute/v2.1/os-keypairs 2.620s
2024-10-30 07:58:52.319 63690 INFO tempest.lib.common.rest_client [req-62cac4cd-6f36-4135-92f1-8aead5ff5bd1 req-62cac4cd-6f36-4135-92f1-8aead5ff5bd1 ] Request (FlavorsV2TestJSON:setUpClass): 200 GET http://10.180.1.21/identity/v3/roles 0.022s
2024-10-30 07:58:52.325 63720 INFO tempest.lib.common.rest_client [req-084d7932-28aa-482a-a660-b63f4035c141 req-084d7932-28aa-482a-a660-b63f4035c141 ] Request (MultipleCreateTestJSON:setUpClass): 201 POST http://10.180.1.21/identity/v3/projects 0.035s
2024-10-30 07:58:52.331 63674 INFO tempest.lib.common.rest_client [req-b8c23086-80ae-4985-b7d1-27bf66e7cb2d req-b8c23086-80ae-4985-b7d1-27bf66e7cb2d ] Request (FlavorsAdminTestJSON:_run_cleanups): 200 GET http://10.180.1.21/compute/v2.1/flavors/detail 2.435s
2024-10-30 07:58:52.338 63729 INFO tempest.lib.common.rest_client [req-be6cd6ca-e6c6-4f42-9ce5-5934b4b60932 req-be6cd6ca-e6c6-4f42-9ce5-5934b4b60932 ] Request (KeyPairsV210TestJSON:test_admin_manage_keypairs_for_other_users): 200 GET http://10.180.1.21/compute/v2.1/os-keypairs?user_id=553c1bb614bc4709b6978f19c7434d58 2.392s
