2024-10-30 07:59:03.426 63712 INFO tempest.lib.common.rest_client [req-19918414-1692-4d48-9df8-ca1a271af72e req-19918414-1692-4d48-9df8-ca1a271af72e ] Request (AZV2TestJSON:setUpClass): 201 POST http://10.180.1.21/identity/v3/auth/tokens 0.173s
2024-10-30 07:59:03.439 63729 INFO tempest.lib.common.rest_client [req-1a63e39b-515a-452b-95db-502b3a5ddccd req-1a63e39b-515a-452b-95db-502b3a5ddccd ] Request (NetworksTest:setUpClass): 201 POST http://10.180.1.21/identity/v3/projects 0.219s
2024-10-30 07:59:03.454 63674 INFO tempest.lib.common.rest_client [req-b6436252-7b35-4eae-a742-406269856e5d req-b6436252-7b35-4eae-a742-406269856e5d ] Request (TenantUsagesNegativeTestJSON:setUpClass): 201 POST http://10.180.1.21/identity/v3/projects 0.159s
2024-10-30 07:59:03.456 63672 INFO tempest.lib.common.rest_client [req-69f65228-9f8e-46da-8d98-723abba3f3f5 req-69f65228-9f8e-46da-8d98-723abba3f3f5 ] Request (ServerActionsV293TestJSON:setUpClass): 200 GET http://10.180.1.21/volume/v3/volumes/de721c70-54b6-44ec-b051-5a83702057cb 0.048s
2024-10-30 07:59:03.523 63714 INFO tempest.lib.common.rest_client [req-a02de4c2-fc20-4198-abb5-13670db154e3 req-a02de4c2-fc20-4198-abb5-13670db154e3 ] Request (FloatingIPsAssociationTestJSON:tearDownClass): 204 DELETE http://10.180.1.21:9696/networking/v2.0/networks/4ca3f17a-f63d-453c-a7e5-89d3e5fcc9d5 0.823s
2024-10-30 07:59:03.540 63692 INFO tempest.lib.common.rest_client [req-e1f9bdc9-398c-40f5-b732-187209ffef1c req-e1f9bdc9-398c-40f5-b732-187209ffef1c ] Request (DeleteServersTestJSON:setUpClass): 201 POST http://10.180.1.21/identity/v3/users 0.189s
2024-10-30 07:59:03.582 63729 INFO tempest.lib.common.rest_client [req-70e1b352-bb86-4b8b-bf09-8e68e70a538b req-70e1b352-bb86-4b8b-bf09-8e68e70a538b ] Request (NetworksTest:setUpClass): 201 POST http://10.180.1.21/identity/v3/users 0.142s
2024-10-30 07:59:03.594 63718 INFO tempest.lib.common.rest_client [req-9812e7f9-f548-4e73-81cb-d1d97733af30 req-9812e7f9-f548-4e73-81cb-d1d97733af30 ] Request (VolumesSnapshotsTestJSON:setUpClass): 201 POST http://10.180.1.21/identity/v3/auth/tokens 0.233s
2024-10-30 07:59:03.620 63674 INFO tempest.lib.common.rest_client [req-a4735613-cf69-45e5-9542-5b227b934179 req-a4735613-cf69-45e5-9542-5b227b934179 ] Request (TenantUsagesNegativeTestJSON:setUpClass): 201 POST http://10.180.1.21/identity/v3/users 0.164s
2024-10-30 07:59:03.677 63702 INFO tempest.lib.common.rest_client [req-6391ad54-95c3-4594-80b5-9e9cbbdce1e6 req-6391ad54-95c3-4594-80b5-9e9cbbdce1e6 ] Request (ServersTestFqdnHostnames:setUpClass): 201 POST http://10.180.1.21:9696/networking/v2.0/routers 6.268s
2024-10-30 07:59:03.713 63714 INFO tempest.lib.common.rest_client [req-83be7344-3a36-4292-bb6b-944120c038a3 req-83be7344-3a36-4292-bb6b-944120c038a3 ] Request (FloatingIPsAssociationTestJSON:tearDownClass): 204 DELETE http://10.180.1.21/identity/v3/users/b0b7b8f42635472a93f6fdbb49731154 0.189s
2024-10-30 07:59:03.713 63714 INFO tempest.lib.common.dynamic_creds [-] Deleting project and security group for project: 05713ab77fdf4059b82167f468d2fd12
2024-10-30 07:59:03.751 63698 INFO tempest.lib.common.rest_client [req-e4898113-0372-4644-a781-482074911957 req-e4898113-0372-4644-a781-482074911957 ] Request (SecurityGroupRulesTestJSON:test_security_group_rules_list): 200 POST http://10.180.1.21/compute/v2.1/os-security-groups 1.806s
2024-10-30 07:59:03.764 63692 INFO tempest.lib.common.rest_client [req-a4bac595-51c3-4222-a1cb-2f35754c92bf req-a4bac595-51c3-4222-a1cb-2f35754c92bf ] Request (DeleteServersTestJSON:setUpClass): 200 GET http://10.180.1.21/identity/v3/roles 0.222s
2024-10-30 07:59:03.770 63729 INFO tempest.lib.common.rest_client [req-7329761c-8ab2-4934-8db1-ac84cf202615 req-7329761c-8ab2-4934-8db1-ac84cf202615 ] Request (NetworksTest:setUpClass): 200 GET http://10.180.1.21/identity/v3/roles 0.188s
2024-10-30 07:59:03.772 63690 INFO tempest.lib.common.rest_client [req-f7f15a80-9696-42a9-87b5-ce8f09f30f47 req-f7f15a80-9696-42a9-87b5-ce8f09f30f47 ] Request (FlavorsV2TestJSON:test_list_flavors_filter_by_min_disk): 200 GET http://10.180.1.21/compute/v2.1/flavors/42 1.785s
2024-10-30 07:59:03.788 63732 INFO tempest.lib.common.rest_client [req-700d7538-5335-4589-aac2-59f695544bc7 req-700d7538-5335-4589-aac2-59f695544bc7 ] Request (VolumesAssistedSnapshotsTest:tearDownClass): 204 DELETE http://10.180.1.21:9696/networking/v2.0/subnets/b69e61b3-1790-47bb-a5ae-db3b94ac1796 0.512s
2024-10-30 07:59:03.793 63674 INFO tempest.lib.common.rest_client [req-7c83b4ab-9ace-44ca-a1bf-127867cfabea req-7c83b4ab-9ace-44ca-a1bf-127867cfabea ] Request (TenantUsagesNegativeTestJSON:setUpClass): 200 GET http://10.180.1.21/identity/v3/roles 0.173s
2024-10-30 07:59:03.799 63694 INFO tempest.lib.common.rest_client [req-6ced414c-b45d-45fc-9273-bdd73013349b req-6ced414c-b45d-45fc-9273-bdd73013349b ] Request (ServersWithSpecificFlavorTestJSON:_run_cleanups): 202 DELETE http://10.180.1.21/compute/v2.1/flavors/2063184459 1.797s
2024-10-30 07:59:03.835 63692 INFO tempest.lib.common.rest_client [req-e1e1807e-0334-4347-b087-77a26892e43d req-e1e1807e-0334-4347-b087-77a26892e43d ] Request (DeleteServersTestJSON:setUpClass): 204 PUT http://10.180.1.21/identity/v3/projects/fc3756a4d5904028b6d2fa4e0a295a31/users/d54a6bc8fa0a4e98b52c1d7e29fe0853/roles/7c8692863e784fa79020b80aac2c0f9e 0.070s
2024-10-30 07:59:03.835 63692 INFO tempest.lib.common.dynamic_creds [-] Dynamic test user d54a6bc8fa0a4e98b52c1d7e29fe0853 is created with scope project and roles: ['member']
2024-10-30 07:59:03.835 63692 INFO tempest.lib.common.dynamic_creds [-] Acquired dynamic creds: credentials: Credentials: {'domain_id': 'default', 'domain_name': 'Default', 'username': 'tempest-DeleteServersTestJSON-842637629-project-member', 'project_domain_id': 'default', 'project_domain_name': 'Default', 'project_id': 'fc3756a4d5904028b6d2fa4e0a295a31', 'project_name': 'tempest-DeleteServersTestJSON-842637629', 'tenant_id': 'fc3756a4d5904028b6d2fa4e0a295a31', 'tenant_name': 'tempest-DeleteServersTestJSON-842637629', 'user_domain_id': 'default', 'user_domain_name': 'Default', 'user_id': 'd54a6bc8fa0a4e98b52c1d7e29fe0853', 'system': None}, Network: None, Subnet: None, Router: None
2024-10-30 07:59:03.842 63704 INFO tempest.lib.common.rest_client [req-e4281b31-ec70-409b-86dd-cbbc818fe0d8 req-e4281b31-ec70-409b-86dd-cbbc818fe0d8 ] Request (KeyPairsV22TestJSON:test_keypairs_create_list_delete): 201 POST http://10.180.1.21/compute/v2.1/os-keypairs 1.816s
2024-10-30 07:59:03.879 63688 INFO tempest.lib.common.rest_client [req-8be145a8-c01c-4747-af39-bf885ccd8e4b req-8be145a8-c01c-4747-af39-bf885ccd8e4b ] Request (ImagesMetadataTestJSON:setUpClass): 201 POST http://10.180.1.21/image/v2/images 1.104s
2024-10-30 07:59:03.894 63714 INFO tempest.lib.common.rest_client [req-4416ebba-1318-4a65-b215-f0f936ea4a16 req-4416ebba-1318-4a65-b215-f0f936ea4a16 ] Request (FloatingIPsAssociationTestJSON:tearDownClass): 200 GET http://10.180.1.21:9696/networking/v2.0/security-groups?tenant_id=05713ab77fdf4059b82167f468d2fd12&name=default 0.180s
2024-10-30 07:59:03.900 63674 INFO tempest.lib.common.rest_client [req-82f9d088-805e-4cbc-ae2f-f6e56db48069 req-82f9d088-805e-4cbc-ae2f-f6e56db48069 ] Request (TenantUsagesNegativeTestJSON:setUpClass): 204 PUT http://10.180.1.21/identity/v3/projects/9d7e22d12d524b129633fe8092697ea3/users/4af0e439b29e4aa8b099bc2eda5885a8/roles/7c8692863e784fa79020b80aac2c0f9e 0.106s
2024-10-30 07:59:03.900 63674 INFO tempest.lib.common.dynamic_creds [-] Dynamic test user 4af0e439b29e4aa8b099bc2eda5885a8 is created with scope project and roles: ['member']
2024-10-30 07:59:03.900 63674 INFO tempest.lib.common.dynamic_creds [-] Acquired dynamic creds: credentials: Credentials: {'domain_id': 'default', 'domain_name': 'Default', 'username': 'tempest-TenantUsagesNegativeTestJSON-1654564982-project-member', 'project_domain_id': 'default', 'project_domain_name': 'Default', 'project_id': '9d7e22d12d524b129633fe8092697ea3', 'project_name': 'tempest-TenantUsagesNegativeTestJSON-1654564982', 'tenant_id': '9d7e22d12d524b129633fe8092697ea3', 'tenant_name': 'tempest-TenantUsagesNegativeTestJSON-1654564982', 'user_domain_id': 'default', 'user_domain_name': 'Default', 'user_id': '4af0e439b29e4aa8b099bc2eda5885a8', 'system': None}, Network: None, Subnet: None, Router: None
2024-10-30 07:59:03.900 63674 INFO tempest.lib.common.dynamic_creds [-] Created isolated network resources for: credentials: Credentials: {'domain_id': 'default', 'domain_name': 'Default', 'username': 'tempest-TenantUsagesNegativeTestJSON-1654564982-project-member', 'project_domain_id': 'default', 'project_domain_name': 'Default', 'project_id': '9d7e22d12d524b129633fe8092697ea3', 'project_name': 'tempest-TenantUsagesNegativeTestJSON-1654564982', 'tenant_id': '9d7e22d12d524b129633fe8092697ea3', 'tenant_name': 'tempest-TenantUsagesNegativeTestJSON-1654564982', 'user_domain_id': 'default', 'user_domain_name': 'Default', 'user_id': '4af0e439b29e4aa8b099bc2eda5885a8', 'system': None}, Network: None, Subnet: None, Router: None
2024-10-30 07:59:03.917 63686 INFO tempest.lib.common.rest_client [req-48c41477-0d87-4023-a573-d1c477f978f9 req-48c41477-0d87-4023-a573-d1c477f978f9 ] Request (VolumesTestJSON:test_volume_list_param_limit): 200 GET http://10.180.1.21/compute/v2.1/os-volumes?limit=2 1.807s
2024-10-30 07:59:03.952 63692 INFO tempest.lib.common.rest_client [req-24105e5f-cd6f-4138-872c-d0b374c8e8ff req-24105e5f-cd6f-4138-872c-d0b374c8e8ff ] Request (DeleteServersTestJSON:setUpClass): 201 POST http://10.180.1.21/identity/v3/auth/tokens 0.117s
2024-10-30 07:59:03.974 63729 INFO tempest.lib.common.rest_client [req-4c9416ee-4465-48d4-8da6-faecccbd3fba req-4c9416ee-4465-48d4-8da6-faecccbd3fba ] Request (NetworksTest:setUpClass): 204 PUT http://10.180.1.21/identity/v3/projects/11ba766c38e04110b9ba2982d7985596/users/e1b00cb4d47c41bca64b9dfc9c6105dd/roles/b95c8ed3e7ce4b65a9628b6db45f5987 0.202s
2024-10-30 07:59:04.020 63716 INFO tempest.lib.common.rest_client [req-1c1cb88a-06a0-4a7c-8795-4d5c3debd535 req-1c1cb88a-06a0-4a7c-8795-4d5c3debd535 ] Request (AggregatesAdminNegativeTestJSON:tearDownClass): 200 GET http://10.180.1.21:9696/networking/v2.0/security-groups?tenant_id=fd868f39348a4d0fa544313b6b011086&name=default 1.496s
2024-10-30 07:59:04.060 63674 INFO tempest.lib.common.rest_client [req-c9c582e4-14b4-4e05-8636-8de966ff6e61 req-c9c582e4-14b4-4e05-8636-8de966ff6e61 ] Request (TenantUsagesNegativeTestJSON:setUpClass): 201 POST http://10.180.1.21/identity/v3/auth/tokens 0.154s
2024-10-30 07:59:04.071 63729 INFO tempest.lib.common.rest_client [req-afaf49e3-f53e-480e-9b98-473cc97d615c req-afaf49e3-f53e-480e-9b98-473cc97d615c ] Request (NetworksTest:setUpClass): 200 GET http://10.180.1.21/identity/v3/roles 0.096s
2024-10-30 07:59:04.091 63708 INFO tempest.lib.common.rest_client [req-9b9ca678-5881-4a20-97af-fe46ced0406f req-9b9ca678-5881-4a20-97af-fe46ced0406f ] Request (FlavorsAccessNegativeTestJSON:tearDownClass): 204 DELETE http://10.180.1.21:9696/networking/v2.0/security-groups/13bdffc3-6725-49fa-843f-01c704204526 1.057s
2024-10-30 07:59:04.115 63724 INFO tempest.lib.common.rest_client [req-098e4e46-46e7-4f01-aa7a-c65eb8554579 req-098e4e46-46e7-4f01-aa7a-c65eb8554579 ] Request (ServersTestJSON:test_create_specify_keypair): 202 POST http://10.180.1.21/compute/v2.1/servers 2.325s
2024-10-30 07:59:04.141 63729 INFO tempest.lib.common.rest_client [req-1b96d5d9-b029-478e-b77e-2fd72c86f7d1 req-1b96d5d9-b029-478e-b77e-2fd72c86f7d1 ] Request (NetworksTest:setUpClass): 204 PUT http://10.180.1.21/identity/v3/projects/11ba766c38e04110b9ba2982d7985596/users/e1b00cb4d47c41bca64b9dfc9c6105dd/roles/b95c8ed3e7ce4b65a9628b6db45f5987 0.070s
2024-10-30 07:59:04.141 63729 INFO tempest.lib.common.dynamic_creds [-] Dynamic test user e1b00cb4d47c41bca64b9dfc9c6105dd is created with scope project and roles: ['admin']
2024-10-30 07:59:04.142 63729 INFO tempest.lib.common.dynamic_creds [-] Acquired dynamic creds: credentials: Credentials: {'domain_id': 'default', 'domain_name': 'Default', 'username': 'tempest-NetworksTest-919469604-project-admin', 'project_domain_id': 'default', 'project_domain_name': 'Default', 'project_id': '11ba766c38e04110b9ba2982d7985596', 'project_name': 'tempest-NetworksTest-919469604', 'tenant_id': '11ba766c38e04110b9ba2982d7985596', 'tenant_name': 'tempest-NetworksTest-919469604', 'user_domain_id': 'default', 'user_domain_name': 'Default', 'user_id': 'e1b00cb4d47c41bca64b9dfc9c6105dd', 'system': None}, Network: None, Subnet: None, Router: None
2024-10-30 07:59:04.143 63729 INFO tempest.lib.common.dynamic_creds [-] Created isolated network resources for: credentials: Credentials: {'domain_id': 'default', 'domain_name': 'Default', 'username': 'tempest-NetworksTest-919469604-project-admin', 'project_domain_id': 'default', 'project_domain_name': 'Default', 'project_id': '11ba766c38e04110b9ba2982d7985596', 'project_name': 'tempest-NetworksTest-919469604', 'tenant_id': '11ba766c38e04110b9ba2982d7985596', 'tenant_name': 'tempest-NetworksTest-919469604', 'user_domain_id': 'default', 'user_domain_name': 'Default', 'user_id': 'e1b00cb4d47c41bca64b9dfc9c6105dd', 'system': None}, Network: None, Subnet: None, Router: None
2024-10-30 07:59:04.170 63674 INFO tempest.lib.common.rest_client [req-a32a6a9f-8b6b-4835-84a6-150fa814c6d0 req-a32a6a9f-8b6b-4835-84a6-150fa814c6d0 ] Request (TenantUsagesNegativeTestJSON:setUpClass): 201 POST http://10.180.1.21/identity/v3/projects 0.107s
2024-10-30 07:59:04.177 63678 INFO tempest.lib.common.rest_client [req-7ff6d394-96cf-46de-a5fb-249c58f6116f req-7ff6d394-96cf-46de-a5fb-249c58f6116f ] Request (ServersAdminTestJSON:setUpClass): 200 PUT http://10.180.1.21:9696/networking/v2.0/routers/d76c6df2-e381-4559-84e8-120271f52063/add_router_interface 8.377s
2024-10-30 07:59:04.178 63678 INFO tempest.lib.common.dynamic_creds [-] Created isolated network resources for: credentials: Credentials: {'domain_id': 'default', 'domain_name': 'Default', 'username': 'tempest-ServersAdminTestJSON-1835303409-project-member', 'project_domain_id': 'default', 'project_domain_name': 'Default', 'project_id': '7e34e136eb814fe49d26e5ce398ea3b2', 'project_name': 'tempest-ServersAdminTestJSON-1835303409', 'tenant_id': '7e34e136eb814fe49d26e5ce398ea3b2', 'tenant_name': 'tempest-ServersAdminTestJSON-1835303409', 'user_domain_id': 'default', 'user_domain_name': 'Default', 'user_id': '7d364b9067a64d78abad19418187fb48', 'system': None}, Network: {'id': '5f4a0fea-2e10-419f-9874-ed910c812571', 'name': 'tempest-ServersAdminTestJSON-4031432-network', 'tenant_id': '7e34e136eb814fe49d26e5ce398ea3b2', 'admin_state_up': True, 'mtu': 8950, 'status': 'ACTIVE', 'subnets': [], 'shared': False, 'project_id': '7e34e136eb814fe49d26e5ce398ea3b2', 'port_security_enabled': True, 'router:external': False, 'provider:network_type': 'vlan', 'provider:physical_network': 'default', 'provider:segmentation_id': 72, 'availability_zone_hints': [], 'availability_zones': [], 'ipv4_address_scope': None, 'ipv6_address_scope': None, 'description': '', 'tags': [], 'created_at': '2024-10-30T07:58:51Z', 'updated_at': '2024-10-30T07:58:51Z', 'revision_number': 1}, Subnet: {'id': '9325a43b-a327-40cf-b782-c156895f1238', 'name': 'tempest-ServersAdminTestJSON-4031432-subnet', 'tenant_id': '7e34e136eb814fe49d26e5ce398ea3b2', 'network_id': '5f4a0fea-2e10-419f-9874-ed910c812571', 'ip_version': 4, 'subnetpool_id': None, 'enable_dhcp': True, 'ipv6_ra_mode': None, 'ipv6_address_mode': None, 'gateway_ip': '192.168.128.1', 'cidr': '192.168.128.0/28', 'allocation_pools': [{'start': '192.168.128.2', 'end': '192.168.128.14'}], 'host_routes': [], 'dns_nameservers': [], 'description': '', 'router:external': False, 'service_types': [], 'tags': [], 'created_at': '2024-10-30T07:58:51Z', 'updated_at': '2024-10-30T07:58:51Z', 'revision_number': 0, 'project_id': '7e34e136eb814fe49d26e5ce398ea3b2'}, Router: {'id': 'd76c6df2-e381-4559-84e8-120271f52063', 'name': 'tempest-ServersAdminTestJSON-4031432-router', 'tenant_id': '7e34e136eb814fe49d26e5ce398ea3b2', 'admin_state_up': True, 'status': 'ACTIVE', 'external_gateway_info': {'network_id': 'b6756295-7b8c-4a8d-8e32-a884d3c5a03c', 'external_fixed_ips': [{'subnet_id': 'd1439423-e5a5-4d47-9b8a-b6c473df81b1', 'ip_address': '10.180.180.228'}], 'enable_snat': True}, 'description': '', 'availability_zones': [], 'distributed': False, 'ha': False, 'availability_zone_hints': [], 'routes': [], 'flavor_id': None, 'tags': [], 'created_at': '2024-10-30T07:58:52Z', 'updated_at': '2024-10-30T07:58:54Z', 'revision_number': 2, 'project_id': '7e34e136eb814fe49d26e5ce398ea3b2'}
2024-10-30 07:59:04.213 63676 INFO tempest.lib.common.rest_client [req-2108d8ee-34f1-4b7c-b902-9869778302a9 req-2108d8ee-34f1-4b7c-b902-9869778302a9 ] Request (ServersTestBootFromVolume:setUpClass): 201 POST http://10.180.1.21:9696/networking/v2.0/networks 1.123s
2024-10-30 07:59:04.314 63729 INFO tempest.lib.common.rest_client [req-b9d98d0b-733a-4d25-bedc-bbb2579a88e8 req-b9d98d0b-733a-4d25-bedc-bbb2579a88e8 ] Request (NetworksTest:setUpClass): 201 POST http://10.180.1.21/identity/v3/auth/tokens 0.166s
2024-10-30 07:59:04.340 63710 INFO tempest.lib.common.rest_client [req-c05ab70c-7d0c-4b57-9ce8-1760f1fe3b61 req-c05ab70c-7d0c-4b57-9ce8-1760f1fe3b61 ] Request (ImagesTestJSON:setUpClass): 201 POST http://10.180.1.21:9696/networking/v2.0/networks 1.196s
2024-10-30 07:59:04.368 63674 INFO tempest.lib.common.rest_client [req-68b1bab6-2d3a-4e8f-bdf9-54ae981e277c req-68b1bab6-2d3a-4e8f-bdf9-54ae981e277c ] Request (TenantUsagesNegativeTestJSON:setUpClass): 201 POST http://10.180.1.21/identity/v3/users 0.198s
2024-10-30 07:59:04.388 63716 INFO tempest.lib.common.rest_client [req-77628080-0b00-4856-975e-aee5289b33a7 req-77628080-0b00-4856-975e-aee5289b33a7 ] Request (AggregatesAdminNegativeTestJSON:tearDownClass): 204 DELETE http://10.180.1.21:9696/networking/v2.0/security-groups/74e3beb2-a776-4cb0-b69e-46a9fd522295 0.368s
2024-10-30 07:59:04.411 63708 INFO tempest.lib.common.rest_client [req-ff835354-9c10-422d-a960-8861ca917dfd req-ff835354-9c10-422d-a960-8861ca917dfd ] Request (FlavorsAccessNegativeTestJSON:tearDownClass): 204 DELETE http://10.180.1.21/identity/v3/projects/dae379e795e04b97ab37d27c0f040a0d 0.320s
2024-10-30 07:59:04.412 63708 INFO tempest.lib.common.dynamic_creds [-] Deleting project and security group for project: 367855d09f6c4b96be950113e9d8d07e
2024-10-30 07:59:04.486 63678 INFO tempest.lib.common.rest_client [req-55e64cbf-dc27-49f7-8c46-46cc08b6052b req-55e64cbf-dc27-49f7-8c46-46cc08b6052b ] Request (ServersAdminTestJSON:setUpClass): 201 POST http://10.180.1.21/identity/v3/auth/tokens 0.303s
2024-10-30 07:59:04.504 63672 INFO tempest.lib.common.rest_client [req-8cea8750-c01a-4fdf-a1d4-da7f7e8a3a3e req-8cea8750-c01a-4fdf-a1d4-da7f7e8a3a3e ] Request (ServerActionsV293TestJSON:setUpClass): 200 GET http://10.180.1.21/volume/v3/volumes/de721c70-54b6-44ec-b051-5a83702057cb 0.037s
2024-10-30 07:59:04.529 63714 INFO tempest.lib.common.rest_client [req-da0aab6a-0b33-493e-a28a-c1493bc9bd58 req-da0aab6a-0b33-493e-a28a-c1493bc9bd58 ] Request (FloatingIPsAssociationTestJSON:tearDownClass): 204 DELETE http://10.180.1.21:9696/networking/v2.0/security-groups/ef9851ed-6026-4f60-aa66-7267f472e8f7 0.635s
2024-10-30 07:59:04.549 63674 INFO tempest.lib.common.rest_client [req-80956ea5-ad0b-444c-b587-bb8833f4eb14 req-80956ea5-ad0b-444c-b587-bb8833f4eb14 ] Request (TenantUsagesNegativeTestJSON:setUpClass): 200 GET http://10.180.1.21/identity/v3/roles 0.180s
2024-10-30 07:59:04.594 63696 INFO tempest.lib.common.rest_client [req-a064a35d-2756-4e98-b190-2569fbf1facc req-a064a35d-2756-4e98-b190-2569fbf1facc ] Request (QuotasAdminTestV236:test_get_updated_quotas): 200 PUT http://10.180.1.21/compute/v2.1/os-quota-sets/264ea15971f3465bb8e8f9dde81911b8?user_id=fad636551a754ac19c1280a2deb2cd8f 2.118s
2024-10-30 07:59:04.650 63678 INFO tempest.lib.common.rest_client [req-eb5af8d0-b108-4de7-b16d-03a6111035c7 req-eb5af8d0-b108-4de7-b16d-03a6111035c7 ] Request (ServersAdminTestJSON:setUpClass): 201 POST http://10.180.1.21/identity/v3/projects 0.164s
2024-10-30 07:59:04.687 63716 INFO tempest.lib.common.rest_client [req-534a324f-fc53-4374-986c-b2e8439affda req-534a324f-fc53-4374-986c-b2e8439affda ] Request (AggregatesAdminNegativeTestJSON:tearDownClass): 204 DELETE http://10.180.1.21/identity/v3/projects/fd868f39348a4d0fa544313b6b011086 0.298s
2024-10-30 07:59:04.687 63716 INFO tempest.lib.common.dynamic_creds [-] Deleting project and security group for project: 23b2cbeaa5dc420aa1578ef3d621265a
2024-10-30 07:59:04.760 63684 INFO tempest.lib.common.rest_client [req-120d63fe-5b7c-45c2-99af-894c8f04c19d req-120d63fe-5b7c-45c2-99af-894c8f04c19d ] Request (MigrationsAdminTest:test_resize_server_revert_deleted_flavor): 200 GET http://10.180.1.21/compute/v2.1/servers/9eb1905c-7577-40db-a9a5-f96bee2768f5 2.242s
2024-10-30 07:59:04.773 63680 INFO tempest.lib.common.rest_client [req-d7575d1e-d34e-463a-8623-a93f92df44bf req-d7575d1e-d34e-463a-8623-a93f92df44bf ] Request (ServerDiskConfigTestJSON:setUpClass): 201 POST http://10.180.1.21:9696/networking/v2.0/subnets 1.735s
2024-10-30 07:59:05.079 63714 INFO tempest.lib.common.rest_client [req-5ff2975b-990f-4c1c-9b88-7a06b7e71254 req-5ff2975b-990f-4c1c-9b88-7a06b7e71254 ] Request (FloatingIPsAssociationTestJSON:tearDownClass): 204 DELETE http://10.180.1.21/identity/v3/projects/05713ab77fdf4059b82167f468d2fd12 0.549s
2024-10-30 07:59:05.102 63674 INFO tempest.lib.common.rest_client [req-1852e847-3e66-457f-9e81-909243da88f2 req-1852e847-3e66-457f-9e81-909243da88f2 ] Request (TenantUsagesNegativeTestJSON:setUpClass): 204 PUT http://10.180.1.21/identity/v3/projects/3c6fcbcc600647bfb47060e84a334e0c/users/c63ddef30f6b44f0bcd5d345b420ccea/roles/b95c8ed3e7ce4b65a9628b6db45f5987 0.552s
2024-10-30 07:59:05.161 63678 INFO tempest.lib.common.rest_client [req-76c68dbd-d433-43fd-b46a-e2937b3e5125 req-76c68dbd-d433-43fd-b46a-e2937b3e5125 ] Request (ServersAdminTestJSON:setUpClass): 201 POST http://10.180.1.21/identity/v3/users 0.510s
2024-10-30 07:59:05.281 63714 INFO tempest.lib.common.rest_client [req-b4d28a21-ca05-472b-8fc6-3a3e9b0ee752 req-b4d28a21-ca05-472b-8fc6-3a3e9b0ee752 ] Request (ServersAaction247Test:setUpClass): 201 POST http://10.180.1.21/identity/v3/auth/tokens 0.193s
2024-10-30 07:59:05.305 63674 INFO tempest.lib.common.rest_client [req-f3288a13-375a-48ff-bf46-2eb8f3c83386 req-f3288a13-375a-48ff-bf46-2eb8f3c83386 ] Request (TenantUsagesNegativeTestJSON:setUpClass): 200 GET http://10.180.1.21/identity/v3/roles 0.174s
2024-10-30 07:59:05.319 63708 INFO tempest.lib.common.rest_client [req-4c47da4d-81d7-46f3-998a-4b705f43ec93 req-4c47da4d-81d7-46f3-998a-4b705f43ec93 ] Request (FlavorsAccessNegativeTestJSON:tearDownClass): 200 GET http://10.180.1.21:9696/networking/v2.0/security-groups?tenant_id=367855d09f6c4b96be950113e9d8d07e&name=default 0.906s
2024-10-30 07:59:05.324 63678 INFO tempest.lib.common.rest_client [req-697a28cb-d3e7-4a81-9288-42aa9119e40f req-697a28cb-d3e7-4a81-9288-42aa9119e40f ] Request (ServersAdminTestJSON:setUpClass): 200 GET http://10.180.1.21/identity/v3/roles 0.156s
2024-10-30 07:59:05.421 63714 INFO tempest.lib.common.rest_client [req-918f813b-ced5-4e9e-a9d9-5531cfe35168 req-918f813b-ced5-4e9e-a9d9-5531cfe35168 ] Request (ServersAaction247Test:setUpClass): 201 POST http://10.180.1.21/identity/v3/auth/tokens 0.136s
2024-10-30 07:59:05.422 63722 INFO tempest.lib.common.rest_client [req-aa645e4d-0fee-4f8c-80f2-f8abdaba72d4 req-aa645e4d-0fee-4f8c-80f2-f8abdaba72d4 ] Request (ServersTestJSON:tearDownClass): 200 PUT http://10.180.1.21:9696/networking/v2.0/routers/1a779083-f3eb-41a0-b477-4a79f80be2f3/remove_router_interface 6.563s
2024-10-30 07:59:05.434 63674 INFO tempest.lib.common.rest_client [req-de91d8f9-008c-450b-831c-a2986891294a req-de91d8f9-008c-450b-831c-a2986891294a ] Request (TenantUsagesNegativeTestJSON:setUpClass): 204 PUT http://10.180.1.21/identity/v3/projects/3c6fcbcc600647bfb47060e84a334e0c/users/c63ddef30f6b44f0bcd5d345b420ccea/roles/b95c8ed3e7ce4b65a9628b6db45f5987 0.128s
2024-10-30 07:59:05.434 63674 INFO tempest.lib.common.dynamic_creds [-] Dynamic test user c63ddef30f6b44f0bcd5d345b420ccea is created with scope project and roles: ['admin']
2024-10-30 07:59:05.434 63674 INFO tempest.lib.common.dynamic_creds [-] Acquired dynamic creds: credentials: Credentials: {'domain_id': 'default', 'domain_name': 'Default', 'username': 'tempest-TenantUsagesNegativeTestJSON-1124505966-project-admin', 'project_domain_id': 'default', 'project_domain_name': 'Default', 'project_id': '3c6fcbcc600647bfb47060e84a334e0c', 'project_name': 'tempest-TenantUsagesNegativeTestJSON-1124505966', 'tenant_id': '3c6fcbcc600647bfb47060e84a334e0c', 'tenant_name': 'tempest-TenantUsagesNegativeTestJSON-1124505966', 'user_domain_id': 'default', 'user_domain_name': 'Default', 'user_id': 'c63ddef30f6b44f0bcd5d345b420ccea', 'system': None}, Network: None, Subnet: None, Router: None
2024-10-30 07:59:05.434 63674 INFO tempest.lib.common.dynamic_creds [-] Created isolated network resources for: credentials: Credentials: {'domain_id': 'default', 'domain_name': 'Default', 'username': 'tempest-TenantUsagesNegativeTestJSON-1124505966-project-admin', 'project_domain_id': 'default', 'project_domain_name': 'Default', 'project_id': '3c6fcbcc600647bfb47060e84a334e0c', 'project_name': 'tempest-TenantUsagesNegativeTestJSON-1124505966', 'tenant_id': '3c6fcbcc600647bfb47060e84a334e0c', 'tenant_name': 'tempest-TenantUsagesNegativeTestJSON-1124505966', 'user_domain_id': 'default', 'user_domain_name': 'Default', 'user_id': 'c63ddef30f6b44f0bcd5d345b420ccea', 'system': None}, Network: None, Subnet: None, Router: None
2024-10-30 07:59:05.448 63712 INFO tempest.lib.common.rest_client [req-c38708b8-c95f-4fa4-b14b-231d4fd876d1 req-c38708b8-c95f-4fa4-b14b-231d4fd876d1 ] Request (AZV2TestJSON:test_get_availability_zone_list_with_non_admin_user): 200 GET http://10.180.1.21/compute/v2.1/os-availability-zone 2.021s
2024-10-30 07:59:05.463 63726 INFO tempest.lib.common.rest_client [req-0581e7b4-35fe-424d-ac3e-c4c2bbef3b0a req-0581e7b4-35fe-424d-ac3e-c4c2bbef3b0a ] Request (ServersTestMultiNic:tearDownClass): 200 PUT http://10.180.1.21:9696/networking/v2.0/routers/b6c5173c-108d-4449-ab3c-401dd29b835e/remove_router_interface 3.252s
2024-10-30 07:59:05.470 63678 INFO tempest.lib.common.rest_client [req-9bb1bae4-2ec2-482a-9aeb-c7bfb02a4da4 req-9bb1bae4-2ec2-482a-9aeb-c7bfb02a4da4 ] Request (ServersAdminTestJSON:setUpClass): 204 PUT http://10.180.1.21/identity/v3/projects/519526be70c04c8aaa4d863c0fee1122/users/f6c928d387a14f4c8bdb2956f7164ff3/roles/b95c8ed3e7ce4b65a9628b6db45f5987 0.145s
2024-10-30 07:59:05.476 63682 INFO tempest.lib.common.rest_client [req-8e5584f0-985a-4a28-acd2-3adfe3c7d8af req-8e5584f0-985a-4a28-acd2-3adfe3c7d8af ] Request (ServersNegativeTestJSON:tearDownClass): 200 PUT http://10.180.1.21:9696/networking/v2.0/routers/bc07dcee-0297-4768-aeea-197408984770/remove_router_interface 6.846s
2024-10-30 07:59:05.557 63732 INFO tempest.lib.common.rest_client [req-502914f9-f2e2-41bc-b7be-7c51ba76eff6 req-502914f9-f2e2-41bc-b7be-7c51ba76eff6 ] Request (VolumesAssistedSnapshotsTest:tearDownClass): 204 DELETE http://10.180.1.21:9696/networking/v2.0/networks/bc7fe929-9f47-4842-bd8e-36409c088547 1.769s
2024-10-30 07:59:05.564 63714 INFO tempest.lib.common.rest_client [req-0f9e1684-70e5-41c1-b6bc-94d4f8ab7d46 req-0f9e1684-70e5-41c1-b6bc-94d4f8ab7d46 ] Request (ServersAaction247Test:setUpClass): 200 GET http://10.180.1.21/identity/v3/domains?name=Default 0.143s
2024-10-30 07:59:05.577 63674 INFO tempest.lib.common.rest_client [req-2a42d26d-214d-4c43-b4df-7b9ff75b999b req-2a42d26d-214d-4c43-b4df-7b9ff75b999b ] Request (TenantUsagesNegativeTestJSON:setUpClass): 201 POST http://10.180.1.21/identity/v3/auth/tokens 0.137s
2024-10-30 07:59:05.596 63672 INFO tempest.lib.common.rest_client [req-aba20b60-7f4b-43ba-a5f4-dd4623b3eb0e req-aba20b60-7f4b-43ba-a5f4-dd4623b3eb0e ] Request (ServerActionsV293TestJSON:setUpClass): 200 GET http://10.180.1.21/volume/v3/volumes/de721c70-54b6-44ec-b051-5a83702057cb 0.070s
2024-10-30 07:59:05.620 63676 INFO tempest.lib.common.rest_client [req-6e33d28d-9e3e-4cad-bc8a-4945bb3c508f req-6e33d28d-9e3e-4cad-bc8a-4945bb3c508f ] Request (ServersTestBootFromVolume:setUpClass): 201 POST http://10.180.1.21:9696/networking/v2.0/subnets 1.406s
2024-10-30 07:59:05.654 63712 INFO tempest.lib.common.rest_client [req-99509d3f-259d-4e1f-9ff4-8eb34b511796 req-99509d3f-259d-4e1f-9ff4-8eb34b511796 ] Request (AZV2TestJSON:tearDownClass): 204 DELETE http://10.180.1.21/identity/v3/users/339597bef5664d948ad1d64fe3bcae8c 0.199s
2024-10-30 07:59:05.655 63712 INFO tempest.lib.common.dynamic_creds [-] Deleting project and security group for project: 9ec53690b1af4cd69c0036b2b1336dc7
2024-10-30 07:59:05.676 63716 INFO tempest.lib.common.rest_client [req-08a379e3-da95-4cb9-b203-ae81d9e5d6d6 req-08a379e3-da95-4cb9-b203-ae81d9e5d6d6 ] Request (AggregatesAdminNegativeTestJSON:tearDownClass): 200 GET http://10.180.1.21:9696/networking/v2.0/security-groups?tenant_id=23b2cbeaa5dc420aa1578ef3d621265a&name=default 0.989s
2024-10-30 07:59:05.740 63678 INFO tempest.lib.common.rest_client [req-5eff48f2-32f3-4fdd-bad6-0c1204f12a91 req-5eff48f2-32f3-4fdd-bad6-0c1204f12a91 ] Request (ServersAdminTestJSON:setUpClass): 200 GET http://10.180.1.21/identity/v3/roles 0.269s
2024-10-30 07:59:05.783 63712 INFO tempest.lib.common.rest_client [req-c3bdc7ee-0854-42f9-af77-fbbae5f894b1 req-c3bdc7ee-0854-42f9-af77-fbbae5f894b1 ] Request (AZV2TestJSON:tearDownClass): 201 POST http://10.180.1.21/identity/v3/auth/tokens 0.127s
2024-10-30 07:59:05.809 63678 INFO tempest.lib.common.rest_client [req-048c0e88-6b96-45be-b024-65855b861f20 req-048c0e88-6b96-45be-b024-65855b861f20 ] Request (ServersAdminTestJSON:setUpClass): 204 PUT http://10.180.1.21/identity/v3/projects/519526be70c04c8aaa4d863c0fee1122/users/f6c928d387a14f4c8bdb2956f7164ff3/roles/b95c8ed3e7ce4b65a9628b6db45f5987 0.069s
2024-10-30 07:59:05.809 63678 INFO tempest.lib.common.dynamic_creds [-] Dynamic test user f6c928d387a14f4c8bdb2956f7164ff3 is created with scope project and roles: ['admin']
2024-10-30 07:59:05.810 63678 INFO tempest.lib.common.dynamic_creds [-] Acquired dynamic creds: credentials: Credentials: {'domain_id': 'default', 'domain_name': 'Default', 'username': 'tempest-ServersAdminTestJSON-2004600419-project-admin', 'project_domain_id': 'default', 'project_domain_name': 'Default', 'project_id': '519526be70c04c8aaa4d863c0fee1122', 'project_name': 'tempest-ServersAdminTestJSON-2004600419', 'tenant_id': '519526be70c04c8aaa4d863c0fee1122', 'tenant_name': 'tempest-ServersAdminTestJSON-2004600419', 'user_domain_id': 'default', 'user_domain_name': 'Default', 'user_id': 'f6c928d387a14f4c8bdb2956f7164ff3', 'system': None}, Network: None, Subnet: None, Router: None
2024-10-30 07:59:05.831 63688 INFO tempest.lib.common.rest_client [req-d0942fc0-e326-492a-95d5-662ea092a8f3 req-d0942fc0-e326-492a-95d5-662ea092a8f3 ] Request (ImagesMetadataTestJSON:setUpClass): 204 PUT http://10.180.1.21/image/v2/images/aa32c44e-a20b-4f04-8ecd-c50b08bd6a50/file 1.951s
2024-10-30 07:59:05.836 63714 INFO tempest.lib.common.rest_client [req-0437eb91-8731-4da8-95b5-deacb60bafe6 req-0437eb91-8731-4da8-95b5-deacb60bafe6 ] Request (ServersAaction247Test:setUpClass): 201 POST http://10.180.1.21/identity/v3/projects 0.271s
2024-10-30 07:59:05.857 63692 INFO tempest.lib.common.rest_client [req-963b38dc-fa28-4ab4-8583-caa1b243d177 req-963b38dc-fa28-4ab4-8583-caa1b243d177 ] Request (DeleteServersTestJSON:setUpClass): 201 POST http://10.180.1.21:9696/networking/v2.0/networks 1.904s
2024-10-30 07:59:05.877 63710 INFO tempest.lib.common.rest_client [req-b466cb48-e962-4fac-b91d-e1a947cc92f5 req-b466cb48-e962-4fac-b91d-e1a947cc92f5 ] Request (ImagesTestJSON:setUpClass): 201 POST http://10.180.1.21:9696/networking/v2.0/subnets 1.536s
2024-10-30 07:59:05.925 63714 INFO tempest.lib.common.rest_client [req-9e7c65c0-ea62-4d38-afe4-ee437e4e2f72 req-9e7c65c0-ea62-4d38-afe4-ee437e4e2f72 ] Request (ServersAaction247Test:setUpClass): 201 POST http://10.180.1.21/identity/v3/users 0.089s
2024-10-30 07:59:05.942 63718 INFO tempest.lib.common.rest_client [req-a6e5fbcd-0167-48c5-9e92-fea6b36406f7 req-a6e5fbcd-0167-48c5-9e92-fea6b36406f7 ] Request (VolumesSnapshotsTestJSON:test_volume_snapshot_create_get_list_delete): 200 POST http://10.180.1.21/compute/v2.1/os-volumes 2.346s
2024-10-30 07:59:05.962 63714 INFO tempest.lib.common.rest_client [req-c229f457-cc57-4ef7-9200-e634542c01ca req-c229f457-cc57-4ef7-9200-e634542c01ca ] Request (ServersAaction247Test:setUpClass): 200 GET http://10.180.1.21/identity/v3/roles 0.036s
2024-10-30 07:59:06.002 63714 INFO tempest.lib.common.rest_client [req-69379831-da41-4f90-bc18-54f9692eb802 req-69379831-da41-4f90-bc18-54f9692eb802 ] Request (ServersAaction247Test:setUpClass): 204 PUT http://10.180.1.21/identity/v3/projects/7180f01d83744e01a60838dfb5079940/users/65f48ef88ec94c27a17ee13a9c04a133/roles/7c8692863e784fa79020b80aac2c0f9e 0.040s
2024-10-30 07:59:06.002 63714 INFO tempest.lib.common.dynamic_creds [-] Dynamic test user 65f48ef88ec94c27a17ee13a9c04a133 is created with scope project and roles: ['member']
2024-10-30 07:59:06.003 63714 INFO tempest.lib.common.dynamic_creds [-] Acquired dynamic creds: credentials: Credentials: {'domain_id': 'default', 'domain_name': 'Default', 'username': 'tempest-ServersAaction247Test-315819380-project-member', 'project_domain_id': 'default', 'project_domain_name': 'Default', 'project_id': '7180f01d83744e01a60838dfb5079940', 'project_name': 'tempest-ServersAaction247Test-315819380', 'tenant_id': '7180f01d83744e01a60838dfb5079940', 'tenant_name': 'tempest-ServersAaction247Test-315819380', 'user_domain_id': 'default', 'user_domain_name': 'Default', 'user_id': '65f48ef88ec94c27a17ee13a9c04a133', 'system': None}, Network: None, Subnet: None, Router: None
2024-10-30 07:59:06.003 63714 INFO tempest.lib.common.dynamic_creds [-] Created isolated network resources for: credentials: Credentials: {'domain_id': 'default', 'domain_name': 'Default', 'username': 'tempest-ServersAaction247Test-315819380-project-member', 'project_domain_id': 'default', 'project_domain_name': 'Default', 'project_id': '7180f01d83744e01a60838dfb5079940', 'project_name': 'tempest-ServersAaction247Test-315819380', 'tenant_id': '7180f01d83744e01a60838dfb5079940', 'tenant_name': 'tempest-ServersAaction247Test-315819380', 'user_domain_id': 'default', 'user_domain_name': 'Default', 'user_id': '65f48ef88ec94c27a17ee13a9c04a133', 'system': None}, Network: None, Subnet: None, Router: None
2024-10-30 07:59:06.025 63708 INFO tempest.lib.common.rest_client [req-a7f83a7e-3d28-400c-bb30-c9b29d441863 req-a7f83a7e-3d28-400c-bb30-c9b29d441863 ] Request (FlavorsAccessNegativeTestJSON:tearDownClass): 204 DELETE http://10.180.1.21:9696/networking/v2.0/security-groups/3ffe0a74-9073-434f-a7cb-1f5a3af6a8bc 0.705s
2024-10-30 07:59:06.100 63706 INFO tempest.lib.common.rest_client [req-38465ae8-e6ec-49cf-b961-9ef4d53e8f37 req-38465ae8-e6ec-49cf-b961-9ef4d53e8f37 ] Request (ServersTestManualDisk:setUpClass): 202 POST http://10.180.1.21/compute/v2.1/servers 3.936s
2024-10-30 07:59:06.125 63690 INFO tempest.lib.common.rest_client [req-8152ef65-ed35-4215-a0d9-db42010c9645 req-8152ef65-ed35-4215-a0d9-db42010c9645 ] Request (FlavorsV2TestJSON:test_list_flavors_filter_by_min_disk): 200 GET http://10.180.1.21/compute/v2.1/flavors?minDisk=2 2.351s
2024-10-30 07:59:06.146 63694 INFO tempest.lib.common.rest_client [req-6bee8aaf-4eb2-47b1-8652-e8fd7f10a4bd req-6bee8aaf-4eb2-47b1-8652-e8fd7f10a4bd ] Request (ServersWithSpecificFlavorTestJSON:_run_cleanups): 200 GET http://10.180.1.21/compute/v2.1/flavors/detail 2.346s
2024-10-30 07:59:06.154 63714 INFO tempest.lib.common.rest_client [req-92bcdd62-b2d9-4ac6-b51e-7539064790fc req-92bcdd62-b2d9-4ac6-b51e-7539064790fc ] Request (ServersAaction247Test:setUpClass): 201 POST http://10.180.1.21/identity/v3/auth/tokens 0.141s
2024-10-30 07:59:06.180 63704 INFO tempest.lib.common.rest_client [req-f3acb5d6-3d3a-467f-97ba-de70cfd734b1 req-f3acb5d6-3d3a-467f-97ba-de70cfd734b1 ] Request (KeyPairsV22TestJSON:test_keypairs_create_list_delete): 201 POST http://10.180.1.21/compute/v2.1/os-keypairs 2.334s
2024-10-30 07:59:06.223 63686 INFO tempest.lib.common.rest_client [req-0664bb87-1a9e-47ba-b874-4ac184339bca req-0664bb87-1a9e-47ba-b874-4ac184339bca ] Request (VolumesTestJSON:test_volume_list_param_offset_and_limit): 200 GET http://10.180.1.21/compute/v2.1/os-volumes 2.300s
2024-10-30 07:59:06.238 63708 INFO tempest.lib.common.rest_client [req-9641e18d-77ad-48f5-bcfd-9976aa4a83ef req-9641e18d-77ad-48f5-bcfd-9976aa4a83ef ] Request (FlavorsAccessNegativeTestJSON:tearDownClass): 204 DELETE http://10.180.1.21/identity/v3/projects/367855d09f6c4b96be950113e9d8d07e 0.212s
2024-10-30 07:59:06.286 63714 INFO tempest.lib.common.rest_client [req-6b073f49-5433-42eb-854e-6b5623f1bdc8 req-6b073f49-5433-42eb-854e-6b5623f1bdc8 ] Request (ServersAaction247Test:test_create_backup): 201 POST http://10.180.1.21/identity/v3/auth/tokens 0.124s
2024-10-30 07:59:06.286 63714 INFO tempest.lib.common.fixed_network [-] (ServersAaction247Test:test_create_backup) Found network None available for tenant
2024-10-30 07:59:06.316 63708 INFO tempest.lib.common.rest_client [req-ab9a72d7-ef15-42c8-b768-a4340d8069e8 req-ab9a72d7-ef15-42c8-b768-a4340d8069e8 ] Request (FlavorsExtraSpecsNegativeTestJSON:setUpClass): 201 POST http://10.180.1.21/identity/v3/auth/tokens 0.076s
2024-10-30 07:59:06.350 63708 INFO tempest.lib.common.rest_client [req-88d1ecae-6987-4824-8dee-1e20b0348f73 req-88d1ecae-6987-4824-8dee-1e20b0348f73 ] Request (FlavorsExtraSpecsNegativeTestJSON:setUpClass): 201 POST http://10.180.1.21/identity/v3/auth/tokens 0.031s
2024-10-30 07:59:06.374 63708 INFO tempest.lib.common.rest_client [req-eaf13640-429d-4b23-a04c-7c903c198dd8 req-eaf13640-429d-4b23-a04c-7c903c198dd8 ] Request (FlavorsExtraSpecsNegativeTestJSON:setUpClass): 200 GET http://10.180.1.21/identity/v3/domains?name=Default 0.024s
2024-10-30 07:59:06.410 63708 INFO tempest.lib.common.rest_client [req-5acfa6cd-6107-4e1d-a42c-7ce7483ce689 req-5acfa6cd-6107-4e1d-a42c-7ce7483ce689 ] Request (FlavorsExtraSpecsNegativeTestJSON:setUpClass): 201 POST http://10.180.1.21/identity/v3/projects 0.035s
2024-10-30 07:59:06.437 63724 INFO tempest.lib.common.rest_client [req-950e9d66-b166-423a-83be-04e3a2d0b851 req-950e9d66-b166-423a-83be-04e3a2d0b851 ] Request (ServersTestJSON:test_create_specify_keypair): 200 GET http://10.180.1.21/compute/v2.1/servers/0e9e2801-3bae-452e-b190-318012e38df4 2.320s
2024-10-30 07:59:06.477 63708 INFO tempest.lib.common.rest_client [req-c8dec833-9304-492f-ac09-92c3bbf118f7 req-c8dec833-9304-492f-ac09-92c3bbf118f7 ] Request (FlavorsExtraSpecsNegativeTestJSON:setUpClass): 201 POST http://10.180.1.21/identity/v3/users 0.067s
2024-10-30 07:59:06.496 63708 INFO tempest.lib.common.rest_client [req-e51fac3f-dc7f-4c25-a435-b31970097f25 req-e51fac3f-dc7f-4c25-a435-b31970097f25 ] Request (FlavorsExtraSpecsNegativeTestJSON:setUpClass): 200 GET http://10.180.1.21/identity/v3/roles 0.018s
2024-10-30 07:59:06.525 63708 INFO tempest.lib.common.rest_client [req-1586a091-f3e3-47c8-829d-2a5673f2bc39 req-1586a091-f3e3-47c8-829d-2a5673f2bc39 ] Request (FlavorsExtraSpecsNegativeTestJSON:setUpClass): 204 PUT http://10.180.1.21/identity/v3/projects/1d1e54da456f44e19c16c6d24b5b9ae3/users/e661f7c256fb4530af391075b99ab58b/roles/7c8692863e784fa79020b80aac2c0f9e 0.029s
2024-10-30 07:59:06.526 63708 INFO tempest.lib.common.dynamic_creds [-] Dynamic test user e661f7c256fb4530af391075b99ab58b is created with scope project and roles: ['member']
2024-10-30 07:59:06.526 63708 INFO tempest.lib.common.dynamic_creds [-] Acquired dynamic creds: credentials: Credentials: {'domain_id': 'default', 'domain_name': 'Default', 'username': 'tempest-FlavorsExtraSpecsNegativeTestJSON-1363895693-project-member', 'project_domain_id': 'default', 'project_domain_name': 'Default', 'project_id': '1d1e54da456f44e19c16c6d24b5b9ae3', 'project_name': 'tempest-FlavorsExtraSpecsNegativeTestJSON-1363895693', 'tenant_id': '1d1e54da456f44e19c16c6d24b5b9ae3', 'tenant_name': 'tempest-FlavorsExtraSpecsNegativeTestJSON-1363895693', 'user_domain_id': 'default', 'user_domain_name': 'Default', 'user_id': 'e661f7c256fb4530af391075b99ab58b', 'system': None}, Network: None, Subnet: None, Router: None
2024-10-30 07:59:06.526 63708 INFO tempest.lib.common.dynamic_creds [-] Created isolated network resources for: credentials: Credentials: {'domain_id': 'default', 'domain_name': 'Default', 'username': 'tempest-FlavorsExtraSpecsNegativeTestJSON-1363895693-project-member', 'project_domain_id': 'default', 'project_domain_name': 'Default', 'project_id': '1d1e54da456f44e19c16c6d24b5b9ae3', 'project_name': 'tempest-FlavorsExtraSpecsNegativeTestJSON-1363895693', 'tenant_id': '1d1e54da456f44e19c16c6d24b5b9ae3', 'tenant_name': 'tempest-FlavorsExtraSpecsNegativeTestJSON-1363895693', 'user_domain_id': 'default', 'user_domain_name': 'Default', 'user_id': 'e661f7c256fb4530af391075b99ab58b', 'system': None}, Network: None, Subnet: None, Router: None
2024-10-30 07:59:06.586 63720 INFO tempest.lib.common.rest_client [req-d5885937-5758-440f-809f-b39c90316857 req-d5885937-5758-440f-809f-b39c90316857 ] Request (MultipleCreateTestJSON:setUpClass): 200 PUT http://10.180.1.21:9696/networking/v2.0/routers/8781f5c3-13ee-47fc-8706-2dd538e1580e/add_router_interface 8.310s
2024-10-30 07:59:06.587 63720 INFO tempest.lib.common.dynamic_creds [-] Created isolated network resources for: credentials: Credentials: {'domain_id': 'default', 'domain_name': 'Default', 'username': 'tempest-MultipleCreateTestJSON-999590887-project-member', 'project_domain_id': 'default', 'project_domain_name': 'Default', 'project_id': 'e19b8decabcc4ec58339b729c5ef0c5b', 'project_name': 'tempest-MultipleCreateTestJSON-999590887', 'tenant_id': 'e19b8decabcc4ec58339b729c5ef0c5b', 'tenant_name': 'tempest-MultipleCreateTestJSON-999590887', 'user_domain_id': 'default', 'user_domain_name': 'Default', 'user_id': '0d384b32376e4cf1a5a7d55a48adea04', 'system': None}, Network: {'id': '89f692f5-e297-4f5a-a8f3-5e64351c0e55', 'name': 'tempest-MultipleCreateTestJSON-1694291964-network', 'tenant_id': 'e19b8decabcc4ec58339b729c5ef0c5b', 'admin_state_up': True, 'mtu': 8950, 'status': 'ACTIVE', 'subnets': [], 'shared': False, 'project_id': 'e19b8decabcc4ec58339b729c5ef0c5b', 'port_security_enabled': True, 'router:external': False, 'provider:network_type': 'vlan', 'provider:physical_network': 'default', 'provider:segmentation_id': 821, 'availability_zone_hints': [], 'availability_zones': [], 'ipv4_address_scope': None, 'ipv6_address_scope': None, 'description': '', 'tags': [], 'created_at': '2024-10-30T07:58:53Z', 'updated_at': '2024-10-30T07:58:53Z', 'revision_number': 1}, Subnet: {'id': '796444a0-7fe3-4a9c-8179-58017b416490', 'name': 'tempest-MultipleCreateTestJSON-1694291964-subnet', 'tenant_id': 'e19b8decabcc4ec58339b729c5ef0c5b', 'network_id': '89f692f5-e297-4f5a-a8f3-5e64351c0e55', 'ip_version': 4, 'subnetpool_id': None, 'enable_dhcp': True, 'ipv6_ra_mode': None, 'ipv6_address_mode': None, 'gateway_ip': '192.168.128.1', 'cidr': '192.168.128.0/28', 'allocation_pools': [{'start': '192.168.128.2', 'end': '192.168.128.14'}], 'host_routes': [], 'dns_nameservers': [], 'description': '', 'router:external': False, 'service_types': [], 'tags': [], 'created_at': '2024-10-30T07:58:53Z', 'updated_at': '2024-10-30T07:58:53Z', 'revision_number': 0, 'project_id': 'e19b8decabcc4ec58339b729c5ef0c5b'}, Router: {'id': '8781f5c3-13ee-47fc-8706-2dd538e1580e', 'name': 'tempest-MultipleCreateTestJSON-1694291964-router', 'tenant_id': 'e19b8decabcc4ec58339b729c5ef0c5b', 'admin_state_up': True, 'status': 'ACTIVE', 'external_gateway_info': {'network_id': 'b6756295-7b8c-4a8d-8e32-a884d3c5a03c', 'external_fixed_ips': [{'subnet_id': 'd1439423-e5a5-4d47-9b8a-b6c473df81b1', 'ip_address': '10.180.180.206'}], 'enable_snat': True}, 'description': '', 'availability_zones': [], 'distributed': False, 'ha': False, 'availability_zone_hints': [], 'routes': [], 'flavor_id': None, 'tags': [], 'created_at': '2024-10-30T07:58:53Z', 'updated_at': '2024-10-30T07:58:55Z', 'revision_number': 2, 'project_id': 'e19b8decabcc4ec58339b729c5ef0c5b'}
2024-10-30 07:59:06.645 63708 INFO tempest.lib.common.rest_client [req-c28531ff-dca6-4bfe-a9d4-e41b20f69a12 req-c28531ff-dca6-4bfe-a9d4-e41b20f69a12 ] Request (FlavorsExtraSpecsNegativeTestJSON:setUpClass): 201 POST http://10.180.1.21/identity/v3/auth/tokens 0.115s
2024-10-30 07:59:06.647 63672 INFO tempest.lib.common.rest_client [req-81155c55-d722-4505-9bfc-75eff2a838b9 req-81155c55-d722-4505-9bfc-75eff2a838b9 ] Request (ServerActionsV293TestJSON:setUpClass): 200 GET http://10.180.1.21/volume/v3/volumes/de721c70-54b6-44ec-b051-5a83702057cb 0.038s
2024-10-30 07:59:06.672 63716 INFO tempest.lib.common.rest_client [req-813359ee-38a3-416e-b5d8-189dbe6741e3 req-813359ee-38a3-416e-b5d8-189dbe6741e3 ] Request (AggregatesAdminNegativeTestJSON:tearDownClass): 204 DELETE http://10.180.1.21:9696/networking/v2.0/security-groups/f18d0f17-095b-4854-b5d4-1ebb7dee15c8 0.996s
2024-10-30 07:59:06.711 63720 INFO tempest.lib.common.rest_client [req-a2e6018d-b11b-4bae-a2d9-3e6f24684c69 req-a2e6018d-b11b-4bae-a2d9-3e6f24684c69 ] Request (MultipleCreateTestJSON:setUpClass): 201 POST http://10.180.1.21/identity/v3/auth/tokens 0.120s
2024-10-30 07:59:06.730 63708 INFO tempest.lib.common.rest_client [req-8b6dc0b2-f50d-4483-bf23-84e11bf25e1e req-8b6dc0b2-f50d-4483-bf23-84e11bf25e1e ] Request (FlavorsExtraSpecsNegativeTestJSON:setUpClass): 201 POST http://10.180.1.21/identity/v3/projects 0.085s
2024-10-30 07:59:06.801 63720 INFO tempest.lib.common.rest_client [req-3253203b-ee3b-4c21-be23-7f81820268ab req-3253203b-ee3b-4c21-be23-7f81820268ab ] Request (MultipleCreateTestJSON:test_multiple_create): 201 POST http://10.180.1.21/identity/v3/auth/tokens 0.084s
2024-10-30 07:59:06.803 63720 INFO tempest.lib.common.fixed_network [-] (MultipleCreateTestJSON:test_multiple_create) Found network {'id': '89f692f5-e297-4f5a-a8f3-5e64351c0e55', 'name': 'tempest-MultipleCreateTestJSON-1694291964-network', 'tenant_id': 'e19b8decabcc4ec58339b729c5ef0c5b', 'admin_state_up': True, 'mtu': 8950, 'status': 'ACTIVE', 'subnets': [], 'shared': False, 'project_id': 'e19b8decabcc4ec58339b729c5ef0c5b', 'port_security_enabled': True, 'router:external': False, 'provider:network_type': 'vlan', 'provider:physical_network': 'default', 'provider:segmentation_id': 821, 'availability_zone_hints': [], 'availability_zones': [], 'ipv4_address_scope': None, 'ipv6_address_scope': None, 'description': '', 'tags': [], 'created_at': '2024-10-30T07:58:53Z', 'updated_at': '2024-10-30T07:58:53Z', 'revision_number': 1} available for tenant
2024-10-30 07:59:06.844 63708 INFO tempest.lib.common.rest_client [req-92c58104-3d02-45fb-a72d-4579eb800bb9 req-92c58104-3d02-45fb-a72d-4579eb800bb9 ] Request (FlavorsExtraSpecsNegativeTestJSON:setUpClass): 201 POST http://10.180.1.21/identity/v3/users 0.113s
2024-10-30 07:59:06.870 63708 INFO tempest.lib.common.rest_client [req-6466ade8-531d-4a2c-859b-e8979106b6a3 req-6466ade8-531d-4a2c-859b-e8979106b6a3 ] Request (FlavorsExtraSpecsNegativeTestJSON:setUpClass): 200 GET http://10.180.1.21/identity/v3/roles 0.026s
2024-10-30 07:59:06.903 63708 INFO tempest.lib.common.rest_client [req-5e61ce42-8c78-4d4c-a6ed-0c494b142919 req-5e61ce42-8c78-4d4c-a6ed-0c494b142919 ] Request (FlavorsExtraSpecsNegativeTestJSON:setUpClass): 204 PUT http://10.180.1.21/identity/v3/projects/eefbe639c2004db39ffe5180532e62f9/users/40e52e06d5e245ff927a7ecb2b7901b0/roles/b95c8ed3e7ce4b65a9628b6db45f5987 0.032s
2024-10-30 07:59:06.964 63708 INFO tempest.lib.common.rest_client [req-300f682c-1962-4490-93ed-f4d248a01ca9 req-300f682c-1962-4490-93ed-f4d248a01ca9 ] Request (FlavorsExtraSpecsNegativeTestJSON:setUpClass): 200 GET http://10.180.1.21/identity/v3/roles 0.060s
2024-10-30 07:59:06.991 63716 INFO tempest.lib.common.rest_client [req-0a982313-ebdb-4499-a4d6-751b19cab2a5 req-0a982313-ebdb-4499-a4d6-751b19cab2a5 ] Request (AggregatesAdminNegativeTestJSON:tearDownClass): 204 DELETE http://10.180.1.21/identity/v3/projects/23b2cbeaa5dc420aa1578ef3d621265a 0.318s
2024-10-30 07:59:07.024 63708 INFO tempest.lib.common.rest_client [req-24f2adc9-48b8-47ec-97c8-0592b5e2e35d req-24f2adc9-48b8-47ec-97c8-0592b5e2e35d ] Request (FlavorsExtraSpecsNegativeTestJSON:setUpClass): 204 PUT http://10.180.1.21/identity/v3/projects/eefbe639c2004db39ffe5180532e62f9/users/40e52e06d5e245ff927a7ecb2b7901b0/roles/b95c8ed3e7ce4b65a9628b6db45f5987 0.059s
2024-10-30 07:59:07.024 63708 INFO tempest.lib.common.dynamic_creds [-] Dynamic test user 40e52e06d5e245ff927a7ecb2b7901b0 is created with scope project and roles: ['admin']
2024-10-30 07:59:07.024 63708 INFO tempest.lib.common.dynamic_creds [-] Acquired dynamic creds: credentials: Credentials: {'domain_id': 'default', 'domain_name': 'Default', 'username': 'tempest-FlavorsExtraSpecsNegativeTestJSON-1047604657-project-admin', 'project_domain_id': 'default', 'project_domain_name': 'Default', 'project_id': 'eefbe639c2004db39ffe5180532e62f9', 'project_name': 'tempest-FlavorsExtraSpecsNegativeTestJSON-1047604657', 'tenant_id': 'eefbe639c2004db39ffe5180532e62f9', 'tenant_name': 'tempest-FlavorsExtraSpecsNegativeTestJSON-1047604657', 'user_domain_id': 'default', 'user_domain_name': 'Default', 'user_id': '40e52e06d5e245ff927a7ecb2b7901b0', 'system': None}, Network: None, Subnet: None, Router: None
