2024-10-30 08:00:04.293 63674 INFO tempest.lib.common.rest_client [req-f2a836f3-d7fd-427b-ab80-e62acbf841a7 req-f2a836f3-d7fd-427b-ab80-e62acbf841a7 ] Request (ServerShowV247Test:test_show_server): 201 POST http://10.180.1.21/identity/v3/auth/tokens 0.054s
2024-10-30 08:00:04.293 63674 INFO tempest.lib.common.fixed_network [-] (ServerShowV247Test:test_show_server) Found network None available for tenant
2024-10-30 08:00:04.302 63696 INFO tempest.lib.common.rest_client [req-34047a33-a744-4ec7-945b-e8e85e4960b0 req-34047a33-a744-4ec7-945b-e8e85e4960b0 ] Request (ValidationResourcesFixture:setUp): 201 POST http://10.180.1.21:9696/networking/v2.0/security-group-rules 0.695s
2024-10-30 08:00:04.347 63710 INFO tempest.lib.common.rest_client [req-eb503168-26de-4ece-98e7-24368562bad7 req-eb503168-26de-4ece-98e7-24368562bad7 ] Request (ImagesTestJSON:test_delete_saving_image): 200 GET http://10.180.1.21/compute/v2.1/servers/029b065b-f417-4f09-8f42-fad77297f685 0.395s
2024-10-30 08:00:04.369 63678 INFO tempest.lib.common.rest_client [req-663c7f72-a8fe-44c6-9eeb-32ce718e9d22 req-663c7f72-a8fe-44c6-9eeb-32ce718e9d22 ] Request (ServersAdminTestJSON:tearDownClass): 204 DELETE http://10.180.1.21/identity/v3/users/f6c928d387a14f4c8bdb2956f7164ff3 0.099s
2024-10-30 08:00:04.370 63678 INFO tempest.lib.common.dynamic_creds [-] Deleting project and security group for project: 519526be70c04c8aaa4d863c0fee1122
2024-10-30 08:00:04.446 63690 INFO tempest.lib.common.rest_client [req-0c3423ff-33d3-48f9-ac55-dca3356a3c0d req-0c3423ff-33d3-48f9-ac55-dca3356a3c0d ] Request (FloatingIPDetailsTestJSON:tearDownClass): 200 PUT http://10.180.1.21:9696/networking/v2.0/routers/b54a8bd5-655c-4333-b54f-90ffb93baebf/remove_router_interface 3.871s
2024-10-30 08:00:04.492 63678 INFO tempest.lib.common.rest_client [req-32dd259a-e43e-4bfc-a0e7-c3085bd50619 req-32dd259a-e43e-4bfc-a0e7-c3085bd50619 ] Request (ServersAdminTestJSON:tearDownClass): 200 GET http://10.180.1.21:9696/networking/v2.0/security-groups?tenant_id=519526be70c04c8aaa4d863c0fee1122&name=default 0.121s
2024-10-30 08:00:04.520 63676 INFO tempest.lib.common.rest_client [req-4208f3d5-7cd9-42cc-80b3-e62a4fd51c6d req-4208f3d5-7cd9-42cc-80b3-e62a4fd51c6d ] Request (ServersTestBootFromVolume:tearDownClass): 204 DELETE http://10.180.1.21:9696/networking/v2.0/floatingips/c9f846cc-cd2c-4ef9-a659-0b7ca3e54a0a 1.155s
2024-10-30 08:00:04.584 63708 INFO tempest.lib.common.rest_client [req-019b7c65-163d-43d6-8f39-1026ed3deed6 req-019b7c65-163d-43d6-8f39-1026ed3deed6 ] Request (ListImageFiltersTestJSON:tearDownClass): 204 DELETE http://10.180.1.21/compute/v2.1/servers/abbca557-29bb-4561-968a-26d73417d36c 0.600s
2024-10-30 08:00:04.811 63696 INFO tempest.lib.common.rest_client [req-56a611fa-53e9-4ccb-a941-5188d453344d req-56a611fa-53e9-4ccb-a941-5188d453344d ] Request (ValidationResourcesFixture:setUp): 201 POST http://10.180.1.21:9696/networking/v2.0/security-group-rules 0.508s
2024-10-30 08:00:04.855 63702 INFO tempest.lib.common.rest_client [req-2cd7240f-62ea-480c-b5fa-20c3e779ab2f req-2cd7240f-62ea-480c-b5fa-20c3e779ab2f ] Request (ValidationResourcesFixture:setUp): 201 POST http://10.180.1.21:9696/networking/v2.0/security-groups 0.838s
2024-10-30 08:00:04.872 63684 INFO tempest.lib.common.rest_client [req-28d0e199-2f99-42fd-bf61-10eed8aef359 req-28d0e199-2f99-42fd-bf61-10eed8aef359 ] Request (MultipleCreateNegativeTestJSON:tearDownClass): 200 GET http://10.180.1.21:9696/networking/v2.0/security-groups?tenant_id=052d9add5eb4424996c6e68824cf7232&name=default 0.946s
2024-10-30 08:00:04.880 63724 INFO tempest.lib.common.rest_client [req-21da1fc2-21c7-44e8-8381-e15deab85f22 req-21da1fc2-21c7-44e8-8381-e15deab85f22 ] Request (ServersTestJSON:tearDownClass): 204 DELETE http://10.180.1.21:9696/networking/v2.0/routers/83045b9b-2c0a-47c1-895e-274acac698a4 2.066s
2024-10-30 08:00:04.924 63670 INFO tempest.lib.common.rest_client [req-ede2fd5e-3828-4daa-80d4-20703ae91c6f req-ede2fd5e-3828-4daa-80d4-20703ae91c6f ] Request (ServersNegativeTestMultiTenantJSON:tearDownClass): 204 DELETE http://10.180.1.21:9696/networking/v2.0/subnets/cd6d0db0-0aee-41f5-b74c-6dd7fe19ef31 0.778s
2024-10-30 08:00:04.972 63678 INFO tempest.lib.common.rest_client [req-4fa0c0ed-4c7c-4c8c-9123-176c91ac731a req-4fa0c0ed-4c7c-4c8c-9123-176c91ac731a ] Request (ServersAdminTestJSON:tearDownClass): 204 DELETE http://10.180.1.21:9696/networking/v2.0/security-groups/192f8c18-9e89-4502-8097-1676b5963994 0.480s
2024-10-30 08:00:05.021 63680 INFO tempest.lib.common.rest_client [req-c6ee0a6a-dedd-4ed1-9ebf-bd1ee2be82d1 req-c6ee0a6a-dedd-4ed1-9ebf-bd1ee2be82d1 ] Request (ServerDiskConfigTestJSON:test_resize_server_from_manual_to_auto): 204 DELETE http://10.180.1.21/compute/v2.1/servers/44bea3dd-8e86-4b65-bbec-b94a30c11efa 0.854s
2024-10-30 08:00:05.032 63706 INFO tempest.lib.common.rest_client [req-20398fd8-8743-41ee-91c0-7227af0e288a req-20398fd8-8743-41ee-91c0-7227af0e288a ] Request (AttachVolumeNegativeTest:setUpClass): 201 POST http://10.180.1.21:9696/networking/v2.0/routers 3.381s
2024-10-30 08:00:05.065 63732 INFO tempest.lib.common.rest_client [req-92973713-55df-4701-9e82-a1db7ea966eb req-92973713-55df-4701-9e82-a1db7ea966eb ] Request (ServerAddressesTestJSON:setUpClass): 201 POST http://10.180.1.21:9696/networking/v2.0/routers 3.412s
2024-10-30 08:00:05.139 63678 INFO tempest.lib.common.rest_client [req-7e17084e-23d9-418c-a981-fa12fae63a7a req-7e17084e-23d9-418c-a981-fa12fae63a7a ] Request (ServersAdminTestJSON:tearDownClass): 204 DELETE http://10.180.1.21/identity/v3/projects/519526be70c04c8aaa4d863c0fee1122 0.167s
2024-10-30 08:00:05.140 63678 INFO tempest.lib.common.dynamic_creds [-] Deleting project and security group for project: 7e34e136eb814fe49d26e5ce398ea3b2
2024-10-30 08:00:05.296 63678 INFO tempest.lib.common.rest_client [req-2f76b1ee-90ee-48ea-a2ce-05d316e8580c req-2f76b1ee-90ee-48ea-a2ce-05d316e8580c ] Request (ServersAdminTestJSON:tearDownClass): 200 GET http://10.180.1.21:9696/networking/v2.0/security-groups?tenant_id=7e34e136eb814fe49d26e5ce398ea3b2&name=default 0.156s
2024-10-30 08:00:05.399 63702 INFO tempest.lib.common.rest_client [req-64d567d2-8b7e-4afd-9520-53f5a1f0aaa9 req-64d567d2-8b7e-4afd-9520-53f5a1f0aaa9 ] Request (ValidationResourcesFixture:setUp): 201 POST http://10.180.1.21:9696/networking/v2.0/security-group-rules 0.543s
2024-10-30 08:00:05.441 63724 INFO tempest.lib.common.rest_client [req-c2caae6d-a3e3-4441-b188-e9247010cb4c req-c2caae6d-a3e3-4441-b188-e9247010cb4c ] Request (ServersTestJSON:tearDownClass): 204 DELETE http://10.180.1.21:9696/networking/v2.0/subnets/16c06989-4deb-415e-aaf9-50fcabcabdfb 0.560s
2024-10-30 08:00:05.459 63684 INFO tempest.lib.common.rest_client [req-be3ccbbd-13be-4740-8c3d-e1bebf6c60c9 req-be3ccbbd-13be-4740-8c3d-e1bebf6c60c9 ] Request (MultipleCreateNegativeTestJSON:tearDownClass): 204 DELETE http://10.180.1.21:9696/networking/v2.0/security-groups/aecb2807-aa60-4d60-a339-839ff2a4bdb8 0.586s
2024-10-30 08:00:05.510 63716 INFO tempest.lib.common.rest_client [req-969d4504-2169-438c-ad57-5873ee387b3c req-969d4504-2169-438c-ad57-5873ee387b3c ] Request (SecurityGroupsTestJSON:test_security_groups_create_list_delete): 202 DELETE http://10.180.1.21/compute/v2.1/os-security-groups/e6c4e859-52b7-4b08-83f0-ab0e5aea2d1e 1.273s
2024-10-30 08:00:05.559 63684 INFO tempest.lib.common.rest_client [req-d91855bc-3cb8-4384-98a5-8cbc82e17e5f req-d91855bc-3cb8-4384-98a5-8cbc82e17e5f ] Request (MultipleCreateNegativeTestJSON:tearDownClass): 204 DELETE http://10.180.1.21/identity/v3/projects/052d9add5eb4424996c6e68824cf7232 0.100s
2024-10-30 08:00:05.689 63672 INFO tempest.lib.common.rest_client [req-a7db57db-8b52-4636-99bf-9136f4eee340 req-a7db57db-8b52-4636-99bf-9136f4eee340 ] Request (ServerGroupTestJSON:test_create_server_with_scheduler_hint_group): 202 POST http://10.180.1.21/compute/v2.1/servers 1.616s
2024-10-30 08:00:05.797 63694 INFO tempest.lib.common.rest_client [req-ff3ef9f2-e005-4c10-8f6e-0478b07796da req-ff3ef9f2-e005-4c10-8f6e-0478b07796da ] Request (SecurityGroupsNegativeTestJSON:test_delete_the_default_security_group): 400 DELETE http://10.180.1.21/compute/v2.1/os-security-groups/8125e0ea-8556-4725-ac1e-83af80511d8e 1.518s
2024-10-30 08:00:05.830 63708 INFO tempest.lib.common.rest_client [req-e60493c4-d700-4624-9f39-585d7eb09350 req-e60493c4-d700-4624-9f39-585d7eb09350 ] Request (ListImageFiltersTestJSON:tearDownClass): 404 GET http://10.180.1.21/compute/v2.1/servers/abbca557-29bb-4561-968a-26d73417d36c 1.245s
2024-10-30 08:00:05.831 63702 INFO tempest.lib.common.rest_client [req-e9d02543-f7ae-426c-8ced-8271409d32c0 req-e9d02543-f7ae-426c-8ced-8271409d32c0 ] Request (ValidationResourcesFixture:setUp): 201 POST http://10.180.1.21:9696/networking/v2.0/security-group-rules 0.431s
2024-10-30 08:00:05.839 63733 INFO tempest.lib.common.rest_client [req-f6aaa60d-6c11-4ba9-b080-ffb16220878f req-f6aaa60d-6c11-4ba9-b080-ffb16220878f ] Request (VolumesAdminNegativeTest:tearDownClass): 204 DELETE http://10.180.1.21:9696/networking/v2.0/routers/8c965f0e-2562-43c6-9095-09614ea0900a 1.885s
2024-10-30 08:00:05.861 63670 INFO tempest.lib.common.rest_client [req-5a0578ee-9acc-484b-9731-3923aa72c09f req-5a0578ee-9acc-484b-9731-3923aa72c09f ] Request (ServersNegativeTestMultiTenantJSON:tearDownClass): 204 DELETE http://10.180.1.21:9696/networking/v2.0/networks/4d941bd6-b275-4db7-8d8b-c9fbe314b36c 0.936s
2024-10-30 08:00:05.929 63692 INFO tempest.lib.common.rest_client [req-6be9ea87-e680-4f2e-ae17-e3347cf38a5e req-6be9ea87-e680-4f2e-ae17-e3347cf38a5e ] Request (DeleteServersTestJSON:test_delete_server_while_in_shelved_state): 200 GET http://10.180.1.21/compute/v2.1/servers/4335273a-d09c-44c1-9540-150ecb80d11f 1.119s
2024-10-30 08:00:05.959 63678 INFO tempest.lib.common.rest_client [req-5566d272-cc44-4b77-b19f-3aa4b8a1e896 req-5566d272-cc44-4b77-b19f-3aa4b8a1e896 ] Request (ServersAdminTestJSON:tearDownClass): 204 DELETE http://10.180.1.21:9696/networking/v2.0/security-groups/5a301580-8ab9-4fe1-8269-db58f815f36d 0.661s
2024-10-30 08:00:05.969 63680 INFO tempest.lib.common.rest_client [req-996efc3d-67d0-405d-896c-b580aaa9b669 req-996efc3d-67d0-405d-896c-b580aaa9b669 ] Request (ServerDiskConfigTestJSON:test_resize_server_from_manual_to_auto): 404 GET http://10.180.1.21/compute/v2.1/servers/44bea3dd-8e86-4b65-bbec-b94a30c11efa 0.948s
2024-10-30 08:00:05.991 63670 INFO tempest.lib.common.rest_client [req-63d6e294-a828-4d11-900d-e2ac38fd4b1a req-63d6e294-a828-4d11-900d-e2ac38fd4b1a ] Request (ServersNegativeTestMultiTenantJSON:tearDownClass): 204 DELETE http://10.180.1.21/identity/v3/users/45c2c7c597d7496e92ad931d2b8448a4 0.130s
2024-10-30 08:00:06.035 63674 INFO tempest.lib.common.rest_client [req-45bb0832-2f21-4884-b4dd-fc77c907ae18 req-45bb0832-2f21-4884-b4dd-fc77c907ae18 ] Request (ServerShowV247Test:test_show_server): 202 POST http://10.180.1.21/compute/v2.1/servers 1.741s
2024-10-30 08:00:06.060 63680 INFO tempest.lib.common.rest_client [req-b688e06a-09c0-4db6-bb12-db46560c49c0 req-b688e06a-09c0-4db6-bb12-db46560c49c0 ] Request (ServerDiskConfigTestJSON:test_update_server_from_auto_to_manual): 201 POST http://10.180.1.21/identity/v3/auth/tokens 0.081s
2024-10-30 08:00:06.060 63680 INFO tempest.lib.common.fixed_network [-] (ServerDiskConfigTestJSON:test_update_server_from_auto_to_manual) Found network {'id': 'cdefbb06-70c6-4bf7-8da5-1549c1530361', 'name': 'tempest-ServerDiskConfigTestJSON-168102573-network', 'tenant_id': '9987cd4a4e7d40a592bc9761dad6ef4d', 'admin_state_up': True, 'mtu': 8950, 'status': 'ACTIVE', 'subnets': [], 'shared': False, 'project_id': '9987cd4a4e7d40a592bc9761dad6ef4d', 'port_security_enabled': True, 'router:external': False, 'provider:network_type': 'vlan', 'provider:physical_network': 'default', 'provider:segmentation_id': 219, 'availability_zone_hints': [], 'availability_zones': [], 'ipv4_address_scope': None, 'ipv6_address_scope': None, 'description': '', 'tags': [], 'created_at': '2024-10-30T07:59:02Z', 'updated_at': '2024-10-30T07:59:02Z', 'revision_number': 1} available for tenant
2024-10-30 08:00:06.100 63716 INFO tempest.lib.common.rest_client [req-6bd89a93-6271-4a41-ac80-2811cb97ad5e req-6bd89a93-6271-4a41-ac80-2811cb97ad5e ] Request (SecurityGroupsTestJSON:test_security_groups_create_list_delete): 404 GET http://10.180.1.21/compute/v2.1/os-security-groups/e6c4e859-52b7-4b08-83f0-ab0e5aea2d1e 0.590s
2024-10-30 08:00:06.108 63710 INFO tempest.lib.common.rest_client [req-eb67ca63-787c-48b3-8225-fdfc23dc835f req-eb67ca63-787c-48b3-8225-fdfc23dc835f ] Request (ImagesTestJSON:test_delete_saving_image): 200 GET http://10.180.1.21/compute/v2.1/servers/029b065b-f417-4f09-8f42-fad77297f685 0.752s
2024-10-30 08:00:06.114 63710 INFO tempest.common.waiters [-] State transition "BUILD/scheduling" ==> "ERROR/None" after 2 second wait
2024-10-30 08:00:06.117 63678 INFO tempest.lib.common.rest_client [req-9d428cae-0c2e-45a5-b0ca-38df2a33ece6 req-9d428cae-0c2e-45a5-b0ca-38df2a33ece6 ] Request (ServersAdminTestJSON:tearDownClass): 204 DELETE http://10.180.1.21/identity/v3/projects/7e34e136eb814fe49d26e5ce398ea3b2 0.157s
2024-10-30 08:00:06.146 63694 INFO tempest.lib.common.rest_client [req-4eec234d-eb9a-47f4-9bf3-03e46d843cd4 req-4eec234d-eb9a-47f4-9bf3-03e46d843cd4 ] Request (SecurityGroupsNegativeTestJSON:test_security_group_get_nonexistent_group): 404 GET http://10.180.1.21/compute/v2.1/os-security-groups/9c452509-478f-483e-887b-be2a763dd4f6 0.343s
2024-10-30 08:00:06.163 63690 INFO tempest.lib.common.rest_client [req-32888a39-28aa-4061-b7a7-86d22315b19e req-32888a39-28aa-4061-b7a7-86d22315b19e ] Request (FloatingIPDetailsTestJSON:tearDownClass): 204 DELETE http://10.180.1.21:9696/networking/v2.0/routers/b54a8bd5-655c-4333-b54f-90ffb93baebf 1.716s
2024-10-30 08:00:06.172 63672 INFO tempest.lib.common.rest_client [req-db981da1-7f3f-4016-b118-e8bb2730908c req-db981da1-7f3f-4016-b118-e8bb2730908c ] Request (ServerGroupTestJSON:test_create_server_with_scheduler_hint_group): 200 GET http://10.180.1.21/compute/v2.1/servers/0ee4feda-c6b1-4814-a7f2-9a21bca382af 0.482s
2024-10-30 08:00:06.215 63678 INFO tempest.lib.common.rest_client [req-03347b09-1ebd-461c-955f-029aac3f767e req-03347b09-1ebd-461c-955f-029aac3f767e ] Request (ServersAdminNegativeTestJSON:setUpClass): 201 POST http://10.180.1.21/identity/v3/auth/tokens 0.092s
2024-10-30 08:00:06.231 63733 INFO tempest.lib.common.rest_client [req-db704a8f-1489-40f6-9576-44c21b5c4be8 req-db704a8f-1489-40f6-9576-44c21b5c4be8 ] Request (VolumesAdminNegativeTest:tearDownClass): 204 DELETE http://10.180.1.21:9696/networking/v2.0/subnets/4f3f8480-7254-4d0f-80ba-3e047e9d03cb 0.392s
2024-10-30 08:00:06.268 63708 INFO tempest.lib.common.rest_client [req-cfc45455-408a-4c9e-825c-00cb71ef7769 req-cfc45455-408a-4c9e-825c-00cb71ef7769 ] Request (ListImageFiltersTestJSON:tearDownClass): 204 DELETE http://10.180.1.21/compute/v2.1/images/fc8fbd34-987d-4fd5-8765-8eee08cfae36 0.437s
2024-10-30 08:00:06.281 63670 INFO tempest.lib.common.rest_client [req-65aad5e5-b8cc-4619-a3d2-1eaf9f57ac65 req-65aad5e5-b8cc-4619-a3d2-1eaf9f57ac65 ] Request (ServersNegativeTestMultiTenantJSON:tearDownClass): 204 DELETE http://10.180.1.21/identity/v3/users/4f0a93e3ad014011b8e36a0027dbb462 0.289s
2024-10-30 08:00:06.281 63670 INFO tempest.lib.common.dynamic_creds [-] Deleting project and security group for project: afe483c36bc94caea1ac81b05c599e5f
2024-10-30 08:00:06.321 63678 INFO tempest.lib.common.rest_client [req-5627ead3-c068-4b4d-a2c6-35cd151718ee req-5627ead3-c068-4b4d-a2c6-35cd151718ee ] Request (ServersAdminNegativeTestJSON:setUpClass): 201 POST http://10.180.1.21/identity/v3/auth/tokens 0.095s
2024-10-30 08:00:06.394 63678 INFO tempest.lib.common.rest_client [req-85cac313-cbb9-4866-bf7d-1942cd3757d1 req-85cac313-cbb9-4866-bf7d-1942cd3757d1 ] Request (ServersAdminNegativeTestJSON:setUpClass): 200 GET http://10.180.1.21/identity/v3/domains?name=Default 0.072s
2024-10-30 08:00:06.426 63670 INFO tempest.lib.common.rest_client [req-106c7552-f40d-4dcd-8a44-f972d47ddb42 req-106c7552-f40d-4dcd-8a44-f972d47ddb42 ] Request (ServersNegativeTestMultiTenantJSON:tearDownClass): 200 GET http://10.180.1.21:9696/networking/v2.0/security-groups?tenant_id=afe483c36bc94caea1ac81b05c599e5f&name=default 0.144s
2024-10-30 08:00:06.432 63678 INFO tempest.lib.common.rest_client [req-bf57e616-ec70-4a5c-b0a6-89d224e01059 req-bf57e616-ec70-4a5c-b0a6-89d224e01059 ] Request (ServersAdminNegativeTestJSON:setUpClass): 201 POST http://10.180.1.21/identity/v3/projects 0.038s
2024-10-30 08:00:06.499 63674 INFO tempest.lib.common.rest_client [req-520d8a9e-242e-44c1-b629-f239e8609cec req-520d8a9e-242e-44c1-b629-f239e8609cec ] Request (ServerShowV247Test:test_show_server): 200 GET http://10.180.1.21/compute/v2.1/servers/5fb1d940-fcdd-4504-ab25-32ffc49d2c11 0.462s
2024-10-30 08:00:06.556 63692 INFO tempest.lib.common.rest_client [req-d391f17e-5303-4d36-a9e2-c7993af5d05e req-d391f17e-5303-4d36-a9e2-c7993af5d05e ] Request (DeleteServersTestJSON:test_delete_server_while_in_shelved_state): 204 DELETE http://10.180.1.21/compute/v2.1/servers/4335273a-d09c-44c1-9540-150ecb80d11f 0.617s
2024-10-30 08:00:06.561 63678 INFO tempest.lib.common.rest_client [req-699feeaa-f00b-478c-b060-243c446e2d34 req-699feeaa-f00b-478c-b060-243c446e2d34 ] Request (ServersAdminNegativeTestJSON:setUpClass): 201 POST http://10.180.1.21/identity/v3/users 0.128s
2024-10-30 08:00:06.602 63678 INFO tempest.lib.common.rest_client [req-3d871bf8-a936-4081-b0c3-707c4855f4de req-3d871bf8-a936-4081-b0c3-707c4855f4de ] Request (ServersAdminNegativeTestJSON:setUpClass): 200 GET http://10.180.1.21/identity/v3/roles 0.040s
2024-10-30 08:00:06.605 63726 INFO tempest.lib.common.rest_client [req-f4e56abd-5d94-4f07-af07-6a56bf360aa4 req-f4e56abd-5d94-4f07-af07-6a56bf360aa4 ] Request (ServerTagsTestJSON:setUpClass): 201 POST http://10.180.1.21:9696/networking/v2.0/routers 3.862s
2024-10-30 08:00:06.611 63674 INFO tempest.lib.common.rest_client [req-54e03eac-5b4f-4019-a517-d90e2c0de123 req-54e03eac-5b4f-4019-a517-d90e2c0de123 ] Request (ServerShowV247Test:test_update_rebuild_list_server): 201 POST http://10.180.1.21/identity/v3/auth/tokens 0.090s
2024-10-30 08:00:06.611 63674 INFO tempest.lib.common.fixed_network [-] (ServerShowV247Test:test_update_rebuild_list_server) Found network None available for tenant
2024-10-30 08:00:06.647 63678 INFO tempest.lib.common.rest_client [req-7ef54510-0aec-467a-ad6d-5a82f1fe646f req-7ef54510-0aec-467a-ad6d-5a82f1fe646f ] Request (ServersAdminNegativeTestJSON:setUpClass): 204 PUT http://10.180.1.21/identity/v3/projects/70e7dafbdefe4b4d84e2eff476a8839e/users/7912d66eac554ed289d816ae0db3e23b/roles/7c8692863e784fa79020b80aac2c0f9e 0.044s
2024-10-30 08:00:06.647 63678 INFO tempest.lib.common.dynamic_creds [-] Dynamic test user 7912d66eac554ed289d816ae0db3e23b is created with scope project and roles: ['member']
2024-10-30 08:00:06.647 63678 INFO tempest.lib.common.dynamic_creds [-] Acquired dynamic creds: credentials: Credentials: {'domain_id': 'default', 'domain_name': 'Default', 'username': 'tempest-ServersAdminNegativeTestJSON-300735034-project-member', 'project_domain_id': 'default', 'project_domain_name': 'Default', 'project_id': '70e7dafbdefe4b4d84e2eff476a8839e', 'project_name': 'tempest-ServersAdminNegativeTestJSON-300735034', 'tenant_id': '70e7dafbdefe4b4d84e2eff476a8839e', 'tenant_name': 'tempest-ServersAdminNegativeTestJSON-300735034', 'user_domain_id': 'default', 'user_domain_name': 'Default', 'user_id': '7912d66eac554ed289d816ae0db3e23b', 'system': None}, Network: None, Subnet: None, Router: None
2024-10-30 08:00:06.648 63678 INFO tempest.lib.common.dynamic_creds [-] Created isolated network resources for: credentials: Credentials: {'domain_id': 'default', 'domain_name': 'Default', 'username': 'tempest-ServersAdminNegativeTestJSON-300735034-project-member', 'project_domain_id': 'default', 'project_domain_name': 'Default', 'project_id': '70e7dafbdefe4b4d84e2eff476a8839e', 'project_name': 'tempest-ServersAdminNegativeTestJSON-300735034', 'tenant_id': '70e7dafbdefe4b4d84e2eff476a8839e', 'tenant_name': 'tempest-ServersAdminNegativeTestJSON-300735034', 'user_domain_id': 'default', 'user_domain_name': 'Default', 'user_id': '7912d66eac554ed289d816ae0db3e23b', 'system': None}, Network: None, Subnet: None, Router: None
2024-10-30 08:00:06.774 63678 INFO tempest.lib.common.rest_client [req-b88f980c-7985-49a7-bd97-310d32f68e5d req-b88f980c-7985-49a7-bd97-310d32f68e5d ] Request (ServersAdminNegativeTestJSON:setUpClass): 201 POST http://10.180.1.21/identity/v3/auth/tokens 0.123s
2024-10-30 08:00:06.848 63690 INFO tempest.lib.common.rest_client [req-a44cf0dd-ba91-4b47-83c9-028a4b3708e3 req-a44cf0dd-ba91-4b47-83c9-028a4b3708e3 ] Request (FloatingIPDetailsTestJSON:tearDownClass): 204 DELETE http://10.180.1.21:9696/networking/v2.0/subnets/3b3e94ec-b7fd-4531-bb96-b6a76e93fba0 0.684s
2024-10-30 08:00:06.856 63678 INFO tempest.lib.common.rest_client [req-5a2d1191-b636-4547-8aa2-3a147f729edb req-5a2d1191-b636-4547-8aa2-3a147f729edb ] Request (ServersAdminNegativeTestJSON:setUpClass): 201 POST http://10.180.1.21/identity/v3/projects 0.081s
2024-10-30 08:00:06.915 63678 INFO tempest.lib.common.rest_client [req-d006f13e-24bd-4b4c-876e-d3d481c44d30 req-d006f13e-24bd-4b4c-876e-d3d481c44d30 ] Request (ServersAdminNegativeTestJSON:setUpClass): 201 POST http://10.180.1.21/identity/v3/users 0.058s
2024-10-30 08:00:06.933 63678 INFO tempest.lib.common.rest_client [req-8b3f876a-f3b5-4493-8643-7f120e15e552 req-8b3f876a-f3b5-4493-8643-7f120e15e552 ] Request (ServersAdminNegativeTestJSON:setUpClass): 200 GET http://10.180.1.21/identity/v3/roles 0.018s
2024-10-30 08:00:06.959 63678 INFO tempest.lib.common.rest_client [req-c2017f15-96d8-48ed-b0d4-3fbab41e3fc9 req-c2017f15-96d8-48ed-b0d4-3fbab41e3fc9 ] Request (ServersAdminNegativeTestJSON:setUpClass): 204 PUT http://10.180.1.21/identity/v3/projects/50967359ae25435fba0b6dbf651565ef/users/96b6a69c0ae44841a27dd0b970cf49a1/roles/b95c8ed3e7ce4b65a9628b6db45f5987 0.026s
2024-10-30 08:00:06.995 63670 INFO tempest.lib.common.rest_client [req-e3539deb-866e-4106-a8ad-cb51bfddb10b req-e3539deb-866e-4106-a8ad-cb51bfddb10b ] Request (ServersNegativeTestMultiTenantJSON:tearDownClass): 204 DELETE http://10.180.1.21:9696/networking/v2.0/security-groups/65716cf6-c04f-48ca-ad1c-15298ce7ca93 0.569s
2024-10-30 08:00:07.026 63678 INFO tempest.lib.common.rest_client [req-3f1db9b1-32e5-4c4c-82d4-1dc2b871d043 req-3f1db9b1-32e5-4c4c-82d4-1dc2b871d043 ] Request (ServersAdminNegativeTestJSON:setUpClass): 200 GET http://10.180.1.21/identity/v3/roles 0.066s
2024-10-30 08:00:07.045 63678 INFO tempest.lib.common.rest_client [req-59a6d526-a06d-4ef2-bed2-a45202b58f98 req-59a6d526-a06d-4ef2-bed2-a45202b58f98 ] Request (ServersAdminNegativeTestJSON:setUpClass): 204 PUT http://10.180.1.21/identity/v3/projects/50967359ae25435fba0b6dbf651565ef/users/96b6a69c0ae44841a27dd0b970cf49a1/roles/b95c8ed3e7ce4b65a9628b6db45f5987 0.019s
2024-10-30 08:00:07.045 63678 INFO tempest.lib.common.dynamic_creds [-] Dynamic test user 96b6a69c0ae44841a27dd0b970cf49a1 is created with scope project and roles: ['admin']
2024-10-30 08:00:07.045 63678 INFO tempest.lib.common.dynamic_creds [-] Acquired dynamic creds: credentials: Credentials: {'domain_id': 'default', 'domain_name': 'Default', 'username': 'tempest-ServersAdminNegativeTestJSON-1788694789-project-admin', 'project_domain_id': 'default', 'project_domain_name': 'Default', 'project_id': '50967359ae25435fba0b6dbf651565ef', 'project_name': 'tempest-ServersAdminNegativeTestJSON-1788694789', 'tenant_id': '50967359ae25435fba0b6dbf651565ef', 'tenant_name': 'tempest-ServersAdminNegativeTestJSON-1788694789', 'user_domain_id': 'default', 'user_domain_name': 'Default', 'user_id': '96b6a69c0ae44841a27dd0b970cf49a1', 'system': None}, Network: None, Subnet: None, Router: None
2024-10-30 08:00:07.045 63678 INFO tempest.lib.common.dynamic_creds [-] Created isolated network resources for: credentials: Credentials: {'domain_id': 'default', 'domain_name': 'Default', 'username': 'tempest-ServersAdminNegativeTestJSON-1788694789-project-admin', 'project_domain_id': 'default', 'project_domain_name': 'Default', 'project_id': '50967359ae25435fba0b6dbf651565ef', 'project_name': 'tempest-ServersAdminNegativeTestJSON-1788694789', 'tenant_id': '50967359ae25435fba0b6dbf651565ef', 'tenant_name': 'tempest-ServersAdminNegativeTestJSON-1788694789', 'user_domain_id': 'default', 'user_domain_name': 'Default', 'user_id': '96b6a69c0ae44841a27dd0b970cf49a1', 'system': None}, Network: None, Subnet: None, Router: None
2024-10-30 08:00:07.047 63724 INFO tempest.lib.common.rest_client [req-436ad996-2e16-4220-baff-f92e164c95a9 req-436ad996-2e16-4220-baff-f92e164c95a9 ] Request (ServersTestJSON:tearDownClass): 204 DELETE http://10.180.1.21:9696/networking/v2.0/networks/571ea76b-c62a-45f1-a4d1-7d5ab34cbfca 1.605s
2024-10-30 08:00:07.130 63670 INFO tempest.lib.common.rest_client [req-50337527-1e3d-4fc1-ab24-72ceab03c4d8 req-50337527-1e3d-4fc1-ab24-72ceab03c4d8 ] Request (ServersNegativeTestMultiTenantJSON:tearDownClass): 204 DELETE http://10.180.1.21/identity/v3/projects/afe483c36bc94caea1ac81b05c599e5f 0.134s
2024-10-30 08:00:07.130 63670 INFO tempest.lib.common.dynamic_creds [-] Deleting project and security group for project: 9214aa067b4a46b1b16844220bd35fd5
2024-10-30 08:00:07.161 63716 INFO tempest.lib.common.rest_client [req-ecc04337-9114-4ac3-9de2-1f6e7f25eaee req-ecc04337-9114-4ac3-9de2-1f6e7f25eaee ] Request (SecurityGroupsTestJSON:test_security_groups_create_list_delete): 202 DELETE http://10.180.1.21/compute/v2.1/os-security-groups/94c6c5c1-5a1c-401e-9300-bb7c4325c863 1.060s
2024-10-30 08:00:07.166 63724 INFO tempest.lib.common.rest_client [req-01a22fa8-46e6-425a-9d39-bcd576a5b112 req-01a22fa8-46e6-425a-9d39-bcd576a5b112 ] Request (ServersTestJSON:tearDownClass): 204 DELETE http://10.180.1.21/identity/v3/users/03277f9aa54b4779a040778b8236a2f0 0.119s
2024-10-30 08:00:07.211 63678 INFO tempest.lib.common.rest_client [req-361370ce-be5c-4bea-880d-a1ebeaf777a7 req-361370ce-be5c-4bea-880d-a1ebeaf777a7 ] Request (ServersAdminNegativeTestJSON:setUpClass): 201 POST http://10.180.1.21/identity/v3/auth/tokens 0.162s
2024-10-30 08:00:07.212 63678 WARNING tempest.lib.common.rest_client [-] Deprecated: "tenant_id" property is deprecated for removal, use "project_id" instead
2024-10-30 08:00:07.253 63696 INFO tempest.lib.common.rest_client [req-9c8c009f-bc0c-4e11-840c-3a72ada1b75f req-9c8c009f-bc0c-4e11-840c-3a72ada1b75f ] Request (ValidationResourcesFixture:setUp): 201 POST http://10.180.1.21:9696/networking/v2.0/floatingips 2.442s
2024-10-30 08:00:07.269 63670 INFO tempest.lib.common.rest_client [req-4b41578a-8d3c-40f8-9c24-761a49028902 req-4b41578a-8d3c-40f8-9c24-761a49028902 ] Request (ServersNegativeTestMultiTenantJSON:tearDownClass): 200 GET http://10.180.1.21:9696/networking/v2.0/security-groups?tenant_id=9214aa067b4a46b1b16844220bd35fd5&name=default 0.138s
2024-10-30 08:00:07.338 63724 INFO tempest.lib.common.rest_client [req-96af77cd-399b-4bd3-b59c-c93aad016098 req-96af77cd-399b-4bd3-b59c-c93aad016098 ] Request (ServersTestJSON:tearDownClass): 204 DELETE http://10.180.1.21/identity/v3/users/975409d2c6844fd69fdfcb55e14f3156 0.172s
2024-10-30 08:00:07.338 63724 INFO tempest.lib.common.dynamic_creds [-] Deleting project and security group for project: fa5c4302580c4e0fb0ceeb92187a1437
2024-10-30 08:00:07.351 63678 INFO tempest.lib.common.rest_client [req-711966c7-7942-4bd2-8ff4-93664861c3ea req-711966c7-7942-4bd2-8ff4-93664861c3ea ] Request (ServersAdminNegativeTestJSON:setUpClass): 201 POST http://10.180.1.21/identity/v3/auth/tokens 0.134s
2024-10-30 08:00:07.351 63678 INFO tempest.lib.common.fixed_network [-] (ServersAdminNegativeTestJSON:setUpClass) Found network None available for tenant
2024-10-30 08:00:07.371 63733 INFO tempest.lib.common.rest_client [req-ab6a730c-015a-401c-ac29-0dc48229feea req-ab6a730c-015a-401c-ac29-0dc48229feea ] Request (VolumesAdminNegativeTest:tearDownClass): 204 DELETE http://10.180.1.21:9696/networking/v2.0/networks/e507c720-f788-458f-b268-767747f74e25 1.139s
2024-10-30 08:00:07.412 63696 INFO tempest.lib.common.rest_client [req-3753f9a8-784b-4758-985f-ab48520e2d13 req-3753f9a8-784b-4758-985f-ab48520e2d13 ] Request (AttachInterfacesUnderV243Test:test_add_remove_fixed_ip): 201 POST http://10.180.1.21/identity/v3/auth/tokens 0.152s
2024-10-30 08:00:07.412 63696 INFO tempest.lib.common.fixed_network [-] (AttachInterfacesUnderV243Test:test_add_remove_fixed_ip) Found network {'id': '069b084c-1321-482b-b889-12d1c51a8457', 'name': 'tempest-AttachInterfacesUnderV243Test-1754995783-network', 'tenant_id': '1cc40dd059434afbb2735af56de048e2', 'admin_state_up': True, 'mtu': 8950, 'status': 'ACTIVE', 'subnets': [], 'shared': False, 'project_id': '1cc40dd059434afbb2735af56de048e2', 'port_security_enabled': True, 'router:external': False, 'provider:network_type': 'vlan', 'provider:physical_network': 'default', 'provider:segmentation_id': 919, 'availability_zone_hints': [], 'availability_zones': [], 'ipv4_address_scope': None, 'ipv6_address_scope': None, 'description': '', 'tags': [], 'created_at': '2024-10-30T07:59:51Z', 'updated_at': '2024-10-30T07:59:51Z', 'revision_number': 1} available for tenant
2024-10-30 08:00:07.443 63724 INFO tempest.lib.common.rest_client [req-7ddc3126-11db-4fc4-9745-f2381725f1fb req-7ddc3126-11db-4fc4-9745-f2381725f1fb ] Request (ServersTestJSON:tearDownClass): 200 GET http://10.180.1.21:9696/networking/v2.0/security-groups?tenant_id=fa5c4302580c4e0fb0ceeb92187a1437&name=default 0.104s
2024-10-30 08:00:07.463 63710 INFO tempest.lib.common.rest_client [req-e47de22d-5128-46e3-937f-3224137c42d3 req-e47de22d-5128-46e3-937f-3224137c42d3 ] Request (ImagesTestJSON:test_delete_saving_image): 204 DELETE http://10.180.1.21/compute/v2.1/servers/029b065b-f417-4f09-8f42-fad77297f685 1.348s
2024-10-30 08:00:07.487 63733 INFO tempest.lib.common.rest_client [req-1938a376-1494-40d5-86c8-67fdc75ae030 req-1938a376-1494-40d5-86c8-67fdc75ae030 ] Request (VolumesAdminNegativeTest:tearDownClass): 204 DELETE http://10.180.1.21/identity/v3/users/76dd5987a81f40f48b0057d16c7f09a9 0.115s
2024-10-30 08:00:07.515 63694 INFO tempest.lib.common.rest_client [req-3ff00f8c-d19d-4b53-8e67-aaeb480a01ca req-3ff00f8c-d19d-4b53-8e67-aaeb480a01ca ] Request (SecurityGroupsNegativeTestJSON:test_update_non_existent_security_group): 404 PUT http://10.180.1.21/compute/v2.1/os-security-groups/b6b0ed8d-75e0-475b-8996-9567bd9b4451 1.367s
2024-10-30 08:00:07.598 63680 INFO tempest.lib.common.rest_client [req-a125e2f2-b2c7-4327-b50e-dc6bb8d99f63 req-a125e2f2-b2c7-4327-b50e-dc6bb8d99f63 ] Request (ServerDiskConfigTestJSON:test_update_server_from_auto_to_manual): 202 POST http://10.180.1.21/compute/v2.1/servers 1.538s
2024-10-30 08:00:07.607 63708 INFO tempest.lib.common.rest_client [req-9584bf49-b202-49b6-a0d7-b95b15f68571 req-9584bf49-b202-49b6-a0d7-b95b15f68571 ] Request (ListImageFiltersTestJSON:tearDownClass): 204 DELETE http://10.180.1.21/compute/v2.1/images/bfca1bec-ac5f-4767-9e0f-0f3b95292714 1.338s
2024-10-30 08:00:07.611 63733 INFO tempest.lib.common.rest_client [req-9b56eb47-6a99-4f4c-892b-4623bf8ec4e6 req-9b56eb47-6a99-4f4c-892b-4623bf8ec4e6 ] Request (VolumesAdminNegativeTest:tearDownClass): 204 DELETE http://10.180.1.21/identity/v3/users/62e7585acd554a81ad748f6841258d67 0.124s
2024-10-30 08:00:07.612 63733 INFO tempest.lib.common.dynamic_creds [-] Deleting project and security group for project: e17400fb06a345d5be4930491fcb891a
2024-10-30 08:00:07.619 63670 INFO tempest.lib.common.rest_client [req-6c2c52a3-6ff6-4639-a232-8d29f2f218a9 req-6c2c52a3-6ff6-4639-a232-8d29f2f218a9 ] Request (ServersNegativeTestMultiTenantJSON:tearDownClass): 204 DELETE http://10.180.1.21:9696/networking/v2.0/security-groups/f0268ea1-e2e7-4923-b295-fe8947949381 0.349s
2024-10-30 08:00:07.642 63692 INFO tempest.lib.common.rest_client [req-fd4f8f8e-9200-4fa2-bae3-fe26fa09fef9 req-fd4f8f8e-9200-4fa2-bae3-fe26fa09fef9 ] Request (DeleteServersTestJSON:test_delete_server_while_in_shelved_state): 404 GET http://10.180.1.21/compute/v2.1/servers/4335273a-d09c-44c1-9540-150ecb80d11f 1.085s
2024-10-30 08:00:07.676 63716 INFO tempest.lib.common.rest_client [req-f1465477-94d9-421a-84d6-c6b912cb8e6e req-f1465477-94d9-421a-84d6-c6b912cb8e6e ] Request (SecurityGroupsTestJSON:test_security_groups_create_list_delete): 404 GET http://10.180.1.21/compute/v2.1/os-security-groups/94c6c5c1-5a1c-401e-9300-bb7c4325c863 0.515s
2024-10-30 08:00:07.757 63674 INFO tempest.lib.common.rest_client [req-0a76e37a-ac6e-473a-8cb4-3d33c6138859 req-0a76e37a-ac6e-473a-8cb4-3d33c6138859 ] Request (ServerShowV247Test:test_update_rebuild_list_server): 202 POST http://10.180.1.21/compute/v2.1/servers 1.145s
2024-10-30 08:00:07.758 63690 INFO tempest.lib.common.rest_client [req-ec231c7b-e51c-44ce-a59b-b77233d844c2 req-ec231c7b-e51c-44ce-a59b-b77233d844c2 ] Request (FloatingIPDetailsTestJSON:tearDownClass): 204 DELETE http://10.180.1.21:9696/networking/v2.0/networks/b46f448e-5b21-4989-ac97-eb337bd07f16 0.910s
2024-10-30 08:00:07.767 63692 INFO tempest.lib.common.rest_client [req-b837c2b0-397d-45a0-a470-9869bfbcab6f req-b837c2b0-397d-45a0-a470-9869bfbcab6f ] Request (DeleteServersTestJSON:test_delete_server_while_in_shutoff_state): 201 POST http://10.180.1.21/identity/v3/auth/tokens 0.116s
2024-10-30 08:00:07.768 63692 INFO tempest.lib.common.fixed_network [-] (DeleteServersTestJSON:test_delete_server_while_in_shutoff_state) Found network {'id': '8bcb2f1d-8a4d-4d81-9d2a-f63a707a4dfc', 'name': 'tempest-DeleteServersTestJSON-1460475088-network', 'tenant_id': 'fc3756a4d5904028b6d2fa4e0a295a31', 'admin_state_up': True, 'mtu': 8950, 'status': 'ACTIVE', 'subnets': [], 'shared': False, 'project_id': 'fc3756a4d5904028b6d2fa4e0a295a31', 'port_security_enabled': True, 'router:external': False, 'provider:network_type': 'vlan', 'provider:physical_network': 'default', 'provider:segmentation_id': 463, 'availability_zone_hints': [], 'availability_zones': [], 'ipv4_address_scope': None, 'ipv6_address_scope': None, 'description': '', 'tags': [], 'created_at': '2024-10-30T07:59:05Z', 'updated_at': '2024-10-30T07:59:05Z', 'revision_number': 1} available for tenant
2024-10-30 08:00:07.786 63670 INFO tempest.lib.common.rest_client [req-83bcba7e-37a8-4a13-bf3f-02532db58b25 req-83bcba7e-37a8-4a13-bf3f-02532db58b25 ] Request (ServersNegativeTestMultiTenantJSON:tearDownClass): 204 DELETE http://10.180.1.21/identity/v3/projects/9214aa067b4a46b1b16844220bd35fd5 0.166s
2024-10-30 08:00:07.787 63672 INFO tempest.lib.common.rest_client [req-f4daaa4c-5c56-4a3e-bcf1-9c610c3a22b9 req-f4daaa4c-5c56-4a3e-bcf1-9c610c3a22b9 ] Request (ServerGroupTestJSON:test_create_server_with_scheduler_hint_group): 200 GET http://10.180.1.21/compute/v2.1/servers/0ee4feda-c6b1-4814-a7f2-9a21bca382af 0.604s
2024-10-30 08:00:07.799 63672 INFO tempest.common.waiters [-] State transition "BUILD/scheduling" ==> "ERROR/None" after 1 second wait
2024-10-30 08:00:07.911 63690 INFO tempest.lib.common.rest_client [req-27aba6bb-9403-49f6-ac4c-39ecd730c7a7 req-27aba6bb-9403-49f6-ac4c-39ecd730c7a7 ] Request (FloatingIPDetailsTestJSON:tearDownClass): 204 DELETE http://10.180.1.21/identity/v3/users/1cb87cbae73249fe8fa39706e58b10f3 0.152s
2024-10-30 08:00:07.911 63690 INFO tempest.lib.common.dynamic_creds [-] Deleting project and security group for project: 3002d44bf6aa4ea8a7003a037e9c93e5
2024-10-30 08:00:07.930 63733 INFO tempest.lib.common.rest_client [req-9394a91c-df31-44f6-90df-ee136d0af0b8 req-9394a91c-df31-44f6-90df-ee136d0af0b8 ] Request (VolumesAdminNegativeTest:tearDownClass): 200 GET http://10.180.1.21:9696/networking/v2.0/security-groups?tenant_id=e17400fb06a345d5be4930491fcb891a&name=default 0.318s
2024-10-30 08:00:08.017 63724 INFO tempest.lib.common.rest_client [req-4cfff24d-88ab-4653-b73d-f61d0d9fc773 req-4cfff24d-88ab-4653-b73d-f61d0d9fc773 ] Request (ServersTestJSON:tearDownClass): 204 DELETE http://10.180.1.21:9696/networking/v2.0/security-groups/24cb8b7f-c452-4ba9-8630-e91dc44b4bd9 0.573s
2024-10-30 08:00:08.063 63690 INFO tempest.lib.common.rest_client [req-ae920951-d2c1-45b2-949f-cb6227b96091 req-ae920951-d2c1-45b2-949f-cb6227b96091 ] Request (FloatingIPDetailsTestJSON:tearDownClass): 200 GET http://10.180.1.21:9696/networking/v2.0/security-groups?tenant_id=3002d44bf6aa4ea8a7003a037e9c93e5&name=default 0.151s
2024-10-30 08:00:08.102 63702 INFO tempest.lib.common.rest_client [req-eed24b4b-8e11-456e-bbb4-a336034e30cd req-eed24b4b-8e11-456e-bbb4-a336034e30cd ] Request (ValidationResourcesFixture:setUp): 201 POST http://10.180.1.21:9696/networking/v2.0/floatingips 2.271s
2024-10-30 08:00:08.120 63724 INFO tempest.lib.common.rest_client [req-be1faf89-db74-46be-b93f-d7f7c3108420 req-be1faf89-db74-46be-b93f-d7f7c3108420 ] Request (ServersTestJSON:tearDownClass): 204 DELETE http://10.180.1.21/identity/v3/projects/fa5c4302580c4e0fb0ceeb92187a1437 0.102s
2024-10-30 08:00:08.178 63702 INFO tempest.lib.common.rest_client [req-48468309-2c2a-41ee-8583-57263581619e req-48468309-2c2a-41ee-8583-57263581619e ] Request (AttachVolumeShelveTestJSON:test_detach_volume_shelved_or_offload_server): 201 POST http://10.180.1.21/identity/v3/auth/tokens 0.068s
2024-10-30 08:00:08.178 63702 INFO tempest.lib.common.fixed_network [-] (AttachVolumeShelveTestJSON:test_detach_volume_shelved_or_offload_server) Found network {'id': 'efba8638-1db1-4374-ac72-eb3dd4af8dfd', 'name': 'tempest-AttachVolumeShelveTestJSON-863562821-network', 'tenant_id': '6c9b12ceb11c4004b405c42fe53ffd18', 'admin_state_up': True, 'mtu': 8950, 'status': 'ACTIVE', 'subnets': [], 'shared': False, 'project_id': '6c9b12ceb11c4004b405c42fe53ffd18', 'port_security_enabled': True, 'router:external': False, 'provider:network_type': 'vlan', 'provider:physical_network': 'default', 'provider:segmentation_id': 314, 'availability_zone_hints': [], 'availability_zones': [], 'ipv4_address_scope': None, 'ipv6_address_scope': None, 'description': '', 'tags': [], 'created_at': '2024-10-30T07:59:42Z', 'updated_at': '2024-10-30T07:59:42Z', 'revision_number': 1} available for tenant
2024-10-30 08:00:08.185 63724 INFO tempest.lib.common.rest_client [req-5916d905-8777-478a-b72d-bad422869d0d req-5916d905-8777-478a-b72d-bad422869d0d ] Request (AttachVolumeTestJSON:setUpClass): 201 POST http://10.180.1.21/identity/v3/auth/tokens 0.063s
2024-10-30 08:00:08.208 63676 INFO tempest.lib.common.rest_client [req-dd924ce9-db63-4d04-bc7c-2e0cf79d4a14 req-dd924ce9-db63-4d04-bc7c-2e0cf79d4a14 ] Request (ServersTestBootFromVolume:tearDownClass): 200 PUT http://10.180.1.21:9696/networking/v2.0/routers/c5c3662b-46fa-41cc-925a-73d709b9587d/remove_router_interface 3.687s
2024-10-30 08:00:08.229 63724 INFO tempest.lib.common.rest_client [req-8da6e32d-82de-4e46-a6e0-85cf9c7c92a0 req-8da6e32d-82de-4e46-a6e0-85cf9c7c92a0 ] Request (AttachVolumeTestJSON:setUpClass): 201 POST http://10.180.1.21/identity/v3/auth/tokens 0.041s
2024-10-30 08:00:08.264 63724 INFO tempest.lib.common.rest_client [req-6b2916ef-a485-4c2b-a664-44e0bf344654 req-6b2916ef-a485-4c2b-a664-44e0bf344654 ] Request (AttachVolumeTestJSON:setUpClass): 200 GET http://10.180.1.21/identity/v3/domains?name=Default 0.034s
2024-10-30 08:00:08.287 63733 INFO tempest.lib.common.rest_client [req-fdd6a110-088b-4c9e-9db0-3ff17a1252bd req-fdd6a110-088b-4c9e-9db0-3ff17a1252bd ] Request (VolumesAdminNegativeTest:tearDownClass): 204 DELETE http://10.180.1.21:9696/networking/v2.0/security-groups/3b8813c0-fc24-40eb-93f4-05a6d453e229 0.356s
2024-10-30 08:00:08.319 63724 INFO tempest.lib.common.rest_client [req-a470e864-4c4b-40fc-b4c9-0ce00ce5085f req-a470e864-4c4b-40fc-b4c9-0ce00ce5085f ] Request (AttachVolumeTestJSON:setUpClass): 201 POST http://10.180.1.21/identity/v3/projects 0.055s
2024-10-30 08:00:08.381 63678 INFO tempest.lib.common.rest_client [req-c91a0cdf-1884-49f5-91b1-52ce62033ee7 req-c91a0cdf-1884-49f5-91b1-52ce62033ee7 ] Request (ServersAdminNegativeTestJSON:setUpClass): 202 POST http://10.180.1.21/compute/v2.1/servers 1.029s
2024-10-30 08:00:08.407 63710 INFO tempest.lib.common.rest_client [req-04ac02a3-814d-4e13-9f49-082d926c3261 req-04ac02a3-814d-4e13-9f49-082d926c3261 ] Request (ImagesTestJSON:test_delete_saving_image): 404 GET http://10.180.1.21/compute/v2.1/servers/029b065b-f417-4f09-8f42-fad77297f685 0.943s
2024-10-30 08:00:08.409 63706 INFO tempest.lib.common.rest_client [req-7b624ed6-5c30-42d3-b58f-e855104109b1 req-7b624ed6-5c30-42d3-b58f-e855104109b1 ] Request (AttachVolumeNegativeTest:setUpClass): 200 PUT http://10.180.1.21:9696/networking/v2.0/routers/dbe34d1c-bf4a-466c-8b48-65e5a6423a75/add_router_interface 3.377s
2024-10-30 08:00:08.410 63706 INFO tempest.lib.common.dynamic_creds [-] Created isolated network resources for: credentials: Credentials: {'domain_id': 'default', 'domain_name': 'Default', 'username': 'tempest-AttachVolumeNegativeTest-1112407139-project-member', 'project_domain_id': 'default', 'project_domain_name': 'Default', 'project_id': '6579857034e64607925c1ab0b1da8762', 'project_name': 'tempest-AttachVolumeNegativeTest-1112407139', 'tenant_id': '6579857034e64607925c1ab0b1da8762', 'tenant_name': 'tempest-AttachVolumeNegativeTest-1112407139', 'user_domain_id': 'default', 'user_domain_name': 'Default', 'user_id': '00a5a7dfe30145b38e77e8fa4e55212c', 'system': None}, Network: {'id': '51458e95-52d7-4eee-bd5d-e3c6c635e3ac', 'name': 'tempest-AttachVolumeNegativeTest-1393645796-network', 'tenant_id': '6579857034e64607925c1ab0b1da8762', 'admin_state_up': True, 'mtu': 8950, 'status': 'ACTIVE', 'subnets': [], 'shared': False, 'project_id': '6579857034e64607925c1ab0b1da8762', 'port_security_enabled': True, 'router:external': False, 'provider:network_type': 'vlan', 'provider:physical_network': 'default', 'provider:segmentation_id': 838, 'availability_zone_hints': [], 'availability_zones': [], 'ipv4_address_scope': None, 'ipv6_address_scope': None, 'description': '', 'tags': [], 'created_at': '2024-10-30T08:00:00Z', 'updated_at': '2024-10-30T08:00:00Z', 'revision_number': 1}, Subnet: {'id': '4f5cf9ee-a7a8-473c-888e-fa17a993d3ac', 'name': 'tempest-AttachVolumeNegativeTest-1393645796-subnet', 'tenant_id': '6579857034e64607925c1ab0b1da8762', 'network_id': '51458e95-52d7-4eee-bd5d-e3c6c635e3ac', 'ip_version': 4, 'subnetpool_id': None, 'enable_dhcp': True, 'ipv6_ra_mode': None, 'ipv6_address_mode': None, 'gateway_ip': '192.168.128.1', 'cidr': '192.168.128.0/28', 'allocation_pools': [{'start': '192.168.128.2', 'end': '192.168.128.14'}], 'host_routes': [], 'dns_nameservers': [], 'description': '', 'router:external': False, 'service_types': [], 'tags': [], 'created_at': '2024-10-30T08:00:01Z', 'updated_at': '2024-10-30T08:00:01Z', 'revision_number': 0, 'project_id': '6579857034e64607925c1ab0b1da8762'}, Router: {'id': 'dbe34d1c-bf4a-466c-8b48-65e5a6423a75', 'name': 'tempest-AttachVolumeNegativeTest-1393645796-router', 'tenant_id': '6579857034e64607925c1ab0b1da8762', 'admin_state_up': True, 'status': 'ACTIVE', 'external_gateway_info': {'network_id': 'b6756295-7b8c-4a8d-8e32-a884d3c5a03c', 'external_fixed_ips': [{'subnet_id': 'd1439423-e5a5-4d47-9b8a-b6c473df81b1', 'ip_address': '10.180.180.135'}], 'enable_snat': True}, 'description': '', 'availability_zones': [], 'distributed': False, 'ha': False, 'availability_zone_hints': [], 'routes': [], 'flavor_id': None, 'tags': [], 'created_at': '2024-10-30T08:00:01Z', 'updated_at': '2024-10-30T08:00:03Z', 'revision_number': 2, 'project_id': '6579857034e64607925c1ab0b1da8762'}
2024-10-30 08:00:08.413 63733 INFO tempest.lib.common.rest_client [req-9a3b615c-0171-4920-aab8-04c9cc2236db req-9a3b615c-0171-4920-aab8-04c9cc2236db ] Request (VolumesAdminNegativeTest:tearDownClass): 204 DELETE http://10.180.1.21/identity/v3/projects/e17400fb06a345d5be4930491fcb891a 0.126s
2024-10-30 08:00:08.413 63733 INFO tempest.lib.common.dynamic_creds [-] Deleting project and security group for project: 34d47f0caec044b8b836be3f52f964fc
2024-10-30 08:00:08.417 63690 INFO tempest.lib.common.rest_client [req-b56dc522-3fd2-4f16-b11f-8f6a78e8fdd5 req-b56dc522-3fd2-4f16-b11f-8f6a78e8fdd5 ] Request (FloatingIPDetailsTestJSON:tearDownClass): 204 DELETE http://10.180.1.21:9696/networking/v2.0/security-groups/8bcebcbb-397b-43e7-acf6-8fd78bfa5dfd 0.354s
2024-10-30 08:00:08.468 63724 INFO tempest.lib.common.rest_client [req-109ea9e7-9a3b-4919-849d-70790c9a2cd6 req-109ea9e7-9a3b-4919-849d-70790c9a2cd6 ] Request (AttachVolumeTestJSON:setUpClass): 201 POST http://10.180.1.21/identity/v3/users 0.148s
2024-10-30 08:00:08.520 63680 INFO tempest.lib.common.rest_client [req-d48f488a-fe3c-4f6f-b757-0fdd767ff42a req-d48f488a-fe3c-4f6f-b757-0fdd767ff42a ] Request (ServerDiskConfigTestJSON:test_update_server_from_auto_to_manual): 200 GET http://10.180.1.21/compute/v2.1/servers/efb3de2f-eec3-4ca4-a66b-88f903b171ed 0.920s
2024-10-30 08:00:08.532 63706 INFO tempest.lib.common.rest_client [req-62a73ab8-141c-4914-83af-3b900698f682 req-62a73ab8-141c-4914-83af-3b900698f682 ] Request (AttachVolumeNegativeTest:setUpClass): 201 POST http://10.180.1.21/identity/v3/auth/tokens 0.117s
2024-10-30 08:00:08.537 63690 INFO tempest.lib.common.rest_client [req-edcc237e-263e-47fe-8d6c-8a11a6e94ed9 req-edcc237e-263e-47fe-8d6c-8a11a6e94ed9 ] Request (FloatingIPDetailsTestJSON:tearDownClass): 204 DELETE http://10.180.1.21/identity/v3/projects/3002d44bf6aa4ea8a7003a037e9c93e5 0.119s
2024-10-30 08:00:08.564 63733 INFO tempest.lib.common.rest_client [req-20630fb4-7946-49e9-a975-c70ae6011279 req-20630fb4-7946-49e9-a975-c70ae6011279 ] Request (VolumesAdminNegativeTest:tearDownClass): 200 GET http://10.180.1.21:9696/networking/v2.0/security-groups?tenant_id=34d47f0caec044b8b836be3f52f964fc&name=default 0.150s
2024-10-30 08:00:08.590 63708 INFO tempest.lib.common.rest_client [req-453e2ca0-22b2-4bf4-a022-36e8bd31214e req-453e2ca0-22b2-4bf4-a022-36e8bd31214e ] Request (ListImageFiltersTestJSON:tearDownClass): 204 DELETE http://10.180.1.21/compute/v2.1/images/59052b0c-da54-4f7b-a5a9-24d0d4b37793 0.983s
2024-10-30 08:00:08.592 63724 INFO tempest.lib.common.rest_client [req-fc05d9da-d6f0-4505-bb41-0ede47b238bd req-fc05d9da-d6f0-4505-bb41-0ede47b238bd ] Request (AttachVolumeTestJSON:setUpClass): 200 GET http://10.180.1.21/identity/v3/roles 0.123s
2024-10-30 08:00:08.613 63690 INFO tempest.lib.common.rest_client [req-0eef365c-e990-4858-b2cd-c52ac2649434 req-0eef365c-e990-4858-b2cd-c52ac2649434 ] Request (ServerRescueTestJSONUnderV235:setUpClass): 201 POST http://10.180.1.21/identity/v3/auth/tokens 0.075s
2024-10-30 08:00:08.662 63724 INFO tempest.lib.common.rest_client [req-f8fbb4e6-dc33-4c66-b82c-ae618eb73a56 req-f8fbb4e6-dc33-4c66-b82c-ae618eb73a56 ] Request (AttachVolumeTestJSON:setUpClass): 204 PUT http://10.180.1.21/identity/v3/projects/52c4ab268b614402b29515a64ff52bf7/users/0f31bc350c734c8c824690a5973d6705/roles/7c8692863e784fa79020b80aac2c0f9e 0.069s
2024-10-30 08:00:08.662 63724 INFO tempest.lib.common.dynamic_creds [-] Dynamic test user 0f31bc350c734c8c824690a5973d6705 is created with scope project and roles: ['member']
2024-10-30 08:00:08.662 63724 INFO tempest.lib.common.dynamic_creds [-] Acquired dynamic creds: credentials: Credentials: {'domain_id': 'default', 'domain_name': 'Default', 'username': 'tempest-AttachVolumeTestJSON-1708911230-project-member', 'project_domain_id': 'default', 'project_domain_name': 'Default', 'project_id': '52c4ab268b614402b29515a64ff52bf7', 'project_name': 'tempest-AttachVolumeTestJSON-1708911230', 'tenant_id': '52c4ab268b614402b29515a64ff52bf7', 'tenant_name': 'tempest-AttachVolumeTestJSON-1708911230', 'user_domain_id': 'default', 'user_domain_name': 'Default', 'user_id': '0f31bc350c734c8c824690a5973d6705', 'system': None}, Network: None, Subnet: None, Router: None
2024-10-30 08:00:08.671 63708 INFO tempest.lib.common.rest_client [req-18416b1b-1586-4773-a7b2-8aa38b48c3ce req-18416b1b-1586-4773-a7b2-8aa38b48c3ce ] Request (ListImageFiltersTestJSON:tearDownClass): 204 DELETE http://10.180.1.21/identity/v3/users/0bd0e69cec20402cb10e510bdae0507e 0.081s
2024-10-30 08:00:08.672 63708 INFO tempest.lib.common.dynamic_creds [-] Deleting project and security group for project: ef20ffee0bb446b197f0fa71a9100da1
2024-10-30 08:00:08.743 63690 INFO tempest.lib.common.rest_client [req-bb99b212-e988-4974-8883-a69ab1c21341 req-bb99b212-e988-4974-8883-a69ab1c21341 ] Request (ServerRescueTestJSONUnderV235:setUpClass): 201 POST http://10.180.1.21/identity/v3/auth/tokens 0.127s
2024-10-30 08:00:08.745 63724 INFO tempest.lib.common.rest_client [req-0f775c56-98c8-4f02-9325-44b6d535cc8b req-0f775c56-98c8-4f02-9325-44b6d535cc8b ] Request (AttachVolumeTestJSON:setUpClass): 201 POST http://10.180.1.21/identity/v3/auth/tokens 0.082s
2024-10-30 08:00:08.765 63690 INFO tempest.lib.common.rest_client [req-6298c3e9-ad54-49a0-9041-584883d3935a req-6298c3e9-ad54-49a0-9041-584883d3935a ] Request (ServerRescueTestJSONUnderV235:setUpClass): 200 GET http://10.180.1.21/identity/v3/domains?name=Default 0.022s
2024-10-30 08:00:08.785 63708 INFO tempest.lib.common.rest_client [req-e46f182d-45aa-4b1a-94e0-52f0fc6e1082 req-e46f182d-45aa-4b1a-94e0-52f0fc6e1082 ] Request (ListImageFiltersTestJSON:tearDownClass): 201 POST http://10.180.1.21/identity/v3/auth/tokens 0.113s
2024-10-30 08:00:08.824 63690 INFO tempest.lib.common.rest_client [req-6617c579-a955-4f0f-9dab-f58d10893d14 req-6617c579-a955-4f0f-9dab-f58d10893d14 ] Request (ServerRescueTestJSONUnderV235:setUpClass): 201 POST http://10.180.1.21/identity/v3/projects 0.058s
2024-10-30 08:00:08.905 63690 INFO tempest.lib.common.rest_client [req-9b7e6efc-cdda-4c27-b77e-eb134f925700 req-9b7e6efc-cdda-4c27-b77e-eb134f925700 ] Request (ServerRescueTestJSONUnderV235:setUpClass): 201 POST http://10.180.1.21/identity/v3/users 0.080s
2024-10-30 08:00:08.926 63690 INFO tempest.lib.common.rest_client [req-b1d66a81-0ce8-4858-944f-6574dfc30be3 req-b1d66a81-0ce8-4858-944f-6574dfc30be3 ] Request (ServerRescueTestJSONUnderV235:setUpClass): 200 GET http://10.180.1.21/identity/v3/roles 0.021s
