2024-10-30 19:46:31.934 59896 INFO tempest.lib.common.rest_client [req-ebec02b1-e164-489a-8d88-48ad2a39d145 req-ebec02b1-e164-489a-8d88-48ad2a39d145 ] Request (ServersTestJSON:tearDownClass): 204 DELETE http://10.180.1.21/identity/v3/projects/8689e7ba4d544dfcbbdf7c864cb3f823 0.093s
2024-10-30 19:46:31.946 59846 INFO tempest.lib.common.rest_client [req-ce3c206c-7a92-4c0b-9982-5ee597b8e150 req-ce3c206c-7a92-4c0b-9982-5ee597b8e150 ] Request (ServersNegativeTestJSON:tearDownClass): 204 DELETE http://10.180.1.21:9696/networking/v2.0/networks/c4c004b5-6e89-4a01-a8be-cc716041de3d 0.493s
2024-10-30 19:46:31.975 59848 INFO tempest.lib.common.rest_client [req-b1c071a9-6bd2-4423-bf4a-65debcc528fe req-b1c071a9-6bd2-4423-bf4a-65debcc528fe ] Request (ServerRescueNegativeTestJSON:tearDownClass): 200 GET http://10.180.1.21:9696/networking/v2.0/security-groups?tenant_id=4bc70693307b45a6b50529c4f6e6fea7&name=default 0.084s
2024-10-30 19:46:32.098 59846 INFO tempest.lib.common.rest_client [req-2f5c7a93-b65a-4687-a1bd-dbc9563c26c3 req-2f5c7a93-b65a-4687-a1bd-dbc9563c26c3 ] Request (ServersNegativeTestJSON:tearDownClass): 204 DELETE http://10.180.1.21/identity/v3/users/cb6dbb7113114b0c82e93db4d79cfbe0 0.152s
2024-10-30 19:46:32.099 59846 INFO tempest.lib.common.dynamic_creds [-] Deleting project and security group for project: 31a2124656564e8897e8e6813b982363
2024-10-30 19:46:32.115 59848 INFO tempest.lib.common.rest_client [req-0b253e22-0d91-47cd-b950-67e229e0c5a0 req-0b253e22-0d91-47cd-b950-67e229e0c5a0 ] Request (ServerRescueNegativeTestJSON:tearDownClass): 204 DELETE http://10.180.1.21:9696/networking/v2.0/security-groups/e3080056-5b5f-46ed-8788-919b85787e4b 0.139s
2024-10-30 19:46:32.137 59846 INFO tempest.lib.common.rest_client [req-220c5321-9d7d-45d4-b37d-1db294cee5ed req-220c5321-9d7d-45d4-b37d-1db294cee5ed ] Request (ServersNegativeTestJSON:tearDownClass): 200 GET http://10.180.1.21:9696/networking/v2.0/security-groups?tenant_id=31a2124656564e8897e8e6813b982363&name=default 0.038s
2024-10-30 19:46:32.200 59846 INFO tempest.lib.common.rest_client [req-eed60caf-746e-4854-aa0a-8537dcca2dfa req-eed60caf-746e-4854-aa0a-8537dcca2dfa ] Request (ServersNegativeTestJSON:tearDownClass): 204 DELETE http://10.180.1.21:9696/networking/v2.0/security-groups/ca9ddc67-79fc-49b6-8746-de305d957c55 0.063s
2024-10-30 19:46:32.213 59848 INFO tempest.lib.common.rest_client [req-87532359-6834-4edc-abf1-56babfceb08c req-87532359-6834-4edc-abf1-56babfceb08c ] Request (ServerRescueNegativeTestJSON:tearDownClass): 204 DELETE http://10.180.1.21/identity/v3/projects/4bc70693307b45a6b50529c4f6e6fea7 0.097s
2024-10-30 19:46:32.310 59846 INFO tempest.lib.common.rest_client [req-90cb2e34-a756-4305-8046-be4730797c8b req-90cb2e34-a756-4305-8046-be4730797c8b ] Request (ServersNegativeTestJSON:tearDownClass): 204 DELETE http://10.180.1.21/identity/v3/projects/31a2124656564e8897e8e6813b982363 0.109s
2024-10-30 19:46:32.524 59874 INFO tempest.lib.common.rest_client [req-02b4480f-087d-4f99-8f44-745fcffa320f req-02b4480f-087d-4f99-8f44-745fcffa320f ] Request (ServersTestManualDisk:setUpClass): 201 POST http://10.180.1.21:9696/networking/v2.0/floatingips 1.232s
2024-10-30 19:46:32.527 59872 INFO tempest.lib.common.rest_client [req-de2f8caa-77ea-4fca-a2ea-3a3955179b45 req-de2f8caa-77ea-4fca-a2ea-3a3955179b45 ] Request (ServerShowV254Test:test_rebuild_server): 200 GET http://10.180.1.21/compute/v2.1/servers/620f0449-48c1-493a-a3c2-d741e032ba3e 0.071s
2024-10-30 19:46:32.536 59872 INFO tempest.common.waiters [-] State transition "BUILD/scheduling" ==> "ERROR/None" after 1 second wait
2024-10-30 19:46:32.538 59854 INFO tempest.lib.common.rest_client [req-af154198-983d-4543-8ba8-e0cd71c62f36 req-af154198-983d-4543-8ba8-e0cd71c62f36 ] Request (ServerGroupTestJSON:setUpClass): 201 POST http://10.180.1.21:9696/networking/v2.0/networks 0.729s
2024-10-30 19:46:32.602 59874 INFO tempest.lib.common.rest_client [req-9862f85a-f733-4f42-958c-f7015af2032f req-9862f85a-f733-4f42-958c-f7015af2032f ] Request (ServersTestManualDisk:setUpClass): 201 POST http://10.180.1.21/identity/v3/auth/tokens 0.074s
2024-10-30 19:46:32.602 59874 INFO tempest.lib.common.fixed_network [-] (ServersTestManualDisk:setUpClass) Found network {'id': '0bd1c1cb-6e02-4d78-8fb9-7d531f69457b', 'name': 'tempest-ServersTestManualDisk-1814653018-network', 'tenant_id': '701fb919cbc044e59caddf20f530b43a', 'admin_state_up': True, 'mtu': 8950, 'status': 'ACTIVE', 'subnets': [], 'shared': False, 'project_id': '701fb919cbc044e59caddf20f530b43a', 'port_security_enabled': True, 'router:external': False, 'provider:network_type': 'vlan', 'provider:physical_network': 'default', 'provider:segmentation_id': 235, 'is_default': False, 'availability_zone_hints': [], 'availability_zones': [], 'ipv4_address_scope': None, 'ipv6_address_scope': None, 'description': '', 'tags': [], 'created_at': '2024-10-30T19:46:22Z', 'updated_at': '2024-10-30T19:46:22Z', 'revision_number': 1} available for tenant
2024-10-30 19:46:32.674 59892 INFO tempest.lib.common.rest_client [req-39f77f80-7a0c-4dc9-a9b7-b3ebb2a544e7 req-39f77f80-7a0c-4dc9-a9b7-b3ebb2a544e7 ] Request (ServerDiskConfigTestJSON:test_rebuild_server_with_manual_disk_config): 200 GET http://10.180.1.21/compute/v2.1/servers/7e1b10c8-ead2-4c26-b8ff-d6f86f06b87d 0.081s
2024-10-30 19:46:32.685 59892 INFO tempest.common.waiters [-] State transition "BUILD/scheduling" ==> "ERROR/None" after 1 second wait
2024-10-30 19:46:32.742 59872 INFO tempest.lib.common.rest_client [req-6c379c74-1798-447b-82d9-ba598c746014 req-6c379c74-1798-447b-82d9-ba598c746014 ] Request (ServerShowV254Test:test_rebuild_server): 204 DELETE http://10.180.1.21/compute/v2.1/servers/620f0449-48c1-493a-a3c2-d741e032ba3e 0.206s
2024-10-30 19:46:32.785 59864 INFO tempest.lib.common.rest_client [req-3003e45a-41d5-48a0-a4ec-2ff83da532a8 req-3003e45a-41d5-48a0-a4ec-2ff83da532a8 ] Request (ServerGroup264TestJSON:setUpClass): 200 PUT http://10.180.1.21:9696/networking/v2.0/routers/5d9f5376-1148-4633-8846-a761f9fba2c1/add_router_interface 2.090s
2024-10-30 19:46:32.785 59864 INFO tempest.lib.common.dynamic_creds [-] Created isolated network resources for: credentials: Credentials: {'domain_id': 'default', 'domain_name': 'Default', 'username': 'tempest-ServerGroup264TestJSON-1269001668-project-member', 'project_domain_id': 'default', 'project_domain_name': 'Default', 'project_id': '27f8cf80507e4669b7b0f68fa8e18f77', 'project_name': 'tempest-ServerGroup264TestJSON-1269001668', 'tenant_id': '27f8cf80507e4669b7b0f68fa8e18f77', 'tenant_name': 'tempest-ServerGroup264TestJSON-1269001668', 'user_domain_id': 'default', 'user_domain_name': 'Default', 'user_id': '76cf1ecad8e24e3cb97c67fd6bc71436', 'system': None}, Network: {'id': 'ccf1d373-c733-461f-b15e-54a70c4d4a1e', 'name': 'tempest-ServerGroup264TestJSON-1455450857-network', 'tenant_id': '27f8cf80507e4669b7b0f68fa8e18f77', 'admin_state_up': True, 'mtu': 8950, 'status': 'ACTIVE', 'subnets': [], 'shared': False, 'project_id': '27f8cf80507e4669b7b0f68fa8e18f77', 'port_security_enabled': True, 'router:external': False, 'provider:network_type': 'vlan', 'provider:physical_network': 'default', 'provider:segmentation_id': 751, 'is_default': False, 'availability_zone_hints': [], 'availability_zones': [], 'ipv4_address_scope': None, 'ipv6_address_scope': None, 'description': '', 'tags': [], 'created_at': '2024-10-30T19:46:25Z', 'updated_at': '2024-10-30T19:46:25Z', 'revision_number': 1}, Subnet: {'id': '4de2a455-30f2-408e-aaff-2bb905d1986d', 'name': 'tempest-ServerGroup264TestJSON-1455450857-subnet', 'tenant_id': '27f8cf80507e4669b7b0f68fa8e18f77', 'network_id': 'ccf1d373-c733-461f-b15e-54a70c4d4a1e', 'ip_version': 4, 'subnetpool_id': None, 'enable_dhcp': True, 'ipv6_ra_mode': None, 'ipv6_address_mode': None, 'gateway_ip': '192.168.128.1', 'cidr': '192.168.128.0/28', 'allocation_pools': [{'start': '192.168.128.2', 'end': '192.168.128.14'}], 'host_routes': [], 'dns_nameservers': [], 'description': '', 'service_types': [], 'tags': [], 'created_at': '2024-10-30T19:46:26Z', 'updated_at': '2024-10-30T19:46:26Z', 'revision_number': 0, 'project_id': '27f8cf80507e4669b7b0f68fa8e18f77'}, Router: {'id': '5d9f5376-1148-4633-8846-a761f9fba2c1', 'name': 'tempest-ServerGroup264TestJSON-1455450857-router', 'tenant_id': '27f8cf80507e4669b7b0f68fa8e18f77', 'admin_state_up': True, 'status': 'ACTIVE', 'external_gateway_info': {'network_id': '22d695f0-7650-4918-b19b-f5224b8ba42e', 'external_fixed_ips': [{'subnet_id': '78475c85-1db0-40e6-a1c4-aa588360a14d', 'ip_address': '10.180.180.136'}], 'enable_snat': True}, 'description': '', 'availability_zones': [], 'distributed': False, 'ha': False, 'availability_zone_hints': [], 'routes': [], 'flavor_id': None, 'tags': [], 'created_at': '2024-10-30T19:46:27Z', 'updated_at': '2024-10-30T19:46:29Z', 'revision_number': 2, 'project_id': '27f8cf80507e4669b7b0f68fa8e18f77'}
2024-10-30 19:46:32.856 59864 INFO tempest.lib.common.rest_client [req-5ab34f04-a5ff-46ac-a9ab-5ace6509210b req-5ab34f04-a5ff-46ac-a9ab-5ace6509210b ] Request (ServerGroup264TestJSON:setUpClass): 201 POST http://10.180.1.21/identity/v3/auth/tokens 0.067s
2024-10-30 19:46:32.999 59902 INFO tempest.lib.common.rest_client [req-3dc7b98b-7038-44ce-826d-5084d8e7cde6 req-3dc7b98b-7038-44ce-826d-5084d8e7cde6 ] Request (ServerShowV247Test:test_update_rebuild_list_server): 200 GET http://10.180.1.21/compute/v2.1/servers/a75a3491-94b0-4754-8e42-7bf49194a022 0.374s
2024-10-30 19:46:33.014 59854 INFO tempest.lib.common.rest_client [req-efe921b3-2530-43f5-8610-bfdf13482beb req-efe921b3-2530-43f5-8610-bfdf13482beb ] Request (ServerGroupTestJSON:setUpClass): 201 POST http://10.180.1.21:9696/networking/v2.0/subnets 0.476s
2024-10-30 19:46:33.172 59892 INFO tempest.lib.common.rest_client [req-b37654ab-b7c7-4eff-a244-4335321e2258 req-b37654ab-b7c7-4eff-a244-4335321e2258 ] Request (ServerDiskConfigTestJSON:test_rebuild_server_with_manual_disk_config): 204 DELETE http://10.180.1.21/compute/v2.1/servers/7e1b10c8-ead2-4c26-b8ff-d6f86f06b87d 0.487s
2024-10-30 19:46:33.197 59872 INFO tempest.lib.common.rest_client [req-31eb9452-2ed8-4f76-a4ca-8a9e505ab1ce req-31eb9452-2ed8-4f76-a4ca-8a9e505ab1ce ] Request (ServerShowV254Test:test_rebuild_server): 404 GET http://10.180.1.21/compute/v2.1/servers/620f0449-48c1-493a-a3c2-d741e032ba3e 0.455s
2024-10-30 19:46:33.300 59872 INFO tempest.lib.common.rest_client [req-69297c09-8b81-4b3c-b56d-509d9174d601 req-69297c09-8b81-4b3c-b56d-509d9174d601 ] Request (ServerShowV254Test:tearDownClass): 204 DELETE http://10.180.1.21/identity/v3/users/dbadfe89483541a7ace2ebe8b8b1680b 0.100s
2024-10-30 19:46:33.300 59872 INFO tempest.lib.common.dynamic_creds [-] Deleting project and security group for project: ce45bdb54ba44820b2ad477b3103115b
2024-10-30 19:46:33.310 59864 INFO tempest.lib.common.rest_client [req-d77c5a1d-79cc-46be-a057-c858c58f346b req-d77c5a1d-79cc-46be-a057-c858c58f346b ] Request (ServerGroup264TestJSON:test_create_get_server_group): 200 POST http://10.180.1.21/compute/v2.1/os-server-groups 0.452s
2024-10-30 19:46:33.311 59874 INFO tempest.lib.common.rest_client [req-4c13995c-bd38-4ec8-b67e-5af2ac70eb29 req-4c13995c-bd38-4ec8-b67e-5af2ac70eb29 ] Request (ServersTestManualDisk:setUpClass): 202 POST http://10.180.1.21/compute/v2.1/servers 0.708s
2024-10-30 19:46:33.335 59892 INFO tempest.lib.common.rest_client [req-a0cac2de-e7dc-4453-adf2-975569be32ef req-a0cac2de-e7dc-4453-adf2-975569be32ef ] Request (ServerDiskConfigTestJSON:test_rebuild_server_with_manual_disk_config): 404 GET http://10.180.1.21/compute/v2.1/servers/7e1b10c8-ead2-4c26-b8ff-d6f86f06b87d 0.162s
2024-10-30 19:46:33.337 59864 INFO tempest.lib.common.rest_client [req-826598b2-da54-45e8-a345-b9d3975788d5 req-826598b2-da54-45e8-a345-b9d3975788d5 ] Request (ServerGroup264TestJSON:test_create_get_server_group): 200 GET http://10.180.1.21/compute/v2.1/os-server-groups 0.025s
2024-10-30 19:46:33.354 59864 INFO tempest.lib.common.rest_client [req-3af71973-5062-404a-b72d-e8f6acf2df9a req-3af71973-5062-404a-b72d-e8f6acf2df9a ] Request (ServerGroup264TestJSON:test_create_get_server_group): 200 GET http://10.180.1.21/compute/v2.1/os-server-groups/77245a3c-5541-4d06-a20d-2fea56c25a18 0.015s
2024-10-30 19:46:33.370 59872 INFO tempest.lib.common.rest_client [req-c000beb6-0c83-476b-aa41-861ff14a7375 req-c000beb6-0c83-476b-aa41-861ff14a7375 ] Request (ServerShowV254Test:tearDownClass): 201 POST http://10.180.1.21/identity/v3/auth/tokens 0.070s
2024-10-30 19:46:33.377 59864 INFO tempest.lib.common.rest_client [req-1b54bfec-a115-4f59-b763-4ff528ec93fb req-1b54bfec-a115-4f59-b763-4ff528ec93fb ] Request (ServerGroup264TestJSON:_run_cleanups): 204 DELETE http://10.180.1.21/compute/v2.1/os-server-groups/77245a3c-5541-4d06-a20d-2fea56c25a18 0.022s
2024-10-30 19:46:33.381 59874 INFO tempest.lib.common.rest_client [req-ef3c8acf-b409-4fee-8473-4b582c186020 req-ef3c8acf-b409-4fee-8473-4b582c186020 ] Request (ServersTestManualDisk:setUpClass): 200 GET http://10.180.1.21/compute/v2.1/servers/2d971f3f-6ea3-4ec4-809f-3e0609a3c576 0.067s
2024-10-30 19:46:33.389 59864 INFO tempest.lib.common.rest_client [req-ed018737-468e-41a2-9130-090ec5ad9241 req-ed018737-468e-41a2-9130-090ec5ad9241 ] Request (ServerGroup264TestJSON:tearDownClass): 404 DELETE http://10.180.1.21/compute/v2.1/os-server-groups/77245a3c-5541-4d06-a20d-2fea56c25a18 0.010s
2024-10-30 19:46:33.418 59892 INFO tempest.lib.common.rest_client [req-948577d3-ac88-4b42-8ea6-39c351db2ced req-948577d3-ac88-4b42-8ea6-39c351db2ced ] Request (ServerDiskConfigTestJSON:test_resize_server_from_auto_to_manual): 201 POST http://10.180.1.21/identity/v3/auth/tokens 0.077s
2024-10-30 19:46:33.418 59892 INFO tempest.lib.common.fixed_network [-] (ServerDiskConfigTestJSON:test_resize_server_from_auto_to_manual) Found network {'id': '387ab94a-5427-4253-9461-9900aa2a6e24', 'name': 'tempest-ServerDiskConfigTestJSON-453863413-network', 'tenant_id': '0ea3304c2d194557b81265d673c8b2b3', 'admin_state_up': True, 'mtu': 8950, 'status': 'ACTIVE', 'subnets': [], 'shared': False, 'project_id': '0ea3304c2d194557b81265d673c8b2b3', 'port_security_enabled': True, 'router:external': False, 'provider:network_type': 'vlan', 'provider:physical_network': 'default', 'provider:segmentation_id': 121, 'is_default': False, 'availability_zone_hints': [], 'availability_zones': [], 'ipv4_address_scope': None, 'ipv6_address_scope': None, 'description': '', 'tags': [], 'created_at': '2024-10-30T19:46:21Z', 'updated_at': '2024-10-30T19:46:21Z', 'revision_number': 1} available for tenant
2024-10-30 19:46:33.670 59872 INFO tempest.lib.common.rest_client [req-b2d3c1b7-a5e9-4a39-bf89-bea9dbe7d285 req-b2d3c1b7-a5e9-4a39-bf89-bea9dbe7d285 ] Request (ServerShowV254Test:tearDownClass): 200 GET http://10.180.1.21:9696/networking/v2.0/security-groups?tenant_id=ce45bdb54ba44820b2ad477b3103115b&name=default 0.299s
2024-10-30 19:46:33.759 59872 INFO tempest.lib.common.rest_client [req-82c1564a-7f51-4a30-b632-fd625a3a7e97 req-82c1564a-7f51-4a30-b632-fd625a3a7e97 ] Request (ServerShowV254Test:tearDownClass): 204 DELETE http://10.180.1.21:9696/networking/v2.0/security-groups/a6a97725-d1a6-4a61-8d6a-38b595c1a191 0.088s
2024-10-30 19:46:33.807 59892 INFO tempest.lib.common.rest_client [req-629b0545-82b8-4b2d-9087-1be782ec0411 req-629b0545-82b8-4b2d-9087-1be782ec0411 ] Request (ServerDiskConfigTestJSON:test_resize_server_from_auto_to_manual): 202 POST http://10.180.1.21/compute/v2.1/servers 0.388s
2024-10-30 19:46:33.846 59872 INFO tempest.lib.common.rest_client [req-6f51067d-f130-4165-ac93-716c3e383820 req-6f51067d-f130-4165-ac93-716c3e383820 ] Request (ServerShowV254Test:tearDownClass): 204 DELETE http://10.180.1.21/identity/v3/projects/ce45bdb54ba44820b2ad477b3103115b 0.087s
2024-10-30 19:46:33.866 59892 INFO tempest.lib.common.rest_client [req-3f6fd453-796a-4da5-9b4d-59d37fb38afb req-3f6fd453-796a-4da5-9b4d-59d37fb38afb ] Request (ServerDiskConfigTestJSON:test_resize_server_from_auto_to_manual): 200 GET http://10.180.1.21/compute/v2.1/servers/d76ca129-94f4-4d09-9be9-bb29fce459fd 0.057s
2024-10-30 19:46:33.925 59872 INFO tempest.lib.common.rest_client [req-80036769-001d-4ed0-af65-e5598a4eb166 req-80036769-001d-4ed0-af65-e5598a4eb166 ] Request (VolumesTestJSON:setUpClass): 201 POST http://10.180.1.21/identity/v3/auth/tokens 0.077s
2024-10-30 19:46:33.961 59872 INFO tempest.lib.common.rest_client [req-58d8344d-e124-4922-beb4-7103b3d04130 req-58d8344d-e124-4922-beb4-7103b3d04130 ] Request (VolumesTestJSON:setUpClass): 201 POST http://10.180.1.21/identity/v3/auth/tokens 0.031s
2024-10-30 19:46:33.981 59872 INFO tempest.lib.common.rest_client [req-1a910ea2-e850-4c36-8abe-e33fe28a3c1a req-1a910ea2-e850-4c36-8abe-e33fe28a3c1a ] Request (VolumesTestJSON:setUpClass): 200 GET http://10.180.1.21/identity/v3/domains?name=Default 0.019s
2024-10-30 19:46:34.013 59872 INFO tempest.lib.common.rest_client [req-0d6857e3-e330-4ea2-8088-a6cbcc97b5db req-0d6857e3-e330-4ea2-8088-a6cbcc97b5db ] Request (VolumesTestJSON:setUpClass): 201 POST http://10.180.1.21/identity/v3/projects 0.032s
2024-10-30 19:46:34.067 59902 INFO tempest.lib.common.rest_client [req-6c191298-d47e-4408-93cd-3f2eb29430d8 req-6c191298-d47e-4408-93cd-3f2eb29430d8 ] Request (ServerShowV247Test:test_update_rebuild_list_server): 200 GET http://10.180.1.21/compute/v2.1/servers/a75a3491-94b0-4754-8e42-7bf49194a022 0.059s
2024-10-30 19:46:34.080 59872 INFO tempest.lib.common.rest_client [req-fd30995b-458a-460d-b3a0-bfce976fbb85 req-fd30995b-458a-460d-b3a0-bfce976fbb85 ] Request (VolumesTestJSON:setUpClass): 201 POST http://10.180.1.21/identity/v3/users 0.066s
2024-10-30 19:46:34.104 59872 INFO tempest.lib.common.rest_client [req-3280b73c-6ab7-44ff-9ca1-c48f9ab6e192 req-3280b73c-6ab7-44ff-9ca1-c48f9ab6e192 ] Request (VolumesTestJSON:setUpClass): 200 GET http://10.180.1.21/identity/v3/roles 0.023s
2024-10-30 19:46:34.138 59872 INFO tempest.lib.common.rest_client [req-c86a2792-1653-4e22-9088-75d7fdb64aef req-c86a2792-1653-4e22-9088-75d7fdb64aef ] Request (VolumesTestJSON:setUpClass): 204 PUT http://10.180.1.21/identity/v3/projects/4553ab3f82ce4c07ad0b4eb603b9f516/users/afad7b9ec7034294b3d1ccf86138c849/roles/b238bd65f0534cd59b0d66282ef11078 0.033s
2024-10-30 19:46:34.138 59872 INFO tempest.lib.common.dynamic_creds [-] Dynamic test user afad7b9ec7034294b3d1ccf86138c849 is created with scope project and roles: ['member']
2024-10-30 19:46:34.138 59872 INFO tempest.lib.common.dynamic_creds [-] Acquired dynamic creds: credentials: Credentials: {'domain_id': 'default', 'domain_name': 'Default', 'username': 'tempest-VolumesTestJSON-156257162-project-member', 'project_domain_id': 'default', 'project_domain_name': 'Default', 'project_id': '4553ab3f82ce4c07ad0b4eb603b9f516', 'project_name': 'tempest-VolumesTestJSON-156257162', 'tenant_id': '4553ab3f82ce4c07ad0b4eb603b9f516', 'tenant_name': 'tempest-VolumesTestJSON-156257162', 'user_domain_id': 'default', 'user_domain_name': 'Default', 'user_id': 'afad7b9ec7034294b3d1ccf86138c849', 'system': None}, Network: None, Subnet: None, Router: None
2024-10-30 19:46:34.139 59872 INFO tempest.lib.common.dynamic_creds [-] Created isolated network resources for: credentials: Credentials: {'domain_id': 'default', 'domain_name': 'Default', 'username': 'tempest-VolumesTestJSON-156257162-project-member', 'project_domain_id': 'default', 'project_domain_name': 'Default', 'project_id': '4553ab3f82ce4c07ad0b4eb603b9f516', 'project_name': 'tempest-VolumesTestJSON-156257162', 'tenant_id': '4553ab3f82ce4c07ad0b4eb603b9f516', 'tenant_name': 'tempest-VolumesTestJSON-156257162', 'user_domain_id': 'default', 'user_domain_name': 'Default', 'user_id': 'afad7b9ec7034294b3d1ccf86138c849', 'system': None}, Network: None, Subnet: None, Router: None
2024-10-30 19:46:34.225 59872 INFO tempest.lib.common.rest_client [req-fb63fec0-6123-48c0-87bd-67be296bb49b req-fb63fec0-6123-48c0-87bd-67be296bb49b ] Request (VolumesTestJSON:setUpClass): 201 POST http://10.180.1.21/identity/v3/auth/tokens 0.082s
2024-10-30 19:46:34.270 59854 INFO tempest.lib.common.rest_client [req-68162785-67ae-4d32-9c25-8a9e953709a9 req-68162785-67ae-4d32-9c25-8a9e953709a9 ] Request (ServerGroupTestJSON:setUpClass): 201 POST http://10.180.1.21:9696/networking/v2.0/routers 1.255s
2024-10-30 19:46:34.429 59872 INFO tempest.lib.common.rest_client [req-ae5f7fb8-64fc-48a7-b6bc-128265553e17 req-ae5f7fb8-64fc-48a7-b6bc-128265553e17 ] Request (VolumesTestJSON:setUpClass): 202 POST http://10.180.1.21/volume/v3/4553ab3f82ce4c07ad0b4eb603b9f516/volumes 0.203s
2024-10-30 19:46:34.454 59874 INFO tempest.lib.common.rest_client [req-9faff74e-d2a8-47f2-828e-a9908d30c068 req-9faff74e-d2a8-47f2-828e-a9908d30c068 ] Request (ServersTestManualDisk:setUpClass): 200 GET http://10.180.1.21/compute/v2.1/servers/2d971f3f-6ea3-4ec4-809f-3e0609a3c576 0.063s
2024-10-30 19:46:34.460 59874 INFO tempest.common.waiters [-] State transition "BUILD/scheduling" ==> "ERROR/None" after 1 second wait
2024-10-30 19:46:34.464 59872 INFO tempest.lib.common.rest_client [req-5a683601-5911-47ea-804d-c8249cae7604 req-5a683601-5911-47ea-804d-c8249cae7604 ] Request (VolumesTestJSON:setUpClass): 200 GET http://10.180.1.21/volume/v3/4553ab3f82ce4c07ad0b4eb603b9f516/volumes/1f22182b-72de-47e6-854e-73a9dd9c60b1 0.025s
2024-10-30 19:46:34.592 59864 INFO tempest.lib.common.rest_client [req-a3f5752d-6bd2-4402-a011-f015bc89750b req-a3f5752d-6bd2-4402-a011-f015bc89750b ] Request (ServerGroup264TestJSON:tearDownClass): 200 PUT http://10.180.1.21:9696/networking/v2.0/routers/5d9f5376-1148-4633-8846-a761f9fba2c1/remove_router_interface 1.202s
2024-10-30 19:46:34.650 59874 INFO tempest.lib.common.rest_client [req-92d3ef3f-c2ec-4b2d-8971-bef44b548198 req-92d3ef3f-c2ec-4b2d-8971-bef44b548198 ] Request (ServersTestManualDisk:setUpClass): 204 DELETE http://10.180.1.21/compute/v2.1/servers/2d971f3f-6ea3-4ec4-809f-3e0609a3c576 0.189s
2024-10-30 19:46:34.670 59874 INFO tempest.lib.common.rest_client [req-668e4e7c-f9f4-438b-91f4-b7a3652048fb req-668e4e7c-f9f4-438b-91f4-b7a3652048fb ] Request (ServersTestManualDisk:setUpClass): 404 GET http://10.180.1.21/compute/v2.1/servers/2d971f3f-6ea3-4ec4-809f-3e0609a3c576 0.019s
2024-10-30 19:46:34.670 59874 INFO tempest.test [-] raised in ServersTestManualDisk.setUpClass. Invoking tearDownClass.
2024-10-30 19:46:34.691 59874 INFO tempest.lib.common.rest_client [req-eab58e71-131b-4052-9e8f-bad9edc3ed91 req-eab58e71-131b-4052-9e8f-bad9edc3ed91 ] Request (ServersTestManualDisk:tearDownClass): 202 DELETE http://10.180.1.21/compute/v2.1/os-keypairs/tempest-keypair-228960221 0.020s
2024-10-30 19:46:34.750 59874 INFO tempest.lib.common.rest_client [req-087f2356-9c73-493e-8eb1-183bb9c06dbf req-087f2356-9c73-493e-8eb1-183bb9c06dbf ] Request (ServersTestManualDisk:tearDownClass): 204 DELETE http://10.180.1.21:9696/networking/v2.0/security-groups/3262a63d-28c4-4e39-a69e-0090323218f5 0.059s
2024-10-30 19:46:34.763 59874 INFO tempest.lib.common.rest_client [req-8d8aba84-990f-4df7-a5b7-9364e1348e2b req-8d8aba84-990f-4df7-a5b7-9364e1348e2b ] Request (ServersTestManualDisk:tearDownClass): 404 GET http://10.180.1.21:9696/networking/v2.0/security-groups/3262a63d-28c4-4e39-a69e-0090323218f5 0.012s
2024-10-30 19:46:34.948 59892 INFO tempest.lib.common.rest_client [req-293487a2-ca82-4354-8d18-a58f9fc13fa5 req-293487a2-ca82-4354-8d18-a58f9fc13fa5 ] Request (ServerDiskConfigTestJSON:test_resize_server_from_auto_to_manual): 200 GET http://10.180.1.21/compute/v2.1/servers/d76ca129-94f4-4d09-9be9-bb29fce459fd 0.075s
2024-10-30 19:46:34.961 59892 INFO tempest.common.waiters [-] State transition "BUILD/scheduling" ==> "ERROR/None" after 1 second wait
2024-10-30 19:46:34.994 59874 INFO tempest.lib.common.rest_client [req-d603740f-4374-4e17-b99c-bdc48191dbe8 req-d603740f-4374-4e17-b99c-bdc48191dbe8 ] Request (ServersTestManualDisk:tearDownClass): 204 DELETE http://10.180.1.21:9696/networking/v2.0/floatingips/495e7b18-5e83-4ed4-8951-6aa06f3b5c1c 0.231s
2024-10-30 19:46:35.171 59892 INFO tempest.lib.common.rest_client [req-89088896-67de-42f1-9993-f8d5a80b9919 req-89088896-67de-42f1-9993-f8d5a80b9919 ] Request (ServerDiskConfigTestJSON:test_resize_server_from_auto_to_manual): 204 DELETE http://10.180.1.21/compute/v2.1/servers/d76ca129-94f4-4d09-9be9-bb29fce459fd 0.210s
2024-10-30 19:46:35.178 59902 INFO tempest.lib.common.rest_client [req-68b38f4e-cfe2-4dbe-8211-e0b23bd93a4f req-68b38f4e-cfe2-4dbe-8211-e0b23bd93a4f ] Request (ServerShowV247Test:test_update_rebuild_list_server): 200 GET http://10.180.1.21/compute/v2.1/servers/a75a3491-94b0-4754-8e42-7bf49194a022 0.098s
2024-10-30 19:46:35.191 59892 INFO tempest.lib.common.rest_client [req-2d24c985-c548-4009-8938-6bfd86641b03 req-2d24c985-c548-4009-8938-6bfd86641b03 ] Request (ServerDiskConfigTestJSON:test_resize_server_from_auto_to_manual): 404 GET http://10.180.1.21/compute/v2.1/servers/d76ca129-94f4-4d09-9be9-bb29fce459fd 0.019s
2024-10-30 19:46:35.211 59864 INFO tempest.lib.common.rest_client [req-69f45025-c902-45a3-8b16-4e1fe6678ce7 req-69f45025-c902-45a3-8b16-4e1fe6678ce7 ] Request (ServerGroup264TestJSON:tearDownClass): 204 DELETE http://10.180.1.21:9696/networking/v2.0/routers/5d9f5376-1148-4633-8846-a761f9fba2c1 0.619s
2024-10-30 19:46:35.262 59892 INFO tempest.lib.common.rest_client [req-4aab16af-8f8d-4c38-8de3-80089348561f req-4aab16af-8f8d-4c38-8de3-80089348561f ] Request (ServerDiskConfigTestJSON:test_resize_server_from_manual_to_auto): 201 POST http://10.180.1.21/identity/v3/auth/tokens 0.067s
2024-10-30 19:46:35.263 59892 INFO tempest.lib.common.fixed_network [-] (ServerDiskConfigTestJSON:test_resize_server_from_manual_to_auto) Found network {'id': '387ab94a-5427-4253-9461-9900aa2a6e24', 'name': 'tempest-ServerDiskConfigTestJSON-453863413-network', 'tenant_id': '0ea3304c2d194557b81265d673c8b2b3', 'admin_state_up': True, 'mtu': 8950, 'status': 'ACTIVE', 'subnets': [], 'shared': False, 'project_id': '0ea3304c2d194557b81265d673c8b2b3', 'port_security_enabled': True, 'router:external': False, 'provider:network_type': 'vlan', 'provider:physical_network': 'default', 'provider:segmentation_id': 121, 'is_default': False, 'availability_zone_hints': [], 'availability_zones': [], 'ipv4_address_scope': None, 'ipv6_address_scope': None, 'description': '', 'tags': [], 'created_at': '2024-10-30T19:46:21Z', 'updated_at': '2024-10-30T19:46:21Z', 'revision_number': 1} available for tenant
2024-10-30 19:46:35.444 59864 INFO tempest.lib.common.rest_client [req-8ee6f291-a833-4783-b229-8886d5e1332f req-8ee6f291-a833-4783-b229-8886d5e1332f ] Request (ServerGroup264TestJSON:tearDownClass): 204 DELETE http://10.180.1.21:9696/networking/v2.0/subnets/4de2a455-30f2-408e-aaff-2bb905d1986d 0.233s
2024-10-30 19:46:35.512 59872 INFO tempest.lib.common.rest_client [req-3ccc01af-2abb-4e83-9aeb-739e59b08c30 req-3ccc01af-2abb-4e83-9aeb-739e59b08c30 ] Request (VolumesTestJSON:setUpClass): 200 GET http://10.180.1.21/volume/v3/4553ab3f82ce4c07ad0b4eb603b9f516/volumes/1f22182b-72de-47e6-854e-73a9dd9c60b1 0.041s
2024-10-30 19:46:35.525 59872 INFO tempest.common.waiters [-] volume 1f22182b-72de-47e6-854e-73a9dd9c60b1 reached available after waiting for 1.525332 seconds
2024-10-30 19:46:35.567 59872 INFO tempest.lib.common.rest_client [req-8422baf0-8943-490d-8d54-506015141a5e req-8422baf0-8943-490d-8d54-506015141a5e ] Request (VolumesTestJSON:setUpClass): 200 GET http://10.180.1.21/compute/v2.1/os-volumes/1f22182b-72de-47e6-854e-73a9dd9c60b1 0.041s
2024-10-30 19:46:35.702 59872 INFO tempest.lib.common.rest_client [req-5c5a942f-9577-4145-a0f8-cda4d1ed7806 req-5c5a942f-9577-4145-a0f8-cda4d1ed7806 ] Request (VolumesTestJSON:setUpClass): 202 POST http://10.180.1.21/volume/v3/4553ab3f82ce4c07ad0b4eb603b9f516/volumes 0.132s
2024-10-30 19:46:35.748 59872 INFO tempest.lib.common.rest_client [req-281a4a66-f19f-4990-9fcc-72c9eabbbc65 req-281a4a66-f19f-4990-9fcc-72c9eabbbc65 ] Request (VolumesTestJSON:setUpClass): 200 GET http://10.180.1.21/volume/v3/4553ab3f82ce4c07ad0b4eb603b9f516/volumes/c5b1e429-88f8-4e37-be2a-a17fe850bee9 0.041s
2024-10-30 19:46:35.865 59854 INFO tempest.lib.common.rest_client [req-7efe62e9-18bd-4def-96cc-01a88d3a19b8 req-7efe62e9-18bd-4def-96cc-01a88d3a19b8 ] Request (ServerGroupTestJSON:setUpClass): 200 PUT http://10.180.1.21:9696/networking/v2.0/routers/2c854cca-a9b2-46e3-a051-92c1b2a83d57/add_router_interface 1.594s
2024-10-30 19:46:35.865 59854 INFO tempest.lib.common.dynamic_creds [-] Created isolated network resources for: credentials: Credentials: {'domain_id': 'default', 'domain_name': 'Default', 'username': 'tempest-ServerGroupTestJSON-1094726720-project-member', 'project_domain_id': 'default', 'project_domain_name': 'Default', 'project_id': 'ae4b67fb213041519d0408dd0ad47e83', 'project_name': 'tempest-ServerGroupTestJSON-1094726720', 'tenant_id': 'ae4b67fb213041519d0408dd0ad47e83', 'tenant_name': 'tempest-ServerGroupTestJSON-1094726720', 'user_domain_id': 'default', 'user_domain_name': 'Default', 'user_id': '5ff0683b529f4652bdfdeb3229844dab', 'system': None}, Network: {'id': '79dc5c15-a5a7-4228-8ee8-87306a315f87', 'name': 'tempest-ServerGroupTestJSON-444594631-network', 'tenant_id': 'ae4b67fb213041519d0408dd0ad47e83', 'admin_state_up': True, 'mtu': 8950, 'status': 'ACTIVE', 'subnets': [], 'shared': False, 'project_id': 'ae4b67fb213041519d0408dd0ad47e83', 'port_security_enabled': True, 'router:external': False, 'provider:network_type': 'vlan', 'provider:physical_network': 'default', 'provider:segmentation_id': 227, 'is_default': False, 'availability_zone_hints': [], 'availability_zones': [], 'ipv4_address_scope': None, 'ipv6_address_scope': None, 'description': '', 'tags': [], 'created_at': '2024-10-30T19:46:32Z', 'updated_at': '2024-10-30T19:46:32Z', 'revision_number': 1}, Subnet: {'id': '9aff5e2e-bfcc-45cb-9df0-6e86b40e38b7', 'name': 'tempest-ServerGroupTestJSON-444594631-subnet', 'tenant_id': 'ae4b67fb213041519d0408dd0ad47e83', 'network_id': '79dc5c15-a5a7-4228-8ee8-87306a315f87', 'ip_version': 4, 'subnetpool_id': None, 'enable_dhcp': True, 'ipv6_ra_mode': None, 'ipv6_address_mode': None, 'gateway_ip': '192.168.128.1', 'cidr': '192.168.128.0/28', 'allocation_pools': [{'start': '192.168.128.2', 'end': '192.168.128.14'}], 'host_routes': [], 'dns_nameservers': [], 'description': '', 'service_types': [], 'tags': [], 'created_at': '2024-10-30T19:46:32Z', 'updated_at': '2024-10-30T19:46:32Z', 'revision_number': 0, 'project_id': 'ae4b67fb213041519d0408dd0ad47e83'}, Router: {'id': '2c854cca-a9b2-46e3-a051-92c1b2a83d57', 'name': 'tempest-ServerGroupTestJSON-444594631-router', 'tenant_id': 'ae4b67fb213041519d0408dd0ad47e83', 'admin_state_up': True, 'status': 'ACTIVE', 'external_gateway_info': {'network_id': '22d695f0-7650-4918-b19b-f5224b8ba42e', 'external_fixed_ips': [{'subnet_id': '78475c85-1db0-40e6-a1c4-aa588360a14d', 'ip_address': '10.180.180.132'}], 'enable_snat': True}, 'description': '', 'availability_zones': [], 'distributed': False, 'ha': False, 'availability_zone_hints': [], 'routes': [], 'flavor_id': None, 'tags': [], 'created_at': '2024-10-30T19:46:33Z', 'updated_at': '2024-10-30T19:46:33Z', 'revision_number': 2, 'project_id': 'ae4b67fb213041519d0408dd0ad47e83'}
2024-10-30 19:46:35.957 59874 INFO tempest.lib.common.rest_client [req-4b427325-eea6-4e64-9cc7-6dafc08c54b7 req-4b427325-eea6-4e64-9cc7-6dafc08c54b7 ] Request (ServersTestManualDisk:tearDownClass): 200 PUT http://10.180.1.21:9696/networking/v2.0/routers/4281670b-f06b-4d9c-b94a-a6ae98c2430e/remove_router_interface 0.962s
2024-10-30 19:46:35.961 59854 INFO tempest.lib.common.rest_client [req-a68d02b2-679d-4522-983a-a89ed2a95c4f req-a68d02b2-679d-4522-983a-a89ed2a95c4f ] Request (ServerGroupTestJSON:setUpClass): 201 POST http://10.180.1.21/identity/v3/auth/tokens 0.093s
2024-10-30 19:46:35.972 59892 INFO tempest.lib.common.rest_client [req-149dd1ee-56f3-40da-9df3-c27288e71b32 req-149dd1ee-56f3-40da-9df3-c27288e71b32 ] Request (ServerDiskConfigTestJSON:test_resize_server_from_manual_to_auto): 202 POST http://10.180.1.21/compute/v2.1/servers 0.708s
2024-10-30 19:46:36.005 59864 INFO tempest.lib.common.rest_client [req-2f8e34d8-29cc-4bc9-944d-d5efc8a996d7 req-2f8e34d8-29cc-4bc9-944d-d5efc8a996d7 ] Request (ServerGroup264TestJSON:tearDownClass): 204 DELETE http://10.180.1.21:9696/networking/v2.0/networks/ccf1d373-c733-461f-b15e-54a70c4d4a1e 0.560s
2024-10-30 19:46:36.034 59892 INFO tempest.lib.common.rest_client [req-e359af97-3d34-4f52-b06e-878eb15d15e5 req-e359af97-3d34-4f52-b06e-878eb15d15e5 ] Request (ServerDiskConfigTestJSON:test_resize_server_from_manual_to_auto): 200 GET http://10.180.1.21/compute/v2.1/servers/9f6a7260-2a24-40fe-8263-faef96b3800a 0.061s
2024-10-30 19:46:36.095 59854 INFO tempest.lib.common.rest_client [req-f660f5ea-2142-4b4b-8986-ccbdb94edb56 req-f660f5ea-2142-4b4b-8986-ccbdb94edb56 ] Request (ServerGroupTestJSON:setUp): 200 POST http://10.180.1.21/compute/v2.1/os-server-groups 0.133s
2024-10-30 19:46:36.144 59864 INFO tempest.lib.common.rest_client [req-4b839706-3ca2-402d-83ae-e5c34cf89af5 req-4b839706-3ca2-402d-83ae-e5c34cf89af5 ] Request (ServerGroup264TestJSON:tearDownClass): 204 DELETE http://10.180.1.21/identity/v3/users/76cf1ecad8e24e3cb97c67fd6bc71436 0.138s
2024-10-30 19:46:36.144 59864 INFO tempest.lib.common.dynamic_creds [-] Deleting project and security group for project: 27f8cf80507e4669b7b0f68fa8e18f77
2024-10-30 19:46:36.155 59854 INFO tempest.lib.common.rest_client [req-8af6767d-5d7a-4a75-9a2d-6092aa785c66 req-8af6767d-5d7a-4a75-9a2d-6092aa785c66 ] Request (ServerGroupTestJSON:test_create_delete_multiple_server_groups_with_same_name_policy): 200 POST http://10.180.1.21/compute/v2.1/os-server-groups 0.059s
2024-10-30 19:46:36.182 59864 INFO tempest.lib.common.rest_client [req-5647da06-2681-41dd-ac33-40f4f71f7e70 req-5647da06-2681-41dd-ac33-40f4f71f7e70 ] Request (ServerGroup264TestJSON:tearDownClass): 200 GET http://10.180.1.21:9696/networking/v2.0/security-groups?tenant_id=27f8cf80507e4669b7b0f68fa8e18f77&name=default 0.038s
2024-10-30 19:46:36.206 59854 INFO tempest.lib.common.rest_client [req-28f4c6f0-b71b-46c0-acc5-af62d0a87507 req-28f4c6f0-b71b-46c0-acc5-af62d0a87507 ] Request (ServerGroupTestJSON:test_create_delete_multiple_server_groups_with_same_name_policy): 200 POST http://10.180.1.21/compute/v2.1/os-server-groups 0.050s
2024-10-30 19:46:36.238 59854 INFO tempest.lib.common.rest_client [req-cfe349da-b9c0-4495-a2f4-ca26b63ce1fb req-cfe349da-b9c0-4495-a2f4-ca26b63ce1fb ] Request (ServerGroupTestJSON:test_create_delete_multiple_server_groups_with_same_name_policy): 204 DELETE http://10.180.1.21/compute/v2.1/os-server-groups/abb354e9-4d30-4feb-8d0f-3a7e997d0743 0.030s
2024-10-30 19:46:36.249 59902 INFO tempest.lib.common.rest_client [req-80127f99-3fdd-4c77-b5ec-7472d92a585d req-80127f99-3fdd-4c77-b5ec-7472d92a585d ] Request (ServerShowV247Test:test_update_rebuild_list_server): 200 GET http://10.180.1.21/compute/v2.1/servers/a75a3491-94b0-4754-8e42-7bf49194a022 0.060s
2024-10-30 19:46:36.254 59854 INFO tempest.lib.common.rest_client [req-df5de224-eb89-4b29-98dc-5c6a68cd2fb2 req-df5de224-eb89-4b29-98dc-5c6a68cd2fb2 ] Request (ServerGroupTestJSON:test_create_delete_multiple_server_groups_with_same_name_policy): 200 GET http://10.180.1.21/compute/v2.1/os-server-groups 0.015s
2024-10-30 19:46:36.267 59864 INFO tempest.lib.common.rest_client [req-9954014b-f50a-4794-9c12-08f1141728ff req-9954014b-f50a-4794-9c12-08f1141728ff ] Request (ServerGroup264TestJSON:tearDownClass): 204 DELETE http://10.180.1.21:9696/networking/v2.0/security-groups/d3f9a55a-f5e2-43b5-b45a-4aa4b06d4bd6 0.084s
2024-10-30 19:46:36.284 59854 INFO tempest.lib.common.rest_client [req-a10471f8-343c-4480-8ef8-3c56bcb4491b req-a10471f8-343c-4480-8ef8-3c56bcb4491b ] Request (ServerGroupTestJSON:test_create_delete_multiple_server_groups_with_same_name_policy): 204 DELETE http://10.180.1.21/compute/v2.1/os-server-groups/1ea2faa7-eaf5-40c9-a55f-60adcea1e629 0.026s
2024-10-30 19:46:36.299 59854 INFO tempest.lib.common.rest_client [req-9045c5c2-3fdd-42c1-a881-b1b43c52773d req-9045c5c2-3fdd-42c1-a881-b1b43c52773d ] Request (ServerGroupTestJSON:test_create_delete_multiple_server_groups_with_same_name_policy): 200 GET http://10.180.1.21/compute/v2.1/os-server-groups 0.014s
2024-10-30 19:46:36.340 59874 INFO tempest.lib.common.rest_client [req-a1f7a576-a052-488a-95d6-fd443d583101 req-a1f7a576-a052-488a-95d6-fd443d583101 ] Request (ServersTestManualDisk:tearDownClass): 204 DELETE http://10.180.1.21:9696/networking/v2.0/routers/4281670b-f06b-4d9c-b94a-a6ae98c2430e 0.383s
2024-10-30 19:46:36.358 59854 INFO tempest.lib.common.rest_client [req-b5188c95-ebad-41ea-9101-2e4525d4d8d2 req-b5188c95-ebad-41ea-9101-2e4525d4d8d2 ] Request (ServerGroupTestJSON:test_create_delete_server_group_with_affinity_policy): 200 POST http://10.180.1.21/compute/v2.1/os-server-groups 0.056s
2024-10-30 19:46:36.368 59864 INFO tempest.lib.common.rest_client [req-b43e9aec-7ca6-4a69-b4b7-c4021a1e4f80 req-b43e9aec-7ca6-4a69-b4b7-c4021a1e4f80 ] Request (ServerGroup264TestJSON:tearDownClass): 204 DELETE http://10.180.1.21/identity/v3/projects/27f8cf80507e4669b7b0f68fa8e18f77 0.100s
2024-10-30 19:46:36.380 59854 INFO tempest.lib.common.rest_client [req-29069eae-90b4-4cfe-815a-9b1dbf54b082 req-29069eae-90b4-4cfe-815a-9b1dbf54b082 ] Request (ServerGroupTestJSON:test_create_delete_server_group_with_affinity_policy): 204 DELETE http://10.180.1.21/compute/v2.1/os-server-groups/97645043-62e7-4f08-836d-fa257d5c8204 0.020s
2024-10-30 19:46:36.391 59854 INFO tempest.lib.common.rest_client [req-06305fd0-af98-4769-99ee-187c2f050d81 req-06305fd0-af98-4769-99ee-187c2f050d81 ] Request (ServerGroupTestJSON:test_create_delete_server_group_with_affinity_policy): 200 GET http://10.180.1.21/compute/v2.1/os-server-groups 0.011s
2024-10-30 19:46:36.427 59864 INFO tempest.lib.common.rest_client [req-5c6b98ad-7f1a-40c3-8885-52c80d459947 req-5c6b98ad-7f1a-40c3-8885-52c80d459947 ] Request (ExtensionsTest:setUpClass): 201 POST http://10.180.1.21/identity/v3/auth/tokens 0.057s
2024-10-30 19:46:36.441 59854 INFO tempest.lib.common.rest_client [req-615efa41-9a66-4d23-b959-04b8382e4c03 req-615efa41-9a66-4d23-b959-04b8382e4c03 ] Request (ServerGroupTestJSON:test_create_delete_server_group_with_anti_affinity_policy): 200 POST http://10.180.1.21/compute/v2.1/os-server-groups 0.047s
2024-10-30 19:46:36.461 59854 INFO tempest.lib.common.rest_client [req-80e27021-450a-43c3-87eb-12d7142fd620 req-80e27021-450a-43c3-87eb-12d7142fd620 ] Request (ServerGroupTestJSON:test_create_delete_server_group_with_anti_affinity_policy): 204 DELETE http://10.180.1.21/compute/v2.1/os-server-groups/1878ea92-a4fd-4afb-8766-8bec070f102b 0.018s
2024-10-30 19:46:36.464 59874 INFO tempest.lib.common.rest_client [req-ddac0585-e1c0-4784-84fa-25fbff8de42a req-ddac0585-e1c0-4784-84fa-25fbff8de42a ] Request (ServersTestManualDisk:tearDownClass): 204 DELETE http://10.180.1.21:9696/networking/v2.0/subnets/6cbf9ffd-7c68-4375-93ff-bc81e047c582 0.123s
2024-10-30 19:46:36.465 59864 INFO tempest.lib.common.rest_client [req-b48e021c-a610-4297-954f-d21f2aee5f36 req-b48e021c-a610-4297-954f-d21f2aee5f36 ] Request (ExtensionsTest:setUpClass): 201 POST http://10.180.1.21/identity/v3/auth/tokens 0.035s
2024-10-30 19:46:36.477 59854 INFO tempest.lib.common.rest_client [req-c5548754-ad2b-45f1-b6d5-ee594e36c115 req-c5548754-ad2b-45f1-b6d5-ee594e36c115 ] Request (ServerGroupTestJSON:test_create_delete_server_group_with_anti_affinity_policy): 200 GET http://10.180.1.21/compute/v2.1/os-server-groups 0.015s
2024-10-30 19:46:36.489 59864 INFO tempest.lib.common.rest_client [req-8496cece-7c05-4e57-8ed0-3b5399143e2c req-8496cece-7c05-4e57-8ed0-3b5399143e2c ] Request (ExtensionsTest:setUpClass): 200 GET http://10.180.1.21/identity/v3/domains?name=Default 0.024s
2024-10-30 19:46:36.535 59864 INFO tempest.lib.common.rest_client [req-b7ce2f0c-0b21-4097-9f62-3f5220459872 req-b7ce2f0c-0b21-4097-9f62-3f5220459872 ] Request (ExtensionsTest:setUpClass): 201 POST http://10.180.1.21/identity/v3/projects 0.045s
2024-10-30 19:46:36.551 59854 INFO tempest.lib.common.rest_client [req-7f982c64-cad5-4a12-9742-22be082f3cee req-7f982c64-cad5-4a12-9742-22be082f3cee ] Request (ServerGroupTestJSON:test_create_server_with_scheduler_hint_group): 201 POST http://10.180.1.21/identity/v3/auth/tokens 0.065s
2024-10-30 19:46:36.551 59854 INFO tempest.lib.common.fixed_network [-] (ServerGroupTestJSON:test_create_server_with_scheduler_hint_group) Found network {'id': '79dc5c15-a5a7-4228-8ee8-87306a315f87', 'name': 'tempest-ServerGroupTestJSON-444594631-network', 'tenant_id': 'ae4b67fb213041519d0408dd0ad47e83', 'admin_state_up': True, 'mtu': 8950, 'status': 'ACTIVE', 'subnets': [], 'shared': False, 'project_id': 'ae4b67fb213041519d0408dd0ad47e83', 'port_security_enabled': True, 'router:external': False, 'provider:network_type': 'vlan', 'provider:physical_network': 'default', 'provider:segmentation_id': 227, 'is_default': False, 'availability_zone_hints': [], 'availability_zones': [], 'ipv4_address_scope': None, 'ipv6_address_scope': None, 'description': '', 'tags': [], 'created_at': '2024-10-30T19:46:32Z', 'updated_at': '2024-10-30T19:46:32Z', 'revision_number': 1} available for tenant
2024-10-30 19:46:36.597 59864 INFO tempest.lib.common.rest_client [req-48e21b02-49e5-48a2-825c-23aebcaf9205 req-48e21b02-49e5-48a2-825c-23aebcaf9205 ] Request (ExtensionsTest:setUpClass): 201 POST http://10.180.1.21/identity/v3/users 0.062s
2024-10-30 19:46:36.621 59864 INFO tempest.lib.common.rest_client [req-52cea374-0007-4bcb-93b6-822220aa37ab req-52cea374-0007-4bcb-93b6-822220aa37ab ] Request (ExtensionsTest:setUpClass): 200 GET http://10.180.1.21/identity/v3/roles 0.023s
2024-10-30 19:46:36.656 59864 INFO tempest.lib.common.rest_client [req-81d00c59-2532-46e9-a283-687a494023d2 req-81d00c59-2532-46e9-a283-687a494023d2 ] Request (ExtensionsTest:setUpClass): 204 PUT http://10.180.1.21/identity/v3/projects/b3ba1c8e90094dea91030d581203941a/users/c3c9eae68cf94cdcb52b3f4df8e89a63/roles/b238bd65f0534cd59b0d66282ef11078 0.035s
2024-10-30 19:46:36.657 59864 INFO tempest.lib.common.dynamic_creds [-] Dynamic test user c3c9eae68cf94cdcb52b3f4df8e89a63 is created with scope project and roles: ['member']
2024-10-30 19:46:36.657 59864 INFO tempest.lib.common.dynamic_creds [-] Acquired dynamic creds: credentials: Credentials: {'domain_id': 'default', 'domain_name': 'Default', 'username': 'tempest-ExtensionsTest-134063870-project-member', 'project_domain_id': 'default', 'project_domain_name': 'Default', 'project_id': 'b3ba1c8e90094dea91030d581203941a', 'project_name': 'tempest-ExtensionsTest-134063870', 'tenant_id': 'b3ba1c8e90094dea91030d581203941a', 'tenant_name': 'tempest-ExtensionsTest-134063870', 'user_domain_id': 'default', 'user_domain_name': 'Default', 'user_id': 'c3c9eae68cf94cdcb52b3f4df8e89a63', 'system': None}, Network: None, Subnet: None, Router: None
2024-10-30 19:46:36.657 59864 INFO tempest.lib.common.dynamic_creds [-] Created isolated network resources for: credentials: Credentials: {'domain_id': 'default', 'domain_name': 'Default', 'username': 'tempest-ExtensionsTest-134063870-project-member', 'project_domain_id': 'default', 'project_domain_name': 'Default', 'project_id': 'b3ba1c8e90094dea91030d581203941a', 'project_name': 'tempest-ExtensionsTest-134063870', 'tenant_id': 'b3ba1c8e90094dea91030d581203941a', 'tenant_name': 'tempest-ExtensionsTest-134063870', 'user_domain_id': 'default', 'user_domain_name': 'Default', 'user_id': 'c3c9eae68cf94cdcb52b3f4df8e89a63', 'system': None}, Network: None, Subnet: None, Router: None
2024-10-30 19:46:36.731 59874 INFO tempest.lib.common.rest_client [req-a5e6de38-ee60-459e-a383-f6b8ab2ad6d2 req-a5e6de38-ee60-459e-a383-f6b8ab2ad6d2 ] Request (ServersTestManualDisk:tearDownClass): 204 DELETE http://10.180.1.21:9696/networking/v2.0/networks/0bd1c1cb-6e02-4d78-8fb9-7d531f69457b 0.267s
2024-10-30 19:46:36.733 59864 INFO tempest.lib.common.rest_client [req-bdbb82f9-2ed0-4e59-82cb-0ae1d2ce5364 req-bdbb82f9-2ed0-4e59-82cb-0ae1d2ce5364 ] Request (ExtensionsTest:setUpClass): 201 POST http://10.180.1.21/identity/v3/auth/tokens 0.073s
2024-10-30 19:46:36.780 59872 INFO tempest.lib.common.rest_client [req-780c5e9a-1761-4786-afe3-233c5a0d1d46 req-780c5e9a-1761-4786-afe3-233c5a0d1d46 ] Request (VolumesTestJSON:setUpClass): 200 GET http://10.180.1.21/volume/v3/4553ab3f82ce4c07ad0b4eb603b9f516/volumes/c5b1e429-88f8-4e37-be2a-a17fe850bee9 0.026s
2024-10-30 19:46:36.786 59872 INFO tempest.common.waiters [-] volume c5b1e429-88f8-4e37-be2a-a17fe850bee9 reached available after waiting for 1.786571 seconds
2024-10-30 19:46:36.805 59864 INFO tempest.lib.common.rest_client [req-f54189cb-edfe-4d9f-b0e0-d6f6b93ec853 req-f54189cb-edfe-4d9f-b0e0-d6f6b93ec853 ] Request (ExtensionsTest:test_get_extension): 200 GET http://10.180.1.21/compute/v2.1/extensions/os-consoles 0.071s
2024-10-30 19:46:36.833 59874 INFO tempest.lib.common.rest_client [req-2e4dbd4d-fba5-40d4-8d18-700b9f3cdf08 req-2e4dbd4d-fba5-40d4-8d18-700b9f3cdf08 ] Request (ServersTestManualDisk:tearDownClass): 204 DELETE http://10.180.1.21/identity/v3/users/408cff70ecb2406d8b94e55d6176aebd 0.101s
2024-10-30 19:46:36.833 59874 INFO tempest.lib.common.dynamic_creds [-] Deleting project and security group for project: 701fb919cbc044e59caddf20f530b43a
2024-10-30 19:46:36.834 59872 INFO tempest.lib.common.rest_client [req-cb9603c0-899e-47ba-8216-ca3aebfa1879 req-cb9603c0-899e-47ba-8216-ca3aebfa1879 ] Request (VolumesTestJSON:setUpClass): 200 GET http://10.180.1.21/compute/v2.1/os-volumes/c5b1e429-88f8-4e37-be2a-a17fe850bee9 0.047s
2024-10-30 19:46:36.838 59864 INFO tempest.lib.common.rest_client [req-656410f6-3bb7-44b6-ab32-be0e3f243b29 req-656410f6-3bb7-44b6-ab32-be0e3f243b29 ] Request (ExtensionsTest:test_list_extensions): 200 GET http://10.180.1.21/compute/v2.1/extensions 0.031s
2024-10-30 19:46:36.864 59874 INFO tempest.lib.common.rest_client [req-13c12f58-c6bc-45a1-98f1-f408b6e8a8d8 req-13c12f58-c6bc-45a1-98f1-f408b6e8a8d8 ] Request (ServersTestManualDisk:tearDownClass): 200 GET http://10.180.1.21:9696/networking/v2.0/security-groups?tenant_id=701fb919cbc044e59caddf20f530b43a&name=default 0.030s
2024-10-30 19:46:36.926 59874 INFO tempest.lib.common.rest_client [req-679f499d-1a7a-433c-894f-4489153007df req-679f499d-1a7a-433c-894f-4489153007df ] Request (ServersTestManualDisk:tearDownClass): 204 DELETE http://10.180.1.21:9696/networking/v2.0/security-groups/cfa4556d-5add-4c39-8c78-af49de0c2e27 0.062s
2024-10-30 19:46:36.934 59864 INFO tempest.lib.common.rest_client [req-e2b15a6b-c6d3-45b3-9558-27a5d3bcfeca req-e2b15a6b-c6d3-45b3-9558-27a5d3bcfeca ] Request (ExtensionsTest:tearDownClass): 204 DELETE http://10.180.1.21/identity/v3/users/c3c9eae68cf94cdcb52b3f4df8e89a63 0.080s
2024-10-30 19:46:36.934 59864 INFO tempest.lib.common.dynamic_creds [-] Deleting project and security group for project: b3ba1c8e90094dea91030d581203941a
2024-10-30 19:46:36.944 59872 INFO tempest.lib.common.rest_client [req-4db45858-80b7-4365-a4db-3b7306f6a332 req-4db45858-80b7-4365-a4db-3b7306f6a332 ] Request (VolumesTestJSON:setUpClass): 202 POST http://10.180.1.21/volume/v3/4553ab3f82ce4c07ad0b4eb603b9f516/volumes 0.107s
2024-10-30 19:46:36.965 59854 INFO tempest.lib.common.rest_client [req-7708b3dc-3c0a-4916-88de-0c9dfdf12633 req-7708b3dc-3c0a-4916-88de-0c9dfdf12633 ] Request (ServerGroupTestJSON:test_create_server_with_scheduler_hint_group): 202 POST http://10.180.1.21/compute/v2.1/servers 0.413s
2024-10-30 19:46:36.973 59872 INFO tempest.lib.common.rest_client [req-b29b99af-0b7c-4eca-965e-95ce0a398ecc req-b29b99af-0b7c-4eca-965e-95ce0a398ecc ] Request (VolumesTestJSON:setUpClass): 200 GET http://10.180.1.21/volume/v3/4553ab3f82ce4c07ad0b4eb603b9f516/volumes/475aa283-d9f8-4f1d-ad28-27145137dc50 0.024s
2024-10-30 19:46:36.994 59864 INFO tempest.lib.common.rest_client [req-e77c7f84-cb25-4a0f-9c9f-130bd022842f req-e77c7f84-cb25-4a0f-9c9f-130bd022842f ] Request (ExtensionsTest:tearDownClass): 201 POST http://10.180.1.21/identity/v3/auth/tokens 0.059s
2024-10-30 19:46:37.013 59854 INFO tempest.lib.common.rest_client [req-538b0cb6-ee16-47ea-b9f0-a41aaacb7ed4 req-538b0cb6-ee16-47ea-b9f0-a41aaacb7ed4 ] Request (ServerGroupTestJSON:test_create_server_with_scheduler_hint_group): 200 GET http://10.180.1.21/compute/v2.1/servers/1f21a36e-f3b1-4f08-a9a7-eefabf614b89 0.046s
2024-10-30 19:46:37.036 59874 INFO tempest.lib.common.rest_client [req-f63b73b4-4edb-41d6-b141-3283b2e4d82e req-f63b73b4-4edb-41d6-b141-3283b2e4d82e ] Request (ServersTestManualDisk:tearDownClass): 204 DELETE http://10.180.1.21/identity/v3/projects/701fb919cbc044e59caddf20f530b43a 0.109s
2024-10-30 19:46:37.099 59874 INFO tempest.lib.common.rest_client [req-bf56cb31-8085-4d79-b8c8-b639672408dc req-bf56cb31-8085-4d79-b8c8-b639672408dc ] Request (TestVersions:setUpClass): 201 POST http://10.180.1.21/identity/v3/auth/tokens 0.060s
2024-10-30 19:46:37.106 59892 INFO tempest.lib.common.rest_client [req-fe3c0afb-4663-4e5a-b8aa-9be44f750dc0 req-fe3c0afb-4663-4e5a-b8aa-9be44f750dc0 ] Request (ServerDiskConfigTestJSON:test_resize_server_from_manual_to_auto): 200 GET http://10.180.1.21/compute/v2.1/servers/9f6a7260-2a24-40fe-8263-faef96b3800a 0.061s
2024-10-30 19:46:37.116 59892 INFO tempest.common.waiters [-] State transition "BUILD/scheduling" ==> "ERROR/None" after 1 second wait
2024-10-30 19:46:37.131 59874 INFO tempest.lib.common.rest_client [req-56b33bec-cf06-4518-8f4a-8059ecbdd1d0 req-56b33bec-cf06-4518-8f4a-8059ecbdd1d0 ] Request (TestVersions:setUpClass): 201 POST http://10.180.1.21/identity/v3/auth/tokens 0.029s
2024-10-30 19:46:37.151 59874 INFO tempest.lib.common.rest_client [req-e28b209d-4fd0-439c-941b-9820be9c899a req-e28b209d-4fd0-439c-941b-9820be9c899a ] Request (TestVersions:setUpClass): 200 GET http://10.180.1.21/identity/v3/domains?name=Default 0.020s
2024-10-30 19:46:37.178 59874 INFO tempest.lib.common.rest_client [req-d601d3c0-5502-49af-840b-0f3f06ed7514 req-d601d3c0-5502-49af-840b-0f3f06ed7514 ] Request (TestVersions:setUpClass): 201 POST http://10.180.1.21/identity/v3/projects 0.026s
