2024-10-30 19:44:05.950 59904 INFO tempest.lib.common.rest_client [req-3b746d21-42e7-47c3-9dcc-21cd8060f127 req-3b746d21-42e7-47c3-9dcc-21cd8060f127 ] Request (ServicesAdminNegativeV253TestJSON:setUpClass): 201 POST http://10.180.1.21/identity/v3/auth/tokens 0.217s
2024-10-30 19:44:05.961 59870 INFO tempest.lib.common.rest_client [req-bb26fabf-ff63-41fa-be30-09569ceba60b req-bb26fabf-ff63-41fa-be30-09569ceba60b ] Request (AttachInterfacesUnderV243Test:setUpClass): 201 POST http://10.180.1.21/identity/v3/auth/tokens 0.227s
2024-10-30 19:44:05.985 59856 INFO tempest.lib.common.rest_client [req-83bb5d39-d4d2-4963-bf32-c68a8e9fbf57 req-83bb5d39-d4d2-4963-bf32-c68a8e9fbf57 ] Request (SecurityGroupsNegativeTestJSON:setUpClass): 201 POST http://10.180.1.21/identity/v3/auth/tokens 0.215s
2024-10-30 19:44:05.990 59864 INFO tempest.lib.common.rest_client [req-a534eb64-d0d6-4803-a5d0-04a88e381b09 req-a534eb64-d0d6-4803-a5d0-04a88e381b09 ] Request (ValidationResourcesFixture:setUp): 201 POST http://10.180.1.21:9696/networking/v2.0/security-group-rules 0.359s
2024-10-30 19:44:06.006 59890 INFO tempest.lib.common.rest_client [req-652f1e5e-86e6-44ef-a191-65f39bd38ce3 req-652f1e5e-86e6-44ef-a191-65f39bd38ce3 ] Request (ImagesMetadataTestJSON:test_update_image_metadata): 200 POST http://10.180.1.21/compute/v2.1/images/75b7f694-87aa-4130-9618-77c53f2a3420/metadata 1.680s
2024-10-30 19:44:06.010 59866 INFO tempest.lib.common.rest_client [req-b530b551-85c6-422a-9d29-5deb6b32e94b req-b530b551-85c6-422a-9d29-5deb6b32e94b ] Request (ListServersNegativeTestJSON:setUpClass): 201 POST http://10.180.1.21/identity/v3/auth/tokens 0.217s
2024-10-30 19:44:06.031 59858 INFO tempest.lib.common.rest_client [req-f806ead3-c62f-4715-ac9c-b5a40bdd158d req-f806ead3-c62f-4715-ac9c-b5a40bdd158d ] Request (ImagesDeleteNegativeTestJSON:tearDownClass): 204 DELETE http://10.180.1.21/identity/v3/users/a7fbddf8ab7e45e0a61021bbd8d3b700 0.287s
2024-10-30 19:44:06.032 59858 INFO tempest.lib.common.dynamic_creds [-] Deleting project and security group for project: 8ea40ef3bd9940e287c3fd8a4ba3e8da
2024-10-30 19:44:06.054 59886 INFO tempest.lib.common.rest_client [req-6c924962-b215-42d0-a926-83ca521b0803 req-6c924962-b215-42d0-a926-83ca521b0803 ] Request (FloatingIPsTestJSON:tearDownClass): 204 DELETE http://10.180.1.21:9696/networking/v2.0/security-groups/b6bd46ac-a9d9-4d22-ab5e-9351d720c71f 0.381s
2024-10-30 19:44:06.065 59896 INFO tempest.lib.common.rest_client [req-9750855b-0232-406f-b35d-24110c3d0dff req-9750855b-0232-406f-b35d-24110c3d0dff ] Request (FloatingIPDetailsNegativeTestJSON:tearDownClass): 204 DELETE http://10.180.1.21/identity/v3/projects/4678748e4cd440379382004f63160d4b 0.212s
2024-10-30 19:44:06.086 59884 INFO tempest.lib.common.rest_client [req-21665cc5-391d-4b55-91be-f4077847f21e req-21665cc5-391d-4b55-91be-f4077847f21e ] Request (InstanceActionsTestJSON:setUpClass): 201 POST http://10.180.1.21/identity/v3/auth/tokens 0.204s
2024-10-30 19:44:06.108 59908 INFO tempest.lib.common.rest_client [req-ebd592ec-0b80-4ae1-a109-0c3c73b934d5 req-ebd592ec-0b80-4ae1-a109-0c3c73b934d5 ] Request (FloatingIPsAssociationNegativeTestJSON:setUpClass): 201 POST http://10.180.1.21/identity/v3/auth/tokens 0.199s
2024-10-30 19:44:06.128 59904 INFO tempest.lib.common.rest_client [req-cf2c85ee-ad80-4d6c-9a90-10a6fbc6ac6f req-cf2c85ee-ad80-4d6c-9a90-10a6fbc6ac6f ] Request (ServicesAdminNegativeV253TestJSON:setUpClass): 200 GET http://10.180.1.21/identity/v3/domains?name=Default 0.177s
2024-10-30 19:44:06.130 59900 INFO tempest.lib.common.rest_client [req-ed480bf1-f74e-40b5-a35a-788dfad02c4d req-ed480bf1-f74e-40b5-a35a-788dfad02c4d ] Request (ServersAaction247Test:test_create_backup): 200 GET http://10.180.1.21/compute/v2.1/servers/ede2bc3e-4e4a-43b4-a31c-8d3ff6ccaf0e 1.641s
2024-10-30 19:44:06.150 59866 INFO tempest.lib.common.rest_client [req-d319fdc0-ddf5-4e66-8c6c-7e6ef15325d4 req-d319fdc0-ddf5-4e66-8c6c-7e6ef15325d4 ] Request (ListServersNegativeTestJSON:setUpClass): 201 POST http://10.180.1.21/identity/v3/auth/tokens 0.134s
2024-10-30 19:44:06.156 59888 INFO tempest.lib.common.rest_client [req-e8e02bd8-2c26-4b08-9d9d-8fa724c26b44 req-e8e02bd8-2c26-4b08-9d9d-8fa724c26b44 ] Request (HypervisorAdminNegativeTestJSON:tearDownClass): 204 DELETE http://10.180.1.21/identity/v3/users/2d79a1e895f04f5b90e882393a66eff7 0.256s
2024-10-30 19:44:06.156 59888 INFO tempest.lib.common.dynamic_creds [-] Deleting project and security group for project: ccd4162e6a26498d972d19a40bac1bef
2024-10-30 19:44:06.200 59858 INFO tempest.lib.common.rest_client [req-71e5fd26-3715-44df-ba61-550e7a8c3c9a req-71e5fd26-3715-44df-ba61-550e7a8c3c9a ] Request (ImagesDeleteNegativeTestJSON:tearDownClass): 201 POST http://10.180.1.21/identity/v3/auth/tokens 0.168s
2024-10-30 19:44:06.205 59856 INFO tempest.lib.common.rest_client [req-8627b766-3b0b-4791-9e7e-dec37a52fa8f req-8627b766-3b0b-4791-9e7e-dec37a52fa8f ] Request (SecurityGroupsNegativeTestJSON:setUpClass): 201 POST http://10.180.1.21/identity/v3/auth/tokens 0.167s
2024-10-30 19:44:06.230 59896 INFO tempest.lib.common.rest_client [req-74bc35bc-d0db-4383-b873-cf30db21f86a req-74bc35bc-d0db-4383-b873-cf30db21f86a ] Request (ServerTagsTestJSON:setUpClass): 201 POST http://10.180.1.21/identity/v3/auth/tokens 0.164s
2024-10-30 19:44:06.258 59886 INFO tempest.lib.common.rest_client [req-b858fb63-044d-4290-9c2f-67fffdbef011 req-b858fb63-044d-4290-9c2f-67fffdbef011 ] Request (FloatingIPsTestJSON:tearDownClass): 204 DELETE http://10.180.1.21/identity/v3/projects/e67a896e093747f68ccb10b52e9a50b5 0.204s
2024-10-30 19:44:06.279 59884 INFO tempest.lib.common.rest_client [req-75f8fde6-cbac-49e6-b723-d85690b51c3f req-75f8fde6-cbac-49e6-b723-d85690b51c3f ] Request (InstanceActionsTestJSON:setUpClass): 200 GET http://10.180.1.21/identity/v3/domains?name=Default 0.193s
2024-10-30 19:44:06.305 59908 INFO tempest.lib.common.rest_client [req-b0254721-9f62-4ccb-9138-6125a0a94e90 req-b0254721-9f62-4ccb-9138-6125a0a94e90 ] Request (FloatingIPsAssociationNegativeTestJSON:setUpClass): 200 GET http://10.180.1.21/identity/v3/domains?name=Default 0.196s
2024-10-30 19:44:06.306 59904 INFO tempest.lib.common.rest_client [req-3c7a53e8-845d-4e93-96e4-d70c02cab108 req-3c7a53e8-845d-4e93-96e4-d70c02cab108 ] Request (ServicesAdminNegativeV253TestJSON:setUpClass): 201 POST http://10.180.1.21/identity/v3/projects 0.177s
2024-10-30 19:44:06.342 59894 INFO tempest.lib.common.rest_client [req-559adb92-8aaa-4355-bcb0-38fe3a2b8b48 req-559adb92-8aaa-4355-bcb0-38fe3a2b8b48 ] Request (AttachVolumeNegativeTest:setUpClass): 201 POST http://10.180.1.21:9696/networking/v2.0/subnets 1.613s
2024-10-30 19:44:06.355 59866 INFO tempest.lib.common.rest_client [req-c03d1c0e-b754-49f5-80bb-7fb7bacb7123 req-c03d1c0e-b754-49f5-80bb-7fb7bacb7123 ] Request (ListServersNegativeTestJSON:setUpClass): 200 GET http://10.180.1.21/identity/v3/domains?name=Default 0.204s
2024-10-30 19:44:06.357 59906 INFO tempest.lib.common.rest_client [req-ebef15fe-a83d-4642-b89d-b1bc30d79c75 req-ebef15fe-a83d-4642-b89d-b1bc30d79c75 ] Request (ServersV294TestFqdnHostnames:tearDownClass): 200 PUT http://10.180.1.21:9696/networking/v2.0/routers/e26c2efa-9841-4509-8741-2db4323ed317/remove_router_interface 5.622s
2024-10-30 19:44:06.360 59888 INFO tempest.lib.common.rest_client [req-aabe9b59-6f78-4162-9c8e-91d9361df999 req-aabe9b59-6f78-4162-9c8e-91d9361df999 ] Request (HypervisorAdminNegativeTestJSON:tearDownClass): 201 POST http://10.180.1.21/identity/v3/auth/tokens 0.204s
2024-10-30 19:44:06.378 59856 INFO tempest.lib.common.rest_client [req-96de41b9-eb14-41b6-a34e-e6a60883f8f1 req-96de41b9-eb14-41b6-a34e-e6a60883f8f1 ] Request (SecurityGroupsNegativeTestJSON:setUpClass): 200 GET http://10.180.1.21/identity/v3/domains?name=Default 0.172s
2024-10-30 19:44:06.407 59896 INFO tempest.lib.common.rest_client [req-7a063327-f103-4959-8176-9118e63e3352 req-7a063327-f103-4959-8176-9118e63e3352 ] Request (ServerTagsTestJSON:setUpClass): 201 POST http://10.180.1.21/identity/v3/auth/tokens 0.174s
2024-10-30 19:44:06.432 59886 INFO tempest.lib.common.rest_client [req-02404f79-b673-457b-8755-f3fa61a376b5 req-02404f79-b673-457b-8755-f3fa61a376b5 ] Request (FloatingIPDetailsTestJSON:setUpClass): 201 POST http://10.180.1.21/identity/v3/auth/tokens 0.171s
2024-10-30 19:44:06.450 59884 INFO tempest.lib.common.rest_client [req-80c1f656-c6cb-41cb-9aee-69bd7ec2e40d req-80c1f656-c6cb-41cb-9aee-69bd7ec2e40d ] Request (InstanceActionsTestJSON:setUpClass): 201 POST http://10.180.1.21/identity/v3/projects 0.170s
2024-10-30 19:44:06.461 59904 INFO tempest.lib.common.rest_client [req-1942b0f0-3ae4-4e7c-ae63-aab62d69bf8c req-1942b0f0-3ae4-4e7c-ae63-aab62d69bf8c ] Request (ServicesAdminNegativeV253TestJSON:setUpClass): 201 POST http://10.180.1.21/identity/v3/users 0.155s
2024-10-30 19:44:06.524 59866 INFO tempest.lib.common.rest_client [req-368f31db-99a4-4f65-954c-b7428b6a905b req-368f31db-99a4-4f65-954c-b7428b6a905b ] Request (ListServersNegativeTestJSON:setUpClass): 201 POST http://10.180.1.21/identity/v3/projects 0.168s
2024-10-30 19:44:06.529 59908 INFO tempest.lib.common.rest_client [req-af84d6bd-48ad-4d1c-805c-5e4d95b167c4 req-af84d6bd-48ad-4d1c-805c-5e4d95b167c4 ] Request (FloatingIPsAssociationNegativeTestJSON:setUpClass): 201 POST http://10.180.1.21/identity/v3/projects 0.223s
2024-10-30 19:44:06.614 59846 INFO tempest.lib.common.rest_client [req-66a72aa7-8f75-40d2-91ef-a9e70cf2be59 req-66a72aa7-8f75-40d2-91ef-a9e70cf2be59 ] Request (ServersTestMultiNic:test_verify_duplicate_network_nics): 200 GET http://10.180.1.21/compute/v2.1/servers/10fc8044-6912-412f-9b84-50efb0e9a398 1.558s
2024-10-30 19:44:06.624 59856 INFO tempest.lib.common.rest_client [req-581f23fb-0513-4c98-b9a7-59f18c52be40 req-581f23fb-0513-4c98-b9a7-59f18c52be40 ] Request (SecurityGroupsNegativeTestJSON:setUpClass): 201 POST http://10.180.1.21/identity/v3/projects 0.246s
2024-10-30 19:44:06.663 59896 INFO tempest.lib.common.rest_client [req-4ca39e18-4b9d-4e2c-8f45-1bd8e2e94e3a req-4ca39e18-4b9d-4e2c-8f45-1bd8e2e94e3a ] Request (ServerTagsTestJSON:setUpClass): 200 GET http://10.180.1.21/identity/v3/domains?name=Default 0.256s
2024-10-30 19:44:06.680 59886 INFO tempest.lib.common.rest_client [req-c2a769c2-78bf-4b6f-8a97-533a9c64709d req-c2a769c2-78bf-4b6f-8a97-533a9c64709d ] Request (FloatingIPDetailsTestJSON:setUpClass): 201 POST http://10.180.1.21/identity/v3/auth/tokens 0.246s
2024-10-30 19:44:06.690 59884 INFO tempest.lib.common.rest_client [req-68b233f0-0a81-41ec-bb31-93083a47221a req-68b233f0-0a81-41ec-bb31-93083a47221a ] Request (InstanceActionsTestJSON:setUpClass): 201 POST http://10.180.1.21/identity/v3/users 0.238s
2024-10-30 19:44:06.696 59904 INFO tempest.lib.common.rest_client [req-ab327310-5235-43cb-ac5f-6f63a809f059 req-ab327310-5235-43cb-ac5f-6f63a809f059 ] Request (ServicesAdminNegativeV253TestJSON:setUpClass): 200 GET http://10.180.1.21/identity/v3/roles 0.234s
2024-10-30 19:44:06.715 59866 INFO tempest.lib.common.rest_client [req-67279835-91d5-4301-874c-b825a8ce6a7c req-67279835-91d5-4301-874c-b825a8ce6a7c ] Request (ListServersNegativeTestJSON:setUpClass): 201 POST http://10.180.1.21/identity/v3/users 0.191s
2024-10-30 19:44:06.720 59908 INFO tempest.lib.common.rest_client [req-2af6dd1f-199f-4dff-8260-4a6e86ba62df req-2af6dd1f-199f-4dff-8260-4a6e86ba62df ] Request (FloatingIPsAssociationNegativeTestJSON:setUpClass): 201 POST http://10.180.1.21/identity/v3/users 0.190s
2024-10-30 19:44:06.740 59856 INFO tempest.lib.common.rest_client [req-2ce3d6b9-305e-4e18-9488-c4684be7b4ae req-2ce3d6b9-305e-4e18-9488-c4684be7b4ae ] Request (SecurityGroupsNegativeTestJSON:setUpClass): 201 POST http://10.180.1.21/identity/v3/users 0.115s
2024-10-30 19:44:06.747 59896 INFO tempest.lib.common.rest_client [req-76f2ddaf-62ac-4e31-8f76-ec6d4001ee61 req-76f2ddaf-62ac-4e31-8f76-ec6d4001ee61 ] Request (ServerTagsTestJSON:setUpClass): 201 POST http://10.180.1.21/identity/v3/projects 0.083s
2024-10-30 19:44:06.759 59886 INFO tempest.lib.common.rest_client [req-13cffc57-ce23-4327-90f1-760e38bea142 req-13cffc57-ce23-4327-90f1-760e38bea142 ] Request (FloatingIPDetailsTestJSON:setUpClass): 200 GET http://10.180.1.21/identity/v3/domains?name=Default 0.078s
2024-10-30 19:44:06.790 59884 INFO tempest.lib.common.rest_client [req-7366c43d-384b-42af-888c-e5e98c55bc41 req-7366c43d-384b-42af-888c-e5e98c55bc41 ] Request (InstanceActionsTestJSON:setUpClass): 200 GET http://10.180.1.21/identity/v3/roles 0.100s
2024-10-30 19:44:06.806 59866 INFO tempest.lib.common.rest_client [req-1898a16f-6522-4c3b-81b8-8a5c1557ead8 req-1898a16f-6522-4c3b-81b8-8a5c1557ead8 ] Request (ListServersNegativeTestJSON:setUpClass): 200 GET http://10.180.1.21/identity/v3/roles 0.090s
2024-10-30 19:44:06.822 59904 INFO tempest.lib.common.rest_client [req-4762702d-2ed0-404f-afe0-cc938c58d9be req-4762702d-2ed0-404f-afe0-cc938c58d9be ] Request (ServicesAdminNegativeV253TestJSON:setUpClass): 204 PUT http://10.180.1.21/identity/v3/projects/0b05ad8cd62b4b14979699a27e72944e/users/476d4a7130a6487faa5f95a04eed343a/roles/b238bd65f0534cd59b0d66282ef11078 0.125s
2024-10-30 19:44:06.822 59904 INFO tempest.lib.common.dynamic_creds [-] Dynamic test user 476d4a7130a6487faa5f95a04eed343a is created with scope project and roles: ['member']
2024-10-30 19:44:06.822 59904 INFO tempest.lib.common.dynamic_creds [-] Acquired dynamic creds: credentials: Credentials: {'domain_id': 'default', 'domain_name': 'Default', 'username': 'tempest-ServicesAdminNegativeV253TestJSON-506155573-project-member', 'project_domain_id': 'default', 'project_domain_name': 'Default', 'project_id': '0b05ad8cd62b4b14979699a27e72944e', 'project_name': 'tempest-ServicesAdminNegativeV253TestJSON-506155573', 'tenant_id': '0b05ad8cd62b4b14979699a27e72944e', 'tenant_name': 'tempest-ServicesAdminNegativeV253TestJSON-506155573', 'user_domain_id': 'default', 'user_domain_name': 'Default', 'user_id': '476d4a7130a6487faa5f95a04eed343a', 'system': None}, Network: None, Subnet: None, Router: None
2024-10-30 19:44:06.822 59904 INFO tempest.lib.common.dynamic_creds [-] Created isolated network resources for: credentials: Credentials: {'domain_id': 'default', 'domain_name': 'Default', 'username': 'tempest-ServicesAdminNegativeV253TestJSON-506155573-project-member', 'project_domain_id': 'default', 'project_domain_name': 'Default', 'project_id': '0b05ad8cd62b4b14979699a27e72944e', 'project_name': 'tempest-ServicesAdminNegativeV253TestJSON-506155573', 'tenant_id': '0b05ad8cd62b4b14979699a27e72944e', 'tenant_name': 'tempest-ServicesAdminNegativeV253TestJSON-506155573', 'user_domain_id': 'default', 'user_domain_name': 'Default', 'user_id': '476d4a7130a6487faa5f95a04eed343a', 'system': None}, Network: None, Subnet: None, Router: None
2024-10-30 19:44:06.826 59908 INFO tempest.lib.common.rest_client [req-38d91fd0-681d-4c59-9dbb-eb670b1acc37 req-38d91fd0-681d-4c59-9dbb-eb670b1acc37 ] Request (FloatingIPsAssociationNegativeTestJSON:setUpClass): 200 GET http://10.180.1.21/identity/v3/roles 0.105s
2024-10-30 19:44:06.860 59902 INFO tempest.lib.common.rest_client [req-66dd64f9-d3a9-468d-b250-58dc7cb11e8e req-66dd64f9-d3a9-468d-b250-58dc7cb11e8e ] Request (VolumesAssistedSnapshotsTest:test_volume_assisted_snapshot_create_delete): 202 POST http://10.180.1.21/compute/v2.1/servers 2.769s
2024-10-30 19:44:06.867 59856 INFO tempest.lib.common.rest_client [req-eb6b2a31-10a2-4dcf-865c-76cf6c22f59e req-eb6b2a31-10a2-4dcf-865c-76cf6c22f59e ] Request (SecurityGroupsNegativeTestJSON:setUpClass): 200 GET http://10.180.1.21/identity/v3/roles 0.127s
2024-10-30 19:44:06.891 59896 INFO tempest.lib.common.rest_client [req-bfcafe67-aeb6-4a68-881a-d01649904529 req-bfcafe67-aeb6-4a68-881a-d01649904529 ] Request (ServerTagsTestJSON:setUpClass): 201 POST http://10.180.1.21/identity/v3/users 0.143s
2024-10-30 19:44:06.896 59892 INFO tempest.lib.common.rest_client [req-a3fa7e74-63cc-4c3c-aaf2-5d4794151cf2 req-a3fa7e74-63cc-4c3c-aaf2-5d4794151cf2 ] Request (ValidationResourcesFixture:setUp): 201 POST http://10.180.1.21:9696/networking/v2.0/floatingips 3.183s
2024-10-30 19:44:06.904 59886 INFO tempest.lib.common.rest_client [req-9e6b91d7-2dab-4506-93d6-a4d1022c4430 req-9e6b91d7-2dab-4506-93d6-a4d1022c4430 ] Request (FloatingIPDetailsTestJSON:setUpClass): 201 POST http://10.180.1.21/identity/v3/projects 0.144s
2024-10-30 19:44:06.954 59884 INFO tempest.lib.common.rest_client [req-201196e5-934e-478b-b3dd-aab46fdcc5cd req-201196e5-934e-478b-b3dd-aab46fdcc5cd ] Request (InstanceActionsTestJSON:setUpClass): 204 PUT http://10.180.1.21/identity/v3/projects/2dc841a510184b9ca659c60f1592f58e/users/5d050757c6444944b5c0896e3967856f/roles/b238bd65f0534cd59b0d66282ef11078 0.163s
2024-10-30 19:44:06.954 59884 INFO tempest.lib.common.dynamic_creds [-] Dynamic test user 5d050757c6444944b5c0896e3967856f is created with scope project and roles: ['member']
2024-10-30 19:44:06.954 59884 INFO tempest.lib.common.dynamic_creds [-] Acquired dynamic creds: credentials: Credentials: {'domain_id': 'default', 'domain_name': 'Default', 'username': 'tempest-InstanceActionsTestJSON-50949956-project-member', 'project_domain_id': 'default', 'project_domain_name': 'Default', 'project_id': '2dc841a510184b9ca659c60f1592f58e', 'project_name': 'tempest-InstanceActionsTestJSON-50949956', 'tenant_id': '2dc841a510184b9ca659c60f1592f58e', 'tenant_name': 'tempest-InstanceActionsTestJSON-50949956', 'user_domain_id': 'default', 'user_domain_name': 'Default', 'user_id': '5d050757c6444944b5c0896e3967856f', 'system': None}, Network: None, Subnet: None, Router: None
2024-10-30 19:44:06.974 59866 INFO tempest.lib.common.rest_client [req-25a707b6-6ffe-468f-a637-2d25005f8133 req-25a707b6-6ffe-468f-a637-2d25005f8133 ] Request (ListServersNegativeTestJSON:setUpClass): 204 PUT http://10.180.1.21/identity/v3/projects/b6989e151d3a4d27af3ffc2891497891/users/fc29286ab7cc4820bb45036ac09d7fa9/roles/b238bd65f0534cd59b0d66282ef11078 0.167s
2024-10-30 19:44:06.974 59866 INFO tempest.lib.common.dynamic_creds [-] Dynamic test user fc29286ab7cc4820bb45036ac09d7fa9 is created with scope project and roles: ['member']
2024-10-30 19:44:06.974 59866 INFO tempest.lib.common.dynamic_creds [-] Acquired dynamic creds: credentials: Credentials: {'domain_id': 'default', 'domain_name': 'Default', 'username': 'tempest-ListServersNegativeTestJSON-1833845881-project-member', 'project_domain_id': 'default', 'project_domain_name': 'Default', 'project_id': 'b6989e151d3a4d27af3ffc2891497891', 'project_name': 'tempest-ListServersNegativeTestJSON-1833845881', 'tenant_id': 'b6989e151d3a4d27af3ffc2891497891', 'tenant_name': 'tempest-ListServersNegativeTestJSON-1833845881', 'user_domain_id': 'default', 'user_domain_name': 'Default', 'user_id': 'fc29286ab7cc4820bb45036ac09d7fa9', 'system': None}, Network: None, Subnet: None, Router: None
2024-10-30 19:44:07.008 59888 INFO tempest.lib.common.rest_client [req-c1c624a2-afa8-4317-96b2-22895b5d93d4 req-c1c624a2-afa8-4317-96b2-22895b5d93d4 ] Request (HypervisorAdminNegativeTestJSON:tearDownClass): 200 GET http://10.180.1.21:9696/networking/v2.0/security-groups?tenant_id=ccd4162e6a26498d972d19a40bac1bef&name=default 0.647s
2024-10-30 19:44:07.028 59858 INFO tempest.lib.common.rest_client [req-4db195b7-9bb3-4635-9dc8-081ab77ff842 req-4db195b7-9bb3-4635-9dc8-081ab77ff842 ] Request (ImagesDeleteNegativeTestJSON:tearDownClass): 200 GET http://10.180.1.21:9696/networking/v2.0/security-groups?tenant_id=8ea40ef3bd9940e287c3fd8a4ba3e8da&name=default 0.828s
2024-10-30 19:44:07.039 59908 INFO tempest.lib.common.rest_client [req-bbe3965f-6271-439a-8fb4-1ccb9c56839f req-bbe3965f-6271-439a-8fb4-1ccb9c56839f ] Request (FloatingIPsAssociationNegativeTestJSON:setUpClass): 204 PUT http://10.180.1.21/identity/v3/projects/91a7c87dbb264a98bab21a1d5df6e3f8/users/7d05407679ba4aed8adc0e702adb2986/roles/b238bd65f0534cd59b0d66282ef11078 0.213s
2024-10-30 19:44:07.040 59908 INFO tempest.lib.common.dynamic_creds [-] Dynamic test user 7d05407679ba4aed8adc0e702adb2986 is created with scope project and roles: ['member']
2024-10-30 19:44:07.040 59908 INFO tempest.lib.common.dynamic_creds [-] Acquired dynamic creds: credentials: Credentials: {'domain_id': 'default', 'domain_name': 'Default', 'username': 'tempest-FloatingIPsAssociationNegativeTestJSON-1669177020-project-member', 'project_domain_id': 'default', 'project_domain_name': 'Default', 'project_id': '91a7c87dbb264a98bab21a1d5df6e3f8', 'project_name': 'tempest-FloatingIPsAssociationNegativeTestJSON-1669177020', 'tenant_id': '91a7c87dbb264a98bab21a1d5df6e3f8', 'tenant_name': 'tempest-FloatingIPsAssociationNegativeTestJSON-1669177020', 'user_domain_id': 'default', 'user_domain_name': 'Default', 'user_id': '7d05407679ba4aed8adc0e702adb2986', 'system': None}, Network: None, Subnet: None, Router: None
2024-10-30 19:44:07.051 59904 INFO tempest.lib.common.rest_client [req-6ecd563d-6dde-4fc8-83b6-d618a8686fb1 req-6ecd563d-6dde-4fc8-83b6-d618a8686fb1 ] Request (ServicesAdminNegativeV253TestJSON:setUpClass): 201 POST http://10.180.1.21/identity/v3/auth/tokens 0.223s
2024-10-30 19:44:07.098 59856 INFO tempest.lib.common.rest_client [req-1ee7dbb8-e6c0-435e-ade8-9704a1e3a70f req-1ee7dbb8-e6c0-435e-ade8-9704a1e3a70f ] Request (SecurityGroupsNegativeTestJSON:setUpClass): 204 PUT http://10.180.1.21/identity/v3/projects/58a8501b25e04e55912ba47d1bb6eb44/users/bbc7bb31d86d46f392fc22e019f8af56/roles/b238bd65f0534cd59b0d66282ef11078 0.230s
2024-10-30 19:44:07.098 59856 INFO tempest.lib.common.dynamic_creds [-] Dynamic test user bbc7bb31d86d46f392fc22e019f8af56 is created with scope project and roles: ['member']
2024-10-30 19:44:07.098 59856 INFO tempest.lib.common.dynamic_creds [-] Acquired dynamic creds: credentials: Credentials: {'domain_id': 'default', 'domain_name': 'Default', 'username': 'tempest-SecurityGroupsNegativeTestJSON-1350752532-project-member', 'project_domain_id': 'default', 'project_domain_name': 'Default', 'project_id': '58a8501b25e04e55912ba47d1bb6eb44', 'project_name': 'tempest-SecurityGroupsNegativeTestJSON-1350752532', 'tenant_id': '58a8501b25e04e55912ba47d1bb6eb44', 'tenant_name': 'tempest-SecurityGroupsNegativeTestJSON-1350752532', 'user_domain_id': 'default', 'user_domain_name': 'Default', 'user_id': 'bbc7bb31d86d46f392fc22e019f8af56', 'system': None}, Network: None, Subnet: None, Router: None
2024-10-30 19:44:07.115 59896 INFO tempest.lib.common.rest_client [req-98033bfe-b963-4f7a-8776-ebdd57796775 req-98033bfe-b963-4f7a-8776-ebdd57796775 ] Request (ServerTagsTestJSON:setUpClass): 200 GET http://10.180.1.21/identity/v3/roles 0.224s
2024-10-30 19:44:07.123 59852 INFO tempest.lib.common.rest_client [req-fccaa1d0-4f23-429d-9846-0049007406fb req-fccaa1d0-4f23-429d-9846-0049007406fb ] Request (MigrationsAdminTest:test_resize_server_revert_deleted_flavor): 204 DELETE http://10.180.1.21/compute/v2.1/servers/ce1dc0d1-a5fc-4fe4-b6f1-71d3d5c35a26 1.664s
2024-10-30 19:44:07.153 59886 INFO tempest.lib.common.rest_client [req-8766f0d7-161d-47af-8dfc-6968282ca840 req-8766f0d7-161d-47af-8dfc-6968282ca840 ] Request (FloatingIPDetailsTestJSON:setUpClass): 201 POST http://10.180.1.21/identity/v3/users 0.248s
2024-10-30 19:44:07.163 59892 INFO tempest.lib.common.rest_client [req-f9b8a0ac-4255-4d54-bec2-f448d9d8a950 req-f9b8a0ac-4255-4d54-bec2-f448d9d8a950 ] Request (ServersWithSpecificFlavorTestJSON:test_verify_created_server_ephemeral_disk): 201 POST http://10.180.1.21/identity/v3/auth/tokens 0.211s
2024-10-30 19:44:07.164 59892 INFO tempest.lib.common.fixed_network [-] (ServersWithSpecificFlavorTestJSON:test_verify_created_server_ephemeral_disk) Found network {'id': 'e0d7f58e-49d1-4a62-a40f-3a2466358578', 'name': 'tempest-ServersWithSpecificFlavorTestJSON-522844513-network', 'tenant_id': 'e043df27ef7e4db4806dfc009c3329c9', 'admin_state_up': True, 'mtu': 8950, 'status': 'ACTIVE', 'subnets': [], 'shared': False, 'project_id': 'e043df27ef7e4db4806dfc009c3329c9', 'port_security_enabled': True, 'router:external': False, 'provider:network_type': 'vlan', 'provider:physical_network': 'default', 'provider:segmentation_id': 204, 'is_default': False, 'availability_zone_hints': [], 'availability_zones': [], 'ipv4_address_scope': None, 'ipv6_address_scope': None, 'description': '', 'tags': [], 'created_at': '2024-10-30T19:43:26Z', 'updated_at': '2024-10-30T19:43:26Z', 'revision_number': 1} available for tenant
2024-10-30 19:44:07.171 59884 INFO tempest.lib.common.rest_client [req-581ae009-2873-4cf5-87ca-cede8b30961b req-581ae009-2873-4cf5-87ca-cede8b30961b ] Request (InstanceActionsTestJSON:setUpClass): 201 POST http://10.180.1.21/identity/v3/auth/tokens 0.216s
2024-10-30 19:44:07.187 59866 INFO tempest.lib.common.rest_client [req-58a3a50f-ed00-4af4-aaba-7a0ff42be09c req-58a3a50f-ed00-4af4-aaba-7a0ff42be09c ] Request (ListServersNegativeTestJSON:setUpClass): 201 POST http://10.180.1.21/identity/v3/auth/tokens 0.213s
2024-10-30 19:44:07.197 59908 INFO tempest.lib.common.rest_client [req-a2dfb6b2-2f8c-4924-bccd-5a72b94b11aa req-a2dfb6b2-2f8c-4924-bccd-5a72b94b11aa ] Request (FloatingIPsAssociationNegativeTestJSON:setUpClass): 201 POST http://10.180.1.21/identity/v3/auth/tokens 0.157s
2024-10-30 19:44:07.218 59872 INFO tempest.lib.common.rest_client [req-c39a1d75-4730-421f-9f23-db8e5d01bc6b req-c39a1d75-4730-421f-9f23-db8e5d01bc6b ] Request (SecurityGroupRulesTestJSON:test_security_group_rules_list): 200 POST http://10.180.1.21/compute/v2.1/os-security-group-rules 1.906s
2024-10-30 19:44:07.224 59904 INFO tempest.lib.common.rest_client [req-7f1c37a2-ec0e-4af6-8cdf-7640b9c48071 req-7f1c37a2-ec0e-4af6-8cdf-7640b9c48071 ] Request (ServicesAdminNegativeV253TestJSON:setUpClass): 201 POST http://10.180.1.21/identity/v3/projects 0.172s
2024-10-30 19:44:07.226 59856 INFO tempest.lib.common.rest_client [req-ee140c63-d1f6-4682-8cd1-a2beaef1d159 req-ee140c63-d1f6-4682-8cd1-a2beaef1d159 ] Request (SecurityGroupsNegativeTestJSON:setUpClass): 201 POST http://10.180.1.21/identity/v3/auth/tokens 0.127s
2024-10-30 19:44:07.244 59876 INFO tempest.lib.common.rest_client [req-e6a892bc-bb9e-436c-a602-50944b54c820 req-e6a892bc-bb9e-436c-a602-50944b54c820 ] Request (FlavorsV2TestJSON:test_list_flavors_detailed_using_marker): 200 GET http://10.180.1.21/compute/v2.1/flavors/detail?marker=42 1.743s
2024-10-30 19:44:07.253 59848 INFO tempest.lib.common.rest_client [req-4f52b936-d939-4d6a-9e6b-f3951788073b req-4f52b936-d939-4d6a-9e6b-f3951788073b ] Request (FlavorsAccessNegativeTestJSON:test_flavor_non_admin_remove): 403 POST http://10.180.1.21/compute/v2.1/flavors/1413974694/action 1.560s
2024-10-30 19:44:07.281 59882 INFO tempest.lib.common.rest_client [req-336143cc-ebec-419b-bd10-85180eb67107 req-336143cc-ebec-419b-bd10-85180eb67107 ] Request (KeyPairsV22TestJSON:test_keypairs_create_list_delete): 201 POST http://10.180.1.21/compute/v2.1/os-keypairs 1.507s
2024-10-30 19:44:07.302 59860 INFO tempest.lib.common.rest_client [req-6bd59de0-9e90-4cb6-a775-4c1202e18f6e req-6bd59de0-9e90-4cb6-a775-4c1202e18f6e ] Request (AggregatesAdminNegativeTestJSON:test_aggregate_delete_as_user): 200 POST http://10.180.1.21/compute/v2.1/os-aggregates 1.513s
2024-10-30 19:44:07.304 59896 INFO tempest.lib.common.rest_client [req-c85f49da-e21a-4dde-a79b-8e738ab330cd req-c85f49da-e21a-4dde-a79b-8e738ab330cd ] Request (ServerTagsTestJSON:setUpClass): 204 PUT http://10.180.1.21/identity/v3/projects/2674bf54023a46cd96d6a56b0c42b944/users/b21b96cdda1245849a1ce91ea646a8ba/roles/b238bd65f0534cd59b0d66282ef11078 0.189s
2024-10-30 19:44:07.304 59896 INFO tempest.lib.common.dynamic_creds [-] Dynamic test user b21b96cdda1245849a1ce91ea646a8ba is created with scope project and roles: ['member']
2024-10-30 19:44:07.305 59896 INFO tempest.lib.common.dynamic_creds [-] Acquired dynamic creds: credentials: Credentials: {'domain_id': 'default', 'domain_name': 'Default', 'username': 'tempest-ServerTagsTestJSON-94776460-project-member', 'project_domain_id': 'default', 'project_domain_name': 'Default', 'project_id': '2674bf54023a46cd96d6a56b0c42b944', 'project_name': 'tempest-ServerTagsTestJSON-94776460', 'tenant_id': '2674bf54023a46cd96d6a56b0c42b944', 'tenant_name': 'tempest-ServerTagsTestJSON-94776460', 'user_domain_id': 'default', 'user_domain_name': 'Default', 'user_id': 'b21b96cdda1245849a1ce91ea646a8ba', 'system': None}, Network: None, Subnet: None, Router: None
2024-10-30 19:44:07.348 59886 INFO tempest.lib.common.rest_client [req-56b7d018-79ea-407e-b63a-18eb060bfea3 req-56b7d018-79ea-407e-b63a-18eb060bfea3 ] Request (FloatingIPDetailsTestJSON:setUpClass): 200 GET http://10.180.1.21/identity/v3/roles 0.195s
2024-10-30 19:44:07.419 59904 INFO tempest.lib.common.rest_client [req-953447d5-ecee-4117-89f3-4507e398218c req-953447d5-ecee-4117-89f3-4507e398218c ] Request (ServicesAdminNegativeV253TestJSON:setUpClass): 201 POST http://10.180.1.21/identity/v3/users 0.195s
2024-10-30 19:44:07.442 59896 INFO tempest.lib.common.rest_client [req-e277f603-bd2d-4a72-a6ff-6ec9944f25e7 req-e277f603-bd2d-4a72-a6ff-6ec9944f25e7 ] Request (ServerTagsTestJSON:setUpClass): 201 POST http://10.180.1.21/identity/v3/auth/tokens 0.136s
2024-10-30 19:44:07.465 59886 INFO tempest.lib.common.rest_client [req-1dda3652-0d23-4d3b-82e7-f0d007dc9be1 req-1dda3652-0d23-4d3b-82e7-f0d007dc9be1 ] Request (FloatingIPDetailsTestJSON:setUpClass): 204 PUT http://10.180.1.21/identity/v3/projects/6ec01beca4f64be5a40860ce0f1f2e88/users/3bf446e3a928432696a105cae77709cb/roles/b238bd65f0534cd59b0d66282ef11078 0.116s
2024-10-30 19:44:07.465 59878 INFO tempest.lib.common.rest_client [req-ff5fa752-c5e5-47ad-88a5-7f8888d27e75 req-ff5fa752-c5e5-47ad-88a5-7f8888d27e75 ] Request (ServerDiagnosticsV248Test:test_get_server_diagnostics): 202 POST http://10.180.1.21/compute/v2.1/servers 1.987s
2024-10-30 19:44:07.465 59886 INFO tempest.lib.common.dynamic_creds [-] Dynamic test user 3bf446e3a928432696a105cae77709cb is created with scope project and roles: ['member']
2024-10-30 19:44:07.466 59886 INFO tempest.lib.common.dynamic_creds [-] Acquired dynamic creds: credentials: Credentials: {'domain_id': 'default', 'domain_name': 'Default', 'username': 'tempest-FloatingIPDetailsTestJSON-1907376678-project-member', 'project_domain_id': 'default', 'project_domain_name': 'Default', 'project_id': '6ec01beca4f64be5a40860ce0f1f2e88', 'project_name': 'tempest-FloatingIPDetailsTestJSON-1907376678', 'tenant_id': '6ec01beca4f64be5a40860ce0f1f2e88', 'tenant_name': 'tempest-FloatingIPDetailsTestJSON-1907376678', 'user_domain_id': 'default', 'user_domain_name': 'Default', 'user_id': '3bf446e3a928432696a105cae77709cb', 'system': None}, Network: None, Subnet: None, Router: None
2024-10-30 19:44:07.474 59868 INFO tempest.lib.common.rest_client [req-383dc73b-3354-44d6-9e0a-fa76cdf28eb3 req-383dc73b-3354-44d6-9e0a-fa76cdf28eb3 ] Request (MultipleCreateNegativeTestJSON:test_min_count_less_than_one): 400 POST http://10.180.1.21/compute/v2.1/servers 1.576s
2024-10-30 19:44:07.475 59888 INFO tempest.lib.common.rest_client [req-bbef8643-af32-44b9-a701-936b1b3f5be6 req-bbef8643-af32-44b9-a701-936b1b3f5be6 ] Request (HypervisorAdminNegativeTestJSON:tearDownClass): 204 DELETE http://10.180.1.21:9696/networking/v2.0/security-groups/6d2d42b6-dd6c-4ce7-b66d-f40e9b051692 0.466s
2024-10-30 19:44:07.511 59904 INFO tempest.lib.common.rest_client [req-1fcd0ef7-692c-4efd-b879-67c4631e97b5 req-1fcd0ef7-692c-4efd-b879-67c4631e97b5 ] Request (ServicesAdminNegativeV253TestJSON:setUpClass): 200 GET http://10.180.1.21/identity/v3/roles 0.091s
2024-10-30 19:44:07.533 59886 INFO tempest.lib.common.rest_client [req-9a00790f-3c54-479d-a883-a21c22b6ada9 req-9a00790f-3c54-479d-a883-a21c22b6ada9 ] Request (FloatingIPDetailsTestJSON:setUpClass): 201 POST http://10.180.1.21/identity/v3/auth/tokens 0.067s
2024-10-30 19:44:07.536 59880 INFO tempest.lib.common.rest_client [req-a2769c93-a235-4ba5-8ca7-9cf36c9068eb req-a2769c93-a235-4ba5-8ca7-9cf36c9068eb ] Request (FlavorsAdminTestJSON:test_create_list_flavor_without_extra_data): 200 GET http://10.180.1.21/compute/v2.1/flavors/detail 1.733s
2024-10-30 19:44:07.583 59890 INFO tempest.lib.common.rest_client [req-7cf7048c-ef27-4b18-9a72-bfa1425abc15 req-7cf7048c-ef27-4b18-9a72-bfa1425abc15 ] Request (ImagesMetadataTestJSON:test_update_image_metadata): 200 GET http://10.180.1.21/compute/v2.1/images/75b7f694-87aa-4130-9618-77c53f2a3420/metadata 1.575s
2024-10-30 19:44:07.596 59888 INFO tempest.lib.common.rest_client [req-f285071c-8b5e-43b0-975c-1ba8b8906b7b req-f285071c-8b5e-43b0-975c-1ba8b8906b7b ] Request (HypervisorAdminNegativeTestJSON:tearDownClass): 204 DELETE http://10.180.1.21/identity/v3/projects/ccd4162e6a26498d972d19a40bac1bef 0.120s
2024-10-30 19:44:07.596 59888 INFO tempest.lib.common.dynamic_creds [-] Deleting project and security group for project: 1633995925e84f20b9c160c3ae27573d
2024-10-30 19:44:07.659 59890 INFO tempest.lib.common.rest_client [req-5eacd062-e45c-4b8c-a9fb-0fb1d9cab0d2 req-5eacd062-e45c-4b8c-a9fb-0fb1d9cab0d2 ] Request (ImagesMetadataTestJSON:tearDownClass): 204 DELETE http://10.180.1.21/image/v2/images/75b7f694-87aa-4130-9618-77c53f2a3420 0.074s
2024-10-30 19:44:07.730 59868 INFO tempest.lib.common.rest_client [req-406e513e-c2e4-4d1c-a29a-eab0018be0e7 req-406e513e-c2e4-4d1c-a29a-eab0018be0e7 ] Request (MultipleCreateNegativeTestJSON:test_min_count_non_integer): 201 POST http://10.180.1.21/identity/v3/auth/tokens 0.248s
2024-10-30 19:44:07.732 59868 INFO tempest.lib.common.fixed_network [-] (MultipleCreateNegativeTestJSON:test_min_count_non_integer) Found network None available for tenant
2024-10-30 19:44:07.747 59904 INFO tempest.lib.common.rest_client [req-11a79554-fa77-4abc-a442-de31f33059da req-11a79554-fa77-4abc-a442-de31f33059da ] Request (ServicesAdminNegativeV253TestJSON:setUpClass): 204 PUT http://10.180.1.21/identity/v3/projects/6cd3e220b1c94f8abc7e26558a37396d/users/3fe69810f270468d8a1c1eca384b9a0a/roles/d8b6c7fa53694dcaabfd93a05247a705 0.236s
2024-10-30 19:44:07.752 59870 INFO tempest.lib.common.rest_client [req-fec3cd94-44a7-4931-905c-f07d7b0b0d33 req-fec3cd94-44a7-4931-905c-f07d7b0b0d33 ] Request (ValidationResourcesFixture:setUp): 200 POST http://10.180.1.21/compute/v2.1/os-keypairs 1.789s
2024-10-30 19:44:07.796 59904 INFO tempest.lib.common.rest_client [req-4c10a324-3cc0-4cc8-a346-7a17cbb45fce req-4c10a324-3cc0-4cc8-a346-7a17cbb45fce ] Request (ServicesAdminNegativeV253TestJSON:setUpClass): 200 GET http://10.180.1.21/identity/v3/roles 0.048s
2024-10-30 19:44:07.828 59858 INFO tempest.lib.common.rest_client [req-80f97a6f-bc40-40c1-8775-b847343017dd req-80f97a6f-bc40-40c1-8775-b847343017dd ] Request (ImagesDeleteNegativeTestJSON:tearDownClass): 204 DELETE http://10.180.1.21:9696/networking/v2.0/security-groups/be940ea3-256e-4534-80a1-7290ef9de44f 0.800s
2024-10-30 19:44:07.841 59890 INFO tempest.lib.common.rest_client [req-ed3422df-1de1-40a0-8540-63dbf9eaf3f4 req-ed3422df-1de1-40a0-8540-63dbf9eaf3f4 ] Request (ImagesMetadataTestJSON:tearDownClass): 204 DELETE http://10.180.1.21/identity/v3/users/65d4063d4dc048a4aa8f085f7d500d5b 0.182s
2024-10-30 19:44:07.842 59890 INFO tempest.lib.common.dynamic_creds [-] Deleting project and security group for project: 5127986e96704c079531249e6bd1c77c
2024-10-30 19:44:07.842 59854 INFO tempest.lib.common.rest_client [req-872b05ba-96b2-4da2-8e90-f1068d756f1e req-872b05ba-96b2-4da2-8e90-f1068d756f1e ] Request (ServersAdminTestJSON:setUpClass): 200 PUT http://10.180.1.21:9696/networking/v2.0/routers/1a56137b-72ae-49ac-aadd-ae53d2d86c02/add_router_interface 5.939s
2024-10-30 19:44:07.842 59854 INFO tempest.lib.common.dynamic_creds [-] Created isolated network resources for: credentials: Credentials: {'domain_id': 'default', 'domain_name': 'Default', 'username': 'tempest-ServersAdminTestJSON-675913171-project-member', 'project_domain_id': 'default', 'project_domain_name': 'Default', 'project_id': 'd3a0ee3a994a4e569446461fd509d7c4', 'project_name': 'tempest-ServersAdminTestJSON-675913171', 'tenant_id': 'd3a0ee3a994a4e569446461fd509d7c4', 'tenant_name': 'tempest-ServersAdminTestJSON-675913171', 'user_domain_id': 'default', 'user_domain_name': 'Default', 'user_id': '1edf896c3d604ffeb6a8e02194e1db91', 'system': None}, Network: {'id': '3496ba4b-76ee-451e-8175-87ddc4004c47', 'name': 'tempest-ServersAdminTestJSON-747785923-network', 'tenant_id': 'd3a0ee3a994a4e569446461fd509d7c4', 'admin_state_up': True, 'mtu': 8950, 'status': 'ACTIVE', 'subnets': [], 'shared': False, 'project_id': 'd3a0ee3a994a4e569446461fd509d7c4', 'port_security_enabled': True, 'router:external': False, 'provider:network_type': 'vlan', 'provider:physical_network': 'default', 'provider:segmentation_id': 262, 'is_default': False, 'availability_zone_hints': [], 'availability_zones': [], 'ipv4_address_scope': None, 'ipv6_address_scope': None, 'description': '', 'tags': [], 'created_at': '2024-10-30T19:43:55Z', 'updated_at': '2024-10-30T19:43:55Z', 'revision_number': 1}, Subnet: {'id': '86daaba9-a3c7-4491-b601-e6873f533885', 'name': 'tempest-ServersAdminTestJSON-747785923-subnet', 'tenant_id': 'd3a0ee3a994a4e569446461fd509d7c4', 'network_id': '3496ba4b-76ee-451e-8175-87ddc4004c47', 'ip_version': 4, 'subnetpool_id': None, 'enable_dhcp': True, 'ipv6_ra_mode': None, 'ipv6_address_mode': None, 'gateway_ip': '192.168.128.1', 'cidr': '192.168.128.0/28', 'allocation_pools': [{'start': '192.168.128.2', 'end': '192.168.128.14'}], 'host_routes': [], 'dns_nameservers': [], 'description': '', 'service_types': [], 'tags': [], 'created_at': '2024-10-30T19:43:56Z', 'updated_at': '2024-10-30T19:43:56Z', 'revision_number': 0, 'project_id': 'd3a0ee3a994a4e569446461fd509d7c4'}, Router: {'id': '1a56137b-72ae-49ac-aadd-ae53d2d86c02', 'name': 'tempest-ServersAdminTestJSON-747785923-router', 'tenant_id': 'd3a0ee3a994a4e569446461fd509d7c4', 'admin_state_up': True, 'status': 'ACTIVE', 'external_gateway_info': {'network_id': '22d695f0-7650-4918-b19b-f5224b8ba42e', 'external_fixed_ips': [{'subnet_id': '78475c85-1db0-40e6-a1c4-aa588360a14d', 'ip_address': '10.180.180.224'}], 'enable_snat': True}, 'description': '', 'availability_zones': [], 'distributed': False, 'ha': False, 'availability_zone_hints': [], 'routes': [], 'flavor_id': None, 'tags': [], 'created_at': '2024-10-30T19:43:57Z', 'updated_at': '2024-10-30T19:44:00Z', 'revision_number': 2, 'project_id': 'd3a0ee3a994a4e569446461fd509d7c4'}
2024-10-30 19:44:07.876 59902 INFO tempest.lib.common.rest_client [req-c97c7368-6302-43c2-bfc6-77cf436a9985 req-c97c7368-6302-43c2-bfc6-77cf436a9985 ] Request (VolumesAssistedSnapshotsTest:test_volume_assisted_snapshot_create_delete): 200 GET http://10.180.1.21/compute/v2.1/servers/287c0977-e6ad-4704-9f5c-a4fd321c10b0 1.014s
2024-10-30 19:44:07.889 59904 INFO tempest.lib.common.rest_client [req-ad1f4a79-6f35-4c18-9383-5341f2bb4209 req-ad1f4a79-6f35-4c18-9383-5341f2bb4209 ] Request (ServicesAdminNegativeV253TestJSON:setUpClass): 204 PUT http://10.180.1.21/identity/v3/projects/6cd3e220b1c94f8abc7e26558a37396d/users/3fe69810f270468d8a1c1eca384b9a0a/roles/d8b6c7fa53694dcaabfd93a05247a705 0.092s
2024-10-30 19:44:07.889 59904 INFO tempest.lib.common.dynamic_creds [-] Dynamic test user 3fe69810f270468d8a1c1eca384b9a0a is created with scope project and roles: ['admin']
2024-10-30 19:44:07.889 59904 INFO tempest.lib.common.dynamic_creds [-] Acquired dynamic creds: credentials: Credentials: {'domain_id': 'default', 'domain_name': 'Default', 'username': 'tempest-ServicesAdminNegativeV253TestJSON-1951532619-project-admin', 'project_domain_id': 'default', 'project_domain_name': 'Default', 'project_id': '6cd3e220b1c94f8abc7e26558a37396d', 'project_name': 'tempest-ServicesAdminNegativeV253TestJSON-1951532619', 'tenant_id': '6cd3e220b1c94f8abc7e26558a37396d', 'tenant_name': 'tempest-ServicesAdminNegativeV253TestJSON-1951532619', 'user_domain_id': 'default', 'user_domain_name': 'Default', 'user_id': '3fe69810f270468d8a1c1eca384b9a0a', 'system': None}, Network: None, Subnet: None, Router: None
2024-10-30 19:44:07.889 59904 INFO tempest.lib.common.dynamic_creds [-] Created isolated network resources for: credentials: Credentials: {'domain_id': 'default', 'domain_name': 'Default', 'username': 'tempest-ServicesAdminNegativeV253TestJSON-1951532619-project-admin', 'project_domain_id': 'default', 'project_domain_name': 'Default', 'project_id': '6cd3e220b1c94f8abc7e26558a37396d', 'project_name': 'tempest-ServicesAdminNegativeV253TestJSON-1951532619', 'tenant_id': '6cd3e220b1c94f8abc7e26558a37396d', 'tenant_name': 'tempest-ServicesAdminNegativeV253TestJSON-1951532619', 'user_domain_id': 'default', 'user_domain_name': 'Default', 'user_id': '3fe69810f270468d8a1c1eca384b9a0a', 'system': None}, Network: None, Subnet: None, Router: None
2024-10-30 19:44:07.899 59852 INFO tempest.lib.common.rest_client [req-31a8665b-c6ac-4080-909b-3289d9062d7d req-31a8665b-c6ac-4080-909b-3289d9062d7d ] Request (MigrationsAdminTest:test_resize_server_revert_deleted_flavor): 404 GET http://10.180.1.21/compute/v2.1/servers/ce1dc0d1-a5fc-4fe4-b6f1-71d3d5c35a26 0.776s
2024-10-30 19:44:07.930 59898 INFO tempest.lib.common.rest_client [req-f575f24b-5bd5-4b69-bcd6-a8d4ad640aec req-f575f24b-5bd5-4b69-bcd6-a8d4ad640aec ] Request (DeleteServersAdminTestJSON:test_delete_server_while_in_error_state): 200 GET http://10.180.1.21/compute/v2.1/servers/dd588677-08d1-43d8-bff3-62b655a5a194 1.463s
2024-10-30 19:44:07.931 59858 INFO tempest.lib.common.rest_client [req-74168751-cda4-4fb3-8f84-f4c73b3e32da req-74168751-cda4-4fb3-8f84-f4c73b3e32da ] Request (ImagesDeleteNegativeTestJSON:tearDownClass): 204 DELETE http://10.180.1.21/identity/v3/projects/8ea40ef3bd9940e287c3fd8a4ba3e8da 0.102s
2024-10-30 19:44:07.955 59890 INFO tempest.lib.common.rest_client [req-f19c85c3-5329-4a1e-b9ad-eafebae8914d req-f19c85c3-5329-4a1e-b9ad-eafebae8914d ] Request (ImagesMetadataTestJSON:tearDownClass): 201 POST http://10.180.1.21/identity/v3/auth/tokens 0.113s
2024-10-30 19:44:07.990 59854 INFO tempest.lib.common.rest_client [req-7352cd45-8dd2-4657-93af-e80eaaff6122 req-7352cd45-8dd2-4657-93af-e80eaaff6122 ] Request (ServersAdminTestJSON:setUpClass): 201 POST http://10.180.1.21/identity/v3/auth/tokens 0.143s
2024-10-30 19:44:08.013 59904 INFO tempest.lib.common.rest_client [req-f9e2fb7f-3a3b-49d6-8f45-3fedd43de884 req-f9e2fb7f-3a3b-49d6-8f45-3fedd43de884 ] Request (ServicesAdminNegativeV253TestJSON:setUpClass): 201 POST http://10.180.1.21/identity/v3/auth/tokens 0.119s
2024-10-30 19:44:08.014 59858 INFO tempest.lib.common.rest_client [req-3003fc45-ac2d-4c81-95f9-c256cb0faf8c req-3003fc45-ac2d-4c81-95f9-c256cb0faf8c ] Request (ImagesOneServerNegativeTestJSON:setUpClass): 201 POST http://10.180.1.21/identity/v3/auth/tokens 0.081s
2024-10-30 19:44:08.042 59854 INFO tempest.lib.common.rest_client [req-c5e8e087-ba22-4f29-b0d1-48cb3e6aa3d4 req-c5e8e087-ba22-4f29-b0d1-48cb3e6aa3d4 ] Request (ServersAdminTestJSON:setUpClass): 201 POST http://10.180.1.21/identity/v3/projects 0.050s
2024-10-30 19:44:08.059 59900 INFO tempest.lib.common.rest_client [req-c9aa2162-4a7b-4918-8e93-803f1b91d2ec req-c9aa2162-4a7b-4918-8e93-803f1b91d2ec ] Request (ServersAaction247Test:test_create_backup): 200 GET http://10.180.1.21/compute/v2.1/servers/ede2bc3e-4e4a-43b4-a31c-8d3ff6ccaf0e 0.917s
2024-10-30 19:44:08.092 59858 INFO tempest.lib.common.rest_client [req-e106fd1f-e334-45e5-ba97-985ebb6be634 req-e106fd1f-e334-45e5-ba97-985ebb6be634 ] Request (ImagesOneServerNegativeTestJSON:setUpClass): 201 POST http://10.180.1.21/identity/v3/auth/tokens 0.075s
2024-10-30 19:44:08.109 59888 INFO tempest.lib.common.rest_client [req-4f86d7c8-330a-48c3-abb1-54a26ba58384 req-4f86d7c8-330a-48c3-abb1-54a26ba58384 ] Request (HypervisorAdminNegativeTestJSON:tearDownClass): 200 GET http://10.180.1.21:9696/networking/v2.0/security-groups?tenant_id=1633995925e84f20b9c160c3ae27573d&name=default 0.512s
2024-10-30 19:44:08.117 59854 INFO tempest.lib.common.rest_client [req-78d1e9b8-00a1-46db-b13f-f7f8928ef105 req-78d1e9b8-00a1-46db-b13f-f7f8928ef105 ] Request (ServersAdminTestJSON:setUpClass): 201 POST http://10.180.1.21/identity/v3/users 0.074s
2024-10-30 19:44:08.128 59858 INFO tempest.lib.common.rest_client [req-20dbeabc-a51a-485f-9e42-c5f4b266e4b6 req-20dbeabc-a51a-485f-9e42-c5f4b266e4b6 ] Request (ImagesOneServerNegativeTestJSON:setUpClass): 200 GET http://10.180.1.21/identity/v3/domains?name=Default 0.036s
2024-10-30 19:44:08.135 59854 INFO tempest.lib.common.rest_client [req-77a79bc6-9c3d-48be-8478-c3b4812e31a3 req-77a79bc6-9c3d-48be-8478-c3b4812e31a3 ] Request (ServersAdminTestJSON:setUpClass): 200 GET http://10.180.1.21/identity/v3/roles 0.018s
2024-10-30 19:44:08.155 59858 INFO tempest.lib.common.rest_client [req-bce26dd2-a1f1-4eae-aa4c-cd56f29d1106 req-bce26dd2-a1f1-4eae-aa4c-cd56f29d1106 ] Request (ImagesOneServerNegativeTestJSON:setUpClass): 201 POST http://10.180.1.21/identity/v3/projects 0.026s
2024-10-30 19:44:08.163 59854 INFO tempest.lib.common.rest_client [req-cac21432-d065-4bfa-956b-f8ce28337c67 req-cac21432-d065-4bfa-956b-f8ce28337c67 ] Request (ServersAdminTestJSON:setUpClass): 204 PUT http://10.180.1.21/identity/v3/projects/64d80da718b44e77b0a02770c1baa78b/users/df7c355eed844f5e86e1bf9db71cf959/roles/d8b6c7fa53694dcaabfd93a05247a705 0.027s
2024-10-30 19:44:08.211 59854 INFO tempest.lib.common.rest_client [req-b2627eb5-4ab8-458c-abe1-12988ddd7cb3 req-b2627eb5-4ab8-458c-abe1-12988ddd7cb3 ] Request (ServersAdminTestJSON:setUpClass): 200 GET http://10.180.1.21/identity/v3/roles 0.048s
2024-10-30 19:44:08.216 59858 INFO tempest.lib.common.rest_client [req-4112b5b1-eee0-4c53-9e0e-8792d798fa4e req-4112b5b1-eee0-4c53-9e0e-8792d798fa4e ] Request (ImagesOneServerNegativeTestJSON:setUpClass): 201 POST http://10.180.1.21/identity/v3/users 0.061s
2024-10-30 19:44:08.230 59854 INFO tempest.lib.common.rest_client [req-496451d2-afd2-46bd-bd85-5cbb566728ab req-496451d2-afd2-46bd-bd85-5cbb566728ab ] Request (ServersAdminTestJSON:setUpClass): 204 PUT http://10.180.1.21/identity/v3/projects/64d80da718b44e77b0a02770c1baa78b/users/df7c355eed844f5e86e1bf9db71cf959/roles/d8b6c7fa53694dcaabfd93a05247a705 0.018s
2024-10-30 19:44:08.230 59854 INFO tempest.lib.common.dynamic_creds [-] Dynamic test user df7c355eed844f5e86e1bf9db71cf959 is created with scope project and roles: ['admin']
2024-10-30 19:44:08.230 59854 INFO tempest.lib.common.dynamic_creds [-] Acquired dynamic creds: credentials: Credentials: {'domain_id': 'default', 'domain_name': 'Default', 'username': 'tempest-ServersAdminTestJSON-1748755267-project-admin', 'project_domain_id': 'default', 'project_domain_name': 'Default', 'project_id': '64d80da718b44e77b0a02770c1baa78b', 'project_name': 'tempest-ServersAdminTestJSON-1748755267', 'tenant_id': '64d80da718b44e77b0a02770c1baa78b', 'tenant_name': 'tempest-ServersAdminTestJSON-1748755267', 'user_domain_id': 'default', 'user_domain_name': 'Default', 'user_id': 'df7c355eed844f5e86e1bf9db71cf959', 'system': None}, Network: None, Subnet: None, Router: None
2024-10-30 19:44:08.236 59858 INFO tempest.lib.common.rest_client [req-79453d63-eeb9-4cf1-8207-1f58c065b6dc req-79453d63-eeb9-4cf1-8207-1f58c065b6dc ] Request (ImagesOneServerNegativeTestJSON:setUpClass): 200 GET http://10.180.1.21/identity/v3/roles 0.020s
2024-10-30 19:44:08.297 59858 INFO tempest.lib.common.rest_client [req-724d2267-09fd-487d-ba64-ac54c24bf573 req-724d2267-09fd-487d-ba64-ac54c24bf573 ] Request (ImagesOneServerNegativeTestJSON:setUpClass): 204 PUT http://10.180.1.21/identity/v3/projects/9ba04d6cfe2d45d780750d371ff9b705/users/606a49a405fa41659545a27fc8579096/roles/b238bd65f0534cd59b0d66282ef11078 0.060s
2024-10-30 19:44:08.297 59858 INFO tempest.lib.common.dynamic_creds [-] Dynamic test user 606a49a405fa41659545a27fc8579096 is created with scope project and roles: ['member']
2024-10-30 19:44:08.297 59858 INFO tempest.lib.common.dynamic_creds [-] Acquired dynamic creds: credentials: Credentials: {'domain_id': 'default', 'domain_name': 'Default', 'username': 'tempest-ImagesOneServerNegativeTestJSON-728750141-project-member', 'project_domain_id': 'default', 'project_domain_name': 'Default', 'project_id': '9ba04d6cfe2d45d780750d371ff9b705', 'project_name': 'tempest-ImagesOneServerNegativeTestJSON-728750141', 'tenant_id': '9ba04d6cfe2d45d780750d371ff9b705', 'tenant_name': 'tempest-ImagesOneServerNegativeTestJSON-728750141', 'user_domain_id': 'default', 'user_domain_name': 'Default', 'user_id': '606a49a405fa41659545a27fc8579096', 'system': None}, Network: None, Subnet: None, Router: None
2024-10-30 19:44:08.358 59858 INFO tempest.lib.common.rest_client [req-7dc27c3c-c18c-4196-9e3b-5cf1707061dd req-7dc27c3c-c18c-4196-9e3b-5cf1707061dd ] Request (ImagesOneServerNegativeTestJSON:setUpClass): 201 POST http://10.180.1.21/identity/v3/auth/tokens 0.060s
2024-10-30 19:44:08.488 59870 INFO tempest.lib.common.rest_client [req-a2d48be9-3e5a-48af-97d9-f6d8dbcbb06d req-a2d48be9-3e5a-48af-97d9-f6d8dbcbb06d ] Request (ValidationResourcesFixture:setUp): 201 POST http://10.180.1.21:9696/networking/v2.0/security-groups 0.735s
2024-10-30 19:44:08.579 59856 INFO tempest.lib.common.rest_client [req-7b98de4e-1fbf-49db-9f4a-b892ab8b0a8b req-7b98de4e-1fbf-49db-9f4a-b892ab8b0a8b ] Request (SecurityGroupsNegativeTestJSON:setUpClass): 201 POST http://10.180.1.21:9696/networking/v2.0/networks 1.353s
2024-10-30 19:44:08.807 59890 INFO tempest.lib.common.rest_client [req-3d25209e-032b-4f9f-bd3e-a87e6f0e3e22 req-3d25209e-032b-4f9f-bd3e-a87e6f0e3e22 ] Request (ImagesMetadataTestJSON:tearDownClass): 200 GET http://10.180.1.21:9696/networking/v2.0/security-groups?tenant_id=5127986e96704c079531249e6bd1c77c&name=default 0.852s
2024-10-30 19:44:08.813 59864 INFO tempest.lib.common.rest_client [req-50a1db80-b44c-4c70-af8a-2e185d75c469 req-50a1db80-b44c-4c70-af8a-2e185d75c469 ] Request (ValidationResourcesFixture:setUp): 201 POST http://10.180.1.21:9696/networking/v2.0/floatingips 2.822s
