2024-10-30 19:43:51.903 59876 INFO tempest.lib.common.rest_client [req-716af7ca-3011-40d3-96e2-68e33bb6a20b req-716af7ca-3011-40d3-96e2-68e33bb6a20b ] Request (FlavorsV2TestJSON:setUpClass): 201 POST http://10.180.1.21/identity/v3/users 0.052s
2024-10-30 19:43:51.918 59888 INFO tempest.lib.common.rest_client [req-213f2acc-7fb0-436c-a5e8-07630100bdc7 req-213f2acc-7fb0-436c-a5e8-07630100bdc7 ] Request (HypervisorAdminNegativeTestJSON:setUpClass): 201 POST http://10.180.1.21/identity/v3/auth/tokens 0.069s
2024-10-30 19:43:51.922 59876 INFO tempest.lib.common.rest_client [req-ae7245f9-2fb3-4115-a0e1-4d723e646f22 req-ae7245f9-2fb3-4115-a0e1-4d723e646f22 ] Request (FlavorsV2TestJSON:setUpClass): 200 GET http://10.180.1.21/identity/v3/roles 0.018s
2024-10-30 19:43:51.946 59888 INFO tempest.lib.common.rest_client [req-e8a5c4c6-7489-4dc0-8627-aca7ac4ab041 req-e8a5c4c6-7489-4dc0-8627-aca7ac4ab041 ] Request (HypervisorAdminNegativeTestJSON:setUpClass): 201 POST http://10.180.1.21/identity/v3/projects 0.028s
2024-10-30 19:43:51.951 59876 INFO tempest.lib.common.rest_client [req-be03e656-10c5-4e2b-8197-e022041e21f1 req-be03e656-10c5-4e2b-8197-e022041e21f1 ] Request (FlavorsV2TestJSON:setUpClass): 204 PUT http://10.180.1.21/identity/v3/projects/1f8f6ab9d6b64b9ea6311ed7d6a74b28/users/63e867f555c942b0850577beee5e0853/roles/b238bd65f0534cd59b0d66282ef11078 0.028s
2024-10-30 19:43:51.951 59876 INFO tempest.lib.common.dynamic_creds [-] Dynamic test user 63e867f555c942b0850577beee5e0853 is created with scope project and roles: ['member']
2024-10-30 19:43:51.951 59876 INFO tempest.lib.common.dynamic_creds [-] Acquired dynamic creds: credentials: Credentials: {'domain_id': 'default', 'domain_name': 'Default', 'username': 'tempest-FlavorsV2TestJSON-517945792-project-member', 'project_domain_id': 'default', 'project_domain_name': 'Default', 'project_id': '1f8f6ab9d6b64b9ea6311ed7d6a74b28', 'project_name': 'tempest-FlavorsV2TestJSON-517945792', 'tenant_id': '1f8f6ab9d6b64b9ea6311ed7d6a74b28', 'tenant_name': 'tempest-FlavorsV2TestJSON-517945792', 'user_domain_id': 'default', 'user_domain_name': 'Default', 'user_id': '63e867f555c942b0850577beee5e0853', 'system': None}, Network: None, Subnet: None, Router: None
2024-10-30 19:43:51.951 59876 INFO tempest.lib.common.dynamic_creds [-] Created isolated network resources for: credentials: Credentials: {'domain_id': 'default', 'domain_name': 'Default', 'username': 'tempest-FlavorsV2TestJSON-517945792-project-member', 'project_domain_id': 'default', 'project_domain_name': 'Default', 'project_id': '1f8f6ab9d6b64b9ea6311ed7d6a74b28', 'project_name': 'tempest-FlavorsV2TestJSON-517945792', 'tenant_id': '1f8f6ab9d6b64b9ea6311ed7d6a74b28', 'tenant_name': 'tempest-FlavorsV2TestJSON-517945792', 'user_domain_id': 'default', 'user_domain_name': 'Default', 'user_id': '63e867f555c942b0850577beee5e0853', 'system': None}, Network: None, Subnet: None, Router: None
2024-10-30 19:43:51.982 59858 INFO tempest.lib.common.rest_client [req-d3d66a2f-8be2-46fa-9b15-61c9fce1d8f3 req-d3d66a2f-8be2-46fa-9b15-61c9fce1d8f3 ] Request (ServerDiagnosticsTest:test_get_server_diagnostics): 200 GET http://10.180.1.21/compute/v2.1/servers/b0f907a1-c4f4-4d02-9f07-8a640af4cdc4 3.496s
2024-10-30 19:43:51.990 59858 INFO tempest.common.waiters [-] State transition "BUILD/spawning" ==> "ERROR/None" after 11 second wait
2024-10-30 19:43:51.996 59892 INFO tempest.lib.common.rest_client [req-cb0ec1c2-bc6a-4b54-87c2-4c6476467e0b req-cb0ec1c2-bc6a-4b54-87c2-4c6476467e0b ] Request (ServersWithSpecificFlavorTestJSON:test_verify_created_server_ephemeral_disk): 200 GET http://10.180.1.21/compute/v2.1/flavors/42/os-extra_specs 3.424s
2024-10-30 19:43:52.010 59888 INFO tempest.lib.common.rest_client [req-b075c3f3-f2b6-4071-b6a4-2d3b3135fe19 req-b075c3f3-f2b6-4071-b6a4-2d3b3135fe19 ] Request (HypervisorAdminNegativeTestJSON:setUpClass): 201 POST http://10.180.1.21/identity/v3/users 0.063s
2024-10-30 19:43:52.027 59876 INFO tempest.lib.common.rest_client [req-cec61cdb-a50a-4a57-97be-91ec6cffa1d2 req-cec61cdb-a50a-4a57-97be-91ec6cffa1d2 ] Request (FlavorsV2TestJSON:setUpClass): 201 POST http://10.180.1.21/identity/v3/auth/tokens 0.072s
2024-10-30 19:43:52.047 59888 INFO tempest.lib.common.rest_client [req-11d00fa5-9859-4072-b90e-297a533cb477 req-11d00fa5-9859-4072-b90e-297a533cb477 ] Request (HypervisorAdminNegativeTestJSON:setUpClass): 200 GET http://10.180.1.21/identity/v3/roles 0.036s
2024-10-30 19:43:52.076 59888 INFO tempest.lib.common.rest_client [req-711fa6c1-dcfc-4573-8495-af6cbbeed5cf req-711fa6c1-dcfc-4573-8495-af6cbbeed5cf ] Request (HypervisorAdminNegativeTestJSON:setUpClass): 204 PUT http://10.180.1.21/identity/v3/projects/1633995925e84f20b9c160c3ae27573d/users/2d79a1e895f04f5b90e882393a66eff7/roles/d8b6c7fa53694dcaabfd93a05247a705 0.028s
2024-10-30 19:43:52.107 59860 INFO tempest.lib.common.rest_client [req-89587ffe-97e3-4f74-838c-283a3ffee1be req-89587ffe-97e3-4f74-838c-283a3ffee1be ] Request (AggregatesAdminNegativeTestJSON:test_aggregate_add_host_as_user): 403 POST http://10.180.1.21/compute/v2.1/os-aggregates/2/action 3.185s
2024-10-30 19:43:52.114 59884 INFO tempest.lib.common.rest_client [req-7977b737-1313-498c-ad22-b938b73a1957 req-7977b737-1313-498c-ad22-b938b73a1957 ] Request (ImagesNegativeTestJSON:test_create_image_specify_uuid_35_characters_or_less): 404 POST http://10.180.1.21/compute/v2.1/servers/aaaaaaaaaaaaaaaaaaaaaaaaaaaaaaaaaaa/action 3.187s
2024-10-30 19:43:52.128 59888 INFO tempest.lib.common.rest_client [req-d6043153-572a-4fc0-a76b-7760e237b335 req-d6043153-572a-4fc0-a76b-7760e237b335 ] Request (HypervisorAdminNegativeTestJSON:setUpClass): 200 GET http://10.180.1.21/identity/v3/roles 0.051s
2024-10-30 19:43:52.134 59882 INFO tempest.lib.common.rest_client [req-91f7e78b-c177-47f9-9345-08a0138411b7 req-91f7e78b-c177-47f9-9345-08a0138411b7 ] Request (KeyPairsV2TestJSON:_run_cleanups): 202 DELETE http://10.180.1.21/compute/v2.1/os-keypairs/tempest-KeyPairsV2TestJSON-keypair-1327888025 3.183s
2024-10-30 19:43:52.148 59854 INFO tempest.lib.common.rest_client [req-b993b45e-67b5-47c3-a674-9e26ba2eb696 req-b993b45e-67b5-47c3-a674-9e26ba2eb696 ] Request (KeyPairsV210TestJSON:_run_cleanups): 204 DELETE http://10.180.1.21/compute/v2.1/os-keypairs/tempest-keypair-1818531760?user_id=95a22b967b634c26b266822ee656d09e 3.184s
2024-10-30 19:43:52.149 59888 INFO tempest.lib.common.rest_client [req-e6e103b7-82c5-4eb2-84e5-6674cb23ad39 req-e6e103b7-82c5-4eb2-84e5-6674cb23ad39 ] Request (HypervisorAdminNegativeTestJSON:setUpClass): 204 PUT http://10.180.1.21/identity/v3/projects/1633995925e84f20b9c160c3ae27573d/users/2d79a1e895f04f5b90e882393a66eff7/roles/d8b6c7fa53694dcaabfd93a05247a705 0.020s
2024-10-30 19:43:52.149 59888 INFO tempest.lib.common.dynamic_creds [-] Dynamic test user 2d79a1e895f04f5b90e882393a66eff7 is created with scope project and roles: ['admin']
2024-10-30 19:43:52.149 59888 INFO tempest.lib.common.dynamic_creds [-] Acquired dynamic creds: credentials: Credentials: {'domain_id': 'default', 'domain_name': 'Default', 'username': 'tempest-HypervisorAdminNegativeTestJSON-772354511-project-admin', 'project_domain_id': 'default', 'project_domain_name': 'Default', 'project_id': '1633995925e84f20b9c160c3ae27573d', 'project_name': 'tempest-HypervisorAdminNegativeTestJSON-772354511', 'tenant_id': '1633995925e84f20b9c160c3ae27573d', 'tenant_name': 'tempest-HypervisorAdminNegativeTestJSON-772354511', 'user_domain_id': 'default', 'user_domain_name': 'Default', 'user_id': '2d79a1e895f04f5b90e882393a66eff7', 'system': None}, Network: None, Subnet: None, Router: None
2024-10-30 19:43:52.150 59888 INFO tempest.lib.common.dynamic_creds [-] Created isolated network resources for: credentials: Credentials: {'domain_id': 'default', 'domain_name': 'Default', 'username': 'tempest-HypervisorAdminNegativeTestJSON-772354511-project-admin', 'project_domain_id': 'default', 'project_domain_name': 'Default', 'project_id': '1633995925e84f20b9c160c3ae27573d', 'project_name': 'tempest-HypervisorAdminNegativeTestJSON-772354511', 'tenant_id': '1633995925e84f20b9c160c3ae27573d', 'tenant_name': 'tempest-HypervisorAdminNegativeTestJSON-772354511', 'user_domain_id': 'default', 'user_domain_name': 'Default', 'user_id': '2d79a1e895f04f5b90e882393a66eff7', 'system': None}, Network: None, Subnet: None, Router: None
2024-10-30 19:43:52.167 59852 INFO tempest.lib.common.rest_client [req-5129e33f-7abc-4467-a6fa-c13467be3dbb req-5129e33f-7abc-4467-a6fa-c13467be3dbb ] Request (MigrationsAdminTest:test_list_migrations_in_flavor_resize_situation): 404 GET http://10.180.1.21/compute/v2.1/servers/75398340-5ec7-4e3f-abc1-602f838d7ef3 2.872s
2024-10-30 19:43:52.183 59880 INFO tempest.lib.common.rest_client [req-6337f888-4d2e-4d77-be17-473c4e4c53cc req-6337f888-4d2e-4d77-be17-473c4e4c53cc ] Request (FlavorsAdminTestJSON:test_create_flavor_with_int_id): 200 POST http://10.180.1.21/compute/v2.1/flavors 2.866s
2024-10-30 19:43:52.196 59848 INFO tempest.lib.common.rest_client [req-934eb7b4-7e31-4255-8bdf-b5e57eceeda7 req-934eb7b4-7e31-4255-8bdf-b5e57eceeda7 ] Request (FlavorsAccessNegativeTestJSON:test_flavor_access_list_with_public_flavor): 200 POST http://10.180.1.21/compute/v2.1/flavors 2.861s
2024-10-30 19:43:52.225 59888 INFO tempest.lib.common.rest_client [req-8568be4c-19bd-49dd-9ba6-86b3bfda7d7d req-8568be4c-19bd-49dd-9ba6-86b3bfda7d7d ] Request (HypervisorAdminNegativeTestJSON:setUpClass): 201 POST http://10.180.1.21/identity/v3/auth/tokens 0.073s
2024-10-30 19:43:52.231 59898 INFO tempest.lib.common.rest_client [req-c2d6cdb7-ab51-4f0e-8b96-6f5135780fc5 req-c2d6cdb7-ab51-4f0e-8b96-6f5135780fc5 ] Request (DeleteServersAdminTestJSON:test_admin_delete_servers_of_others): 404 GET http://10.180.1.21/compute/v2.1/servers/4cdfac2f-6963-4f71-9a42-709f2eeb4f9a 2.606s
2024-10-30 19:43:52.263 59854 INFO tempest.lib.common.rest_client [req-4382bb81-ea4b-4df2-a92b-da41dcce5801 req-4382bb81-ea4b-4df2-a92b-da41dcce5801 ] Request (KeyPairsV210TestJSON:tearDownClass): 204 DELETE http://10.180.1.21/identity/v3/users/95a22b967b634c26b266822ee656d09e 0.109s
2024-10-30 19:43:52.304 59898 INFO tempest.lib.common.rest_client [req-ef1b4323-10ec-4515-b956-c9cbfdd71563 req-ef1b4323-10ec-4515-b956-c9cbfdd71563 ] Request (DeleteServersAdminTestJSON:test_delete_server_while_in_error_state): 201 POST http://10.180.1.21/identity/v3/auth/tokens 0.061s
2024-10-30 19:43:52.304 59898 INFO tempest.lib.common.fixed_network [-] (DeleteServersAdminTestJSON:test_delete_server_while_in_error_state) Found network None available for tenant
2024-10-30 19:43:52.366 59870 INFO tempest.lib.common.rest_client [req-bf6fb745-ed15-41f5-b671-965c91ea7533 req-bf6fb745-ed15-41f5-b671-965c91ea7533 ] Request (AbsoluteLimitsTestJSON:tearDownClass): 200 GET http://10.180.1.21:9696/networking/v2.0/security-groups?tenant_id=3da2f02f0ed446f69303996cd8d8b67c&name=default 1.052s
2024-10-30 19:43:52.383 59890 INFO tempest.lib.common.rest_client [req-1edba424-586c-421a-aea2-63b41faec93e req-1edba424-586c-421a-aea2-63b41faec93e ] Request (ImagesMetadataTestJSON:setUp): 200 PUT http://10.180.1.21/compute/v2.1/images/75b7f694-87aa-4130-9618-77c53f2a3420/metadata 2.721s
2024-10-30 19:43:52.399 59878 INFO tempest.lib.common.rest_client [req-781b53a2-bda7-4471-9123-fcd001c6ffea req-781b53a2-bda7-4471-9123-fcd001c6ffea ] Request (FlavorsExtraSpecsNegativeTestJSON:test_flavor_unset_nonexistent_key): 404 DELETE http://10.180.1.21/compute/v2.1/flavors/1782391920/os-extra_specs/hw:cpu_thread_policy 2.734s
2024-10-30 19:43:52.406 59856 INFO tempest.lib.common.rest_client [req-99f3d63b-381e-49a7-bd0a-257595606e13 req-99f3d63b-381e-49a7-bd0a-257595606e13 ] Request (HostsAdminNegativeTestJSON:test_startup_host_with_non_admin_user): 403 GET http://10.180.1.21/compute/v2.1/os-hosts/devstack/startup 2.727s
2024-10-30 19:43:52.409 59854 INFO tempest.lib.common.rest_client [req-56ad824f-d5d0-477e-a71c-7c6b5cfda394 req-56ad824f-d5d0-477e-a71c-7c6b5cfda394 ] Request (KeyPairsV210TestJSON:tearDownClass): 204 DELETE http://10.180.1.21/identity/v3/users/84166da26fa0443db1b4bb37bb1660b9 0.146s
2024-10-30 19:43:52.409 59854 INFO tempest.lib.common.dynamic_creds [-] Deleting project and security group for project: 40c74a43118344a89cb72df1309af246
2024-10-30 19:43:52.413 59904 INFO tempest.lib.common.rest_client [req-0352a116-4ccb-4cc4-bba1-f1049f34839e req-0352a116-4ccb-4cc4-bba1-f1049f34839e ] Request (HypervisorAdminNegativeUnderV252Test:tearDownClass): 200 GET http://10.180.1.21:9696/networking/v2.0/security-groups?tenant_id=848bdd5c8036493a9d4377ca0497251a&name=default 1.006s
2024-10-30 19:43:52.427 59908 INFO tempest.lib.common.rest_client [req-98e13cda-e5a2-463a-874b-6ea2fe05adad req-98e13cda-e5a2-463a-874b-6ea2fe05adad ] Request (FlavorsExtraSpecsTestJSON:test_flavor_set_get_update_show_unset_keys): 200 PUT http://10.180.1.21/compute/v2.1/flavors/1479064336/os-extra_specs/hw:numa_nodes 2.737s
2024-10-30 19:43:52.529 59854 INFO tempest.lib.common.rest_client [req-9252c3a5-4b35-429e-a147-baa48684337b req-9252c3a5-4b35-429e-a147-baa48684337b ] Request (KeyPairsV210TestJSON:tearDownClass): 201 POST http://10.180.1.21/identity/v3/auth/tokens 0.119s
2024-10-30 19:43:52.618 59866 INFO tempest.lib.common.rest_client [req-74690464-a368-4138-a62a-4bbf7629879a req-74690464-a368-4138-a62a-4bbf7629879a ] Request (QuotaClassesAdminTestJSON:test_update_default_quotas): 200 PUT http://10.180.1.21/compute/v2.1/os-quota-class-sets/default 2.796s
2024-10-30 19:43:52.701 59870 INFO tempest.lib.common.rest_client [req-3327864d-0872-45aa-89c1-508ce152017b req-3327864d-0872-45aa-89c1-508ce152017b ] Request (AbsoluteLimitsTestJSON:tearDownClass): 204 DELETE http://10.180.1.21:9696/networking/v2.0/security-groups/d700b38d-f4b2-490e-96d3-fa1ce05a6e3f 0.335s
2024-10-30 19:43:52.704 59904 INFO tempest.lib.common.rest_client [req-ffe37628-c216-4022-b094-294c0e8e96d4 req-ffe37628-c216-4022-b094-294c0e8e96d4 ] Request (HypervisorAdminNegativeUnderV252Test:tearDownClass): 204 DELETE http://10.180.1.21:9696/networking/v2.0/security-groups/f09a80d5-a644-4853-a2cf-b050b2f08211 0.290s
2024-10-30 19:43:52.764 59870 INFO tempest.lib.common.rest_client [req-7d43ff76-1007-4d90-9982-6e17802f8a31 req-7d43ff76-1007-4d90-9982-6e17802f8a31 ] Request (AbsoluteLimitsTestJSON:tearDownClass): 204 DELETE http://10.180.1.21/identity/v3/projects/3da2f02f0ed446f69303996cd8d8b67c 0.062s
2024-10-30 19:43:52.789 59904 INFO tempest.lib.common.rest_client [req-701b7ec4-ccb2-4b16-9c9b-2b3b1e50eece req-701b7ec4-ccb2-4b16-9c9b-2b3b1e50eece ] Request (HypervisorAdminNegativeUnderV252Test:tearDownClass): 204 DELETE http://10.180.1.21/identity/v3/projects/848bdd5c8036493a9d4377ca0497251a 0.084s
2024-10-30 19:43:52.789 59904 INFO tempest.lib.common.dynamic_creds [-] Deleting project and security group for project: 46050acb645640588cc0cd4a5c3dd052
2024-10-30 19:43:52.837 59870 INFO tempest.lib.common.rest_client [req-1c06c058-25a7-463b-b39c-2d63e9b16ce6 req-1c06c058-25a7-463b-b39c-2d63e9b16ce6 ] Request (AttachInterfacesUnderV243Test:setUpClass): 201 POST http://10.180.1.21/identity/v3/auth/tokens 0.071s
2024-10-30 19:43:52.844 59906 INFO tempest.lib.common.rest_client [req-7aa42cf9-985e-4c67-baa0-082af251b918 req-7aa42cf9-985e-4c67-baa0-082af251b918 ] Request (ServersV294TestFqdnHostnames:setUpClass): 200 GET http://10.180.1.21/compute/v2.1/servers/dff5937a-0c12-46d4-878a-8c0e783c6695 2.939s
2024-10-30 19:43:52.852 59906 INFO tempest.common.waiters [-] State transition "BUILD/spawning" ==> "ERROR/None" after 4 second wait
2024-10-30 19:43:52.873 59870 INFO tempest.lib.common.rest_client [req-6b461cf2-0d03-40a8-a09a-f4d522015f0f req-6b461cf2-0d03-40a8-a09a-f4d522015f0f ] Request (AttachInterfacesUnderV243Test:setUpClass): 201 POST http://10.180.1.21/identity/v3/auth/tokens 0.034s
2024-10-30 19:43:52.897 59870 INFO tempest.lib.common.rest_client [req-824b5698-4ee3-49de-b8db-1995d537e038 req-824b5698-4ee3-49de-b8db-1995d537e038 ] Request (AttachInterfacesUnderV243Test:setUpClass): 200 GET http://10.180.1.21/identity/v3/domains?name=Default 0.024s
2024-10-30 19:43:52.936 59870 INFO tempest.lib.common.rest_client [req-f7150ab0-bb74-439f-8bcf-28c78ca5f164 req-f7150ab0-bb74-439f-8bcf-28c78ca5f164 ] Request (AttachInterfacesUnderV243Test:setUpClass): 201 POST http://10.180.1.21/identity/v3/projects 0.038s
2024-10-30 19:43:53.024 59870 INFO tempest.lib.common.rest_client [req-d915bd18-230b-40f8-a191-b24bc993a6d7 req-d915bd18-230b-40f8-a191-b24bc993a6d7 ] Request (AttachInterfacesUnderV243Test:setUpClass): 201 POST http://10.180.1.21/identity/v3/users 0.088s
2024-10-30 19:43:53.047 59870 INFO tempest.lib.common.rest_client [req-47b3935b-0d15-45b8-8048-cc2ca39fb1a3 req-47b3935b-0d15-45b8-8048-cc2ca39fb1a3 ] Request (AttachInterfacesUnderV243Test:setUpClass): 200 GET http://10.180.1.21/identity/v3/roles 0.023s
2024-10-30 19:43:53.071 59904 INFO tempest.lib.common.rest_client [req-ed0076a7-5d5f-4be2-b747-035f0c862e1d req-ed0076a7-5d5f-4be2-b747-035f0c862e1d ] Request (HypervisorAdminNegativeUnderV252Test:tearDownClass): 200 GET http://10.180.1.21:9696/networking/v2.0/security-groups?tenant_id=46050acb645640588cc0cd4a5c3dd052&name=default 0.281s
2024-10-30 19:43:53.086 59870 INFO tempest.lib.common.rest_client [req-9d68621a-97c9-4729-8e0a-f7b93d287eb4 req-9d68621a-97c9-4729-8e0a-f7b93d287eb4 ] Request (AttachInterfacesUnderV243Test:setUpClass): 204 PUT http://10.180.1.21/identity/v3/projects/e53d44259a49455a9e87d9b9ad21c957/users/1556f536c60548ed9bd07eb307d25a1b/roles/b238bd65f0534cd59b0d66282ef11078 0.039s
2024-10-30 19:43:53.087 59870 INFO tempest.lib.common.dynamic_creds [-] Dynamic test user 1556f536c60548ed9bd07eb307d25a1b is created with scope project and roles: ['member']
2024-10-30 19:43:53.087 59870 INFO tempest.lib.common.dynamic_creds [-] Acquired dynamic creds: credentials: Credentials: {'domain_id': 'default', 'domain_name': 'Default', 'username': 'tempest-AttachInterfacesUnderV243Test-1875895513-project-member', 'project_domain_id': 'default', 'project_domain_name': 'Default', 'project_id': 'e53d44259a49455a9e87d9b9ad21c957', 'project_name': 'tempest-AttachInterfacesUnderV243Test-1875895513', 'tenant_id': 'e53d44259a49455a9e87d9b9ad21c957', 'tenant_name': 'tempest-AttachInterfacesUnderV243Test-1875895513', 'user_domain_id': 'default', 'user_domain_name': 'Default', 'user_id': '1556f536c60548ed9bd07eb307d25a1b', 'system': None}, Network: None, Subnet: None, Router: None
2024-10-30 19:43:53.159 59870 INFO tempest.lib.common.rest_client [req-35c614a0-93bb-431c-b1f1-8cb5e5c1dc7c req-35c614a0-93bb-431c-b1f1-8cb5e5c1dc7c ] Request (AttachInterfacesUnderV243Test:setUpClass): 201 POST http://10.180.1.21/identity/v3/auth/tokens 0.071s
2024-10-30 19:43:53.162 59846 INFO tempest.lib.common.rest_client [req-4998c8e9-bac7-41fe-8da1-ce8384337a2d req-4998c8e9-bac7-41fe-8da1-ce8384337a2d ] Request (ServersTestMultiNic:test_verify_duplicate_network_nics): 200 GET http://10.180.1.21/compute/v2.1/servers/10fc8044-6912-412f-9b84-50efb0e9a398 2.173s
2024-10-30 19:43:53.179 59874 INFO tempest.lib.common.rest_client [req-ba96cef8-3c3d-44de-924e-a5dc6d174e5e req-ba96cef8-3c3d-44de-924e-a5dc6d174e5e ] Request (ServerDiagnosticsNegativeTest:test_get_server_diagnostics_by_non_admin): 404 GET http://10.180.1.21/compute/v2.1/servers/5e7637fe-8828-4c16-a629-0d82f1efded9 2.058s
2024-10-30 19:43:53.197 59868 INFO tempest.lib.common.rest_client [req-1e4a899c-cc1a-4c81-af30-7ae653d40b8e req-1e4a899c-cc1a-4c81-af30-7ae653d40b8e ] Request (FlavorsAccessTestJSON:test_flavor_access_list_with_private_flavor): 200 POST http://10.180.1.21/compute/v2.1/flavors 2.015s
2024-10-30 19:43:53.262 59874 INFO tempest.lib.common.rest_client [req-583d96ea-f33f-4f3a-a86e-e0b71766f97d req-583d96ea-f33f-4f3a-a86e-e0b71766f97d ] Request (ServerDiagnosticsNegativeTest:tearDownClass): 204 DELETE http://10.180.1.21/identity/v3/users/c8161a460c49451dbc88db22452e20f7 0.076s
2024-10-30 19:43:53.345 59896 INFO tempest.lib.common.rest_client [req-666b5c17-5c85-4e97-8d19-bc18ee825fd6 req-666b5c17-5c85-4e97-8d19-bc18ee825fd6 ] Request (FloatingIPDetailsNegativeTestJSON:setUpClass): 200 PUT http://10.180.1.21:9696/networking/v2.0/routers/94ded7f5-fc9d-4d5a-a006-4731bda91e78/add_router_interface 5.428s
2024-10-30 19:43:53.345 59896 INFO tempest.lib.common.dynamic_creds [-] Created isolated network resources for: credentials: Credentials: {'domain_id': 'default', 'domain_name': 'Default', 'username': 'tempest-FloatingIPDetailsNegativeTestJSON-629501130-project-member', 'project_domain_id': 'default', 'project_domain_name': 'Default', 'project_id': '4678748e4cd440379382004f63160d4b', 'project_name': 'tempest-FloatingIPDetailsNegativeTestJSON-629501130', 'tenant_id': '4678748e4cd440379382004f63160d4b', 'tenant_name': 'tempest-FloatingIPDetailsNegativeTestJSON-629501130', 'user_domain_id': 'default', 'user_domain_name': 'Default', 'user_id': '1ff97e1032fe4d04bb8a9448d1c8f7a5', 'system': None}, Network: {'id': '1b247e6f-2998-47f6-a62c-5d0055fdb677', 'name': 'tempest-FloatingIPDetailsNegativeTestJSON-668395379-network', 'tenant_id': '4678748e4cd440379382004f63160d4b', 'admin_state_up': True, 'mtu': 8950, 'status': 'ACTIVE', 'subnets': [], 'shared': False, 'project_id': '4678748e4cd440379382004f63160d4b', 'port_security_enabled': True, 'router:external': False, 'provider:network_type': 'vlan', 'provider:physical_network': 'default', 'provider:segmentation_id': 124, 'is_default': False, 'availability_zone_hints': [], 'availability_zones': [], 'ipv4_address_scope': None, 'ipv6_address_scope': None, 'description': '', 'tags': [], 'created_at': '2024-10-30T19:43:44Z', 'updated_at': '2024-10-30T19:43:44Z', 'revision_number': 1}, Subnet: {'id': '4f4b82ca-cc36-40fe-8b96-30f7cdfc9db1', 'name': 'tempest-FloatingIPDetailsNegativeTestJSON-668395379-subnet', 'tenant_id': '4678748e4cd440379382004f63160d4b', 'network_id': '1b247e6f-2998-47f6-a62c-5d0055fdb677', 'ip_version': 4, 'subnetpool_id': None, 'enable_dhcp': True, 'ipv6_ra_mode': None, 'ipv6_address_mode': None, 'gateway_ip': '192.168.128.1', 'cidr': '192.168.128.0/28', 'allocation_pools': [{'start': '192.168.128.2', 'end': '192.168.128.14'}], 'host_routes': [], 'dns_nameservers': [], 'description': '', 'service_types': [], 'tags': [], 'created_at': '2024-10-30T19:43:45Z', 'updated_at': '2024-10-30T19:43:45Z', 'revision_number': 0, 'project_id': '4678748e4cd440379382004f63160d4b'}, Router: {'id': '94ded7f5-fc9d-4d5a-a006-4731bda91e78', 'name': 'tempest-FloatingIPDetailsNegativeTestJSON-668395379-router', 'tenant_id': '4678748e4cd440379382004f63160d4b', 'admin_state_up': True, 'status': 'ACTIVE', 'external_gateway_info': {'network_id': '22d695f0-7650-4918-b19b-f5224b8ba42e', 'external_fixed_ips': [{'subnet_id': '78475c85-1db0-40e6-a1c4-aa588360a14d', 'ip_address': '10.180.180.211'}], 'enable_snat': True}, 'description': '', 'availability_zones': [], 'distributed': False, 'ha': False, 'availability_zone_hints': [], 'routes': [], 'flavor_id': None, 'tags': [], 'created_at': '2024-10-30T19:43:45Z', 'updated_at': '2024-10-30T19:43:46Z', 'revision_number': 2, 'project_id': '4678748e4cd440379382004f63160d4b'}
2024-10-30 19:43:53.370 59904 INFO tempest.lib.common.rest_client [req-efb0e711-81cd-4cd9-a745-75ea9d2e53cf req-efb0e711-81cd-4cd9-a745-75ea9d2e53cf ] Request (HypervisorAdminNegativeUnderV252Test:tearDownClass): 204 DELETE http://10.180.1.21:9696/networking/v2.0/security-groups/73596c2e-c892-419d-b2b8-83d377c32297 0.299s
2024-10-30 19:43:53.371 59874 INFO tempest.lib.common.rest_client [req-511d10b1-b356-40b1-8999-7b5bc3e2faaa req-511d10b1-b356-40b1-8999-7b5bc3e2faaa ] Request (ServerDiagnosticsNegativeTest:tearDownClass): 204 DELETE http://10.180.1.21/identity/v3/users/765353b849ef45969d03174e99062ea7 0.109s
2024-10-30 19:43:53.372 59874 INFO tempest.lib.common.dynamic_creds [-] Deleting project and security group for project: da38ec4f2cad4c0b8b429771350420a8
2024-10-30 19:43:53.432 59896 INFO tempest.lib.common.rest_client [req-f8109424-4455-434b-b825-4202bd038237 req-f8109424-4455-434b-b825-4202bd038237 ] Request (FloatingIPDetailsNegativeTestJSON:setUpClass): 201 POST http://10.180.1.21/identity/v3/auth/tokens 0.084s
2024-10-30 19:43:53.453 59862 INFO tempest.lib.common.rest_client [req-5445bda1-79de-4110-bfb0-a0974f44ea80 req-5445bda1-79de-4110-bfb0-a0974f44ea80 ] Request (AttachInterfacesV270Test:setUpClass): 201 POST http://10.180.1.21:9696/networking/v2.0/routers 1.857s
2024-10-30 19:43:53.485 59904 INFO tempest.lib.common.rest_client [req-ed7a1245-9bbd-47c3-b6d8-0370c7630758 req-ed7a1245-9bbd-47c3-b6d8-0370c7630758 ] Request (HypervisorAdminNegativeUnderV252Test:tearDownClass): 204 DELETE http://10.180.1.21/identity/v3/projects/46050acb645640588cc0cd4a5c3dd052 0.115s
2024-10-30 19:43:53.505 59854 INFO tempest.lib.common.rest_client [req-cc334d74-925e-4b45-97ba-cc949605488f req-cc334d74-925e-4b45-97ba-cc949605488f ] Request (KeyPairsV210TestJSON:tearDownClass): 200 GET http://10.180.1.21:9696/networking/v2.0/security-groups?tenant_id=40c74a43118344a89cb72df1309af246&name=default 0.975s
2024-10-30 19:43:53.505 59874 INFO tempest.lib.common.rest_client [req-bdfd8f72-ee8c-49eb-afe4-af901a2dd0e1 req-bdfd8f72-ee8c-49eb-afe4-af901a2dd0e1 ] Request (ServerDiagnosticsNegativeTest:tearDownClass): 201 POST http://10.180.1.21/identity/v3/auth/tokens 0.133s
2024-10-30 19:43:53.526 59904 INFO tempest.lib.common.rest_client [req-0909466f-2e41-46f3-b81d-f29548e0eda0 req-0909466f-2e41-46f3-b81d-f29548e0eda0 ] Request (ServicesAdminTestJSON:setUpClass): 201 POST http://10.180.1.21/identity/v3/auth/tokens 0.039s
2024-10-30 19:43:53.561 59904 INFO tempest.lib.common.rest_client [req-31ee772c-10c1-441e-994a-f95ff230c80a req-31ee772c-10c1-441e-994a-f95ff230c80a ] Request (ServicesAdminTestJSON:setUpClass): 201 POST http://10.180.1.21/identity/v3/auth/tokens 0.033s
2024-10-30 19:43:53.584 59904 INFO tempest.lib.common.rest_client [req-6d1d340b-b2ad-4ef3-a2bc-d365b938551c req-6d1d340b-b2ad-4ef3-a2bc-d365b938551c ] Request (ServicesAdminTestJSON:setUpClass): 200 GET http://10.180.1.21/identity/v3/domains?name=Default 0.022s
2024-10-30 19:43:53.620 59904 INFO tempest.lib.common.rest_client [req-b6b8930e-349f-47bd-9227-755ae7511248 req-b6b8930e-349f-47bd-9227-755ae7511248 ] Request (ServicesAdminTestJSON:setUpClass): 201 POST http://10.180.1.21/identity/v3/projects 0.036s
2024-10-30 19:43:53.688 59874 INFO tempest.lib.common.rest_client [req-00d2a7ea-e956-4ae6-a92e-5324ab5dc429 req-00d2a7ea-e956-4ae6-a92e-5324ab5dc429 ] Request (ServerDiagnosticsNegativeTest:tearDownClass): 200 GET http://10.180.1.21:9696/networking/v2.0/security-groups?tenant_id=da38ec4f2cad4c0b8b429771350420a8&name=default 0.183s
2024-10-30 19:43:53.688 59904 INFO tempest.lib.common.rest_client [req-8311467a-3e99-434e-a090-661db0731082 req-8311467a-3e99-434e-a090-661db0731082 ] Request (ServicesAdminTestJSON:setUpClass): 201 POST http://10.180.1.21/identity/v3/users 0.068s
2024-10-30 19:43:53.711 59886 INFO tempest.lib.common.rest_client [req-4a41e700-13f0-47f1-a609-2192e54dfc81 req-4a41e700-13f0-47f1-a609-2192e54dfc81 ] Request (FloatingIPsTestJSON:test_delete_floating_ip): 202 DELETE http://10.180.1.21/compute/v2.1/os-floating-ips/b599e181-43cf-40dd-b68e-87d22e221f03 5.297s
2024-10-30 19:43:53.714 59854 INFO tempest.lib.common.rest_client [req-84a500f0-56a7-4ec5-86b8-5eae6114122f req-84a500f0-56a7-4ec5-86b8-5eae6114122f ] Request (KeyPairsV210TestJSON:tearDownClass): 204 DELETE http://10.180.1.21:9696/networking/v2.0/security-groups/a989dd36-4278-4070-8529-8ba0669f9baa 0.208s
2024-10-30 19:43:53.718 59904 INFO tempest.lib.common.rest_client [req-47dbbbec-4f54-48fe-9f18-9bf85698cc2a req-47dbbbec-4f54-48fe-9f18-9bf85698cc2a ] Request (ServicesAdminTestJSON:setUpClass): 200 GET http://10.180.1.21/identity/v3/roles 0.029s
2024-10-30 19:43:53.758 59904 INFO tempest.lib.common.rest_client [req-a06871aa-aabe-4d73-b4b0-77110b062000 req-a06871aa-aabe-4d73-b4b0-77110b062000 ] Request (ServicesAdminTestJSON:setUpClass): 204 PUT http://10.180.1.21/identity/v3/projects/d8674d05c6474f5ab201869e4a172b77/users/ddf53ca4d32642bab4e2ff4c48256b2f/roles/b238bd65f0534cd59b0d66282ef11078 0.039s
2024-10-30 19:43:53.759 59904 INFO tempest.lib.common.dynamic_creds [-] Dynamic test user ddf53ca4d32642bab4e2ff4c48256b2f is created with scope project and roles: ['member']
2024-10-30 19:43:53.759 59904 INFO tempest.lib.common.dynamic_creds [-] Acquired dynamic creds: credentials: Credentials: {'domain_id': 'default', 'domain_name': 'Default', 'username': 'tempest-ServicesAdminTestJSON-1508199492-project-member', 'project_domain_id': 'default', 'project_domain_name': 'Default', 'project_id': 'd8674d05c6474f5ab201869e4a172b77', 'project_name': 'tempest-ServicesAdminTestJSON-1508199492', 'tenant_id': 'd8674d05c6474f5ab201869e4a172b77', 'tenant_name': 'tempest-ServicesAdminTestJSON-1508199492', 'user_domain_id': 'default', 'user_domain_name': 'Default', 'user_id': 'ddf53ca4d32642bab4e2ff4c48256b2f', 'system': None}, Network: None, Subnet: None, Router: None
2024-10-30 19:43:53.759 59904 INFO tempest.lib.common.dynamic_creds [-] Created isolated network resources for: credentials: Credentials: {'domain_id': 'default', 'domain_name': 'Default', 'username': 'tempest-ServicesAdminTestJSON-1508199492-project-member', 'project_domain_id': 'default', 'project_domain_name': 'Default', 'project_id': 'd8674d05c6474f5ab201869e4a172b77', 'project_name': 'tempest-ServicesAdminTestJSON-1508199492', 'tenant_id': 'd8674d05c6474f5ab201869e4a172b77', 'tenant_name': 'tempest-ServicesAdminTestJSON-1508199492', 'user_domain_id': 'default', 'user_domain_name': 'Default', 'user_id': 'ddf53ca4d32642bab4e2ff4c48256b2f', 'system': None}, Network: None, Subnet: None, Router: None
2024-10-30 19:43:53.783 59854 INFO tempest.lib.common.rest_client [req-a6b39f83-310c-493a-9d69-f902779fe4a5 req-a6b39f83-310c-493a-9d69-f902779fe4a5 ] Request (KeyPairsV210TestJSON:tearDownClass): 204 DELETE http://10.180.1.21/identity/v3/projects/40c74a43118344a89cb72df1309af246 0.069s
2024-10-30 19:43:53.784 59854 INFO tempest.lib.common.dynamic_creds [-] Deleting project and security group for project: 894deeaeb4964bd2853bd05a31defe0a
2024-10-30 19:43:53.829 59904 INFO tempest.lib.common.rest_client [req-dc15dac0-18eb-49ce-a915-f427baecc0b1 req-dc15dac0-18eb-49ce-a915-f427baecc0b1 ] Request (ServicesAdminTestJSON:setUpClass): 201 POST http://10.180.1.21/identity/v3/auth/tokens 0.066s
2024-10-30 19:43:53.833 59900 INFO tempest.lib.common.rest_client [req-1b700357-4a23-49e5-9027-cd5148790333 req-1b700357-4a23-49e5-9027-cd5148790333 ] Request (ServerExternalEventsTest:test_create_server_external_events): 200 GET http://10.180.1.21/compute/v2.1/servers/39f071f7-2895-4cf8-aa41-0e683397a2de 2.223s
2024-10-30 19:43:53.843 59900 INFO tempest.common.waiters [-] State transition "BUILD/spawning" ==> "ERROR/None" after 3 second wait
2024-10-30 19:43:53.899 59904 INFO tempest.lib.common.rest_client [req-d3d3fac0-ec8e-4fb0-a65b-a29d81a9a054 req-d3d3fac0-ec8e-4fb0-a65b-a29d81a9a054 ] Request (ServicesAdminTestJSON:setUpClass): 201 POST http://10.180.1.21/identity/v3/projects 0.069s
2024-10-30 19:43:53.934 59854 INFO tempest.lib.common.rest_client [req-961ee282-3043-4f53-9888-9ae55a6423ea req-961ee282-3043-4f53-9888-9ae55a6423ea ] Request (KeyPairsV210TestJSON:tearDownClass): 200 GET http://10.180.1.21:9696/networking/v2.0/security-groups?tenant_id=894deeaeb4964bd2853bd05a31defe0a&name=default 0.148s
2024-10-30 19:43:53.959 59904 INFO tempest.lib.common.rest_client [req-5f1c55fd-be1e-4863-ba0f-88e03450dbdf req-5f1c55fd-be1e-4863-ba0f-88e03450dbdf ] Request (ServicesAdminTestJSON:setUpClass): 201 POST http://10.180.1.21/identity/v3/users 0.060s
2024-10-30 19:43:53.963 59850 INFO tempest.lib.common.rest_client [req-49dccddd-a63e-42c4-80ca-b81c798aea21 req-49dccddd-a63e-42c4-80ca-b81c798aea21 ] Request (ServicesAdminNegativeTestJSON:test_list_services_with_non_admin_user): 403 GET http://10.180.1.21/compute/v2.1/os-services 2.330s
2024-10-30 19:43:53.975 59902 INFO tempest.lib.common.rest_client [req-e59caad7-2cff-465d-bac5-4737e45e55ce req-e59caad7-2cff-465d-bac5-4737e45e55ce ] Request (VolumesAssistedSnapshotsTest:setUpClass): 200 PUT http://10.180.1.21:9696/networking/v2.0/routers/6fb22434-4988-439c-bc86-dea867486bb4/add_router_interface 5.228s
2024-10-30 19:43:53.975 59902 INFO tempest.lib.common.dynamic_creds [-] Created isolated network resources for: credentials: Credentials: {'domain_id': 'default', 'domain_name': 'Default', 'username': 'tempest-VolumesAssistedSnapshotsTest-1632182237-project', 'project_domain_id': 'default', 'project_domain_name': 'Default', 'project_id': '66b627dd2c6a471990ca0e075d3fe694', 'project_name': 'tempest-VolumesAssistedSnapshotsTest-1632182237', 'tenant_id': '66b627dd2c6a471990ca0e075d3fe694', 'tenant_name': 'tempest-VolumesAssistedSnapshotsTest-1632182237', 'user_domain_id': 'default', 'user_domain_name': 'Default', 'user_id': 'b7a51ebe52b24666af6cacc585e50cdc', 'system': None}, Network: {'id': '5161f974-1bc2-4906-8e67-31d8abd246b1', 'name': 'tempest-VolumesAssistedSnapshotsTest-776894155-network', 'tenant_id': '66b627dd2c6a471990ca0e075d3fe694', 'admin_state_up': True, 'mtu': 8950, 'status': 'ACTIVE', 'subnets': [], 'shared': False, 'project_id': '66b627dd2c6a471990ca0e075d3fe694', 'port_security_enabled': True, 'router:external': False, 'provider:network_type': 'vlan', 'provider:physical_network': 'default', 'provider:segmentation_id': 108, 'is_default': False, 'availability_zone_hints': [], 'availability_zones': [], 'ipv4_address_scope': None, 'ipv6_address_scope': None, 'description': '', 'tags': [], 'created_at': '2024-10-30T19:43:45Z', 'updated_at': '2024-10-30T19:43:45Z', 'revision_number': 1}, Subnet: {'id': '19c99570-1064-4dab-bb9e-fdc09112d6a7', 'name': 'tempest-VolumesAssistedSnapshotsTest-776894155-subnet', 'tenant_id': '66b627dd2c6a471990ca0e075d3fe694', 'network_id': '5161f974-1bc2-4906-8e67-31d8abd246b1', 'ip_version': 4, 'subnetpool_id': None, 'enable_dhcp': True, 'ipv6_ra_mode': None, 'ipv6_address_mode': None, 'gateway_ip': '192.168.128.1', 'cidr': '192.168.128.0/28', 'allocation_pools': [{'start': '192.168.128.2', 'end': '192.168.128.14'}], 'host_routes': [], 'dns_nameservers': [], 'description': '', 'service_types': [], 'tags': [], 'created_at': '2024-10-30T19:43:46Z', 'updated_at': '2024-10-30T19:43:46Z', 'revision_number': 0, 'project_id': '66b627dd2c6a471990ca0e075d3fe694'}, Router: {'id': '6fb22434-4988-439c-bc86-dea867486bb4', 'name': 'tempest-VolumesAssistedSnapshotsTest-776894155-router', 'tenant_id': '66b627dd2c6a471990ca0e075d3fe694', 'admin_state_up': True, 'status': 'ACTIVE', 'external_gateway_info': {'network_id': '22d695f0-7650-4918-b19b-f5224b8ba42e', 'external_fixed_ips': [{'subnet_id': '78475c85-1db0-40e6-a1c4-aa588360a14d', 'ip_address': '10.180.180.142'}], 'enable_snat': True}, 'description': '', 'availability_zones': [], 'distributed': False, 'ha': False, 'availability_zone_hints': [], 'routes': [], 'flavor_id': None, 'tags': [], 'created_at': '2024-10-30T19:43:46Z', 'updated_at': '2024-10-30T19:43:47Z', 'revision_number': 2, 'project_id': '66b627dd2c6a471990ca0e075d3fe694'}
2024-10-30 19:43:53.984 59904 INFO tempest.lib.common.rest_client [req-f89cdccb-8eb4-4246-98d6-283902ad16df req-f89cdccb-8eb4-4246-98d6-283902ad16df ] Request (ServicesAdminTestJSON:setUpClass): 200 GET http://10.180.1.21/identity/v3/roles 0.024s
2024-10-30 19:43:54.022 59904 INFO tempest.lib.common.rest_client [req-cce229ef-ab5c-4c00-b910-142330720604 req-cce229ef-ab5c-4c00-b910-142330720604 ] Request (ServicesAdminTestJSON:setUpClass): 204 PUT http://10.180.1.21/identity/v3/projects/b921b063809a406a8adcc71278bba1d0/users/65cdeb3da4264acd9bfe1fecdda5efed/roles/d8b6c7fa53694dcaabfd93a05247a705 0.038s
2024-10-30 19:43:54.041 59850 INFO tempest.lib.common.rest_client [req-9d9c799b-e991-4c44-a126-619644f605e8 req-9d9c799b-e991-4c44-a126-619644f605e8 ] Request (ServicesAdminNegativeTestJSON:tearDownClass): 204 DELETE http://10.180.1.21/identity/v3/users/b75823da53384f129b4d1395800c269e 0.076s
2024-10-30 19:43:54.090 59894 INFO tempest.lib.common.rest_client [req-ef07f068-62a1-482a-af92-d7531bbc4323 req-ef07f068-62a1-482a-af92-d7531bbc4323 ] Request (TenantUsagesTestJSON:setUpClass): 200 GET http://10.180.1.21/compute/v2.1/servers/4a21b251-816d-4668-9a2e-eeabd9ed347b 2.157s
2024-10-30 19:43:54.104 59894 INFO tempest.common.waiters [-] State transition "BUILD/spawning" ==> "ERROR/None" after 8 second wait
2024-10-30 19:43:54.104 59854 INFO tempest.lib.common.rest_client [req-e7c07a90-fa97-497d-8757-a345cd0999b5 req-e7c07a90-fa97-497d-8757-a345cd0999b5 ] Request (KeyPairsV210TestJSON:tearDownClass): 204 DELETE http://10.180.1.21:9696/networking/v2.0/security-groups/aa25fb50-6f5e-41a9-9776-225ed5bba620 0.170s
2024-10-30 19:43:54.111 59902 INFO tempest.lib.common.rest_client [req-b19c0180-e2a2-4a27-bfa3-639f199a9617 req-b19c0180-e2a2-4a27-bfa3-639f199a9617 ] Request (VolumesAssistedSnapshotsTest:setUpClass): 201 POST http://10.180.1.21/identity/v3/auth/tokens 0.081s
2024-10-30 19:43:54.116 59904 INFO tempest.lib.common.rest_client [req-bf10bea4-a014-45ee-966a-a6343600b5df req-bf10bea4-a014-45ee-966a-a6343600b5df ] Request (ServicesAdminTestJSON:setUpClass): 200 GET http://10.180.1.21/identity/v3/roles 0.093s
2024-10-30 19:43:54.172 59850 INFO tempest.lib.common.rest_client [req-f7eac5ab-80a7-4f74-9515-3307400afcbe req-f7eac5ab-80a7-4f74-9515-3307400afcbe ] Request (ServicesAdminNegativeTestJSON:tearDownClass): 204 DELETE http://10.180.1.21/identity/v3/users/0c70b7d603e84248b5f2be828bd90160 0.130s
2024-10-30 19:43:54.172 59850 INFO tempest.lib.common.dynamic_creds [-] Deleting project and security group for project: a2fee9d88f67457b8fba757d201d4e6a
2024-10-30 19:43:54.184 59854 INFO tempest.lib.common.rest_client [req-013ce3e7-caa6-44f8-8c5f-fbda17b0ae7a req-013ce3e7-caa6-44f8-8c5f-fbda17b0ae7a ] Request (KeyPairsV210TestJSON:tearDownClass): 204 DELETE http://10.180.1.21/identity/v3/projects/894deeaeb4964bd2853bd05a31defe0a 0.079s
2024-10-30 19:43:54.195 59874 INFO tempest.lib.common.rest_client [req-dcce9656-f925-41e0-b8f0-c6b158237689 req-dcce9656-f925-41e0-b8f0-c6b158237689 ] Request (ServerDiagnosticsNegativeTest:tearDownClass): 204 DELETE http://10.180.1.21:9696/networking/v2.0/security-groups/13ca0c4e-9ad8-42ca-ba77-6ea256fed168 0.504s
2024-10-30 19:43:54.214 59872 INFO tempest.lib.common.rest_client [req-8d97a24f-0a6d-4218-8ef5-85fd2f7e270b req-8d97a24f-0a6d-4218-8ef5-85fd2f7e270b ] Request (SecurityGroupRulesTestJSON:test_security_group_rules_create_with_optional_group_id): 200 POST http://10.180.1.21/compute/v2.1/os-security-group-rules 2.611s
2024-10-30 19:43:54.216 59872 WARNING tempest.lib.common.rest_client [-] Deprecated: "tenant_id" property is deprecated for removal, use "project_id" instead
2024-10-30 19:43:54.217 59870 INFO tempest.lib.common.rest_client [req-04bccaf5-b65b-46db-8107-3e45561437d5 req-04bccaf5-b65b-46db-8107-3e45561437d5 ] Request (AttachInterfacesUnderV243Test:setUpClass): 201 POST http://10.180.1.21:9696/networking/v2.0/networks 1.058s
2024-10-30 19:43:54.247 59892 INFO tempest.lib.common.rest_client [req-20b2b661-d80d-4a85-aede-2e282432cfdb req-20b2b661-d80d-4a85-aede-2e282432cfdb ] Request (ServersWithSpecificFlavorTestJSON:test_verify_created_server_ephemeral_disk): 200 POST http://10.180.1.21/compute/v2.1/flavors/1483301963/os-extra_specs 2.250s
2024-10-30 19:43:54.262 59904 INFO tempest.lib.common.rest_client [req-c2d2300e-46d8-4d34-9a24-874dcbcabbc8 req-c2d2300e-46d8-4d34-9a24-874dcbcabbc8 ] Request (ServicesAdminTestJSON:setUpClass): 204 PUT http://10.180.1.21/identity/v3/projects/b921b063809a406a8adcc71278bba1d0/users/65cdeb3da4264acd9bfe1fecdda5efed/roles/d8b6c7fa53694dcaabfd93a05247a705 0.145s
2024-10-30 19:43:54.262 59904 INFO tempest.lib.common.dynamic_creds [-] Dynamic test user 65cdeb3da4264acd9bfe1fecdda5efed is created with scope project and roles: ['admin']
2024-10-30 19:43:54.262 59904 INFO tempest.lib.common.dynamic_creds [-] Acquired dynamic creds: credentials: Credentials: {'domain_id': 'default', 'domain_name': 'Default', 'username': 'tempest-ServicesAdminTestJSON-618621473-project-admin', 'project_domain_id': 'default', 'project_domain_name': 'Default', 'project_id': 'b921b063809a406a8adcc71278bba1d0', 'project_name': 'tempest-ServicesAdminTestJSON-618621473', 'tenant_id': 'b921b063809a406a8adcc71278bba1d0', 'tenant_name': 'tempest-ServicesAdminTestJSON-618621473', 'user_domain_id': 'default', 'user_domain_name': 'Default', 'user_id': '65cdeb3da4264acd9bfe1fecdda5efed', 'system': None}, Network: None, Subnet: None, Router: None
2024-10-30 19:43:54.262 59904 INFO tempest.lib.common.dynamic_creds [-] Created isolated network resources for: credentials: Credentials: {'domain_id': 'default', 'domain_name': 'Default', 'username': 'tempest-ServicesAdminTestJSON-618621473-project-admin', 'project_domain_id': 'default', 'project_domain_name': 'Default', 'project_id': 'b921b063809a406a8adcc71278bba1d0', 'project_name': 'tempest-ServicesAdminTestJSON-618621473', 'tenant_id': 'b921b063809a406a8adcc71278bba1d0', 'tenant_name': 'tempest-ServicesAdminTestJSON-618621473', 'user_domain_id': 'default', 'user_domain_name': 'Default', 'user_id': '65cdeb3da4264acd9bfe1fecdda5efed', 'system': None}, Network: None, Subnet: None, Router: None
2024-10-30 19:43:54.304 59850 INFO tempest.lib.common.rest_client [req-11adf77e-ed3f-4f3f-9633-a61aae8cc725 req-11adf77e-ed3f-4f3f-9633-a61aae8cc725 ] Request (ServicesAdminNegativeTestJSON:tearDownClass): 201 POST http://10.180.1.21/identity/v3/auth/tokens 0.131s
2024-10-30 19:43:54.315 59854 INFO tempest.lib.common.rest_client [req-4d65b851-c5e1-42c5-8bd0-01c26b8e15d1 req-4d65b851-c5e1-42c5-8bd0-01c26b8e15d1 ] Request (ServersAdminTestJSON:setUpClass): 201 POST http://10.180.1.21/identity/v3/auth/tokens 0.129s
2024-10-30 19:43:54.374 59858 INFO tempest.lib.common.rest_client [req-33be7587-4fad-47d2-a960-c84293512c58 req-33be7587-4fad-47d2-a960-c84293512c58 ] Request (ServerDiagnosticsTest:test_get_server_diagnostics): 204 DELETE http://10.180.1.21/compute/v2.1/servers/b0f907a1-c4f4-4d02-9f07-8a640af4cdc4 2.383s
2024-10-30 19:43:54.378 59874 INFO tempest.lib.common.rest_client [req-551db16d-1e1e-4e14-8e96-209a13dcce42 req-551db16d-1e1e-4e14-8e96-209a13dcce42 ] Request (ServerDiagnosticsNegativeTest:tearDownClass): 204 DELETE http://10.180.1.21/identity/v3/projects/da38ec4f2cad4c0b8b429771350420a8 0.182s
2024-10-30 19:43:54.379 59874 INFO tempest.lib.common.dynamic_creds [-] Deleting project and security group for project: 20c9a3be0340466a8ee30df79a501912
2024-10-30 19:43:54.390 59860 INFO tempest.lib.common.rest_client [req-02751485-4dcc-499d-8db6-8afd994965ba req-02751485-4dcc-499d-8db6-8afd994965ba ] Request (AggregatesAdminNegativeTestJSON:_run_cleanups): 200 DELETE http://10.180.1.21/compute/v2.1/os-aggregates/2 2.282s
2024-10-30 19:43:54.395 59884 INFO tempest.lib.common.rest_client [req-5ca79bbd-f38b-4eaa-bf48-f6b82a615324 req-5ca79bbd-f38b-4eaa-bf48-f6b82a615324 ] Request (ImagesNegativeTestJSON:test_create_image_specify_uuid_37_characters_or_more): 404 POST http://10.180.1.21/compute/v2.1/servers/aaaaaaaaaaaaaaaaaaaaaaaaaaaaaaaaaaaaa/action 2.280s
2024-10-30 19:43:54.410 59882 INFO tempest.lib.common.rest_client [req-46b03d55-21c3-4a82-a5bc-9c556ff39b37 req-46b03d55-21c3-4a82-a5bc-9c556ff39b37 ] Request (KeyPairsV2TestJSON:_run_cleanups): 202 DELETE http://10.180.1.21/compute/v2.1/os-keypairs/tempest-KeyPairsV2TestJSON-keypair-354499291 2.276s
2024-10-30 19:43:54.419 59852 INFO tempest.lib.common.rest_client [req-72e2728b-714d-4438-b40d-1b0b823467a4 req-72e2728b-714d-4438-b40d-1b0b823467a4 ] Request (MigrationsAdminTest:test_resize_server_revert_deleted_flavor): 200 GET http://10.180.1.21/compute/v2.1/flavors/42 2.249s
2024-10-30 19:43:54.430 59880 INFO tempest.lib.common.rest_client [req-7e725ffa-bb92-4857-98da-e8000d3f8353 req-7e725ffa-bb92-4857-98da-e8000d3f8353 ] Request (FlavorsAdminTestJSON:_run_cleanups): 202 DELETE http://10.180.1.21/compute/v2.1/flavors/1807466797 2.245s
2024-10-30 19:43:54.442 59848 INFO tempest.lib.common.rest_client [req-d7e61fdd-ab00-47f6-ac56-6532ce90450a req-d7e61fdd-ab00-47f6-ac56-6532ce90450a ] Request (FlavorsAccessNegativeTestJSON:test_flavor_access_list_with_public_flavor): 404 GET http://10.180.1.21/compute/v2.1/flavors/1518763397/os-flavor-access 2.243s
2024-10-30 19:43:54.479 59876 INFO tempest.lib.common.rest_client [req-834e77a8-96cc-4cdf-a426-0eb900a0deed req-834e77a8-96cc-4cdf-a426-0eb900a0deed ] Request (FlavorsV2TestJSON:test_get_flavor): 200 GET http://10.180.1.21/compute/v2.1/flavors/42 2.451s
2024-10-30 19:43:54.492 59904 INFO tempest.lib.common.rest_client [req-fc7cfd2d-26ab-4d4f-b470-5fee6ee4346e req-fc7cfd2d-26ab-4d4f-b470-5fee6ee4346e ] Request (ServicesAdminTestJSON:setUpClass): 201 POST http://10.180.1.21/identity/v3/auth/tokens 0.224s
2024-10-30 19:43:54.536 59902 INFO tempest.lib.common.rest_client [req-68e012c3-3f04-47c7-b82a-de87b88993e0 req-68e012c3-3f04-47c7-b82a-de87b88993e0 ] Request (VolumesAssistedSnapshotsTest:test_volume_assisted_snapshot_create_delete): 202 POST http://10.180.1.21/volume/v3/567361b688bd4bb59fb08dfb32c56053/volumes 0.424s
2024-10-30 19:43:54.586 59854 INFO tempest.lib.common.rest_client [req-09e256de-4d1e-4962-8ebd-88d80ff132d2 req-09e256de-4d1e-4962-8ebd-88d80ff132d2 ] Request (ServersAdminTestJSON:setUpClass): 201 POST http://10.180.1.21/identity/v3/auth/tokens 0.219s
2024-10-30 19:43:54.603 59902 INFO tempest.lib.common.rest_client [req-24f9d376-607a-4b79-86f8-c2c9e9a31097 req-24f9d376-607a-4b79-86f8-c2c9e9a31097 ] Request (VolumesAssistedSnapshotsTest:test_volume_assisted_snapshot_create_delete): 200 GET http://10.180.1.21/volume/v3/567361b688bd4bb59fb08dfb32c56053/volumes/3356afc0-dbe2-4c6c-83ca-87913a15058a 0.060s
2024-10-30 19:43:54.626 59882 INFO tempest.lib.common.rest_client [req-179e24aa-7a40-4eb7-9259-95aaf4083e03 req-179e24aa-7a40-4eb7-9259-95aaf4083e03 ] Request (KeyPairsV2TestJSON:tearDownClass): 204 DELETE http://10.180.1.21/identity/v3/users/512bd777d21a4d828ad18667dc77395e 0.213s
2024-10-30 19:43:54.626 59882 INFO tempest.lib.common.dynamic_creds [-] Deleting project and security group for project: 541e574b5d854a578761476a15b25b6d
2024-10-30 19:43:54.654 59888 INFO tempest.lib.common.rest_client [req-69a23766-496f-4835-b7bb-f5f6fadaa68d req-69a23766-496f-4835-b7bb-f5f6fadaa68d ] Request (HypervisorAdminNegativeTestJSON:test_get_hypervisor_list_details_with_non_admin_user): 403 GET http://10.180.1.21/compute/v2.1/os-hypervisors/detail 2.427s
2024-10-30 19:43:54.671 59882 INFO tempest.lib.common.rest_client [req-53d7a8d0-9220-4c7a-a76f-29dfec25e691 req-53d7a8d0-9220-4c7a-a76f-29dfec25e691 ] Request (KeyPairsV2TestJSON:tearDownClass): 201 POST http://10.180.1.21/identity/v3/auth/tokens 0.044s
2024-10-30 19:43:54.679 59854 INFO tempest.lib.common.rest_client [req-531caaf0-9cc5-4ac9-9fb1-6ae414961e6a req-531caaf0-9cc5-4ac9-9fb1-6ae414961e6a ] Request (ServersAdminTestJSON:setUpClass): 200 GET http://10.180.1.21/identity/v3/domains?name=Default 0.090s
2024-10-30 19:43:54.688 59890 INFO tempest.lib.common.rest_client [req-20101034-0a7d-473a-bca1-be56e6ab717d req-20101034-0a7d-473a-bca1-be56e6ab717d ] Request (ImagesMetadataTestJSON:test_list_image_metadata): 200 GET http://10.180.1.21/compute/v2.1/images/75b7f694-87aa-4130-9618-77c53f2a3420/metadata 2.304s
2024-10-30 19:43:54.703 59878 INFO tempest.lib.common.rest_client [req-d10f0b54-fdd5-4897-ae91-3e142bf6adbf req-d10f0b54-fdd5-4897-ae91-3e142bf6adbf ] Request (FlavorsExtraSpecsNegativeTestJSON:test_flavor_update_mismatch_key): 400 PUT http://10.180.1.21/compute/v2.1/flavors/1782391920/os-extra_specs/hw:numa_nodes 2.302s
2024-10-30 19:43:54.718 59856 INFO tempest.lib.common.rest_client [req-54f7ef49-cde2-458a-b97e-8f8405d16c5b req-54f7ef49-cde2-458a-b97e-8f8405d16c5b ] Request (HostsAdminNegativeTestJSON:test_startup_nonexistent_host): 404 GET http://10.180.1.21/compute/v2.1/os-hosts/nonexistent_hostname/startup 2.311s
2024-10-30 19:43:54.721 59854 INFO tempest.lib.common.rest_client [req-ad907974-290f-45b9-8a70-cca86b59096d req-ad907974-290f-45b9-8a70-cca86b59096d ] Request (ServersAdminTestJSON:setUpClass): 201 POST http://10.180.1.21/identity/v3/projects 0.042s
2024-10-30 19:43:54.730 59908 INFO tempest.lib.common.rest_client [req-8d31af12-13aa-48bf-9c7d-8f97014bb149 req-8d31af12-13aa-48bf-9c7d-8f97014bb149 ] Request (FlavorsExtraSpecsTestJSON:test_flavor_set_get_update_show_unset_keys): 200 GET http://10.180.1.21/compute/v2.1/flavors/1479064336/os-extra_specs 2.302s
2024-10-30 19:43:54.741 59866 INFO tempest.lib.common.rest_client [req-2131a2e2-01e5-495c-9b01-e1a2bf1c4b3f req-2131a2e2-01e5-495c-9b01-e1a2bf1c4b3f ] Request (QuotaClassesAdminTestJSON:test_update_default_quotas): 200 GET http://10.180.1.21/compute/v2.1/os-quota-class-sets/default 2.121s
2024-10-30 19:43:54.743 59874 INFO tempest.lib.common.rest_client [req-678b17c3-2c4a-4ab9-839c-362d675d054d req-678b17c3-2c4a-4ab9-839c-362d675d054d ] Request (ServerDiagnosticsNegativeTest:tearDownClass): 200 GET http://10.180.1.21:9696/networking/v2.0/security-groups?tenant_id=20c9a3be0340466a8ee30df79a501912&name=default 0.363s
2024-10-30 19:43:54.817 59854 INFO tempest.lib.common.rest_client [req-8e67cbfb-8334-4833-9de7-a69b7ae3aa8a req-8e67cbfb-8334-4833-9de7-a69b7ae3aa8a ] Request (ServersAdminTestJSON:setUpClass): 201 POST http://10.180.1.21/identity/v3/users 0.095s
2024-10-30 19:43:54.842 59854 INFO tempest.lib.common.rest_client [req-23b0b55d-1598-4b6f-a8ba-9b4c6629922c req-23b0b55d-1598-4b6f-a8ba-9b4c6629922c ] Request (ServersAdminTestJSON:setUpClass): 200 GET http://10.180.1.21/identity/v3/roles 0.025s
