2024-10-30 19:45:07.713 59872 INFO tempest.lib.common.fixed_network [-] (DeleteServersTestJSON:test_delete_server_while_in_attached_volume) Found network {'id': '2f4c7458-da72-4a9f-bb29-cec1e84fd98c', 'name': 'tempest-DeleteServersTestJSON-35379862-network', 'tenant_id': '91232108c8944a3da00233e9c54c9749', 'admin_state_up': True, 'mtu': 8950, 'status': 'ACTIVE', 'subnets': [], 'shared': False, 'project_id': '91232108c8944a3da00233e9c54c9749', 'port_security_enabled': True, 'router:external': False, 'provider:network_type': 'vlan', 'provider:physical_network': 'default', 'provider:segmentation_id': 506, 'is_default': False, 'availability_zone_hints': [], 'availability_zones': [], 'ipv4_address_scope': None, 'ipv6_address_scope': None, 'description': '', 'tags': [], 'created_at': '2024-10-30T19:44:40Z', 'updated_at': '2024-10-30T19:44:40Z', 'revision_number': 1} available for tenant
2024-10-30 19:45:07.974 59890 INFO tempest.lib.common.rest_client [req-0b363b31-be8b-4532-8f2a-6d9e0a47e204 req-0b363b31-be8b-4532-8f2a-6d9e0a47e204 ] Request (ImagesOneServerTestJSON:tearDownClass): 204 DELETE http://10.180.1.21:9696/networking/v2.0/routers/c5b88a25-b9a3-4e25-a917-019584e02f8a 2.344s
2024-10-30 19:45:08.637 59890 INFO tempest.lib.common.rest_client [req-f4ff5b7f-7bff-424d-bfda-3c4b2f44516d req-f4ff5b7f-7bff-424d-bfda-3c4b2f44516d ] Request (ImagesOneServerTestJSON:tearDownClass): 204 DELETE http://10.180.1.21:9696/networking/v2.0/subnets/93cc9754-c395-41ad-90fd-10093c83d9c9 0.662s
2024-10-30 19:45:08.841 59896 INFO tempest.lib.common.rest_client [req-bfee6349-6a74-41ed-8ad7-a6e50bc9516d req-bfee6349-6a74-41ed-8ad7-a6e50bc9516d ] Request (ServersTestJSON:test_create_server_specify_multibyte_character_name): 202 POST http://10.180.1.21/compute/v2.1/servers 5.364s
2024-10-30 19:45:08.870 59892 INFO tempest.lib.common.rest_client [req-2185c308-83d0-4687-8494-f4cfcd93bb63 req-2185c308-83d0-4687-8494-f4cfcd93bb63 ] Request (ImagesTestJSON:test_create_image_from_stopped_server): 202 POST http://10.180.1.21/compute/v2.1/servers 5.262s
2024-10-30 19:45:09.113 59854 INFO tempest.lib.common.rest_client [req-31e40f94-cc68-4a5a-97b3-c0208d510cb3 req-31e40f94-cc68-4a5a-97b3-c0208d510cb3 ] Request (ServersAdminTestJSON:tearDownClass): 204 DELETE http://10.180.1.21:9696/networking/v2.0/routers/1a56137b-72ae-49ac-aadd-ae53d2d86c02 2.264s
2024-10-30 19:45:09.278 59860 INFO tempest.lib.common.rest_client [req-00ff95ed-6735-4762-ab30-0034a7a08d63 req-00ff95ed-6735-4762-ab30-0034a7a08d63 ] Request (SecurityGroupsTestAdminJSON:test_list_security_groups_list_all_tenants_filter): 200 GET http://10.180.1.21/compute/v2.1/os-security-groups?all_tenants=true 5.621s
2024-10-30 19:45:09.288 59902 INFO tempest.lib.common.rest_client [req-0672abd0-1627-4333-8aad-9832be01d207 req-0672abd0-1627-4333-8aad-9832be01d207 ] Request (ServersAdminNegativeTestJSON:setUpClass): 200 GET http://10.180.1.21/compute/v2.1/servers/9759f284-26e2-466e-9504-ffb63a359f27 4.928s
2024-10-30 19:45:09.301 59876 INFO tempest.lib.common.rest_client [req-50e926c3-40aa-425e-b250-bfb7a6679dba req-50e926c3-40aa-425e-b250-bfb7a6679dba ] Request (AttachVolumeShelveTestJSON:test_attach_volume_shelved_or_offload_server): 404 GET http://10.180.1.21/compute/v2.1/servers/081de977-9854-4e53-b7e3-425cedbe2f75 4.675s
2024-10-30 19:45:09.389 59846 INFO tempest.lib.common.rest_client [req-b51b124a-260d-4cf3-b2aa-f1696031b7ae req-b51b124a-260d-4cf3-b2aa-f1696031b7ae ] Request (ServerMetadataTestJSON:setUpClass): 201 POST http://10.180.1.21:9696/networking/v2.0/routers 2.793s
2024-10-30 19:45:09.393 59848 INFO tempest.lib.common.rest_client [req-bb4392f4-354d-469c-b721-cfa6128ad99a req-bb4392f4-354d-469c-b721-cfa6128ad99a ] Request (QuotasAdminTestJSON:test_update_all_quota_resources_for_tenant): 200 GET http://10.180.1.21/compute/v2.1/os-quota-sets/d9afa52d46b14417aebbe15afdde7c3d/defaults 4.371s
2024-10-30 19:45:09.506 59890 INFO tempest.lib.common.rest_client [req-296198df-bdd3-4516-b87a-e67f6490673e req-296198df-bdd3-4516-b87a-e67f6490673e ] Request (ImagesOneServerTestJSON:tearDownClass): 204 DELETE http://10.180.1.21:9696/networking/v2.0/networks/830d81e2-3994-466d-a1a3-579516d84caf 0.868s
2024-10-30 19:45:09.532 59898 INFO tempest.lib.common.rest_client [req-5ba5d3b1-b236-44b3-bd6b-58e0c8ad0ac0 req-5ba5d3b1-b236-44b3-bd6b-58e0c8ad0ac0 ] Request (QuotasAdminNegativeTest:test_create_server_when_memory_quota_is_full): 200 PUT http://10.180.1.21/compute/v2.1/os-quota-sets/9c8892971f324caf8dd3c3a3dddea35e 4.393s
2024-10-30 19:45:09.556 59878 INFO tempest.lib.common.rest_client [req-2c28361e-e357-4eba-ad4b-7d5781911a55 req-2c28361e-e357-4eba-ad4b-7d5781911a55 ] Request (ServersNegativeTestMultiTenantJSON:setUpClass): 404 GET http://10.180.1.21/compute/v2.1/servers/79046690-e296-49cf-86f7-aefb1b9d23ff 4.160s
2024-10-30 19:45:09.557 59878 INFO tempest.test [-] raised in ServersNegativeTestMultiTenantJSON.setUpClass. Invoking tearDownClass.
2024-10-30 19:45:09.596 59880 INFO tempest.lib.common.rest_client [req-b32b0323-f222-4cb3-8295-627a6374f190 req-b32b0323-f222-4cb3-8295-627a6374f190 ] Request (HypervisorAdminV253TestBase:test_list_show_detail_hypervisors): 200 GET http://10.180.1.21/compute/v2.1/os-hypervisors?with_servers=True 4.075s
2024-10-30 19:45:09.600 59898 INFO tempest.lib.common.rest_client [req-ba1bb583-ede9-46f9-95cd-ab1f4f62405a req-ba1bb583-ede9-46f9-95cd-ab1f4f62405a ] Request (QuotasAdminNegativeTest:test_create_server_when_memory_quota_is_full): 201 POST http://10.180.1.21/identity/v3/auth/tokens 0.064s
2024-10-30 19:45:09.600 59898 INFO tempest.lib.common.fixed_network [-] (QuotasAdminNegativeTest:test_create_server_when_memory_quota_is_full) Found network None available for tenant
2024-10-30 19:45:09.638 59890 INFO tempest.lib.common.rest_client [req-6f04325d-a134-47a0-a3cf-35dc02b3b08d req-6f04325d-a134-47a0-a3cf-35dc02b3b08d ] Request (ImagesOneServerTestJSON:tearDownClass): 204 DELETE http://10.180.1.21/identity/v3/users/1cbf7615868645669bfae44c6fa4160e 0.132s
2024-10-30 19:45:09.639 59890 INFO tempest.lib.common.dynamic_creds [-] Deleting project and security group for project: 3c05d571ddd1488e88b7089d09057d6d
2024-10-30 19:45:09.699 59866 INFO tempest.lib.common.rest_client [req-41e16882-0709-44ff-9864-2938c07d4a31 req-41e16882-0709-44ff-9864-2938c07d4a31 ] Request (ListServersNegativeTestJSON:tearDownClass): 200 PUT http://10.180.1.21:9696/networking/v2.0/routers/7bf0a245-0eb7-4e39-b6ac-211a59ecc200/remove_router_interface 4.536s
2024-10-30 19:45:09.772 59890 INFO tempest.lib.common.rest_client [req-34e7ae72-c628-4650-8471-d27947e14a5e req-34e7ae72-c628-4650-8471-d27947e14a5e ] Request (ImagesOneServerTestJSON:tearDownClass): 200 GET http://10.180.1.21:9696/networking/v2.0/security-groups?tenant_id=3c05d571ddd1488e88b7089d09057d6d&name=default 0.132s
2024-10-30 19:45:09.968 59854 INFO tempest.lib.common.rest_client [req-376399ac-bda7-41dc-a184-5f1a60700f01 req-376399ac-bda7-41dc-a184-5f1a60700f01 ] Request (ServersAdminTestJSON:tearDownClass): 204 DELETE http://10.180.1.21:9696/networking/v2.0/subnets/86daaba9-a3c7-4491-b601-e6873f533885 0.855s
2024-10-30 19:45:10.082 59852 INFO tempest.lib.common.rest_client [req-6333ed5e-c9a8-45d5-a0d1-cf5a2332bd7c req-6333ed5e-c9a8-45d5-a0d1-cf5a2332bd7c ] Request (SecurityGroupsTestJSON:test_list_security_groups_by_server): 200 GET http://10.180.1.21/compute/v2.1/servers/fdd34513-15af-4294-8a8a-e3b095188eda 5.096s
2024-10-30 19:45:10.097 59868 INFO tempest.lib.common.rest_client [req-15f78bf5-a7f3-4e86-9445-5920597dc181 req-15f78bf5-a7f3-4e86-9445-5920597dc181 ] Request (AttachVolumeTestJSON:_run_cleanups): 202 DELETE http://10.180.1.21/compute/v2.1/os-keypairs/tempest-keypair-628812337 4.524s
2024-10-30 19:45:10.213 59888 INFO tempest.lib.common.rest_client [req-0f27af14-7688-44ec-b2a3-3a60572a50d2 req-0f27af14-7688-44ec-b2a3-3a60572a50d2 ] Request (ServerRescueTestJSONUnderV235:setUpClass): 200 PUT http://10.180.1.21:9696/networking/v2.0/routers/5a29cfd2-bd3b-4cd6-bdfc-976306d2183a/add_router_interface 5.537s
2024-10-30 19:45:10.213 59888 INFO tempest.lib.common.dynamic_creds [-] Created isolated network resources for: credentials: Credentials: {'domain_id': 'default', 'domain_name': 'Default', 'username': 'tempest-ServerRescueTestJSONUnderV235-580767535-project-member', 'project_domain_id': 'default', 'project_domain_name': 'Default', 'project_id': 'aa0980bc89de477bbd5ad4ad8f6ce2b4', 'project_name': 'tempest-ServerRescueTestJSONUnderV235-580767535', 'tenant_id': 'aa0980bc89de477bbd5ad4ad8f6ce2b4', 'tenant_name': 'tempest-ServerRescueTestJSONUnderV235-580767535', 'user_domain_id': 'default', 'user_domain_name': 'Default', 'user_id': '5efb0e88d47b4a648b96635f0901c069', 'system': None}, Network: {'id': 'fe661403-187d-44bb-9ff1-7c5ee0a7119c', 'name': 'tempest-ServerRescueTestJSONUnderV235-386137181-network', 'tenant_id': 'aa0980bc89de477bbd5ad4ad8f6ce2b4', 'admin_state_up': True, 'mtu': 8950, 'status': 'ACTIVE', 'subnets': [], 'shared': False, 'project_id': 'aa0980bc89de477bbd5ad4ad8f6ce2b4', 'port_security_enabled': True, 'router:external': False, 'provider:network_type': 'vlan', 'provider:physical_network': 'default', 'provider:segmentation_id': 876, 'is_default': False, 'availability_zone_hints': [], 'availability_zones': [], 'ipv4_address_scope': None, 'ipv6_address_scope': None, 'description': '', 'tags': [], 'created_at': '2024-10-30T19:45:00Z', 'updated_at': '2024-10-30T19:45:01Z', 'revision_number': 1}, Subnet: {'id': '00dc0340-872b-42c0-8f72-f8930351e0c8', 'name': 'tempest-ServerRescueTestJSONUnderV235-386137181-subnet', 'tenant_id': 'aa0980bc89de477bbd5ad4ad8f6ce2b4', 'network_id': 'fe661403-187d-44bb-9ff1-7c5ee0a7119c', 'ip_version': 4, 'subnetpool_id': None, 'enable_dhcp': False, 'ipv6_ra_mode': None, 'ipv6_address_mode': None, 'gateway_ip': '192.168.128.1', 'cidr': '192.168.128.0/28', 'allocation_pools': [{'start': '192.168.128.2', 'end': '192.168.128.14'}], 'host_routes': [], 'dns_nameservers': [], 'description': '', 'service_types': [], 'tags': [], 'created_at': '2024-10-30T19:45:01Z', 'updated_at': '2024-10-30T19:45:01Z', 'revision_number': 0, 'project_id': 'aa0980bc89de477bbd5ad4ad8f6ce2b4'}, Router: {'id': '5a29cfd2-bd3b-4cd6-bdfc-976306d2183a', 'name': 'tempest-ServerRescueTestJSONUnderV235-386137181-router', 'tenant_id': 'aa0980bc89de477bbd5ad4ad8f6ce2b4', 'admin_state_up': True, 'status': 'ACTIVE', 'external_gateway_info': {'network_id': '22d695f0-7650-4918-b19b-f5224b8ba42e', 'external_fixed_ips': [{'subnet_id': '78475c85-1db0-40e6-a1c4-aa588360a14d', 'ip_address': '10.180.180.222'}], 'enable_snat': True}, 'description': '', 'availability_zones': [], 'distributed': False, 'ha': False, 'availability_zone_hints': [], 'routes': [], 'flavor_id': None, 'tags': [], 'created_at': '2024-10-30T19:45:01Z', 'updated_at': '2024-10-30T19:45:03Z', 'revision_number': 2, 'project_id': 'aa0980bc89de477bbd5ad4ad8f6ce2b4'}
2024-10-30 19:45:10.275 59888 INFO tempest.lib.common.rest_client [req-0094e566-7510-42a5-a7b5-0cf84be07992 req-0094e566-7510-42a5-a7b5-0cf84be07992 ] Request (ServerRescueTestJSONUnderV235:setUpClass): 201 POST http://10.180.1.21/identity/v3/auth/tokens 0.059s
2024-10-30 19:45:10.312 59888 INFO tempest.lib.common.rest_client [req-41bb1aa1-5b43-4888-bcea-8747c90fdf68 req-41bb1aa1-5b43-4888-bcea-8747c90fdf68 ] Request (ServerRescueTestJSONUnderV235:setUpClass): 201 POST http://10.180.1.21/identity/v3/auth/tokens 0.033s
2024-10-30 19:45:10.313 59888 INFO tempest.lib.common.fixed_network [-] (ServerRescueTestJSONUnderV235:setUpClass) Found network {'id': 'fe661403-187d-44bb-9ff1-7c5ee0a7119c', 'name': 'tempest-ServerRescueTestJSONUnderV235-386137181-network', 'tenant_id': 'aa0980bc89de477bbd5ad4ad8f6ce2b4', 'admin_state_up': True, 'mtu': 8950, 'status': 'ACTIVE', 'subnets': [], 'shared': False, 'project_id': 'aa0980bc89de477bbd5ad4ad8f6ce2b4', 'port_security_enabled': True, 'router:external': False, 'provider:network_type': 'vlan', 'provider:physical_network': 'default', 'provider:segmentation_id': 876, 'is_default': False, 'availability_zone_hints': [], 'availability_zones': [], 'ipv4_address_scope': None, 'ipv6_address_scope': None, 'description': '', 'tags': [], 'created_at': '2024-10-30T19:45:00Z', 'updated_at': '2024-10-30T19:45:01Z', 'revision_number': 1} available for tenant
2024-10-30 19:45:10.351 59882 INFO tempest.lib.common.rest_client [req-63507485-3b3a-44e7-97d0-cd8a83b4d32b req-63507485-3b3a-44e7-97d0-cd8a83b4d32b ] Request (SecurityGroupRulesNegativeTestJSON:test_create_security_group_rule_with_invalid_ip_protocol): 200 POST http://10.180.1.21/compute/v2.1/os-security-groups 4.829s
2024-10-30 19:45:10.431 59868 INFO tempest.lib.common.rest_client [req-dc69419a-1247-4658-a79f-8f03c4761dc8 req-dc69419a-1247-4658-a79f-8f03c4761dc8 ] Request (AttachVolumeTestJSON:_run_cleanups): 204 DELETE http://10.180.1.21:9696/networking/v2.0/security-groups/0efdab66-6a60-4601-b1e9-1aefad3e1f3d 0.333s
2024-10-30 19:45:10.482 59868 INFO tempest.lib.common.rest_client [req-81f29537-4011-4147-b2b0-d2787eee02d9 req-81f29537-4011-4147-b2b0-d2787eee02d9 ] Request (AttachVolumeTestJSON:_run_cleanups): 404 GET http://10.180.1.21:9696/networking/v2.0/security-groups/0efdab66-6a60-4601-b1e9-1aefad3e1f3d 0.050s
2024-10-30 19:45:10.502 59890 INFO tempest.lib.common.rest_client [req-df271170-9e35-4955-9603-193d6964f9cc req-df271170-9e35-4955-9603-193d6964f9cc ] Request (ImagesOneServerTestJSON:tearDownClass): 204 DELETE http://10.180.1.21:9696/networking/v2.0/security-groups/b8654c80-c70e-480b-9c01-591cb0ec686a 0.729s
2024-10-30 19:45:10.589 59890 INFO tempest.lib.common.rest_client [req-950ebf77-3eb5-464e-a666-df90ccb7abad req-950ebf77-3eb5-464e-a666-df90ccb7abad ] Request (ImagesOneServerTestJSON:tearDownClass): 204 DELETE http://10.180.1.21/identity/v3/projects/3c05d571ddd1488e88b7089d09057d6d 0.087s
2024-10-30 19:45:10.617 59870 INFO tempest.lib.common.rest_client [req-cf749b62-593f-4edd-9b85-df7832355d6b req-cf749b62-593f-4edd-9b85-df7832355d6b ] Request (ServerActionsTestOtherB:setUpClass): 204 DELETE http://10.180.1.21/compute/v2.1/servers/c86a0f45-516c-47c3-a012-f56839e05e91 4.723s
2024-10-30 19:45:10.658 59890 INFO tempest.lib.common.rest_client [req-d906df14-81e2-4ad1-9762-10b61635749f req-d906df14-81e2-4ad1-9762-10b61635749f ] Request (ServerActionsV293TestJSON:setUpClass): 201 POST http://10.180.1.21/identity/v3/auth/tokens 0.065s
2024-10-30 19:45:10.685 59890 INFO tempest.lib.common.rest_client [req-6294ac92-8701-42e3-a3de-220d62a46f7a req-6294ac92-8701-42e3-a3de-220d62a46f7a ] Request (ServerActionsV293TestJSON:setUpClass): 201 POST http://10.180.1.21/identity/v3/auth/tokens 0.025s
2024-10-30 19:45:10.716 59890 INFO tempest.lib.common.rest_client [req-5cfe58b7-d265-4207-b73f-41de052f384f req-5cfe58b7-d265-4207-b73f-41de052f384f ] Request (ServerActionsV293TestJSON:setUpClass): 200 GET http://10.180.1.21/identity/v3/domains?name=Default 0.030s
2024-10-30 19:45:10.761 59890 INFO tempest.lib.common.rest_client [req-60424806-a76e-42a3-8480-c7809a0cb9d7 req-60424806-a76e-42a3-8480-c7809a0cb9d7 ] Request (ServerActionsV293TestJSON:setUpClass): 201 POST http://10.180.1.21/identity/v3/projects 0.044s
2024-10-30 19:45:10.846 59890 INFO tempest.lib.common.rest_client [req-b8b3d413-3b00-4c40-bb6f-62e3849b8a06 req-b8b3d413-3b00-4c40-bb6f-62e3849b8a06 ] Request (ServerActionsV293TestJSON:setUpClass): 201 POST http://10.180.1.21/identity/v3/users 0.085s
2024-10-30 19:45:10.871 59890 INFO tempest.lib.common.rest_client [req-c8734043-a158-4988-96ab-4265a198b52a req-c8734043-a158-4988-96ab-4265a198b52a ] Request (ServerActionsV293TestJSON:setUpClass): 200 GET http://10.180.1.21/identity/v3/roles 0.024s
2024-10-30 19:45:10.903 59890 INFO tempest.lib.common.rest_client [req-688b2113-e776-469e-9f4e-568d3236cfc6 req-688b2113-e776-469e-9f4e-568d3236cfc6 ] Request (ServerActionsV293TestJSON:setUpClass): 204 PUT http://10.180.1.21/identity/v3/projects/d099026ef14c4a9ea51a62cb8dc15673/users/cd62aa2126d64e81a565bc0d29c7f13d/roles/b238bd65f0534cd59b0d66282ef11078 0.032s
2024-10-30 19:45:10.903 59890 INFO tempest.lib.common.dynamic_creds [-] Dynamic test user cd62aa2126d64e81a565bc0d29c7f13d is created with scope project and roles: ['member']
2024-10-30 19:45:10.904 59890 INFO tempest.lib.common.dynamic_creds [-] Acquired dynamic creds: credentials: Credentials: {'domain_id': 'default', 'domain_name': 'Default', 'username': 'tempest-ServerActionsV293TestJSON-1756577926-project-member', 'project_domain_id': 'default', 'project_domain_name': 'Default', 'project_id': 'd099026ef14c4a9ea51a62cb8dc15673', 'project_name': 'tempest-ServerActionsV293TestJSON-1756577926', 'tenant_id': 'd099026ef14c4a9ea51a62cb8dc15673', 'tenant_name': 'tempest-ServerActionsV293TestJSON-1756577926', 'user_domain_id': 'default', 'user_domain_name': 'Default', 'user_id': 'cd62aa2126d64e81a565bc0d29c7f13d', 'system': None}, Network: None, Subnet: None, Router: None
2024-10-30 19:45:10.977 59890 INFO tempest.lib.common.rest_client [req-7e048f04-50e8-4f09-ba21-9711147d2be2 req-7e048f04-50e8-4f09-ba21-9711147d2be2 ] Request (ServerActionsV293TestJSON:setUpClass): 201 POST http://10.180.1.21/identity/v3/auth/tokens 0.073s
2024-10-30 19:45:11.433 59866 INFO tempest.lib.common.rest_client [req-fd300951-eaf1-48b4-95c8-f96a7e836c0d req-fd300951-eaf1-48b4-95c8-f96a7e836c0d ] Request (ListServersNegativeTestJSON:tearDownClass): 204 DELETE http://10.180.1.21:9696/networking/v2.0/routers/7bf0a245-0eb7-4e39-b6ac-211a59ecc200 1.733s
2024-10-30 19:45:11.510 59868 INFO tempest.lib.common.rest_client [req-3b98efe8-511f-46c3-983d-91c211eb8e1c req-3b98efe8-511f-46c3-983d-91c211eb8e1c ] Request (AttachVolumeTestJSON:_run_cleanups): 204 DELETE http://10.180.1.21:9696/networking/v2.0/floatingips/42c14c5b-c16c-4b83-8e51-981f652fe781 1.027s
2024-10-30 19:45:11.532 59874 INFO tempest.lib.common.rest_client [req-ef59908d-e122-471b-8b0c-59c76f0af371 req-ef59908d-e122-471b-8b0c-59c76f0af371 ] Request (VolumesAdminNegativeTest:test_update_attached_volume_with_nonexistent_volume_in_uri): 200 GET http://10.180.1.21/compute/v2.1/servers/62ade33c-5283-432d-872c-cc162254317d 5.331s
2024-10-30 19:45:11.833 59866 INFO tempest.lib.common.rest_client [req-3296b4b4-40d9-43b1-b018-b2b68fe1eb7c req-3296b4b4-40d9-43b1-b018-b2b68fe1eb7c ] Request (ListServersNegativeTestJSON:tearDownClass): 204 DELETE http://10.180.1.21:9696/networking/v2.0/subnets/150607b4-abea-47e8-b31b-8faa1d50dd46 0.400s
2024-10-30 19:45:12.163 59854 INFO tempest.lib.common.rest_client [req-6a56ac23-066a-4458-9283-a91602dc6c4d req-6a56ac23-066a-4458-9283-a91602dc6c4d ] Request (ServersAdminTestJSON:tearDownClass): 204 DELETE http://10.180.1.21:9696/networking/v2.0/networks/3496ba4b-76ee-451e-8175-87ddc4004c47 2.194s
2024-10-30 19:45:12.460 59890 INFO tempest.lib.common.rest_client [req-b30895bd-0c3b-4a27-b1b3-16d3972eac9f req-b30895bd-0c3b-4a27-b1b3-16d3972eac9f ] Request (ServerActionsV293TestJSON:setUpClass): 201 POST http://10.180.1.21:9696/networking/v2.0/networks 1.482s
2024-10-30 19:45:12.482 59878 INFO tempest.lib.common.rest_client [req-454f6ee7-1bb1-4847-bde4-db199c15f0ce req-454f6ee7-1bb1-4847-bde4-db199c15f0ce ] Request (ServersNegativeTestMultiTenantJSON:tearDownClass): 200 PUT http://10.180.1.21:9696/networking/v2.0/routers/6244eeac-6034-42da-9e6e-efdcb8c89216/remove_router_interface 2.924s
2024-10-30 19:45:12.506 59862 INFO tempest.lib.common.rest_client [req-0098a2d1-2506-4fba-9164-111089f7368c req-0098a2d1-2506-4fba-9164-111089f7368c ] Request (ServersTestBootFromVolume:setUpClass): 202 POST http://10.180.1.21/compute/v2.1/servers 6.896s
2024-10-30 19:45:12.663 59866 INFO tempest.lib.common.rest_client [req-0b9341d1-df62-4b69-9a95-4f36bcdfe3f1 req-0b9341d1-df62-4b69-9a95-4f36bcdfe3f1 ] Request (ListServersNegativeTestJSON:tearDownClass): 204 DELETE http://10.180.1.21:9696/networking/v2.0/networks/c2d9e72e-523f-4898-b585-a6c509b8f19b 0.829s
2024-10-30 19:45:12.670 59858 INFO tempest.lib.common.rest_client [req-f2c83b13-1fde-44b7-a9b6-3bce4fd0681d req-f2c83b13-1fde-44b7-a9b6-3bce4fd0681d ] Request (ServersTestJSON:setUpClass): 200 POST http://10.180.1.21/compute/v2.1/os-keypairs 5.762s
2024-10-30 19:45:12.753 59866 INFO tempest.lib.common.rest_client [req-4d59d47c-0bc3-4e6e-8dcf-8f86bd590d04 req-4d59d47c-0bc3-4e6e-8dcf-8f86bd590d04 ] Request (ListServersNegativeTestJSON:tearDownClass): 204 DELETE http://10.180.1.21/identity/v3/users/fc29286ab7cc4820bb45036ac09d7fa9 0.090s
2024-10-30 19:45:12.754 59866 INFO tempest.lib.common.dynamic_creds [-] Deleting project and security group for project: b6989e151d3a4d27af3ffc2891497891
2024-10-30 19:45:12.902 59866 INFO tempest.lib.common.rest_client [req-176acccc-bc38-4dc4-b0fc-dc689fddab18 req-176acccc-bc38-4dc4-b0fc-dc689fddab18 ] Request (ListServersNegativeTestJSON:tearDownClass): 200 GET http://10.180.1.21:9696/networking/v2.0/security-groups?tenant_id=b6989e151d3a4d27af3ffc2891497891&name=default 0.148s
2024-10-30 19:45:13.091 59858 INFO tempest.lib.common.rest_client [req-25c5b29b-5e60-47f4-a733-02cb80f62e8d req-25c5b29b-5e60-47f4-a733-02cb80f62e8d ] Request (ServersTestJSON:setUpClass): 201 POST http://10.180.1.21:9696/networking/v2.0/security-groups 0.420s
2024-10-30 19:45:13.277 59866 INFO tempest.lib.common.rest_client [req-54c876dc-a11f-4a19-84cb-9f48a4738d8e req-54c876dc-a11f-4a19-84cb-9f48a4738d8e ] Request (ListServersNegativeTestJSON:tearDownClass): 204 DELETE http://10.180.1.21:9696/networking/v2.0/security-groups/ec3c2ff2-e636-4cb0-90c6-88dfad285812 0.374s
2024-10-30 19:45:13.365 59866 INFO tempest.lib.common.rest_client [req-3c489e22-9ed0-4e83-9a94-f092af0b8e5c req-3c489e22-9ed0-4e83-9a94-f092af0b8e5c ] Request (ListServersNegativeTestJSON:tearDownClass): 204 DELETE http://10.180.1.21/identity/v3/projects/b6989e151d3a4d27af3ffc2891497891 0.087s
2024-10-30 19:45:13.546 59890 INFO tempest.lib.common.rest_client [req-2c45cc93-0182-4253-98fc-3aaf4a0ab693 req-2c45cc93-0182-4253-98fc-3aaf4a0ab693 ] Request (ServerActionsV293TestJSON:setUpClass): 201 POST http://10.180.1.21:9696/networking/v2.0/subnets 1.086s
2024-10-30 19:45:13.668 59858 INFO tempest.lib.common.rest_client [req-207c6bfe-e8c0-4f30-8681-c68deb6a5969 req-207c6bfe-e8c0-4f30-8681-c68deb6a5969 ] Request (ServersTestJSON:setUpClass): 201 POST http://10.180.1.21:9696/networking/v2.0/security-group-rules 0.576s
2024-10-30 19:45:13.821 59864 INFO tempest.lib.common.rest_client [req-5dbb8e33-93eb-4bbc-9d22-46826868e029 req-5dbb8e33-93eb-4bbc-9d22-46826868e029 ] Request (AttachInterfacesTestJSON:test_reassign_port_between_servers): 202 POST http://10.180.1.21/compute/v2.1/servers 7.376s
2024-10-30 19:45:13.984 59856 INFO tempest.lib.common.rest_client [req-1cc6a0cd-2d76-4341-8239-6051a3c3df82 req-1cc6a0cd-2d76-4341-8239-6051a3c3df82 ] Request (ServerShowV257Test:test_rebuild_server): 200 GET http://10.180.1.21/compute/v2.1/servers/ea968312-62ea-4f55-87e9-f91823fc14c2 6.921s
2024-10-30 19:45:14.115 59858 INFO tempest.lib.common.rest_client [req-c3aba8d3-81f6-4d4a-ba2e-628988048203 req-c3aba8d3-81f6-4d4a-ba2e-628988048203 ] Request (ServersTestJSON:setUpClass): 201 POST http://10.180.1.21:9696/networking/v2.0/security-group-rules 0.446s
2024-10-30 19:45:14.341 59878 INFO tempest.lib.common.rest_client [req-408fb982-7ea0-4c1e-bd70-fbf5091c69bb req-408fb982-7ea0-4c1e-bd70-fbf5091c69bb ] Request (ServersNegativeTestMultiTenantJSON:tearDownClass): 204 DELETE http://10.180.1.21:9696/networking/v2.0/routers/6244eeac-6034-42da-9e6e-efdcb8c89216 1.859s
2024-10-30 19:45:15.030 59894 INFO tempest.lib.common.rest_client [req-333acd96-25f6-4d5e-b8a6-27bcdb473198 req-333acd96-25f6-4d5e-b8a6-27bcdb473198 ] Request (AttachVolumeNegativeTest:test_attach_attached_volume_to_same_server): 202 POST http://10.180.1.21/compute/v2.1/servers 8.101s
2024-10-30 19:45:15.066 59878 INFO tempest.lib.common.rest_client [req-71fbafea-7262-4cd5-a573-17bb34462f37 req-71fbafea-7262-4cd5-a573-17bb34462f37 ] Request (ServersNegativeTestMultiTenantJSON:tearDownClass): 204 DELETE http://10.180.1.21:9696/networking/v2.0/subnets/52b450da-466b-4cbd-bf2f-6a7e1a106a86 0.725s
2024-10-30 19:45:15.124 59884 INFO tempest.lib.common.rest_client [req-9bba5743-aadf-4bde-85fb-3d1c52151d4c req-9bba5743-aadf-4bde-85fb-3d1c52151d4c ] Request (InstanceActionsNegativeTestJSON:setUpClass): 200 GET http://10.180.1.21/compute/v2.1/servers/ce3bd633-4538-428d-9258-9222c3c72edd 7.588s
2024-10-30 19:45:15.636 59878 INFO tempest.lib.common.rest_client [req-edfc6a3f-79fe-43aa-a4fa-dfbcc672ff33 req-edfc6a3f-79fe-43aa-a4fa-dfbcc672ff33 ] Request (ServersNegativeTestMultiTenantJSON:tearDownClass): 204 DELETE http://10.180.1.21:9696/networking/v2.0/networks/ed43060a-45a1-47c5-9294-75b0827542b7 0.569s
2024-10-30 19:45:16.891 59890 INFO tempest.lib.common.rest_client [req-eb2998e9-7b35-4d03-8726-a198d5a582a2 req-eb2998e9-7b35-4d03-8726-a198d5a582a2 ] Request (ServerActionsV293TestJSON:setUpClass): 201 POST http://10.180.1.21:9696/networking/v2.0/routers 3.342s
2024-10-30 19:45:17.076 59846 INFO tempest.lib.common.rest_client [req-0cfd2483-aa87-49e9-b5a3-eadd3d39e078 req-0cfd2483-aa87-49e9-b5a3-eadd3d39e078 ] Request (ServerMetadataTestJSON:setUpClass): 200 PUT http://10.180.1.21:9696/networking/v2.0/routers/96c39efe-ff0c-4fd1-b685-547931de5147/add_router_interface 7.686s
2024-10-30 19:45:17.076 59846 INFO tempest.lib.common.dynamic_creds [-] Created isolated network resources for: credentials: Credentials: {'domain_id': 'default', 'domain_name': 'Default', 'username': 'tempest-ServerMetadataTestJSON-382877116-project-member', 'project_domain_id': 'default', 'project_domain_name': 'Default', 'project_id': '319a39cba8574bc7a3c92d4527f59cad', 'project_name': 'tempest-ServerMetadataTestJSON-382877116', 'tenant_id': '319a39cba8574bc7a3c92d4527f59cad', 'tenant_name': 'tempest-ServerMetadataTestJSON-382877116', 'user_domain_id': 'default', 'user_domain_name': 'Default', 'user_id': '9c848bf8c29f415e96eee55939826dde', 'system': None}, Network: {'id': '62b9f831-107c-4ad9-aa70-df1a87114a06', 'name': 'tempest-ServerMetadataTestJSON-1757510389-network', 'tenant_id': '319a39cba8574bc7a3c92d4527f59cad', 'admin_state_up': True, 'mtu': 8950, 'status': 'ACTIVE', 'subnets': [], 'shared': False, 'project_id': '319a39cba8574bc7a3c92d4527f59cad', 'port_security_enabled': True, 'router:external': False, 'provider:network_type': 'vlan', 'provider:physical_network': 'default', 'provider:segmentation_id': 520, 'is_default': False, 'availability_zone_hints': [], 'availability_zones': [], 'ipv4_address_scope': None, 'ipv6_address_scope': None, 'description': '', 'tags': [], 'created_at': '2024-10-30T19:45:04Z', 'updated_at': '2024-10-30T19:45:05Z', 'revision_number': 1}, Subnet: {'id': '558cbe6b-fc47-410f-8e16-3132c8f05b31', 'name': 'tempest-ServerMetadataTestJSON-1757510389-subnet', 'tenant_id': '319a39cba8574bc7a3c92d4527f59cad', 'network_id': '62b9f831-107c-4ad9-aa70-df1a87114a06', 'ip_version': 4, 'subnetpool_id': None, 'enable_dhcp': True, 'ipv6_ra_mode': None, 'ipv6_address_mode': None, 'gateway_ip': '192.168.128.1', 'cidr': '192.168.128.0/28', 'allocation_pools': [{'start': '192.168.128.2', 'end': '192.168.128.14'}], 'host_routes': [], 'dns_nameservers': [], 'description': '', 'service_types': [], 'tags': [], 'created_at': '2024-10-30T19:45:05Z', 'updated_at': '2024-10-30T19:45:05Z', 'revision_number': 0, 'project_id': '319a39cba8574bc7a3c92d4527f59cad'}, Router: {'id': '96c39efe-ff0c-4fd1-b685-547931de5147', 'name': 'tempest-ServerMetadataTestJSON-1757510389-router', 'tenant_id': '319a39cba8574bc7a3c92d4527f59cad', 'admin_state_up': True, 'status': 'ACTIVE', 'external_gateway_info': {'network_id': '22d695f0-7650-4918-b19b-f5224b8ba42e', 'external_fixed_ips': [{'subnet_id': '78475c85-1db0-40e6-a1c4-aa588360a14d', 'ip_address': '10.180.180.145'}], 'enable_snat': True}, 'description': '', 'availability_zones': [], 'distributed': False, 'ha': False, 'availability_zone_hints': [], 'routes': [], 'flavor_id': None, 'tags': [], 'created_at': '2024-10-30T19:45:06Z', 'updated_at': '2024-10-30T19:45:08Z', 'revision_number': 2, 'project_id': '319a39cba8574bc7a3c92d4527f59cad'}
2024-10-30 19:45:17.159 59846 INFO tempest.lib.common.rest_client [req-b9faa44a-8400-474e-8ce0-ba0e7bf87ec7 req-b9faa44a-8400-474e-8ce0-ba0e7bf87ec7 ] Request (ServerMetadataTestJSON:setUpClass): 201 POST http://10.180.1.21/identity/v3/auth/tokens 0.080s
2024-10-30 19:45:17.197 59846 INFO tempest.lib.common.rest_client [req-1566b1b0-2f51-49a1-a831-36513189f704 req-1566b1b0-2f51-49a1-a831-36513189f704 ] Request (ServerMetadataTestJSON:setUpClass): 201 POST http://10.180.1.21/identity/v3/auth/tokens 0.034s
2024-10-30 19:45:17.197 59846 INFO tempest.lib.common.fixed_network [-] (ServerMetadataTestJSON:setUpClass) Found network {'id': '62b9f831-107c-4ad9-aa70-df1a87114a06', 'name': 'tempest-ServerMetadataTestJSON-1757510389-network', 'tenant_id': '319a39cba8574bc7a3c92d4527f59cad', 'admin_state_up': True, 'mtu': 8950, 'status': 'ACTIVE', 'subnets': [], 'shared': False, 'project_id': '319a39cba8574bc7a3c92d4527f59cad', 'port_security_enabled': True, 'router:external': False, 'provider:network_type': 'vlan', 'provider:physical_network': 'default', 'provider:segmentation_id': 520, 'is_default': False, 'availability_zone_hints': [], 'availability_zones': [], 'ipv4_address_scope': None, 'ipv6_address_scope': None, 'description': '', 'tags': [], 'created_at': '2024-10-30T19:45:04Z', 'updated_at': '2024-10-30T19:45:05Z', 'revision_number': 1} available for tenant
2024-10-30 19:45:17.375 59872 INFO tempest.lib.common.rest_client [req-07b21824-c498-423f-91e4-177f5a80294a req-07b21824-c498-423f-91e4-177f5a80294a ] Request (DeleteServersTestJSON:test_delete_server_while_in_attached_volume): 202 POST http://10.180.1.21/compute/v2.1/servers 9.661s
2024-10-30 19:45:17.830 59886 INFO tempest.lib.common.rest_client [req-19be8726-ba9f-4519-9c49-445e272ee3f2 req-19be8726-ba9f-4519-9c49-445e272ee3f2 ] Request (FloatingIPDetailsTestJSON:tearDownClass): 202 DELETE http://10.180.1.21/compute/v2.1/os-floating-ips/0d8ce131-b5f9-4a21-900d-04fda2ffb8d6 10.290s
2024-10-30 19:45:18.233 59858 INFO tempest.lib.common.rest_client [req-67efecce-499d-4250-aa4d-19b3af042fc5 req-67efecce-499d-4250-aa4d-19b3af042fc5 ] Request (ServersTestJSON:setUpClass): 201 POST http://10.180.1.21:9696/networking/v2.0/floatingips 4.118s
2024-10-30 19:45:18.284 59896 INFO tempest.lib.common.rest_client [req-729659c7-e63d-42ae-9a48-2ea21b2fcf3c req-729659c7-e63d-42ae-9a48-2ea21b2fcf3c ] Request (ServersTestJSON:test_create_server_specify_multibyte_character_name): 200 GET http://10.180.1.21/compute/v2.1/servers/f7fc4465-02a5-4715-b50b-04172f097350 9.441s
2024-10-30 19:45:18.307 59858 INFO tempest.lib.common.rest_client [req-e758a5f3-9589-40ce-a51d-3e8da56c2f1f req-e758a5f3-9589-40ce-a51d-3e8da56c2f1f ] Request (ServersTestJSON:setUpClass): 201 POST http://10.180.1.21/identity/v3/auth/tokens 0.069s
2024-10-30 19:45:18.307 59858 INFO tempest.lib.common.fixed_network [-] (ServersTestJSON:setUpClass) Found network {'id': '493ebbb5-8cb4-4cc6-8534-a35f48e7d60a', 'name': 'tempest-ServersTestJSON-480726611-network', 'tenant_id': 'cefaf2236f784faaa0f6d81a0ccda6f8', 'admin_state_up': True, 'mtu': 8950, 'status': 'ACTIVE', 'subnets': [], 'shared': False, 'project_id': 'cefaf2236f784faaa0f6d81a0ccda6f8', 'port_security_enabled': True, 'router:external': False, 'provider:network_type': 'vlan', 'provider:physical_network': 'default', 'provider:segmentation_id': 258, 'is_default': False, 'availability_zone_hints': [], 'availability_zones': [], 'ipv4_address_scope': None, 'ipv6_address_scope': None, 'description': '', 'tags': [], 'created_at': '2024-10-30T19:44:59Z', 'updated_at': '2024-10-30T19:44:59Z', 'revision_number': 1} available for tenant
2024-10-30 19:45:18.354 59878 INFO tempest.lib.common.rest_client [req-804a82ee-e657-444f-aa7d-dea1cca618e2 req-804a82ee-e657-444f-aa7d-dea1cca618e2 ] Request (ServersNegativeTestMultiTenantJSON:tearDownClass): 200 PUT http://10.180.1.21:9696/networking/v2.0/routers/e880f46a-41b7-49bc-be86-f40b35dcc3d8/remove_router_interface 2.718s
2024-10-30 19:45:18.362 59854 INFO tempest.lib.common.rest_client [req-b3f9c8e4-313c-422c-86b2-ea1ddd3e38c5 req-b3f9c8e4-313c-422c-86b2-ea1ddd3e38c5 ] Request (ServersAdminTestJSON:tearDownClass): 200 PUT http://10.180.1.21:9696/networking/v2.0/routers/779b5162-20b0-44f8-bd65-0692464f4660/remove_router_interface 6.198s
2024-10-30 19:45:18.768 59892 INFO tempest.lib.common.rest_client [req-be8479b3-5c87-433e-8f43-8b98f83698f9 req-be8479b3-5c87-433e-8f43-8b98f83698f9 ] Request (ImagesTestJSON:test_create_image_from_stopped_server): 200 GET http://10.180.1.21/compute/v2.1/servers/588ad4c7-67fd-4d4f-ae0f-bb1ded40ef06 9.896s
2024-10-30 19:45:18.788 59876 INFO tempest.lib.common.rest_client [req-caa8dd8c-6d0c-4e8b-8c60-8211e7ff040e req-caa8dd8c-6d0c-4e8b-8c60-8211e7ff040e ] Request (AttachVolumeShelveTestJSON:_run_cleanups): 204 DELETE http://10.180.1.21/compute/v2.1/os-keypairs/tempest-keypair-167586940 9.485s
2024-10-30 19:45:18.989 59848 INFO tempest.lib.common.rest_client [req-a40a6d9c-ba24-48e5-81a0-b999aa594073 req-a40a6d9c-ba24-48e5-81a0-b999aa594073 ] Request (QuotasAdminTestJSON:test_update_all_quota_resources_for_tenant): 200 PUT http://10.180.1.21/compute/v2.1/os-quota-sets/d9afa52d46b14417aebbe15afdde7c3d 9.592s
2024-10-30 19:45:19.005 59880 INFO tempest.lib.common.rest_client [req-0113f002-7d81-42ed-9b59-fa7a5c4baefa req-0113f002-7d81-42ed-9b59-fa7a5c4baefa ] Request (HypervisorAdminV253TestBase:test_list_show_detail_hypervisors): 200 GET http://10.180.1.21/compute/v2.1/os-hypervisors/69a84459-8a9e-4a6c-afd9-ec42e61132ce 9.407s
2024-10-30 19:45:19.026 59860 INFO tempest.lib.common.rest_client [req-d184d3eb-8dbf-41e1-8111-a659e915df6c req-d184d3eb-8dbf-41e1-8111-a659e915df6c ] Request (SecurityGroupsTestAdminJSON:_run_cleanups): 202 DELETE http://10.180.1.21/compute/v2.1/os-security-groups/c7c1c478-d514-4663-aa24-d365b6521e71 9.744s
2024-10-30 19:45:19.118 59880 INFO tempest.lib.common.rest_client [req-aee6a7df-8dc3-49b1-beef-620b81a0fd7c req-aee6a7df-8dc3-49b1-beef-620b81a0fd7c ] Request (HypervisorAdminV253TestBase:tearDownClass): 204 DELETE http://10.180.1.21/identity/v3/users/c6cf4882840e4062844f55dfa9518439 0.108s
2024-10-30 19:45:19.207 59880 INFO tempest.lib.common.rest_client [req-23aa5cb4-55a3-43d3-a913-899ee6dd4305 req-23aa5cb4-55a3-43d3-a913-899ee6dd4305 ] Request (HypervisorAdminV253TestBase:tearDownClass): 204 DELETE http://10.180.1.21/identity/v3/users/5e7f4523d7974b9f9190aec4f049eba1 0.088s
2024-10-30 19:45:19.207 59880 INFO tempest.lib.common.dynamic_creds [-] Deleting project and security group for project: 6a847a73e44e4de1b402879be5f60e37
2024-10-30 19:45:19.266 59880 INFO tempest.lib.common.rest_client [req-2ab01b7f-0c5a-49d2-867c-81f78f91822c req-2ab01b7f-0c5a-49d2-867c-81f78f91822c ] Request (HypervisorAdminV253TestBase:tearDownClass): 201 POST http://10.180.1.21/identity/v3/auth/tokens 0.059s
2024-10-30 19:45:19.297 59876 INFO tempest.lib.common.rest_client [req-9a3375d4-a00f-4be7-a122-d70e0f4a39e8 req-9a3375d4-a00f-4be7-a122-d70e0f4a39e8 ] Request (AttachVolumeShelveTestJSON:_run_cleanups): 204 DELETE http://10.180.1.21:9696/networking/v2.0/security-groups/ff03dacf-ca41-4a91-9e64-7d04f18e325e 0.508s
2024-10-30 19:45:19.345 59902 INFO tempest.lib.common.rest_client [req-d1a77451-b9dd-46b4-b0b2-256ada25b7ff req-d1a77451-b9dd-46b4-b0b2-256ada25b7ff ] Request (ServersAdminNegativeTestJSON:setUpClass): 200 GET http://10.180.1.21/compute/v2.1/servers/9759f284-26e2-466e-9504-ffb63a359f27 9.051s
2024-10-30 19:45:19.348 59876 INFO tempest.lib.common.rest_client [req-269230d2-b31d-477b-8f63-6fc5c31b490b req-269230d2-b31d-477b-8f63-6fc5c31b490b ] Request (AttachVolumeShelveTestJSON:_run_cleanups): 404 GET http://10.180.1.21:9696/networking/v2.0/security-groups/ff03dacf-ca41-4a91-9e64-7d04f18e325e 0.051s
2024-10-30 19:45:19.351 59902 INFO tempest.common.waiters [-] State transition "BUILD/spawning" ==> "ERROR/None" after 10 second wait
2024-10-30 19:45:19.687 59880 INFO tempest.lib.common.rest_client [req-2b959d3a-b5b2-4f67-9be3-c7521238b8cc req-2b959d3a-b5b2-4f67-9be3-c7521238b8cc ] Request (HypervisorAdminV253TestBase:tearDownClass): 200 GET http://10.180.1.21:9696/networking/v2.0/security-groups?tenant_id=6a847a73e44e4de1b402879be5f60e37&name=default 0.420s
2024-10-30 19:45:19.717 59878 INFO tempest.lib.common.rest_client [req-4dea1163-54c7-4c70-9216-4ed07aaca532 req-4dea1163-54c7-4c70-9216-4ed07aaca532 ] Request (ServersNegativeTestMultiTenantJSON:tearDownClass): 204 DELETE http://10.180.1.21:9696/networking/v2.0/routers/e880f46a-41b7-49bc-be86-f40b35dcc3d8 1.362s
2024-10-30 19:45:19.873 59898 INFO tempest.lib.common.rest_client [req-12282705-c13c-4df0-bf58-bf361254f3d8 req-12282705-c13c-4df0-bf58-bf361254f3d8 ] Request (QuotasAdminNegativeTest:test_create_server_when_memory_quota_is_full): 403 POST http://10.180.1.21/compute/v2.1/servers 10.273s
2024-10-30 19:45:20.099 59882 INFO tempest.lib.common.rest_client [req-dc6df6b2-eacc-4130-beca-4669fc1a8099 req-dc6df6b2-eacc-4130-beca-4669fc1a8099 ] Request (SecurityGroupRulesNegativeTestJSON:test_create_security_group_rule_with_invalid_ip_protocol): 400 POST http://10.180.1.21/compute/v2.1/os-security-group-rules 9.745s
2024-10-30 19:45:20.120 59870 INFO tempest.lib.common.rest_client [req-c19473f1-ecf8-4fb4-ad9f-c4a8f108f2b9 req-c19473f1-ecf8-4fb4-ad9f-c4a8f108f2b9 ] Request (ServerActionsTestOtherB:setUpClass): 404 GET http://10.180.1.21/compute/v2.1/servers/c86a0f45-516c-47c3-a012-f56839e05e91 9.502s
2024-10-30 19:45:20.120 59870 INFO tempest.test [-] raised in ServerActionsTestOtherB.setUpClass. Invoking tearDownClass.
2024-10-30 19:45:20.178 59880 INFO tempest.lib.common.rest_client [req-c44c6c32-e97f-463f-823c-ae376edd7cc1 req-c44c6c32-e97f-463f-823c-ae376edd7cc1 ] Request (HypervisorAdminV253TestBase:tearDownClass): 204 DELETE http://10.180.1.21:9696/networking/v2.0/security-groups/9df81d36-8d6e-48fa-bddb-9b02fdadf747 0.491s
2024-10-30 19:45:20.234 59880 INFO tempest.lib.common.rest_client [req-eb7f81fb-f411-441e-96d5-35079683c226 req-eb7f81fb-f411-441e-96d5-35079683c226 ] Request (HypervisorAdminV253TestBase:tearDownClass): 204 DELETE http://10.180.1.21/identity/v3/projects/6a847a73e44e4de1b402879be5f60e37 0.055s
2024-10-30 19:45:20.234 59880 INFO tempest.lib.common.dynamic_creds [-] Deleting project and security group for project: ce0f2d859d5b4222b2dea2434b63d33c
2024-10-30 19:45:20.235 59852 INFO tempest.lib.common.rest_client [req-bce17580-2316-4410-bf7f-ce6f25fbc3b8 req-bce17580-2316-4410-bf7f-ce6f25fbc3b8 ] Request (SecurityGroupsTestJSON:test_list_security_groups_by_server): 200 GET http://10.180.1.21/compute/v2.1/servers/fdd34513-15af-4294-8a8a-e3b095188eda 9.146s
2024-10-30 19:45:20.241 59852 INFO tempest.common.waiters [-] State transition "BUILD/spawning" ==> "ERROR/None" after 10 second wait
2024-10-30 19:45:20.266 59868 INFO tempest.lib.common.rest_client [req-deb6ff0e-efdd-4917-9d20-55211fbb349c req-deb6ff0e-efdd-4917-9d20-55211fbb349c ] Request (ValidationResourcesFixture:setUp): 200 POST http://10.180.1.21/compute/v2.1/os-keypairs 8.751s
2024-10-30 19:45:20.340 59878 INFO tempest.lib.common.rest_client [req-7bfd2f6f-1520-4b46-beea-fa68ce9a0a0d req-7bfd2f6f-1520-4b46-beea-fa68ce9a0a0d ] Request (ServersNegativeTestMultiTenantJSON:tearDownClass): 204 DELETE http://10.180.1.21:9696/networking/v2.0/subnets/736fe1bd-0883-4b13-a89e-797ba8a2b2fd 0.622s
2024-10-30 19:45:20.481 59890 INFO tempest.lib.common.rest_client [req-51f36d0f-a7b5-4719-b155-67b2ea466239 req-51f36d0f-a7b5-4719-b155-67b2ea466239 ] Request (ServerActionsV293TestJSON:setUpClass): 200 PUT http://10.180.1.21:9696/networking/v2.0/routers/27569556-618e-4c2e-8384-bca9c9f475be/add_router_interface 3.590s
2024-10-30 19:45:20.482 59890 INFO tempest.lib.common.dynamic_creds [-] Created isolated network resources for: credentials: Credentials: {'domain_id': 'default', 'domain_name': 'Default', 'username': 'tempest-ServerActionsV293TestJSON-1756577926-project-member', 'project_domain_id': 'default', 'project_domain_name': 'Default', 'project_id': 'd099026ef14c4a9ea51a62cb8dc15673', 'project_name': 'tempest-ServerActionsV293TestJSON-1756577926', 'tenant_id': 'd099026ef14c4a9ea51a62cb8dc15673', 'tenant_name': 'tempest-ServerActionsV293TestJSON-1756577926', 'user_domain_id': 'default', 'user_domain_name': 'Default', 'user_id': 'cd62aa2126d64e81a565bc0d29c7f13d', 'system': None}, Network: {'id': '027aa806-f97f-45b6-9288-8462ead1cd97', 'name': 'tempest-ServerActionsV293TestJSON-1133443333-network', 'tenant_id': 'd099026ef14c4a9ea51a62cb8dc15673', 'admin_state_up': True, 'mtu': 8950, 'status': 'ACTIVE', 'subnets': [], 'shared': False, 'project_id': 'd099026ef14c4a9ea51a62cb8dc15673', 'port_security_enabled': True, 'router:external': False, 'provider:network_type': 'vlan', 'provider:physical_network': 'default', 'provider:segmentation_id': 557, 'is_default': False, 'availability_zone_hints': [], 'availability_zones': [], 'ipv4_address_scope': None, 'ipv6_address_scope': None, 'description': '', 'tags': [], 'created_at': '2024-10-30T19:45:11Z', 'updated_at': '2024-10-30T19:45:11Z', 'revision_number': 1}, Subnet: {'id': '62b3f39b-e4ad-4880-b50c-a5536364da87', 'name': 'tempest-ServerActionsV293TestJSON-1133443333-subnet', 'tenant_id': 'd099026ef14c4a9ea51a62cb8dc15673', 'network_id': '027aa806-f97f-45b6-9288-8462ead1cd97', 'ip_version': 4, 'subnetpool_id': None, 'enable_dhcp': True, 'ipv6_ra_mode': None, 'ipv6_address_mode': None, 'gateway_ip': '192.168.128.1', 'cidr': '192.168.128.0/28', 'allocation_pools': [{'start': '192.168.128.2', 'end': '192.168.128.14'}], 'host_routes': [], 'dns_nameservers': [], 'description': '', 'service_types': [], 'tags': [], 'created_at': '2024-10-30T19:45:12Z', 'updated_at': '2024-10-30T19:45:12Z', 'revision_number': 0, 'project_id': 'd099026ef14c4a9ea51a62cb8dc15673'}, Router: {'id': '27569556-618e-4c2e-8384-bca9c9f475be', 'name': 'tempest-ServerActionsV293TestJSON-1133443333-router', 'tenant_id': 'd099026ef14c4a9ea51a62cb8dc15673', 'admin_state_up': True, 'status': 'ACTIVE', 'external_gateway_info': {'network_id': '22d695f0-7650-4918-b19b-f5224b8ba42e', 'external_fixed_ips': [{'subnet_id': '78475c85-1db0-40e6-a1c4-aa588360a14d', 'ip_address': '10.180.180.249'}], 'enable_snat': True}, 'description': '', 'availability_zones': [], 'distributed': False, 'ha': False, 'availability_zone_hints': [], 'routes': [], 'flavor_id': None, 'tags': [], 'created_at': '2024-10-30T19:45:13Z', 'updated_at': '2024-10-30T19:45:15Z', 'revision_number': 2, 'project_id': 'd099026ef14c4a9ea51a62cb8dc15673'}
2024-10-30 19:45:20.551 59862 INFO tempest.lib.common.rest_client [req-a1a1cbfc-c15a-4519-a21e-cbdd5211ac09 req-a1a1cbfc-c15a-4519-a21e-cbdd5211ac09 ] Request (ServersTestBootFromVolume:setUpClass): 200 GET http://10.180.1.21/compute/v2.1/servers/1f7f6276-cfe5-4427-90b6-893e7ad6cffe 8.043s
2024-10-30 19:45:20.569 59890 INFO tempest.lib.common.rest_client [req-d21cfff5-0560-4256-8d0b-812de44ec81e req-d21cfff5-0560-4256-8d0b-812de44ec81e ] Request (ServerActionsV293TestJSON:setUpClass): 201 POST http://10.180.1.21/identity/v3/auth/tokens 0.084s
2024-10-30 19:45:20.588 59868 INFO tempest.lib.common.rest_client [req-179d531c-585b-4e4a-9b32-ad34c29517c6 req-179d531c-585b-4e4a-9b32-ad34c29517c6 ] Request (ValidationResourcesFixture:setUp): 201 POST http://10.180.1.21:9696/networking/v2.0/security-groups 0.321s
2024-10-30 19:45:20.590 59880 INFO tempest.lib.common.rest_client [req-7b9b5d69-aaa3-4950-9466-f1da30725153 req-7b9b5d69-aaa3-4950-9466-f1da30725153 ] Request (HypervisorAdminV253TestBase:tearDownClass): 200 GET http://10.180.1.21:9696/networking/v2.0/security-groups?tenant_id=ce0f2d859d5b4222b2dea2434b63d33c&name=default 0.355s
2024-10-30 19:45:20.714 59874 INFO tempest.lib.common.rest_client [req-d35e2317-c26c-4d9f-833e-06d807ea493a req-d35e2317-c26c-4d9f-833e-06d807ea493a ] Request (VolumesAdminNegativeTest:test_update_attached_volume_with_nonexistent_volume_in_uri): 200 GET http://10.180.1.21/compute/v2.1/servers/62ade33c-5283-432d-872c-cc162254317d 8.174s
2024-10-30 19:45:20.723 59874 INFO tempest.common.waiters [-] State transition "BUILD/spawning" ==> "ERROR/None" after 9 second wait
2024-10-30 19:45:20.852 59880 INFO tempest.lib.common.rest_client [req-b6410301-120d-425d-8006-6e3bca6727f2 req-b6410301-120d-425d-8006-6e3bca6727f2 ] Request (HypervisorAdminV253TestBase:tearDownClass): 204 DELETE http://10.180.1.21:9696/networking/v2.0/security-groups/d4f17542-ce0c-47b2-90d9-4b3850d2739e 0.262s
2024-10-30 19:45:20.867 59868 INFO tempest.lib.common.rest_client [req-768ba7e3-dc0b-4f5e-b292-44d2fc8aeb18 req-768ba7e3-dc0b-4f5e-b292-44d2fc8aeb18 ] Request (ValidationResourcesFixture:setUp): 201 POST http://10.180.1.21:9696/networking/v2.0/security-group-rules 0.278s
2024-10-30 19:45:20.953 59880 INFO tempest.lib.common.rest_client [req-64438b06-f3ae-4bdb-a410-180393b82a54 req-64438b06-f3ae-4bdb-a410-180393b82a54 ] Request (HypervisorAdminV253TestBase:tearDownClass): 204 DELETE http://10.180.1.21/identity/v3/projects/ce0f2d859d5b4222b2dea2434b63d33c 0.100s
2024-10-30 19:45:21.009 59880 INFO tempest.lib.common.rest_client [req-6d205bc7-149a-43fc-9261-83175ec7033a req-6d205bc7-149a-43fc-9261-83175ec7033a ] Request (FloatingIPsAssociationTestJSON:setUpClass): 201 POST http://10.180.1.21/identity/v3/auth/tokens 0.054s
2024-10-30 19:45:21.038 59880 INFO tempest.lib.common.rest_client [req-8fca4515-a812-4129-aa7f-92aadf13c873 req-8fca4515-a812-4129-aa7f-92aadf13c873 ] Request (FloatingIPsAssociationTestJSON:setUpClass): 201 POST http://10.180.1.21/identity/v3/auth/tokens 0.027s
2024-10-30 19:45:21.064 59880 INFO tempest.lib.common.rest_client [req-20827517-105b-4ce7-8eaf-898cefb50004 req-20827517-105b-4ce7-8eaf-898cefb50004 ] Request (FloatingIPsAssociationTestJSON:setUpClass): 200 GET http://10.180.1.21/identity/v3/domains?name=Default 0.025s
2024-10-30 19:45:21.088 59878 INFO tempest.lib.common.rest_client [req-fd603fe5-4587-450f-a670-7a417cbc7886 req-fd603fe5-4587-450f-a670-7a417cbc7886 ] Request (ServersNegativeTestMultiTenantJSON:tearDownClass): 204 DELETE http://10.180.1.21:9696/networking/v2.0/networks/001f886d-6e4c-4918-8111-ff0176dd22f9 0.748s
2024-10-30 19:45:21.091 59854 INFO tempest.lib.common.rest_client [req-b1123723-f9e0-4099-ab15-c538319cc0ff req-b1123723-f9e0-4099-ab15-c538319cc0ff ] Request (ServersAdminTestJSON:tearDownClass): 204 DELETE http://10.180.1.21:9696/networking/v2.0/routers/779b5162-20b0-44f8-bd65-0692464f4660 2.729s
2024-10-30 19:45:21.105 59880 INFO tempest.lib.common.rest_client [req-1bfb8884-7da7-4ac3-ad8b-7b4dd896b52d req-1bfb8884-7da7-4ac3-ad8b-7b4dd896b52d ] Request (FloatingIPsAssociationTestJSON:setUpClass): 201 POST http://10.180.1.21/identity/v3/projects 0.040s
2024-10-30 19:45:21.161 59876 INFO tempest.lib.common.rest_client [req-6909139d-3bb7-4474-83fb-d66869b9e9d7 req-6909139d-3bb7-4474-83fb-d66869b9e9d7 ] Request (AttachVolumeShelveTestJSON:_run_cleanups): 204 DELETE http://10.180.1.21:9696/networking/v2.0/floatingips/25c80cb6-4405-47a9-8cf4-4a5f5c2386ce 1.812s
2024-10-30 19:45:21.173 59880 INFO tempest.lib.common.rest_client [req-0952326d-1bf8-4e46-9c2d-d20edfa6512c req-0952326d-1bf8-4e46-9c2d-d20edfa6512c ] Request (FloatingIPsAssociationTestJSON:setUpClass): 201 POST http://10.180.1.21/identity/v3/users 0.067s
2024-10-30 19:45:21.195 59880 INFO tempest.lib.common.rest_client [req-20a1e348-e262-4bc6-9f8d-ba3c4549db6a req-20a1e348-e262-4bc6-9f8d-ba3c4549db6a ] Request (FloatingIPsAssociationTestJSON:setUpClass): 200 GET http://10.180.1.21/identity/v3/roles 0.021s
2024-10-30 19:45:21.211 59878 INFO tempest.lib.common.rest_client [req-487e23de-d04b-4948-b6f0-136f26ecf29f req-487e23de-d04b-4948-b6f0-136f26ecf29f ] Request (ServersNegativeTestMultiTenantJSON:tearDownClass): 204 DELETE http://10.180.1.21/identity/v3/users/80ca768074c54309b61ae6077282bc23 0.122s
2024-10-30 19:45:21.237 59880 INFO tempest.lib.common.rest_client [req-b9b1f71e-cfb5-4756-bf60-8bdeb9ef7b21 req-b9b1f71e-cfb5-4756-bf60-8bdeb9ef7b21 ] Request (FloatingIPsAssociationTestJSON:setUpClass): 204 PUT http://10.180.1.21/identity/v3/projects/7a9e45c3a1d148e7b494e0291dae92bf/users/4432ca36538f4b16b4cf842c7e286271/roles/b238bd65f0534cd59b0d66282ef11078 0.041s
2024-10-30 19:45:21.237 59880 INFO tempest.lib.common.dynamic_creds [-] Dynamic test user 4432ca36538f4b16b4cf842c7e286271 is created with scope project and roles: ['member']
2024-10-30 19:45:21.237 59880 INFO tempest.lib.common.dynamic_creds [-] Acquired dynamic creds: credentials: Credentials: {'domain_id': 'default', 'domain_name': 'Default', 'username': 'tempest-FloatingIPsAssociationTestJSON-246739974-project-member', 'project_domain_id': 'default', 'project_domain_name': 'Default', 'project_id': '7a9e45c3a1d148e7b494e0291dae92bf', 'project_name': 'tempest-FloatingIPsAssociationTestJSON-246739974', 'tenant_id': '7a9e45c3a1d148e7b494e0291dae92bf', 'tenant_name': 'tempest-FloatingIPsAssociationTestJSON-246739974', 'user_domain_id': 'default', 'user_domain_name': 'Default', 'user_id': '4432ca36538f4b16b4cf842c7e286271', 'system': None}, Network: None, Subnet: None, Router: None
2024-10-30 19:45:21.292 59888 INFO tempest.lib.common.rest_client [req-4eb49f41-f4bb-489a-b035-264871b492e1 req-4eb49f41-f4bb-489a-b035-264871b492e1 ] Request (ServerRescueTestJSONUnderV235:setUpClass): 202 POST http://10.180.1.21/compute/v2.1/servers 10.979s
2024-10-30 19:45:21.310 59880 INFO tempest.lib.common.rest_client [req-073b87fb-9af1-476c-b4d6-83c0513d8a55 req-073b87fb-9af1-476c-b4d6-83c0513d8a55 ] Request (FloatingIPsAssociationTestJSON:setUpClass): 201 POST http://10.180.1.21/identity/v3/auth/tokens 0.073s
