2025-02-18 10:46:04.951 64332 INFO tempest.lib.common.rest_client [req-efe7fffa-c701-47a7-83ad-936babd576c8 req-efe7fffa-c701-47a7-83ad-936babd576c8 ] Request (AggregatesAdminNegativeTestJSON:test_aggregate_delete_as_user): 403 DELETE http://10.180.1.21/compute/v2.1/os-aggregates/5 3.212s
2025-02-18 10:46:05.136 64336 INFO tempest.lib.common.rest_client [req-4d53c21f-554d-4855-8286-b582fa91a333 req-4d53c21f-554d-4855-8286-b582fa91a333 ] Request (FloatingIPsNegativeTestJSON:tearDownClass): 200 PUT http://10.180.1.21:9696/networking/v2.0/routers/56a52f6d-3b01-4076-9689-0b795e04c69f/remove_router_interface 0.883s
2025-02-18 10:46:05.214 64368 INFO tempest.lib.common.rest_client [req-2ebd9b37-3081-4cff-8c04-2793db220e6f req-2ebd9b37-3081-4cff-8c04-2793db220e6f ] Request (ServersTestFqdnHostnames:test_create_server_with_fqdn_name): 200 GET http://10.180.1.21/compute/v2.1/servers/c76dd1bc-051b-4d72-9e6b-00a0dec71abc 3.425s
2025-02-18 10:46:05.221 64368 INFO tempest.common.waiters [-] State transition "BUILD/scheduling" ==> "BUILD/None" after 5 second wait
2025-02-18 10:46:05.236 64350 INFO tempest.lib.common.rest_client [req-40313790-6b95-4aa4-988c-cbccc17048e9 req-40313790-6b95-4aa4-988c-cbccc17048e9 ] Request (FlavorsAccessNegativeTestJSON:_run_cleanups): 202 DELETE http://10.180.1.21/compute/v2.1/flavors/512920642 3.394s
2025-02-18 10:46:05.301 64378 INFO tempest.lib.common.rest_client [req-15c31edb-2bdb-405e-92a8-861589cf5c9f req-15c31edb-2bdb-405e-92a8-861589cf5c9f ] Request (ServersAdminTestJSON:setUpClass): 200 GET http://10.180.1.21/compute/v2.1/servers/e9de0c2e-e20c-4e52-a1c1-573b32358be2 3.453s
2025-02-18 10:46:05.401 64360 INFO tempest.lib.common.rest_client [req-2139046f-e4c1-4c63-afd1-e35df3554fa5 req-2139046f-e4c1-4c63-afd1-e35df3554fa5 ] Request (DeleteServersTestJSON:test_delete_active_server): 200 GET http://10.180.1.21/compute/v2.1/servers/a8e58419-804b-4743-a2b4-1b575c6b2514 3.676s
2025-02-18 10:46:05.409 64360 INFO tempest.common.waiters [-] State transition "BUILD/spawning" ==> "ACTIVE/None" after 21 second wait
2025-02-18 10:46:05.482 64370 INFO tempest.lib.common.rest_client [req-2b892a94-2436-4389-bcd5-680837625438 req-2b892a94-2436-4389-bcd5-680837625438 ] Request (ServersAdminNegativeTestJSON:setUpClass): 200 GET http://10.180.1.21/compute/v2.1/servers/336b1ee0-367c-4e85-89f3-ed825eb0d090 3.524s
2025-02-18 10:46:05.491 64380 INFO tempest.lib.common.rest_client [req-c674fed0-303c-4f2e-a2ce-ad1338129fe9 req-c674fed0-303c-4f2e-a2ce-ad1338129fe9 ] Request (InstanceActionsV221TestJSON:test_get_list_deleted_instance_actions): 200 GET http://10.180.1.21/compute/v2.1/servers/8dd3d66f-ec79-4d60-bbf6-a10c504f8c49 3.540s
2025-02-18 10:46:05.511 64380 INFO tempest.common.waiters [-] State transition "BUILD/spawning" ==> "ACTIVE/None" after 16 second wait
2025-02-18 10:46:05.558 64362 INFO tempest.lib.common.rest_client [req-6faf2081-e5f5-4d5e-a0a7-5b2dc4fcf633 req-6faf2081-e5f5-4d5e-a0a7-5b2dc4fcf633 ] Request (ListImageFiltersTestJSON:setUpClass): 200 GET http://10.180.1.21/compute/v2.1/servers/ed2a040d-9bc0-42d7-9d86-1068ea1cbfdf 3.324s
2025-02-18 10:46:05.559 64384 INFO tempest.lib.common.rest_client [req-815018f3-b826-40d7-80c1-7bbf08f985ea req-815018f3-b826-40d7-80c1-7bbf08f985ea ] Request (ListServerFiltersTestJSON:setUpClass): 200 GET http://10.180.1.21/compute/v2.1/servers/79b976eb-2a04-4f68-8ac0-9c20098be6a6 3.284s
2025-02-18 10:46:05.625 64328 INFO tempest.lib.common.rest_client [req-be2869f4-f5d7-4b95-bed3-427802f1df28 req-be2869f4-f5d7-4b95-bed3-427802f1df28 ] Request (ServerExternalEventsTest:tearDownClass): 200 GET http://10.180.1.21/compute/v2.1/servers/6c1b0032-5760-4ca5-bd5f-ad11b131c7fd 3.261s
2025-02-18 10:46:05.667 64336 INFO tempest.lib.common.rest_client [req-ad3da075-53ea-4fa9-8953-f6b158a8c6e0 req-ad3da075-53ea-4fa9-8953-f6b158a8c6e0 ] Request (FloatingIPsNegativeTestJSON:tearDownClass): 204 DELETE http://10.180.1.21:9696/networking/v2.0/routers/56a52f6d-3b01-4076-9689-0b795e04c69f 0.531s
2025-02-18 10:46:05.723 64376 INFO tempest.lib.common.rest_client [req-7c8eab97-10a6-4678-8d97-5143a28ccac1 req-7c8eab97-10a6-4678-8d97-5143a28ccac1 ] Request (QuotasAdminTestJSON:test_delete_quota): 200 GET http://10.180.1.21/compute/v2.1/os-quota-sets/575cc473b5e847c083042452d46dbbaf 3.343s
2025-02-18 10:46:05.785 64336 INFO tempest.lib.common.rest_client [req-7519ee07-412b-4af2-b10f-b5d79fa86e46 req-7519ee07-412b-4af2-b10f-b5d79fa86e46 ] Request (FloatingIPsNegativeTestJSON:tearDownClass): 204 DELETE http://10.180.1.21:9696/networking/v2.0/subnets/e4a0a8ac-ebb1-4853-bd6c-2ff7d24ebe51 0.117s
2025-02-18 10:46:05.808 64386 INFO tempest.lib.common.rest_client [req-30a97fda-31b8-4678-8daa-fadf5b03a539 req-30a97fda-31b8-4678-8daa-fadf5b03a539 ] Request (ImagesNegativeTestJSON:test_create_image_from_deleted_server): 200 GET http://10.180.1.21/compute/v2.1/servers/3d82a99f-2d74-4c04-b45a-bf753b249777 3.073s
2025-02-18 10:46:05.812 64376 INFO tempest.lib.common.rest_client [req-37f839ca-a29f-4eb9-9fd4-3e89aa568509 req-37f839ca-a29f-4eb9-9fd4-3e89aa568509 ] Request (QuotasAdminTestJSON:_run_cleanups): 204 DELETE http://10.180.1.21/identity/v3/projects/575cc473b5e847c083042452d46dbbaf 0.087s
2025-02-18 10:46:05.891 64348 INFO tempest.lib.common.rest_client [req-13467250-a652-4640-a146-7b210fed3663 req-13467250-a652-4640-a146-7b210fed3663 ] Request (TenantUsagesTestJSON:tearDownClass): 200 GET http://10.180.1.21/compute/v2.1/servers/71544d9c-d3a8-4908-8315-348c9f18e6d2 3.303s
2025-02-18 10:46:05.899 64348 INFO tempest.common.waiters [-] State transition "ACTIVE/deleting" ==> "DELETED/None" after 4 second wait
2025-02-18 10:46:05.974 64336 INFO tempest.lib.common.rest_client [req-36f52005-d992-4370-84fc-653db40f9ac1 req-36f52005-d992-4370-84fc-653db40f9ac1 ] Request (FloatingIPsNegativeTestJSON:tearDownClass): 204 DELETE http://10.180.1.21:9696/networking/v2.0/networks/849e3e02-2c71-47a1-9ec0-f78c8be9d586 0.188s
2025-02-18 10:46:06.047 64366 INFO tempest.lib.common.rest_client [req-16abed83-886c-4163-b5e4-bb7d7aa4ad44 req-16abed83-886c-4163-b5e4-bb7d7aa4ad44 ] Request (ServerActionsTestOtherB:setUpClass): 200 POST http://10.180.1.21/compute/v2.1/os-keypairs 3.036s
2025-02-18 10:46:06.104 64346 INFO tempest.lib.common.rest_client [req-69f0fdf8-b3a9-4713-ae3f-8d2c9e21bd1d req-69f0fdf8-b3a9-4713-ae3f-8d2c9e21bd1d ] Request (FloatingIPsAssociationTestJSON:setUpClass): 200 GET http://10.180.1.21/compute/v2.1/servers/e354b560-1fdf-4802-a696-987f7f1404ff 2.652s
2025-02-18 10:46:06.112 64346 INFO tempest.common.waiters [-] State transition "BUILD/scheduling" ==> "BUILD/None" after 8 second wait
2025-02-18 10:46:06.121 64336 INFO tempest.lib.common.rest_client [req-1939db65-5773-498a-9765-84c7a7a00c8c req-1939db65-5773-498a-9765-84c7a7a00c8c ] Request (FloatingIPsNegativeTestJSON:tearDownClass): 204 DELETE http://10.180.1.21/identity/v3/users/26860097bf584af2814c7ca7e2963f0b 0.147s
2025-02-18 10:46:06.121 64336 INFO tempest.lib.common.dynamic_creds [-] Deleting project and security group for project: 04c78ba4ee36418eb572f1a5a59f442b
2025-02-18 10:46:06.127 64355 INFO tempest.lib.common.rest_client [req-1571d3c8-706e-4309-8eaf-8a13addf7780 req-1571d3c8-706e-4309-8eaf-8a13addf7780 ] Request (ServicesAdminNegativeTestJSON:test_get_service_by_invalid_service_and_valid_host): 200 GET http://10.180.1.21/compute/v2.1/os-services?host=devstack&binary=xxx 2.663s
2025-02-18 10:46:06.151 64364 INFO tempest.lib.common.rest_client [req-c5139442-4587-4144-b48c-209846a56cad req-c5139442-4587-4144-b48c-209846a56cad ] Request (ImagesMetadataNegativeTestJSON:test_set_nonexistent_image_metadata): 404 PUT http://10.180.1.21/compute/v2.1/images/9769ce1e-0f3a-4894-b091-697aad7d773a/metadata 2.662s
2025-02-18 10:46:06.159 64336 INFO tempest.lib.common.rest_client [req-fb43094d-9967-4c10-9e3e-5f848ad4b0d5 req-fb43094d-9967-4c10-9e3e-5f848ad4b0d5 ] Request (FloatingIPsNegativeTestJSON:tearDownClass): 200 GET http://10.180.1.21:9696/networking/v2.0/security-groups?tenant_id=04c78ba4ee36418eb572f1a5a59f442b&name=default 0.037s
2025-02-18 10:46:06.177 64366 INFO tempest.lib.common.rest_client [req-178289e5-9693-43a6-a91c-7a1eeb7827ab req-178289e5-9693-43a6-a91c-7a1eeb7827ab ] Request (ServerActionsTestOtherB:setUpClass): 201 POST http://10.180.1.21:9696/networking/v2.0/security-groups 0.128s
2025-02-18 10:46:06.224 64334 INFO tempest.lib.common.rest_client [req-91b5cfef-a502-4ba1-989e-ba52d3fdb2db req-91b5cfef-a502-4ba1-989e-ba52d3fdb2db ] Request (ServerRescueNegativeTestJSON:setUpClass): 200 GET http://10.180.1.21/compute/v2.1/servers/5ceb49df-f4ea-4adc-b3b9-067298e57c92 2.700s
2025-02-18 10:46:06.280 64336 INFO tempest.lib.common.rest_client [req-dd694bad-6e3b-4f38-9b01-efe97b204eaa req-dd694bad-6e3b-4f38-9b01-efe97b204eaa ] Request (FloatingIPsNegativeTestJSON:tearDownClass): 204 DELETE http://10.180.1.21:9696/networking/v2.0/security-groups/e8e3e2ec-c1da-48c6-a8e8-9fa931fa3b3b 0.121s
2025-02-18 10:46:06.315 64366 INFO tempest.lib.common.rest_client [req-9cbc97fd-bda9-42fc-a54e-c97a1e0e3e62 req-9cbc97fd-bda9-42fc-a54e-c97a1e0e3e62 ] Request (ServerActionsTestOtherB:setUpClass): 201 POST http://10.180.1.21:9696/networking/v2.0/security-group-rules 0.137s
2025-02-18 10:46:06.391 64336 INFO tempest.lib.common.rest_client [req-ab0c2fee-6c36-4829-8b91-d5399ab715e1 req-ab0c2fee-6c36-4829-8b91-d5399ab715e1 ] Request (FloatingIPsNegativeTestJSON:tearDownClass): 204 DELETE http://10.180.1.21/identity/v3/projects/04c78ba4ee36418eb572f1a5a59f442b 0.110s
2025-02-18 10:46:06.449 64358 INFO tempest.lib.common.rest_client [req-aa0ff452-0a53-4aaa-aa27-700485a05ef9 req-aa0ff452-0a53-4aaa-aa27-700485a05ef9 ] Request (MigrationsAdminTest:test_list_migrations_in_flavor_resize_situation): 200 GET http://10.180.1.21/compute/v2.1/servers/6e547504-f0f2-4747-bb68-449cd9af6ca5 2.788s
2025-02-18 10:46:06.499 64336 INFO tempest.lib.common.rest_client [req-ac9627a9-7542-4ec8-948d-2bbc62752f12 req-ac9627a9-7542-4ec8-948d-2bbc62752f12 ] Request (AttachInterfacesUnderV243Test:setUpClass): 201 POST http://10.180.1.21/identity/v3/auth/tokens 0.106s
2025-02-18 10:46:06.539 64336 INFO tempest.lib.common.rest_client [req-8d72a606-ed55-4589-93bb-d03a44874616 req-8d72a606-ed55-4589-93bb-d03a44874616 ] Request (AttachInterfacesUnderV243Test:setUpClass): 201 POST http://10.180.1.21/identity/v3/auth/tokens 0.037s
2025-02-18 10:46:06.584 64336 INFO tempest.lib.common.rest_client [req-9b029c2d-c7b1-48c4-8fcd-a5d07d2ac799 req-9b029c2d-c7b1-48c4-8fcd-a5d07d2ac799 ] Request (AttachInterfacesUnderV243Test:setUpClass): 200 GET http://10.180.1.21/identity/v3/domains?name=Default 0.044s
2025-02-18 10:46:06.614 64336 INFO tempest.lib.common.rest_client [req-60aac81e-cc19-4fb3-b95c-47db066d2783 req-60aac81e-cc19-4fb3-b95c-47db066d2783 ] Request (AttachInterfacesUnderV243Test:setUpClass): 201 POST http://10.180.1.21/identity/v3/projects 0.030s
2025-02-18 10:46:06.701 64336 INFO tempest.lib.common.rest_client [req-acaa8a28-6e6e-4639-8f84-a7111510c630 req-acaa8a28-6e6e-4639-8f84-a7111510c630 ] Request (AttachInterfacesUnderV243Test:setUpClass): 201 POST http://10.180.1.21/identity/v3/users 0.087s
2025-02-18 10:46:06.725 64336 INFO tempest.lib.common.rest_client [req-741feb2b-b88f-462b-9c3a-bdee6d19146b req-741feb2b-b88f-462b-9c3a-bdee6d19146b ] Request (AttachInterfacesUnderV243Test:setUpClass): 200 GET http://10.180.1.21/identity/v3/roles 0.023s
2025-02-18 10:46:06.727 64366 INFO tempest.lib.common.rest_client [req-e1cfc208-6785-4e14-be3e-bbdd12a3dce6 req-e1cfc208-6785-4e14-be3e-bbdd12a3dce6 ] Request (ServerActionsTestOtherB:setUpClass): 201 POST http://10.180.1.21:9696/networking/v2.0/security-group-rules 0.412s
2025-02-18 10:46:06.754 64336 INFO tempest.lib.common.rest_client [req-bb7836d4-6ec8-4449-b3d9-95cc563cc94a req-bb7836d4-6ec8-4449-b3d9-95cc563cc94a ] Request (AttachInterfacesUnderV243Test:setUpClass): 204 PUT http://10.180.1.21/identity/v3/projects/56aa2096448e4e76ac2936b1e61df840/users/defdd73667f944ad8009325f15d63e31/roles/8d246563549e4d999f5b4b75db32ccaf 0.029s
2025-02-18 10:46:06.755 64336 INFO tempest.lib.common.dynamic_creds [-] Dynamic test user defdd73667f944ad8009325f15d63e31 is created with scope project and roles: ['member']
2025-02-18 10:46:06.755 64336 INFO tempest.lib.common.dynamic_creds [-] Acquired dynamic creds: credentials: Credentials: {'domain_id': 'default', 'domain_name': 'Default', 'username': 'tempest-AttachInterfacesUnderV243Test-341552397-project-member', 'project_domain_id': 'default', 'project_domain_name': 'Default', 'project_id': '56aa2096448e4e76ac2936b1e61df840', 'project_name': 'tempest-AttachInterfacesUnderV243Test-341552397', 'tenant_id': '56aa2096448e4e76ac2936b1e61df840', 'tenant_name': 'tempest-AttachInterfacesUnderV243Test-341552397', 'user_domain_id': 'default', 'user_domain_name': 'Default', 'user_id': 'defdd73667f944ad8009325f15d63e31', 'system': None}, Network: None, Subnet: None, Router: None
2025-02-18 10:46:06.824 64336 INFO tempest.lib.common.rest_client [req-cd13a54c-7185-4b7a-91b7-b59ae1498cf1 req-cd13a54c-7185-4b7a-91b7-b59ae1498cf1 ] Request (AttachInterfacesUnderV243Test:setUpClass): 201 POST http://10.180.1.21/identity/v3/auth/tokens 0.069s
2025-02-18 10:46:06.979 64372 INFO tempest.lib.common.rest_client [req-8dfe21ee-8ffa-4988-bb6f-2376578fe52b req-8dfe21ee-8ffa-4988-bb6f-2376578fe52b ] Request (DeleteServersAdminTestJSON:test_delete_server_while_in_error_state): 202 POST http://10.180.1.21/compute/v2.1/servers 3.028s
2025-02-18 10:46:07.184 64374 INFO tempest.lib.common.rest_client [req-0eade784-c52a-4e36-b27e-d469a0aa5d29 req-0eade784-c52a-4e36-b27e-d469a0aa5d29 ] Request (QuotasAdminNegativeTest:_run_cleanups): 200 PUT http://10.180.1.21/compute/v2.1/os-quota-sets/470ebc9283484d45a64f2f0d7762fa84 3.055s
2025-02-18 10:46:07.240 64336 INFO tempest.lib.common.rest_client [req-4cf06fa5-9371-43da-b540-a350a383b4d8 req-4cf06fa5-9371-43da-b540-a350a383b4d8 ] Request (AttachInterfacesUnderV243Test:setUpClass): 201 POST http://10.180.1.21:9696/networking/v2.0/networks 0.415s
2025-02-18 10:46:07.248 64344 INFO tempest.lib.common.rest_client [req-1954ade6-d5ce-4b09-85fa-b612e2ccc5e4 req-1954ade6-d5ce-4b09-85fa-b612e2ccc5e4 ] Request (ServerDiagnosticsV248Test:tearDownClass): 200 GET http://10.180.1.21/compute/v2.1/servers/d8129629-5d30-4fb1-aa31-eca5ad74a159 3.042s
2025-02-18 10:46:07.255 64366 INFO tempest.lib.common.rest_client [req-de3fae22-2f69-4b4c-9fb7-dd42b181a676 req-de3fae22-2f69-4b4c-9fb7-dd42b181a676 ] Request (ServerActionsTestOtherB:setUpClass): 201 POST http://10.180.1.21:9696/networking/v2.0/floatingips 0.527s
2025-02-18 10:46:07.275 64342 INFO tempest.lib.common.rest_client [req-2beb8d68-a064-4b68-b2d6-af729ec502c0 req-2beb8d68-a064-4b68-b2d6-af729ec502c0 ] Request (FloatingIPDetailsTestJSON:setUpClass): 200 POST http://10.180.1.21/compute/v2.1/os-floating-ips 4.309s
2025-02-18 10:46:07.340 64366 INFO tempest.lib.common.rest_client [req-ac80078e-d3a0-43bb-8fb6-9ebf50d840a4 req-ac80078e-d3a0-43bb-8fb6-9ebf50d840a4 ] Request (ServerActionsTestOtherB:setUpClass): 201 POST http://10.180.1.21/identity/v3/auth/tokens 0.081s
2025-02-18 10:46:07.340 64366 INFO tempest.lib.common.fixed_network [-] (ServerActionsTestOtherB:setUpClass) Found network {'id': '052af654-8e17-46b6-9e21-00dcdb9c460a', 'name': 'tempest-ServerActionsTestOtherB-791674207-network', 'tenant_id': 'a45b261fa39b45ae8a502693e7b134f8', 'admin_state_up': True, 'mtu': 8950, 'status': 'ACTIVE', 'subnets': [], 'shared': False, 'project_id': 'a45b261fa39b45ae8a502693e7b134f8', 'port_security_enabled': True, 'router:external': False, 'provider:network_type': 'vlan', 'provider:physical_network': 'default', 'provider:segmentation_id': 762, 'availability_zone_hints': [], 'availability_zones': [], 'ipv4_address_scope': None, 'ipv6_address_scope': None, 'description': '', 'tags': [], 'created_at': '2025-02-18T10:46:00Z', 'updated_at': '2025-02-18T10:46:00Z', 'revision_number': 1} available for tenant
2025-02-18 10:46:07.469 64352 INFO tempest.lib.common.rest_client [req-8b4245ff-1d07-4a0e-9fd3-2755027b23ef req-8b4245ff-1d07-4a0e-9fd3-2755027b23ef ] Request (ServersWithSpecificFlavorTestJSON:test_verify_created_server_ephemeral_disk): 200 GET http://10.180.1.21/compute/v2.1/servers/0466ba65-1718-4854-addd-d73e0d140e24 3.020s
2025-02-18 10:46:07.486 64388 INFO tempest.lib.common.rest_client [req-fd40f271-51ec-41f4-ad53-05afd01185a6 req-fd40f271-51ec-41f4-ad53-05afd01185a6 ] Request (VolumesAssistedSnapshotsTest:test_volume_assisted_snapshot_create_delete): 200 GET http://10.180.1.21/compute/v2.1/servers/b1410cdb-8871-479f-a289-3bc09fe5151b 2.624s
2025-02-18 10:46:07.494 64388 INFO tempest.common.waiters [-] State transition "BUILD/spawning" ==> "ACTIVE/None" after 17 second wait
2025-02-18 10:46:07.814 64336 INFO tempest.lib.common.rest_client [req-de9ef822-3f53-4567-a23b-8b58e98a666a req-de9ef822-3f53-4567-a23b-8b58e98a666a ] Request (AttachInterfacesUnderV243Test:setUpClass): 201 POST http://10.180.1.21:9696/networking/v2.0/subnets 0.573s
2025-02-18 10:46:07.823 64330 INFO tempest.lib.common.rest_client [req-4a84b589-41d9-464a-9ef9-ddb197037e4a req-4a84b589-41d9-464a-9ef9-ddb197037e4a ] Request (SecurityGroupRulesTestJSON:test_security_group_rules_list): 200 POST http://10.180.1.21/compute/v2.1/os-security-group-rules 2.957s
2025-02-18 10:46:07.848 64332 INFO tempest.lib.common.rest_client [req-957a8a8c-5905-4d94-bc10-f4ec94b72bd6 req-957a8a8c-5905-4d94-bc10-f4ec94b72bd6 ] Request (AggregatesAdminNegativeTestJSON:_run_cleanups): 200 DELETE http://10.180.1.21/compute/v2.1/os-aggregates/5 2.896s
2025-02-18 10:46:07.878 64350 INFO tempest.lib.common.rest_client [req-56a02120-fd63-4afa-b114-43dd27b646fe req-56a02120-fd63-4afa-b114-43dd27b646fe ] Request (FlavorsAccessNegativeTestJSON:_run_cleanups): 200 GET http://10.180.1.21/compute/v2.1/flavors/detail 2.641s
2025-02-18 10:46:07.962 64360 INFO tempest.lib.common.rest_client [req-aa1eae7b-70a6-4e3f-bc72-0bba050b2f6a req-aa1eae7b-70a6-4e3f-bc72-0bba050b2f6a ] Request (DeleteServersTestJSON:test_delete_active_server): 204 DELETE http://10.180.1.21/compute/v2.1/servers/a8e58419-804b-4743-a2b4-1b575c6b2514 2.552s
2025-02-18 10:46:08.031 64380 INFO tempest.lib.common.rest_client [req-264be4d0-2370-4892-b297-c4e541f5dca1 req-264be4d0-2370-4892-b297-c4e541f5dca1 ] Request (InstanceActionsV221TestJSON:test_get_list_deleted_instance_actions): 204 DELETE http://10.180.1.21/compute/v2.1/servers/8dd3d66f-ec79-4d60-bbf6-a10c504f8c49 2.519s
2025-02-18 10:46:08.143 64338 INFO tempest.lib.common.rest_client [req-ce69cab1-f788-42bf-a4e0-8bc80eb74bd3 req-ce69cab1-f788-42bf-a4e0-8bc80eb74bd3 ] Request (ServerDiskConfigTestJSON:test_rebuild_server_with_auto_disk_config): 200 GET http://10.180.1.21/compute/v2.1/servers/7ff1d5b5-d1ca-4b15-97aa-677b45d0f6d0 2.623s
2025-02-18 10:46:08.151 64338 INFO tempest.common.waiters [-] State transition "REBUILD/rebuild_spawning" ==> "ACTIVE/None" after 12 second wait
2025-02-18 10:46:08.268 64376 INFO tempest.lib.common.rest_client [req-f78f22e6-f932-4cbc-b662-e966249602b8 req-f78f22e6-f932-4cbc-b662-e966249602b8 ] Request (QuotasAdminTestJSON:test_get_default_quotas): 200 GET http://10.180.1.21/compute/v2.1/os-quota-sets/bf44abf37dff4966bffae74e11d5f797/defaults 2.450s
2025-02-18 10:46:08.301 64376 INFO tempest.lib.common.rest_client [req-f222c7ee-bcbd-4317-8808-960698f5cc13 req-f222c7ee-bcbd-4317-8808-960698f5cc13 ] Request (QuotasAdminTestJSON:test_get_updated_quotas): 200 GET http://10.180.1.21/identity/v3/domains?name=Default 0.030s
2025-02-18 10:46:08.303 64326 INFO tempest.lib.common.rest_client [req-1f2cf3ea-783e-4f03-a9e4-260260346b3d req-1f2cf3ea-783e-4f03-a9e4-260260346b3d ] Request (FloatingIPsAssociationNegativeTestJSON:test_associate_ip_to_server_with_floating_ip): 200 POST http://10.180.1.21/compute/v2.1/os-floating-ips 3.382s
2025-02-18 10:46:08.338 64355 INFO tempest.lib.common.rest_client [req-53ef3711-7cfc-4038-a1ae-66a3399c99da req-53ef3711-7cfc-4038-a1ae-66a3399c99da ] Request (ServicesAdminNegativeTestJSON:test_get_service_with_valid_service_and_invalid_host): 200 GET http://10.180.1.21/compute/v2.1/os-services 2.208s
2025-02-18 10:46:08.344 64376 INFO tempest.lib.common.rest_client [req-c897a4c0-986d-4dd9-8dc7-cfb5c1a6ffa7 req-c897a4c0-986d-4dd9-8dc7-cfb5c1a6ffa7 ] Request (QuotasAdminTestJSON:test_get_updated_quotas): 201 POST http://10.180.1.21/identity/v3/projects 0.042s
2025-02-18 10:46:08.359 64364 INFO tempest.lib.common.rest_client [req-4b717376-6a08-4a65-b65c-ef959f4d840f req-4b717376-6a08-4a65-b65c-ef959f4d840f ] Request (ImagesMetadataNegativeTestJSON:test_set_nonexistent_image_metadata_item): 404 PUT http://10.180.1.21/compute/v2.1/images/3d3aa971-55b0-48b2-8bcb-950856c0abf6/metadata/os_distro 2.206s
2025-02-18 10:46:08.370 64382 INFO tempest.lib.common.rest_client [req-c313f478-124c-4fce-8a33-6ad7c55b6bad req-c313f478-124c-4fce-8a33-6ad7c55b6bad ] Request (InstanceActionsTestJSON:setUpClass): 200 GET http://10.180.1.21/compute/v2.1/servers/b411dc5a-3dcf-406e-8351-3a594dcd2586 2.405s
2025-02-18 10:46:08.383 64382 INFO tempest.common.waiters [-] State transition "BUILD/None" ==> "BUILD/spawning" after 12 second wait
2025-02-18 10:46:08.405 64376 INFO tempest.lib.common.rest_client [req-75c2b90b-ce76-4e59-9ab2-64ab9a477856 req-75c2b90b-ce76-4e59-9ab2-64ab9a477856 ] Request (QuotasAdminTestJSON:test_get_updated_quotas): 200 GET http://10.180.1.21/identity/v3/domains?name=Default 0.060s
2025-02-18 10:46:08.415 64368 INFO tempest.lib.common.rest_client [req-79c14b4d-9d8a-4861-ba38-bf34a8ab6094 req-79c14b4d-9d8a-4861-ba38-bf34a8ab6094 ] Request (ServersTestFqdnHostnames:test_create_server_with_fqdn_name): 200 GET http://10.180.1.21/compute/v2.1/servers/c76dd1bc-051b-4d72-9e6b-00a0dec71abc 2.193s
2025-02-18 10:46:08.435 64378 INFO tempest.lib.common.rest_client [req-8c39c3b0-e075-4c32-93e0-5647577a1011 req-8c39c3b0-e075-4c32-93e0-5647577a1011 ] Request (ServersAdminTestJSON:setUpClass): 200 GET http://10.180.1.21/compute/v2.1/servers/e9de0c2e-e20c-4e52-a1c1-573b32358be2 2.119s
2025-02-18 10:46:08.447 64378 INFO tempest.common.waiters [-] State transition "BUILD/scheduling" ==> "BUILD/None" after 8 second wait
2025-02-18 10:46:08.470 64370 INFO tempest.lib.common.rest_client [req-a88e5336-c8f4-4428-bccd-fefd1e4a491c req-a88e5336-c8f4-4428-bccd-fefd1e4a491c ] Request (ServersAdminNegativeTestJSON:setUpClass): 200 GET http://10.180.1.21/compute/v2.1/servers/336b1ee0-367c-4e85-89f3-ed825eb0d090 1.979s
2025-02-18 10:46:08.481 64370 INFO tempest.common.waiters [-] State transition "BUILD/None" ==> "BUILD/networking" after 11 second wait
2025-02-18 10:46:08.481 64336 INFO tempest.lib.common.rest_client [req-14461207-908b-453f-b0ae-fa0ff5a8c86b req-14461207-908b-453f-b0ae-fa0ff5a8c86b ] Request (AttachInterfacesUnderV243Test:setUpClass): 201 POST http://10.180.1.21:9696/networking/v2.0/routers 0.667s
2025-02-18 10:46:08.494 64362 INFO tempest.lib.common.rest_client [req-361b0b86-c424-4ee9-87ac-07b71026f1ed req-361b0b86-c424-4ee9-87ac-07b71026f1ed ] Request (ListImageFiltersTestJSON:setUpClass): 200 GET http://10.180.1.21/compute/v2.1/servers/ed2a040d-9bc0-42d7-9d86-1068ea1cbfdf 1.926s
2025-02-18 10:46:08.537 64384 INFO tempest.lib.common.rest_client [req-0dd155a2-a813-43cc-ac98-69c13c1755a6 req-0dd155a2-a813-43cc-ac98-69c13c1755a6 ] Request (ListServerFiltersTestJSON:setUpClass): 200 GET http://10.180.1.21/compute/v2.1/servers/79b976eb-2a04-4f68-8ac0-9c20098be6a6 1.963s
2025-02-18 10:46:08.565 64328 INFO tempest.lib.common.rest_client [req-bdab53b7-59c0-4561-b185-3c6b025a1a72 req-bdab53b7-59c0-4561-b185-3c6b025a1a72 ] Request (ServerExternalEventsTest:tearDownClass): 200 GET http://10.180.1.21/compute/v2.1/servers/6c1b0032-5760-4ca5-bd5f-ad11b131c7fd 1.929s
2025-02-18 10:46:08.576 64328 INFO tempest.common.waiters [-] State transition "ACTIVE/deleting" ==> "DELETED/None" after 3 second wait
2025-02-18 10:46:08.604 64386 INFO tempest.lib.common.rest_client [req-a3e7dfd3-530d-420c-b139-5d439442669d req-a3e7dfd3-530d-420c-b139-5d439442669d ] Request (ImagesNegativeTestJSON:test_create_image_from_deleted_server): 200 GET http://10.180.1.21/compute/v2.1/servers/3d82a99f-2d74-4c04-b45a-bf753b249777 1.781s
2025-02-18 10:46:08.612 64386 INFO tempest.common.waiters [-] State transition "ACTIVE/deleting" ==> "DELETED/None" after 3 second wait
2025-02-18 10:46:08.629 64348 INFO tempest.lib.common.rest_client [req-74438b6a-7d31-46ac-8a57-23e91def925d req-74438b6a-7d31-46ac-8a57-23e91def925d ] Request (TenantUsagesTestJSON:tearDownClass): 200 GET http://10.180.1.21/compute/v2.1/servers/71544d9c-d3a8-4908-8315-348c9f18e6d2 1.728s
2025-02-18 10:46:08.691 64346 INFO tempest.lib.common.rest_client [req-477cc47c-93cb-4405-b376-5792195a000d req-477cc47c-93cb-4405-b376-5792195a000d ] Request (FloatingIPsAssociationTestJSON:setUpClass): 200 GET http://10.180.1.21/compute/v2.1/servers/e354b560-1fdf-4802-a696-987f7f1404ff 1.578s
2025-02-18 10:46:08.695 64372 INFO tempest.lib.common.rest_client [req-2d510f1a-aefb-4f8e-b2c6-69c5f5b27061 req-2d510f1a-aefb-4f8e-b2c6-69c5f5b27061 ] Request (DeleteServersAdminTestJSON:test_delete_server_while_in_error_state): 200 GET http://10.180.1.21/compute/v2.1/servers/b08ff368-17b8-4bb1-82e0-7e23123d0391 1.713s
2025-02-18 10:46:08.751 64334 INFO tempest.lib.common.rest_client [req-33f29cf4-7f57-4b4a-b65e-51bcf159e15a req-33f29cf4-7f57-4b4a-b65e-51bcf159e15a ] Request (ServerRescueNegativeTestJSON:setUpClass): 200 GET http://10.180.1.21/compute/v2.1/servers/5ceb49df-f4ea-4adc-b3b9-067298e57c92 1.512s
2025-02-18 10:46:08.818 64374 INFO tempest.lib.common.rest_client [req-ed53a718-5e60-4410-8c89-d7bdf587c7f5 req-ed53a718-5e60-4410-8c89-d7bdf587c7f5 ] Request (QuotasAdminNegativeTest:test_create_server_when_memory_quota_is_full): 200 GET http://10.180.1.21/compute/v2.1/os-quota-sets/470ebc9283484d45a64f2f0d7762fa84 1.631s
2025-02-18 10:46:09.275 64336 INFO tempest.lib.common.rest_client [req-09e5f981-00b2-4211-a65f-c69bb59666e5 req-09e5f981-00b2-4211-a65f-c69bb59666e5 ] Request (AttachInterfacesUnderV243Test:setUpClass): 200 PUT http://10.180.1.21:9696/networking/v2.0/routers/a9547719-299e-497a-bdc1-d2e8dce5a130/add_router_interface 0.793s
2025-02-18 10:46:09.276 64336 INFO tempest.lib.common.dynamic_creds [-] Created isolated network resources for: credentials: Credentials: {'domain_id': 'default', 'domain_name': 'Default', 'username': 'tempest-AttachInterfacesUnderV243Test-341552397-project-member', 'project_domain_id': 'default', 'project_domain_name': 'Default', 'project_id': '56aa2096448e4e76ac2936b1e61df840', 'project_name': 'tempest-AttachInterfacesUnderV243Test-341552397', 'tenant_id': '56aa2096448e4e76ac2936b1e61df840', 'tenant_name': 'tempest-AttachInterfacesUnderV243Test-341552397', 'user_domain_id': 'default', 'user_domain_name': 'Default', 'user_id': 'defdd73667f944ad8009325f15d63e31', 'system': None}, Network: {'id': 'e25e9cbc-cdb9-4e96-8b67-43773fba2704', 'name': 'tempest-AttachInterfacesUnderV243Test-2120005506-network', 'tenant_id': '56aa2096448e4e76ac2936b1e61df840', 'admin_state_up': True, 'mtu': 8950, 'status': 'ACTIVE', 'subnets': [], 'shared': False, 'project_id': '56aa2096448e4e76ac2936b1e61df840', 'port_security_enabled': True, 'router:external': False, 'provider:network_type': 'vlan', 'provider:physical_network': 'default', 'provider:segmentation_id': 245, 'availability_zone_hints': [], 'availability_zones': [], 'ipv4_address_scope': None, 'ipv6_address_scope': None, 'description': '', 'tags': [], 'created_at': '2025-02-18T10:46:07Z', 'updated_at': '2025-02-18T10:46:07Z', 'revision_number': 1}, Subnet: {'id': '4662dedf-aa65-4755-a4dd-84c992c7db69', 'name': 'tempest-AttachInterfacesUnderV243Test-2120005506-subnet', 'tenant_id': '56aa2096448e4e76ac2936b1e61df840', 'network_id': 'e25e9cbc-cdb9-4e96-8b67-43773fba2704', 'ip_version': 4, 'subnetpool_id': None, 'enable_dhcp': True, 'ipv6_ra_mode': None, 'ipv6_address_mode': None, 'gateway_ip': '192.168.128.1', 'cidr': '192.168.128.0/28', 'allocation_pools': [{'start': '192.168.128.2', 'end': '192.168.128.14'}], 'host_routes': [], 'dns_nameservers': [], 'description': '', 'router:external': False, 'service_types': [], 'tags': [], 'created_at': '2025-02-18T10:46:07Z', 'updated_at': '2025-02-18T10:46:07Z', 'revision_number': 0, 'project_id': '56aa2096448e4e76ac2936b1e61df840'}, Router: {'id': 'a9547719-299e-497a-bdc1-d2e8dce5a130', 'name': 'tempest-AttachInterfacesUnderV243Test-2120005506-router', 'tenant_id': '56aa2096448e4e76ac2936b1e61df840', 'admin_state_up': True, 'status': 'ACTIVE', 'external_gateway_info': {'network_id': '25070e57-ff39-4980-81b6-d0d0d6c2bd72', 'external_fixed_ips': [{'subnet_id': 'aa0de1fc-e65d-4ea6-9bfd-3208687b24b9', 'ip_address': '10.180.180.149'}], 'enable_snat': True}, 'description': '', 'availability_zones': [], 'distributed': False, 'ha': False, 'availability_zone_hints': [], 'routes': [], 'flavor_id': None, 'tags': [], 'created_at': '2025-02-18T10:46:07Z', 'updated_at': '2025-02-18T10:46:08Z', 'revision_number': 2, 'project_id': '56aa2096448e4e76ac2936b1e61df840'}
2025-02-18 10:46:09.390 64336 INFO tempest.lib.common.rest_client [req-4b544c04-b0b9-496b-802d-ecea30e2147d req-4b544c04-b0b9-496b-802d-ecea30e2147d ] Request (AttachInterfacesUnderV243Test:setUpClass): 201 POST http://10.180.1.21/identity/v3/auth/tokens 0.109s
2025-02-18 10:46:09.584 64366 INFO tempest.lib.common.rest_client [req-14e094ba-21d6-47ad-b888-66aac98f60b0 req-14e094ba-21d6-47ad-b888-66aac98f60b0 ] Request (ServerActionsTestOtherB:setUpClass): 202 POST http://10.180.1.21/compute/v2.1/servers 2.243s
2025-02-18 10:46:09.922 64358 INFO tempest.lib.common.rest_client [req-181c70cc-69d3-425a-9d0d-9121fc079dc3 req-181c70cc-69d3-425a-9d0d-9121fc079dc3 ] Request (MigrationsAdminTest:test_list_migrations_in_flavor_resize_situation): 200 GET http://10.180.1.21/compute/v2.1/servers/6e547504-f0f2-4747-bb68-449cd9af6ca5 2.462s
2025-02-18 10:46:10.082 64388 INFO tempest.lib.common.rest_client [req-f5c0aa2f-d550-42ef-bb11-7c826e484b7d req-f5c0aa2f-d550-42ef-bb11-7c826e484b7d ] Request (VolumesAssistedSnapshotsTest:test_volume_assisted_snapshot_create_delete): 200 GET http://10.180.1.21/compute/v2.1/servers/b1410cdb-8871-479f-a289-3bc09fe5151b/os-interface 2.586s
2025-02-18 10:46:10.119 64342 INFO tempest.lib.common.rest_client [req-a365b21f-25c1-478b-9f73-5c773f1cec53 req-a365b21f-25c1-478b-9f73-5c773f1cec53 ] Request (FloatingIPDetailsTestJSON:setUpClass): 200 POST http://10.180.1.21/compute/v2.1/os-floating-ips 2.838s
2025-02-18 10:46:10.165 64332 INFO tempest.lib.common.rest_client [req-cae9637a-e135-4773-b141-6c6c21f9d56b req-cae9637a-e135-4773-b141-6c6c21f9d56b ] Request (AggregatesAdminNegativeTestJSON:test_aggregate_delete_with_invalid_id): 404 DELETE http://10.180.1.21/compute/v2.1/os-aggregates/-1 2.316s
2025-02-18 10:46:10.183 64350 INFO tempest.lib.common.rest_client [req-57231f9f-859c-4220-8625-811340b47fab req-57231f9f-859c-4220-8625-811340b47fab ] Request (FlavorsAccessNegativeTestJSON:test_remove_flavor_access_not_found): 200 POST http://10.180.1.21/compute/v2.1/flavors 2.292s
2025-02-18 10:46:10.697 64330 INFO tempest.lib.common.rest_client [req-013e9133-3f5d-4aab-83ef-79aef7fb0d1f req-013e9133-3f5d-4aab-83ef-79aef7fb0d1f ] Request (SecurityGroupRulesTestJSON:test_security_group_rules_list): 200 POST http://10.180.1.21/compute/v2.1/os-security-group-rules 2.872s
2025-02-18 10:46:10.730 64360 INFO tempest.lib.common.rest_client [req-b7d6662e-d56b-403f-8668-01e3a4cc606a req-b7d6662e-d56b-403f-8668-01e3a4cc606a ] Request (DeleteServersTestJSON:test_delete_active_server): 200 GET http://10.180.1.21/compute/v2.1/servers/a8e58419-804b-4743-a2b4-1b575c6b2514 2.768s
2025-02-18 10:46:10.935 64380 INFO tempest.lib.common.rest_client [req-3cb57a67-65e7-4971-917a-dfe42bf6dbaa req-3cb57a67-65e7-4971-917a-dfe42bf6dbaa ] Request (InstanceActionsV221TestJSON:test_get_list_deleted_instance_actions): 200 GET http://10.180.1.21/compute/v2.1/servers/8dd3d66f-ec79-4d60-bbf6-a10c504f8c49 2.903s
2025-02-18 10:46:11.021 64344 INFO tempest.lib.common.rest_client [req-6ad24569-6e85-4fda-92ed-0e9a9531a813 req-6ad24569-6e85-4fda-92ed-0e9a9531a813 ] Request (ServerDiagnosticsV248Test:tearDownClass): 200 GET http://10.180.1.21/compute/v2.1/servers/d8129629-5d30-4fb1-aa31-eca5ad74a159 2.757s
2025-02-18 10:46:11.032 64344 INFO tempest.common.waiters [-] State transition "ACTIVE/deleting" ==> "DELETED/None" after 4 second wait
2025-02-18 10:46:11.040 64338 INFO tempest.lib.common.rest_client [req-68825bc2-c8ec-49a0-9efd-9bb1656d6543 req-68825bc2-c8ec-49a0-9efd-9bb1656d6543 ] Request (ServerDiskConfigTestJSON:test_rebuild_server_with_auto_disk_config): 200 GET http://10.180.1.21/compute/v2.1/servers/7ff1d5b5-d1ca-4b15-97aa-677b45d0f6d0 2.889s
2025-02-18 10:46:11.049 64388 INFO tempest.lib.common.rest_client [req-122aa58e-5f22-4a25-bc66-7327d04f78ce req-122aa58e-5f22-4a25-bc66-7327d04f78ce ] Request (VolumesAssistedSnapshotsTest:test_volume_assisted_snapshot_create_delete): 200 PUT http://10.180.1.21:9696/networking/v2.0/floatingips/0100fbe4-640f-41f7-a2e8-c4ee2c4f35ec 0.965s
2025-02-18 10:46:11.050 64388 INFO tempest.lib.common.ssh [-] Creating ssh connection to '10.180.180.190:22' as 'cirros' with public key authentication
2025-02-18 10:46:11.076 64355 INFO tempest.lib.common.rest_client [req-19822f3a-713b-4102-bd61-2b7f87fcd987 req-19822f3a-713b-4102-bd61-2b7f87fcd987 ] Request (ServicesAdminNegativeTestJSON:test_get_service_with_valid_service_and_invalid_host): 200 GET http://10.180.1.21/compute/v2.1/os-services?host=xxx&binary=nova-scheduler 2.736s
2025-02-18 10:46:11.095 64364 INFO tempest.lib.common.rest_client [req-8ad306b6-f064-4639-a1a0-7a3685323bc1 req-8ad306b6-f064-4639-a1a0-7a3685323bc1 ] Request (ImagesMetadataNegativeTestJSON:test_update_nonexistent_image_metadata): 404 POST http://10.180.1.21/compute/v2.1/images/312b132c-b045-477c-938c-c2f2e12a48e5/metadata 2.732s
2025-02-18 10:46:11.204 64376 INFO tempest.lib.common.rest_client [req-b79e4b06-9a31-427c-9cfa-a2e330da059c req-b79e4b06-9a31-427c-9cfa-a2e330da059c ] Request (QuotasAdminTestJSON:test_get_updated_quotas): 200 PUT http://10.180.1.21/compute/v2.1/os-quota-sets/564638d962bd424299debc02be6d2033 2.799s
2025-02-18 10:46:11.248 64364 INFO tempest.lib.common.rest_client [req-65ce9a5d-4276-4701-b515-c78c7ac7b47f req-65ce9a5d-4276-4701-b515-c78c7ac7b47f ] Request (ImagesMetadataNegativeTestJSON:tearDownClass): 204 DELETE http://10.180.1.21/identity/v3/users/4cca2b889bd144779ca6494e7010ea4d 0.150s
2025-02-18 10:46:11.248 64364 INFO tempest.lib.common.dynamic_creds [-] Deleting project and security group for project: f8fa63f0db084cae9d306f43958917eb
2025-02-18 10:46:11.309 64364 INFO tempest.lib.common.rest_client [req-3e112922-04ad-4e73-9a1e-19b4c6d3884a req-3e112922-04ad-4e73-9a1e-19b4c6d3884a ] Request (ImagesMetadataNegativeTestJSON:tearDownClass): 201 POST http://10.180.1.21/identity/v3/auth/tokens 0.061s
2025-02-18 10:46:11.355 64326 INFO tempest.lib.common.rest_client [req-fcda7be6-2245-4e5b-bfa2-929317843069 req-fcda7be6-2245-4e5b-bfa2-929317843069 ] Request (FloatingIPsAssociationNegativeTestJSON:test_associate_ip_to_server_with_floating_ip): 400 POST http://10.180.1.21/compute/v2.1/servers/baf16053-0a2b-46a7-a6cb-96f9c970732e/action 3.050s
2025-02-18 10:46:11.378 64352 INFO tempest.lib.common.rest_client [req-5990f9a1-52d8-4c42-9b39-21660d35bf83 req-5990f9a1-52d8-4c42-9b39-21660d35bf83 ] Request (ServersWithSpecificFlavorTestJSON:test_verify_created_server_ephemeral_disk): 200 GET http://10.180.1.21/compute/v2.1/servers/0466ba65-1718-4854-addd-d73e0d140e24 2.895s
2025-02-18 10:46:11.391 64352 INFO tempest.common.waiters [-] State transition "BUILD/spawning" ==> "ACTIVE/None" after 20 second wait
2025-02-18 10:46:11.488 64382 INFO tempest.lib.common.rest_client [req-47cff502-2bb6-44ae-b5a4-0a8935e04411 req-47cff502-2bb6-44ae-b5a4-0a8935e04411 ] Request (InstanceActionsTestJSON:setUpClass): 200 GET http://10.180.1.21/compute/v2.1/servers/b411dc5a-3dcf-406e-8351-3a594dcd2586 2.104s
2025-02-18 10:46:11.534 64374 INFO tempest.lib.common.rest_client [req-14a6e77a-e747-4ab1-b7dd-742642e44f90 req-14a6e77a-e747-4ab1-b7dd-742642e44f90 ] Request (QuotasAdminNegativeTest:test_create_server_when_memory_quota_is_full): 200 PUT http://10.180.1.21/compute/v2.1/os-quota-sets/470ebc9283484d45a64f2f0d7762fa84 2.713s
2025-02-18 10:46:11.535 64364 INFO tempest.lib.common.rest_client [req-82949865-ea2a-4321-ad8a-086117327173 req-82949865-ea2a-4321-ad8a-086117327173 ] Request (ImagesMetadataNegativeTestJSON:tearDownClass): 200 GET http://10.180.1.21:9696/networking/v2.0/security-groups?tenant_id=f8fa63f0db084cae9d306f43958917eb&name=default 0.225s
2025-02-18 10:46:11.612 64368 INFO tempest.lib.common.rest_client [req-e5c0ffaa-9df4-4c8b-a594-1161da23797d req-e5c0ffaa-9df4-4c8b-a594-1161da23797d ] Request (ServersTestFqdnHostnames:test_create_server_with_fqdn_name): 200 GET http://10.180.1.21/compute/v2.1/servers/c76dd1bc-051b-4d72-9e6b-00a0dec71abc 2.187s
2025-02-18 10:46:11.624 64374 INFO tempest.lib.common.rest_client [req-abac1a5b-0623-416c-b0a2-acccc6033f58 req-abac1a5b-0623-416c-b0a2-acccc6033f58 ] Request (QuotasAdminNegativeTest:test_create_server_when_memory_quota_is_full): 201 POST http://10.180.1.21/identity/v3/auth/tokens 0.082s
2025-02-18 10:46:11.624 64374 INFO tempest.lib.common.fixed_network [-] (QuotasAdminNegativeTest:test_create_server_when_memory_quota_is_full) Found network None available for tenant
2025-02-18 10:46:11.654 64336 INFO tempest.lib.common.rest_client [req-caa0fda2-4732-4839-843f-98a9bc82a17c req-caa0fda2-4732-4839-843f-98a9bc82a17c ] Request (ValidationResourcesFixture:setUp): 200 POST http://10.180.1.21/compute/v2.1/os-keypairs 2.260s
2025-02-18 10:46:11.674 64378 INFO tempest.lib.common.rest_client [req-6c47f77d-4b2c-4da2-b17f-10506acadd18 req-6c47f77d-4b2c-4da2-b17f-10506acadd18 ] Request (ServersAdminTestJSON:setUpClass): 200 GET http://10.180.1.21/compute/v2.1/servers/e9de0c2e-e20c-4e52-a1c1-573b32358be2 2.226s
2025-02-18 10:46:11.676 64364 INFO tempest.lib.common.rest_client [req-839007cd-c8bc-41cd-b05f-8e67984c1954 req-839007cd-c8bc-41cd-b05f-8e67984c1954 ] Request (ImagesMetadataNegativeTestJSON:tearDownClass): 204 DELETE http://10.180.1.21:9696/networking/v2.0/security-groups/aa5d8f93-7bd6-4b6e-8fe9-b1f7b22884e4 0.140s
2025-02-18 10:46:11.730 64362 INFO tempest.lib.common.rest_client [req-610687f1-ac46-43c9-9aaa-f472a429ef45 req-610687f1-ac46-43c9-9aaa-f472a429ef45 ] Request (ListImageFiltersTestJSON:setUpClass): 200 GET http://10.180.1.21/compute/v2.1/servers/ed2a040d-9bc0-42d7-9d86-1068ea1cbfdf 2.226s
2025-02-18 10:46:11.745 64364 INFO tempest.lib.common.rest_client [req-0c45076e-ac0a-41e9-bbc6-c166050bac35 req-0c45076e-ac0a-41e9-bbc6-c166050bac35 ] Request (ImagesMetadataNegativeTestJSON:tearDownClass): 204 DELETE http://10.180.1.21/identity/v3/projects/f8fa63f0db084cae9d306f43958917eb 0.068s
2025-02-18 10:46:11.782 64370 INFO tempest.lib.common.rest_client [req-a3811e76-ccd7-4de4-bc46-ce043ef99d76 req-a3811e76-ccd7-4de4-bc46-ce043ef99d76 ] Request (ServersAdminNegativeTestJSON:setUpClass): 200 GET http://10.180.1.21/compute/v2.1/servers/336b1ee0-367c-4e85-89f3-ed825eb0d090 2.301s
2025-02-18 10:46:11.791 64384 INFO tempest.lib.common.rest_client [req-b5d3d51e-3f4e-4366-a538-ca04d6bbc9b8 req-b5d3d51e-3f4e-4366-a538-ca04d6bbc9b8 ] Request (ListServerFiltersTestJSON:setUpClass): 200 GET http://10.180.1.21/compute/v2.1/servers/79b976eb-2a04-4f68-8ac0-9c20098be6a6 2.239s
2025-02-18 10:46:11.795 64370 INFO tempest.common.waiters [-] State transition "BUILD/networking" ==> "BUILD/spawning" after 14 second wait
2025-02-18 10:46:11.802 64384 INFO tempest.common.waiters [-] State transition "BUILD/scheduling" ==> "BUILD/None" after 10 second wait
2025-02-18 10:46:11.824 64364 INFO tempest.lib.common.rest_client [req-132b35cc-1789-4bad-ab4a-e61025c1e6e8 req-132b35cc-1789-4bad-ab4a-e61025c1e6e8 ] Request (AttachInterfacesV270Test:setUpClass): 201 POST http://10.180.1.21/identity/v3/auth/tokens 0.078s
2025-02-18 10:46:11.827 64336 INFO tempest.lib.common.rest_client [req-a035eaec-7d9c-47e8-bda5-69dfdbf93250 req-a035eaec-7d9c-47e8-bda5-69dfdbf93250 ] Request (ValidationResourcesFixture:setUp): 201 POST http://10.180.1.21:9696/networking/v2.0/security-groups 0.172s
2025-02-18 10:46:11.845 64366 INFO tempest.lib.common.rest_client [req-09967a30-67f2-4cad-9128-7553e3490b8d req-09967a30-67f2-4cad-9128-7553e3490b8d ] Request (ServerActionsTestOtherB:setUpClass): 200 GET http://10.180.1.21/compute/v2.1/servers/d0528053-c9b3-42fd-82d8-608e974646db 2.260s
2025-02-18 10:46:11.871 64328 INFO tempest.lib.common.rest_client [req-f2e4ef95-7f77-4670-89a1-34e9ee87ee5a req-f2e4ef95-7f77-4670-89a1-34e9ee87ee5a ] Request (ServerExternalEventsTest:tearDownClass): 200 GET http://10.180.1.21/compute/v2.1/servers/6c1b0032-5760-4ca5-bd5f-ad11b131c7fd 2.291s
2025-02-18 10:46:11.875 64364 INFO tempest.lib.common.rest_client [req-7cd32ddf-17ea-4646-a297-bdf5b21d74aa req-7cd32ddf-17ea-4646-a297-bdf5b21d74aa ] Request (AttachInterfacesV270Test:setUpClass): 201 POST http://10.180.1.21/identity/v3/auth/tokens 0.048s
2025-02-18 10:46:11.952 64364 INFO tempest.lib.common.rest_client [req-7b60748f-9604-400d-ad90-fd016384f515 req-7b60748f-9604-400d-ad90-fd016384f515 ] Request (AttachInterfacesV270Test:setUpClass): 200 GET http://10.180.1.21/identity/v3/domains?name=Default 0.076s
2025-02-18 10:46:11.959 64348 INFO tempest.lib.common.rest_client [req-a4160e74-923e-4cb5-a10e-aaef8f082347 req-a4160e74-923e-4cb5-a10e-aaef8f082347 ] Request (TenantUsagesTestJSON:tearDownClass): 200 GET http://10.180.1.21/compute/v2.1/servers/71544d9c-d3a8-4908-8315-348c9f18e6d2 2.317s
2025-02-18 10:46:11.969 64386 INFO tempest.lib.common.rest_client [req-fc22c880-bd95-4bef-8963-0092ccc6c6be req-fc22c880-bd95-4bef-8963-0092ccc6c6be ] Request (ImagesNegativeTestJSON:test_create_image_from_deleted_server): 200 GET http://10.180.1.21/compute/v2.1/servers/3d82a99f-2d74-4c04-b45a-bf753b249777 2.355s
2025-02-18 10:46:12.014 64364 INFO tempest.lib.common.rest_client [req-eef43f11-f6ec-43ff-8a6e-7b6998ea63bd req-eef43f11-f6ec-43ff-8a6e-7b6998ea63bd ] Request (AttachInterfacesV270Test:setUpClass): 201 POST http://10.180.1.21/identity/v3/projects 0.061s
2025-02-18 10:46:12.016 64336 INFO tempest.lib.common.rest_client [req-b7f2d147-fc10-44b6-b539-adce97993497 req-b7f2d147-fc10-44b6-b539-adce97993497 ] Request (ValidationResourcesFixture:setUp): 201 POST http://10.180.1.21:9696/networking/v2.0/security-group-rules 0.188s
2025-02-18 10:46:12.039 64346 INFO tempest.lib.common.rest_client [req-fa25b240-5f35-4826-8f2d-e45f8305fb98 req-fa25b240-5f35-4826-8f2d-e45f8305fb98 ] Request (FloatingIPsAssociationTestJSON:setUpClass): 200 GET http://10.180.1.21/compute/v2.1/servers/e354b560-1fdf-4802-a696-987f7f1404ff 2.338s
2025-02-18 10:46:12.049 64372 INFO tempest.lib.common.rest_client [req-0411a170-6e5c-41d2-86e9-f21884a9bc27 req-0411a170-6e5c-41d2-86e9-f21884a9bc27 ] Request (DeleteServersAdminTestJSON:test_delete_server_while_in_error_state): 200 GET http://10.180.1.21/compute/v2.1/servers/b08ff368-17b8-4bb1-82e0-7e23123d0391 2.343s
2025-02-18 10:46:12.104 64364 INFO tempest.lib.common.rest_client [req-abfceefd-9b02-4d15-8430-6f16fce4f2c9 req-abfceefd-9b02-4d15-8430-6f16fce4f2c9 ] Request (AttachInterfacesV270Test:setUpClass): 201 POST http://10.180.1.21/identity/v3/users 0.090s
2025-02-18 10:46:12.127 64334 INFO tempest.lib.common.rest_client [req-f4c84ca0-69a7-4ff2-9e77-d99468191159 req-f4c84ca0-69a7-4ff2-9e77-d99468191159 ] Request (ServerRescueNegativeTestJSON:setUpClass): 200 GET http://10.180.1.21/compute/v2.1/servers/5ceb49df-f4ea-4adc-b3b9-067298e57c92 2.367s
2025-02-18 10:46:12.127 64364 INFO tempest.lib.common.rest_client [req-afa19db1-fe39-4d9d-ad6a-619bf700ce4d req-afa19db1-fe39-4d9d-ad6a-619bf700ce4d ] Request (AttachInterfacesV270Test:setUpClass): 200 GET http://10.180.1.21/identity/v3/roles 0.022s
2025-02-18 10:46:12.161 64332 INFO tempest.lib.common.rest_client [req-1e75998c-2c72-42d6-a2f1-ba653dbfb94a req-1e75998c-2c72-42d6-a2f1-ba653dbfb94a ] Request (AggregatesAdminNegativeTestJSON:test_aggregate_get_details_as_user): 200 POST http://10.180.1.21/compute/v2.1/os-aggregates 1.995s
2025-02-18 10:46:12.163 64336 INFO tempest.lib.common.rest_client [req-8c3bb9bd-93b1-4fea-af7f-b752d7d911c6 req-8c3bb9bd-93b1-4fea-af7f-b752d7d911c6 ] Request (ValidationResourcesFixture:setUp): 201 POST http://10.180.1.21:9696/networking/v2.0/security-group-rules 0.146s
2025-02-18 10:46:12.184 64364 INFO tempest.lib.common.rest_client [req-c32d916d-b42d-45a5-92d2-c23d2965b7ac req-c32d916d-b42d-45a5-92d2-c23d2965b7ac ] Request (AttachInterfacesV270Test:setUpClass): 204 PUT http://10.180.1.21/identity/v3/projects/0683f3931ce547dd9e6c39094d41a629/users/14d4321712f2475aa12902d4f775fd73/roles/8d246563549e4d999f5b4b75db32ccaf 0.056s
2025-02-18 10:46:12.184 64364 INFO tempest.lib.common.dynamic_creds [-] Dynamic test user 14d4321712f2475aa12902d4f775fd73 is created with scope project and roles: ['member']
2025-02-18 10:46:12.184 64364 INFO tempest.lib.common.dynamic_creds [-] Acquired dynamic creds: credentials: Credentials: {'domain_id': 'default', 'domain_name': 'Default', 'username': 'tempest-AttachInterfacesV270Test-1474998603-project-member', 'project_domain_id': 'default', 'project_domain_name': 'Default', 'project_id': '0683f3931ce547dd9e6c39094d41a629', 'project_name': 'tempest-AttachInterfacesV270Test-1474998603', 'tenant_id': '0683f3931ce547dd9e6c39094d41a629', 'tenant_name': 'tempest-AttachInterfacesV270Test-1474998603', 'user_domain_id': 'default', 'user_domain_name': 'Default', 'user_id': '14d4321712f2475aa12902d4f775fd73', 'system': None}, Network: None, Subnet: None, Router: None
2025-02-18 10:46:12.243 64364 INFO tempest.lib.common.rest_client [req-78af4ecc-3ded-431a-874a-700ce988ba5e req-78af4ecc-3ded-431a-874a-700ce988ba5e ] Request (AttachInterfacesV270Test:setUpClass): 201 POST http://10.180.1.21/identity/v3/auth/tokens 0.058s
2025-02-18 10:46:12.319 64350 INFO tempest.lib.common.rest_client [req-6c22a9a6-5a15-4b1f-ad8b-f6e94d01e417 req-6c22a9a6-5a15-4b1f-ad8b-f6e94d01e417 ] Request (FlavorsAccessNegativeTestJSON:test_remove_flavor_access_not_found): 404 POST http://10.180.1.21/compute/v2.1/flavors/100608827/action 2.128s
2025-02-18 10:46:12.397 64330 INFO tempest.lib.common.rest_client [req-b6bd8daa-b5e4-4949-adff-e94b4e22d798 req-b6bd8daa-b5e4-4949-adff-e94b4e22d798 ] Request (SecurityGroupRulesTestJSON:test_security_group_rules_list): 200 GET http://10.180.1.21/compute/v2.1/os-security-groups/2e44cc48-e96c-4ca7-a7fe-e1fe69c03734 1.698s
2025-02-18 10:46:12.617 64358 INFO tempest.lib.common.rest_client [req-40f5f495-51ba-4b47-b7bc-6c1a53264959 req-40f5f495-51ba-4b47-b7bc-6c1a53264959 ] Request (MigrationsAdminTest:test_list_migrations_in_flavor_resize_situation): 200 GET http://10.180.1.21/compute/v2.1/servers/6e547504-f0f2-4747-bb68-449cd9af6ca5 1.683s
2025-02-18 10:46:12.656 64364 INFO tempest.lib.common.rest_client [req-66079946-db7b-49ef-8bbc-7a3dcb49d4cd req-66079946-db7b-49ef-8bbc-7a3dcb49d4cd ] Request (AttachInterfacesV270Test:setUpClass): 201 POST http://10.180.1.21:9696/networking/v2.0/networks 0.413s
2025-02-18 10:46:12.733 64338 INFO tempest.lib.common.rest_client [req-97ed0fc0-1daa-402d-a55e-0246304f9014 req-97ed0fc0-1daa-402d-a55e-0246304f9014 ] Request (ServerDiskConfigTestJSON:_run_cleanups): 204 DELETE http://10.180.1.21/compute/v2.1/servers/7ff1d5b5-d1ca-4b15-97aa-677b45d0f6d0 1.680s
2025-02-18 10:46:12.782 64336 INFO tempest.lib.common.rest_client [req-a2c31f34-9075-46e2-b229-8de210c3c1c0 req-a2c31f34-9075-46e2-b229-8de210c3c1c0 ] Request (ValidationResourcesFixture:setUp): 201 POST http://10.180.1.21:9696/networking/v2.0/floatingips 0.619s
2025-02-18 10:46:12.808 64338 INFO tempest.lib.common.rest_client [req-3b532b2a-959f-4851-b8f2-287ab449e67b req-3b532b2a-959f-4851-b8f2-287ab449e67b ] Request (ServerDiskConfigTestJSON:test_rebuild_server_with_manual_disk_config): 201 POST http://10.180.1.21/identity/v3/auth/tokens 0.068s
2025-02-18 10:46:12.808 64338 INFO tempest.lib.common.fixed_network [-] (ServerDiskConfigTestJSON:test_rebuild_server_with_manual_disk_config) Found network {'id': '1bc149b9-0294-4dc0-894c-ea8c6b0fd910', 'name': 'tempest-ServerDiskConfigTestJSON-1358993174-network', 'tenant_id': 'e2a3215d5448466bb83436b0985c3a96', 'admin_state_up': True, 'mtu': 8950, 'status': 'ACTIVE', 'subnets': [], 'shared': False, 'project_id': 'e2a3215d5448466bb83436b0985c3a96', 'port_security_enabled': True, 'router:external': False, 'provider:network_type': 'vlan', 'provider:physical_network': 'default', 'provider:segmentation_id': 649, 'availability_zone_hints': [], 'availability_zones': [], 'ipv4_address_scope': None, 'ipv6_address_scope': None, 'description': '', 'tags': [], 'created_at': '2025-02-18T10:45:15Z', 'updated_at': '2025-02-18T10:45:15Z', 'revision_number': 1} available for tenant
2025-02-18 10:46:12.818 64355 INFO tempest.lib.common.rest_client [req-dfe53a9a-d31e-41e1-88eb-a9162d9cb20e req-dfe53a9a-d31e-41e1-88eb-a9162d9cb20e ] Request (ServicesAdminNegativeTestJSON:test_list_services_with_non_admin_user): 403 GET http://10.180.1.21/compute/v2.1/os-services 1.739s
2025-02-18 10:46:12.870 64336 INFO tempest.lib.common.rest_client [req-47b33933-447c-4787-b2a9-1bcf13748f3c req-47b33933-447c-4787-b2a9-1bcf13748f3c ] Request (AttachInterfacesUnderV243Test:test_add_remove_fixed_ip): 201 POST http://10.180.1.21/identity/v3/auth/tokens 0.083s
