2025-02-18 10:48:28.904 64372 INFO tempest.lib.common.rest_client [req-2ea91000-989e-415b-aff5-de67a8583c3f req-2ea91000-989e-415b-aff5-de67a8583c3f ] Request (ServerDiagnosticsNegativeTest:test_get_server_diagnostics_by_non_admin): 200 GET http://10.180.1.21/compute/v2.1/servers/e71d730c-3cdb-4a92-a5e3-24e54437d5ea 0.257s
2025-02-18 10:48:28.968 64350 INFO paramiko.transport [-] Authentication (publickey) successful!
2025-02-18 10:48:28.968 64350 INFO tempest.lib.common.ssh [-] ssh connection to cirros@10.180.180.179 successfully created
2025-02-18 10:48:28.994 64338 INFO tempest.lib.common.rest_client [req-ee3371f6-27a7-4d80-8af2-7ee990b9be95 req-ee3371f6-27a7-4d80-8af2-7ee990b9be95 ] Request (ServerDiskConfigTestJSON:test_resize_server_from_auto_to_manual): 200 GET http://10.180.1.21/compute/v2.1/servers/3657ee05-0bd1-4915-8feb-aa5abe51f44f 0.306s
2025-02-18 10:48:29.025 64326 INFO tempest.lib.common.rest_client [req-e815029c-df54-4289-874c-a8d2045d0bfe req-e815029c-df54-4289-874c-a8d2045d0bfe ] Request (ServersTestJSON:setUpClass): 200 GET http://10.180.1.21/compute/v2.1/servers/02c4677b-6108-4c59-9ed6-64bcb9500580 0.392s
2025-02-18 10:48:29.125 64360 INFO tempest.lib.common.rest_client [req-078ff8b0-05d1-42a2-8dc4-2427b0165cda req-078ff8b0-05d1-42a2-8dc4-2427b0165cda ] Request (DeleteServersTestJSON:test_delete_server_while_in_attached_volume): 200 GET http://10.180.1.21/compute/v2.1/servers/c5f875c7-329e-461d-b401-96e45b264750 0.337s
2025-02-18 10:48:29.153 64336 INFO tempest.lib.common.rest_client [req-4411b5a6-42c2-4b97-97ab-0d9c69eb36c3 req-4411b5a6-42c2-4b97-97ab-0d9c69eb36c3 ] Request (AttachInterfacesUnderV243Test:test_add_remove_fixed_ip): 200 GET http://10.180.1.21/compute/v2.1/servers/8f26b522-e4ff-4840-be9b-18832bc61144/ips 0.285s
2025-02-18 10:48:29.163 64350 INFO tempest.lib.common.rest_client [req-028689ef-c80a-40cf-ba8d-256699009a76 req-028689ef-c80a-40cf-ba8d-256699009a76 ] Request (VolumesAdminNegativeTest:test_update_attached_volume_with_nonexistent_volume_in_body): 202 POST http://10.180.1.21/volume/v3/volumes 0.193s
2025-02-18 10:48:29.197 64350 INFO tempest.lib.common.rest_client [req-c6ad845d-6de5-45f2-8573-d2731da857b1 req-c6ad845d-6de5-45f2-8573-d2731da857b1 ] Request (VolumesAdminNegativeTest:test_update_attached_volume_with_nonexistent_volume_in_body): 200 GET http://10.180.1.21/volume/v3/volumes/81b69d98-22c5-46b8-b491-35cb45879f36 0.025s
2025-02-18 10:48:29.240 64378 INFO tempest.lib.common.rest_client [req-1dd886d7-211c-4826-9e31-86aae8234863 req-1dd886d7-211c-4826-9e31-86aae8234863 ] Request (ServersAdminTestJSON:test_inject_network_info): 200 GET http://10.180.1.21/compute/v2.1/servers/73654b18-0f60-4fb9-87d3-024e8cbab781 0.252s
2025-02-18 10:48:29.279 64382 INFO tempest.lib.common.rest_client [req-b1031539-9b92-4229-8f83-13e6603062b2 req-b1031539-9b92-4229-8f83-13e6603062b2 ] Request (ServerRescueTestJSON:setUpClass): 200 GET http://10.180.1.21/compute/v2.1/servers/b9c7f2d8-361e-4429-8f52-2dbb0a983c66 0.475s
2025-02-18 10:48:29.344 64380 INFO tempest.lib.common.rest_client [req-de73cfd9-a1c9-4a41-863d-5a0ded0d7611 req-de73cfd9-a1c9-4a41-863d-5a0ded0d7611 ] Request (ServerMetadataTestJSON:tearDownClass): 200 GET http://10.180.1.21/compute/v2.1/servers/8032024d-21c7-4deb-8490-93327f50a7bb 0.261s
2025-02-18 10:48:29.466 64334 INFO tempest.lib.common.rest_client [req-d54c21e3-99d4-403d-85fb-ef802b4cf8b5 req-d54c21e3-99d4-403d-85fb-ef802b4cf8b5 ] Request (ServerRescueNegativeTestJSON:test_rescued_vm_detach_volume): 200 GET http://10.180.1.21/compute/v2.1/servers/ced51168-981c-46e8-9f03-550beb7f05df 0.338s
2025-02-18 10:48:29.562 64356 INFO tempest.lib.common.rest_client [req-120c8b4c-12b2-4fae-b078-47fd42cc7dcb req-120c8b4c-12b2-4fae-b078-47fd42cc7dcb ] Request (SecurityGroupsTestJSON:test_server_security_groups): 200 GET http://10.180.1.21/compute/v2.1/servers/1f13595f-1c0f-4523-88a5-6872db59385d 0.420s
2025-02-18 10:48:29.650 64342 INFO tempest.lib.common.rest_client [req-4e2555ee-6f16-45a1-91a5-09ddd788fc62 req-4e2555ee-6f16-45a1-91a5-09ddd788fc62 ] Request (ImagesTestJSON:test_create_image_from_suspended_server): 200 GET http://10.180.1.21/compute/v2.1/servers/adc28e8c-f6ea-48a1-9eaf-ddddfca48a78 0.480s
2025-02-18 10:48:29.664 64328 INFO tempest.lib.common.rest_client [req-07fda317-ddad-408d-9a89-faecbd94cacc req-07fda317-ddad-408d-9a89-faecbd94cacc ] Request (ServerActionsV293TestJSON:setUpClass): 200 GET http://10.180.1.21/compute/v2.1/servers/15b75697-a88d-44e2-abb1-070de248da89 0.564s
2025-02-18 10:48:29.675 64362 INFO tempest.lib.common.rest_client [req-7404d7fc-2397-4087-a3a4-ba8ffe60a0a2 req-7404d7fc-2397-4087-a3a4-ba8ffe60a0a2 ] Request (ListImageFiltersTestJSON:tearDownClass): 404 GET http://10.180.1.21/compute/v2.1/servers/ed2a040d-9bc0-42d7-9d86-1068ea1cbfdf 0.487s
2025-02-18 10:48:29.751 64346 INFO tempest.lib.common.rest_client [req-bae431a3-156d-4360-8e23-99978fb3ad12 req-bae431a3-156d-4360-8e23-99978fb3ad12 ] Request (FloatingIPsAssociationTestJSON:tearDownClass): 200 GET http://10.180.1.21/compute/v2.1/servers/dc4f082b-3bf2-47dd-b559-91b05119413a 0.533s
2025-02-18 10:48:29.762 64344 INFO tempest.lib.common.rest_client [req-fd5193fe-7752-4f00-b3b0-8c26cfb328fa req-fd5193fe-7752-4f00-b3b0-8c26cfb328fa ] Request (ServersAdmin275Test:tearDownClass): 200 GET http://10.180.1.21/compute/v2.1/servers/64efc8c6-303f-4d28-9752-af6f8d0dc6b5 0.508s
2025-02-18 10:48:29.845 64355 INFO tempest.lib.common.rest_client [req-9e3c8089-3fdf-4e49-998c-7c97dfe71ab9 req-9e3c8089-3fdf-4e49-998c-7c97dfe71ab9 ] Request (ImagesOneServerNegativeTestJSON:_run_cleanups): 200 GET http://10.180.1.21/compute/v2.1/servers/78ce3f57-0518-4683-920f-109f5f6a3b6f 0.576s
2025-02-18 10:48:29.845 64368 INFO tempest.lib.common.rest_client [req-b9e26822-c0ce-4652-81df-bd605ba40bb3 req-b9e26822-c0ce-4652-81df-bd605ba40bb3 ] Request (ServersTestFqdnHostnames:tearDownClass): 200 GET http://10.180.1.21/compute/v2.1/servers/c76dd1bc-051b-4d72-9e6b-00a0dec71abc 0.500s
2025-02-18 10:48:29.900 64376 INFO tempest.lib.common.rest_client [req-f6648a5b-257e-4d3a-b053-b71bec43a0be req-f6648a5b-257e-4d3a-b053-b71bec43a0be ] Request (ImagesOneServerTestJSON:tearDownClass): 200 GET http://10.180.1.21/compute/v2.1/servers/d022c3a5-f3e8-4797-b61c-1384ee0ddaf4 0.483s
2025-02-18 10:48:29.951 64362 INFO tempest.lib.common.rest_client [req-ce88e13d-e134-4887-b074-03455be38ca1 req-ce88e13d-e134-4887-b074-03455be38ca1 ] Request (ListImageFiltersTestJSON:tearDownClass): 204 DELETE http://10.180.1.21/compute/v2.1/servers/8b2d691b-9681-4f8a-94d3-3cd2a45b484f 0.275s
2025-02-18 10:48:29.956 64370 INFO tempest.lib.common.rest_client [req-557e8573-5fba-4f17-9ca8-c7d6c8cebf17 req-557e8573-5fba-4f17-9ca8-c7d6c8cebf17 ] Request (ServersAdminNegativeTestJSON:tearDownClass): 200 GET http://10.180.1.21/compute/v2.1/servers/336b1ee0-367c-4e85-89f3-ed825eb0d090 0.212s
2025-02-18 10:48:30.017 64384 INFO tempest.lib.common.rest_client [req-b53f9226-7659-4304-b562-00353eea78cb req-b53f9226-7659-4304-b562-00353eea78cb ] Request (ListServerFiltersTestJSON:tearDownClass): 200 GET http://10.180.1.21/compute/v2.1/servers/33233fb3-775a-4cac-8388-b152289ca665 0.190s
2025-02-18 10:48:30.056 64358 INFO tempest.lib.common.rest_client [req-dec9bbf3-24e0-419f-908c-3e9d173404f9 req-dec9bbf3-24e0-419f-908c-3e9d173404f9 ] Request (MigrationsAdminTest:test_resize_server_revert_deleted_flavor): 200 GET http://10.180.1.21/compute/v2.1/servers/33114f06-2337-4e53-843f-e1dc307416dd 0.263s
2025-02-18 10:48:30.067 64372 INFO tempest.lib.common.rest_client [req-dd374f79-7094-4fbc-9264-52b8b4ca900f req-dd374f79-7094-4fbc-9264-52b8b4ca900f ] Request (ServerDiagnosticsNegativeTest:test_get_server_diagnostics_by_non_admin): 200 GET http://10.180.1.21/compute/v2.1/servers/e71d730c-3cdb-4a92-a5e3-24e54437d5ea 0.151s
2025-02-18 10:48:30.111 64338 INFO tempest.lib.common.rest_client [req-f04deb52-141f-45bc-be67-f33c5941bd3d req-f04deb52-141f-45bc-be67-f33c5941bd3d ] Request (ServerDiskConfigTestJSON:test_resize_server_from_auto_to_manual): 200 GET http://10.180.1.21/compute/v2.1/servers/3657ee05-0bd1-4915-8feb-aa5abe51f44f 0.104s
2025-02-18 10:48:30.150 64348 WARNING tempest.lib.common.ssh [-] Failed to establish authenticated ssh connection to cirros@10.180.180.251 ([Errno None] Unable to connect to port 22 on 10.180.180.251). Number attempts: 3. Retry after 4 seconds.: paramiko.ssh_exception.NoValidConnectionsError: [Errno None] Unable to connect to port 22 on 10.180.180.251
2025-02-18 10:48:30.158 64362 INFO tempest.lib.common.rest_client [req-7353ed5f-061b-4b30-a1ae-e6b474ccc412 req-7353ed5f-061b-4b30-a1ae-e6b474ccc412 ] Request (ListImageFiltersTestJSON:tearDownClass): 200 GET http://10.180.1.21/compute/v2.1/servers/8b2d691b-9681-4f8a-94d3-3cd2a45b484f 0.207s
2025-02-18 10:48:30.227 64360 INFO tempest.lib.common.rest_client [req-1b8fe6b5-9fe2-49ea-ad2f-1f1da47a2e8f req-1b8fe6b5-9fe2-49ea-ad2f-1f1da47a2e8f ] Request (DeleteServersTestJSON:test_delete_server_while_in_attached_volume): 200 GET http://10.180.1.21/compute/v2.1/servers/c5f875c7-329e-461d-b401-96e45b264750 0.094s
2025-02-18 10:48:30.236 64326 INFO tempest.lib.common.rest_client [req-51e65e82-9122-4e0f-bfe0-c3349c69a961 req-51e65e82-9122-4e0f-bfe0-c3349c69a961 ] Request (ServersTestJSON:setUpClass): 200 GET http://10.180.1.21/compute/v2.1/servers/02c4677b-6108-4c59-9ed6-64bcb9500580 0.195s
2025-02-18 10:48:30.241 64350 INFO tempest.lib.common.rest_client [req-0a98ad11-c324-4c61-9f44-93a808209236 req-0a98ad11-c324-4c61-9f44-93a808209236 ] Request (VolumesAdminNegativeTest:test_update_attached_volume_with_nonexistent_volume_in_body): 200 GET http://10.180.1.21/volume/v3/volumes/81b69d98-22c5-46b8-b491-35cb45879f36 0.035s
2025-02-18 10:48:30.243 64326 INFO tempest.common.waiters [-] State transition "BUILD/spawning" ==> "ACTIVE/None" after 75 second wait
2025-02-18 10:48:30.248 64336 INFO tempest.lib.common.rest_client [req-78f7778e-a9ff-42ea-90cf-5a92bea58b4d req-78f7778e-a9ff-42ea-90cf-5a92bea58b4d ] Request (AttachInterfacesUnderV243Test:test_add_remove_fixed_ip): 200 GET http://10.180.1.21/compute/v2.1/servers/8f26b522-e4ff-4840-be9b-18832bc61144/ips 0.093s
2025-02-18 10:48:30.250 64350 INFO tempest.common.waiters [-] volume 81b69d98-22c5-46b8-b491-35cb45879f36 reached available after waiting for 1.250598 seconds
2025-02-18 10:48:30.311 64378 INFO tempest.lib.common.rest_client [req-33198095-936d-44ef-92d5-ce2cb18ae4f3 req-33198095-936d-44ef-92d5-ce2cb18ae4f3 ] Request (ServersAdminTestJSON:test_inject_network_info): 200 GET http://10.180.1.21/compute/v2.1/servers/73654b18-0f60-4fb9-87d3-024e8cbab781 0.062s
2025-02-18 10:48:30.323 64326 INFO tempest.lib.common.rest_client [req-22e30315-507e-4b4d-ba47-3c58121db680 req-22e30315-507e-4b4d-ba47-3c58121db680 ] Request (ServersTestJSON:setUpClass): 200 GET http://10.180.1.21/compute/v2.1/servers/02c4677b-6108-4c59-9ed6-64bcb9500580/os-interface 0.079s
2025-02-18 10:48:30.517 64382 INFO tempest.lib.common.rest_client [req-cd187c39-90a7-40db-8e9f-d0aa0ab431a3 req-cd187c39-90a7-40db-8e9f-d0aa0ab431a3 ] Request (ServerRescueTestJSON:setUpClass): 200 GET http://10.180.1.21/compute/v2.1/servers/b9c7f2d8-361e-4429-8f52-2dbb0a983c66 0.228s
2025-02-18 10:48:30.577 64380 INFO tempest.lib.common.rest_client [req-d3123957-153c-4da0-ae14-a6954f95c177 req-d3123957-153c-4da0-ae14-a6954f95c177 ] Request (ServerMetadataTestJSON:tearDownClass): 200 GET http://10.180.1.21/compute/v2.1/servers/8032024d-21c7-4deb-8490-93327f50a7bb 0.225s
2025-02-18 10:48:30.639 64334 INFO tempest.lib.common.rest_client [req-c36f3672-1b5a-445c-8132-4fc02f1c6a19 req-c36f3672-1b5a-445c-8132-4fc02f1c6a19 ] Request (ServerRescueNegativeTestJSON:test_rescued_vm_detach_volume): 200 GET http://10.180.1.21/compute/v2.1/servers/ced51168-981c-46e8-9f03-550beb7f05df 0.157s
2025-02-18 10:48:30.705 64356 INFO tempest.lib.common.rest_client [req-2ac61ee3-a592-4b44-a093-cf82fe730663 req-2ac61ee3-a592-4b44-a093-cf82fe730663 ] Request (SecurityGroupsTestJSON:test_server_security_groups): 200 GET http://10.180.1.21/compute/v2.1/servers/1f13595f-1c0f-4523-88a5-6872db59385d 0.132s
2025-02-18 10:48:30.761 64342 INFO tempest.lib.common.rest_client [req-fac30090-90db-4890-a0b4-c7d85aa07767 req-fac30090-90db-4890-a0b4-c7d85aa07767 ] Request (ImagesTestJSON:test_create_image_from_suspended_server): 200 GET http://10.180.1.21/compute/v2.1/servers/adc28e8c-f6ea-48a1-9eaf-ddddfca48a78 0.097s
2025-02-18 10:48:30.802 64326 INFO tempest.lib.common.rest_client [req-c49724a9-66a1-4613-a386-22b533a4ed31 req-c49724a9-66a1-4613-a386-22b533a4ed31 ] Request (ServersTestJSON:setUpClass): 200 PUT http://10.180.1.21:9696/networking/v2.0/floatingips/92b61805-d55b-4381-8192-5eb545588ece 0.477s
2025-02-18 10:48:30.884 64328 INFO tempest.lib.common.rest_client [req-535107ee-ecbe-4b44-bf6c-2cb997083aaa req-535107ee-ecbe-4b44-bf6c-2cb997083aaa ] Request (ServerActionsV293TestJSON:setUpClass): 200 GET http://10.180.1.21/compute/v2.1/servers/15b75697-a88d-44e2-abb1-070de248da89 0.199s
2025-02-18 10:48:30.940 64346 INFO tempest.lib.common.rest_client [req-db3d5489-bd86-43b8-aef2-e547fe121057 req-db3d5489-bd86-43b8-aef2-e547fe121057 ] Request (FloatingIPsAssociationTestJSON:tearDownClass): 200 GET http://10.180.1.21/compute/v2.1/servers/dc4f082b-3bf2-47dd-b559-91b05119413a 0.181s
2025-02-18 10:48:31.002 64344 INFO tempest.lib.common.rest_client [req-81c3f3dc-59b7-4859-8d0d-7fbf457063c3 req-81c3f3dc-59b7-4859-8d0d-7fbf457063c3 ] Request (ServersAdmin275Test:tearDownClass): 200 GET http://10.180.1.21/compute/v2.1/servers/64efc8c6-303f-4d28-9752-af6f8d0dc6b5 0.224s
2025-02-18 10:48:31.111 64326 INFO tempest.lib.common.rest_client [req-b2dc1b0d-fcd3-41d6-b405-bfa87734f656 req-b2dc1b0d-fcd3-41d6-b405-bfa87734f656 ] Request (ServersTestJSON:setUpClass): 200 GET http://10.180.1.21/compute/v2.1/servers/02c4677b-6108-4c59-9ed6-64bcb9500580 0.309s
2025-02-18 10:48:31.120 64326 INFO tempest.lib.common.ssh [-] Creating ssh connection to '10.180.180.189:22' as 'cirros' with public key authentication
2025-02-18 10:48:31.162 64355 INFO tempest.lib.common.rest_client [req-73c9b749-e40f-485c-b75c-35ccf843b905 req-73c9b749-e40f-485c-b75c-35ccf843b905 ] Request (ImagesOneServerNegativeTestJSON:_run_cleanups): 200 GET http://10.180.1.21/compute/v2.1/servers/78ce3f57-0518-4683-920f-109f5f6a3b6f 0.309s
2025-02-18 10:48:31.219 64368 INFO tempest.lib.common.rest_client [req-b4a82d84-65da-40f1-967c-6cecab7d6cf4 req-b4a82d84-65da-40f1-967c-6cecab7d6cf4 ] Request (ServersTestFqdnHostnames:tearDownClass): 200 GET http://10.180.1.21/compute/v2.1/servers/c76dd1bc-051b-4d72-9e6b-00a0dec71abc 0.360s
2025-02-18 10:48:31.270 64376 INFO tempest.lib.common.rest_client [req-d683f908-ad3a-4f35-a377-f136a5cd3d90 req-d683f908-ad3a-4f35-a377-f136a5cd3d90 ] Request (ImagesOneServerTestJSON:tearDownClass): 200 GET http://10.180.1.21/compute/v2.1/servers/d022c3a5-f3e8-4797-b61c-1384ee0ddaf4 0.362s
2025-02-18 10:48:31.326 64370 INFO tempest.lib.common.rest_client [req-10a1ef9a-cb88-4c25-9fe4-3a2509d2e9f8 req-10a1ef9a-cb88-4c25-9fe4-3a2509d2e9f8 ] Request (ServersAdminNegativeTestJSON:tearDownClass): 200 GET http://10.180.1.21/compute/v2.1/servers/336b1ee0-367c-4e85-89f3-ed825eb0d090 0.361s
2025-02-18 10:48:31.380 64384 INFO tempest.lib.common.rest_client [req-8ea7c658-2d54-4027-9cfc-d6176c8a1bdd req-8ea7c658-2d54-4027-9cfc-d6176c8a1bdd ] Request (ListServerFiltersTestJSON:tearDownClass): 200 GET http://10.180.1.21/compute/v2.1/servers/33233fb3-775a-4cac-8388-b152289ca665 0.354s
2025-02-18 10:48:31.468 64358 INFO tempest.lib.common.rest_client [req-6576c5e4-2fd4-4730-bda8-ef32859289c6 req-6576c5e4-2fd4-4730-bda8-ef32859289c6 ] Request (MigrationsAdminTest:test_resize_server_revert_deleted_flavor): 200 GET http://10.180.1.21/compute/v2.1/servers/33114f06-2337-4e53-843f-e1dc307416dd 0.403s
2025-02-18 10:48:31.528 64372 INFO tempest.lib.common.rest_client [req-0b04f6a3-744d-4335-920f-95dd39ebf747 req-0b04f6a3-744d-4335-920f-95dd39ebf747 ] Request (ServerDiagnosticsNegativeTest:test_get_server_diagnostics_by_non_admin): 200 GET http://10.180.1.21/compute/v2.1/servers/e71d730c-3cdb-4a92-a5e3-24e54437d5ea 0.454s
2025-02-18 10:48:31.598 64338 INFO tempest.lib.common.rest_client [req-6119b9f9-1ca3-429b-b37c-df94e3c485c9 req-6119b9f9-1ca3-429b-b37c-df94e3c485c9 ] Request (ServerDiskConfigTestJSON:test_resize_server_from_auto_to_manual): 200 GET http://10.180.1.21/compute/v2.1/servers/3657ee05-0bd1-4915-8feb-aa5abe51f44f 0.476s
2025-02-18 10:48:31.745 64362 INFO tempest.lib.common.rest_client [req-2bd8d31d-39d6-41f2-b467-8c3b2a08e707 req-2bd8d31d-39d6-41f2-b467-8c3b2a08e707 ] Request (ListImageFiltersTestJSON:tearDownClass): 200 GET http://10.180.1.21/compute/v2.1/servers/8b2d691b-9681-4f8a-94d3-3cd2a45b484f 0.579s
2025-02-18 10:48:31.809 64360 INFO tempest.lib.common.rest_client [req-da8127c9-7d4f-4e32-bf25-1d55b081e495 req-da8127c9-7d4f-4e32-bf25-1d55b081e495 ] Request (DeleteServersTestJSON:test_delete_server_while_in_attached_volume): 200 GET http://10.180.1.21/compute/v2.1/servers/c5f875c7-329e-461d-b401-96e45b264750 0.575s
2025-02-18 10:48:31.833 64336 INFO tempest.lib.common.rest_client [req-9c9917ae-eb0c-465c-8968-a0820d99e7a9 req-9c9917ae-eb0c-465c-8968-a0820d99e7a9 ] Request (AttachInterfacesUnderV243Test:test_add_remove_fixed_ip): 200 GET http://10.180.1.21/compute/v2.1/servers/8f26b522-e4ff-4840-be9b-18832bc61144/ips 0.583s
2025-02-18 10:48:31.884 64378 INFO tempest.lib.common.rest_client [req-d8472305-9ec1-4132-87a7-03dbcd4f2082 req-d8472305-9ec1-4132-87a7-03dbcd4f2082 ] Request (ServersAdminTestJSON:test_inject_network_info): 200 GET http://10.180.1.21/compute/v2.1/servers/73654b18-0f60-4fb9-87d3-024e8cbab781 0.560s
2025-02-18 10:48:31.970 64350 INFO tempest.lib.common.rest_client [req-563837cd-cb13-40d4-94cf-08778d022284 req-563837cd-cb13-40d4-94cf-08778d022284 ] Request (VolumesAdminNegativeTest:test_update_attached_volume_with_nonexistent_volume_in_body): 200 POST http://10.180.1.21/compute/v2.1/servers/6a8d3903-a5e6-4fb6-a6ff-7c2b7a81bbe9/os-volume_attachments 1.719s
2025-02-18 10:48:31.979 64382 INFO tempest.lib.common.rest_client [req-408838c2-022f-4134-b199-0142ff22a354 req-408838c2-022f-4134-b199-0142ff22a354 ] Request (ServerRescueTestJSON:setUpClass): 200 GET http://10.180.1.21/compute/v2.1/servers/b9c7f2d8-361e-4429-8f52-2dbb0a983c66 0.454s
2025-02-18 10:48:31.987 64382 INFO tempest.common.waiters [-] State transition "ACTIVE/rescuing" ==> "RESCUE/None" after 7 second wait
2025-02-18 10:48:31.998 64350 INFO tempest.lib.common.rest_client [req-71ea135a-802a-4a48-aebd-184e093ac9c9 req-71ea135a-802a-4a48-aebd-184e093ac9c9 ] Request (VolumesAdminNegativeTest:test_update_attached_volume_with_nonexistent_volume_in_body): 200 GET http://10.180.1.21/volume/v3/volumes/81b69d98-22c5-46b8-b491-35cb45879f36 0.026s
2025-02-18 10:48:32.033 64334 INFO tempest.lib.common.rest_client [req-b23ca5b8-c153-4777-b86c-9596c173b9f6 req-b23ca5b8-c153-4777-b86c-9596c173b9f6 ] Request (ServerRescueNegativeTestJSON:test_rescued_vm_detach_volume): 200 GET http://10.180.1.21/compute/v2.1/servers/ced51168-981c-46e8-9f03-550beb7f05df 0.386s
2025-02-18 10:48:32.035 64380 INFO tempest.lib.common.rest_client [req-ad9db767-0a0a-4896-bfc9-2c87e4376805 req-ad9db767-0a0a-4896-bfc9-2c87e4376805 ] Request (ServerMetadataTestJSON:tearDownClass): 200 GET http://10.180.1.21/compute/v2.1/servers/8032024d-21c7-4deb-8490-93327f50a7bb 0.446s
2025-02-18 10:48:32.055 64382 INFO tempest.lib.common.rest_client [req-bae8e99d-e9ed-408a-93a1-36769749593f req-bae8e99d-e9ed-408a-93a1-36769749593f ] Request (ServerRescueTestJSON:test_rescue_unrescue_instance): 201 POST http://10.180.1.21/identity/v3/auth/tokens 0.064s
2025-02-18 10:48:32.055 64382 INFO tempest.lib.common.fixed_network [-] (ServerRescueTestJSON:test_rescue_unrescue_instance) Found network {'id': '14bb4902-08a5-4dfb-abbe-44369cf2c131', 'name': 'tempest-ServerRescueTestJSON-1346266712-network', 'tenant_id': '205d3b3ca9054ad8b01e4a4a76419d75', 'admin_state_up': True, 'mtu': 8950, 'status': 'ACTIVE', 'subnets': [], 'shared': False, 'project_id': '205d3b3ca9054ad8b01e4a4a76419d75', 'port_security_enabled': True, 'router:external': False, 'provider:network_type': 'vlan', 'provider:physical_network': 'default', 'provider:segmentation_id': 662, 'availability_zone_hints': [], 'availability_zones': [], 'ipv4_address_scope': None, 'ipv6_address_scope': None, 'description': '', 'tags': [], 'created_at': '2025-02-18T10:47:09Z', 'updated_at': '2025-02-18T10:47:09Z', 'revision_number': 1} available for tenant
2025-02-18 10:48:32.087 64356 INFO tempest.lib.common.rest_client [req-fa3bca8a-74e4-4900-9820-a85eb8be89f7 req-fa3bca8a-74e4-4900-9820-a85eb8be89f7 ] Request (SecurityGroupsTestJSON:test_server_security_groups): 200 GET http://10.180.1.21/compute/v2.1/servers/1f13595f-1c0f-4523-88a5-6872db59385d 0.372s
2025-02-18 10:48:32.094 64342 INFO tempest.lib.common.rest_client [req-304fa42c-ee60-4e36-aa20-60048ff72da0 req-304fa42c-ee60-4e36-aa20-60048ff72da0 ] Request (ImagesTestJSON:test_create_image_from_suspended_server): 200 GET http://10.180.1.21/compute/v2.1/servers/adc28e8c-f6ea-48a1-9eaf-ddddfca48a78 0.326s
2025-02-18 10:48:32.268 64336 INFO tempest.lib.common.rest_client [req-5257ee62-d9af-4005-9099-6b50273c5719 req-5257ee62-d9af-4005-9099-6b50273c5719 ] Request (AttachInterfacesUnderV243Test:test_add_remove_fixed_ip): 200 GET http://10.180.1.21/compute/v2.1/servers/8f26b522-e4ff-4840-be9b-18832bc61144 0.432s
2025-02-18 10:48:32.277 64328 INFO tempest.lib.common.rest_client [req-b37fe565-9afd-4f87-ab62-0f86ba6ee255 req-b37fe565-9afd-4f87-ab62-0f86ba6ee255 ] Request (ServerActionsV293TestJSON:setUpClass): 200 GET http://10.180.1.21/compute/v2.1/servers/15b75697-a88d-44e2-abb1-070de248da89 0.383s
2025-02-18 10:48:32.288 64346 INFO tempest.lib.common.rest_client [req-126693e6-95ec-4641-8016-b0a3f22b4f3d req-126693e6-95ec-4641-8016-b0a3f22b4f3d ] Request (FloatingIPsAssociationTestJSON:tearDownClass): 404 GET http://10.180.1.21/compute/v2.1/servers/dc4f082b-3bf2-47dd-b559-91b05119413a 0.339s
2025-02-18 10:48:32.337 64344 INFO tempest.lib.common.rest_client [req-fc9f1e94-63f0-494c-a290-5bacee8ae6e3 req-fc9f1e94-63f0-494c-a290-5bacee8ae6e3 ] Request (ServersAdmin275Test:tearDownClass): 200 GET http://10.180.1.21/compute/v2.1/servers/64efc8c6-303f-4d28-9752-af6f8d0dc6b5 0.322s
2025-02-18 10:48:32.395 64355 INFO tempest.lib.common.rest_client [req-5c39e3f4-f673-4a40-8da3-3d1584fbc5e3 req-5c39e3f4-f673-4a40-8da3-3d1584fbc5e3 ] Request (ImagesOneServerNegativeTestJSON:_run_cleanups): 200 GET http://10.180.1.21/compute/v2.1/servers/78ce3f57-0518-4683-920f-109f5f6a3b6f 0.225s
2025-02-18 10:48:32.462 64368 INFO tempest.lib.common.rest_client [req-d338b137-11b0-46ca-85ea-19305315b5a6 req-d338b137-11b0-46ca-85ea-19305315b5a6 ] Request (ServersTestFqdnHostnames:tearDownClass): 200 GET http://10.180.1.21/compute/v2.1/servers/c76dd1bc-051b-4d72-9e6b-00a0dec71abc 0.236s
2025-02-18 10:48:32.491 64336 INFO tempest.lib.common.rest_client [req-f8b7219b-2f72-4e1a-9b5b-b01625ee1fae req-f8b7219b-2f72-4e1a-9b5b-b01625ee1fae ] Request (AttachInterfacesUnderV243Test:test_add_remove_fixed_ip): 202 POST http://10.180.1.21/compute/v2.1/servers/8f26b522-e4ff-4840-be9b-18832bc61144/action 0.215s
2025-02-18 10:48:32.574 64376 INFO tempest.lib.common.rest_client [req-477618f0-5370-4011-a22c-4f3f8b3fb616 req-477618f0-5370-4011-a22c-4f3f8b3fb616 ] Request (ImagesOneServerTestJSON:tearDownClass): 200 GET http://10.180.1.21/compute/v2.1/servers/d022c3a5-f3e8-4797-b61c-1384ee0ddaf4 0.296s
2025-02-18 10:48:32.698 64382 INFO tempest.lib.common.rest_client [req-36d7b399-a6d3-4746-b6c4-0dba7520b121 req-36d7b399-a6d3-4746-b6c4-0dba7520b121 ] Request (ServerRescueTestJSON:test_rescue_unrescue_instance): 202 POST http://10.180.1.21/compute/v2.1/servers 0.642s
2025-02-18 10:48:32.817 64370 INFO tempest.lib.common.rest_client [req-e4bc48c5-92d3-422f-bf86-e2b7311cec92 req-e4bc48c5-92d3-422f-bf86-e2b7311cec92 ] Request (ServersAdminNegativeTestJSON:tearDownClass): 200 GET http://10.180.1.21/compute/v2.1/servers/336b1ee0-367c-4e85-89f3-ed825eb0d090 0.483s
2025-02-18 10:48:32.901 64384 INFO tempest.lib.common.rest_client [req-81393381-f4e1-4ac3-a9a0-2328971ea8cd req-81393381-f4e1-4ac3-a9a0-2328971ea8cd ] Request (ListServerFiltersTestJSON:tearDownClass): 200 GET http://10.180.1.21/compute/v2.1/servers/33233fb3-775a-4cac-8388-b152289ca665 0.511s
2025-02-18 10:48:32.994 64332 WARNING tempest.lib.common.ssh [-] Failed to establish authenticated ssh connection to cirros@10.180.180.188 ([Errno None] Unable to connect to port 22 on 10.180.180.188). Number attempts: 4. Retry after 5 seconds.: paramiko.ssh_exception.NoValidConnectionsError: [Errno None] Unable to connect to port 22 on 10.180.180.188
2025-02-18 10:48:33.038 64350 INFO tempest.lib.common.rest_client [req-bd1d9f50-f4b8-4e7a-b70d-c08b59bf9fc0 req-bd1d9f50-f4b8-4e7a-b70d-c08b59bf9fc0 ] Request (VolumesAdminNegativeTest:test_update_attached_volume_with_nonexistent_volume_in_body): 200 GET http://10.180.1.21/volume/v3/volumes/81b69d98-22c5-46b8-b491-35cb45879f36 0.034s
2025-02-18 10:48:33.369 64358 INFO tempest.lib.common.rest_client [req-25c19f49-2f5f-42c9-a132-536de8598871 req-25c19f49-2f5f-42c9-a132-536de8598871 ] Request (MigrationsAdminTest:test_resize_server_revert_deleted_flavor): 200 GET http://10.180.1.21/compute/v2.1/servers/33114f06-2337-4e53-843f-e1dc307416dd 0.891s
2025-02-18 10:48:33.397 64336 INFO tempest.lib.common.rest_client [req-2a0e6372-d157-4d11-8f32-67256b468203 req-2a0e6372-d157-4d11-8f32-67256b468203 ] Request (AttachInterfacesUnderV243Test:test_add_remove_fixed_ip): 200 GET http://10.180.1.21/compute/v2.1/servers/8f26b522-e4ff-4840-be9b-18832bc61144/ips 0.905s
2025-02-18 10:48:33.471 64372 INFO tempest.lib.common.rest_client [req-26948b52-800d-4967-94aa-a7f36c01d9e9 req-26948b52-800d-4967-94aa-a7f36c01d9e9 ] Request (ServerDiagnosticsNegativeTest:test_get_server_diagnostics_by_non_admin): 200 GET http://10.180.1.21/compute/v2.1/servers/e71d730c-3cdb-4a92-a5e3-24e54437d5ea 0.934s
2025-02-18 10:48:33.537 64338 INFO tempest.lib.common.rest_client [req-ce1508a0-779a-4300-b798-a6b8dd118223 req-ce1508a0-779a-4300-b798-a6b8dd118223 ] Request (ServerDiskConfigTestJSON:test_resize_server_from_auto_to_manual): 200 GET http://10.180.1.21/compute/v2.1/servers/3657ee05-0bd1-4915-8feb-aa5abe51f44f 0.929s
2025-02-18 10:48:33.581 64346 INFO tempest.lib.common.rest_client [req-5bc67a5b-dde1-4d69-bfa0-c963ebe0f4ab req-5bc67a5b-dde1-4d69-bfa0-c963ebe0f4ab ] Request (FloatingIPsAssociationTestJSON:tearDownClass): 202 DELETE http://10.180.1.21/compute/v2.1/os-floating-ips/b977db98-483f-490c-8b90-bf1c56a00513 1.292s
2025-02-18 10:48:33.608 64382 INFO tempest.lib.common.rest_client [req-99b92524-f878-4d9e-a5a6-4e0de9b2e427 req-99b92524-f878-4d9e-a5a6-4e0de9b2e427 ] Request (ServerRescueTestJSON:test_rescue_unrescue_instance): 200 GET http://10.180.1.21/compute/v2.1/servers/98f115bd-c8e0-4c8e-b0e5-ff680b6de849 0.909s
2025-02-18 10:48:33.660 64362 INFO tempest.lib.common.rest_client [req-c591cdaa-f866-435d-8f15-04b8526e4eca req-c591cdaa-f866-435d-8f15-04b8526e4eca ] Request (ListImageFiltersTestJSON:tearDownClass): 200 GET http://10.180.1.21/compute/v2.1/servers/8b2d691b-9681-4f8a-94d3-3cd2a45b484f 0.904s
2025-02-18 10:48:33.686 64360 INFO tempest.lib.common.rest_client [req-d4bcdc47-d7dc-43a1-8171-f84d5f60ed20 req-d4bcdc47-d7dc-43a1-8171-f84d5f60ed20 ] Request (DeleteServersTestJSON:test_delete_server_while_in_attached_volume): 200 GET http://10.180.1.21/compute/v2.1/servers/c5f875c7-329e-461d-b401-96e45b264750 0.869s
2025-02-18 10:48:33.719 64378 INFO tempest.lib.common.rest_client [req-ae0c3cc4-5e28-452c-8207-9874c254f611 req-ae0c3cc4-5e28-452c-8207-9874c254f611 ] Request (ServersAdminTestJSON:test_inject_network_info): 200 GET http://10.180.1.21/compute/v2.1/servers/73654b18-0f60-4fb9-87d3-024e8cbab781 0.822s
2025-02-18 10:48:33.770 64380 INFO tempest.lib.common.rest_client [req-72847e1f-3c2d-4cc0-aa54-4487d5c2b12f req-72847e1f-3c2d-4cc0-aa54-4487d5c2b12f ] Request (ServerMetadataTestJSON:tearDownClass): 200 GET http://10.180.1.21/compute/v2.1/servers/8032024d-21c7-4deb-8490-93327f50a7bb 0.727s
2025-02-18 10:48:33.781 64334 INFO tempest.lib.common.rest_client [req-08300eec-f3d3-49ae-8e01-11b703cd9b2d req-08300eec-f3d3-49ae-8e01-11b703cd9b2d ] Request (ServerRescueNegativeTestJSON:test_rescued_vm_detach_volume): 200 GET http://10.180.1.21/compute/v2.1/servers/ced51168-981c-46e8-9f03-550beb7f05df 0.736s
2025-02-18 10:48:33.837 64356 INFO tempest.lib.common.rest_client [req-3247be0b-044a-4379-b58c-6adaf2c36a51 req-3247be0b-044a-4379-b58c-6adaf2c36a51 ] Request (SecurityGroupsTestJSON:test_server_security_groups): 200 GET http://10.180.1.21/compute/v2.1/servers/1f13595f-1c0f-4523-88a5-6872db59385d 0.742s
2025-02-18 10:48:33.853 64342 INFO tempest.lib.common.rest_client [req-c71e9db8-1a34-4714-954c-092b9d1a5e35 req-c71e9db8-1a34-4714-954c-092b9d1a5e35 ] Request (ImagesTestJSON:test_create_image_from_suspended_server): 200 GET http://10.180.1.21/compute/v2.1/servers/adc28e8c-f6ea-48a1-9eaf-ddddfca48a78 0.751s
2025-02-18 10:48:33.932 64344 INFO tempest.lib.common.rest_client [req-432dda1b-4e69-48c7-a8ff-94ab5f6f9622 req-432dda1b-4e69-48c7-a8ff-94ab5f6f9622 ] Request (ServersAdmin275Test:tearDownClass): 200 GET http://10.180.1.21/compute/v2.1/servers/64efc8c6-303f-4d28-9752-af6f8d0dc6b5 0.578s
2025-02-18 10:48:33.959 64328 INFO tempest.lib.common.rest_client [req-2eb77d98-4d82-4839-a98a-b6590f0a73fb req-2eb77d98-4d82-4839-a98a-b6590f0a73fb ] Request (ServerActionsV293TestJSON:setUpClass): 200 GET http://10.180.1.21/compute/v2.1/servers/15b75697-a88d-44e2-abb1-070de248da89 0.672s
2025-02-18 10:48:33.969 64328 INFO tempest.common.waiters [-] State transition "BUILD/spawning" ==> "ACTIVE/None" after 78 second wait
2025-02-18 10:48:33.983 64355 INFO tempest.lib.common.rest_client [req-610f8b45-dd46-4c98-b872-5c1a57503ee1 req-610f8b45-dd46-4c98-b872-5c1a57503ee1 ] Request (ImagesOneServerNegativeTestJSON:_run_cleanups): 200 GET http://10.180.1.21/compute/v2.1/servers/78ce3f57-0518-4683-920f-109f5f6a3b6f 0.579s
2025-02-18 10:48:34.018 64368 INFO tempest.lib.common.rest_client [req-5b882b1b-73ad-47f3-993e-0a431b270e3d req-5b882b1b-73ad-47f3-993e-0a431b270e3d ] Request (ServersTestFqdnHostnames:tearDownClass): 200 GET http://10.180.1.21/compute/v2.1/servers/c76dd1bc-051b-4d72-9e6b-00a0dec71abc 0.540s
2025-02-18 10:48:34.069 64346 INFO tempest.lib.common.rest_client [req-ee3fa801-5049-43b0-900c-7bc8e6b6b534 req-ee3fa801-5049-43b0-900c-7bc8e6b6b534 ] Request (FloatingIPsAssociationTestJSON:tearDownClass): 204 DELETE http://10.180.1.21/compute/v2.1/servers/e354b560-1fdf-4802-a696-987f7f1404ff 0.488s
2025-02-18 10:48:34.084 64376 INFO tempest.lib.common.rest_client [req-1e6dcd1c-966c-4af2-a3a2-2bf13bee11a5 req-1e6dcd1c-966c-4af2-a3a2-2bf13bee11a5 ] Request (ImagesOneServerTestJSON:tearDownClass): 200 GET http://10.180.1.21/compute/v2.1/servers/d022c3a5-f3e8-4797-b61c-1384ee0ddaf4 0.499s
2025-02-18 10:48:34.091 64350 INFO tempest.lib.common.rest_client [req-67fdd918-9c38-418b-bdef-97af80d9a207 req-67fdd918-9c38-418b-bdef-97af80d9a207 ] Request (VolumesAdminNegativeTest:test_update_attached_volume_with_nonexistent_volume_in_body): 200 GET http://10.180.1.21/volume/v3/volumes/81b69d98-22c5-46b8-b491-35cb45879f36 0.042s
2025-02-18 10:48:34.125 64370 INFO tempest.lib.common.rest_client [req-af95fed0-3a1f-4c90-8460-e880d6cbddb6 req-af95fed0-3a1f-4c90-8460-e880d6cbddb6 ] Request (ServersAdminNegativeTestJSON:tearDownClass): 200 GET http://10.180.1.21/compute/v2.1/servers/336b1ee0-367c-4e85-89f3-ed825eb0d090 0.298s
2025-02-18 10:48:34.147 64384 INFO tempest.lib.common.rest_client [req-3ba7dd6a-6f2a-4488-8ab8-09438bc11a26 req-3ba7dd6a-6f2a-4488-8ab8-09438bc11a26 ] Request (ListServerFiltersTestJSON:tearDownClass): 200 GET http://10.180.1.21/compute/v2.1/servers/33233fb3-775a-4cac-8388-b152289ca665 0.235s
2025-02-18 10:48:34.186 64328 INFO tempest.lib.common.rest_client [req-914c813a-dfba-44e4-a458-1920b09860aa req-914c813a-dfba-44e4-a458-1920b09860aa ] Request (ServerActionsV293TestJSON:setUpClass): 200 GET http://10.180.1.21/compute/v2.1/servers/15b75697-a88d-44e2-abb1-070de248da89/os-interface 0.216s
2025-02-18 10:48:34.264 64346 INFO tempest.lib.common.rest_client [req-b0dfb490-b6fa-4670-9c00-1fe665e70702 req-b0dfb490-b6fa-4670-9c00-1fe665e70702 ] Request (FloatingIPsAssociationTestJSON:tearDownClass): 200 GET http://10.180.1.21/compute/v2.1/servers/e354b560-1fdf-4802-a696-987f7f1404ff 0.194s
2025-02-18 10:48:34.432 64336 INFO tempest.lib.common.rest_client [req-5fba4494-1024-4e35-9e9f-c8ce195c87c6 req-5fba4494-1024-4e35-9e9f-c8ce195c87c6 ] Request (AttachInterfacesUnderV243Test:test_add_remove_fixed_ip): 200 GET http://10.180.1.21/compute/v2.1/servers/8f26b522-e4ff-4840-be9b-18832bc61144/ips 0.032s
2025-02-18 10:48:34.555 64358 INFO tempest.lib.common.rest_client [req-7110c34c-e549-4355-ab53-94208f8bbeb2 req-7110c34c-e549-4355-ab53-94208f8bbeb2 ] Request (MigrationsAdminTest:test_resize_server_revert_deleted_flavor): 200 GET http://10.180.1.21/compute/v2.1/servers/33114f06-2337-4e53-843f-e1dc307416dd 0.179s
2025-02-18 10:48:34.555 64372 INFO tempest.lib.common.rest_client [req-38dc6c30-de99-4aba-b94a-cc4efd85c625 req-38dc6c30-de99-4aba-b94a-cc4efd85c625 ] Request (ServerDiagnosticsNegativeTest:test_get_server_diagnostics_by_non_admin): 200 GET http://10.180.1.21/compute/v2.1/servers/e71d730c-3cdb-4a92-a5e3-24e54437d5ea 0.073s
2025-02-18 10:48:34.646 64338 INFO tempest.lib.common.rest_client [req-ffa6a9f1-2c41-4677-856f-81c00e1e7b11 req-ffa6a9f1-2c41-4677-856f-81c00e1e7b11 ] Request (ServerDiskConfigTestJSON:test_resize_server_from_auto_to_manual): 200 GET http://10.180.1.21/compute/v2.1/servers/3657ee05-0bd1-4915-8feb-aa5abe51f44f 0.100s
2025-02-18 10:48:34.656 64348 WARNING tempest.lib.common.ssh [-] Failed to establish authenticated ssh connection to cirros@10.180.180.251 ([Errno None] Unable to connect to port 22 on 10.180.180.251). Number attempts: 4. Retry after 5 seconds.: paramiko.ssh_exception.NoValidConnectionsError: [Errno None] Unable to connect to port 22 on 10.180.180.251
2025-02-18 10:48:34.658 64338 INFO tempest.common.waiters [-] State transition "BUILD/None" ==> "BUILD/networking" after 65 second wait
2025-02-18 10:48:34.661 64328 INFO tempest.lib.common.rest_client [req-21f48646-e526-4874-a0a9-20423bfa4a29 req-21f48646-e526-4874-a0a9-20423bfa4a29 ] Request (ServerActionsV293TestJSON:setUpClass): 200 PUT http://10.180.1.21:9696/networking/v2.0/floatingips/972dc9f5-3537-40d5-9d70-97b025a0d5a5 0.472s
2025-02-18 10:48:34.707 64382 INFO tempest.lib.common.rest_client [req-5d547ad1-a0de-4f44-8d84-1637a9210733 req-5d547ad1-a0de-4f44-8d84-1637a9210733 ] Request (ServerRescueTestJSON:test_rescue_unrescue_instance): 200 GET http://10.180.1.21/compute/v2.1/servers/98f115bd-c8e0-4c8e-b0e5-ff680b6de849 0.088s
2025-02-18 10:48:34.715 64382 INFO tempest.common.waiters [-] State transition "BUILD/scheduling" ==> "BUILD/None" after 1 second wait
2025-02-18 10:48:34.797 64362 INFO tempest.lib.common.rest_client [req-3b40a525-8175-441b-b969-6121c87ffb3e req-3b40a525-8175-441b-b969-6121c87ffb3e ] Request (ListImageFiltersTestJSON:tearDownClass): 200 GET http://10.180.1.21/compute/v2.1/servers/8b2d691b-9681-4f8a-94d3-3cd2a45b484f 0.130s
2025-02-18 10:48:34.805 64362 INFO tempest.common.waiters [-] State transition "ACTIVE/deleting" ==> "DELETED/None" after 4 second wait
2025-02-18 10:48:34.872 64360 INFO tempest.lib.common.rest_client [req-d01e634f-61f0-4095-a635-6b9cc1b3218c req-d01e634f-61f0-4095-a635-6b9cc1b3218c ] Request (DeleteServersTestJSON:test_delete_server_while_in_attached_volume): 200 GET http://10.180.1.21/compute/v2.1/servers/c5f875c7-329e-461d-b401-96e45b264750 0.178s
2025-02-18 10:48:34.944 64378 INFO tempest.lib.common.rest_client [req-8cdbe384-9c78-4c1d-aa38-d6603a5b681b req-8cdbe384-9c78-4c1d-aa38-d6603a5b681b ] Request (ServersAdminTestJSON:test_inject_network_info): 200 GET http://10.180.1.21/compute/v2.1/servers/73654b18-0f60-4fb9-87d3-024e8cbab781 0.216s
2025-02-18 10:48:34.982 64328 INFO tempest.lib.common.rest_client [req-92797ae0-b90b-4825-bb5e-19dfffda6327 req-92797ae0-b90b-4825-bb5e-19dfffda6327 ] Request (ServerActionsV293TestJSON:test_rebuild_volume_backed_server): 200 GET http://10.180.1.21/compute/v2.1/servers/15b75697-a88d-44e2-abb1-070de248da89 0.320s
2025-02-18 10:48:35.030 64380 INFO tempest.lib.common.rest_client [req-13b242ea-cecf-4319-825f-41fb3df9daeb req-13b242ea-cecf-4319-825f-41fb3df9daeb ] Request (ServerMetadataTestJSON:tearDownClass): 200 GET http://10.180.1.21/compute/v2.1/servers/8032024d-21c7-4deb-8490-93327f50a7bb 0.250s
2025-02-18 10:48:35.031 64328 INFO tempest.lib.common.rest_client [req-95e9dcaa-85ea-4abb-bd1e-a070ac03800b req-95e9dcaa-85ea-4abb-bd1e-a070ac03800b ] Request (ServerActionsV293TestJSON:test_rebuild_volume_backed_server): 200 GET http://10.180.1.21/volume/v3/volumes/4d2a92e7-0dbd-47d1-b509-82e9f355b56d 0.039s
2025-02-18 10:48:35.040 64328 INFO tempest.lib.common.ssh [-] Creating ssh connection to '10.180.180.173:22' as 'cirros' with public key authentication
2025-02-18 10:48:35.047 64334 INFO tempest.lib.common.rest_client [req-a6e6a897-63ca-4469-a728-61971ae693a9 req-a6e6a897-63ca-4469-a728-61971ae693a9 ] Request (ServerRescueNegativeTestJSON:test_rescued_vm_detach_volume): 200 GET http://10.180.1.21/compute/v2.1/servers/ced51168-981c-46e8-9f03-550beb7f05df 0.256s
2025-02-18 10:48:35.110 64356 INFO tempest.lib.common.rest_client [req-eca15f33-f0c2-436c-a934-e0cba986a513 req-eca15f33-f0c2-436c-a934-e0cba986a513 ] Request (SecurityGroupsTestJSON:test_server_security_groups): 200 GET http://10.180.1.21/compute/v2.1/servers/1f13595f-1c0f-4523-88a5-6872db59385d 0.262s
2025-02-18 10:48:35.117 64342 INFO tempest.lib.common.rest_client [req-eb7567fd-6d24-4468-9f52-d4cd6795ac48 req-eb7567fd-6d24-4468-9f52-d4cd6795ac48 ] Request (ImagesTestJSON:test_create_image_from_suspended_server): 200 GET http://10.180.1.21/compute/v2.1/servers/adc28e8c-f6ea-48a1-9eaf-ddddfca48a78 0.254s
2025-02-18 10:48:35.130 64350 INFO tempest.lib.common.rest_client [req-74b568b7-efd3-462f-a1cf-b5aad21e596a req-74b568b7-efd3-462f-a1cf-b5aad21e596a ] Request (VolumesAdminNegativeTest:test_update_attached_volume_with_nonexistent_volume_in_body): 200 GET http://10.180.1.21/volume/v3/volumes/81b69d98-22c5-46b8-b491-35cb45879f36 0.031s
2025-02-18 10:48:35.190 64355 INFO tempest.lib.common.rest_client [req-f26285c4-b818-477c-94dc-5c20528fc815 req-f26285c4-b818-477c-94dc-5c20528fc815 ] Request (ImagesOneServerNegativeTestJSON:_run_cleanups): 200 GET http://10.180.1.21/compute/v2.1/servers/78ce3f57-0518-4683-920f-109f5f6a3b6f 0.193s
2025-02-18 10:48:35.201 64344 INFO tempest.lib.common.rest_client [req-8af3bcf0-1256-44bd-8f7b-34eec48295ec req-8af3bcf0-1256-44bd-8f7b-34eec48295ec ] Request (ServersAdmin275Test:tearDownClass): 200 GET http://10.180.1.21/compute/v2.1/servers/64efc8c6-303f-4d28-9752-af6f8d0dc6b5 0.253s
2025-02-18 10:48:35.216 64366 WARNING tempest.lib.common.ssh [-] Failed to establish authenticated ssh connection to cirros@10.180.180.156 ([Errno None] Unable to connect to port 22 on 10.180.180.156). Number attempts: 10. Retry after 11 seconds.: paramiko.ssh_exception.NoValidConnectionsError: [Errno None] Unable to connect to port 22 on 10.180.180.156
2025-02-18 10:48:35.225 64326 WARNING tempest.lib.common.ssh [-] Failed to establish authenticated ssh connection to cirros@10.180.180.189 ([Errno None] Unable to connect to port 22 on 10.180.180.189). Number attempts: 1. Retry after 2 seconds.: paramiko.ssh_exception.NoValidConnectionsError: [Errno None] Unable to connect to port 22 on 10.180.180.189
2025-02-18 10:48:35.269 64368 INFO tempest.lib.common.rest_client [req-5bc04eef-4d21-4673-af6b-e4f14ade1ed6 req-5bc04eef-4d21-4673-af6b-e4f14ade1ed6 ] Request (ServersTestFqdnHostnames:tearDownClass): 200 GET http://10.180.1.21/compute/v2.1/servers/c76dd1bc-051b-4d72-9e6b-00a0dec71abc 0.243s
2025-02-18 10:48:35.301 64376 INFO tempest.lib.common.rest_client [req-1b1346a0-f0c2-48e9-9dcb-7aeb3aae5206 req-1b1346a0-f0c2-48e9-9dcb-7aeb3aae5206 ] Request (ImagesOneServerTestJSON:tearDownClass): 200 GET http://10.180.1.21/compute/v2.1/servers/d022c3a5-f3e8-4797-b61c-1384ee0ddaf4 0.204s
2025-02-18 10:48:35.358 64370 INFO tempest.lib.common.rest_client [req-0447a5c8-85b9-46bb-97db-28798de71c8d req-0447a5c8-85b9-46bb-97db-28798de71c8d ] Request (ServersAdminNegativeTestJSON:tearDownClass): 200 GET http://10.180.1.21/compute/v2.1/servers/336b1ee0-367c-4e85-89f3-ed825eb0d090 0.225s
2025-02-18 10:48:35.387 64384 INFO tempest.lib.common.rest_client [req-d78c66b2-d88d-47d7-9435-5d48d15aae49 req-d78c66b2-d88d-47d7-9435-5d48d15aae49 ] Request (ListServerFiltersTestJSON:tearDownClass): 200 GET http://10.180.1.21/compute/v2.1/servers/33233fb3-775a-4cac-8388-b152289ca665 0.232s
2025-02-18 10:48:35.472 64336 INFO tempest.lib.common.rest_client [req-42eb35b9-4524-4a83-a0dd-8ea194152501 req-42eb35b9-4524-4a83-a0dd-8ea194152501 ] Request (AttachInterfacesUnderV243Test:test_add_remove_fixed_ip): 200 GET http://10.180.1.21/compute/v2.1/servers/8f26b522-e4ff-4840-be9b-18832bc61144/ips 0.037s
2025-02-18 10:48:35.505 64346 INFO tempest.lib.common.rest_client [req-f3ff55ce-b713-4682-842a-bff2280192db req-f3ff55ce-b713-4682-842a-bff2280192db ] Request (FloatingIPsAssociationTestJSON:tearDownClass): 200 GET http://10.180.1.21/compute/v2.1/servers/e354b560-1fdf-4802-a696-987f7f1404ff 0.234s
2025-02-18 10:48:35.559 64336 INFO tempest.lib.common.rest_client [req-2381d8d0-7eb2-4977-8af8-8f5d44df2c0e req-2381d8d0-7eb2-4977-8af8-8f5d44df2c0e ] Request (AttachInterfacesUnderV243Test:_run_cleanups): 204 DELETE http://10.180.1.21/compute/v2.1/servers/8f26b522-e4ff-4840-be9b-18832bc61144 0.084s
2025-02-18 10:48:35.711 64358 INFO tempest.lib.common.rest_client [req-e5958353-7ced-4148-8f23-abd89da3753e req-e5958353-7ced-4148-8f23-abd89da3753e ] Request (MigrationsAdminTest:test_resize_server_revert_deleted_flavor): 200 GET http://10.180.1.21/compute/v2.1/servers/33114f06-2337-4e53-843f-e1dc307416dd 0.148s
2025-02-18 10:48:35.711 64336 INFO tempest.lib.common.rest_client [req-1fe00a54-81f6-4eaa-9476-524ae30bb97a req-1fe00a54-81f6-4eaa-9476-524ae30bb97a ] Request (AttachInterfacesUnderV243Test:_run_cleanups): 200 GET http://10.180.1.21/compute/v2.1/servers/8f26b522-e4ff-4840-be9b-18832bc61144 0.151s
2025-02-18 10:48:35.762 64372 INFO tempest.lib.common.rest_client [req-61351faf-21c4-40d6-8377-689b8c85acc5 req-61351faf-21c4-40d6-8377-689b8c85acc5 ] Request (ServerDiagnosticsNegativeTest:test_get_server_diagnostics_by_non_admin): 200 GET http://10.180.1.21/compute/v2.1/servers/e71d730c-3cdb-4a92-a5e3-24e54437d5ea 0.197s
2025-02-18 10:48:35.815 64382 INFO tempest.lib.common.rest_client [req-c9ab93eb-89bf-4bdc-b60f-06957d241fbe req-c9ab93eb-89bf-4bdc-b60f-06957d241fbe ] Request (ServerRescueTestJSON:test_rescue_unrescue_instance): 200 GET http://10.180.1.21/compute/v2.1/servers/98f115bd-c8e0-4c8e-b0e5-ff680b6de849 0.098s
2025-02-18 10:48:35.825 64338 INFO tempest.lib.common.rest_client [req-3726b421-6f90-4605-ad2d-8424e1318362 req-3726b421-6f90-4605-ad2d-8424e1318362 ] Request (ServerDiskConfigTestJSON:test_resize_server_from_auto_to_manual): 200 GET http://10.180.1.21/compute/v2.1/servers/3657ee05-0bd1-4915-8feb-aa5abe51f44f 0.165s
2025-02-18 10:48:35.836 64338 INFO tempest.common.waiters [-] State transition "BUILD/networking" ==> "BUILD/spawning" after 66 second wait
2025-02-18 10:48:35.877 64362 INFO tempest.lib.common.rest_client [req-53990692-c896-4bc2-8c89-e3c24b1e1d35 req-53990692-c896-4bc2-8c89-e3c24b1e1d35 ] Request (ListImageFiltersTestJSON:tearDownClass): 200 GET http://10.180.1.21/compute/v2.1/servers/8b2d691b-9681-4f8a-94d3-3cd2a45b484f 0.070s
2025-02-18 10:48:35.936 64360 INFO tempest.lib.common.rest_client [req-a4954d08-623e-495b-8284-486564dc7602 req-a4954d08-623e-495b-8284-486564dc7602 ] Request (DeleteServersTestJSON:test_delete_server_while_in_attached_volume): 200 GET http://10.180.1.21/compute/v2.1/servers/c5f875c7-329e-461d-b401-96e45b264750 0.053s
2025-02-18 10:48:36.006 64378 INFO tempest.lib.common.rest_client [req-2ac7bdaf-4759-4107-a7d7-12ef3dd00a6a req-2ac7bdaf-4759-4107-a7d7-12ef3dd00a6a ] Request (ServersAdminTestJSON:test_inject_network_info): 200 GET http://10.180.1.21/compute/v2.1/servers/73654b18-0f60-4fb9-87d3-024e8cbab781 0.050s
2025-02-18 10:48:36.106 64380 INFO tempest.lib.common.rest_client [req-eebb7f35-7837-4e68-9058-8c55cf3be296 req-eebb7f35-7837-4e68-9058-8c55cf3be296 ] Request (ServerMetadataTestJSON:tearDownClass): 200 GET http://10.180.1.21/compute/v2.1/servers/8032024d-21c7-4deb-8490-93327f50a7bb 0.065s
2025-02-18 10:48:36.122 64334 INFO tempest.lib.common.rest_client [req-f9405aab-8fb6-4754-951a-7b2c3def59d0 req-f9405aab-8fb6-4754-951a-7b2c3def59d0 ] Request (ServerRescueNegativeTestJSON:test_rescued_vm_detach_volume): 200 GET http://10.180.1.21/compute/v2.1/servers/ced51168-981c-46e8-9f03-550beb7f05df 0.063s
2025-02-18 10:48:36.170 64350 INFO tempest.lib.common.rest_client [req-f1b1343d-e820-4635-9c33-562ce88e0c5d req-f1b1343d-e820-4635-9c33-562ce88e0c5d ] Request (VolumesAdminNegativeTest:test_update_attached_volume_with_nonexistent_volume_in_body): 200 GET http://10.180.1.21/volume/v3/volumes/81b69d98-22c5-46b8-b491-35cb45879f36 0.030s
2025-02-18 10:48:36.186 64356 INFO tempest.lib.common.rest_client [req-d718bcde-4da3-47fc-9663-5affcc8c2570 req-d718bcde-4da3-47fc-9663-5affcc8c2570 ] Request (SecurityGroupsTestJSON:test_server_security_groups): 200 GET http://10.180.1.21/compute/v2.1/servers/1f13595f-1c0f-4523-88a5-6872db59385d 0.069s
2025-02-18 10:48:36.194 64342 INFO tempest.lib.common.rest_client [req-45853e3d-20d0-41cd-ae81-378a223a5dec req-45853e3d-20d0-41cd-ae81-378a223a5dec ] Request (ImagesTestJSON:test_create_image_from_suspended_server): 200 GET http://10.180.1.21/compute/v2.1/servers/adc28e8c-f6ea-48a1-9eaf-ddddfca48a78 0.060s
2025-02-18 10:48:36.268 64355 INFO tempest.lib.common.rest_client [req-5bb36d98-cd40-4568-a53b-a631de6a1791 req-5bb36d98-cd40-4568-a53b-a631de6a1791 ] Request (ImagesOneServerNegativeTestJSON:_run_cleanups): 200 GET http://10.180.1.21/compute/v2.1/servers/78ce3f57-0518-4683-920f-109f5f6a3b6f 0.067s
2025-02-18 10:48:36.293 64344 INFO tempest.lib.common.rest_client [req-86aad13c-7e04-409a-81eb-776477b28e0c req-86aad13c-7e04-409a-81eb-776477b28e0c ] Request (ServersAdmin275Test:tearDownClass): 200 GET http://10.180.1.21/compute/v2.1/servers/64efc8c6-303f-4d28-9752-af6f8d0dc6b5 0.073s
2025-02-18 10:48:36.354 64368 INFO tempest.lib.common.rest_client [req-ab6ccdc2-1bff-4e68-a7dc-4bc760db486e req-ab6ccdc2-1bff-4e68-a7dc-4bc760db486e ] Request (ServersTestFqdnHostnames:tearDownClass): 200 GET http://10.180.1.21/compute/v2.1/servers/c76dd1bc-051b-4d72-9e6b-00a0dec71abc 0.072s
2025-02-18 10:48:36.375 64376 INFO tempest.lib.common.rest_client [req-0d65f00a-6003-486c-ad79-9b82bab52d24 req-0d65f00a-6003-486c-ad79-9b82bab52d24 ] Request (ImagesOneServerTestJSON:tearDownClass): 200 GET http://10.180.1.21/compute/v2.1/servers/d022c3a5-f3e8-4797-b61c-1384ee0ddaf4 0.061s
2025-02-18 10:48:36.430 64370 INFO tempest.lib.common.rest_client [req-26e90471-30d2-4576-8cfb-057f91400749 req-26e90471-30d2-4576-8cfb-057f91400749 ] Request (ServersAdminNegativeTestJSON:tearDownClass): 200 GET http://10.180.1.21/compute/v2.1/servers/336b1ee0-367c-4e85-89f3-ed825eb0d090 0.064s
2025-02-18 10:48:36.479 64384 INFO tempest.lib.common.rest_client [req-45baced6-aff3-4f28-888a-567b34462bbc req-45baced6-aff3-4f28-888a-567b34462bbc ] Request (ListServerFiltersTestJSON:tearDownClass): 200 GET http://10.180.1.21/compute/v2.1/servers/33233fb3-775a-4cac-8388-b152289ca665 0.077s
2025-02-18 10:48:36.567 64346 INFO tempest.lib.common.rest_client [req-b85ffdac-c2b3-43b2-92bd-64055ad63d6f req-b85ffdac-c2b3-43b2-92bd-64055ad63d6f ] Request (FloatingIPsAssociationTestJSON:tearDownClass): 200 GET http://10.180.1.21/compute/v2.1/servers/e354b560-1fdf-4802-a696-987f7f1404ff 0.054s
2025-02-18 10:48:36.893 64336 INFO tempest.lib.common.rest_client [req-04f73c1b-7dd3-49ae-b266-02422e5344f7 req-04f73c1b-7dd3-49ae-b266-02422e5344f7 ] Request (AttachInterfacesUnderV243Test:_run_cleanups): 200 GET http://10.180.1.21/compute/v2.1/servers/8f26b522-e4ff-4840-be9b-18832bc61144 0.174s
2025-02-18 10:48:36.910 64358 INFO tempest.lib.common.rest_client [req-be08aba9-0d5c-4833-b949-e4d9f71d1149 req-be08aba9-0d5c-4833-b949-e4d9f71d1149 ] Request (MigrationsAdminTest:test_resize_server_revert_deleted_flavor): 200 GET http://10.180.1.21/compute/v2.1/servers/33114f06-2337-4e53-843f-e1dc307416dd 0.191s
2025-02-18 10:48:36.957 64372 INFO tempest.lib.common.rest_client [req-ed4136fb-a680-484e-b6b4-9f2070bf1c36 req-ed4136fb-a680-484e-b6b4-9f2070bf1c36 ] Request (ServerDiagnosticsNegativeTest:test_get_server_diagnostics_by_non_admin): 200 GET http://10.180.1.21/compute/v2.1/servers/e71d730c-3cdb-4a92-a5e3-24e54437d5ea 0.187s
2025-02-18 10:48:36.964 64382 INFO tempest.lib.common.rest_client [req-709a8e2d-f6ff-41eb-9389-0d298ff2f51b req-709a8e2d-f6ff-41eb-9389-0d298ff2f51b ] Request (ServerRescueTestJSON:test_rescue_unrescue_instance): 200 GET http://10.180.1.21/compute/v2.1/servers/98f115bd-c8e0-4c8e-b0e5-ff680b6de849 0.139s
2025-02-18 10:48:37.017 64362 INFO tempest.lib.common.rest_client [req-017163cf-6453-4014-a5ba-839226cf1bd8 req-017163cf-6453-4014-a5ba-839226cf1bd8 ] Request (ListImageFiltersTestJSON:tearDownClass): 200 GET http://10.180.1.21/compute/v2.1/servers/8b2d691b-9681-4f8a-94d3-3cd2a45b484f 0.132s
2025-02-18 10:48:37.056 64338 INFO tempest.lib.common.rest_client [req-0ab8a7cd-4be7-434e-b274-67b72252802f req-0ab8a7cd-4be7-434e-b274-67b72252802f ] Request (ServerDiskConfigTestJSON:test_resize_server_from_auto_to_manual): 200 GET http://10.180.1.21/compute/v2.1/servers/3657ee05-0bd1-4915-8feb-aa5abe51f44f 0.218s
