2025-02-18 10:48:44.996 64370 INFO tempest.lib.common.rest_client [req-2f7b585d-f373-4d5f-bd7a-0ba9949c34c4 req-2f7b585d-f373-4d5f-bd7a-0ba9949c34c4 ] Request (ServersAdminNegativeTestJSON:tearDownClass): 204 DELETE http://10.180.1.21/identity/v3/users/5196ddab8b1b442a898ecfa907de3c12 0.141s
2025-02-18 10:48:45.004 64344 INFO tempest.lib.common.rest_client [req-ef41c15e-a2e4-4613-aabe-c35528ebcc04 req-ef41c15e-a2e4-4613-aabe-c35528ebcc04 ] Request (ServersAdmin275Test:tearDownClass): 200 GET http://10.180.1.21/compute/v2.1/servers/64efc8c6-303f-4d28-9752-af6f8d0dc6b5 0.264s
2025-02-18 10:48:45.010 64332 WARNING tempest.lib.common.ssh [-] Failed to establish authenticated ssh connection to cirros@10.180.180.188 ([Errno None] Unable to connect to port 22 on 10.180.180.188). Number attempts: 6. Retry after 7 seconds.: paramiko.ssh_exception.NoValidConnectionsError: [Errno None] Unable to connect to port 22 on 10.180.180.188
2025-02-18 10:48:45.027 64350 INFO tempest.lib.common.rest_client [req-96ba0f5a-e42e-4b07-a5c6-869722c8a6ac req-96ba0f5a-e42e-4b07-a5c6-869722c8a6ac ] Request (VolumesAdminNegativeTest:test_update_attached_volume_with_nonexistent_volume_in_uri): 200 GET http://10.180.1.21/compute/v2.1/servers/e88680ba-a2a0-493d-b1ff-b1af37e6cd9e 0.193s
2025-02-18 10:48:45.049 64382 INFO tempest.lib.common.rest_client [req-df948863-673a-4a17-99ce-1561995d5808 req-df948863-673a-4a17-99ce-1561995d5808 ] Request (ServerRescueTestJSON:test_rescue_unrescue_instance): 200 GET http://10.180.1.21/compute/v2.1/servers/98f115bd-c8e0-4c8e-b0e5-ff680b6de849 0.069s
2025-02-18 10:48:45.102 64370 INFO tempest.lib.common.rest_client [req-87895cac-f37f-419d-ae69-18ac12154af6 req-87895cac-f37f-419d-ae69-18ac12154af6 ] Request (ServersAdminNegativeTestJSON:tearDownClass): 204 DELETE http://10.180.1.21/identity/v3/users/619fe7adba614c8a8f31dd3fdc8a69b8 0.105s
2025-02-18 10:48:45.102 64370 INFO tempest.lib.common.dynamic_creds [-] Deleting project and security group for project: 6c41cd222e7d4175a463bb20a3cda6af
2025-02-18 10:48:45.156 64370 INFO tempest.lib.common.rest_client [req-14e298d6-ecdf-4964-925c-66eb2e48170e req-14e298d6-ecdf-4964-925c-66eb2e48170e ] Request (ServersAdminNegativeTestJSON:tearDownClass): 201 POST http://10.180.1.21/identity/v3/auth/tokens 0.054s
2025-02-18 10:48:45.165 64362 INFO tempest.lib.common.rest_client [req-e05b0bac-4c25-4991-9393-51ce0622412c req-e05b0bac-4c25-4991-9393-51ce0622412c ] Request (ListImageFiltersTestJSON:tearDownClass): 200 GET http://10.180.1.21/compute/v2.1/servers/8b2d691b-9681-4f8a-94d3-3cd2a45b484f 0.058s
2025-02-18 10:48:45.222 64372 INFO tempest.lib.common.rest_client [req-80b3e424-5708-4d05-b81b-00119b5d9145 req-80b3e424-5708-4d05-b81b-00119b5d9145 ] Request (ServerDiagnosticsNegativeTest:test_get_server_diagnostics_by_non_admin): 200 GET http://10.180.1.21/compute/v2.1/servers/e71d730c-3cdb-4a92-a5e3-24e54437d5ea 0.099s
2025-02-18 10:48:45.237 64370 INFO tempest.lib.common.rest_client [req-c3be645c-c924-4ae5-868d-434b89e45d35 req-c3be645c-c924-4ae5-868d-434b89e45d35 ] Request (ServersAdminNegativeTestJSON:tearDownClass): 200 GET http://10.180.1.21:9696/networking/v2.0/security-groups?tenant_id=6c41cd222e7d4175a463bb20a3cda6af&name=default 0.080s
2025-02-18 10:48:45.263 64360 INFO tempest.lib.common.rest_client [req-93903982-e918-4f98-a729-60085956f670 req-93903982-e918-4f98-a729-60085956f670 ] Request (DeleteServersTestJSON:test_delete_server_while_in_attached_volume): 200 GET http://10.180.1.21/compute/v2.1/servers/c5f875c7-329e-461d-b401-96e45b264750 0.065s
2025-02-18 10:48:45.325 64370 INFO tempest.lib.common.rest_client [req-5ad32bdc-4258-4dd6-9d68-7354757b5fd3 req-5ad32bdc-4258-4dd6-9d68-7354757b5fd3 ] Request (ServersAdminNegativeTestJSON:tearDownClass): 204 DELETE http://10.180.1.21:9696/networking/v2.0/security-groups/96a588ff-b992-4ea0-93e6-3a4f1e999a3b 0.086s
2025-02-18 10:48:45.328 64378 INFO tempest.lib.common.rest_client [req-beb00239-2da9-4c0c-bd4e-34cb872b69e8 req-beb00239-2da9-4c0c-bd4e-34cb872b69e8 ] Request (ServersAdminTestJSON:test_inject_network_info): 200 GET http://10.180.1.21/compute/v2.1/servers/73654b18-0f60-4fb9-87d3-024e8cbab781 0.051s
2025-02-18 10:48:45.389 64358 INFO tempest.lib.common.rest_client [req-37157fa4-29eb-479e-9296-e0cbc4cd4b94 req-37157fa4-29eb-479e-9296-e0cbc4cd4b94 ] Request (MigrationsAdminTest:test_resize_server_revert_deleted_flavor): 200 GET http://10.180.1.21/compute/v2.1/servers/33114f06-2337-4e53-843f-e1dc307416dd 0.094s
2025-02-18 10:48:45.391 64370 INFO tempest.lib.common.rest_client [req-b38f5426-a66a-488e-9e47-939faab4b4cb req-b38f5426-a66a-488e-9e47-939faab4b4cb ] Request (ServersAdminNegativeTestJSON:tearDownClass): 204 DELETE http://10.180.1.21/identity/v3/projects/6c41cd222e7d4175a463bb20a3cda6af 0.066s
2025-02-18 10:48:45.391 64370 INFO tempest.lib.common.dynamic_creds [-] Deleting project and security group for project: 38c752e9eea64f169e7829aec39069d0
2025-02-18 10:48:45.405 64342 INFO tempest.lib.common.rest_client [req-dbd27f52-f080-4f91-b1ff-f69825470f9b req-dbd27f52-f080-4f91-b1ff-f69825470f9b ] Request (ImagesTestJSON:test_create_image_from_suspended_server): 200 GET http://10.180.1.21/compute/v2.1/servers/adc28e8c-f6ea-48a1-9eaf-ddddfca48a78 0.051s
2025-02-18 10:48:45.418 64370 INFO tempest.lib.common.rest_client [req-b1839874-375f-41a9-8e9b-572bcb20cabe req-b1839874-375f-41a9-8e9b-572bcb20cabe ] Request (ServersAdminNegativeTestJSON:tearDownClass): 200 GET http://10.180.1.21:9696/networking/v2.0/security-groups?tenant_id=38c752e9eea64f169e7829aec39069d0&name=default 0.027s
2025-02-18 10:48:45.452 64380 INFO tempest.lib.common.rest_client [req-5d683404-6d71-4d2c-969a-be3dcfa37551 req-5d683404-6d71-4d2c-969a-be3dcfa37551 ] Request (ServerMetadataTestJSON:tearDownClass): 200 GET http://10.180.1.21/compute/v2.1/servers/8032024d-21c7-4deb-8490-93327f50a7bb 0.098s
2025-02-18 10:48:45.461 64356 INFO tempest.lib.common.rest_client [req-aeeb4736-3614-4daa-9be9-5b123c3fa5e9 req-aeeb4736-3614-4daa-9be9-5b123c3fa5e9 ] Request (SecurityGroupsTestJSON:test_server_security_groups): 200 GET http://10.180.1.21/compute/v2.1/servers/1f13595f-1c0f-4523-88a5-6872db59385d 0.055s
2025-02-18 10:48:45.498 64370 INFO tempest.lib.common.rest_client [req-739b3b16-e7b0-4f23-823e-e1a0a64848dc req-739b3b16-e7b0-4f23-823e-e1a0a64848dc ] Request (ServersAdminNegativeTestJSON:tearDownClass): 204 DELETE http://10.180.1.21:9696/networking/v2.0/security-groups/b654fabd-c4b3-4533-9601-d74e303b55b6 0.080s
2025-02-18 10:48:45.608 64370 INFO tempest.lib.common.rest_client [req-1a68ec0b-e85c-4bc9-90b8-dcf2c2f4bb69 req-1a68ec0b-e85c-4bc9-90b8-dcf2c2f4bb69 ] Request (ServersAdminNegativeTestJSON:tearDownClass): 204 DELETE http://10.180.1.21/identity/v3/projects/38c752e9eea64f169e7829aec39069d0 0.109s
2025-02-18 10:48:45.674 64370 INFO tempest.lib.common.rest_client [req-e7a9a6bf-18ca-4041-beec-c95ab4ce4c45 req-e7a9a6bf-18ca-4041-beec-c95ab4ce4c45 ] Request (VolumesNegativeTest:setUpClass): 201 POST http://10.180.1.21/identity/v3/auth/tokens 0.065s
2025-02-18 10:48:45.688 64355 INFO tempest.lib.common.rest_client [req-251eb794-2d86-4579-aff3-fa1a077dcb58 req-251eb794-2d86-4579-aff3-fa1a077dcb58 ] Request (ImagesOneServerNegativeTestJSON:_run_cleanups): 200 GET http://10.180.1.21/compute/v2.1/servers/78ce3f57-0518-4683-920f-109f5f6a3b6f 0.066s
2025-02-18 10:48:45.700 64338 INFO tempest.lib.common.rest_client [req-2cf05206-dece-46dd-af50-3d3175b9623f req-2cf05206-dece-46dd-af50-3d3175b9623f ] Request (ServerDiskConfigTestJSON:test_resize_server_from_auto_to_manual): 200 GET http://10.180.1.21/compute/v2.1/servers/3657ee05-0bd1-4915-8feb-aa5abe51f44f 0.135s
2025-02-18 10:48:45.705 64370 INFO tempest.lib.common.rest_client [req-bad47584-cda9-42a9-b355-f420a1ae1b06 req-bad47584-cda9-42a9-b355-f420a1ae1b06 ] Request (VolumesNegativeTest:setUpClass): 201 POST http://10.180.1.21/identity/v3/auth/tokens 0.027s
2025-02-18 10:48:45.730 64370 INFO tempest.lib.common.rest_client [req-0b7848ac-b33d-42dd-9dcb-035f149a4a86 req-0b7848ac-b33d-42dd-9dcb-035f149a4a86 ] Request (VolumesNegativeTest:setUpClass): 200 GET http://10.180.1.21/identity/v3/domains?name=Default 0.024s
2025-02-18 10:48:45.761 64370 INFO tempest.lib.common.rest_client [req-77be602b-0c73-4068-9516-a7861ebb9155 req-77be602b-0c73-4068-9516-a7861ebb9155 ] Request (VolumesNegativeTest:setUpClass): 201 POST http://10.180.1.21/identity/v3/projects 0.031s
2025-02-18 10:48:45.776 64368 INFO tempest.lib.common.rest_client [req-c02159cb-03af-4fd7-b39b-391e39bb04b1 req-c02159cb-03af-4fd7-b39b-391e39bb04b1 ] Request (ServersTestFqdnHostnames:tearDownClass): 200 GET http://10.180.1.21/compute/v2.1/servers/c76dd1bc-051b-4d72-9e6b-00a0dec71abc 0.075s
2025-02-18 10:48:45.821 64370 INFO tempest.lib.common.rest_client [req-f4efd065-e498-4895-9141-420994efd075 req-f4efd065-e498-4895-9141-420994efd075 ] Request (VolumesNegativeTest:setUpClass): 201 POST http://10.180.1.21/identity/v3/users 0.059s
2025-02-18 10:48:45.841 64370 INFO tempest.lib.common.rest_client [req-b9e95919-bacb-41b6-addd-e2120508310e req-b9e95919-bacb-41b6-addd-e2120508310e ] Request (VolumesNegativeTest:setUpClass): 200 GET http://10.180.1.21/identity/v3/roles 0.019s
2025-02-18 10:48:45.845 64376 INFO tempest.lib.common.rest_client [req-df57d116-e8da-4403-8935-6690d23c22a3 req-df57d116-e8da-4403-8935-6690d23c22a3 ] Request (ImagesOneServerTestJSON:tearDownClass): 200 GET http://10.180.1.21/compute/v2.1/servers/d022c3a5-f3e8-4797-b61c-1384ee0ddaf4 0.064s
2025-02-18 10:48:45.869 64370 INFO tempest.lib.common.rest_client [req-b8f320f9-7857-42b7-8040-2a6f12967955 req-b8f320f9-7857-42b7-8040-2a6f12967955 ] Request (VolumesNegativeTest:setUpClass): 204 PUT http://10.180.1.21/identity/v3/projects/dcb08857be4844ab83f905face9e7473/users/3a1fd39601d8466ba18f94c387012510/roles/8d246563549e4d999f5b4b75db32ccaf 0.027s
2025-02-18 10:48:45.869 64370 INFO tempest.lib.common.dynamic_creds [-] Dynamic test user 3a1fd39601d8466ba18f94c387012510 is created with scope project and roles: ['member']
2025-02-18 10:48:45.869 64370 INFO tempest.lib.common.dynamic_creds [-] Acquired dynamic creds: credentials: Credentials: {'domain_id': 'default', 'domain_name': 'Default', 'username': 'tempest-VolumesNegativeTest-934721745-project-member', 'project_domain_id': 'default', 'project_domain_name': 'Default', 'project_id': 'dcb08857be4844ab83f905face9e7473', 'project_name': 'tempest-VolumesNegativeTest-934721745', 'tenant_id': 'dcb08857be4844ab83f905face9e7473', 'tenant_name': 'tempest-VolumesNegativeTest-934721745', 'user_domain_id': 'default', 'user_domain_name': 'Default', 'user_id': '3a1fd39601d8466ba18f94c387012510', 'system': None}, Network: None, Subnet: None, Router: None
2025-02-18 10:48:45.869 64370 INFO tempest.lib.common.dynamic_creds [-] Created isolated network resources for: credentials: Credentials: {'domain_id': 'default', 'domain_name': 'Default', 'username': 'tempest-VolumesNegativeTest-934721745-project-member', 'project_domain_id': 'default', 'project_domain_name': 'Default', 'project_id': 'dcb08857be4844ab83f905face9e7473', 'project_name': 'tempest-VolumesNegativeTest-934721745', 'tenant_id': 'dcb08857be4844ab83f905face9e7473', 'tenant_name': 'tempest-VolumesNegativeTest-934721745', 'user_domain_id': 'default', 'user_domain_name': 'Default', 'user_id': '3a1fd39601d8466ba18f94c387012510', 'system': None}, Network: None, Subnet: None, Router: None
2025-02-18 10:48:45.942 64370 INFO tempest.lib.common.rest_client [req-c15111b6-f294-4776-99fc-f09d5919764c req-c15111b6-f294-4776-99fc-f09d5919764c ] Request (VolumesNegativeTest:setUpClass): 201 POST http://10.180.1.21/identity/v3/auth/tokens 0.069s
2025-02-18 10:48:46.009 64384 INFO tempest.lib.common.rest_client [req-e42965f5-5a67-49d6-b4d0-7c4bba3a9757 req-e42965f5-5a67-49d6-b4d0-7c4bba3a9757 ] Request (ListServerFiltersTestJSON:tearDownClass): 200 GET http://10.180.1.21/compute/v2.1/servers/33233fb3-775a-4cac-8388-b152289ca665 0.072s
2025-02-18 10:48:46.017 64334 INFO tempest.lib.common.rest_client [req-22507032-d640-4e3c-9bed-e01ae0a93b31 req-22507032-d640-4e3c-9bed-e01ae0a93b31 ] Request (ServerRescueNegativeTestJSON:test_rescued_vm_detach_volume): 200 GET http://10.180.1.21/compute/v2.1/servers/ced51168-981c-46e8-9f03-550beb7f05df 0.138s
2025-02-18 10:48:46.066 64346 INFO tempest.lib.common.rest_client [req-6cbf8fa2-90bc-4685-a334-d1212f606e48 req-6cbf8fa2-90bc-4685-a334-d1212f606e48 ] Request (FloatingIPsAssociationTestJSON:tearDownClass): 200 GET http://10.180.1.21/compute/v2.1/servers/e354b560-1fdf-4802-a696-987f7f1404ff 0.123s
2025-02-18 10:48:46.077 64370 INFO tempest.lib.common.rest_client [req-03d576c2-a4c6-4b12-805a-93633117e64f req-03d576c2-a4c6-4b12-805a-93633117e64f ] Request (VolumesNegativeTest:test_create_volume_with_invalid_size): 400 POST http://10.180.1.21/compute/v2.1/os-volumes 0.133s
2025-02-18 10:48:46.127 64336 INFO tempest.lib.common.rest_client [req-242d6270-1457-43b2-b19f-5179a9f8a93c req-242d6270-1457-43b2-b19f-5179a9f8a93c ] Request (AttachInterfacesUnderV243Test:_run_cleanups): 200 GET http://10.180.1.21/compute/v2.1/servers/8f26b522-e4ff-4840-be9b-18832bc61144 0.126s
2025-02-18 10:48:46.141 64344 INFO tempest.lib.common.rest_client [req-2ee041dd-d814-437d-b6e6-0c19cb8b8162 req-2ee041dd-d814-437d-b6e6-0c19cb8b8162 ] Request (ServersAdmin275Test:tearDownClass): 200 GET http://10.180.1.21/compute/v2.1/servers/64efc8c6-303f-4d28-9752-af6f8d0dc6b5 0.124s
2025-02-18 10:48:46.173 64350 INFO tempest.lib.common.rest_client [req-f4cb43a4-2c5a-4879-a8af-79113bbf74bf req-f4cb43a4-2c5a-4879-a8af-79113bbf74bf ] Request (VolumesAdminNegativeTest:test_update_attached_volume_with_nonexistent_volume_in_uri): 200 GET http://10.180.1.21/compute/v2.1/servers/e88680ba-a2a0-493d-b1ff-b1af37e6cd9e 0.139s
2025-02-18 10:48:46.179 64370 INFO tempest.lib.common.rest_client [req-6d52cf44-b98f-4096-b1d9-9bbc1d291f4a req-6d52cf44-b98f-4096-b1d9-9bbc1d291f4a ] Request (VolumesNegativeTest:test_create_volume_with_size_zero): 400 POST http://10.180.1.21/compute/v2.1/os-volumes 0.100s
2025-02-18 10:48:46.180 64350 INFO tempest.common.waiters [-] State transition "BUILD/scheduling" ==> "BUILD/None" after 1 second wait
2025-02-18 10:48:46.186 64382 INFO tempest.lib.common.rest_client [req-ed5ac899-cec4-47d8-9bea-68b30f3ee3d5 req-ed5ac899-cec4-47d8-9bea-68b30f3ee3d5 ] Request (ServerRescueTestJSON:test_rescue_unrescue_instance): 200 GET http://10.180.1.21/compute/v2.1/servers/98f115bd-c8e0-4c8e-b0e5-ff680b6de849 0.129s
2025-02-18 10:48:46.191 64370 INFO tempest.lib.common.rest_client [req-cb6d43b4-4aa8-41b7-9843-f6cfeb567824 req-cb6d43b4-4aa8-41b7-9843-f6cfeb567824 ] Request (VolumesNegativeTest:test_create_volume_without_passing_size): 400 POST http://10.180.1.21/compute/v2.1/os-volumes 0.011s
2025-02-18 10:48:46.215 64370 INFO tempest.lib.common.rest_client [req-bfd938c3-051b-4f64-989b-157b5ed32b33 req-bfd938c3-051b-4f64-989b-157b5ed32b33 ] Request (VolumesNegativeTest:test_delete_invalid_volume_id): 404 DELETE http://10.180.1.21/compute/v2.1/os-volumes/tempest-invalid-1901596716 0.023s
2025-02-18 10:48:46.221 64370 INFO tempest.lib.common.rest_client [req-c535594e-e500-46b2-a057-cb9008ee64e9 req-c535594e-e500-46b2-a057-cb9008ee64e9 ] Request (VolumesNegativeTest:test_delete_volume_without_passing_volume_id): 404 DELETE http://10.180.1.21/compute/v2.1/os-volumes/ 0.004s
2025-02-18 10:48:46.225 64370 INFO tempest.lib.common.rest_client [req-62bfd1de-c982-4639-8f4e-91c0141d9b35 req-62bfd1de-c982-4639-8f4e-91c0141d9b35 ] Request (VolumesNegativeTest:test_get_volume_without_passing_volume_id): 404 GET http://10.180.1.21/compute/v2.1/os-volumes/ 0.004s
2025-02-18 10:48:46.231 64362 INFO tempest.lib.common.rest_client [req-cfbf0958-cc87-4aa2-a138-2ec15f4f9016 req-cfbf0958-cc87-4aa2-a138-2ec15f4f9016 ] Request (ListImageFiltersTestJSON:tearDownClass): 200 GET http://10.180.1.21/compute/v2.1/servers/8b2d691b-9681-4f8a-94d3-3cd2a45b484f 0.059s
2025-02-18 10:48:46.246 64370 INFO tempest.lib.common.rest_client [req-4b7a90b8-fc3d-4dfa-8d7a-bfdb0bb8110f req-4b7a90b8-fc3d-4dfa-8d7a-bfdb0bb8110f ] Request (VolumesNegativeTest:test_volume_delete_nonexistent_volume_id): 404 DELETE http://10.180.1.21/compute/v2.1/os-volumes/a726cd80-e723-43ac-a1a4-f2c3c3e7c5a2 0.019s
2025-02-18 10:48:46.269 64370 INFO tempest.lib.common.rest_client [req-3871b0a8-7ca4-4344-9935-1727c3ce0757 req-3871b0a8-7ca4-4344-9935-1727c3ce0757 ] Request (VolumesNegativeTest:test_volume_get_nonexistent_volume_id): 404 GET http://10.180.1.21/compute/v2.1/os-volumes/2e6a0f51-0b4f-4ffa-9c52-8558b13240e1 0.021s
2025-02-18 10:48:46.322 64372 INFO tempest.lib.common.rest_client [req-7ad67ebb-0087-4160-859f-c0fa462a7b90 req-7ad67ebb-0087-4160-859f-c0fa462a7b90 ] Request (ServerDiagnosticsNegativeTest:test_get_server_diagnostics_by_non_admin): 200 GET http://10.180.1.21/compute/v2.1/servers/e71d730c-3cdb-4a92-a5e3-24e54437d5ea 0.092s
2025-02-18 10:48:46.334 64360 INFO tempest.lib.common.rest_client [req-9fbe68c0-ad2d-45ad-8142-911cb032769e req-9fbe68c0-ad2d-45ad-8142-911cb032769e ] Request (DeleteServersTestJSON:test_delete_server_while_in_attached_volume): 200 GET http://10.180.1.21/compute/v2.1/servers/c5f875c7-329e-461d-b401-96e45b264750 0.063s
2025-02-18 10:48:46.356 64370 INFO tempest.lib.common.rest_client [req-59c53ab3-3786-40f0-98a6-062ebef94219 req-59c53ab3-3786-40f0-98a6-062ebef94219 ] Request (VolumesNegativeTest:tearDownClass): 204 DELETE http://10.180.1.21/identity/v3/users/3a1fd39601d8466ba18f94c387012510 0.083s
2025-02-18 10:48:46.357 64370 INFO tempest.lib.common.dynamic_creds [-] Deleting project and security group for project: dcb08857be4844ab83f905face9e7473
2025-02-18 10:48:46.389 64378 INFO tempest.lib.common.rest_client [req-150b73c6-3a7b-4174-ad9d-62e0e8934501 req-150b73c6-3a7b-4174-ad9d-62e0e8934501 ] Request (ServersAdminTestJSON:test_inject_network_info): 200 GET http://10.180.1.21/compute/v2.1/servers/73654b18-0f60-4fb9-87d3-024e8cbab781 0.053s
2025-02-18 10:48:46.413 64370 INFO tempest.lib.common.rest_client [req-0e8b6a23-b41d-422e-bbcc-3def81b26454 req-0e8b6a23-b41d-422e-bbcc-3def81b26454 ] Request (VolumesNegativeTest:tearDownClass): 201 POST http://10.180.1.21/identity/v3/auth/tokens 0.056s
2025-02-18 10:48:46.555 64370 INFO tempest.lib.common.rest_client [req-2785e3f8-5e12-45ba-b2b6-2bead47c8524 req-2785e3f8-5e12-45ba-b2b6-2bead47c8524 ] Request (VolumesNegativeTest:tearDownClass): 200 GET http://10.180.1.21:9696/networking/v2.0/security-groups?tenant_id=dcb08857be4844ab83f905face9e7473&name=default 0.141s
2025-02-18 10:48:46.631 64370 INFO tempest.lib.common.rest_client [req-32811267-ff7a-4b37-9c8a-f746843a725d req-32811267-ff7a-4b37-9c8a-f746843a725d ] Request (VolumesNegativeTest:tearDownClass): 204 DELETE http://10.180.1.21:9696/networking/v2.0/security-groups/581cb67b-48ef-448e-8495-0a83af39b8e8 0.076s
2025-02-18 10:48:46.672 64348 WARNING tempest.lib.common.ssh [-] Failed to establish authenticated ssh connection to cirros@10.180.180.251 ([Errno None] Unable to connect to port 22 on 10.180.180.251). Number attempts: 6. Retry after 7 seconds.: paramiko.ssh_exception.NoValidConnectionsError: [Errno None] Unable to connect to port 22 on 10.180.180.251
2025-02-18 10:48:46.702 64370 INFO tempest.lib.common.rest_client [req-708a9674-86c5-453a-a302-75f6b31484ce req-708a9674-86c5-453a-a302-75f6b31484ce ] Request (VolumesNegativeTest:tearDownClass): 204 DELETE http://10.180.1.21/identity/v3/projects/dcb08857be4844ab83f905face9e7473 0.070s
2025-02-18 10:48:46.725 64342 INFO tempest.lib.common.rest_client [req-785fb9fa-05d2-4ed6-b127-712ceda1a707 req-785fb9fa-05d2-4ed6-b127-712ceda1a707 ] Request (ImagesTestJSON:test_create_image_from_suspended_server): 200 GET http://10.180.1.21/compute/v2.1/servers/adc28e8c-f6ea-48a1-9eaf-ddddfca48a78 0.313s
2025-02-18 10:48:46.730 64366 INFO paramiko.transport [-] Connected (version 2.0, client dropbear_2020.81)
2025-02-18 10:48:46.745 64358 INFO tempest.lib.common.rest_client [req-488fae7e-ac7d-41f7-8efd-8fc4ad8a2b93 req-488fae7e-ac7d-41f7-8efd-8fc4ad8a2b93 ] Request (MigrationsAdminTest:test_resize_server_revert_deleted_flavor): 200 GET http://10.180.1.21/compute/v2.1/servers/33114f06-2337-4e53-843f-e1dc307416dd 0.348s
2025-02-18 10:48:46.800 64380 INFO tempest.lib.common.rest_client [req-93fb521a-de00-4e6e-ac6e-b99e3f6e6544 req-93fb521a-de00-4e6e-ac6e-b99e3f6e6544 ] Request (ServerMetadataTestJSON:tearDownClass): 200 GET http://10.180.1.21/compute/v2.1/servers/8032024d-21c7-4deb-8490-93327f50a7bb 0.341s
2025-02-18 10:48:46.806 64356 INFO tempest.lib.common.rest_client [req-3aceb6b6-ebfa-45fa-9790-5e38390f305d req-3aceb6b6-ebfa-45fa-9790-5e38390f305d ] Request (SecurityGroupsTestJSON:test_server_security_groups): 200 GET http://10.180.1.21/compute/v2.1/servers/1f13595f-1c0f-4523-88a5-6872db59385d 0.337s
2025-02-18 10:48:46.840 64366 INFO paramiko.transport [-] Authentication (publickey) successful!
2025-02-18 10:48:46.840 64366 INFO tempest.lib.common.ssh [-] ssh connection to cirros@10.180.180.156 successfully created
2025-02-18 10:48:46.858 64355 INFO tempest.lib.common.rest_client [req-89c55e5a-0434-4aa6-bf8e-81f04ca9b668 req-89c55e5a-0434-4aa6-bf8e-81f04ca9b668 ] Request (ImagesOneServerNegativeTestJSON:_run_cleanups): 200 GET http://10.180.1.21/compute/v2.1/servers/78ce3f57-0518-4683-920f-109f5f6a3b6f 0.161s
2025-02-18 10:48:46.942 64368 INFO tempest.lib.common.rest_client [req-0203c136-3495-4572-a861-e6f8a3623481 req-0203c136-3495-4572-a861-e6f8a3623481 ] Request (ServersTestFqdnHostnames:tearDownClass): 200 GET http://10.180.1.21/compute/v2.1/servers/c76dd1bc-051b-4d72-9e6b-00a0dec71abc 0.158s
2025-02-18 10:48:46.973 64338 INFO tempest.lib.common.rest_client [req-198607b8-52a3-4c7e-90ff-686aa92950ea req-198607b8-52a3-4c7e-90ff-686aa92950ea ] Request (ServerDiskConfigTestJSON:test_resize_server_from_auto_to_manual): 200 GET http://10.180.1.21/compute/v2.1/servers/3657ee05-0bd1-4915-8feb-aa5abe51f44f 0.264s
2025-02-18 10:48:47.030 64376 INFO tempest.lib.common.rest_client [req-bc74a3ba-3cbb-4d10-8578-a2fa66732dcf req-bc74a3ba-3cbb-4d10-8578-a2fa66732dcf ] Request (ImagesOneServerTestJSON:tearDownClass): 200 GET http://10.180.1.21/compute/v2.1/servers/d022c3a5-f3e8-4797-b61c-1384ee0ddaf4 0.178s
2025-02-18 10:48:47.079 64366 INFO tempest.lib.common.rest_client [req-a503a0e0-7316-4890-af30-ca6ebb37c06d req-a503a0e0-7316-4890-af30-ca6ebb37c06d ] Request (ServerActionsTestOtherB:setUp): 200 GET http://10.180.1.21/compute/v2.1/servers/d0528053-c9b3-42fd-82d8-608e974646db 0.238s
2025-02-18 10:48:47.083 64384 INFO tempest.lib.common.rest_client [req-f1b37338-32b9-489b-b135-0c535c978282 req-f1b37338-32b9-489b-b135-0c535c978282 ] Request (ListServerFiltersTestJSON:tearDownClass): 200 GET http://10.180.1.21/compute/v2.1/servers/33233fb3-775a-4cac-8388-b152289ca665 0.065s
2025-02-18 10:48:47.137 64346 INFO tempest.lib.common.rest_client [req-a997a775-bfc3-477c-af0a-fae2e0184923 req-a997a775-bfc3-477c-af0a-fae2e0184923 ] Request (FloatingIPsAssociationTestJSON:tearDownClass): 200 GET http://10.180.1.21/compute/v2.1/servers/e354b560-1fdf-4802-a696-987f7f1404ff 0.061s
2025-02-18 10:48:47.168 64334 INFO tempest.lib.common.rest_client [req-125e3e79-8d27-4e2d-b06a-bc29b2cf4b55 req-125e3e79-8d27-4e2d-b06a-bc29b2cf4b55 ] Request (ServerRescueNegativeTestJSON:test_rescued_vm_detach_volume): 200 GET http://10.180.1.21/compute/v2.1/servers/ced51168-981c-46e8-9f03-550beb7f05df 0.142s
2025-02-18 10:48:47.175 64334 INFO tempest.common.waiters [-] State transition "BUILD/spawning" ==> "ACTIVE/None" after 78 second wait
2025-02-18 10:48:47.219 64336 INFO tempest.lib.common.rest_client [req-5c33ba09-f055-4a98-81fd-431150ec1031 req-5c33ba09-f055-4a98-81fd-431150ec1031 ] Request (AttachInterfacesUnderV243Test:_run_cleanups): 200 GET http://10.180.1.21/compute/v2.1/servers/8f26b522-e4ff-4840-be9b-18832bc61144 0.084s
2025-02-18 10:48:47.282 64344 INFO tempest.lib.common.rest_client [req-10edbd3f-9b0a-442c-bc00-66723f67ee17 req-10edbd3f-9b0a-442c-bc00-66723f67ee17 ] Request (ServersAdmin275Test:tearDownClass): 200 GET http://10.180.1.21/compute/v2.1/servers/64efc8c6-303f-4d28-9752-af6f8d0dc6b5 0.124s
2025-02-18 10:48:47.336 64334 INFO tempest.lib.common.rest_client [req-597d0d22-5d2e-40b7-bc46-844d6427df73 req-597d0d22-5d2e-40b7-bc46-844d6427df73 ] Request (ServerRescueNegativeTestJSON:test_rescued_vm_detach_volume): 200 GET http://10.180.1.21/compute/v2.1/servers/ced51168-981c-46e8-9f03-550beb7f05df/os-interface 0.160s
2025-02-18 10:48:47.390 64350 INFO tempest.lib.common.rest_client [req-d73e4d2e-62ae-49fb-93df-090804f25605 req-d73e4d2e-62ae-49fb-93df-090804f25605 ] Request (VolumesAdminNegativeTest:test_update_attached_volume_with_nonexistent_volume_in_uri): 200 GET http://10.180.1.21/compute/v2.1/servers/e88680ba-a2a0-493d-b1ff-b1af37e6cd9e 0.209s
2025-02-18 10:48:47.447 64382 INFO tempest.lib.common.rest_client [req-5d87894c-9b8c-4ead-84b0-92dc02dcda23 req-5d87894c-9b8c-4ead-84b0-92dc02dcda23 ] Request (ServerRescueTestJSON:test_rescue_unrescue_instance): 200 GET http://10.180.1.21/compute/v2.1/servers/98f115bd-c8e0-4c8e-b0e5-ff680b6de849 0.253s
2025-02-18 10:48:47.517 64362 INFO tempest.lib.common.rest_client [req-0885386b-18c1-4860-a680-a24a49e4700e req-0885386b-18c1-4860-a680-a24a49e4700e ] Request (ListImageFiltersTestJSON:tearDownClass): 200 GET http://10.180.1.21/compute/v2.1/servers/8b2d691b-9681-4f8a-94d3-3cd2a45b484f 0.278s
2025-02-18 10:48:47.555 64366 INFO tempest.lib.common.rest_client [req-41183558-67b5-4c69-9262-8805487f258d req-41183558-67b5-4c69-9262-8805487f258d ] Request (ServerActionsTestOtherB:test_create_backup): 202 POST http://10.180.1.21/compute/v2.1/servers/d0528053-c9b3-42fd-82d8-608e974646db/action 0.467s
2025-02-18 10:48:47.572 64366 INFO tempest.lib.common.rest_client [req-389babac-ab4f-4ef0-bfa4-5bf759b93654 req-389babac-ab4f-4ef0-bfa4-5bf759b93654 ] Request (ServerActionsTestOtherB:test_create_backup): 200 GET http://10.180.1.21/image/v2/images/ebe48f18-cbaa-4780-a77a-83a0411f90e8 0.016s
2025-02-18 10:48:47.652 64360 INFO tempest.lib.common.rest_client [req-0948a7c0-b518-4626-84e2-c8aa57bb86dc req-0948a7c0-b518-4626-84e2-c8aa57bb86dc ] Request (DeleteServersTestJSON:test_delete_server_while_in_attached_volume): 200 GET http://10.180.1.21/compute/v2.1/servers/c5f875c7-329e-461d-b401-96e45b264750 0.310s
2025-02-18 10:48:47.720 64378 INFO tempest.lib.common.rest_client [req-fd0d7a11-936e-4332-9bc1-a7a7cb5776ec req-fd0d7a11-936e-4332-9bc1-a7a7cb5776ec ] Request (ServersAdminTestJSON:test_inject_network_info): 200 GET http://10.180.1.21/compute/v2.1/servers/73654b18-0f60-4fb9-87d3-024e8cbab781 0.323s
2025-02-18 10:48:47.745 64372 INFO tempest.lib.common.rest_client [req-4f2b361d-c797-44c1-8212-120d9a7f9318 req-4f2b361d-c797-44c1-8212-120d9a7f9318 ] Request (ServerDiagnosticsNegativeTest:test_get_server_diagnostics_by_non_admin): 200 GET http://10.180.1.21/compute/v2.1/servers/e71d730c-3cdb-4a92-a5e3-24e54437d5ea 0.414s
2025-02-18 10:48:47.806 64342 INFO tempest.lib.common.rest_client [req-c35b9720-5908-4eb1-8855-bd3eac60d545 req-c35b9720-5908-4eb1-8855-bd3eac60d545 ] Request (ImagesTestJSON:test_create_image_from_suspended_server): 200 GET http://10.180.1.21/compute/v2.1/servers/adc28e8c-f6ea-48a1-9eaf-ddddfca48a78 0.073s
2025-02-18 10:48:47.814 64342 INFO tempest.common.waiters [-] State transition "BUILD/None" ==> "BUILD/networking" after 38 second wait
2025-02-18 10:48:47.916 64380 INFO tempest.lib.common.rest_client [req-60a00d8c-0564-44e2-83b4-707fdf0c9fbf req-60a00d8c-0564-44e2-83b4-707fdf0c9fbf ] Request (ServerMetadataTestJSON:tearDownClass): 200 GET http://10.180.1.21/compute/v2.1/servers/8032024d-21c7-4deb-8490-93327f50a7bb 0.102s
2025-02-18 10:48:47.964 64358 INFO tempest.lib.common.rest_client [req-41c17871-60ae-4db3-87cb-9ab185fc2ed6 req-41c17871-60ae-4db3-87cb-9ab185fc2ed6 ] Request (MigrationsAdminTest:test_resize_server_revert_deleted_flavor): 200 GET http://10.180.1.21/compute/v2.1/servers/33114f06-2337-4e53-843f-e1dc307416dd 0.208s
2025-02-18 10:48:47.983 64356 INFO tempest.lib.common.rest_client [req-cc01c56d-d007-4061-920f-0497e163b417 req-cc01c56d-d007-4061-920f-0497e163b417 ] Request (SecurityGroupsTestJSON:test_server_security_groups): 200 GET http://10.180.1.21/compute/v2.1/servers/1f13595f-1c0f-4523-88a5-6872db59385d 0.167s
2025-02-18 10:48:48.063 64355 INFO tempest.lib.common.rest_client [req-491219de-1425-4f58-92b7-7ebce12bcbe6 req-491219de-1425-4f58-92b7-7ebce12bcbe6 ] Request (ImagesOneServerNegativeTestJSON:_run_cleanups): 200 GET http://10.180.1.21/compute/v2.1/servers/78ce3f57-0518-4683-920f-109f5f6a3b6f 0.193s
2025-02-18 10:48:48.065 64368 INFO tempest.lib.common.rest_client [req-94dfe37c-d626-47c0-a92b-90648416afde req-94dfe37c-d626-47c0-a92b-90648416afde ] Request (ServersTestFqdnHostnames:tearDownClass): 200 GET http://10.180.1.21/compute/v2.1/servers/c76dd1bc-051b-4d72-9e6b-00a0dec71abc 0.114s
2025-02-18 10:48:48.161 64376 INFO tempest.lib.common.rest_client [req-b9789704-7823-47d4-b540-3d3a2c014b9e req-b9789704-7823-47d4-b540-3d3a2c014b9e ] Request (ImagesOneServerTestJSON:tearDownClass): 200 GET http://10.180.1.21/compute/v2.1/servers/d022c3a5-f3e8-4797-b61c-1384ee0ddaf4 0.122s
2025-02-18 10:48:48.230 64384 INFO tempest.lib.common.rest_client [req-d3814280-77f9-4fce-91e6-0802c5aed18c req-d3814280-77f9-4fce-91e6-0802c5aed18c ] Request (ListServerFiltersTestJSON:tearDownClass): 200 GET http://10.180.1.21/compute/v2.1/servers/33233fb3-775a-4cac-8388-b152289ca665 0.140s
2025-02-18 10:48:48.253 64338 INFO tempest.lib.common.rest_client [req-b855490d-9307-4645-8fe3-d6b503cacfe6 req-b855490d-9307-4645-8fe3-d6b503cacfe6 ] Request (ServerDiskConfigTestJSON:test_resize_server_from_auto_to_manual): 200 GET http://10.180.1.21/compute/v2.1/servers/3657ee05-0bd1-4915-8feb-aa5abe51f44f 0.271s
2025-02-18 10:48:48.261 64338 INFO tempest.common.waiters [-] State transition "BUILD/spawning" ==> "ACTIVE/None" after 79 second wait
2025-02-18 10:48:48.302 64346 INFO tempest.lib.common.rest_client [req-1ea3eeac-eda5-488f-a264-df167833f343 req-1ea3eeac-eda5-488f-a264-df167833f343 ] Request (FloatingIPsAssociationTestJSON:tearDownClass): 200 GET http://10.180.1.21/compute/v2.1/servers/e354b560-1fdf-4802-a696-987f7f1404ff 0.157s
2025-02-18 10:48:48.330 64336 INFO tempest.lib.common.rest_client [req-63c78507-c2cf-4a28-805d-544d5cf0ac08 req-63c78507-c2cf-4a28-805d-544d5cf0ac08 ] Request (AttachInterfacesUnderV243Test:_run_cleanups): 200 GET http://10.180.1.21/compute/v2.1/servers/8f26b522-e4ff-4840-be9b-18832bc61144 0.101s
2025-02-18 10:48:48.406 64344 INFO tempest.lib.common.rest_client [req-9f2d2d6b-8c31-45e8-a4fb-daa09d187d6c req-9f2d2d6b-8c31-45e8-a4fb-daa09d187d6c ] Request (ServersAdmin275Test:tearDownClass): 200 GET http://10.180.1.21/compute/v2.1/servers/64efc8c6-303f-4d28-9752-af6f8d0dc6b5 0.114s
2025-02-18 10:48:48.452 64334 INFO tempest.lib.common.rest_client [req-3749a434-f6f1-4088-ab61-fe5eda394b08 req-3749a434-f6f1-4088-ab61-fe5eda394b08 ] Request (ServerRescueNegativeTestJSON:test_rescued_vm_detach_volume): 200 PUT http://10.180.1.21:9696/networking/v2.0/floatingips/df726767-be71-481a-b0c5-6688dad09f90 1.114s
2025-02-18 10:48:48.453 64334 INFO tempest.lib.common.ssh [-] Creating ssh connection to '10.180.180.245:22' as 'cirros' with public key authentication
2025-02-18 10:48:48.473 64350 INFO tempest.lib.common.rest_client [req-a5690dfb-7c0e-4a4a-9ad2-0a24957de354 req-a5690dfb-7c0e-4a4a-9ad2-0a24957de354 ] Request (VolumesAdminNegativeTest:test_update_attached_volume_with_nonexistent_volume_in_uri): 200 GET http://10.180.1.21/compute/v2.1/servers/e88680ba-a2a0-493d-b1ff-b1af37e6cd9e 0.073s
2025-02-18 10:48:48.489 64338 INFO tempest.lib.common.rest_client [req-05ab582f-cab4-49f7-a37a-f939504a72ea req-05ab582f-cab4-49f7-a37a-f939504a72ea ] Request (ServerDiskConfigTestJSON:test_resize_server_from_auto_to_manual): 200 GET http://10.180.1.21/compute/v2.1/servers/3657ee05-0bd1-4915-8feb-aa5abe51f44f 0.226s
2025-02-18 10:48:48.536 64382 INFO tempest.lib.common.rest_client [req-a2c33886-8251-41e2-a2e6-2a40be7bfd4b req-a2c33886-8251-41e2-a2e6-2a40be7bfd4b ] Request (ServerRescueTestJSON:test_rescue_unrescue_instance): 200 GET http://10.180.1.21/compute/v2.1/servers/98f115bd-c8e0-4c8e-b0e5-ff680b6de849 0.076s
2025-02-18 10:48:48.562 64338 INFO tempest.lib.common.rest_client [req-02447cfe-ed7f-422d-9770-1dacae7e2091 req-02447cfe-ed7f-422d-9770-1dacae7e2091 ] Request (ServerDiskConfigTestJSON:test_resize_server_from_auto_to_manual): 200 PUT http://10.180.1.21/compute/v2.1/servers/3657ee05-0bd1-4915-8feb-aa5abe51f44f 0.065s
2025-02-18 10:48:48.594 64366 INFO tempest.lib.common.rest_client [req-6da4fca6-7129-48a9-b926-7148754e647d req-6da4fca6-7129-48a9-b926-7148754e647d ] Request (ServerActionsTestOtherB:test_create_backup): 200 GET http://10.180.1.21/image/v2/images/ebe48f18-cbaa-4780-a77a-83a0411f90e8 0.020s
2025-02-18 10:48:48.604 64362 INFO tempest.lib.common.rest_client [req-1ad8a28c-b901-4226-b407-d545ee54b6ae req-1ad8a28c-b901-4226-b407-d545ee54b6ae ] Request (ListImageFiltersTestJSON:tearDownClass): 200 GET http://10.180.1.21/compute/v2.1/servers/8b2d691b-9681-4f8a-94d3-3cd2a45b484f 0.075s
2025-02-18 10:48:48.696 64338 INFO tempest.lib.common.rest_client [req-40031329-91ff-488c-bc66-bfb383caf0d1 req-40031329-91ff-488c-bc66-bfb383caf0d1 ] Request (ServerDiskConfigTestJSON:test_resize_server_from_auto_to_manual): 200 GET http://10.180.1.21/compute/v2.1/servers/3657ee05-0bd1-4915-8feb-aa5abe51f44f 0.123s
2025-02-18 10:48:48.736 64360 INFO tempest.lib.common.rest_client [req-72afcba0-9c75-44dd-897b-0383cc6bc08e req-72afcba0-9c75-44dd-897b-0383cc6bc08e ] Request (DeleteServersTestJSON:test_delete_server_while_in_attached_volume): 200 GET http://10.180.1.21/compute/v2.1/servers/c5f875c7-329e-461d-b401-96e45b264750 0.075s
2025-02-18 10:48:48.789 64328 WARNING tempest.lib.common.ssh [-] Failed to establish authenticated ssh connection to cirros@10.180.180.173 ([Errno None] Unable to connect to port 22 on 10.180.180.173). Number attempts: 3. Retry after 4 seconds.: paramiko.ssh_exception.NoValidConnectionsError: [Errno None] Unable to connect to port 22 on 10.180.180.173
2025-02-18 10:48:48.797 64378 INFO tempest.lib.common.rest_client [req-f319fb93-66a0-4867-9371-4bb0cf7ac5fb req-f319fb93-66a0-4867-9371-4bb0cf7ac5fb ] Request (ServersAdminTestJSON:test_inject_network_info): 200 GET http://10.180.1.21/compute/v2.1/servers/73654b18-0f60-4fb9-87d3-024e8cbab781 0.070s
2025-02-18 10:48:48.827 64338 INFO tempest.lib.common.rest_client [req-4b9f2a73-eb50-4c0e-b72e-309250481b4d req-4b9f2a73-eb50-4c0e-b72e-309250481b4d ] Request (ServerDiskConfigTestJSON:test_resize_server_from_auto_to_manual): 200 GET http://10.180.1.21/compute/v2.1/servers/3657ee05-0bd1-4915-8feb-aa5abe51f44f 0.123s
2025-02-18 10:48:48.949 64372 INFO tempest.lib.common.rest_client [req-a5ab0414-564b-4767-8aef-069a3bcd8ba9 req-a5ab0414-564b-4767-8aef-069a3bcd8ba9 ] Request (ServerDiagnosticsNegativeTest:test_get_server_diagnostics_by_non_admin): 200 GET http://10.180.1.21/compute/v2.1/servers/e71d730c-3cdb-4a92-a5e3-24e54437d5ea 0.194s
2025-02-18 10:48:48.968 64342 INFO tempest.lib.common.rest_client [req-3b4f0a1b-7f97-420d-91df-b75021b417da req-3b4f0a1b-7f97-420d-91df-b75021b417da ] Request (ImagesTestJSON:test_create_image_from_suspended_server): 200 GET http://10.180.1.21/compute/v2.1/servers/adc28e8c-f6ea-48a1-9eaf-ddddfca48a78 0.152s
2025-02-18 10:48:48.976 64342 INFO tempest.common.waiters [-] State transition "BUILD/networking" ==> "BUILD/spawning" after 39 second wait
2025-02-18 10:48:49.046 64380 INFO tempest.lib.common.rest_client [req-4962fe2b-d403-46f4-9652-543d37449149 req-4962fe2b-d403-46f4-9652-543d37449149 ] Request (ServerMetadataTestJSON:tearDownClass): 200 GET http://10.180.1.21/compute/v2.1/servers/8032024d-21c7-4deb-8490-93327f50a7bb 0.122s
2025-02-18 10:48:49.084 64338 INFO tempest.lib.common.rest_client [req-d3b78caa-289e-4df4-afc4-5df0fa618ef9 req-d3b78caa-289e-4df4-afc4-5df0fa618ef9 ] Request (ServerDiskConfigTestJSON:test_resize_server_from_auto_to_manual): 202 POST http://10.180.1.21/compute/v2.1/servers/3657ee05-0bd1-4915-8feb-aa5abe51f44f/action 0.246s
2025-02-18 10:48:49.138 64356 INFO tempest.lib.common.rest_client [req-310b4912-d434-44ea-b41a-0dcdb655bd60 req-310b4912-d434-44ea-b41a-0dcdb655bd60 ] Request (SecurityGroupsTestJSON:test_server_security_groups): 200 GET http://10.180.1.21/compute/v2.1/servers/1f13595f-1c0f-4523-88a5-6872db59385d 0.146s
2025-02-18 10:48:49.167 64358 INFO tempest.lib.common.rest_client [req-61b4591b-a5ac-4827-8314-7ae5bc724e64 req-61b4591b-a5ac-4827-8314-7ae5bc724e64 ] Request (MigrationsAdminTest:test_resize_server_revert_deleted_flavor): 200 GET http://10.180.1.21/compute/v2.1/servers/33114f06-2337-4e53-843f-e1dc307416dd 0.188s
2025-02-18 10:48:49.193 64368 INFO tempest.lib.common.rest_client [req-e198cfb4-5335-4b8c-8411-c5d23c78c1d7 req-e198cfb4-5335-4b8c-8411-c5d23c78c1d7 ] Request (ServersTestFqdnHostnames:tearDownClass): 200 GET http://10.180.1.21/compute/v2.1/servers/c76dd1bc-051b-4d72-9e6b-00a0dec71abc 0.120s
2025-02-18 10:48:49.209 64355 INFO tempest.lib.common.rest_client [req-bd98e18f-2632-4f82-965e-c0f0ac5970a3 req-bd98e18f-2632-4f82-965e-c0f0ac5970a3 ] Request (ImagesOneServerNegativeTestJSON:_run_cleanups): 200 GET http://10.180.1.21/compute/v2.1/servers/78ce3f57-0518-4683-920f-109f5f6a3b6f 0.136s
2025-02-18 10:48:49.274 64376 INFO tempest.lib.common.rest_client [req-ac8707ef-b0b0-4da8-83cb-a7284c5ee3aa req-ac8707ef-b0b0-4da8-83cb-a7284c5ee3aa ] Request (ImagesOneServerTestJSON:tearDownClass): 200 GET http://10.180.1.21/compute/v2.1/servers/d022c3a5-f3e8-4797-b61c-1384ee0ddaf4 0.105s
2025-02-18 10:48:49.295 64338 INFO tempest.lib.common.rest_client [req-d54de6b2-7979-410e-90a1-65d4d01aaa27 req-d54de6b2-7979-410e-90a1-65d4d01aaa27 ] Request (ServerDiskConfigTestJSON:test_resize_server_from_auto_to_manual): 200 GET http://10.180.1.21/compute/v2.1/servers/3657ee05-0bd1-4915-8feb-aa5abe51f44f 0.210s
2025-02-18 10:48:49.333 64384 INFO tempest.lib.common.rest_client [req-eb87b440-d6e2-44c9-8981-9a008ddf442a req-eb87b440-d6e2-44c9-8981-9a008ddf442a ] Request (ListServerFiltersTestJSON:tearDownClass): 200 GET http://10.180.1.21/compute/v2.1/servers/33233fb3-775a-4cac-8388-b152289ca665 0.096s
2025-02-18 10:48:49.379 64346 INFO tempest.lib.common.rest_client [req-871d6990-ba2f-4b2d-b55c-d1121a12cea1 req-871d6990-ba2f-4b2d-b55c-d1121a12cea1 ] Request (FloatingIPsAssociationTestJSON:tearDownClass): 200 GET http://10.180.1.21/compute/v2.1/servers/e354b560-1fdf-4802-a696-987f7f1404ff 0.069s
2025-02-18 10:48:49.402 64336 INFO tempest.lib.common.rest_client [req-9fd988a1-6997-4633-9e7c-ae92bc43e1f9 req-9fd988a1-6997-4633-9e7c-ae92bc43e1f9 ] Request (AttachInterfacesUnderV243Test:_run_cleanups): 200 GET http://10.180.1.21/compute/v2.1/servers/8f26b522-e4ff-4840-be9b-18832bc61144 0.062s
2025-02-18 10:48:49.492 64344 INFO tempest.lib.common.rest_client [req-626230d3-0525-4f5c-81b1-4bde55ab09e1 req-626230d3-0525-4f5c-81b1-4bde55ab09e1 ] Request (ServersAdmin275Test:tearDownClass): 200 GET http://10.180.1.21/compute/v2.1/servers/64efc8c6-303f-4d28-9752-af6f8d0dc6b5 0.071s
2025-02-18 10:48:49.549 64350 INFO tempest.lib.common.rest_client [req-63917898-9f96-4eb8-aa54-f3ef01cb123a req-63917898-9f96-4eb8-aa54-f3ef01cb123a ] Request (VolumesAdminNegativeTest:test_update_attached_volume_with_nonexistent_volume_in_uri): 200 GET http://10.180.1.21/compute/v2.1/servers/e88680ba-a2a0-493d-b1ff-b1af37e6cd9e 0.066s
2025-02-18 10:48:49.608 64382 INFO tempest.lib.common.rest_client [req-e34b47c8-ae07-4768-9aa3-576d2d3f0e5d req-e34b47c8-ae07-4768-9aa3-576d2d3f0e5d ] Request (ServerRescueTestJSON:test_rescue_unrescue_instance): 200 GET http://10.180.1.21/compute/v2.1/servers/98f115bd-c8e0-4c8e-b0e5-ff680b6de849 0.061s
2025-02-18 10:48:49.611 64366 INFO tempest.lib.common.rest_client [req-564bf187-4baa-4eda-b649-b4945e8f054b req-564bf187-4baa-4eda-b649-b4945e8f054b ] Request (ServerActionsTestOtherB:test_create_backup): 200 GET http://10.180.1.21/image/v2/images/ebe48f18-cbaa-4780-a77a-83a0411f90e8 0.013s
2025-02-18 10:48:49.694 64362 INFO tempest.lib.common.rest_client [req-d274d190-bb2b-43db-9b2a-9510debe94bc req-d274d190-bb2b-43db-9b2a-9510debe94bc ] Request (ListImageFiltersTestJSON:tearDownClass): 200 GET http://10.180.1.21/compute/v2.1/servers/8b2d691b-9681-4f8a-94d3-3cd2a45b484f 0.080s
2025-02-18 10:48:49.816 64360 INFO tempest.lib.common.rest_client [req-dd4705a8-af1a-4e07-85ee-5f9bb9079976 req-dd4705a8-af1a-4e07-85ee-5f9bb9079976 ] Request (DeleteServersTestJSON:test_delete_server_while_in_attached_volume): 200 GET http://10.180.1.21/compute/v2.1/servers/c5f875c7-329e-461d-b401-96e45b264750 0.070s
2025-02-18 10:48:49.858 64378 INFO tempest.lib.common.rest_client [req-66a49a04-4106-4bcb-890e-fb02d637cbba req-66a49a04-4106-4bcb-890e-fb02d637cbba ] Request (ServersAdminTestJSON:test_inject_network_info): 200 GET http://10.180.1.21/compute/v2.1/servers/73654b18-0f60-4fb9-87d3-024e8cbab781 0.049s
2025-02-18 10:48:50.091 64372 INFO tempest.lib.common.rest_client [req-14f476b1-700a-492d-8e70-f63c8487d461 req-14f476b1-700a-492d-8e70-f63c8487d461 ] Request (ServerDiagnosticsNegativeTest:test_get_server_diagnostics_by_non_admin): 200 GET http://10.180.1.21/compute/v2.1/servers/e71d730c-3cdb-4a92-a5e3-24e54437d5ea 0.133s
2025-02-18 10:48:50.114 64342 INFO tempest.lib.common.rest_client [req-b1287de1-2634-44d4-9311-ad8b19a5db3d req-b1287de1-2634-44d4-9311-ad8b19a5db3d ] Request (ImagesTestJSON:test_create_image_from_suspended_server): 200 GET http://10.180.1.21/compute/v2.1/servers/adc28e8c-f6ea-48a1-9eaf-ddddfca48a78 0.136s
2025-02-18 10:48:50.147 64380 INFO tempest.lib.common.rest_client [req-d601e3a3-ad20-45e0-9505-02750c3eb339 req-d601e3a3-ad20-45e0-9505-02750c3eb339 ] Request (ServerMetadataTestJSON:tearDownClass): 200 GET http://10.180.1.21/compute/v2.1/servers/8032024d-21c7-4deb-8490-93327f50a7bb 0.093s
2025-02-18 10:48:50.195 64356 INFO tempest.lib.common.rest_client [req-ddee042f-ca63-4c54-85dd-bcd57d956d22 req-ddee042f-ca63-4c54-85dd-bcd57d956d22 ] Request (SecurityGroupsTestJSON:test_server_security_groups): 200 GET http://10.180.1.21/compute/v2.1/servers/1f13595f-1c0f-4523-88a5-6872db59385d 0.049s
2025-02-18 10:48:50.272 64368 INFO tempest.lib.common.rest_client [req-48443336-a781-4d51-9c02-fa451dae5e09 req-48443336-a781-4d51-9c02-fa451dae5e09 ] Request (ServersTestFqdnHostnames:tearDownClass): 200 GET http://10.180.1.21/compute/v2.1/servers/c76dd1bc-051b-4d72-9e6b-00a0dec71abc 0.070s
2025-02-18 10:48:50.308 64358 INFO tempest.lib.common.rest_client [req-db8786c4-2470-4164-aade-f9f9f4c00205 req-db8786c4-2470-4164-aade-f9f9f4c00205 ] Request (MigrationsAdminTest:test_resize_server_revert_deleted_flavor): 200 GET http://10.180.1.21/compute/v2.1/servers/33114f06-2337-4e53-843f-e1dc307416dd 0.133s
2025-02-18 10:48:50.323 64355 INFO tempest.lib.common.rest_client [req-15fff568-f302-41db-b013-a9d7d18b74a9 req-15fff568-f302-41db-b013-a9d7d18b74a9 ] Request (ImagesOneServerNegativeTestJSON:_run_cleanups): 200 GET http://10.180.1.21/compute/v2.1/servers/78ce3f57-0518-4683-920f-109f5f6a3b6f 0.104s
2025-02-18 10:48:50.396 64376 INFO tempest.lib.common.rest_client [req-1255f004-bbb4-4953-bee5-cdb111ca49fa req-1255f004-bbb4-4953-bee5-cdb111ca49fa ] Request (ImagesOneServerTestJSON:tearDownClass): 200 GET http://10.180.1.21/compute/v2.1/servers/d022c3a5-f3e8-4797-b61c-1384ee0ddaf4 0.112s
2025-02-18 10:48:50.471 64384 INFO tempest.lib.common.rest_client [req-8c75a9ba-dad0-4f3d-87b2-b57807323250 req-8c75a9ba-dad0-4f3d-87b2-b57807323250 ] Request (ListServerFiltersTestJSON:tearDownClass): 200 GET http://10.180.1.21/compute/v2.1/servers/33233fb3-775a-4cac-8388-b152289ca665 0.129s
2025-02-18 10:48:50.478 64338 INFO tempest.lib.common.rest_client [req-bb497d6b-8040-49f8-b2c0-9d64c3179f0d req-bb497d6b-8040-49f8-b2c0-9d64c3179f0d ] Request (ServerDiskConfigTestJSON:test_resize_server_from_auto_to_manual): 200 GET http://10.180.1.21/compute/v2.1/servers/3657ee05-0bd1-4915-8feb-aa5abe51f44f 0.174s
2025-02-18 10:48:50.531 64346 INFO tempest.lib.common.rest_client [req-10458a7a-d5c3-4ec6-b5e4-a89c4423dad0 req-10458a7a-d5c3-4ec6-b5e4-a89c4423dad0 ] Request (FloatingIPsAssociationTestJSON:tearDownClass): 200 GET http://10.180.1.21/compute/v2.1/servers/e354b560-1fdf-4802-a696-987f7f1404ff 0.141s
2025-02-18 10:48:50.545 64336 INFO tempest.lib.common.rest_client [req-acfb59b1-38c5-4012-a43e-cec75337ce2a req-acfb59b1-38c5-4012-a43e-cec75337ce2a ] Request (AttachInterfacesUnderV243Test:_run_cleanups): 200 GET http://10.180.1.21/compute/v2.1/servers/8f26b522-e4ff-4840-be9b-18832bc61144 0.133s
2025-02-18 10:48:50.612 64344 INFO tempest.lib.common.rest_client [req-789539d8-b1e5-4e76-ae3f-fd974ced59e1 req-789539d8-b1e5-4e76-ae3f-fd974ced59e1 ] Request (ServersAdmin275Test:tearDownClass): 200 GET http://10.180.1.21/compute/v2.1/servers/64efc8c6-303f-4d28-9752-af6f8d0dc6b5 0.106s
2025-02-18 10:48:50.621 64350 INFO tempest.lib.common.rest_client [req-79ffca1c-b625-4b9a-b0b4-1687bc9f2183 req-79ffca1c-b625-4b9a-b0b4-1687bc9f2183 ] Request (VolumesAdminNegativeTest:test_update_attached_volume_with_nonexistent_volume_in_uri): 200 GET http://10.180.1.21/compute/v2.1/servers/e88680ba-a2a0-493d-b1ff-b1af37e6cd9e 0.061s
2025-02-18 10:48:50.637 64366 INFO tempest.lib.common.rest_client [req-2dd542b4-be4e-4276-9981-537bf73123f0 req-2dd542b4-be4e-4276-9981-537bf73123f0 ] Request (ServerActionsTestOtherB:test_create_backup): 200 GET http://10.180.1.21/image/v2/images/ebe48f18-cbaa-4780-a77a-83a0411f90e8 0.025s
2025-02-18 10:48:50.688 64382 INFO tempest.lib.common.rest_client [req-a471fe96-38eb-4d7d-bc4e-49c068026b0d req-a471fe96-38eb-4d7d-bc4e-49c068026b0d ] Request (ServerRescueTestJSON:test_rescue_unrescue_instance): 200 GET http://10.180.1.21/compute/v2.1/servers/98f115bd-c8e0-4c8e-b0e5-ff680b6de849 0.071s
2025-02-18 10:48:50.773 64362 INFO tempest.lib.common.rest_client [req-66ae4aa9-a9ad-467a-814b-34fda8f09fe4 req-66ae4aa9-a9ad-467a-814b-34fda8f09fe4 ] Request (ListImageFiltersTestJSON:tearDownClass): 200 GET http://10.180.1.21/compute/v2.1/servers/8b2d691b-9681-4f8a-94d3-3cd2a45b484f 0.070s
2025-02-18 10:48:50.910 64360 INFO tempest.lib.common.rest_client [req-caf3debe-b0f8-4933-b2fc-44316a441522 req-caf3debe-b0f8-4933-b2fc-44316a441522 ] Request (DeleteServersTestJSON:test_delete_server_while_in_attached_volume): 200 GET http://10.180.1.21/compute/v2.1/servers/c5f875c7-329e-461d-b401-96e45b264750 0.086s
2025-02-18 10:48:50.987 64378 INFO tempest.lib.common.rest_client [req-1d31028d-ae4c-4e0b-82b3-6410af468441 req-1d31028d-ae4c-4e0b-82b3-6410af468441 ] Request (ServersAdminTestJSON:test_inject_network_info): 200 GET http://10.180.1.21/compute/v2.1/servers/73654b18-0f60-4fb9-87d3-024e8cbab781 0.121s
2025-02-18 10:48:50.994 64378 INFO tempest.common.waiters [-] State transition "BUILD/None" ==> "BUILD/networking" after 37 second wait
2025-02-18 10:48:51.207 64372 INFO tempest.lib.common.rest_client [req-7c176162-17da-44d2-af46-de7c025ad79a req-7c176162-17da-44d2-af46-de7c025ad79a ] Request (ServerDiagnosticsNegativeTest:test_get_server_diagnostics_by_non_admin): 200 GET http://10.180.1.21/compute/v2.1/servers/e71d730c-3cdb-4a92-a5e3-24e54437d5ea 0.108s
2025-02-18 10:48:51.220 64342 INFO tempest.lib.common.rest_client [req-25ada56c-1cca-4b63-bc97-ec6ab8ef6184 req-25ada56c-1cca-4b63-bc97-ec6ab8ef6184 ] Request (ImagesTestJSON:test_create_image_from_suspended_server): 200 GET http://10.180.1.21/compute/v2.1/servers/adc28e8c-f6ea-48a1-9eaf-ddddfca48a78 0.097s
2025-02-18 10:48:51.257 64380 INFO tempest.lib.common.rest_client [req-36edebae-375c-4fd5-bd11-217ade55da2b req-36edebae-375c-4fd5-bd11-217ade55da2b ] Request (ServerMetadataTestJSON:tearDownClass): 200 GET http://10.180.1.21/compute/v2.1/servers/8032024d-21c7-4deb-8490-93327f50a7bb 0.101s
2025-02-18 10:48:51.267 64356 INFO tempest.lib.common.rest_client [req-57f1a821-ff27-41d7-99c0-262b6380557c req-57f1a821-ff27-41d7-99c0-262b6380557c ] Request (SecurityGroupsTestJSON:test_server_security_groups): 200 GET http://10.180.1.21/compute/v2.1/servers/1f13595f-1c0f-4523-88a5-6872db59385d 0.064s
2025-02-18 10:48:51.339 64368 INFO tempest.lib.common.rest_client [req-86466adb-aabc-4dd3-8fe3-396b1299cd7c req-86466adb-aabc-4dd3-8fe3-396b1299cd7c ] Request (ServersTestFqdnHostnames:tearDownClass): 200 GET http://10.180.1.21/compute/v2.1/servers/c76dd1bc-051b-4d72-9e6b-00a0dec71abc 0.056s
2025-02-18 10:48:51.386 64355 INFO tempest.lib.common.rest_client [req-daa70cfe-efd9-48c8-992a-670d748dff86 req-daa70cfe-efd9-48c8-992a-670d748dff86 ] Request (ImagesOneServerNegativeTestJSON:_run_cleanups): 200 GET http://10.180.1.21/compute/v2.1/servers/78ce3f57-0518-4683-920f-109f5f6a3b6f 0.056s
2025-02-18 10:48:51.410 64358 INFO tempest.lib.common.rest_client [req-90629a55-5792-48ef-8551-112f7481ac55 req-90629a55-5792-48ef-8551-112f7481ac55 ] Request (MigrationsAdminTest:test_resize_server_revert_deleted_flavor): 200 GET http://10.180.1.21/compute/v2.1/servers/33114f06-2337-4e53-843f-e1dc307416dd 0.094s
2025-02-18 10:48:51.454 64376 INFO tempest.lib.common.rest_client [req-e29f1b8a-4b9b-4773-8866-3596074e941d req-e29f1b8a-4b9b-4773-8866-3596074e941d ] Request (ImagesOneServerTestJSON:tearDownClass): 200 GET http://10.180.1.21/compute/v2.1/servers/d022c3a5-f3e8-4797-b61c-1384ee0ddaf4 0.048s
2025-02-18 10:48:51.548 64384 INFO tempest.lib.common.rest_client [req-8366811b-621f-4833-a5c5-dd27fe1c0b83 req-8366811b-621f-4833-a5c5-dd27fe1c0b83 ] Request (ListServerFiltersTestJSON:tearDownClass): 200 GET http://10.180.1.21/compute/v2.1/servers/33233fb3-775a-4cac-8388-b152289ca665 0.067s
2025-02-18 10:48:51.613 64346 INFO tempest.lib.common.rest_client [req-3231f5bf-1a9e-4ddb-9e70-b5e5e0f4112d req-3231f5bf-1a9e-4ddb-9e70-b5e5e0f4112d ] Request (FloatingIPsAssociationTestJSON:tearDownClass): 200 GET http://10.180.1.21/compute/v2.1/servers/e354b560-1fdf-4802-a696-987f7f1404ff 0.072s
