2025-02-18 10:48:15.107 64338 INFO tempest.lib.common.rest_client [req-d7ad2c2c-cd9a-42bb-89b9-f6bf1a098e8a req-d7ad2c2c-cd9a-42bb-89b9-f6bf1a098e8a ] Request (ServerDiskConfigTestJSON:test_resize_server_from_auto_to_manual): 200 GET http://10.180.1.21/compute/v2.1/servers/3657ee05-0bd1-4915-8feb-aa5abe51f44f 0.321s
2025-02-18 10:48:15.143 64328 INFO tempest.lib.common.rest_client [req-e5a01a5b-2bb5-4594-9aad-dbf999e7e21b req-e5a01a5b-2bb5-4594-9aad-dbf999e7e21b ] Request (ServerActionsV293TestJSON:setUpClass): 200 GET http://10.180.1.21/compute/v2.1/servers/15b75697-a88d-44e2-abb1-070de248da89 0.296s
2025-02-18 10:48:15.147 64376 INFO tempest.lib.common.rest_client [req-67640bde-c628-4da4-80fc-29ab88717b25 req-67640bde-c628-4da4-80fc-29ab88717b25 ] Request (ImagesOneServerTestJSON:test_create_image_specify_multibyte_character_image_name): 200 GET http://10.180.1.21/compute/v2.1/images/ded8081f-4613-4bfd-ba11-c5932e3518c8 0.273s
2025-02-18 10:48:15.189 64366 WARNING tempest.lib.common.ssh [-] Failed to establish authenticated ssh connection to cirros@10.180.180.156 ([Errno None] Unable to connect to port 22 on 10.180.180.156). Number attempts: 8. Retry after 9 seconds.: paramiko.ssh_exception.NoValidConnectionsError: [Errno None] Unable to connect to port 22 on 10.180.180.156
2025-02-18 10:48:15.210 64355 INFO tempest.lib.common.rest_client [req-9de312ae-c900-4ca5-9dce-9b24d31aba3b req-9de312ae-c900-4ca5-9dce-9b24d31aba3b ] Request (ImagesOneServerNegativeTestJSON:_run_cleanups): 200 GET http://10.180.1.21/compute/v2.1/servers/de8399bd-1f85-4234-a560-6f874b1bc440 0.330s
2025-02-18 10:48:15.270 64356 INFO tempest.lib.common.rest_client [req-1fe1d968-98ac-4377-9014-5207142f360c req-1fe1d968-98ac-4377-9014-5207142f360c ] Request (SecurityGroupsTestJSON:test_security_groups_create_list_delete): 202 DELETE http://10.180.1.21/compute/v2.1/os-security-groups/270d0591-c2f7-4c93-9b2b-8161fc08f63e 0.340s
2025-02-18 10:48:15.278 64374 INFO tempest.lib.common.rest_client [req-3c9c69de-5c57-4dff-8700-5e4f5a1fced8 req-3c9c69de-5c57-4dff-8700-5e4f5a1fced8 ] Request (ServerTagsTestJSON:tearDownClass): 200 GET http://10.180.1.21/compute/v2.1/servers/0da39f04-55ab-4ca4-872f-ca97fec41d90 0.330s
2025-02-18 10:48:15.331 64378 INFO tempest.lib.common.rest_client [req-de0fa71a-ffa6-4c08-a629-9e8b735a7270 req-de0fa71a-ffa6-4c08-a629-9e8b735a7270 ] Request (ServersAdminTestJSON:test_inject_network_info): 200 GET http://10.180.1.21/compute/v2.1/servers/73654b18-0f60-4fb9-87d3-024e8cbab781 0.340s
2025-02-18 10:48:15.338 64334 INFO tempest.lib.common.rest_client [req-aec92a34-9365-477f-9210-ea21ec26e6e3 req-aec92a34-9365-477f-9210-ea21ec26e6e3 ] Request (ServerRescueNegativeTestJSON:test_rescued_vm_detach_volume): 200 GET http://10.180.1.21/compute/v2.1/servers/ced51168-981c-46e8-9f03-550beb7f05df 0.299s
2025-02-18 10:48:15.370 64376 INFO tempest.lib.common.rest_client [req-e019f11e-0829-46cc-b178-d4476a6f5e13 req-e019f11e-0829-46cc-b178-d4476a6f5e13 ] Request (ImagesOneServerTestJSON:test_create_image_specify_multibyte_character_image_name): 200 GET http://10.180.1.21/compute/v2.1/images/ded8081f-4613-4bfd-ba11-c5932e3518c8 0.219s
2025-02-18 10:48:15.396 64362 INFO tempest.lib.common.rest_client [req-a20e93dd-3952-46f1-9dfa-0506e91aa2e1 req-a20e93dd-3952-46f1-9dfa-0506e91aa2e1 ] Request (ListImageFiltersTestJSON:tearDownClass): 200 GET http://10.180.1.21/compute/v2.1/servers/ed2a040d-9bc0-42d7-9d86-1068ea1cbfdf 0.294s
2025-02-18 10:48:15.432 64342 INFO tempest.lib.common.rest_client [req-ff4de079-81b9-482c-9d0b-3668513e38b0 req-ff4de079-81b9-482c-9d0b-3668513e38b0 ] Request (ImagesTestJSON:test_create_image_from_suspended_server): 200 GET http://10.180.1.21/compute/v2.1/servers/adc28e8c-f6ea-48a1-9eaf-ddddfca48a78 0.201s
2025-02-18 10:48:15.463 64356 INFO tempest.lib.common.rest_client [req-4dcaf3ae-2be8-463a-a474-1db875ec0663 req-4dcaf3ae-2be8-463a-a474-1db875ec0663 ] Request (SecurityGroupsTestJSON:test_security_groups_create_list_delete): 404 GET http://10.180.1.21/compute/v2.1/os-security-groups/270d0591-c2f7-4c93-9b2b-8161fc08f63e 0.193s
2025-02-18 10:48:15.465 64344 INFO tempest.lib.common.rest_client [req-97f1cfd0-4703-4fc2-a914-bdc00bf0482d req-97f1cfd0-4703-4fc2-a914-bdc00bf0482d ] Request (ServersAdmin275Test:tearDownClass): 200 GET http://10.180.1.21/compute/v2.1/servers/64efc8c6-303f-4d28-9752-af6f8d0dc6b5 0.214s
2025-02-18 10:48:15.556 64346 INFO tempest.lib.common.rest_client [req-f78fb7cf-c636-43d6-9115-f6674548e291 req-f78fb7cf-c636-43d6-9115-f6674548e291 ] Request (FloatingIPsAssociationTestJSON:tearDownClass): 200 GET http://10.180.1.21/compute/v2.1/servers/dc4f082b-3bf2-47dd-b559-91b05119413a 0.198s
2025-02-18 10:48:15.711 64376 INFO tempest.lib.common.rest_client [req-aee86eb8-348d-4404-b3dc-446352d93df9 req-aee86eb8-348d-4404-b3dc-446352d93df9 ] Request (ImagesOneServerTestJSON:test_create_image_specify_multibyte_character_image_name): 200 GET http://10.180.1.21/compute/v2.1/servers/d022c3a5-f3e8-4797-b61c-1384ee0ddaf4 0.338s
2025-02-18 10:48:15.719 64332 INFO tempest.lib.common.rest_client [req-c8f5b7ae-feb7-4fe8-b49c-56933b055c21 req-c8f5b7ae-feb7-4fe8-b49c-56933b055c21 ] Request (ServersV294TestFqdnHostnames:setUpClass): 200 GET http://10.180.1.21/compute/v2.1/servers/9202da96-248d-4216-8414-77dfb425c5fd 0.282s
2025-02-18 10:48:15.730 64332 INFO tempest.common.waiters [-] State transition "BUILD/spawning" ==> "ACTIVE/None" after 85 second wait
2025-02-18 10:48:15.810 64364 INFO tempest.lib.common.rest_client [req-08b258ef-f496-4f36-a63e-c48e9490b0df req-08b258ef-f496-4f36-a63e-c48e9490b0df ] Request (VolumesTestJSON:tearDownClass): 404 GET http://10.180.1.21/volume/v3/volumes/432f01f9-5fda-4f33-bcc9-fb64083cd149 0.015s
2025-02-18 10:48:15.844 64356 INFO tempest.lib.common.rest_client [req-b29890b2-231e-4307-839f-739b5b1c778c req-b29890b2-231e-4307-839f-739b5b1c778c ] Request (SecurityGroupsTestJSON:test_security_groups_create_list_delete): 200 GET http://10.180.1.21/compute/v2.1/os-security-groups 0.380s
2025-02-18 10:48:15.849 64364 INFO tempest.lib.common.rest_client [req-aaaf1ee0-d5f4-4084-9edf-edfa28903093 req-aaaf1ee0-d5f4-4084-9edf-edfa28903093 ] Request (VolumesTestJSON:tearDownClass): 202 DELETE http://10.180.1.21/volume/v3/volumes/4117e6a6-1f46-4fc4-8b81-2b693fc09bdf 0.039s
2025-02-18 10:48:15.856 64380 INFO tempest.lib.common.rest_client [req-fd08d12c-58a8-4c7b-a18c-4d9ac9d05668 req-fd08d12c-58a8-4c7b-a18c-4d9ac9d05668 ] Request (ServerMetadataTestJSON:setUpClass): 200 GET http://10.180.1.21/compute/v2.1/servers/8032024d-21c7-4deb-8490-93327f50a7bb 0.208s
2025-02-18 10:48:15.873 64364 INFO tempest.lib.common.rest_client [req-ad2c547a-b530-498d-8b10-fe8d2a44e0de req-ad2c547a-b530-498d-8b10-fe8d2a44e0de ] Request (VolumesTestJSON:tearDownClass): 200 GET http://10.180.1.21/volume/v3/volumes/4117e6a6-1f46-4fc4-8b81-2b693fc09bdf 0.023s
2025-02-18 10:48:15.900 64358 INFO tempest.lib.common.rest_client [req-65e5d975-f7a2-4e42-9d40-4efe76c9a9a0 req-65e5d975-f7a2-4e42-9d40-4efe76c9a9a0 ] Request (MigrationsAdminTest:test_resize_server_revert_deleted_flavor): 200 GET http://10.180.1.21/compute/v2.1/servers/33114f06-2337-4e53-843f-e1dc307416dd 0.207s
2025-02-18 10:48:15.923 64332 INFO tempest.lib.common.rest_client [req-e088ddbc-6bc7-4078-8c6d-c4accb795c02 req-e088ddbc-6bc7-4078-8c6d-c4accb795c02 ] Request (ServersV294TestFqdnHostnames:setUpClass): 200 GET http://10.180.1.21/compute/v2.1/servers/9202da96-248d-4216-8414-77dfb425c5fd/os-interface 0.193s
2025-02-18 10:48:15.965 64326 INFO tempest.lib.common.rest_client [req-72a39cdb-c55b-4922-96cb-1e259c2749f9 req-72a39cdb-c55b-4922-96cb-1e259c2749f9 ] Request (ServersTestJSON:setUpClass): 200 GET http://10.180.1.21/compute/v2.1/servers/02c4677b-6108-4c59-9ed6-64bcb9500580 0.198s
2025-02-18 10:48:16.033 64360 INFO tempest.lib.common.rest_client [req-57135666-99d2-4feb-b176-8c4a02649397 req-57135666-99d2-4feb-b176-8c4a02649397 ] Request (DeleteServersTestJSON:test_delete_server_while_in_attached_volume): 200 GET http://10.180.1.21/volume/v3/volumes/cc809cbb-a378-4083-a53e-73feaf03cd24 0.033s
2025-02-18 10:48:16.086 64382 INFO tempest.lib.common.rest_client [req-773edbd0-c77c-4d48-b702-61d20bc30883 req-773edbd0-c77c-4d48-b702-61d20bc30883 ] Request (ServerRescueTestJSON:setUpClass): 200 GET http://10.180.1.21/compute/v2.1/servers/b9c7f2d8-361e-4429-8f52-2dbb0a983c66 0.176s
2025-02-18 10:48:16.099 64356 INFO tempest.lib.common.rest_client [req-855b9085-d0d8-4bc1-9dbc-e5222c629b36 req-855b9085-d0d8-4bc1-9dbc-e5222c629b36 ] Request (SecurityGroupsTestJSON:test_server_security_groups): 200 POST http://10.180.1.21/compute/v2.1/os-security-groups 0.249s
2025-02-18 10:48:16.193 64370 INFO tempest.lib.common.rest_client [req-883873e5-bd3d-4a04-839b-591786e23f50 req-883873e5-bd3d-4a04-839b-591786e23f50 ] Request (ServersAdminNegativeTestJSON:tearDownClass): 200 GET http://10.180.1.21/compute/v2.1/servers/336b1ee0-367c-4e85-89f3-ed825eb0d090 0.162s
2025-02-18 10:48:16.242 64384 INFO tempest.lib.common.rest_client [req-2af18df2-8485-422e-91b4-e365c6ebd7a2 req-2af18df2-8485-422e-91b4-e365c6ebd7a2 ] Request (ListServerFiltersTestJSON:tearDownClass): 200 GET http://10.180.1.21/compute/v2.1/servers/33233fb3-775a-4cac-8388-b152289ca665 0.321s
2025-02-18 10:48:16.323 64372 INFO tempest.lib.common.rest_client [req-6068d043-bafa-4610-b38d-ace28df80bbb req-6068d043-bafa-4610-b38d-ace28df80bbb ] Request (ServerDiagnosticsNegativeTest:test_get_server_diagnostics_by_non_admin): 200 GET http://10.180.1.21/compute/v2.1/servers/e71d730c-3cdb-4a92-a5e3-24e54437d5ea 0.236s
2025-02-18 10:48:16.354 64348 INFO tempest.lib.common.rest_client [req-1017122d-dfae-4a30-a7ae-8f9d08e7e1db req-1017122d-dfae-4a30-a7ae-8f9d08e7e1db ] Request (AttachInterfacesTestJSON:test_create_list_show_delete_interfaces_by_fixed_ip): 200 GET http://10.180.1.21/compute/v2.1/servers/f864e01d-d266-484a-8f35-8bb6e1443045 0.299s
2025-02-18 10:48:16.418 64332 INFO tempest.lib.common.rest_client [req-33e28413-9804-4545-ba90-6581f2e88fd1 req-33e28413-9804-4545-ba90-6581f2e88fd1 ] Request (ServersV294TestFqdnHostnames:setUpClass): 200 PUT http://10.180.1.21:9696/networking/v2.0/floatingips/6ebcc625-e4ed-422f-9240-a1231573dff8 0.491s
2025-02-18 10:48:16.420 64338 INFO tempest.lib.common.rest_client [req-c6ce5463-d354-48fd-9d4f-f557284bd9f8 req-c6ce5463-d354-48fd-9d4f-f557284bd9f8 ] Request (ServerDiskConfigTestJSON:test_resize_server_from_auto_to_manual): 200 GET http://10.180.1.21/compute/v2.1/servers/3657ee05-0bd1-4915-8feb-aa5abe51f44f 0.304s
2025-02-18 10:48:16.482 64328 INFO tempest.lib.common.rest_client [req-b46ae264-a198-4a07-b5fb-f5c3c0ebc296 req-b46ae264-a198-4a07-b5fb-f5c3c0ebc296 ] Request (ServerActionsV293TestJSON:setUpClass): 200 GET http://10.180.1.21/compute/v2.1/servers/15b75697-a88d-44e2-abb1-070de248da89 0.323s
2025-02-18 10:48:16.490 64356 INFO tempest.lib.common.rest_client [req-89bcd04f-edd7-4100-850e-d4333ed20a83 req-89bcd04f-edd7-4100-850e-d4333ed20a83 ] Request (SecurityGroupsTestJSON:test_server_security_groups): 200 POST http://10.180.1.21/compute/v2.1/os-security-groups 0.388s
2025-02-18 10:48:16.535 64355 INFO tempest.lib.common.rest_client [req-befd36af-e92d-4e61-9e1b-d31e839fae05 req-befd36af-e92d-4e61-9e1b-d31e839fae05 ] Request (ImagesOneServerNegativeTestJSON:_run_cleanups): 200 GET http://10.180.1.21/compute/v2.1/servers/de8399bd-1f85-4234-a560-6f874b1bc440 0.314s
2025-02-18 10:48:16.571 64374 INFO tempest.lib.common.rest_client [req-e4bab204-caf0-4f5e-802e-1282b0fddbc4 req-e4bab204-caf0-4f5e-802e-1282b0fddbc4 ] Request (ServerTagsTestJSON:tearDownClass): 200 GET http://10.180.1.21/compute/v2.1/servers/0da39f04-55ab-4ca4-872f-ca97fec41d90 0.285s
2025-02-18 10:48:16.578 64356 INFO tempest.lib.common.rest_client [req-05d2b642-f8ac-47ec-86ad-f0909a4ae1d1 req-05d2b642-f8ac-47ec-86ad-f0909a4ae1d1 ] Request (SecurityGroupsTestJSON:test_server_security_groups): 201 POST http://10.180.1.21/identity/v3/auth/tokens 0.080s
2025-02-18 10:48:16.579 64356 INFO tempest.lib.common.fixed_network [-] (SecurityGroupsTestJSON:test_server_security_groups) Found network {'id': 'e55de176-cf55-48f9-a73a-d769527432c4', 'name': 'tempest-SecurityGroupsTestJSON-1038705360-network', 'tenant_id': '95c1c2d05b2640ceab6eff2a019d3624', 'admin_state_up': True, 'mtu': 8950, 'status': 'ACTIVE', 'subnets': [], 'shared': False, 'project_id': '95c1c2d05b2640ceab6eff2a019d3624', 'port_security_enabled': True, 'router:external': False, 'provider:network_type': 'vlan', 'provider:physical_network': 'default', 'provider:segmentation_id': 933, 'availability_zone_hints': [], 'availability_zones': [], 'ipv4_address_scope': None, 'ipv6_address_scope': None, 'description': '', 'tags': [], 'created_at': '2025-02-18T10:46:33Z', 'updated_at': '2025-02-18T10:46:34Z', 'revision_number': 1} available for tenant
2025-02-18 10:48:16.584 64378 INFO tempest.lib.common.rest_client [req-3a4eb74b-366d-466b-85c7-52161b550559 req-3a4eb74b-366d-466b-85c7-52161b550559 ] Request (ServersAdminTestJSON:test_inject_network_info): 200 GET http://10.180.1.21/compute/v2.1/servers/73654b18-0f60-4fb9-87d3-024e8cbab781 0.245s
2025-02-18 10:48:16.636 64334 INFO tempest.lib.common.rest_client [req-137ad0c1-04ad-4b0a-8036-2c2a2ba7da94 req-137ad0c1-04ad-4b0a-8036-2c2a2ba7da94 ] Request (ServerRescueNegativeTestJSON:test_rescued_vm_detach_volume): 200 GET http://10.180.1.21/compute/v2.1/servers/ced51168-981c-46e8-9f03-550beb7f05df 0.291s
2025-02-18 10:48:16.654 64362 INFO tempest.lib.common.rest_client [req-fab91131-d5f3-413b-a5d7-2f1cfc119b1c req-fab91131-d5f3-413b-a5d7-2f1cfc119b1c ] Request (ListImageFiltersTestJSON:tearDownClass): 200 GET http://10.180.1.21/compute/v2.1/servers/ed2a040d-9bc0-42d7-9d86-1068ea1cbfdf 0.250s
2025-02-18 10:48:16.732 64342 INFO tempest.lib.common.rest_client [req-dedfeea7-8ddd-4088-98aa-df32e5226a08 req-dedfeea7-8ddd-4088-98aa-df32e5226a08 ] Request (ImagesTestJSON:test_create_image_from_suspended_server): 200 GET http://10.180.1.21/compute/v2.1/servers/adc28e8c-f6ea-48a1-9eaf-ddddfca48a78 0.289s
2025-02-18 10:48:16.739 64342 INFO tempest.common.waiters [-] State transition "BUILD/scheduling" ==> "BUILD/None" after 7 second wait
2025-02-18 10:48:16.815 64344 INFO tempest.lib.common.rest_client [req-ae47adea-b4e1-49fa-90fd-94f89054c904 req-ae47adea-b4e1-49fa-90fd-94f89054c904 ] Request (ServersAdmin275Test:tearDownClass): 200 GET http://10.180.1.21/compute/v2.1/servers/64efc8c6-303f-4d28-9752-af6f8d0dc6b5 0.333s
2025-02-18 10:48:16.834 64332 INFO tempest.lib.common.rest_client [req-94b0bd97-270c-4197-9ad9-1d3d11bf1e15 req-94b0bd97-270c-4197-9ad9-1d3d11bf1e15 ] Request (ServersV294TestFqdnHostnames:setUpClass): 200 GET http://10.180.1.21/compute/v2.1/servers/9202da96-248d-4216-8414-77dfb425c5fd 0.415s
2025-02-18 10:48:16.854 64332 INFO tempest.api.compute.base [-] Attempting to verify tagged devices in server 9202da96-248d-4216-8414-77dfb425c5fd via the metadata service: http://169.254.169.254/openstack/latest/meta_data.json
2025-02-18 10:48:16.855 64332 INFO tempest.lib.common.ssh [-] Creating ssh connection to '10.180.180.188:22' as 'cirros' with public key authentication
2025-02-18 10:48:16.890 64346 INFO tempest.lib.common.rest_client [req-0c768b69-0c01-40fe-b306-bcef332409eb req-0c768b69-0c01-40fe-b306-bcef332409eb ] Request (FloatingIPsAssociationTestJSON:tearDownClass): 200 GET http://10.180.1.21/compute/v2.1/servers/dc4f082b-3bf2-47dd-b559-91b05119413a 0.326s
2025-02-18 10:48:16.898 64364 INFO tempest.lib.common.rest_client [req-2a21fc6c-1f0d-4432-8993-4e5564b2365d req-2a21fc6c-1f0d-4432-8993-4e5564b2365d ] Request (VolumesTestJSON:tearDownClass): 404 GET http://10.180.1.21/volume/v3/volumes/4117e6a6-1f46-4fc4-8b81-2b693fc09bdf 0.017s
2025-02-18 10:48:16.940 64364 INFO tempest.lib.common.rest_client [req-55ac0830-1b8e-4784-96d2-e280349926c7 req-55ac0830-1b8e-4784-96d2-e280349926c7 ] Request (VolumesTestJSON:tearDownClass): 202 DELETE http://10.180.1.21/volume/v3/volumes/7c12e4d5-c004-49dc-97e2-332f6045df5b 0.041s
2025-02-18 10:48:16.967 64364 INFO tempest.lib.common.rest_client [req-75023b98-d1c6-4e97-9799-249dd3ba1585 req-75023b98-d1c6-4e97-9799-249dd3ba1585 ] Request (VolumesTestJSON:tearDownClass): 200 GET http://10.180.1.21/volume/v3/volumes/7c12e4d5-c004-49dc-97e2-332f6045df5b 0.027s
2025-02-18 10:48:17.071 64360 INFO tempest.lib.common.rest_client [req-217df0ea-44fd-4eb7-b445-c20d849fee79 req-217df0ea-44fd-4eb7-b445-c20d849fee79 ] Request (DeleteServersTestJSON:test_delete_server_while_in_attached_volume): 200 GET http://10.180.1.21/volume/v3/volumes/cc809cbb-a378-4083-a53e-73feaf03cd24 0.030s
2025-02-18 10:48:17.104 64376 INFO tempest.lib.common.rest_client [req-02176301-5f21-43b6-91f1-fd5430cb6bdc req-02176301-5f21-43b6-91f1-fd5430cb6bdc ] Request (ImagesOneServerTestJSON:test_create_image_specify_multibyte_character_image_name): 200 GET http://10.180.1.21/compute/v2.1/servers/d022c3a5-f3e8-4797-b61c-1384ee0ddaf4 0.384s
2025-02-18 10:48:17.119 64376 INFO tempest.common.waiters [-] State transition "ACTIVE/image_uploading" ==> "ACTIVE/None" after 2 second wait
2025-02-18 10:48:17.402 64380 INFO tempest.lib.common.rest_client [req-bf48e012-c0b8-4777-bfbe-61e5e80dfbef req-bf48e012-c0b8-4777-bfbe-61e5e80dfbef ] Request (ServerMetadataTestJSON:setUpClass): 200 GET http://10.180.1.21/compute/v2.1/servers/8032024d-21c7-4deb-8490-93327f50a7bb 0.537s
2025-02-18 10:48:17.517 64358 INFO tempest.lib.common.rest_client [req-f61a7480-90ce-487d-9935-6c74aaa6c588 req-f61a7480-90ce-487d-9935-6c74aaa6c588 ] Request (MigrationsAdminTest:test_resize_server_revert_deleted_flavor): 200 GET http://10.180.1.21/compute/v2.1/servers/33114f06-2337-4e53-843f-e1dc307416dd 0.607s
2025-02-18 10:48:17.602 64326 INFO tempest.lib.common.rest_client [req-30010cef-2a90-459c-bd40-b843d70d1ab5 req-30010cef-2a90-459c-bd40-b843d70d1ab5 ] Request (ServersTestJSON:setUpClass): 200 GET http://10.180.1.21/compute/v2.1/servers/02c4677b-6108-4c59-9ed6-64bcb9500580 0.629s
2025-02-18 10:48:17.609 64326 INFO tempest.common.waiters [-] State transition "BUILD/None" ==> "BUILD/block_device_mapping" after 62 second wait
2025-02-18 10:48:17.708 64356 INFO tempest.lib.common.rest_client [req-789bdfe7-bb4f-4fce-bc0e-dcaa77409601 req-789bdfe7-bb4f-4fce-bc0e-dcaa77409601 ] Request (SecurityGroupsTestJSON:test_server_security_groups): 202 POST http://10.180.1.21/compute/v2.1/servers 1.128s
2025-02-18 10:48:17.713 64368 INFO paramiko.transport [-] Connected (version 2.0, client dropbear_2020.81)
2025-02-18 10:48:17.753 64336 WARNING tempest.lib.common.ssh [-] Failed to establish authenticated ssh connection to cirros@10.180.180.243 ([Errno None] Unable to connect to port 22 on 10.180.180.243). Number attempts: 8. Retry after 9 seconds.: paramiko.ssh_exception.NoValidConnectionsError: [Errno None] Unable to connect to port 22 on 10.180.180.243
2025-02-18 10:48:17.820 64368 INFO paramiko.transport [-] Authentication (publickey) successful!
2025-02-18 10:48:17.821 64368 INFO tempest.lib.common.ssh [-] ssh connection to cirros@10.180.180.153 successfully created
2025-02-18 10:48:17.854 64376 INFO tempest.lib.common.rest_client [req-780bfdbe-1d42-496d-964a-c7a429c5ac1c req-780bfdbe-1d42-496d-964a-c7a429c5ac1c ] Request (ImagesOneServerTestJSON:tearDownClass): 204 DELETE http://10.180.1.21/compute/v2.1/images/ded8081f-4613-4bfd-ba11-c5932e3518c8 0.732s
2025-02-18 10:48:17.983 64370 INFO tempest.lib.common.rest_client [req-753d4331-6ed5-4b3f-a297-456a930a4657 req-753d4331-6ed5-4b3f-a297-456a930a4657 ] Request (ServersAdminNegativeTestJSON:tearDownClass): 200 GET http://10.180.1.21/compute/v2.1/servers/336b1ee0-367c-4e85-89f3-ed825eb0d090 0.782s
2025-02-18 10:48:17.991 64364 INFO tempest.lib.common.rest_client [req-d019ff37-f73e-4f3b-83ef-e94c8648ef5d req-d019ff37-f73e-4f3b-83ef-e94c8648ef5d ] Request (VolumesTestJSON:tearDownClass): 404 GET http://10.180.1.21/volume/v3/volumes/7c12e4d5-c004-49dc-97e2-332f6045df5b 0.015s
2025-02-18 10:48:18.085 64384 INFO tempest.lib.common.rest_client [req-58009779-0905-4fac-a17d-4bfd1a4e7cd7 req-58009779-0905-4fac-a17d-4bfd1a4e7cd7 ] Request (ListServerFiltersTestJSON:tearDownClass): 200 GET http://10.180.1.21/compute/v2.1/servers/33233fb3-775a-4cac-8388-b152289ca665 0.827s
2025-02-18 10:48:18.095 64382 INFO tempest.lib.common.rest_client [req-0fe60153-e698-46d8-8fd9-7e75c1e898cd req-0fe60153-e698-46d8-8fd9-7e75c1e898cd ] Request (ServerRescueTestJSON:setUpClass): 200 GET http://10.180.1.21/compute/v2.1/servers/b9c7f2d8-361e-4429-8f52-2dbb0a983c66 0.998s
2025-02-18 10:48:18.095 64364 INFO tempest.lib.common.rest_client [req-fb190b74-4d04-455e-ae78-8ffe3cbe87cd req-fb190b74-4d04-455e-ae78-8ffe3cbe87cd ] Request (VolumesTestJSON:tearDownClass): 204 DELETE http://10.180.1.21/identity/v3/users/d51ef46406904b45a12a1a3e2f76bf98 0.104s
2025-02-18 10:48:18.095 64364 INFO tempest.lib.common.dynamic_creds [-] Deleting project and security group for project: 244e2993f54e49a5870ba1e965419432
2025-02-18 10:48:18.125 64360 INFO tempest.lib.common.rest_client [req-0a2f3557-54d8-4462-b6fe-a73ae4d6f5ae req-0a2f3557-54d8-4462-b6fe-a73ae4d6f5ae ] Request (DeleteServersTestJSON:test_delete_server_while_in_attached_volume): 200 GET http://10.180.1.21/volume/v3/volumes/cc809cbb-a378-4083-a53e-73feaf03cd24 0.044s
2025-02-18 10:48:18.162 64364 INFO tempest.lib.common.rest_client [req-0cdc5cca-4286-4e01-a0c8-f22dc87f14bf req-0cdc5cca-4286-4e01-a0c8-f22dc87f14bf ] Request (VolumesTestJSON:tearDownClass): 201 POST http://10.180.1.21/identity/v3/auth/tokens 0.066s
2025-02-18 10:48:18.162 64372 INFO tempest.lib.common.rest_client [req-c5011017-d414-4ed5-8c89-4e7f044f3661 req-c5011017-d414-4ed5-8c89-4e7f044f3661 ] Request (ServerDiagnosticsNegativeTest:test_get_server_diagnostics_by_non_admin): 200 GET http://10.180.1.21/compute/v2.1/servers/e71d730c-3cdb-4a92-a5e3-24e54437d5ea 0.831s
2025-02-18 10:48:18.239 64338 INFO tempest.lib.common.rest_client [req-766d6d5d-c47d-4838-acea-b845095afae0 req-766d6d5d-c47d-4838-acea-b845095afae0 ] Request (ServerDiskConfigTestJSON:test_resize_server_from_auto_to_manual): 200 GET http://10.180.1.21/compute/v2.1/servers/3657ee05-0bd1-4915-8feb-aa5abe51f44f 0.810s
2025-02-18 10:48:18.298 64348 INFO tempest.lib.common.rest_client [req-1eb3a07f-adb9-4df8-b57a-f3c25a7c0c80 req-1eb3a07f-adb9-4df8-b57a-f3c25a7c0c80 ] Request (AttachInterfacesTestJSON:test_create_list_show_delete_interfaces_by_fixed_ip): 200 GET http://10.180.1.21/compute/v2.1/servers/f864e01d-d266-484a-8f35-8bb6e1443045 0.935s
2025-02-18 10:48:18.307 64348 INFO tempest.common.waiters [-] State transition "BUILD/spawning" ==> "ACTIVE/None" after 84 second wait
2025-02-18 10:48:18.317 64328 INFO tempest.lib.common.rest_client [req-4d90907c-80ea-40c2-87d1-aed1f4a6032c req-4d90907c-80ea-40c2-87d1-aed1f4a6032c ] Request (ServerActionsV293TestJSON:setUpClass): 200 GET http://10.180.1.21/compute/v2.1/servers/15b75697-a88d-44e2-abb1-070de248da89 0.824s
2025-02-18 10:48:18.351 64364 INFO tempest.lib.common.rest_client [req-264acb56-14f3-4f5e-b025-2ede11afc364 req-264acb56-14f3-4f5e-b025-2ede11afc364 ] Request (VolumesTestJSON:tearDownClass): 200 GET http://10.180.1.21:9696/networking/v2.0/security-groups?tenant_id=244e2993f54e49a5870ba1e965419432&name=default 0.189s
2025-02-18 10:48:18.372 64355 INFO tempest.lib.common.rest_client [req-8959315c-bb08-42de-9541-72ad8fa81c7c req-8959315c-bb08-42de-9541-72ad8fa81c7c ] Request (ImagesOneServerNegativeTestJSON:_run_cleanups): 200 GET http://10.180.1.21/compute/v2.1/servers/de8399bd-1f85-4234-a560-6f874b1bc440 0.830s
2025-02-18 10:48:18.390 64374 INFO tempest.lib.common.rest_client [req-e755ecac-f648-457b-b930-f7adf5cdde83 req-e755ecac-f648-457b-b930-f7adf5cdde83 ] Request (ServerTagsTestJSON:tearDownClass): 200 GET http://10.180.1.21/compute/v2.1/servers/0da39f04-55ab-4ca4-872f-ca97fec41d90 0.805s
2025-02-18 10:48:18.433 64378 INFO tempest.lib.common.rest_client [req-c9791c53-0803-403b-83b7-e3553795b0c8 req-c9791c53-0803-403b-83b7-e3553795b0c8 ] Request (ServersAdminTestJSON:test_inject_network_info): 200 GET http://10.180.1.21/compute/v2.1/servers/73654b18-0f60-4fb9-87d3-024e8cbab781 0.839s
2025-02-18 10:48:18.437 64364 INFO tempest.lib.common.rest_client [req-b520c3fa-ef37-485a-8470-abbfba00b0ea req-b520c3fa-ef37-485a-8470-abbfba00b0ea ] Request (VolumesTestJSON:tearDownClass): 204 DELETE http://10.180.1.21:9696/networking/v2.0/security-groups/ee6b4aa2-c335-4ea2-a58d-1c0bad01ab32 0.085s
2025-02-18 10:48:18.447 64378 INFO tempest.common.waiters [-] State transition "BUILD/scheduling" ==> "BUILD/None" after 5 second wait
2025-02-18 10:48:18.458 64334 INFO tempest.lib.common.rest_client [req-0ddca3ce-025c-411e-b672-d92c465730f7 req-0ddca3ce-025c-411e-b672-d92c465730f7 ] Request (ServerRescueNegativeTestJSON:test_rescued_vm_detach_volume): 200 GET http://10.180.1.21/compute/v2.1/servers/ced51168-981c-46e8-9f03-550beb7f05df 0.814s
2025-02-18 10:48:18.503 64362 INFO tempest.lib.common.rest_client [req-75ad08ac-d582-46e8-bdd6-c4f0d9429f36 req-75ad08ac-d582-46e8-bdd6-c4f0d9429f36 ] Request (ListImageFiltersTestJSON:tearDownClass): 200 GET http://10.180.1.21/compute/v2.1/servers/ed2a040d-9bc0-42d7-9d86-1068ea1cbfdf 0.839s
2025-02-18 10:48:18.534 64364 INFO tempest.lib.common.rest_client [req-b42badf2-94b3-46cf-92d0-fca38b38238c req-b42badf2-94b3-46cf-92d0-fca38b38238c ] Request (VolumesTestJSON:tearDownClass): 204 DELETE http://10.180.1.21/identity/v3/projects/244e2993f54e49a5870ba1e965419432 0.096s
2025-02-18 10:48:18.552 64356 INFO tempest.lib.common.rest_client [req-a39bbdd6-d7b9-46ea-8618-8784e71d7da8 req-a39bbdd6-d7b9-46ea-8618-8784e71d7da8 ] Request (SecurityGroupsTestJSON:test_server_security_groups): 200 GET http://10.180.1.21/compute/v2.1/servers/1f13595f-1c0f-4523-88a5-6872db59385d 0.842s
2025-02-18 10:48:18.573 64342 INFO tempest.lib.common.rest_client [req-1fc13ac4-c925-476d-b0b4-a52308c588e2 req-1fc13ac4-c925-476d-b0b4-a52308c588e2 ] Request (ImagesTestJSON:test_create_image_from_suspended_server): 200 GET http://10.180.1.21/compute/v2.1/servers/adc28e8c-f6ea-48a1-9eaf-ddddfca48a78 0.833s
2025-02-18 10:48:18.655 64344 INFO tempest.lib.common.rest_client [req-cbf4a004-bd27-48de-85a9-2a5ece4000ed req-cbf4a004-bd27-48de-85a9-2a5ece4000ed ] Request (ServersAdmin275Test:tearDownClass): 200 GET http://10.180.1.21/compute/v2.1/servers/64efc8c6-303f-4d28-9752-af6f8d0dc6b5 0.824s
2025-02-18 10:48:18.669 64344 INFO tempest.common.waiters [-] State transition "ACTIVE/deleting" ==> "DELETED/None" after 4 second wait
2025-02-18 10:48:18.681 64376 INFO tempest.lib.common.rest_client [req-722f0d37-51b6-4aa8-aa8a-68cfb6290c84 req-722f0d37-51b6-4aa8-aa8a-68cfb6290c84 ] Request (ImagesOneServerTestJSON:tearDownClass): 404 DELETE http://10.180.1.21/compute/v2.1/images/599b6770-3378-422b-805c-e54372d22ac7 0.826s
2025-02-18 10:48:18.691 64368 INFO tempest.lib.common.rest_client [req-09104e27-33d7-40b8-b57d-f9b48001679e req-09104e27-33d7-40b8-b57d-f9b48001679e ] Request (ServersTestFqdnHostnames:tearDownClass): 204 DELETE http://10.180.1.21/compute/v2.1/servers/c76dd1bc-051b-4d72-9e6b-00a0dec71abc 0.860s
2025-02-18 10:48:18.760 64346 INFO tempest.lib.common.rest_client [req-80b9ac36-db80-485f-ad17-2ddbfb102921 req-80b9ac36-db80-485f-ad17-2ddbfb102921 ] Request (FloatingIPsAssociationTestJSON:tearDownClass): 200 GET http://10.180.1.21/compute/v2.1/servers/dc4f082b-3bf2-47dd-b559-91b05119413a 0.860s
2025-02-18 10:48:18.821 64348 INFO tempest.lib.common.rest_client [req-e14d4802-eac7-49ac-90cf-abb1305c4f9d req-e14d4802-eac7-49ac-90cf-abb1305c4f9d ] Request (AttachInterfacesTestJSON:test_create_list_show_delete_interfaces_by_fixed_ip): 200 GET http://10.180.1.21/compute/v2.1/servers/f864e01d-d266-484a-8f35-8bb6e1443045/os-interface 0.513s
2025-02-18 10:48:18.876 64380 INFO tempest.lib.common.rest_client [req-c76bc9c3-605d-419b-8822-d44bc49a5164 req-c76bc9c3-605d-419b-8822-d44bc49a5164 ] Request (ServerMetadataTestJSON:setUpClass): 200 GET http://10.180.1.21/compute/v2.1/servers/8032024d-21c7-4deb-8490-93327f50a7bb 0.465s
2025-02-18 10:48:18.888 64358 INFO tempest.lib.common.rest_client [req-4904363f-2e4f-429f-9c0e-fe49975b0627 req-4904363f-2e4f-429f-9c0e-fe49975b0627 ] Request (MigrationsAdminTest:test_resize_server_revert_deleted_flavor): 200 GET http://10.180.1.21/compute/v2.1/servers/33114f06-2337-4e53-843f-e1dc307416dd 0.357s
2025-02-18 10:48:18.963 64376 INFO tempest.lib.common.rest_client [req-bebbfc1d-8f71-4cc8-bc10-89736db31d9d req-bebbfc1d-8f71-4cc8-bc10-89736db31d9d ] Request (ImagesOneServerTestJSON:tearDownClass): 204 DELETE http://10.180.1.21/compute/v2.1/servers/d022c3a5-f3e8-4797-b61c-1384ee0ddaf4 0.282s
2025-02-18 10:48:18.977 64326 INFO tempest.lib.common.rest_client [req-29b1857f-75c6-4733-ab42-47df8042db2e req-29b1857f-75c6-4733-ab42-47df8042db2e ] Request (ServersTestJSON:setUpClass): 200 GET http://10.180.1.21/compute/v2.1/servers/02c4677b-6108-4c59-9ed6-64bcb9500580 0.367s
2025-02-18 10:48:18.984 64326 INFO tempest.common.waiters [-] State transition "BUILD/block_device_mapping" ==> "BUILD/spawning" after 63 second wait
2025-02-18 10:48:19.100 64376 INFO tempest.lib.common.rest_client [req-393a96e1-5a18-4a62-96f0-2f6f06bee8ca req-393a96e1-5a18-4a62-96f0-2f6f06bee8ca ] Request (ImagesOneServerTestJSON:tearDownClass): 200 GET http://10.180.1.21/compute/v2.1/servers/d022c3a5-f3e8-4797-b61c-1384ee0ddaf4 0.136s
2025-02-18 10:48:19.128 64368 INFO tempest.lib.common.rest_client [req-7989063c-4177-41f1-8388-2137eac7ecdb req-7989063c-4177-41f1-8388-2137eac7ecdb ] Request (ServersTestFqdnHostnames:tearDownClass): 200 GET http://10.180.1.21/compute/v2.1/servers/c76dd1bc-051b-4d72-9e6b-00a0dec71abc 0.436s
2025-02-18 10:48:19.163 64370 INFO tempest.lib.common.rest_client [req-46eb3951-d34f-49a5-afd3-4d3dd3f8804d req-46eb3951-d34f-49a5-afd3-4d3dd3f8804d ] Request (ServersAdminNegativeTestJSON:tearDownClass): 200 GET http://10.180.1.21/compute/v2.1/servers/336b1ee0-367c-4e85-89f3-ed825eb0d090 0.162s
2025-02-18 10:48:19.190 64360 INFO tempest.lib.common.rest_client [req-b1431376-1b33-4ce1-990c-ea97cd336a92 req-b1431376-1b33-4ce1-990c-ea97cd336a92 ] Request (DeleteServersTestJSON:test_delete_server_while_in_attached_volume): 200 GET http://10.180.1.21/volume/v3/volumes/cc809cbb-a378-4083-a53e-73feaf03cd24 0.053s
2025-02-18 10:48:19.208 64384 INFO tempest.lib.common.rest_client [req-4dc5ec24-2437-4840-afeb-5935b6a7916e req-4dc5ec24-2437-4840-afeb-5935b6a7916e ] Request (ListServerFiltersTestJSON:tearDownClass): 200 GET http://10.180.1.21/compute/v2.1/servers/33233fb3-775a-4cac-8388-b152289ca665 0.111s
2025-02-18 10:48:19.217 64384 INFO tempest.common.waiters [-] State transition "ACTIVE/deleting" ==> "DELETED/None" after 5 second wait
2025-02-18 10:48:19.269 64372 INFO tempest.lib.common.rest_client [req-9a2c1ff7-764f-4395-bbec-247e5c5a5adc req-9a2c1ff7-764f-4395-bbec-247e5c5a5adc ] Request (ServerDiagnosticsNegativeTest:test_get_server_diagnostics_by_non_admin): 200 GET http://10.180.1.21/compute/v2.1/servers/e71d730c-3cdb-4a92-a5e3-24e54437d5ea 0.095s
2025-02-18 10:48:19.314 64348 INFO tempest.lib.common.rest_client [req-e5a30568-af85-4024-9d4e-e7761d21c555 req-e5a30568-af85-4024-9d4e-e7761d21c555 ] Request (AttachInterfacesTestJSON:test_create_list_show_delete_interfaces_by_fixed_ip): 200 PUT http://10.180.1.21:9696/networking/v2.0/floatingips/4175bfc0-144e-42f6-bbe3-cd9493663c16 0.490s
2025-02-18 10:48:19.327 64338 INFO tempest.lib.common.rest_client [req-267e8ae6-09bc-4152-bb40-d95f2be25371 req-267e8ae6-09bc-4152-bb40-d95f2be25371 ] Request (ServerDiskConfigTestJSON:test_resize_server_from_auto_to_manual): 200 GET http://10.180.1.21/compute/v2.1/servers/3657ee05-0bd1-4915-8feb-aa5abe51f44f 0.079s
2025-02-18 10:48:19.354 64382 INFO tempest.lib.common.rest_client [req-d4033533-8176-43b1-90fd-d310d27d7450 req-d4033533-8176-43b1-90fd-d310d27d7450 ] Request (ServerRescueTestJSON:setUpClass): 200 GET http://10.180.1.21/compute/v2.1/servers/b9c7f2d8-361e-4429-8f52-2dbb0a983c66 0.252s
2025-02-18 10:48:19.426 64328 INFO tempest.lib.common.rest_client [req-39d0ec7b-afc5-40ad-83e0-f17518be8ad7 req-39d0ec7b-afc5-40ad-83e0-f17518be8ad7 ] Request (ServerActionsV293TestJSON:setUpClass): 200 GET http://10.180.1.21/compute/v2.1/servers/15b75697-a88d-44e2-abb1-070de248da89 0.092s
2025-02-18 10:48:19.447 64355 INFO tempest.lib.common.rest_client [req-1da5a9f9-683b-4cd3-8ce0-c6f7f67d508e req-1da5a9f9-683b-4cd3-8ce0-c6f7f67d508e ] Request (ImagesOneServerNegativeTestJSON:_run_cleanups): 404 GET http://10.180.1.21/compute/v2.1/servers/de8399bd-1f85-4234-a560-6f874b1bc440 0.066s
2025-02-18 10:48:19.460 64348 INFO tempest.lib.common.rest_client [req-f461b338-875a-469a-b37f-2a7666690274 req-f461b338-875a-469a-b37f-2a7666690274 ] Request (AttachInterfacesTestJSON:test_create_list_show_delete_interfaces_by_fixed_ip): 200 GET http://10.180.1.21/compute/v2.1/servers/f864e01d-d266-484a-8f35-8bb6e1443045 0.146s
2025-02-18 10:48:19.473 64348 INFO tempest.lib.common.ssh [-] Creating ssh connection to '10.180.180.251:22' as 'cirros' with public key authentication
2025-02-18 10:48:19.519 64374 INFO tempest.lib.common.rest_client [req-a181d3a3-92a3-4583-a51e-b219049d5284 req-a181d3a3-92a3-4583-a51e-b219049d5284 ] Request (ServerTagsTestJSON:tearDownClass): 200 GET http://10.180.1.21/compute/v2.1/servers/0da39f04-55ab-4ca4-872f-ca97fec41d90 0.120s
2025-02-18 10:48:19.523 64378 INFO tempest.lib.common.rest_client [req-17e745d2-0f98-4f14-a569-fe6b2a02ea58 req-17e745d2-0f98-4f14-a569-fe6b2a02ea58 ] Request (ServersAdminTestJSON:test_inject_network_info): 200 GET http://10.180.1.21/compute/v2.1/servers/73654b18-0f60-4fb9-87d3-024e8cbab781 0.076s
2025-02-18 10:48:19.567 64355 INFO tempest.lib.common.rest_client [req-31e58369-8ae0-4f3d-8d0c-d4e2ff9a063f req-31e58369-8ae0-4f3d-8d0c-d4e2ff9a063f ] Request (ImagesOneServerNegativeTestJSON:_run_cleanups): 200 POST http://10.180.1.21/compute/v2.1/os-keypairs 0.119s
2025-02-18 10:48:19.582 64334 INFO tempest.lib.common.rest_client [req-a629769c-4141-4ae0-b3e4-3df28241cf52 req-a629769c-4141-4ae0-b3e4-3df28241cf52 ] Request (ServerRescueNegativeTestJSON:test_rescued_vm_detach_volume): 200 GET http://10.180.1.21/compute/v2.1/servers/ced51168-981c-46e8-9f03-550beb7f05df 0.112s
2025-02-18 10:48:19.660 64362 INFO tempest.lib.common.rest_client [req-3a562842-8da4-424a-af84-91c69138c753 req-3a562842-8da4-424a-af84-91c69138c753 ] Request (ListImageFiltersTestJSON:tearDownClass): 200 GET http://10.180.1.21/compute/v2.1/servers/ed2a040d-9bc0-42d7-9d86-1068ea1cbfdf 0.145s
2025-02-18 10:48:19.662 64356 INFO tempest.lib.common.rest_client [req-ee1bc45a-e119-4b89-a281-83b30ed7a342 req-ee1bc45a-e119-4b89-a281-83b30ed7a342 ] Request (SecurityGroupsTestJSON:test_server_security_groups): 200 GET http://10.180.1.21/compute/v2.1/servers/1f13595f-1c0f-4523-88a5-6872db59385d 0.099s
2025-02-18 10:48:19.729 64342 INFO tempest.lib.common.rest_client [req-4d54eda2-4b89-4fe9-91e6-18e5057ff73a req-4d54eda2-4b89-4fe9-91e6-18e5057ff73a ] Request (ImagesTestJSON:test_create_image_from_suspended_server): 200 GET http://10.180.1.21/compute/v2.1/servers/adc28e8c-f6ea-48a1-9eaf-ddddfca48a78 0.144s
2025-02-18 10:48:19.738 64355 INFO tempest.lib.common.rest_client [req-a98af606-733e-4e97-b287-f82af9893057 req-a98af606-733e-4e97-b287-f82af9893057 ] Request (ImagesOneServerNegativeTestJSON:_run_cleanups): 201 POST http://10.180.1.21:9696/networking/v2.0/security-groups 0.167s
2025-02-18 10:48:19.757 64344 INFO tempest.lib.common.rest_client [req-f95e3384-7992-4dda-91c0-b6fef5431afe req-f95e3384-7992-4dda-91c0-b6fef5431afe ] Request (ServersAdmin275Test:tearDownClass): 200 GET http://10.180.1.21/compute/v2.1/servers/64efc8c6-303f-4d28-9752-af6f8d0dc6b5 0.086s
2025-02-18 10:48:19.820 64355 INFO tempest.lib.common.rest_client [req-1c737def-a515-4958-9e81-56680022bd2a req-1c737def-a515-4958-9e81-56680022bd2a ] Request (ImagesOneServerNegativeTestJSON:_run_cleanups): 201 POST http://10.180.1.21:9696/networking/v2.0/security-group-rules 0.081s
2025-02-18 10:48:19.839 64346 INFO tempest.lib.common.rest_client [req-ebe4fe73-3aea-4f00-be0b-1de2038afa1b req-ebe4fe73-3aea-4f00-be0b-1de2038afa1b ] Request (FloatingIPsAssociationTestJSON:tearDownClass): 200 GET http://10.180.1.21/compute/v2.1/servers/dc4f082b-3bf2-47dd-b559-91b05119413a 0.071s
2025-02-18 10:48:19.896 64355 INFO tempest.lib.common.rest_client [req-7da13486-9497-4093-9c2a-c10e6a359ece req-7da13486-9497-4093-9c2a-c10e6a359ece ] Request (ImagesOneServerNegativeTestJSON:_run_cleanups): 201 POST http://10.180.1.21:9696/networking/v2.0/security-group-rules 0.075s
2025-02-18 10:48:19.972 64358 INFO tempest.lib.common.rest_client [req-649649ac-347a-43b1-8016-8d22d537de05 req-649649ac-347a-43b1-8016-8d22d537de05 ] Request (MigrationsAdminTest:test_resize_server_revert_deleted_flavor): 200 GET http://10.180.1.21/compute/v2.1/servers/33114f06-2337-4e53-843f-e1dc307416dd 0.075s
2025-02-18 10:48:20.178 64380 INFO tempest.lib.common.rest_client [req-098f4801-61e1-45d8-be39-218d6b7b4d66 req-098f4801-61e1-45d8-be39-218d6b7b4d66 ] Request (ServerMetadataTestJSON:setUpClass): 200 GET http://10.180.1.21/compute/v2.1/servers/8032024d-21c7-4deb-8490-93327f50a7bb 0.291s
2025-02-18 10:48:20.178 64326 INFO tempest.lib.common.rest_client [req-fccd0d07-f017-4446-b541-8134c9315eb7 req-fccd0d07-f017-4446-b541-8134c9315eb7 ] Request (ServersTestJSON:setUpClass): 200 GET http://10.180.1.21/compute/v2.1/servers/02c4677b-6108-4c59-9ed6-64bcb9500580 0.193s
2025-02-18 10:48:20.187 64380 INFO tempest.common.waiters [-] State transition "BUILD/spawning" ==> "ACTIVE/None" after 86 second wait
2025-02-18 10:48:20.233 64360 INFO tempest.lib.common.rest_client [req-5effc7f0-a184-4bb6-98fc-a4274e05f2cf req-5effc7f0-a184-4bb6-98fc-a4274e05f2cf ] Request (DeleteServersTestJSON:test_delete_server_while_in_attached_volume): 200 GET http://10.180.1.21/volume/v3/volumes/cc809cbb-a378-4083-a53e-73feaf03cd24 0.034s
2025-02-18 10:48:20.275 64355 INFO tempest.lib.common.rest_client [req-bfff68db-4c43-494d-9d0d-f7b6b6f679b1 req-bfff68db-4c43-494d-9d0d-f7b6b6f679b1 ] Request (ImagesOneServerNegativeTestJSON:_run_cleanups): 201 POST http://10.180.1.21:9696/networking/v2.0/floatingips 0.379s
2025-02-18 10:48:20.368 64355 INFO tempest.lib.common.rest_client [req-e16d8538-824c-482e-baf3-d97801dbd31b req-e16d8538-824c-482e-baf3-d97801dbd31b ] Request (ImagesOneServerNegativeTestJSON:_run_cleanups): 201 POST http://10.180.1.21/identity/v3/auth/tokens 0.088s
2025-02-18 10:48:20.369 64355 INFO tempest.lib.common.fixed_network [-] (ImagesOneServerNegativeTestJSON:_run_cleanups) Found network {'id': 'a432d823-0fb9-42ce-a76a-0d16282433f4', 'name': 'tempest-ImagesOneServerNegativeTestJSON-1277650301-network', 'tenant_id': '7b05ef48ea4842568b496daf6925f008', 'admin_state_up': True, 'mtu': 8950, 'status': 'ACTIVE', 'subnets': [], 'shared': False, 'project_id': '7b05ef48ea4842568b496daf6925f008', 'port_security_enabled': True, 'router:external': False, 'provider:network_type': 'vlan', 'provider:physical_network': 'default', 'provider:segmentation_id': 608, 'availability_zone_hints': [], 'availability_zones': [], 'ipv4_address_scope': None, 'ipv6_address_scope': None, 'description': '', 'tags': [], 'created_at': '2025-02-18T10:46:20Z', 'updated_at': '2025-02-18T10:46:20Z', 'revision_number': 1} available for tenant
2025-02-18 10:48:20.383 64350 WARNING tempest.lib.common.ssh [-] Failed to establish authenticated ssh connection to cirros@10.180.180.179 ([Errno None] Unable to connect to port 22 on 10.180.180.179). Number attempts: 7. Retry after 8 seconds.: paramiko.ssh_exception.NoValidConnectionsError: [Errno None] Unable to connect to port 22 on 10.180.180.179
2025-02-18 10:48:20.395 64368 INFO tempest.lib.common.rest_client [req-f385e41d-343a-449d-aafa-7452e3cd42af req-f385e41d-343a-449d-aafa-7452e3cd42af ] Request (ServersTestFqdnHostnames:tearDownClass): 200 GET http://10.180.1.21/compute/v2.1/servers/c76dd1bc-051b-4d72-9e6b-00a0dec71abc 0.250s
2025-02-18 10:48:20.415 64376 INFO tempest.lib.common.rest_client [req-3d72b424-a157-4162-9c82-053a352665fd req-3d72b424-a157-4162-9c82-053a352665fd ] Request (ImagesOneServerTestJSON:tearDownClass): 200 GET http://10.180.1.21/compute/v2.1/servers/d022c3a5-f3e8-4797-b61c-1384ee0ddaf4 0.304s
2025-02-18 10:48:20.462 64370 INFO tempest.lib.common.rest_client [req-7f8e59a0-bbef-45f1-89f5-54a27b01b4d0 req-7f8e59a0-bbef-45f1-89f5-54a27b01b4d0 ] Request (ServersAdminNegativeTestJSON:tearDownClass): 200 GET http://10.180.1.21/compute/v2.1/servers/336b1ee0-367c-4e85-89f3-ed825eb0d090 0.282s
2025-02-18 10:48:20.480 64380 INFO tempest.lib.common.rest_client [req-febab3e9-4950-4437-9b23-d131746c78ff req-febab3e9-4950-4437-9b23-d131746c78ff ] Request (ServerMetadataTestJSON:setUp): 200 PUT http://10.180.1.21/compute/v2.1/servers/8032024d-21c7-4deb-8490-93327f50a7bb/metadata 0.292s
2025-02-18 10:48:20.518 64384 INFO tempest.lib.common.rest_client [req-68517a8d-edec-46e2-b109-23c31114f1cc req-68517a8d-edec-46e2-b109-23c31114f1cc ] Request (ListServerFiltersTestJSON:tearDownClass): 200 GET http://10.180.1.21/compute/v2.1/servers/33233fb3-775a-4cac-8388-b152289ca665 0.300s
2025-02-18 10:48:20.529 64372 INFO tempest.lib.common.rest_client [req-0c0f727b-00b9-49d8-a59e-db0cc266d606 req-0c0f727b-00b9-49d8-a59e-db0cc266d606 ] Request (ServerDiagnosticsNegativeTest:test_get_server_diagnostics_by_non_admin): 200 GET http://10.180.1.21/compute/v2.1/servers/e71d730c-3cdb-4a92-a5e3-24e54437d5ea 0.251s
2025-02-18 10:48:20.576 64338 INFO tempest.lib.common.rest_client [req-aa052176-a0df-492b-89f1-fb33931f8cea req-aa052176-a0df-492b-89f1-fb33931f8cea ] Request (ServerDiskConfigTestJSON:test_resize_server_from_auto_to_manual): 200 GET http://10.180.1.21/compute/v2.1/servers/3657ee05-0bd1-4915-8feb-aa5abe51f44f 0.236s
2025-02-18 10:48:20.647 64382 INFO tempest.lib.common.rest_client [req-f45d7295-df6e-4ed8-a45f-e84c655fe7f8 req-f45d7295-df6e-4ed8-a45f-e84c655fe7f8 ] Request (ServerRescueTestJSON:setUpClass): 200 GET http://10.180.1.21/compute/v2.1/servers/b9c7f2d8-361e-4429-8f52-2dbb0a983c66 0.283s
2025-02-18 10:48:20.714 64328 INFO tempest.lib.common.rest_client [req-b6816250-cbce-4058-9341-0f5f25484469 req-b6816250-cbce-4058-9341-0f5f25484469 ] Request (ServerActionsV293TestJSON:setUpClass): 200 GET http://10.180.1.21/compute/v2.1/servers/15b75697-a88d-44e2-abb1-070de248da89 0.276s
2025-02-18 10:48:20.752 64380 INFO tempest.lib.common.rest_client [req-c43b6a93-1806-4197-8808-ab04c8c5d130 req-c43b6a93-1806-4197-8808-ab04c8c5d130 ] Request (ServerMetadataTestJSON:test_delete_server_metadata_item): 204 DELETE http://10.180.1.21/compute/v2.1/servers/8032024d-21c7-4deb-8490-93327f50a7bb/metadata/key1 0.270s
2025-02-18 10:48:20.819 64374 INFO tempest.lib.common.rest_client [req-d277c1b8-22a1-4b60-8fb3-54261716258f req-d277c1b8-22a1-4b60-8fb3-54261716258f ] Request (ServerTagsTestJSON:tearDownClass): 200 GET http://10.180.1.21/compute/v2.1/servers/0da39f04-55ab-4ca4-872f-ca97fec41d90 0.285s
2025-02-18 10:48:20.876 64378 INFO tempest.lib.common.rest_client [req-06a80bbb-c5c6-4257-bbfc-4cd117082695 req-06a80bbb-c5c6-4257-bbfc-4cd117082695 ] Request (ServersAdminTestJSON:test_inject_network_info): 200 GET http://10.180.1.21/compute/v2.1/servers/73654b18-0f60-4fb9-87d3-024e8cbab781 0.341s
2025-02-18 10:48:20.902 64355 INFO tempest.lib.common.rest_client [req-d5be1acf-abd9-42fe-b5a8-39aaaad71e16 req-d5be1acf-abd9-42fe-b5a8-39aaaad71e16 ] Request (ImagesOneServerNegativeTestJSON:_run_cleanups): 202 POST http://10.180.1.21/compute/v2.1/servers 0.533s
2025-02-18 10:48:20.944 64334 INFO tempest.lib.common.rest_client [req-3fe197ab-92f2-4d9f-b621-1078f15832d9 req-3fe197ab-92f2-4d9f-b621-1078f15832d9 ] Request (ServerRescueNegativeTestJSON:test_rescued_vm_detach_volume): 200 GET http://10.180.1.21/compute/v2.1/servers/ced51168-981c-46e8-9f03-550beb7f05df 0.352s
2025-02-18 10:48:20.952 64332 WARNING tempest.lib.common.ssh [-] Failed to establish authenticated ssh connection to cirros@10.180.180.188 ([Errno None] Unable to connect to port 22 on 10.180.180.188). Number attempts: 1. Retry after 2 seconds.: paramiko.ssh_exception.NoValidConnectionsError: [Errno None] Unable to connect to port 22 on 10.180.180.188
2025-02-18 10:48:20.982 64362 INFO tempest.lib.common.rest_client [req-e280e1dc-0a59-4fbc-8034-54716cc29fe6 req-e280e1dc-0a59-4fbc-8034-54716cc29fe6 ] Request (ListImageFiltersTestJSON:tearDownClass): 200 GET http://10.180.1.21/compute/v2.1/servers/ed2a040d-9bc0-42d7-9d86-1068ea1cbfdf 0.314s
2025-02-18 10:48:21.001 64356 INFO tempest.lib.common.rest_client [req-f7d5a4b5-af63-4196-a777-27d1edbbcf90 req-f7d5a4b5-af63-4196-a777-27d1edbbcf90 ] Request (SecurityGroupsTestJSON:test_server_security_groups): 200 GET http://10.180.1.21/compute/v2.1/servers/1f13595f-1c0f-4523-88a5-6872db59385d 0.331s
2025-02-18 10:48:21.010 64356 INFO tempest.common.waiters [-] State transition "BUILD/scheduling" ==> "BUILD/None" after 3 second wait
2025-02-18 10:48:21.038 64380 INFO tempest.lib.common.rest_client [req-8525b843-c30c-4b3d-9d3d-0b431e4784c1 req-8525b843-c30c-4b3d-9d3d-0b431e4784c1 ] Request (ServerMetadataTestJSON:test_delete_server_metadata_item): 200 GET http://10.180.1.21/compute/v2.1/servers/8032024d-21c7-4deb-8490-93327f50a7bb/metadata 0.286s
2025-02-18 10:48:21.073 64342 INFO tempest.lib.common.rest_client [req-21fe37d8-4064-4a2f-8a11-fc200485750c req-21fe37d8-4064-4a2f-8a11-fc200485750c ] Request (ImagesTestJSON:test_create_image_from_suspended_server): 200 GET http://10.180.1.21/compute/v2.1/servers/adc28e8c-f6ea-48a1-9eaf-ddddfca48a78 0.333s
2025-02-18 10:48:21.149 64344 INFO tempest.lib.common.rest_client [req-b7f7e625-964d-4f7e-9446-ff1f77144d10 req-b7f7e625-964d-4f7e-9446-ff1f77144d10 ] Request (ServersAdmin275Test:tearDownClass): 200 GET http://10.180.1.21/compute/v2.1/servers/64efc8c6-303f-4d28-9752-af6f8d0dc6b5 0.383s
2025-02-18 10:48:21.158 64346 INFO tempest.lib.common.rest_client [req-27c32284-45ee-472d-bcb6-75f55711efa7 req-27c32284-45ee-472d-bcb6-75f55711efa7 ] Request (FloatingIPsAssociationTestJSON:tearDownClass): 200 GET http://10.180.1.21/compute/v2.1/servers/dc4f082b-3bf2-47dd-b559-91b05119413a 0.310s
2025-02-18 10:48:21.204 64355 INFO tempest.lib.common.rest_client [req-a6060d39-37dc-41c2-be0a-b588503d93b9 req-a6060d39-37dc-41c2-be0a-b588503d93b9 ] Request (ImagesOneServerNegativeTestJSON:_run_cleanups): 200 GET http://10.180.1.21/compute/v2.1/servers/78ce3f57-0518-4683-920f-109f5f6a3b6f 0.300s
2025-02-18 10:48:21.219 64358 INFO tempest.lib.common.rest_client [req-c44433b8-0ac8-4c0e-8d89-c8b16aa1b889 req-c44433b8-0ac8-4c0e-8d89-c8b16aa1b889 ] Request (MigrationsAdminTest:test_resize_server_revert_deleted_flavor): 200 GET http://10.180.1.21/compute/v2.1/servers/33114f06-2337-4e53-843f-e1dc307416dd 0.238s
2025-02-18 10:48:21.279 64360 INFO tempest.lib.common.rest_client [req-e8c0cfc6-3f15-4c4a-81c3-0336d9245c19 req-e8c0cfc6-3f15-4c4a-81c3-0336d9245c19 ] Request (DeleteServersTestJSON:test_delete_server_while_in_attached_volume): 200 GET http://10.180.1.21/volume/v3/volumes/cc809cbb-a378-4083-a53e-73feaf03cd24 0.036s
2025-02-18 10:48:21.279 64380 INFO tempest.lib.common.rest_client [req-d1a7a038-f9fb-4b6e-a537-bd5bd845ccaf req-d1a7a038-f9fb-4b6e-a537-bd5bd845ccaf ] Request (ServerMetadataTestJSON:setUp): 200 PUT http://10.180.1.21/compute/v2.1/servers/8032024d-21c7-4deb-8490-93327f50a7bb/metadata 0.238s
2025-02-18 10:48:21.289 64360 INFO tempest.common.waiters [-] Attachment f19226b2-c0a5-45d1-8cb3-cced6dfc222e created for volume cc809cbb-a378-4083-a53e-73feaf03cd24 to server c5f875c7-329e-461d-b401-96e45b264750 after waiting for 9.289673 seconds
2025-02-18 10:48:21.310 64380 INFO tempest.lib.common.rest_client [req-2aea001d-caf6-4aa7-a159-cb755b4519d6 req-2aea001d-caf6-4aa7-a159-cb755b4519d6 ] Request (ServerMetadataTestJSON:test_get_server_metadata_item): 200 GET http://10.180.1.21/compute/v2.1/servers/8032024d-21c7-4deb-8490-93327f50a7bb/metadata/key2 0.029s
2025-02-18 10:48:21.322 64360 INFO tempest.lib.common.rest_client [req-06773225-03ae-4a4b-90ab-e6a062deeef1 req-06773225-03ae-4a4b-90ab-e6a062deeef1 ] Request (DeleteServersTestJSON:test_delete_server_while_in_attached_volume): 200 GET http://10.180.1.21/volume/v3/volumes/cc809cbb-a378-4083-a53e-73feaf03cd24 0.032s
2025-02-18 10:48:21.329 64360 INFO tempest.common.waiters [-] volume cc809cbb-a378-4083-a53e-73feaf03cd24 reached in-use after waiting for 0.329839 seconds
2025-02-18 10:48:21.368 64380 INFO tempest.lib.common.rest_client [req-b145624c-2929-4bae-aff0-db22150cb92a req-b145624c-2929-4bae-aff0-db22150cb92a ] Request (ServerMetadataTestJSON:setUp): 200 PUT http://10.180.1.21/compute/v2.1/servers/8032024d-21c7-4deb-8490-93327f50a7bb/metadata 0.056s
2025-02-18 10:48:21.386 64326 INFO tempest.lib.common.rest_client [req-fe66e1a5-8195-495a-bd94-c2c5efa642a9 req-fe66e1a5-8195-495a-bd94-c2c5efa642a9 ] Request (ServersTestJSON:setUpClass): 200 GET http://10.180.1.21/compute/v2.1/servers/02c4677b-6108-4c59-9ed6-64bcb9500580 0.199s
2025-02-18 10:48:21.428 64380 INFO tempest.lib.common.rest_client [req-eebc0694-d209-44b3-bf03-df4b0fa83f5e req-eebc0694-d209-44b3-bf03-df4b0fa83f5e ] Request (ServerMetadataTestJSON:test_list_server_metadata): 200 GET http://10.180.1.21/compute/v2.1/servers/8032024d-21c7-4deb-8490-93327f50a7bb/metadata 0.059s
2025-02-18 10:48:21.444 64360 INFO tempest.lib.common.rest_client [req-4a674847-b61b-4ce5-b095-0d558278063b req-4a674847-b61b-4ce5-b095-0d558278063b ] Request (DeleteServersTestJSON:test_delete_server_while_in_attached_volume): 204 DELETE http://10.180.1.21/compute/v2.1/servers/c5f875c7-329e-461d-b401-96e45b264750 0.115s
2025-02-18 10:48:21.505 64368 INFO tempest.lib.common.rest_client [req-78750251-3f4a-48b7-a1da-8339a081e80c req-78750251-3f4a-48b7-a1da-8339a081e80c ] Request (ServersTestFqdnHostnames:tearDownClass): 200 GET http://10.180.1.21/compute/v2.1/servers/c76dd1bc-051b-4d72-9e6b-00a0dec71abc 0.102s
