2025-02-18 10:48:21.578 64380 INFO tempest.lib.common.rest_client [req-9e7dff06-ae64-4743-ab30-13d042251f98 req-9e7dff06-ae64-4743-ab30-13d042251f98 ] Request (ServerMetadataTestJSON:setUp): 200 PUT http://10.180.1.21/compute/v2.1/servers/8032024d-21c7-4deb-8490-93327f50a7bb/metadata 0.147s
2025-02-18 10:48:21.647 64376 INFO tempest.lib.common.rest_client [req-5ee78d1c-d3f2-441c-9988-77939928b92d req-5ee78d1c-d3f2-441c-9988-77939928b92d ] Request (ImagesOneServerTestJSON:tearDownClass): 200 GET http://10.180.1.21/compute/v2.1/servers/d022c3a5-f3e8-4797-b61c-1384ee0ddaf4 0.219s
2025-02-18 10:48:21.735 64370 INFO tempest.lib.common.rest_client [req-e70b3754-48d5-40ea-8504-370d6eacf715 req-e70b3754-48d5-40ea-8504-370d6eacf715 ] Request (ServersAdminNegativeTestJSON:tearDownClass): 200 GET http://10.180.1.21/compute/v2.1/servers/336b1ee0-367c-4e85-89f3-ed825eb0d090 0.264s
2025-02-18 10:48:21.828 64384 INFO tempest.lib.common.rest_client [req-37da19a2-d877-4d81-bc57-00dbec9801e5 req-37da19a2-d877-4d81-bc57-00dbec9801e5 ] Request (ListServerFiltersTestJSON:tearDownClass): 200 GET http://10.180.1.21/compute/v2.1/servers/33233fb3-775a-4cac-8388-b152289ca665 0.301s
2025-02-18 10:48:22.099 64372 INFO tempest.lib.common.rest_client [req-8279f4c2-555b-44f9-95c8-f0a51c3b9e23 req-8279f4c2-555b-44f9-95c8-f0a51c3b9e23 ] Request (ServerDiagnosticsNegativeTest:test_get_server_diagnostics_by_non_admin): 200 GET http://10.180.1.21/compute/v2.1/servers/e71d730c-3cdb-4a92-a5e3-24e54437d5ea 0.562s
2025-02-18 10:48:22.126 64360 INFO tempest.lib.common.rest_client [req-dfa923e7-9361-43be-aced-0097412b7076 req-dfa923e7-9361-43be-aced-0097412b7076 ] Request (DeleteServersTestJSON:test_delete_server_while_in_attached_volume): 200 GET http://10.180.1.21/compute/v2.1/servers/c5f875c7-329e-461d-b401-96e45b264750 0.681s
2025-02-18 10:48:22.181 64338 INFO tempest.lib.common.rest_client [req-7e90f19f-9c8a-4f5d-86cd-7081185edd60 req-7e90f19f-9c8a-4f5d-86cd-7081185edd60 ] Request (ServerDiskConfigTestJSON:test_resize_server_from_auto_to_manual): 200 GET http://10.180.1.21/compute/v2.1/servers/3657ee05-0bd1-4915-8feb-aa5abe51f44f 0.597s
2025-02-18 10:48:22.183 64380 INFO tempest.lib.common.rest_client [req-0e96694f-566a-42b9-9b2c-f5296e61d673 req-0e96694f-566a-42b9-9b2c-f5296e61d673 ] Request (ServerMetadataTestJSON:test_set_server_metadata): 200 PUT http://10.180.1.21/compute/v2.1/servers/8032024d-21c7-4deb-8490-93327f50a7bb/metadata 0.604s
2025-02-18 10:48:22.265 64328 INFO tempest.lib.common.rest_client [req-358a627d-1487-431a-be2a-c8e8f9cb4f24 req-358a627d-1487-431a-be2a-c8e8f9cb4f24 ] Request (ServerActionsV293TestJSON:setUpClass): 200 GET http://10.180.1.21/compute/v2.1/servers/15b75697-a88d-44e2-abb1-070de248da89 0.541s
2025-02-18 10:48:22.279 64382 INFO tempest.lib.common.rest_client [req-4291ea56-b43c-4792-8e97-511d89383f65 req-4291ea56-b43c-4792-8e97-511d89383f65 ] Request (ServerRescueTestJSON:setUpClass): 200 GET http://10.180.1.21/compute/v2.1/servers/b9c7f2d8-361e-4429-8f52-2dbb0a983c66 0.624s
2025-02-18 10:48:22.289 64374 INFO tempest.lib.common.rest_client [req-791104f2-7440-4310-82c1-6f658898ea7a req-791104f2-7440-4310-82c1-6f658898ea7a ] Request (ServerTagsTestJSON:tearDownClass): 404 GET http://10.180.1.21/compute/v2.1/servers/0da39f04-55ab-4ca4-872f-ca97fec41d90 0.461s
2025-02-18 10:48:22.327 64378 INFO tempest.lib.common.rest_client [req-c27152f5-8b69-44aa-8fc9-d2855523ef4a req-c27152f5-8b69-44aa-8fc9-d2855523ef4a ] Request (ServersAdminTestJSON:test_inject_network_info): 200 GET http://10.180.1.21/compute/v2.1/servers/73654b18-0f60-4fb9-87d3-024e8cbab781 0.436s
2025-02-18 10:48:22.338 64334 INFO tempest.lib.common.rest_client [req-e5e146ae-ab21-44d7-8c56-1b7b87386e96 req-e5e146ae-ab21-44d7-8c56-1b7b87386e96 ] Request (ServerRescueNegativeTestJSON:test_rescued_vm_detach_volume): 200 GET http://10.180.1.21/compute/v2.1/servers/ced51168-981c-46e8-9f03-550beb7f05df 0.385s
2025-02-18 10:48:22.391 64362 INFO tempest.lib.common.rest_client [req-23c6c6fb-8ee5-48df-8084-64bc5df9f7fa req-23c6c6fb-8ee5-48df-8084-64bc5df9f7fa ] Request (ListImageFiltersTestJSON:tearDownClass): 200 GET http://10.180.1.21/compute/v2.1/servers/ed2a040d-9bc0-42d7-9d86-1068ea1cbfdf 0.397s
2025-02-18 10:48:22.396 64356 INFO tempest.lib.common.rest_client [req-ab960ae2-5684-4eb0-bf5d-fa5cad71bd81 req-ab960ae2-5684-4eb0-bf5d-fa5cad71bd81 ] Request (SecurityGroupsTestJSON:test_server_security_groups): 200 GET http://10.180.1.21/compute/v2.1/servers/1f13595f-1c0f-4523-88a5-6872db59385d 0.385s
2025-02-18 10:48:22.445 64342 INFO tempest.lib.common.rest_client [req-fac461b1-7340-4864-a5e2-58e76890e7d4 req-fac461b1-7340-4864-a5e2-58e76890e7d4 ] Request (ImagesTestJSON:test_create_image_from_suspended_server): 200 GET http://10.180.1.21/compute/v2.1/servers/adc28e8c-f6ea-48a1-9eaf-ddddfca48a78 0.359s
2025-02-18 10:48:22.467 64344 INFO tempest.lib.common.rest_client [req-e8d0eb7d-c2fa-4bbe-afc0-d7ca8ca6bf9a req-e8d0eb7d-c2fa-4bbe-afc0-d7ca8ca6bf9a ] Request (ServersAdmin275Test:tearDownClass): 200 GET http://10.180.1.21/compute/v2.1/servers/64efc8c6-303f-4d28-9752-af6f8d0dc6b5 0.304s
2025-02-18 10:48:22.494 64380 INFO tempest.lib.common.rest_client [req-8129b361-9126-4fb0-b291-8a5fd6030aeb req-8129b361-9126-4fb0-b291-8a5fd6030aeb ] Request (ServerMetadataTestJSON:test_set_server_metadata): 200 GET http://10.180.1.21/compute/v2.1/servers/8032024d-21c7-4deb-8490-93327f50a7bb/metadata 0.310s
2025-02-18 10:48:22.517 64346 INFO tempest.lib.common.rest_client [req-66243df4-6d0b-4381-86a7-bfa6940cabef req-66243df4-6d0b-4381-86a7-bfa6940cabef ] Request (FloatingIPsAssociationTestJSON:tearDownClass): 200 GET http://10.180.1.21/compute/v2.1/servers/dc4f082b-3bf2-47dd-b559-91b05119413a 0.351s
2025-02-18 10:48:22.550 64355 INFO tempest.lib.common.rest_client [req-e339f58e-d6fc-4576-92a7-a984445e1c18 req-e339f58e-d6fc-4576-92a7-a984445e1c18 ] Request (ImagesOneServerNegativeTestJSON:_run_cleanups): 200 GET http://10.180.1.21/compute/v2.1/servers/78ce3f57-0518-4683-920f-109f5f6a3b6f 0.337s
2025-02-18 10:48:22.572 64358 INFO tempest.lib.common.rest_client [req-a0762622-8a1d-46b9-8b99-4d24cbb39049 req-a0762622-8a1d-46b9-8b99-4d24cbb39049 ] Request (MigrationsAdminTest:test_resize_server_revert_deleted_flavor): 200 GET http://10.180.1.21/compute/v2.1/servers/33114f06-2337-4e53-843f-e1dc307416dd 0.337s
2025-02-18 10:48:22.646 64380 INFO tempest.lib.common.rest_client [req-d3d456f7-ba93-48a2-8df8-c638ca54e45d req-d3d456f7-ba93-48a2-8df8-c638ca54e45d ] Request (ServerMetadataTestJSON:setUp): 200 PUT http://10.180.1.21/compute/v2.1/servers/8032024d-21c7-4deb-8490-93327f50a7bb/metadata 0.148s
2025-02-18 10:48:22.672 64326 INFO tempest.lib.common.rest_client [req-6fbb9974-1404-4485-a147-5c1199b7382b req-6fbb9974-1404-4485-a147-5c1199b7382b ] Request (ServersTestJSON:setUpClass): 200 GET http://10.180.1.21/compute/v2.1/servers/02c4677b-6108-4c59-9ed6-64bcb9500580 0.277s
2025-02-18 10:48:22.719 64368 INFO tempest.lib.common.rest_client [req-6c14688e-12f6-4b7e-9a42-e7d18bd625f3 req-6c14688e-12f6-4b7e-9a42-e7d18bd625f3 ] Request (ServersTestFqdnHostnames:tearDownClass): 200 GET http://10.180.1.21/compute/v2.1/servers/c76dd1bc-051b-4d72-9e6b-00a0dec71abc 0.205s
2025-02-18 10:48:22.739 64380 INFO tempest.lib.common.rest_client [req-45233b93-6f78-40e9-82a4-40da694288f5 req-45233b93-6f78-40e9-82a4-40da694288f5 ] Request (ServerMetadataTestJSON:test_set_server_metadata_item): 200 PUT http://10.180.1.21/compute/v2.1/servers/8032024d-21c7-4deb-8490-93327f50a7bb/metadata/nova 0.092s
2025-02-18 10:48:22.777 64380 INFO tempest.lib.common.rest_client [req-bfa42f72-a947-44bc-b607-f6ad5635bd76 req-bfa42f72-a947-44bc-b607-f6ad5635bd76 ] Request (ServerMetadataTestJSON:test_set_server_metadata_item): 200 GET http://10.180.1.21/compute/v2.1/servers/8032024d-21c7-4deb-8490-93327f50a7bb/metadata 0.034s
2025-02-18 10:48:22.780 64376 INFO tempest.lib.common.rest_client [req-1d30c7b5-fd1e-411e-8669-4b8b1b263863 req-1d30c7b5-fd1e-411e-8669-4b8b1b263863 ] Request (ImagesOneServerTestJSON:tearDownClass): 200 GET http://10.180.1.21/compute/v2.1/servers/d022c3a5-f3e8-4797-b61c-1384ee0ddaf4 0.125s
2025-02-18 10:48:22.849 64380 INFO tempest.lib.common.rest_client [req-c9c91840-c82f-45ff-a368-8ea551d220b3 req-c9c91840-c82f-45ff-a368-8ea551d220b3 ] Request (ServerMetadataTestJSON:setUp): 200 PUT http://10.180.1.21/compute/v2.1/servers/8032024d-21c7-4deb-8490-93327f50a7bb/metadata 0.068s
2025-02-18 10:48:22.852 64370 INFO tempest.lib.common.rest_client [req-5ec76e76-8a17-4048-842f-1adbf4825a7e req-5ec76e76-8a17-4048-842f-1adbf4825a7e ] Request (ServersAdminNegativeTestJSON:tearDownClass): 200 GET http://10.180.1.21/compute/v2.1/servers/336b1ee0-367c-4e85-89f3-ed825eb0d090 0.101s
2025-02-18 10:48:22.905 64384 INFO tempest.lib.common.rest_client [req-3c65d1c5-de7f-461b-b4fc-94d12d948e47 req-3c65d1c5-de7f-461b-b4fc-94d12d948e47 ] Request (ListServerFiltersTestJSON:tearDownClass): 200 GET http://10.180.1.21/compute/v2.1/servers/33233fb3-775a-4cac-8388-b152289ca665 0.070s
2025-02-18 10:48:22.918 64380 INFO tempest.lib.common.rest_client [req-d5e9871d-cbdd-4b29-81fa-1896bc7b81ea req-d5e9871d-cbdd-4b29-81fa-1896bc7b81ea ] Request (ServerMetadataTestJSON:test_update_metadata_empty_body): 200 POST http://10.180.1.21/compute/v2.1/servers/8032024d-21c7-4deb-8490-93327f50a7bb/metadata 0.067s
2025-02-18 10:48:22.945 64380 INFO tempest.lib.common.rest_client [req-37c876e6-b59a-46f0-b590-973139336a78 req-37c876e6-b59a-46f0-b590-973139336a78 ] Request (ServerMetadataTestJSON:test_update_metadata_empty_body): 200 GET http://10.180.1.21/compute/v2.1/servers/8032024d-21c7-4deb-8490-93327f50a7bb/metadata 0.027s
2025-02-18 10:48:23.001 64380 INFO tempest.lib.common.rest_client [req-973e98fd-2996-45d9-84e2-53ea49fc28a4 req-973e98fd-2996-45d9-84e2-53ea49fc28a4 ] Request (ServerMetadataTestJSON:setUp): 200 PUT http://10.180.1.21/compute/v2.1/servers/8032024d-21c7-4deb-8490-93327f50a7bb/metadata 0.054s
2025-02-18 10:48:23.006 64374 INFO tempest.lib.common.rest_client [req-e53e5a3c-830a-4f4f-b565-495869b18d0b req-e53e5a3c-830a-4f4f-b565-495869b18d0b ] Request (ServerTagsTestJSON:tearDownClass): 200 PUT http://10.180.1.21:9696/networking/v2.0/routers/6a3c7c75-fd34-42f2-bee5-4c5a45b4c474/remove_router_interface 0.717s
2025-02-18 10:48:23.073 64380 INFO tempest.lib.common.rest_client [req-36f06c93-0559-4ab7-87d9-f275eb1fecd0 req-36f06c93-0559-4ab7-87d9-f275eb1fecd0 ] Request (ServerMetadataTestJSON:test_update_server_metadata): 200 POST http://10.180.1.21/compute/v2.1/servers/8032024d-21c7-4deb-8490-93327f50a7bb/metadata 0.071s
2025-02-18 10:48:23.112 64380 INFO tempest.lib.common.rest_client [req-8daf1053-32e0-4136-b2a7-b2c5a247173c req-8daf1053-32e0-4136-b2a7-b2c5a247173c ] Request (ServerMetadataTestJSON:test_update_server_metadata): 200 GET http://10.180.1.21/compute/v2.1/servers/8032024d-21c7-4deb-8490-93327f50a7bb/metadata 0.037s
2025-02-18 10:48:23.176 64372 INFO tempest.lib.common.rest_client [req-cb10ad27-4c5d-448f-b96b-8260d7b65401 req-cb10ad27-4c5d-448f-b96b-8260d7b65401 ] Request (ServerDiagnosticsNegativeTest:test_get_server_diagnostics_by_non_admin): 200 GET http://10.180.1.21/compute/v2.1/servers/e71d730c-3cdb-4a92-a5e3-24e54437d5ea 0.065s
2025-02-18 10:48:23.201 64380 INFO tempest.lib.common.rest_client [req-2113ce53-c237-40d5-b9ec-1654c7f6e103 req-2113ce53-c237-40d5-b9ec-1654c7f6e103 ] Request (ServerMetadataTestJSON:tearDownClass): 204 DELETE http://10.180.1.21/compute/v2.1/servers/8032024d-21c7-4deb-8490-93327f50a7bb 0.086s
2025-02-18 10:48:23.272 64338 INFO tempest.lib.common.rest_client [req-d89b081c-d75b-4313-a412-940c34f6798e req-d89b081c-d75b-4313-a412-940c34f6798e ] Request (ServerDiskConfigTestJSON:test_resize_server_from_auto_to_manual): 200 GET http://10.180.1.21/compute/v2.1/servers/3657ee05-0bd1-4915-8feb-aa5abe51f44f 0.083s
2025-02-18 10:48:23.357 64374 INFO tempest.lib.common.rest_client [req-cd871455-cd32-4e4f-8c1a-6d6c09a606ef req-cd871455-cd32-4e4f-8c1a-6d6c09a606ef ] Request (ServerTagsTestJSON:tearDownClass): 204 DELETE http://10.180.1.21:9696/networking/v2.0/routers/6a3c7c75-fd34-42f2-bee5-4c5a45b4c474 0.350s
2025-02-18 10:48:23.385 64360 INFO tempest.lib.common.rest_client [req-eccd066d-6646-4af6-88fc-c48e2467ce30 req-eccd066d-6646-4af6-88fc-c48e2467ce30 ] Request (DeleteServersTestJSON:test_delete_server_while_in_attached_volume): 200 GET http://10.180.1.21/compute/v2.1/servers/c5f875c7-329e-461d-b401-96e45b264750 0.248s
2025-02-18 10:48:23.457 64328 INFO tempest.lib.common.rest_client [req-543b95f6-f2cd-41c7-8796-24ba53193b4a req-543b95f6-f2cd-41c7-8796-24ba53193b4a ] Request (ServerActionsV293TestJSON:setUpClass): 200 GET http://10.180.1.21/compute/v2.1/servers/15b75697-a88d-44e2-abb1-070de248da89 0.178s
2025-02-18 10:48:23.460 64380 INFO tempest.lib.common.rest_client [req-1a6ff103-27b0-4cea-8f2d-aaba8bd64a67 req-1a6ff103-27b0-4cea-8f2d-aaba8bd64a67 ] Request (ServerMetadataTestJSON:tearDownClass): 200 GET http://10.180.1.21/compute/v2.1/servers/8032024d-21c7-4deb-8490-93327f50a7bb 0.259s
2025-02-18 10:48:23.521 64378 INFO tempest.lib.common.rest_client [req-fb9a09ee-40dc-4a75-9ed9-8ee7a36527c0 req-fb9a09ee-40dc-4a75-9ed9-8ee7a36527c0 ] Request (ServersAdminTestJSON:test_inject_network_info): 200 GET http://10.180.1.21/compute/v2.1/servers/73654b18-0f60-4fb9-87d3-024e8cbab781 0.181s
2025-02-18 10:48:23.575 64348 WARNING tempest.lib.common.ssh [-] Failed to establish authenticated ssh connection to cirros@10.180.180.251 ([Errno None] Unable to connect to port 22 on 10.180.180.251). Number attempts: 1. Retry after 2 seconds.: paramiko.ssh_exception.NoValidConnectionsError: [Errno None] Unable to connect to port 22 on 10.180.180.251
2025-02-18 10:48:23.586 64334 INFO tempest.lib.common.rest_client [req-44ae7ed5-ba38-4fe5-b035-ba2d97d399c1 req-44ae7ed5-ba38-4fe5-b035-ba2d97d399c1 ] Request (ServerRescueNegativeTestJSON:test_rescued_vm_detach_volume): 200 GET http://10.180.1.21/compute/v2.1/servers/ced51168-981c-46e8-9f03-550beb7f05df 0.240s
2025-02-18 10:48:23.602 64382 INFO tempest.lib.common.rest_client [req-cf17ced0-e660-484c-979b-eb2620aa4972 req-cf17ced0-e660-484c-979b-eb2620aa4972 ] Request (ServerRescueTestJSON:setUpClass): 200 GET http://10.180.1.21/compute/v2.1/servers/b9c7f2d8-361e-4429-8f52-2dbb0a983c66 0.315s
2025-02-18 10:48:23.614 64382 INFO tempest.common.waiters [-] State transition "BUILD/spawning" ==> "ACTIVE/None" after 68 second wait
2025-02-18 10:48:23.662 64356 INFO tempest.lib.common.rest_client [req-bb913313-7b9e-4068-b0f8-e9eac5e8d7b9 req-bb913313-7b9e-4068-b0f8-e9eac5e8d7b9 ] Request (SecurityGroupsTestJSON:test_server_security_groups): 200 GET http://10.180.1.21/compute/v2.1/servers/1f13595f-1c0f-4523-88a5-6872db59385d 0.252s
2025-02-18 10:48:23.664 64362 INFO tempest.lib.common.rest_client [req-943f41f6-e0f5-4e87-abcf-947c0d1cedd7 req-943f41f6-e0f5-4e87-abcf-947c0d1cedd7 ] Request (ListImageFiltersTestJSON:tearDownClass): 200 GET http://10.180.1.21/compute/v2.1/servers/ed2a040d-9bc0-42d7-9d86-1068ea1cbfdf 0.260s
2025-02-18 10:48:23.708 64374 INFO tempest.lib.common.rest_client [req-b98f303f-d484-4129-a854-37e0ff8016d4 req-b98f303f-d484-4129-a854-37e0ff8016d4 ] Request (ServerTagsTestJSON:tearDownClass): 204 DELETE http://10.180.1.21:9696/networking/v2.0/subnets/de66a0d9-ff26-4542-ae03-3559d4ab556b 0.350s
2025-02-18 10:48:23.721 64342 INFO tempest.lib.common.rest_client [req-ae6684a3-6162-4e2b-a907-1f4b24ca37d1 req-ae6684a3-6162-4e2b-a907-1f4b24ca37d1 ] Request (ImagesTestJSON:test_create_image_from_suspended_server): 200 GET http://10.180.1.21/compute/v2.1/servers/adc28e8c-f6ea-48a1-9eaf-ddddfca48a78 0.266s
2025-02-18 10:48:23.743 64344 INFO tempest.lib.common.rest_client [req-0033a22a-0753-46bb-9b2d-19c26555b4f9 req-0033a22a-0753-46bb-9b2d-19c26555b4f9 ] Request (ServersAdmin275Test:tearDownClass): 200 GET http://10.180.1.21/compute/v2.1/servers/64efc8c6-303f-4d28-9752-af6f8d0dc6b5 0.257s
2025-02-18 10:48:23.791 64346 INFO tempest.lib.common.rest_client [req-62a4569f-efab-49f8-aa18-68960e15070b req-62a4569f-efab-49f8-aa18-68960e15070b ] Request (FloatingIPsAssociationTestJSON:tearDownClass): 200 GET http://10.180.1.21/compute/v2.1/servers/dc4f082b-3bf2-47dd-b559-91b05119413a 0.263s
2025-02-18 10:48:23.813 64355 INFO tempest.lib.common.rest_client [req-9f5d99d1-296d-4a36-9ea4-9c74bc9fda6e req-9f5d99d1-296d-4a36-9ea4-9c74bc9fda6e ] Request (ImagesOneServerNegativeTestJSON:_run_cleanups): 200 GET http://10.180.1.21/compute/v2.1/servers/78ce3f57-0518-4683-920f-109f5f6a3b6f 0.255s
2025-02-18 10:48:23.846 64358 INFO tempest.lib.common.rest_client [req-070cb446-a541-482f-80b2-51c879b50b84 req-070cb446-a541-482f-80b2-51c879b50b84 ] Request (MigrationsAdminTest:test_resize_server_revert_deleted_flavor): 200 GET http://10.180.1.21/compute/v2.1/servers/33114f06-2337-4e53-843f-e1dc307416dd 0.265s
2025-02-18 10:48:23.896 64382 INFO tempest.lib.common.rest_client [req-bfbbc19f-b904-4885-9bc2-ef76348b24a2 req-bfbbc19f-b904-4885-9bc2-ef76348b24a2 ] Request (ServerRescueTestJSON:setUpClass): 200 POST http://10.180.1.21/compute/v2.1/servers/b9c7f2d8-361e-4429-8f52-2dbb0a983c66/action 0.281s
2025-02-18 10:48:23.968 64374 INFO tempest.lib.common.rest_client [req-cf2361af-e928-4624-8869-f246be8995c9 req-cf2361af-e928-4624-8869-f246be8995c9 ] Request (ServerTagsTestJSON:tearDownClass): 204 DELETE http://10.180.1.21:9696/networking/v2.0/networks/5782f4a8-de15-42f8-b5fc-a62acb2d714a 0.260s
2025-02-18 10:48:23.970 64368 INFO tempest.lib.common.rest_client [req-8cb38162-411e-4073-82ce-eb30f8a3901a req-8cb38162-411e-4073-82ce-eb30f8a3901a ] Request (ServersTestFqdnHostnames:tearDownClass): 200 GET http://10.180.1.21/compute/v2.1/servers/c76dd1bc-051b-4d72-9e6b-00a0dec71abc 0.240s
2025-02-18 10:48:23.979 64368 INFO tempest.common.waiters [-] State transition "ACTIVE/deleting" ==> "DELETED/None" after 4 second wait
2025-02-18 10:48:23.998 64326 INFO tempest.lib.common.rest_client [req-d744c9d3-a023-4f4e-b8c6-3b20040c857f req-d744c9d3-a023-4f4e-b8c6-3b20040c857f ] Request (ServersTestJSON:setUpClass): 200 GET http://10.180.1.21/compute/v2.1/servers/02c4677b-6108-4c59-9ed6-64bcb9500580 0.313s
2025-02-18 10:48:24.021 64332 WARNING tempest.lib.common.ssh [-] Failed to establish authenticated ssh connection to cirros@10.180.180.188 ([Errno None] Unable to connect to port 22 on 10.180.180.188). Number attempts: 2. Retry after 3 seconds.: paramiko.ssh_exception.NoValidConnectionsError: [Errno None] Unable to connect to port 22 on 10.180.180.188
2025-02-18 10:48:24.031 64376 INFO tempest.lib.common.rest_client [req-a33f308e-9a99-4345-bb2b-46440b9023a5 req-a33f308e-9a99-4345-bb2b-46440b9023a5 ] Request (ImagesOneServerTestJSON:tearDownClass): 200 GET http://10.180.1.21/compute/v2.1/servers/d022c3a5-f3e8-4797-b61c-1384ee0ddaf4 0.238s
2025-02-18 10:48:24.038 64376 INFO tempest.common.waiters [-] State transition "ACTIVE/deleting" ==> "DELETED/None" after 5 second wait
2025-02-18 10:48:24.061 64370 INFO tempest.lib.common.rest_client [req-57f47710-187a-4ee7-859f-5ef4638e8e0d req-57f47710-187a-4ee7-859f-5ef4638e8e0d ] Request (ServersAdminNegativeTestJSON:tearDownClass): 200 GET http://10.180.1.21/compute/v2.1/servers/336b1ee0-367c-4e85-89f3-ed825eb0d090 0.199s
2025-02-18 10:48:24.101 64374 INFO tempest.lib.common.rest_client [req-f4fbc172-f3c1-4652-b610-e7b1a78a879b req-f4fbc172-f3c1-4652-b610-e7b1a78a879b ] Request (ServerTagsTestJSON:tearDownClass): 204 DELETE http://10.180.1.21/identity/v3/users/049a31b6963f44d68da1ea993979e828 0.132s
2025-02-18 10:48:24.101 64374 INFO tempest.lib.common.dynamic_creds [-] Deleting project and security group for project: fec0130e11e045de86aa53d2c6d61fef
2025-02-18 10:48:24.126 64374 INFO tempest.lib.common.rest_client [req-7a184df3-013d-4ee7-9f45-08af1f684c1d req-7a184df3-013d-4ee7-9f45-08af1f684c1d ] Request (ServerTagsTestJSON:tearDownClass): 200 GET http://10.180.1.21:9696/networking/v2.0/security-groups?tenant_id=fec0130e11e045de86aa53d2c6d61fef&name=default 0.025s
2025-02-18 10:48:24.136 64384 INFO tempest.lib.common.rest_client [req-38f1b3e6-993f-49f8-8d52-80bf51543648 req-38f1b3e6-993f-49f8-8d52-80bf51543648 ] Request (ListServerFiltersTestJSON:tearDownClass): 200 GET http://10.180.1.21/compute/v2.1/servers/33233fb3-775a-4cac-8388-b152289ca665 0.221s
2025-02-18 10:48:24.165 64382 INFO tempest.lib.common.rest_client [req-bfcd9f04-f6dc-4b79-b24a-0cbc9c407e50 req-bfcd9f04-f6dc-4b79-b24a-0cbc9c407e50 ] Request (ServerRescueTestJSON:setUpClass): 200 GET http://10.180.1.21/compute/v2.1/servers/b9c7f2d8-361e-4429-8f52-2dbb0a983c66 0.268s
2025-02-18 10:48:24.203 64374 INFO tempest.lib.common.rest_client [req-a534bb27-8330-40f0-bed0-8962ec2f55a1 req-a534bb27-8330-40f0-bed0-8962ec2f55a1 ] Request (ServerTagsTestJSON:tearDownClass): 204 DELETE http://10.180.1.21:9696/networking/v2.0/security-groups/2fe26a85-6a6b-4db5-afae-ce41b72d9d80 0.076s
2025-02-18 10:48:24.254 64372 INFO tempest.lib.common.rest_client [req-259930e0-a785-4fb8-81d9-93a57755cccb req-259930e0-a785-4fb8-81d9-93a57755cccb ] Request (ServerDiagnosticsNegativeTest:test_get_server_diagnostics_by_non_admin): 200 GET http://10.180.1.21/compute/v2.1/servers/e71d730c-3cdb-4a92-a5e3-24e54437d5ea 0.070s
2025-02-18 10:48:24.331 64374 INFO tempest.lib.common.rest_client [req-9deb891b-beef-4c73-8ba7-27187f71d278 req-9deb891b-beef-4c73-8ba7-27187f71d278 ] Request (ServerTagsTestJSON:tearDownClass): 204 DELETE http://10.180.1.21/identity/v3/projects/fec0130e11e045de86aa53d2c6d61fef 0.127s
2025-02-18 10:48:24.349 64338 INFO tempest.lib.common.rest_client [req-537182a5-8f90-41b6-b074-d5620d076789 req-537182a5-8f90-41b6-b074-d5620d076789 ] Request (ServerDiskConfigTestJSON:test_resize_server_from_auto_to_manual): 200 GET http://10.180.1.21/compute/v2.1/servers/3657ee05-0bd1-4915-8feb-aa5abe51f44f 0.063s
2025-02-18 10:48:24.525 64360 INFO tempest.lib.common.rest_client [req-09dd61b1-3d05-4589-9b50-029ccc66c892 req-09dd61b1-3d05-4589-9b50-029ccc66c892 ] Request (DeleteServersTestJSON:test_delete_server_while_in_attached_volume): 200 GET http://10.180.1.21/compute/v2.1/servers/c5f875c7-329e-461d-b401-96e45b264750 0.130s
2025-02-18 10:48:24.629 64328 INFO tempest.lib.common.rest_client [req-7e57e8fb-4339-4d6b-8508-92921bf0c152 req-7e57e8fb-4339-4d6b-8508-92921bf0c152 ] Request (ServerActionsV293TestJSON:setUpClass): 200 GET http://10.180.1.21/compute/v2.1/servers/15b75697-a88d-44e2-abb1-070de248da89 0.159s
2025-02-18 10:48:24.643 64328 INFO tempest.common.waiters [-] State transition "BUILD/None" ==> "BUILD/networking" after 69 second wait
2025-02-18 10:48:24.688 64380 INFO tempest.lib.common.rest_client [req-54730c56-4655-470a-a222-02e0f68f6c64 req-54730c56-4655-470a-a222-02e0f68f6c64 ] Request (ServerMetadataTestJSON:tearDownClass): 200 GET http://10.180.1.21/compute/v2.1/servers/8032024d-21c7-4deb-8490-93327f50a7bb 0.217s
2025-02-18 10:48:24.702 64366 WARNING tempest.lib.common.ssh [-] Failed to establish authenticated ssh connection to cirros@10.180.180.156 ([Errno None] Unable to connect to port 22 on 10.180.180.156). Number attempts: 9. Retry after 10 seconds.: paramiko.ssh_exception.NoValidConnectionsError: [Errno None] Unable to connect to port 22 on 10.180.180.156
2025-02-18 10:48:24.703 64378 INFO tempest.lib.common.rest_client [req-43dc8427-7493-477f-9218-5d20914be58f req-43dc8427-7493-477f-9218-5d20914be58f ] Request (ServersAdminTestJSON:test_inject_network_info): 200 GET http://10.180.1.21/compute/v2.1/servers/73654b18-0f60-4fb9-87d3-024e8cbab781 0.172s
2025-02-18 10:48:24.751 64334 INFO tempest.lib.common.rest_client [req-12bc7bd6-58fd-464b-81b6-0e040a30e380 req-12bc7bd6-58fd-464b-81b6-0e040a30e380 ] Request (ServerRescueNegativeTestJSON:test_rescued_vm_detach_volume): 200 GET http://10.180.1.21/compute/v2.1/servers/ced51168-981c-46e8-9f03-550beb7f05df 0.154s
2025-02-18 10:48:24.765 64356 INFO tempest.lib.common.rest_client [req-2488f453-dba7-4507-bcc5-f2934c76f954 req-2488f453-dba7-4507-bcc5-f2934c76f954 ] Request (SecurityGroupsTestJSON:test_server_security_groups): 200 GET http://10.180.1.21/compute/v2.1/servers/1f13595f-1c0f-4523-88a5-6872db59385d 0.095s
2025-02-18 10:48:24.829 64342 INFO tempest.lib.common.rest_client [req-e281d292-b559-4fa4-93d1-e960ef1f9205 req-e281d292-b559-4fa4-93d1-e960ef1f9205 ] Request (ImagesTestJSON:test_create_image_from_suspended_server): 200 GET http://10.180.1.21/compute/v2.1/servers/adc28e8c-f6ea-48a1-9eaf-ddddfca48a78 0.100s
2025-02-18 10:48:24.842 64362 INFO tempest.lib.common.rest_client [req-0f70deb0-16fe-4c78-a865-1f426caa40ed req-0f70deb0-16fe-4c78-a865-1f426caa40ed ] Request (ListImageFiltersTestJSON:tearDownClass): 200 GET http://10.180.1.21/compute/v2.1/servers/ed2a040d-9bc0-42d7-9d86-1068ea1cbfdf 0.169s
2025-02-18 10:48:24.911 64344 INFO tempest.lib.common.rest_client [req-0df771f2-de77-4d84-bf7d-efc7f5c2c8aa req-0df771f2-de77-4d84-bf7d-efc7f5c2c8aa ] Request (ServersAdmin275Test:tearDownClass): 200 GET http://10.180.1.21/compute/v2.1/servers/64efc8c6-303f-4d28-9752-af6f8d0dc6b5 0.156s
2025-02-18 10:48:24.923 64346 INFO tempest.lib.common.rest_client [req-fb4f5dc5-5a1e-41a6-84ea-80da122802c7 req-fb4f5dc5-5a1e-41a6-84ea-80da122802c7 ] Request (FloatingIPsAssociationTestJSON:tearDownClass): 200 GET http://10.180.1.21/compute/v2.1/servers/dc4f082b-3bf2-47dd-b559-91b05119413a 0.123s
2025-02-18 10:48:24.980 64355 INFO tempest.lib.common.rest_client [req-0b1915e5-1dc0-45f7-ad3f-277809b5d909 req-0b1915e5-1dc0-45f7-ad3f-277809b5d909 ] Request (ImagesOneServerNegativeTestJSON:_run_cleanups): 200 GET http://10.180.1.21/compute/v2.1/servers/78ce3f57-0518-4683-920f-109f5f6a3b6f 0.158s
2025-02-18 10:48:24.988 64355 INFO tempest.common.waiters [-] State transition "BUILD/scheduling" ==> "BUILD/None" after 3 second wait
2025-02-18 10:48:25.000 64358 INFO tempest.lib.common.rest_client [req-57a47c02-2e23-4ce5-975e-0a2403e6786a req-57a47c02-2e23-4ce5-975e-0a2403e6786a ] Request (MigrationsAdminTest:test_resize_server_revert_deleted_flavor): 200 GET http://10.180.1.21/compute/v2.1/servers/33114f06-2337-4e53-843f-e1dc307416dd 0.146s
2025-02-18 10:48:25.062 64368 INFO tempest.lib.common.rest_client [req-5309697d-73c9-49d5-9685-1a9dd5ee66ab req-5309697d-73c9-49d5-9685-1a9dd5ee66ab ] Request (ServersTestFqdnHostnames:tearDownClass): 200 GET http://10.180.1.21/compute/v2.1/servers/c76dd1bc-051b-4d72-9e6b-00a0dec71abc 0.082s
2025-02-18 10:48:25.138 64376 INFO tempest.lib.common.rest_client [req-b23730c4-d512-4f7c-9a90-038be53bf91a req-b23730c4-d512-4f7c-9a90-038be53bf91a ] Request (ImagesOneServerTestJSON:tearDownClass): 200 GET http://10.180.1.21/compute/v2.1/servers/d022c3a5-f3e8-4797-b61c-1384ee0ddaf4 0.099s
2025-02-18 10:48:25.178 64326 INFO tempest.lib.common.rest_client [req-9b592514-85ee-4334-aeb2-84ba3893a365 req-9b592514-85ee-4334-aeb2-84ba3893a365 ] Request (ServersTestJSON:setUpClass): 200 GET http://10.180.1.21/compute/v2.1/servers/02c4677b-6108-4c59-9ed6-64bcb9500580 0.170s
2025-02-18 10:48:25.213 64370 INFO tempest.lib.common.rest_client [req-445629dc-8ebb-42e8-8305-efdb4e90219a req-445629dc-8ebb-42e8-8305-efdb4e90219a ] Request (ServersAdminNegativeTestJSON:tearDownClass): 200 GET http://10.180.1.21/compute/v2.1/servers/336b1ee0-367c-4e85-89f3-ed825eb0d090 0.141s
2025-02-18 10:48:25.259 64384 INFO tempest.lib.common.rest_client [req-b90772e2-3496-40dc-b96e-8b8570f9c567 req-b90772e2-3496-40dc-b96e-8b8570f9c567 ] Request (ListServerFiltersTestJSON:tearDownClass): 200 GET http://10.180.1.21/compute/v2.1/servers/33233fb3-775a-4cac-8388-b152289ca665 0.116s
2025-02-18 10:48:25.343 64372 INFO tempest.lib.common.rest_client [req-17f01bc0-ef58-47b3-9414-e3b53f1393c4 req-17f01bc0-ef58-47b3-9414-e3b53f1393c4 ] Request (ServerDiagnosticsNegativeTest:test_get_server_diagnostics_by_non_admin): 200 GET http://10.180.1.21/compute/v2.1/servers/e71d730c-3cdb-4a92-a5e3-24e54437d5ea 0.080s
2025-02-18 10:48:25.403 64382 INFO tempest.lib.common.rest_client [req-396f4ae9-931e-44b7-b69b-4c102b3bcac9 req-396f4ae9-931e-44b7-b69b-4c102b3bcac9 ] Request (ServerRescueTestJSON:setUpClass): 200 GET http://10.180.1.21/compute/v2.1/servers/b9c7f2d8-361e-4429-8f52-2dbb0a983c66 0.230s
2025-02-18 10:48:25.409 64338 INFO tempest.lib.common.rest_client [req-04bd09bc-fb02-4f2e-a430-3515e27ca00c req-04bd09bc-fb02-4f2e-a430-3515e27ca00c ] Request (ServerDiskConfigTestJSON:test_resize_server_from_auto_to_manual): 200 GET http://10.180.1.21/compute/v2.1/servers/3657ee05-0bd1-4915-8feb-aa5abe51f44f 0.051s
2025-02-18 10:48:25.592 64360 INFO tempest.lib.common.rest_client [req-f5fb6336-ecc4-4761-ad58-86d7ed3c2ce4 req-f5fb6336-ecc4-4761-ad58-86d7ed3c2ce4 ] Request (DeleteServersTestJSON:test_delete_server_while_in_attached_volume): 200 GET http://10.180.1.21/compute/v2.1/servers/c5f875c7-329e-461d-b401-96e45b264750 0.054s
2025-02-18 10:48:25.685 64388 WARNING tempest.lib.common.ssh [-] Failed to establish authenticated ssh connection to cirros@10.180.180.190 ([Errno None] Unable to connect to port 22 on 10.180.180.190). Number attempts: 13. Retry after 14 seconds.: paramiko.ssh_exception.NoValidConnectionsError: [Errno None] Unable to connect to port 22 on 10.180.180.190
2025-02-18 10:48:25.784 64328 INFO tempest.lib.common.rest_client [req-9c246849-f37f-4853-9f0a-19d38650ca9b req-9c246849-f37f-4853-9f0a-19d38650ca9b ] Request (ServerActionsV293TestJSON:setUpClass): 200 GET http://10.180.1.21/compute/v2.1/servers/15b75697-a88d-44e2-abb1-070de248da89 0.141s
2025-02-18 10:48:25.794 64328 INFO tempest.common.waiters [-] State transition "BUILD/networking" ==> "BUILD/block_device_mapping" after 70 second wait
2025-02-18 10:48:25.841 64378 INFO tempest.lib.common.rest_client [req-1dc23bc2-5656-4448-b2d4-9a97ca5cfc71 req-1dc23bc2-5656-4448-b2d4-9a97ca5cfc71 ] Request (ServersAdminTestJSON:test_inject_network_info): 200 GET http://10.180.1.21/compute/v2.1/servers/73654b18-0f60-4fb9-87d3-024e8cbab781 0.129s
2025-02-18 10:48:25.860 64380 INFO tempest.lib.common.rest_client [req-28a91e9e-0991-49ae-ab25-5579b8a8251a req-28a91e9e-0991-49ae-ab25-5579b8a8251a ] Request (ServerMetadataTestJSON:tearDownClass): 200 GET http://10.180.1.21/compute/v2.1/servers/8032024d-21c7-4deb-8490-93327f50a7bb 0.158s
2025-02-18 10:48:25.897 64334 INFO tempest.lib.common.rest_client [req-a7af793f-bbe1-4338-9515-a17e1ca5c672 req-a7af793f-bbe1-4338-9515-a17e1ca5c672 ] Request (ServerRescueNegativeTestJSON:test_rescued_vm_detach_volume): 200 GET http://10.180.1.21/compute/v2.1/servers/ced51168-981c-46e8-9f03-550beb7f05df 0.135s
2025-02-18 10:48:25.913 64356 INFO tempest.lib.common.rest_client [req-2b6d0c1a-0f9d-416e-94d1-96cb610ebef0 req-2b6d0c1a-0f9d-416e-94d1-96cb610ebef0 ] Request (SecurityGroupsTestJSON:test_server_security_groups): 200 GET http://10.180.1.21/compute/v2.1/servers/1f13595f-1c0f-4523-88a5-6872db59385d 0.139s
2025-02-18 10:48:25.975 64342 INFO tempest.lib.common.rest_client [req-16659689-08bd-426f-b9be-12fd349e1fcc req-16659689-08bd-426f-b9be-12fd349e1fcc ] Request (ImagesTestJSON:test_create_image_from_suspended_server): 200 GET http://10.180.1.21/compute/v2.1/servers/adc28e8c-f6ea-48a1-9eaf-ddddfca48a78 0.134s
2025-02-18 10:48:25.992 64362 INFO tempest.lib.common.rest_client [req-0aa24681-0316-4b04-8185-12fcb38da347 req-0aa24681-0316-4b04-8185-12fcb38da347 ] Request (ListImageFiltersTestJSON:tearDownClass): 200 GET http://10.180.1.21/compute/v2.1/servers/ed2a040d-9bc0-42d7-9d86-1068ea1cbfdf 0.139s
2025-02-18 10:48:26.065 64346 INFO tempest.lib.common.rest_client [req-43510ddf-c5cb-42d6-890c-2767a4f018aa req-43510ddf-c5cb-42d6-890c-2767a4f018aa ] Request (FloatingIPsAssociationTestJSON:tearDownClass): 200 GET http://10.180.1.21/compute/v2.1/servers/dc4f082b-3bf2-47dd-b559-91b05119413a 0.129s
2025-02-18 10:48:26.067 64344 INFO tempest.lib.common.rest_client [req-4af5e294-240a-41d0-bfe8-9f5e454f3052 req-4af5e294-240a-41d0-bfe8-9f5e454f3052 ] Request (ServersAdmin275Test:tearDownClass): 200 GET http://10.180.1.21/compute/v2.1/servers/64efc8c6-303f-4d28-9752-af6f8d0dc6b5 0.133s
2025-02-18 10:48:26.136 64355 INFO tempest.lib.common.rest_client [req-dd05aa61-51a0-40cf-a892-dd23a83a73ca req-dd05aa61-51a0-40cf-a892-dd23a83a73ca ] Request (ImagesOneServerNegativeTestJSON:_run_cleanups): 200 GET http://10.180.1.21/compute/v2.1/servers/78ce3f57-0518-4683-920f-109f5f6a3b6f 0.147s
2025-02-18 10:48:26.142 64358 INFO tempest.lib.common.rest_client [req-aa311461-d46a-4082-baa6-bb1b1f3c6124 req-aa311461-d46a-4082-baa6-bb1b1f3c6124 ] Request (MigrationsAdminTest:test_resize_server_revert_deleted_flavor): 200 GET http://10.180.1.21/compute/v2.1/servers/33114f06-2337-4e53-843f-e1dc307416dd 0.131s
2025-02-18 10:48:26.150 64358 INFO tempest.common.waiters [-] State transition "BUILD/None" ==> "BUILD/networking" after 70 second wait
2025-02-18 10:48:26.203 64368 INFO tempest.lib.common.rest_client [req-8fe9da41-8592-4fa9-8c6c-4d9b75a75f17 req-8fe9da41-8592-4fa9-8c6c-4d9b75a75f17 ] Request (ServersTestFqdnHostnames:tearDownClass): 200 GET http://10.180.1.21/compute/v2.1/servers/c76dd1bc-051b-4d72-9e6b-00a0dec71abc 0.128s
2025-02-18 10:48:26.229 64376 INFO tempest.lib.common.rest_client [req-fa57ec52-4d94-4906-93f0-cad34934c417 req-fa57ec52-4d94-4906-93f0-cad34934c417 ] Request (ImagesOneServerTestJSON:tearDownClass): 200 GET http://10.180.1.21/compute/v2.1/servers/d022c3a5-f3e8-4797-b61c-1384ee0ddaf4 0.081s
2025-02-18 10:48:26.309 64370 INFO tempest.lib.common.rest_client [req-508a4826-316b-44d5-935e-3f51818add4d req-508a4826-316b-44d5-935e-3f51818add4d ] Request (ServersAdminNegativeTestJSON:tearDownClass): 200 GET http://10.180.1.21/compute/v2.1/servers/336b1ee0-367c-4e85-89f3-ed825eb0d090 0.084s
2025-02-18 10:48:26.385 64384 INFO tempest.lib.common.rest_client [req-965105e4-6e43-46f1-bc97-5ca969cf9131 req-965105e4-6e43-46f1-bc97-5ca969cf9131 ] Request (ListServerFiltersTestJSON:tearDownClass): 200 GET http://10.180.1.21/compute/v2.1/servers/33233fb3-775a-4cac-8388-b152289ca665 0.116s
2025-02-18 10:48:26.419 64326 INFO tempest.lib.common.rest_client [req-03fd0a96-a1ef-45e5-bea3-b4b43ad6b18b req-03fd0a96-a1ef-45e5-bea3-b4b43ad6b18b ] Request (ServersTestJSON:setUpClass): 200 GET http://10.180.1.21/compute/v2.1/servers/02c4677b-6108-4c59-9ed6-64bcb9500580 0.232s
2025-02-18 10:48:26.462 64372 INFO tempest.lib.common.rest_client [req-261c73e4-0210-4c02-b080-02a802c75ba6 req-261c73e4-0210-4c02-b080-02a802c75ba6 ] Request (ServerDiagnosticsNegativeTest:test_get_server_diagnostics_by_non_admin): 200 GET http://10.180.1.21/compute/v2.1/servers/e71d730c-3cdb-4a92-a5e3-24e54437d5ea 0.110s
2025-02-18 10:48:26.530 64338 INFO tempest.lib.common.rest_client [req-7e8ee374-6e9c-4b02-86cf-86a0cc903ff3 req-7e8ee374-6e9c-4b02-86cf-86a0cc903ff3 ] Request (ServerDiskConfigTestJSON:test_resize_server_from_auto_to_manual): 200 GET http://10.180.1.21/compute/v2.1/servers/3657ee05-0bd1-4915-8feb-aa5abe51f44f 0.111s
2025-02-18 10:48:26.612 64382 INFO tempest.lib.common.rest_client [req-0b03ca02-5638-4239-bbf6-2ebcd21c90fd req-0b03ca02-5638-4239-bbf6-2ebcd21c90fd ] Request (ServerRescueTestJSON:setUpClass): 200 GET http://10.180.1.21/compute/v2.1/servers/b9c7f2d8-361e-4429-8f52-2dbb0a983c66 0.198s
2025-02-18 10:48:26.645 64348 WARNING tempest.lib.common.ssh [-] Failed to establish authenticated ssh connection to cirros@10.180.180.251 ([Errno None] Unable to connect to port 22 on 10.180.180.251). Number attempts: 2. Retry after 3 seconds.: paramiko.ssh_exception.NoValidConnectionsError: [Errno None] Unable to connect to port 22 on 10.180.180.251
2025-02-18 10:48:26.669 64360 INFO tempest.lib.common.rest_client [req-063c4ecf-745d-4c82-94d1-15b092663e03 req-063c4ecf-745d-4c82-94d1-15b092663e03 ] Request (DeleteServersTestJSON:test_delete_server_while_in_attached_volume): 200 GET http://10.180.1.21/compute/v2.1/servers/c5f875c7-329e-461d-b401-96e45b264750 0.069s
2025-02-18 10:48:26.918 64378 INFO tempest.lib.common.rest_client [req-64dafb3a-ac34-4cde-9432-b8ceddb95f1c req-64dafb3a-ac34-4cde-9432-b8ceddb95f1c ] Request (ServersAdminTestJSON:test_inject_network_info): 200 GET http://10.180.1.21/compute/v2.1/servers/73654b18-0f60-4fb9-87d3-024e8cbab781 0.069s
2025-02-18 10:48:26.947 64328 INFO tempest.lib.common.rest_client [req-6720e8db-e7f2-497c-80c6-721ed1c90ae8 req-6720e8db-e7f2-497c-80c6-721ed1c90ae8 ] Request (ServerActionsV293TestJSON:setUpClass): 200 GET http://10.180.1.21/compute/v2.1/servers/15b75697-a88d-44e2-abb1-070de248da89 0.151s
2025-02-18 10:48:26.991 64380 INFO tempest.lib.common.rest_client [req-631677d5-3652-4d07-9489-08e40ae710d0 req-631677d5-3652-4d07-9489-08e40ae710d0 ] Request (ServerMetadataTestJSON:tearDownClass): 200 GET http://10.180.1.21/compute/v2.1/servers/8032024d-21c7-4deb-8490-93327f50a7bb 0.124s
2025-02-18 10:48:27.005 64334 INFO tempest.lib.common.rest_client [req-7f1e9b36-c6d0-43c0-b846-68cb9297db27 req-7f1e9b36-c6d0-43c0-b846-68cb9297db27 ] Request (ServerRescueNegativeTestJSON:test_rescued_vm_detach_volume): 200 GET http://10.180.1.21/compute/v2.1/servers/ced51168-981c-46e8-9f03-550beb7f05df 0.099s
2025-02-18 10:48:27.048 64356 INFO tempest.lib.common.rest_client [req-4dc15f70-b9f7-4452-b177-120d30081c72 req-4dc15f70-b9f7-4452-b177-120d30081c72 ] Request (SecurityGroupsTestJSON:test_server_security_groups): 200 GET http://10.180.1.21/compute/v2.1/servers/1f13595f-1c0f-4523-88a5-6872db59385d 0.127s
2025-02-18 10:48:27.064 64342 INFO tempest.lib.common.rest_client [req-89746c16-a2d9-442e-bcba-74a2486a3b10 req-89746c16-a2d9-442e-bcba-74a2486a3b10 ] Request (ImagesTestJSON:test_create_image_from_suspended_server): 200 GET http://10.180.1.21/compute/v2.1/servers/adc28e8c-f6ea-48a1-9eaf-ddddfca48a78 0.081s
2025-02-18 10:48:27.113 64362 INFO tempest.lib.common.rest_client [req-81901775-9c7a-4447-9cbf-6f291b911ca0 req-81901775-9c7a-4447-9cbf-6f291b911ca0 ] Request (ListImageFiltersTestJSON:tearDownClass): 200 GET http://10.180.1.21/compute/v2.1/servers/ed2a040d-9bc0-42d7-9d86-1068ea1cbfdf 0.114s
2025-02-18 10:48:27.138 64346 INFO tempest.lib.common.rest_client [req-6dcfddcf-e789-46c4-8c03-245731425310 req-6dcfddcf-e789-46c4-8c03-245731425310 ] Request (FloatingIPsAssociationTestJSON:tearDownClass): 200 GET http://10.180.1.21/compute/v2.1/servers/dc4f082b-3bf2-47dd-b559-91b05119413a 0.064s
2025-02-18 10:48:27.177 64344 INFO tempest.lib.common.rest_client [req-e16e5444-26ba-41fe-a15e-bab22ed66041 req-e16e5444-26ba-41fe-a15e-bab22ed66041 ] Request (ServersAdmin275Test:tearDownClass): 200 GET http://10.180.1.21/compute/v2.1/servers/64efc8c6-303f-4d28-9752-af6f8d0dc6b5 0.100s
2025-02-18 10:48:27.206 64355 INFO tempest.lib.common.rest_client [req-43500707-318a-4d0f-a8e4-43ec286a9a92 req-43500707-318a-4d0f-a8e4-43ec286a9a92 ] Request (ImagesOneServerNegativeTestJSON:_run_cleanups): 200 GET http://10.180.1.21/compute/v2.1/servers/78ce3f57-0518-4683-920f-109f5f6a3b6f 0.061s
2025-02-18 10:48:27.235 64352 WARNING tempest.lib.common.ssh [-] Failed to establish authenticated ssh connection to cirros@10.180.180.136 ([Errno None] Unable to connect to port 22 on 10.180.180.136). Number attempts: 13. Retry after 14 seconds.: paramiko.ssh_exception.NoValidConnectionsError: [Errno None] Unable to connect to port 22 on 10.180.180.136
2025-02-18 10:48:27.272 64368 INFO tempest.lib.common.rest_client [req-94adad30-3eb4-4cc4-afea-bde81921f374 req-94adad30-3eb4-4cc4-afea-bde81921f374 ] Request (ServersTestFqdnHostnames:tearDownClass): 200 GET http://10.180.1.21/compute/v2.1/servers/c76dd1bc-051b-4d72-9e6b-00a0dec71abc 0.060s
2025-02-18 10:48:27.285 64336 INFO paramiko.transport [-] Connected (version 2.0, client dropbear_2020.81)
2025-02-18 10:48:27.302 64358 INFO tempest.lib.common.rest_client [req-80aeabf3-61c1-4db2-aaec-963c8fe67a24 req-80aeabf3-61c1-4db2-aaec-963c8fe67a24 ] Request (MigrationsAdminTest:test_resize_server_revert_deleted_flavor): 200 GET http://10.180.1.21/compute/v2.1/servers/33114f06-2337-4e53-843f-e1dc307416dd 0.152s
2025-02-18 10:48:27.310 64358 INFO tempest.common.waiters [-] State transition "BUILD/networking" ==> "BUILD/block_device_mapping" after 71 second wait
2025-02-18 10:48:27.324 64376 INFO tempest.lib.common.rest_client [req-6130553d-309f-47df-858b-6b41460b1f21 req-6130553d-309f-47df-858b-6b41460b1f21 ] Request (ImagesOneServerTestJSON:tearDownClass): 200 GET http://10.180.1.21/compute/v2.1/servers/d022c3a5-f3e8-4797-b61c-1384ee0ddaf4 0.082s
2025-02-18 10:48:27.378 64370 INFO tempest.lib.common.rest_client [req-9005e21f-0abd-47fe-a1dd-238250d591a7 req-9005e21f-0abd-47fe-a1dd-238250d591a7 ] Request (ServersAdminNegativeTestJSON:tearDownClass): 200 GET http://10.180.1.21/compute/v2.1/servers/336b1ee0-367c-4e85-89f3-ed825eb0d090 0.061s
2025-02-18 10:48:27.399 64336 INFO paramiko.transport [-] Authentication (publickey) successful!
2025-02-18 10:48:27.399 64336 INFO tempest.lib.common.ssh [-] ssh connection to cirros@10.180.180.243 successfully created
2025-02-18 10:48:27.479 64384 INFO tempest.lib.common.rest_client [req-f2014e6d-cf99-4994-81db-a6a2e14f481e req-f2014e6d-cf99-4994-81db-a6a2e14f481e ] Request (ListServerFiltersTestJSON:tearDownClass): 200 GET http://10.180.1.21/compute/v2.1/servers/33233fb3-775a-4cac-8388-b152289ca665 0.085s
2025-02-18 10:48:27.565 64336 INFO tempest.lib.common.rest_client [req-d9db334c-9d54-4edb-98f7-c92bd10c2e41 req-d9db334c-9d54-4edb-98f7-c92bd10c2e41 ] Request (AttachInterfacesUnderV243Test:test_add_remove_fixed_ip): 200 GET http://10.180.1.21/compute/v2.1/servers/8f26b522-e4ff-4840-be9b-18832bc61144/os-interface 0.165s
2025-02-18 10:48:27.618 64326 INFO tempest.lib.common.rest_client [req-8f0ed0bd-ebe4-4862-8f6e-31a2b5f01dc6 req-8f0ed0bd-ebe4-4862-8f6e-31a2b5f01dc6 ] Request (ServersTestJSON:setUpClass): 200 GET http://10.180.1.21/compute/v2.1/servers/02c4677b-6108-4c59-9ed6-64bcb9500580 0.186s
2025-02-18 10:48:27.639 64372 INFO tempest.lib.common.rest_client [req-52d148da-74af-4d2f-9db4-a1c8a2af0c6b req-52d148da-74af-4d2f-9db4-a1c8a2af0c6b ] Request (ServerDiagnosticsNegativeTest:test_get_server_diagnostics_by_non_admin): 200 GET http://10.180.1.21/compute/v2.1/servers/e71d730c-3cdb-4a92-a5e3-24e54437d5ea 0.170s
2025-02-18 10:48:27.675 64338 INFO tempest.lib.common.rest_client [req-9e090f0c-a349-4c04-839a-20dc03d7707f req-9e090f0c-a349-4c04-839a-20dc03d7707f ] Request (ServerDiskConfigTestJSON:test_resize_server_from_auto_to_manual): 200 GET http://10.180.1.21/compute/v2.1/servers/3657ee05-0bd1-4915-8feb-aa5abe51f44f 0.137s
2025-02-18 10:48:27.703 64336 INFO tempest.lib.common.rest_client [req-9c54d102-52af-48a6-a7b0-8132eab30b35 req-9c54d102-52af-48a6-a7b0-8132eab30b35 ] Request (AttachInterfacesUnderV243Test:test_add_remove_fixed_ip): 200 GET http://10.180.1.21/compute/v2.1/servers/8f26b522-e4ff-4840-be9b-18832bc61144/os-interface/576cd308-0e50-4c81-bc32-01af2d5469ca 0.135s
2025-02-18 10:48:27.774 64360 INFO tempest.lib.common.rest_client [req-7c8203da-eaf3-4c00-ba03-3843d17aea39 req-7c8203da-eaf3-4c00-ba03-3843d17aea39 ] Request (DeleteServersTestJSON:test_delete_server_while_in_attached_volume): 200 GET http://10.180.1.21/compute/v2.1/servers/c5f875c7-329e-461d-b401-96e45b264750 0.096s
2025-02-18 10:48:27.786 64360 INFO tempest.common.waiters [-] State transition "ACTIVE/deleting" ==> "DELETED/None" after 5 second wait
2025-02-18 10:48:27.796 64382 INFO tempest.lib.common.rest_client [req-2b312646-21f5-4521-a133-6076abb611b0 req-2b312646-21f5-4521-a133-6076abb611b0 ] Request (ServerRescueTestJSON:setUpClass): 200 GET http://10.180.1.21/compute/v2.1/servers/b9c7f2d8-361e-4429-8f52-2dbb0a983c66 0.173s
2025-02-18 10:48:27.805 64336 INFO tempest.lib.common.rest_client [req-a1a63717-164d-4fed-8edf-02e5ec1c6f4e req-a1a63717-164d-4fed-8edf-02e5ec1c6f4e ] Request (AttachInterfacesUnderV243Test:test_add_remove_fixed_ip): 200 GET http://10.180.1.21/compute/v2.1/servers/8f26b522-e4ff-4840-be9b-18832bc61144/ips 0.099s
2025-02-18 10:48:27.837 64336 INFO tempest.lib.common.rest_client [req-b60abc08-e846-4bd0-94ad-0bd0824aa925 req-b60abc08-e846-4bd0-94ad-0bd0824aa925 ] Request (AttachInterfacesUnderV243Test:test_add_remove_fixed_ip): 202 POST http://10.180.1.21/compute/v2.1/servers/8f26b522-e4ff-4840-be9b-18832bc61144/action 0.030s
2025-02-18 10:48:27.865 64336 INFO tempest.lib.common.rest_client [req-f21b7073-3de6-47b1-9302-d65559b73592 req-f21b7073-3de6-47b1-9302-d65559b73592 ] Request (AttachInterfacesUnderV243Test:test_add_remove_fixed_ip): 200 GET http://10.180.1.21/compute/v2.1/servers/8f26b522-e4ff-4840-be9b-18832bc61144/ips 0.027s
2025-02-18 10:48:27.981 64378 INFO tempest.lib.common.rest_client [req-24507cc0-e948-4826-8847-10c5bf68fabb req-24507cc0-e948-4826-8847-10c5bf68fabb ] Request (ServersAdminTestJSON:test_inject_network_info): 200 GET http://10.180.1.21/compute/v2.1/servers/73654b18-0f60-4fb9-87d3-024e8cbab781 0.054s
2025-02-18 10:48:28.071 64380 INFO tempest.lib.common.rest_client [req-e224d0fd-fc1f-4b22-a927-1146bab10ad1 req-e224d0fd-fc1f-4b22-a927-1146bab10ad1 ] Request (ServerMetadataTestJSON:tearDownClass): 200 GET http://10.180.1.21/compute/v2.1/servers/8032024d-21c7-4deb-8490-93327f50a7bb 0.072s
2025-02-18 10:48:28.082 64380 INFO tempest.common.waiters [-] State transition "ACTIVE/deleting" ==> "DELETED/None" after 5 second wait
2025-02-18 10:48:28.083 64328 INFO tempest.lib.common.rest_client [req-728da527-bf7e-4489-b780-171b533cef76 req-728da527-bf7e-4489-b780-171b533cef76 ] Request (ServerActionsV293TestJSON:setUpClass): 200 GET http://10.180.1.21/compute/v2.1/servers/15b75697-a88d-44e2-abb1-070de248da89 0.113s
2025-02-18 10:48:28.099 64328 INFO tempest.common.waiters [-] State transition "BUILD/block_device_mapping" ==> "BUILD/spawning" after 73 second wait
2025-02-18 10:48:28.119 64334 INFO tempest.lib.common.rest_client [req-e0b3d132-c5ac-4ef6-ae93-1704eb2d59a0 req-e0b3d132-c5ac-4ef6-ae93-1704eb2d59a0 ] Request (ServerRescueNegativeTestJSON:test_rescued_vm_detach_volume): 200 GET http://10.180.1.21/compute/v2.1/servers/ced51168-981c-46e8-9f03-550beb7f05df 0.107s
2025-02-18 10:48:28.134 64356 INFO tempest.lib.common.rest_client [req-577e4667-7750-4d6b-85b6-b96d1180bbb7 req-577e4667-7750-4d6b-85b6-b96d1180bbb7 ] Request (SecurityGroupsTestJSON:test_server_security_groups): 200 GET http://10.180.1.21/compute/v2.1/servers/1f13595f-1c0f-4523-88a5-6872db59385d 0.069s
2025-02-18 10:48:28.161 64342 INFO tempest.lib.common.rest_client [req-45dbf68a-652f-4929-b5c6-88e9be7cd7d9 req-45dbf68a-652f-4929-b5c6-88e9be7cd7d9 ] Request (ImagesTestJSON:test_create_image_from_suspended_server): 200 GET http://10.180.1.21/compute/v2.1/servers/adc28e8c-f6ea-48a1-9eaf-ddddfca48a78 0.086s
2025-02-18 10:48:28.181 64362 INFO tempest.lib.common.rest_client [req-b5a75975-cc65-4fa7-904e-3968f6c123a7 req-b5a75975-cc65-4fa7-904e-3968f6c123a7 ] Request (ListImageFiltersTestJSON:tearDownClass): 200 GET http://10.180.1.21/compute/v2.1/servers/ed2a040d-9bc0-42d7-9d86-1068ea1cbfdf 0.061s
2025-02-18 10:48:28.210 64346 INFO tempest.lib.common.rest_client [req-4ce3b432-7bb2-4f9d-8509-3a1a2ac5d713 req-4ce3b432-7bb2-4f9d-8509-3a1a2ac5d713 ] Request (FloatingIPsAssociationTestJSON:tearDownClass): 200 GET http://10.180.1.21/compute/v2.1/servers/dc4f082b-3bf2-47dd-b559-91b05119413a 0.064s
2025-02-18 10:48:28.243 64344 INFO tempest.lib.common.rest_client [req-340d438a-93f9-4fba-98c7-3383b17cd49f req-340d438a-93f9-4fba-98c7-3383b17cd49f ] Request (ServersAdmin275Test:tearDownClass): 200 GET http://10.180.1.21/compute/v2.1/servers/64efc8c6-303f-4d28-9752-af6f8d0dc6b5 0.056s
2025-02-18 10:48:28.260 64355 INFO tempest.lib.common.rest_client [req-355f1fed-a02f-4746-aeaf-8fc7e5c014f0 req-355f1fed-a02f-4746-aeaf-8fc7e5c014f0 ] Request (ImagesOneServerNegativeTestJSON:_run_cleanups): 200 GET http://10.180.1.21/compute/v2.1/servers/78ce3f57-0518-4683-920f-109f5f6a3b6f 0.046s
2025-02-18 10:48:28.337 64368 INFO tempest.lib.common.rest_client [req-f043b976-e55e-4b56-8c0f-44b7302e5cf0 req-f043b976-e55e-4b56-8c0f-44b7302e5cf0 ] Request (ServersTestFqdnHostnames:tearDownClass): 200 GET http://10.180.1.21/compute/v2.1/servers/c76dd1bc-051b-4d72-9e6b-00a0dec71abc 0.056s
2025-02-18 10:48:28.406 64376 INFO tempest.lib.common.rest_client [req-17ac8df1-dc4d-45ee-b721-541ef8242be4 req-17ac8df1-dc4d-45ee-b721-541ef8242be4 ] Request (ImagesOneServerTestJSON:tearDownClass): 200 GET http://10.180.1.21/compute/v2.1/servers/d022c3a5-f3e8-4797-b61c-1384ee0ddaf4 0.073s
2025-02-18 10:48:28.489 64332 WARNING tempest.lib.common.ssh [-] Failed to establish authenticated ssh connection to cirros@10.180.180.188 ([Errno None] Unable to connect to port 22 on 10.180.180.188). Number attempts: 3. Retry after 4 seconds.: paramiko.ssh_exception.NoValidConnectionsError: [Errno None] Unable to connect to port 22 on 10.180.180.188
2025-02-18 10:48:28.734 64370 INFO tempest.lib.common.rest_client [req-71d9e7d1-57f2-4a0c-a250-cd60595c56f2 req-71d9e7d1-57f2-4a0c-a250-cd60595c56f2 ] Request (ServersAdminNegativeTestJSON:tearDownClass): 200 GET http://10.180.1.21/compute/v2.1/servers/336b1ee0-367c-4e85-89f3-ed825eb0d090 0.347s
2025-02-18 10:48:28.785 64358 INFO tempest.lib.common.rest_client [req-084545f8-d43e-435a-aade-bae8b65c618d req-084545f8-d43e-435a-aade-bae8b65c618d ] Request (MigrationsAdminTest:test_resize_server_revert_deleted_flavor): 200 GET http://10.180.1.21/compute/v2.1/servers/33114f06-2337-4e53-843f-e1dc307416dd 0.473s
2025-02-18 10:48:28.792 64358 INFO tempest.common.waiters [-] State transition "BUILD/block_device_mapping" ==> "BUILD/spawning" after 72 second wait
2025-02-18 10:48:28.816 64384 INFO tempest.lib.common.rest_client [req-fdc1521a-25ed-406d-a40c-26384a9cae48 req-fdc1521a-25ed-406d-a40c-26384a9cae48 ] Request (ListServerFiltersTestJSON:tearDownClass): 200 GET http://10.180.1.21/compute/v2.1/servers/33233fb3-775a-4cac-8388-b152289ca665 0.323s
2025-02-18 10:48:28.895 64350 INFO paramiko.transport [-] Connected (version 2.0, client dropbear_2020.81)
