2024-11-05 05:20:46.336 64521 INFO tempest.lib.common.rest_client [req-1e7c3bb2-533b-4611-874b-faf16a4cef84 req-1e7c3bb2-533b-4611-874b-faf16a4cef84 ] Request (ImagesNegativeTestJSON:test_create_image_from_deleted_server): 200 GET http://10.180.1.21/compute/v2.1/servers/e0282131-b840-49e9-a953-77197e6f45c2 0.808s
2024-11-05 05:20:46.410 64483 INFO tempest.lib.common.rest_client [req-ef8244e3-b598-4766-b062-a37dce615dff req-ef8244e3-b598-4766-b062-a37dce615dff ] Request (ServersTestJSON:test_create_server_specify_multibyte_character_name): 200 GET http://10.180.1.21/compute/v2.1/servers/79577681-244f-478f-b248-6943e93d1e11 0.825s
2024-11-05 05:20:46.476 64535 INFO tempest.lib.common.rest_client [req-f6c6d32c-c647-49c7-ab04-52e7f54c4e9c req-f6c6d32c-c647-49c7-ab04-52e7f54c4e9c ] Request (ServerAddressesNegativeTestJSON:tearDownClass): 200 GET http://10.180.1.21/compute/v2.1/servers/0f132a8e-a5a8-4459-ac91-50716514d4f0 0.817s
2024-11-05 05:20:46.588 64495 INFO tempest.lib.common.rest_client [req-7d24a363-0990-4816-a394-eddb71158fcb req-7d24a363-0990-4816-a394-eddb71158fcb ] Request (InstanceActionsNegativeTestJSON:setUpClass): 200 GET http://10.180.1.21/compute/v2.1/servers/96ec00e4-cd74-4a91-b965-0a16c2c466a6 0.780s
2024-11-05 05:20:46.612 64509 INFO tempest.lib.common.rest_client [req-c578cdb7-cc75-4b14-9bc3-96f2eda66dae req-c578cdb7-cc75-4b14-9bc3-96f2eda66dae ] Request (ServersTestFqdnHostnames:test_create_server_with_fqdn_name): 201 POST http://10.180.1.21:9696/networking/v2.0/floatingips 0.435s
2024-11-05 05:20:46.646 64505 INFO tempest.lib.common.rest_client [req-20966fad-b33e-4ab0-bf74-f14497c63d20 req-20966fad-b33e-4ab0-bf74-f14497c63d20 ] Request (SecurityGroupsTestJSON:test_server_security_groups): 202 POST http://10.180.1.21/compute/v2.1/servers 1.062s
2024-11-05 05:20:46.647 64509 INFO tempest.lib.common.rest_client [req-451119e8-b838-4f4f-8402-da41e0c0669f req-451119e8-b838-4f4f-8402-da41e0c0669f ] Request (ServersTestFqdnHostnames:test_create_server_with_fqdn_name): 201 POST http://10.180.1.21/identity/v3/auth/tokens 0.029s
2024-11-05 05:20:46.647 64509 INFO tempest.lib.common.fixed_network [-] (ServersTestFqdnHostnames:test_create_server_with_fqdn_name) Found network {'id': '7dde384e-86ab-414a-82a7-da68f0e9dc64', 'name': 'tempest-ServersTestFqdnHostnames-876068993-network', 'tenant_id': '1b5954d16d084e40a0709c7df322d809', 'admin_state_up': True, 'mtu': 8950, 'status': 'ACTIVE', 'subnets': [], 'shared': False, 'project_id': '1b5954d16d084e40a0709c7df322d809', 'port_security_enabled': True, 'router:external': False, 'provider:network_type': 'vlan', 'provider:physical_network': 'default', 'provider:segmentation_id': 814, 'is_default': False, 'availability_zone_hints': [], 'availability_zones': [], 'ipv4_address_scope': None, 'ipv6_address_scope': None, 'description': '', 'tags': [], 'created_at': '2024-11-05T05:20:43Z', 'updated_at': '2024-11-05T05:20:43Z', 'revision_number': 1} available for tenant
2024-11-05 05:20:46.654 64543 INFO tempest.lib.common.rest_client [req-5ea63346-b183-4188-b9e9-e56a8afc7c80 req-5ea63346-b183-4188-b9e9-e56a8afc7c80 ] Request (VolumesAdminNegativeTest:tearDownClass): 200 GET http://10.180.1.21/compute/v2.1/servers/a0c8ac61-f59f-42f8-b463-a9a62d06913e 0.769s
2024-11-05 05:20:46.715 64493 INFO tempest.lib.common.rest_client [req-b38a9367-1407-4ba9-a291-7d69e9747043 req-b38a9367-1407-4ba9-a291-7d69e9747043 ] Request (ImagesOneServerNegativeTestJSON:_run_cleanups): 200 GET http://10.180.1.21/compute/v2.1/servers/ae9ba594-0e12-4c4e-a4be-f8e4b61010c0 0.767s
2024-11-05 05:20:46.728 64515 INFO tempest.lib.common.rest_client [req-6f39233b-b1d8-484d-8969-2c6a7a81c582 req-6f39233b-b1d8-484d-8969-2c6a7a81c582 ] Request (InstanceActionsTestJSON:tearDownClass): 200 GET http://10.180.1.21/compute/v2.1/servers/d6d1041a-7097-4975-9fe7-a94ae3a91a11 0.749s
2024-11-05 05:20:46.789 64485 INFO tempest.lib.common.rest_client [req-158ee827-1bfc-4f62-b9ef-c392c8f57073 req-158ee827-1bfc-4f62-b9ef-c392c8f57073 ] Request (AttachInterfacesTestJSON:_run_cleanups): 200 GET http://10.180.1.21/compute/v2.1/servers/038a7592-3daa-41c2-a153-a716cd4abc1c 0.722s
2024-11-05 05:20:46.846 64519 INFO tempest.lib.common.rest_client [req-70608626-4cbb-4b04-87a9-54329ea49284 req-70608626-4cbb-4b04-87a9-54329ea49284 ] Request (ServerRescueTestJSONUnderV235:tearDownClass): 200 GET http://10.180.1.21/compute/v2.1/servers/87653ee3-1c93-455f-83a9-d05668788f59 0.699s
2024-11-05 05:20:46.897 64491 INFO tempest.lib.common.rest_client [req-51787eb7-f80c-4112-ae36-70ce6938e3b5 req-51787eb7-f80c-4112-ae36-70ce6938e3b5 ] Request (AttachVolumeTestJSON:test_attach_detach_volume): 200 GET http://10.180.1.21/compute/v2.1/servers/9cc18699-752b-48d5-a269-47193a4a3eb8 0.682s
2024-11-05 05:20:46.941 64507 INFO tempest.lib.common.rest_client [req-9b2f1c11-13da-4da4-a228-d6b20cff05eb req-9b2f1c11-13da-4da4-a228-d6b20cff05eb ] Request (ServerActionsTestOtherA:test_rebuild_server_in_stop_state): 200 GET http://10.180.1.21/compute/v2.1/servers/9a09a85b-8586-4f25-987a-6dec8186e7ee 0.652s
2024-11-05 05:20:46.970 64541 INFO tempest.lib.common.rest_client [req-97e4ead0-9c76-4090-8cb9-5c4a5e90fa61 req-97e4ead0-9c76-4090-8cb9-5c4a5e90fa61 ] Request (ImagesMetadataTestJSON:setUp): 200 PUT http://10.180.1.21/compute/v2.1/images/c553c8ad-e2a4-447c-bef1-5bfb7b3d5560/metadata 0.887s
2024-11-05 05:20:47.031 64501 INFO tempest.lib.common.rest_client [req-31140062-f067-41f9-9afa-cdc2202615e7 req-31140062-f067-41f9-9afa-cdc2202615e7 ] Request (ServersAdminNegativeTestJSON:tearDownClass): 200 GET http://10.180.1.21/compute/v2.1/servers/f7ae1061-3b3b-4080-b2ce-0057203448ab 0.465s
2024-11-05 05:20:47.043 64533 INFO tempest.lib.common.rest_client [req-7600c5ad-6ef7-4825-8492-3d3656d9cc37 req-7600c5ad-6ef7-4825-8492-3d3656d9cc37 ] Request (ServersAdminTestJSON:test_create_server_with_scheduling_hint): 200 GET http://10.180.1.21/compute/v2.1/servers/d37eb60e-009f-4e32-aef3-3633ee1d0e31 0.560s
2024-11-05 05:20:47.049 64533 INFO tempest.common.waiters [-] State transition "BUILD/spawning" ==> "ACTIVE/None" after 43 second wait
2024-11-05 05:20:47.064 64505 INFO tempest.lib.common.rest_client [req-e14c4b5b-4069-4483-a8a2-b472d23a6929 req-e14c4b5b-4069-4483-a8a2-b472d23a6929 ] Request (SecurityGroupsTestJSON:test_server_security_groups): 200 GET http://10.180.1.21/compute/v2.1/servers/b236a49a-2bba-4792-86d4-9c5ed03edad9 0.416s
2024-11-05 05:20:47.128 64533 INFO tempest.lib.common.rest_client [req-bc998097-c097-4d5d-b87d-6cadd72841ba req-bc998097-c097-4d5d-b87d-6cadd72841ba ] Request (ServersAdminTestJSON:test_inject_network_info): 201 POST http://10.180.1.21/identity/v3/auth/tokens 0.075s
2024-11-05 05:20:47.129 64533 INFO tempest.lib.common.fixed_network [-] (ServersAdminTestJSON:test_inject_network_info) Found network {'id': 'fa135d68-ef54-402d-8691-81435e968da5', 'name': 'tempest-ServersAdminTestJSON-2033772614-network', 'tenant_id': 'e28431167f5248e4961464599fa5665b', 'admin_state_up': True, 'mtu': 8950, 'status': 'ACTIVE', 'subnets': [], 'shared': False, 'project_id': 'e28431167f5248e4961464599fa5665b', 'port_security_enabled': True, 'router:external': False, 'provider:network_type': 'vlan', 'provider:physical_network': 'default', 'provider:segmentation_id': 222, 'is_default': False, 'availability_zone_hints': [], 'availability_zones': [], 'ipv4_address_scope': None, 'ipv6_address_scope': None, 'description': '', 'tags': [], 'created_at': '2024-11-05T05:18:51Z', 'updated_at': '2024-11-05T05:18:51Z', 'revision_number': 1} available for tenant
2024-11-05 05:20:47.136 64487 INFO tempest.lib.common.rest_client [req-e51f2323-c46c-4cef-9cad-4e4c6cbfe7f0 req-e51f2323-c46c-4cef-9cad-4e4c6cbfe7f0 ] Request (ListImageFiltersTestJSON:setUpClass): 200 GET http://10.180.1.21/compute/v2.1/servers/2039ee99-c178-4d97-94b9-eb1a73e80e55 0.486s
2024-11-05 05:20:47.442 64541 INFO tempest.lib.common.rest_client [req-11118aef-36db-4159-87be-86cf989c97d8 req-11118aef-36db-4159-87be-86cf989c97d8 ] Request (ImagesMetadataTestJSON:test_set_image_metadata_item): 200 PUT http://10.180.1.21/compute/v2.1/images/c553c8ad-e2a4-447c-bef1-5bfb7b3d5560/metadata/os_version 0.471s
2024-11-05 05:20:47.520 64531 INFO tempest.lib.common.rest_client [req-a8761067-85eb-4df9-9835-3b59ceeab104 req-a8761067-85eb-4df9-9835-3b59ceeab104 ] Request (ServerTagsTestJSON:setUpClass): 200 GET http://10.180.1.21/compute/v2.1/servers/66fa87aa-4aef-483e-8761-1368c7819643 0.509s
2024-11-05 05:20:47.666 64529 INFO tempest.lib.common.rest_client [req-3fa60189-c7b3-4fcc-a123-5294e46abb36 req-3fa60189-c7b3-4fcc-a123-5294e46abb36 ] Request (ServerDiskConfigTestJSON:test_rebuild_server_with_manual_disk_config): 200 GET http://10.180.1.21/compute/v2.1/servers/1dfbefa8-2f1c-405d-9ad4-b3c41c5d7464 0.624s
2024-11-05 05:20:47.672 64529 INFO tempest.common.waiters [-] State transition "BUILD/block_device_mapping" ==> "BUILD/spawning" after 37 second wait
2024-11-05 05:20:47.683 64509 INFO tempest.lib.common.rest_client [req-dac4101b-48af-42ee-82e2-1ebfac0b8581 req-dac4101b-48af-42ee-82e2-1ebfac0b8581 ] Request (ServersTestFqdnHostnames:test_create_server_with_fqdn_name): 202 POST http://10.180.1.21/compute/v2.1/servers 1.035s
2024-11-05 05:20:47.750 64499 INFO tempest.lib.common.rest_client [req-39916e50-0e55-49c5-bbf1-aacdb8a566ef req-39916e50-0e55-49c5-bbf1-aacdb8a566ef ] Request (AttachInterfacesUnderV243Test:_run_cleanups): 200 GET http://10.180.1.21/compute/v2.1/servers/7403ff8e-bd17-49f1-87cd-f35e272a33f4 0.576s
2024-11-05 05:20:47.946 64527 INFO tempest.lib.common.rest_client [req-0edd42a2-e72a-422c-a61d-dfd73cd3ca49 req-0edd42a2-e72a-422c-a61d-dfd73cd3ca49 ] Request (MigrationsAdminTest:test_resize_server_revert_deleted_flavor): 200 GET http://10.180.1.21/compute/v2.1/servers/ac9c0c42-eab0-4190-b74c-3874ddc61771 0.755s
2024-11-05 05:20:48.010 64539 INFO tempest.lib.common.rest_client [req-408e05a8-1c15-43da-9366-e282eaff339e req-408e05a8-1c15-43da-9366-e282eaff339e ] Request (ImagesTestJSON:test_create_server_from_snapshot): 200 GET http://10.180.1.21/compute/v2.1/servers/90dfc067-8069-48be-8825-363b0075f40f 0.758s
2024-11-05 05:20:48.061 64533 INFO tempest.lib.common.rest_client [req-66cdf711-90aa-4ea8-8cd3-b5a306cd1b61 req-66cdf711-90aa-4ea8-8cd3-b5a306cd1b61 ] Request (ServersAdminTestJSON:test_inject_network_info): 202 POST http://10.180.1.21/compute/v2.1/servers 0.931s
2024-11-05 05:20:48.068 64525 INFO tempest.lib.common.rest_client [req-bcb404a2-8aa2-44d3-9665-923a1ccf43c2 req-bcb404a2-8aa2-44d3-9665-923a1ccf43c2 ] Request (FloatingIPsAssociationTestJSON:tearDownClass): 200 GET http://10.180.1.21/compute/v2.1/servers/2fe5db1b-ec7e-403e-9fe9-6acda163df6c 0.808s
2024-11-05 05:20:48.075 64525 INFO tempest.common.waiters [-] State transition "ACTIVE/deleting" ==> "DELETED/None" after 4 second wait
2024-11-05 05:20:48.104 64537 WARNING tempest.lib.common.ssh [-] Failed to establish authenticated ssh connection to cirros@10.180.180.134 ([Errno None] Unable to connect to port 22 on 10.180.180.134). Number attempts: 5. Retry after 6 seconds.: paramiko.ssh_exception.NoValidConnectionsError: [Errno None] Unable to connect to port 22 on 10.180.180.134
2024-11-05 05:20:48.127 64521 INFO tempest.lib.common.rest_client [req-50cc71e2-8576-4720-a2db-1b6fd39819a7 req-50cc71e2-8576-4720-a2db-1b6fd39819a7 ] Request (ImagesNegativeTestJSON:test_create_image_from_deleted_server): 200 GET http://10.180.1.21/compute/v2.1/servers/e0282131-b840-49e9-a953-77197e6f45c2 0.779s
2024-11-05 05:20:48.136 64521 INFO tempest.common.waiters [-] State transition "ACTIVE/deleting" ==> "DELETED/None" after 4 second wait
2024-11-05 05:20:48.136 64483 INFO tempest.lib.common.rest_client [req-fea6b110-8f64-4d32-8bbd-bdc5886e2970 req-fea6b110-8f64-4d32-8bbd-bdc5886e2970 ] Request (ServersTestJSON:test_create_server_specify_multibyte_character_name): 200 GET http://10.180.1.21/compute/v2.1/servers/79577681-244f-478f-b248-6943e93d1e11 0.716s
2024-11-05 05:20:48.167 64541 INFO tempest.lib.common.rest_client [req-d1ef7e70-126f-46d5-ae36-ab3e5d31831a req-d1ef7e70-126f-46d5-ae36-ab3e5d31831a ] Request (ImagesMetadataTestJSON:test_set_image_metadata_item): 200 GET http://10.180.1.21/compute/v2.1/images/c553c8ad-e2a4-447c-bef1-5bfb7b3d5560/metadata 0.723s
2024-11-05 05:20:48.211 64535 INFO tempest.lib.common.rest_client [req-c69ad901-fd63-4b52-8624-b4dd0cea455b req-c69ad901-fd63-4b52-8624-b4dd0cea455b ] Request (ServerAddressesNegativeTestJSON:tearDownClass): 200 GET http://10.180.1.21/compute/v2.1/servers/0f132a8e-a5a8-4459-ac91-50716514d4f0 0.727s
2024-11-05 05:20:48.293 64543 INFO tempest.lib.common.rest_client [req-48adeee2-4a5d-444e-950a-02015d0cf87b req-48adeee2-4a5d-444e-950a-02015d0cf87b ] Request (VolumesAdminNegativeTest:tearDownClass): 200 GET http://10.180.1.21/compute/v2.1/servers/a0c8ac61-f59f-42f8-b463-a9a62d06913e 0.623s
2024-11-05 05:20:48.303 64495 INFO tempest.lib.common.rest_client [req-0bb7143e-6c1d-429a-9d36-9cf54974abee req-0bb7143e-6c1d-429a-9d36-9cf54974abee ] Request (InstanceActionsNegativeTestJSON:setUpClass): 200 GET http://10.180.1.21/compute/v2.1/servers/96ec00e4-cd74-4a91-b965-0a16c2c466a6 0.708s
2024-11-05 05:20:48.337 64509 INFO tempest.lib.common.rest_client [req-fe1132b1-0e25-4188-9029-fd545db142e0 req-fe1132b1-0e25-4188-9029-fd545db142e0 ] Request (ServersTestFqdnHostnames:test_create_server_with_fqdn_name): 200 GET http://10.180.1.21/compute/v2.1/servers/0733705a-af77-4b5e-a9fd-2cfac6f3871a 0.652s
2024-11-05 05:20:48.358 64493 INFO tempest.lib.common.rest_client [req-45322077-9f51-409e-a096-6ee35d81669d req-45322077-9f51-409e-a096-6ee35d81669d ] Request (ImagesOneServerNegativeTestJSON:_run_cleanups): 200 GET http://10.180.1.21/compute/v2.1/servers/ae9ba594-0e12-4c4e-a4be-f8e4b61010c0 0.630s
2024-11-05 05:20:48.389 64515 INFO tempest.lib.common.rest_client [req-67789871-831f-4cb4-8eb1-1af35cd6b16a req-67789871-831f-4cb4-8eb1-1af35cd6b16a ] Request (InstanceActionsTestJSON:tearDownClass): 200 GET http://10.180.1.21/compute/v2.1/servers/d6d1041a-7097-4975-9fe7-a94ae3a91a11 0.647s
2024-11-05 05:20:48.413 64485 INFO tempest.lib.common.rest_client [req-73c3f5ad-cb43-4822-bce2-b6b80df37822 req-73c3f5ad-cb43-4822-bce2-b6b80df37822 ] Request (AttachInterfacesTestJSON:_run_cleanups): 200 GET http://10.180.1.21/compute/v2.1/servers/038a7592-3daa-41c2-a153-a716cd4abc1c 0.617s
2024-11-05 05:20:48.441 64519 INFO tempest.lib.common.rest_client [req-7c885d43-a7ac-4a3b-8559-d5030b139fa1 req-7c885d43-a7ac-4a3b-8559-d5030b139fa1 ] Request (ServerRescueTestJSONUnderV235:tearDownClass): 200 GET http://10.180.1.21/compute/v2.1/servers/87653ee3-1c93-455f-83a9-d05668788f59 0.582s
2024-11-05 05:20:48.455 64491 INFO tempest.lib.common.rest_client [req-321b85b8-0705-4378-9e68-8708378f6048 req-321b85b8-0705-4378-9e68-8708378f6048 ] Request (AttachVolumeTestJSON:test_attach_detach_volume): 200 GET http://10.180.1.21/compute/v2.1/servers/9cc18699-752b-48d5-a269-47193a4a3eb8 0.552s
2024-11-05 05:20:48.486 64507 INFO tempest.lib.common.rest_client [req-07f089ff-cc96-43f0-a9a2-938afd590869 req-07f089ff-cc96-43f0-a9a2-938afd590869 ] Request (ServerActionsTestOtherA:test_rebuild_server_in_stop_state): 200 GET http://10.180.1.21/compute/v2.1/servers/9a09a85b-8586-4f25-987a-6dec8186e7ee 0.537s
2024-11-05 05:20:48.505 64501 INFO tempest.lib.common.rest_client [req-3d32980b-5fe9-472d-8cef-f9d7a85e11ec req-3d32980b-5fe9-472d-8cef-f9d7a85e11ec ] Request (ServersAdminNegativeTestJSON:tearDownClass): 200 GET http://10.180.1.21/compute/v2.1/servers/f7ae1061-3b3b-4080-b2ce-0057203448ab 0.467s
2024-11-05 05:20:48.523 64533 INFO tempest.lib.common.rest_client [req-697f65b8-c0b3-40c2-981c-9c3a773de855 req-697f65b8-c0b3-40c2-981c-9c3a773de855 ] Request (ServersAdminTestJSON:test_inject_network_info): 200 GET http://10.180.1.21/compute/v2.1/servers/2337683b-5726-43b5-80f1-b2353a68ff65 0.460s
2024-11-05 05:20:48.552 64505 INFO tempest.lib.common.rest_client [req-ee82d78c-8aa1-47a4-adf6-328c2795836f req-ee82d78c-8aa1-47a4-adf6-328c2795836f ] Request (SecurityGroupsTestJSON:test_server_security_groups): 200 GET http://10.180.1.21/compute/v2.1/servers/b236a49a-2bba-4792-86d4-9c5ed03edad9 0.479s
2024-11-05 05:20:48.558 64505 INFO tempest.common.waiters [-] State transition "BUILD/scheduling" ==> "BUILD/None" after 1 second wait
2024-11-05 05:20:48.567 64487 INFO tempest.lib.common.rest_client [req-30999c36-26e7-4b7e-a2ec-cb9c1dcc454a req-30999c36-26e7-4b7e-a2ec-cb9c1dcc454a ] Request (ListImageFiltersTestJSON:setUpClass): 200 GET http://10.180.1.21/compute/v2.1/servers/2039ee99-c178-4d97-94b9-eb1a73e80e55 0.422s
2024-11-05 05:20:48.612 64531 INFO tempest.lib.common.rest_client [req-750a0d74-f30e-4462-acb3-c85b19f51661 req-750a0d74-f30e-4462-acb3-c85b19f51661 ] Request (ServerTagsTestJSON:setUpClass): 200 GET http://10.180.1.21/compute/v2.1/servers/66fa87aa-4aef-483e-8761-1368c7819643 0.081s
2024-11-05 05:20:48.674 64523 WARNING tempest.lib.common.ssh [-] Failed to establish authenticated ssh connection to cirros@10.180.180.172 ([Errno None] Unable to connect to port 22 on 10.180.180.172). Number attempts: 3. Retry after 4 seconds.: paramiko.ssh_exception.NoValidConnectionsError: [Errno None] Unable to connect to port 22 on 10.180.180.172
2024-11-05 05:20:48.724 64541 INFO tempest.lib.common.rest_client [req-ee959f3e-69c1-4464-938b-b367512f205b req-ee959f3e-69c1-4464-938b-b367512f205b ] Request (ImagesMetadataTestJSON:setUp): 200 PUT http://10.180.1.21/compute/v2.1/images/c553c8ad-e2a4-447c-bef1-5bfb7b3d5560/metadata 0.556s
2024-11-05 05:20:48.774 64529 INFO tempest.lib.common.rest_client [req-c0c41469-a174-410a-bc93-8f9342808af3 req-c0c41469-a174-410a-bc93-8f9342808af3 ] Request (ServerDiskConfigTestJSON:test_rebuild_server_with_manual_disk_config): 200 GET http://10.180.1.21/compute/v2.1/servers/1dfbefa8-2f1c-405d-9ad4-b3c41c5d7464 0.101s
2024-11-05 05:20:48.831 64499 INFO tempest.lib.common.rest_client [req-593970a8-623d-42ae-9267-dda4f3e6bc8d req-593970a8-623d-42ae-9267-dda4f3e6bc8d ] Request (AttachInterfacesUnderV243Test:_run_cleanups): 200 GET http://10.180.1.21/compute/v2.1/servers/7403ff8e-bd17-49f1-87cd-f35e272a33f4 0.073s
2024-11-05 05:20:48.911 64541 INFO tempest.lib.common.rest_client [req-6de96b0d-6350-49ac-b399-9612a61f6c57 req-6de96b0d-6350-49ac-b399-9612a61f6c57 ] Request (ImagesMetadataTestJSON:test_update_image_metadata): 200 POST http://10.180.1.21/compute/v2.1/images/c553c8ad-e2a4-447c-bef1-5bfb7b3d5560/metadata 0.186s
2024-11-05 05:20:48.938 64541 INFO tempest.lib.common.rest_client [req-3a9f2cd3-59eb-405b-8057-ff9160662796 req-3a9f2cd3-59eb-405b-8057-ff9160662796 ] Request (ImagesMetadataTestJSON:test_update_image_metadata): 200 GET http://10.180.1.21/compute/v2.1/images/c553c8ad-e2a4-447c-bef1-5bfb7b3d5560/metadata 0.026s
2024-11-05 05:20:48.989 64541 INFO tempest.lib.common.rest_client [req-b701e518-793f-46ab-aada-64bd9b9af0c8 req-b701e518-793f-46ab-aada-64bd9b9af0c8 ] Request (ImagesMetadataTestJSON:tearDownClass): 204 DELETE http://10.180.1.21/image/v2/images/c553c8ad-e2a4-447c-bef1-5bfb7b3d5560 0.048s
2024-11-05 05:20:49.046 64527 INFO tempest.lib.common.rest_client [req-81843cb5-73dc-4c1a-98b4-a490c53e9ee4 req-81843cb5-73dc-4c1a-98b4-a490c53e9ee4 ] Request (MigrationsAdminTest:test_resize_server_revert_deleted_flavor): 200 GET http://10.180.1.21/compute/v2.1/servers/ac9c0c42-eab0-4190-b74c-3874ddc61771 0.091s
2024-11-05 05:20:49.066 64539 INFO tempest.lib.common.rest_client [req-dda05a61-bde2-4692-923f-aca61dbd2542 req-dda05a61-bde2-4692-923f-aca61dbd2542 ] Request (ImagesTestJSON:test_create_server_from_snapshot): 200 GET http://10.180.1.21/compute/v2.1/servers/90dfc067-8069-48be-8825-363b0075f40f 0.048s
2024-11-05 05:20:49.068 64541 INFO tempest.lib.common.rest_client [req-d4d8dd55-0545-4c3c-8e01-885f0dde993c req-d4d8dd55-0545-4c3c-8e01-885f0dde993c ] Request (ImagesMetadataTestJSON:tearDownClass): 204 DELETE http://10.180.1.21/identity/v3/users/aa40291242484c03816dcd022a117d0a 0.079s
2024-11-05 05:20:49.068 64541 INFO tempest.lib.common.dynamic_creds [-] Deleting project and security group for project: d4f9d632e5934308861fa0dce5baab5f
2024-11-05 05:20:49.124 64541 INFO tempest.lib.common.rest_client [req-6bf1e6ce-1208-4eb6-a5d5-3c59e0f5c61f req-6bf1e6ce-1208-4eb6-a5d5-3c59e0f5c61f ] Request (ImagesMetadataTestJSON:tearDownClass): 201 POST http://10.180.1.21/identity/v3/auth/tokens 0.056s
2024-11-05 05:20:49.132 64525 INFO tempest.lib.common.rest_client [req-b3998b29-dd3f-423b-9ffa-68be0aef57d1 req-b3998b29-dd3f-423b-9ffa-68be0aef57d1 ] Request (FloatingIPsAssociationTestJSON:tearDownClass): 200 GET http://10.180.1.21/compute/v2.1/servers/2fe5db1b-ec7e-403e-9fe9-6acda163df6c 0.056s
2024-11-05 05:20:49.202 64483 INFO tempest.lib.common.rest_client [req-24150567-aa2e-452b-bacc-5ac7e858ceb3 req-24150567-aa2e-452b-bacc-5ac7e858ceb3 ] Request (ServersTestJSON:test_create_server_specify_multibyte_character_name): 200 GET http://10.180.1.21/compute/v2.1/servers/79577681-244f-478f-b248-6943e93d1e11 0.058s
2024-11-05 05:20:49.207 64521 INFO tempest.lib.common.rest_client [req-f3d68e2a-7016-45f5-a5eb-c358c03276fd req-f3d68e2a-7016-45f5-a5eb-c358c03276fd ] Request (ImagesNegativeTestJSON:test_create_image_from_deleted_server): 200 GET http://10.180.1.21/compute/v2.1/servers/e0282131-b840-49e9-a953-77197e6f45c2 0.070s
2024-11-05 05:20:49.274 64535 INFO tempest.lib.common.rest_client [req-cc22674c-4d2a-43ca-ab86-dd1e711db689 req-cc22674c-4d2a-43ca-ab86-dd1e711db689 ] Request (ServerAddressesNegativeTestJSON:tearDownClass): 200 GET http://10.180.1.21/compute/v2.1/servers/0f132a8e-a5a8-4459-ac91-50716514d4f0 0.055s
2024-11-05 05:20:49.296 64541 INFO tempest.lib.common.rest_client [req-751a47ec-2fb1-45cf-bc06-d8d835b60cc8 req-751a47ec-2fb1-45cf-bc06-d8d835b60cc8 ] Request (ImagesMetadataTestJSON:tearDownClass): 200 GET http://10.180.1.21:9696/networking/v2.0/security-groups?tenant_id=d4f9d632e5934308861fa0dce5baab5f&name=default 0.171s
2024-11-05 05:20:49.376 64543 INFO tempest.lib.common.rest_client [req-d097c9c4-e992-4dae-9e94-b6995823e046 req-d097c9c4-e992-4dae-9e94-b6995823e046 ] Request (VolumesAdminNegativeTest:tearDownClass): 200 GET http://10.180.1.21/compute/v2.1/servers/a0c8ac61-f59f-42f8-b463-a9a62d06913e 0.077s
2024-11-05 05:20:49.417 64541 INFO tempest.lib.common.rest_client [req-f3c8abc5-87b0-422c-9501-a55a53d00c26 req-f3c8abc5-87b0-422c-9501-a55a53d00c26 ] Request (ImagesMetadataTestJSON:tearDownClass): 204 DELETE http://10.180.1.21:9696/networking/v2.0/security-groups/afc31e75-b258-4874-ad98-ddff21c07cd7 0.121s
2024-11-05 05:20:49.444 64509 INFO tempest.lib.common.rest_client [req-f749f0fd-b5ff-4e60-863e-ed70ef61ea7c req-f749f0fd-b5ff-4e60-863e-ed70ef61ea7c ] Request (ServersTestFqdnHostnames:test_create_server_with_fqdn_name): 200 GET http://10.180.1.21/compute/v2.1/servers/0733705a-af77-4b5e-a9fd-2cfac6f3871a 0.098s
2024-11-05 05:20:49.449 64495 INFO tempest.lib.common.rest_client [req-42bc942a-d006-402e-b82f-892f628326a2 req-42bc942a-d006-402e-b82f-892f628326a2 ] Request (InstanceActionsNegativeTestJSON:setUpClass): 200 GET http://10.180.1.21/compute/v2.1/servers/96ec00e4-cd74-4a91-b965-0a16c2c466a6 0.137s
2024-11-05 05:20:49.455 64495 INFO tempest.common.waiters [-] State transition "BUILD/spawning" ==> "ACTIVE/None" after 45 second wait
2024-11-05 05:20:49.486 64541 INFO tempest.lib.common.rest_client [req-a315e56b-6996-4420-ae15-299c6cbeea97 req-a315e56b-6996-4420-ae15-299c6cbeea97 ] Request (ImagesMetadataTestJSON:tearDownClass): 204 DELETE http://10.180.1.21/identity/v3/projects/d4f9d632e5934308861fa0dce5baab5f 0.068s
2024-11-05 05:20:49.511 64493 INFO tempest.lib.common.rest_client [req-e47e7214-7d63-43e5-b5d0-a75f393123f8 req-e47e7214-7d63-43e5-b5d0-a75f393123f8 ] Request (ImagesOneServerNegativeTestJSON:_run_cleanups): 200 GET http://10.180.1.21/compute/v2.1/servers/ae9ba594-0e12-4c4e-a4be-f8e4b61010c0 0.147s
2024-11-05 05:20:49.513 64515 INFO tempest.lib.common.rest_client [req-561a6978-e40b-44d1-b3ff-510645b25466 req-561a6978-e40b-44d1-b3ff-510645b25466 ] Request (InstanceActionsTestJSON:tearDownClass): 200 GET http://10.180.1.21/compute/v2.1/servers/d6d1041a-7097-4975-9fe7-a94ae3a91a11 0.117s
2024-11-05 05:20:49.555 64541 INFO tempest.lib.common.rest_client [req-76de2831-40e5-4f4b-a587-9f42e9b64d9a req-76de2831-40e5-4f4b-a587-9f42e9b64d9a ] Request (DeleteServersTestJSON:setUpClass): 201 POST http://10.180.1.21/identity/v3/auth/tokens 0.068s
2024-11-05 05:20:49.580 64519 INFO tempest.lib.common.rest_client [req-1040ecce-6a78-4eb4-b045-79e65ad84b09 req-1040ecce-6a78-4eb4-b045-79e65ad84b09 ] Request (ServerRescueTestJSONUnderV235:tearDownClass): 200 GET http://10.180.1.21/compute/v2.1/servers/87653ee3-1c93-455f-83a9-d05668788f59 0.132s
2024-11-05 05:20:49.589 64485 INFO tempest.lib.common.rest_client [req-5e1d49be-372b-4027-be47-c086295c54b2 req-5e1d49be-372b-4027-be47-c086295c54b2 ] Request (AttachInterfacesTestJSON:_run_cleanups): 200 GET http://10.180.1.21/compute/v2.1/servers/038a7592-3daa-41c2-a153-a716cd4abc1c 0.170s
2024-11-05 05:20:49.601 64541 INFO tempest.lib.common.rest_client [req-35f856b0-89b5-47e9-9f8a-b446a283822e req-35f856b0-89b5-47e9-9f8a-b446a283822e ] Request (DeleteServersTestJSON:setUpClass): 201 POST http://10.180.1.21/identity/v3/auth/tokens 0.037s
2024-11-05 05:20:49.612 64495 INFO tempest.lib.common.rest_client [req-2409cca3-e0a1-4826-acfc-a505dd1ac206 req-2409cca3-e0a1-4826-acfc-a505dd1ac206 ] Request (InstanceActionsNegativeTestJSON:test_get_instance_action_invalid_request): 404 GET http://10.180.1.21/compute/v2.1/servers/96ec00e4-cd74-4a91-b965-0a16c2c466a6/os-instance-actions/999 0.156s
2024-11-05 05:20:49.630 64541 INFO tempest.lib.common.rest_client [req-e4369db5-ccfb-42cc-8568-bd76f5592f2e req-e4369db5-ccfb-42cc-8568-bd76f5592f2e ] Request (DeleteServersTestJSON:setUpClass): 200 GET http://10.180.1.21/identity/v3/domains?name=Default 0.029s
2024-11-05 05:20:49.651 64491 INFO tempest.lib.common.rest_client [req-bcf0c5da-380d-404c-98a0-3db61b3914af req-bcf0c5da-380d-404c-98a0-3db61b3914af ] Request (AttachVolumeTestJSON:test_attach_detach_volume): 200 GET http://10.180.1.21/compute/v2.1/servers/9cc18699-752b-48d5-a269-47193a4a3eb8 0.189s
2024-11-05 05:20:49.662 64541 INFO tempest.lib.common.rest_client [req-4625d5a7-41f9-4f84-9f7e-dff22fa78bd9 req-4625d5a7-41f9-4f84-9f7e-dff22fa78bd9 ] Request (DeleteServersTestJSON:setUpClass): 201 POST http://10.180.1.21/identity/v3/projects 0.032s
2024-11-05 05:20:49.671 64507 INFO tempest.lib.common.rest_client [req-75ba36f9-b51c-4e50-ba0d-e72625f49713 req-75ba36f9-b51c-4e50-ba0d-e72625f49713 ] Request (ServerActionsTestOtherA:test_rebuild_server_in_stop_state): 200 GET http://10.180.1.21/compute/v2.1/servers/9a09a85b-8586-4f25-987a-6dec8186e7ee 0.178s
2024-11-05 05:20:49.730 64501 INFO tempest.lib.common.rest_client [req-a530f22f-face-442e-97ad-90df87544a62 req-a530f22f-face-442e-97ad-90df87544a62 ] Request (ServersAdminNegativeTestJSON:tearDownClass): 200 GET http://10.180.1.21/compute/v2.1/servers/f7ae1061-3b3b-4080-b2ce-0057203448ab 0.216s
2024-11-05 05:20:49.733 64541 INFO tempest.lib.common.rest_client [req-1b4b33e0-1af7-4e16-9242-00b94062ef27 req-1b4b33e0-1af7-4e16-9242-00b94062ef27 ] Request (DeleteServersTestJSON:setUpClass): 201 POST http://10.180.1.21/identity/v3/users 0.070s
2024-11-05 05:20:49.738 64533 INFO tempest.lib.common.rest_client [req-82537b90-2f66-4f91-a497-fe701406a6ee req-82537b90-2f66-4f91-a497-fe701406a6ee ] Request (ServersAdminTestJSON:test_inject_network_info): 200 GET http://10.180.1.21/compute/v2.1/servers/2337683b-5726-43b5-80f1-b2353a68ff65 0.207s
2024-11-05 05:20:49.762 64541 INFO tempest.lib.common.rest_client [req-9dee6572-9801-4dd5-996f-3da793bcd588 req-9dee6572-9801-4dd5-996f-3da793bcd588 ] Request (DeleteServersTestJSON:setUpClass): 200 GET http://10.180.1.21/identity/v3/roles 0.028s
2024-11-05 05:20:49.788 64541 INFO tempest.lib.common.rest_client [req-93f43f8a-fc71-4787-a80e-aa1e6d2ff700 req-93f43f8a-fc71-4787-a80e-aa1e6d2ff700 ] Request (DeleteServersTestJSON:setUpClass): 204 PUT http://10.180.1.21/identity/v3/projects/cc2360055a134004a6860e2b83e70118/users/195fb292e1564b9997867862758ffc83/roles/19e55b1b697148e881e999c713fd184c 0.026s
2024-11-05 05:20:49.788 64541 INFO tempest.lib.common.dynamic_creds [-] Dynamic test user 195fb292e1564b9997867862758ffc83 is created with scope project and roles: ['member']
2024-11-05 05:20:49.788 64541 INFO tempest.lib.common.dynamic_creds [-] Acquired dynamic creds: credentials: Credentials: {'domain_id': 'default', 'domain_name': 'Default', 'username': 'tempest-DeleteServersTestJSON-701079178-project-member', 'project_domain_id': 'default', 'project_domain_name': 'Default', 'project_id': 'cc2360055a134004a6860e2b83e70118', 'project_name': 'tempest-DeleteServersTestJSON-701079178', 'tenant_id': 'cc2360055a134004a6860e2b83e70118', 'tenant_name': 'tempest-DeleteServersTestJSON-701079178', 'user_domain_id': 'default', 'user_domain_name': 'Default', 'user_id': '195fb292e1564b9997867862758ffc83', 'system': None}, Network: None, Subnet: None, Router: None
2024-11-05 05:20:49.802 64505 INFO tempest.lib.common.rest_client [req-a8a238f4-f167-4ea5-94b3-5a8267e60bb6 req-a8a238f4-f167-4ea5-94b3-5a8267e60bb6 ] Request (SecurityGroupsTestJSON:test_server_security_groups): 200 GET http://10.180.1.21/compute/v2.1/servers/b236a49a-2bba-4792-86d4-9c5ed03edad9 0.242s
2024-11-05 05:20:49.808 64487 INFO tempest.lib.common.rest_client [req-4056a234-7465-45c0-b247-55a2a7fe8c55 req-4056a234-7465-45c0-b247-55a2a7fe8c55 ] Request (ListImageFiltersTestJSON:setUpClass): 200 GET http://10.180.1.21/compute/v2.1/servers/2039ee99-c178-4d97-94b9-eb1a73e80e55 0.234s
2024-11-05 05:20:49.819 64495 INFO tempest.lib.common.rest_client [req-a8b9b304-614a-4c7e-a1b5-c4baad325653 req-a8b9b304-614a-4c7e-a1b5-c4baad325653 ] Request (InstanceActionsNegativeTestJSON:test_list_instance_actions_non_existent_server): 404 GET http://10.180.1.21/compute/v2.1/servers/13051c43-b78e-4906-91b7-a93cd7a3ec41/os-instance-actions 0.204s
2024-11-05 05:20:49.869 64541 INFO tempest.lib.common.rest_client [req-bc45fcd4-b5e1-4dcc-8b2a-665d26d836da req-bc45fcd4-b5e1-4dcc-8b2a-665d26d836da ] Request (DeleteServersTestJSON:setUpClass): 201 POST http://10.180.1.21/identity/v3/auth/tokens 0.080s
2024-11-05 05:20:49.871 64531 INFO tempest.lib.common.rest_client [req-af9f9d33-aef0-4879-91bf-ff3c8883febd req-af9f9d33-aef0-4879-91bf-ff3c8883febd ] Request (ServerTagsTestJSON:setUpClass): 200 GET http://10.180.1.21/compute/v2.1/servers/66fa87aa-4aef-483e-8761-1368c7819643 0.251s
2024-11-05 05:20:49.879 64531 INFO tempest.common.waiters [-] State transition "BUILD/None" ==> "BUILD/networking" after 35 second wait
2024-11-05 05:20:49.943 64529 INFO tempest.lib.common.rest_client [req-74e5ea16-dd81-4043-9603-2c60a2e4d716 req-74e5ea16-dd81-4043-9603-2c60a2e4d716 ] Request (ServerDiskConfigTestJSON:test_rebuild_server_with_manual_disk_config): 200 GET http://10.180.1.21/compute/v2.1/servers/1dfbefa8-2f1c-405d-9ad4-b3c41c5d7464 0.161s
2024-11-05 05:20:49.946 64495 INFO tempest.lib.common.rest_client [req-c772fbb1-8fcd-4cfb-9332-bbb3ef0625f5 req-c772fbb1-8fcd-4cfb-9332-bbb3ef0625f5 ] Request (InstanceActionsNegativeTestJSON:tearDownClass): 204 DELETE http://10.180.1.21/compute/v2.1/servers/96ec00e4-cd74-4a91-b965-0a16c2c466a6 0.123s
2024-11-05 05:20:50.014 64499 INFO tempest.lib.common.rest_client [req-a380980d-077b-430a-b7a4-d25dffa2f253 req-a380980d-077b-430a-b7a4-d25dffa2f253 ] Request (AttachInterfacesUnderV243Test:_run_cleanups): 200 GET http://10.180.1.21/compute/v2.1/servers/7403ff8e-bd17-49f1-87cd-f35e272a33f4 0.175s
2024-11-05 05:20:50.170 64541 INFO tempest.lib.common.rest_client [req-fbfb1b4b-d8ee-4677-acd6-c488891d68fa req-fbfb1b4b-d8ee-4677-acd6-c488891d68fa ] Request (DeleteServersTestJSON:setUpClass): 201 POST http://10.180.1.21:9696/networking/v2.0/networks 0.300s
2024-11-05 05:20:50.184 64495 INFO tempest.lib.common.rest_client [req-121a0c1c-1bec-41c0-9dd8-fa32a1fd2ceb req-121a0c1c-1bec-41c0-9dd8-fa32a1fd2ceb ] Request (InstanceActionsNegativeTestJSON:tearDownClass): 200 GET http://10.180.1.21/compute/v2.1/servers/96ec00e4-cd74-4a91-b965-0a16c2c466a6 0.238s
2024-11-05 05:20:50.221 64527 INFO tempest.lib.common.rest_client [req-cd236c01-e8a9-4690-ac38-3fce818a6c8f req-cd236c01-e8a9-4690-ac38-3fce818a6c8f ] Request (MigrationsAdminTest:test_resize_server_revert_deleted_flavor): 200 GET http://10.180.1.21/compute/v2.1/servers/ac9c0c42-eab0-4190-b74c-3874ddc61771 0.169s
2024-11-05 05:20:50.253 64539 INFO tempest.lib.common.rest_client [req-cd1178c9-9cea-48c8-b920-b74983f6a0a1 req-cd1178c9-9cea-48c8-b920-b74983f6a0a1 ] Request (ImagesTestJSON:test_create_server_from_snapshot): 200 GET http://10.180.1.21/compute/v2.1/servers/90dfc067-8069-48be-8825-363b0075f40f 0.179s
2024-11-05 05:20:50.290 64525 INFO tempest.lib.common.rest_client [req-fe7029ed-4c0a-492c-9aff-526acb4125e7 req-fe7029ed-4c0a-492c-9aff-526acb4125e7 ] Request (FloatingIPsAssociationTestJSON:tearDownClass): 200 GET http://10.180.1.21/compute/v2.1/servers/2fe5db1b-ec7e-403e-9fe9-6acda163df6c 0.149s
2024-11-05 05:20:50.351 64483 INFO tempest.lib.common.rest_client [req-16911d28-7c31-46dd-a025-53a64c861fdd req-16911d28-7c31-46dd-a025-53a64c861fdd ] Request (ServersTestJSON:test_create_server_specify_multibyte_character_name): 200 GET http://10.180.1.21/compute/v2.1/servers/79577681-244f-478f-b248-6943e93d1e11 0.141s
2024-11-05 05:20:50.351 64541 INFO tempest.lib.common.rest_client [req-15516e74-aa99-4f03-a9fb-c9cef8b1bf6e req-15516e74-aa99-4f03-a9fb-c9cef8b1bf6e ] Request (DeleteServersTestJSON:setUpClass): 201 POST http://10.180.1.21:9696/networking/v2.0/subnets 0.180s
2024-11-05 05:20:50.353 64521 INFO tempest.lib.common.rest_client [req-e60c23f4-a052-4a4e-aa8f-447c1ebdbb6d req-e60c23f4-a052-4a4e-aa8f-447c1ebdbb6d ] Request (ImagesNegativeTestJSON:test_create_image_from_deleted_server): 200 GET http://10.180.1.21/compute/v2.1/servers/e0282131-b840-49e9-a953-77197e6f45c2 0.138s
2024-11-05 05:20:50.407 64535 INFO tempest.lib.common.rest_client [req-fce36a49-7d6f-4e89-89cf-3370d4e4a36d req-fce36a49-7d6f-4e89-89cf-3370d4e4a36d ] Request (ServerAddressesNegativeTestJSON:tearDownClass): 200 GET http://10.180.1.21/compute/v2.1/servers/0f132a8e-a5a8-4459-ac91-50716514d4f0 0.126s
2024-11-05 05:20:50.442 64543 INFO tempest.lib.common.rest_client [req-8be83dc3-14b5-411d-a845-2ea934627e09 req-8be83dc3-14b5-411d-a845-2ea934627e09 ] Request (VolumesAdminNegativeTest:tearDownClass): 200 GET http://10.180.1.21/compute/v2.1/servers/a0c8ac61-f59f-42f8-b463-a9a62d06913e 0.058s
2024-11-05 05:20:50.505 64509 INFO tempest.lib.common.rest_client [req-8176aef5-32a3-4f23-ac12-fa08ab5b8777 req-8176aef5-32a3-4f23-ac12-fa08ab5b8777 ] Request (ServersTestFqdnHostnames:test_create_server_with_fqdn_name): 200 GET http://10.180.1.21/compute/v2.1/servers/0733705a-af77-4b5e-a9fd-2cfac6f3871a 0.055s
2024-11-05 05:20:50.512 64509 INFO tempest.common.waiters [-] State transition "BUILD/scheduling" ==> "BUILD/None" after 2 second wait
2024-11-05 05:20:50.587 64515 INFO tempest.lib.common.rest_client [req-e7ab4534-9f42-49c2-8ceb-07affee8f7a4 req-e7ab4534-9f42-49c2-8ceb-07affee8f7a4 ] Request (InstanceActionsTestJSON:tearDownClass): 200 GET http://10.180.1.21/compute/v2.1/servers/d6d1041a-7097-4975-9fe7-a94ae3a91a11 0.066s
2024-11-05 05:20:50.589 64493 INFO tempest.lib.common.rest_client [req-39c0d548-0397-4f72-a014-c7ed881d4b2f req-39c0d548-0397-4f72-a014-c7ed881d4b2f ] Request (ImagesOneServerNegativeTestJSON:_run_cleanups): 200 GET http://10.180.1.21/compute/v2.1/servers/ae9ba594-0e12-4c4e-a4be-f8e4b61010c0 0.070s
2024-11-05 05:20:50.649 64519 INFO tempest.lib.common.rest_client [req-aa634fd4-50f9-4c8e-82b8-7a38546de93b req-aa634fd4-50f9-4c8e-82b8-7a38546de93b ] Request (ServerRescueTestJSONUnderV235:tearDownClass): 200 GET http://10.180.1.21/compute/v2.1/servers/87653ee3-1c93-455f-83a9-d05668788f59 0.060s
2024-11-05 05:20:50.661 64485 INFO tempest.lib.common.rest_client [req-eed9d692-4677-49f9-8524-4a8d6cd0fa1f req-eed9d692-4677-49f9-8524-4a8d6cd0fa1f ] Request (AttachInterfacesTestJSON:_run_cleanups): 200 GET http://10.180.1.21/compute/v2.1/servers/038a7592-3daa-41c2-a153-a716cd4abc1c 0.063s
2024-11-05 05:20:50.719 64491 INFO tempest.lib.common.rest_client [req-917fa266-a8c5-4e8d-83e6-218045f3cce5 req-917fa266-a8c5-4e8d-83e6-218045f3cce5 ] Request (AttachVolumeTestJSON:test_attach_detach_volume): 200 GET http://10.180.1.21/compute/v2.1/servers/9cc18699-752b-48d5-a269-47193a4a3eb8 0.059s
2024-11-05 05:20:50.731 64507 INFO tempest.lib.common.rest_client [req-35967914-685c-4ec0-b24e-a9a44b80376f req-35967914-685c-4ec0-b24e-a9a44b80376f ] Request (ServerActionsTestOtherA:test_rebuild_server_in_stop_state): 200 GET http://10.180.1.21/compute/v2.1/servers/9a09a85b-8586-4f25-987a-6dec8186e7ee 0.049s
2024-11-05 05:20:50.817 64533 INFO tempest.lib.common.rest_client [req-7eeac9cd-908d-4d17-b7d3-ad1201979a50 req-7eeac9cd-908d-4d17-b7d3-ad1201979a50 ] Request (ServersAdminTestJSON:test_inject_network_info): 200 GET http://10.180.1.21/compute/v2.1/servers/2337683b-5726-43b5-80f1-b2353a68ff65 0.071s
2024-11-05 05:20:50.821 64501 INFO tempest.lib.common.rest_client [req-ef63d1eb-8dc2-4012-bd91-47b140d89437 req-ef63d1eb-8dc2-4012-bd91-47b140d89437 ] Request (ServersAdminNegativeTestJSON:tearDownClass): 200 GET http://10.180.1.21/compute/v2.1/servers/f7ae1061-3b3b-4080-b2ce-0057203448ab 0.081s
2024-11-05 05:20:50.887 64505 INFO tempest.lib.common.rest_client [req-a43ca524-b6dc-45b8-9302-3ca7510cb0d7 req-a43ca524-b6dc-45b8-9302-3ca7510cb0d7 ] Request (SecurityGroupsTestJSON:test_server_security_groups): 200 GET http://10.180.1.21/compute/v2.1/servers/b236a49a-2bba-4792-86d4-9c5ed03edad9 0.076s
2024-11-05 05:20:50.898 64487 INFO tempest.lib.common.rest_client [req-54093468-b07d-4331-844e-f3eedf178dc8 req-54093468-b07d-4331-844e-f3eedf178dc8 ] Request (ListImageFiltersTestJSON:setUpClass): 200 GET http://10.180.1.21/compute/v2.1/servers/2039ee99-c178-4d97-94b9-eb1a73e80e55 0.079s
2024-11-05 05:20:50.984 64541 INFO tempest.lib.common.rest_client [req-fe0ec43e-f875-4f63-9f6c-b59624da2206 req-fe0ec43e-f875-4f63-9f6c-b59624da2206 ] Request (DeleteServersTestJSON:setUpClass): 201 POST http://10.180.1.21:9696/networking/v2.0/routers 0.632s
2024-11-05 05:20:51.101 64531 INFO tempest.lib.common.rest_client [req-fffb20d3-08d0-4a08-89a9-5d8b66713f70 req-fffb20d3-08d0-4a08-89a9-5d8b66713f70 ] Request (ServerTagsTestJSON:setUpClass): 200 GET http://10.180.1.21/compute/v2.1/servers/66fa87aa-4aef-483e-8761-1368c7819643 0.221s
2024-11-05 05:20:51.111 64531 INFO tempest.common.waiters [-] State transition "BUILD/networking" ==> "BUILD/spawning" after 37 second wait
2024-11-05 05:20:51.174 64499 INFO tempest.lib.common.rest_client [req-4e9b29ec-37e1-4dbd-9495-b0e648181f69 req-4e9b29ec-37e1-4dbd-9495-b0e648181f69 ] Request (AttachInterfacesUnderV243Test:_run_cleanups): 200 GET http://10.180.1.21/compute/v2.1/servers/7403ff8e-bd17-49f1-87cd-f35e272a33f4 0.153s
2024-11-05 05:20:51.212 64529 INFO tempest.lib.common.rest_client [req-f5260f9b-2da0-46f3-9d67-9296633d3179 req-f5260f9b-2da0-46f3-9d67-9296633d3179 ] Request (ServerDiskConfigTestJSON:test_rebuild_server_with_manual_disk_config): 200 GET http://10.180.1.21/compute/v2.1/servers/1dfbefa8-2f1c-405d-9ad4-b3c41c5d7464 0.261s
2024-11-05 05:20:51.334 64495 INFO tempest.lib.common.rest_client [req-293459bf-3657-4838-b443-29b721f7ead2 req-293459bf-3657-4838-b443-29b721f7ead2 ] Request (InstanceActionsNegativeTestJSON:tearDownClass): 200 GET http://10.180.1.21/compute/v2.1/servers/96ec00e4-cd74-4a91-b965-0a16c2c466a6 0.138s
2024-11-05 05:20:51.352 64527 INFO tempest.lib.common.rest_client [req-5364d183-d83e-4432-ad1c-1de0d4ef4378 req-5364d183-d83e-4432-ad1c-1de0d4ef4378 ] Request (MigrationsAdminTest:test_resize_server_revert_deleted_flavor): 200 GET http://10.180.1.21/compute/v2.1/servers/ac9c0c42-eab0-4190-b74c-3874ddc61771 0.123s
2024-11-05 05:20:51.386 64539 INFO tempest.lib.common.rest_client [req-82f09b86-e5b4-4f0f-90b5-773fb3c09c48 req-82f09b86-e5b4-4f0f-90b5-773fb3c09c48 ] Request (ImagesTestJSON:test_create_server_from_snapshot): 200 GET http://10.180.1.21/compute/v2.1/servers/90dfc067-8069-48be-8825-363b0075f40f 0.126s
2024-11-05 05:20:51.423 64525 INFO tempest.lib.common.rest_client [req-08407aed-a1f8-4553-b755-3e0a742f315e req-08407aed-a1f8-4553-b755-3e0a742f315e ] Request (FloatingIPsAssociationTestJSON:tearDownClass): 200 GET http://10.180.1.21/compute/v2.1/servers/2fe5db1b-ec7e-403e-9fe9-6acda163df6c 0.126s
2024-11-05 05:20:51.442 64483 INFO tempest.lib.common.rest_client [req-92f697e0-9558-4346-848e-843a8bf91ad7 req-92f697e0-9558-4346-848e-843a8bf91ad7 ] Request (ServersTestJSON:test_create_server_specify_multibyte_character_name): 200 GET http://10.180.1.21/compute/v2.1/servers/79577681-244f-478f-b248-6943e93d1e11 0.083s
2024-11-05 05:20:51.487 64521 INFO tempest.lib.common.rest_client [req-62fd0a28-e476-4b5a-a142-18614a9f4c00 req-62fd0a28-e476-4b5a-a142-18614a9f4c00 ] Request (ImagesNegativeTestJSON:test_create_image_from_deleted_server): 200 GET http://10.180.1.21/compute/v2.1/servers/e0282131-b840-49e9-a953-77197e6f45c2 0.127s
2024-11-05 05:20:51.510 64535 INFO tempest.lib.common.rest_client [req-b86eff9a-cd2d-4abf-9f08-bf9dd9cab6d9 req-b86eff9a-cd2d-4abf-9f08-bf9dd9cab6d9 ] Request (ServerAddressesNegativeTestJSON:tearDownClass): 200 GET http://10.180.1.21/compute/v2.1/servers/0f132a8e-a5a8-4459-ac91-50716514d4f0 0.095s
2024-11-05 05:20:51.547 64543 INFO tempest.lib.common.rest_client [req-c8bf6df7-f684-435d-be73-64828fbfdd30 req-c8bf6df7-f684-435d-be73-64828fbfdd30 ] Request (VolumesAdminNegativeTest:tearDownClass): 200 GET http://10.180.1.21/compute/v2.1/servers/a0c8ac61-f59f-42f8-b463-a9a62d06913e 0.099s
2024-11-05 05:20:51.577 64509 INFO tempest.lib.common.rest_client [req-57f515a8-c9f6-4f06-9476-1a512d163ffb req-57f515a8-c9f6-4f06-9476-1a512d163ffb ] Request (ServersTestFqdnHostnames:test_create_server_with_fqdn_name): 200 GET http://10.180.1.21/compute/v2.1/servers/0733705a-af77-4b5e-a9fd-2cfac6f3871a 0.064s
2024-11-05 05:20:51.692 64515 INFO tempest.lib.common.rest_client [req-bcfc80b6-75bf-48e7-a821-af5ca1051c6e req-bcfc80b6-75bf-48e7-a821-af5ca1051c6e ] Request (InstanceActionsTestJSON:tearDownClass): 200 GET http://10.180.1.21/compute/v2.1/servers/d6d1041a-7097-4975-9fe7-a94ae3a91a11 0.099s
2024-11-05 05:20:51.698 64493 INFO tempest.lib.common.rest_client [req-63414410-9010-4c80-aef5-77200c0c282d req-63414410-9010-4c80-aef5-77200c0c282d ] Request (ImagesOneServerNegativeTestJSON:_run_cleanups): 200 GET http://10.180.1.21/compute/v2.1/servers/ae9ba594-0e12-4c4e-a4be-f8e4b61010c0 0.099s
2024-11-05 05:20:51.769 64519 INFO tempest.lib.common.rest_client [req-48376327-9e51-498f-bc96-1e6f724f6b7a req-48376327-9e51-498f-bc96-1e6f724f6b7a ] Request (ServerRescueTestJSONUnderV235:tearDownClass): 200 GET http://10.180.1.21/compute/v2.1/servers/87653ee3-1c93-455f-83a9-d05668788f59 0.114s
2024-11-05 05:20:51.779 64485 INFO tempest.lib.common.rest_client [req-acd745d0-b9c8-40b2-bd80-c79a6bc78003 req-acd745d0-b9c8-40b2-bd80-c79a6bc78003 ] Request (AttachInterfacesTestJSON:_run_cleanups): 200 GET http://10.180.1.21/compute/v2.1/servers/038a7592-3daa-41c2-a153-a716cd4abc1c 0.109s
2024-11-05 05:20:51.839 64491 INFO tempest.lib.common.rest_client [req-7aefbe4e-4f3b-435b-a2f5-13d619d1994c req-7aefbe4e-4f3b-435b-a2f5-13d619d1994c ] Request (AttachVolumeTestJSON:test_attach_detach_volume): 200 GET http://10.180.1.21/compute/v2.1/servers/9cc18699-752b-48d5-a269-47193a4a3eb8 0.113s
2024-11-05 05:20:51.852 64507 INFO tempest.lib.common.rest_client [req-b11159d9-6272-4e80-bedf-0d856558fc76 req-b11159d9-6272-4e80-bedf-0d856558fc76 ] Request (ServerActionsTestOtherA:test_rebuild_server_in_stop_state): 200 GET http://10.180.1.21/compute/v2.1/servers/9a09a85b-8586-4f25-987a-6dec8186e7ee 0.113s
2024-11-05 05:20:51.906 64533 INFO tempest.lib.common.rest_client [req-0a4a7026-1a08-4dd8-a38f-4c0517b888ea req-0a4a7026-1a08-4dd8-a38f-4c0517b888ea ] Request (ServersAdminTestJSON:test_inject_network_info): 200 GET http://10.180.1.21/compute/v2.1/servers/2337683b-5726-43b5-80f1-b2353a68ff65 0.081s
2024-11-05 05:20:51.925 64501 INFO tempest.lib.common.rest_client [req-ba0bd6e9-03fb-4a1a-bb7a-2119eb9ab44a req-ba0bd6e9-03fb-4a1a-bb7a-2119eb9ab44a ] Request (ServersAdminNegativeTestJSON:tearDownClass): 200 GET http://10.180.1.21/compute/v2.1/servers/f7ae1061-3b3b-4080-b2ce-0057203448ab 0.097s
2024-11-05 05:20:51.970 64505 INFO tempest.lib.common.rest_client [req-5546fc15-da85-49fb-adc0-a436933f5706 req-5546fc15-da85-49fb-adc0-a436933f5706 ] Request (SecurityGroupsTestJSON:test_server_security_groups): 200 GET http://10.180.1.21/compute/v2.1/servers/b236a49a-2bba-4792-86d4-9c5ed03edad9 0.071s
2024-11-05 05:20:51.980 64541 INFO tempest.lib.common.rest_client [req-f9a37e93-f4b9-4104-a0fd-058da73ec4de req-f9a37e93-f4b9-4104-a0fd-058da73ec4de ] Request (DeleteServersTestJSON:setUpClass): 200 PUT http://10.180.1.21:9696/networking/v2.0/routers/55983248-f810-450b-a66a-f8a9b0d0a20f/add_router_interface 0.996s
2024-11-05 05:20:51.980 64541 INFO tempest.lib.common.dynamic_creds [-] Created isolated network resources for: credentials: Credentials: {'domain_id': 'default', 'domain_name': 'Default', 'username': 'tempest-DeleteServersTestJSON-701079178-project-member', 'project_domain_id': 'default', 'project_domain_name': 'Default', 'project_id': 'cc2360055a134004a6860e2b83e70118', 'project_name': 'tempest-DeleteServersTestJSON-701079178', 'tenant_id': 'cc2360055a134004a6860e2b83e70118', 'tenant_name': 'tempest-DeleteServersTestJSON-701079178', 'user_domain_id': 'default', 'user_domain_name': 'Default', 'user_id': '195fb292e1564b9997867862758ffc83', 'system': None}, Network: {'id': 'a9738320-f117-4fa9-b8c7-87437d254907', 'name': 'tempest-DeleteServersTestJSON-907001980-network', 'tenant_id': 'cc2360055a134004a6860e2b83e70118', 'admin_state_up': True, 'mtu': 8950, 'status': 'ACTIVE', 'subnets': [], 'shared': False, 'project_id': 'cc2360055a134004a6860e2b83e70118', 'port_security_enabled': True, 'router:external': False, 'provider:network_type': 'vlan', 'provider:physical_network': 'default', 'provider:segmentation_id': 26, 'is_default': False, 'availability_zone_hints': [], 'availability_zones': [], 'ipv4_address_scope': None, 'ipv6_address_scope': None, 'description': '', 'tags': [], 'created_at': '2024-11-05T05:20:50Z', 'updated_at': '2024-11-05T05:20:50Z', 'revision_number': 1}, Subnet: {'id': 'be1990bd-5025-4d91-a683-20ea524abb98', 'name': 'tempest-DeleteServersTestJSON-907001980-subnet', 'tenant_id': 'cc2360055a134004a6860e2b83e70118', 'network_id': 'a9738320-f117-4fa9-b8c7-87437d254907', 'ip_version': 4, 'subnetpool_id': None, 'enable_dhcp': True, 'ipv6_ra_mode': None, 'ipv6_address_mode': None, 'gateway_ip': '192.168.128.1', 'cidr': '192.168.128.0/28', 'allocation_pools': [{'start': '192.168.128.2', 'end': '192.168.128.14'}], 'host_routes': [], 'dns_nameservers': [], 'description': '', 'router:external': False, 'service_types': [], 'tags': [], 'created_at': '2024-11-05T05:20:50Z', 'updated_at': '2024-11-05T05:20:50Z', 'revision_number': 0, 'project_id': 'cc2360055a134004a6860e2b83e70118'}, Router: {'id': '55983248-f810-450b-a66a-f8a9b0d0a20f', 'name': 'tempest-DeleteServersTestJSON-907001980-router', 'tenant_id': 'cc2360055a134004a6860e2b83e70118', 'admin_state_up': True, 'status': 'ACTIVE', 'external_gateway_info': {'network_id': '26b0d8be-7a49-4ec6-9ae0-b54ddd87a6ad', 'external_fixed_ips': [{'subnet_id': 'f739902c-06f4-4c1b-83fd-5cd330241238', 'ip_address': '10.180.180.206'}], 'enable_snat': True}, 'description': '', 'availability_zones': [], 'distributed': False, 'ha': False, 'availability_zone_hints': [], 'routes': [], 'flavor_id': None, 'tags': [], 'created_at': '2024-11-05T05:20:50Z', 'updated_at': '2024-11-05T05:20:50Z', 'revision_number': 2, 'project_id': 'cc2360055a134004a6860e2b83e70118'}
2024-11-05 05:20:52.065 64541 INFO tempest.lib.common.rest_client [req-ff358945-9cfc-4dda-bedb-1ff1eacff6b4 req-ff358945-9cfc-4dda-bedb-1ff1eacff6b4 ] Request (DeleteServersTestJSON:setUpClass): 201 POST http://10.180.1.21/identity/v3/auth/tokens 0.081s
2024-11-05 05:20:52.099 64541 INFO tempest.lib.common.rest_client [req-8f087323-ecdb-4bbb-a696-83bed15263e4 req-8f087323-ecdb-4bbb-a696-83bed15263e4 ] Request (DeleteServersTestJSON:test_delete_active_server): 201 POST http://10.180.1.21/identity/v3/auth/tokens 0.031s
2024-11-05 05:20:52.100 64541 INFO tempest.lib.common.fixed_network [-] (DeleteServersTestJSON:test_delete_active_server) Found network {'id': 'a9738320-f117-4fa9-b8c7-87437d254907', 'name': 'tempest-DeleteServersTestJSON-907001980-network', 'tenant_id': 'cc2360055a134004a6860e2b83e70118', 'admin_state_up': True, 'mtu': 8950, 'status': 'ACTIVE', 'subnets': [], 'shared': False, 'project_id': 'cc2360055a134004a6860e2b83e70118', 'port_security_enabled': True, 'router:external': False, 'provider:network_type': 'vlan', 'provider:physical_network': 'default', 'provider:segmentation_id': 26, 'is_default': False, 'availability_zone_hints': [], 'availability_zones': [], 'ipv4_address_scope': None, 'ipv6_address_scope': None, 'description': '', 'tags': [], 'created_at': '2024-11-05T05:20:50Z', 'updated_at': '2024-11-05T05:20:50Z', 'revision_number': 1} available for tenant
2024-11-05 05:20:52.228 64487 INFO tempest.lib.common.rest_client [req-5ab9a62b-bd4b-4790-91ed-0066c5c62c35 req-5ab9a62b-bd4b-4790-91ed-0066c5c62c35 ] Request (ListImageFiltersTestJSON:setUpClass): 200 GET http://10.180.1.21/compute/v2.1/servers/2039ee99-c178-4d97-94b9-eb1a73e80e55 0.322s
2024-11-05 05:20:52.377 64531 INFO tempest.lib.common.rest_client [req-27936f2b-e2b5-47de-aadc-31970a979e6b req-27936f2b-e2b5-47de-aadc-31970a979e6b ] Request (ServerTagsTestJSON:setUpClass): 200 GET http://10.180.1.21/compute/v2.1/servers/66fa87aa-4aef-483e-8761-1368c7819643 0.266s
