2024-11-05 05:19:39.752 64483 INFO tempest.lib.common.rest_client [req-e72a9f91-6ca9-42c8-bdcc-1ed83676d0bc req-e72a9f91-6ca9-42c8-bdcc-1ed83676d0bc ] Request (ServersTestManualDisk:tearDownClass): 200 GET http://10.180.1.21/compute/v2.1/servers/0f66915f-c880-4ef3-8fa2-49c3abdc1cce 0.379s
2024-11-05 05:19:39.933 64539 INFO tempest.lib.common.rest_client [req-5f013b65-ff08-48aa-8005-873b10250167 req-5f013b65-ff08-48aa-8005-873b10250167 ] Request (ImagesTestJSON:test_create_image_from_suspended_server): 200 GET http://10.180.1.21/compute/v2.1/servers/d472cee9-0323-4cd4-991f-a731d7768d9b 0.501s
2024-11-05 05:19:39.939 64539 INFO tempest.common.waiters [-] State transition "BUILD/networking" ==> "BUILD/spawning" after 44 second wait
2024-11-05 05:19:39.972 64487 INFO tempest.lib.common.rest_client [req-f5f48b6d-f7d4-4fc8-a01d-92d973537f02 req-f5f48b6d-f7d4-4fc8-a01d-92d973537f02 ] Request (FloatingIPsAssociationNegativeTestJSON:test_associate_ip_to_server_with_floating_ip): 202 POST http://10.180.1.21/compute/v2.1/servers/26a661d9-cd51-4b54-bfd6-c285c2418bb7/action 2.071s
2024-11-05 05:19:39.980 64505 INFO tempest.lib.common.rest_client [req-fb019df7-174c-42b8-9424-9e3b51be6a1d req-fb019df7-174c-42b8-9424-9e3b51be6a1d ] Request (SecurityGroupsTestJSON:test_list_security_groups_by_server): 200 GET http://10.180.1.21/compute/v2.1/servers/39abc7c8-5835-420c-8e4c-9bdaad2d9a05 0.492s
2024-11-05 05:19:39.982 64501 INFO tempest.lib.common.rest_client [req-873d7c3b-708c-499c-a70b-81faf2905357 req-873d7c3b-708c-499c-a70b-81faf2905357 ] Request (ServersAdminNegativeTestJSON:test_reset_state_server_invalid_type): 400 POST http://10.180.1.21/compute/v2.1/servers/f7ae1061-3b3b-4080-b2ce-0057203448ab/action 0.483s
2024-11-05 05:19:40.026 64525 INFO tempest.lib.common.rest_client [req-1dd390b5-3b50-4377-9d4d-78769b297b1a req-1dd390b5-3b50-4377-9d4d-78769b297b1a ] Request (FloatingIPsAssociationTestJSON:test_associate_already_associated_floating_ip): 200 GET http://10.180.1.21/compute/v2.1/servers/9ad9a64c-ab50-41b2-8993-5f2a0dc8e994 0.524s
2024-11-05 05:19:40.037 64535 INFO tempest.lib.common.rest_client [req-c442cd44-022b-4365-a90b-0810dd1d0fb1 req-c442cd44-022b-4365-a90b-0810dd1d0fb1 ] Request (ServerAddressesNegativeTestJSON:setUpClass): 200 GET http://10.180.1.21/compute/v2.1/servers/0f132a8e-a5a8-4459-ac91-50716514d4f0 0.494s
2024-11-05 05:19:40.071 64507 WARNING tempest.lib.common.ssh [-] Failed to establish authenticated ssh connection to cirros@10.180.180.142 ([Errno None] Unable to connect to port 22 on 10.180.180.142). Number attempts: 5. Retry after 6 seconds.: paramiko.ssh_exception.NoValidConnectionsError: [Errno None] Unable to connect to port 22 on 10.180.180.142
2024-11-05 05:19:40.076 64495 INFO tempest.lib.common.rest_client [req-5a3559dd-4189-4cab-b421-328c66cb1169 req-5a3559dd-4189-4cab-b421-328c66cb1169 ] Request (ServerDiagnosticsNegativeTest:tearDownClass): 200 GET http://10.180.1.21/compute/v2.1/servers/cfd5b993-c62c-43dc-9a0b-a4f3ec085cbb 0.518s
2024-11-05 05:19:40.129 64519 INFO tempest.lib.common.rest_client [req-209d22af-64ca-4dee-8f59-fc74f7f2976c req-209d22af-64ca-4dee-8f59-fc74f7f2976c ] Request (ServerRescueTestJSONUnderV235:setUpClass): 200 GET http://10.180.1.21/compute/v2.1/servers/87653ee3-1c93-455f-83a9-d05668788f59 0.516s
2024-11-05 05:19:40.215 64497 INFO tempest.lib.common.rest_client [req-7accd4d2-4ba6-4aa8-a1d1-91d70af669c2 req-7accd4d2-4ba6-4aa8-a1d1-91d70af669c2 ] Request (ServerMetadataTestJSON:tearDownClass): 200 GET http://10.180.1.21/compute/v2.1/servers/b30e8a7c-6c74-480d-8915-c8b2b7198673 0.537s
2024-11-05 05:19:40.272 64515 INFO tempest.lib.common.rest_client [req-26467401-3571-4165-9a65-b31dbe80ef80 req-26467401-3571-4165-9a65-b31dbe80ef80 ] Request (InstanceActionsTestJSON:setUpClass): 200 GET http://10.180.1.21/compute/v2.1/servers/d6d1041a-7097-4975-9fe7-a94ae3a91a11 0.536s
2024-11-05 05:19:40.336 64527 INFO tempest.lib.common.rest_client [req-520aceb2-f27b-417b-ad82-a21cab7c84f6 req-520aceb2-f27b-417b-ad82-a21cab7c84f6 ] Request (MigrationsAdminTest:test_resize_server_revert_deleted_flavor): 202 POST http://10.180.1.21/compute/v2.1/servers 0.750s
2024-11-05 05:19:40.337 64529 INFO tempest.lib.common.rest_client [req-1a2b92d2-7eff-4320-9ed1-0eebc06766bd req-1a2b92d2-7eff-4320-9ed1-0eebc06766bd ] Request (ServerDiskConfigTestJSON:test_rebuild_server_with_auto_disk_config): 200 GET http://10.180.1.21/compute/v2.1/servers/8779be6a-c346-4c93-92a2-3f3d283663d5 0.552s
2024-11-05 05:19:40.342 64501 INFO tempest.lib.common.rest_client [req-fafa986f-643a-4e2f-824f-ea9eb9b2e20c req-fafa986f-643a-4e2f-824f-ea9eb9b2e20c ] Request (ServersAdminNegativeTestJSON:test_reset_state_server_nonexistent_server): 404 POST http://10.180.1.21/compute/v2.1/servers/999/action 0.359s
2024-11-05 05:19:40.404 64531 INFO tempest.lib.common.rest_client [req-bf077d0b-d876-4a87-a584-764203b10580 req-bf077d0b-d876-4a87-a584-764203b10580 ] Request (ImagesOneServerTestJSON:tearDownClass): 200 GET http://10.180.1.21/compute/v2.1/servers/77698625-eb4e-4097-bbe0-c67c89711fb8 0.335s
2024-11-05 05:19:40.457 64493 INFO tempest.lib.common.rest_client [req-a6190dcf-ca7a-4cec-b1a7-b705d7c4a007 req-a6190dcf-ca7a-4cec-b1a7-b705d7c4a007 ] Request (ImagesOneServerNegativeTestJSON:setUpClass): 200 GET http://10.180.1.21/compute/v2.1/servers/ae9ba594-0e12-4c4e-a4be-f8e4b61010c0 0.250s
2024-11-05 05:19:40.508 64533 INFO tempest.lib.common.rest_client [req-b37c3d8f-166c-4e79-9f62-33be185f7d4f req-b37c3d8f-166c-4e79-9f62-33be185f7d4f ] Request (ServersAdminTestJSON:setUpClass): 200 GET http://10.180.1.21/compute/v2.1/servers/a287aca4-6ed2-4fa8-8d6e-c1619315e5b2 0.254s
2024-11-05 05:19:40.549 64527 INFO tempest.lib.common.rest_client [req-5eab2ef0-3f9e-483f-bd58-4a395e570d30 req-5eab2ef0-3f9e-483f-bd58-4a395e570d30 ] Request (MigrationsAdminTest:test_resize_server_revert_deleted_flavor): 200 GET http://10.180.1.21/compute/v2.1/servers/ac9c0c42-eab0-4190-b74c-3874ddc61771 0.211s
2024-11-05 05:19:40.633 64501 INFO tempest.lib.common.rest_client [req-61ba534a-d158-4100-ada9-7060c4d9a2b6 req-61ba534a-d158-4100-ada9-7060c4d9a2b6 ] Request (ServersAdminNegativeTestJSON:test_resize_server_using_overlimit_ram): 200 GET http://10.180.1.21/compute/v2.1/os-quota-sets/1a4afbc130ff4bc086661694e56b90ac 0.289s
2024-11-05 05:19:40.692 64537 INFO tempest.lib.common.rest_client [req-5261d554-36d5-471b-8c2e-e9df8c9f931e req-5261d554-36d5-471b-8c2e-e9df8c9f931e ] Request (ServerRescueNegativeTestJSON:test_rescued_vm_detach_volume): 200 GET http://10.180.1.21/compute/v2.1/servers/7c379873-57d2-4356-99ad-6fd2aa5c2797 0.189s
2024-11-05 05:19:40.752 64521 INFO tempest.lib.common.rest_client [req-725405b2-4430-4c55-b246-b15cb40d4594 req-725405b2-4430-4c55-b246-b15cb40d4594 ] Request (DeleteServersAdminTestJSON:test_delete_server_while_in_error_state): 200 GET http://10.180.1.21/compute/v2.1/servers/43a045fa-f319-4fc9-bc76-39b687009a21 0.163s
2024-11-05 05:19:40.771 64501 INFO tempest.lib.common.rest_client [req-ca97fff6-4046-4596-8bf2-82831974958d req-ca97fff6-4046-4596-8bf2-82831974958d ] Request (ServersAdminNegativeTestJSON:test_resize_server_using_overlimit_ram): 200 POST http://10.180.1.21/compute/v2.1/flavors 0.136s
2024-11-05 05:19:40.793 64545 INFO tempest.lib.common.rest_client [req-27087705-8290-4628-aa84-895f6dce6f6a req-27087705-8290-4628-aa84-895f6dce6f6a ] Request (InstanceActionsV221TestJSON:test_get_list_deleted_instance_actions): 404 GET http://10.180.1.21/compute/v2.1/servers/2f083755-3647-401e-9160-bbc39a5e7750 0.150s
2024-11-05 05:19:40.857 64491 INFO tempest.lib.common.rest_client [req-85aea5ed-5b04-4340-845a-5ae083c11736 req-85aea5ed-5b04-4340-845a-5ae083c11736 ] Request (ServerGroupTestJSON:_run_cleanups): 200 GET http://10.180.1.21/compute/v2.1/servers/ad1b77c8-c97e-438a-88bb-697ad2f369e2 0.155s
2024-11-05 05:19:40.926 64483 INFO tempest.lib.common.rest_client [req-95971185-bf5a-4fd8-93e2-721cf268cbab req-95971185-bf5a-4fd8-93e2-721cf268cbab ] Request (ServersTestManualDisk:tearDownClass): 200 GET http://10.180.1.21/compute/v2.1/servers/0f66915f-c880-4ef3-8fa2-49c3abdc1cce 0.161s
2024-11-05 05:19:41.015 64501 INFO tempest.lib.common.rest_client [req-bb168539-2892-4de2-a5fd-3a58731d870e req-bb168539-2892-4de2-a5fd-3a58731d870e ] Request (ServersAdminNegativeTestJSON:test_resize_server_using_overlimit_ram): 403 POST http://10.180.1.21/compute/v2.1/servers/f7ae1061-3b3b-4080-b2ce-0057203448ab/action 0.241s
2024-11-05 05:19:41.059 64545 INFO tempest.lib.common.rest_client [req-8e126188-7f0f-446c-9bbc-4f27236c0dda req-8e126188-7f0f-446c-9bbc-4f27236c0dda ] Request (InstanceActionsV221TestJSON:test_get_list_deleted_instance_actions): 200 GET http://10.180.1.21/compute/v2.1/servers/2f083755-3647-401e-9160-bbc39a5e7750/os-instance-actions 0.265s
2024-11-05 05:19:41.225 64539 INFO tempest.lib.common.rest_client [req-2acad6d6-764d-46cf-855c-e03b4ab114bc req-2acad6d6-764d-46cf-855c-e03b4ab114bc ] Request (ImagesTestJSON:test_create_image_from_suspended_server): 200 GET http://10.180.1.21/compute/v2.1/servers/d472cee9-0323-4cd4-991f-a731d7768d9b 0.285s
2024-11-05 05:19:41.237 64487 INFO tempest.lib.common.rest_client [req-2cb12850-8c50-41fa-be97-0c666e074200 req-2cb12850-8c50-41fa-be97-0c666e074200 ] Request (FloatingIPsAssociationNegativeTestJSON:test_associate_ip_to_server_with_floating_ip): 200 POST http://10.180.1.21/compute/v2.1/os-floating-ips 1.264s
2024-11-05 05:19:41.260 64501 INFO tempest.lib.common.rest_client [req-ce997962-9ab2-456d-8f8b-7443d4c17d2d req-ce997962-9ab2-456d-8f8b-7443d4c17d2d ] Request (ServersAdminNegativeTestJSON:_run_cleanups): 202 DELETE http://10.180.1.21/compute/v2.1/flavors/1487641566 0.245s
2024-11-05 05:19:41.313 64505 INFO tempest.lib.common.rest_client [req-9e536251-8c9a-45d7-a14d-230a5a742492 req-9e536251-8c9a-45d7-a14d-230a5a742492 ] Request (SecurityGroupsTestJSON:test_list_security_groups_by_server): 200 GET http://10.180.1.21/compute/v2.1/servers/39abc7c8-5835-420c-8e4c-9bdaad2d9a05 0.326s
2024-11-05 05:19:41.329 64525 INFO tempest.lib.common.rest_client [req-d13d8131-1d82-436a-971f-7da3611d5ad5 req-d13d8131-1d82-436a-971f-7da3611d5ad5 ] Request (FloatingIPsAssociationTestJSON:test_associate_already_associated_floating_ip): 200 GET http://10.180.1.21/compute/v2.1/servers/9ad9a64c-ab50-41b2-8993-5f2a0dc8e994 0.292s
2024-11-05 05:19:41.350 64545 INFO tempest.lib.common.rest_client [req-6bbcb5e3-51a0-4be9-90d8-6e4173c4a6f6 req-6bbcb5e3-51a0-4be9-90d8-6e4173c4a6f6 ] Request (InstanceActionsV221TestJSON:tearDownClass): 404 DELETE http://10.180.1.21/compute/v2.1/servers/2f083755-3647-401e-9160-bbc39a5e7750 0.283s
2024-11-05 05:19:41.377 64535 INFO tempest.lib.common.rest_client [req-9ef1228c-1946-4095-a22c-2024a36fdc36 req-9ef1228c-1946-4095-a22c-2024a36fdc36 ] Request (ServerAddressesNegativeTestJSON:setUpClass): 200 GET http://10.180.1.21/compute/v2.1/servers/0f132a8e-a5a8-4459-ac91-50716514d4f0 0.333s
2024-11-05 05:19:41.414 64495 INFO tempest.lib.common.rest_client [req-1af6239d-713a-47a6-b2ee-6d5752328b5b req-1af6239d-713a-47a6-b2ee-6d5752328b5b ] Request (ServerDiagnosticsNegativeTest:tearDownClass): 200 GET http://10.180.1.21/compute/v2.1/servers/cfd5b993-c62c-43dc-9a0b-a4f3ec085cbb 0.331s
2024-11-05 05:19:41.436 64519 INFO tempest.lib.common.rest_client [req-3dc28cde-4379-467b-aab6-609cebb9e50e req-3dc28cde-4379-467b-aab6-609cebb9e50e ] Request (ServerRescueTestJSONUnderV235:setUpClass): 200 GET http://10.180.1.21/compute/v2.1/servers/87653ee3-1c93-455f-83a9-d05668788f59 0.299s
2024-11-05 05:19:41.474 64497 INFO tempest.lib.common.rest_client [req-67a89d2e-be79-4df3-83b7-9eaf5c7fd78d req-67a89d2e-be79-4df3-83b7-9eaf5c7fd78d ] Request (ServerMetadataTestJSON:tearDownClass): 200 GET http://10.180.1.21/compute/v2.1/servers/b30e8a7c-6c74-480d-8915-c8b2b7198673 0.252s
2024-11-05 05:19:41.489 64501 INFO tempest.lib.common.rest_client [req-032c2d28-7a18-4e08-bfd4-91d2837e60be req-032c2d28-7a18-4e08-bfd4-91d2837e60be ] Request (ServersAdminNegativeTestJSON:_run_cleanups): 200 GET http://10.180.1.21/compute/v2.1/flavors/detail 0.228s
2024-11-05 05:19:41.542 64515 INFO tempest.lib.common.rest_client [req-06af31f7-220c-43fb-b40a-06c493e34879 req-06af31f7-220c-43fb-b40a-06c493e34879 ] Request (InstanceActionsTestJSON:setUpClass): 200 GET http://10.180.1.21/compute/v2.1/servers/d6d1041a-7097-4975-9fe7-a94ae3a91a11 0.258s
2024-11-05 05:19:41.685 64541 INFO tempest.lib.common.rest_client [req-e5e82e84-60d8-4464-98b0-9ea9191739de req-e5e82e84-60d8-4464-98b0-9ea9191739de ] Request (VolumesAssistedSnapshotsTest:test_volume_assisted_snapshot_create_delete): 200 GET http://10.180.1.21/volume/v3/16c86e8f7ed948c18a29d3419f614bd7/volumes/ac752360-a531-4092-b912-46e19ff836df 2.203s
2024-11-05 05:19:41.710 64543 INFO tempest.lib.common.rest_client [req-f18d2162-b208-4afd-8f8a-a428622774f7 req-f18d2162-b208-4afd-8f8a-a428622774f7 ] Request (VolumesAdminNegativeTest:test_update_attached_volume_with_nonexistent_volume_in_body): 200 GET http://10.180.1.21/volume/v3/b8ebe67ab8f84858b2f7f38eefff9503/volumes/21ee51c2-e5f4-4079-ad1e-218cc8858d74 2.070s
2024-11-05 05:19:41.810 64487 INFO tempest.lib.common.rest_client [req-256d1379-d341-470c-a485-cf808573a242 req-256d1379-d341-470c-a485-cf808573a242 ] Request (FloatingIPsAssociationNegativeTestJSON:test_associate_ip_to_server_with_floating_ip): 400 POST http://10.180.1.21/compute/v2.1/servers/26a661d9-cd51-4b54-bfd6-c285c2418bb7/action 0.571s
2024-11-05 05:19:41.810 64529 INFO tempest.lib.common.rest_client [req-0d4366c2-0b03-453e-9b78-5c4220c8392c req-0d4366c2-0b03-453e-9b78-5c4220c8392c ] Request (ServerDiskConfigTestJSON:test_rebuild_server_with_auto_disk_config): 200 GET http://10.180.1.21/compute/v2.1/servers/8779be6a-c346-4c93-92a2-3f3d283663d5 0.462s
2024-11-05 05:19:41.816 64529 INFO tempest.common.waiters [-] State transition "BUILD/None" ==> "BUILD/block_device_mapping" after 46 second wait
2024-11-05 05:19:41.836 64545 INFO tempest.lib.common.rest_client [req-994b4fec-cbf2-43a1-9bde-e760d4a08e5c req-994b4fec-cbf2-43a1-9bde-e760d4a08e5c ] Request (InstanceActionsV221TestJSON:tearDownClass): 404 GET http://10.180.1.21/compute/v2.1/servers/2f083755-3647-401e-9160-bbc39a5e7750 0.485s
2024-11-05 05:19:41.873 64531 INFO tempest.lib.common.rest_client [req-997d6c63-b803-4974-a4da-43a9291fd4e1 req-997d6c63-b803-4974-a4da-43a9291fd4e1 ] Request (ImagesOneServerTestJSON:tearDownClass): 200 GET http://10.180.1.21/compute/v2.1/servers/77698625-eb4e-4097-bbe0-c67c89711fb8 0.461s
2024-11-05 05:19:41.898 64493 INFO tempest.lib.common.rest_client [req-359bf2da-51f8-442f-b438-72aa06aed472 req-359bf2da-51f8-442f-b438-72aa06aed472 ] Request (ImagesOneServerNegativeTestJSON:setUpClass): 200 GET http://10.180.1.21/compute/v2.1/servers/ae9ba594-0e12-4c4e-a4be-f8e4b61010c0 0.434s
2024-11-05 05:19:41.930 64501 INFO tempest.lib.common.rest_client [req-de5e4eec-b685-43eb-94fd-48847869cb76 req-de5e4eec-b685-43eb-94fd-48847869cb76 ] Request (ServersAdminNegativeTestJSON:test_resize_server_using_overlimit_vcpus): 200 GET http://10.180.1.21/compute/v2.1/os-quota-sets/1a4afbc130ff4bc086661694e56b90ac 0.435s
2024-11-05 05:19:41.949 64533 INFO tempest.lib.common.rest_client [req-4ed227e0-9ea7-41a0-9db2-41a7046c17ac req-4ed227e0-9ea7-41a0-9db2-41a7046c17ac ] Request (ServersAdminTestJSON:setUpClass): 200 GET http://10.180.1.21/compute/v2.1/servers/a287aca4-6ed2-4fa8-8d6e-c1619315e5b2 0.433s
2024-11-05 05:19:41.978 64527 INFO tempest.lib.common.rest_client [req-6b8535ba-651d-4dd6-adf1-46c5d990041d req-6b8535ba-651d-4dd6-adf1-46c5d990041d ] Request (MigrationsAdminTest:test_resize_server_revert_deleted_flavor): 200 GET http://10.180.1.21/compute/v2.1/servers/ac9c0c42-eab0-4190-b74c-3874ddc61771 0.422s
2024-11-05 05:19:42.010 64537 INFO tempest.lib.common.rest_client [req-305167c2-8c64-4519-b721-b0ab71dea843 req-305167c2-8c64-4519-b721-b0ab71dea843 ] Request (ServerRescueNegativeTestJSON:test_rescued_vm_detach_volume): 200 GET http://10.180.1.21/compute/v2.1/servers/7c379873-57d2-4356-99ad-6fd2aa5c2797 0.305s
2024-11-05 05:19:42.035 64521 INFO tempest.lib.common.rest_client [req-7e7ce2f5-7955-484c-8dcd-eaf61a3bbcb2 req-7e7ce2f5-7955-484c-8dcd-eaf61a3bbcb2 ] Request (DeleteServersAdminTestJSON:test_delete_server_while_in_error_state): 200 GET http://10.180.1.21/compute/v2.1/servers/43a045fa-f319-4fc9-bc76-39b687009a21 0.275s
2024-11-05 05:19:42.106 64491 INFO tempest.lib.common.rest_client [req-94b89f10-6e6c-4c18-ada5-3e80d7b1a443 req-94b89f10-6e6c-4c18-ada5-3e80d7b1a443 ] Request (ServerGroupTestJSON:_run_cleanups): 200 GET http://10.180.1.21/compute/v2.1/servers/ad1b77c8-c97e-438a-88bb-697ad2f369e2 0.241s
2024-11-05 05:19:42.127 64501 INFO tempest.lib.common.rest_client [req-4e8bfc9c-d370-4771-b9c4-a1c26790ec11 req-4e8bfc9c-d370-4771-b9c4-a1c26790ec11 ] Request (ServersAdminNegativeTestJSON:test_resize_server_using_overlimit_vcpus): 200 POST http://10.180.1.21/compute/v2.1/flavors 0.194s
2024-11-05 05:19:42.211 64483 INFO tempest.lib.common.rest_client [req-ec1c366d-6bde-4add-80a1-b1080238bc92 req-ec1c366d-6bde-4add-80a1-b1080238bc92 ] Request (ServersTestManualDisk:tearDownClass): 200 GET http://10.180.1.21/compute/v2.1/servers/0f66915f-c880-4ef3-8fa2-49c3abdc1cce 0.273s
2024-11-05 05:19:42.347 64501 INFO tempest.lib.common.rest_client [req-2fe100c1-947d-4cc9-82c5-cbc261352e68 req-2fe100c1-947d-4cc9-82c5-cbc261352e68 ] Request (ServersAdminNegativeTestJSON:test_resize_server_using_overlimit_vcpus): 403 POST http://10.180.1.21/compute/v2.1/servers/f7ae1061-3b3b-4080-b2ce-0057203448ab/action 0.218s
2024-11-05 05:19:42.534 64539 INFO tempest.lib.common.rest_client [req-8396b540-3e54-49ee-9de2-48782522e4df req-8396b540-3e54-49ee-9de2-48782522e4df ] Request (ImagesTestJSON:test_create_image_from_suspended_server): 200 GET http://10.180.1.21/compute/v2.1/servers/d472cee9-0323-4cd4-991f-a731d7768d9b 0.301s
2024-11-05 05:19:42.556 64487 INFO tempest.lib.common.rest_client [req-02c2b727-ac98-41bb-b877-31bd13d74fd3 req-02c2b727-ac98-41bb-b877-31bd13d74fd3 ] Request (FloatingIPsAssociationNegativeTestJSON:_run_cleanups): 202 DELETE http://10.180.1.21/compute/v2.1/os-floating-ips/8c10114a-8fc5-4cf3-9b4d-801d811d2a4c 0.745s
2024-11-05 05:19:42.595 64505 INFO tempest.lib.common.rest_client [req-ba0632e5-cb9d-4161-a1cc-d7444522f942 req-ba0632e5-cb9d-4161-a1cc-d7444522f942 ] Request (SecurityGroupsTestJSON:test_list_security_groups_by_server): 200 GET http://10.180.1.21/compute/v2.1/servers/39abc7c8-5835-420c-8e4c-9bdaad2d9a05 0.269s
2024-11-05 05:19:42.607 64501 INFO tempest.lib.common.rest_client [req-91d0ad77-55b2-4f1c-8bc2-688305d19baa req-91d0ad77-55b2-4f1c-8bc2-688305d19baa ] Request (ServersAdminNegativeTestJSON:_run_cleanups): 202 DELETE http://10.180.1.21/compute/v2.1/flavors/222457054 0.260s
2024-11-05 05:19:42.622 64525 INFO tempest.lib.common.rest_client [req-2fa735e0-c8ed-4bf4-b056-9dff1c8e6fbf req-2fa735e0-c8ed-4bf4-b056-9dff1c8e6fbf ] Request (FloatingIPsAssociationTestJSON:test_associate_already_associated_floating_ip): 200 GET http://10.180.1.21/compute/v2.1/servers/9ad9a64c-ab50-41b2-8993-5f2a0dc8e994 0.287s
2024-11-05 05:19:42.668 64535 INFO tempest.lib.common.rest_client [req-ed7e3235-d055-4bb8-b3a5-ddcdbc3d1a3a req-ed7e3235-d055-4bb8-b3a5-ddcdbc3d1a3a ] Request (ServerAddressesNegativeTestJSON:setUpClass): 200 GET http://10.180.1.21/compute/v2.1/servers/0f132a8e-a5a8-4459-ac91-50716514d4f0 0.282s
2024-11-05 05:19:42.680 64495 INFO tempest.lib.common.rest_client [req-42444ed8-820c-4024-9c5d-e863ed28d3db req-42444ed8-820c-4024-9c5d-e863ed28d3db ] Request (ServerDiagnosticsNegativeTest:tearDownClass): 200 GET http://10.180.1.21/compute/v2.1/servers/cfd5b993-c62c-43dc-9a0b-a4f3ec085cbb 0.256s
2024-11-05 05:19:42.729 64519 INFO tempest.lib.common.rest_client [req-86273a54-1158-4a5b-aace-7ef4133bf3da req-86273a54-1158-4a5b-aace-7ef4133bf3da ] Request (ServerRescueTestJSONUnderV235:setUpClass): 200 GET http://10.180.1.21/compute/v2.1/servers/87653ee3-1c93-455f-83a9-d05668788f59 0.282s
2024-11-05 05:19:42.735 64541 INFO tempest.lib.common.rest_client [req-23037347-2ba6-43e4-ab02-e5323720609e req-23037347-2ba6-43e4-ab02-e5323720609e ] Request (VolumesAssistedSnapshotsTest:test_volume_assisted_snapshot_create_delete): 200 GET http://10.180.1.21/volume/v3/16c86e8f7ed948c18a29d3419f614bd7/volumes/ac752360-a531-4092-b912-46e19ff836df 0.040s
2024-11-05 05:19:42.753 64497 INFO tempest.lib.common.rest_client [req-699e1460-6e62-4a87-976d-f5b7a59d1d4c req-699e1460-6e62-4a87-976d-f5b7a59d1d4c ] Request (ServerMetadataTestJSON:tearDownClass): 200 GET http://10.180.1.21/compute/v2.1/servers/b30e8a7c-6c74-480d-8915-c8b2b7198673 0.268s
2024-11-05 05:19:42.764 64543 INFO tempest.lib.common.rest_client [req-c285d1fe-c661-4877-ad1f-b78880b7f235 req-c285d1fe-c661-4877-ad1f-b78880b7f235 ] Request (VolumesAdminNegativeTest:test_update_attached_volume_with_nonexistent_volume_in_body): 200 GET http://10.180.1.21/volume/v3/b8ebe67ab8f84858b2f7f38eefff9503/volumes/21ee51c2-e5f4-4079-ad1e-218cc8858d74 0.047s
2024-11-05 05:19:43.003 64515 INFO tempest.lib.common.rest_client [req-fb8bfc09-e430-415c-a121-a6b371f26da4 req-fb8bfc09-e430-415c-a121-a6b371f26da4 ] Request (InstanceActionsTestJSON:setUpClass): 200 GET http://10.180.1.21/compute/v2.1/servers/d6d1041a-7097-4975-9fe7-a94ae3a91a11 0.450s
2024-11-05 05:19:43.038 64501 INFO tempest.lib.common.rest_client [req-7aaacb3b-a959-42c1-9ad9-a8a19b1a4879 req-7aaacb3b-a959-42c1-9ad9-a8a19b1a4879 ] Request (ServersAdminNegativeTestJSON:_run_cleanups): 200 GET http://10.180.1.21/compute/v2.1/flavors/detail 0.430s
2024-11-05 05:19:43.255 64529 INFO tempest.lib.common.rest_client [req-a0d5749f-0bd9-4ebe-8c9f-cf62ee0699f8 req-a0d5749f-0bd9-4ebe-8c9f-cf62ee0699f8 ] Request (ServerDiskConfigTestJSON:test_rebuild_server_with_auto_disk_config): 200 GET http://10.180.1.21/compute/v2.1/servers/8779be6a-c346-4c93-92a2-3f3d283663d5 0.437s
2024-11-05 05:19:43.262 64529 INFO tempest.common.waiters [-] State transition "BUILD/block_device_mapping" ==> "BUILD/spawning" after 48 second wait
2024-11-05 05:19:43.278 64523 WARNING tempest.lib.common.ssh [-] Failed to establish authenticated ssh connection to cirros@10.180.180.172 ([Errno None] Unable to connect to port 22 on 10.180.180.172). Number attempts: 5. Retry after 6 seconds.: paramiko.ssh_exception.NoValidConnectionsError: [Errno None] Unable to connect to port 22 on 10.180.180.172
2024-11-05 05:19:43.328 64531 INFO tempest.lib.common.rest_client [req-38735747-f1da-4f9a-bae5-beb2da596065 req-38735747-f1da-4f9a-bae5-beb2da596065 ] Request (ImagesOneServerTestJSON:tearDownClass): 200 GET http://10.180.1.21/compute/v2.1/servers/77698625-eb4e-4097-bbe0-c67c89711fb8 0.447s
2024-11-05 05:19:43.367 64545 INFO tempest.lib.common.rest_client [req-cbb46ac5-be9d-440b-a642-355f6ee53853 req-cbb46ac5-be9d-440b-a642-355f6ee53853 ] Request (InstanceActionsV221TestJSON:tearDownClass): 200 PUT http://10.180.1.21:9696/networking/v2.0/routers/52ea3a1d-9a11-4849-8043-26ab9d95b89a/remove_router_interface 1.530s
2024-11-05 05:19:43.385 64493 INFO tempest.lib.common.rest_client [req-9c51299c-0d5e-41fd-be58-80490790c826 req-9c51299c-0d5e-41fd-be58-80490790c826 ] Request (ImagesOneServerNegativeTestJSON:setUpClass): 200 GET http://10.180.1.21/compute/v2.1/servers/ae9ba594-0e12-4c4e-a4be-f8e4b61010c0 0.480s
2024-11-05 05:19:43.440 64533 INFO tempest.lib.common.rest_client [req-a7c7287e-6648-4d42-b573-53bd8978ecf8 req-a7c7287e-6648-4d42-b573-53bd8978ecf8 ] Request (ServersAdminTestJSON:setUpClass): 200 GET http://10.180.1.21/compute/v2.1/servers/a287aca4-6ed2-4fa8-8d6e-c1619315e5b2 0.482s
2024-11-05 05:19:43.501 64527 INFO tempest.lib.common.rest_client [req-115c3d5b-08c6-4adb-ad57-73a72bbf4862 req-115c3d5b-08c6-4adb-ad57-73a72bbf4862 ] Request (MigrationsAdminTest:test_resize_server_revert_deleted_flavor): 200 GET http://10.180.1.21/compute/v2.1/servers/ac9c0c42-eab0-4190-b74c-3874ddc61771 0.514s
2024-11-05 05:19:43.564 64537 INFO tempest.lib.common.rest_client [req-502f4f26-cf86-4ee5-b39d-ca95aaa5478a req-502f4f26-cf86-4ee5-b39d-ca95aaa5478a ] Request (ServerRescueNegativeTestJSON:test_rescued_vm_detach_volume): 200 GET http://10.180.1.21/compute/v2.1/servers/7c379873-57d2-4356-99ad-6fd2aa5c2797 0.547s
2024-11-05 05:19:43.636 64501 INFO tempest.lib.common.rest_client [req-ae01bc1e-8d83-4175-8de5-11157a617d22 req-ae01bc1e-8d83-4175-8de5-11157a617d22 ] Request (ServersAdminNegativeTestJSON:tearDownClass): 204 DELETE http://10.180.1.21/compute/v2.1/servers/43db53f3-ff84-47cf-8e60-fd262c4c3e00 0.590s
2024-11-05 05:19:43.703 64521 INFO tempest.lib.common.rest_client [req-389fa940-e003-40cb-adbe-91666a460bcf req-389fa940-e003-40cb-adbe-91666a460bcf ] Request (DeleteServersAdminTestJSON:test_delete_server_while_in_error_state): 200 GET http://10.180.1.21/compute/v2.1/servers/43a045fa-f319-4fc9-bc76-39b687009a21 0.656s
2024-11-05 05:19:43.764 64491 INFO tempest.lib.common.rest_client [req-e3c0f117-43f0-414c-acdc-f865abcb0e1b req-e3c0f117-43f0-414c-acdc-f865abcb0e1b ] Request (ServerGroupTestJSON:_run_cleanups): 200 GET http://10.180.1.21/compute/v2.1/servers/ad1b77c8-c97e-438a-88bb-697ad2f369e2 0.649s
2024-11-05 05:19:43.772 64541 INFO tempest.lib.common.rest_client [req-d5061cab-1771-4dde-8731-cc64605093b3 req-d5061cab-1771-4dde-8731-cc64605093b3 ] Request (VolumesAssistedSnapshotsTest:test_volume_assisted_snapshot_create_delete): 200 GET http://10.180.1.21/volume/v3/16c86e8f7ed948c18a29d3419f614bd7/volumes/ac752360-a531-4092-b912-46e19ff836df 0.031s
2024-11-05 05:19:43.804 64543 INFO tempest.lib.common.rest_client [req-dd51ab61-c0da-4a64-aa2e-cc6aa81ba298 req-dd51ab61-c0da-4a64-aa2e-cc6aa81ba298 ] Request (VolumesAdminNegativeTest:test_update_attached_volume_with_nonexistent_volume_in_body): 200 GET http://10.180.1.21/volume/v3/b8ebe67ab8f84858b2f7f38eefff9503/volumes/21ee51c2-e5f4-4079-ad1e-218cc8858d74 0.034s
2024-11-05 05:19:43.812 64543 INFO tempest.common.waiters [-] Attachment 0e30ea89-00ed-4828-b19f-826844298517 created for volume 21ee51c2-e5f4-4079-ad1e-218cc8858d74 to server 90669164-9f01-47c2-af98-44509b267430 after waiting for 7.812284 seconds
2024-11-05 05:19:43.833 64483 INFO tempest.lib.common.rest_client [req-11f7adb7-1279-47e5-a7f9-723138f78d03 req-11f7adb7-1279-47e5-a7f9-723138f78d03 ] Request (ServersTestManualDisk:tearDownClass): 200 GET http://10.180.1.21/compute/v2.1/servers/0f66915f-c880-4ef3-8fa2-49c3abdc1cce 0.611s
2024-11-05 05:19:43.846 64543 INFO tempest.lib.common.rest_client [req-33e7d4f8-6c5f-4016-a4cf-24afca133027 req-33e7d4f8-6c5f-4016-a4cf-24afca133027 ] Request (VolumesAdminNegativeTest:test_update_attached_volume_with_nonexistent_volume_in_body): 200 GET http://10.180.1.21/volume/v3/b8ebe67ab8f84858b2f7f38eefff9503/volumes/21ee51c2-e5f4-4079-ad1e-218cc8858d74 0.034s
2024-11-05 05:19:43.857 64543 INFO tempest.common.waiters [-] volume 21ee51c2-e5f4-4079-ad1e-218cc8858d74 reached in-use after waiting for 0.857335 seconds
2024-11-05 05:19:43.975 64539 INFO tempest.lib.common.rest_client [req-2bb7aa73-9dd0-4c0e-8e02-530ccbb3906f req-2bb7aa73-9dd0-4c0e-8e02-530ccbb3906f ] Request (ImagesTestJSON:test_create_image_from_suspended_server): 200 GET http://10.180.1.21/compute/v2.1/servers/d472cee9-0323-4cd4-991f-a731d7768d9b 0.434s
2024-11-05 05:19:44.034 64505 INFO tempest.lib.common.rest_client [req-29125691-67d0-473e-8191-6aaf02b59254 req-29125691-67d0-473e-8191-6aaf02b59254 ] Request (SecurityGroupsTestJSON:test_list_security_groups_by_server): 200 GET http://10.180.1.21/compute/v2.1/servers/39abc7c8-5835-420c-8e4c-9bdaad2d9a05 0.430s
2024-11-05 05:19:44.100 64525 INFO tempest.lib.common.rest_client [req-38207096-66ee-41b1-808f-500602256228 req-38207096-66ee-41b1-808f-500602256228 ] Request (FloatingIPsAssociationTestJSON:test_associate_already_associated_floating_ip): 200 GET http://10.180.1.21/compute/v2.1/servers/9ad9a64c-ab50-41b2-8993-5f2a0dc8e994 0.465s
2024-11-05 05:19:44.177 64487 INFO tempest.lib.common.rest_client [req-4db23d96-dcf9-48a6-a1f3-fc083feac669 req-4db23d96-dcf9-48a6-a1f3-fc083feac669 ] Request (FloatingIPsAssociationNegativeTestJSON:_run_cleanups): 202 POST http://10.180.1.21/compute/v2.1/servers/26a661d9-cd51-4b54-bfd6-c285c2418bb7/action 1.620s
2024-11-05 05:19:44.193 64545 INFO tempest.lib.common.rest_client [req-07e42bcd-7570-4656-8765-7a95d2fee3e2 req-07e42bcd-7570-4656-8765-7a95d2fee3e2 ] Request (InstanceActionsV221TestJSON:tearDownClass): 204 DELETE http://10.180.1.21:9696/networking/v2.0/routers/52ea3a1d-9a11-4849-8043-26ab9d95b89a 0.826s
2024-11-05 05:19:44.228 64501 INFO tempest.lib.common.rest_client [req-081fab2c-ce63-43b0-af43-2f6c2b51b2a0 req-081fab2c-ce63-43b0-af43-2f6c2b51b2a0 ] Request (ServersAdminNegativeTestJSON:tearDownClass): 200 GET http://10.180.1.21/compute/v2.1/servers/43db53f3-ff84-47cf-8e60-fd262c4c3e00 0.592s
2024-11-05 05:19:44.247 64535 INFO tempest.lib.common.rest_client [req-41b1f72a-5357-4347-a4b4-4b51f7b3bd4c req-41b1f72a-5357-4347-a4b4-4b51f7b3bd4c ] Request (ServerAddressesNegativeTestJSON:setUpClass): 200 GET http://10.180.1.21/compute/v2.1/servers/0f132a8e-a5a8-4459-ac91-50716514d4f0 0.568s
2024-11-05 05:19:44.300 64495 INFO tempest.lib.common.rest_client [req-997f6837-f675-437c-8be5-242a880e9bcb req-997f6837-f675-437c-8be5-242a880e9bcb ] Request (ServerDiagnosticsNegativeTest:tearDownClass): 200 GET http://10.180.1.21/compute/v2.1/servers/cfd5b993-c62c-43dc-9a0b-a4f3ec085cbb 0.612s
2024-11-05 05:19:44.309 64509 WARNING tempest.lib.common.ssh [-] Failed to establish authenticated ssh connection to cirros@10.180.180.239 ([Errno None] Unable to connect to port 22 on 10.180.180.239). Number attempts: 5. Retry after 6 seconds.: paramiko.ssh_exception.NoValidConnectionsError: [Errno None] Unable to connect to port 22 on 10.180.180.239
2024-11-05 05:19:44.311 64519 INFO tempest.lib.common.rest_client [req-1b352dc1-3ef9-42b8-bd17-e8a03592fad5 req-1b352dc1-3ef9-42b8-bd17-e8a03592fad5 ] Request (ServerRescueTestJSONUnderV235:setUpClass): 200 GET http://10.180.1.21/compute/v2.1/servers/87653ee3-1c93-455f-83a9-d05668788f59 0.568s
2024-11-05 05:19:44.364 64497 INFO tempest.lib.common.rest_client [req-c5d2e468-e470-471b-8de4-363a40d92c99 req-c5d2e468-e470-471b-8de4-363a40d92c99 ] Request (ServerMetadataTestJSON:tearDownClass): 200 GET http://10.180.1.21/compute/v2.1/servers/b30e8a7c-6c74-480d-8915-c8b2b7198673 0.602s
2024-11-05 05:19:44.406 64545 INFO tempest.lib.common.rest_client [req-02c23ace-fed8-4e85-82d1-761b83825931 req-02c23ace-fed8-4e85-82d1-761b83825931 ] Request (InstanceActionsV221TestJSON:tearDownClass): 204 DELETE http://10.180.1.21:9696/networking/v2.0/subnets/ff6ff5eb-a769-4f6d-8072-e383e0902f27 0.212s
2024-11-05 05:19:44.416 64515 INFO tempest.lib.common.rest_client [req-78b0c2d5-5c16-4544-b0dd-b3704f18520a req-78b0c2d5-5c16-4544-b0dd-b3704f18520a ] Request (InstanceActionsTestJSON:setUpClass): 200 GET http://10.180.1.21/compute/v2.1/servers/d6d1041a-7097-4975-9fe7-a94ae3a91a11 0.390s
2024-11-05 05:19:44.422 64499 WARNING tempest.lib.common.ssh [-] Failed to establish authenticated ssh connection to cirros@10.180.180.178 ([Errno None] Unable to connect to port 22 on 10.180.180.178). Number attempts: 7. Retry after 8 seconds.: paramiko.ssh_exception.NoValidConnectionsError: [Errno None] Unable to connect to port 22 on 10.180.180.178
2024-11-05 05:19:44.504 64543 INFO tempest.lib.common.rest_client [req-040318a8-859f-47b7-89cb-5ba36dddb1be req-040318a8-859f-47b7-89cb-5ba36dddb1be ] Request (VolumesAdminNegativeTest:test_update_attached_volume_with_nonexistent_volume_in_body): 400 PUT http://10.180.1.21/compute/v2.1/servers/90669164-9f01-47c2-af98-44509b267430/os-volume_attachments/21ee51c2-e5f4-4079-ad1e-218cc8858d74 0.647s
2024-11-05 05:19:44.535 64543 INFO tempest.lib.common.rest_client [req-9ba79e91-7f17-4992-bb04-e3cc0c18f1a1 req-9ba79e91-7f17-4992-bb04-e3cc0c18f1a1 ] Request (VolumesAdminNegativeTest:_run_cleanups): 200 GET http://10.180.1.21/volume/v3/b8ebe67ab8f84858b2f7f38eefff9503/volumes/21ee51c2-e5f4-4079-ad1e-218cc8858d74 0.030s
2024-11-05 05:19:44.636 64485 WARNING tempest.lib.common.ssh [-] Failed to establish authenticated ssh connection to cirros@10.180.180.156 ([Errno None] Unable to connect to port 22 on 10.180.180.156). Number attempts: 8. Retry after 9 seconds.: paramiko.ssh_exception.NoValidConnectionsError: [Errno None] Unable to connect to port 22 on 10.180.180.156
2024-11-05 05:19:44.690 64529 INFO tempest.lib.common.rest_client [req-8ffd177a-03f7-474d-9cb1-4cf74284ea95 req-8ffd177a-03f7-474d-9cb1-4cf74284ea95 ] Request (ServerDiskConfigTestJSON:test_rebuild_server_with_auto_disk_config): 200 GET http://10.180.1.21/compute/v2.1/servers/8779be6a-c346-4c93-92a2-3f3d283663d5 0.428s
2024-11-05 05:19:44.783 64531 INFO tempest.lib.common.rest_client [req-392a37c3-c1db-4ba4-9943-1bae7393dbf7 req-392a37c3-c1db-4ba4-9943-1bae7393dbf7 ] Request (ImagesOneServerTestJSON:tearDownClass): 200 GET http://10.180.1.21/compute/v2.1/servers/77698625-eb4e-4097-bbe0-c67c89711fb8 0.443s
2024-11-05 05:19:44.813 64541 INFO tempest.lib.common.rest_client [req-398e0bf1-72a4-4959-b6a4-e12e1b10f59d req-398e0bf1-72a4-4959-b6a4-e12e1b10f59d ] Request (VolumesAssistedSnapshotsTest:test_volume_assisted_snapshot_create_delete): 200 GET http://10.180.1.21/volume/v3/16c86e8f7ed948c18a29d3419f614bd7/volumes/ac752360-a531-4092-b912-46e19ff836df 0.030s
2024-11-05 05:19:44.871 64493 INFO tempest.lib.common.rest_client [req-0c5e97ef-a002-49d8-a4c3-a81c52272929 req-0c5e97ef-a002-49d8-a4c3-a81c52272929 ] Request (ImagesOneServerNegativeTestJSON:setUpClass): 200 GET http://10.180.1.21/compute/v2.1/servers/ae9ba594-0e12-4c4e-a4be-f8e4b61010c0 0.479s
2024-11-05 05:19:44.941 64533 INFO tempest.lib.common.rest_client [req-be4ff1dc-8fc4-4a87-90d4-c9c5e78e2336 req-be4ff1dc-8fc4-4a87-90d4-c9c5e78e2336 ] Request (ServersAdminTestJSON:setUpClass): 200 GET http://10.180.1.21/compute/v2.1/servers/a287aca4-6ed2-4fa8-8d6e-c1619315e5b2 0.495s
2024-11-05 05:19:44.961 64545 INFO tempest.lib.common.rest_client [req-9ddc2a88-2aa7-44b9-bb4f-1404ed076b25 req-9ddc2a88-2aa7-44b9-bb4f-1404ed076b25 ] Request (InstanceActionsV221TestJSON:tearDownClass): 204 DELETE http://10.180.1.21:9696/networking/v2.0/networks/bf9842e4-22f7-461d-ae15-092e5ba80f89 0.554s
2024-11-05 05:19:44.999 64527 INFO tempest.lib.common.rest_client [req-c5989348-5f4e-42a7-b34e-3e42d00c473d req-c5989348-5f4e-42a7-b34e-3e42d00c473d ] Request (MigrationsAdminTest:test_resize_server_revert_deleted_flavor): 200 GET http://10.180.1.21/compute/v2.1/servers/ac9c0c42-eab0-4190-b74c-3874ddc61771 0.483s
2024-11-05 05:19:45.043 64545 INFO tempest.lib.common.rest_client [req-9ddb9fef-bedc-44e5-b22e-7e0c2da72bda req-9ddb9fef-bedc-44e5-b22e-7e0c2da72bda ] Request (InstanceActionsV221TestJSON:tearDownClass): 204 DELETE http://10.180.1.21/identity/v3/users/8b51a69d75e74144851955af4c960098 0.082s
2024-11-05 05:19:45.043 64545 INFO tempest.lib.common.dynamic_creds [-] Deleting project and security group for project: 8eebb229f10d451da8a412d224eacade
2024-11-05 05:19:45.082 64545 INFO tempest.lib.common.rest_client [req-54d9d994-e9a0-44e6-a210-13c157cfe597 req-54d9d994-e9a0-44e6-a210-13c157cfe597 ] Request (InstanceActionsV221TestJSON:tearDownClass): 200 GET http://10.180.1.21:9696/networking/v2.0/security-groups?tenant_id=8eebb229f10d451da8a412d224eacade&name=default 0.039s
2024-11-05 05:19:45.107 64487 INFO tempest.lib.common.rest_client [req-0973233c-2caa-4b70-a6d5-a980c6c7935e req-0973233c-2caa-4b70-a6d5-a980c6c7935e ] Request (FloatingIPsAssociationNegativeTestJSON:_run_cleanups): 202 DELETE http://10.180.1.21/compute/v2.1/os-floating-ips/1512aa21-d0a1-4524-b6e5-1504436836fa 0.929s
2024-11-05 05:19:45.169 64537 INFO tempest.lib.common.rest_client [req-53819bbd-9770-47c2-be5c-b470c7ca856c req-53819bbd-9770-47c2-be5c-b470c7ca856c ] Request (ServerRescueNegativeTestJSON:test_rescued_vm_detach_volume): 200 GET http://10.180.1.21/compute/v2.1/servers/7c379873-57d2-4356-99ad-6fd2aa5c2797 0.596s
2024-11-05 05:19:45.184 64543 INFO tempest.lib.common.rest_client [req-b2baed6b-6d03-414d-a62b-8eb6d238d81f req-b2baed6b-6d03-414d-a62b-8eb6d238d81f ] Request (VolumesAdminNegativeTest:_run_cleanups): 202 DELETE http://10.180.1.21/compute/v2.1/servers/90669164-9f01-47c2-af98-44509b267430/os-volume_attachments/21ee51c2-e5f4-4079-ad1e-218cc8858d74 0.640s
2024-11-05 05:19:45.203 64545 INFO tempest.lib.common.rest_client [req-6235f067-dc0d-4677-a610-ad1a5f702cd7 req-6235f067-dc0d-4677-a610-ad1a5f702cd7 ] Request (InstanceActionsV221TestJSON:tearDownClass): 204 DELETE http://10.180.1.21:9696/networking/v2.0/security-groups/9b7eb58a-cb05-4967-918e-588ca2f8e881 0.120s
2024-11-05 05:19:45.231 64521 INFO tempest.lib.common.rest_client [req-0c21601c-f74a-404c-8c32-984f2a568d14 req-0c21601c-f74a-404c-8c32-984f2a568d14 ] Request (DeleteServersAdminTestJSON:test_delete_server_while_in_error_state): 200 GET http://10.180.1.21/compute/v2.1/servers/43a045fa-f319-4fc9-bc76-39b687009a21 0.519s
2024-11-05 05:19:45.249 64491 INFO tempest.lib.common.rest_client [req-cd034311-a9ad-4589-8ded-a84bab654ff5 req-cd034311-a9ad-4589-8ded-a84bab654ff5 ] Request (ServerGroupTestJSON:_run_cleanups): 200 GET http://10.180.1.21/compute/v2.1/servers/ad1b77c8-c97e-438a-88bb-697ad2f369e2 0.476s
2024-11-05 05:19:45.302 64483 INFO tempest.lib.common.rest_client [req-fd219809-09ea-4c60-954f-1fe9a612e37d req-fd219809-09ea-4c60-954f-1fe9a612e37d ] Request (ServersTestManualDisk:tearDownClass): 200 GET http://10.180.1.21/compute/v2.1/servers/0f66915f-c880-4ef3-8fa2-49c3abdc1cce 0.456s
2024-11-05 05:19:45.326 64545 INFO tempest.lib.common.rest_client [req-132f5c35-87a2-4101-8a54-27bf86bb57f7 req-132f5c35-87a2-4101-8a54-27bf86bb57f7 ] Request (InstanceActionsV221TestJSON:tearDownClass): 204 DELETE http://10.180.1.21/identity/v3/projects/8eebb229f10d451da8a412d224eacade 0.123s
2024-11-05 05:19:45.328 64545 INFO tempest.test [-] raised in ServerPersonalityTestJSON.setUpClass. Invoking tearDownClass.
2024-11-05 05:19:45.371 64505 INFO tempest.lib.common.rest_client [req-1d3647af-7e15-4511-b2d2-5dd96a574aab req-1d3647af-7e15-4511-b2d2-5dd96a574aab ] Request (SecurityGroupsTestJSON:test_list_security_groups_by_server): 200 GET http://10.180.1.21/compute/v2.1/servers/39abc7c8-5835-420c-8e4c-9bdaad2d9a05 0.324s
2024-11-05 05:19:45.436 64487 INFO tempest.lib.common.rest_client [req-0c7afb48-113f-4521-8bbd-c0dde84f956e req-0c7afb48-113f-4521-8bbd-c0dde84f956e ] Request (FloatingIPsAssociationNegativeTestJSON:test_associate_ip_to_server_without_passing_floating_ip): 400 POST http://10.180.1.21/compute/v2.1/servers/26a661d9-cd51-4b54-bfd6-c285c2418bb7/action 0.328s
2024-11-05 05:19:45.438 64525 INFO tempest.lib.common.rest_client [req-2e6aa57d-13e6-4b10-b9e1-4925bd81078f req-2e6aa57d-13e6-4b10-b9e1-4925bd81078f ] Request (FloatingIPsAssociationTestJSON:test_associate_already_associated_floating_ip): 200 GET http://10.180.1.21/compute/v2.1/servers/9ad9a64c-ab50-41b2-8993-5f2a0dc8e994 0.330s
2024-11-05 05:19:45.460 64539 INFO tempest.lib.common.rest_client [req-be1ac9aa-820c-44d5-a729-572424b20188 req-be1ac9aa-820c-44d5-a729-572424b20188 ] Request (ImagesTestJSON:test_create_image_from_suspended_server): 200 GET http://10.180.1.21/compute/v2.1/servers/d472cee9-0323-4cd4-991f-a731d7768d9b 0.475s
2024-11-05 05:19:45.471 64543 INFO tempest.lib.common.rest_client [req-3dbde531-dd79-47a3-b7fd-1051eaa8a62c req-3dbde531-dd79-47a3-b7fd-1051eaa8a62c ] Request (VolumesAdminNegativeTest:_run_cleanups): 200 GET http://10.180.1.21/compute/v2.1/servers/90669164-9f01-47c2-af98-44509b267430/os-volume_attachments 0.287s
2024-11-05 05:19:45.517 64535 INFO tempest.lib.common.rest_client [req-e04078a9-fd4f-447a-be8e-17042af4b9d4 req-e04078a9-fd4f-447a-be8e-17042af4b9d4 ] Request (ServerAddressesNegativeTestJSON:setUpClass): 200 GET http://10.180.1.21/compute/v2.1/servers/0f132a8e-a5a8-4459-ac91-50716514d4f0 0.262s
2024-11-05 05:19:45.574 64495 INFO tempest.lib.common.rest_client [req-80fed97a-2592-4e4e-9e77-bb907bd3fd25 req-80fed97a-2592-4e4e-9e77-bb907bd3fd25 ] Request (ServerDiagnosticsNegativeTest:tearDownClass): 200 GET http://10.180.1.21/compute/v2.1/servers/cfd5b993-c62c-43dc-9a0b-a4f3ec085cbb 0.267s
2024-11-05 05:19:45.639 64519 INFO tempest.lib.common.rest_client [req-98524ff0-d520-48cf-a2d7-3793da8afa1c req-98524ff0-d520-48cf-a2d7-3793da8afa1c ] Request (ServerRescueTestJSONUnderV235:setUpClass): 200 GET http://10.180.1.21/compute/v2.1/servers/87653ee3-1c93-455f-83a9-d05668788f59 0.315s
2024-11-05 05:19:45.717 64497 INFO tempest.lib.common.rest_client [req-0f4db74b-7c57-4845-bf11-b9eb33bedca4 req-0f4db74b-7c57-4845-bf11-b9eb33bedca4 ] Request (ServerMetadataTestJSON:tearDownClass): 200 GET http://10.180.1.21/compute/v2.1/servers/b30e8a7c-6c74-480d-8915-c8b2b7198673 0.345s
2024-11-05 05:19:45.759 64501 INFO tempest.lib.common.rest_client [req-0314072d-6fdc-4ddc-a6df-ed1f8fd46bac req-0314072d-6fdc-4ddc-a6df-ed1f8fd46bac ] Request (ServersAdminNegativeTestJSON:tearDownClass): 200 GET http://10.180.1.21/compute/v2.1/servers/43db53f3-ff84-47cf-8e60-fd262c4c3e00 0.517s
2024-11-05 05:19:45.780 64515 INFO tempest.lib.common.rest_client [req-149f8cfe-a78b-489f-b897-6206a0045e94 req-149f8cfe-a78b-489f-b897-6206a0045e94 ] Request (InstanceActionsTestJSON:setUpClass): 200 GET http://10.180.1.21/compute/v2.1/servers/d6d1041a-7097-4975-9fe7-a94ae3a91a11 0.356s
2024-11-05 05:19:45.860 64541 INFO tempest.lib.common.rest_client [req-574276cd-b16e-4bdb-8061-96c782383e13 req-574276cd-b16e-4bdb-8061-96c782383e13 ] Request (VolumesAssistedSnapshotsTest:test_volume_assisted_snapshot_create_delete): 200 GET http://10.180.1.21/volume/v3/16c86e8f7ed948c18a29d3419f614bd7/volumes/ac752360-a531-4092-b912-46e19ff836df 0.037s
2024-11-05 05:19:45.868 64541 INFO tempest.common.waiters [-] Attachment 1ede902a-e457-493c-bc8d-f161c092b4b0 created for volume ac752360-a531-4092-b912-46e19ff836df to server abba3b71-b25c-4405-af11-71b318138e8d after waiting for 7.868203 seconds
2024-11-05 05:19:45.894 64541 INFO tempest.lib.common.rest_client [req-686bf5a2-bde2-4ebe-b299-ac4e6cb28824 req-686bf5a2-bde2-4ebe-b299-ac4e6cb28824 ] Request (VolumesAssistedSnapshotsTest:test_volume_assisted_snapshot_create_delete): 200 GET http://10.180.1.21/volume/v3/16c86e8f7ed948c18a29d3419f614bd7/volumes/ac752360-a531-4092-b912-46e19ff836df 0.025s
2024-11-05 05:19:45.901 64541 INFO tempest.common.waiters [-] volume ac752360-a531-4092-b912-46e19ff836df reached in-use after waiting for 0.901212 seconds
2024-11-05 05:19:45.901 64487 INFO tempest.lib.common.rest_client [req-4ae7a999-0a22-42a6-85b5-c77bf12563c3 req-4ae7a999-0a22-42a6-85b5-c77bf12563c3 ] Request (FloatingIPsAssociationNegativeTestJSON:test_associate_nonexistent_floating_ip): 404 POST http://10.180.1.21/compute/v2.1/servers/26a661d9-cd51-4b54-bfd6-c285c2418bb7/action 0.463s
2024-11-05 05:19:45.909 64529 INFO tempest.lib.common.rest_client [req-756f0e39-d5d1-4d06-a865-525d0f94347e req-756f0e39-d5d1-4d06-a865-525d0f94347e ] Request (ServerDiskConfigTestJSON:test_rebuild_server_with_auto_disk_config): 200 GET http://10.180.1.21/compute/v2.1/servers/8779be6a-c346-4c93-92a2-3f3d283663d5 0.204s
2024-11-05 05:19:45.972 64531 INFO tempest.lib.common.rest_client [req-9789450a-2fe5-4603-b15f-5c683afe65f4 req-9789450a-2fe5-4603-b15f-5c683afe65f4 ] Request (ImagesOneServerTestJSON:tearDownClass): 200 GET http://10.180.1.21/compute/v2.1/servers/77698625-eb4e-4097-bbe0-c67c89711fb8 0.182s
2024-11-05 05:19:45.973 64493 INFO tempest.lib.common.rest_client [req-b41f8c95-2423-47b7-a260-c09ba0c5b8ce req-b41f8c95-2423-47b7-a260-c09ba0c5b8ce ] Request (ImagesOneServerNegativeTestJSON:setUpClass): 200 GET http://10.180.1.21/compute/v2.1/servers/ae9ba594-0e12-4c4e-a4be-f8e4b61010c0 0.095s
2024-11-05 05:19:45.995 64487 INFO tempest.lib.common.rest_client [req-4b9a5d7d-0d1d-472c-a879-4258b344991d req-4b9a5d7d-0d1d-472c-a879-4258b344991d ] Request (FloatingIPsAssociationNegativeTestJSON:test_dissociate_nonexistent_floating_ip): 404 POST http://10.180.1.21/compute/v2.1/servers/26a661d9-cd51-4b54-bfd6-c285c2418bb7/action 0.092s
2024-11-05 05:19:46.043 64533 INFO tempest.lib.common.rest_client [req-ea121977-c96f-4c12-a06a-d80477d1ee54 req-ea121977-c96f-4c12-a06a-d80477d1ee54 ] Request (ServersAdminTestJSON:setUpClass): 200 GET http://10.180.1.21/compute/v2.1/servers/a287aca4-6ed2-4fa8-8d6e-c1619315e5b2 0.094s
2024-11-05 05:19:46.129 64487 INFO tempest.lib.common.rest_client [req-e9691cd8-aa97-47f3-95ea-bfd25dea610f req-e9691cd8-aa97-47f3-95ea-bfd25dea610f ] Request (FloatingIPsAssociationNegativeTestJSON:tearDownClass): 204 DELETE http://10.180.1.21/compute/v2.1/servers/26a661d9-cd51-4b54-bfd6-c285c2418bb7 0.133s
2024-11-05 05:19:46.145 64541 INFO tempest.lib.common.rest_client [req-1d18e037-dc61-4474-89f7-8bdcdabec5a2 req-1d18e037-dc61-4474-89f7-8bdcdabec5a2 ] Request (VolumesAssistedSnapshotsTest:test_volume_assisted_snapshot_create_delete): 200 POST http://10.180.1.21/compute/v2.1/os-assisted-volume-snapshots 0.244s
2024-11-05 05:19:46.186 64527 INFO tempest.lib.common.rest_client [req-d396c5fe-8649-4a91-8825-b9330a8f97c4 req-d396c5fe-8649-4a91-8825-b9330a8f97c4 ] Request (MigrationsAdminTest:test_resize_server_revert_deleted_flavor): 200 GET http://10.180.1.21/compute/v2.1/servers/ac9c0c42-eab0-4190-b74c-3874ddc61771 0.180s
2024-11-05 05:19:46.286 64487 INFO tempest.lib.common.rest_client [req-8c24f3fa-5ceb-4554-8ed0-1b692e21c4d5 req-8c24f3fa-5ceb-4554-8ed0-1b692e21c4d5 ] Request (FloatingIPsAssociationNegativeTestJSON:tearDownClass): 200 GET http://10.180.1.21/compute/v2.1/servers/26a661d9-cd51-4b54-bfd6-c285c2418bb7 0.156s
2024-11-05 05:19:46.348 64537 INFO tempest.lib.common.rest_client [req-0517b50e-3301-43c4-8543-ba4537764b11 req-0517b50e-3301-43c4-8543-ba4537764b11 ] Request (ServerRescueNegativeTestJSON:test_rescued_vm_detach_volume): 200 GET http://10.180.1.21/compute/v2.1/servers/7c379873-57d2-4356-99ad-6fd2aa5c2797 0.172s
2024-11-05 05:19:46.376 64521 INFO tempest.lib.common.rest_client [req-feb1405e-4a07-4234-b66e-28f1c4fd9374 req-feb1405e-4a07-4234-b66e-28f1c4fd9374 ] Request (DeleteServersAdminTestJSON:test_delete_server_while_in_error_state): 404 GET http://10.180.1.21/compute/v2.1/servers/43a045fa-f319-4fc9-bc76-39b687009a21 0.134s
2024-11-05 05:19:46.444 64491 INFO tempest.lib.common.rest_client [req-9003fd33-60d3-45ee-ba48-4fed0722f915 req-9003fd33-60d3-45ee-ba48-4fed0722f915 ] Request (ServerGroupTestJSON:_run_cleanups): 200 GET http://10.180.1.21/compute/v2.1/servers/ad1b77c8-c97e-438a-88bb-697ad2f369e2 0.185s
2024-11-05 05:19:46.452 64541 INFO tempest.lib.common.rest_client [req-a1c87ddc-831c-4442-99ad-9e14cbf4432f req-a1c87ddc-831c-4442-99ad-9e14cbf4432f ] Request (VolumesAssistedSnapshotsTest:test_volume_assisted_snapshot_create_delete): 204 DELETE http://10.180.1.21/compute/v2.1/os-assisted-volume-snapshots/None?delete_info=%7B%22volume_id%22%3A+%22ac752360-a531-4092-b912-46e19ff836df%22%7D 0.304s
2024-11-05 05:19:46.468 64521 INFO tempest.lib.common.rest_client [req-16a0490f-643e-494d-b1ae-92e091d53679 req-16a0490f-643e-494d-b1ae-92e091d53679 ] Request (DeleteServersAdminTestJSON:tearDownClass): 404 DELETE http://10.180.1.21/compute/v2.1/servers/43a045fa-f319-4fc9-bc76-39b687009a21 0.090s
2024-11-05 05:19:46.488 64541 INFO tempest.lib.common.rest_client [req-36bbba5e-4eb2-4760-9591-c792e8a2bad1 req-36bbba5e-4eb2-4760-9591-c792e8a2bad1 ] Request (VolumesAssistedSnapshotsTest:_run_cleanups): 200 GET http://10.180.1.21/volume/v3/16c86e8f7ed948c18a29d3419f614bd7/volumes/ac752360-a531-4092-b912-46e19ff836df 0.036s
2024-11-05 05:19:46.526 64483 INFO tempest.lib.common.rest_client [req-44699a8c-8f52-4382-9301-9d79acdaa79b req-44699a8c-8f52-4382-9301-9d79acdaa79b ] Request (ServersTestManualDisk:tearDownClass): 200 GET http://10.180.1.21/compute/v2.1/servers/0f66915f-c880-4ef3-8fa2-49c3abdc1cce 0.215s
2024-11-05 05:19:46.530 64505 INFO tempest.lib.common.rest_client [req-97a6510c-8d6f-45c8-a03a-8333161a802a req-97a6510c-8d6f-45c8-a03a-8333161a802a ] Request (SecurityGroupsTestJSON:test_list_security_groups_by_server): 200 GET http://10.180.1.21/compute/v2.1/servers/39abc7c8-5835-420c-8e4c-9bdaad2d9a05 0.149s
2024-11-05 05:19:46.663 64517 WARNING tempest.lib.common.ssh [-] Failed to establish authenticated ssh connection to cirros@10.180.180.231 ([Errno None] Unable to connect to port 22 on 10.180.180.231). Number attempts: 9. Retry after 10 seconds.: paramiko.ssh_exception.NoValidConnectionsError: [Errno None] Unable to connect to port 22 on 10.180.180.231
2024-11-05 05:19:46.696 64539 INFO tempest.lib.common.rest_client [req-1154e5d3-7736-46bf-8d85-2bbc3ccc34a4 req-1154e5d3-7736-46bf-8d85-2bbc3ccc34a4 ] Request (ImagesTestJSON:test_create_image_from_suspended_server): 200 GET http://10.180.1.21/compute/v2.1/servers/d472cee9-0323-4cd4-991f-a731d7768d9b 0.229s
2024-11-05 05:19:46.718 64521 INFO tempest.lib.common.rest_client [req-e495a633-1727-4c93-aa58-682cec1774ce req-e495a633-1727-4c93-aa58-682cec1774ce ] Request (DeleteServersAdminTestJSON:tearDownClass): 404 GET http://10.180.1.21/compute/v2.1/servers/43a045fa-f319-4fc9-bc76-39b687009a21 0.250s
2024-11-05 05:19:46.745 64543 INFO tempest.lib.common.rest_client [req-a5622f5f-19d3-4f26-ab8b-7f13718b5d80 req-a5622f5f-19d3-4f26-ab8b-7f13718b5d80 ] Request (VolumesAdminNegativeTest:_run_cleanups): 200 GET http://10.180.1.21/compute/v2.1/servers/90669164-9f01-47c2-af98-44509b267430/os-volume_attachments 0.272s
2024-11-05 05:19:46.773 64525 INFO tempest.lib.common.rest_client [req-cbcb4c30-c3a1-44c4-8c3a-cd52483976b5 req-cbcb4c30-c3a1-44c4-8c3a-cd52483976b5 ] Request (FloatingIPsAssociationTestJSON:test_associate_already_associated_floating_ip): 200 GET http://10.180.1.21/compute/v2.1/servers/9ad9a64c-ab50-41b2-8993-5f2a0dc8e994 0.324s
2024-11-05 05:19:46.780 64525 INFO tempest.common.waiters [-] State transition "BUILD/None" ==> "BUILD/networking" after 43 second wait
