2024-11-06 05:20:22.438 63467 INFO tempest.lib.common.fixed_network [-] (ServersNegativeTestJSON:test_create_with_invalid_image) Found network {'id': '1ae0ff4e-cb84-453c-8414-49f8311174af', 'name': 'tempest-ServersNegativeTestJSON-1526021298-network', 'tenant_id': 'c22fcae2c9c344cb8e4269a33082022c', 'admin_state_up': True, 'mtu': 8950, 'status': 'ACTIVE', 'subnets': [], 'shared': False, 'project_id': 'c22fcae2c9c344cb8e4269a33082022c', 'port_security_enabled': True, 'router:external': False, 'provider:network_type': 'vlan', 'provider:physical_network': 'default', 'provider:segmentation_id': 921, 'availability_zone_hints': [], 'availability_zones': [], 'ipv4_address_scope': None, 'ipv6_address_scope': None, 'description': '', 'tags': [], 'created_at': '2024-11-06T05:18:11Z', 'updated_at': '2024-11-06T05:18:11Z', 'revision_number': 1} available for tenant
2024-11-06 05:20:22.447 63435 INFO tempest.lib.common.rest_client [req-ba69768d-136b-4ea4-a559-95cfdfc824e0 req-ba69768d-136b-4ea4-a559-95cfdfc824e0 ] Request (ServerDiagnosticsTest:tearDownClass): 200 GET http://10.180.1.21/compute/v2.1/servers/faff9e1b-b31e-4ffe-baa6-a78e9d611f66 0.864s
2024-11-06 05:20:22.466 63465 INFO tempest.lib.common.rest_client [req-343295d4-c0ed-418d-a421-b68fc319eb3a req-343295d4-c0ed-418d-a421-b68fc319eb3a ] Request (FloatingIPsAssociationTestJSON:tearDownClass): 200 GET http://10.180.1.21:9696/networking/v2.0/security-groups?tenant_id=1f759cf5680d4f47a844952bb53c1260&name=default 0.070s
2024-11-06 05:20:22.469 63469 INFO tempest.lib.common.rest_client [req-44a28f9d-2df9-48bc-b6bb-ba9dd0356720 req-44a28f9d-2df9-48bc-b6bb-ba9dd0356720 ] Request (ServerShowV257Test:test_rebuild_server): 200 GET http://10.180.1.21/compute/v2.1/servers/4054a81a-097b-4bc1-89e2-276430b36d86 0.808s
2024-11-06 05:20:22.508 63429 INFO tempest.lib.common.rest_client [req-323fe1ef-43bc-49a6-98b3-4ec9c5a7c725 req-323fe1ef-43bc-49a6-98b3-4ec9c5a7c725 ] Request (ServersTestMultiNic:_run_cleanups): 200 GET http://10.180.1.21/compute/v2.1/servers/59e6c0a7-a37b-452d-93ec-78776be75bd5 0.831s
2024-11-06 05:20:22.653 63465 INFO tempest.lib.common.rest_client [req-ab79eaa0-aa2e-4e76-9fa2-60b88f7e6202 req-ab79eaa0-aa2e-4e76-9fa2-60b88f7e6202 ] Request (FloatingIPsAssociationTestJSON:tearDownClass): 204 DELETE http://10.180.1.21:9696/networking/v2.0/security-groups/f1c6d619-7b3e-45b2-8d50-b69424335d37 0.187s
2024-11-06 05:20:22.681 63421 INFO tempest.lib.common.rest_client [req-20b9a76b-5961-4e4e-bade-d7b05edc87b9 req-20b9a76b-5961-4e4e-bade-d7b05edc87b9 ] Request (ServersAdminTestJSON:test_create_server_with_scheduling_hint): 200 GET http://10.180.1.21/compute/v2.1/servers/9b7b4789-f5fc-44bb-addb-5da6cc9ebd19 0.965s
2024-11-06 05:20:22.690 63421 INFO tempest.common.waiters [-] State transition "BUILD/networking" ==> "BUILD/spawning" after 47 second wait
2024-11-06 05:20:22.695 63453 INFO tempest.lib.common.rest_client [req-424f2f20-0872-4182-8a1f-6db1954f34cd req-424f2f20-0872-4182-8a1f-6db1954f34cd ] Request (SecurityGroupRulesTestJSON:test_security_group_rules_delete_when_peer_group_deleted): 200 POST http://10.180.1.21/compute/v2.1/os-security-groups 0.901s
2024-11-06 05:20:22.720 63419 INFO tempest.lib.common.rest_client [req-a688ab56-e2ed-4dc2-8338-c1f182dfa2bb req-a688ab56-e2ed-4dc2-8338-c1f182dfa2bb ] Request (FloatingIPsAssociationNegativeTestJSON:test_dissociate_nonexistent_floating_ip): 404 POST http://10.180.1.21/compute/v2.1/servers/15e6dedb-15c7-48c2-b71b-92b0f90fccb6/action 0.680s
2024-11-06 05:20:22.741 63427 INFO tempest.lib.common.rest_client [req-83618de3-b812-4f23-8b1a-55ac4850c51a req-83618de3-b812-4f23-8b1a-55ac4850c51a ] Request (ServersTestBootFromVolume:setUpClass): 200 GET http://10.180.1.21/compute/v2.1/servers/73e10bed-7065-48ad-b059-6b904061f4c7 0.780s
2024-11-06 05:20:22.793 63465 INFO tempest.lib.common.rest_client [req-fc34046f-d59b-444e-8d01-e33f9ad71baf req-fc34046f-d59b-444e-8d01-e33f9ad71baf ] Request (FloatingIPsAssociationTestJSON:tearDownClass): 204 DELETE http://10.180.1.21/identity/v3/projects/1f759cf5680d4f47a844952bb53c1260 0.139s
2024-11-06 05:20:22.797 63441 INFO tempest.lib.common.rest_client [req-c43fa920-7677-4913-8e1d-2b50c3a4d120 req-c43fa920-7677-4913-8e1d-2b50c3a4d120 ] Request (ServerMetadataNegativeTestJSON:setUpClass): 200 GET http://10.180.1.21/compute/v2.1/servers/bfa4f7f3-f018-490c-b375-812633d50a9a 0.726s
2024-11-06 05:20:22.859 63447 INFO tempest.lib.common.rest_client [req-418946db-1734-40e8-865b-ff9eb7cdf6a2 req-418946db-1734-40e8-865b-ff9eb7cdf6a2 ] Request (InstanceActionsV221TestJSON:test_get_list_deleted_instance_actions): 200 GET http://10.180.1.21/compute/v2.1/servers/08a0f783-8464-44b0-8419-6fe281098b26 0.643s
2024-11-06 05:20:22.868 63475 INFO tempest.lib.common.rest_client [req-fd6f7ea5-1dd7-45e6-aebd-4da96c0b86f4 req-fd6f7ea5-1dd7-45e6-aebd-4da96c0b86f4 ] Request (SecurityGroupsTestJSON:test_server_security_groups): 200 GET http://10.180.1.21/compute/v2.1/servers/e5fbf2ee-cbba-4246-a1c5-1bb0bbdcfa4a 0.814s
2024-11-06 05:20:22.873 63447 INFO tempest.common.waiters [-] State transition "BUILD/scheduling" ==> "BUILD/None" after 1 second wait
2024-11-06 05:20:22.889 63465 INFO tempest.lib.common.rest_client [req-7297e8fb-4086-4e05-8452-b82cc4013f31 req-7297e8fb-4086-4e05-8452-b82cc4013f31 ] Request (FloatingIPDetailsNegativeTestJSON:setUpClass): 201 POST http://10.180.1.21/identity/v3/auth/tokens 0.093s
2024-11-06 05:20:22.926 63465 INFO tempest.lib.common.rest_client [req-e966923a-58b6-4f5c-9896-c1531aa6a552 req-e966923a-58b6-4f5c-9896-c1531aa6a552 ] Request (FloatingIPDetailsNegativeTestJSON:setUpClass): 201 POST http://10.180.1.21/identity/v3/auth/tokens 0.034s
2024-11-06 05:20:22.951 63465 INFO tempest.lib.common.rest_client [req-10d07f2a-5a30-4848-a717-3b82f04ca894 req-10d07f2a-5a30-4848-a717-3b82f04ca894 ] Request (FloatingIPDetailsNegativeTestJSON:setUpClass): 200 GET http://10.180.1.21/identity/v3/domains?name=Default 0.025s
2024-11-06 05:20:22.970 63455 INFO tempest.lib.common.rest_client [req-a67d0dac-9070-43fb-a923-368ecac3d3c9 req-a67d0dac-9070-43fb-a923-368ecac3d3c9 ] Request (ServersTestManualDisk:setUpClass): 200 GET http://10.180.1.21/compute/v2.1/servers/11406695-1b25-446d-a9a3-05c2382a6219/os-interface 0.667s
2024-11-06 05:20:22.992 63467 INFO tempest.lib.common.rest_client [req-a2cfb3d8-2ed1-426e-801a-dfcade30b675 req-a2cfb3d8-2ed1-426e-801a-dfcade30b675 ] Request (ServersNegativeTestJSON:test_create_with_invalid_image): 400 POST http://10.180.1.21/compute/v2.1/servers 0.553s
2024-11-06 05:20:23.039 63465 INFO tempest.lib.common.rest_client [req-6423674f-cb8a-46d2-ba68-b2cebca5ddf8 req-6423674f-cb8a-46d2-ba68-b2cebca5ddf8 ] Request (FloatingIPDetailsNegativeTestJSON:setUpClass): 201 POST http://10.180.1.21/identity/v3/projects 0.088s
2024-11-06 05:20:23.064 63437 INFO tempest.lib.common.rest_client [req-01dff798-854e-46ef-bc02-eee39a69d459 req-01dff798-854e-46ef-bc02-eee39a69d459 ] Request (ServersWithSpecificFlavorTestJSON:test_verify_created_server_ephemeral_disk): 200 GET http://10.180.1.21/compute/v2.1/servers/c374d737-c6e8-4c18-8219-d197a0023d95 0.771s
2024-11-06 05:20:23.073 63437 INFO tempest.lib.common.ssh [-] Creating ssh connection to '10.180.180.185:22' as 'cirros' with public key authentication
2024-11-06 05:20:23.130 63465 INFO tempest.lib.common.rest_client [req-f5e5d99a-ede2-44de-9a87-a3f001953838 req-f5e5d99a-ede2-44de-9a87-a3f001953838 ] Request (FloatingIPDetailsNegativeTestJSON:setUpClass): 201 POST http://10.180.1.21/identity/v3/users 0.090s
2024-11-06 05:20:23.156 63465 INFO tempest.lib.common.rest_client [req-3a88eebd-9b2a-467e-9160-8c5c2686fae8 req-3a88eebd-9b2a-467e-9160-8c5c2686fae8 ] Request (FloatingIPDetailsNegativeTestJSON:setUpClass): 200 GET http://10.180.1.21/identity/v3/roles 0.025s
2024-11-06 05:20:23.156 63419 INFO tempest.lib.common.rest_client [req-99e1a742-ea49-4287-8b3c-b6c60da58e52 req-99e1a742-ea49-4287-8b3c-b6c60da58e52 ] Request (FloatingIPsAssociationNegativeTestJSON:tearDownClass): 204 DELETE http://10.180.1.21/compute/v2.1/servers/15e6dedb-15c7-48c2-b71b-92b0f90fccb6 0.435s
2024-11-06 05:20:23.170 63439 INFO tempest.lib.common.rest_client [req-3a276d04-064f-4d11-8e90-042e9f5a605b req-3a276d04-064f-4d11-8e90-042e9f5a605b ] Request (AttachVolumeShelveTestJSON:setUpClass): 201 POST http://10.180.1.21:9696/networking/v2.0/routers 1.068s
2024-11-06 05:20:23.189 63453 INFO tempest.lib.common.rest_client [req-e5389201-537c-4818-a674-01c68017d004 req-e5389201-537c-4818-a674-01c68017d004 ] Request (SecurityGroupRulesTestJSON:test_security_group_rules_delete_when_peer_group_deleted): 200 POST http://10.180.1.21/compute/v2.1/os-security-group-rules 0.490s
2024-11-06 05:20:23.202 63465 INFO tempest.lib.common.rest_client [req-adc40178-746f-4d23-91d8-7224cf3da29d req-adc40178-746f-4d23-91d8-7224cf3da29d ] Request (FloatingIPDetailsNegativeTestJSON:setUpClass): 204 PUT http://10.180.1.21/identity/v3/projects/5ce4ec1386ce495ab2df702da7a6c522/users/aabd4e3b996b4736a5bf5a15e0305868/roles/9242db29473a4727b630dde879d9a935 0.045s
2024-11-06 05:20:23.202 63465 INFO tempest.lib.common.dynamic_creds [-] Dynamic test user aabd4e3b996b4736a5bf5a15e0305868 is created with scope project and roles: ['member']
2024-11-06 05:20:23.203 63465 INFO tempest.lib.common.dynamic_creds [-] Acquired dynamic creds: credentials: Credentials: {'domain_id': 'default', 'domain_name': 'Default', 'username': 'tempest-FloatingIPDetailsNegativeTestJSON-326855451-project-member', 'project_domain_id': 'default', 'project_domain_name': 'Default', 'project_id': '5ce4ec1386ce495ab2df702da7a6c522', 'project_name': 'tempest-FloatingIPDetailsNegativeTestJSON-326855451', 'tenant_id': '5ce4ec1386ce495ab2df702da7a6c522', 'tenant_name': 'tempest-FloatingIPDetailsNegativeTestJSON-326855451', 'user_domain_id': 'default', 'user_domain_name': 'Default', 'user_id': 'aabd4e3b996b4736a5bf5a15e0305868', 'system': None}, Network: None, Subnet: None, Router: None
2024-11-06 05:20:23.265 63477 INFO tempest.lib.common.rest_client [req-5ddf27b2-a7e4-47b1-8f68-520dd4e78de6 req-5ddf27b2-a7e4-47b1-8f68-520dd4e78de6 ] Request (ImagesOneServerNegativeTestJSON:setUpClass): 200 GET http://10.180.1.21/compute/v2.1/servers/28df1018-3767-4561-8a01-5558a9272e71 0.365s
2024-11-06 05:20:23.288 63465 INFO tempest.lib.common.rest_client [req-6adbdb27-b1cc-4188-95b6-7b5a589f914b req-6adbdb27-b1cc-4188-95b6-7b5a589f914b ] Request (FloatingIPDetailsNegativeTestJSON:setUpClass): 201 POST http://10.180.1.21/identity/v3/auth/tokens 0.085s
2024-11-06 05:20:23.339 63459 INFO tempest.lib.common.rest_client [req-3565d181-803e-43c1-81c9-b184b7ec0282 req-3565d181-803e-43c1-81c9-b184b7ec0282 ] Request (DeleteServersTestJSON:test_delete_server_while_in_attached_volume): 200 GET http://10.180.1.21/compute/v2.1/servers/c3be1ae7-ad87-4211-9418-58d1101ff16c 0.348s
2024-11-06 05:20:23.349 63482 INFO tempest.lib.common.rest_client [req-0c6b5fad-0f2d-408f-9509-68bc80a4cfb4 req-0c6b5fad-0f2d-408f-9509-68bc80a4cfb4 ] Request (ServerRescueTestJSON:setUpClass): 200 GET http://10.180.1.21/compute/v2.1/servers/f9f63912-5751-4448-abc0-22fd50f0cb3f 0.514s
2024-11-06 05:20:23.417 63431 WARNING tempest.lib.common.ssh [-] Failed to establish authenticated ssh connection to cirros@10.180.180.204 ([Errno None] Unable to connect to port 22 on 10.180.180.204). Number attempts: 11. Retry after 12 seconds.: paramiko.ssh_exception.NoValidConnectionsError: [Errno None] Unable to connect to port 22 on 10.180.180.204
2024-11-06 05:20:23.428 63479 INFO tempest.lib.common.rest_client [req-ae9b35f7-bc90-4be0-a075-addabf557205 req-ae9b35f7-bc90-4be0-a075-addabf557205 ] Request (MigrationsAdminTest:test_resize_server_revert_deleted_flavor): 200 GET http://10.180.1.21/compute/v2.1/servers/a1699619-ba4e-42cb-bf58-28f3a922e36e 0.362s
2024-11-06 05:20:23.540 63467 INFO tempest.lib.common.rest_client [req-64e5e558-7bac-4b78-857b-9b6691d8db31 req-64e5e558-7bac-4b78-857b-9b6691d8db31 ] Request (ServersNegativeTestJSON:tearDown): 200 GET http://10.180.1.21/compute/v2.1/servers/32352ea6-c719-4c88-a4a2-dde0f79e503e 0.548s
2024-11-06 05:20:23.687 63419 INFO tempest.lib.common.rest_client [req-62036f14-790d-4681-9384-6f4490e23584 req-62036f14-790d-4681-9384-6f4490e23584 ] Request (FloatingIPsAssociationNegativeTestJSON:tearDownClass): 200 GET http://10.180.1.21/compute/v2.1/servers/15e6dedb-15c7-48c2-b71b-92b0f90fccb6 0.530s
2024-11-06 05:20:23.780 63433 INFO tempest.lib.common.rest_client [req-ab41b82d-fb29-4ae9-89ed-ac93142de6b7 req-ab41b82d-fb29-4ae9-89ed-ac93142de6b7 ] Request (ServerActionsTestJSON:setUpClass): 200 GET http://10.180.1.21/compute/v2.1/servers/2100f73d-d3ca-4e31-9bba-05a5767389fc 0.407s
2024-11-06 05:20:23.820 63464 INFO tempest.lib.common.rest_client [req-c2bffe72-988a-4480-a5b0-e8f0a74678b7 req-c2bffe72-988a-4480-a5b0-e8f0a74678b7 ] Request (ImagesOneServerTestJSON:test_create_delete_image): 200 GET http://10.180.1.21/compute/v2.1/images/5aa927c2-42d8-4add-a33f-7af451aef105 0.412s
2024-11-06 05:20:23.924 63453 INFO tempest.lib.common.rest_client [req-c10d08c1-240d-4cc7-9dcd-6be09d8deece req-c10d08c1-240d-4cc7-9dcd-6be09d8deece ] Request (SecurityGroupRulesTestJSON:test_security_group_rules_delete_when_peer_group_deleted): 202 DELETE http://10.180.1.21/compute/v2.1/os-security-groups/ef01f40b-1d69-4f3d-94ba-9e8d67dd6ae0 0.731s
2024-11-06 05:20:23.929 63435 INFO tempest.lib.common.rest_client [req-d77a4b78-94f2-440a-a4fa-f20dfa4811bd req-d77a4b78-94f2-440a-a4fa-f20dfa4811bd ] Request (ServerDiagnosticsTest:tearDownClass): 200 GET http://10.180.1.21/compute/v2.1/servers/faff9e1b-b31e-4ffe-baa6-a78e9d611f66 0.474s
2024-11-06 05:20:23.939 63465 INFO tempest.lib.common.rest_client [req-40ee6a90-e8c4-49e9-bcad-fd7ac586fa6e req-40ee6a90-e8c4-49e9-bcad-fd7ac586fa6e ] Request (FloatingIPDetailsNegativeTestJSON:setUpClass): 201 POST http://10.180.1.21:9696/networking/v2.0/networks 0.651s
2024-11-06 05:20:24.008 63429 INFO tempest.lib.common.rest_client [req-f4e5e792-832f-4b1e-99a8-0ffc09b8e377 req-f4e5e792-832f-4b1e-99a8-0ffc09b8e377 ] Request (ServersTestMultiNic:_run_cleanups): 200 GET http://10.180.1.21/compute/v2.1/servers/59e6c0a7-a37b-452d-93ec-78776be75bd5 0.491s
2024-11-06 05:20:24.018 63469 INFO tempest.lib.common.rest_client [req-c9699ff5-ec2b-4630-9d76-c451f59d2cc0 req-c9699ff5-ec2b-4630-9d76-c451f59d2cc0 ] Request (ServerShowV257Test:test_rebuild_server): 200 GET http://10.180.1.21/compute/v2.1/servers/4054a81a-097b-4bc1-89e2-276430b36d86 0.534s
2024-11-06 05:20:24.172 63467 INFO tempest.lib.common.rest_client [req-21a47b34-6bde-489d-b866-a266114a4ef9 req-21a47b34-6bde-489d-b866-a266114a4ef9 ] Request (ServersNegativeTestJSON:setUp): 200 GET http://10.180.1.21/compute/v2.1/servers/32352ea6-c719-4c88-a4a2-dde0f79e503e 0.622s
2024-11-06 05:20:24.196 63421 INFO tempest.lib.common.rest_client [req-46276d5c-4b86-4daa-a396-e65bf8eb9879 req-46276d5c-4b86-4daa-a396-e65bf8eb9879 ] Request (ServersAdminTestJSON:test_create_server_with_scheduling_hint): 200 GET http://10.180.1.21/compute/v2.1/servers/9b7b4789-f5fc-44bb-addb-5da6cc9ebd19 0.502s
2024-11-06 05:20:24.269 63427 INFO tempest.lib.common.rest_client [req-e21cff0c-262c-46ca-ba58-bae365ca27e3 req-e21cff0c-262c-46ca-ba58-bae365ca27e3 ] Request (ServersTestBootFromVolume:setUpClass): 200 GET http://10.180.1.21/compute/v2.1/servers/73e10bed-7065-48ad-b059-6b904061f4c7 0.518s
2024-11-06 05:20:24.280 63441 INFO tempest.lib.common.rest_client [req-50ab8bae-b4f0-487b-8556-23fcc28705fd req-50ab8bae-b4f0-487b-8556-23fcc28705fd ] Request (ServerMetadataNegativeTestJSON:setUpClass): 200 GET http://10.180.1.21/compute/v2.1/servers/bfa4f7f3-f018-490c-b375-812633d50a9a 0.474s
2024-11-06 05:20:24.282 63427 INFO tempest.common.waiters [-] State transition "BUILD/None" ==> "BUILD/block_device_mapping" after 47 second wait
2024-11-06 05:20:24.285 63465 INFO tempest.lib.common.rest_client [req-4c1c8bb4-5749-411d-a713-788a878f884e req-4c1c8bb4-5749-411d-a713-788a878f884e ] Request (FloatingIPDetailsNegativeTestJSON:setUpClass): 201 POST http://10.180.1.21:9696/networking/v2.0/subnets 0.344s
2024-11-06 05:20:24.317 63467 INFO tempest.lib.common.rest_client [req-a6189849-378c-4eb9-b8eb-80344312a3fd req-a6189849-378c-4eb9-b8eb-80344312a3fd ] Request (ServersNegativeTestJSON:test_create_with_invalid_network_uuid): 201 POST http://10.180.1.21/identity/v3/auth/tokens 0.128s
2024-11-06 05:20:24.318 63467 INFO tempest.lib.common.fixed_network [-] (ServersNegativeTestJSON:test_create_with_invalid_network_uuid) Found network {'id': '1ae0ff4e-cb84-453c-8414-49f8311174af', 'name': 'tempest-ServersNegativeTestJSON-1526021298-network', 'tenant_id': 'c22fcae2c9c344cb8e4269a33082022c', 'admin_state_up': True, 'mtu': 8950, 'status': 'ACTIVE', 'subnets': [], 'shared': False, 'project_id': 'c22fcae2c9c344cb8e4269a33082022c', 'port_security_enabled': True, 'router:external': False, 'provider:network_type': 'vlan', 'provider:physical_network': 'default', 'provider:segmentation_id': 921, 'availability_zone_hints': [], 'availability_zones': [], 'ipv4_address_scope': None, 'ipv6_address_scope': None, 'description': '', 'tags': [], 'created_at': '2024-11-06T05:18:11Z', 'updated_at': '2024-11-06T05:18:11Z', 'revision_number': 1} available for tenant
2024-11-06 05:20:24.353 63447 INFO tempest.lib.common.rest_client [req-1f28dba1-21a5-46ba-9707-59bb6ebff27f req-1f28dba1-21a5-46ba-9707-59bb6ebff27f ] Request (InstanceActionsV221TestJSON:test_get_list_deleted_instance_actions): 200 GET http://10.180.1.21/compute/v2.1/servers/08a0f783-8464-44b0-8419-6fe281098b26 0.480s
2024-11-06 05:20:24.378 63461 WARNING tempest.lib.common.ssh [-] Failed to establish authenticated ssh connection to cirros@10.180.180.189 ([Errno None] Unable to connect to port 22 on 10.180.180.189). Number attempts: 6. Retry after 7 seconds.: paramiko.ssh_exception.NoValidConnectionsError: [Errno None] Unable to connect to port 22 on 10.180.180.189
2024-11-06 05:20:24.404 63453 INFO tempest.lib.common.rest_client [req-896ae11d-9de1-40a7-b1c6-d4fba0469810 req-896ae11d-9de1-40a7-b1c6-d4fba0469810 ] Request (SecurityGroupRulesTestJSON:test_security_group_rules_delete_when_peer_group_deleted): 200 GET http://10.180.1.21/compute/v2.1/os-security-groups/5c7a7400-366d-4254-8caf-cfc2c1cb777f 0.479s
2024-11-06 05:20:24.431 63475 INFO tempest.lib.common.rest_client [req-0d2330c9-9ec1-4e02-a384-c47f82c25b13 req-0d2330c9-9ec1-4e02-a384-c47f82c25b13 ] Request (SecurityGroupsTestJSON:test_server_security_groups): 200 GET http://10.180.1.21/compute/v2.1/servers/e5fbf2ee-cbba-4246-a1c5-1bb0bbdcfa4a 0.557s
2024-11-06 05:20:24.439 63467 INFO tempest.lib.common.rest_client [req-04a9451b-1b49-4b45-92fc-e571e3ca7959 req-04a9451b-1b49-4b45-92fc-e571e3ca7959 ] Request (ServersNegativeTestJSON:test_create_with_invalid_network_uuid): 400 POST http://10.180.1.21/compute/v2.1/servers 0.120s
2024-11-06 05:20:24.460 63477 INFO tempest.lib.common.rest_client [req-cec43489-83b6-45c5-a6d2-9228fa39166d req-cec43489-83b6-45c5-a6d2-9228fa39166d ] Request (ImagesOneServerNegativeTestJSON:setUpClass): 200 GET http://10.180.1.21/compute/v2.1/servers/28df1018-3767-4561-8a01-5558a9272e71 0.184s
2024-11-06 05:20:24.505 63459 INFO tempest.lib.common.rest_client [req-ba68b334-44b3-4bda-84f0-c09678d6d25f req-ba68b334-44b3-4bda-84f0-c09678d6d25f ] Request (DeleteServersTestJSON:test_delete_server_while_in_attached_volume): 200 GET http://10.180.1.21/compute/v2.1/servers/c3be1ae7-ad87-4211-9418-58d1101ff16c 0.157s
2024-11-06 05:20:24.568 63455 INFO tempest.lib.common.rest_client [req-c450a4d2-223f-40c1-bbda-0e48f029e2e5 req-c450a4d2-223f-40c1-bbda-0e48f029e2e5 ] Request (ServersTestManualDisk:setUpClass): 200 PUT http://10.180.1.21:9696/networking/v2.0/floatingips/d0ded9c1-d1a3-4f9d-bb04-b88893566b57 1.596s
2024-11-06 05:20:24.626 63482 INFO tempest.lib.common.rest_client [req-56640ec8-131a-471a-9eb3-2965e35cf795 req-56640ec8-131a-471a-9eb3-2965e35cf795 ] Request (ServerRescueTestJSON:setUpClass): 200 GET http://10.180.1.21/compute/v2.1/servers/f9f63912-5751-4448-abc0-22fd50f0cb3f 0.266s
2024-11-06 05:20:24.662 63453 INFO tempest.lib.common.rest_client [req-c67cc882-1a85-4456-ac05-335b7dbba92b req-c67cc882-1a85-4456-ac05-335b7dbba92b ] Request (SecurityGroupRulesTestJSON:test_security_group_rules_list): 200 POST http://10.180.1.21/compute/v2.1/os-security-groups 0.254s
2024-11-06 05:20:24.692 63479 INFO tempest.lib.common.rest_client [req-3cc862a3-faef-4f7a-a6d0-393e51df7277 req-3cc862a3-faef-4f7a-a6d0-393e51df7277 ] Request (MigrationsAdminTest:test_resize_server_revert_deleted_flavor): 200 GET http://10.180.1.21/compute/v2.1/servers/a1699619-ba4e-42cb-bf58-28f3a922e36e 0.254s
2024-11-06 05:20:24.824 63467 INFO tempest.lib.common.rest_client [req-937e2856-3279-47a9-9e6a-24922f2ecdd6 req-937e2856-3279-47a9-9e6a-24922f2ecdd6 ] Request (ServersNegativeTestJSON:tearDown): 200 GET http://10.180.1.21/compute/v2.1/servers/32352ea6-c719-4c88-a4a2-dde0f79e503e 0.385s
2024-11-06 05:20:24.847 63455 INFO tempest.lib.common.rest_client [req-d279a667-57ac-42ac-89e3-b88652cf6108 req-d279a667-57ac-42ac-89e3-b88652cf6108 ] Request (ServersTestManualDisk:setUpClass): 200 GET http://10.180.1.21/compute/v2.1/servers/11406695-1b25-446d-a9a3-05c2382a6219 0.278s
2024-11-06 05:20:24.859 63455 INFO tempest.lib.common.ssh [-] Creating ssh connection to '10.180.180.188:22' as 'cirros' with public key authentication
2024-11-06 05:20:25.025 63419 INFO tempest.lib.common.rest_client [req-12b595be-7003-448a-b41f-36a7be2a80a1 req-12b595be-7003-448a-b41f-36a7be2a80a1 ] Request (FloatingIPsAssociationNegativeTestJSON:tearDownClass): 200 GET http://10.180.1.21/compute/v2.1/servers/15e6dedb-15c7-48c2-b71b-92b0f90fccb6 0.325s
2024-11-06 05:20:25.087 63453 INFO tempest.lib.common.rest_client [req-fd82144c-cbcb-49b2-8a1b-b2bcd3f35b9b req-fd82144c-cbcb-49b2-8a1b-b2bcd3f35b9b ] Request (SecurityGroupRulesTestJSON:test_security_group_rules_list): 200 POST http://10.180.1.21/compute/v2.1/os-security-group-rules 0.422s
2024-11-06 05:20:25.123 63433 INFO tempest.lib.common.rest_client [req-d320a6a9-9fd1-430d-893a-2e918fabfaf8 req-d320a6a9-9fd1-430d-893a-2e918fabfaf8 ] Request (ServerActionsTestJSON:setUpClass): 200 GET http://10.180.1.21/compute/v2.1/servers/2100f73d-d3ca-4e31-9bba-05a5767389fc 0.335s
2024-11-06 05:20:25.149 63464 INFO tempest.lib.common.rest_client [req-65483d8e-ae6a-42f3-a023-065f06d9fb8f req-65483d8e-ae6a-42f3-a023-065f06d9fb8f ] Request (ImagesOneServerTestJSON:test_create_delete_image): 200 GET http://10.180.1.21/compute/v2.1/images/5aa927c2-42d8-4add-a33f-7af451aef105 0.324s
2024-11-06 05:20:25.182 63435 INFO tempest.lib.common.rest_client [req-5c44b081-25b7-42c7-ac10-cd52a40ab98c req-5c44b081-25b7-42c7-ac10-cd52a40ab98c ] Request (ServerDiagnosticsTest:tearDownClass): 404 GET http://10.180.1.21/compute/v2.1/servers/faff9e1b-b31e-4ffe-baa6-a78e9d611f66 0.245s
2024-11-06 05:20:25.272 63429 INFO tempest.lib.common.rest_client [req-34fac15d-6969-450d-bc6c-628131a5e156 req-34fac15d-6969-450d-bc6c-628131a5e156 ] Request (ServersTestMultiNic:_run_cleanups): 200 GET http://10.180.1.21/compute/v2.1/servers/59e6c0a7-a37b-452d-93ec-78776be75bd5 0.248s
2024-11-06 05:20:25.308 63467 INFO tempest.lib.common.rest_client [req-80716c83-f65f-4e7f-956b-6f29baaae207 req-80716c83-f65f-4e7f-956b-6f29baaae207 ] Request (ServersNegativeTestJSON:setUp): 200 GET http://10.180.1.21/compute/v2.1/servers/32352ea6-c719-4c88-a4a2-dde0f79e503e 0.470s
2024-11-06 05:20:25.308 63435 INFO tempest.lib.common.rest_client [req-4255c308-c3cd-4939-9dab-3dd29bb5e412 req-4255c308-c3cd-4939-9dab-3dd29bb5e412 ] Request (ServerDiagnosticsTest:tearDownClass): 204 DELETE http://10.180.1.21/identity/v3/users/38a2234afcb54f22aba972ad7aaef4db 0.126s
2024-11-06 05:20:25.367 63469 INFO tempest.lib.common.rest_client [req-267a9ddf-5290-40b8-b69c-c1df67cd655e req-267a9ddf-5290-40b8-b69c-c1df67cd655e ] Request (ServerShowV257Test:test_rebuild_server): 200 GET http://10.180.1.21/compute/v2.1/servers/4054a81a-097b-4bc1-89e2-276430b36d86 0.336s
2024-11-06 05:20:25.423 63467 INFO tempest.lib.common.rest_client [req-a7573124-98f7-4178-8bab-84bcf8a854e3 req-a7573124-98f7-4178-8bab-84bcf8a854e3 ] Request (ServersNegativeTestJSON:test_create_with_non_existent_keypair): 201 POST http://10.180.1.21/identity/v3/auth/tokens 0.105s
2024-11-06 05:20:25.424 63467 INFO tempest.lib.common.fixed_network [-] (ServersNegativeTestJSON:test_create_with_non_existent_keypair) Found network {'id': '1ae0ff4e-cb84-453c-8414-49f8311174af', 'name': 'tempest-ServersNegativeTestJSON-1526021298-network', 'tenant_id': 'c22fcae2c9c344cb8e4269a33082022c', 'admin_state_up': True, 'mtu': 8950, 'status': 'ACTIVE', 'subnets': [], 'shared': False, 'project_id': 'c22fcae2c9c344cb8e4269a33082022c', 'port_security_enabled': True, 'router:external': False, 'provider:network_type': 'vlan', 'provider:physical_network': 'default', 'provider:segmentation_id': 921, 'availability_zone_hints': [], 'availability_zones': [], 'ipv4_address_scope': None, 'ipv6_address_scope': None, 'description': '', 'tags': [], 'created_at': '2024-11-06T05:18:11Z', 'updated_at': '2024-11-06T05:18:11Z', 'revision_number': 1} available for tenant
2024-11-06 05:20:25.433 63435 INFO tempest.lib.common.rest_client [req-67f09065-a777-4a70-bc64-258af734513d req-67f09065-a777-4a70-bc64-258af734513d ] Request (ServerDiagnosticsTest:tearDownClass): 204 DELETE http://10.180.1.21/identity/v3/users/7755b52d2b3b48ebb13699d49a01b6db 0.124s
2024-11-06 05:20:25.434 63435 INFO tempest.lib.common.dynamic_creds [-] Deleting project and security group for project: 8c5b8db1881044c29bc56bad033a98ad
2024-11-06 05:20:25.465 63443 WARNING tempest.lib.common.ssh [-] Failed to establish authenticated ssh connection to cirros@10.180.180.174 ([Errno None] Unable to connect to port 22 on 10.180.180.174). Number attempts: 1. Retry after 2 seconds.: paramiko.ssh_exception.NoValidConnectionsError: [Errno None] Unable to connect to port 22 on 10.180.180.174
2024-11-06 05:20:25.493 63435 INFO tempest.lib.common.rest_client [req-77eebdda-96b5-4311-b30b-63c1da4a1c9f req-77eebdda-96b5-4311-b30b-63c1da4a1c9f ] Request (ServerDiagnosticsTest:tearDownClass): 201 POST http://10.180.1.21/identity/v3/auth/tokens 0.059s
2024-11-06 05:20:25.501 63421 INFO tempest.lib.common.rest_client [req-7f2da5cd-4b3f-435d-a2fe-842ed5683399 req-7f2da5cd-4b3f-435d-a2fe-842ed5683399 ] Request (ServersAdminTestJSON:test_create_server_with_scheduling_hint): 200 GET http://10.180.1.21/compute/v2.1/servers/9b7b4789-f5fc-44bb-addb-5da6cc9ebd19 0.296s
2024-11-06 05:20:25.548 63453 INFO tempest.lib.common.rest_client [req-a4a744c7-cce8-43db-9464-0fd22d24b34f req-a4a744c7-cce8-43db-9464-0fd22d24b34f ] Request (SecurityGroupRulesTestJSON:test_security_group_rules_list): 200 POST http://10.180.1.21/compute/v2.1/os-security-group-rules 0.459s
2024-11-06 05:20:25.634 63441 INFO tempest.lib.common.rest_client [req-62b26657-6d23-40da-931d-7ce12fb1d729 req-62b26657-6d23-40da-931d-7ce12fb1d729 ] Request (ServerMetadataNegativeTestJSON:setUpClass): 200 GET http://10.180.1.21/compute/v2.1/servers/bfa4f7f3-f018-490c-b375-812633d50a9a 0.344s
2024-11-06 05:20:25.650 63435 INFO tempest.lib.common.rest_client [req-6ce8f2d0-dfc0-4016-966f-f845dfccda43 req-6ce8f2d0-dfc0-4016-966f-f845dfccda43 ] Request (ServerDiagnosticsTest:tearDownClass): 200 GET http://10.180.1.21:9696/networking/v2.0/security-groups?tenant_id=8c5b8db1881044c29bc56bad033a98ad&name=default 0.156s
2024-11-06 05:20:25.696 63447 INFO tempest.lib.common.rest_client [req-ad8bb4f8-0716-4b05-80dc-f35bc2758c44 req-ad8bb4f8-0716-4b05-80dc-f35bc2758c44 ] Request (InstanceActionsV221TestJSON:test_get_list_deleted_instance_actions): 200 GET http://10.180.1.21/compute/v2.1/servers/08a0f783-8464-44b0-8419-6fe281098b26 0.328s
2024-11-06 05:20:25.717 63427 INFO tempest.lib.common.rest_client [req-f7083c5b-cffb-448a-a8cb-e9fd762d545b req-f7083c5b-cffb-448a-a8cb-e9fd762d545b ] Request (ServersTestBootFromVolume:setUpClass): 200 GET http://10.180.1.21/compute/v2.1/servers/73e10bed-7065-48ad-b059-6b904061f4c7 0.434s
2024-11-06 05:20:25.778 63435 INFO tempest.lib.common.rest_client [req-d671893f-a2c6-4228-a9b9-3124b91c42e6 req-d671893f-a2c6-4228-a9b9-3124b91c42e6 ] Request (ServerDiagnosticsTest:tearDownClass): 204 DELETE http://10.180.1.21:9696/networking/v2.0/security-groups/e1b4abe5-b1d6-4ac3-9506-e403a06ad442 0.128s
2024-11-06 05:20:25.855 63435 INFO tempest.lib.common.rest_client [req-69fc5991-62c0-4437-a3c9-5a00902b7e58 req-69fc5991-62c0-4437-a3c9-5a00902b7e58 ] Request (ServerDiagnosticsTest:tearDownClass): 204 DELETE http://10.180.1.21/identity/v3/projects/8c5b8db1881044c29bc56bad033a98ad 0.077s
2024-11-06 05:20:25.856 63435 INFO tempest.lib.common.dynamic_creds [-] Deleting project and security group for project: cbcf2c7c04244a8bb4b9c9d1a8d03252
2024-11-06 05:20:25.858 63475 INFO tempest.lib.common.rest_client [req-308f4f4b-166d-42eb-8d0c-4e3c9c148921 req-308f4f4b-166d-42eb-8d0c-4e3c9c148921 ] Request (SecurityGroupsTestJSON:test_server_security_groups): 200 GET http://10.180.1.21/compute/v2.1/servers/e5fbf2ee-cbba-4246-a1c5-1bb0bbdcfa4a 0.415s
2024-11-06 05:20:25.894 63467 INFO tempest.lib.common.rest_client [req-7dd66b9a-46e1-4c88-9e59-79f086bb3688 req-7dd66b9a-46e1-4c88-9e59-79f086bb3688 ] Request (ServersNegativeTestJSON:test_create_with_non_existent_keypair): 400 POST http://10.180.1.21/compute/v2.1/servers 0.469s
2024-11-06 05:20:25.944 63477 INFO tempest.lib.common.rest_client [req-40210357-11a2-4607-afd7-c49b827dcf35 req-40210357-11a2-4607-afd7-c49b827dcf35 ] Request (ImagesOneServerNegativeTestJSON:setUpClass): 200 GET http://10.180.1.21/compute/v2.1/servers/28df1018-3767-4561-8a01-5558a9272e71 0.475s
2024-11-06 05:20:25.970 63459 INFO tempest.lib.common.rest_client [req-d5f6f9e6-37b0-409f-9e50-3dcfb72a6bb2 req-d5f6f9e6-37b0-409f-9e50-3dcfb72a6bb2 ] Request (DeleteServersTestJSON:test_delete_server_while_in_attached_volume): 200 GET http://10.180.1.21/compute/v2.1/servers/c3be1ae7-ad87-4211-9418-58d1101ff16c 0.454s
2024-11-06 05:20:26.002 63453 INFO tempest.lib.common.rest_client [req-73c42fe6-6617-447b-b21d-69002fe71e1c req-73c42fe6-6617-447b-b21d-69002fe71e1c ] Request (SecurityGroupRulesTestJSON:test_security_group_rules_list): 200 GET http://10.180.1.21/compute/v2.1/os-security-groups/be2bced2-832e-4120-ba34-cc00b8bfcf3c 0.451s
2024-11-06 05:20:26.045 63435 INFO tempest.lib.common.rest_client [req-7b80f5b2-be00-4e5f-a2db-fc75249e8522 req-7b80f5b2-be00-4e5f-a2db-fc75249e8522 ] Request (ServerDiagnosticsTest:tearDownClass): 200 GET http://10.180.1.21:9696/networking/v2.0/security-groups?tenant_id=cbcf2c7c04244a8bb4b9c9d1a8d03252&name=default 0.188s
2024-11-06 05:20:26.063 63479 INFO tempest.lib.common.rest_client [req-cf0b3130-d0ba-4d19-86b8-1bf8ec52e36c req-cf0b3130-d0ba-4d19-86b8-1bf8ec52e36c ] Request (MigrationsAdminTest:test_resize_server_revert_deleted_flavor): 200 GET http://10.180.1.21/compute/v2.1/servers/a1699619-ba4e-42cb-bf58-28f3a922e36e 0.360s
2024-11-06 05:20:26.094 63482 INFO tempest.lib.common.rest_client [req-d85c2827-4561-43e5-b796-13ea8f915e19 req-d85c2827-4561-43e5-b796-13ea8f915e19 ] Request (ServerRescueTestJSON:setUpClass): 200 GET http://10.180.1.21/compute/v2.1/servers/f9f63912-5751-4448-abc0-22fd50f0cb3f 0.455s
2024-11-06 05:20:26.104 63482 INFO tempest.common.waiters [-] State transition "ACTIVE/rescuing" ==> "RESCUE/None" after 9 second wait
2024-11-06 05:20:26.185 63482 INFO tempest.lib.common.rest_client [req-f055ef69-9f67-43da-9db2-43ffe576a46c req-f055ef69-9f67-43da-9db2-43ffe576a46c ] Request (ServerRescueTestJSON:test_rescue_unrescue_instance): 201 POST http://10.180.1.21/identity/v3/auth/tokens 0.075s
2024-11-06 05:20:26.189 63482 INFO tempest.lib.common.fixed_network [-] (ServerRescueTestJSON:test_rescue_unrescue_instance) Found network {'id': '078c759a-ba1b-40fe-914d-26684d8e3a6d', 'name': 'tempest-ServerRescueTestJSON-354929716-network', 'tenant_id': 'cf4bb5e2255d44b49a16ad11bd0580c0', 'admin_state_up': True, 'mtu': 8950, 'status': 'ACTIVE', 'subnets': [], 'shared': False, 'project_id': 'cf4bb5e2255d44b49a16ad11bd0580c0', 'port_security_enabled': True, 'router:external': False, 'provider:network_type': 'vlan', 'provider:physical_network': 'default', 'provider:segmentation_id': 683, 'availability_zone_hints': [], 'availability_zones': [], 'ipv4_address_scope': None, 'ipv6_address_scope': None, 'description': '', 'tags': [], 'created_at': '2024-11-06T05:19:02Z', 'updated_at': '2024-11-06T05:19:02Z', 'revision_number': 1} available for tenant
2024-11-06 05:20:26.235 63467 INFO tempest.lib.common.rest_client [req-b829ab61-5142-4b6b-94ec-7e4df0787d39 req-b829ab61-5142-4b6b-94ec-7e4df0787d39 ] Request (ServersNegativeTestJSON:tearDown): 200 GET http://10.180.1.21/compute/v2.1/servers/32352ea6-c719-4c88-a4a2-dde0f79e503e 0.340s
2024-11-06 05:20:26.261 63453 INFO tempest.lib.common.rest_client [req-7a340a17-27bc-434a-aeaa-35f4a10bce0c req-7a340a17-27bc-434a-aeaa-35f4a10bce0c ] Request (SecurityGroupRulesTestJSON:_run_cleanups): 202 DELETE http://10.180.1.21/compute/v2.1/os-security-group-rules/c61303d7-3db0-463d-a437-06d771d0b25c 0.252s
2024-11-06 05:20:26.274 63435 INFO tempest.lib.common.rest_client [req-2f98c434-13fc-4d85-995c-cde531385d61 req-2f98c434-13fc-4d85-995c-cde531385d61 ] Request (ServerDiagnosticsTest:tearDownClass): 204 DELETE http://10.180.1.21:9696/networking/v2.0/security-groups/cd5fe66e-7691-40f6-b56e-016b669f8a8c 0.229s
2024-11-06 05:20:26.332 63419 INFO tempest.lib.common.rest_client [req-706a5685-c1ee-4280-b4aa-e8363d9163e7 req-706a5685-c1ee-4280-b4aa-e8363d9163e7 ] Request (FloatingIPsAssociationNegativeTestJSON:tearDownClass): 200 GET http://10.180.1.21/compute/v2.1/servers/15e6dedb-15c7-48c2-b71b-92b0f90fccb6 0.291s
2024-11-06 05:20:26.334 63433 INFO tempest.lib.common.rest_client [req-8f587c89-4c70-49db-8eb0-f5cba4f58b79 req-8f587c89-4c70-49db-8eb0-f5cba4f58b79 ] Request (ServerActionsTestJSON:setUpClass): 200 GET http://10.180.1.21/compute/v2.1/servers/2100f73d-d3ca-4e31-9bba-05a5767389fc 0.195s
2024-11-06 05:20:26.385 63464 INFO tempest.lib.common.rest_client [req-74d690c2-97e9-4d31-901c-78b218639d4b req-74d690c2-97e9-4d31-901c-78b218639d4b ] Request (ImagesOneServerTestJSON:test_create_delete_image): 200 GET http://10.180.1.21/compute/v2.1/images/5aa927c2-42d8-4add-a33f-7af451aef105 0.230s
2024-11-06 05:20:26.419 63435 INFO tempest.lib.common.rest_client [req-556fc6ec-e2b0-4aba-ae09-f1cb16a45a56 req-556fc6ec-e2b0-4aba-ae09-f1cb16a45a56 ] Request (ServerDiagnosticsTest:tearDownClass): 204 DELETE http://10.180.1.21/identity/v3/projects/cbcf2c7c04244a8bb4b9c9d1a8d03252 0.144s
2024-11-06 05:20:26.497 63435 INFO tempest.lib.common.rest_client [req-4c232e0c-495d-4401-92a9-d7e5c2fd88b0 req-4c232e0c-495d-4401-92a9-d7e5c2fd88b0 ] Request (ServersAdminNegativeTestJSON:setUpClass): 201 POST http://10.180.1.21/identity/v3/auth/tokens 0.076s
2024-11-06 05:20:26.536 63435 INFO tempest.lib.common.rest_client [req-41e27cf5-0307-4daf-869d-87a56c2402e0 req-41e27cf5-0307-4daf-869d-87a56c2402e0 ] Request (ServersAdminNegativeTestJSON:setUpClass): 201 POST http://10.180.1.21/identity/v3/auth/tokens 0.035s
2024-11-06 05:20:26.564 63467 INFO tempest.lib.common.rest_client [req-43a1c5d7-062f-46f3-831a-20c91e23ef93 req-43a1c5d7-062f-46f3-831a-20c91e23ef93 ] Request (ServersNegativeTestJSON:setUp): 200 GET http://10.180.1.21/compute/v2.1/servers/32352ea6-c719-4c88-a4a2-dde0f79e503e 0.317s
2024-11-06 05:20:26.564 63435 INFO tempest.lib.common.rest_client [req-241617a7-1fc4-4534-a2c9-5d433f36ad9a req-241617a7-1fc4-4534-a2c9-5d433f36ad9a ] Request (ServersAdminNegativeTestJSON:setUpClass): 200 GET http://10.180.1.21/identity/v3/domains?name=Default 0.028s
2024-11-06 05:20:26.564 63439 INFO tempest.lib.common.rest_client [req-0a15c005-7ed9-4cf8-9800-9ac670871907 req-0a15c005-7ed9-4cf8-9800-9ac670871907 ] Request (AttachVolumeShelveTestJSON:setUpClass): 200 PUT http://10.180.1.21:9696/networking/v2.0/routers/17707b56-551d-4401-9530-f44add7336d6/add_router_interface 3.394s
2024-11-06 05:20:26.564 63439 INFO tempest.lib.common.dynamic_creds [-] Created isolated network resources for: credentials: Credentials: {'domain_id': 'default', 'domain_name': 'Default', 'username': 'tempest-AttachVolumeShelveTestJSON-1623973605-project-member', 'project_domain_id': 'default', 'project_domain_name': 'Default', 'project_id': '56d9caf1df5943778427371efb4c140e', 'project_name': 'tempest-AttachVolumeShelveTestJSON-1623973605', 'tenant_id': '56d9caf1df5943778427371efb4c140e', 'tenant_name': 'tempest-AttachVolumeShelveTestJSON-1623973605', 'user_domain_id': 'default', 'user_domain_name': 'Default', 'user_id': '2b21dccb140f4451ab4d7b6dd04398a2', 'system': None}, Network: {'id': 'c26482aa-b376-41c8-b52c-d6f5df8bfe12', 'name': 'tempest-AttachVolumeShelveTestJSON-142260887-network', 'tenant_id': '56d9caf1df5943778427371efb4c140e', 'admin_state_up': True, 'mtu': 8950, 'status': 'ACTIVE', 'subnets': [], 'shared': False, 'project_id': '56d9caf1df5943778427371efb4c140e', 'port_security_enabled': True, 'router:external': False, 'provider:network_type': 'vlan', 'provider:physical_network': 'default', 'provider:segmentation_id': 413, 'availability_zone_hints': [], 'availability_zones': [], 'ipv4_address_scope': None, 'ipv6_address_scope': None, 'description': '', 'tags': [], 'created_at': '2024-11-06T05:20:21Z', 'updated_at': '2024-11-06T05:20:21Z', 'revision_number': 1}, Subnet: {'id': 'a6e6d3cd-c6a7-40c9-86e6-45b5871322ec', 'name': 'tempest-AttachVolumeShelveTestJSON-142260887-subnet', 'tenant_id': '56d9caf1df5943778427371efb4c140e', 'network_id': 'c26482aa-b376-41c8-b52c-d6f5df8bfe12', 'ip_version': 4, 'subnetpool_id': None, 'enable_dhcp': True, 'ipv6_ra_mode': None, 'ipv6_address_mode': None, 'gateway_ip': '192.168.128.1', 'cidr': '192.168.128.0/28', 'allocation_pools': [{'start': '192.168.128.2', 'end': '192.168.128.14'}], 'host_routes': [], 'dns_nameservers': [], 'description': '', 'router:external': False, 'service_types': [], 'tags': [], 'created_at': '2024-11-06T05:20:21Z', 'updated_at': '2024-11-06T05:20:21Z', 'revision_number': 0, 'project_id': '56d9caf1df5943778427371efb4c140e'}, Router: {'id': '17707b56-551d-4401-9530-f44add7336d6', 'name': 'tempest-AttachVolumeShelveTestJSON-142260887-router', 'tenant_id': '56d9caf1df5943778427371efb4c140e', 'admin_state_up': True, 'status': 'ACTIVE', 'external_gateway_info': {'network_id': 'b0058b45-7ec3-4021-afa3-403eb941e390', 'external_fixed_ips': [{'subnet_id': '67a2cc88-d1d7-4032-8eba-b64ac1f5b96c', 'ip_address': '10.180.180.134'}], 'enable_snat': True}, 'description': '', 'availability_zones': [], 'distributed': False, 'ha': False, 'availability_zone_hints': [], 'routes': [], 'flavor_id': None, 'tags': [], 'created_at': '2024-11-06T05:20:22Z', 'updated_at': '2024-11-06T05:20:22Z', 'revision_number': 2, 'project_id': '56d9caf1df5943778427371efb4c140e'}
2024-11-06 05:20:26.600 63435 INFO tempest.lib.common.rest_client [req-4f7ed5d3-1294-4d8c-bf0d-368a7fe01af8 req-4f7ed5d3-1294-4d8c-bf0d-368a7fe01af8 ] Request (ServersAdminNegativeTestJSON:setUpClass): 201 POST http://10.180.1.21/identity/v3/projects 0.036s
2024-11-06 05:20:26.614 63465 INFO tempest.lib.common.rest_client [req-f2c0490f-c735-47a7-9e45-4ac2834978a3 req-f2c0490f-c735-47a7-9e45-4ac2834978a3 ] Request (FloatingIPDetailsNegativeTestJSON:setUpClass): 201 POST http://10.180.1.21:9696/networking/v2.0/routers 2.327s
2024-11-06 05:20:26.658 63439 INFO tempest.lib.common.rest_client [req-752f0c76-05ef-4bd8-892b-841b7daa5d5a req-752f0c76-05ef-4bd8-892b-841b7daa5d5a ] Request (AttachVolumeShelveTestJSON:setUpClass): 201 POST http://10.180.1.21/identity/v3/auth/tokens 0.090s
2024-11-06 05:20:26.673 63467 INFO tempest.lib.common.rest_client [req-d7dbddf1-5661-434f-85e6-6f2b2926927c req-d7dbddf1-5661-434f-85e6-6f2b2926927c ] Request (ServersNegativeTestJSON:test_create_with_nonexistent_security_group): 201 POST http://10.180.1.21/identity/v3/auth/tokens 0.094s
2024-11-06 05:20:26.673 63467 INFO tempest.lib.common.fixed_network [-] (ServersNegativeTestJSON:test_create_with_nonexistent_security_group) Found network {'id': '1ae0ff4e-cb84-453c-8414-49f8311174af', 'name': 'tempest-ServersNegativeTestJSON-1526021298-network', 'tenant_id': 'c22fcae2c9c344cb8e4269a33082022c', 'admin_state_up': True, 'mtu': 8950, 'status': 'ACTIVE', 'subnets': [], 'shared': False, 'project_id': 'c22fcae2c9c344cb8e4269a33082022c', 'port_security_enabled': True, 'router:external': False, 'provider:network_type': 'vlan', 'provider:physical_network': 'default', 'provider:segmentation_id': 921, 'availability_zone_hints': [], 'availability_zones': [], 'ipv4_address_scope': None, 'ipv6_address_scope': None, 'description': '', 'tags': [], 'created_at': '2024-11-06T05:18:11Z', 'updated_at': '2024-11-06T05:18:11Z', 'revision_number': 1} available for tenant
2024-11-06 05:20:26.720 63435 INFO tempest.lib.common.rest_client [req-8a55348c-48bf-4a9e-ba70-2dcaa9323bbb req-8a55348c-48bf-4a9e-ba70-2dcaa9323bbb ] Request (ServersAdminNegativeTestJSON:setUpClass): 201 POST http://10.180.1.21/identity/v3/users 0.119s
2024-11-06 05:20:26.747 63435 INFO tempest.lib.common.rest_client [req-6b328996-6879-4986-94ce-6726fad57eb5 req-6b328996-6879-4986-94ce-6726fad57eb5 ] Request (ServersAdminNegativeTestJSON:setUpClass): 200 GET http://10.180.1.21/identity/v3/roles 0.026s
2024-11-06 05:20:26.768 63453 INFO tempest.lib.common.rest_client [req-4c963f52-5556-4867-bf06-7e2cdf91a8eb req-4c963f52-5556-4867-bf06-7e2cdf91a8eb ] Request (SecurityGroupRulesTestJSON:tearDownClass): 202 DELETE http://10.180.1.21/compute/v2.1/os-security-groups/be2bced2-832e-4120-ba34-cc00b8bfcf3c 0.499s
2024-11-06 05:20:26.787 63435 INFO tempest.lib.common.rest_client [req-4cef9c4a-ce40-4b3f-b573-52a0f638d6c4 req-4cef9c4a-ce40-4b3f-b573-52a0f638d6c4 ] Request (ServersAdminNegativeTestJSON:setUpClass): 204 PUT http://10.180.1.21/identity/v3/projects/e27a3292c1e2421780ddbf6550478320/users/ec714d5965eb4047bc01248b99840bae/roles/9242db29473a4727b630dde879d9a935 0.039s
2024-11-06 05:20:26.788 63435 INFO tempest.lib.common.dynamic_creds [-] Dynamic test user ec714d5965eb4047bc01248b99840bae is created with scope project and roles: ['member']
2024-11-06 05:20:26.788 63435 INFO tempest.lib.common.dynamic_creds [-] Acquired dynamic creds: credentials: Credentials: {'domain_id': 'default', 'domain_name': 'Default', 'username': 'tempest-ServersAdminNegativeTestJSON-944222340-project-member', 'project_domain_id': 'default', 'project_domain_name': 'Default', 'project_id': 'e27a3292c1e2421780ddbf6550478320', 'project_name': 'tempest-ServersAdminNegativeTestJSON-944222340', 'tenant_id': 'e27a3292c1e2421780ddbf6550478320', 'tenant_name': 'tempest-ServersAdminNegativeTestJSON-944222340', 'user_domain_id': 'default', 'user_domain_name': 'Default', 'user_id': 'ec714d5965eb4047bc01248b99840bae', 'system': None}, Network: None, Subnet: None, Router: None
2024-11-06 05:20:26.788 63435 INFO tempest.lib.common.dynamic_creds [-] Created isolated network resources for: credentials: Credentials: {'domain_id': 'default', 'domain_name': 'Default', 'username': 'tempest-ServersAdminNegativeTestJSON-944222340-project-member', 'project_domain_id': 'default', 'project_domain_name': 'Default', 'project_id': 'e27a3292c1e2421780ddbf6550478320', 'project_name': 'tempest-ServersAdminNegativeTestJSON-944222340', 'tenant_id': 'e27a3292c1e2421780ddbf6550478320', 'tenant_name': 'tempest-ServersAdminNegativeTestJSON-944222340', 'user_domain_id': 'default', 'user_domain_name': 'Default', 'user_id': 'ec714d5965eb4047bc01248b99840bae', 'system': None}, Network: None, Subnet: None, Router: None
2024-11-06 05:20:26.791 63445 WARNING tempest.lib.common.ssh [-] Failed to establish authenticated ssh connection to cirros@10.180.180.235 ([Errno None] Unable to connect to port 22 on 10.180.180.235). Number attempts: 9. Retry after 10 seconds.: paramiko.ssh_exception.NoValidConnectionsError: [Errno None] Unable to connect to port 22 on 10.180.180.235
2024-11-06 05:20:26.820 63482 INFO tempest.lib.common.rest_client [req-d896405d-b5ad-4bdb-a40e-c30e88b64f0a req-d896405d-b5ad-4bdb-a40e-c30e88b64f0a ] Request (ServerRescueTestJSON:test_rescue_unrescue_instance): 202 POST http://10.180.1.21/compute/v2.1/servers 0.630s
2024-11-06 05:20:26.862 63429 INFO tempest.lib.common.rest_client [req-ad1813c2-d28c-4c5b-b35b-73d0d80649a1 req-ad1813c2-d28c-4c5b-b35b-73d0d80649a1 ] Request (ServersTestMultiNic:_run_cleanups): 200 GET http://10.180.1.21/compute/v2.1/servers/59e6c0a7-a37b-452d-93ec-78776be75bd5 0.580s
2024-11-06 05:20:26.882 63469 INFO tempest.lib.common.rest_client [req-2382cebc-6e83-4552-a4b6-5a74514bcef1 req-2382cebc-6e83-4552-a4b6-5a74514bcef1 ] Request (ServerShowV257Test:test_rebuild_server): 200 GET http://10.180.1.21/compute/v2.1/servers/4054a81a-097b-4bc1-89e2-276430b36d86 0.493s
2024-11-06 05:20:26.898 63435 INFO tempest.lib.common.rest_client [req-667d94ca-6ee6-49b7-95ec-9cca6de00734 req-667d94ca-6ee6-49b7-95ec-9cca6de00734 ] Request (ServersAdminNegativeTestJSON:setUpClass): 201 POST http://10.180.1.21/identity/v3/auth/tokens 0.106s
2024-11-06 05:20:26.940 63441 INFO tempest.lib.common.rest_client [req-e8b47913-d01b-4dcd-bb2c-327a5efd9289 req-e8b47913-d01b-4dcd-bb2c-327a5efd9289 ] Request (ServerMetadataNegativeTestJSON:setUpClass): 200 GET http://10.180.1.21/compute/v2.1/servers/bfa4f7f3-f018-490c-b375-812633d50a9a 0.294s
2024-11-06 05:20:26.972 63435 INFO tempest.lib.common.rest_client [req-228ec4c9-b4b5-405d-b15c-b5d0398a2217 req-228ec4c9-b4b5-405d-b15c-b5d0398a2217 ] Request (ServersAdminNegativeTestJSON:setUpClass): 201 POST http://10.180.1.21/identity/v3/projects 0.073s
2024-11-06 05:20:26.993 63421 INFO tempest.lib.common.rest_client [req-f7a65fa2-635f-45e2-9e53-6f533be27827 req-f7a65fa2-635f-45e2-9e53-6f533be27827 ] Request (ServersAdminTestJSON:test_create_server_with_scheduling_hint): 200 GET http://10.180.1.21/compute/v2.1/servers/9b7b4789-f5fc-44bb-addb-5da6cc9ebd19 0.483s
2024-11-06 05:20:27.045 63435 INFO tempest.lib.common.rest_client [req-57478141-6098-4e0a-806e-96436ef98c88 req-57478141-6098-4e0a-806e-96436ef98c88 ] Request (ServersAdminNegativeTestJSON:setUpClass): 201 POST http://10.180.1.21/identity/v3/users 0.072s
2024-11-06 05:20:27.066 63435 INFO tempest.lib.common.rest_client [req-20298549-1c2d-484f-88fb-3148d24823d0 req-20298549-1c2d-484f-88fb-3148d24823d0 ] Request (ServersAdminNegativeTestJSON:setUpClass): 200 GET http://10.180.1.21/identity/v3/roles 0.020s
2024-11-06 05:20:27.070 63467 INFO tempest.lib.common.rest_client [req-e530be38-e2e4-49c7-9c3e-e6706de440d1 req-e530be38-e2e4-49c7-9c3e-e6706de440d1 ] Request (ServersNegativeTestJSON:test_create_with_nonexistent_security_group): 400 POST http://10.180.1.21/compute/v2.1/servers 0.395s
2024-11-06 05:20:27.102 63435 INFO tempest.lib.common.rest_client [req-feed5b90-f145-49c9-9684-15a0ba1610ce req-feed5b90-f145-49c9-9684-15a0ba1610ce ] Request (ServersAdminNegativeTestJSON:setUpClass): 204 PUT http://10.180.1.21/identity/v3/projects/9d364b1558a04f97902e1ef08f65b322/users/5666d70d9a294ad8b4a4196b9e875fa4/roles/05f8ed527b4640c989f874ed3a88baac 0.035s
2024-11-06 05:20:27.136 63439 INFO tempest.lib.common.rest_client [req-ad151881-4830-4b3d-a68e-1562646de3fb req-ad151881-4830-4b3d-a68e-1562646de3fb ] Request (ValidationResourcesFixture:setUp): 201 POST http://10.180.1.21/compute/v2.1/os-keypairs 0.474s
2024-11-06 05:20:27.144 63447 INFO tempest.lib.common.rest_client [req-08fb03e7-a07b-49c1-9187-b4f32ca37909 req-08fb03e7-a07b-49c1-9187-b4f32ca37909 ] Request (InstanceActionsV221TestJSON:test_get_list_deleted_instance_actions): 200 GET http://10.180.1.21/compute/v2.1/servers/08a0f783-8464-44b0-8419-6fe281098b26 0.432s
2024-11-06 05:20:27.157 63435 INFO tempest.lib.common.rest_client [req-a98b1a5a-97a5-4eb8-a079-dfe7b4fcd8d8 req-a98b1a5a-97a5-4eb8-a079-dfe7b4fcd8d8 ] Request (ServersAdminNegativeTestJSON:setUpClass): 200 GET http://10.180.1.21/identity/v3/roles 0.055s
2024-11-06 05:20:27.172 63453 INFO tempest.lib.common.rest_client [req-0ffa3d68-1515-42c6-8c2c-152be93fef62 req-0ffa3d68-1515-42c6-8c2c-152be93fef62 ] Request (SecurityGroupRulesTestJSON:tearDownClass): 404 DELETE http://10.180.1.21/compute/v2.1/os-security-groups/ef01f40b-1d69-4f3d-94ba-9e8d67dd6ae0 0.404s
2024-11-06 05:20:27.179 63435 INFO tempest.lib.common.rest_client [req-32746cae-b6da-4a75-8ac9-4d9829d9d8d5 req-32746cae-b6da-4a75-8ac9-4d9829d9d8d5 ] Request (ServersAdminNegativeTestJSON:setUpClass): 204 PUT http://10.180.1.21/identity/v3/projects/9d364b1558a04f97902e1ef08f65b322/users/5666d70d9a294ad8b4a4196b9e875fa4/roles/05f8ed527b4640c989f874ed3a88baac 0.022s
2024-11-06 05:20:27.180 63435 INFO tempest.lib.common.dynamic_creds [-] Dynamic test user 5666d70d9a294ad8b4a4196b9e875fa4 is created with scope project and roles: ['admin']
2024-11-06 05:20:27.180 63435 INFO tempest.lib.common.dynamic_creds [-] Acquired dynamic creds: credentials: Credentials: {'domain_id': 'default', 'domain_name': 'Default', 'username': 'tempest-ServersAdminNegativeTestJSON-1826774166-project-admin', 'project_domain_id': 'default', 'project_domain_name': 'Default', 'project_id': '9d364b1558a04f97902e1ef08f65b322', 'project_name': 'tempest-ServersAdminNegativeTestJSON-1826774166', 'tenant_id': '9d364b1558a04f97902e1ef08f65b322', 'tenant_name': 'tempest-ServersAdminNegativeTestJSON-1826774166', 'user_domain_id': 'default', 'user_domain_name': 'Default', 'user_id': '5666d70d9a294ad8b4a4196b9e875fa4', 'system': None}, Network: None, Subnet: None, Router: None
