2024-11-06 05:18:33.840 63461 INFO tempest.lib.common.rest_client [req-937f70d2-0709-49df-9544-b12a00e8cfd7 req-937f70d2-0709-49df-9544-b12a00e8cfd7 ] Request (FloatingIPsNegativeTestJSON:tearDownClass): 200 GET http://10.180.1.21:9696/networking/v2.0/security-groups?tenant_id=7d5bcefceb8f4f46941d699031c08e04&name=default 0.150s
2024-11-06 05:18:33.847 63441 INFO tempest.common.waiters [-] State transition "BUILD/scheduling" ==> "BUILD/None" after 2 second wait
2024-11-06 05:18:33.893 63471 INFO tempest.lib.common.rest_client [req-54642609-42c4-4952-957b-033f2c613c40 req-54642609-42c4-4952-957b-033f2c613c40 ] Request (HypervisorAdminNegativeTestJSON:tearDownClass): 200 GET http://10.180.1.21:9696/networking/v2.0/security-groups?tenant_id=71472c0375254a598b3472ebf79bb7f1&name=default 0.486s
2024-11-06 05:18:33.915 63464 INFO tempest.lib.common.rest_client [req-a96db442-3f80-4bf4-95cb-db4ee9a99596 req-a96db442-3f80-4bf4-95cb-db4ee9a99596 ] Request (ServerExternalEventsTest:tearDownClass): 200 GET http://10.180.1.21/compute/v2.1/servers/6851a2a5-b7d0-4a6b-85a7-3521bea7497a 1.213s
2024-11-06 05:18:33.955 63429 INFO tempest.lib.common.rest_client [req-5759d283-3544-40ed-837d-6b7d0e04707b req-5759d283-3544-40ed-837d-6b7d0e04707b ] Request (FlavorsV2TestJSON:tearDownClass): 204 DELETE http://10.180.1.21:9696/networking/v2.0/security-groups/134d3442-9d7c-410f-ab04-4722c16f77e4 0.325s
2024-11-06 05:18:33.991 63465 INFO tempest.lib.common.rest_client [req-647ce917-4a99-4b5e-8341-2ca6eb843c54 req-647ce917-4a99-4b5e-8341-2ca6eb843c54 ] Request (FloatingIPsAssociationTestJSON:test_associate_already_associated_floating_ip): 200 GET http://10.180.1.21/compute/v2.1/servers/2c342aaa-72c2-4b9f-8906-79118f11b4e5 1.210s
2024-11-06 05:18:34.032 63429 INFO tempest.lib.common.rest_client [req-75e28913-22fa-487c-a912-fdda2ada56b5 req-75e28913-22fa-487c-a912-fdda2ada56b5 ] Request (FlavorsV2TestJSON:tearDownClass): 204 DELETE http://10.180.1.21/identity/v3/projects/a502fa0c195a46579f2600ac53b5cba9 0.077s
2024-11-06 05:18:34.122 63443 INFO tempest.lib.common.rest_client [req-06e9dd9c-ba62-4098-9f23-8e06956f49b1 req-06e9dd9c-ba62-4098-9f23-8e06956f49b1 ] Request (QuotasSecurityGroupAdminNegativeTest:tearDownClass): 200 GET http://10.180.1.21:9696/networking/v2.0/security-groups?tenant_id=ac89206927ed45e9804254c3e4b49360&name=default 0.595s
2024-11-06 05:18:34.137 63429 INFO tempest.lib.common.rest_client [req-d5b4a52f-3493-436b-9650-688dbac72362 req-d5b4a52f-3493-436b-9650-688dbac72362 ] Request (ImagesDeleteNegativeTestJSON:setUpClass): 201 POST http://10.180.1.21/identity/v3/auth/tokens 0.103s
2024-11-06 05:18:34.152 63453 INFO tempest.lib.common.rest_client [req-e5cac023-749c-47cd-b2f0-e1c864f25f5d req-e5cac023-749c-47cd-b2f0-e1c864f25f5d ] Request (HypervisorAdminTestJSON:tearDownClass): 200 GET http://10.180.1.21:9696/networking/v2.0/security-groups?tenant_id=7ca49a0335c6451ba928cbc61e8ae31c&name=default 0.384s
2024-11-06 05:18:34.166 63469 INFO tempest.lib.common.rest_client [req-c4f8a857-5cb7-49b7-8ea5-2f7b7b1953ac req-c4f8a857-5cb7-49b7-8ea5-2f7b7b1953ac ] Request (ServerTagsTestJSON:setUpClass): 200 GET http://10.180.1.21/compute/v2.1/servers/753d110e-e779-4b3f-b0ea-aeb9d69ab9fb 1.464s
2024-11-06 05:18:34.169 63461 INFO tempest.lib.common.rest_client [req-85049ad1-d88e-4855-80ef-6b2144517071 req-85049ad1-d88e-4855-80ef-6b2144517071 ] Request (FloatingIPsNegativeTestJSON:tearDownClass): 204 DELETE http://10.180.1.21:9696/networking/v2.0/security-groups/091af4a2-d84e-435c-9c78-72ca9d8deaf4 0.328s
2024-11-06 05:18:34.177 63429 INFO tempest.lib.common.rest_client [req-bb01a82b-5604-4ea3-af25-9c8a902d1730 req-bb01a82b-5604-4ea3-af25-9c8a902d1730 ] Request (ImagesDeleteNegativeTestJSON:setUpClass): 201 POST http://10.180.1.21/identity/v3/auth/tokens 0.036s
2024-11-06 05:18:34.193 63471 INFO tempest.lib.common.rest_client [req-8211f289-3b95-4738-b279-7dd9388e6e18 req-8211f289-3b95-4738-b279-7dd9388e6e18 ] Request (HypervisorAdminNegativeTestJSON:tearDownClass): 204 DELETE http://10.180.1.21:9696/networking/v2.0/security-groups/7c05724a-84eb-412f-b6e4-7de09197a758 0.299s
2024-11-06 05:18:34.258 63461 INFO tempest.lib.common.rest_client [req-7f5a4e7f-9eae-44c3-8c22-325c103f0eba req-7f5a4e7f-9eae-44c3-8c22-325c103f0eba ] Request (FloatingIPsNegativeTestJSON:tearDownClass): 204 DELETE http://10.180.1.21/identity/v3/projects/7d5bcefceb8f4f46941d699031c08e04 0.088s
2024-11-06 05:18:34.279 63445 INFO tempest.lib.common.rest_client [req-811531ce-4e4e-498d-8bd7-69e63d0e2d95 req-811531ce-4e4e-498d-8bd7-69e63d0e2d95 ] Request (ServerActionsV293TestJSON:setUpClass): 200 GET http://10.180.1.21/volume/v3/volumes/b63d40cf-ca66-4aca-bb4d-988002e4b977 0.046s
2024-11-06 05:18:34.333 63482 INFO tempest.lib.common.rest_client [req-ed46b786-8f97-4600-82c9-16f8f275f092 req-ed46b786-8f97-4600-82c9-16f8f275f092 ] Request (SecurityGroupRulesNegativeTestJSON:test_create_security_group_rule_with_invalid_port_range): 200 POST http://10.180.1.21/compute/v2.1/os-security-groups 1.479s
2024-11-06 05:18:34.336 63429 INFO tempest.lib.common.rest_client [req-9425406e-3fc9-4471-a014-652b5b482991 req-9425406e-3fc9-4471-a014-652b5b482991 ] Request (ImagesDeleteNegativeTestJSON:setUpClass): 200 GET http://10.180.1.21/identity/v3/domains?name=Default 0.157s
2024-11-06 05:18:34.351 63451 INFO tempest.lib.common.rest_client [req-e0cbf0f5-edf7-41ea-9440-d508f391c2e9 req-e0cbf0f5-edf7-41ea-9440-d508f391c2e9 ] Request (FlavorsAdminTestJSON:test_create_list_flavor_without_extra_data): 200 GET http://10.180.1.21/compute/v2.1/flavors/detail 1.404s
2024-11-06 05:18:34.359 63421 INFO tempest.lib.common.rest_client [req-d773ec57-0d6f-489a-bbc4-a46941f24ef5 req-d773ec57-0d6f-489a-bbc4-a46941f24ef5 ] Request (ServersAdminTestJSON:setUpClass): 200 PUT http://10.180.1.21:9696/networking/v2.0/routers/655dca82-8492-4883-88a9-94edb772fb6a/add_router_interface 3.201s
2024-11-06 05:18:34.359 63421 INFO tempest.lib.common.dynamic_creds [-] Created isolated network resources for: credentials: Credentials: {'domain_id': 'default', 'domain_name': 'Default', 'username': 'tempest-ServersAdminTestJSON-1354795286-project-member', 'project_domain_id': 'default', 'project_domain_name': 'Default', 'project_id': '0f946d53d33e4285b93da32355ab1080', 'project_name': 'tempest-ServersAdminTestJSON-1354795286', 'tenant_id': '0f946d53d33e4285b93da32355ab1080', 'tenant_name': 'tempest-ServersAdminTestJSON-1354795286', 'user_domain_id': 'default', 'user_domain_name': 'Default', 'user_id': '5b5632876e324a6e8c00fe94be4ef4c8', 'system': None}, Network: {'id': '4bbb6dd3-ac62-4482-8953-be0ab57cee71', 'name': 'tempest-ServersAdminTestJSON-1072414704-network', 'tenant_id': '0f946d53d33e4285b93da32355ab1080', 'admin_state_up': True, 'mtu': 8950, 'status': 'ACTIVE', 'subnets': [], 'shared': False, 'project_id': '0f946d53d33e4285b93da32355ab1080', 'port_security_enabled': True, 'router:external': False, 'provider:network_type': 'vlan', 'provider:physical_network': 'default', 'provider:segmentation_id': 829, 'availability_zone_hints': [], 'availability_zones': [], 'ipv4_address_scope': None, 'ipv6_address_scope': None, 'description': '', 'tags': [], 'created_at': '2024-11-06T05:18:27Z', 'updated_at': '2024-11-06T05:18:28Z', 'revision_number': 1}, Subnet: {'id': '43bbc696-5e88-4fb7-8743-f39b3f3c8af0', 'name': 'tempest-ServersAdminTestJSON-1072414704-subnet', 'tenant_id': '0f946d53d33e4285b93da32355ab1080', 'network_id': '4bbb6dd3-ac62-4482-8953-be0ab57cee71', 'ip_version': 4, 'subnetpool_id': None, 'enable_dhcp': True, 'ipv6_ra_mode': None, 'ipv6_address_mode': None, 'gateway_ip': '192.168.128.1', 'cidr': '192.168.128.0/28', 'allocation_pools': [{'start': '192.168.128.2', 'end': '192.168.128.14'}], 'host_routes': [], 'dns_nameservers': [], 'description': '', 'router:external': False, 'service_types': [], 'tags': [], 'created_at': '2024-11-06T05:18:28Z', 'updated_at': '2024-11-06T05:18:28Z', 'revision_number': 0, 'project_id': '0f946d53d33e4285b93da32355ab1080'}, Router: {'id': '655dca82-8492-4883-88a9-94edb772fb6a', 'name': 'tempest-ServersAdminTestJSON-1072414704-router', 'tenant_id': '0f946d53d33e4285b93da32355ab1080', 'admin_state_up': True, 'status': 'ACTIVE', 'external_gateway_info': {'network_id': 'b0058b45-7ec3-4021-afa3-403eb941e390', 'external_fixed_ips': [{'subnet_id': '67a2cc88-d1d7-4032-8eba-b64ac1f5b96c', 'ip_address': '10.180.180.224'}], 'enable_snat': True}, 'description': '', 'availability_zones': [], 'distributed': False, 'ha': False, 'availability_zone_hints': [], 'routes': [], 'flavor_id': None, 'tags': [], 'created_at': '2024-11-06T05:18:28Z', 'updated_at': '2024-11-06T05:18:30Z', 'revision_number': 2, 'project_id': '0f946d53d33e4285b93da32355ab1080'}
2024-11-06 05:18:34.368 63443 INFO tempest.lib.common.rest_client [req-8cd65718-7ff1-4c79-81a0-3b22ce544cc5 req-8cd65718-7ff1-4c79-81a0-3b22ce544cc5 ] Request (QuotasSecurityGroupAdminNegativeTest:tearDownClass): 204 DELETE http://10.180.1.21:9696/networking/v2.0/security-groups/a9821b1d-9371-4f78-b106-819181f9f15c 0.245s
2024-11-06 05:18:34.369 63453 INFO tempest.lib.common.rest_client [req-bf3099fb-6399-46d5-937a-c114d26bd6ad req-bf3099fb-6399-46d5-937a-c114d26bd6ad ] Request (HypervisorAdminTestJSON:tearDownClass): 204 DELETE http://10.180.1.21:9696/networking/v2.0/security-groups/9aaafafa-dfdb-408c-8304-b521ee51ebaa 0.217s
2024-11-06 05:18:34.394 63461 INFO tempest.lib.common.rest_client [req-2d3520de-f4d2-4ba1-a054-e61f63946d81 req-2d3520de-f4d2-4ba1-a054-e61f63946d81 ] Request (AttachInterfacesTestJSON:setUpClass): 201 POST http://10.180.1.21/identity/v3/auth/tokens 0.134s
2024-11-06 05:18:34.431 63471 INFO tempest.lib.common.rest_client [req-65db0ab7-c76b-48b6-99e0-cd1b077815dd req-65db0ab7-c76b-48b6-99e0-cd1b077815dd ] Request (HypervisorAdminNegativeTestJSON:tearDownClass): 204 DELETE http://10.180.1.21/identity/v3/projects/71472c0375254a598b3472ebf79bb7f1 0.237s
2024-11-06 05:18:34.431 63471 INFO tempest.lib.common.dynamic_creds [-] Deleting project and security group for project: 06de504fb7fd41acbc1f98615eaf264e
2024-11-06 05:18:34.466 63429 INFO tempest.lib.common.rest_client [req-9db1be11-835e-4df7-8d5f-bc406025adfd req-9db1be11-835e-4df7-8d5f-bc406025adfd ] Request (ImagesDeleteNegativeTestJSON:setUpClass): 201 POST http://10.180.1.21/identity/v3/projects 0.130s
2024-11-06 05:18:34.526 63421 INFO tempest.lib.common.rest_client [req-8dc8d2f0-20ec-4450-bd48-94834f778679 req-8dc8d2f0-20ec-4450-bd48-94834f778679 ] Request (ServersAdminTestJSON:setUpClass): 201 POST http://10.180.1.21/identity/v3/auth/tokens 0.158s
2024-11-06 05:18:34.567 63443 INFO tempest.lib.common.rest_client [req-806f2f20-48b7-4b3b-8773-79f45fd81dae req-806f2f20-48b7-4b3b-8773-79f45fd81dae ] Request (QuotasSecurityGroupAdminNegativeTest:tearDownClass): 204 DELETE http://10.180.1.21/identity/v3/projects/ac89206927ed45e9804254c3e4b49360 0.199s
2024-11-06 05:18:34.567 63443 INFO tempest.lib.common.dynamic_creds [-] Deleting project and security group for project: 3db0bf0b71824c5ab2f01dab51466111
2024-11-06 05:18:34.588 63453 INFO tempest.lib.common.rest_client [req-4456b221-1e56-44ea-8297-966753ab52dd req-4456b221-1e56-44ea-8297-966753ab52dd ] Request (HypervisorAdminTestJSON:tearDownClass): 204 DELETE http://10.180.1.21/identity/v3/projects/7ca49a0335c6451ba928cbc61e8ae31c 0.218s
2024-11-06 05:18:34.588 63453 INFO tempest.lib.common.dynamic_creds [-] Deleting project and security group for project: ebe92c15c1824efdb33f0cb3d5a21afd
2024-11-06 05:18:34.597 63437 INFO tempest.lib.common.rest_client [req-6c751864-1f46-41ef-b19d-166dfb2b97c9 req-6c751864-1f46-41ef-b19d-166dfb2b97c9 ] Request (AggregatesAdminNegativeTestJSON:_run_cleanups): 200 DELETE http://10.180.1.21/compute/v2.1/os-aggregates/4 1.630s
2024-11-06 05:18:34.632 63461 INFO tempest.lib.common.rest_client [req-18f6cdef-b7dd-41cf-bb9e-f9ac0d22d7f2 req-18f6cdef-b7dd-41cf-bb9e-f9ac0d22d7f2 ] Request (AttachInterfacesTestJSON:setUpClass): 201 POST http://10.180.1.21/identity/v3/auth/tokens 0.235s
2024-11-06 05:18:34.665 63429 INFO tempest.lib.common.rest_client [req-37f5793d-e5c8-4c41-be82-cf52bd255fef req-37f5793d-e5c8-4c41-be82-cf52bd255fef ] Request (ImagesDeleteNegativeTestJSON:setUpClass): 201 POST http://10.180.1.21/identity/v3/users 0.197s
2024-11-06 05:18:34.698 63421 INFO tempest.lib.common.rest_client [req-60fe5e0d-a95e-4929-b3f8-bba8a695046a req-60fe5e0d-a95e-4929-b3f8-bba8a695046a ] Request (ServersAdminTestJSON:setUpClass): 201 POST http://10.180.1.21/identity/v3/projects 0.172s
2024-11-06 05:18:34.699 63461 INFO tempest.lib.common.rest_client [req-eab74dbc-e9af-493e-a6f2-d928f6e94ed5 req-eab74dbc-e9af-493e-a6f2-d928f6e94ed5 ] Request (AttachInterfacesTestJSON:setUpClass): 200 GET http://10.180.1.21/identity/v3/domains?name=Default 0.066s
2024-11-06 05:18:34.704 63471 INFO tempest.lib.common.rest_client [req-d139fcca-bf45-439d-8e8c-20da64946739 req-d139fcca-bf45-439d-8e8c-20da64946739 ] Request (HypervisorAdminNegativeTestJSON:tearDownClass): 200 GET http://10.180.1.21:9696/networking/v2.0/security-groups?tenant_id=06de504fb7fd41acbc1f98615eaf264e&name=default 0.272s
2024-11-06 05:18:34.746 63429 INFO tempest.lib.common.rest_client [req-10b57e01-40eb-4a9b-bcc3-56097a01ea0b req-10b57e01-40eb-4a9b-bcc3-56097a01ea0b ] Request (ImagesDeleteNegativeTestJSON:setUpClass): 200 GET http://10.180.1.21/identity/v3/roles 0.080s
2024-11-06 05:18:34.761 63421 INFO tempest.lib.common.rest_client [req-11d47c4c-dd50-41a2-8a99-2b47f1fb06d7 req-11d47c4c-dd50-41a2-8a99-2b47f1fb06d7 ] Request (ServersAdminTestJSON:setUpClass): 201 POST http://10.180.1.21/identity/v3/users 0.062s
2024-11-06 05:18:34.772 63461 INFO tempest.lib.common.rest_client [req-c87418db-69b8-4529-93a4-1318bfc087e7 req-c87418db-69b8-4529-93a4-1318bfc087e7 ] Request (AttachInterfacesTestJSON:setUpClass): 201 POST http://10.180.1.21/identity/v3/projects 0.072s
2024-11-06 05:18:34.784 63429 INFO tempest.lib.common.rest_client [req-82910227-7b16-4c06-8e64-ed951eaeb01b req-82910227-7b16-4c06-8e64-ed951eaeb01b ] Request (ImagesDeleteNegativeTestJSON:setUpClass): 204 PUT http://10.180.1.21/identity/v3/projects/c2b02023ea4c410386386dc0cc872c79/users/9d2e0e89fb1c4290b5661cfd8d2c145f/roles/9242db29473a4727b630dde879d9a935 0.037s
2024-11-06 05:18:34.784 63429 INFO tempest.lib.common.dynamic_creds [-] Dynamic test user 9d2e0e89fb1c4290b5661cfd8d2c145f is created with scope project and roles: ['member']
2024-11-06 05:18:34.785 63429 INFO tempest.lib.common.dynamic_creds [-] Acquired dynamic creds: credentials: Credentials: {'domain_id': 'default', 'domain_name': 'Default', 'username': 'tempest-ImagesDeleteNegativeTestJSON-381634771-project-member', 'project_domain_id': 'default', 'project_domain_name': 'Default', 'project_id': 'c2b02023ea4c410386386dc0cc872c79', 'project_name': 'tempest-ImagesDeleteNegativeTestJSON-381634771', 'tenant_id': 'c2b02023ea4c410386386dc0cc872c79', 'tenant_name': 'tempest-ImagesDeleteNegativeTestJSON-381634771', 'user_domain_id': 'default', 'user_domain_name': 'Default', 'user_id': '9d2e0e89fb1c4290b5661cfd8d2c145f', 'system': None}, Network: None, Subnet: None, Router: None
2024-11-06 05:18:34.785 63429 INFO tempest.lib.common.dynamic_creds [-] Created isolated network resources for: credentials: Credentials: {'domain_id': 'default', 'domain_name': 'Default', 'username': 'tempest-ImagesDeleteNegativeTestJSON-381634771-project-member', 'project_domain_id': 'default', 'project_domain_name': 'Default', 'project_id': 'c2b02023ea4c410386386dc0cc872c79', 'project_name': 'tempest-ImagesDeleteNegativeTestJSON-381634771', 'tenant_id': 'c2b02023ea4c410386386dc0cc872c79', 'tenant_name': 'tempest-ImagesDeleteNegativeTestJSON-381634771', 'user_domain_id': 'default', 'user_domain_name': 'Default', 'user_id': '9d2e0e89fb1c4290b5661cfd8d2c145f', 'system': None}, Network: None, Subnet: None, Router: None
2024-11-06 05:18:34.823 63453 INFO tempest.lib.common.rest_client [req-d91d846e-5847-4b87-9978-a08955abe754 req-d91d846e-5847-4b87-9978-a08955abe754 ] Request (HypervisorAdminTestJSON:tearDownClass): 200 GET http://10.180.1.21:9696/networking/v2.0/security-groups?tenant_id=ebe92c15c1824efdb33f0cb3d5a21afd&name=default 0.234s
2024-11-06 05:18:34.831 63457 INFO tempest.lib.common.rest_client [req-f8c26bb0-050f-4d56-8eff-aa09d15178a8 req-f8c26bb0-050f-4d56-8eff-aa09d15178a8 ] Request (QuotasAdminTestJSON:test_update_all_quota_resources_for_tenant): 200 PUT http://10.180.1.21/compute/v2.1/os-quota-sets/fd48b505dd0d461990106b8167964304 1.841s
2024-11-06 05:18:34.839 63461 INFO tempest.lib.common.rest_client [req-7c85639a-62c6-4c10-8b0d-0af976526933 req-7c85639a-62c6-4c10-8b0d-0af976526933 ] Request (AttachInterfacesTestJSON:setUpClass): 201 POST http://10.180.1.21/identity/v3/users 0.066s
2024-11-06 05:18:34.843 63459 INFO tempest.lib.common.rest_client [req-9035eb8c-1e43-4697-b945-0658d45cc7ba req-9035eb8c-1e43-4697-b945-0658d45cc7ba ] Request (KeyPairsV22TestJSON:test_keypairsv22_create_list_show_with_type): 200 GET http://10.180.1.21/compute/v2.1/os-keypairs/tempest-keypair-361250206 1.519s
2024-11-06 05:18:34.844 63479 INFO tempest.lib.common.rest_client [req-bba01a2c-bcf3-428a-9eff-f0f9e77b6cfa req-bba01a2c-bcf3-428a-9eff-f0f9e77b6cfa ] Request (MigrationsAdminTest:test_list_migrations_in_flavor_resize_situation): 200 GET http://10.180.1.21/compute/v2.1/servers/6fa22fef-bcc4-41f2-8a80-cb958a446ed8 1.840s
2024-11-06 05:18:34.855 63479 INFO tempest.common.waiters [-] State transition "BUILD/spawning" ==> "ACTIVE/None" after 28 second wait
2024-11-06 05:18:34.860 63421 INFO tempest.lib.common.rest_client [req-219d8d77-8a38-4cf3-9c1f-bf250d06a2af req-219d8d77-8a38-4cf3-9c1f-bf250d06a2af ] Request (ServersAdminTestJSON:setUpClass): 200 GET http://10.180.1.21/identity/v3/roles 0.098s
2024-11-06 05:18:34.867 63443 INFO tempest.lib.common.rest_client [req-55a11cc3-0762-4378-b458-10ee131c91e5 req-55a11cc3-0762-4378-b458-10ee131c91e5 ] Request (QuotasSecurityGroupAdminNegativeTest:tearDownClass): 200 GET http://10.180.1.21:9696/networking/v2.0/security-groups?tenant_id=3db0bf0b71824c5ab2f01dab51466111&name=default 0.299s
2024-11-06 05:18:34.877 63461 INFO tempest.lib.common.rest_client [req-e23b2f61-8653-4279-9c5f-251a307017df req-e23b2f61-8653-4279-9c5f-251a307017df ] Request (AttachInterfacesTestJSON:setUpClass): 200 GET http://10.180.1.21/identity/v3/roles 0.038s
2024-11-06 05:18:34.909 63421 INFO tempest.lib.common.rest_client [req-82f9c63e-c6dd-4917-98d3-1aab65cb17c4 req-82f9c63e-c6dd-4917-98d3-1aab65cb17c4 ] Request (ServersAdminTestJSON:setUpClass): 204 PUT http://10.180.1.21/identity/v3/projects/6aa2d37fc05d4ae2a041d6e711b58be0/users/4843706237fd4e49b6d7465269d6dc20/roles/05f8ed527b4640c989f874ed3a88baac 0.048s
2024-11-06 05:18:34.916 63429 INFO tempest.lib.common.rest_client [req-b4359464-36ae-438d-8d84-ce378965014a req-b4359464-36ae-438d-8d84-ce378965014a ] Request (ImagesDeleteNegativeTestJSON:setUpClass): 201 POST http://10.180.1.21/identity/v3/auth/tokens 0.127s
2024-11-06 05:18:34.947 63425 INFO tempest.lib.common.rest_client [req-69c50b71-c275-4600-8498-cbed96ba8747 req-69c50b71-c275-4600-8498-cbed96ba8747 ] Request (ServersTestJSON:setUpClass): 200 GET http://10.180.1.21/compute/v2.1/servers/b6629dde-580d-40c4-af1e-15807861c45b/os-interface 1.267s
2024-11-06 05:18:34.963 63471 INFO tempest.lib.common.rest_client [req-82331816-7273-48fa-bc0b-6ced63564487 req-82331816-7273-48fa-bc0b-6ced63564487 ] Request (HypervisorAdminNegativeTestJSON:tearDownClass): 204 DELETE http://10.180.1.21:9696/networking/v2.0/security-groups/509976f3-76fa-45ba-9f39-d9ff4e087a18 0.259s
2024-11-06 05:18:34.964 63475 INFO tempest.lib.common.rest_client [req-046e6719-7e1d-4657-905d-ae25505708d7 req-046e6719-7e1d-4657-905d-ae25505708d7 ] Request (SecurityGroupsTestJSON:setUpClass): 201 POST http://10.180.1.21:9696/networking/v2.0/routers 1.900s
2024-11-06 05:18:34.971 63461 INFO tempest.lib.common.rest_client [req-1a0ef4a6-0e75-4231-992c-5330b0d04eec req-1a0ef4a6-0e75-4231-992c-5330b0d04eec ] Request (AttachInterfacesTestJSON:setUpClass): 204 PUT http://10.180.1.21/identity/v3/projects/8412c020e6af477eac81718f70cb4614/users/0db323f4782b4039b4a3c5d42b867ad1/roles/9242db29473a4727b630dde879d9a935 0.092s
2024-11-06 05:18:34.971 63461 INFO tempest.lib.common.dynamic_creds [-] Dynamic test user 0db323f4782b4039b4a3c5d42b867ad1 is created with scope project and roles: ['member']
2024-11-06 05:18:34.971 63461 INFO tempest.lib.common.dynamic_creds [-] Acquired dynamic creds: credentials: Credentials: {'domain_id': 'default', 'domain_name': 'Default', 'username': 'tempest-AttachInterfacesTestJSON-291212149-project-member', 'project_domain_id': 'default', 'project_domain_name': 'Default', 'project_id': '8412c020e6af477eac81718f70cb4614', 'project_name': 'tempest-AttachInterfacesTestJSON-291212149', 'tenant_id': '8412c020e6af477eac81718f70cb4614', 'tenant_name': 'tempest-AttachInterfacesTestJSON-291212149', 'user_domain_id': 'default', 'user_domain_name': 'Default', 'user_id': '0db323f4782b4039b4a3c5d42b867ad1', 'system': None}, Network: None, Subnet: None, Router: None
2024-11-06 05:18:34.971 63421 INFO tempest.lib.common.rest_client [req-f0bbbce3-6305-46a1-9eeb-4e4da2146586 req-f0bbbce3-6305-46a1-9eeb-4e4da2146586 ] Request (ServersAdminTestJSON:setUpClass): 200 GET http://10.180.1.21/identity/v3/roles 0.061s
2024-11-06 05:18:35.037 63453 INFO tempest.lib.common.rest_client [req-3f79239b-1f94-4f51-b5b9-4a73e436077d req-3f79239b-1f94-4f51-b5b9-4a73e436077d ] Request (HypervisorAdminTestJSON:tearDownClass): 204 DELETE http://10.180.1.21:9696/networking/v2.0/security-groups/0a2e6bee-a865-42e4-aa77-5d03a9db3780 0.213s
2024-11-06 05:18:35.039 63461 INFO tempest.lib.common.rest_client [req-ca53727c-df86-4428-a9c9-9c1f2ec95d2b req-ca53727c-df86-4428-a9c9-9c1f2ec95d2b ] Request (AttachInterfacesTestJSON:setUpClass): 201 POST http://10.180.1.21/identity/v3/auth/tokens 0.067s
2024-11-06 05:18:35.061 63421 INFO tempest.lib.common.rest_client [req-e4861d0c-0a08-4889-a223-10bde81008f2 req-e4861d0c-0a08-4889-a223-10bde81008f2 ] Request (ServersAdminTestJSON:setUpClass): 204 PUT http://10.180.1.21/identity/v3/projects/6aa2d37fc05d4ae2a041d6e711b58be0/users/4843706237fd4e49b6d7465269d6dc20/roles/05f8ed527b4640c989f874ed3a88baac 0.089s
2024-11-06 05:18:35.061 63421 INFO tempest.lib.common.dynamic_creds [-] Dynamic test user 4843706237fd4e49b6d7465269d6dc20 is created with scope project and roles: ['admin']
2024-11-06 05:18:35.061 63421 INFO tempest.lib.common.dynamic_creds [-] Acquired dynamic creds: credentials: Credentials: {'domain_id': 'default', 'domain_name': 'Default', 'username': 'tempest-ServersAdminTestJSON-711464546-project-admin', 'project_domain_id': 'default', 'project_domain_name': 'Default', 'project_id': '6aa2d37fc05d4ae2a041d6e711b58be0', 'project_name': 'tempest-ServersAdminTestJSON-711464546', 'tenant_id': '6aa2d37fc05d4ae2a041d6e711b58be0', 'tenant_name': 'tempest-ServersAdminTestJSON-711464546', 'user_domain_id': 'default', 'user_domain_name': 'Default', 'user_id': '4843706237fd4e49b6d7465269d6dc20', 'system': None}, Network: None, Subnet: None, Router: None
2024-11-06 05:18:35.108 63471 INFO tempest.lib.common.rest_client [req-e7a04b36-2a34-4579-9f22-4f5b6b11b7b0 req-e7a04b36-2a34-4579-9f22-4f5b6b11b7b0 ] Request (HypervisorAdminNegativeTestJSON:tearDownClass): 204 DELETE http://10.180.1.21/identity/v3/projects/06de504fb7fd41acbc1f98615eaf264e 0.144s
2024-11-06 05:18:35.147 63439 INFO tempest.lib.common.rest_client [req-796dc35f-aefe-41ea-8ada-d694cc5d9aae req-796dc35f-aefe-41ea-8ada-d694cc5d9aae ] Request (ImagesMetadataTestJSON:test_update_image_metadata): 200 POST http://10.180.1.21/compute/v2.1/images/92a0209d-1a3e-4f6f-ac31-069e8ef3e294/metadata 1.817s
2024-11-06 05:18:35.206 63427 INFO tempest.lib.common.rest_client [req-89663db1-65d4-4cf8-9185-98a395833e86 req-89663db1-65d4-4cf8-9185-98a395833e86 ] Request (KeyPairsNegativeTestJSON:test_create_keypair_with_duplicate_name): 200 POST http://10.180.1.21/compute/v2.1/os-keypairs 1.504s
2024-11-06 05:18:35.262 63453 INFO tempest.lib.common.rest_client [req-f3e91ef3-cc2f-42a4-8f17-0f47d9ce6655 req-f3e91ef3-cc2f-42a4-8f17-0f47d9ce6655 ] Request (HypervisorAdminTestJSON:tearDownClass): 204 DELETE http://10.180.1.21/identity/v3/projects/ebe92c15c1824efdb33f0cb3d5a21afd 0.225s
2024-11-06 05:18:35.291 63471 INFO tempest.lib.common.rest_client [req-d0f750ac-55ad-4667-bfe0-b670aeb0304e req-d0f750ac-55ad-4667-bfe0-b670aeb0304e ] Request (AttachInterfacesV270Test:setUpClass): 201 POST http://10.180.1.21/identity/v3/auth/tokens 0.181s
2024-11-06 05:18:35.300 63453 INFO tempest.lib.common.rest_client [req-6460db80-60c5-4ebb-893a-080243068abc req-6460db80-60c5-4ebb-893a-080243068abc ] Request (ServersAdmin275Test:setUpClass): 201 POST http://10.180.1.21/identity/v3/auth/tokens 0.037s
2024-11-06 05:18:35.325 63471 INFO tempest.lib.common.rest_client [req-a21420ed-101c-4769-803e-66ee6c589e22 req-a21420ed-101c-4769-803e-66ee6c589e22 ] Request (AttachInterfacesV270Test:setUpClass): 201 POST http://10.180.1.21/identity/v3/auth/tokens 0.031s
2024-11-06 05:18:35.332 63453 INFO tempest.lib.common.rest_client [req-3f95c29b-1880-4807-90bc-2af45084578e req-3f95c29b-1880-4807-90bc-2af45084578e ] Request (ServersAdmin275Test:setUpClass): 201 POST http://10.180.1.21/identity/v3/auth/tokens 0.029s
2024-11-06 05:18:35.336 63445 INFO tempest.lib.common.rest_client [req-37d6ce01-356f-4b86-810e-09a086326069 req-37d6ce01-356f-4b86-810e-09a086326069 ] Request (ServerActionsV293TestJSON:setUpClass): 200 GET http://10.180.1.21/volume/v3/volumes/b63d40cf-ca66-4aca-bb4d-988002e4b977 0.039s
2024-11-06 05:18:35.353 63471 INFO tempest.lib.common.rest_client [req-c0348f2f-752d-4ecd-a2df-019b7728612d req-c0348f2f-752d-4ecd-a2df-019b7728612d ] Request (AttachInterfacesV270Test:setUpClass): 200 GET http://10.180.1.21/identity/v3/domains?name=Default 0.027s
2024-11-06 05:18:35.354 63453 INFO tempest.lib.common.rest_client [req-f6296d04-887c-4bc9-ba96-36e3b310140a req-f6296d04-887c-4bc9-ba96-36e3b310140a ] Request (ServersAdmin275Test:setUpClass): 200 GET http://10.180.1.21/identity/v3/domains?name=Default 0.022s
2024-11-06 05:18:35.388 63471 INFO tempest.lib.common.rest_client [req-8d4999c6-7301-4ecd-9154-b6d26109177b req-8d4999c6-7301-4ecd-9154-b6d26109177b ] Request (AttachInterfacesV270Test:setUpClass): 201 POST http://10.180.1.21/identity/v3/projects 0.034s
2024-11-06 05:18:35.393 63443 INFO tempest.lib.common.rest_client [req-0e4292ff-994c-4e9b-8b24-ab8b113100c1 req-0e4292ff-994c-4e9b-8b24-ab8b113100c1 ] Request (QuotasSecurityGroupAdminNegativeTest:tearDownClass): 204 DELETE http://10.180.1.21:9696/networking/v2.0/security-groups/aa592dd7-1b7a-4b16-8e85-ac4644bf21bd 0.525s
2024-11-06 05:18:35.398 63453 INFO tempest.lib.common.rest_client [req-da68bada-d5c5-4824-99e3-43b51a1fa9cb req-da68bada-d5c5-4824-99e3-43b51a1fa9cb ] Request (ServersAdmin275Test:setUpClass): 201 POST http://10.180.1.21/identity/v3/projects 0.043s
2024-11-06 05:18:35.479 63471 INFO tempest.lib.common.rest_client [req-dc73e447-1e00-404f-aca9-906f5084d0cd req-dc73e447-1e00-404f-aca9-906f5084d0cd ] Request (AttachInterfacesV270Test:setUpClass): 201 POST http://10.180.1.21/identity/v3/users 0.090s
2024-11-06 05:18:35.499 63443 INFO tempest.lib.common.rest_client [req-ae247c19-5171-4c6e-bc56-c2e7178101e3 req-ae247c19-5171-4c6e-bc56-c2e7178101e3 ] Request (QuotasSecurityGroupAdminNegativeTest:tearDownClass): 204 DELETE http://10.180.1.21/identity/v3/projects/3db0bf0b71824c5ab2f01dab51466111 0.106s
2024-11-06 05:18:35.509 63467 INFO tempest.lib.common.rest_client [req-3cac9e85-2d87-4bf6-b584-9b6869af8ac5 req-3cac9e85-2d87-4bf6-b584-9b6869af8ac5 ] Request (ServersNegativeTestJSON:setUpClass): 200 GET http://10.180.1.21/compute/v2.1/servers/32352ea6-c719-4c88-a4a2-dde0f79e503e 1.785s
2024-11-06 05:18:35.557 63431 INFO tempest.lib.common.rest_client [req-d15e318a-352b-4a06-86a9-1f4d78c4547a req-d15e318a-352b-4a06-86a9-1f4d78c4547a ] Request (AttachInterfacesUnderV243Test:test_add_remove_fixed_ip): 200 GET http://10.180.1.21/compute/v2.1/servers/820f7393-e3a4-4028-b65c-8f2955e31411 1.865s
2024-11-06 05:18:35.561 63447 INFO tempest.lib.common.rest_client [req-ba0909cc-dd30-4f76-9f29-6491134c69f8 req-ba0909cc-dd30-4f76-9f29-6491134c69f8 ] Request (HostsAdminNegativeTestJSON:test_update_host_with_invalid_maintenance_mode): 400 PUT http://10.180.1.21/compute/v2.1/os-hosts/devstack 1.762s
2024-11-06 05:18:35.562 63453 INFO tempest.lib.common.rest_client [req-8affb679-e34e-4318-afd6-bea6bbd65a89 req-8affb679-e34e-4318-afd6-bea6bbd65a89 ] Request (ServersAdmin275Test:setUpClass): 201 POST http://10.180.1.21/identity/v3/users 0.162s
2024-11-06 05:18:35.571 63471 INFO tempest.lib.common.rest_client [req-00d61ec9-0ec1-4889-ac61-8aa17e442bfd req-00d61ec9-0ec1-4889-ac61-8aa17e442bfd ] Request (AttachInterfacesV270Test:setUpClass): 200 GET http://10.180.1.21/identity/v3/roles 0.091s
2024-11-06 05:18:35.573 63431 INFO tempest.common.waiters [-] State transition "BUILD/spawning" ==> "ACTIVE/None" after 17 second wait
2024-11-06 05:18:35.591 63443 INFO tempest.lib.common.rest_client [req-8199cc2c-742e-457f-b2d7-8c9a46044e6b req-8199cc2c-742e-457f-b2d7-8c9a46044e6b ] Request (ServicesAdminNegativeV253TestJSON:setUpClass): 201 POST http://10.180.1.21/identity/v3/auth/tokens 0.090s
2024-11-06 05:18:35.599 63453 INFO tempest.lib.common.rest_client [req-1d6e97a1-a26f-4f33-a464-dd066a82948b req-1d6e97a1-a26f-4f33-a464-dd066a82948b ] Request (ServersAdmin275Test:setUpClass): 200 GET http://10.180.1.21/identity/v3/roles 0.036s
2024-11-06 05:18:35.629 63471 INFO tempest.lib.common.rest_client [req-874427e4-b8e6-4150-ac3d-49decf282b75 req-874427e4-b8e6-4150-ac3d-49decf282b75 ] Request (AttachInterfacesV270Test:setUpClass): 204 PUT http://10.180.1.21/identity/v3/projects/028fd8dcb4554f57b6532c28a78129d5/users/508d7aa6b6a84e14ae40b40b6776085d/roles/9242db29473a4727b630dde879d9a935 0.058s
2024-11-06 05:18:35.629 63471 INFO tempest.lib.common.dynamic_creds [-] Dynamic test user 508d7aa6b6a84e14ae40b40b6776085d is created with scope project and roles: ['member']
2024-11-06 05:18:35.630 63471 INFO tempest.lib.common.dynamic_creds [-] Acquired dynamic creds: credentials: Credentials: {'domain_id': 'default', 'domain_name': 'Default', 'username': 'tempest-AttachInterfacesV270Test-2110580276-project-member', 'project_domain_id': 'default', 'project_domain_name': 'Default', 'project_id': '028fd8dcb4554f57b6532c28a78129d5', 'project_name': 'tempest-AttachInterfacesV270Test-2110580276', 'tenant_id': '028fd8dcb4554f57b6532c28a78129d5', 'tenant_name': 'tempest-AttachInterfacesV270Test-2110580276', 'user_domain_id': 'default', 'user_domain_name': 'Default', 'user_id': '508d7aa6b6a84e14ae40b40b6776085d', 'system': None}, Network: None, Subnet: None, Router: None
2024-11-06 05:18:35.658 63477 INFO tempest.lib.common.rest_client [req-c8a57095-07c7-41c6-a053-a4036cdaef13 req-c8a57095-07c7-41c6-a053-a4036cdaef13 ] Request (ServerDiagnosticsNegativeTest:tearDownClass): 200 GET http://10.180.1.21/compute/v2.1/servers/7ad209f4-964d-4156-8dd7-f45b930cfc64 1.855s
2024-11-06 05:18:35.688 63443 INFO tempest.lib.common.rest_client [req-0ec7f4cf-89bd-4770-8df6-a15985389682 req-0ec7f4cf-89bd-4770-8df6-a15985389682 ] Request (ServicesAdminNegativeV253TestJSON:setUpClass): 201 POST http://10.180.1.21/identity/v3/auth/tokens 0.094s
2024-11-06 05:18:35.708 63453 INFO tempest.lib.common.rest_client [req-e453fceb-0d02-4457-b911-a30955ab4936 req-e453fceb-0d02-4457-b911-a30955ab4936 ] Request (ServersAdmin275Test:setUpClass): 204 PUT http://10.180.1.21/identity/v3/projects/6769228fde0f4cd99a66c8dba3bb1957/users/b394a8f61faa443d8a1f55f60be7e684/roles/9242db29473a4727b630dde879d9a935 0.108s
2024-11-06 05:18:35.708 63453 INFO tempest.lib.common.dynamic_creds [-] Dynamic test user b394a8f61faa443d8a1f55f60be7e684 is created with scope project and roles: ['member']
2024-11-06 05:18:35.708 63453 INFO tempest.lib.common.dynamic_creds [-] Acquired dynamic creds: credentials: Credentials: {'domain_id': 'default', 'domain_name': 'Default', 'username': 'tempest-ServersAdmin275Test-92690789-project-member', 'project_domain_id': 'default', 'project_domain_name': 'Default', 'project_id': '6769228fde0f4cd99a66c8dba3bb1957', 'project_name': 'tempest-ServersAdmin275Test-92690789', 'tenant_id': '6769228fde0f4cd99a66c8dba3bb1957', 'tenant_name': 'tempest-ServersAdmin275Test-92690789', 'user_domain_id': 'default', 'user_domain_name': 'Default', 'user_id': 'b394a8f61faa443d8a1f55f60be7e684', 'system': None}, Network: None, Subnet: None, Router: None
2024-11-06 05:18:35.709 63453 INFO tempest.lib.common.dynamic_creds [-] Created isolated network resources for: credentials: Credentials: {'domain_id': 'default', 'domain_name': 'Default', 'username': 'tempest-ServersAdmin275Test-92690789-project-member', 'project_domain_id': 'default', 'project_domain_name': 'Default', 'project_id': '6769228fde0f4cd99a66c8dba3bb1957', 'project_name': 'tempest-ServersAdmin275Test-92690789', 'tenant_id': '6769228fde0f4cd99a66c8dba3bb1957', 'tenant_name': 'tempest-ServersAdmin275Test-92690789', 'user_domain_id': 'default', 'user_domain_name': 'Default', 'user_id': 'b394a8f61faa443d8a1f55f60be7e684', 'system': None}, Network: None, Subnet: None, Router: None
2024-11-06 05:18:35.757 63419 INFO tempest.lib.common.rest_client [req-d8f5837a-2826-4cd7-9968-5ec6f0c6541c req-d8f5837a-2826-4cd7-9968-5ec6f0c6541c ] Request (FlavorsAccessNegativeTestJSON:_run_cleanups): 200 POST http://10.180.1.21/compute/v2.1/flavors/449064223/action 1.975s
2024-11-06 05:18:35.766 63471 INFO tempest.lib.common.rest_client [req-37a74d4c-db05-4768-8e93-4289e1a3300f req-37a74d4c-db05-4768-8e93-4289e1a3300f ] Request (AttachInterfacesV270Test:setUpClass): 201 POST http://10.180.1.21/identity/v3/auth/tokens 0.136s
2024-11-06 05:18:35.793 63443 INFO tempest.lib.common.rest_client [req-fb7e4fd1-bde9-4889-96c6-7212b32d8429 req-fb7e4fd1-bde9-4889-96c6-7212b32d8429 ] Request (ServicesAdminNegativeV253TestJSON:setUpClass): 200 GET http://10.180.1.21/identity/v3/domains?name=Default 0.105s
2024-11-06 05:18:35.805 63421 INFO tempest.lib.common.rest_client [req-ecf593f4-5bdd-40f5-a6fb-8ca97933c094 req-ecf593f4-5bdd-40f5-a6fb-8ca97933c094 ] Request (ServersAdminTestJSON:setUpClass): 201 POST http://10.180.1.21:9696/networking/v2.0/networks 0.743s
2024-11-06 05:18:35.833 63453 INFO tempest.lib.common.rest_client [req-ac3486f1-ae88-47ad-ae95-0bd3d7ba9fff req-ac3486f1-ae88-47ad-ae95-0bd3d7ba9fff ] Request (ServersAdmin275Test:setUpClass): 201 POST http://10.180.1.21/identity/v3/auth/tokens 0.121s
2024-11-06 05:18:35.837 63461 INFO tempest.lib.common.rest_client [req-38840022-0154-4d5f-9e83-2812db7bfb5c req-38840022-0154-4d5f-9e83-2812db7bfb5c ] Request (AttachInterfacesTestJSON:setUpClass): 201 POST http://10.180.1.21:9696/networking/v2.0/networks 0.797s
2024-11-06 05:18:35.852 63482 INFO tempest.lib.common.rest_client [req-6ef61585-a1ab-40e8-8497-40eadaf61dc0 req-6ef61585-a1ab-40e8-8497-40eadaf61dc0 ] Request (SecurityGroupRulesNegativeTestJSON:test_create_security_group_rule_with_invalid_port_range): 400 POST http://10.180.1.21/compute/v2.1/os-security-group-rules 1.513s
2024-11-06 05:18:35.862 63443 INFO tempest.lib.common.rest_client [req-48b4f427-5579-42cb-9d81-8d58310cee9d req-48b4f427-5579-42cb-9d81-8d58310cee9d ] Request (ServicesAdminNegativeV253TestJSON:setUpClass): 201 POST http://10.180.1.21/identity/v3/projects 0.068s
2024-11-06 05:18:35.878 63451 INFO tempest.lib.common.rest_client [req-75b90c28-23f8-4bf1-a243-72d9ec973c08 req-75b90c28-23f8-4bf1-a243-72d9ec973c08 ] Request (FlavorsAdminTestJSON:_run_cleanups): 202 DELETE http://10.180.1.21/compute/v2.1/flavors/1443539205 1.521s
2024-11-06 05:18:35.884 63453 INFO tempest.lib.common.rest_client [req-b2f1d233-f9b5-49d3-9002-01101e475559 req-b2f1d233-f9b5-49d3-9002-01101e475559 ] Request (ServersAdmin275Test:setUpClass): 201 POST http://10.180.1.21/identity/v3/projects 0.050s
2024-11-06 05:18:35.915 63437 INFO tempest.lib.common.rest_client [req-fde883f9-dff3-425f-9437-5f8382faa7cc req-fde883f9-dff3-425f-9437-5f8382faa7cc ] Request (AggregatesAdminNegativeTestJSON:test_aggregate_delete_as_user): 200 POST http://10.180.1.21/compute/v2.1/os-aggregates 1.317s
2024-11-06 05:18:35.976 63443 INFO tempest.lib.common.rest_client [req-14316304-576e-4d77-82e7-8dac471416da req-14316304-576e-4d77-82e7-8dac471416da ] Request (ServicesAdminNegativeV253TestJSON:setUpClass): 201 POST http://10.180.1.21/identity/v3/users 0.113s
2024-11-06 05:18:35.977 63453 INFO tempest.lib.common.rest_client [req-68c7813e-e5fe-46c2-a690-e1a6df19787d req-68c7813e-e5fe-46c2-a690-e1a6df19787d ] Request (ServersAdmin275Test:setUpClass): 201 POST http://10.180.1.21/identity/v3/users 0.093s
2024-11-06 05:18:35.987 63455 INFO tempest.lib.common.rest_client [req-8c832e60-9d23-4899-a011-71f66cd3d9f9 req-8c832e60-9d23-4899-a011-71f66cd3d9f9 ] Request (ImagesNegativeTestJSON:test_create_image_from_deleted_server): 200 GET http://10.180.1.21/compute/v2.1/servers/0a7d3d95-8420-4de1-a4db-945232da598e 2.043s
2024-11-06 05:18:36.000 63455 INFO tempest.common.waiters [-] State transition "BUILD/None" ==> "BUILD/spawning" after 8 second wait
2024-11-06 05:18:36.002 63453 INFO tempest.lib.common.rest_client [req-90dfe704-83f2-41cf-920a-d37fb3a18e88 req-90dfe704-83f2-41cf-920a-d37fb3a18e88 ] Request (ServersAdmin275Test:setUpClass): 200 GET http://10.180.1.21/identity/v3/roles 0.024s
2024-11-06 05:18:36.009 63443 INFO tempest.lib.common.rest_client [req-acf52801-36af-4230-997c-db69b896da9b req-acf52801-36af-4230-997c-db69b896da9b ] Request (ServicesAdminNegativeV253TestJSON:setUpClass): 200 GET http://10.180.1.21/identity/v3/roles 0.033s
2024-11-06 05:18:36.044 63453 INFO tempest.lib.common.rest_client [req-e35ff5d6-bdc0-4c2b-8524-1b3a8afae4d7 req-e35ff5d6-bdc0-4c2b-8524-1b3a8afae4d7 ] Request (ServersAdmin275Test:setUpClass): 204 PUT http://10.180.1.21/identity/v3/projects/b8d4d15d4a034a1b99986e26cc1cfeb2/users/8f0db1cd55644caf831972883cce858c/roles/05f8ed527b4640c989f874ed3a88baac 0.041s
2024-11-06 05:18:36.059 63443 INFO tempest.lib.common.rest_client [req-014c047c-4ec1-4ce2-a927-17eca5c98d01 req-014c047c-4ec1-4ce2-a927-17eca5c98d01 ] Request (ServicesAdminNegativeV253TestJSON:setUpClass): 204 PUT http://10.180.1.21/identity/v3/projects/77665a7fac534d69867596af9c43275d/users/3d42382a899e4a08ba01536bed03d04f/roles/9242db29473a4727b630dde879d9a935 0.047s
2024-11-06 05:18:36.059 63443 INFO tempest.lib.common.dynamic_creds [-] Dynamic test user 3d42382a899e4a08ba01536bed03d04f is created with scope project and roles: ['member']
2024-11-06 05:18:36.059 63443 INFO tempest.lib.common.dynamic_creds [-] Acquired dynamic creds: credentials: Credentials: {'domain_id': 'default', 'domain_name': 'Default', 'username': 'tempest-ServicesAdminNegativeV253TestJSON-604343149-project-member', 'project_domain_id': 'default', 'project_domain_name': 'Default', 'project_id': '77665a7fac534d69867596af9c43275d', 'project_name': 'tempest-ServicesAdminNegativeV253TestJSON-604343149', 'tenant_id': '77665a7fac534d69867596af9c43275d', 'tenant_name': 'tempest-ServicesAdminNegativeV253TestJSON-604343149', 'user_domain_id': 'default', 'user_domain_name': 'Default', 'user_id': '3d42382a899e4a08ba01536bed03d04f', 'system': None}, Network: None, Subnet: None, Router: None
2024-11-06 05:18:36.060 63443 INFO tempest.lib.common.dynamic_creds [-] Created isolated network resources for: credentials: Credentials: {'domain_id': 'default', 'domain_name': 'Default', 'username': 'tempest-ServicesAdminNegativeV253TestJSON-604343149-project-member', 'project_domain_id': 'default', 'project_domain_name': 'Default', 'project_id': '77665a7fac534d69867596af9c43275d', 'project_name': 'tempest-ServicesAdminNegativeV253TestJSON-604343149', 'tenant_id': '77665a7fac534d69867596af9c43275d', 'tenant_name': 'tempest-ServicesAdminNegativeV253TestJSON-604343149', 'user_domain_id': 'default', 'user_domain_name': 'Default', 'user_id': '3d42382a899e4a08ba01536bed03d04f', 'system': None}, Network: None, Subnet: None, Router: None
2024-11-06 05:18:36.098 63449 INFO tempest.lib.common.rest_client [req-4eda4ead-85a1-4f46-9e6d-efcf6fb4fef3 req-4eda4ead-85a1-4f46-9e6d-efcf6fb4fef3 ] Request (ServersTestFqdnHostnames:test_create_server_with_fqdn_name): 200 GET http://10.180.1.21/compute/v2.1/servers/373b5cbe-83da-498c-bbf0-6b84a04ceaf8 1.425s
2024-11-06 05:18:36.105 63449 INFO tempest.common.waiters [-] State transition "BUILD/None" ==> "BUILD/networking" after 7 second wait
2024-11-06 05:18:36.199 63443 INFO tempest.lib.common.rest_client [req-c5e1f620-b0dd-4f84-9ed1-31fd2f01cad1 req-c5e1f620-b0dd-4f84-9ed1-31fd2f01cad1 ] Request (ServicesAdminNegativeV253TestJSON:setUpClass): 201 POST http://10.180.1.21/identity/v3/auth/tokens 0.135s
2024-11-06 05:18:36.226 63433 INFO tempest.lib.common.rest_client [req-6726a4ec-3a10-49e7-82c4-1a6494fbd632 req-6726a4ec-3a10-49e7-82c4-1a6494fbd632 ] Request (DeleteServersAdminTestJSON:test_delete_server_while_in_error_state): 200 GET http://10.180.1.21/compute/v2.1/servers/4fef5291-2893-47ee-ad8f-c82cdb17ea50 1.443s
2024-11-06 05:18:36.236 63433 INFO tempest.common.waiters [-] State transition "BUILD/scheduling" ==> "BUILD/None" after 3 second wait
2024-11-06 05:18:36.244 63453 INFO tempest.lib.common.rest_client [req-86ad975c-45e9-4fc1-999d-498fc3ad04ba req-86ad975c-45e9-4fc1-999d-498fc3ad04ba ] Request (ServersAdmin275Test:setUpClass): 200 GET http://10.180.1.21/identity/v3/roles 0.200s
2024-11-06 05:18:36.272 63423 INFO tempest.lib.common.rest_client [req-b2f35d19-b1af-443a-9643-c09211db9e1c req-b2f35d19-b1af-443a-9643-c09211db9e1c ] Request (VolumesAssistedSnapshotsTest:test_volume_assisted_snapshot_create_delete): 200 GET http://10.180.1.21/compute/v2.1/servers/3bffbe72-a72f-4251-a3e2-f2ddb69cdc58 1.672s
2024-11-06 05:18:36.290 63459 INFO tempest.lib.common.rest_client [req-3408c327-03b0-4272-a86e-436ce12416b2 req-3408c327-03b0-4272-a86e-436ce12416b2 ] Request (KeyPairsV22TestJSON:test_keypairsv22_create_list_show_with_type): 200 GET http://10.180.1.21/compute/v2.1/os-keypairs 1.444s
2024-11-06 05:18:36.294 63453 INFO tempest.lib.common.rest_client [req-910fb26b-0977-4b86-b205-4c523e21f041 req-910fb26b-0977-4b86-b205-4c523e21f041 ] Request (ServersAdmin275Test:setUpClass): 204 PUT http://10.180.1.21/identity/v3/projects/b8d4d15d4a034a1b99986e26cc1cfeb2/users/8f0db1cd55644caf831972883cce858c/roles/05f8ed527b4640c989f874ed3a88baac 0.049s
2024-11-06 05:18:36.294 63453 INFO tempest.lib.common.dynamic_creds [-] Dynamic test user 8f0db1cd55644caf831972883cce858c is created with scope project and roles: ['admin']
2024-11-06 05:18:36.294 63453 INFO tempest.lib.common.dynamic_creds [-] Acquired dynamic creds: credentials: Credentials: {'domain_id': 'default', 'domain_name': 'Default', 'username': 'tempest-ServersAdmin275Test-135782727-project-admin', 'project_domain_id': 'default', 'project_domain_name': 'Default', 'project_id': 'b8d4d15d4a034a1b99986e26cc1cfeb2', 'project_name': 'tempest-ServersAdmin275Test-135782727', 'tenant_id': 'b8d4d15d4a034a1b99986e26cc1cfeb2', 'tenant_name': 'tempest-ServersAdmin275Test-135782727', 'user_domain_id': 'default', 'user_domain_name': 'Default', 'user_id': '8f0db1cd55644caf831972883cce858c', 'system': None}, Network: None, Subnet: None, Router: None
2024-11-06 05:18:36.294 63453 INFO tempest.lib.common.dynamic_creds [-] Created isolated network resources for: credentials: Credentials: {'domain_id': 'default', 'domain_name': 'Default', 'username': 'tempest-ServersAdmin275Test-135782727-project-admin', 'project_domain_id': 'default', 'project_domain_name': 'Default', 'project_id': 'b8d4d15d4a034a1b99986e26cc1cfeb2', 'project_name': 'tempest-ServersAdmin275Test-135782727', 'tenant_id': 'b8d4d15d4a034a1b99986e26cc1cfeb2', 'tenant_name': 'tempest-ServersAdmin275Test-135782727', 'user_domain_id': 'default', 'user_domain_name': 'Default', 'user_id': '8f0db1cd55644caf831972883cce858c', 'system': None}, Network: None, Subnet: None, Router: None
2024-11-06 05:18:36.327 63443 INFO tempest.lib.common.rest_client [req-83f4f9e5-4af2-4785-a1ff-8c482d60f928 req-83f4f9e5-4af2-4785-a1ff-8c482d60f928 ] Request (ServicesAdminNegativeV253TestJSON:setUpClass): 201 POST http://10.180.1.21/identity/v3/projects 0.127s
2024-11-06 05:18:36.361 63441 INFO tempest.lib.common.rest_client [req-5ca69886-be08-4c9b-8f0d-3ed2219e0bf4 req-5ca69886-be08-4c9b-8f0d-3ed2219e0bf4 ] Request (InstanceActionsNegativeTestJSON:setUpClass): 200 GET http://10.180.1.21/compute/v2.1/servers/abcdf86a-158a-4343-b9d2-1bc0ed4b9db7 1.514s
2024-11-06 05:18:36.397 63445 INFO tempest.lib.common.rest_client [req-b0355017-96e0-4879-bca6-c9e3b4a859b9 req-b0355017-96e0-4879-bca6-c9e3b4a859b9 ] Request (ServerActionsV293TestJSON:setUpClass): 200 GET http://10.180.1.21/volume/v3/volumes/b63d40cf-ca66-4aca-bb4d-988002e4b977 0.049s
2024-11-06 05:18:36.432 63453 INFO tempest.lib.common.rest_client [req-fbcc6992-3e2b-4140-8709-4bd51a8f6fdc req-fbcc6992-3e2b-4140-8709-4bd51a8f6fdc ] Request (ServersAdmin275Test:setUpClass): 201 POST http://10.180.1.21/identity/v3/auth/tokens 0.130s
2024-11-06 05:18:36.476 63421 INFO tempest.lib.common.rest_client [req-5bf270e0-1252-437a-b05b-85f3ce13a311 req-5bf270e0-1252-437a-b05b-85f3ce13a311 ] Request (ServersAdminTestJSON:setUpClass): 201 POST http://10.180.1.21:9696/networking/v2.0/subnets 0.671s
2024-11-06 05:18:36.500 63461 INFO tempest.lib.common.rest_client [req-ff541301-d3a9-4e19-a997-3b855ebc0542 req-ff541301-d3a9-4e19-a997-3b855ebc0542 ] Request (AttachInterfacesTestJSON:setUpClass): 201 POST http://10.180.1.21:9696/networking/v2.0/subnets 0.663s
2024-11-06 05:18:36.510 63443 INFO tempest.lib.common.rest_client [req-947ed6a2-b239-4ebd-a5ff-603ba824449d req-947ed6a2-b239-4ebd-a5ff-603ba824449d ] Request (ServicesAdminNegativeV253TestJSON:setUpClass): 201 POST http://10.180.1.21/identity/v3/users 0.182s
2024-11-06 05:18:36.531 63443 INFO tempest.lib.common.rest_client [req-0c6a7f71-cde1-44cb-8807-3c8a3ef83b27 req-0c6a7f71-cde1-44cb-8807-3c8a3ef83b27 ] Request (ServicesAdminNegativeV253TestJSON:setUpClass): 200 GET http://10.180.1.21/identity/v3/roles 0.020s
2024-11-06 05:18:36.579 63443 INFO tempest.lib.common.rest_client [req-0c3b2cad-d27c-4906-b420-58941747e744 req-0c3b2cad-d27c-4906-b420-58941747e744 ] Request (ServicesAdminNegativeV253TestJSON:setUpClass): 204 PUT http://10.180.1.21/identity/v3/projects/13bb65635f3d403bb5b92f9ec523573f/users/ad77c95867e74f42890fb21eadcc64ee/roles/05f8ed527b4640c989f874ed3a88baac 0.048s
2024-11-06 05:18:36.611 63471 INFO tempest.lib.common.rest_client [req-4e659298-4147-4725-bd1f-0a59460e832e req-4e659298-4147-4725-bd1f-0a59460e832e ] Request (AttachInterfacesV270Test:setUpClass): 201 POST http://10.180.1.21:9696/networking/v2.0/networks 0.844s
2024-11-06 05:18:36.624 63479 INFO tempest.lib.common.rest_client [req-34cb299d-351d-419e-8c80-3b37dbeaf015 req-34cb299d-351d-419e-8c80-3b37dbeaf015 ] Request (MigrationsAdminTest:test_list_migrations_in_flavor_resize_situation): 202 POST http://10.180.1.21/compute/v2.1/servers/6fa22fef-bcc4-41f2-8a80-cb958a446ed8/action 1.768s
2024-11-06 05:18:36.624 63453 INFO tempest.lib.common.rest_client [req-5c3f9723-2d86-42cc-9ba9-a3d1fd61c399 req-5c3f9723-2d86-42cc-9ba9-a3d1fd61c399 ] Request (ServersAdmin275Test:test_rebuild_update_server_275): 201 POST http://10.180.1.21/identity/v3/auth/tokens 0.185s
2024-11-06 05:18:36.625 63453 INFO tempest.lib.common.fixed_network [-] (ServersAdmin275Test:test_rebuild_update_server_275) Found network None available for tenant
2024-11-06 05:18:36.645 63425 INFO tempest.lib.common.rest_client [req-6405a197-9ab7-42db-971e-753e4c993d41 req-6405a197-9ab7-42db-971e-753e4c993d41 ] Request (ServersTestJSON:setUpClass): 200 PUT http://10.180.1.21:9696/networking/v2.0/floatingips/289ae30e-aa8c-4e6f-b603-af79feed9ba5 1.693s
2024-11-06 05:18:36.662 63443 INFO tempest.lib.common.rest_client [req-2e6375c0-a3a2-441c-be04-40a915f5b302 req-2e6375c0-a3a2-441c-be04-40a915f5b302 ] Request (ServicesAdminNegativeV253TestJSON:setUpClass): 200 GET http://10.180.1.21/identity/v3/roles 0.082s
2024-11-06 05:18:36.683 63443 INFO tempest.lib.common.rest_client [req-c2dba7d3-825e-4eb8-a940-95ad729f6332 req-c2dba7d3-825e-4eb8-a940-95ad729f6332 ] Request (ServicesAdminNegativeV253TestJSON:setUpClass): 204 PUT http://10.180.1.21/identity/v3/projects/13bb65635f3d403bb5b92f9ec523573f/users/ad77c95867e74f42890fb21eadcc64ee/roles/05f8ed527b4640c989f874ed3a88baac 0.020s
2024-11-06 05:18:36.684 63443 INFO tempest.lib.common.dynamic_creds [-] Dynamic test user ad77c95867e74f42890fb21eadcc64ee is created with scope project and roles: ['admin']
2024-11-06 05:18:36.684 63443 INFO tempest.lib.common.dynamic_creds [-] Acquired dynamic creds: credentials: Credentials: {'domain_id': 'default', 'domain_name': 'Default', 'username': 'tempest-ServicesAdminNegativeV253TestJSON-1194366946-project-admin', 'project_domain_id': 'default', 'project_domain_name': 'Default', 'project_id': '13bb65635f3d403bb5b92f9ec523573f', 'project_name': 'tempest-ServicesAdminNegativeV253TestJSON-1194366946', 'tenant_id': '13bb65635f3d403bb5b92f9ec523573f', 'tenant_name': 'tempest-ServicesAdminNegativeV253TestJSON-1194366946', 'user_domain_id': 'default', 'user_domain_name': 'Default', 'user_id': 'ad77c95867e74f42890fb21eadcc64ee', 'system': None}, Network: None, Subnet: None, Router: None
