2024-11-06 05:20:06.870 63453 INFO tempest.lib.common.rest_client [req-e96dfa0e-67dd-42c1-ba1b-9a2ae22b2f86 req-e96dfa0e-67dd-42c1-ba1b-9a2ae22b2f86 ] Request (ServersAdmin275Test:tearDownClass): 204 DELETE http://10.180.1.21/identity/v3/projects/6769228fde0f4cd99a66c8dba3bb1957 0.112s
2024-11-06 05:20:06.905 63465 INFO tempest.lib.common.rest_client [req-ce56f33b-1cd1-46ed-9bba-107984e5a9cd req-ce56f33b-1cd1-46ed-9bba-107984e5a9cd ] Request (FloatingIPsAssociationTestJSON:tearDownClass): 200 GET http://10.180.1.21/compute/v2.1/servers/d7679adb-1756-4b93-953c-6964e758d889 0.163s
2024-11-06 05:20:06.934 63453 INFO tempest.lib.common.rest_client [req-dfad8612-c2d6-48bd-8f1f-ac68027a40cc req-dfad8612-c2d6-48bd-8f1f-ac68027a40cc ] Request (SecurityGroupRulesTestJSON:setUpClass): 201 POST http://10.180.1.21/identity/v3/auth/tokens 0.062s
2024-11-06 05:20:06.967 63453 INFO tempest.lib.common.rest_client [req-3053242f-4c68-4dd2-9e63-59e6353cf18b req-3053242f-4c68-4dd2-9e63-59e6353cf18b ] Request (SecurityGroupRulesTestJSON:setUpClass): 201 POST http://10.180.1.21/identity/v3/auth/tokens 0.030s
2024-11-06 05:20:06.996 63453 INFO tempest.lib.common.rest_client [req-61ae51e7-c2e3-4f11-997c-1bc5bbcdb2fc req-61ae51e7-c2e3-4f11-997c-1bc5bbcdb2fc ] Request (SecurityGroupRulesTestJSON:setUpClass): 200 GET http://10.180.1.21/identity/v3/domains?name=Default 0.029s
2024-11-06 05:20:07.021 63467 INFO tempest.lib.common.rest_client [req-e9e73dbf-9960-434d-8088-c34a19276da8 req-e9e73dbf-9960-434d-8088-c34a19276da8 ] Request (ServersNegativeTestJSON:setUp): 200 GET http://10.180.1.21/compute/v2.1/servers/32352ea6-c719-4c88-a4a2-dde0f79e503e 0.311s
2024-11-06 05:20:07.025 63453 INFO tempest.lib.common.rest_client [req-02d2308b-9812-4f1d-8b9c-983ccbe1b10f req-02d2308b-9812-4f1d-8b9c-983ccbe1b10f ] Request (SecurityGroupRulesTestJSON:setUpClass): 201 POST http://10.180.1.21/identity/v3/projects 0.028s
2024-11-06 05:20:07.050 63464 INFO tempest.lib.common.rest_client [req-2029f154-be0d-4d1d-9d6e-78c5d4132f44 req-2029f154-be0d-4d1d-9d6e-78c5d4132f44 ] Request (ImagesOneServerTestJSON:setUpClass): 200 GET http://10.180.1.21/compute/v2.1/servers/c62bee0a-0494-4cee-9053-0e7291d20a12 0.303s
2024-11-06 05:20:07.081 63479 INFO tempest.lib.common.rest_client [req-d9644cc7-74be-4614-a744-b1263cf3640a req-d9644cc7-74be-4614-a744-b1263cf3640a ] Request (MigrationsAdminTest:test_resize_server_revert_deleted_flavor): 200 GET http://10.180.1.21/compute/v2.1/servers/a1699619-ba4e-42cb-bf58-28f3a922e36e 0.266s
2024-11-06 05:20:07.087 63453 INFO tempest.lib.common.rest_client [req-53f05432-88f4-4b8d-9197-a1f082932cb0 req-53f05432-88f4-4b8d-9197-a1f082932cb0 ] Request (SecurityGroupRulesTestJSON:setUpClass): 201 POST http://10.180.1.21/identity/v3/users 0.062s
2024-11-06 05:20:07.107 63453 INFO tempest.lib.common.rest_client [req-1e0a4d25-8889-43a6-8e24-61d8de1a74a7 req-1e0a4d25-8889-43a6-8e24-61d8de1a74a7 ] Request (SecurityGroupRulesTestJSON:setUpClass): 200 GET http://10.180.1.21/identity/v3/roles 0.019s
2024-11-06 05:20:07.108 63433 INFO tempest.lib.common.rest_client [req-d2381082-adf0-4067-895c-716d4039d09e req-d2381082-adf0-4067-895c-716d4039d09e ] Request (ServerActionsTestJSON:setUpClass): 200 GET http://10.180.1.21/compute/v2.1/servers/2100f73d-d3ca-4e31-9bba-05a5767389fc 0.292s
2024-11-06 05:20:07.146 63453 INFO tempest.lib.common.rest_client [req-43dc41e3-cb01-456f-95db-236062ea6fba req-43dc41e3-cb01-456f-95db-236062ea6fba ] Request (SecurityGroupRulesTestJSON:setUpClass): 204 PUT http://10.180.1.21/identity/v3/projects/6c458e14f7e345d5b64351d52f29e5ff/users/9b8c049b87d3416e83fa10ca024fd084/roles/9242db29473a4727b630dde879d9a935 0.039s
2024-11-06 05:20:07.148 63453 INFO tempest.lib.common.dynamic_creds [-] Dynamic test user 9b8c049b87d3416e83fa10ca024fd084 is created with scope project and roles: ['member']
2024-11-06 05:20:07.148 63453 INFO tempest.lib.common.dynamic_creds [-] Acquired dynamic creds: credentials: Credentials: {'domain_id': 'default', 'domain_name': 'Default', 'username': 'tempest-SecurityGroupRulesTestJSON-658275748-project-member', 'project_domain_id': 'default', 'project_domain_name': 'Default', 'project_id': '6c458e14f7e345d5b64351d52f29e5ff', 'project_name': 'tempest-SecurityGroupRulesTestJSON-658275748', 'tenant_id': '6c458e14f7e345d5b64351d52f29e5ff', 'tenant_name': 'tempest-SecurityGroupRulesTestJSON-658275748', 'user_domain_id': 'default', 'user_domain_name': 'Default', 'user_id': '9b8c049b87d3416e83fa10ca024fd084', 'system': None}, Network: None, Subnet: None, Router: None
2024-11-06 05:20:07.172 63435 INFO tempest.lib.common.rest_client [req-d49b81bb-efa2-484a-9280-a1897f980992 req-d49b81bb-efa2-484a-9280-a1897f980992 ] Request (ServerDiagnosticsTest:tearDownClass): 200 GET http://10.180.1.21/compute/v2.1/servers/faff9e1b-b31e-4ffe-baa6-a78e9d611f66 0.231s
2024-11-06 05:20:07.187 63467 INFO tempest.lib.common.rest_client [req-ba0cf141-aed9-4f3b-80e1-72b7bf3ac536 req-ba0cf141-aed9-4f3b-80e1-72b7bf3ac536 ] Request (ServersNegativeTestJSON:test_create_server_invalid_bdm_in_2nd_dict): 202 POST http://10.180.1.21/volume/v3/volumes 0.156s
2024-11-06 05:20:07.222 63453 INFO tempest.lib.common.rest_client [req-108dee60-443f-4509-9723-fb2c488ee234 req-108dee60-443f-4509-9723-fb2c488ee234 ] Request (SecurityGroupRulesTestJSON:setUpClass): 201 POST http://10.180.1.21/identity/v3/auth/tokens 0.074s
2024-11-06 05:20:07.230 63467 INFO tempest.lib.common.rest_client [req-7a0630bf-1c9e-4f59-9f4a-f8ff06b4787b req-7a0630bf-1c9e-4f59-9f4a-f8ff06b4787b ] Request (ServersNegativeTestJSON:test_create_server_invalid_bdm_in_2nd_dict): 200 GET http://10.180.1.21/volume/v3/volumes/c9ffc6f3-731e-4cbf-966f-49707632f1cc 0.034s
2024-11-06 05:20:07.263 63475 INFO tempest.lib.common.rest_client [req-9afd6b08-aca4-4226-8eb9-26050a7fb5d7 req-9afd6b08-aca4-4226-8eb9-26050a7fb5d7 ] Request (SecurityGroupsTestJSON:test_server_security_groups): 200 GET http://10.180.1.21/compute/v2.1/servers/e5fbf2ee-cbba-4246-a1c5-1bb0bbdcfa4a 0.243s
2024-11-06 05:20:07.324 63471 INFO tempest.lib.common.rest_client [req-06623437-2023-4a37-88e6-548005581d51 req-06623437-2023-4a37-88e6-548005581d51 ] Request (AttachInterfacesV270Test:tearDownClass): 200 PUT http://10.180.1.21:9696/networking/v2.0/routers/6b0fe6f4-7491-458e-a687-c9cad920088c/remove_router_interface 1.492s
2024-11-06 05:20:07.367 63469 INFO tempest.lib.common.rest_client [req-c4f9b8f6-9650-43bd-a074-5ebd7f527bf6 req-c4f9b8f6-9650-43bd-a074-5ebd7f527bf6 ] Request (ServerShowV257Test:test_rebuild_server): 200 GET http://10.180.1.21/compute/v2.1/servers/4054a81a-097b-4bc1-89e2-276430b36d86 0.246s
2024-11-06 05:20:07.375 63469 INFO tempest.common.waiters [-] State transition "BUILD/scheduling" ==> "BUILD/None" after 27 second wait
2024-11-06 05:20:07.661 63453 INFO tempest.lib.common.rest_client [req-7784c688-b26d-4554-bb40-0da95eeeb20f req-7784c688-b26d-4554-bb40-0da95eeeb20f ] Request (SecurityGroupRulesTestJSON:setUpClass): 201 POST http://10.180.1.21:9696/networking/v2.0/networks 0.438s
2024-11-06 05:20:07.842 63429 INFO tempest.lib.common.rest_client [req-995e0b82-1528-4dfa-b743-232e458cf34c req-995e0b82-1528-4dfa-b743-232e458cf34c ] Request (ServersTestMultiNic:test_verify_duplicate_network_nics): 200 GET http://10.180.1.21/compute/v2.1/servers/59e6c0a7-a37b-452d-93ec-78776be75bd5 0.675s
2024-11-06 05:20:07.906 63421 INFO tempest.lib.common.rest_client [req-769e8e33-7ba2-4655-bf72-d055fc6b1edb req-769e8e33-7ba2-4655-bf72-d055fc6b1edb ] Request (ServersAdminTestJSON:test_create_server_with_scheduling_hint): 200 GET http://10.180.1.21/compute/v2.1/servers/9b7b4789-f5fc-44bb-addb-5da6cc9ebd19 0.712s
2024-11-06 05:20:07.937 63471 INFO tempest.lib.common.rest_client [req-6c3999cb-4c66-4e52-8407-c6fbaaba526a req-6c3999cb-4c66-4e52-8407-c6fbaaba526a ] Request (AttachInterfacesV270Test:tearDownClass): 204 DELETE http://10.180.1.21:9696/networking/v2.0/routers/6b0fe6f4-7491-458e-a687-c9cad920088c 0.613s
2024-11-06 05:20:07.945 63453 INFO tempest.lib.common.rest_client [req-ceb0548c-7f7e-49d3-8321-265cb2268f93 req-ceb0548c-7f7e-49d3-8321-265cb2268f93 ] Request (SecurityGroupRulesTestJSON:setUpClass): 201 POST http://10.180.1.21:9696/networking/v2.0/subnets 0.283s
2024-11-06 05:20:07.994 63437 INFO tempest.lib.common.rest_client [req-7966bf4a-ea7c-4b94-a22d-92e80f1b8b96 req-7966bf4a-ea7c-4b94-a22d-92e80f1b8b96 ] Request (ServersWithSpecificFlavorTestJSON:test_verify_created_server_ephemeral_disk): 200 GET http://10.180.1.21/compute/v2.1/servers/c374d737-c6e8-4c18-8219-d197a0023d95 0.717s
2024-11-06 05:20:08.001 63437 INFO tempest.common.waiters [-] State transition "BUILD/None" ==> "BUILD/networking" after 48 second wait
2024-11-06 05:20:08.063 63471 INFO tempest.lib.common.rest_client [req-2a4f2dc2-461a-4e8a-912b-1d798aa6f2a2 req-2a4f2dc2-461a-4e8a-912b-1d798aa6f2a2 ] Request (AttachInterfacesV270Test:tearDownClass): 204 DELETE http://10.180.1.21:9696/networking/v2.0/subnets/4b463262-e362-44e6-9c20-bf496149d243 0.125s
2024-11-06 05:20:08.088 63459 INFO tempest.lib.common.rest_client [req-d675907e-44ea-40cd-846e-d1d37023d411 req-d675907e-44ea-40cd-846e-d1d37023d411 ] Request (DeleteServersTestJSON:test_delete_active_server): 200 GET http://10.180.1.21/compute/v2.1/servers/cf37fa9b-8143-498b-a4c7-49339cafece7 0.798s
2024-11-06 05:20:08.176 63427 INFO tempest.lib.common.rest_client [req-0abae417-1cec-4658-ae79-70ce9bec2768 req-0abae417-1cec-4658-ae79-70ce9bec2768 ] Request (ServersTestBootFromVolume:setUpClass): 200 GET http://10.180.1.21/compute/v2.1/servers/73e10bed-7065-48ad-b059-6b904061f4c7 0.816s
2024-11-06 05:20:08.259 63441 INFO tempest.lib.common.rest_client [req-43860e9b-8d84-401b-a8dc-c408f7a4447a req-43860e9b-8d84-401b-a8dc-c408f7a4447a ] Request (ServerMetadataNegativeTestJSON:setUpClass): 200 GET http://10.180.1.21/compute/v2.1/servers/bfa4f7f3-f018-490c-b375-812633d50a9a 0.838s
2024-11-06 05:20:08.271 63467 INFO tempest.lib.common.rest_client [req-b884933b-d713-4827-8405-115d4f057a1c req-b884933b-d713-4827-8405-115d4f057a1c ] Request (ServersNegativeTestJSON:test_create_server_invalid_bdm_in_2nd_dict): 200 GET http://10.180.1.21/volume/v3/volumes/c9ffc6f3-731e-4cbf-966f-49707632f1cc 0.033s
2024-11-06 05:20:08.278 63467 INFO tempest.common.waiters [-] volume c9ffc6f3-731e-4cbf-966f-49707632f1cc reached available after waiting for 1.278469 seconds
2024-11-06 05:20:08.355 63467 INFO tempest.lib.common.rest_client [req-a868e8ed-9d79-421b-a195-1d32b4b963b3 req-a868e8ed-9d79-421b-a195-1d32b4b963b3 ] Request (ServersNegativeTestJSON:test_create_server_invalid_bdm_in_2nd_dict): 201 POST http://10.180.1.21/identity/v3/auth/tokens 0.074s
2024-11-06 05:20:08.357 63467 INFO tempest.lib.common.fixed_network [-] (ServersNegativeTestJSON:test_create_server_invalid_bdm_in_2nd_dict) Found network {'id': '1ae0ff4e-cb84-453c-8414-49f8311174af', 'name': 'tempest-ServersNegativeTestJSON-1526021298-network', 'tenant_id': 'c22fcae2c9c344cb8e4269a33082022c', 'admin_state_up': True, 'mtu': 8950, 'status': 'ACTIVE', 'subnets': [], 'shared': False, 'project_id': 'c22fcae2c9c344cb8e4269a33082022c', 'port_security_enabled': True, 'router:external': False, 'provider:network_type': 'vlan', 'provider:physical_network': 'default', 'provider:segmentation_id': 921, 'availability_zone_hints': [], 'availability_zones': [], 'ipv4_address_scope': None, 'ipv6_address_scope': None, 'description': '', 'tags': [], 'created_at': '2024-11-06T05:18:11Z', 'updated_at': '2024-11-06T05:18:11Z', 'revision_number': 1} available for tenant
2024-11-06 05:20:08.360 63471 INFO tempest.lib.common.rest_client [req-ff79b222-d479-4167-8935-9534170ffb2d req-ff79b222-d479-4167-8935-9534170ffb2d ] Request (AttachInterfacesV270Test:tearDownClass): 204 DELETE http://10.180.1.21:9696/networking/v2.0/networks/0384dcfd-ac3c-4d50-b6c4-2202abefcad1 0.296s
2024-11-06 05:20:08.452 63471 INFO tempest.lib.common.rest_client [req-af9bf5a3-fb8f-4c8a-9fc5-681941922125 req-af9bf5a3-fb8f-4c8a-9fc5-681941922125 ] Request (AttachInterfacesV270Test:tearDownClass): 204 DELETE http://10.180.1.21/identity/v3/users/508d7aa6b6a84e14ae40b40b6776085d 0.091s
2024-11-06 05:20:08.452 63471 INFO tempest.lib.common.dynamic_creds [-] Deleting project and security group for project: 028fd8dcb4554f57b6532c28a78129d5
2024-11-06 05:20:08.479 63482 INFO tempest.lib.common.rest_client [req-26fc81d3-569a-4b0b-bb5e-51b8eef69f2a req-26fc81d3-569a-4b0b-bb5e-51b8eef69f2a ] Request (ServerRescueTestJSON:setUpClass): 200 GET http://10.180.1.21/compute/v2.1/servers/f9f63912-5751-4448-abc0-22fd50f0cb3f 1.034s
2024-11-06 05:20:08.480 63471 INFO tempest.lib.common.rest_client [req-b0cf9d47-a3ff-46b3-b973-511e84055a69 req-b0cf9d47-a3ff-46b3-b973-511e84055a69 ] Request (AttachInterfacesV270Test:tearDownClass): 200 GET http://10.180.1.21:9696/networking/v2.0/security-groups?tenant_id=028fd8dcb4554f57b6532c28a78129d5&name=default 0.027s
2024-11-06 05:20:08.577 63439 INFO tempest.lib.common.rest_client [req-5bb562e9-8a7e-498c-ab12-e0ad806872a3 req-5bb562e9-8a7e-498c-ab12-e0ad806872a3 ] Request (ServerAddressesTestJSON:tearDownClass): 200 GET http://10.180.1.21/compute/v2.1/servers/c4a4c8aa-a2f7-427c-aad6-90a26bfbb909 1.012s
2024-11-06 05:20:08.623 63471 INFO tempest.lib.common.rest_client [req-c3850e4e-ace1-4edd-8338-1b1cf9d72b7b req-c3850e4e-ace1-4edd-8338-1b1cf9d72b7b ] Request (AttachInterfacesV270Test:tearDownClass): 204 DELETE http://10.180.1.21:9696/networking/v2.0/security-groups/a5c23103-0200-4bfe-a778-93ec4be0d500 0.143s
2024-11-06 05:20:08.643 63419 INFO tempest.lib.common.rest_client [req-5a207692-f3e7-4a73-adda-34001a855ca4 req-5a207692-f3e7-4a73-adda-34001a855ca4 ] Request (FloatingIPsAssociationNegativeTestJSON:test_associate_ip_to_server_with_floating_ip): 200 POST http://10.180.1.21/compute/v2.1/os-floating-ips 1.793s
2024-11-06 05:20:08.734 63455 INFO tempest.lib.common.rest_client [req-b27c149a-ea0f-4e87-8705-0829339f7a9f req-b27c149a-ea0f-4e87-8705-0829339f7a9f ] Request (ServersTestManualDisk:setUpClass): 200 GET http://10.180.1.21/compute/v2.1/servers/11406695-1b25-446d-a9a3-05c2382a6219 1.038s
2024-11-06 05:20:08.747 63471 INFO tempest.lib.common.rest_client [req-e3465eb0-3d4b-4581-9fb4-3173d75d1ae3 req-e3465eb0-3d4b-4581-9fb4-3173d75d1ae3 ] Request (AttachInterfacesV270Test:tearDownClass): 204 DELETE http://10.180.1.21/identity/v3/projects/028fd8dcb4554f57b6532c28a78129d5 0.123s
2024-11-06 05:20:08.774 63443 INFO tempest.lib.common.rest_client [req-8ceaa6d5-cac5-467f-a74d-b02e94032f8d req-8ceaa6d5-cac5-467f-a74d-b02e94032f8d ] Request (VolumesAdminNegativeTest:test_update_attached_volume_with_nonexistent_volume_in_body): 200 GET http://10.180.1.21/compute/v2.1/servers/4d86f1d5-307e-4cc4-822b-d315fb3e6032 1.145s
2024-11-06 05:20:08.809 63477 INFO tempest.lib.common.rest_client [req-471fec1a-cecf-4e7e-9a1e-84608b5ee8b7 req-471fec1a-cecf-4e7e-9a1e-84608b5ee8b7 ] Request (ImagesOneServerNegativeTestJSON:setUpClass): 200 GET http://10.180.1.21/compute/v2.1/servers/28df1018-3767-4561-8a01-5558a9272e71 1.037s
2024-11-06 05:20:08.824 63431 WARNING tempest.lib.common.ssh [-] Failed to establish authenticated ssh connection to cirros@10.180.180.204 ([Errno None] Unable to connect to port 22 on 10.180.180.204). Number attempts: 10. Retry after 11 seconds.: paramiko.ssh_exception.NoValidConnectionsError: [Errno None] Unable to connect to port 22 on 10.180.180.204
2024-11-06 05:20:08.846 63447 INFO tempest.lib.common.rest_client [req-cd157eaa-71de-4caa-9ed4-700aa8c71dda req-cd157eaa-71de-4caa-9ed4-700aa8c71dda ] Request (ServerDiagnosticsV248Test:tearDownClass): 200 GET http://10.180.1.21/compute/v2.1/servers/aaef4f53-c261-4106-89e1-7e300fbe3ddf 0.991s
2024-11-06 05:20:08.860 63471 INFO tempest.lib.common.rest_client [req-94d74cf1-f9a4-43c0-ae44-842c92531cda req-94d74cf1-f9a4-43c0-ae44-842c92531cda ] Request (QuotasTestJSON:setUpClass): 201 POST http://10.180.1.21/identity/v3/auth/tokens 0.111s
2024-11-06 05:20:08.888 63465 INFO tempest.lib.common.rest_client [req-5b0c85e8-7964-4037-8932-21ad54601603 req-5b0c85e8-7964-4037-8932-21ad54601603 ] Request (FloatingIPsAssociationTestJSON:tearDownClass): 200 GET http://10.180.1.21/compute/v2.1/servers/d7679adb-1756-4b93-953c-6964e758d889 0.976s
2024-11-06 05:20:08.890 63471 INFO tempest.lib.common.rest_client [req-fdfa5ab4-9530-4b1c-bb2e-f7216c6c03a0 req-fdfa5ab4-9530-4b1c-bb2e-f7216c6c03a0 ] Request (QuotasTestJSON:setUpClass): 201 POST http://10.180.1.21/identity/v3/auth/tokens 0.028s
2024-11-06 05:20:08.916 63471 INFO tempest.lib.common.rest_client [req-cd2fdb81-18f4-4e79-80fd-62d1455b9d35 req-cd2fdb81-18f4-4e79-80fd-62d1455b9d35 ] Request (QuotasTestJSON:setUpClass): 200 GET http://10.180.1.21/identity/v3/domains?name=Default 0.026s
2024-11-06 05:20:08.946 63471 INFO tempest.lib.common.rest_client [req-3d636c5d-6e02-4d90-a379-850554726f30 req-3d636c5d-6e02-4d90-a379-850554726f30 ] Request (QuotasTestJSON:setUpClass): 201 POST http://10.180.1.21/identity/v3/projects 0.029s
2024-11-06 05:20:08.961 63479 INFO tempest.lib.common.rest_client [req-07ef228c-060e-49e4-9c37-7238aacf7951 req-07ef228c-060e-49e4-9c37-7238aacf7951 ] Request (MigrationsAdminTest:test_resize_server_revert_deleted_flavor): 200 GET http://10.180.1.21/compute/v2.1/servers/a1699619-ba4e-42cb-bf58-28f3a922e36e 0.868s
2024-11-06 05:20:09.008 63471 INFO tempest.lib.common.rest_client [req-4ec47d98-b870-4e7a-8e96-d26744119a8e req-4ec47d98-b870-4e7a-8e96-d26744119a8e ] Request (QuotasTestJSON:setUpClass): 201 POST http://10.180.1.21/identity/v3/users 0.061s
2024-11-06 05:20:09.024 63433 INFO tempest.lib.common.rest_client [req-65984504-2d54-4f11-adb1-0181ef644eff req-65984504-2d54-4f11-adb1-0181ef644eff ] Request (ServerActionsTestJSON:setUpClass): 200 GET http://10.180.1.21/compute/v2.1/servers/2100f73d-d3ca-4e31-9bba-05a5767389fc 0.909s
2024-11-06 05:20:09.026 63471 INFO tempest.lib.common.rest_client [req-9daf9c23-1cc6-4ce5-8120-d61a1369b9fb req-9daf9c23-1cc6-4ce5-8120-d61a1369b9fb ] Request (QuotasTestJSON:setUpClass): 200 GET http://10.180.1.21/identity/v3/roles 0.017s
2024-11-06 05:20:09.055 63464 INFO tempest.lib.common.rest_client [req-8f7254b6-aac8-4057-9ad3-558c4d69fe6e req-8f7254b6-aac8-4057-9ad3-558c4d69fe6e ] Request (ImagesOneServerTestJSON:setUpClass): 200 GET http://10.180.1.21/compute/v2.1/servers/c62bee0a-0494-4cee-9053-0e7291d20a12 0.995s
2024-11-06 05:20:09.057 63471 INFO tempest.lib.common.rest_client [req-1d560ff0-1c09-4ece-aba1-3682ab7ad284 req-1d560ff0-1c09-4ece-aba1-3682ab7ad284 ] Request (QuotasTestJSON:setUpClass): 204 PUT http://10.180.1.21/identity/v3/projects/419f4f2257c94b93a0673ce0b389f68a/users/600ff01278ef4db3990fd09b5b40488d/roles/9242db29473a4727b630dde879d9a935 0.030s
2024-11-06 05:20:09.057 63471 INFO tempest.lib.common.dynamic_creds [-] Dynamic test user 600ff01278ef4db3990fd09b5b40488d is created with scope project and roles: ['member']
2024-11-06 05:20:09.057 63471 INFO tempest.lib.common.dynamic_creds [-] Acquired dynamic creds: credentials: Credentials: {'domain_id': 'default', 'domain_name': 'Default', 'username': 'tempest-QuotasTestJSON-978125008-project-member', 'project_domain_id': 'default', 'project_domain_name': 'Default', 'project_id': '419f4f2257c94b93a0673ce0b389f68a', 'project_name': 'tempest-QuotasTestJSON-978125008', 'tenant_id': '419f4f2257c94b93a0673ce0b389f68a', 'tenant_name': 'tempest-QuotasTestJSON-978125008', 'user_domain_id': 'default', 'user_domain_name': 'Default', 'user_id': '600ff01278ef4db3990fd09b5b40488d', 'system': None}, Network: None, Subnet: None, Router: None
2024-11-06 05:20:09.057 63471 INFO tempest.lib.common.dynamic_creds [-] Created isolated network resources for: credentials: Credentials: {'domain_id': 'default', 'domain_name': 'Default', 'username': 'tempest-QuotasTestJSON-978125008-project-member', 'project_domain_id': 'default', 'project_domain_name': 'Default', 'project_id': '419f4f2257c94b93a0673ce0b389f68a', 'project_name': 'tempest-QuotasTestJSON-978125008', 'tenant_id': '419f4f2257c94b93a0673ce0b389f68a', 'tenant_name': 'tempest-QuotasTestJSON-978125008', 'user_domain_id': 'default', 'user_domain_name': 'Default', 'user_id': '600ff01278ef4db3990fd09b5b40488d', 'system': None}, Network: None, Subnet: None, Router: None
2024-11-06 05:20:09.064 63464 INFO tempest.common.waiters [-] State transition "BUILD/spawning" ==> "ACTIVE/None" after 66 second wait
2024-11-06 05:20:09.118 63435 INFO tempest.lib.common.rest_client [req-2d415716-81c7-4261-8163-2ab6a3047321 req-2d415716-81c7-4261-8163-2ab6a3047321 ] Request (ServerDiagnosticsTest:tearDownClass): 200 GET http://10.180.1.21/compute/v2.1/servers/faff9e1b-b31e-4ffe-baa6-a78e9d611f66 0.934s
2024-11-06 05:20:09.124 63471 INFO tempest.lib.common.rest_client [req-5349f21c-6793-4fe3-8e70-213c2b2160a9 req-5349f21c-6793-4fe3-8e70-213c2b2160a9 ] Request (QuotasTestJSON:setUpClass): 201 POST http://10.180.1.21/identity/v3/auth/tokens 0.063s
2024-11-06 05:20:09.125 63471 WARNING tempest.lib.common.rest_client [-] Deprecated: "tenant_id" property is deprecated for removal, use "project_id" instead
2024-11-06 05:20:09.126 63467 INFO tempest.lib.common.rest_client [req-7f462e63-d89f-4ff3-a89d-5d79612800d6 req-7f462e63-d89f-4ff3-a89d-5d79612800d6 ] Request (ServersNegativeTestJSON:test_create_server_invalid_bdm_in_2nd_dict): 400 POST http://10.180.1.21/compute/v2.1/servers 0.767s
2024-11-06 05:20:09.139 63475 INFO tempest.lib.common.rest_client [req-674eaaa7-4b48-490d-9f63-445104f69bd0 req-674eaaa7-4b48-490d-9f63-445104f69bd0 ] Request (SecurityGroupsTestJSON:test_server_security_groups): 200 GET http://10.180.1.21/compute/v2.1/servers/e5fbf2ee-cbba-4246-a1c5-1bb0bbdcfa4a 0.865s
2024-11-06 05:20:09.237 63469 INFO tempest.lib.common.rest_client [req-e23c1e77-a31f-415f-9342-aa7f2c17a11a req-e23c1e77-a31f-415f-9342-aa7f2c17a11a ] Request (ServerShowV257Test:test_rebuild_server): 200 GET http://10.180.1.21/compute/v2.1/servers/4054a81a-097b-4bc1-89e2-276430b36d86 0.860s
2024-11-06 05:20:09.484 63429 INFO tempest.lib.common.rest_client [req-81e0b61a-5ab2-4ddb-b4af-7d8fd43be1b2 req-81e0b61a-5ab2-4ddb-b4af-7d8fd43be1b2 ] Request (ServersTestMultiNic:test_verify_duplicate_network_nics): 200 GET http://10.180.1.21/compute/v2.1/servers/59e6c0a7-a37b-452d-93ec-78776be75bd5 0.631s
2024-11-06 05:20:09.491 63429 INFO tempest.common.waiters [-] State transition "BUILD/spawning" ==> "ACTIVE/None" after 70 second wait
2024-11-06 05:20:09.553 63421 INFO tempest.lib.common.rest_client [req-677faaf9-8ccb-47bd-928d-fd3cb97ca3cf req-677faaf9-8ccb-47bd-928d-fd3cb97ca3cf ] Request (ServersAdminTestJSON:test_create_server_with_scheduling_hint): 200 GET http://10.180.1.21/compute/v2.1/servers/9b7b4789-f5fc-44bb-addb-5da6cc9ebd19 0.637s
2024-11-06 05:20:10.032 63437 INFO tempest.lib.common.rest_client [req-e56aabf1-0bd7-49b0-809a-b11e438f10ad req-e56aabf1-0bd7-49b0-809a-b11e438f10ad ] Request (ServersWithSpecificFlavorTestJSON:test_verify_created_server_ephemeral_disk): 200 GET http://10.180.1.21/compute/v2.1/servers/c374d737-c6e8-4c18-8219-d197a0023d95 1.028s
2024-11-06 05:20:10.038 63437 INFO tempest.common.waiters [-] State transition "BUILD/networking" ==> "BUILD/spawning" after 50 second wait
2024-11-06 05:20:10.043 63453 INFO tempest.lib.common.rest_client [req-9353d866-b5ef-4b9e-9dea-f623fe531752 req-9353d866-b5ef-4b9e-9dea-f623fe531752 ] Request (SecurityGroupRulesTestJSON:setUpClass): 201 POST http://10.180.1.21:9696/networking/v2.0/routers 2.098s
2024-11-06 05:20:10.517 63464 INFO tempest.lib.common.rest_client [req-1db3de9c-cd00-42f4-adb2-b146448e1405 req-1db3de9c-cd00-42f4-adb2-b146448e1405 ] Request (ImagesOneServerTestJSON:test_create_delete_image): 202 POST http://10.180.1.21/compute/v2.1/servers/c62bee0a-0494-4cee-9053-0e7291d20a12/action 1.452s
2024-11-06 05:20:10.545 63459 INFO tempest.lib.common.rest_client [req-5a988a52-555b-4f36-bbd7-7e7998ed07d1 req-5a988a52-555b-4f36-bbd7-7e7998ed07d1 ] Request (DeleteServersTestJSON:test_delete_active_server): 404 GET http://10.180.1.21/compute/v2.1/servers/cf37fa9b-8143-498b-a4c7-49339cafece7 1.450s
2024-11-06 05:20:10.555 63419 INFO tempest.lib.common.rest_client [req-1a7916c8-b51d-4423-8657-16ea0ccd5615 req-1a7916c8-b51d-4423-8657-16ea0ccd5615 ] Request (FloatingIPsAssociationNegativeTestJSON:test_associate_ip_to_server_with_floating_ip): 202 POST http://10.180.1.21/compute/v2.1/servers/15e6dedb-15c7-48c2-b71b-92b0f90fccb6/action 1.909s
2024-11-06 05:20:10.608 63459 INFO tempest.lib.common.rest_client [req-7988a8ab-8cc3-4431-814e-a0e4752c2734 req-7988a8ab-8cc3-4431-814e-a0e4752c2734 ] Request (DeleteServersTestJSON:test_delete_server_while_in_attached_volume): 201 POST http://10.180.1.21/identity/v3/auth/tokens 0.056s
2024-11-06 05:20:10.608 63459 INFO tempest.lib.common.fixed_network [-] (DeleteServersTestJSON:test_delete_server_while_in_attached_volume) Found network {'id': 'cb445bab-e86e-4615-8058-94fc6a9a8ac0', 'name': 'tempest-DeleteServersTestJSON-180516685-network', 'tenant_id': 'b1e1e4ab0b7f4c2e989f2d28e13f7f36', 'admin_state_up': True, 'mtu': 8950, 'status': 'ACTIVE', 'subnets': [], 'shared': False, 'project_id': 'b1e1e4ab0b7f4c2e989f2d28e13f7f36', 'port_security_enabled': True, 'router:external': False, 'provider:network_type': 'vlan', 'provider:physical_network': 'default', 'provider:segmentation_id': 399, 'availability_zone_hints': [], 'availability_zones': [], 'ipv4_address_scope': None, 'ipv6_address_scope': None, 'description': '', 'tags': [], 'created_at': '2024-11-06T05:18:40Z', 'updated_at': '2024-11-06T05:18:40Z', 'revision_number': 1} available for tenant
2024-11-06 05:20:10.675 63471 INFO tempest.lib.common.rest_client [req-5177dcdf-7b12-4421-9953-53114681f1bc req-5177dcdf-7b12-4421-9953-53114681f1bc ] Request (QuotasTestJSON:test_compare_tenant_quotas_with_default_quotas): 200 GET http://10.180.1.21/compute/v2.1/os-quota-sets/419f4f2257c94b93a0673ce0b389f68a/defaults 1.547s
2024-11-06 05:20:10.735 63427 INFO tempest.lib.common.rest_client [req-add21af0-fd13-442c-8055-297a0e492841 req-add21af0-fd13-442c-8055-297a0e492841 ] Request (ServersTestBootFromVolume:setUpClass): 200 GET http://10.180.1.21/compute/v2.1/servers/73e10bed-7065-48ad-b059-6b904061f4c7 1.545s
2024-11-06 05:20:10.751 63467 INFO tempest.lib.common.rest_client [req-f593ed05-b813-401d-a417-be75edf127d5 req-f593ed05-b813-401d-a417-be75edf127d5 ] Request (ServersNegativeTestJSON:tearDown): 200 GET http://10.180.1.21/compute/v2.1/servers/32352ea6-c719-4c88-a4a2-dde0f79e503e 1.624s
2024-11-06 05:20:10.780 63429 INFO tempest.lib.common.rest_client [req-3db33b3f-a33b-4097-8505-8a011a06d747 req-3db33b3f-a33b-4097-8505-8a011a06d747 ] Request (ServersTestMultiNic:test_verify_duplicate_network_nics): 200 GET http://10.180.1.21/compute/v2.1/servers/59e6c0a7-a37b-452d-93ec-78776be75bd5/ips 1.289s
2024-11-06 05:20:10.807 63441 INFO tempest.lib.common.rest_client [req-a8723e60-eb69-4f39-8c8b-c523146c61ed req-a8723e60-eb69-4f39-8c8b-c523146c61ed ] Request (ServerMetadataNegativeTestJSON:setUpClass): 200 GET http://10.180.1.21/compute/v2.1/servers/bfa4f7f3-f018-490c-b375-812633d50a9a 1.539s
2024-11-06 05:20:10.817 63441 INFO tempest.common.waiters [-] State transition "BUILD/scheduling" ==> "BUILD/None" after 28 second wait
2024-11-06 05:20:10.910 63439 INFO tempest.lib.common.rest_client [req-23e9997c-5e0f-4c96-bfda-23070e0e7465 req-23e9997c-5e0f-4c96-bfda-23070e0e7465 ] Request (ServerAddressesTestJSON:tearDownClass): 200 GET http://10.180.1.21/compute/v2.1/servers/c4a4c8aa-a2f7-427c-aad6-90a26bfbb909 1.321s
2024-11-06 05:20:11.005 63455 INFO tempest.lib.common.rest_client [req-3e1a331f-1584-46b1-86ba-215cbb0034a4 req-3e1a331f-1584-46b1-86ba-215cbb0034a4 ] Request (ServersTestManualDisk:setUpClass): 200 GET http://10.180.1.21/compute/v2.1/servers/11406695-1b25-446d-a9a3-05c2382a6219 1.259s
2024-11-06 05:20:11.012 63455 INFO tempest.common.waiters [-] State transition "BUILD/None" ==> "BUILD/networking" after 42 second wait
2024-11-06 05:20:11.061 63482 INFO tempest.lib.common.rest_client [req-d8686f65-fdb7-4bc4-a00b-6a21c95a7f0d req-d8686f65-fdb7-4bc4-a00b-6a21c95a7f0d ] Request (ServerRescueTestJSON:setUpClass): 200 GET http://10.180.1.21/compute/v2.1/servers/f9f63912-5751-4448-abc0-22fd50f0cb3f 1.567s
2024-11-06 05:20:11.140 63477 INFO tempest.lib.common.rest_client [req-b0f32b54-14a7-4727-8466-a4b04d89e43b req-b0f32b54-14a7-4727-8466-a4b04d89e43b ] Request (ImagesOneServerNegativeTestJSON:setUpClass): 200 GET http://10.180.1.21/compute/v2.1/servers/28df1018-3767-4561-8a01-5558a9272e71 1.323s
2024-11-06 05:20:11.216 63443 INFO tempest.lib.common.rest_client [req-377f3c1c-26ae-4585-9944-0bbeeda5fd25 req-377f3c1c-26ae-4585-9944-0bbeeda5fd25 ] Request (VolumesAdminNegativeTest:test_update_attached_volume_with_nonexistent_volume_in_body): 200 GET http://10.180.1.21/compute/v2.1/servers/4d86f1d5-307e-4cc4-822b-d315fb3e6032 1.430s
2024-11-06 05:20:11.237 63447 INFO tempest.lib.common.rest_client [req-9ca77dfd-7048-4701-9250-e31f12865119 req-9ca77dfd-7048-4701-9250-e31f12865119 ] Request (ServerDiagnosticsV248Test:tearDownClass): 200 GET http://10.180.1.21/compute/v2.1/servers/aaef4f53-c261-4106-89e1-7e300fbe3ddf 1.381s
2024-11-06 05:20:11.259 63453 INFO tempest.lib.common.rest_client [req-829ad4cf-6695-4325-919b-50b679a3915b req-829ad4cf-6695-4325-919b-50b679a3915b ] Request (SecurityGroupRulesTestJSON:setUpClass): 200 PUT http://10.180.1.21:9696/networking/v2.0/routers/fe164dcd-5783-4e6e-8f82-0f7b6be7560f/add_router_interface 1.215s
2024-11-06 05:20:11.259 63453 INFO tempest.lib.common.dynamic_creds [-] Created isolated network resources for: credentials: Credentials: {'domain_id': 'default', 'domain_name': 'Default', 'username': 'tempest-SecurityGroupRulesTestJSON-658275748-project-member', 'project_domain_id': 'default', 'project_domain_name': 'Default', 'project_id': '6c458e14f7e345d5b64351d52f29e5ff', 'project_name': 'tempest-SecurityGroupRulesTestJSON-658275748', 'tenant_id': '6c458e14f7e345d5b64351d52f29e5ff', 'tenant_name': 'tempest-SecurityGroupRulesTestJSON-658275748', 'user_domain_id': 'default', 'user_domain_name': 'Default', 'user_id': '9b8c049b87d3416e83fa10ca024fd084', 'system': None}, Network: {'id': '631a99a5-c2ff-4ff5-91fe-65b46ff9d056', 'name': 'tempest-SecurityGroupRulesTestJSON-1382268596-network', 'tenant_id': '6c458e14f7e345d5b64351d52f29e5ff', 'admin_state_up': True, 'mtu': 8950, 'status': 'ACTIVE', 'subnets': [], 'shared': False, 'project_id': '6c458e14f7e345d5b64351d52f29e5ff', 'port_security_enabled': True, 'router:external': False, 'provider:network_type': 'vlan', 'provider:physical_network': 'default', 'provider:segmentation_id': 365, 'availability_zone_hints': [], 'availability_zones': [], 'ipv4_address_scope': None, 'ipv6_address_scope': None, 'description': '', 'tags': [], 'created_at': '2024-11-06T05:20:07Z', 'updated_at': '2024-11-06T05:20:07Z', 'revision_number': 1}, Subnet: {'id': '73eed1e5-4cb7-441a-9502-b73c365c401e', 'name': 'tempest-SecurityGroupRulesTestJSON-1382268596-subnet', 'tenant_id': '6c458e14f7e345d5b64351d52f29e5ff', 'network_id': '631a99a5-c2ff-4ff5-91fe-65b46ff9d056', 'ip_version': 4, 'subnetpool_id': None, 'enable_dhcp': True, 'ipv6_ra_mode': None, 'ipv6_address_mode': None, 'gateway_ip': '192.168.128.1', 'cidr': '192.168.128.0/28', 'allocation_pools': [{'start': '192.168.128.2', 'end': '192.168.128.14'}], 'host_routes': [], 'dns_nameservers': [], 'description': '', 'router:external': False, 'service_types': [], 'tags': [], 'created_at': '2024-11-06T05:20:07Z', 'updated_at': '2024-11-06T05:20:07Z', 'revision_number': 0, 'project_id': '6c458e14f7e345d5b64351d52f29e5ff'}, Router: {'id': 'fe164dcd-5783-4e6e-8f82-0f7b6be7560f', 'name': 'tempest-SecurityGroupRulesTestJSON-1382268596-router', 'tenant_id': '6c458e14f7e345d5b64351d52f29e5ff', 'admin_state_up': True, 'status': 'ACTIVE', 'external_gateway_info': {'network_id': 'b0058b45-7ec3-4021-afa3-403eb941e390', 'external_fixed_ips': [{'subnet_id': '67a2cc88-d1d7-4032-8eba-b64ac1f5b96c', 'ip_address': '10.180.180.195'}], 'enable_snat': True}, 'description': '', 'availability_zones': [], 'distributed': False, 'ha': False, 'availability_zone_hints': [], 'routes': [], 'flavor_id': None, 'tags': [], 'created_at': '2024-11-06T05:20:07Z', 'updated_at': '2024-11-06T05:20:09Z', 'revision_number': 2, 'project_id': '6c458e14f7e345d5b64351d52f29e5ff'}
2024-11-06 05:20:11.328 63465 INFO tempest.lib.common.rest_client [req-28b7de5a-becb-4c66-a3af-d31d4f167d9a req-28b7de5a-becb-4c66-a3af-d31d4f167d9a ] Request (FloatingIPsAssociationTestJSON:tearDownClass): 200 GET http://10.180.1.21/compute/v2.1/servers/d7679adb-1756-4b93-953c-6964e758d889 1.429s
2024-11-06 05:20:11.359 63479 INFO tempest.lib.common.rest_client [req-66536949-9e4c-428b-8ea5-f3811ca34d89 req-66536949-9e4c-428b-8ea5-f3811ca34d89 ] Request (MigrationsAdminTest:test_resize_server_revert_deleted_flavor): 200 GET http://10.180.1.21/compute/v2.1/servers/a1699619-ba4e-42cb-bf58-28f3a922e36e 1.390s
2024-11-06 05:20:11.421 63433 INFO tempest.lib.common.rest_client [req-7278e012-81fd-4e3a-a63a-9c449f02795f req-7278e012-81fd-4e3a-a63a-9c449f02795f ] Request (ServerActionsTestJSON:setUpClass): 200 GET http://10.180.1.21/compute/v2.1/servers/2100f73d-d3ca-4e31-9bba-05a5767389fc 1.385s
2024-11-06 05:20:11.431 63453 INFO tempest.lib.common.rest_client [req-8579e5e8-32ef-4f6a-92ad-e9b706988984 req-8579e5e8-32ef-4f6a-92ad-e9b706988984 ] Request (SecurityGroupRulesTestJSON:setUpClass): 201 POST http://10.180.1.21/identity/v3/auth/tokens 0.165s
2024-11-06 05:20:11.430 63433 INFO tempest.common.waiters [-] State transition "BUILD/scheduling" ==> "BUILD/None" after 26 second wait
2024-11-06 05:20:11.466 63435 INFO tempest.lib.common.rest_client [req-c3ecbbeb-5fbf-405d-8621-20e3f72eabec req-c3ecbbeb-5fbf-405d-8621-20e3f72eabec ] Request (ServerDiagnosticsTest:tearDownClass): 200 GET http://10.180.1.21/compute/v2.1/servers/faff9e1b-b31e-4ffe-baa6-a78e9d611f66 1.338s
2024-11-06 05:20:11.519 63475 INFO tempest.lib.common.rest_client [req-dc236b3f-3c57-4e22-af55-08895e7924d5 req-dc236b3f-3c57-4e22-af55-08895e7924d5 ] Request (SecurityGroupsTestJSON:test_server_security_groups): 200 GET http://10.180.1.21/compute/v2.1/servers/e5fbf2ee-cbba-4246-a1c5-1bb0bbdcfa4a 1.369s
2024-11-06 05:20:11.552 63469 INFO tempest.lib.common.rest_client [req-de785e0f-9e52-4a66-8a83-74163cb0563f req-de785e0f-9e52-4a66-8a83-74163cb0563f ] Request (ServerShowV257Test:test_rebuild_server): 200 GET http://10.180.1.21/compute/v2.1/servers/4054a81a-097b-4bc1-89e2-276430b36d86 1.303s
2024-11-06 05:20:11.570 63464 INFO tempest.lib.common.rest_client [req-5415d5a6-cacc-4e48-b305-4e4471cafa71 req-5415d5a6-cacc-4e48-b305-4e4471cafa71 ] Request (ImagesOneServerTestJSON:test_create_delete_image): 200 GET http://10.180.1.21/compute/v2.1/images/5aa927c2-42d8-4add-a33f-7af451aef105 1.051s
2024-11-06 05:20:11.657 63421 INFO tempest.lib.common.rest_client [req-8c781bd5-deaf-46ce-bb0a-2f76770e3cfd req-8c781bd5-deaf-46ce-bb0a-2f76770e3cfd ] Request (ServersAdminTestJSON:test_create_server_with_scheduling_hint): 200 GET http://10.180.1.21/compute/v2.1/servers/9b7b4789-f5fc-44bb-addb-5da6cc9ebd19 1.094s
2024-11-06 05:20:12.253 63459 INFO tempest.lib.common.rest_client [req-54423c88-09a7-4cf3-b343-f0ab0763ad6c req-54423c88-09a7-4cf3-b343-f0ab0763ad6c ] Request (DeleteServersTestJSON:test_delete_server_while_in_attached_volume): 202 POST http://10.180.1.21/compute/v2.1/servers 1.644s
2024-11-06 05:20:12.301 63471 INFO tempest.lib.common.rest_client [req-ea2ae2e8-b07e-4f27-b26b-801182c0b60e req-ea2ae2e8-b07e-4f27-b26b-801182c0b60e ] Request (QuotasTestJSON:test_compare_tenant_quotas_with_default_quotas): 200 GET http://10.180.1.21/compute/v2.1/os-quota-sets/419f4f2257c94b93a0673ce0b389f68a 1.623s
2024-11-06 05:20:12.452 63467 INFO tempest.lib.common.rest_client [req-492373e3-fec4-49b0-9d4d-296db0e539f8 req-492373e3-fec4-49b0-9d4d-296db0e539f8 ] Request (ServersNegativeTestJSON:setUp): 200 GET http://10.180.1.21/compute/v2.1/servers/32352ea6-c719-4c88-a4a2-dde0f79e503e 1.690s
2024-11-06 05:20:12.532 63467 INFO tempest.lib.common.rest_client [req-1dc5e263-45f2-4912-aef2-972374242624 req-1dc5e263-45f2-4912-aef2-972374242624 ] Request (ServersNegativeTestJSON:test_create_server_metadata_exceeds_length_limit): 201 POST http://10.180.1.21/identity/v3/auth/tokens 0.070s
2024-11-06 05:20:12.533 63467 INFO tempest.lib.common.fixed_network [-] (ServersNegativeTestJSON:test_create_server_metadata_exceeds_length_limit) Found network {'id': '1ae0ff4e-cb84-453c-8414-49f8311174af', 'name': 'tempest-ServersNegativeTestJSON-1526021298-network', 'tenant_id': 'c22fcae2c9c344cb8e4269a33082022c', 'admin_state_up': True, 'mtu': 8950, 'status': 'ACTIVE', 'subnets': [], 'shared': False, 'project_id': 'c22fcae2c9c344cb8e4269a33082022c', 'port_security_enabled': True, 'router:external': False, 'provider:network_type': 'vlan', 'provider:physical_network': 'default', 'provider:segmentation_id': 921, 'availability_zone_hints': [], 'availability_zones': [], 'ipv4_address_scope': None, 'ipv6_address_scope': None, 'description': '', 'tags': [], 'created_at': '2024-11-06T05:18:11Z', 'updated_at': '2024-11-06T05:18:11Z', 'revision_number': 1} available for tenant
2024-11-06 05:20:12.568 63429 INFO tempest.lib.common.rest_client [req-fed99f2c-2779-4412-97c3-763943a94ea8 req-fed99f2c-2779-4412-97c3-763943a94ea8 ] Request (ServersTestMultiNic:_run_cleanups): 204 DELETE http://10.180.1.21/compute/v2.1/servers/59e6c0a7-a37b-452d-93ec-78776be75bd5 1.786s
2024-11-06 05:20:12.597 63419 INFO tempest.lib.common.rest_client [req-a7bb3060-1095-4807-bd55-3f049721e81c req-a7bb3060-1095-4807-bd55-3f049721e81c ] Request (FloatingIPsAssociationNegativeTestJSON:test_associate_ip_to_server_with_floating_ip): 200 POST http://10.180.1.21/compute/v2.1/os-floating-ips 2.041s
2024-11-06 05:20:12.731 63437 INFO tempest.lib.common.rest_client [req-a7bae96b-0891-430f-95c4-04a9ba584aea req-a7bae96b-0891-430f-95c4-04a9ba584aea ] Request (ServersWithSpecificFlavorTestJSON:test_verify_created_server_ephemeral_disk): 200 GET http://10.180.1.21/compute/v2.1/servers/c374d737-c6e8-4c18-8219-d197a0023d95 1.691s
2024-11-06 05:20:12.811 63427 INFO tempest.lib.common.rest_client [req-8e44e13b-db17-4723-8447-bb73b0234f84 req-8e44e13b-db17-4723-8447-bb73b0234f84 ] Request (ServersTestBootFromVolume:setUpClass): 200 GET http://10.180.1.21/compute/v2.1/servers/73e10bed-7065-48ad-b059-6b904061f4c7 1.066s
2024-11-06 05:20:12.879 63441 INFO tempest.lib.common.rest_client [req-08fcf7d1-2de6-4943-a727-a607ae632d06 req-08fcf7d1-2de6-4943-a727-a607ae632d06 ] Request (ServerMetadataNegativeTestJSON:setUpClass): 200 GET http://10.180.1.21/compute/v2.1/servers/bfa4f7f3-f018-490c-b375-812633d50a9a 1.061s
2024-11-06 05:20:12.923 63453 INFO tempest.lib.common.rest_client [req-9e7276fc-c2c3-47de-839a-b7e85a3eceba req-9e7276fc-c2c3-47de-839a-b7e85a3eceba ] Request (SecurityGroupRulesTestJSON:test_security_group_rules_create): 200 POST http://10.180.1.21/compute/v2.1/os-security-groups 1.487s
2024-11-06 05:20:12.971 63439 INFO tempest.lib.common.rest_client [req-ba6430d1-c8e0-4d49-a64c-8a1ecb49a847 req-ba6430d1-c8e0-4d49-a64c-8a1ecb49a847 ] Request (ServerAddressesTestJSON:tearDownClass): 200 GET http://10.180.1.21/compute/v2.1/servers/c4a4c8aa-a2f7-427c-aad6-90a26bfbb909 1.052s
2024-11-06 05:20:13.145 63482 INFO tempest.lib.common.rest_client [req-5ef23e20-bc83-407d-b53a-73ed138e230f req-5ef23e20-bc83-407d-b53a-73ed138e230f ] Request (ServerRescueTestJSON:setUpClass): 200 GET http://10.180.1.21/compute/v2.1/servers/f9f63912-5751-4448-abc0-22fd50f0cb3f 1.071s
2024-11-06 05:20:13.157 63455 INFO tempest.lib.common.rest_client [req-a001c7eb-1af5-4c40-8534-4d10802b9c97 req-a001c7eb-1af5-4c40-8534-4d10802b9c97 ] Request (ServersTestManualDisk:setUpClass): 200 GET http://10.180.1.21/compute/v2.1/servers/11406695-1b25-446d-a9a3-05c2382a6219 1.144s
2024-11-06 05:20:13.165 63455 INFO tempest.common.waiters [-] State transition "BUILD/networking" ==> "BUILD/spawning" after 44 second wait
2024-11-06 05:20:13.214 63477 INFO tempest.lib.common.rest_client [req-f23a8683-4316-4a58-af86-a3e3fbad6051 req-f23a8683-4316-4a58-af86-a3e3fbad6051 ] Request (ImagesOneServerNegativeTestJSON:setUpClass): 200 GET http://10.180.1.21/compute/v2.1/servers/28df1018-3767-4561-8a01-5558a9272e71 1.061s
2024-11-06 05:20:13.281 63459 INFO tempest.lib.common.rest_client [req-df6af0c7-299b-4b46-9828-32e48df6e755 req-df6af0c7-299b-4b46-9828-32e48df6e755 ] Request (DeleteServersTestJSON:test_delete_server_while_in_attached_volume): 200 GET http://10.180.1.21/compute/v2.1/servers/c3be1ae7-ad87-4211-9418-58d1101ff16c 1.026s
2024-11-06 05:20:13.302 63447 INFO tempest.lib.common.rest_client [req-ea6e8657-664a-462f-89cc-71f4a3645369 req-ea6e8657-664a-462f-89cc-71f4a3645369 ] Request (ServerDiagnosticsV248Test:tearDownClass): 404 GET http://10.180.1.21/compute/v2.1/servers/aaef4f53-c261-4106-89e1-7e300fbe3ddf 1.046s
2024-11-06 05:20:13.338 63443 INFO tempest.lib.common.rest_client [req-a9c04c94-5540-4430-88f1-69abaa80a756 req-a9c04c94-5540-4430-88f1-69abaa80a756 ] Request (VolumesAdminNegativeTest:test_update_attached_volume_with_nonexistent_volume_in_body): 200 GET http://10.180.1.21/compute/v2.1/servers/4d86f1d5-307e-4cc4-822b-d315fb3e6032 1.110s
2024-11-06 05:20:13.341 63471 INFO tempest.lib.common.rest_client [req-1a01bf57-f6ff-4c50-b0e1-e791533a1f16 req-1a01bf57-f6ff-4c50-b0e1-e791533a1f16 ] Request (QuotasTestJSON:test_get_default_quotas): 200 GET http://10.180.1.21/compute/v2.1/os-quota-sets/419f4f2257c94b93a0673ce0b389f68a/defaults 1.035s
2024-11-06 05:20:13.403 63479 INFO tempest.lib.common.rest_client [req-089527e9-c3e5-40c7-ad46-39b297dfb6e7 req-089527e9-c3e5-40c7-ad46-39b297dfb6e7 ] Request (MigrationsAdminTest:test_resize_server_revert_deleted_flavor): 200 GET http://10.180.1.21/compute/v2.1/servers/a1699619-ba4e-42cb-bf58-28f3a922e36e 1.036s
2024-11-06 05:20:13.406 63465 INFO tempest.lib.common.rest_client [req-3d61257c-8342-413d-9a3d-8eb467e094fc req-3d61257c-8342-413d-9a3d-8eb467e094fc ] Request (FloatingIPsAssociationTestJSON:tearDownClass): 200 GET http://10.180.1.21/compute/v2.1/servers/d7679adb-1756-4b93-953c-6964e758d889 1.069s
2024-11-06 05:20:13.457 63433 INFO tempest.lib.common.rest_client [req-3189c0f3-923c-443f-b400-d6a20b3c5207 req-3189c0f3-923c-443f-b400-d6a20b3c5207 ] Request (ServerActionsTestJSON:setUpClass): 200 GET http://10.180.1.21/compute/v2.1/servers/2100f73d-d3ca-4e31-9bba-05a5767389fc 1.025s
2024-11-06 05:20:13.484 63435 INFO tempest.lib.common.rest_client [req-11268979-b36f-4b20-9770-a8460b3beeea req-11268979-b36f-4b20-9770-a8460b3beeea ] Request (ServerDiagnosticsTest:tearDownClass): 200 GET http://10.180.1.21/compute/v2.1/servers/faff9e1b-b31e-4ffe-baa6-a78e9d611f66 1.004s
2024-11-06 05:20:13.489 63467 INFO tempest.lib.common.rest_client [req-be0e9c5f-f4af-43f2-bb02-390d3118a53f req-be0e9c5f-f4af-43f2-bb02-390d3118a53f ] Request (ServersNegativeTestJSON:test_create_server_metadata_exceeds_length_limit): 400 POST http://10.180.1.21/compute/v2.1/servers 0.955s
2024-11-06 05:20:13.493 63447 INFO tempest.lib.common.rest_client [req-a55eea41-73fb-42df-acd6-d6f333211207 req-a55eea41-73fb-42df-acd6-d6f333211207 ] Request (ServerDiagnosticsV248Test:tearDownClass): 204 DELETE http://10.180.1.21/identity/v3/users/3aa233f350664a22a3b404b3888162ea 0.190s
2024-11-06 05:20:13.511 63475 INFO tempest.lib.common.rest_client [req-7f2e36ca-259e-451b-acc4-b580c0578f42 req-7f2e36ca-259e-451b-acc4-b580c0578f42 ] Request (SecurityGroupsTestJSON:test_server_security_groups): 200 GET http://10.180.1.21/compute/v2.1/servers/e5fbf2ee-cbba-4246-a1c5-1bb0bbdcfa4a 0.982s
2024-11-06 05:20:13.517 63475 INFO tempest.common.waiters [-] State transition "BUILD/None" ==> "BUILD/networking" after 44 second wait
2024-11-06 05:20:13.571 63469 INFO tempest.lib.common.rest_client [req-0ac999c3-f776-43bd-a5b5-4b4eb420c021 req-0ac999c3-f776-43bd-a5b5-4b4eb420c021 ] Request (ServerShowV257Test:test_rebuild_server): 200 GET http://10.180.1.21/compute/v2.1/servers/4054a81a-097b-4bc1-89e2-276430b36d86 0.999s
2024-11-06 05:20:13.601 63447 INFO tempest.lib.common.rest_client [req-e676199a-62f0-4b96-9653-5d40ab367bf7 req-e676199a-62f0-4b96-9653-5d40ab367bf7 ] Request (ServerDiagnosticsV248Test:tearDownClass): 204 DELETE http://10.180.1.21/identity/v3/users/0d003347bce84c959f99be9c099eb700 0.108s
2024-11-06 05:20:13.602 63447 INFO tempest.lib.common.dynamic_creds [-] Deleting project and security group for project: 3d5b9f5382d64c3daeb14639a23c8940
2024-11-06 05:20:13.609 63464 INFO tempest.lib.common.rest_client [req-64bb37ae-5447-4d65-a8a4-eebef3cad5c1 req-64bb37ae-5447-4d65-a8a4-eebef3cad5c1 ] Request (ImagesOneServerTestJSON:test_create_delete_image): 200 GET http://10.180.1.21/compute/v2.1/images/5aa927c2-42d8-4add-a33f-7af451aef105 1.033s
2024-11-06 05:20:13.655 63447 INFO tempest.lib.common.rest_client [req-db40ed77-a91f-4a9f-8a95-be28fa914776 req-db40ed77-a91f-4a9f-8a95-be28fa914776 ] Request (ServerDiagnosticsV248Test:tearDownClass): 201 POST http://10.180.1.21/identity/v3/auth/tokens 0.054s
2024-11-06 05:20:13.726 63429 INFO tempest.lib.common.rest_client [req-d6143822-9e02-43c0-a67f-94a11494258d req-d6143822-9e02-43c0-a67f-94a11494258d ] Request (ServersTestMultiNic:_run_cleanups): 200 GET http://10.180.1.21/compute/v2.1/servers/59e6c0a7-a37b-452d-93ec-78776be75bd5 1.157s
2024-11-06 05:20:13.790 63421 INFO tempest.lib.common.rest_client [req-37703b7e-2a47-42e8-a28e-2ee445afbb70 req-37703b7e-2a47-42e8-a28e-2ee445afbb70 ] Request (ServersAdminTestJSON:test_create_server_with_scheduling_hint): 200 GET http://10.180.1.21/compute/v2.1/servers/9b7b4789-f5fc-44bb-addb-5da6cc9ebd19 1.119s
2024-11-06 05:20:13.922 63447 INFO tempest.lib.common.rest_client [req-7df94541-19ba-4c7b-9989-678225627576 req-7df94541-19ba-4c7b-9989-678225627576 ] Request (ServerDiagnosticsV248Test:tearDownClass): 200 GET http://10.180.1.21:9696/networking/v2.0/security-groups?tenant_id=3d5b9f5382d64c3daeb14639a23c8940&name=default 0.266s
2024-11-06 05:20:13.923 63419 INFO tempest.lib.common.rest_client [req-b48d6e4d-44d3-4bed-ba26-20225c6281e2 req-b48d6e4d-44d3-4bed-ba26-20225c6281e2 ] Request (FloatingIPsAssociationNegativeTestJSON:test_associate_ip_to_server_with_floating_ip): 400 POST http://10.180.1.21/compute/v2.1/servers/15e6dedb-15c7-48c2-b71b-92b0f90fccb6/action 1.324s
2024-11-06 05:20:13.977 63453 INFO tempest.lib.common.rest_client [req-bfb935af-f089-4eaf-8a66-27ac97ec0e54 req-bfb935af-f089-4eaf-8a66-27ac97ec0e54 ] Request (SecurityGroupRulesTestJSON:test_security_group_rules_create): 200 POST http://10.180.1.21/compute/v2.1/os-security-group-rules 1.051s
2024-11-06 05:20:14.050 63447 INFO tempest.lib.common.rest_client [req-b44131e4-488a-4178-a047-107cc7064c1d req-b44131e4-488a-4178-a047-107cc7064c1d ] Request (ServerDiagnosticsV248Test:tearDownClass): 204 DELETE http://10.180.1.21:9696/networking/v2.0/security-groups/34f5a896-9076-4922-8477-96c0a3059a32 0.127s
2024-11-06 05:20:14.091 63467 INFO tempest.lib.common.rest_client [req-20002bc2-965c-4674-9f94-ad73689669a6 req-20002bc2-965c-4674-9f94-ad73689669a6 ] Request (ServersNegativeTestJSON:tearDown): 200 GET http://10.180.1.21/compute/v2.1/servers/32352ea6-c719-4c88-a4a2-dde0f79e503e 0.601s
2024-11-06 05:20:14.127 63471 INFO tempest.lib.common.rest_client [req-c4001b09-86a2-4fad-a5d0-5ac1465a20d3 req-c4001b09-86a2-4fad-a5d0-5ac1465a20d3 ] Request (QuotasTestJSON:test_get_quotas): 200 GET http://10.180.1.21/compute/v2.1/os-quota-sets/419f4f2257c94b93a0673ce0b389f68a 0.780s
2024-11-06 05:20:14.158 63447 INFO tempest.lib.common.rest_client [req-5e42cbb4-9321-4d2a-b8ed-db21cc6e10fe req-5e42cbb4-9321-4d2a-b8ed-db21cc6e10fe ] Request (ServerDiagnosticsV248Test:tearDownClass): 204 DELETE http://10.180.1.21/identity/v3/projects/3d5b9f5382d64c3daeb14639a23c8940 0.107s
2024-11-06 05:20:14.158 63447 INFO tempest.lib.common.dynamic_creds [-] Deleting project and security group for project: ada7a1f2131342b683a13854b72a8473
2024-11-06 05:20:14.214 63427 INFO tempest.lib.common.rest_client [req-3cf34e1d-cbf5-490c-8a8c-a7fad178cb1a req-3cf34e1d-cbf5-490c-8a8c-a7fad178cb1a ] Request (ServersTestBootFromVolume:setUpClass): 200 GET http://10.180.1.21/compute/v2.1/servers/73e10bed-7065-48ad-b059-6b904061f4c7 0.395s
2024-11-06 05:20:14.286 63441 INFO tempest.lib.common.rest_client [req-0fca84b6-ee9a-4259-9d49-40f694a50f29 req-0fca84b6-ee9a-4259-9d49-40f694a50f29 ] Request (ServerMetadataNegativeTestJSON:setUpClass): 200 GET http://10.180.1.21/compute/v2.1/servers/bfa4f7f3-f018-490c-b375-812633d50a9a 0.393s
2024-11-06 05:20:14.352 63437 INFO tempest.lib.common.rest_client [req-d3653732-40b9-41ea-98a8-052761303dc5 req-d3653732-40b9-41ea-98a8-052761303dc5 ] Request (ServersWithSpecificFlavorTestJSON:test_verify_created_server_ephemeral_disk): 200 GET http://10.180.1.21/compute/v2.1/servers/c374d737-c6e8-4c18-8219-d197a0023d95 0.613s
2024-11-06 05:20:14.434 63439 INFO tempest.lib.common.rest_client [req-a47a82d8-75bd-4bd3-a663-18aed356ad9b req-a47a82d8-75bd-4bd3-a663-18aed356ad9b ] Request (ServerAddressesTestJSON:tearDownClass): 200 GET http://10.180.1.21/compute/v2.1/servers/c4a4c8aa-a2f7-427c-aad6-90a26bfbb909 0.454s
2024-11-06 05:20:14.523 63447 INFO tempest.lib.common.rest_client [req-13e5507c-8c08-4159-93eb-436d0f1eb65d req-13e5507c-8c08-4159-93eb-436d0f1eb65d ] Request (ServerDiagnosticsV248Test:tearDownClass): 200 GET http://10.180.1.21:9696/networking/v2.0/security-groups?tenant_id=ada7a1f2131342b683a13854b72a8473&name=default 0.364s
2024-11-06 05:20:14.650 63447 INFO tempest.lib.common.rest_client [req-19dd25d2-c2ab-4fec-a154-54c4a2344cb0 req-19dd25d2-c2ab-4fec-a154-54c4a2344cb0 ] Request (ServerDiagnosticsV248Test:tearDownClass): 204 DELETE http://10.180.1.21:9696/networking/v2.0/security-groups/ba217eae-d3ad-49c5-b044-20bf426ddb65 0.127s
