2024-11-06 05:19:54.045 63439 INFO tempest.lib.common.rest_client [req-be72f31f-acb7-45cb-b6c3-a0d5fdbf9aa4 req-be72f31f-acb7-45cb-b6c3-a0d5fdbf9aa4 ] Request (ServerAddressesTestJSON:tearDownClass): 200 GET http://10.180.1.21/compute/v2.1/servers/c4a4c8aa-a2f7-427c-aad6-90a26bfbb909 0.059s
2024-11-06 05:19:54.063 63479 INFO tempest.lib.common.rest_client [req-d5e30346-4ae0-4baf-8c29-36d9de2fde88 req-d5e30346-4ae0-4baf-8c29-36d9de2fde88 ] Request (MigrationsAdminTest:test_resize_server_revert_deleted_flavor): 200 GET http://10.180.1.21/compute/v2.1/servers/a1699619-ba4e-42cb-bf58-28f3a922e36e 0.050s
2024-11-06 05:19:54.090 63455 INFO tempest.lib.common.rest_client [req-f1b44e58-0e56-479f-99a0-8cef7816cdaf req-f1b44e58-0e56-479f-99a0-8cef7816cdaf ] Request (ServersTestManualDisk:setUpClass): 200 GET http://10.180.1.21/compute/v2.1/servers/11406695-1b25-446d-a9a3-05c2382a6219 0.046s
2024-11-06 05:19:54.129 63447 INFO tempest.lib.common.rest_client [req-50aeba5a-d9af-47d4-a730-2816a2c3574d req-50aeba5a-d9af-47d4-a730-2816a2c3574d ] Request (ServerDiagnosticsV248Test:tearDownClass): 200 GET http://10.180.1.21/compute/v2.1/servers/aaef4f53-c261-4106-89e1-7e300fbe3ddf 0.054s
2024-11-06 05:19:54.166 63465 INFO tempest.lib.common.rest_client [req-39da162f-9838-4b9e-93a4-5ddc639a3f2e req-39da162f-9838-4b9e-93a4-5ddc639a3f2e ] Request (FloatingIPsAssociationTestJSON:tearDownClass): 200 GET http://10.180.1.21/compute/v2.1/servers/d7679adb-1756-4b93-953c-6964e758d889 0.059s
2024-11-06 05:19:54.213 63433 INFO tempest.lib.common.rest_client [req-f34b0226-d23b-4d6f-8baa-b08721e3c00a req-f34b0226-d23b-4d6f-8baa-b08721e3c00a ] Request (ServerActionsTestJSON:setUpClass): 200 GET http://10.180.1.21/compute/v2.1/servers/2100f73d-d3ca-4e31-9bba-05a5767389fc 0.049s
2024-11-06 05:19:54.220 63453 INFO tempest.lib.common.rest_client [req-f7055c18-1bdf-425f-85e8-44711296199d req-f7055c18-1bdf-425f-85e8-44711296199d ] Request (ServersAdmin275Test:tearDownClass): 200 GET http://10.180.1.21/compute/v2.1/servers/aaa64a80-a127-4826-b972-7890e2db03fc 0.084s
2024-11-06 05:19:54.302 63471 INFO tempest.lib.common.rest_client [req-39e661f2-33ab-4e22-9a1d-4424339686f6 req-39e661f2-33ab-4e22-9a1d-4424339686f6 ] Request (AttachInterfacesV270Test:tearDownClass): 200 GET http://10.180.1.21/compute/v2.1/servers/2c6d5788-c767-43ab-aec4-d8bbb69091e3 0.058s
2024-11-06 05:19:54.319 63435 INFO tempest.lib.common.rest_client [req-814aa87c-84c5-4e92-b6ea-d173a38a2894 req-814aa87c-84c5-4e92-b6ea-d173a38a2894 ] Request (ServerDiagnosticsTest:tearDownClass): 200 GET http://10.180.1.21/compute/v2.1/servers/faff9e1b-b31e-4ffe-baa6-a78e9d611f66 0.057s
2024-11-06 05:19:54.377 63477 INFO tempest.lib.common.rest_client [req-892c7a4b-17e2-44f2-b52d-d3e2ebf58285 req-892c7a4b-17e2-44f2-b52d-d3e2ebf58285 ] Request (TenantUsagesTestJSON:tearDownClass): 200 GET http://10.180.1.21/compute/v2.1/servers/ae3a2c93-5727-41e1-a4b9-13a9e1bf8aba 0.085s
2024-11-06 05:19:54.379 63469 INFO tempest.lib.common.rest_client [req-e9ab901e-87f4-4b19-91f9-3b10f1f5b12f req-e9ab901e-87f4-4b19-91f9-3b10f1f5b12f ] Request (ServerShowV257Test:test_rebuild_server): 200 GET http://10.180.1.21/compute/v2.1/servers/4054a81a-097b-4bc1-89e2-276430b36d86 0.072s
2024-11-06 05:19:54.424 63475 INFO tempest.lib.common.rest_client [req-fd5e4e98-7a77-42cb-83b1-9d8738dacdef req-fd5e4e98-7a77-42cb-83b1-9d8738dacdef ] Request (SecurityGroupsTestJSON:test_server_security_groups): 200 GET http://10.180.1.21/compute/v2.1/servers/e5fbf2ee-cbba-4246-a1c5-1bb0bbdcfa4a 0.085s
2024-11-06 05:19:54.438 63467 INFO tempest.lib.common.rest_client [req-8e9fd52a-41c5-48f2-80ae-075f3c2cdfd7 req-8e9fd52a-41c5-48f2-80ae-075f3c2cdfd7 ] Request (ServersNegativeTestJSON:setUpClass): 200 GET http://10.180.1.21/compute/v2.1/servers/f6982f8c-65c3-4810-a0f0-19f69b91c8a8 0.085s
2024-11-06 05:19:54.474 63419 INFO tempest.lib.common.rest_client [req-cb9e9300-94c4-4a9f-b87c-0144596ee81e req-cb9e9300-94c4-4a9f-b87c-0144596ee81e ] Request (FloatingIPsAssociationNegativeTestJSON:setUpClass): 200 GET http://10.180.1.21/compute/v2.1/servers/15e6dedb-15c7-48c2-b71b-92b0f90fccb6 0.062s
2024-11-06 05:19:54.508 63459 INFO tempest.lib.common.rest_client [req-112b28d8-6bc9-4edd-af00-1c8060c759c3 req-112b28d8-6bc9-4edd-af00-1c8060c759c3 ] Request (DeleteServersTestJSON:test_delete_active_server): 200 GET http://10.180.1.21/compute/v2.1/servers/cf37fa9b-8143-498b-a4c7-49339cafece7 0.090s
2024-11-06 05:19:54.531 63421 INFO tempest.lib.common.rest_client [req-cb607d47-5a47-462a-9c49-ccc91efe94ea req-cb607d47-5a47-462a-9c49-ccc91efe94ea ] Request (ServersAdminTestJSON:test_create_server_with_scheduling_hint): 200 GET http://10.180.1.21/compute/v2.1/servers/9b7b4789-f5fc-44bb-addb-5da6cc9ebd19 0.066s
2024-11-06 05:19:54.561 63482 INFO tempest.lib.common.rest_client [req-d26a8cb6-5ed5-4acd-9b00-2764028bf3eb req-d26a8cb6-5ed5-4acd-9b00-2764028bf3eb ] Request (ServerRescueTestJSON:setUpClass): 200 GET http://10.180.1.21/compute/v2.1/servers/f9f63912-5751-4448-abc0-22fd50f0cb3f 0.096s
2024-11-06 05:19:54.582 63437 INFO tempest.lib.common.rest_client [req-ebc7ccde-09f8-493b-980a-11bd17e554a5 req-ebc7ccde-09f8-493b-980a-11bd17e554a5 ] Request (ServersWithSpecificFlavorTestJSON:test_verify_created_server_ephemeral_disk): 200 GET http://10.180.1.21/compute/v2.1/servers/c374d737-c6e8-4c18-8219-d197a0023d95 0.072s
2024-11-06 05:19:54.656 63464 INFO tempest.lib.common.rest_client [req-6ecffa66-06f3-41f7-a26f-553af33d1fa8 req-6ecffa66-06f3-41f7-a26f-553af33d1fa8 ] Request (ImagesOneServerTestJSON:setUpClass): 200 GET http://10.180.1.21/compute/v2.1/servers/c62bee0a-0494-4cee-9053-0e7291d20a12 0.057s
2024-11-06 05:19:54.728 63427 INFO tempest.lib.common.rest_client [req-d7466f20-b860-4164-bcdc-d6deb00762bf req-d7466f20-b860-4164-bcdc-d6deb00762bf ] Request (ServersTestBootFromVolume:setUpClass): 200 GET http://10.180.1.21/compute/v2.1/servers/73e10bed-7065-48ad-b059-6b904061f4c7 0.065s
2024-11-06 05:19:54.750 63429 INFO tempest.lib.common.rest_client [req-d2d7f16e-177a-43f0-bb59-ffdbf8449c50 req-d2d7f16e-177a-43f0-bb59-ffdbf8449c50 ] Request (ServersTestMultiNic:test_verify_duplicate_network_nics): 200 GET http://10.180.1.21/compute/v2.1/servers/59e6c0a7-a37b-452d-93ec-78776be75bd5 0.201s
2024-11-06 05:19:54.756 63429 INFO tempest.common.waiters [-] State transition "BUILD/None" ==> "BUILD/block_device_mapping" after 55 second wait
2024-11-06 05:19:54.782 63441 INFO tempest.lib.common.rest_client [req-e6823042-4425-41b3-9a56-dd92aeeb2ea6 req-e6823042-4425-41b3-9a56-dd92aeeb2ea6 ] Request (ServerMetadataNegativeTestJSON:setUpClass): 200 GET http://10.180.1.21/compute/v2.1/servers/bfa4f7f3-f018-490c-b375-812633d50a9a 0.091s
2024-11-06 05:19:55.040 63443 INFO tempest.lib.common.rest_client [req-d5d2697f-4bce-4108-97e2-d9d6c16b0818 req-d5d2697f-4bce-4108-97e2-d9d6c16b0818 ] Request (VolumesAdminNegativeTest:test_update_attached_volume_with_nonexistent_volume_in_body): 200 GET http://10.180.1.21/compute/v2.1/servers/4d86f1d5-307e-4cc4-822b-d315fb3e6032 0.053s
2024-11-06 05:19:55.116 63439 INFO tempest.lib.common.rest_client [req-a5441004-9397-4347-93bc-d4b3a67604b4 req-a5441004-9397-4347-93bc-d4b3a67604b4 ] Request (ServerAddressesTestJSON:tearDownClass): 200 GET http://10.180.1.21/compute/v2.1/servers/c4a4c8aa-a2f7-427c-aad6-90a26bfbb909 0.065s
2024-11-06 05:19:55.124 63479 INFO tempest.lib.common.rest_client [req-107a7fae-7c4a-4e6a-93a2-8c545f8d4438 req-107a7fae-7c4a-4e6a-93a2-8c545f8d4438 ] Request (MigrationsAdminTest:test_resize_server_revert_deleted_flavor): 200 GET http://10.180.1.21/compute/v2.1/servers/a1699619-ba4e-42cb-bf58-28f3a922e36e 0.053s
2024-11-06 05:19:55.128 63445 WARNING tempest.lib.common.ssh [-] Failed to establish authenticated ssh connection to cirros@10.180.180.235 ([Errno None] Unable to connect to port 22 on 10.180.180.235). Number attempts: 6. Retry after 7 seconds.: paramiko.ssh_exception.NoValidConnectionsError: [Errno None] Unable to connect to port 22 on 10.180.180.235
2024-11-06 05:19:55.165 63455 INFO tempest.lib.common.rest_client [req-cd534787-2a6a-40ca-aed3-a3c9983bf70a req-cd534787-2a6a-40ca-aed3-a3c9983bf70a ] Request (ServersTestManualDisk:setUpClass): 200 GET http://10.180.1.21/compute/v2.1/servers/11406695-1b25-446d-a9a3-05c2382a6219 0.069s
2024-11-06 05:19:55.195 63447 INFO tempest.lib.common.rest_client [req-26106c5e-57fd-4c49-8bb2-ed23057ea537 req-26106c5e-57fd-4c49-8bb2-ed23057ea537 ] Request (ServerDiagnosticsV248Test:tearDownClass): 200 GET http://10.180.1.21/compute/v2.1/servers/aaef4f53-c261-4106-89e1-7e300fbe3ddf 0.055s
2024-11-06 05:19:55.236 63465 INFO tempest.lib.common.rest_client [req-a1fc3d8f-9754-44dd-822b-99acc3d2c2ba req-a1fc3d8f-9754-44dd-822b-99acc3d2c2ba ] Request (FloatingIPsAssociationTestJSON:tearDownClass): 200 GET http://10.180.1.21/compute/v2.1/servers/d7679adb-1756-4b93-953c-6964e758d889 0.058s
2024-11-06 05:19:55.256 63431 WARNING tempest.lib.common.ssh [-] Failed to establish authenticated ssh connection to cirros@10.180.180.204 ([Errno None] Unable to connect to port 22 on 10.180.180.204). Number attempts: 9. Retry after 10 seconds.: paramiko.ssh_exception.NoValidConnectionsError: [Errno None] Unable to connect to port 22 on 10.180.180.204
2024-11-06 05:19:55.273 63433 INFO tempest.lib.common.rest_client [req-7373a71f-5837-42e2-a41a-effe2ad763ae req-7373a71f-5837-42e2-a41a-effe2ad763ae ] Request (ServerActionsTestJSON:setUpClass): 200 GET http://10.180.1.21/compute/v2.1/servers/2100f73d-d3ca-4e31-9bba-05a5767389fc 0.053s
2024-11-06 05:19:55.300 63453 INFO tempest.lib.common.rest_client [req-ba01aec7-6f83-429c-87ba-4fb97a90b985 req-ba01aec7-6f83-429c-87ba-4fb97a90b985 ] Request (ServersAdmin275Test:tearDownClass): 200 GET http://10.180.1.21/compute/v2.1/servers/aaa64a80-a127-4826-b972-7890e2db03fc 0.071s
2024-11-06 05:19:55.381 63471 INFO tempest.lib.common.rest_client [req-b909f47d-ac90-4db4-bdaf-f26cc416ef98 req-b909f47d-ac90-4db4-bdaf-f26cc416ef98 ] Request (AttachInterfacesV270Test:tearDownClass): 200 GET http://10.180.1.21/compute/v2.1/servers/2c6d5788-c767-43ab-aec4-d8bbb69091e3 0.070s
2024-11-06 05:19:55.395 63435 INFO tempest.lib.common.rest_client [req-c91c060b-0192-442f-87ad-82120211adb6 req-c91c060b-0192-442f-87ad-82120211adb6 ] Request (ServerDiagnosticsTest:tearDownClass): 200 GET http://10.180.1.21/compute/v2.1/servers/faff9e1b-b31e-4ffe-baa6-a78e9d611f66 0.069s
2024-11-06 05:19:55.401 63435 INFO tempest.common.waiters [-] State transition "ACTIVE/deleting" ==> "DELETED/None" after 3 second wait
2024-11-06 05:19:55.445 63477 INFO tempest.lib.common.rest_client [req-78598cde-f4d9-4a91-ac63-61555754883b req-78598cde-f4d9-4a91-ac63-61555754883b ] Request (TenantUsagesTestJSON:tearDownClass): 200 GET http://10.180.1.21/compute/v2.1/servers/ae3a2c93-5727-41e1-a4b9-13a9e1bf8aba 0.061s
2024-11-06 05:19:55.454 63469 INFO tempest.lib.common.rest_client [req-41458315-bcb6-48c2-971f-8bfadeb83ef0 req-41458315-bcb6-48c2-971f-8bfadeb83ef0 ] Request (ServerShowV257Test:test_rebuild_server): 200 GET http://10.180.1.21/compute/v2.1/servers/4054a81a-097b-4bc1-89e2-276430b36d86 0.065s
2024-11-06 05:19:55.488 63475 INFO tempest.lib.common.rest_client [req-19ef492f-ca1d-4ee6-9801-54536cab956b req-19ef492f-ca1d-4ee6-9801-54536cab956b ] Request (SecurityGroupsTestJSON:test_server_security_groups): 200 GET http://10.180.1.21/compute/v2.1/servers/e5fbf2ee-cbba-4246-a1c5-1bb0bbdcfa4a 0.057s
2024-11-06 05:19:55.502 63467 INFO tempest.lib.common.rest_client [req-d4b2049e-eb6d-42c5-bccb-b897d4ab6058 req-d4b2049e-eb6d-42c5-bccb-b897d4ab6058 ] Request (ServersNegativeTestJSON:setUpClass): 200 GET http://10.180.1.21/compute/v2.1/servers/f6982f8c-65c3-4810-a0f0-19f69b91c8a8 0.058s
2024-11-06 05:19:55.533 63419 INFO tempest.lib.common.rest_client [req-d51168f4-384c-46e4-ba89-a89f353ad834 req-d51168f4-384c-46e4-ba89-a89f353ad834 ] Request (FloatingIPsAssociationNegativeTestJSON:setUpClass): 200 GET http://10.180.1.21/compute/v2.1/servers/15e6dedb-15c7-48c2-b71b-92b0f90fccb6 0.050s
2024-11-06 05:19:55.565 63459 INFO tempest.lib.common.rest_client [req-abfcdb71-aace-45a9-a4e7-7e88b6effe69 req-abfcdb71-aace-45a9-a4e7-7e88b6effe69 ] Request (DeleteServersTestJSON:test_delete_active_server): 200 GET http://10.180.1.21/compute/v2.1/servers/cf37fa9b-8143-498b-a4c7-49339cafece7 0.050s
2024-11-06 05:19:55.581 63421 INFO tempest.lib.common.rest_client [req-324bc4c8-a90e-4be2-8b4e-d70e4ea9659c req-324bc4c8-a90e-4be2-8b4e-d70e4ea9659c ] Request (ServersAdminTestJSON:test_create_server_with_scheduling_hint): 200 GET http://10.180.1.21/compute/v2.1/servers/9b7b4789-f5fc-44bb-addb-5da6cc9ebd19 0.043s
2024-11-06 05:19:55.618 63482 INFO tempest.lib.common.rest_client [req-bc5fb214-1df5-4de0-b9d7-416ded080e5c req-bc5fb214-1df5-4de0-b9d7-416ded080e5c ] Request (ServerRescueTestJSON:setUpClass): 200 GET http://10.180.1.21/compute/v2.1/servers/f9f63912-5751-4448-abc0-22fd50f0cb3f 0.046s
2024-11-06 05:19:55.634 63437 INFO tempest.lib.common.rest_client [req-0a045ed6-88fa-447e-a230-065dc9994a6e req-0a045ed6-88fa-447e-a230-065dc9994a6e ] Request (ServersWithSpecificFlavorTestJSON:test_verify_created_server_ephemeral_disk): 200 GET http://10.180.1.21/compute/v2.1/servers/c374d737-c6e8-4c18-8219-d197a0023d95 0.044s
2024-11-06 05:19:55.712 63464 INFO tempest.lib.common.rest_client [req-d47bb4fb-ad80-4993-adbf-615545781dfe req-d47bb4fb-ad80-4993-adbf-615545781dfe ] Request (ImagesOneServerTestJSON:setUpClass): 200 GET http://10.180.1.21/compute/v2.1/servers/c62bee0a-0494-4cee-9053-0e7291d20a12 0.043s
2024-11-06 05:19:55.784 63427 INFO tempest.lib.common.rest_client [req-1eda58da-7bda-4805-b899-0c890f18e3c4 req-1eda58da-7bda-4805-b899-0c890f18e3c4 ] Request (ServersTestBootFromVolume:setUpClass): 200 GET http://10.180.1.21/compute/v2.1/servers/73e10bed-7065-48ad-b059-6b904061f4c7 0.044s
2024-11-06 05:19:55.838 63441 INFO tempest.lib.common.rest_client [req-c413a9a2-4589-4592-aa71-307b7fdda0ff req-c413a9a2-4589-4592-aa71-307b7fdda0ff ] Request (ServerMetadataNegativeTestJSON:setUpClass): 200 GET http://10.180.1.21/compute/v2.1/servers/bfa4f7f3-f018-490c-b375-812633d50a9a 0.049s
2024-11-06 05:19:55.886 63429 INFO tempest.lib.common.rest_client [req-cbba9f6a-f90e-455e-8f0c-c0a4d13fea89 req-cbba9f6a-f90e-455e-8f0c-c0a4d13fea89 ] Request (ServersTestMultiNic:test_verify_duplicate_network_nics): 200 GET http://10.180.1.21/compute/v2.1/servers/59e6c0a7-a37b-452d-93ec-78776be75bd5 0.130s
2024-11-06 05:19:55.892 63429 INFO tempest.common.waiters [-] State transition "BUILD/block_device_mapping" ==> "BUILD/spawning" after 56 second wait
2024-11-06 05:19:56.095 63443 INFO tempest.lib.common.rest_client [req-a965324e-e656-4343-8344-70fd7f6a3b9d req-a965324e-e656-4343-8344-70fd7f6a3b9d ] Request (VolumesAdminNegativeTest:test_update_attached_volume_with_nonexistent_volume_in_body): 200 GET http://10.180.1.21/compute/v2.1/servers/4d86f1d5-307e-4cc4-822b-d315fb3e6032 0.049s
2024-11-06 05:19:56.184 63439 INFO tempest.lib.common.rest_client [req-ad5e5379-bb5c-4f65-8045-68e0e617a586 req-ad5e5379-bb5c-4f65-8045-68e0e617a586 ] Request (ServerAddressesTestJSON:tearDownClass): 200 GET http://10.180.1.21/compute/v2.1/servers/c4a4c8aa-a2f7-427c-aad6-90a26bfbb909 0.057s
2024-11-06 05:19:56.229 63455 INFO tempest.lib.common.rest_client [req-10afee10-c447-4174-91f9-ef153f800df8 req-10afee10-c447-4174-91f9-ef153f800df8 ] Request (ServersTestManualDisk:setUpClass): 200 GET http://10.180.1.21/compute/v2.1/servers/11406695-1b25-446d-a9a3-05c2382a6219 0.056s
2024-11-06 05:19:56.280 63449 WARNING tempest.lib.common.ssh [-] Failed to establish authenticated ssh connection to cirros@10.180.180.248 ([Errno None] Unable to connect to port 22 on 10.180.180.248). Number attempts: 8. Retry after 9 seconds.: paramiko.ssh_exception.NoValidConnectionsError: [Errno None] Unable to connect to port 22 on 10.180.180.248
2024-11-06 05:19:56.295 63447 INFO tempest.lib.common.rest_client [req-473c88fc-0ba4-4f61-abba-a770b4a4602c req-473c88fc-0ba4-4f61-abba-a770b4a4602c ] Request (ServerDiagnosticsV248Test:tearDownClass): 200 GET http://10.180.1.21/compute/v2.1/servers/aaef4f53-c261-4106-89e1-7e300fbe3ddf 0.091s
2024-11-06 05:19:56.347 63465 INFO tempest.lib.common.rest_client [req-0c9af7b6-6264-4721-9b37-b20c2782daa2 req-0c9af7b6-6264-4721-9b37-b20c2782daa2 ] Request (FloatingIPsAssociationTestJSON:tearDownClass): 200 GET http://10.180.1.21/compute/v2.1/servers/d7679adb-1756-4b93-953c-6964e758d889 0.105s
2024-11-06 05:19:56.393 63433 INFO tempest.lib.common.rest_client [req-a384486f-12bc-4587-94b3-9e724b106bda req-a384486f-12bc-4587-94b3-9e724b106bda ] Request (ServerActionsTestJSON:setUpClass): 200 GET http://10.180.1.21/compute/v2.1/servers/2100f73d-d3ca-4e31-9bba-05a5767389fc 0.112s
2024-11-06 05:19:56.400 63479 INFO tempest.lib.common.rest_client [req-0c880704-136a-4e23-8b0d-fae459658148 req-0c880704-136a-4e23-8b0d-fae459658148 ] Request (MigrationsAdminTest:test_resize_server_revert_deleted_flavor): 200 GET http://10.180.1.21/compute/v2.1/servers/a1699619-ba4e-42cb-bf58-28f3a922e36e 0.269s
2024-11-06 05:19:56.454 63453 INFO tempest.lib.common.rest_client [req-6ccf3b28-b188-45b1-9487-c99e6df3b39e req-6ccf3b28-b188-45b1-9487-c99e6df3b39e ] Request (ServersAdmin275Test:tearDownClass): 200 GET http://10.180.1.21/compute/v2.1/servers/aaa64a80-a127-4826-b972-7890e2db03fc 0.145s
2024-11-06 05:19:56.461 63471 INFO tempest.lib.common.rest_client [req-b64ad0a2-b4e9-4263-824e-0f09cf3aa901 req-b64ad0a2-b4e9-4263-824e-0f09cf3aa901 ] Request (AttachInterfacesV270Test:tearDownClass): 200 GET http://10.180.1.21/compute/v2.1/servers/2c6d5788-c767-43ab-aec4-d8bbb69091e3 0.071s
2024-11-06 05:19:56.516 63435 INFO tempest.lib.common.rest_client [req-fbced88b-fe7f-4ddc-91c6-f80f1ce7a292 req-fbced88b-fe7f-4ddc-91c6-f80f1ce7a292 ] Request (ServerDiagnosticsTest:tearDownClass): 200 GET http://10.180.1.21/compute/v2.1/servers/faff9e1b-b31e-4ffe-baa6-a78e9d611f66 0.113s
2024-11-06 05:19:56.519 63477 INFO tempest.lib.common.rest_client [req-91d4ad10-d7fc-4438-952c-d35b955f89f2 req-91d4ad10-d7fc-4438-952c-d35b955f89f2 ] Request (TenantUsagesTestJSON:tearDownClass): 200 GET http://10.180.1.21/compute/v2.1/servers/ae3a2c93-5727-41e1-a4b9-13a9e1bf8aba 0.068s
2024-11-06 05:19:56.571 63475 INFO tempest.lib.common.rest_client [req-e56a8997-6ba7-4732-bfbd-02cee4b502fa req-e56a8997-6ba7-4732-bfbd-02cee4b502fa ] Request (SecurityGroupsTestJSON:test_server_security_groups): 200 GET http://10.180.1.21/compute/v2.1/servers/e5fbf2ee-cbba-4246-a1c5-1bb0bbdcfa4a 0.076s
2024-11-06 05:19:56.576 63469 INFO tempest.lib.common.rest_client [req-2f929199-c812-46ad-981e-0e928ebd2d5e req-2f929199-c812-46ad-981e-0e928ebd2d5e ] Request (ServerShowV257Test:test_rebuild_server): 200 GET http://10.180.1.21/compute/v2.1/servers/4054a81a-097b-4bc1-89e2-276430b36d86 0.114s
2024-11-06 05:19:56.627 63419 INFO tempest.lib.common.rest_client [req-799b9dc7-46c8-46ec-99c4-fc2c6d923a1c req-799b9dc7-46c8-46ec-99c4-fc2c6d923a1c ] Request (FloatingIPsAssociationNegativeTestJSON:setUpClass): 200 GET http://10.180.1.21/compute/v2.1/servers/15e6dedb-15c7-48c2-b71b-92b0f90fccb6 0.088s
2024-11-06 05:19:56.634 63419 INFO tempest.common.waiters [-] State transition "BUILD/None" ==> "BUILD/networking" after 56 second wait
2024-11-06 05:19:56.635 63467 INFO tempest.lib.common.rest_client [req-b5970cc4-4601-4e5d-ad01-6259958c623c req-b5970cc4-4601-4e5d-ad01-6259958c623c ] Request (ServersNegativeTestJSON:setUpClass): 200 GET http://10.180.1.21/compute/v2.1/servers/f6982f8c-65c3-4810-a0f0-19f69b91c8a8 0.125s
2024-11-06 05:19:56.685 63421 INFO tempest.lib.common.rest_client [req-6eebbfad-6503-4025-8820-2fdfa71232b6 req-6eebbfad-6503-4025-8820-2fdfa71232b6 ] Request (ServersAdminTestJSON:test_create_server_with_scheduling_hint): 200 GET http://10.180.1.21/compute/v2.1/servers/9b7b4789-f5fc-44bb-addb-5da6cc9ebd19 0.096s
2024-11-06 05:19:56.692 63459 INFO tempest.lib.common.rest_client [req-2aa8eecf-f287-4b55-a2d4-e8c9c0f20c98 req-2aa8eecf-f287-4b55-a2d4-e8c9c0f20c98 ] Request (DeleteServersTestJSON:test_delete_active_server): 200 GET http://10.180.1.21/compute/v2.1/servers/cf37fa9b-8143-498b-a4c7-49339cafece7 0.118s
2024-11-06 05:19:56.741 63482 INFO tempest.lib.common.rest_client [req-682b1520-cde3-46aa-b4c5-1f5c6ba34c9c req-682b1520-cde3-46aa-b4c5-1f5c6ba34c9c ] Request (ServerRescueTestJSON:setUpClass): 200 GET http://10.180.1.21/compute/v2.1/servers/f9f63912-5751-4448-abc0-22fd50f0cb3f 0.115s
2024-11-06 05:19:56.750 63437 INFO tempest.lib.common.rest_client [req-6cc7940e-52b0-4600-83bf-fe9ce277aadb req-6cc7940e-52b0-4600-83bf-fe9ce277aadb ] Request (ServersWithSpecificFlavorTestJSON:test_verify_created_server_ephemeral_disk): 200 GET http://10.180.1.21/compute/v2.1/servers/c374d737-c6e8-4c18-8219-d197a0023d95 0.110s
2024-11-06 05:19:56.795 63464 INFO tempest.lib.common.rest_client [req-ea81b6ce-f04d-468b-99d8-c71d5d73c2db req-ea81b6ce-f04d-468b-99d8-c71d5d73c2db ] Request (ImagesOneServerTestJSON:setUpClass): 200 GET http://10.180.1.21/compute/v2.1/servers/c62bee0a-0494-4cee-9053-0e7291d20a12 0.077s
2024-11-06 05:19:56.843 63427 INFO tempest.lib.common.rest_client [req-dc31a38e-e8fa-4022-98c6-3e54d969ecb9 req-dc31a38e-e8fa-4022-98c6-3e54d969ecb9 ] Request (ServersTestBootFromVolume:setUpClass): 200 GET http://10.180.1.21/compute/v2.1/servers/73e10bed-7065-48ad-b059-6b904061f4c7 0.053s
2024-11-06 05:19:56.895 63441 INFO tempest.lib.common.rest_client [req-159b9f02-f8f4-4096-9813-c2d1ded875e3 req-159b9f02-f8f4-4096-9813-c2d1ded875e3 ] Request (ServerMetadataNegativeTestJSON:setUpClass): 200 GET http://10.180.1.21/compute/v2.1/servers/bfa4f7f3-f018-490c-b375-812633d50a9a 0.050s
2024-11-06 05:19:56.986 63429 INFO tempest.lib.common.rest_client [req-c9841cf6-e6f0-469b-8b22-85313ddaeb05 req-c9841cf6-e6f0-469b-8b22-85313ddaeb05 ] Request (ServersTestMultiNic:test_verify_duplicate_network_nics): 200 GET http://10.180.1.21/compute/v2.1/servers/59e6c0a7-a37b-452d-93ec-78776be75bd5 0.093s
2024-11-06 05:19:57.149 63443 INFO tempest.lib.common.rest_client [req-1e9deb28-df82-461b-be30-d90e06198d63 req-1e9deb28-df82-461b-be30-d90e06198d63 ] Request (VolumesAdminNegativeTest:test_update_attached_volume_with_nonexistent_volume_in_body): 200 GET http://10.180.1.21/compute/v2.1/servers/4d86f1d5-307e-4cc4-822b-d315fb3e6032 0.047s
2024-11-06 05:19:57.257 63439 INFO tempest.lib.common.rest_client [req-0b219add-7278-42ba-9680-512c839651b6 req-0b219add-7278-42ba-9680-512c839651b6 ] Request (ServerAddressesTestJSON:tearDownClass): 200 GET http://10.180.1.21/compute/v2.1/servers/c4a4c8aa-a2f7-427c-aad6-90a26bfbb909 0.067s
2024-11-06 05:19:57.283 63455 INFO tempest.lib.common.rest_client [req-608e0bb8-982a-45d9-bfc2-28da7ca0bd26 req-608e0bb8-982a-45d9-bfc2-28da7ca0bd26 ] Request (ServersTestManualDisk:setUpClass): 200 GET http://10.180.1.21/compute/v2.1/servers/11406695-1b25-446d-a9a3-05c2382a6219 0.046s
2024-11-06 05:19:57.360 63447 INFO tempest.lib.common.rest_client [req-7a288589-8b11-4706-8a19-54f4927f91cb req-7a288589-8b11-4706-8a19-54f4927f91cb ] Request (ServerDiagnosticsV248Test:tearDownClass): 200 GET http://10.180.1.21/compute/v2.1/servers/aaef4f53-c261-4106-89e1-7e300fbe3ddf 0.057s
2024-11-06 05:19:57.413 63465 INFO tempest.lib.common.rest_client [req-12bcb362-ac34-46fe-a146-34aee701728f req-12bcb362-ac34-46fe-a146-34aee701728f ] Request (FloatingIPsAssociationTestJSON:tearDownClass): 200 GET http://10.180.1.21/compute/v2.1/servers/d7679adb-1756-4b93-953c-6964e758d889 0.060s
2024-11-06 05:19:57.470 63433 INFO tempest.lib.common.rest_client [req-6001ef10-8898-47b1-bc81-21fc35c92440 req-6001ef10-8898-47b1-bc81-21fc35c92440 ] Request (ServerActionsTestJSON:setUpClass): 200 GET http://10.180.1.21/compute/v2.1/servers/2100f73d-d3ca-4e31-9bba-05a5767389fc 0.069s
2024-11-06 05:19:57.477 63479 INFO tempest.lib.common.rest_client [req-31d0c1c1-5cb8-4229-a747-03bbbd5e3cb5 req-31d0c1c1-5cb8-4229-a747-03bbbd5e3cb5 ] Request (MigrationsAdminTest:test_resize_server_revert_deleted_flavor): 200 GET http://10.180.1.21/compute/v2.1/servers/a1699619-ba4e-42cb-bf58-28f3a922e36e 0.066s
2024-11-06 05:19:57.547 63453 INFO tempest.lib.common.rest_client [req-0f52a79a-245a-46d6-9539-1cc7f5d0a8e8 req-0f52a79a-245a-46d6-9539-1cc7f5d0a8e8 ] Request (ServersAdmin275Test:tearDownClass): 200 GET http://10.180.1.21/compute/v2.1/servers/aaa64a80-a127-4826-b972-7890e2db03fc 0.085s
2024-11-06 05:19:57.547 63471 INFO tempest.lib.common.rest_client [req-1ad74824-0210-4160-ba87-039292125327 req-1ad74824-0210-4160-ba87-039292125327 ] Request (AttachInterfacesV270Test:tearDownClass): 200 GET http://10.180.1.21/compute/v2.1/servers/2c6d5788-c767-43ab-aec4-d8bbb69091e3 0.077s
2024-11-06 05:19:57.616 63435 INFO tempest.lib.common.rest_client [req-0a9d57a3-2b31-4b03-8f20-1c66cf5622d2 req-0a9d57a3-2b31-4b03-8f20-1c66cf5622d2 ] Request (ServerDiagnosticsTest:tearDownClass): 200 GET http://10.180.1.21/compute/v2.1/servers/faff9e1b-b31e-4ffe-baa6-a78e9d611f66 0.093s
2024-11-06 05:19:57.618 63477 INFO tempest.lib.common.rest_client [req-b3ad636a-231e-4b9e-802a-808018ee4a23 req-b3ad636a-231e-4b9e-802a-808018ee4a23 ] Request (TenantUsagesTestJSON:tearDownClass): 200 GET http://10.180.1.21/compute/v2.1/servers/ae3a2c93-5727-41e1-a4b9-13a9e1bf8aba 0.091s
2024-11-06 05:19:57.679 63469 INFO tempest.lib.common.rest_client [req-7c1665b4-f543-401a-a8f0-39ee8144336a req-7c1665b4-f543-401a-a8f0-39ee8144336a ] Request (ServerShowV257Test:test_rebuild_server): 200 GET http://10.180.1.21/compute/v2.1/servers/4054a81a-097b-4bc1-89e2-276430b36d86 0.094s
2024-11-06 05:19:57.681 63475 INFO tempest.lib.common.rest_client [req-d5a4fba9-a901-4fc3-986b-4d05aa4e6a93 req-d5a4fba9-a901-4fc3-986b-4d05aa4e6a93 ] Request (SecurityGroupsTestJSON:test_server_security_groups): 200 GET http://10.180.1.21/compute/v2.1/servers/e5fbf2ee-cbba-4246-a1c5-1bb0bbdcfa4a 0.103s
2024-11-06 05:19:57.744 63467 INFO tempest.lib.common.rest_client [req-1882e5f5-b866-44b3-ba95-45e57d88837c req-1882e5f5-b866-44b3-ba95-45e57d88837c ] Request (ServersNegativeTestJSON:setUpClass): 200 GET http://10.180.1.21/compute/v2.1/servers/f6982f8c-65c3-4810-a0f0-19f69b91c8a8 0.097s
2024-11-06 05:19:57.799 63421 INFO tempest.lib.common.rest_client [req-bf79fa42-b57a-4c2e-9928-80b485a51beb req-bf79fa42-b57a-4c2e-9928-80b485a51beb ] Request (ServersAdminTestJSON:test_create_server_with_scheduling_hint): 200 GET http://10.180.1.21/compute/v2.1/servers/9b7b4789-f5fc-44bb-addb-5da6cc9ebd19 0.105s
2024-11-06 05:19:57.842 63419 INFO tempest.lib.common.rest_client [req-126fff15-d212-4c01-a4eb-4413c774b47a req-126fff15-d212-4c01-a4eb-4413c774b47a ] Request (FloatingIPsAssociationNegativeTestJSON:setUpClass): 200 GET http://10.180.1.21/compute/v2.1/servers/15e6dedb-15c7-48c2-b71b-92b0f90fccb6 0.207s
2024-11-06 05:19:57.848 63419 INFO tempest.common.waiters [-] State transition "BUILD/networking" ==> "BUILD/spawning" after 57 second wait
2024-11-06 05:19:57.848 63459 INFO tempest.lib.common.rest_client [req-33d59e29-2817-4a73-97ea-3a311894bfba req-33d59e29-2817-4a73-97ea-3a311894bfba ] Request (DeleteServersTestJSON:test_delete_active_server): 200 GET http://10.180.1.21/compute/v2.1/servers/cf37fa9b-8143-498b-a4c7-49339cafece7 0.148s
2024-11-06 05:19:57.893 63482 INFO tempest.lib.common.rest_client [req-e59b5ae2-f33b-40fb-9887-0b735a495c26 req-e59b5ae2-f33b-40fb-9887-0b735a495c26 ] Request (ServerRescueTestJSON:setUpClass): 200 GET http://10.180.1.21/compute/v2.1/servers/f9f63912-5751-4448-abc0-22fd50f0cb3f 0.142s
2024-11-06 05:19:57.898 63437 INFO tempest.lib.common.rest_client [req-2c269e3b-882f-435d-86f7-59a8541abf6c req-2c269e3b-882f-435d-86f7-59a8541abf6c ] Request (ServersWithSpecificFlavorTestJSON:test_verify_created_server_ephemeral_disk): 200 GET http://10.180.1.21/compute/v2.1/servers/c374d737-c6e8-4c18-8219-d197a0023d95 0.140s
2024-11-06 05:19:57.938 63464 INFO tempest.lib.common.rest_client [req-1f8285b8-cd70-4eb1-9ee0-6b7c4f3e37df req-1f8285b8-cd70-4eb1-9ee0-6b7c4f3e37df ] Request (ImagesOneServerTestJSON:setUpClass): 200 GET http://10.180.1.21/compute/v2.1/servers/c62bee0a-0494-4cee-9053-0e7291d20a12 0.133s
2024-11-06 05:19:57.943 63427 INFO tempest.lib.common.rest_client [req-9d8aaef9-95a8-41e2-8354-ffdb2cbe8851 req-9d8aaef9-95a8-41e2-8354-ffdb2cbe8851 ] Request (ServersTestBootFromVolume:setUpClass): 200 GET http://10.180.1.21/compute/v2.1/servers/73e10bed-7065-48ad-b059-6b904061f4c7 0.092s
2024-11-06 05:19:57.977 63441 INFO tempest.lib.common.rest_client [req-f3ffd25d-95c2-4837-8fd8-5ab756077d4a req-f3ffd25d-95c2-4837-8fd8-5ab756077d4a ] Request (ServerMetadataNegativeTestJSON:setUpClass): 200 GET http://10.180.1.21/compute/v2.1/servers/bfa4f7f3-f018-490c-b375-812633d50a9a 0.076s
2024-11-06 05:19:58.083 63429 INFO tempest.lib.common.rest_client [req-f1b5f9b2-eea8-431b-9398-738d5fdc8833 req-f1b5f9b2-eea8-431b-9398-738d5fdc8833 ] Request (ServersTestMultiNic:test_verify_duplicate_network_nics): 200 GET http://10.180.1.21/compute/v2.1/servers/59e6c0a7-a37b-452d-93ec-78776be75bd5 0.090s
2024-11-06 05:19:58.208 63443 INFO tempest.lib.common.rest_client [req-ff607c2e-4ac0-44cf-955e-54cb17e95d03 req-ff607c2e-4ac0-44cf-955e-54cb17e95d03 ] Request (VolumesAdminNegativeTest:test_update_attached_volume_with_nonexistent_volume_in_body): 200 GET http://10.180.1.21/compute/v2.1/servers/4d86f1d5-307e-4cc4-822b-d315fb3e6032 0.052s
2024-11-06 05:19:58.319 63439 INFO tempest.lib.common.rest_client [req-dcb2fa69-9dfd-4898-b2dd-84f9e2e1a833 req-dcb2fa69-9dfd-4898-b2dd-84f9e2e1a833 ] Request (ServerAddressesTestJSON:tearDownClass): 200 GET http://10.180.1.21/compute/v2.1/servers/c4a4c8aa-a2f7-427c-aad6-90a26bfbb909 0.054s
2024-11-06 05:19:58.337 63455 INFO tempest.lib.common.rest_client [req-cf93b3b1-46cb-4f41-a189-d0c3c2809f84 req-cf93b3b1-46cb-4f41-a189-d0c3c2809f84 ] Request (ServersTestManualDisk:setUpClass): 200 GET http://10.180.1.21/compute/v2.1/servers/11406695-1b25-446d-a9a3-05c2382a6219 0.048s
2024-11-06 05:19:58.424 63447 INFO tempest.lib.common.rest_client [req-eb41d36a-8255-4737-bbfb-ab44bffdf399 req-eb41d36a-8255-4737-bbfb-ab44bffdf399 ] Request (ServerDiagnosticsV248Test:tearDownClass): 200 GET http://10.180.1.21/compute/v2.1/servers/aaef4f53-c261-4106-89e1-7e300fbe3ddf 0.056s
2024-11-06 05:19:58.471 63465 INFO tempest.lib.common.rest_client [req-4ee70e2b-4683-44ae-ab1d-1a4555b94493 req-4ee70e2b-4683-44ae-ab1d-1a4555b94493 ] Request (FloatingIPsAssociationTestJSON:tearDownClass): 200 GET http://10.180.1.21/compute/v2.1/servers/d7679adb-1756-4b93-953c-6964e758d889 0.051s
2024-11-06 05:19:58.525 63433 INFO tempest.lib.common.rest_client [req-0518a8c2-732a-49dc-8fe9-5587c9cd4617 req-0518a8c2-732a-49dc-8fe9-5587c9cd4617 ] Request (ServerActionsTestJSON:setUpClass): 200 GET http://10.180.1.21/compute/v2.1/servers/2100f73d-d3ca-4e31-9bba-05a5767389fc 0.048s
2024-11-06 05:19:58.531 63479 INFO tempest.lib.common.rest_client [req-2e470c89-08e6-485e-b4dc-df51820b451e req-2e470c89-08e6-485e-b4dc-df51820b451e ] Request (MigrationsAdminTest:test_resize_server_revert_deleted_flavor): 200 GET http://10.180.1.21/compute/v2.1/servers/a1699619-ba4e-42cb-bf58-28f3a922e36e 0.047s
2024-11-06 05:19:58.620 63471 INFO tempest.lib.common.rest_client [req-b742a5ed-a90d-48a6-9976-3a99c255d3ef req-b742a5ed-a90d-48a6-9976-3a99c255d3ef ] Request (AttachInterfacesV270Test:tearDownClass): 200 GET http://10.180.1.21/compute/v2.1/servers/2c6d5788-c767-43ab-aec4-d8bbb69091e3 0.060s
2024-11-06 05:19:58.623 63453 INFO tempest.lib.common.rest_client [req-edd16e82-a67e-4bc8-968e-c6489264ea1f req-edd16e82-a67e-4bc8-968e-c6489264ea1f ] Request (ServersAdmin275Test:tearDownClass): 200 GET http://10.180.1.21/compute/v2.1/servers/aaa64a80-a127-4826-b972-7890e2db03fc 0.067s
2024-11-06 05:19:58.871 63477 INFO tempest.lib.common.rest_client [req-cea532bd-f33c-400e-bf38-42392aab6925 req-cea532bd-f33c-400e-bf38-42392aab6925 ] Request (TenantUsagesTestJSON:tearDownClass): 200 GET http://10.180.1.21/compute/v2.1/servers/ae3a2c93-5727-41e1-a4b9-13a9e1bf8aba 0.244s
2024-11-06 05:19:58.872 63435 INFO tempest.lib.common.rest_client [req-6b6da292-a21e-4146-8c71-df06c444e36b req-6b6da292-a21e-4146-8c71-df06c444e36b ] Request (ServerDiagnosticsTest:tearDownClass): 200 GET http://10.180.1.21/compute/v2.1/servers/faff9e1b-b31e-4ffe-baa6-a78e9d611f66 0.245s
2024-11-06 05:19:58.927 63475 INFO tempest.lib.common.rest_client [req-6a460624-99f6-4193-9379-37aba2de27bb req-6a460624-99f6-4193-9379-37aba2de27bb ] Request (SecurityGroupsTestJSON:test_server_security_groups): 200 GET http://10.180.1.21/compute/v2.1/servers/e5fbf2ee-cbba-4246-a1c5-1bb0bbdcfa4a 0.239s
2024-11-06 05:19:58.932 63469 INFO tempest.lib.common.rest_client [req-9f199b41-7747-485f-92fe-d2df7013e177 req-9f199b41-7747-485f-92fe-d2df7013e177 ] Request (ServerShowV257Test:test_rebuild_server): 200 GET http://10.180.1.21/compute/v2.1/servers/4054a81a-097b-4bc1-89e2-276430b36d86 0.243s
2024-11-06 05:19:58.992 63421 INFO tempest.lib.common.rest_client [req-86866116-9fef-4ea9-950f-6bfdfb78db76 req-86866116-9fef-4ea9-950f-6bfdfb78db76 ] Request (ServersAdminTestJSON:test_create_server_with_scheduling_hint): 200 GET http://10.180.1.21/compute/v2.1/servers/9b7b4789-f5fc-44bb-addb-5da6cc9ebd19 0.185s
2024-11-06 05:19:58.996 63467 INFO tempest.lib.common.rest_client [req-e46bfce2-3fa1-4a72-a85f-a659cc5fd6ed req-e46bfce2-3fa1-4a72-a85f-a659cc5fd6ed ] Request (ServersNegativeTestJSON:setUpClass): 200 GET http://10.180.1.21/compute/v2.1/servers/f6982f8c-65c3-4810-a0f0-19f69b91c8a8 0.244s
2024-11-06 05:19:59.071 63459 INFO tempest.lib.common.rest_client [req-3142de80-42e4-4327-83e1-145fdb4a0793 req-3142de80-42e4-4327-83e1-145fdb4a0793 ] Request (DeleteServersTestJSON:test_delete_active_server): 200 GET http://10.180.1.21/compute/v2.1/servers/cf37fa9b-8143-498b-a4c7-49339cafece7 0.217s
2024-11-06 05:19:59.096 63461 WARNING tempest.lib.common.ssh [-] Failed to establish authenticated ssh connection to cirros@10.180.180.189 ([Errno None] Unable to connect to port 22 on 10.180.180.189). Number attempts: 3. Retry after 4 seconds.: paramiko.ssh_exception.NoValidConnectionsError: [Errno None] Unable to connect to port 22 on 10.180.180.189
2024-11-06 05:19:59.123 63482 INFO tempest.lib.common.rest_client [req-b6c39f4c-548a-4741-b087-91aaee5371bf req-b6c39f4c-548a-4741-b087-91aaee5371bf ] Request (ServerRescueTestJSON:setUpClass): 200 GET http://10.180.1.21/compute/v2.1/servers/f9f63912-5751-4448-abc0-22fd50f0cb3f 0.220s
2024-11-06 05:19:59.166 63419 INFO tempest.lib.common.rest_client [req-ac8acd7c-0795-408d-8189-817d77daaaf2 req-ac8acd7c-0795-408d-8189-817d77daaaf2 ] Request (FloatingIPsAssociationNegativeTestJSON:setUpClass): 200 GET http://10.180.1.21/compute/v2.1/servers/15e6dedb-15c7-48c2-b71b-92b0f90fccb6 0.314s
2024-11-06 05:19:59.170 63437 INFO tempest.lib.common.rest_client [req-ab775022-5d50-40d5-a9d8-15c87a664c4e req-ab775022-5d50-40d5-a9d8-15c87a664c4e ] Request (ServersWithSpecificFlavorTestJSON:test_verify_created_server_ephemeral_disk): 200 GET http://10.180.1.21/compute/v2.1/servers/c374d737-c6e8-4c18-8219-d197a0023d95 0.264s
2024-11-06 05:19:59.226 63464 INFO tempest.lib.common.rest_client [req-fcaf6ec3-566c-4c2b-97c0-507c48e6e253 req-fcaf6ec3-566c-4c2b-97c0-507c48e6e253 ] Request (ImagesOneServerTestJSON:setUpClass): 200 GET http://10.180.1.21/compute/v2.1/servers/c62bee0a-0494-4cee-9053-0e7291d20a12 0.280s
2024-11-06 05:19:59.230 63427 INFO tempest.lib.common.rest_client [req-0b5c39d4-db07-4483-ab41-f5d9bea49b68 req-0b5c39d4-db07-4483-ab41-f5d9bea49b68 ] Request (ServersTestBootFromVolume:setUpClass): 200 GET http://10.180.1.21/compute/v2.1/servers/73e10bed-7065-48ad-b059-6b904061f4c7 0.281s
2024-11-06 05:19:59.233 63464 INFO tempest.common.waiters [-] State transition "BUILD/None" ==> "BUILD/networking" after 56 second wait
2024-11-06 05:19:59.280 63441 INFO tempest.lib.common.rest_client [req-b035b11e-1c6e-4b0c-917d-4747d49f3fd5 req-b035b11e-1c6e-4b0c-917d-4747d49f3fd5 ] Request (ServerMetadataNegativeTestJSON:setUpClass): 200 GET http://10.180.1.21/compute/v2.1/servers/bfa4f7f3-f018-490c-b375-812633d50a9a 0.295s
2024-11-06 05:19:59.323 63443 INFO tempest.lib.common.rest_client [req-3f36300d-a0c2-4930-88bf-fead38fc86c5 req-3f36300d-a0c2-4930-88bf-fead38fc86c5 ] Request (VolumesAdminNegativeTest:test_update_attached_volume_with_nonexistent_volume_in_body): 200 GET http://10.180.1.21/compute/v2.1/servers/4d86f1d5-307e-4cc4-822b-d315fb3e6032 0.108s
2024-11-06 05:19:59.337 63429 INFO tempest.lib.common.rest_client [req-d409390a-f3d0-493e-bf43-d42dcd702c06 req-d409390a-f3d0-493e-bf43-d42dcd702c06 ] Request (ServersTestMultiNic:test_verify_duplicate_network_nics): 200 GET http://10.180.1.21/compute/v2.1/servers/59e6c0a7-a37b-452d-93ec-78776be75bd5 0.247s
2024-11-06 05:19:59.385 63439 INFO tempest.lib.common.rest_client [req-4662d587-a701-465f-b7a2-ad32f5a5708c req-4662d587-a701-465f-b7a2-ad32f5a5708c ] Request (ServerAddressesTestJSON:tearDownClass): 200 GET http://10.180.1.21/compute/v2.1/servers/c4a4c8aa-a2f7-427c-aad6-90a26bfbb909 0.059s
2024-11-06 05:19:59.393 63455 INFO tempest.lib.common.rest_client [req-06e2fedf-51a2-43e8-aca3-b74b3ad8ef2d req-06e2fedf-51a2-43e8-aca3-b74b3ad8ef2d ] Request (ServersTestManualDisk:setUpClass): 200 GET http://10.180.1.21/compute/v2.1/servers/11406695-1b25-446d-a9a3-05c2382a6219 0.050s
2024-11-06 05:19:59.490 63447 INFO tempest.lib.common.rest_client [req-4ef76465-cb7c-484a-9465-5e95bb3cfb6f req-4ef76465-cb7c-484a-9465-5e95bb3cfb6f ] Request (ServerDiagnosticsV248Test:tearDownClass): 200 GET http://10.180.1.21/compute/v2.1/servers/aaef4f53-c261-4106-89e1-7e300fbe3ddf 0.057s
2024-11-06 05:19:59.542 63465 INFO tempest.lib.common.rest_client [req-6ee495e5-44ce-4140-bf03-46f0a729f13b req-6ee495e5-44ce-4140-bf03-46f0a729f13b ] Request (FloatingIPsAssociationTestJSON:tearDownClass): 200 GET http://10.180.1.21/compute/v2.1/servers/d7679adb-1756-4b93-953c-6964e758d889 0.063s
2024-11-06 05:19:59.580 63433 INFO tempest.lib.common.rest_client [req-542916e0-9c2e-4692-86a6-fcbe8ce60851 req-542916e0-9c2e-4692-86a6-fcbe8ce60851 ] Request (ServerActionsTestJSON:setUpClass): 200 GET http://10.180.1.21/compute/v2.1/servers/2100f73d-d3ca-4e31-9bba-05a5767389fc 0.048s
2024-11-06 05:19:59.596 63479 INFO tempest.lib.common.rest_client [req-dcb0b425-22a8-4d85-ab25-945fe3c8da9d req-dcb0b425-22a8-4d85-ab25-945fe3c8da9d ] Request (MigrationsAdminTest:test_resize_server_revert_deleted_flavor): 200 GET http://10.180.1.21/compute/v2.1/servers/a1699619-ba4e-42cb-bf58-28f3a922e36e 0.058s
2024-11-06 05:19:59.690 63471 INFO tempest.lib.common.rest_client [req-9886ea38-23a0-454f-ad6f-1979d8c111a4 req-9886ea38-23a0-454f-ad6f-1979d8c111a4 ] Request (AttachInterfacesV270Test:tearDownClass): 200 GET http://10.180.1.21/compute/v2.1/servers/2c6d5788-c767-43ab-aec4-d8bbb69091e3 0.061s
2024-11-06 05:19:59.697 63453 INFO tempest.lib.common.rest_client [req-d94ea263-255e-4944-b567-f3f882d76e61 req-d94ea263-255e-4944-b567-f3f882d76e61 ] Request (ServersAdmin275Test:tearDownClass): 200 GET http://10.180.1.21/compute/v2.1/servers/aaa64a80-a127-4826-b972-7890e2db03fc 0.066s
2024-11-06 05:19:59.902 63477 INFO tempest.lib.common.rest_client [req-83b9dbda-e615-4f25-bace-7f3bc4e8e533 req-83b9dbda-e615-4f25-bace-7f3bc4e8e533 ] Request (TenantUsagesTestJSON:tearDownClass): 404 GET http://10.180.1.21/compute/v2.1/servers/ae3a2c93-5727-41e1-a4b9-13a9e1bf8aba 0.021s
2024-11-06 05:19:59.931 63435 INFO tempest.lib.common.rest_client [req-29ad62b8-e7ac-4192-92a9-c05c02954150 req-29ad62b8-e7ac-4192-92a9-c05c02954150 ] Request (ServerDiagnosticsTest:tearDownClass): 200 GET http://10.180.1.21/compute/v2.1/servers/faff9e1b-b31e-4ffe-baa6-a78e9d611f66 0.052s
2024-11-06 05:19:59.995 63475 INFO tempest.lib.common.rest_client [req-401e0032-68e9-4def-88aa-97b7d22b4bf3 req-401e0032-68e9-4def-88aa-97b7d22b4bf3 ] Request (SecurityGroupsTestJSON:test_server_security_groups): 200 GET http://10.180.1.21/compute/v2.1/servers/e5fbf2ee-cbba-4246-a1c5-1bb0bbdcfa4a 0.061s
2024-11-06 05:19:59.999 63477 INFO tempest.lib.common.rest_client [req-42308365-828e-4131-aca7-ea482cd46910 req-42308365-828e-4131-aca7-ea482cd46910 ] Request (TenantUsagesTestJSON:tearDownClass): 204 DELETE http://10.180.1.21/identity/v3/users/07915b17a46248f3a9d249f9052bbef1 0.096s
2024-11-06 05:20:00.006 63469 INFO tempest.lib.common.rest_client [req-aa3f7ebc-14fc-47c9-adfb-c27287233cb8 req-aa3f7ebc-14fc-47c9-adfb-c27287233cb8 ] Request (ServerShowV257Test:test_rebuild_server): 200 GET http://10.180.1.21/compute/v2.1/servers/4054a81a-097b-4bc1-89e2-276430b36d86 0.066s
2024-11-06 05:20:00.048 63421 INFO tempest.lib.common.rest_client [req-17caac7d-d9f8-4e67-b777-2a95d69cc349 req-17caac7d-d9f8-4e67-b777-2a95d69cc349 ] Request (ServersAdminTestJSON:test_create_server_with_scheduling_hint): 200 GET http://10.180.1.21/compute/v2.1/servers/9b7b4789-f5fc-44bb-addb-5da6cc9ebd19 0.049s
2024-11-06 05:20:00.071 63467 INFO tempest.lib.common.rest_client [req-99c4b930-0de9-449f-9263-499007b79d20 req-99c4b930-0de9-449f-9263-499007b79d20 ] Request (ServersNegativeTestJSON:setUpClass): 200 GET http://10.180.1.21/compute/v2.1/servers/f6982f8c-65c3-4810-a0f0-19f69b91c8a8 0.064s
2024-11-06 05:20:00.084 63477 INFO tempest.lib.common.rest_client [req-a97400dd-fc14-486e-9020-7dbba28b72a6 req-a97400dd-fc14-486e-9020-7dbba28b72a6 ] Request (TenantUsagesTestJSON:tearDownClass): 204 DELETE http://10.180.1.21/identity/v3/users/761d07044d5146a39f8a93abace4fd86 0.085s
2024-11-06 05:20:00.085 63477 INFO tempest.lib.common.dynamic_creds [-] Deleting project and security group for project: 371ab7b4fbe34712896a636568ea9d04
2024-11-06 05:20:00.137 63477 INFO tempest.lib.common.rest_client [req-4825fd92-19e5-4368-a459-114c85f33ead req-4825fd92-19e5-4368-a459-114c85f33ead ] Request (TenantUsagesTestJSON:tearDownClass): 201 POST http://10.180.1.21/identity/v3/auth/tokens 0.052s
2024-11-06 05:20:00.142 63459 INFO tempest.lib.common.rest_client [req-d94cbb19-9086-4979-af47-ffd4d7a873ea req-d94cbb19-9086-4979-af47-ffd4d7a873ea ] Request (DeleteServersTestJSON:test_delete_active_server): 200 GET http://10.180.1.21/compute/v2.1/servers/cf37fa9b-8143-498b-a4c7-49339cafece7 0.056s
2024-11-06 05:20:00.190 63482 INFO tempest.lib.common.rest_client [req-d5127338-da64-4a89-b555-43b1b5e1b5b2 req-d5127338-da64-4a89-b555-43b1b5e1b5b2 ] Request (ServerRescueTestJSON:setUpClass): 200 GET http://10.180.1.21/compute/v2.1/servers/f9f63912-5751-4448-abc0-22fd50f0cb3f 0.058s
2024-11-06 05:20:00.252 63437 INFO tempest.lib.common.rest_client [req-ca05ea4b-78c3-4932-b738-c61203444ecf req-ca05ea4b-78c3-4932-b738-c61203444ecf ] Request (ServersWithSpecificFlavorTestJSON:test_verify_created_server_ephemeral_disk): 200 GET http://10.180.1.21/compute/v2.1/servers/c374d737-c6e8-4c18-8219-d197a0023d95 0.075s
2024-11-06 05:20:00.258 63477 INFO tempest.lib.common.rest_client [req-d51898f3-bb1e-4a37-b203-6a0b8d7752d9 req-d51898f3-bb1e-4a37-b203-6a0b8d7752d9 ] Request (TenantUsagesTestJSON:tearDownClass): 200 GET http://10.180.1.21:9696/networking/v2.0/security-groups?tenant_id=371ab7b4fbe34712896a636568ea9d04&name=default 0.120s
2024-11-06 05:20:00.302 63419 INFO tempest.lib.common.rest_client [req-8d8b690f-1e8e-4e58-b005-08c448fb7a74 req-8d8b690f-1e8e-4e58-b005-08c448fb7a74 ] Request (FloatingIPsAssociationNegativeTestJSON:setUpClass): 200 GET http://10.180.1.21/compute/v2.1/servers/15e6dedb-15c7-48c2-b71b-92b0f90fccb6 0.128s
2024-11-06 05:20:00.347 63477 INFO tempest.lib.common.rest_client [req-7599d214-6664-4b56-9299-69850813f5e9 req-7599d214-6664-4b56-9299-69850813f5e9 ] Request (TenantUsagesTestJSON:tearDownClass): 204 DELETE http://10.180.1.21:9696/networking/v2.0/security-groups/38a9ff67-e477-4552-a1ea-d9d54d9b178e 0.088s
2024-11-06 05:20:00.360 63427 INFO tempest.lib.common.rest_client [req-f96de030-7306-414a-b8ea-a947cad19e42 req-f96de030-7306-414a-b8ea-a947cad19e42 ] Request (ServersTestBootFromVolume:setUpClass): 200 GET http://10.180.1.21/compute/v2.1/servers/73e10bed-7065-48ad-b059-6b904061f4c7 0.121s
2024-11-06 05:20:00.396 63464 INFO tempest.lib.common.rest_client [req-0b88e7c3-4a85-44af-a281-405e76fbc94e req-0b88e7c3-4a85-44af-a281-405e76fbc94e ] Request (ImagesOneServerTestJSON:setUpClass): 200 GET http://10.180.1.21/compute/v2.1/servers/c62bee0a-0494-4cee-9053-0e7291d20a12 0.161s
2024-11-06 05:20:00.402 63464 INFO tempest.common.waiters [-] State transition "BUILD/networking" ==> "BUILD/spawning" after 57 second wait
2024-11-06 05:20:00.431 63477 INFO tempest.lib.common.rest_client [req-47da1248-fdf8-4cab-aace-8fc56fcfba51 req-47da1248-fdf8-4cab-aace-8fc56fcfba51 ] Request (TenantUsagesTestJSON:tearDownClass): 204 DELETE http://10.180.1.21/identity/v3/projects/371ab7b4fbe34712896a636568ea9d04 0.083s
2024-11-06 05:20:00.431 63477 INFO tempest.lib.common.dynamic_creds [-] Deleting project and security group for project: 4a13c02f166b4b53b826850892314f61
2024-11-06 05:20:00.433 63441 INFO tempest.lib.common.rest_client [req-d8fd71b1-9e62-4e68-8bf7-c5822699a588 req-d8fd71b1-9e62-4e68-8bf7-c5822699a588 ] Request (ServerMetadataNegativeTestJSON:setUpClass): 200 GET http://10.180.1.21/compute/v2.1/servers/bfa4f7f3-f018-490c-b375-812633d50a9a 0.145s
2024-11-06 05:20:00.447 63443 INFO tempest.lib.common.rest_client [req-7efff21a-2994-4ad1-8813-7cf4594665f6 req-7efff21a-2994-4ad1-8813-7cf4594665f6 ] Request (VolumesAdminNegativeTest:test_update_attached_volume_with_nonexistent_volume_in_body): 200 GET http://10.180.1.21/compute/v2.1/servers/4d86f1d5-307e-4cc4-822b-d315fb3e6032 0.118s
2024-11-06 05:20:00.509 63439 INFO tempest.lib.common.rest_client [req-e6b4c33f-250f-46e7-be32-2ba986821d20 req-e6b4c33f-250f-46e7-be32-2ba986821d20 ] Request (ServerAddressesTestJSON:tearDownClass): 200 GET http://10.180.1.21/compute/v2.1/servers/c4a4c8aa-a2f7-427c-aad6-90a26bfbb909 0.115s
2024-11-06 05:20:00.541 63477 INFO tempest.lib.common.rest_client [req-749da818-07f6-4d7b-9cfa-effc312cc350 req-749da818-07f6-4d7b-9cfa-effc312cc350 ] Request (TenantUsagesTestJSON:tearDownClass): 200 GET http://10.180.1.21:9696/networking/v2.0/security-groups?tenant_id=4a13c02f166b4b53b826850892314f61&name=default 0.109s
2024-11-06 05:20:00.563 63455 INFO tempest.lib.common.rest_client [req-646eff0b-a1ab-4a3d-8635-508854863918 req-646eff0b-a1ab-4a3d-8635-508854863918 ] Request (ServersTestManualDisk:setUpClass): 200 GET http://10.180.1.21/compute/v2.1/servers/11406695-1b25-446d-a9a3-05c2382a6219 0.161s
2024-11-06 05:20:00.586 63429 INFO tempest.lib.common.rest_client [req-18b21450-771d-4761-8610-969144bef516 req-18b21450-771d-4761-8610-969144bef516 ] Request (ServersTestMultiNic:test_verify_duplicate_network_nics): 200 GET http://10.180.1.21/compute/v2.1/servers/59e6c0a7-a37b-452d-93ec-78776be75bd5 0.243s
2024-11-06 05:20:00.623 63477 INFO tempest.lib.common.rest_client [req-12acbb74-486a-4f87-a2ea-f53e86fa1acf req-12acbb74-486a-4f87-a2ea-f53e86fa1acf ] Request (TenantUsagesTestJSON:tearDownClass): 204 DELETE http://10.180.1.21:9696/networking/v2.0/security-groups/d165b1a3-b7b2-470e-bbd9-96529e011f33 0.082s
2024-11-06 05:20:00.624 63447 INFO tempest.lib.common.rest_client [req-ab5fc1d6-61ab-4d0c-ad1e-dc7797bbc499 req-ab5fc1d6-61ab-4d0c-ad1e-dc7797bbc499 ] Request (ServerDiagnosticsV248Test:tearDownClass): 200 GET http://10.180.1.21/compute/v2.1/servers/aaef4f53-c261-4106-89e1-7e300fbe3ddf 0.126s
2024-11-06 05:20:00.653 63465 INFO tempest.lib.common.rest_client [req-fa8a595e-72cc-4dca-99c6-748d3b45fa41 req-fa8a595e-72cc-4dca-99c6-748d3b45fa41 ] Request (FloatingIPsAssociationTestJSON:tearDownClass): 200 GET http://10.180.1.21/compute/v2.1/servers/d7679adb-1756-4b93-953c-6964e758d889 0.103s
2024-11-06 05:20:00.674 63433 INFO tempest.lib.common.rest_client [req-21735fbf-2b0f-45f9-b608-66794a65e6f3 req-21735fbf-2b0f-45f9-b608-66794a65e6f3 ] Request (ServerActionsTestJSON:setUpClass): 200 GET http://10.180.1.21/compute/v2.1/servers/2100f73d-d3ca-4e31-9bba-05a5767389fc 0.085s
2024-11-06 05:20:00.702 63479 INFO tempest.lib.common.rest_client [req-704e87cc-250a-497a-932b-a250780779c8 req-704e87cc-250a-497a-932b-a250780779c8 ] Request (MigrationsAdminTest:test_resize_server_revert_deleted_flavor): 200 GET http://10.180.1.21/compute/v2.1/servers/a1699619-ba4e-42cb-bf58-28f3a922e36e 0.097s
2024-11-06 05:20:00.729 63477 INFO tempest.lib.common.rest_client [req-aff0446a-82bf-4eaf-adca-b411f3c4a311 req-aff0446a-82bf-4eaf-adca-b411f3c4a311 ] Request (TenantUsagesTestJSON:tearDownClass): 204 DELETE http://10.180.1.21/identity/v3/projects/4a13c02f166b4b53b826850892314f61 0.104s
2024-11-06 05:20:00.754 63471 INFO tempest.lib.common.rest_client [req-439ee52a-9e80-44fc-8608-d27c5800e97b req-439ee52a-9e80-44fc-8608-d27c5800e97b ] Request (AttachInterfacesV270Test:tearDownClass): 200 GET http://10.180.1.21/compute/v2.1/servers/2c6d5788-c767-43ab-aec4-d8bbb69091e3 0.055s
2024-11-06 05:20:00.767 63453 INFO tempest.lib.common.rest_client [req-f1abc564-f2fe-4d2e-90f8-d09a5b712d33 req-f1abc564-f2fe-4d2e-90f8-d09a5b712d33 ] Request (ServersAdmin275Test:tearDownClass): 200 GET http://10.180.1.21/compute/v2.1/servers/aaa64a80-a127-4826-b972-7890e2db03fc 0.061s
2024-11-06 05:20:00.784 63477 INFO tempest.lib.common.rest_client [req-c52cd7fc-6c0e-48ed-9c71-97a1cb323a7d req-c52cd7fc-6c0e-48ed-9c71-97a1cb323a7d ] Request (ImagesOneServerNegativeTestJSON:setUpClass): 201 POST http://10.180.1.21/identity/v3/auth/tokens 0.053s
2024-11-06 05:20:00.814 63477 INFO tempest.lib.common.rest_client [req-496c8fc5-4cf0-4fd5-9e7d-34c8f00df39e req-496c8fc5-4cf0-4fd5-9e7d-34c8f00df39e ] Request (ImagesOneServerNegativeTestJSON:setUpClass): 201 POST http://10.180.1.21/identity/v3/auth/tokens 0.027s
2024-11-06 05:20:00.834 63477 INFO tempest.lib.common.rest_client [req-417d25d4-f43f-4e76-8185-39f9020168bb req-417d25d4-f43f-4e76-8185-39f9020168bb ] Request (ImagesOneServerNegativeTestJSON:setUpClass): 200 GET http://10.180.1.21/identity/v3/domains?name=Default 0.019s
