2024-11-06 05:18:25.280 63421 INFO tempest.lib.common.rest_client [req-3c1a3bcd-bc3a-4e0e-9adb-a515fe85645f req-3c1a3bcd-bc3a-4e0e-9adb-a515fe85645f ] Request (SecurityGroupsTestAdminJSON:tearDownClass): 204 DELETE http://10.180.1.21/identity/v3/users/cf848d88c93a4a00a6ba37b43bd51a30 0.142s
2024-11-06 05:18:25.354 63453 INFO tempest.lib.common.rest_client [req-da2998d3-efc5-4353-be9c-26e6ad7aff1a req-da2998d3-efc5-4353-be9c-26e6ad7aff1a ] Request (FlavorsAccessTestJSON:tearDownClass): 204 DELETE http://10.180.1.21:9696/networking/v2.0/security-groups/53588f04-e08e-4c2f-96f7-b654482a71f0 0.369s
2024-11-06 05:18:25.421 63421 INFO tempest.lib.common.rest_client [req-2a53f5ed-db38-4417-97ae-0d95d9e0ed23 req-2a53f5ed-db38-4417-97ae-0d95d9e0ed23 ] Request (SecurityGroupsTestAdminJSON:tearDownClass): 204 DELETE http://10.180.1.21/identity/v3/users/5d06268db0fc4f55a720a0ba8e2ec9f3 0.140s
2024-11-06 05:18:25.421 63421 INFO tempest.lib.common.dynamic_creds [-] Deleting project and security group for project: a750e8982ae74a158fd8109bfae14a31
2024-11-06 05:18:25.429 63453 INFO tempest.lib.common.rest_client [req-f3409ce2-f293-4fd5-991b-87d737f2baac req-f3409ce2-f293-4fd5-991b-87d737f2baac ] Request (FlavorsAccessTestJSON:tearDownClass): 204 DELETE http://10.180.1.21/identity/v3/projects/80a1416f2e4942a19163171dd85bcdab 0.074s
2024-11-06 05:18:25.429 63453 INFO tempest.lib.common.dynamic_creds [-] Deleting project and security group for project: 14ee5ccb4f24450b9b74b6b7c2e120ee
2024-11-06 05:18:25.433 63439 INFO tempest.lib.common.rest_client [req-a4629f09-3c06-4411-b4db-d71e14efa44f req-a4629f09-3c06-4411-b4db-d71e14efa44f ] Request (ImagesMetadataTestJSON:test_set_image_metadata): 200 PUT http://10.180.1.21/compute/v2.1/images/92a0209d-1a3e-4f6f-ac31-069e8ef3e294/metadata 1.371s
2024-11-06 05:18:25.445 63443 INFO tempest.lib.common.rest_client [req-5599f0c5-84f2-4016-af64-8d5e386a9cb4 req-5599f0c5-84f2-4016-af64-8d5e386a9cb4 ] Request (FlavorsExtraSpecsNegativeTestJSON:test_flavor_update_mismatch_key): 400 PUT http://10.180.1.21/compute/v2.1/flavors/2126202825/os-extra_specs/hw:numa_nodes 1.365s
2024-11-06 05:18:25.478 63419 INFO tempest.lib.common.rest_client [req-8d26f0df-44cf-4bc0-8950-a387f4c92309 req-8d26f0df-44cf-4bc0-8950-a387f4c92309 ] Request (FlavorsAccessNegativeTestJSON:test_flavor_non_admin_add): 200 POST http://10.180.1.21/compute/v2.1/flavors 1.381s
2024-11-06 05:18:25.510 63421 INFO tempest.lib.common.rest_client [req-975cb4c6-7ce0-4511-b4eb-f29d28227856 req-975cb4c6-7ce0-4511-b4eb-f29d28227856 ] Request (SecurityGroupsTestAdminJSON:tearDownClass): 201 POST http://10.180.1.21/identity/v3/auth/tokens 0.088s
2024-11-06 05:18:25.700 63475 INFO tempest.lib.common.rest_client [req-19b44920-54b3-49ec-be81-4eac07faaf88 req-19b44920-54b3-49ec-be81-4eac07faaf88 ] Request (QuotasAdminNegativeTest:test_create_server_when_memory_quota_is_full): 403 POST http://10.180.1.21/compute/v2.1/servers 1.558s
2024-11-06 05:18:25.708 63465 INFO tempest.lib.common.rest_client [req-782cb3bf-550a-4363-bd2c-ce680b4e8207 req-782cb3bf-550a-4363-bd2c-ce680b4e8207 ] Request (FloatingIPsAssociationTestJSON:setUpClass): 200 POST http://10.180.1.21/compute/v2.1/os-floating-ips 1.881s
2024-11-06 05:18:25.770 63465 INFO tempest.lib.common.rest_client [req-c1171e37-c360-44ba-8dbd-ba777603194c req-c1171e37-c360-44ba-8dbd-ba777603194c ] Request (FloatingIPsAssociationTestJSON:test_associate_already_associated_floating_ip): 201 POST http://10.180.1.21/identity/v3/auth/tokens 0.057s
2024-11-06 05:18:25.770 63465 INFO tempest.lib.common.fixed_network [-] (FloatingIPsAssociationTestJSON:test_associate_already_associated_floating_ip) Found network {'id': '99c1dabf-29d6-403c-9c45-7bdf5b4d0f6f', 'name': 'tempest-FloatingIPsAssociationTestJSON-2099916463-network', 'tenant_id': '1f759cf5680d4f47a844952bb53c1260', 'admin_state_up': True, 'mtu': 8950, 'status': 'ACTIVE', 'subnets': [], 'shared': False, 'project_id': '1f759cf5680d4f47a844952bb53c1260', 'port_security_enabled': True, 'router:external': False, 'provider:network_type': 'vlan', 'provider:physical_network': 'default', 'provider:segmentation_id': 761, 'availability_zone_hints': [], 'availability_zones': [], 'ipv4_address_scope': None, 'ipv6_address_scope': None, 'description': '', 'tags': [], 'created_at': '2024-11-06T05:17:57Z', 'updated_at': '2024-11-06T05:17:57Z', 'revision_number': 1} available for tenant
2024-11-06 05:18:25.858 63482 INFO tempest.lib.common.rest_client [req-c005387a-88af-4693-b26a-d01b306ff7fb req-c005387a-88af-4693-b26a-d01b306ff7fb ] Request (SecurityGroupRulesNegativeTestJSON:_run_cleanups): 202 DELETE http://10.180.1.21/compute/v2.1/os-security-group-rules/3365fac9-4b98-447b-b6a2-a087979db646 1.375s
2024-11-06 05:18:25.878 63445 INFO tempest.lib.common.rest_client [req-f2bbabcb-6e77-44e6-bec0-3acc406534b4 req-f2bbabcb-6e77-44e6-bec0-3acc406534b4 ] Request (ServerActionsV293TestJSON:setUpClass): 200 GET http://10.180.1.21/volume/v3/volumes/b63d40cf-ca66-4aca-bb4d-988002e4b977 0.032s
2024-11-06 05:18:25.909 63457 INFO tempest.lib.common.rest_client [req-985bd053-4e04-4c81-a268-e023cd4f630f req-985bd053-4e04-4c81-a268-e023cd4f630f ] Request (QuotasAdminTestJSON:test_get_updated_quotas): 200 PUT http://10.180.1.21/compute/v2.1/os-quota-sets/a5c6d321bb5742d59057216d8d013b70 1.763s
2024-11-06 05:18:25.922 63447 INFO tempest.lib.common.rest_client [req-f8645a0f-eb1e-4b5f-ac0b-1922f6dc9daf req-f8645a0f-eb1e-4b5f-ac0b-1922f6dc9daf ] Request (HostsAdminNegativeTestJSON:test_reboot_nonexistent_host): 404 GET http://10.180.1.21/compute/v2.1/os-hosts/nonexistent_hostname/reboot 1.369s
2024-11-06 05:18:25.937 63429 INFO tempest.lib.common.rest_client [req-72dca97f-7671-458a-aedb-c188eb1e9a98 req-72dca97f-7671-458a-aedb-c188eb1e9a98 ] Request (FlavorsV2TestJSON:test_list_flavors_filter_by_min_ram): 200 GET http://10.180.1.21/compute/v2.1/flavors?minRam=193 1.370s
2024-11-06 05:18:25.952 63451 INFO tempest.lib.common.rest_client [req-e7b1f2d5-dfca-4c03-b5b6-71204b627234 req-e7b1f2d5-dfca-4c03-b5b6-71204b627234 ] Request (FlavorsAdminTestJSON:_run_cleanups): 200 GET http://10.180.1.21/compute/v2.1/flavors/detail 1.308s
2024-11-06 05:18:26.005 63477 INFO tempest.lib.common.rest_client [req-e612fe9f-e991-489c-a103-dd8438c08d82 req-e612fe9f-e991-489c-a103-dd8438c08d82 ] Request (ServerDiagnosticsNegativeTest:tearDownClass): 204 DELETE http://10.180.1.21/compute/v2.1/servers/7ad209f4-964d-4156-8dd7-f45b930cfc64 1.456s
2024-11-06 05:18:26.006 63421 INFO tempest.lib.common.rest_client [req-9e2dacb3-92fb-4b6a-97e7-b4c1357798bd req-9e2dacb3-92fb-4b6a-97e7-b4c1357798bd ] Request (SecurityGroupsTestAdminJSON:tearDownClass): 200 GET http://10.180.1.21:9696/networking/v2.0/security-groups?tenant_id=a750e8982ae74a158fd8109bfae14a31&name=default 0.496s
2024-11-06 05:18:26.012 63423 INFO tempest.lib.common.rest_client [req-d1b3833f-c299-4256-bd43-3498484a214a req-d1b3833f-c299-4256-bd43-3498484a214a ] Request (VolumesAssistedSnapshotsTest:test_volume_assisted_snapshot_create_delete): 200 GET http://10.180.1.21/compute/v2.1/servers/3bffbe72-a72f-4251-a3e2-f2ddb69cdc58 1.308s
2024-11-06 05:18:26.021 63423 INFO tempest.common.waiters [-] State transition "BUILD/None" ==> "BUILD/networking" after 3 second wait
2024-11-06 05:18:26.110 63471 INFO tempest.lib.common.rest_client [req-3fc81e40-802a-4341-984b-8f987b66bdf0 req-3fc81e40-802a-4341-984b-8f987b66bdf0 ] Request (HypervisorAdminNegativeTestJSON:test_get_hypervisor_uptime_with_non_admin_user): 200 GET http://10.180.1.21/compute/v2.1/os-hypervisors 1.300s
2024-11-06 05:18:26.140 63437 INFO tempest.lib.common.rest_client [req-535d844f-f869-4487-9c98-fc4e2c189b78 req-535d844f-f869-4487-9c98-fc4e2c189b78 ] Request (AggregatesAdminNegativeTestJSON:_run_cleanups): 200 DELETE http://10.180.1.21/compute/v2.1/os-aggregates/3 1.299s
2024-11-06 05:18:26.153 63453 INFO tempest.lib.common.rest_client [req-cd339f6b-2657-4db1-ab60-d966abdb5cf3 req-cd339f6b-2657-4db1-ab60-d966abdb5cf3 ] Request (FlavorsAccessTestJSON:tearDownClass): 200 GET http://10.180.1.21:9696/networking/v2.0/security-groups?tenant_id=14ee5ccb4f24450b9b74b6b7c2e120ee&name=default 0.723s
2024-11-06 05:18:26.173 63421 INFO tempest.lib.common.rest_client [req-7fe494a0-74ca-4289-a917-92efa19e8b4e req-7fe494a0-74ca-4289-a917-92efa19e8b4e ] Request (SecurityGroupsTestAdminJSON:tearDownClass): 204 DELETE http://10.180.1.21:9696/networking/v2.0/security-groups/c87ed0b7-3abf-4835-b386-b1a7fe091db3 0.166s
2024-11-06 05:18:26.222 63433 INFO tempest.lib.common.rest_client [req-d90a4a08-a992-4902-b921-62958947feff req-d90a4a08-a992-4902-b921-62958947feff ] Request (DeleteServersAdminTestJSON:test_admin_delete_servers_of_others): 200 GET http://10.180.1.21/compute/v2.1/servers/06c1103d-bc97-45a3-9ba0-32d5aa9bb9e5 1.425s
2024-11-06 05:18:26.349 63421 INFO tempest.lib.common.rest_client [req-caf0fc37-f80e-4e1d-9838-2e7151bf1e3d req-caf0fc37-f80e-4e1d-9838-2e7151bf1e3d ] Request (SecurityGroupsTestAdminJSON:tearDownClass): 204 DELETE http://10.180.1.21/identity/v3/projects/a750e8982ae74a158fd8109bfae14a31 0.175s
2024-11-06 05:18:26.349 63421 INFO tempest.lib.common.dynamic_creds [-] Deleting project and security group for project: b55e1aabdbb7466bb9168b2111fabb50
2024-11-06 05:18:26.380 63453 INFO tempest.lib.common.rest_client [req-824f701e-3263-4178-b6b8-6306d919185b req-824f701e-3263-4178-b6b8-6306d919185b ] Request (FlavorsAccessTestJSON:tearDownClass): 204 DELETE http://10.180.1.21:9696/networking/v2.0/security-groups/d4db3fe6-12f4-4416-a646-8b173d640326 0.226s
2024-11-06 05:18:26.381 63427 INFO tempest.lib.common.rest_client [req-e653f363-bd63-49e1-beb2-e1101ef0b7d0 req-e653f363-bd63-49e1-beb2-e1101ef0b7d0 ] Request (FloatingIPsTestJSON:tearDownClass): 204 DELETE http://10.180.1.21:9696/networking/v2.0/routers/28c255d3-fd5b-49f5-a88a-34021c6c72a8 1.714s
2024-11-06 05:18:26.466 63425 INFO tempest.lib.common.rest_client [req-c3a96d43-fd32-4591-be1a-24538cc89425 req-c3a96d43-fd32-4591-be1a-24538cc89425 ] Request (ServersTestJSON:setUpClass): 200 GET http://10.180.1.21/compute/v2.1/servers/b6629dde-580d-40c4-af1e-15807861c45b 1.564s
2024-11-06 05:18:26.488 63459 INFO tempest.lib.common.rest_client [req-42d64285-fc45-40fc-a62a-f07c33387fe8 req-42d64285-fc45-40fc-a62a-f07c33387fe8 ] Request (KeyPairsV22TestJSON:_run_cleanups): 204 DELETE http://10.180.1.21/compute/v2.1/os-keypairs/tempest-KeyPairsV22TestJSON-keypair-1977987477 1.377s
2024-11-06 05:18:26.536 63421 INFO tempest.lib.common.rest_client [req-0e8893cf-7824-4249-9953-648c4fc9bc85 req-0e8893cf-7824-4249-9953-648c4fc9bc85 ] Request (SecurityGroupsTestAdminJSON:tearDownClass): 200 GET http://10.180.1.21:9696/networking/v2.0/security-groups?tenant_id=b55e1aabdbb7466bb9168b2111fabb50&name=default 0.187s
2024-11-06 05:18:26.541 63453 INFO tempest.lib.common.rest_client [req-40b8fe7e-ec63-41e2-a376-57977eb3a689 req-40b8fe7e-ec63-41e2-a376-57977eb3a689 ] Request (FlavorsAccessTestJSON:tearDownClass): 204 DELETE http://10.180.1.21/identity/v3/projects/14ee5ccb4f24450b9b74b6b7c2e120ee 0.161s
2024-11-06 05:18:26.624 63453 INFO tempest.lib.common.rest_client [req-9c1d31ef-d94d-4715-890f-6c0d4b2aea42 req-9c1d31ef-d94d-4715-890f-6c0d4b2aea42 ] Request (HypervisorAdminTestJSON:setUpClass): 201 POST http://10.180.1.21/identity/v3/auth/tokens 0.082s
2024-11-06 05:18:26.661 63453 INFO tempest.lib.common.rest_client [req-85dcfd41-0d86-4a4e-b46a-ddc5afe5f7cc req-85dcfd41-0d86-4a4e-b46a-ddc5afe5f7cc ] Request (HypervisorAdminTestJSON:setUpClass): 201 POST http://10.180.1.21/identity/v3/auth/tokens 0.034s
2024-11-06 05:18:26.682 63453 INFO tempest.lib.common.rest_client [req-6dd04a32-7a48-410d-8686-28f2aff9d111 req-6dd04a32-7a48-410d-8686-28f2aff9d111 ] Request (HypervisorAdminTestJSON:setUpClass): 200 GET http://10.180.1.21/identity/v3/domains?name=Default 0.021s
2024-11-06 05:18:26.718 63453 INFO tempest.lib.common.rest_client [req-b3e0b865-5ad1-4d5d-b14e-db39089b62c9 req-b3e0b865-5ad1-4d5d-b14e-db39089b62c9 ] Request (HypervisorAdminTestJSON:setUpClass): 201 POST http://10.180.1.21/identity/v3/projects 0.035s
2024-11-06 05:18:26.794 63453 INFO tempest.lib.common.rest_client [req-cb738cbc-9819-454a-b491-8738884883f1 req-cb738cbc-9819-454a-b491-8738884883f1 ] Request (HypervisorAdminTestJSON:setUpClass): 201 POST http://10.180.1.21/identity/v3/users 0.076s
2024-11-06 05:18:26.813 63461 INFO tempest.lib.common.rest_client [req-735cd07e-ec7d-446a-a04e-cf0648f564bf req-735cd07e-ec7d-446a-a04e-cf0648f564bf ] Request (FloatingIPsNegativeTestJSON:setUpClass): 200 GET http://10.180.1.21/compute/v2.1/os-floating-ips 1.682s
2024-11-06 05:18:26.815 63453 INFO tempest.lib.common.rest_client [req-76b63822-8117-4fb3-87e7-5643f4548a99 req-76b63822-8117-4fb3-87e7-5643f4548a99 ] Request (HypervisorAdminTestJSON:setUpClass): 200 GET http://10.180.1.21/identity/v3/roles 0.019s
2024-11-06 05:18:26.832 63421 INFO tempest.lib.common.rest_client [req-9279d1c8-91ae-4985-a94b-1453e29fbaff req-9279d1c8-91ae-4985-a94b-1453e29fbaff ] Request (SecurityGroupsTestAdminJSON:tearDownClass): 204 DELETE http://10.180.1.21:9696/networking/v2.0/security-groups/6cf5cce6-e024-4c9e-974d-4119610cd1cf 0.296s
2024-11-06 05:18:26.842 63453 INFO tempest.lib.common.rest_client [req-e40b8225-2c44-4273-9cc2-dd3f674e1bd7 req-e40b8225-2c44-4273-9cc2-dd3f674e1bd7 ] Request (HypervisorAdminTestJSON:setUpClass): 204 PUT http://10.180.1.21/identity/v3/projects/7ca49a0335c6451ba928cbc61e8ae31c/users/d2d67fc8e6e04299bafb345effca7908/roles/9242db29473a4727b630dde879d9a935 0.027s
2024-11-06 05:18:26.843 63453 INFO tempest.lib.common.dynamic_creds [-] Dynamic test user d2d67fc8e6e04299bafb345effca7908 is created with scope project and roles: ['member']
2024-11-06 05:18:26.843 63453 INFO tempest.lib.common.dynamic_creds [-] Acquired dynamic creds: credentials: Credentials: {'domain_id': 'default', 'domain_name': 'Default', 'username': 'tempest-HypervisorAdminTestJSON-1869100933-project-member', 'project_domain_id': 'default', 'project_domain_name': 'Default', 'project_id': '7ca49a0335c6451ba928cbc61e8ae31c', 'project_name': 'tempest-HypervisorAdminTestJSON-1869100933', 'tenant_id': '7ca49a0335c6451ba928cbc61e8ae31c', 'tenant_name': 'tempest-HypervisorAdminTestJSON-1869100933', 'user_domain_id': 'default', 'user_domain_name': 'Default', 'user_id': 'd2d67fc8e6e04299bafb345effca7908', 'system': None}, Network: None, Subnet: None, Router: None
2024-11-06 05:18:26.843 63453 INFO tempest.lib.common.dynamic_creds [-] Created isolated network resources for: credentials: Credentials: {'domain_id': 'default', 'domain_name': 'Default', 'username': 'tempest-HypervisorAdminTestJSON-1869100933-project-member', 'project_domain_id': 'default', 'project_domain_name': 'Default', 'project_id': '7ca49a0335c6451ba928cbc61e8ae31c', 'project_name': 'tempest-HypervisorAdminTestJSON-1869100933', 'tenant_id': '7ca49a0335c6451ba928cbc61e8ae31c', 'tenant_name': 'tempest-HypervisorAdminTestJSON-1869100933', 'user_domain_id': 'default', 'user_domain_name': 'Default', 'user_id': 'd2d67fc8e6e04299bafb345effca7908', 'system': None}, Network: None, Subnet: None, Router: None
2024-11-06 05:18:26.927 63445 INFO tempest.lib.common.rest_client [req-cf2b4fae-57ed-4d3c-9885-45583c2bdf02 req-cf2b4fae-57ed-4d3c-9885-45583c2bdf02 ] Request (ServerActionsV293TestJSON:setUpClass): 200 GET http://10.180.1.21/volume/v3/volumes/b63d40cf-ca66-4aca-bb4d-988002e4b977 0.040s
2024-11-06 05:18:26.932 63427 INFO tempest.lib.common.rest_client [req-3eb3b6c2-0f38-48b5-8646-c5a879e29433 req-3eb3b6c2-0f38-48b5-8646-c5a879e29433 ] Request (FloatingIPsTestJSON:tearDownClass): 204 DELETE http://10.180.1.21:9696/networking/v2.0/subnets/5742f351-17e0-416a-96d7-ef9e1a6a26fb 0.551s
2024-11-06 05:18:26.963 63453 INFO tempest.lib.common.rest_client [req-839a342f-d528-4443-a36a-8852b330a59e req-839a342f-d528-4443-a36a-8852b330a59e ] Request (HypervisorAdminTestJSON:setUpClass): 201 POST http://10.180.1.21/identity/v3/auth/tokens 0.116s
2024-11-06 05:18:27.014 63421 INFO tempest.lib.common.rest_client [req-62de136a-59c0-49e5-bec7-72e822eee635 req-62de136a-59c0-49e5-bec7-72e822eee635 ] Request (SecurityGroupsTestAdminJSON:tearDownClass): 204 DELETE http://10.180.1.21/identity/v3/projects/b55e1aabdbb7466bb9168b2111fabb50 0.181s
2024-11-06 05:18:27.048 63453 INFO tempest.lib.common.rest_client [req-46397344-3fa9-4997-8d0d-132d8fd841b5 req-46397344-3fa9-4997-8d0d-132d8fd841b5 ] Request (HypervisorAdminTestJSON:setUpClass): 201 POST http://10.180.1.21/identity/v3/projects 0.084s
2024-11-06 05:18:27.050 63421 INFO tempest.lib.common.rest_client [req-85c6be75-1039-4de7-9985-1f78e72aac93 req-85c6be75-1039-4de7-9985-1f78e72aac93 ] Request (ServersAdminTestJSON:setUpClass): 201 POST http://10.180.1.21/identity/v3/auth/tokens 0.033s
2024-11-06 05:18:27.118 63469 INFO tempest.lib.common.rest_client [req-54edb7b4-2f31-4655-98b9-6a1fb21763fd req-54edb7b4-2f31-4655-98b9-6a1fb21763fd ] Request (ServerTagsTestJSON:setUpClass): 200 GET http://10.180.1.21/compute/v2.1/servers/753d110e-e779-4b3f-b0ea-aeb9d69ab9fb 1.897s
2024-11-06 05:18:27.129 63469 INFO tempest.common.waiters [-] State transition "BUILD/networking" ==> "BUILD/spawning" after 6 second wait
2024-11-06 05:18:27.170 63453 INFO tempest.lib.common.rest_client [req-f4fb991b-a54d-470e-9f58-9ed822a70e8d req-f4fb991b-a54d-470e-9f58-9ed822a70e8d ] Request (HypervisorAdminTestJSON:setUpClass): 201 POST http://10.180.1.21/identity/v3/users 0.121s
2024-11-06 05:18:27.196 63421 INFO tempest.lib.common.rest_client [req-a769bf31-8224-4a96-8952-0870bd1f6639 req-a769bf31-8224-4a96-8952-0870bd1f6639 ] Request (ServersAdminTestJSON:setUpClass): 201 POST http://10.180.1.21/identity/v3/auth/tokens 0.143s
2024-11-06 05:18:27.196 63453 INFO tempest.lib.common.rest_client [req-2cfd83ac-3f02-46d0-af49-7de0ff1dcd0b req-2cfd83ac-3f02-46d0-af49-7de0ff1dcd0b ] Request (HypervisorAdminTestJSON:setUpClass): 200 GET http://10.180.1.21/identity/v3/roles 0.025s
2024-11-06 05:18:27.209 63455 INFO tempest.lib.common.rest_client [req-0ed49abd-8694-4165-bc59-510d2e77716f req-0ed49abd-8694-4165-bc59-510d2e77716f ] Request (ImagesNegativeTestJSON:test_create_image_from_deleted_server): 202 POST http://10.180.1.21/compute/v2.1/servers 2.266s
2024-11-06 05:18:27.227 63453 INFO tempest.lib.common.rest_client [req-a464b4c8-beb7-4a38-92d8-2e9811e44248 req-a464b4c8-beb7-4a38-92d8-2e9811e44248 ] Request (HypervisorAdminTestJSON:setUpClass): 204 PUT http://10.180.1.21/identity/v3/projects/ebe92c15c1824efdb33f0cb3d5a21afd/users/c65ae95b177346e288e9f5a4a17bc8b2/roles/05f8ed527b4640c989f874ed3a88baac 0.031s
2024-11-06 05:18:27.250 63421 INFO tempest.lib.common.rest_client [req-4cf72230-011b-4eb7-b406-4919ed776999 req-4cf72230-011b-4eb7-b406-4919ed776999 ] Request (ServersAdminTestJSON:setUpClass): 200 GET http://10.180.1.21/identity/v3/domains?name=Default 0.053s
2024-11-06 05:18:27.319 63453 INFO tempest.lib.common.rest_client [req-7daa473c-4060-4e58-bb00-0d6ad0860644 req-7daa473c-4060-4e58-bb00-0d6ad0860644 ] Request (HypervisorAdminTestJSON:setUpClass): 200 GET http://10.180.1.21/identity/v3/roles 0.091s
2024-11-06 05:18:27.341 63453 INFO tempest.lib.common.rest_client [req-14804801-abd6-48e4-a8cd-a19bab4adc85 req-14804801-abd6-48e4-a8cd-a19bab4adc85 ] Request (HypervisorAdminTestJSON:setUpClass): 204 PUT http://10.180.1.21/identity/v3/projects/ebe92c15c1824efdb33f0cb3d5a21afd/users/c65ae95b177346e288e9f5a4a17bc8b2/roles/05f8ed527b4640c989f874ed3a88baac 0.021s
2024-11-06 05:18:27.341 63453 INFO tempest.lib.common.dynamic_creds [-] Dynamic test user c65ae95b177346e288e9f5a4a17bc8b2 is created with scope project and roles: ['admin']
2024-11-06 05:18:27.342 63453 INFO tempest.lib.common.dynamic_creds [-] Acquired dynamic creds: credentials: Credentials: {'domain_id': 'default', 'domain_name': 'Default', 'username': 'tempest-HypervisorAdminTestJSON-1927469980-project-admin', 'project_domain_id': 'default', 'project_domain_name': 'Default', 'project_id': 'ebe92c15c1824efdb33f0cb3d5a21afd', 'project_name': 'tempest-HypervisorAdminTestJSON-1927469980', 'tenant_id': 'ebe92c15c1824efdb33f0cb3d5a21afd', 'tenant_name': 'tempest-HypervisorAdminTestJSON-1927469980', 'user_domain_id': 'default', 'user_domain_name': 'Default', 'user_id': 'c65ae95b177346e288e9f5a4a17bc8b2', 'system': None}, Network: None, Subnet: None, Router: None
2024-11-06 05:18:27.342 63453 INFO tempest.lib.common.dynamic_creds [-] Created isolated network resources for: credentials: Credentials: {'domain_id': 'default', 'domain_name': 'Default', 'username': 'tempest-HypervisorAdminTestJSON-1927469980-project-admin', 'project_domain_id': 'default', 'project_domain_name': 'Default', 'project_id': 'ebe92c15c1824efdb33f0cb3d5a21afd', 'project_name': 'tempest-HypervisorAdminTestJSON-1927469980', 'tenant_id': 'ebe92c15c1824efdb33f0cb3d5a21afd', 'tenant_name': 'tempest-HypervisorAdminTestJSON-1927469980', 'user_domain_id': 'default', 'user_domain_name': 'Default', 'user_id': 'c65ae95b177346e288e9f5a4a17bc8b2', 'system': None}, Network: None, Subnet: None, Router: None
2024-11-06 05:18:27.352 63421 INFO tempest.lib.common.rest_client [req-087b4cc5-9506-44f2-9dd3-a6e14ca55a7d req-087b4cc5-9506-44f2-9dd3-a6e14ca55a7d ] Request (ServersAdminTestJSON:setUpClass): 201 POST http://10.180.1.21/identity/v3/projects 0.101s
2024-11-06 05:18:27.421 63421 INFO tempest.lib.common.rest_client [req-31ccc76a-221b-4d36-a1bc-772c8f26d2f1 req-31ccc76a-221b-4d36-a1bc-772c8f26d2f1 ] Request (ServersAdminTestJSON:setUpClass): 201 POST http://10.180.1.21/identity/v3/users 0.069s
2024-11-06 05:18:27.445 63453 INFO tempest.lib.common.rest_client [req-0e7fa88b-2892-4c82-a331-bbab98e1246f req-0e7fa88b-2892-4c82-a331-bbab98e1246f ] Request (HypervisorAdminTestJSON:setUpClass): 201 POST http://10.180.1.21/identity/v3/auth/tokens 0.097s
2024-11-06 05:18:27.453 63421 INFO tempest.lib.common.rest_client [req-4ce6331f-1513-4ea2-a0a5-9fa3af53069a req-4ce6331f-1513-4ea2-a0a5-9fa3af53069a ] Request (ServersAdminTestJSON:setUpClass): 200 GET http://10.180.1.21/identity/v3/roles 0.031s
2024-11-06 05:18:27.454 63464 INFO tempest.lib.common.rest_client [req-dfff7679-6a5c-4291-ac18-ebb1ec95a9cd req-dfff7679-6a5c-4291-ac18-ebb1ec95a9cd ] Request (ServerExternalEventsTest:test_create_server_external_events): 200 GET http://10.180.1.21/compute/v2.1/servers/6851a2a5-b7d0-4a6b-85a7-3521bea7497a 2.130s
2024-11-06 05:18:27.463 63464 INFO tempest.common.waiters [-] State transition "BUILD/spawning" ==> "ACTIVE/None" after 21 second wait
2024-11-06 05:18:27.484 63421 INFO tempest.lib.common.rest_client [req-2b9c7006-0f91-4db9-8370-28b5129069d5 req-2b9c7006-0f91-4db9-8370-28b5129069d5 ] Request (ServersAdminTestJSON:setUpClass): 204 PUT http://10.180.1.21/identity/v3/projects/0f946d53d33e4285b93da32355ab1080/users/5b5632876e324a6e8c00fe94be4ef4c8/roles/9242db29473a4727b630dde879d9a935 0.029s
2024-11-06 05:18:27.484 63421 INFO tempest.lib.common.dynamic_creds [-] Dynamic test user 5b5632876e324a6e8c00fe94be4ef4c8 is created with scope project and roles: ['member']
2024-11-06 05:18:27.484 63421 INFO tempest.lib.common.dynamic_creds [-] Acquired dynamic creds: credentials: Credentials: {'domain_id': 'default', 'domain_name': 'Default', 'username': 'tempest-ServersAdminTestJSON-1354795286-project-member', 'project_domain_id': 'default', 'project_domain_name': 'Default', 'project_id': '0f946d53d33e4285b93da32355ab1080', 'project_name': 'tempest-ServersAdminTestJSON-1354795286', 'tenant_id': '0f946d53d33e4285b93da32355ab1080', 'tenant_name': 'tempest-ServersAdminTestJSON-1354795286', 'user_domain_id': 'default', 'user_domain_name': 'Default', 'user_id': '5b5632876e324a6e8c00fe94be4ef4c8', 'system': None}, Network: None, Subnet: None, Router: None
2024-11-06 05:18:27.543 63421 INFO tempest.lib.common.rest_client [req-22cb8469-8a53-4e54-a652-f04571adcd27 req-22cb8469-8a53-4e54-a652-f04571adcd27 ] Request (ServersAdminTestJSON:setUpClass): 201 POST http://10.180.1.21/identity/v3/auth/tokens 0.059s
2024-11-06 05:18:27.588 63427 INFO tempest.lib.common.rest_client [req-6f81eec8-c006-4440-b64d-6886e9f3c444 req-6f81eec8-c006-4440-b64d-6886e9f3c444 ] Request (FloatingIPsTestJSON:tearDownClass): 204 DELETE http://10.180.1.21:9696/networking/v2.0/networks/29771a32-5614-4e72-b5e5-aef5580790de 0.656s
2024-11-06 05:18:27.625 63479 INFO tempest.lib.common.rest_client [req-e6eec118-085e-4caa-a815-169596f7638b req-e6eec118-085e-4caa-a815-169596f7638b ] Request (MigrationsAdminTest:test_list_migrations_in_flavor_resize_situation): 200 GET http://10.180.1.21/compute/v2.1/servers/6fa22fef-bcc4-41f2-8a80-cb958a446ed8 2.220s
2024-11-06 05:18:27.667 63439 INFO tempest.lib.common.rest_client [req-f9ab610c-07a5-47dd-a1a1-f1beb67c19e1 req-f9ab610c-07a5-47dd-a1a1-f1beb67c19e1 ] Request (ImagesMetadataTestJSON:test_set_image_metadata): 200 GET http://10.180.1.21/compute/v2.1/images/92a0209d-1a3e-4f6f-ac31-069e8ef3e294/metadata 2.233s
2024-11-06 05:18:27.672 63427 INFO tempest.lib.common.rest_client [req-4a830554-889e-4a23-bd08-3b40ccd6c7c9 req-4a830554-889e-4a23-bd08-3b40ccd6c7c9 ] Request (FloatingIPsTestJSON:tearDownClass): 204 DELETE http://10.180.1.21/identity/v3/users/fe5edaf9597e4f6c99d43dab866564fc 0.083s
2024-11-06 05:18:27.673 63427 INFO tempest.lib.common.dynamic_creds [-] Deleting project and security group for project: ed8fa1d282b1436bb03cb92373558988
2024-11-06 05:18:27.674 63443 INFO tempest.lib.common.rest_client [req-972b07d6-b7a0-426a-b5cb-bf6b49692ad7 req-972b07d6-b7a0-426a-b5cb-bf6b49692ad7 ] Request (FlavorsExtraSpecsNegativeTestJSON:test_flavor_update_more_key): 400 PUT http://10.180.1.21/compute/v2.1/flavors/2126202825/os-extra_specs/hw:numa_nodes 2.227s
2024-11-06 05:18:27.821 63427 INFO tempest.lib.common.rest_client [req-17663763-8243-439f-9caf-9cd929901e4e req-17663763-8243-439f-9caf-9cd929901e4e ] Request (FloatingIPsTestJSON:tearDownClass): 200 GET http://10.180.1.21:9696/networking/v2.0/security-groups?tenant_id=ed8fa1d282b1436bb03cb92373558988&name=default 0.148s
2024-11-06 05:18:27.829 63419 INFO tempest.lib.common.rest_client [req-f948d7af-f226-4e0d-b458-608f6afcc1d5 req-f948d7af-f226-4e0d-b458-608f6afcc1d5 ] Request (FlavorsAccessNegativeTestJSON:test_flavor_non_admin_add): 403 POST http://10.180.1.21/compute/v2.1/flavors/1917108544/action 2.348s
2024-11-06 05:18:27.842 63449 INFO tempest.lib.common.rest_client [req-27b62f5c-a945-4cc9-9fdc-4cc87fd335ad req-27b62f5c-a945-4cc9-9fdc-4cc87fd335ad ] Request (ServersTestFqdnHostnames:test_create_server_with_fqdn_name): 202 POST http://10.180.1.21/compute/v2.1/servers 2.592s
2024-11-06 05:18:27.945 63467 INFO tempest.lib.common.rest_client [req-5a1b7f59-0754-420c-a9c8-eef69bf4831d req-5a1b7f59-0754-420c-a9c8-eef69bf4831d ] Request (ServersNegativeTestJSON:setUpClass): 200 GET http://10.180.1.21/compute/v2.1/servers/32352ea6-c719-4c88-a4a2-dde0f79e503e 2.312s
2024-11-06 05:18:27.974 63445 INFO tempest.lib.common.rest_client [req-519b902b-68bc-4823-8ee4-f80ee90af998 req-519b902b-68bc-4823-8ee4-f80ee90af998 ] Request (ServerActionsV293TestJSON:setUpClass): 200 GET http://10.180.1.21/volume/v3/volumes/b63d40cf-ca66-4aca-bb4d-988002e4b977 0.030s
2024-11-06 05:18:28.029 63427 INFO tempest.lib.common.rest_client [req-68b8d59b-e54e-48a9-add8-770b64bb72a7 req-68b8d59b-e54e-48a9-add8-770b64bb72a7 ] Request (FloatingIPsTestJSON:tearDownClass): 204 DELETE http://10.180.1.21:9696/networking/v2.0/security-groups/56c56462-a4cf-44b3-920d-cba302286683 0.208s
2024-11-06 05:18:28.068 63431 INFO tempest.lib.common.rest_client [req-fa886ffb-e997-44be-8d90-e33767b1fc20 req-fa886ffb-e997-44be-8d90-e33767b1fc20 ] Request (AttachInterfacesUnderV243Test:test_add_remove_fixed_ip): 200 GET http://10.180.1.21/compute/v2.1/servers/820f7393-e3a4-4028-b65c-8f2955e31411 2.512s
2024-11-06 05:18:28.102 63475 INFO tempest.lib.common.rest_client [req-2d298f8d-448f-4a0d-a402-b031d77c0a83 req-2d298f8d-448f-4a0d-a402-b031d77c0a83 ] Request (QuotasAdminNegativeTest:_run_cleanups): 200 PUT http://10.180.1.21/compute/v2.1/os-quota-sets/9751d578ebca452295c39797f7196b73 2.401s
2024-11-06 05:18:28.146 63427 INFO tempest.lib.common.rest_client [req-116e476f-def1-449f-95c7-72fa14a2792d req-116e476f-def1-449f-95c7-72fa14a2792d ] Request (FloatingIPsTestJSON:tearDownClass): 204 DELETE http://10.180.1.21/identity/v3/projects/ed8fa1d282b1436bb03cb92373558988 0.116s
2024-11-06 05:18:28.226 63427 INFO tempest.lib.common.rest_client [req-fc57ec76-e023-40ab-b3fe-5964467af4ae req-fc57ec76-e023-40ab-b3fe-5964467af4ae ] Request (ListImageFiltersNegativeTestJSON:setUpClass): 201 POST http://10.180.1.21/identity/v3/auth/tokens 0.078s
2024-11-06 05:18:28.264 63441 INFO tempest.lib.common.rest_client [req-b5f4fe33-7062-4b3b-9cfc-bafaec981861 req-b5f4fe33-7062-4b3b-9cfc-bafaec981861 ] Request (InstanceActionsNegativeTestJSON:setUpClass): 200 PUT http://10.180.1.21:9696/networking/v2.0/routers/b279a3bb-8268-4c03-8e32-0d9df78a6a79/add_router_interface 3.598s
2024-11-06 05:18:28.265 63441 INFO tempest.lib.common.dynamic_creds [-] Created isolated network resources for: credentials: Credentials: {'domain_id': 'default', 'domain_name': 'Default', 'username': 'tempest-InstanceActionsNegativeTestJSON-782601962-project-member', 'project_domain_id': 'default', 'project_domain_name': 'Default', 'project_id': '8196ad0d4fec46958b036fa4d40d0442', 'project_name': 'tempest-InstanceActionsNegativeTestJSON-782601962', 'tenant_id': '8196ad0d4fec46958b036fa4d40d0442', 'tenant_name': 'tempest-InstanceActionsNegativeTestJSON-782601962', 'user_domain_id': 'default', 'user_domain_name': 'Default', 'user_id': 'b870d4a7b12b485c9c421ed5198ff550', 'system': None}, Network: {'id': 'b789a633-6c44-4841-b7f9-82a42e6c3cde', 'name': 'tempest-InstanceActionsNegativeTestJSON-1369898722-network', 'tenant_id': '8196ad0d4fec46958b036fa4d40d0442', 'admin_state_up': True, 'mtu': 8950, 'status': 'ACTIVE', 'subnets': [], 'shared': False, 'project_id': '8196ad0d4fec46958b036fa4d40d0442', 'port_security_enabled': True, 'router:external': False, 'provider:network_type': 'vlan', 'provider:physical_network': 'default', 'provider:segmentation_id': 156, 'availability_zone_hints': [], 'availability_zones': [], 'ipv4_address_scope': None, 'ipv6_address_scope': None, 'description': '', 'tags': [], 'created_at': '2024-11-06T05:18:21Z', 'updated_at': '2024-11-06T05:18:21Z', 'revision_number': 1}, Subnet: {'id': '8fb34fea-3994-4ec6-bcea-f612c1521cee', 'name': 'tempest-InstanceActionsNegativeTestJSON-1369898722-subnet', 'tenant_id': '8196ad0d4fec46958b036fa4d40d0442', 'network_id': 'b789a633-6c44-4841-b7f9-82a42e6c3cde', 'ip_version': 4, 'subnetpool_id': None, 'enable_dhcp': True, 'ipv6_ra_mode': None, 'ipv6_address_mode': None, 'gateway_ip': '192.168.128.1', 'cidr': '192.168.128.0/28', 'allocation_pools': [{'start': '192.168.128.2', 'end': '192.168.128.14'}], 'host_routes': [], 'dns_nameservers': [], 'description': '', 'router:external': False, 'service_types': [], 'tags': [], 'created_at': '2024-11-06T05:18:22Z', 'updated_at': '2024-11-06T05:18:22Z', 'revision_number': 0, 'project_id': '8196ad0d4fec46958b036fa4d40d0442'}, Router: {'id': 'b279a3bb-8268-4c03-8e32-0d9df78a6a79', 'name': 'tempest-InstanceActionsNegativeTestJSON-1369898722-router', 'tenant_id': '8196ad0d4fec46958b036fa4d40d0442', 'admin_state_up': True, 'status': 'ACTIVE', 'external_gateway_info': {'network_id': 'b0058b45-7ec3-4021-afa3-403eb941e390', 'external_fixed_ips': [{'subnet_id': '67a2cc88-d1d7-4032-8eba-b64ac1f5b96c', 'ip_address': '10.180.180.147'}], 'enable_snat': True}, 'description': '', 'availability_zones': [], 'distributed': False, 'ha': False, 'availability_zone_hints': [], 'routes': [], 'flavor_id': None, 'tags': [], 'created_at': '2024-11-06T05:18:22Z', 'updated_at': '2024-11-06T05:18:23Z', 'revision_number': 2, 'project_id': '8196ad0d4fec46958b036fa4d40d0442'}
2024-11-06 05:18:28.308 63482 INFO tempest.lib.common.rest_client [req-aec08bbf-bf51-4c1e-8390-0a4907b9ab8c req-aec08bbf-bf51-4c1e-8390-0a4907b9ab8c ] Request (SecurityGroupRulesNegativeTestJSON:test_create_security_group_rule_with_invalid_from_port): 200 POST http://10.180.1.21/compute/v2.1/os-security-groups 2.447s
2024-11-06 05:18:28.324 63427 INFO tempest.lib.common.rest_client [req-720256bc-075d-4065-9fc8-c7dd2c13138c req-720256bc-075d-4065-9fc8-c7dd2c13138c ] Request (ListImageFiltersNegativeTestJSON:setUpClass): 201 POST http://10.180.1.21/identity/v3/auth/tokens 0.045s
2024-11-06 05:18:28.351 63427 INFO tempest.lib.common.rest_client [req-2c593e1d-39d5-49e0-813a-dc52bb4f9153 req-2c593e1d-39d5-49e0-813a-dc52bb4f9153 ] Request (ListImageFiltersNegativeTestJSON:setUpClass): 200 GET http://10.180.1.21/identity/v3/domains?name=Default 0.027s
2024-11-06 05:18:28.369 63441 INFO tempest.lib.common.rest_client [req-dd49f536-ea2d-4b79-adbb-f42f52e6edf7 req-dd49f536-ea2d-4b79-adbb-f42f52e6edf7 ] Request (InstanceActionsNegativeTestJSON:setUpClass): 201 POST http://10.180.1.21/identity/v3/auth/tokens 0.100s
2024-11-06 05:18:28.377 63421 INFO tempest.lib.common.rest_client [req-5617c2b7-ab03-4519-8770-ed553c35525c req-5617c2b7-ab03-4519-8770-ed553c35525c ] Request (ServersAdminTestJSON:setUpClass): 201 POST http://10.180.1.21:9696/networking/v2.0/networks 0.834s
2024-11-06 05:18:28.390 63427 INFO tempest.lib.common.rest_client [req-ba921338-be42-4206-a2fb-ea2d4e725ae0 req-ba921338-be42-4206-a2fb-ea2d4e725ae0 ] Request (ListImageFiltersNegativeTestJSON:setUpClass): 201 POST http://10.180.1.21/identity/v3/projects 0.038s
2024-11-06 05:18:28.449 63441 INFO tempest.lib.common.rest_client [req-aefc4ece-a6d9-44ea-bbe5-74d8f6f132d4 req-aefc4ece-a6d9-44ea-bbe5-74d8f6f132d4 ] Request (InstanceActionsNegativeTestJSON:setUpClass): 201 POST http://10.180.1.21/identity/v3/auth/tokens 0.072s
2024-11-06 05:18:28.449 63441 INFO tempest.lib.common.fixed_network [-] (InstanceActionsNegativeTestJSON:setUpClass) Found network {'id': 'b789a633-6c44-4841-b7f9-82a42e6c3cde', 'name': 'tempest-InstanceActionsNegativeTestJSON-1369898722-network', 'tenant_id': '8196ad0d4fec46958b036fa4d40d0442', 'admin_state_up': True, 'mtu': 8950, 'status': 'ACTIVE', 'subnets': [], 'shared': False, 'project_id': '8196ad0d4fec46958b036fa4d40d0442', 'port_security_enabled': True, 'router:external': False, 'provider:network_type': 'vlan', 'provider:physical_network': 'default', 'provider:segmentation_id': 156, 'availability_zone_hints': [], 'availability_zones': [], 'ipv4_address_scope': None, 'ipv6_address_scope': None, 'description': '', 'tags': [], 'created_at': '2024-11-06T05:18:21Z', 'updated_at': '2024-11-06T05:18:21Z', 'revision_number': 1} available for tenant
2024-11-06 05:18:28.468 63465 INFO tempest.lib.common.rest_client [req-d47da520-d870-4384-a0e2-8c3fe699f855 req-d47da520-d870-4384-a0e2-8c3fe699f855 ] Request (FloatingIPsAssociationTestJSON:test_associate_already_associated_floating_ip): 202 POST http://10.180.1.21/compute/v2.1/servers 2.697s
2024-11-06 05:18:28.474 63447 INFO tempest.lib.common.rest_client [req-c81a260b-8f6d-4b71-bf0f-4e20afa5eedb req-c81a260b-8f6d-4b71-bf0f-4e20afa5eedb ] Request (HostsAdminNegativeTestJSON:test_show_host_detail_with_non_admin_user): 403 GET http://10.180.1.21/compute/v2.1/os-hosts/devstack 2.549s
2024-11-06 05:18:28.490 63429 INFO tempest.lib.common.rest_client [req-5120835a-f6e6-4d60-9d3b-6ad746487c0a req-5120835a-f6e6-4d60-9d3b-6ad746487c0a ] Request (FlavorsV2TestJSON:test_list_flavors_limit_results): 200 GET http://10.180.1.21/compute/v2.1/flavors?limit=1 2.550s
2024-11-06 05:18:28.517 63451 INFO tempest.lib.common.rest_client [req-28c9aeb1-4bfa-46aa-be8b-630229a5be6b req-28c9aeb1-4bfa-46aa-be8b-630229a5be6b ] Request (FlavorsAdminTestJSON:test_create_flavor_with_uuid_id): 200 POST http://10.180.1.21/compute/v2.1/flavors 2.559s
2024-11-06 05:18:28.527 63427 INFO tempest.lib.common.rest_client [req-2ea021ed-0e2a-41ae-ab57-99c57aeb1082 req-2ea021ed-0e2a-41ae-ab57-99c57aeb1082 ] Request (ListImageFiltersNegativeTestJSON:setUpClass): 201 POST http://10.180.1.21/identity/v3/users 0.136s
2024-11-06 05:18:28.544 63427 INFO tempest.lib.common.rest_client [req-95c9202c-dbc6-4b74-a454-0f65cd75ce78 req-95c9202c-dbc6-4b74-a454-0f65cd75ce78 ] Request (ListImageFiltersNegativeTestJSON:setUpClass): 200 GET http://10.180.1.21/identity/v3/roles 0.017s
2024-11-06 05:18:28.570 63457 INFO tempest.lib.common.rest_client [req-8f4b8f6c-0883-4880-b83b-bb6579c2165c req-8f4b8f6c-0883-4880-b83b-bb6579c2165c ] Request (QuotasAdminTestJSON:test_get_updated_quotas): 200 GET http://10.180.1.21/compute/v2.1/os-quota-sets/a5c6d321bb5742d59057216d8d013b70/detail 2.659s
2024-11-06 05:18:28.576 63471 INFO tempest.lib.common.rest_client [req-070ca906-7341-4bf1-9e1d-a71c76f3fb64 req-070ca906-7341-4bf1-9e1d-a71c76f3fb64 ] Request (HypervisorAdminNegativeTestJSON:test_get_hypervisor_uptime_with_non_admin_user): 403 GET http://10.180.1.21/compute/v2.1/os-hypervisors/1/uptime 2.465s
2024-11-06 05:18:28.583 63427 INFO tempest.lib.common.rest_client [req-534ba976-b44d-4b09-aad7-f8f604c7f05d req-534ba976-b44d-4b09-aad7-f8f604c7f05d ] Request (ListImageFiltersNegativeTestJSON:setUpClass): 204 PUT http://10.180.1.21/identity/v3/projects/65a1196657e14e7db8ade6164e850178/users/a34a17f33d15428d80bb84747cf377e3/roles/9242db29473a4727b630dde879d9a935 0.036s
2024-11-06 05:18:28.583 63427 INFO tempest.lib.common.dynamic_creds [-] Dynamic test user a34a17f33d15428d80bb84747cf377e3 is created with scope project and roles: ['member']
2024-11-06 05:18:28.583 63427 INFO tempest.lib.common.dynamic_creds [-] Acquired dynamic creds: credentials: Credentials: {'domain_id': 'default', 'domain_name': 'Default', 'username': 'tempest-ListImageFiltersNegativeTestJSON-761174472-project-member', 'project_domain_id': 'default', 'project_domain_name': 'Default', 'project_id': '65a1196657e14e7db8ade6164e850178', 'project_name': 'tempest-ListImageFiltersNegativeTestJSON-761174472', 'tenant_id': '65a1196657e14e7db8ade6164e850178', 'tenant_name': 'tempest-ListImageFiltersNegativeTestJSON-761174472', 'user_domain_id': 'default', 'user_domain_name': 'Default', 'user_id': 'a34a17f33d15428d80bb84747cf377e3', 'system': None}, Network: None, Subnet: None, Router: None
2024-11-06 05:18:28.583 63427 INFO tempest.lib.common.dynamic_creds [-] Created isolated network resources for: credentials: Credentials: {'domain_id': 'default', 'domain_name': 'Default', 'username': 'tempest-ListImageFiltersNegativeTestJSON-761174472-project-member', 'project_domain_id': 'default', 'project_domain_name': 'Default', 'project_id': '65a1196657e14e7db8ade6164e850178', 'project_name': 'tempest-ListImageFiltersNegativeTestJSON-761174472', 'tenant_id': '65a1196657e14e7db8ade6164e850178', 'tenant_name': 'tempest-ListImageFiltersNegativeTestJSON-761174472', 'user_domain_id': 'default', 'user_domain_name': 'Default', 'user_id': 'a34a17f33d15428d80bb84747cf377e3', 'system': None}, Network: None, Subnet: None, Router: None
2024-11-06 05:18:28.584 63437 INFO tempest.lib.common.rest_client [req-66f41f5e-f8ca-41eb-b7ff-d8382df55e31 req-66f41f5e-f8ca-41eb-b7ff-d8382df55e31 ] Request (AggregatesAdminNegativeTestJSON:test_aggregate_create_aggregate_name_length_exceeds_255): 400 POST http://10.180.1.21/compute/v2.1/os-aggregates 2.443s
2024-11-06 05:18:28.608 63477 INFO tempest.lib.common.rest_client [req-e23289e6-da42-41c1-9d62-072cbe563b4c req-e23289e6-da42-41c1-9d62-072cbe563b4c ] Request (ServerDiagnosticsNegativeTest:tearDownClass): 200 GET http://10.180.1.21/compute/v2.1/servers/7ad209f4-964d-4156-8dd7-f45b930cfc64 2.602s
2024-11-06 05:18:28.632 63459 INFO tempest.lib.common.rest_client [req-960d2fd5-cae0-4337-b600-2e82a5f29ad1 req-960d2fd5-cae0-4337-b600-2e82a5f29ad1 ] Request (KeyPairsV22TestJSON:test_keypairsv22_create_list_show): 201 POST http://10.180.1.21/compute/v2.1/os-keypairs 2.142s
2024-11-06 05:18:28.639 63457 INFO tempest.lib.common.rest_client [req-f341b7b2-d8c2-4de2-a48d-87d956d13722 req-f341b7b2-d8c2-4de2-a48d-87d956d13722 ] Request (QuotasAdminTestJSON:test_get_updated_quotas): 200 GET http://10.180.1.21/identity/v3/domains?name=Default 0.061s
2024-11-06 05:18:28.643 63461 INFO tempest.lib.common.rest_client [req-15014d89-0c97-4a32-8832-3244b4d2ef58 req-15014d89-0c97-4a32-8832-3244b4d2ef58 ] Request (FloatingIPsNegativeTestJSON:test_allocate_floating_ip_from_nonexistent_pool): 404 POST http://10.180.1.21/compute/v2.1/os-floating-ips 1.827s
2024-11-06 05:18:28.663 63457 INFO tempest.lib.common.rest_client [req-bec6835d-477e-4ff3-b419-effa300ed175 req-bec6835d-477e-4ff3-b419-effa300ed175 ] Request (QuotasAdminTestJSON:test_get_updated_quotas): 201 POST http://10.180.1.21/identity/v3/users 0.022s
2024-11-06 05:18:28.678 63427 INFO tempest.lib.common.rest_client [req-dd3a728d-96fc-4f74-a34a-ab5ac72fbc7a req-dd3a728d-96fc-4f74-a34a-ab5ac72fbc7a ] Request (ListImageFiltersNegativeTestJSON:setUpClass): 201 POST http://10.180.1.21/identity/v3/auth/tokens 0.089s
2024-11-06 05:18:28.684 63457 INFO tempest.lib.common.rest_client [req-13645d76-cf97-4311-b5cb-b3fc9d74ccfe req-13645d76-cf97-4311-b5cb-b3fc9d74ccfe ] Request (QuotasAdminTestJSON:test_get_updated_quotas): 200 GET http://10.180.1.21/identity/v3/domains?name=Default 0.021s
2024-11-06 05:18:28.712 63455 INFO tempest.lib.common.rest_client [req-4f5d958d-8ff0-4ddc-882c-0df5b0cef64d req-4f5d958d-8ff0-4ddc-882c-0df5b0cef64d ] Request (ImagesNegativeTestJSON:test_create_image_from_deleted_server): 200 GET http://10.180.1.21/compute/v2.1/servers/0a7d3d95-8420-4de1-a4db-945232da598e 1.502s
2024-11-06 05:18:28.776 63421 INFO tempest.lib.common.rest_client [req-30e270a3-bb5a-489b-ac2e-a7619ad14489 req-30e270a3-bb5a-489b-ac2e-a7619ad14489 ] Request (ServersAdminTestJSON:setUpClass): 201 POST http://10.180.1.21:9696/networking/v2.0/subnets 0.399s
2024-11-06 05:18:28.782 63433 INFO tempest.lib.common.rest_client [req-07a173dd-6db4-441e-ab9e-5bc7a6a54676 req-07a173dd-6db4-441e-ab9e-5bc7a6a54676 ] Request (DeleteServersAdminTestJSON:test_admin_delete_servers_of_others): 200 GET http://10.180.1.21/compute/v2.1/servers/06c1103d-bc97-45a3-9ba0-32d5aa9bb9e5 1.552s
2024-11-06 05:18:28.788 63433 INFO tempest.common.waiters [-] State transition "ACTIVE/deleting" ==> "DELETED/None" after 2 second wait
2024-11-06 05:18:28.799 63423 INFO tempest.lib.common.rest_client [req-f21b7c2c-6c66-4a64-bae6-9cc05642da94 req-f21b7c2c-6c66-4a64-bae6-9cc05642da94 ] Request (VolumesAssistedSnapshotsTest:test_volume_assisted_snapshot_create_delete): 200 GET http://10.180.1.21/compute/v2.1/servers/3bffbe72-a72f-4251-a3e2-f2ddb69cdc58 1.776s
2024-11-06 05:18:28.809 63423 INFO tempest.common.waiters [-] State transition "BUILD/networking" ==> "BUILD/spawning" after 5 second wait
2024-11-06 05:18:28.913 63453 INFO tempest.lib.common.rest_client [req-3f403ec2-f60a-4ca6-b19a-8f519d29cdb1 req-3f403ec2-f60a-4ca6-b19a-8f519d29cdb1 ] Request (HypervisorAdminTestJSON:test_get_hypervisor_list): 200 GET http://10.180.1.21/compute/v2.1/os-hypervisors 1.467s
2024-11-06 05:18:28.921 63464 INFO tempest.lib.common.rest_client [req-746bd1a9-089f-4b78-870b-de8b180c2127 req-746bd1a9-089f-4b78-870b-de8b180c2127 ] Request (ServerExternalEventsTest:test_create_server_external_events): 200 POST http://10.180.1.21/compute/v2.1/os-server-external-events 1.457s
2024-11-06 05:18:29.013 63425 INFO tempest.lib.common.rest_client [req-ba5ebab6-3a03-4f4b-980b-3f00a9a86b01 req-ba5ebab6-3a03-4f4b-980b-3f00a9a86b01 ] Request (ServersTestJSON:setUpClass): 200 GET http://10.180.1.21/compute/v2.1/servers/b6629dde-580d-40c4-af1e-15807861c45b 1.537s
2024-11-06 05:18:29.022 63445 INFO tempest.lib.common.rest_client [req-6bb0cb17-6e9b-42a2-a433-e53a203a5dec req-6bb0cb17-6e9b-42a2-a433-e53a203a5dec ] Request (ServerActionsV293TestJSON:setUpClass): 200 GET http://10.180.1.21/volume/v3/volumes/b63d40cf-ca66-4aca-bb4d-988002e4b977 0.040s
2024-11-06 05:18:29.038 63443 INFO tempest.lib.common.rest_client [req-9d24bc99-20a8-4448-8433-12128b89a778 req-9d24bc99-20a8-4448-8433-12128b89a778 ] Request (FlavorsExtraSpecsNegativeTestJSON:tearDownClass): 202 DELETE http://10.180.1.21/compute/v2.1/flavors/2126202825 1.363s
2024-11-06 05:18:29.082 63419 INFO tempest.lib.common.rest_client [req-8d04f6ac-ce8c-4de2-88af-c6785eee800b req-8d04f6ac-ce8c-4de2-88af-c6785eee800b ] Request (FlavorsAccessNegativeTestJSON:_run_cleanups): 202 DELETE http://10.180.1.21/compute/v2.1/flavors/1917108544 1.252s
2024-11-06 05:18:29.146 63449 INFO tempest.lib.common.rest_client [req-48f0f49e-7dd0-4572-b2aa-496358c1ede8 req-48f0f49e-7dd0-4572-b2aa-496358c1ede8 ] Request (ServersTestFqdnHostnames:test_create_server_with_fqdn_name): 200 GET http://10.180.1.21/compute/v2.1/servers/373b5cbe-83da-498c-bbf0-6b84a04ceaf8 1.303s
2024-11-06 05:18:29.202 63475 INFO tempest.lib.common.rest_client [req-e6020779-e3ea-4ddc-8a6e-fc2dbf2fef27 req-e6020779-e3ea-4ddc-8a6e-fc2dbf2fef27 ] Request (QuotasAdminNegativeTest:test_update_quota_normal_user): 403 PUT http://10.180.1.21/compute/v2.1/os-quota-sets/9751d578ebca452295c39797f7196b73 1.096s
2024-11-06 05:18:29.241 63439 INFO tempest.lib.common.rest_client [req-ab61e558-6ccb-477c-839d-461f475defa1 req-ab61e558-6ccb-477c-839d-461f475defa1 ] Request (ImagesMetadataTestJSON:setUp): 200 PUT http://10.180.1.21/compute/v2.1/images/92a0209d-1a3e-4f6f-ac31-069e8ef3e294/metadata 1.572s
2024-11-06 05:18:29.418 63475 INFO tempest.lib.common.rest_client [req-9707058b-db55-4fa1-9d58-95584ee367d9 req-9707058b-db55-4fa1-9d58-95584ee367d9 ] Request (QuotasAdminNegativeTest:tearDownClass): 204 DELETE http://10.180.1.21/identity/v3/users/b32147e7f5294a7495005c48cf471f31 0.214s
2024-11-06 05:18:29.546 63482 INFO tempest.lib.common.rest_client [req-dad34388-37fa-4043-9f63-c744313f3ba0 req-dad34388-37fa-4043-9f63-c744313f3ba0 ] Request (SecurityGroupRulesNegativeTestJSON:test_create_security_group_rule_with_invalid_from_port): 400 POST http://10.180.1.21/compute/v2.1/os-security-group-rules 1.233s
2024-11-06 05:18:29.572 63475 INFO tempest.lib.common.rest_client [req-67c608ec-12f5-41ae-922c-0c5e40bd4e20 req-67c608ec-12f5-41ae-922c-0c5e40bd4e20 ] Request (QuotasAdminNegativeTest:tearDownClass): 204 DELETE http://10.180.1.21/identity/v3/users/107fa7ef55b44e519522527c0d897bc9 0.151s
2024-11-06 05:18:29.572 63475 INFO tempest.lib.common.dynamic_creds [-] Deleting project and security group for project: 9751d578ebca452295c39797f7196b73
2024-11-06 05:18:29.597 63469 INFO tempest.lib.common.rest_client [req-e38291e5-973a-4315-8029-c2eba6a30a38 req-e38291e5-973a-4315-8029-c2eba6a30a38 ] Request (ServerTagsTestJSON:setUpClass): 200 GET http://10.180.1.21/compute/v2.1/servers/753d110e-e779-4b3f-b0ea-aeb9d69ab9fb 1.466s
2024-11-06 05:18:29.650 63475 INFO tempest.lib.common.rest_client [req-c56332cc-d3ed-4b99-b95a-1f621ec845c3 req-c56332cc-d3ed-4b99-b95a-1f621ec845c3 ] Request (QuotasAdminNegativeTest:tearDownClass): 201 POST http://10.180.1.21/identity/v3/auth/tokens 0.078s
2024-11-06 05:18:29.682 63465 INFO tempest.lib.common.rest_client [req-39731c1b-bc8e-42e1-8103-a408d61b0a1c req-39731c1b-bc8e-42e1-8103-a408d61b0a1c ] Request (FloatingIPsAssociationTestJSON:test_associate_already_associated_floating_ip): 200 GET http://10.180.1.21/compute/v2.1/servers/2c342aaa-72c2-4b9f-8906-79118f11b4e5 1.212s
2024-11-06 05:18:29.695 63447 INFO tempest.lib.common.rest_client [req-01db73d3-6f07-42bd-b551-d98557d14eb9 req-01db73d3-6f07-42bd-b551-d98557d14eb9 ] Request (HostsAdminNegativeTestJSON:test_show_host_detail_with_nonexistent_hostname): 404 GET http://10.180.1.21/compute/v2.1/os-hosts/nonexistent_hostname 1.220s
2024-11-06 05:18:29.710 63429 INFO tempest.lib.common.rest_client [req-e7405b99-c150-4753-9e2f-a049e99e2251 req-e7405b99-c150-4753-9e2f-a049e99e2251 ] Request (FlavorsV2TestJSON:test_list_flavors_using_marker): 200 GET http://10.180.1.21/compute/v2.1/flavors/42 1.216s
2024-11-06 05:18:29.723 63451 INFO tempest.lib.common.rest_client [req-5579b22f-5010-41e2-b070-91d1f52a75bb req-5579b22f-5010-41e2-b070-91d1f52a75bb ] Request (FlavorsAdminTestJSON:_run_cleanups): 202 DELETE http://10.180.1.21/compute/v2.1/flavors/231949cc-1c72-4b7f-91df-f5912e06cfae 1.204s
2024-11-06 05:18:29.729 63471 INFO tempest.lib.common.rest_client [req-ed4a977e-a9c3-40af-ae20-fd335ca01096 req-ed4a977e-a9c3-40af-ae20-fd335ca01096 ] Request (HypervisorAdminNegativeTestJSON:test_get_nonexistent_hypervisor_uptime): 404 GET http://10.180.1.21/compute/v2.1/os-hypervisors/22d2c50b-773b-49e8-893c-91aa23be9a76/uptime 1.151s
2024-11-06 05:18:29.734 63437 INFO tempest.lib.common.rest_client [req-a41107cf-55b9-4200-add6-b10f3b5df5c4 req-a41107cf-55b9-4200-add6-b10f3b5df5c4 ] Request (AggregatesAdminNegativeTestJSON:test_aggregate_create_aggregate_name_length_less_than_1): 400 POST http://10.180.1.21/compute/v2.1/os-aggregates 1.148s
2024-11-06 05:18:29.742 63459 INFO tempest.lib.common.rest_client [req-e66db694-5a8c-4653-8405-8cce293c85f5 req-e66db694-5a8c-4653-8405-8cce293c85f5 ] Request (KeyPairsV22TestJSON:test_keypairsv22_create_list_show): 200 GET http://10.180.1.21/compute/v2.1/os-keypairs/tempest-keypair-367363892 1.106s
2024-11-06 05:18:29.942 63479 INFO tempest.lib.common.rest_client [req-e61f5fc2-2984-44f5-83a2-5473bdb3a1b6 req-e61f5fc2-2984-44f5-83a2-5473bdb3a1b6 ] Request (MigrationsAdminTest:test_list_migrations_in_flavor_resize_situation): 200 GET http://10.180.1.21/compute/v2.1/servers/6fa22fef-bcc4-41f2-8a80-cb958a446ed8 1.305s
2024-11-06 05:18:29.969 63475 INFO tempest.lib.common.rest_client [req-0f4d3c06-a9df-4b1c-a24e-2af282a21d26 req-0f4d3c06-a9df-4b1c-a24e-2af282a21d26 ] Request (QuotasAdminNegativeTest:tearDownClass): 200 GET http://10.180.1.21:9696/networking/v2.0/security-groups?tenant_id=9751d578ebca452295c39797f7196b73&name=default 0.319s
2024-11-06 05:18:29.976 63461 INFO tempest.lib.common.rest_client [req-a783ee1e-b8c3-48f3-99cf-892e518fcd8f req-a783ee1e-b8c3-48f3-99cf-892e518fcd8f ] Request (FloatingIPsNegativeTestJSON:test_delete_nonexistent_floating_ip): 404 DELETE http://10.180.1.21/compute/v2.1/os-floating-ips/486fe44d-ac71-4542-8974-39bd5e49145f 1.332s
