2024-11-06 05:20:27.180 63435 INFO tempest.lib.common.dynamic_creds [-] Created isolated network resources for: credentials: Credentials: {'domain_id': 'default', 'domain_name': 'Default', 'username': 'tempest-ServersAdminNegativeTestJSON-1826774166-project-admin', 'project_domain_id': 'default', 'project_domain_name': 'Default', 'project_id': '9d364b1558a04f97902e1ef08f65b322', 'project_name': 'tempest-ServersAdminNegativeTestJSON-1826774166', 'tenant_id': '9d364b1558a04f97902e1ef08f65b322', 'tenant_name': 'tempest-ServersAdminNegativeTestJSON-1826774166', 'user_domain_id': 'default', 'user_domain_name': 'Default', 'user_id': '5666d70d9a294ad8b4a4196b9e875fa4', 'system': None}, Network: None, Subnet: None, Router: None
2024-11-06 05:20:27.192 63437 WARNING tempest.lib.common.ssh [-] Failed to establish authenticated ssh connection to cirros@10.180.180.185 ([Errno None] Unable to connect to port 22 on 10.180.180.185). Number attempts: 1. Retry after 2 seconds.: paramiko.ssh_exception.NoValidConnectionsError: [Errno None] Unable to connect to port 22 on 10.180.180.185
2024-11-06 05:20:27.239 63482 INFO tempest.lib.common.rest_client [req-35ed9a79-d36a-4b7b-93eb-45599cbd8f8d req-35ed9a79-d36a-4b7b-93eb-45599cbd8f8d ] Request (ServerRescueTestJSON:test_rescue_unrescue_instance): 200 GET http://10.180.1.21/compute/v2.1/servers/ba9f4f11-caa2-4916-a1ed-cbe96644c8ef 0.417s
2024-11-06 05:20:27.261 63427 INFO tempest.lib.common.rest_client [req-7af418bc-1526-4fbd-a08f-4c4038af121b req-7af418bc-1526-4fbd-a08f-4c4038af121b ] Request (ServersTestBootFromVolume:setUpClass): 200 GET http://10.180.1.21/compute/v2.1/servers/73e10bed-7065-48ad-b059-6b904061f4c7 0.536s
2024-11-06 05:20:27.270 63427 INFO tempest.common.waiters [-] State transition "BUILD/block_device_mapping" ==> "BUILD/spawning" after 50 second wait
2024-11-06 05:20:27.288 63435 INFO tempest.lib.common.rest_client [req-085b9242-1663-4a8d-b7aa-651519dee1cf req-085b9242-1663-4a8d-b7aa-651519dee1cf ] Request (ServersAdminNegativeTestJSON:setUpClass): 201 POST http://10.180.1.21/identity/v3/auth/tokens 0.104s
2024-11-06 05:20:27.317 63477 INFO tempest.lib.common.rest_client [req-3e8b8414-1369-4843-afc9-5f220df1aaf9 req-3e8b8414-1369-4843-afc9-5f220df1aaf9 ] Request (ImagesOneServerNegativeTestJSON:setUpClass): 200 GET http://10.180.1.21/compute/v2.1/servers/28df1018-3767-4561-8a01-5558a9272e71 0.366s
2024-11-06 05:20:27.361 63435 INFO tempest.lib.common.rest_client [req-496a850d-8a74-4727-85cf-d564f5121b4e req-496a850d-8a74-4727-85cf-d564f5121b4e ] Request (ServersAdminNegativeTestJSON:setUpClass): 201 POST http://10.180.1.21/identity/v3/auth/tokens 0.066s
2024-11-06 05:20:27.361 63435 INFO tempest.lib.common.fixed_network [-] (ServersAdminNegativeTestJSON:setUpClass) Found network None available for tenant
2024-11-06 05:20:27.396 63459 INFO tempest.lib.common.rest_client [req-9f46a83f-e1ed-4d62-81e5-59b848189192 req-9f46a83f-e1ed-4d62-81e5-59b848189192 ] Request (DeleteServersTestJSON:test_delete_server_while_in_attached_volume): 200 GET http://10.180.1.21/compute/v2.1/servers/c3be1ae7-ad87-4211-9418-58d1101ff16c 0.416s
2024-11-06 05:20:27.410 63439 INFO tempest.lib.common.rest_client [req-60bdb69d-29ff-4679-85d8-5f6629dcfcfd req-60bdb69d-29ff-4679-85d8-5f6629dcfcfd ] Request (ValidationResourcesFixture:setUp): 201 POST http://10.180.1.21:9696/networking/v2.0/security-groups 0.272s
2024-11-06 05:20:27.417 63475 INFO tempest.lib.common.rest_client [req-3ff1e412-68dc-455b-a940-a0bf77ae3253 req-3ff1e412-68dc-455b-a940-a0bf77ae3253 ] Request (SecurityGroupsTestJSON:test_server_security_groups): 200 GET http://10.180.1.21/compute/v2.1/servers/e5fbf2ee-cbba-4246-a1c5-1bb0bbdcfa4a 0.551s
2024-11-06 05:20:27.426 63475 INFO tempest.common.waiters [-] State transition "BUILD/spawning" ==> "ACTIVE/None" after 58 second wait
2024-11-06 05:20:27.494 63479 INFO tempest.lib.common.rest_client [req-d3186ed1-c1d5-4bea-9684-e4786ca9fc57 req-d3186ed1-c1d5-4bea-9684-e4786ca9fc57 ] Request (MigrationsAdminTest:test_resize_server_revert_deleted_flavor): 200 GET http://10.180.1.21/compute/v2.1/servers/a1699619-ba4e-42cb-bf58-28f3a922e36e 0.425s
2024-11-06 05:20:27.562 63439 INFO tempest.lib.common.rest_client [req-0b377075-5591-4296-b2b2-1f14326f3336 req-0b377075-5591-4296-b2b2-1f14326f3336 ] Request (ValidationResourcesFixture:setUp): 201 POST http://10.180.1.21:9696/networking/v2.0/security-group-rules 0.151s
2024-11-06 05:20:27.659 63467 INFO tempest.lib.common.rest_client [req-8aba1141-b2e3-4320-917f-ecfd2d4fe078 req-8aba1141-b2e3-4320-917f-ecfd2d4fe078 ] Request (ServersNegativeTestJSON:tearDown): 200 GET http://10.180.1.21/compute/v2.1/servers/32352ea6-c719-4c88-a4a2-dde0f79e503e 0.588s
2024-11-06 05:20:27.701 63453 INFO tempest.lib.common.rest_client [req-ed5b7fc6-ea55-4914-91ed-7c201736531a req-ed5b7fc6-ea55-4914-91ed-7c201736531a ] Request (SecurityGroupRulesTestJSON:tearDownClass): 202 DELETE http://10.180.1.21/compute/v2.1/os-security-groups/5c7a7400-366d-4254-8caf-cfc2c1cb777f 0.528s
2024-11-06 05:20:27.742 63419 INFO tempest.lib.common.rest_client [req-46490b5f-d381-403e-a63c-d4b05d9399cb req-46490b5f-d381-403e-a63c-d4b05d9399cb ] Request (FloatingIPsAssociationNegativeTestJSON:tearDownClass): 200 GET http://10.180.1.21/compute/v2.1/servers/15e6dedb-15c7-48c2-b71b-92b0f90fccb6 0.403s
2024-11-06 05:20:27.752 63419 INFO tempest.common.waiters [-] State transition "ACTIVE/deleting" ==> "DELETED/None" after 4 second wait
2024-11-06 05:20:27.757 63433 INFO tempest.lib.common.rest_client [req-cdbe162b-7459-4c4b-8dfc-3c5810f8746d req-cdbe162b-7459-4c4b-8dfc-3c5810f8746d ] Request (ServerActionsTestJSON:setUpClass): 200 GET http://10.180.1.21/compute/v2.1/servers/2100f73d-d3ca-4e31-9bba-05a5767389fc 0.414s
2024-11-06 05:20:27.767 63439 INFO tempest.lib.common.rest_client [req-324a8a7f-54fb-4322-8d37-7755fbb46137 req-324a8a7f-54fb-4322-8d37-7755fbb46137 ] Request (ValidationResourcesFixture:setUp): 201 POST http://10.180.1.21:9696/networking/v2.0/security-group-rules 0.204s
2024-11-06 05:20:27.803 63464 INFO tempest.lib.common.rest_client [req-2be302c1-fa03-4a5f-93ae-be7d6bef5f9f req-2be302c1-fa03-4a5f-93ae-be7d6bef5f9f ] Request (ImagesOneServerTestJSON:test_create_delete_image): 200 GET http://10.180.1.21/compute/v2.1/images/5aa927c2-42d8-4add-a33f-7af451aef105 0.410s
2024-11-06 05:20:27.818 63449 WARNING tempest.lib.common.ssh [-] Failed to establish authenticated ssh connection to cirros@10.180.180.248 ([Errno None] Unable to connect to port 22 on 10.180.180.248). Number attempts: 11. Retry after 12 seconds.: paramiko.ssh_exception.NoValidConnectionsError: [Errno None] Unable to connect to port 22 on 10.180.180.248
2024-11-06 05:20:28.029 63465 INFO tempest.lib.common.rest_client [req-71adbda9-99c4-4679-b19c-eaa2a09c126c req-71adbda9-99c4-4679-b19c-eaa2a09c126c ] Request (FloatingIPDetailsNegativeTestJSON:setUpClass): 200 PUT http://10.180.1.21:9696/networking/v2.0/routers/586aea1c-a9ee-4428-95c2-43501ce3b190/add_router_interface 1.415s
2024-11-06 05:20:28.029 63465 INFO tempest.lib.common.dynamic_creds [-] Created isolated network resources for: credentials: Credentials: {'domain_id': 'default', 'domain_name': 'Default', 'username': 'tempest-FloatingIPDetailsNegativeTestJSON-326855451-project-member', 'project_domain_id': 'default', 'project_domain_name': 'Default', 'project_id': '5ce4ec1386ce495ab2df702da7a6c522', 'project_name': 'tempest-FloatingIPDetailsNegativeTestJSON-326855451', 'tenant_id': '5ce4ec1386ce495ab2df702da7a6c522', 'tenant_name': 'tempest-FloatingIPDetailsNegativeTestJSON-326855451', 'user_domain_id': 'default', 'user_domain_name': 'Default', 'user_id': 'aabd4e3b996b4736a5bf5a15e0305868', 'system': None}, Network: {'id': '6e8ea00e-022d-4910-a5b7-02ea4d94d07e', 'name': 'tempest-FloatingIPDetailsNegativeTestJSON-336421322-network', 'tenant_id': '5ce4ec1386ce495ab2df702da7a6c522', 'admin_state_up': True, 'mtu': 8950, 'status': 'ACTIVE', 'subnets': [], 'shared': False, 'project_id': '5ce4ec1386ce495ab2df702da7a6c522', 'port_security_enabled': True, 'router:external': False, 'provider:network_type': 'vlan', 'provider:physical_network': 'default', 'provider:segmentation_id': 397, 'availability_zone_hints': [], 'availability_zones': [], 'ipv4_address_scope': None, 'ipv6_address_scope': None, 'description': '', 'tags': [], 'created_at': '2024-11-06T05:20:23Z', 'updated_at': '2024-11-06T05:20:23Z', 'revision_number': 1}, Subnet: {'id': '80389e42-b56b-4896-983b-05303af902ff', 'name': 'tempest-FloatingIPDetailsNegativeTestJSON-336421322-subnet', 'tenant_id': '5ce4ec1386ce495ab2df702da7a6c522', 'network_id': '6e8ea00e-022d-4910-a5b7-02ea4d94d07e', 'ip_version': 4, 'subnetpool_id': None, 'enable_dhcp': True, 'ipv6_ra_mode': None, 'ipv6_address_mode': None, 'gateway_ip': '192.168.128.1', 'cidr': '192.168.128.0/28', 'allocation_pools': [{'start': '192.168.128.2', 'end': '192.168.128.14'}], 'host_routes': [], 'dns_nameservers': [], 'description': '', 'router:external': False, 'service_types': [], 'tags': [], 'created_at': '2024-11-06T05:20:24Z', 'updated_at': '2024-11-06T05:20:24Z', 'revision_number': 0, 'project_id': '5ce4ec1386ce495ab2df702da7a6c522'}, Router: {'id': '586aea1c-a9ee-4428-95c2-43501ce3b190', 'name': 'tempest-FloatingIPDetailsNegativeTestJSON-336421322-router', 'tenant_id': '5ce4ec1386ce495ab2df702da7a6c522', 'admin_state_up': True, 'status': 'ACTIVE', 'external_gateway_info': {'network_id': 'b0058b45-7ec3-4021-afa3-403eb941e390', 'external_fixed_ips': [{'subnet_id': '67a2cc88-d1d7-4032-8eba-b64ac1f5b96c', 'ip_address': '10.180.180.210'}], 'enable_snat': True}, 'description': '', 'availability_zones': [], 'distributed': False, 'ha': False, 'availability_zone_hints': [], 'routes': [], 'flavor_id': None, 'tags': [], 'created_at': '2024-11-06T05:20:24Z', 'updated_at': '2024-11-06T05:20:25Z', 'revision_number': 2, 'project_id': '5ce4ec1386ce495ab2df702da7a6c522'}
2024-11-06 05:20:28.127 63465 INFO tempest.lib.common.rest_client [req-ffc2f7cc-2984-417d-aa58-2353f96066d8 req-ffc2f7cc-2984-417d-aa58-2353f96066d8 ] Request (FloatingIPDetailsNegativeTestJSON:setUpClass): 201 POST http://10.180.1.21/identity/v3/auth/tokens 0.094s
2024-11-06 05:20:28.174 63435 INFO tempest.lib.common.rest_client [req-f92465f6-685d-4dfb-8306-66ac131dc2a3 req-f92465f6-685d-4dfb-8306-66ac131dc2a3 ] Request (ServersAdminNegativeTestJSON:setUpClass): 202 POST http://10.180.1.21/compute/v2.1/servers 0.812s
2024-11-06 05:20:28.537 63443 WARNING tempest.lib.common.ssh [-] Failed to establish authenticated ssh connection to cirros@10.180.180.174 ([Errno None] Unable to connect to port 22 on 10.180.180.174). Number attempts: 2. Retry after 3 seconds.: paramiko.ssh_exception.NoValidConnectionsError: [Errno None] Unable to connect to port 22 on 10.180.180.174
2024-11-06 05:20:28.614 63467 INFO tempest.lib.common.rest_client [req-04d883b6-0507-461d-b116-df7010f1bf2f req-04d883b6-0507-461d-b116-df7010f1bf2f ] Request (ServersNegativeTestJSON:setUp): 200 GET http://10.180.1.21/compute/v2.1/servers/32352ea6-c719-4c88-a4a2-dde0f79e503e 0.941s
2024-11-06 05:20:28.713 63475 INFO tempest.lib.common.rest_client [req-dc98dcd3-26c7-4312-a27c-dfa7b4e92c25 req-dc98dcd3-26c7-4312-a27c-dfa7b4e92c25 ] Request (SecurityGroupsTestJSON:test_server_security_groups): 202 POST http://10.180.1.21/compute/v2.1/servers/e5fbf2ee-cbba-4246-a1c5-1bb0bbdcfa4a/action 1.285s
2024-11-06 05:20:28.759 63464 INFO tempest.lib.common.rest_client [req-d999cb3e-a82a-4303-ba17-23e75cd574e4 req-d999cb3e-a82a-4303-ba17-23e75cd574e4 ] Request (ImagesOneServerTestJSON:test_create_delete_image): 200 GET http://10.180.1.21/compute/v2.1/images/5aa927c2-42d8-4add-a33f-7af451aef105 0.951s
2024-11-06 05:20:28.817 63439 INFO tempest.lib.common.rest_client [req-016886ff-2811-4858-97a1-cafd3b047dea req-016886ff-2811-4858-97a1-cafd3b047dea ] Request (ValidationResourcesFixture:setUp): 201 POST http://10.180.1.21:9696/networking/v2.0/floatingips 1.050s
2024-11-06 05:20:28.839 63453 INFO tempest.lib.common.rest_client [req-ca5d9849-4264-45ab-a51a-82f47475021f req-ca5d9849-4264-45ab-a51a-82f47475021f ] Request (SecurityGroupRulesTestJSON:tearDownClass): 202 DELETE http://10.180.1.21/compute/v2.1/os-security-groups/f71c884a-6659-4891-8b56-8b60f78cdb97 1.137s
2024-11-06 05:20:28.847 63429 INFO tempest.lib.common.rest_client [req-3f0d2df9-b749-45e4-a442-9b81dfd48a0b req-3f0d2df9-b749-45e4-a442-9b81dfd48a0b ] Request (ServersTestMultiNic:_run_cleanups): 200 GET http://10.180.1.21/compute/v2.1/servers/59e6c0a7-a37b-452d-93ec-78776be75bd5 0.975s
2024-11-06 05:20:28.902 63441 INFO tempest.lib.common.rest_client [req-ac289b24-cd99-48c3-96be-63e5612e6695 req-ac289b24-cd99-48c3-96be-63e5612e6695 ] Request (ServerMetadataNegativeTestJSON:setUpClass): 200 GET http://10.180.1.21/compute/v2.1/servers/bfa4f7f3-f018-490c-b375-812633d50a9a 0.949s
2024-11-06 05:20:28.903 63469 INFO tempest.lib.common.rest_client [req-18f85124-50be-44a4-899d-116a77183c8a req-18f85124-50be-44a4-899d-116a77183c8a ] Request (ServerShowV257Test:test_rebuild_server): 200 GET http://10.180.1.21/compute/v2.1/servers/4054a81a-097b-4bc1-89e2-276430b36d86 1.008s
2024-11-06 05:20:28.916 63439 INFO tempest.lib.common.rest_client [req-42ceb058-5032-4c44-ab47-ec7df00e5de0 req-42ceb058-5032-4c44-ab47-ec7df00e5de0 ] Request (AttachVolumeShelveTestJSON:test_attach_volume_shelved_or_offload_server): 201 POST http://10.180.1.21/identity/v3/auth/tokens 0.093s
2024-11-06 05:20:28.917 63469 INFO tempest.common.waiters [-] State transition "BUILD/None" ==> "BUILD/block_device_mapping" after 48 second wait
2024-11-06 05:20:28.917 63439 INFO tempest.lib.common.fixed_network [-] (AttachVolumeShelveTestJSON:test_attach_volume_shelved_or_offload_server) Found network {'id': 'c26482aa-b376-41c8-b52c-d6f5df8bfe12', 'name': 'tempest-AttachVolumeShelveTestJSON-142260887-network', 'tenant_id': '56d9caf1df5943778427371efb4c140e', 'admin_state_up': True, 'mtu': 8950, 'status': 'ACTIVE', 'subnets': [], 'shared': False, 'project_id': '56d9caf1df5943778427371efb4c140e', 'port_security_enabled': True, 'router:external': False, 'provider:network_type': 'vlan', 'provider:physical_network': 'default', 'provider:segmentation_id': 413, 'availability_zone_hints': [], 'availability_zones': [], 'ipv4_address_scope': None, 'ipv6_address_scope': None, 'description': '', 'tags': [], 'created_at': '2024-11-06T05:20:21Z', 'updated_at': '2024-11-06T05:20:21Z', 'revision_number': 1} available for tenant
2024-11-06 05:20:28.985 63455 WARNING tempest.lib.common.ssh [-] Failed to establish authenticated ssh connection to cirros@10.180.180.188 ([Errno None] Unable to connect to port 22 on 10.180.180.188). Number attempts: 1. Retry after 2 seconds.: paramiko.ssh_exception.NoValidConnectionsError: [Errno None] Unable to connect to port 22 on 10.180.180.188
2024-11-06 05:20:29.019 63465 INFO tempest.lib.common.rest_client [req-ba07cb70-38f5-4426-aea7-c9c7b7dbba92 req-ba07cb70-38f5-4426-aea7-c9c7b7dbba92 ] Request (FloatingIPDetailsNegativeTestJSON:test_get_nonexistent_floating_ip_details): 404 GET http://10.180.1.21/compute/v2.1/os-floating-ips/f161eda8-2d86-421c-b721-c6567349fbe8 0.890s
2024-11-06 05:20:29.095 63447 INFO tempest.lib.common.rest_client [req-22d6e91d-dc44-40e7-ab31-52669fafbd55 req-22d6e91d-dc44-40e7-ab31-52669fafbd55 ] Request (InstanceActionsV221TestJSON:test_get_list_deleted_instance_actions): 200 GET http://10.180.1.21/compute/v2.1/servers/08a0f783-8464-44b0-8419-6fe281098b26 0.939s
2024-11-06 05:20:29.107 63421 INFO tempest.lib.common.rest_client [req-d52962b7-5610-4844-8712-d6b2919a1dc4 req-d52962b7-5610-4844-8712-d6b2919a1dc4 ] Request (ServersAdminTestJSON:test_create_server_with_scheduling_hint): 200 GET http://10.180.1.21/compute/v2.1/servers/9b7b4789-f5fc-44bb-addb-5da6cc9ebd19 1.101s
2024-11-06 05:20:29.169 63435 INFO tempest.lib.common.rest_client [req-c14a1950-fe53-4c19-ade1-52804ea6eeea req-c14a1950-fe53-4c19-ade1-52804ea6eeea ] Request (ServersAdminNegativeTestJSON:setUpClass): 200 GET http://10.180.1.21/compute/v2.1/servers/cfc0fe88-5a4d-4d10-b528-f6fdc55bc196 0.993s
2024-11-06 05:20:29.186 63482 INFO tempest.lib.common.rest_client [req-70345458-a557-4897-bffc-ff147cb02483 req-70345458-a557-4897-bffc-ff147cb02483 ] Request (ServerRescueTestJSON:test_rescue_unrescue_instance): 200 GET http://10.180.1.21/compute/v2.1/servers/ba9f4f11-caa2-4916-a1ed-cbe96644c8ef 0.937s
2024-11-06 05:20:29.196 63482 INFO tempest.common.waiters [-] State transition "BUILD/scheduling" ==> "BUILD/None" after 2 second wait
2024-11-06 05:20:29.266 63477 INFO tempest.lib.common.rest_client [req-c048aa17-4dc5-4188-94b9-0a091e7a6a8f req-c048aa17-4dc5-4188-94b9-0a091e7a6a8f ] Request (ImagesOneServerNegativeTestJSON:setUpClass): 200 GET http://10.180.1.21/compute/v2.1/servers/28df1018-3767-4561-8a01-5558a9272e71 0.933s
2024-11-06 05:20:29.328 63459 INFO tempest.lib.common.rest_client [req-f8dbdbc8-df71-4c3a-be31-144b54f8aa73 req-f8dbdbc8-df71-4c3a-be31-144b54f8aa73 ] Request (DeleteServersTestJSON:test_delete_server_while_in_attached_volume): 200 GET http://10.180.1.21/compute/v2.1/servers/c3be1ae7-ad87-4211-9418-58d1101ff16c 0.923s
2024-11-06 05:20:29.346 63427 INFO tempest.lib.common.rest_client [req-2076fed0-47ea-44a9-98e7-f9aee3169942 req-2076fed0-47ea-44a9-98e7-f9aee3169942 ] Request (ServersTestBootFromVolume:setUpClass): 200 GET http://10.180.1.21/compute/v2.1/servers/73e10bed-7065-48ad-b059-6b904061f4c7 1.075s
2024-11-06 05:20:29.356 63467 INFO tempest.lib.common.rest_client [req-ac7c92cc-a0ca-478e-abdd-853157ffa894 req-ac7c92cc-a0ca-478e-abdd-853157ffa894 ] Request (ServersNegativeTestJSON:test_delete_non_existent_server): 404 DELETE http://10.180.1.21/compute/v2.1/servers/71e0ee49-c072-404e-bd11-3dace40cb013 0.734s
2024-11-06 05:20:29.391 63479 INFO tempest.lib.common.rest_client [req-0790c285-9461-4c55-9b0e-f73ef38ed9b6 req-0790c285-9461-4c55-9b0e-f73ef38ed9b6 ] Request (MigrationsAdminTest:test_resize_server_revert_deleted_flavor): 200 GET http://10.180.1.21/compute/v2.1/servers/a1699619-ba4e-42cb-bf58-28f3a922e36e 0.887s
2024-11-06 05:20:29.447 63475 INFO tempest.lib.common.rest_client [req-9d4a7790-8010-4105-ab67-2edf9dd3b20f req-9d4a7790-8010-4105-ab67-2edf9dd3b20f ] Request (SecurityGroupsTestJSON:test_server_security_groups): 400 DELETE http://10.180.1.21/compute/v2.1/os-security-groups/26423803-be1f-4bff-8c10-41d4c1da6f83 0.733s
2024-11-06 05:20:29.485 63419 INFO tempest.lib.common.rest_client [req-f33e3744-c633-451e-b60a-1fcb18bf9bb9 req-f33e3744-c633-451e-b60a-1fcb18bf9bb9 ] Request (FloatingIPsAssociationNegativeTestJSON:tearDownClass): 200 GET http://10.180.1.21/compute/v2.1/servers/15e6dedb-15c7-48c2-b71b-92b0f90fccb6 0.732s
2024-11-06 05:20:29.539 63433 INFO tempest.lib.common.rest_client [req-f8a4d630-57f0-4de6-9142-da20f69aec59 req-f8a4d630-57f0-4de6-9142-da20f69aec59 ] Request (ServerActionsTestJSON:setUpClass): 200 GET http://10.180.1.21/compute/v2.1/servers/2100f73d-d3ca-4e31-9bba-05a5767389fc 0.774s
2024-11-06 05:20:29.697 63464 INFO tempest.lib.common.rest_client [req-d8814143-8f35-4410-a565-6ab7ad4c91de req-d8814143-8f35-4410-a565-6ab7ad4c91de ] Request (ImagesOneServerTestJSON:test_create_delete_image): 200 GET http://10.180.1.21/compute/v2.1/servers/c62bee0a-0494-4cee-9053-0e7291d20a12 0.936s
2024-11-06 05:20:29.776 63453 INFO tempest.lib.common.rest_client [req-c1f3e44b-a4e8-464e-8a69-a1aad5c2ca42 req-c1f3e44b-a4e8-464e-8a69-a1aad5c2ca42 ] Request (SecurityGroupRulesTestJSON:tearDownClass): 202 DELETE http://10.180.1.21/compute/v2.1/os-security-groups/817e1120-09da-4783-bf04-069162f879d3 0.936s
2024-11-06 05:20:29.976 63467 INFO tempest.lib.common.rest_client [req-60be015a-554e-4839-ae72-3ac34871c5d7 req-60be015a-554e-4839-ae72-3ac34871c5d7 ] Request (ServersNegativeTestJSON:tearDown): 200 GET http://10.180.1.21/compute/v2.1/servers/32352ea6-c719-4c88-a4a2-dde0f79e503e 0.620s
2024-11-06 05:20:30.074 63475 INFO tempest.lib.common.rest_client [req-574a2422-742e-4638-9bd9-2da448fef69d req-574a2422-742e-4638-9bd9-2da448fef69d ] Request (SecurityGroupsTestJSON:test_server_security_groups): 202 POST http://10.180.1.21/compute/v2.1/servers/e5fbf2ee-cbba-4246-a1c5-1bb0bbdcfa4a/action 0.626s
2024-11-06 05:20:30.120 63464 INFO tempest.lib.common.rest_client [req-67479bd9-ec36-4b69-8bdd-bcdedd46f503 req-67479bd9-ec36-4b69-8bdd-bcdedd46f503 ] Request (ImagesOneServerTestJSON:test_create_delete_image): 200 GET http://10.180.1.21/compute/v2.1/images/cfd7dda5-dd02-4e1a-a12e-b39abc6db212 0.414s
2024-11-06 05:20:30.264 63437 WARNING tempest.lib.common.ssh [-] Failed to establish authenticated ssh connection to cirros@10.180.180.185 ([Errno None] Unable to connect to port 22 on 10.180.180.185). Number attempts: 2. Retry after 3 seconds.: paramiko.ssh_exception.NoValidConnectionsError: [Errno None] Unable to connect to port 22 on 10.180.180.185
2024-11-06 05:20:30.292 63439 INFO tempest.lib.common.rest_client [req-39acc225-b17b-44f8-b72e-b599ded562d9 req-39acc225-b17b-44f8-b72e-b599ded562d9 ] Request (AttachVolumeShelveTestJSON:test_attach_volume_shelved_or_offload_server): 202 POST http://10.180.1.21/compute/v2.1/servers 1.374s
2024-11-06 05:20:30.336 63453 INFO tempest.lib.common.rest_client [req-2f02f893-7161-4e67-81e5-4dc7b2be4e93 req-2f02f893-7161-4e67-81e5-4dc7b2be4e93 ] Request (SecurityGroupRulesTestJSON:tearDownClass): 202 DELETE http://10.180.1.21/compute/v2.1/os-security-groups/8ebcc473-2354-40fa-a17f-b6a852ae5c13 0.559s
2024-11-06 05:20:30.379 63465 INFO tempest.lib.common.rest_client [req-abf40571-7671-4aa1-959f-3ce6428e5f1b req-abf40571-7671-4aa1-959f-3ce6428e5f1b ] Request (FloatingIPDetailsNegativeTestJSON:tearDownClass): 200 PUT http://10.180.1.21:9696/networking/v2.0/routers/586aea1c-a9ee-4428-95c2-43501ce3b190/remove_router_interface 1.358s
2024-11-06 05:20:30.383 63429 INFO tempest.lib.common.rest_client [req-2070d98e-b296-4b70-88f8-316d9c78b1d7 req-2070d98e-b296-4b70-88f8-316d9c78b1d7 ] Request (ServersTestMultiNic:_run_cleanups): 200 GET http://10.180.1.21/compute/v2.1/servers/59e6c0a7-a37b-452d-93ec-78776be75bd5 0.525s
2024-11-06 05:20:30.403 63441 INFO tempest.lib.common.rest_client [req-7ceb6c13-d967-4e84-bdf7-eafc958372c4 req-7ceb6c13-d967-4e84-bdf7-eafc958372c4 ] Request (ServerMetadataNegativeTestJSON:setUpClass): 200 GET http://10.180.1.21/compute/v2.1/servers/bfa4f7f3-f018-490c-b375-812633d50a9a 0.492s
2024-11-06 05:20:30.411 63441 INFO tempest.common.waiters [-] State transition "BUILD/None" ==> "BUILD/networking" after 48 second wait
2024-11-06 05:20:30.450 63469 INFO tempest.lib.common.rest_client [req-c0700959-04ff-4a2a-b6ec-a7cd0b604f28 req-c0700959-04ff-4a2a-b6ec-a7cd0b604f28 ] Request (ServerShowV257Test:test_rebuild_server): 200 GET http://10.180.1.21/compute/v2.1/servers/4054a81a-097b-4bc1-89e2-276430b36d86 0.532s
2024-11-06 05:20:30.461 63469 INFO tempest.common.waiters [-] State transition "BUILD/block_device_mapping" ==> "BUILD/spawning" after 50 second wait
2024-11-06 05:20:30.534 63467 INFO tempest.lib.common.rest_client [req-d72c8dd1-01a5-4466-9d78-676ebddbcbd5 req-d72c8dd1-01a5-4466-9d78-676ebddbcbd5 ] Request (ServersNegativeTestJSON:setUp): 200 GET http://10.180.1.21/compute/v2.1/servers/32352ea6-c719-4c88-a4a2-dde0f79e503e 0.546s
2024-11-06 05:20:30.561 63475 INFO tempest.lib.common.rest_client [req-7f47fea4-e350-487c-95bd-5fb40960e6c7 req-7f47fea4-e350-487c-95bd-5fb40960e6c7 ] Request (SecurityGroupsTestJSON:test_server_security_groups): 200 GET http://10.180.1.21/compute/v2.1/servers/e5fbf2ee-cbba-4246-a1c5-1bb0bbdcfa4a 0.486s
2024-11-06 05:20:30.590 63447 INFO tempest.lib.common.rest_client [req-e72fb632-dffa-44d7-aa2e-0895b361ce77 req-e72fb632-dffa-44d7-aa2e-0895b361ce77 ] Request (InstanceActionsV221TestJSON:test_get_list_deleted_instance_actions): 200 GET http://10.180.1.21/compute/v2.1/servers/08a0f783-8464-44b0-8419-6fe281098b26 0.480s
2024-11-06 05:20:30.604 63464 INFO tempest.lib.common.rest_client [req-761ccbd5-0368-449c-a817-96f05d683bef req-761ccbd5-0368-449c-a817-96f05d683bef ] Request (ImagesOneServerTestJSON:test_create_delete_image): 200 GET http://10.180.1.21/compute/v2.1/flavors/42 0.480s
2024-11-06 05:20:30.662 63435 INFO tempest.lib.common.rest_client [req-4494e3cd-a579-43be-940f-80dc8db3494d req-4494e3cd-a579-43be-940f-80dc8db3494d ] Request (ServersAdminNegativeTestJSON:setUpClass): 200 GET http://10.180.1.21/compute/v2.1/servers/cfc0fe88-5a4d-4d10-b528-f6fdc55bc196 0.480s
2024-11-06 05:20:30.676 63421 INFO tempest.lib.common.rest_client [req-6cb5fae8-1216-4662-a89c-c485d04bc0ca req-6cb5fae8-1216-4662-a89c-c485d04bc0ca ] Request (ServersAdminTestJSON:test_create_server_with_scheduling_hint): 200 GET http://10.180.1.21/compute/v2.1/servers/9b7b4789-f5fc-44bb-addb-5da6cc9ebd19 0.561s
2024-11-06 05:20:30.683 63421 INFO tempest.common.waiters [-] State transition "BUILD/spawning" ==> "ACTIVE/None" after 55 second wait
2024-11-06 05:20:30.712 63482 INFO tempest.lib.common.rest_client [req-9df0d142-5c9e-4b7b-8b01-0a03ece913fc req-9df0d142-5c9e-4b7b-8b01-0a03ece913fc ] Request (ServerRescueTestJSON:test_rescue_unrescue_instance): 200 GET http://10.180.1.21/compute/v2.1/servers/ba9f4f11-caa2-4916-a1ed-cbe96644c8ef 0.514s
2024-11-06 05:20:30.712 63423 WARNING tempest.lib.common.ssh [-] Failed to establish authenticated ssh connection to cirros@10.180.180.154 ([Errno None] Unable to connect to port 22 on 10.180.180.154). Number attempts: 11. Retry after 12 seconds.: paramiko.ssh_exception.NoValidConnectionsError: [Errno None] Unable to connect to port 22 on 10.180.180.154
2024-11-06 05:20:30.739 63477 INFO tempest.lib.common.rest_client [req-2dcdcbed-6546-4e6f-8cef-1882891bf106 req-2dcdcbed-6546-4e6f-8cef-1882891bf106 ] Request (ImagesOneServerNegativeTestJSON:setUpClass): 200 GET http://10.180.1.21/compute/v2.1/servers/28df1018-3767-4561-8a01-5558a9272e71 0.465s
2024-11-06 05:20:30.759 63439 INFO tempest.lib.common.rest_client [req-8f3c20b6-9f23-49de-9f5f-07e1aabcefd8 req-8f3c20b6-9f23-49de-9f5f-07e1aabcefd8 ] Request (AttachVolumeShelveTestJSON:test_attach_volume_shelved_or_offload_server): 200 GET http://10.180.1.21/compute/v2.1/servers/e8a64c70-0423-42bf-9414-9554f82db3dd 0.465s
2024-11-06 05:20:30.787 63421 INFO tempest.lib.common.rest_client [req-19050062-8081-4f23-82b6-962f4b0ae73c req-19050062-8081-4f23-82b6-962f4b0ae73c ] Request (ServersAdminTestJSON:test_inject_network_info): 201 POST http://10.180.1.21/identity/v3/auth/tokens 0.096s
2024-11-06 05:20:30.788 63421 INFO tempest.lib.common.fixed_network [-] (ServersAdminTestJSON:test_inject_network_info) Found network {'id': '4bbb6dd3-ac62-4482-8953-be0ab57cee71', 'name': 'tempest-ServersAdminTestJSON-1072414704-network', 'tenant_id': '0f946d53d33e4285b93da32355ab1080', 'admin_state_up': True, 'mtu': 8950, 'status': 'ACTIVE', 'subnets': [], 'shared': False, 'project_id': '0f946d53d33e4285b93da32355ab1080', 'port_security_enabled': True, 'router:external': False, 'provider:network_type': 'vlan', 'provider:physical_network': 'default', 'provider:segmentation_id': 829, 'availability_zone_hints': [], 'availability_zones': [], 'ipv4_address_scope': None, 'ipv6_address_scope': None, 'description': '', 'tags': [], 'created_at': '2024-11-06T05:18:27Z', 'updated_at': '2024-11-06T05:18:28Z', 'revision_number': 1} available for tenant
2024-11-06 05:20:30.824 63459 INFO tempest.lib.common.rest_client [req-be844182-0baf-4d64-8f88-981be0b0a3fd req-be844182-0baf-4d64-8f88-981be0b0a3fd ] Request (DeleteServersTestJSON:test_delete_server_while_in_attached_volume): 200 GET http://10.180.1.21/compute/v2.1/servers/c3be1ae7-ad87-4211-9418-58d1101ff16c 0.479s
2024-11-06 05:20:30.895 63453 INFO tempest.lib.common.rest_client [req-c0078453-0bcc-4500-8dce-7cbb0629d7c8 req-c0078453-0bcc-4500-8dce-7cbb0629d7c8 ] Request (SecurityGroupRulesTestJSON:tearDownClass): 202 DELETE http://10.180.1.21/compute/v2.1/os-security-groups/45f49e1d-0564-42bb-97aa-f270fe05969a 0.558s
2024-11-06 05:20:30.968 63465 INFO tempest.lib.common.rest_client [req-3b6ffa71-133c-4b59-a680-b75987f0c4a7 req-3b6ffa71-133c-4b59-a680-b75987f0c4a7 ] Request (FloatingIPDetailsNegativeTestJSON:tearDownClass): 204 DELETE http://10.180.1.21:9696/networking/v2.0/routers/586aea1c-a9ee-4428-95c2-43501ce3b190 0.588s
2024-11-06 05:20:30.969 63479 INFO tempest.lib.common.rest_client [req-e1680519-135d-4fa4-92c1-82b385e8864f req-e1680519-135d-4fa4-92c1-82b385e8864f ] Request (MigrationsAdminTest:test_resize_server_revert_deleted_flavor): 200 GET http://10.180.1.21/compute/v2.1/servers/a1699619-ba4e-42cb-bf58-28f3a922e36e 0.564s
2024-11-06 05:20:31.071 63419 INFO tempest.lib.common.rest_client [req-c6d96f84-4034-4bde-a7bf-dcb2a5f227cc req-c6d96f84-4034-4bde-a7bf-dcb2a5f227cc ] Request (FloatingIPsAssociationNegativeTestJSON:tearDownClass): 200 GET http://10.180.1.21/compute/v2.1/servers/15e6dedb-15c7-48c2-b71b-92b0f90fccb6 0.576s
2024-11-06 05:20:31.084 63467 INFO tempest.lib.common.rest_client [req-2c6da340-c262-450c-a545-8211d2789b6f req-2c6da340-c262-450c-a545-8211d2789b6f ] Request (ServersNegativeTestJSON:test_delete_server_pass_id_exceeding_length_limit): 404 DELETE http://10.180.1.21/compute/v2.1/servers/9223372036854775808 0.537s
2024-11-06 05:20:31.109 63427 INFO tempest.lib.common.rest_client [req-0e732954-f44b-4d5e-8097-256815aac11d req-0e732954-f44b-4d5e-8097-256815aac11d ] Request (ServersTestBootFromVolume:setUpClass): 200 GET http://10.180.1.21/compute/v2.1/servers/73e10bed-7065-48ad-b059-6b904061f4c7 0.750s
2024-11-06 05:20:31.153 63433 INFO tempest.lib.common.rest_client [req-51ef908e-3185-445c-a3bb-d4cbf8f4a4a1 req-51ef908e-3185-445c-a3bb-d4cbf8f4a4a1 ] Request (ServerActionsTestJSON:setUpClass): 200 GET http://10.180.1.21/compute/v2.1/servers/2100f73d-d3ca-4e31-9bba-05a5767389fc 0.605s
2024-11-06 05:20:31.269 63464 INFO tempest.lib.common.rest_client [req-80cce796-3040-43cb-8e2f-3514173bfda9 req-80cce796-3040-43cb-8e2f-3514173bfda9 ] Request (ImagesOneServerTestJSON:test_create_delete_image): 204 DELETE http://10.180.1.21/compute/v2.1/images/5aa927c2-42d8-4add-a33f-7af451aef105 0.662s
2024-11-06 05:20:31.303 63465 INFO tempest.lib.common.rest_client [req-3dc47d57-d141-4523-a75b-e5350dbe74bd req-3dc47d57-d141-4523-a75b-e5350dbe74bd ] Request (FloatingIPDetailsNegativeTestJSON:tearDownClass): 204 DELETE http://10.180.1.21:9696/networking/v2.0/subnets/80389e42-b56b-4896-983b-05303af902ff 0.335s
2024-11-06 05:20:31.462 63467 INFO tempest.lib.common.rest_client [req-50938f41-605d-49bb-bc0f-cf1212bc4d29 req-50938f41-605d-49bb-bc0f-cf1212bc4d29 ] Request (ServersNegativeTestJSON:tearDown): 200 GET http://10.180.1.21/compute/v2.1/servers/32352ea6-c719-4c88-a4a2-dde0f79e503e 0.378s
2024-11-06 05:20:31.488 63464 INFO tempest.lib.common.rest_client [req-01ccbc8e-d653-4192-98f5-caa524fe8e3c req-01ccbc8e-d653-4192-98f5-caa524fe8e3c ] Request (ImagesOneServerTestJSON:test_create_delete_image): 404 GET http://10.180.1.21/compute/v2.1/images/5aa927c2-42d8-4add-a33f-7af451aef105 0.219s
2024-11-06 05:20:31.572 63429 INFO tempest.lib.common.rest_client [req-ff09ef4d-ccc7-42eb-886f-70f6148fed11 req-ff09ef4d-ccc7-42eb-886f-70f6148fed11 ] Request (ServersTestMultiNic:_run_cleanups): 200 GET http://10.180.1.21/compute/v2.1/servers/59e6c0a7-a37b-452d-93ec-78776be75bd5 0.183s
2024-11-06 05:20:31.617 63421 INFO tempest.lib.common.rest_client [req-a22eb1ec-d364-4e9b-812d-a0ce9694c00a req-a22eb1ec-d364-4e9b-812d-a0ce9694c00a ] Request (ServersAdminTestJSON:test_inject_network_info): 202 POST http://10.180.1.21/compute/v2.1/servers 0.829s
2024-11-06 05:20:31.684 63469 INFO tempest.lib.common.rest_client [req-a3747b23-ee27-4612-ac9e-b7353b2a2e91 req-a3747b23-ee27-4612-ac9e-b7353b2a2e91 ] Request (ServerShowV257Test:test_rebuild_server): 200 GET http://10.180.1.21/compute/v2.1/servers/4054a81a-097b-4bc1-89e2-276430b36d86 0.222s
2024-11-06 05:20:31.784 63441 INFO tempest.lib.common.rest_client [req-2dc584a7-f0e5-4b85-ab68-1106ea32f75c req-2dc584a7-f0e5-4b85-ab68-1106ea32f75c ] Request (ServerMetadataNegativeTestJSON:setUpClass): 200 GET http://10.180.1.21/compute/v2.1/servers/bfa4f7f3-f018-490c-b375-812633d50a9a 0.371s
2024-11-06 05:20:31.790 63441 INFO tempest.common.waiters [-] State transition "BUILD/networking" ==> "BUILD/block_device_mapping" after 49 second wait
2024-11-06 05:20:31.830 63467 INFO tempest.lib.common.rest_client [req-1baa1be4-3bb3-4cea-bc30-a64fd64e810c req-1baa1be4-3bb3-4cea-bc30-a64fd64e810c ] Request (ServersNegativeTestJSON:setUp): 200 GET http://10.180.1.21/compute/v2.1/servers/32352ea6-c719-4c88-a4a2-dde0f79e503e 0.357s
2024-11-06 05:20:31.887 63461 WARNING tempest.lib.common.ssh [-] Failed to establish authenticated ssh connection to cirros@10.180.180.189 ([Errno None] Unable to connect to port 22 on 10.180.180.189). Number attempts: 7. Retry after 8 seconds.: paramiko.ssh_exception.NoValidConnectionsError: [Errno None] Unable to connect to port 22 on 10.180.180.189
2024-11-06 05:20:31.944 63465 INFO tempest.lib.common.rest_client [req-06e53932-4722-4346-9269-1896a019abad req-06e53932-4722-4346-9269-1896a019abad ] Request (FloatingIPDetailsNegativeTestJSON:tearDownClass): 204 DELETE http://10.180.1.21:9696/networking/v2.0/networks/6e8ea00e-022d-4910-a5b7-02ea4d94d07e 0.641s
2024-11-06 05:20:31.976 63475 INFO tempest.lib.common.rest_client [req-c64fd3d3-a434-490b-943e-9977e86e12a3 req-c64fd3d3-a434-490b-943e-9977e86e12a3 ] Request (SecurityGroupsTestJSON:test_server_security_groups): 200 GET http://10.180.1.21/compute/v2.1/servers/e5fbf2ee-cbba-4246-a1c5-1bb0bbdcfa4a 0.407s
2024-11-06 05:20:32.036 63447 INFO tempest.lib.common.rest_client [req-c69ee7f9-1ddd-4289-87bf-683022319eb1 req-c69ee7f9-1ddd-4289-87bf-683022319eb1 ] Request (InstanceActionsV221TestJSON:test_get_list_deleted_instance_actions): 200 GET http://10.180.1.21/compute/v2.1/servers/08a0f783-8464-44b0-8419-6fe281098b26 0.438s
2024-11-06 05:20:32.057 63455 WARNING tempest.lib.common.ssh [-] Failed to establish authenticated ssh connection to cirros@10.180.180.188 ([Errno None] Unable to connect to port 22 on 10.180.180.188). Number attempts: 2. Retry after 3 seconds.: paramiko.ssh_exception.NoValidConnectionsError: [Errno None] Unable to connect to port 22 on 10.180.180.188
2024-11-06 05:20:32.078 63465 INFO tempest.lib.common.rest_client [req-c5b6139e-8ac1-451d-afe2-d37e83de2ad1 req-c5b6139e-8ac1-451d-afe2-d37e83de2ad1 ] Request (FloatingIPDetailsNegativeTestJSON:tearDownClass): 204 DELETE http://10.180.1.21/identity/v3/users/aabd4e3b996b4736a5bf5a15e0305868 0.133s
2024-11-06 05:20:32.078 63465 INFO tempest.lib.common.dynamic_creds [-] Deleting project and security group for project: 5ce4ec1386ce495ab2df702da7a6c522
2024-11-06 05:20:32.083 63421 INFO tempest.lib.common.rest_client [req-675a9dc9-264b-4186-82ab-bb19af3241d9 req-675a9dc9-264b-4186-82ab-bb19af3241d9 ] Request (ServersAdminTestJSON:test_inject_network_info): 200 GET http://10.180.1.21/compute/v2.1/servers/7a672f64-d9c9-4cdb-b5d2-d3358c6122e3 0.463s
2024-11-06 05:20:32.146 63465 INFO tempest.lib.common.rest_client [req-0b81eddc-620d-4700-a8d8-6a9c72f674d8 req-0b81eddc-620d-4700-a8d8-6a9c72f674d8 ] Request (FloatingIPDetailsNegativeTestJSON:tearDownClass): 200 GET http://10.180.1.21:9696/networking/v2.0/security-groups?tenant_id=5ce4ec1386ce495ab2df702da7a6c522&name=default 0.067s
2024-11-06 05:20:32.151 63435 INFO tempest.lib.common.rest_client [req-fbd4d54d-5441-43e6-b77b-2d2418381ebf req-fbd4d54d-5441-43e6-b77b-2d2418381ebf ] Request (ServersAdminNegativeTestJSON:setUpClass): 200 GET http://10.180.1.21/compute/v2.1/servers/cfc0fe88-5a4d-4d10-b528-f6fdc55bc196 0.481s
2024-11-06 05:20:32.154 63453 INFO tempest.lib.common.rest_client [req-1654e6d6-75a6-4ef2-8031-b8a848f4361c req-1654e6d6-75a6-4ef2-8031-b8a848f4361c ] Request (SecurityGroupRulesTestJSON:tearDownClass): 200 PUT http://10.180.1.21:9696/networking/v2.0/routers/fe164dcd-5783-4e6e-8f82-0f7b6be7560f/remove_router_interface 1.259s
2024-11-06 05:20:32.158 63435 INFO tempest.common.waiters [-] State transition "BUILD/scheduling" ==> "BUILD/None" after 3 second wait
2024-11-06 05:20:32.209 63482 INFO tempest.lib.common.rest_client [req-3d119e7d-efa3-4717-b85e-5e4d00f23b88 req-3d119e7d-efa3-4717-b85e-5e4d00f23b88 ] Request (ServerRescueTestJSON:test_rescue_unrescue_instance): 200 GET http://10.180.1.21/compute/v2.1/servers/ba9f4f11-caa2-4916-a1ed-cbe96644c8ef 0.487s
2024-11-06 05:20:32.270 63477 INFO tempest.lib.common.rest_client [req-97db7b46-dd6c-45e9-a123-6f5d37e8da7a req-97db7b46-dd6c-45e9-a123-6f5d37e8da7a ] Request (ImagesOneServerNegativeTestJSON:setUpClass): 200 GET http://10.180.1.21/compute/v2.1/servers/28df1018-3767-4561-8a01-5558a9272e71 0.523s
2024-11-06 05:20:32.277 63464 INFO tempest.lib.common.rest_client [req-00cc4abb-9d7d-4839-8108-c83f46e99639 req-00cc4abb-9d7d-4839-8108-c83f46e99639 ] Request (ImagesOneServerTestJSON:test_create_image_specify_multibyte_character_image_name): 202 POST http://10.180.1.21/compute/v2.1/servers/c62bee0a-0494-4cee-9053-0e7291d20a12/action 0.787s
2024-11-06 05:20:32.327 63465 INFO tempest.lib.common.rest_client [req-4e789a3c-ba75-4adb-86e7-64dbdfa6e883 req-4e789a3c-ba75-4adb-86e7-64dbdfa6e883 ] Request (FloatingIPDetailsNegativeTestJSON:tearDownClass): 204 DELETE http://10.180.1.21:9696/networking/v2.0/security-groups/dd3e095b-bcaa-467a-b7d2-a0caa3c99291 0.181s
2024-11-06 05:20:32.339 63439 INFO tempest.lib.common.rest_client [req-6acca310-8a3a-47ae-a87d-42a06b58cbea req-6acca310-8a3a-47ae-a87d-42a06b58cbea ] Request (AttachVolumeShelveTestJSON:test_attach_volume_shelved_or_offload_server): 200 GET http://10.180.1.21/compute/v2.1/servers/e8a64c70-0423-42bf-9414-9554f82db3dd 0.565s
2024-11-06 05:20:32.344 63467 INFO tempest.lib.common.rest_client [req-668ccde4-fc43-4c51-aff4-df2610d8d59a req-668ccde4-fc43-4c51-aff4-df2610d8d59a ] Request (ServersNegativeTestJSON:test_delete_server_pass_negative_id): 404 DELETE http://10.180.1.21/compute/v2.1/servers/-1 0.502s
2024-11-06 05:20:32.349 63459 INFO tempest.lib.common.rest_client [req-b17f7c90-55aa-43c9-99fe-e0460dc4d82b req-b17f7c90-55aa-43c9-99fe-e0460dc4d82b ] Request (DeleteServersTestJSON:test_delete_server_while_in_attached_volume): 200 GET http://10.180.1.21/compute/v2.1/servers/c3be1ae7-ad87-4211-9418-58d1101ff16c 0.509s
2024-11-06 05:20:32.399 63479 INFO tempest.lib.common.rest_client [req-163996c7-85c7-477f-949d-cdc6630d093f req-163996c7-85c7-477f-949d-cdc6630d093f ] Request (MigrationsAdminTest:test_resize_server_revert_deleted_flavor): 200 GET http://10.180.1.21/compute/v2.1/servers/a1699619-ba4e-42cb-bf58-28f3a922e36e 0.422s
2024-11-06 05:20:32.425 63419 INFO tempest.lib.common.rest_client [req-522b1399-b097-45fe-af30-b086d0a205ce req-522b1399-b097-45fe-af30-b086d0a205ce ] Request (FloatingIPsAssociationNegativeTestJSON:tearDownClass): 200 GET http://10.180.1.21/compute/v2.1/servers/15e6dedb-15c7-48c2-b71b-92b0f90fccb6 0.337s
2024-11-06 05:20:32.474 63465 INFO tempest.lib.common.rest_client [req-63906b44-fa63-4850-b97a-6afc132bffd9 req-63906b44-fa63-4850-b97a-6afc132bffd9 ] Request (FloatingIPDetailsNegativeTestJSON:tearDownClass): 204 DELETE http://10.180.1.21/identity/v3/projects/5ce4ec1386ce495ab2df702da7a6c522 0.146s
2024-11-06 05:20:32.495 63433 INFO tempest.lib.common.rest_client [req-edb552a1-05c9-484f-ace6-9a184d4f5f1b req-edb552a1-05c9-484f-ace6-9a184d4f5f1b ] Request (ServerActionsTestJSON:setUpClass): 200 GET http://10.180.1.21/compute/v2.1/servers/2100f73d-d3ca-4e31-9bba-05a5767389fc 0.331s
2024-11-06 05:20:32.522 63427 INFO tempest.lib.common.rest_client [req-5a6a8175-1af3-4bd0-b861-329e769b182f req-5a6a8175-1af3-4bd0-b861-329e769b182f ] Request (ServersTestBootFromVolume:setUpClass): 200 GET http://10.180.1.21/compute/v2.1/servers/73e10bed-7065-48ad-b059-6b904061f4c7 0.403s
2024-11-06 05:20:32.541 63465 INFO tempest.lib.common.rest_client [req-99b96199-0090-49e6-b34d-6a5df1ea293e req-99b96199-0090-49e6-b34d-6a5df1ea293e ] Request (VolumesTestJSON:setUpClass): 201 POST http://10.180.1.21/identity/v3/auth/tokens 0.066s
2024-11-06 05:20:32.544 63464 INFO tempest.lib.common.rest_client [req-e6afde80-2047-49da-86b7-4f5d5290a120 req-e6afde80-2047-49da-86b7-4f5d5290a120 ] Request (ImagesOneServerTestJSON:test_create_image_specify_multibyte_character_image_name): 200 GET http://10.180.1.21/compute/v2.1/images/6ff188ac-5e41-4871-aff7-0305cfe4ff1e 0.266s
2024-11-06 05:20:32.586 63465 INFO tempest.lib.common.rest_client [req-1d810599-2528-4de9-b3bb-4189166c1ad1 req-1d810599-2528-4de9-b3bb-4189166c1ad1 ] Request (VolumesTestJSON:setUpClass): 201 POST http://10.180.1.21/identity/v3/auth/tokens 0.041s
2024-11-06 05:20:32.626 63465 INFO tempest.lib.common.rest_client [req-f80e36d2-0e0a-42d8-a4ac-069788b179cf req-f80e36d2-0e0a-42d8-a4ac-069788b179cf ] Request (VolumesTestJSON:setUpClass): 200 GET http://10.180.1.21/identity/v3/domains?name=Default 0.039s
2024-11-06 05:20:32.660 63465 INFO tempest.lib.common.rest_client [req-8953ff22-8a66-413c-8d43-d1a3c437c39e req-8953ff22-8a66-413c-8d43-d1a3c437c39e ] Request (VolumesTestJSON:setUpClass): 201 POST http://10.180.1.21/identity/v3/projects 0.034s
2024-11-06 05:20:32.670 63429 INFO tempest.lib.common.rest_client [req-fb229b3a-b682-4b80-9ef6-96194caf3cde req-fb229b3a-b682-4b80-9ef6-96194caf3cde ] Request (ServersTestMultiNic:_run_cleanups): 200 GET http://10.180.1.21/compute/v2.1/servers/59e6c0a7-a37b-452d-93ec-78776be75bd5 0.091s
2024-11-06 05:20:32.733 63467 INFO tempest.lib.common.rest_client [req-610546df-4f4f-411c-8bcf-ffc70daa0403 req-610546df-4f4f-411c-8bcf-ffc70daa0403 ] Request (ServersNegativeTestJSON:tearDown): 200 GET http://10.180.1.21/compute/v2.1/servers/32352ea6-c719-4c88-a4a2-dde0f79e503e 0.384s
2024-11-06 05:20:32.766 63469 INFO tempest.lib.common.rest_client [req-9e1b7b59-f7f9-469d-9334-20938edd3374 req-9e1b7b59-f7f9-469d-9334-20938edd3374 ] Request (ServerShowV257Test:test_rebuild_server): 200 GET http://10.180.1.21/compute/v2.1/servers/4054a81a-097b-4bc1-89e2-276430b36d86 0.071s
2024-11-06 05:20:32.772 63465 INFO tempest.lib.common.rest_client [req-95b22456-1254-462e-a55b-0f10006910d5 req-95b22456-1254-462e-a55b-0f10006910d5 ] Request (VolumesTestJSON:setUpClass): 201 POST http://10.180.1.21/identity/v3/users 0.111s
2024-11-06 05:20:32.788 63453 INFO tempest.lib.common.rest_client [req-337b4de9-b0d9-4cd0-9e79-ac9c7acfe641 req-337b4de9-b0d9-4cd0-9e79-ac9c7acfe641 ] Request (SecurityGroupRulesTestJSON:tearDownClass): 204 DELETE http://10.180.1.21:9696/networking/v2.0/routers/fe164dcd-5783-4e6e-8f82-0f7b6be7560f 0.633s
2024-11-06 05:20:32.795 63465 INFO tempest.lib.common.rest_client [req-d83c479e-dd26-4715-abf4-0a3625ac43af req-d83c479e-dd26-4715-abf4-0a3625ac43af ] Request (VolumesTestJSON:setUpClass): 200 GET http://10.180.1.21/identity/v3/roles 0.023s
2024-11-06 05:20:32.835 63465 INFO tempest.lib.common.rest_client [req-291771f4-a4dd-45fd-b37e-ae7859025a6e req-291771f4-a4dd-45fd-b37e-ae7859025a6e ] Request (VolumesTestJSON:setUpClass): 204 PUT http://10.180.1.21/identity/v3/projects/e7a948ccd6f84cf3967b4d1491bf72aa/users/575885ac1d1149da9084a98e2312ea13/roles/9242db29473a4727b630dde879d9a935 0.039s
2024-11-06 05:20:32.835 63465 INFO tempest.lib.common.dynamic_creds [-] Dynamic test user 575885ac1d1149da9084a98e2312ea13 is created with scope project and roles: ['member']
2024-11-06 05:20:32.835 63465 INFO tempest.lib.common.dynamic_creds [-] Acquired dynamic creds: credentials: Credentials: {'domain_id': 'default', 'domain_name': 'Default', 'username': 'tempest-VolumesTestJSON-907740116-project-member', 'project_domain_id': 'default', 'project_domain_name': 'Default', 'project_id': 'e7a948ccd6f84cf3967b4d1491bf72aa', 'project_name': 'tempest-VolumesTestJSON-907740116', 'tenant_id': 'e7a948ccd6f84cf3967b4d1491bf72aa', 'tenant_name': 'tempest-VolumesTestJSON-907740116', 'user_domain_id': 'default', 'user_domain_name': 'Default', 'user_id': '575885ac1d1149da9084a98e2312ea13', 'system': None}, Network: None, Subnet: None, Router: None
2024-11-06 05:20:32.835 63465 INFO tempest.lib.common.dynamic_creds [-] Created isolated network resources for: credentials: Credentials: {'domain_id': 'default', 'domain_name': 'Default', 'username': 'tempest-VolumesTestJSON-907740116-project-member', 'project_domain_id': 'default', 'project_domain_name': 'Default', 'project_id': 'e7a948ccd6f84cf3967b4d1491bf72aa', 'project_name': 'tempest-VolumesTestJSON-907740116', 'tenant_id': 'e7a948ccd6f84cf3967b4d1491bf72aa', 'tenant_name': 'tempest-VolumesTestJSON-907740116', 'user_domain_id': 'default', 'user_domain_name': 'Default', 'user_id': '575885ac1d1149da9084a98e2312ea13', 'system': None}, Network: None, Subnet: None, Router: None
2024-11-06 05:20:32.899 63467 INFO tempest.lib.common.rest_client [req-519c59fa-e5da-4b9f-84eb-5675feb86127 req-519c59fa-e5da-4b9f-84eb-5675feb86127 ] Request (ServersNegativeTestJSON:setUp): 200 GET http://10.180.1.21/compute/v2.1/servers/32352ea6-c719-4c88-a4a2-dde0f79e503e 0.156s
2024-11-06 05:20:32.921 63467 INFO tempest.lib.common.rest_client [req-62b3a3ed-71a3-48a2-95b6-3581d65b4225 req-62b3a3ed-71a3-48a2-95b6-3581d65b4225 ] Request (ServersNegativeTestJSON:test_force_delete_nonexistent_server_id): 404 POST http://10.180.1.21/compute/v2.1/servers/f1cc6ae4-e2cb-485a-82a6-1867ea23bc9b/action 0.013s
2024-11-06 05:20:32.924 63465 INFO tempest.lib.common.rest_client [req-0f21b8ab-7520-440d-b4c8-9fa95737b221 req-0f21b8ab-7520-440d-b4c8-9fa95737b221 ] Request (VolumesTestJSON:setUpClass): 201 POST http://10.180.1.21/identity/v3/auth/tokens 0.086s
2024-11-06 05:20:32.933 63441 INFO tempest.lib.common.rest_client [req-26b985b5-0c69-44e1-9886-519b8a6c773e req-26b985b5-0c69-44e1-9886-519b8a6c773e ] Request (ServerMetadataNegativeTestJSON:setUpClass): 200 GET http://10.180.1.21/compute/v2.1/servers/bfa4f7f3-f018-490c-b375-812633d50a9a 0.141s
2024-11-06 05:20:32.941 63441 INFO tempest.common.waiters [-] State transition "BUILD/block_device_mapping" ==> "BUILD/spawning" after 50 second wait
2024-11-06 05:20:32.984 63453 INFO tempest.lib.common.rest_client [req-d068dedb-9f5d-4178-ba9d-99043d0bc5c7 req-d068dedb-9f5d-4178-ba9d-99043d0bc5c7 ] Request (SecurityGroupRulesTestJSON:tearDownClass): 204 DELETE http://10.180.1.21:9696/networking/v2.0/subnets/73eed1e5-4cb7-441a-9502-b73c365c401e 0.195s
2024-11-06 05:20:33.044 63467 INFO tempest.lib.common.rest_client [req-c7ac62d8-c609-4e74-bf7a-7452c90d170e req-c7ac62d8-c609-4e74-bf7a-7452c90d170e ] Request (ServersNegativeTestJSON:tearDown): 200 GET http://10.180.1.21/compute/v2.1/servers/32352ea6-c719-4c88-a4a2-dde0f79e503e 0.122s
2024-11-06 05:20:33.189 63465 INFO tempest.lib.common.rest_client [req-9e51d3c5-1eb4-4d6c-ae19-0038be99ac88 req-9e51d3c5-1eb4-4d6c-ae19-0038be99ac88 ] Request (VolumesTestJSON:setUpClass): 202 POST http://10.180.1.21/volume/v3/volumes 0.264s
2024-11-06 05:20:33.238 63465 INFO tempest.lib.common.rest_client [req-0d64d74d-b51c-4aff-b6e0-446ce7e3986f req-0d64d74d-b51c-4aff-b6e0-446ce7e3986f ] Request (VolumesTestJSON:setUpClass): 200 GET http://10.180.1.21/volume/v3/volumes/59c68849-50e0-4277-9988-9732fb4dbd88 0.038s
2024-11-06 05:20:33.348 63447 INFO tempest.lib.common.rest_client [req-fc4aebb6-1479-4e38-964f-3c7a35d7e114 req-fc4aebb6-1479-4e38-964f-3c7a35d7e114 ] Request (InstanceActionsV221TestJSON:test_get_list_deleted_instance_actions): 200 GET http://10.180.1.21/compute/v2.1/servers/08a0f783-8464-44b0-8419-6fe281098b26 0.303s
2024-11-06 05:20:33.446 63475 INFO tempest.lib.common.rest_client [req-adaf02e3-da2b-4d65-baff-d418fb9d43c9 req-adaf02e3-da2b-4d65-baff-d418fb9d43c9 ] Request (SecurityGroupsTestJSON:test_server_security_groups): 200 GET http://10.180.1.21/compute/v2.1/servers/e5fbf2ee-cbba-4246-a1c5-1bb0bbdcfa4a 0.462s
2024-11-06 05:20:33.453 63475 INFO tempest.common.waiters [-] State transition "HARD_REBOOT/rebooting_hard" ==> "HARD_REBOOT/reboot_pending_hard" after 3 second wait
2024-11-06 05:20:33.480 63453 INFO tempest.lib.common.rest_client [req-647bab01-de61-4a4c-a849-88ac2da055c2 req-647bab01-de61-4a4c-a849-88ac2da055c2 ] Request (SecurityGroupRulesTestJSON:tearDownClass): 204 DELETE http://10.180.1.21:9696/networking/v2.0/networks/631a99a5-c2ff-4ff5-91fe-65b46ff9d056 0.496s
2024-11-06 05:20:33.490 63467 INFO tempest.lib.common.rest_client [req-06ab2e34-3e0e-463e-90d2-5a661f94b027 req-06ab2e34-3e0e-463e-90d2-5a661f94b027 ] Request (ServersNegativeTestJSON:setUp): 200 GET http://10.180.1.21/compute/v2.1/servers/32352ea6-c719-4c88-a4a2-dde0f79e503e 0.434s
2024-11-06 05:20:33.504 63421 INFO tempest.lib.common.rest_client [req-90c5a113-5824-46b5-a42b-25d1545f2517 req-90c5a113-5824-46b5-a42b-25d1545f2517 ] Request (ServersAdminTestJSON:test_inject_network_info): 200 GET http://10.180.1.21/compute/v2.1/servers/7a672f64-d9c9-4cdb-b5d2-d3358c6122e3 0.413s
2024-11-06 05:20:33.566 63435 INFO tempest.lib.common.rest_client [req-ac4e27e0-4291-4f68-b612-53e28cfe28da req-ac4e27e0-4291-4f68-b612-53e28cfe28da ] Request (ServersAdminNegativeTestJSON:setUpClass): 200 GET http://10.180.1.21/compute/v2.1/servers/cfc0fe88-5a4d-4d10-b528-f6fdc55bc196 0.406s
2024-11-06 05:20:33.582 63482 INFO tempest.lib.common.rest_client [req-c8c34af9-da9d-4a54-965a-d57cd08bff5e req-c8c34af9-da9d-4a54-965a-d57cd08bff5e ] Request (ServerRescueTestJSON:test_rescue_unrescue_instance): 200 GET http://10.180.1.21/compute/v2.1/servers/ba9f4f11-caa2-4916-a1ed-cbe96644c8ef 0.365s
2024-11-06 05:20:33.617 63453 INFO tempest.lib.common.rest_client [req-dacac37f-a136-4283-990d-e88378d5d06a req-dacac37f-a136-4283-990d-e88378d5d06a ] Request (SecurityGroupRulesTestJSON:tearDownClass): 204 DELETE http://10.180.1.21/identity/v3/users/9b8c049b87d3416e83fa10ca024fd084 0.137s
2024-11-06 05:20:33.618 63453 INFO tempest.lib.common.dynamic_creds [-] Deleting project and security group for project: 6c458e14f7e345d5b64351d52f29e5ff
