2024-11-06 05:19:41.316 63441 INFO tempest.lib.common.dynamic_creds [-] Created isolated network resources for: credentials: Credentials: {'domain_id': 'default', 'domain_name': 'Default', 'username': 'tempest-ServerMetadataNegativeTestJSON-1656527762-project-member', 'project_domain_id': 'default', 'project_domain_name': 'Default', 'project_id': 'ba2b981c0b004c65b664f517ccf184f8', 'project_name': 'tempest-ServerMetadataNegativeTestJSON-1656527762', 'tenant_id': 'ba2b981c0b004c65b664f517ccf184f8', 'tenant_name': 'tempest-ServerMetadataNegativeTestJSON-1656527762', 'user_domain_id': 'default', 'user_domain_name': 'Default', 'user_id': '1466abc6f73a4a08835a059fea872194', 'system': None}, Network: {'id': '4c8d2921-f5b9-4c2a-b61f-b94a3fa9f92a', 'name': 'tempest-ServerMetadataNegativeTestJSON-1048836730-network', 'tenant_id': 'ba2b981c0b004c65b664f517ccf184f8', 'admin_state_up': True, 'mtu': 8950, 'status': 'ACTIVE', 'subnets': [], 'shared': False, 'project_id': 'ba2b981c0b004c65b664f517ccf184f8', 'port_security_enabled': True, 'router:external': False, 'provider:network_type': 'vlan', 'provider:physical_network': 'default', 'provider:segmentation_id': 815, 'availability_zone_hints': [], 'availability_zones': [], 'ipv4_address_scope': None, 'ipv6_address_scope': None, 'description': '', 'tags': [], 'created_at': '2024-11-06T05:19:38Z', 'updated_at': '2024-11-06T05:19:38Z', 'revision_number': 1}, Subnet: {'id': '93abbbfd-1638-4199-9939-2ae0c06bccb5', 'name': 'tempest-ServerMetadataNegativeTestJSON-1048836730-subnet', 'tenant_id': 'ba2b981c0b004c65b664f517ccf184f8', 'network_id': '4c8d2921-f5b9-4c2a-b61f-b94a3fa9f92a', 'ip_version': 4, 'subnetpool_id': None, 'enable_dhcp': True, 'ipv6_ra_mode': None, 'ipv6_address_mode': None, 'gateway_ip': '192.168.128.1', 'cidr': '192.168.128.0/28', 'allocation_pools': [{'start': '192.168.128.2', 'end': '192.168.128.14'}], 'host_routes': [], 'dns_nameservers': [], 'description': '', 'router:external': False, 'service_types': [], 'tags': [], 'created_at': '2024-11-06T05:19:39Z', 'updated_at': '2024-11-06T05:19:39Z', 'revision_number': 0, 'project_id': 'ba2b981c0b004c65b664f517ccf184f8'}, Router: {'id': 'de08f53c-2883-47db-bb2f-1e727b342839', 'name': 'tempest-ServerMetadataNegativeTestJSON-1048836730-router', 'tenant_id': 'ba2b981c0b004c65b664f517ccf184f8', 'admin_state_up': True, 'status': 'ACTIVE', 'external_gateway_info': {'network_id': 'b0058b45-7ec3-4021-afa3-403eb941e390', 'external_fixed_ips': [{'subnet_id': '67a2cc88-d1d7-4032-8eba-b64ac1f5b96c', 'ip_address': '10.180.180.202'}], 'enable_snat': True}, 'description': '', 'availability_zones': [], 'distributed': False, 'ha': False, 'availability_zone_hints': [], 'routes': [], 'flavor_id': None, 'tags': [], 'created_at': '2024-11-06T05:19:39Z', 'updated_at': '2024-11-06T05:19:39Z', 'revision_number': 2, 'project_id': 'ba2b981c0b004c65b664f517ccf184f8'}
2024-11-06 05:19:41.336 63433 INFO tempest.lib.common.rest_client [req-45d5bb64-5ab4-4af3-8c56-8863772e6e68 req-45d5bb64-5ab4-4af3-8c56-8863772e6e68 ] Request (ServerActionsTestJSON:setUpClass): 200 GET http://10.180.1.21/identity/v3/domains?name=Default 0.034s
2024-11-06 05:19:41.348 63479 INFO tempest.lib.common.rest_client [req-ced5581c-f79e-4503-8c11-e3c2ae4cf715 req-ced5581c-f79e-4503-8c11-e3c2ae4cf715 ] Request (MigrationsAdminTest:test_list_migrations_in_flavor_resize_situation): 200 GET http://10.180.1.21/compute/v2.1/servers/6fa22fef-bcc4-41f2-8a80-cb958a446ed8 0.213s
2024-11-06 05:19:41.361 63461 INFO tempest.lib.common.rest_client [req-58e7dc9c-7b53-4966-b260-e148507de532 req-58e7dc9c-7b53-4966-b260-e148507de532 ] Request (AttachInterfacesTestJSON:test_create_list_show_delete_interfaces_by_fixed_ip): 200 GET http://10.180.1.21/compute/v2.1/servers/59d7015b-94d3-4348-89d3-0f4cbb4304a2 0.228s
2024-11-06 05:19:41.390 63433 INFO tempest.lib.common.rest_client [req-0f1e221d-bde1-4541-805a-365363aedd9e req-0f1e221d-bde1-4541-805a-365363aedd9e ] Request (ServerActionsTestJSON:setUpClass): 201 POST http://10.180.1.21/identity/v3/projects 0.054s
2024-11-06 05:19:41.441 63443 INFO tempest.lib.common.rest_client [req-940ac18c-5374-44c4-9be2-f17cbf235245 req-940ac18c-5374-44c4-9be2-f17cbf235245 ] Request (VolumesAdminNegativeTest:test_update_attached_volume_with_nonexistent_volume_in_body): 200 GET http://10.180.1.21/compute/v2.1/servers/4d86f1d5-307e-4cc4-822b-d315fb3e6032 0.237s
2024-11-06 05:19:41.453 63441 INFO tempest.lib.common.rest_client [req-1f63ae9b-1985-4380-a733-da63eeaf994f req-1f63ae9b-1985-4380-a733-da63eeaf994f ] Request (ServerMetadataNegativeTestJSON:setUpClass): 201 POST http://10.180.1.21/identity/v3/auth/tokens 0.133s
2024-11-06 05:19:41.454 63441 WARNING tempest.lib.common.rest_client [-] Deprecated: "tenant_id" property is deprecated for removal, use "project_id" instead
2024-11-06 05:19:41.463 63447 INFO tempest.lib.common.rest_client [req-58175983-9fe1-429d-b281-f50f54cd4bab req-58175983-9fe1-429d-b281-f50f54cd4bab ] Request (ServerDiagnosticsV248Test:tearDownClass): 200 GET http://10.180.1.21/compute/v2.1/servers/aaef4f53-c261-4106-89e1-7e300fbe3ddf 0.172s
2024-11-06 05:19:41.468 63433 INFO tempest.lib.common.rest_client [req-c888d840-ed32-452b-9b7b-aed7a8f7de3c req-c888d840-ed32-452b-9b7b-aed7a8f7de3c ] Request (ServerActionsTestJSON:setUpClass): 201 POST http://10.180.1.21/identity/v3/users 0.077s
2024-11-06 05:19:41.485 63433 INFO tempest.lib.common.rest_client [req-1661b777-34a2-43e6-b988-c084fa8104a2 req-1661b777-34a2-43e6-b988-c084fa8104a2 ] Request (ServerActionsTestJSON:setUpClass): 200 GET http://10.180.1.21/identity/v3/roles 0.016s
2024-11-06 05:19:41.513 63439 INFO tempest.lib.common.rest_client [req-c59b0297-bb68-4312-9403-f2fb2844c6db req-c59b0297-bb68-4312-9403-f2fb2844c6db ] Request (ServerAddressesTestJSON:tearDownClass): 200 GET http://10.180.1.21/compute/v2.1/servers/c4a4c8aa-a2f7-427c-aad6-90a26bfbb909 0.088s
2024-11-06 05:19:41.515 63433 INFO tempest.lib.common.rest_client [req-8a9e94fc-118f-474f-a3f6-aa265a6108df req-8a9e94fc-118f-474f-a3f6-aa265a6108df ] Request (ServerActionsTestJSON:setUpClass): 204 PUT http://10.180.1.21/identity/v3/projects/ef2a1a8439ec4c0abbc19b2cdd94017b/users/a5399a34f10540e795b25234efa5adfb/roles/9242db29473a4727b630dde879d9a935 0.029s
2024-11-06 05:19:41.515 63433 INFO tempest.lib.common.dynamic_creds [-] Dynamic test user a5399a34f10540e795b25234efa5adfb is created with scope project and roles: ['member']
2024-11-06 05:19:41.516 63433 INFO tempest.lib.common.dynamic_creds [-] Acquired dynamic creds: credentials: Credentials: {'domain_id': 'default', 'domain_name': 'Default', 'username': 'tempest-ServerActionsTestJSON-1869337887-project-member', 'project_domain_id': 'default', 'project_domain_name': 'Default', 'project_id': 'ef2a1a8439ec4c0abbc19b2cdd94017b', 'project_name': 'tempest-ServerActionsTestJSON-1869337887', 'tenant_id': 'ef2a1a8439ec4c0abbc19b2cdd94017b', 'tenant_name': 'tempest-ServerActionsTestJSON-1869337887', 'user_domain_id': 'default', 'user_domain_name': 'Default', 'user_id': 'a5399a34f10540e795b25234efa5adfb', 'system': None}, Network: None, Subnet: None, Router: None
2024-11-06 05:19:41.526 63441 INFO tempest.lib.common.rest_client [req-002615a3-c8fd-4462-b360-3db7402b2e55 req-002615a3-c8fd-4462-b360-3db7402b2e55 ] Request (ServerMetadataNegativeTestJSON:setUpClass): 201 POST http://10.180.1.21/identity/v3/auth/tokens 0.068s
2024-11-06 05:19:41.527 63435 INFO tempest.lib.common.rest_client [req-18302893-703f-4e39-aba4-636fb98863a0 req-18302893-703f-4e39-aba4-636fb98863a0 ] Request (ServerDiagnosticsTest:test_get_server_diagnostics): 200 GET http://10.180.1.21/compute/v2.1/servers/faff9e1b-b31e-4ffe-baa6-a78e9d611f66 0.092s
2024-11-06 05:19:41.527 63441 INFO tempest.lib.common.fixed_network [-] (ServerMetadataNegativeTestJSON:setUpClass) Found network {'id': '4c8d2921-f5b9-4c2a-b61f-b94a3fa9f92a', 'name': 'tempest-ServerMetadataNegativeTestJSON-1048836730-network', 'tenant_id': 'ba2b981c0b004c65b664f517ccf184f8', 'admin_state_up': True, 'mtu': 8950, 'status': 'ACTIVE', 'subnets': [], 'shared': False, 'project_id': 'ba2b981c0b004c65b664f517ccf184f8', 'port_security_enabled': True, 'router:external': False, 'provider:network_type': 'vlan', 'provider:physical_network': 'default', 'provider:segmentation_id': 815, 'availability_zone_hints': [], 'availability_zones': [], 'ipv4_address_scope': None, 'ipv6_address_scope': None, 'description': '', 'tags': [], 'created_at': '2024-11-06T05:19:38Z', 'updated_at': '2024-11-06T05:19:38Z', 'revision_number': 1} available for tenant
2024-11-06 05:19:41.536 63435 INFO tempest.common.waiters [-] State transition "BUILD/networking" ==> "BUILD/block_device_mapping" after 49 second wait
2024-11-06 05:19:41.577 63455 INFO tempest.lib.common.rest_client [req-04b09293-d792-4b4c-9d22-92b6f6461664 req-04b09293-d792-4b4c-9d22-92b6f6461664 ] Request (ServersTestManualDisk:setUpClass): 200 GET http://10.180.1.21/compute/v2.1/servers/11406695-1b25-446d-a9a3-05c2382a6219 0.062s
2024-11-06 05:19:41.587 63433 INFO tempest.lib.common.rest_client [req-59842e07-04e4-4a2b-b927-08c58d6d99a4 req-59842e07-04e4-4a2b-b927-08c58d6d99a4 ] Request (ServerActionsTestJSON:setUpClass): 201 POST http://10.180.1.21/identity/v3/auth/tokens 0.071s
2024-11-06 05:19:41.641 63465 INFO tempest.lib.common.rest_client [req-8825222d-6364-4a8e-b4a2-fa27a610be87 req-8825222d-6364-4a8e-b4a2-fa27a610be87 ] Request (FloatingIPsAssociationTestJSON:tearDownClass): 200 GET http://10.180.1.21/compute/v2.1/servers/d7679adb-1756-4b93-953c-6964e758d889 0.088s
2024-11-06 05:19:41.724 63453 INFO tempest.lib.common.rest_client [req-54a9cf58-d7c4-4a1d-a2fb-2a04327bdd2a req-54a9cf58-d7c4-4a1d-a2fb-2a04327bdd2a ] Request (ServersAdmin275Test:tearDownClass): 200 GET http://10.180.1.21/compute/v2.1/servers/aaa64a80-a127-4826-b972-7890e2db03fc 0.129s
2024-11-06 05:19:41.814 63471 INFO tempest.lib.common.rest_client [req-c53e89af-bb85-4070-ae2d-0c602456aa74 req-c53e89af-bb85-4070-ae2d-0c602456aa74 ] Request (AttachInterfacesV270Test:tearDownClass): 200 GET http://10.180.1.21/compute/v2.1/servers/2c6d5788-c767-43ab-aec4-d8bbb69091e3 0.177s
2024-11-06 05:19:41.893 63477 INFO tempest.lib.common.rest_client [req-6a2f0663-adb9-4fa1-b724-49684002d1ea req-6a2f0663-adb9-4fa1-b724-49684002d1ea ] Request (TenantUsagesTestJSON:tearDownClass): 200 GET http://10.180.1.21/compute/v2.1/servers/ae3a2c93-5727-41e1-a4b9-13a9e1bf8aba 0.243s
2024-11-06 05:19:41.958 63469 INFO tempest.lib.common.rest_client [req-1c291631-f592-402f-bb47-546a5f035b10 req-1c291631-f592-402f-bb47-546a5f035b10 ] Request (ServerShowV257Test:test_rebuild_server): 200 GET http://10.180.1.21/compute/v2.1/servers/4054a81a-097b-4bc1-89e2-276430b36d86 0.274s
2024-11-06 05:19:42.036 63467 INFO tempest.lib.common.rest_client [req-9810a366-1da5-4314-9b0a-6e094e69f256 req-9810a366-1da5-4314-9b0a-6e094e69f256 ] Request (ServersNegativeTestJSON:setUpClass): 200 GET http://10.180.1.21/compute/v2.1/servers/f6982f8c-65c3-4810-a0f0-19f69b91c8a8 0.310s
2024-11-06 05:19:42.109 63475 INFO tempest.lib.common.rest_client [req-19afe981-df19-4f35-bb10-9d00d8148a33 req-19afe981-df19-4f35-bb10-9d00d8148a33 ] Request (SecurityGroupsTestJSON:test_server_security_groups): 200 GET http://10.180.1.21/compute/v2.1/servers/e5fbf2ee-cbba-4246-a1c5-1bb0bbdcfa4a 0.360s
2024-11-06 05:19:42.124 63433 INFO tempest.lib.common.rest_client [req-7f0d63a1-7f6a-442a-b4e3-96def31064a8 req-7f0d63a1-7f6a-442a-b4e3-96def31064a8 ] Request (ServerActionsTestJSON:setUpClass): 201 POST http://10.180.1.21:9696/networking/v2.0/networks 0.537s
2024-11-06 05:19:42.187 63459 INFO tempest.lib.common.rest_client [req-a96b238b-be28-4dca-b475-8ca6b5f370de req-a96b238b-be28-4dca-b475-8ca6b5f370de ] Request (DeleteServersTestJSON:test_delete_active_server): 200 GET http://10.180.1.21/compute/v2.1/servers/cf37fa9b-8143-498b-a4c7-49339cafece7 0.392s
2024-11-06 05:19:42.259 63419 INFO tempest.lib.common.rest_client [req-eb47ee50-c7b7-4a47-a2e2-705d77c69455 req-eb47ee50-c7b7-4a47-a2e2-705d77c69455 ] Request (FloatingIPsAssociationNegativeTestJSON:setUpClass): 200 GET http://10.180.1.21/compute/v2.1/servers/15e6dedb-15c7-48c2-b71b-92b0f90fccb6 0.457s
2024-11-06 05:19:42.289 63433 INFO tempest.lib.common.rest_client [req-9296d222-c3dd-4981-954b-2892c0e30ef1 req-9296d222-c3dd-4981-954b-2892c0e30ef1 ] Request (ServerActionsTestJSON:setUpClass): 201 POST http://10.180.1.21:9696/networking/v2.0/subnets 0.164s
2024-11-06 05:19:42.309 63421 INFO tempest.lib.common.rest_client [req-da205d92-c546-4196-8e17-c5412709c916 req-da205d92-c546-4196-8e17-c5412709c916 ] Request (ServersAdminTestJSON:test_create_server_with_scheduling_hint): 200 GET http://10.180.1.21/compute/v2.1/servers/9b7b4789-f5fc-44bb-addb-5da6cc9ebd19 0.446s
2024-11-06 05:19:42.327 63441 INFO tempest.lib.common.rest_client [req-315496ae-6f4c-4420-b84c-43d1b0be920b req-315496ae-6f4c-4420-b84c-43d1b0be920b ] Request (ServerMetadataNegativeTestJSON:setUpClass): 202 POST http://10.180.1.21/compute/v2.1/servers 0.800s
2024-11-06 05:19:42.360 63482 INFO tempest.lib.common.rest_client [req-eec97e16-7a63-4a39-8102-334c93e388b4 req-eec97e16-7a63-4a39-8102-334c93e388b4 ] Request (ServerRescueTestJSON:setUpClass): 200 GET http://10.180.1.21/compute/v2.1/servers/f9f63912-5751-4448-abc0-22fd50f0cb3f 0.483s
2024-11-06 05:19:42.382 63464 INFO tempest.lib.common.rest_client [req-d18e606a-ae62-41da-8305-7f692dd46d82 req-d18e606a-ae62-41da-8305-7f692dd46d82 ] Request (ImagesOneServerTestJSON:setUpClass): 200 GET http://10.180.1.21/compute/v2.1/servers/c62bee0a-0494-4cee-9053-0e7291d20a12 0.428s
2024-11-06 05:19:42.411 63437 INFO tempest.lib.common.rest_client [req-af9851ad-5605-4046-a76d-f252685d0e91 req-af9851ad-5605-4046-a76d-f252685d0e91 ] Request (ServersWithSpecificFlavorTestJSON:test_verify_created_server_ephemeral_disk): 200 GET http://10.180.1.21/compute/v2.1/servers/c374d737-c6e8-4c18-8219-d197a0023d95 0.450s
2024-11-06 05:19:42.439 63429 INFO tempest.lib.common.rest_client [req-96e90724-4cb4-4827-89f9-1a3179cd9e2d req-96e90724-4cb4-4827-89f9-1a3179cd9e2d ] Request (ServersTestMultiNic:test_verify_duplicate_network_nics): 200 GET http://10.180.1.21/compute/v2.1/servers/59e6c0a7-a37b-452d-93ec-78776be75bd5 0.416s
2024-11-06 05:19:42.648 63431 WARNING tempest.lib.common.ssh [-] Failed to establish authenticated ssh connection to cirros@10.180.180.204 ([Errno None] Unable to connect to port 22 on 10.180.180.204). Number attempts: 8. Retry after 9 seconds.: paramiko.ssh_exception.NoValidConnectionsError: [Errno None] Unable to connect to port 22 on 10.180.180.204
2024-11-06 05:19:42.666 63427 INFO tempest.lib.common.rest_client [req-a14ef47a-7e5d-41dd-92af-b4115b63c61b req-a14ef47a-7e5d-41dd-92af-b4115b63c61b ] Request (ServersTestBootFromVolume:setUpClass): 200 GET http://10.180.1.21/compute/v2.1/servers/73e10bed-7065-48ad-b059-6b904061f4c7 0.633s
2024-11-06 05:19:42.673 63441 INFO tempest.lib.common.rest_client [req-6b6e37e8-8e4c-4a31-a51a-5bdd2ed13c9e req-6b6e37e8-8e4c-4a31-a51a-5bdd2ed13c9e ] Request (ServerMetadataNegativeTestJSON:setUpClass): 200 GET http://10.180.1.21/compute/v2.1/servers/bfa4f7f3-f018-490c-b375-812633d50a9a 0.344s
2024-11-06 05:19:42.798 63479 INFO tempest.lib.common.rest_client [req-bcfe8a13-6455-4b3f-b1e3-cbec6ebec8de req-bcfe8a13-6455-4b3f-b1e3-cbec6ebec8de ] Request (MigrationsAdminTest:test_list_migrations_in_flavor_resize_situation): 200 GET http://10.180.1.21/compute/v2.1/servers/6fa22fef-bcc4-41f2-8a80-cb958a446ed8 0.439s
2024-11-06 05:19:42.801 63461 INFO tempest.lib.common.rest_client [req-3dc7d2b6-e3cc-4cfd-967d-ebb5ec7d202b req-3dc7d2b6-e3cc-4cfd-967d-ebb5ec7d202b ] Request (AttachInterfacesTestJSON:test_create_list_show_delete_interfaces_by_fixed_ip): 200 GET http://10.180.1.21/compute/v2.1/servers/59d7015b-94d3-4348-89d3-0f4cbb4304a2 0.425s
2024-11-06 05:19:42.847 63443 INFO tempest.lib.common.rest_client [req-3ce32dd9-c3f9-4b54-8a88-1cd3f5a470eb req-3ce32dd9-c3f9-4b54-8a88-1cd3f5a470eb ] Request (VolumesAdminNegativeTest:test_update_attached_volume_with_nonexistent_volume_in_body): 200 GET http://10.180.1.21/compute/v2.1/servers/4d86f1d5-307e-4cc4-822b-d315fb3e6032 0.395s
2024-11-06 05:19:42.876 63447 INFO tempest.lib.common.rest_client [req-19aea52e-1bb5-4922-bedf-7680e674073c req-19aea52e-1bb5-4922-bedf-7680e674073c ] Request (ServerDiagnosticsV248Test:tearDownClass): 200 GET http://10.180.1.21/compute/v2.1/servers/aaef4f53-c261-4106-89e1-7e300fbe3ddf 0.402s
2024-11-06 05:19:42.914 63439 INFO tempest.lib.common.rest_client [req-bbc57f28-6123-4296-9409-777fe1da9ec9 req-bbc57f28-6123-4296-9409-777fe1da9ec9 ] Request (ServerAddressesTestJSON:tearDownClass): 200 GET http://10.180.1.21/compute/v2.1/servers/c4a4c8aa-a2f7-427c-aad6-90a26bfbb909 0.391s
2024-11-06 05:19:42.922 63439 INFO tempest.common.waiters [-] State transition "ACTIVE/deleting" ==> "DELETED/None" after 3 second wait
2024-11-06 05:19:42.951 63433 INFO tempest.lib.common.rest_client [req-1feb8b44-09c4-4412-84ac-3e0c41b36a16 req-1feb8b44-09c4-4412-84ac-3e0c41b36a16 ] Request (ServerActionsTestJSON:setUpClass): 201 POST http://10.180.1.21:9696/networking/v2.0/routers 0.661s
2024-11-06 05:19:42.972 63455 INFO tempest.lib.common.rest_client [req-d1860680-e0c6-45e1-be53-29bd57af2909 req-d1860680-e0c6-45e1-be53-29bd57af2909 ] Request (ServersTestManualDisk:setUpClass): 200 GET http://10.180.1.21/compute/v2.1/servers/11406695-1b25-446d-a9a3-05c2382a6219 0.388s
2024-11-06 05:19:42.994 63435 INFO tempest.lib.common.rest_client [req-9edb038a-ff49-43ad-8560-0da97b070318 req-9edb038a-ff49-43ad-8560-0da97b070318 ] Request (ServerDiagnosticsTest:test_get_server_diagnostics): 200 GET http://10.180.1.21/compute/v2.1/servers/faff9e1b-b31e-4ffe-baa6-a78e9d611f66 0.456s
2024-11-06 05:19:43.002 63435 INFO tempest.common.waiters [-] State transition "BUILD/block_device_mapping" ==> "BUILD/spawning" after 51 second wait
2024-11-06 05:19:43.029 63465 INFO tempest.lib.common.rest_client [req-052b6705-ab00-4d15-a3d6-559835830a34 req-052b6705-ab00-4d15-a3d6-559835830a34 ] Request (FloatingIPsAssociationTestJSON:tearDownClass): 200 GET http://10.180.1.21/compute/v2.1/servers/d7679adb-1756-4b93-953c-6964e758d889 0.382s
2024-11-06 05:19:43.036 63465 INFO tempest.common.waiters [-] State transition "ACTIVE/deleting" ==> "DELETED/None" after 4 second wait
2024-11-06 05:19:43.057 63453 INFO tempest.lib.common.rest_client [req-698a6769-37f9-4c61-846f-bf28bfe6da58 req-698a6769-37f9-4c61-846f-bf28bfe6da58 ] Request (ServersAdmin275Test:tearDownClass): 200 GET http://10.180.1.21/compute/v2.1/servers/aaa64a80-a127-4826-b972-7890e2db03fc 0.322s
2024-11-06 05:19:43.090 63471 INFO tempest.lib.common.rest_client [req-6459210b-4249-47a7-b68f-9890c89abdbb req-6459210b-4249-47a7-b68f-9890c89abdbb ] Request (AttachInterfacesV270Test:tearDownClass): 200 GET http://10.180.1.21/compute/v2.1/servers/2c6d5788-c767-43ab-aec4-d8bbb69091e3 0.266s
2024-11-06 05:19:43.135 63477 INFO tempest.lib.common.rest_client [req-391af4b0-8fdc-4941-8a7f-b41ad6ecd9bc req-391af4b0-8fdc-4941-8a7f-b41ad6ecd9bc ] Request (TenantUsagesTestJSON:tearDownClass): 200 GET http://10.180.1.21/compute/v2.1/servers/ae3a2c93-5727-41e1-a4b9-13a9e1bf8aba 0.230s
2024-11-06 05:19:43.145 63469 INFO tempest.lib.common.rest_client [req-38565cef-8e3c-4d14-b0f2-9494c4c89afa req-38565cef-8e3c-4d14-b0f2-9494c4c89afa ] Request (ServerShowV257Test:test_rebuild_server): 200 GET http://10.180.1.21/compute/v2.1/servers/4054a81a-097b-4bc1-89e2-276430b36d86 0.177s
2024-11-06 05:19:43.214 63467 INFO tempest.lib.common.rest_client [req-b59d2502-bcc9-433a-9d5c-28c1c433b545 req-b59d2502-bcc9-433a-9d5c-28c1c433b545 ] Request (ServersNegativeTestJSON:setUpClass): 200 GET http://10.180.1.21/compute/v2.1/servers/f6982f8c-65c3-4810-a0f0-19f69b91c8a8 0.169s
2024-11-06 05:19:43.225 63475 INFO tempest.lib.common.rest_client [req-2379861a-25cc-488b-adc4-20bafeff1074 req-2379861a-25cc-488b-adc4-20bafeff1074 ] Request (SecurityGroupsTestJSON:test_server_security_groups): 200 GET http://10.180.1.21/compute/v2.1/servers/e5fbf2ee-cbba-4246-a1c5-1bb0bbdcfa4a 0.105s
2024-11-06 05:19:43.281 63459 INFO tempest.lib.common.rest_client [req-dd2137f2-8cd2-48f7-8dea-d8ea413f6e74 req-dd2137f2-8cd2-48f7-8dea-d8ea413f6e74 ] Request (DeleteServersTestJSON:test_delete_active_server): 200 GET http://10.180.1.21/compute/v2.1/servers/cf37fa9b-8143-498b-a4c7-49339cafece7 0.086s
2024-11-06 05:19:43.323 63419 INFO tempest.lib.common.rest_client [req-7b23bdf3-e2b1-4cda-99ac-e43c8f65f928 req-7b23bdf3-e2b1-4cda-99ac-e43c8f65f928 ] Request (FloatingIPsAssociationNegativeTestJSON:setUpClass): 200 GET http://10.180.1.21/compute/v2.1/servers/15e6dedb-15c7-48c2-b71b-92b0f90fccb6 0.055s
2024-11-06 05:19:43.377 63421 INFO tempest.lib.common.rest_client [req-150b1ce2-1497-4a63-868a-1af18549e5d9 req-150b1ce2-1497-4a63-868a-1af18549e5d9 ] Request (ServersAdminTestJSON:test_create_server_with_scheduling_hint): 200 GET http://10.180.1.21/compute/v2.1/servers/9b7b4789-f5fc-44bb-addb-5da6cc9ebd19 0.059s
2024-11-06 05:19:43.426 63482 INFO tempest.lib.common.rest_client [req-528e0787-d6ff-4f22-bc61-c0ea4dec7e28 req-528e0787-d6ff-4f22-bc61-c0ea4dec7e28 ] Request (ServerRescueTestJSON:setUpClass): 200 GET http://10.180.1.21/compute/v2.1/servers/f9f63912-5751-4448-abc0-22fd50f0cb3f 0.056s
2024-11-06 05:19:43.442 63464 INFO tempest.lib.common.rest_client [req-f72f5694-5d60-4933-8bf9-b1124f8dc41c req-f72f5694-5d60-4933-8bf9-b1124f8dc41c ] Request (ImagesOneServerTestJSON:setUpClass): 200 GET http://10.180.1.21/compute/v2.1/servers/c62bee0a-0494-4cee-9053-0e7291d20a12 0.053s
2024-11-06 05:19:43.478 63437 INFO tempest.lib.common.rest_client [req-9e395fa7-595d-4a95-893c-94d5b3a82185 req-9e395fa7-595d-4a95-893c-94d5b3a82185 ] Request (ServersWithSpecificFlavorTestJSON:test_verify_created_server_ephemeral_disk): 200 GET http://10.180.1.21/compute/v2.1/servers/c374d737-c6e8-4c18-8219-d197a0023d95 0.056s
2024-11-06 05:19:43.499 63429 INFO tempest.lib.common.rest_client [req-e97214e8-5bfb-4121-8232-b24872206877 req-e97214e8-5bfb-4121-8232-b24872206877 ] Request (ServersTestMultiNic:test_verify_duplicate_network_nics): 200 GET http://10.180.1.21/compute/v2.1/servers/59e6c0a7-a37b-452d-93ec-78776be75bd5 0.051s
2024-11-06 05:19:43.731 63433 INFO tempest.lib.common.rest_client [req-3965ad1b-347a-45fb-822a-c32ffc11c191 req-3965ad1b-347a-45fb-822a-c32ffc11c191 ] Request (ServerActionsTestJSON:setUpClass): 200 PUT http://10.180.1.21:9696/networking/v2.0/routers/06a81eb6-ae44-47bb-86b6-1f2cc63fab4d/add_router_interface 0.779s
2024-11-06 05:19:43.731 63433 INFO tempest.lib.common.dynamic_creds [-] Created isolated network resources for: credentials: Credentials: {'domain_id': 'default', 'domain_name': 'Default', 'username': 'tempest-ServerActionsTestJSON-1869337887-project-member', 'project_domain_id': 'default', 'project_domain_name': 'Default', 'project_id': 'ef2a1a8439ec4c0abbc19b2cdd94017b', 'project_name': 'tempest-ServerActionsTestJSON-1869337887', 'tenant_id': 'ef2a1a8439ec4c0abbc19b2cdd94017b', 'tenant_name': 'tempest-ServerActionsTestJSON-1869337887', 'user_domain_id': 'default', 'user_domain_name': 'Default', 'user_id': 'a5399a34f10540e795b25234efa5adfb', 'system': None}, Network: {'id': 'f292d386-306f-4a3e-abb9-c46d40ae0979', 'name': 'tempest-ServerActionsTestJSON-1527669113-network', 'tenant_id': 'ef2a1a8439ec4c0abbc19b2cdd94017b', 'admin_state_up': True, 'mtu': 8950, 'status': 'ACTIVE', 'subnets': [], 'shared': False, 'project_id': 'ef2a1a8439ec4c0abbc19b2cdd94017b', 'port_security_enabled': True, 'router:external': False, 'provider:network_type': 'vlan', 'provider:physical_network': 'default', 'provider:segmentation_id': 180, 'availability_zone_hints': [], 'availability_zones': [], 'ipv4_address_scope': None, 'ipv6_address_scope': None, 'description': '', 'tags': [], 'created_at': '2024-11-06T05:19:41Z', 'updated_at': '2024-11-06T05:19:41Z', 'revision_number': 1}, Subnet: {'id': '89dfe5c6-c6b3-4231-b435-5b05977d5f40', 'name': 'tempest-ServerActionsTestJSON-1527669113-subnet', 'tenant_id': 'ef2a1a8439ec4c0abbc19b2cdd94017b', 'network_id': 'f292d386-306f-4a3e-abb9-c46d40ae0979', 'ip_version': 4, 'subnetpool_id': None, 'enable_dhcp': True, 'ipv6_ra_mode': None, 'ipv6_address_mode': None, 'gateway_ip': '192.168.128.1', 'cidr': '192.168.128.0/28', 'allocation_pools': [{'start': '192.168.128.2', 'end': '192.168.128.14'}], 'host_routes': [], 'dns_nameservers': [], 'description': '', 'router:external': False, 'service_types': [], 'tags': [], 'created_at': '2024-11-06T05:19:42Z', 'updated_at': '2024-11-06T05:19:42Z', 'revision_number': 0, 'project_id': 'ef2a1a8439ec4c0abbc19b2cdd94017b'}, Router: {'id': '06a81eb6-ae44-47bb-86b6-1f2cc63fab4d', 'name': 'tempest-ServerActionsTestJSON-1527669113-router', 'tenant_id': 'ef2a1a8439ec4c0abbc19b2cdd94017b', 'admin_state_up': True, 'status': 'ACTIVE', 'external_gateway_info': {'network_id': 'b0058b45-7ec3-4021-afa3-403eb941e390', 'external_fixed_ips': [{'subnet_id': '67a2cc88-d1d7-4032-8eba-b64ac1f5b96c', 'ip_address': '10.180.180.180'}], 'enable_snat': True}, 'description': '', 'availability_zones': [], 'distributed': False, 'ha': False, 'availability_zone_hints': [], 'routes': [], 'flavor_id': None, 'tags': [], 'created_at': '2024-11-06T05:19:42Z', 'updated_at': '2024-11-06T05:19:42Z', 'revision_number': 2, 'project_id': 'ef2a1a8439ec4c0abbc19b2cdd94017b'}
2024-11-06 05:19:43.733 63427 INFO tempest.lib.common.rest_client [req-c5f6cfb2-aa31-434e-b977-b7c45394603b req-c5f6cfb2-aa31-434e-b977-b7c45394603b ] Request (ServersTestBootFromVolume:setUpClass): 200 GET http://10.180.1.21/compute/v2.1/servers/73e10bed-7065-48ad-b059-6b904061f4c7 0.060s
2024-11-06 05:19:43.752 63441 INFO tempest.lib.common.rest_client [req-5db20ced-4b67-4929-840c-d365ff189ded req-5db20ced-4b67-4929-840c-d365ff189ded ] Request (ServerMetadataNegativeTestJSON:setUpClass): 200 GET http://10.180.1.21/compute/v2.1/servers/bfa4f7f3-f018-490c-b375-812633d50a9a 0.071s
2024-11-06 05:19:43.817 63433 INFO tempest.lib.common.rest_client [req-c7eb8c2b-cb26-4fdc-bd04-d5418949f146 req-c7eb8c2b-cb26-4fdc-bd04-d5418949f146 ] Request (ServerActionsTestJSON:setUpClass): 201 POST http://10.180.1.21/identity/v3/auth/tokens 0.081s
2024-11-06 05:19:43.938 63479 INFO tempest.lib.common.rest_client [req-a838f527-aef0-4ed7-9a3b-284ff762ca50 req-a838f527-aef0-4ed7-9a3b-284ff762ca50 ] Request (MigrationsAdminTest:test_list_migrations_in_flavor_resize_situation): 200 GET http://10.180.1.21/compute/v2.1/servers/6fa22fef-bcc4-41f2-8a80-cb958a446ed8 0.132s
2024-11-06 05:19:43.940 63461 INFO tempest.lib.common.rest_client [req-ca1e6864-9fa1-4b28-97a5-fbd5001312a4 req-ca1e6864-9fa1-4b28-97a5-fbd5001312a4 ] Request (AttachInterfacesTestJSON:test_create_list_show_delete_interfaces_by_fixed_ip): 200 GET http://10.180.1.21/compute/v2.1/servers/59d7015b-94d3-4348-89d3-0f4cbb4304a2 0.128s
2024-11-06 05:19:43.948 63461 INFO tempest.common.waiters [-] State transition "BUILD/spawning" ==> "ACTIVE/None" after 52 second wait
2024-11-06 05:19:44.000 63443 INFO tempest.lib.common.rest_client [req-a49b8586-73ec-4f54-b18e-b3292224b5d7 req-a49b8586-73ec-4f54-b18e-b3292224b5d7 ] Request (VolumesAdminNegativeTest:test_update_attached_volume_with_nonexistent_volume_in_body): 200 GET http://10.180.1.21/compute/v2.1/servers/4d86f1d5-307e-4cc4-822b-d315fb3e6032 0.145s
2024-11-06 05:19:44.007 63433 INFO tempest.lib.common.rest_client [req-c10c376a-7eab-4edd-8889-bcab0b9f86ff req-c10c376a-7eab-4edd-8889-bcab0b9f86ff ] Request (ServerActionsTestJSON:setUpClass): 200 POST http://10.180.1.21/compute/v2.1/os-keypairs 0.189s
2024-11-06 05:19:44.066 63439 INFO tempest.lib.common.rest_client [req-822377e2-db25-469e-aa58-c4a113ff7537 req-822377e2-db25-469e-aa58-c4a113ff7537 ] Request (ServerAddressesTestJSON:tearDownClass): 200 GET http://10.180.1.21/compute/v2.1/servers/c4a4c8aa-a2f7-427c-aad6-90a26bfbb909 0.143s
2024-11-06 05:19:44.070 63447 INFO tempest.lib.common.rest_client [req-82af0c24-d0a2-4f61-a729-eef7281e6161 req-82af0c24-d0a2-4f61-a729-eef7281e6161 ] Request (ServerDiagnosticsV248Test:tearDownClass): 200 GET http://10.180.1.21/compute/v2.1/servers/aaef4f53-c261-4106-89e1-7e300fbe3ddf 0.184s
2024-11-06 05:19:44.121 63455 INFO tempest.lib.common.rest_client [req-1f7006fb-6828-4970-b314-652b49398caa req-1f7006fb-6828-4970-b314-652b49398caa ] Request (ServersTestManualDisk:setUpClass): 200 GET http://10.180.1.21/compute/v2.1/servers/11406695-1b25-446d-a9a3-05c2382a6219 0.140s
2024-11-06 05:19:44.122 63433 INFO tempest.lib.common.rest_client [req-2f65aa91-a377-40a0-824a-8155e9710664 req-2f65aa91-a377-40a0-824a-8155e9710664 ] Request (ServerActionsTestJSON:setUpClass): 201 POST http://10.180.1.21:9696/networking/v2.0/security-groups 0.113s
2024-11-06 05:19:44.129 63461 INFO tempest.lib.common.rest_client [req-f0e8c6da-74cc-4bc4-a03b-4feaabbe343b req-f0e8c6da-74cc-4bc4-a03b-4feaabbe343b ] Request (AttachInterfacesTestJSON:test_create_list_show_delete_interfaces_by_fixed_ip): 200 GET http://10.180.1.21/compute/v2.1/servers/59d7015b-94d3-4348-89d3-0f4cbb4304a2/os-interface 0.181s
2024-11-06 05:19:44.208 63433 INFO tempest.lib.common.rest_client [req-aef4f143-7930-4cc2-8e6a-5701c6da5590 req-aef4f143-7930-4cc2-8e6a-5701c6da5590 ] Request (ServerActionsTestJSON:setUpClass): 201 POST http://10.180.1.21:9696/networking/v2.0/security-group-rules 0.086s
2024-11-06 05:19:44.212 63465 INFO tempest.lib.common.rest_client [req-a20979e5-05dd-42b5-b5da-8efc723d6338 req-a20979e5-05dd-42b5-b5da-8efc723d6338 ] Request (FloatingIPsAssociationTestJSON:tearDownClass): 200 GET http://10.180.1.21/compute/v2.1/servers/d7679adb-1756-4b93-953c-6964e758d889 0.175s
2024-11-06 05:19:44.295 63433 INFO tempest.lib.common.rest_client [req-d5a91b33-3adb-40cb-b7f1-605090aac3b1 req-d5a91b33-3adb-40cb-b7f1-605090aac3b1 ] Request (ServerActionsTestJSON:setUpClass): 201 POST http://10.180.1.21:9696/networking/v2.0/security-group-rules 0.086s
2024-11-06 05:19:44.295 63453 INFO tempest.lib.common.rest_client [req-8d1dfc37-2710-4226-8ea3-66f6c4b9ec87 req-8d1dfc37-2710-4226-8ea3-66f6c4b9ec87 ] Request (ServersAdmin275Test:tearDownClass): 200 GET http://10.180.1.21/compute/v2.1/servers/aaa64a80-a127-4826-b972-7890e2db03fc 0.225s
2024-11-06 05:19:44.305 63435 INFO tempest.lib.common.rest_client [req-0b27607e-d58f-4a5a-9de0-bb3bdd476567 req-0b27607e-d58f-4a5a-9de0-bb3bdd476567 ] Request (ServerDiagnosticsTest:test_get_server_diagnostics): 200 GET http://10.180.1.21/compute/v2.1/servers/faff9e1b-b31e-4ffe-baa6-a78e9d611f66 0.301s
2024-11-06 05:19:44.372 63471 INFO tempest.lib.common.rest_client [req-6eace08b-187f-4d3f-9ac1-1594b2639c75 req-6eace08b-187f-4d3f-9ac1-1594b2639c75 ] Request (AttachInterfacesV270Test:tearDownClass): 200 GET http://10.180.1.21/compute/v2.1/servers/2c6d5788-c767-43ab-aec4-d8bbb69091e3 0.266s
2024-11-06 05:19:44.381 63477 INFO tempest.lib.common.rest_client [req-153c58b5-66ce-4177-aa05-ad5be3f6e55e req-153c58b5-66ce-4177-aa05-ad5be3f6e55e ] Request (TenantUsagesTestJSON:tearDownClass): 200 GET http://10.180.1.21/compute/v2.1/servers/ae3a2c93-5727-41e1-a4b9-13a9e1bf8aba 0.231s
2024-11-06 05:19:44.432 63469 INFO tempest.lib.common.rest_client [req-a80ad315-4208-48b5-831b-f6dc546535a1 req-a80ad315-4208-48b5-831b-f6dc546535a1 ] Request (ServerShowV257Test:test_rebuild_server): 200 GET http://10.180.1.21/compute/v2.1/servers/4054a81a-097b-4bc1-89e2-276430b36d86 0.278s
2024-11-06 05:19:44.457 63467 INFO tempest.lib.common.rest_client [req-743b92eb-9ea2-4ffd-818f-1799f6710660 req-743b92eb-9ea2-4ffd-818f-1799f6710660 ] Request (ServersNegativeTestJSON:setUpClass): 200 GET http://10.180.1.21/compute/v2.1/servers/f6982f8c-65c3-4810-a0f0-19f69b91c8a8 0.231s
2024-11-06 05:19:44.489 63475 INFO tempest.lib.common.rest_client [req-bfbae9b4-52fd-456f-82ca-30ee27a2c5a2 req-bfbae9b4-52fd-456f-82ca-30ee27a2c5a2 ] Request (SecurityGroupsTestJSON:test_server_security_groups): 200 GET http://10.180.1.21/compute/v2.1/servers/e5fbf2ee-cbba-4246-a1c5-1bb0bbdcfa4a 0.257s
2024-11-06 05:19:44.539 63459 INFO tempest.lib.common.rest_client [req-c91e2fff-89eb-489f-a94e-966aa0ce7759 req-c91e2fff-89eb-489f-a94e-966aa0ce7759 ] Request (DeleteServersTestJSON:test_delete_active_server): 200 GET http://10.180.1.21/compute/v2.1/servers/cf37fa9b-8143-498b-a4c7-49339cafece7 0.252s
2024-11-06 05:19:44.550 63419 INFO tempest.lib.common.rest_client [req-7e923c13-7311-491d-9714-113a30dbea29 req-7e923c13-7311-491d-9714-113a30dbea29 ] Request (FloatingIPsAssociationNegativeTestJSON:setUpClass): 200 GET http://10.180.1.21/compute/v2.1/servers/15e6dedb-15c7-48c2-b71b-92b0f90fccb6 0.218s
2024-11-06 05:19:44.601 63421 INFO tempest.lib.common.rest_client [req-ed758f7c-4d01-4e5a-a4b5-a577e8311482 req-ed758f7c-4d01-4e5a-a4b5-a577e8311482 ] Request (ServersAdminTestJSON:test_create_server_with_scheduling_hint): 200 GET http://10.180.1.21/compute/v2.1/servers/9b7b4789-f5fc-44bb-addb-5da6cc9ebd19 0.217s
2024-11-06 05:19:44.615 63482 INFO tempest.lib.common.rest_client [req-b6c400c5-a7f9-45a4-b6e3-efd1687aaa1f req-b6c400c5-a7f9-45a4-b6e3-efd1687aaa1f ] Request (ServerRescueTestJSON:setUpClass): 200 GET http://10.180.1.21/compute/v2.1/servers/f9f63912-5751-4448-abc0-22fd50f0cb3f 0.178s
2024-11-06 05:19:44.669 63437 INFO tempest.lib.common.rest_client [req-a69791f3-2827-49ed-abd0-1d483c60e9cc req-a69791f3-2827-49ed-abd0-1d483c60e9cc ] Request (ServersWithSpecificFlavorTestJSON:test_verify_created_server_ephemeral_disk): 200 GET http://10.180.1.21/compute/v2.1/servers/c374d737-c6e8-4c18-8219-d197a0023d95 0.181s
2024-11-06 05:19:44.678 63464 INFO tempest.lib.common.rest_client [req-93c178ed-3e84-46a9-b0ab-af3cccd3fd49 req-93c178ed-3e84-46a9-b0ab-af3cccd3fd49 ] Request (ImagesOneServerTestJSON:setUpClass): 200 GET http://10.180.1.21/compute/v2.1/servers/c62bee0a-0494-4cee-9053-0e7291d20a12 0.227s
2024-11-06 05:19:44.696 63449 WARNING tempest.lib.common.ssh [-] Failed to establish authenticated ssh connection to cirros@10.180.180.248 ([Errno None] Unable to connect to port 22 on 10.180.180.248). Number attempts: 7. Retry after 8 seconds.: paramiko.ssh_exception.NoValidConnectionsError: [Errno None] Unable to connect to port 22 on 10.180.180.248
2024-11-06 05:19:44.722 63433 INFO tempest.lib.common.rest_client [req-5dfe93e8-70b5-4908-b269-8db7eb5a3b0b req-5dfe93e8-70b5-4908-b269-8db7eb5a3b0b ] Request (ServerActionsTestJSON:setUpClass): 201 POST http://10.180.1.21:9696/networking/v2.0/floatingips 0.427s
2024-11-06 05:19:44.724 63429 INFO tempest.lib.common.rest_client [req-a2c850e3-ea7f-43f2-81bf-4aa78c292549 req-a2c850e3-ea7f-43f2-81bf-4aa78c292549 ] Request (ServersTestMultiNic:test_verify_duplicate_network_nics): 200 GET http://10.180.1.21/compute/v2.1/servers/59e6c0a7-a37b-452d-93ec-78776be75bd5 0.214s
2024-11-06 05:19:44.765 63433 INFO tempest.lib.common.rest_client [req-e5a02723-0b8a-4c41-9d96-e1d0a64cccaf req-e5a02723-0b8a-4c41-9d96-e1d0a64cccaf ] Request (ServerActionsTestJSON:setUpClass): 201 POST http://10.180.1.21/identity/v3/auth/tokens 0.038s
2024-11-06 05:19:44.765 63433 INFO tempest.lib.common.fixed_network [-] (ServerActionsTestJSON:setUpClass) Found network {'id': 'f292d386-306f-4a3e-abb9-c46d40ae0979', 'name': 'tempest-ServerActionsTestJSON-1527669113-network', 'tenant_id': 'ef2a1a8439ec4c0abbc19b2cdd94017b', 'admin_state_up': True, 'mtu': 8950, 'status': 'ACTIVE', 'subnets': [], 'shared': False, 'project_id': 'ef2a1a8439ec4c0abbc19b2cdd94017b', 'port_security_enabled': True, 'router:external': False, 'provider:network_type': 'vlan', 'provider:physical_network': 'default', 'provider:segmentation_id': 180, 'availability_zone_hints': [], 'availability_zones': [], 'ipv4_address_scope': None, 'ipv6_address_scope': None, 'description': '', 'tags': [], 'created_at': '2024-11-06T05:19:41Z', 'updated_at': '2024-11-06T05:19:41Z', 'revision_number': 1} available for tenant
2024-11-06 05:19:44.814 63427 INFO tempest.lib.common.rest_client [req-f280fd76-adce-43f6-b60a-53922ad3e02e req-f280fd76-adce-43f6-b60a-53922ad3e02e ] Request (ServersTestBootFromVolume:setUpClass): 200 GET http://10.180.1.21/compute/v2.1/servers/73e10bed-7065-48ad-b059-6b904061f4c7 0.074s
2024-11-06 05:19:44.878 63441 INFO tempest.lib.common.rest_client [req-25ad1957-f73b-4e80-8793-37ca739f2195 req-25ad1957-f73b-4e80-8793-37ca739f2195 ] Request (ServerMetadataNegativeTestJSON:setUpClass): 200 GET http://10.180.1.21/compute/v2.1/servers/bfa4f7f3-f018-490c-b375-812633d50a9a 0.108s
2024-11-06 05:19:44.951 63461 INFO tempest.lib.common.rest_client [req-8f24bb8f-d759-44e6-9192-05174d5e4aa5 req-8f24bb8f-d759-44e6-9192-05174d5e4aa5 ] Request (AttachInterfacesTestJSON:test_create_list_show_delete_interfaces_by_fixed_ip): 200 PUT http://10.180.1.21:9696/networking/v2.0/floatingips/430033e2-75cf-49c5-a55b-8b1dfc66a11a 0.820s
2024-11-06 05:19:45.136 63479 INFO tempest.lib.common.rest_client [req-38204157-ea66-4aee-9fe0-95c1315b596a req-38204157-ea66-4aee-9fe0-95c1315b596a ] Request (MigrationsAdminTest:test_list_migrations_in_flavor_resize_situation): 200 GET http://10.180.1.21/compute/v2.1/servers/6fa22fef-bcc4-41f2-8a80-cb958a446ed8 0.186s
2024-11-06 05:19:45.284 63461 INFO tempest.lib.common.rest_client [req-53914915-7f11-447c-b282-2b1a8dec2c22 req-53914915-7f11-447c-b282-2b1a8dec2c22 ] Request (AttachInterfacesTestJSON:test_create_list_show_delete_interfaces_by_fixed_ip): 200 GET http://10.180.1.21/compute/v2.1/servers/59d7015b-94d3-4348-89d3-0f4cbb4304a2 0.332s
2024-11-06 05:19:45.295 63461 INFO tempest.lib.common.ssh [-] Creating ssh connection to '10.180.180.189:22' as 'cirros' with public key authentication
2024-11-06 05:19:45.338 63433 INFO tempest.lib.common.rest_client [req-cc572390-45a0-4db3-a48f-a39842d34b0f req-cc572390-45a0-4db3-a48f-a39842d34b0f ] Request (ServerActionsTestJSON:setUpClass): 202 POST http://10.180.1.21/compute/v2.1/servers 0.572s
2024-11-06 05:19:45.342 63443 INFO tempest.lib.common.rest_client [req-b9e18761-a0bd-4eb7-a589-5db3ac4df878 req-b9e18761-a0bd-4eb7-a589-5db3ac4df878 ] Request (VolumesAdminNegativeTest:test_update_attached_volume_with_nonexistent_volume_in_body): 200 GET http://10.180.1.21/compute/v2.1/servers/4d86f1d5-307e-4cc4-822b-d315fb3e6032 0.335s
2024-11-06 05:19:45.410 63439 INFO tempest.lib.common.rest_client [req-135d6653-d9fd-4e0f-817a-ce5b64436e5a req-135d6653-d9fd-4e0f-817a-ce5b64436e5a ] Request (ServerAddressesTestJSON:tearDownClass): 200 GET http://10.180.1.21/compute/v2.1/servers/c4a4c8aa-a2f7-427c-aad6-90a26bfbb909 0.333s
2024-11-06 05:19:45.417 63447 INFO tempest.lib.common.rest_client [req-cda2818e-2d64-45ae-bdc6-787e9bc71b7b req-cda2818e-2d64-45ae-bdc6-787e9bc71b7b ] Request (ServerDiagnosticsV248Test:tearDownClass): 200 GET http://10.180.1.21/compute/v2.1/servers/aaef4f53-c261-4106-89e1-7e300fbe3ddf 0.338s
2024-11-06 05:19:45.461 63455 INFO tempest.lib.common.rest_client [req-d5de9218-e3f3-41a9-8365-b00ed4aa7bfd req-d5de9218-e3f3-41a9-8365-b00ed4aa7bfd ] Request (ServersTestManualDisk:setUpClass): 200 GET http://10.180.1.21/compute/v2.1/servers/11406695-1b25-446d-a9a3-05c2382a6219 0.332s
2024-11-06 05:19:45.481 63465 INFO tempest.lib.common.rest_client [req-b5617c39-eab6-40e2-a343-55d78a830a8c req-b5617c39-eab6-40e2-a343-55d78a830a8c ] Request (FloatingIPsAssociationTestJSON:tearDownClass): 200 GET http://10.180.1.21/compute/v2.1/servers/d7679adb-1756-4b93-953c-6964e758d889 0.262s
2024-11-06 05:19:45.528 63445 WARNING tempest.lib.common.ssh [-] Failed to establish authenticated ssh connection to cirros@10.180.180.235 ([Errno None] Unable to connect to port 22 on 10.180.180.235). Number attempts: 5. Retry after 6 seconds.: paramiko.ssh_exception.NoValidConnectionsError: [Errno None] Unable to connect to port 22 on 10.180.180.235
2024-11-06 05:19:45.540 63453 INFO tempest.lib.common.rest_client [req-48ea1c73-0599-49f2-9e10-0592594e20e0 req-48ea1c73-0599-49f2-9e10-0592594e20e0 ] Request (ServersAdmin275Test:tearDownClass): 200 GET http://10.180.1.21/compute/v2.1/servers/aaa64a80-a127-4826-b972-7890e2db03fc 0.234s
2024-11-06 05:19:45.593 63433 INFO tempest.lib.common.rest_client [req-9b9dcf82-9d8c-49ad-b648-834a44cb613b req-9b9dcf82-9d8c-49ad-b648-834a44cb613b ] Request (ServerActionsTestJSON:setUpClass): 200 GET http://10.180.1.21/compute/v2.1/servers/2100f73d-d3ca-4e31-9bba-05a5767389fc 0.253s
2024-11-06 05:19:45.603 63435 INFO tempest.lib.common.rest_client [req-805f306d-024f-45ff-8604-d77fba9a045e req-805f306d-024f-45ff-8604-d77fba9a045e ] Request (ServerDiagnosticsTest:test_get_server_diagnostics): 200 GET http://10.180.1.21/compute/v2.1/servers/faff9e1b-b31e-4ffe-baa6-a78e9d611f66 0.289s
2024-11-06 05:19:45.664 63471 INFO tempest.lib.common.rest_client [req-c2ae0c9a-c632-47ca-83bd-26a5647e1026 req-c2ae0c9a-c632-47ca-83bd-26a5647e1026 ] Request (AttachInterfacesV270Test:tearDownClass): 200 GET http://10.180.1.21/compute/v2.1/servers/2c6d5788-c767-43ab-aec4-d8bbb69091e3 0.278s
2024-11-06 05:19:45.665 63477 INFO tempest.lib.common.rest_client [req-af0e9c50-83ff-4dfb-80be-3e2bf4b2a65a req-af0e9c50-83ff-4dfb-80be-3e2bf4b2a65a ] Request (TenantUsagesTestJSON:tearDownClass): 200 GET http://10.180.1.21/compute/v2.1/servers/ae3a2c93-5727-41e1-a4b9-13a9e1bf8aba 0.277s
2024-11-06 05:19:45.724 63469 INFO tempest.lib.common.rest_client [req-3946bcb1-76a3-4636-92ce-e72df0904acd req-3946bcb1-76a3-4636-92ce-e72df0904acd ] Request (ServerShowV257Test:test_rebuild_server): 200 GET http://10.180.1.21/compute/v2.1/servers/4054a81a-097b-4bc1-89e2-276430b36d86 0.279s
2024-11-06 05:19:45.730 63467 INFO tempest.lib.common.rest_client [req-1bf2f417-829f-4b74-a82b-c1d58fab6104 req-1bf2f417-829f-4b74-a82b-c1d58fab6104 ] Request (ServersNegativeTestJSON:setUpClass): 200 GET http://10.180.1.21/compute/v2.1/servers/f6982f8c-65c3-4810-a0f0-19f69b91c8a8 0.264s
2024-11-06 05:19:45.774 63475 INFO tempest.lib.common.rest_client [req-5ebd413a-8c52-418f-ab7b-f9713733f326 req-5ebd413a-8c52-418f-ab7b-f9713733f326 ] Request (SecurityGroupsTestJSON:test_server_security_groups): 200 GET http://10.180.1.21/compute/v2.1/servers/e5fbf2ee-cbba-4246-a1c5-1bb0bbdcfa4a 0.274s
2024-11-06 05:19:45.786 63459 INFO tempest.lib.common.rest_client [req-1df3e466-3c25-4d92-abbb-b0be03a4fd28 req-1df3e466-3c25-4d92-abbb-b0be03a4fd28 ] Request (DeleteServersTestJSON:test_delete_active_server): 200 GET http://10.180.1.21/compute/v2.1/servers/cf37fa9b-8143-498b-a4c7-49339cafece7 0.240s
2024-11-06 05:19:45.840 63419 INFO tempest.lib.common.rest_client [req-d8fe718b-c1d9-4c8a-b350-5ae68af40c5d req-d8fe718b-c1d9-4c8a-b350-5ae68af40c5d ] Request (FloatingIPsAssociationNegativeTestJSON:setUpClass): 200 GET http://10.180.1.21/compute/v2.1/servers/15e6dedb-15c7-48c2-b71b-92b0f90fccb6 0.280s
2024-11-06 05:19:45.845 63421 INFO tempest.lib.common.rest_client [req-851cfa0d-4c6a-4f82-98d0-25c6f4da1e46 req-851cfa0d-4c6a-4f82-98d0-25c6f4da1e46 ] Request (ServersAdminTestJSON:test_create_server_with_scheduling_hint): 200 GET http://10.180.1.21/compute/v2.1/servers/9b7b4789-f5fc-44bb-addb-5da6cc9ebd19 0.233s
2024-11-06 05:19:45.854 63421 INFO tempest.common.waiters [-] State transition "BUILD/scheduling" ==> "BUILD/None" after 10 second wait
2024-11-06 05:19:45.898 63482 INFO tempest.lib.common.rest_client [req-cb09a638-6904-4869-8fd8-f3cf42ca77c7 req-cb09a638-6904-4869-8fd8-f3cf42ca77c7 ] Request (ServerRescueTestJSON:setUpClass): 200 GET http://10.180.1.21/compute/v2.1/servers/f9f63912-5751-4448-abc0-22fd50f0cb3f 0.276s
2024-11-06 05:19:45.897 63437 INFO tempest.lib.common.rest_client [req-b3f17d84-59f3-4f7d-8fb7-7a80b3314af4 req-b3f17d84-59f3-4f7d-8fb7-7a80b3314af4 ] Request (ServersWithSpecificFlavorTestJSON:test_verify_created_server_ephemeral_disk): 200 GET http://10.180.1.21/compute/v2.1/servers/c374d737-c6e8-4c18-8219-d197a0023d95 0.221s
2024-11-06 05:19:45.946 63464 INFO tempest.lib.common.rest_client [req-c0a147fc-e9dd-41b5-a5a8-52e27a5ddbd5 req-c0a147fc-e9dd-41b5-a5a8-52e27a5ddbd5 ] Request (ImagesOneServerTestJSON:setUpClass): 200 GET http://10.180.1.21/compute/v2.1/servers/c62bee0a-0494-4cee-9053-0e7291d20a12 0.260s
2024-11-06 05:19:45.955 63429 INFO tempest.lib.common.rest_client [req-26918dd5-eee8-42bc-9a87-9549ae2f4c1f req-26918dd5-eee8-42bc-9a87-9549ae2f4c1f ] Request (ServersTestMultiNic:test_verify_duplicate_network_nics): 200 GET http://10.180.1.21/compute/v2.1/servers/59e6c0a7-a37b-452d-93ec-78776be75bd5 0.220s
2024-11-06 05:19:46.000 63427 INFO tempest.lib.common.rest_client [req-ac21bb6a-51bf-47fe-9a4e-aadf93c4713a req-ac21bb6a-51bf-47fe-9a4e-aadf93c4713a ] Request (ServersTestBootFromVolume:setUpClass): 200 GET http://10.180.1.21/compute/v2.1/servers/73e10bed-7065-48ad-b059-6b904061f4c7 0.178s
2024-11-06 05:19:46.014 63441 INFO tempest.lib.common.rest_client [req-6799df28-89aa-44ac-8b60-d8d97ec0eb1a req-6799df28-89aa-44ac-8b60-d8d97ec0eb1a ] Request (ServerMetadataNegativeTestJSON:setUpClass): 200 GET http://10.180.1.21/compute/v2.1/servers/bfa4f7f3-f018-490c-b375-812633d50a9a 0.126s
2024-11-06 05:19:46.244 63479 INFO tempest.lib.common.rest_client [req-3b1ea9ee-61b6-431e-a795-ee98a4053761 req-3b1ea9ee-61b6-431e-a795-ee98a4053761 ] Request (MigrationsAdminTest:test_list_migrations_in_flavor_resize_situation): 200 GET http://10.180.1.21/compute/v2.1/servers/6fa22fef-bcc4-41f2-8a80-cb958a446ed8 0.100s
2024-11-06 05:19:46.399 63443 INFO tempest.lib.common.rest_client [req-2ba9be08-e3c5-4695-85f5-246d42d0b8a7 req-2ba9be08-e3c5-4695-85f5-246d42d0b8a7 ] Request (VolumesAdminNegativeTest:test_update_attached_volume_with_nonexistent_volume_in_body): 200 GET http://10.180.1.21/compute/v2.1/servers/4d86f1d5-307e-4cc4-822b-d315fb3e6032 0.051s
2024-11-06 05:19:46.488 63439 INFO tempest.lib.common.rest_client [req-f51008ef-581e-49d0-90d1-2e2044e51daa req-f51008ef-581e-49d0-90d1-2e2044e51daa ] Request (ServerAddressesTestJSON:tearDownClass): 200 GET http://10.180.1.21/compute/v2.1/servers/c4a4c8aa-a2f7-427c-aad6-90a26bfbb909 0.067s
2024-11-06 05:19:46.499 63447 INFO tempest.lib.common.rest_client [req-ccb1fead-afe5-4e63-b212-06d098c8f598 req-ccb1fead-afe5-4e63-b212-06d098c8f598 ] Request (ServerDiagnosticsV248Test:tearDownClass): 200 GET http://10.180.1.21/compute/v2.1/servers/aaef4f53-c261-4106-89e1-7e300fbe3ddf 0.071s
2024-11-06 05:19:46.548 63455 INFO tempest.lib.common.rest_client [req-3b0ec32f-cefe-462a-95d5-2239520ac681 req-3b0ec32f-cefe-462a-95d5-2239520ac681 ] Request (ServersTestManualDisk:setUpClass): 200 GET http://10.180.1.21/compute/v2.1/servers/11406695-1b25-446d-a9a3-05c2382a6219 0.076s
2024-11-06 05:19:46.552 63465 INFO tempest.lib.common.rest_client [req-aaf5a5d2-358c-4a4c-a0d3-cf282d84484f req-aaf5a5d2-358c-4a4c-a0d3-cf282d84484f ] Request (FloatingIPsAssociationTestJSON:tearDownClass): 200 GET http://10.180.1.21/compute/v2.1/servers/d7679adb-1756-4b93-953c-6964e758d889 0.064s
2024-11-06 05:19:46.616 63453 INFO tempest.lib.common.rest_client [req-5d6b336b-731b-4da8-9faf-52380a7e4c08 req-5d6b336b-731b-4da8-9faf-52380a7e4c08 ] Request (ServersAdmin275Test:tearDownClass): 200 GET http://10.180.1.21/compute/v2.1/servers/aaa64a80-a127-4826-b972-7890e2db03fc 0.058s
2024-11-06 05:19:46.654 63433 INFO tempest.lib.common.rest_client [req-5cb0bcc9-4363-41dd-a231-823bf57876b1 req-5cb0bcc9-4363-41dd-a231-823bf57876b1 ] Request (ServerActionsTestJSON:setUpClass): 200 GET http://10.180.1.21/compute/v2.1/servers/2100f73d-d3ca-4e31-9bba-05a5767389fc 0.053s
2024-11-06 05:19:46.704 63435 INFO tempest.lib.common.rest_client [req-fdc72417-6842-45ec-b63b-d9410266af23 req-fdc72417-6842-45ec-b63b-d9410266af23 ] Request (ServerDiagnosticsTest:test_get_server_diagnostics): 200 GET http://10.180.1.21/compute/v2.1/servers/faff9e1b-b31e-4ffe-baa6-a78e9d611f66 0.094s
2024-11-06 05:19:46.727 63471 INFO tempest.lib.common.rest_client [req-45760550-eadc-4c46-a0ab-800a3e7958e0 req-45760550-eadc-4c46-a0ab-800a3e7958e0 ] Request (AttachInterfacesV270Test:tearDownClass): 200 GET http://10.180.1.21/compute/v2.1/servers/2c6d5788-c767-43ab-aec4-d8bbb69091e3 0.055s
2024-11-06 05:19:46.750 63477 INFO tempest.lib.common.rest_client [req-e76ec559-6806-4804-8dd7-d9f233c3ec27 req-e76ec559-6806-4804-8dd7-d9f233c3ec27 ] Request (TenantUsagesTestJSON:tearDownClass): 200 GET http://10.180.1.21/compute/v2.1/servers/ae3a2c93-5727-41e1-a4b9-13a9e1bf8aba 0.073s
2024-11-06 05:19:46.785 63469 INFO tempest.lib.common.rest_client [req-ade99b96-0ec9-49aa-a257-dd032cb09140 req-ade99b96-0ec9-49aa-a257-dd032cb09140 ] Request (ServerShowV257Test:test_rebuild_server): 200 GET http://10.180.1.21/compute/v2.1/servers/4054a81a-097b-4bc1-89e2-276430b36d86 0.052s
2024-11-06 05:19:46.796 63467 INFO tempest.lib.common.rest_client [req-d558e1ce-03eb-4e7b-8afc-5f86d6d8ca4c req-d558e1ce-03eb-4e7b-8afc-5f86d6d8ca4c ] Request (ServersNegativeTestJSON:setUpClass): 200 GET http://10.180.1.21/compute/v2.1/servers/f6982f8c-65c3-4810-a0f0-19f69b91c8a8 0.059s
2024-11-06 05:19:46.828 63475 INFO tempest.lib.common.rest_client [req-0f98212a-f410-46b6-861c-b77a65e3b53d req-0f98212a-f410-46b6-861c-b77a65e3b53d ] Request (SecurityGroupsTestJSON:test_server_security_groups): 200 GET http://10.180.1.21/compute/v2.1/servers/e5fbf2ee-cbba-4246-a1c5-1bb0bbdcfa4a 0.045s
2024-11-06 05:19:46.843 63459 INFO tempest.lib.common.rest_client [req-e862af54-d5fd-4b88-bb20-ce55a26d0810 req-e862af54-d5fd-4b88-bb20-ce55a26d0810 ] Request (DeleteServersTestJSON:test_delete_active_server): 200 GET http://10.180.1.21/compute/v2.1/servers/cf37fa9b-8143-498b-a4c7-49339cafece7 0.049s
2024-11-06 05:19:46.893 63419 INFO tempest.lib.common.rest_client [req-3330d170-2fdc-42c7-b364-eb83dbd9ee32 req-3330d170-2fdc-42c7-b364-eb83dbd9ee32 ] Request (FloatingIPsAssociationNegativeTestJSON:setUpClass): 200 GET http://10.180.1.21/compute/v2.1/servers/15e6dedb-15c7-48c2-b71b-92b0f90fccb6 0.047s
2024-11-06 05:19:46.898 63421 INFO tempest.lib.common.rest_client [req-8d4a89f5-b917-4394-bf51-659d6d740e19 req-8d4a89f5-b917-4394-bf51-659d6d740e19 ] Request (ServersAdminTestJSON:test_create_server_with_scheduling_hint): 200 GET http://10.180.1.21/compute/v2.1/servers/9b7b4789-f5fc-44bb-addb-5da6cc9ebd19 0.043s
