2024-11-07 02:09:08.415 65526 INFO tempest.lib.common.rest_client [req-be56a97c-1b00-422c-a4e9-f0c768d9cf14 req-be56a97c-1b00-422c-a4e9-f0c768d9cf14 ] Request (ServerGroupTestJSON:_run_cleanups): 200 GET http://10.180.1.21/compute/v2.1/servers/34463929-7e32-48fa-93cf-d3d5aea0f51b 0.713s
2024-11-07 02:09:08.440 65512 INFO tempest.lib.common.rest_client [req-8ad7bc07-63f3-46bb-8ab2-cf807d938168 req-8ad7bc07-63f3-46bb-8ab2-cf807d938168 ] Request (MultipleCreateNegativeTestJSON:setUpClass): 204 PUT http://10.180.1.21/identity/v3/projects/8ba9e5f1efc446afaad0f17c430a149f/users/c797215a67f14a4c9831807cf7fee5b0/roles/10dbc10ff60548079764c8222e72d69e 0.029s
2024-11-07 02:09:08.441 65512 INFO tempest.lib.common.dynamic_creds [-] Dynamic test user c797215a67f14a4c9831807cf7fee5b0 is created with scope project and roles: ['member']
2024-11-07 02:09:08.441 65512 INFO tempest.lib.common.dynamic_creds [-] Acquired dynamic creds: credentials: Credentials: {'domain_id': 'default', 'domain_name': 'Default', 'username': 'tempest-MultipleCreateNegativeTestJSON-1019643224-project-member', 'project_domain_id': 'default', 'project_domain_name': 'Default', 'project_id': '8ba9e5f1efc446afaad0f17c430a149f', 'project_name': 'tempest-MultipleCreateNegativeTestJSON-1019643224', 'tenant_id': '8ba9e5f1efc446afaad0f17c430a149f', 'tenant_name': 'tempest-MultipleCreateNegativeTestJSON-1019643224', 'user_domain_id': 'default', 'user_domain_name': 'Default', 'user_id': 'c797215a67f14a4c9831807cf7fee5b0', 'system': None}, Network: None, Subnet: None, Router: None
2024-11-07 02:09:08.441 65512 INFO tempest.lib.common.dynamic_creds [-] Created isolated network resources for: credentials: Credentials: {'domain_id': 'default', 'domain_name': 'Default', 'username': 'tempest-MultipleCreateNegativeTestJSON-1019643224-project-member', 'project_domain_id': 'default', 'project_domain_name': 'Default', 'project_id': '8ba9e5f1efc446afaad0f17c430a149f', 'project_name': 'tempest-MultipleCreateNegativeTestJSON-1019643224', 'tenant_id': '8ba9e5f1efc446afaad0f17c430a149f', 'tenant_name': 'tempest-MultipleCreateNegativeTestJSON-1019643224', 'user_domain_id': 'default', 'user_domain_name': 'Default', 'user_id': 'c797215a67f14a4c9831807cf7fee5b0', 'system': None}, Network: None, Subnet: None, Router: None
2024-11-07 02:09:08.452 65518 INFO tempest.lib.common.rest_client [req-1332b399-67cc-4f4b-ae3b-639d357c2d94 req-1332b399-67cc-4f4b-ae3b-639d357c2d94 ] Request (ListImageFiltersTestJSON:setUpClass): 200 GET http://10.180.1.21/compute/v2.1/images/91a27f16-35bb-4c65-b018-3cbea9181d06 0.702s
2024-11-07 02:09:08.535 65512 INFO tempest.lib.common.rest_client [req-ce7e258e-e0d3-4505-a312-84a493c44b5a req-ce7e258e-e0d3-4505-a312-84a493c44b5a ] Request (MultipleCreateNegativeTestJSON:setUpClass): 201 POST http://10.180.1.21/identity/v3/auth/tokens 0.086s
2024-11-07 02:09:08.570 65512 INFO tempest.lib.common.rest_client [req-01b445fd-ce00-4ce5-853a-f1cb5fb4a5e5 req-01b445fd-ce00-4ce5-853a-f1cb5fb4a5e5 ] Request (MultipleCreateNegativeTestJSON:test_max_count_less_than_min_count): 201 POST http://10.180.1.21/identity/v3/auth/tokens 0.030s
2024-11-07 02:09:08.571 65512 INFO tempest.lib.common.fixed_network [-] (MultipleCreateNegativeTestJSON:test_max_count_less_than_min_count) Found network None available for tenant
2024-11-07 02:09:08.647 65502 INFO tempest.lib.common.rest_client [req-a2578c1c-33c9-4371-906b-349b4833d31f req-a2578c1c-33c9-4371-906b-349b4833d31f ] Request (QuotasAdminTestV257:test_get_updated_quotas): 200 PUT http://10.180.1.21/compute/v2.1/os-quota-sets/f3b85f7590be4b7394bd08e17d9b893f 0.848s
2024-11-07 02:09:08.672 65530 INFO tempest.lib.common.rest_client [req-f99ee66d-daca-4e44-bbe9-9d690e7b3bff req-f99ee66d-daca-4e44-bbe9-9d690e7b3bff ] Request (ImagesNegativeTestJSON:test_create_image_from_deleted_server): 404 GET http://10.180.1.21/compute/v2.1/servers/d99bd87b-3c5c-4d28-a140-38e09a185c43 0.868s
2024-11-07 02:09:08.733 65494 INFO tempest.lib.common.rest_client [req-ad01349a-47a8-465a-8a52-482b1a786c81 req-ad01349a-47a8-465a-8a52-482b1a786c81 ] Request (MultipleCreateTestJSON:test_multiple_create_with_reservation_return): 200 GET http://10.180.1.21/compute/v2.1/servers/762e6d63-3a90-4fa2-826b-dcb9dbc57bb7 0.874s
2024-11-07 02:09:08.794 65504 INFO tempest.lib.common.rest_client [req-9210b905-7102-4877-bae2-71e0a8ca347f req-9210b905-7102-4877-bae2-71e0a8ca347f ] Request (ImagesTestJSON:test_create_image_from_suspended_server): 200 GET http://10.180.1.21/compute/v2.1/servers/8d8da40e-e5a1-4d8c-9879-21f56e03558d 0.918s
2024-11-07 02:09:08.837 65490 INFO tempest.lib.common.rest_client [req-47059e23-59b5-4a2e-a200-718a61e28bbb req-47059e23-59b5-4a2e-a200-718a61e28bbb ] Request (ServersTestJSON:setUpClass): 201 POST http://10.180.1.21:9696/networking/v2.0/routers 0.690s
2024-11-07 02:09:08.858 65534 INFO tempest.lib.common.rest_client [req-57da66a7-5d22-45d7-aec2-47fd0b9b04b5 req-57da66a7-5d22-45d7-aec2-47fd0b9b04b5 ] Request (DeleteServersAdminTestJSON:test_delete_server_while_in_error_state): 200 GET http://10.180.1.21/compute/v2.1/servers/0874ada8-4e6d-4259-a040-731b1bb4994b 0.902s
2024-11-07 02:09:08.911 65488 INFO tempest.lib.common.rest_client [req-0a72bae6-2801-4a1d-bc8c-1490d1671d99 req-0a72bae6-2801-4a1d-bc8c-1490d1671d99 ] Request (ServerDiagnosticsNegativeTest:test_get_server_diagnostics_by_non_admin): 200 GET http://10.180.1.21/compute/v2.1/servers/a1091ef6-076c-4644-bb23-6801b07d5d77 0.886s
2024-11-07 02:09:08.941 65516 INFO tempest.lib.common.rest_client [req-d9586ca0-018e-49d4-952f-36180b642cdf req-d9586ca0-018e-49d4-952f-36180b642cdf ] Request (FloatingIPsAssociationTestJSON:test_associate_disassociate_floating_ip): 202 POST http://10.180.1.21/compute/v2.1/servers/eefaff78-2165-4aa7-b991-605084c3d9c0/action 1.476s
2024-11-07 02:09:09.012 65508 INFO tempest.lib.common.rest_client [req-8ec4d36b-3418-4f94-b5f5-e1acfac3e347 req-8ec4d36b-3418-4f94-b5f5-e1acfac3e347 ] Request (ServerShowV254Test:test_rebuild_server): 200 GET http://10.180.1.21/compute/v2.1/servers/7c3b6190-aec5-474d-872d-1c5160b9f5fb 0.931s
2024-11-07 02:09:09.028 65528 INFO tempest.lib.common.rest_client [req-d2aca6be-cb40-4025-9ffb-4829d842f1cf req-d2aca6be-cb40-4025-9ffb-4829d842f1cf ] Request (InstanceActionsNegativeTestJSON:setUpClass): 200 GET http://10.180.1.21/compute/v2.1/servers/ab7e4956-eb19-4a23-97b4-2c4e37abe5dc 0.991s
2024-11-07 02:09:09.067 65498 INFO tempest.lib.common.rest_client [req-02016a3e-76fd-40bc-992d-8e8787b3af1a req-02016a3e-76fd-40bc-992d-8e8787b3af1a ] Request (VolumesAssistedSnapshotsTest:test_volume_assisted_snapshot_create_delete): 200 GET http://10.180.1.21/compute/v2.1/servers/d57efb12-3708-4a0d-8987-4efe69887d86 0.980s
2024-11-07 02:09:09.078 65480 INFO tempest.lib.common.rest_client [req-5f469d1d-057f-44bc-83cd-7cc81a3a520d req-5f469d1d-057f-44bc-83cd-7cc81a3a520d ] Request (InstanceActionsTestJSON:setUpClass): 200 GET http://10.180.1.21/compute/v2.1/servers/5ceec829-071c-472b-bbe6-125e95161d24 0.952s
2024-11-07 02:09:09.115 65486 INFO tempest.lib.common.rest_client [req-4810b21a-2029-4e29-bdb4-90c71f426372 req-4810b21a-2029-4e29-bdb4-90c71f426372 ] Request (ServersAdminTestJSON:test_create_server_with_scheduling_hint): 200 GET http://10.180.1.21/compute/v2.1/servers/2d14c3fc-708b-4bb7-8f95-303e546dd811 0.978s
2024-11-07 02:09:09.126 65510 INFO tempest.lib.common.rest_client [req-8a13755a-842e-486c-bda0-693826afb46e req-8a13755a-842e-486c-bda0-693826afb46e ] Request (ServerPasswordTestJSON:setUpClass): 200 GET http://10.180.1.21/compute/v2.1/servers/729579fc-b3f5-469a-976e-fce8e9cae6e2 0.946s
2024-11-07 02:09:09.168 65518 INFO tempest.lib.common.rest_client [req-a7a46269-ad3a-4576-965a-e2d86a7c7fe4 req-a7a46269-ad3a-4576-965a-e2d86a7c7fe4 ] Request (ListImageFiltersTestJSON:setUpClass): 200 GET http://10.180.1.21/compute/v2.1/images/91a27f16-35bb-4c65-b018-3cbea9181d06 0.710s
2024-11-07 02:09:09.173 65520 INFO tempest.lib.common.rest_client [req-5547e90c-f141-453d-98fb-af561e39d676 req-5547e90c-f141-453d-98fb-af561e39d676 ] Request (TenantUsagesTestJSON:setUpClass): 200 GET http://10.180.1.21/compute/v2.1/servers/cdf0bc19-3793-4b5b-b693-f380ab2797c6 0.936s
2024-11-07 02:09:09.255 65496 INFO tempest.lib.common.rest_client [req-363fd3b9-928d-4d7b-98fa-ba152928b343 req-363fd3b9-928d-4d7b-98fa-ba152928b343 ] Request (ServersAdminNegativeTestJSON:test_migrate_server_invalid_state): 200 GET http://10.180.1.21/compute/v2.1/servers/4dbf61c2-c77d-48bf-b2fc-df7f387c0e14 0.707s
2024-11-07 02:09:09.316 65482 INFO tempest.lib.common.rest_client [req-96d7c02c-cc2c-4e32-b8d1-70d52ce0e8f9 req-96d7c02c-cc2c-4e32-b8d1-70d52ce0e8f9 ] Request (SecurityGroupsTestJSON:test_server_security_groups): 200 GET http://10.180.1.21/compute/v2.1/servers/96a40bb6-97eb-49cb-80f3-da6737798c03 0.763s
2024-11-07 02:09:09.364 65512 INFO tempest.lib.common.rest_client [req-ea7fd984-30fb-4213-97e7-6d502e5cd934 req-ea7fd984-30fb-4213-97e7-6d502e5cd934 ] Request (MultipleCreateNegativeTestJSON:test_max_count_less_than_min_count): 400 POST http://10.180.1.21/compute/v2.1/servers 0.793s
2024-11-07 02:09:09.368 65536 INFO tempest.lib.common.rest_client [req-a7f4ee18-dddf-4239-9bee-92ca2be5be5c req-a7f4ee18-dddf-4239-9bee-92ca2be5be5c ] Request (MigrationsAdminTest:test_list_migrations_in_flavor_resize_situation): 200 GET http://10.180.1.21/compute/v2.1/servers/810ace60-3801-4686-8087-570c8b93b42f 0.899s
2024-11-07 02:09:09.410 65512 INFO tempest.lib.common.rest_client [req-2f2d5eb8-c2a6-48b4-a78b-332a66a102b9 req-2f2d5eb8-c2a6-48b4-a78b-332a66a102b9 ] Request (MultipleCreateNegativeTestJSON:test_max_count_less_than_one): 201 POST http://10.180.1.21/identity/v3/auth/tokens 0.041s
2024-11-07 02:09:09.410 65512 INFO tempest.lib.common.fixed_network [-] (MultipleCreateNegativeTestJSON:test_max_count_less_than_one) Found network None available for tenant
2024-11-07 02:09:09.420 65500 INFO tempest.lib.common.rest_client [req-aaec2716-cf12-4924-a38f-eddf675397db req-aaec2716-cf12-4924-a38f-eddf675397db ] Request (ServerDiskConfigTestJSON:test_rebuild_server_with_auto_disk_config): 200 GET http://10.180.1.21/compute/v2.1/servers/5bd2f6c4-7671-4aae-b358-08456faf0973 0.806s
2024-11-07 02:09:09.435 65492 INFO tempest.lib.common.rest_client [req-c69feab6-57a2-4647-9178-c5198968c29b req-c69feab6-57a2-4647-9178-c5198968c29b ] Request (ServerTagsTestJSON:setUpClass): 200 GET http://10.180.1.21/compute/v2.1/servers/8ef31af0-a100-46ee-8be6-d2c444880e44 0.804s
2024-11-07 02:09:09.461 65530 INFO tempest.lib.common.rest_client [req-e973646b-0cf2-4bf7-97ea-ef69a82165c9 req-e973646b-0cf2-4bf7-97ea-ef69a82165c9 ] Request (ImagesNegativeTestJSON:test_create_image_from_deleted_server): 404 POST http://10.180.1.21/compute/v2.1/servers/d99bd87b-3c5c-4d28-a140-38e09a185c43/action 0.788s
2024-11-07 02:09:09.495 65502 INFO tempest.lib.common.rest_client [req-e7bd870b-d720-44b9-8e26-5c7eca88e278 req-e7bd870b-d720-44b9-8e26-5c7eca88e278 ] Request (QuotasAdminTestV257:test_get_updated_quotas): 200 GET http://10.180.1.21/compute/v2.1/os-quota-sets/f3b85f7590be4b7394bd08e17d9b893f/detail 0.846s
2024-11-07 02:09:09.535 65506 INFO tempest.lib.common.rest_client [req-6ed9c40d-0941-46b9-9ece-9cd52f067583 req-6ed9c40d-0941-46b9-9ece-9cd52f067583 ] Request (ServerDiagnosticsV248Test:tearDownClass): 200 GET http://10.180.1.21/compute/v2.1/servers/22697bdf-00a0-4d08-b1f8-9ed0d733c801 0.803s
2024-11-07 02:09:09.537 65502 INFO tempest.lib.common.rest_client [req-4754b784-8f26-43ce-ac72-6801510d8c2b req-4754b784-8f26-43ce-ac72-6801510d8c2b ] Request (QuotasAdminTestV257:test_get_updated_quotas): 200 GET http://10.180.1.21/identity/v3/domains?name=Default 0.038s
2024-11-07 02:09:09.563 65484 INFO tempest.lib.common.rest_client [req-65fc72d2-11c4-418f-9ff3-dc285329cb09 req-65fc72d2-11c4-418f-9ff3-dc285329cb09 ] Request (InstanceActionsV221TestJSON:test_get_list_deleted_instance_actions): 200 GET http://10.180.1.21/compute/v2.1/servers/930617d3-b611-4d72-8e0e-7b7f8253fd29 0.765s
2024-11-07 02:09:09.593 65502 INFO tempest.lib.common.rest_client [req-39796e4d-1810-4a98-a6fa-5dbdae430b73 req-39796e4d-1810-4a98-a6fa-5dbdae430b73 ] Request (QuotasAdminTestV257:test_get_updated_quotas): 201 POST http://10.180.1.21/identity/v3/users 0.055s
2024-11-07 02:09:09.620 65502 INFO tempest.lib.common.rest_client [req-0947691c-edbd-4f0e-8ec1-55c8c7c87b3e req-0947691c-edbd-4f0e-8ec1-55c8c7c87b3e ] Request (QuotasAdminTestV257:test_get_updated_quotas): 200 GET http://10.180.1.21/identity/v3/domains?name=Default 0.026s
2024-11-07 02:09:09.629 65516 INFO tempest.lib.common.rest_client [req-c79799e9-3f6a-4d72-aff1-8f86bc555123 req-c79799e9-3f6a-4d72-aff1-8f86bc555123 ] Request (FloatingIPsAssociationTestJSON:tearDownClass): 204 DELETE http://10.180.1.21/compute/v2.1/servers/a07b077f-b2c5-445e-a3ca-101eabeec7c9 0.686s
2024-11-07 02:09:09.674 65518 INFO tempest.lib.common.rest_client [req-99a0153b-4423-4ec3-b542-7d5bee65abbc req-99a0153b-4423-4ec3-b542-7d5bee65abbc ] Request (ListImageFiltersTestJSON:setUpClass): 200 GET http://10.180.1.21/compute/v2.1/servers/a023676a-cd0b-47d9-b239-0fa94290af72 0.502s
2024-11-07 02:09:09.688 65542 INFO tempest.lib.common.rest_client [req-7472a0f4-fbf9-4f9e-80a4-bee01a50ab07 req-7472a0f4-fbf9-4f9e-80a4-bee01a50ab07 ] Request (FloatingIPsAssociationNegativeTestJSON:setUpClass): 200 GET http://10.180.1.21/compute/v2.1/servers/e37e29e1-3a48-48d6-8eeb-86af9a4817fd 0.479s
2024-11-07 02:09:09.733 65490 INFO tempest.lib.common.rest_client [req-dbf06d34-d2ca-4f0a-bed4-3e82697b2dab req-dbf06d34-d2ca-4f0a-bed4-3e82697b2dab ] Request (ServersTestJSON:setUpClass): 200 PUT http://10.180.1.21:9696/networking/v2.0/routers/53c9392e-6882-445b-b6de-cc4d2c5a1aca/add_router_interface 0.896s
2024-11-07 02:09:09.734 65490 INFO tempest.lib.common.dynamic_creds [-] Created isolated network resources for: credentials: Credentials: {'domain_id': 'default', 'domain_name': 'Default', 'username': 'tempest-ServersTestJSON-923772136-project-member', 'project_domain_id': 'default', 'project_domain_name': 'Default', 'project_id': '810c6f3635c34e3d986d99066118933b', 'project_name': 'tempest-ServersTestJSON-923772136', 'tenant_id': '810c6f3635c34e3d986d99066118933b', 'tenant_name': 'tempest-ServersTestJSON-923772136', 'user_domain_id': 'default', 'user_domain_name': 'Default', 'user_id': '49222ed4c1e14b07b54ab0c78486155c', 'system': None}, Network: {'id': 'a74062ee-e63a-4b80-917a-1ad88708de85', 'name': 'tempest-ServersTestJSON-2096925782-network', 'tenant_id': '810c6f3635c34e3d986d99066118933b', 'admin_state_up': True, 'mtu': 8950, 'status': 'ACTIVE', 'subnets': [], 'shared': False, 'project_id': '810c6f3635c34e3d986d99066118933b', 'port_security_enabled': True, 'router:external': False, 'provider:network_type': 'vlan', 'provider:physical_network': 'default', 'provider:segmentation_id': 482, 'availability_zone_hints': [], 'availability_zones': [], 'ipv4_address_scope': None, 'ipv6_address_scope': None, 'description': '', 'tags': [], 'created_at': '2024-11-07T02:09:07Z', 'updated_at': '2024-11-07T02:09:07Z', 'revision_number': 1}, Subnet: {'id': 'bcb546d1-128f-46be-b429-ca14cc519742', 'name': 'tempest-ServersTestJSON-2096925782-subnet', 'tenant_id': '810c6f3635c34e3d986d99066118933b', 'network_id': 'a74062ee-e63a-4b80-917a-1ad88708de85', 'ip_version': 4, 'subnetpool_id': None, 'enable_dhcp': True, 'ipv6_ra_mode': None, 'ipv6_address_mode': None, 'gateway_ip': '192.168.128.1', 'cidr': '192.168.128.0/28', 'allocation_pools': [{'start': '192.168.128.2', 'end': '192.168.128.14'}], 'host_routes': [], 'dns_nameservers': [], 'description': '', 'router:external': False, 'service_types': [], 'tags': [], 'created_at': '2024-11-07T02:09:07Z', 'updated_at': '2024-11-07T02:09:07Z', 'revision_number': 0, 'project_id': '810c6f3635c34e3d986d99066118933b'}, Router: {'id': '53c9392e-6882-445b-b6de-cc4d2c5a1aca', 'name': 'tempest-ServersTestJSON-2096925782-router', 'tenant_id': '810c6f3635c34e3d986d99066118933b', 'admin_state_up': True, 'status': 'ACTIVE', 'external_gateway_info': {'network_id': '826be516-29b2-4660-8e93-70b02dbf8434', 'external_fixed_ips': [{'subnet_id': '1e63c7ef-e41e-4e69-947d-89a3db44a4f0', 'ip_address': '10.180.180.176'}], 'enable_snat': True}, 'description': '', 'availability_zones': [], 'distributed': False, 'ha': False, 'availability_zone_hints': [], 'routes': [], 'flavor_id': None, 'tags': [], 'created_at': '2024-11-07T02:09:08Z', 'updated_at': '2024-11-07T02:09:08Z', 'revision_number': 2, 'project_id': '810c6f3635c34e3d986d99066118933b'}
2024-11-07 02:09:09.774 65538 INFO tempest.lib.common.rest_client [req-f4b57146-8011-4bba-8394-8d2ec10d00c2 req-f4b57146-8011-4bba-8394-8d2ec10d00c2 ] Request (ServersTestMultiNic:test_verify_multiple_nics_order): 200 GET http://10.180.1.21/compute/v2.1/servers/76f5f14b-36e5-46ab-8c05-ba352db612bd 0.492s
2024-11-07 02:09:09.779 65512 INFO tempest.lib.common.rest_client [req-34a0c69f-a3bc-45a0-863f-d4b526991a5e req-34a0c69f-a3bc-45a0-863f-d4b526991a5e ] Request (MultipleCreateNegativeTestJSON:test_max_count_less_than_one): 400 POST http://10.180.1.21/compute/v2.1/servers 0.368s
2024-11-07 02:09:09.780 65522 INFO tempest.lib.common.rest_client [req-532f5ac7-7255-4b7c-bb46-028f39fdb6a1 req-532f5ac7-7255-4b7c-bb46-028f39fdb6a1 ] Request (ImagesOneServerTestJSON:tearDownClass): 200 GET http://10.180.1.21/compute/v2.1/servers/038445ee-fe90-4f5a-829e-c36cf1a9bf33 0.425s
2024-11-07 02:09:09.787 65530 INFO tempest.lib.common.rest_client [req-5ed29f5c-05b4-4cef-9f9e-c7f9adbdd372 req-5ed29f5c-05b4-4cef-9f9e-c7f9adbdd372 ] Request (ImagesNegativeTestJSON:test_create_image_from_invalid_server): 404 POST http://10.180.1.21/compute/v2.1/servers/tempest-invalid-38944804/action 0.324s
2024-11-07 02:09:09.811 65512 INFO tempest.lib.common.rest_client [req-51227c2f-17c3-43c4-a438-61f7e1a648b6 req-51227c2f-17c3-43c4-a438-61f7e1a648b6 ] Request (MultipleCreateNegativeTestJSON:test_max_count_non_integer): 201 POST http://10.180.1.21/identity/v3/auth/tokens 0.028s
2024-11-07 02:09:09.811 65512 INFO tempest.lib.common.fixed_network [-] (MultipleCreateNegativeTestJSON:test_max_count_non_integer) Found network None available for tenant
2024-11-07 02:09:09.823 65490 INFO tempest.lib.common.rest_client [req-a09b2a28-59d5-438d-be9b-57793275501c req-a09b2a28-59d5-438d-be9b-57793275501c ] Request (ServersTestJSON:setUpClass): 201 POST http://10.180.1.21/identity/v3/auth/tokens 0.082s
2024-11-07 02:09:09.838 65526 INFO tempest.lib.common.rest_client [req-1e0263a2-a539-4578-83d6-2619c85f562b req-1e0263a2-a539-4578-83d6-2619c85f562b ] Request (ServerGroupTestJSON:_run_cleanups): 200 GET http://10.180.1.21/compute/v2.1/servers/34463929-7e32-48fa-93cf-d3d5aea0f51b 0.415s
2024-11-07 02:09:09.900 65516 INFO tempest.lib.common.rest_client [req-182c33b6-4bb7-4e5d-83b9-286221d9fc55 req-182c33b6-4bb7-4e5d-83b9-286221d9fc55 ] Request (FloatingIPsAssociationTestJSON:tearDownClass): 200 GET http://10.180.1.21/compute/v2.1/servers/a07b077f-b2c5-445e-a3ca-101eabeec7c9 0.271s
2024-11-07 02:09:09.911 65502 INFO tempest.lib.common.rest_client [req-8d2eec84-627e-4a12-b69d-513fa910fd85 req-8d2eec84-627e-4a12-b69d-513fa910fd85 ] Request (QuotasAdminTestV257:test_get_updated_quotas): 200 PUT http://10.180.1.21/compute/v2.1/os-quota-sets/f3b85f7590be4b7394bd08e17d9b893f?user_id=741e02f4533a448d9c18740cb3a906ba 0.290s
2024-11-07 02:09:09.916 65530 INFO tempest.lib.common.rest_client [req-b44b5d89-dd5f-49f5-b09b-349d14722d0d req-b44b5d89-dd5f-49f5-b09b-349d14722d0d ] Request (ImagesNegativeTestJSON:test_create_image_specify_uuid_35_characters_or_less): 404 POST http://10.180.1.21/compute/v2.1/servers/aaaaaaaaaaaaaaaaaaaaaaaaaaaaaaaaaaa/action 0.127s
2024-11-07 02:09:09.959 65494 INFO tempest.lib.common.rest_client [req-d4d552ec-38bd-4536-b755-d8c5887e862c req-d4d552ec-38bd-4536-b755-d8c5887e862c ] Request (MultipleCreateTestJSON:test_multiple_create_with_reservation_return): 200 GET http://10.180.1.21/compute/v2.1/servers/762e6d63-3a90-4fa2-826b-dcb9dbc57bb7 0.215s
2024-11-07 02:09:09.967 65504 INFO tempest.lib.common.rest_client [req-a2a86fe0-eb66-4e29-8279-d22521e8e609 req-a2a86fe0-eb66-4e29-8279-d22521e8e609 ] Request (ImagesTestJSON:test_create_image_from_suspended_server): 200 GET http://10.180.1.21/compute/v2.1/servers/8d8da40e-e5a1-4d8c-9879-21f56e03558d 0.164s
2024-11-07 02:09:09.970 65512 INFO tempest.lib.common.rest_client [req-a855cf5d-d6fd-43ba-84b0-5d686216c665 req-a855cf5d-d6fd-43ba-84b0-5d686216c665 ] Request (MultipleCreateNegativeTestJSON:test_max_count_non_integer): 400 POST http://10.180.1.21/compute/v2.1/servers 0.159s
2024-11-07 02:09:10.006 65512 INFO tempest.lib.common.rest_client [req-42dfd4a6-5f0a-44a8-bf81-c670016ecf9e req-42dfd4a6-5f0a-44a8-bf81-c670016ecf9e ] Request (MultipleCreateNegativeTestJSON:test_min_count_less_than_one): 201 POST http://10.180.1.21/identity/v3/auth/tokens 0.030s
2024-11-07 02:09:10.006 65512 INFO tempest.lib.common.fixed_network [-] (MultipleCreateNegativeTestJSON:test_min_count_less_than_one) Found network None available for tenant
2024-11-07 02:09:10.021 65534 INFO tempest.lib.common.rest_client [req-9550ec11-fb94-4c09-abac-df5300ce02e8 req-9550ec11-fb94-4c09-abac-df5300ce02e8 ] Request (DeleteServersAdminTestJSON:test_delete_server_while_in_error_state): 200 GET http://10.180.1.21/compute/v2.1/servers/0874ada8-4e6d-4259-a040-731b1bb4994b 0.156s
2024-11-07 02:09:10.028 65490 INFO tempest.lib.common.rest_client [req-72c5d4be-1184-4f29-b985-52af53dd3f57 req-72c5d4be-1184-4f29-b985-52af53dd3f57 ] Request (ServersTestJSON:setUpClass): 200 POST http://10.180.1.21/compute/v2.1/os-keypairs 0.203s
2024-11-07 02:09:10.034 65530 INFO tempest.lib.common.rest_client [req-da05aa03-4ddc-4065-9a15-80b677f09e6c req-da05aa03-4ddc-4065-9a15-80b677f09e6c ] Request (ImagesNegativeTestJSON:test_create_image_specify_uuid_37_characters_or_more): 404 POST http://10.180.1.21/compute/v2.1/servers/aaaaaaaaaaaaaaaaaaaaaaaaaaaaaaaaaaaaa/action 0.116s
2024-11-07 02:09:10.074 65502 INFO tempest.lib.common.rest_client [req-e55fe6e1-a467-4550-9c6f-05e337cf8e2b req-e55fe6e1-a467-4550-9c6f-05e337cf8e2b ] Request (QuotasAdminTestV257:test_get_updated_quotas): 200 GET http://10.180.1.21/compute/v2.1/os-quota-sets/f3b85f7590be4b7394bd08e17d9b893f?user_id=741e02f4533a448d9c18740cb3a906ba 0.162s
2024-11-07 02:09:10.079 65512 INFO tempest.lib.common.rest_client [req-1b7553be-6538-4094-9742-8da66eed069c req-1b7553be-6538-4094-9742-8da66eed069c ] Request (MultipleCreateNegativeTestJSON:test_min_count_less_than_one): 400 POST http://10.180.1.21/compute/v2.1/servers 0.072s
2024-11-07 02:09:10.091 65488 INFO tempest.lib.common.rest_client [req-f34d16bf-8b37-4bc5-a0c9-60c909065e23 req-f34d16bf-8b37-4bc5-a0c9-60c909065e23 ] Request (ServerDiagnosticsNegativeTest:test_get_server_diagnostics_by_non_admin): 200 GET http://10.180.1.21/compute/v2.1/servers/a1091ef6-076c-4644-bb23-6801b07d5d77 0.171s
2024-11-07 02:09:10.110 65530 INFO tempest.lib.common.rest_client [req-bb669d71-fe40-4aa4-bf7f-39029ea10586 req-bb669d71-fe40-4aa4-bf7f-39029ea10586 ] Request (ImagesNegativeTestJSON:tearDownClass): 404 DELETE http://10.180.1.21/compute/v2.1/servers/d99bd87b-3c5c-4d28-a140-38e09a185c43 0.076s
2024-11-07 02:09:10.114 65512 INFO tempest.lib.common.rest_client [req-bb080e5f-9520-4cab-91c0-81ecd2a2e321 req-bb080e5f-9520-4cab-91c0-81ecd2a2e321 ] Request (MultipleCreateNegativeTestJSON:test_min_count_non_integer): 201 POST http://10.180.1.21/identity/v3/auth/tokens 0.029s
2024-11-07 02:09:10.115 65512 INFO tempest.lib.common.fixed_network [-] (MultipleCreateNegativeTestJSON:test_min_count_non_integer) Found network None available for tenant
2024-11-07 02:09:10.140 65508 INFO tempest.lib.common.rest_client [req-9a14cba0-7e76-4976-9fd7-0803bcbb6303 req-9a14cba0-7e76-4976-9fd7-0803bcbb6303 ] Request (ServerShowV254Test:test_rebuild_server): 200 GET http://10.180.1.21/compute/v2.1/servers/7c3b6190-aec5-474d-872d-1c5160b9f5fb 0.118s
2024-11-07 02:09:10.159 65490 INFO tempest.lib.common.rest_client [req-85df6416-0715-4da9-bc47-0d04eb070104 req-85df6416-0715-4da9-bc47-0d04eb070104 ] Request (ServersTestJSON:setUpClass): 201 POST http://10.180.1.21:9696/networking/v2.0/security-groups 0.129s
2024-11-07 02:09:10.161 65502 INFO tempest.lib.common.rest_client [req-d9658168-a7ca-4f92-8c84-f6408067aff5 req-d9658168-a7ca-4f92-8c84-f6408067aff5 ] Request (QuotasAdminTestV257:_run_cleanups): 204 DELETE http://10.180.1.21/identity/v3/users/741e02f4533a448d9c18740cb3a906ba 0.085s
2024-11-07 02:09:10.199 65498 INFO tempest.lib.common.rest_client [req-de9e5bd5-824c-411f-ad97-5f0d52fdff32 req-de9e5bd5-824c-411f-ad97-5f0d52fdff32 ] Request (VolumesAssistedSnapshotsTest:test_volume_assisted_snapshot_create_delete): 200 GET http://10.180.1.21/compute/v2.1/servers/d57efb12-3708-4a0d-8987-4efe69887d86 0.123s
2024-11-07 02:09:10.246 65490 INFO tempest.lib.common.rest_client [req-a33772fe-aa07-4bce-ba4e-31440c525fde req-a33772fe-aa07-4bce-ba4e-31440c525fde ] Request (ServersTestJSON:setUpClass): 201 POST http://10.180.1.21:9696/networking/v2.0/security-group-rules 0.087s
2024-11-07 02:09:10.272 65480 INFO tempest.lib.common.rest_client [req-3ab2fbf1-6fc6-4aeb-baa0-761050648ce1 req-3ab2fbf1-6fc6-4aeb-baa0-761050648ce1 ] Request (InstanceActionsTestJSON:setUpClass): 200 GET http://10.180.1.21/compute/v2.1/servers/5ceec829-071c-472b-bbe6-125e95161d24 0.186s
2024-11-07 02:09:10.289 65502 INFO tempest.lib.common.rest_client [req-34195cef-d7ab-4a26-9038-77437891fa99 req-34195cef-d7ab-4a26-9038-77437891fa99 ] Request (QuotasAdminTestV257:_run_cleanups): 204 DELETE http://10.180.1.21/identity/v3/projects/f3b85f7590be4b7394bd08e17d9b893f 0.127s
2024-11-07 02:09:10.301 65530 INFO tempest.lib.common.rest_client [req-2f7f6ed8-2d98-4d71-b72f-0e69784bfd18 req-2f7f6ed8-2d98-4d71-b72f-0e69784bfd18 ] Request (ImagesNegativeTestJSON:tearDownClass): 404 GET http://10.180.1.21/compute/v2.1/servers/d99bd87b-3c5c-4d28-a140-38e09a185c43 0.189s
2024-11-07 02:09:10.305 65512 INFO tempest.lib.common.rest_client [req-5f50fa49-273e-4a70-aed2-8be7753104a2 req-5f50fa49-273e-4a70-aed2-8be7753104a2 ] Request (MultipleCreateNegativeTestJSON:test_min_count_non_integer): 400 POST http://10.180.1.21/compute/v2.1/servers 0.190s
2024-11-07 02:09:10.317 65528 INFO tempest.lib.common.rest_client [req-7e29c9c4-823c-494f-8067-0d747c109a7f req-7e29c9c4-823c-494f-8067-0d747c109a7f ] Request (InstanceActionsNegativeTestJSON:setUpClass): 200 GET http://10.180.1.21/compute/v2.1/servers/ab7e4956-eb19-4a23-97b4-2c4e37abe5dc 0.275s
2024-11-07 02:09:10.370 65490 INFO tempest.lib.common.rest_client [req-11086578-9447-49bc-b416-60a7c93487e9 req-11086578-9447-49bc-b416-60a7c93487e9 ] Request (ServersTestJSON:setUpClass): 201 POST http://10.180.1.21:9696/networking/v2.0/security-group-rules 0.124s
2024-11-07 02:09:10.374 65486 INFO tempest.lib.common.rest_client [req-197ec642-8aae-4fad-baf2-d4fa6c10a39e req-197ec642-8aae-4fad-baf2-d4fa6c10a39e ] Request (ServersAdminTestJSON:test_create_server_with_scheduling_hint): 200 GET http://10.180.1.21/compute/v2.1/servers/2d14c3fc-708b-4bb7-8f95-303e546dd811 0.250s
2024-11-07 02:09:10.406 65510 INFO tempest.lib.common.rest_client [req-ef8ed06e-fe5c-47fe-95b5-cf99dd8fa3ff req-ef8ed06e-fe5c-47fe-95b5-cf99dd8fa3ff ] Request (ServerPasswordTestJSON:setUpClass): 200 GET http://10.180.1.21/compute/v2.1/servers/729579fc-b3f5-469a-976e-fce8e9cae6e2 0.274s
2024-11-07 02:09:10.445 65520 INFO tempest.lib.common.rest_client [req-75675b3b-2d65-49b5-894d-6277ced32cb4 req-75675b3b-2d65-49b5-894d-6277ced32cb4 ] Request (TenantUsagesTestJSON:setUpClass): 200 GET http://10.180.1.21/compute/v2.1/servers/cdf0bc19-3793-4b5b-b693-f380ab2797c6 0.262s
2024-11-07 02:09:10.448 65512 INFO tempest.lib.common.rest_client [req-ae1eb617-91fe-4f6e-b03f-b692a91d3dc8 req-ae1eb617-91fe-4f6e-b03f-b692a91d3dc8 ] Request (MultipleCreateNegativeTestJSON:tearDownClass): 204 DELETE http://10.180.1.21/identity/v3/users/c797215a67f14a4c9831807cf7fee5b0 0.139s
2024-11-07 02:09:10.448 65512 INFO tempest.lib.common.dynamic_creds [-] Deleting project and security group for project: 8ba9e5f1efc446afaad0f17c430a149f
2024-11-07 02:09:10.464 65502 INFO tempest.lib.common.rest_client [req-207d6253-da46-4a2c-a681-af636a4a367b req-207d6253-da46-4a2c-a681-af636a4a367b ] Request (QuotasAdminTestV257:tearDownClass): 204 DELETE http://10.180.1.21/identity/v3/users/290dafb14bc0422b9c18acd0fbc7564f 0.172s
2024-11-07 02:09:10.479 65496 INFO tempest.lib.common.rest_client [req-77236541-ec00-4b18-bce3-4877d623582d req-77236541-ec00-4b18-bce3-4877d623582d ] Request (ServersAdminNegativeTestJSON:test_migrate_server_invalid_state): 200 GET http://10.180.1.21/compute/v2.1/servers/4dbf61c2-c77d-48bf-b2fc-df7f387c0e14 0.211s
2024-11-07 02:09:10.495 65482 INFO tempest.lib.common.rest_client [req-b4e91c1d-e8e4-4c9b-be18-718222b3a97f req-b4e91c1d-e8e4-4c9b-be18-718222b3a97f ] Request (SecurityGroupsTestJSON:test_server_security_groups): 200 GET http://10.180.1.21/compute/v2.1/servers/96a40bb6-97eb-49cb-80f3-da6737798c03 0.170s
2024-11-07 02:09:10.514 65514 WARNING tempest.lib.common.ssh [-] Failed to establish authenticated ssh connection to cirros@10.180.180.172 ([Errno None] Unable to connect to port 22 on 10.180.180.172). Number attempts: 2. Retry after 3 seconds.: paramiko.ssh_exception.NoValidConnectionsError: [Errno None] Unable to connect to port 22 on 10.180.180.172
2024-11-07 02:09:10.521 65512 INFO tempest.lib.common.rest_client [req-54cea465-fc56-45b9-ba74-46a93d107fbc req-54cea465-fc56-45b9-ba74-46a93d107fbc ] Request (MultipleCreateNegativeTestJSON:tearDownClass): 201 POST http://10.180.1.21/identity/v3/auth/tokens 0.072s
2024-11-07 02:09:10.581 65500 INFO tempest.lib.common.rest_client [req-3ca6632f-f687-4c85-b971-3bb2848216e4 req-3ca6632f-f687-4c85-b971-3bb2848216e4 ] Request (ServerDiskConfigTestJSON:test_rebuild_server_with_auto_disk_config): 200 GET http://10.180.1.21/compute/v2.1/servers/5bd2f6c4-7671-4aae-b358-08456faf0973 0.148s
2024-11-07 02:09:10.611 65502 INFO tempest.lib.common.rest_client [req-0edcf478-24fb-45d2-92ee-fb77f72b2991 req-0edcf478-24fb-45d2-92ee-fb77f72b2991 ] Request (QuotasAdminTestV257:tearDownClass): 204 DELETE http://10.180.1.21/identity/v3/users/1bb5c1ac50d549e89c4127ca64110e5c 0.146s
2024-11-07 02:09:10.611 65502 INFO tempest.lib.common.dynamic_creds [-] Deleting project and security group for project: da620bb630b940bea7c8354dad3558cf
2024-11-07 02:09:10.651 65536 INFO tempest.lib.common.rest_client [req-b7b42707-29ee-41ab-adaa-388be39c2e24 req-b7b42707-29ee-41ab-adaa-388be39c2e24 ] Request (MigrationsAdminTest:test_list_migrations_in_flavor_resize_situation): 200 GET http://10.180.1.21/compute/v2.1/servers/810ace60-3801-4686-8087-570c8b93b42f 0.272s
2024-11-07 02:09:10.683 65492 INFO tempest.lib.common.rest_client [req-a92183f0-7788-4991-950b-9db9512037f2 req-a92183f0-7788-4991-950b-9db9512037f2 ] Request (ServerTagsTestJSON:setUpClass): 200 GET http://10.180.1.21/compute/v2.1/servers/8ef31af0-a100-46ee-8be6-d2c444880e44 0.239s
2024-11-07 02:09:10.725 65502 INFO tempest.lib.common.rest_client [req-c845824b-305a-46f7-9723-e3031be38169 req-c845824b-305a-46f7-9723-e3031be38169 ] Request (QuotasAdminTestV257:tearDownClass): 201 POST http://10.180.1.21/identity/v3/auth/tokens 0.114s
2024-11-07 02:09:10.734 65506 INFO tempest.lib.common.rest_client [req-cdc4dd54-af4f-4c36-b505-038d2067fb2c req-cdc4dd54-af4f-4c36-b505-038d2067fb2c ] Request (ServerDiagnosticsV248Test:tearDownClass): 200 GET http://10.180.1.21/compute/v2.1/servers/22697bdf-00a0-4d08-b1f8-9ed0d733c801 0.183s
2024-11-07 02:09:10.764 65484 INFO tempest.lib.common.rest_client [req-0eac6f19-faeb-474a-8f63-f8eadf5bf553 req-0eac6f19-faeb-474a-8f63-f8eadf5bf553 ] Request (InstanceActionsV221TestJSON:test_get_list_deleted_instance_actions): 200 GET http://10.180.1.21/compute/v2.1/servers/930617d3-b611-4d72-8e0e-7b7f8253fd29 0.191s
2024-11-07 02:09:10.842 65542 INFO tempest.lib.common.rest_client [req-99a056e1-3b01-4329-af1d-aeaae8a56be3 req-99a056e1-3b01-4329-af1d-aeaae8a56be3 ] Request (FloatingIPsAssociationNegativeTestJSON:setUpClass): 200 GET http://10.180.1.21/compute/v2.1/servers/e37e29e1-3a48-48d6-8eeb-86af9a4817fd 0.147s
2024-11-07 02:09:10.897 65518 INFO tempest.lib.common.rest_client [req-253d3493-c416-4c9c-bd09-58cf8c57128e req-253d3493-c416-4c9c-bd09-58cf8c57128e ] Request (ListImageFiltersTestJSON:setUpClass): 200 GET http://10.180.1.21/compute/v2.1/servers/a023676a-cd0b-47d9-b239-0fa94290af72 0.211s
2024-11-07 02:09:10.898 65525 WARNING tempest.lib.common.ssh [-] Failed to establish authenticated ssh connection to cirros@10.180.180.149 ([Errno None] Unable to connect to port 22 on 10.180.180.149). Number attempts: 5. Retry after 6 seconds.: paramiko.ssh_exception.NoValidConnectionsError: [Errno None] Unable to connect to port 22 on 10.180.180.149
2024-11-07 02:09:10.905 65538 INFO tempest.lib.common.rest_client [req-8d9cbd19-ba4b-44f4-8da5-96a7a77c1f7a req-8d9cbd19-ba4b-44f4-8da5-96a7a77c1f7a ] Request (ServersTestMultiNic:test_verify_multiple_nics_order): 200 GET http://10.180.1.21/compute/v2.1/servers/76f5f14b-36e5-46ab-8c05-ba352db612bd 0.122s
2024-11-07 02:09:10.974 65522 INFO tempest.lib.common.rest_client [req-4a0fae7d-3da2-4fa6-9803-36e661ebf36a req-4a0fae7d-3da2-4fa6-9803-36e661ebf36a ] Request (ImagesOneServerTestJSON:tearDownClass): 200 GET http://10.180.1.21/compute/v2.1/servers/038445ee-fe90-4f5a-829e-c36cf1a9bf33 0.185s
2024-11-07 02:09:10.978 65502 INFO tempest.lib.common.rest_client [req-e9f0a0f9-46d8-4d97-bec8-8bc3d27139ec req-e9f0a0f9-46d8-4d97-bec8-8bc3d27139ec ] Request (QuotasAdminTestV257:tearDownClass): 200 GET http://10.180.1.21:9696/networking/v2.0/security-groups?tenant_id=da620bb630b940bea7c8354dad3558cf&name=default 0.252s
2024-11-07 02:09:10.981 65526 INFO tempest.lib.common.rest_client [req-f3915d9f-369e-4a0e-a65f-e573e25e7baa req-f3915d9f-369e-4a0e-a65f-e573e25e7baa ] Request (ServerGroupTestJSON:_run_cleanups): 200 GET http://10.180.1.21/compute/v2.1/servers/34463929-7e32-48fa-93cf-d3d5aea0f51b 0.133s
2024-11-07 02:09:11.027 65512 INFO tempest.lib.common.rest_client [req-b0b4f58a-9dcd-470d-a6fe-ad1210a21210 req-b0b4f58a-9dcd-470d-a6fe-ad1210a21210 ] Request (MultipleCreateNegativeTestJSON:tearDownClass): 200 GET http://10.180.1.21:9696/networking/v2.0/security-groups?tenant_id=8ba9e5f1efc446afaad0f17c430a149f&name=default 0.506s
2024-11-07 02:09:11.050 65494 INFO tempest.lib.common.rest_client [req-2e3dd0d8-50ab-4802-b750-926a1b8c9e16 req-2e3dd0d8-50ab-4802-b750-926a1b8c9e16 ] Request (MultipleCreateTestJSON:test_multiple_create_with_reservation_return): 200 GET http://10.180.1.21/compute/v2.1/servers/762e6d63-3a90-4fa2-826b-dcb9dbc57bb7 0.083s
2024-11-07 02:09:11.054 65516 INFO tempest.lib.common.rest_client [req-5fb55432-0849-4c1d-ac40-5e06f4a39627 req-5fb55432-0849-4c1d-ac40-5e06f4a39627 ] Request (FloatingIPsAssociationTestJSON:tearDownClass): 200 GET http://10.180.1.21/compute/v2.1/servers/a07b077f-b2c5-445e-a3ca-101eabeec7c9 0.146s
2024-11-07 02:09:11.123 65534 INFO tempest.lib.common.rest_client [req-03e27204-7b1e-440c-8155-d1fd2a06986f req-03e27204-7b1e-440c-8155-d1fd2a06986f ] Request (DeleteServersAdminTestJSON:test_delete_server_while_in_error_state): 200 GET http://10.180.1.21/compute/v2.1/servers/0874ada8-4e6d-4259-a040-731b1bb4994b 0.093s
2024-11-07 02:09:11.127 65502 INFO tempest.lib.common.rest_client [req-74f48b54-8a6e-4e32-949d-4b245c0fffe5 req-74f48b54-8a6e-4e32-949d-4b245c0fffe5 ] Request (QuotasAdminTestV257:tearDownClass): 204 DELETE http://10.180.1.21:9696/networking/v2.0/security-groups/a7ff33f9-e33b-4880-af8e-d3d6195820da 0.149s
2024-11-07 02:09:11.128 65504 INFO tempest.lib.common.rest_client [req-c2b09f91-f4d9-4468-a0e1-38e58da69cbf req-c2b09f91-f4d9-4468-a0e1-38e58da69cbf ] Request (ImagesTestJSON:test_create_image_from_suspended_server): 200 GET http://10.180.1.21/compute/v2.1/servers/8d8da40e-e5a1-4d8c-9879-21f56e03558d 0.154s
2024-11-07 02:09:11.136 65534 INFO tempest.common.waiters [-] State transition "BUILD/None" ==> "BUILD/networking" after 47 second wait
2024-11-07 02:09:11.171 65488 INFO tempest.lib.common.rest_client [req-cc540f85-b58e-4a8c-87c1-5216c6e6db87 req-cc540f85-b58e-4a8c-87c1-5216c6e6db87 ] Request (ServerDiagnosticsNegativeTest:test_get_server_diagnostics_by_non_admin): 200 GET http://10.180.1.21/compute/v2.1/servers/a1091ef6-076c-4644-bb23-6801b07d5d77 0.073s
2024-11-07 02:09:11.210 65508 INFO tempest.lib.common.rest_client [req-6c06a599-37f4-4578-b290-606983bfb1b3 req-6c06a599-37f4-4578-b290-606983bfb1b3 ] Request (ServerShowV254Test:test_rebuild_server): 200 GET http://10.180.1.21/compute/v2.1/servers/7c3b6190-aec5-474d-872d-1c5160b9f5fb 0.058s
2024-11-07 02:09:11.211 65502 INFO tempest.lib.common.rest_client [req-d089dded-18a0-4217-a6f9-2791a2527e21 req-d089dded-18a0-4217-a6f9-2791a2527e21 ] Request (QuotasAdminTestV257:tearDownClass): 204 DELETE http://10.180.1.21/identity/v3/projects/da620bb630b940bea7c8354dad3558cf 0.083s
2024-11-07 02:09:11.211 65502 INFO tempest.lib.common.dynamic_creds [-] Deleting project and security group for project: 6b91682e77794b188cbd5050dff5f169
2024-11-07 02:09:11.291 65512 INFO tempest.lib.common.rest_client [req-dbdd8d57-3448-4480-b2ed-b3ea4d54a820 req-dbdd8d57-3448-4480-b2ed-b3ea4d54a820 ] Request (MultipleCreateNegativeTestJSON:tearDownClass): 204 DELETE http://10.180.1.21:9696/networking/v2.0/security-groups/515c69b1-12c7-48ed-8886-94d55ee124ee 0.263s
2024-11-07 02:09:11.394 65512 INFO tempest.lib.common.rest_client [req-bd20e538-1d7a-4b45-a1ee-1d35cf8a8c02 req-bd20e538-1d7a-4b45-a1ee-1d35cf8a8c02 ] Request (MultipleCreateNegativeTestJSON:tearDownClass): 204 DELETE http://10.180.1.21/identity/v3/projects/8ba9e5f1efc446afaad0f17c430a149f 0.103s
2024-11-07 02:09:11.462 65512 INFO tempest.lib.common.rest_client [req-2a4236a6-68c2-4487-ac38-acfa81befc52 req-2a4236a6-68c2-4487-ac38-acfa81befc52 ] Request (ServerRescueTestJSONUnderV235:setUpClass): 201 POST http://10.180.1.21/identity/v3/auth/tokens 0.066s
2024-11-07 02:09:11.468 65498 INFO tempest.lib.common.rest_client [req-e9312895-3b09-465f-a843-5f00e80bf9db req-e9312895-3b09-465f-a843-5f00e80bf9db ] Request (VolumesAssistedSnapshotsTest:test_volume_assisted_snapshot_create_delete): 200 GET http://10.180.1.21/compute/v2.1/servers/d57efb12-3708-4a0d-8987-4efe69887d86 0.260s
2024-11-07 02:09:11.480 65480 INFO tempest.lib.common.rest_client [req-ca72c170-731b-4731-92ff-9ccd2a3d9028 req-ca72c170-731b-4731-92ff-9ccd2a3d9028 ] Request (InstanceActionsTestJSON:setUpClass): 200 GET http://10.180.1.21/compute/v2.1/servers/5ceec829-071c-472b-bbe6-125e95161d24 0.201s
2024-11-07 02:09:11.507 65512 INFO tempest.lib.common.rest_client [req-aacd0137-83ad-45f1-b1c5-f0e5958623f6 req-aacd0137-83ad-45f1-b1c5-f0e5958623f6 ] Request (ServerRescueTestJSONUnderV235:setUpClass): 201 POST http://10.180.1.21/identity/v3/auth/tokens 0.043s
2024-11-07 02:09:11.530 65512 INFO tempest.lib.common.rest_client [req-58d6ab93-3f80-4579-81e5-f963664c7ba4 req-58d6ab93-3f80-4579-81e5-f963664c7ba4 ] Request (ServerRescueTestJSONUnderV235:setUpClass): 200 GET http://10.180.1.21/identity/v3/domains?name=Default 0.022s
2024-11-07 02:09:11.546 65486 INFO tempest.lib.common.rest_client [req-1195206d-914c-442d-b75a-89e9f92ec464 req-1195206d-914c-442d-b75a-89e9f92ec464 ] Request (ServersAdminTestJSON:test_create_server_with_scheduling_hint): 200 GET http://10.180.1.21/compute/v2.1/servers/2d14c3fc-708b-4bb7-8f95-303e546dd811 0.163s
2024-11-07 02:09:11.566 65512 INFO tempest.lib.common.rest_client [req-d073faa4-76b1-45d4-8d8a-9aff2411839c req-d073faa4-76b1-45d4-8d8a-9aff2411839c ] Request (ServerRescueTestJSONUnderV235:setUpClass): 201 POST http://10.180.1.21/identity/v3/projects 0.034s
2024-11-07 02:09:11.582 65502 INFO tempest.lib.common.rest_client [req-9d3da9fc-66ae-44ac-8306-a024b7920d61 req-9d3da9fc-66ae-44ac-8306-a024b7920d61 ] Request (QuotasAdminTestV257:tearDownClass): 200 GET http://10.180.1.21:9696/networking/v2.0/security-groups?tenant_id=6b91682e77794b188cbd5050dff5f169&name=default 0.371s
2024-11-07 02:09:11.628 65510 INFO tempest.lib.common.rest_client [req-271e46a9-ebb5-4ebf-9bbe-e754010dd0ee req-271e46a9-ebb5-4ebf-9bbe-e754010dd0ee ] Request (ServerPasswordTestJSON:setUpClass): 200 GET http://10.180.1.21/compute/v2.1/servers/729579fc-b3f5-469a-976e-fce8e9cae6e2 0.212s
2024-11-07 02:09:11.635 65490 INFO tempest.lib.common.rest_client [req-b23d31fd-e3c2-4ac6-9d2a-ce681f119345 req-b23d31fd-e3c2-4ac6-9d2a-ce681f119345 ] Request (ServersTestJSON:setUpClass): 201 POST http://10.180.1.21:9696/networking/v2.0/floatingips 1.264s
2024-11-07 02:09:11.642 65528 INFO tempest.lib.common.rest_client [req-e66dc16e-bda8-44d8-8af9-c6e8c7971581 req-e66dc16e-bda8-44d8-8af9-c6e8c7971581 ] Request (InstanceActionsNegativeTestJSON:setUpClass): 200 GET http://10.180.1.21/compute/v2.1/servers/ab7e4956-eb19-4a23-97b4-2c4e37abe5dc 0.308s
2024-11-07 02:09:11.656 65512 INFO tempest.lib.common.rest_client [req-c35dea8b-1115-4378-a515-fb252329dcba req-c35dea8b-1115-4378-a515-fb252329dcba ] Request (ServerRescueTestJSONUnderV235:setUpClass): 201 POST http://10.180.1.21/identity/v3/users 0.090s
2024-11-07 02:09:11.678 65512 INFO tempest.lib.common.rest_client [req-d743be40-eaf5-43be-ba95-fba8829ca9c5 req-d743be40-eaf5-43be-ba95-fba8829ca9c5 ] Request (ServerRescueTestJSONUnderV235:setUpClass): 200 GET http://10.180.1.21/identity/v3/roles 0.022s
2024-11-07 02:09:11.701 65512 INFO tempest.lib.common.rest_client [req-567d427c-86c2-4bae-bae0-dec996165fb1 req-567d427c-86c2-4bae-bae0-dec996165fb1 ] Request (ServerRescueTestJSONUnderV235:setUpClass): 204 PUT http://10.180.1.21/identity/v3/projects/07615dd90ee940d382083b3c3cb351a0/users/9fe1156627a34ec9ba6f9b3c36691b66/roles/10dbc10ff60548079764c8222e72d69e 0.023s
2024-11-07 02:09:11.701 65512 INFO tempest.lib.common.dynamic_creds [-] Dynamic test user 9fe1156627a34ec9ba6f9b3c36691b66 is created with scope project and roles: ['member']
2024-11-07 02:09:11.702 65512 INFO tempest.lib.common.dynamic_creds [-] Acquired dynamic creds: credentials: Credentials: {'domain_id': 'default', 'domain_name': 'Default', 'username': 'tempest-ServerRescueTestJSONUnderV235-344508750-project-member', 'project_domain_id': 'default', 'project_domain_name': 'Default', 'project_id': '07615dd90ee940d382083b3c3cb351a0', 'project_name': 'tempest-ServerRescueTestJSONUnderV235-344508750', 'tenant_id': '07615dd90ee940d382083b3c3cb351a0', 'tenant_name': 'tempest-ServerRescueTestJSONUnderV235-344508750', 'user_domain_id': 'default', 'user_domain_name': 'Default', 'user_id': '9fe1156627a34ec9ba6f9b3c36691b66', 'system': None}, Network: None, Subnet: None, Router: None
2024-11-07 02:09:11.706 65520 INFO tempest.lib.common.rest_client [req-06f3ada6-b145-4bd9-84f7-794039052ff6 req-06f3ada6-b145-4bd9-84f7-794039052ff6 ] Request (TenantUsagesTestJSON:setUpClass): 200 GET http://10.180.1.21/compute/v2.1/servers/cdf0bc19-3793-4b5b-b693-f380ab2797c6 0.250s
2024-11-07 02:09:11.711 65490 INFO tempest.lib.common.rest_client [req-0a3d077e-b80f-4846-bc1c-3568aef62e46 req-0a3d077e-b80f-4846-bc1c-3568aef62e46 ] Request (ServersTestJSON:setUpClass): 201 POST http://10.180.1.21/identity/v3/auth/tokens 0.073s
2024-11-07 02:09:11.711 65490 INFO tempest.lib.common.fixed_network [-] (ServersTestJSON:setUpClass) Found network {'id': 'a74062ee-e63a-4b80-917a-1ad88708de85', 'name': 'tempest-ServersTestJSON-2096925782-network', 'tenant_id': '810c6f3635c34e3d986d99066118933b', 'admin_state_up': True, 'mtu': 8950, 'status': 'ACTIVE', 'subnets': [], 'shared': False, 'project_id': '810c6f3635c34e3d986d99066118933b', 'port_security_enabled': True, 'router:external': False, 'provider:network_type': 'vlan', 'provider:physical_network': 'default', 'provider:segmentation_id': 482, 'availability_zone_hints': [], 'availability_zones': [], 'ipv4_address_scope': None, 'ipv6_address_scope': None, 'description': '', 'tags': [], 'created_at': '2024-11-07T02:09:07Z', 'updated_at': '2024-11-07T02:09:07Z', 'revision_number': 1} available for tenant
2024-11-07 02:09:11.729 65496 INFO tempest.lib.common.rest_client [req-0a01fd27-ce96-4d63-a61b-ed642c758727 req-0a01fd27-ce96-4d63-a61b-ed642c758727 ] Request (ServersAdminNegativeTestJSON:test_migrate_server_invalid_state): 200 GET http://10.180.1.21/compute/v2.1/servers/4dbf61c2-c77d-48bf-b2fc-df7f387c0e14 0.238s
2024-11-07 02:09:11.760 65512 INFO tempest.lib.common.rest_client [req-7070401f-b2d4-47d7-864b-92aba25eb999 req-7070401f-b2d4-47d7-864b-92aba25eb999 ] Request (ServerRescueTestJSONUnderV235:setUpClass): 201 POST http://10.180.1.21/identity/v3/auth/tokens 0.058s
2024-11-07 02:09:11.762 65482 INFO tempest.lib.common.rest_client [req-4a68c987-60d8-4adb-b932-4ad075d02393 req-4a68c987-60d8-4adb-b932-4ad075d02393 ] Request (SecurityGroupsTestJSON:test_server_security_groups): 200 GET http://10.180.1.21/compute/v2.1/servers/96a40bb6-97eb-49cb-80f3-da6737798c03 0.254s
2024-11-07 02:09:11.773 65502 INFO tempest.lib.common.rest_client [req-2e716d2a-60a6-4d12-b7c8-d0d1f859549a req-2e716d2a-60a6-4d12-b7c8-d0d1f859549a ] Request (QuotasAdminTestV257:tearDownClass): 204 DELETE http://10.180.1.21:9696/networking/v2.0/security-groups/854ae575-bdea-4ee1-8a35-2b2b9c9efdc2 0.190s
2024-11-07 02:09:11.809 65500 INFO tempest.lib.common.rest_client [req-e4cbedad-9c62-4161-80cf-bc50d9a89dea req-e4cbedad-9c62-4161-80cf-bc50d9a89dea ] Request (ServerDiskConfigTestJSON:test_rebuild_server_with_auto_disk_config): 200 GET http://10.180.1.21/compute/v2.1/servers/5bd2f6c4-7671-4aae-b358-08456faf0973 0.219s
2024-11-07 02:09:11.835 65502 INFO tempest.lib.common.rest_client [req-63937a55-d4ad-4427-aeeb-3465204b57d2 req-63937a55-d4ad-4427-aeeb-3465204b57d2 ] Request (QuotasAdminTestV257:tearDownClass): 204 DELETE http://10.180.1.21/identity/v3/projects/6b91682e77794b188cbd5050dff5f169 0.062s
2024-11-07 02:09:11.836 65502 INFO tempest.test [-] raised in UpdateMultiattachVolumeNegativeTest.setUpClass. Invoking tearDownClass.
2024-11-07 02:09:11.885 65492 INFO tempest.lib.common.rest_client [req-7fc9eee0-9cb6-4157-ad2e-e239bd9f66ce req-7fc9eee0-9cb6-4157-ad2e-e239bd9f66ce ] Request (ServerTagsTestJSON:setUpClass): 200 GET http://10.180.1.21/compute/v2.1/servers/8ef31af0-a100-46ee-8be6-d2c444880e44 0.189s
2024-11-07 02:09:11.909 65502 INFO tempest.lib.common.rest_client [req-48f29dcb-b018-49f8-b53f-180a9f3799b4 req-48f29dcb-b018-49f8-b53f-180a9f3799b4 ] Request (FloatingIPDetailsNegativeTestJSON:setUpClass): 201 POST http://10.180.1.21/identity/v3/auth/tokens 0.068s
2024-11-07 02:09:11.920 65536 INFO tempest.lib.common.rest_client [req-c15b9ed0-20c0-4595-8f2b-e6454daffcbe req-c15b9ed0-20c0-4595-8f2b-e6454daffcbe ] Request (MigrationsAdminTest:test_list_migrations_in_flavor_resize_situation): 200 GET http://10.180.1.21/compute/v2.1/servers/810ace60-3801-4686-8087-570c8b93b42f 0.257s
2024-11-07 02:09:11.942 65502 INFO tempest.lib.common.rest_client [req-2388ee70-6274-4d26-b9aa-cb3b2fe1add4 req-2388ee70-6274-4d26-b9aa-cb3b2fe1add4 ] Request (FloatingIPDetailsNegativeTestJSON:setUpClass): 201 POST http://10.180.1.21/identity/v3/auth/tokens 0.030s
2024-11-07 02:09:11.962 65502 INFO tempest.lib.common.rest_client [req-8cfbd9c7-c20f-4dec-8ac3-61e8f447f67f req-8cfbd9c7-c20f-4dec-8ac3-61e8f447f67f ] Request (FloatingIPDetailsNegativeTestJSON:setUpClass): 200 GET http://10.180.1.21/identity/v3/domains?name=Default 0.020s
2024-11-07 02:09:11.999 65502 INFO tempest.lib.common.rest_client [req-ee1589ce-52da-4f7b-af7f-c99f43dd63c1 req-ee1589ce-52da-4f7b-af7f-c99f43dd63c1 ] Request (FloatingIPDetailsNegativeTestJSON:setUpClass): 201 POST http://10.180.1.21/identity/v3/projects 0.036s
2024-11-07 02:09:12.012 65506 INFO tempest.lib.common.rest_client [req-003dfc10-6055-4fe7-a9e3-5b4e2552c0de req-003dfc10-6055-4fe7-a9e3-5b4e2552c0de ] Request (ServerDiagnosticsV248Test:tearDownClass): 200 GET http://10.180.1.21/compute/v2.1/servers/22697bdf-00a0-4d08-b1f8-9ed0d733c801 0.267s
2024-11-07 02:09:12.068 65502 INFO tempest.lib.common.rest_client [req-fe0a0e60-af78-4a9f-b283-05aaae187c53 req-fe0a0e60-af78-4a9f-b283-05aaae187c53 ] Request (FloatingIPDetailsNegativeTestJSON:setUpClass): 201 POST http://10.180.1.21/identity/v3/users 0.068s
2024-11-07 02:09:12.070 65530 INFO tempest.lib.common.rest_client [req-5e7099ae-c6c4-40eb-bc8f-fc48bdceea3e req-5e7099ae-c6c4-40eb-bc8f-fc48bdceea3e ] Request (ImagesNegativeTestJSON:tearDownClass): 200 PUT http://10.180.1.21:9696/networking/v2.0/routers/b5cc438c-0833-40ab-8a20-179c59df26cb/remove_router_interface 1.769s
2024-11-07 02:09:12.084 65502 INFO tempest.lib.common.rest_client [req-f5fca72b-356c-49eb-bd00-957da0901ae1 req-f5fca72b-356c-49eb-bd00-957da0901ae1 ] Request (FloatingIPDetailsNegativeTestJSON:setUpClass): 200 GET http://10.180.1.21/identity/v3/roles 0.015s
2024-11-07 02:09:12.086 65484 INFO tempest.lib.common.rest_client [req-10a56c2b-4f6b-4388-a229-4d7b7445049f req-10a56c2b-4f6b-4388-a229-4d7b7445049f ] Request (InstanceActionsV221TestJSON:test_get_list_deleted_instance_actions): 200 GET http://10.180.1.21/compute/v2.1/servers/930617d3-b611-4d72-8e0e-7b7f8253fd29 0.307s
2024-11-07 02:09:12.116 65502 INFO tempest.lib.common.rest_client [req-5720a94f-475a-4f32-b8bc-0833e094943d req-5720a94f-475a-4f32-b8bc-0833e094943d ] Request (FloatingIPDetailsNegativeTestJSON:setUpClass): 204 PUT http://10.180.1.21/identity/v3/projects/8dced4f298894b4d9b2878f852abd1a4/users/d26584703b7f457fa222a838d57b8cac/roles/10dbc10ff60548079764c8222e72d69e 0.031s
2024-11-07 02:09:12.116 65502 INFO tempest.lib.common.dynamic_creds [-] Dynamic test user d26584703b7f457fa222a838d57b8cac is created with scope project and roles: ['member']
