2024-11-07 02:09:03.332 65514 INFO tempest.lib.common.rest_client [req-aa915340-c6ae-4cda-a73f-e3b7568df344 req-aa915340-c6ae-4cda-a73f-e3b7568df344 ] Request (VolumesAdminNegativeTest:test_update_attached_volume_with_nonexistent_volume_in_body): 200 PUT http://10.180.1.21:9696/networking/v2.0/floatingips/e268ffec-563b-4028-99ce-25b0b4420cf4 1.280s
2024-11-07 02:09:03.334 65514 INFO tempest.lib.common.ssh [-] Creating ssh connection to '10.180.180.172:22' as 'cirros' with public key authentication
2024-11-07 02:09:03.379 65530 INFO tempest.lib.common.rest_client [req-f2cc34dd-576e-4678-9999-6aa2d944a7de req-f2cc34dd-576e-4678-9999-6aa2d944a7de ] Request (ImagesNegativeTestJSON:test_create_image_from_deleted_server): 200 GET http://10.180.1.21/compute/v2.1/servers/d99bd87b-3c5c-4d28-a140-38e09a185c43 1.367s
2024-11-07 02:09:03.393 65502 INFO tempest.lib.common.rest_client [req-0dd693cc-c004-4bca-a112-e33efdeab309 req-0dd693cc-c004-4bca-a112-e33efdeab309 ] Request (FlavorsExtraSpecsNegativeTestJSON:test_flavor_update_mismatch_key): 400 PUT http://10.180.1.21/compute/v2.1/flavors/1216480840/os-extra_specs/hw:numa_nodes 1.333s
2024-11-07 02:09:03.460 65512 INFO tempest.lib.common.rest_client [req-eaf36522-d8c9-4b49-81e9-f337c95cc1a1 req-eaf36522-d8c9-4b49-81e9-f337c95cc1a1 ] Request (ServerDiagnosticsTest:tearDownClass): 200 GET http://10.180.1.21/compute/v2.1/servers/58609f67-0cf4-459c-8512-6292352cce83 1.388s
2024-11-07 02:09:03.518 65528 INFO tempest.lib.common.rest_client [req-e5c470de-e0d9-4f07-9a82-429e4bcff189 req-e5c470de-e0d9-4f07-9a82-429e4bcff189 ] Request (InstanceActionsNegativeTestJSON:setUpClass): 200 GET http://10.180.1.21/compute/v2.1/servers/ab7e4956-eb19-4a23-97b4-2c4e37abe5dc 1.376s
2024-11-07 02:09:03.527 65528 INFO tempest.common.waiters [-] State transition "BUILD/None" ==> "BUILD/networking" after 47 second wait
2024-11-07 02:09:03.588 65504 INFO tempest.lib.common.rest_client [req-8f27783d-17b0-4a98-9ab5-c4034d52f662 req-8f27783d-17b0-4a98-9ab5-c4034d52f662 ] Request (ImagesTestJSON:test_create_image_from_suspended_server): 200 GET http://10.180.1.21/compute/v2.1/servers/8d8da40e-e5a1-4d8c-9879-21f56e03558d 1.423s
2024-11-07 02:09:03.596 65504 INFO tempest.common.waiters [-] State transition "BUILD/scheduling" ==> "BUILD/None" after 17 second wait
2024-11-07 02:09:03.649 65534 INFO tempest.lib.common.rest_client [req-76266bf0-6e72-4c61-bd3a-f002379390eb req-76266bf0-6e72-4c61-bd3a-f002379390eb ] Request (DeleteServersAdminTestJSON:test_delete_server_while_in_error_state): 200 GET http://10.180.1.21/compute/v2.1/servers/0874ada8-4e6d-4259-a040-731b1bb4994b 1.416s
2024-11-07 02:09:03.705 65488 INFO tempest.lib.common.rest_client [req-49756d10-29f3-4aef-8a64-d4d09e5ef8be req-49756d10-29f3-4aef-8a64-d4d09e5ef8be ] Request (ServerDiagnosticsNegativeTest:test_get_server_diagnostics_by_non_admin): 200 GET http://10.180.1.21/compute/v2.1/servers/a1091ef6-076c-4644-bb23-6801b07d5d77 1.429s
2024-11-07 02:09:03.771 65508 INFO tempest.lib.common.rest_client [req-c089d803-6dd2-41fb-9ae4-19f230814976 req-c089d803-6dd2-41fb-9ae4-19f230814976 ] Request (ServerShowV254Test:test_rebuild_server): 200 GET http://10.180.1.21/compute/v2.1/servers/7c3b6190-aec5-474d-872d-1c5160b9f5fb 1.483s
2024-11-07 02:09:03.870 65498 INFO tempest.lib.common.rest_client [req-854daf22-ce50-4536-8da2-7c117ce6a993 req-854daf22-ce50-4536-8da2-7c117ce6a993 ] Request (VolumesAssistedSnapshotsTest:test_volume_assisted_snapshot_create_delete): 200 GET http://10.180.1.21/compute/v2.1/servers/d57efb12-3708-4a0d-8987-4efe69887d86 1.522s
2024-11-07 02:09:03.887 65516 INFO tempest.lib.common.rest_client [req-b094f399-f157-48bc-86ef-b1657bd017cc req-b094f399-f157-48bc-86ef-b1657bd017cc ] Request (FloatingIPsAssociationTestJSON:_run_cleanups): 202 POST http://10.180.1.21/compute/v2.1/servers/a07b077f-b2c5-445e-a3ca-101eabeec7c9/action 1.961s
2024-11-07 02:09:03.929 65480 INFO tempest.lib.common.rest_client [req-a267e624-70c9-404d-a481-345895a5d8c7 req-a267e624-70c9-404d-a481-345895a5d8c7 ] Request (InstanceActionsTestJSON:setUpClass): 200 GET http://10.180.1.21/compute/v2.1/servers/5ceec829-071c-472b-bbe6-125e95161d24 1.580s
2024-11-07 02:09:03.957 65510 INFO tempest.lib.common.rest_client [req-50450c6e-3f86-4b9f-b463-d3e716bd21d0 req-50450c6e-3f86-4b9f-b463-d3e716bd21d0 ] Request (ServerPasswordTestJSON:setUpClass): 200 GET http://10.180.1.21/compute/v2.1/servers/729579fc-b3f5-469a-976e-fce8e9cae6e2 1.414s
2024-11-07 02:09:04.008 65520 INFO tempest.lib.common.rest_client [req-7833aeb5-899e-4133-97e7-c6151c250f50 req-7833aeb5-899e-4133-97e7-c6151c250f50 ] Request (TenantUsagesTestJSON:setUpClass): 200 GET http://10.180.1.21/compute/v2.1/servers/cdf0bc19-3793-4b5b-b693-f380ab2797c6 1.413s
2024-11-07 02:09:04.169 65536 INFO tempest.lib.common.rest_client [req-b13cb7ee-249e-4d01-ac33-db4d4a3690dc req-b13cb7ee-249e-4d01-ac33-db4d4a3690dc ] Request (MigrationsAdminTest:test_list_migrations_in_flavor_resize_situation): 200 GET http://10.180.1.21/compute/v2.1/servers/810ace60-3801-4686-8087-570c8b93b42f 1.572s
2024-11-07 02:09:04.200 65490 INFO tempest.lib.common.rest_client [req-06a11263-eab8-4f2b-9fe7-e00cba023794 req-06a11263-eab8-4f2b-9fe7-e00cba023794 ] Request (SecurityGroupRulesTestJSON:tearDownClass): 202 DELETE http://10.180.1.21/compute/v2.1/os-security-groups/aca8b45b-fc8c-42fc-b4c8-a5195a2576e2 1.599s
2024-11-07 02:09:04.221 65482 INFO tempest.lib.common.rest_client [req-1c964ef9-d158-4f92-bd3c-8146a3ccf684 req-1c964ef9-d158-4f92-bd3c-8146a3ccf684 ] Request (SecurityGroupsTestJSON:test_server_security_groups): 200 GET http://10.180.1.21/compute/v2.1/servers/96a40bb6-97eb-49cb-80f3-da6737798c03 1.565s
2024-11-07 02:09:04.272 65496 INFO tempest.lib.common.rest_client [req-9edce7fc-fa78-4de4-8db2-8e07c92b0dc4 req-9edce7fc-fa78-4de4-8db2-8e07c92b0dc4 ] Request (ServersAdminNegativeTestJSON:test_migrate_server_invalid_state): 200 GET http://10.180.1.21/compute/v2.1/servers/4dbf61c2-c77d-48bf-b2fc-df7f387c0e14 1.608s
2024-11-07 02:09:04.277 65500 INFO tempest.lib.common.rest_client [req-c4645357-8181-4a8c-9bc6-049df74f315d req-c4645357-8181-4a8c-9bc6-049df74f315d ] Request (ServerDiskConfigTestJSON:test_rebuild_server_with_auto_disk_config): 200 GET http://10.180.1.21/compute/v2.1/servers/5bd2f6c4-7671-4aae-b358-08456faf0973 1.554s
2024-11-07 02:09:04.334 65492 INFO tempest.lib.common.rest_client [req-1d798d1b-d35b-4096-ae95-2ffba6a5290f req-1d798d1b-d35b-4096-ae95-2ffba6a5290f ] Request (ServerTagsTestJSON:setUpClass): 200 GET http://10.180.1.21/compute/v2.1/servers/8ef31af0-a100-46ee-8be6-d2c444880e44 1.421s
2024-11-07 02:09:04.397 65486 INFO tempest.lib.common.rest_client [req-cb43dd66-6710-45e1-a89b-ee258ed587c6 req-cb43dd66-6710-45e1-a89b-ee258ed587c6 ] Request (ServersAdminTestJSON:setUpClass): 200 GET http://10.180.1.21/compute/v2.1/servers/3997b4b8-119f-4bac-a16c-b18361db7b31 1.550s
2024-11-07 02:09:04.398 65506 INFO tempest.lib.common.rest_client [req-9926a410-825a-42e0-ba5e-d1631fe7cc5c req-9926a410-825a-42e0-ba5e-d1631fe7cc5c ] Request (ServerDiagnosticsV248Test:tearDownClass): 200 GET http://10.180.1.21/compute/v2.1/servers/22697bdf-00a0-4d08-b1f8-9ed0d733c801 1.407s
2024-11-07 02:09:04.454 65484 INFO tempest.lib.common.rest_client [req-504ef682-55ab-468c-940c-ba0f9ccef960 req-504ef682-55ab-468c-940c-ba0f9ccef960 ] Request (InstanceActionsV221TestJSON:test_get_list_deleted_instance_actions): 200 GET http://10.180.1.21/compute/v2.1/servers/930617d3-b611-4d72-8e0e-7b7f8253fd29 1.460s
2024-11-07 02:09:04.463 65542 INFO tempest.lib.common.rest_client [req-7a2f7cfd-3f33-4e67-9587-b74e35edd1a0 req-7a2f7cfd-3f33-4e67-9587-b74e35edd1a0 ] Request (FloatingIPsAssociationNegativeTestJSON:setUpClass): 200 GET http://10.180.1.21/compute/v2.1/servers/e37e29e1-3a48-48d6-8eeb-86af9a4817fd 1.411s
2024-11-07 02:09:04.504 65538 INFO tempest.lib.common.rest_client [req-dd66221a-5229-44f0-9fce-d130b02551f9 req-dd66221a-5229-44f0-9fce-d130b02551f9 ] Request (ServersTestMultiNic:test_verify_multiple_nics_order): 200 GET http://10.180.1.21/compute/v2.1/servers/76f5f14b-36e5-46ab-8c05-ba352db612bd 1.365s
2024-11-07 02:09:04.520 65526 INFO tempest.lib.common.rest_client [req-6769d263-3a41-42f8-a445-5e3450ae32a1 req-6769d263-3a41-42f8-a445-5e3450ae32a1 ] Request (ServerGroupTestJSON:_run_cleanups): 200 GET http://10.180.1.21/compute/v2.1/servers/34463929-7e32-48fa-93cf-d3d5aea0f51b 1.380s
2024-11-07 02:09:04.553 65502 INFO tempest.lib.common.rest_client [req-d949a39f-7fca-482e-9fa5-b987af12bfd6 req-d949a39f-7fca-482e-9fa5-b987af12bfd6 ] Request (FlavorsExtraSpecsNegativeTestJSON:test_flavor_update_more_key): 400 PUT http://10.180.1.21/compute/v2.1/flavors/1216480840/os-extra_specs/hw:numa_nodes 1.158s
2024-11-07 02:09:04.581 65494 INFO tempest.lib.common.rest_client [req-60017e44-6274-4d60-8e1b-073afcf83ff9 req-60017e44-6274-4d60-8e1b-073afcf83ff9 ] Request (MultipleCreateTestJSON:test_multiple_create_with_reservation_return): 200 GET http://10.180.1.21/compute/v2.1/servers 1.324s
2024-11-07 02:09:04.619 65522 INFO tempest.lib.common.rest_client [req-05b30a73-9353-48b8-a2b8-fda1a641429b req-05b30a73-9353-48b8-a2b8-fda1a641429b ] Request (ImagesOneServerTestJSON:tearDownClass): 200 GET http://10.180.1.21/compute/v2.1/servers/038445ee-fe90-4f5a-829e-c36cf1a9bf33 1.021s
2024-11-07 02:09:04.627 65522 INFO tempest.common.waiters [-] State transition "ACTIVE/deleting" ==> "DELETED/None" after 2 second wait
2024-11-07 02:09:04.653 65518 INFO tempest.lib.common.rest_client [req-068ac613-3cf8-49c3-8016-830d183cc43d req-068ac613-3cf8-49c3-8016-830d183cc43d ] Request (ListImageFiltersTestJSON:setUpClass): 200 GET http://10.180.1.21/compute/v2.1/images/91a27f16-35bb-4c65-b018-3cbea9181d06 0.350s
2024-11-07 02:09:04.665 65516 INFO tempest.lib.common.rest_client [req-b88e9d1e-eff9-423a-b757-1aeb39b07b35 req-b88e9d1e-eff9-423a-b757-1aeb39b07b35 ] Request (FloatingIPsAssociationTestJSON:_run_cleanups): 204 DELETE http://10.180.1.21/compute/v2.1/servers/a07b077f-b2c5-445e-a3ca-101eabeec7c9 0.777s
2024-11-07 02:09:04.717 65530 INFO tempest.lib.common.rest_client [req-e01737ba-45ac-4fea-b5dc-bfee26d24ad6 req-e01737ba-45ac-4fea-b5dc-bfee26d24ad6 ] Request (ImagesNegativeTestJSON:test_create_image_from_deleted_server): 200 GET http://10.180.1.21/compute/v2.1/servers/d99bd87b-3c5c-4d28-a140-38e09a185c43 0.326s
2024-11-07 02:09:04.729 65512 INFO tempest.lib.common.rest_client [req-12f14050-0cc1-4de6-b594-8cec4d51edde req-12f14050-0cc1-4de6-b594-8cec4d51edde ] Request (ServerDiagnosticsTest:tearDownClass): 200 GET http://10.180.1.21/compute/v2.1/servers/58609f67-0cf4-459c-8512-6292352cce83 0.260s
2024-11-07 02:09:04.753 65502 INFO tempest.lib.common.rest_client [req-2c1cff58-44e3-49e1-a684-b1d0779fa69e req-2c1cff58-44e3-49e1-a684-b1d0779fa69e ] Request (FlavorsExtraSpecsNegativeTestJSON:tearDownClass): 202 DELETE http://10.180.1.21/compute/v2.1/flavors/1216480840 0.194s
2024-11-07 02:09:04.818 65494 INFO tempest.lib.common.rest_client [req-75e7a5d9-e687-4744-85c8-00d4d4041606 req-75e7a5d9-e687-4744-85c8-00d4d4041606 ] Request (MultipleCreateTestJSON:test_multiple_create_with_reservation_return): 200 GET http://10.180.1.21/compute/v2.1/servers/762e6d63-3a90-4fa2-826b-dcb9dbc57bb7 0.235s
2024-11-07 02:09:04.874 65504 INFO tempest.lib.common.rest_client [req-14a22664-5dec-49d5-b0d2-5a938742500b req-14a22664-5dec-49d5-b0d2-5a938742500b ] Request (ImagesTestJSON:test_create_image_from_suspended_server): 200 GET http://10.180.1.21/compute/v2.1/servers/8d8da40e-e5a1-4d8c-9879-21f56e03558d 0.276s
2024-11-07 02:09:04.891 65528 INFO tempest.lib.common.rest_client [req-68ea5adc-4772-4d04-a88c-9ecdcc146782 req-68ea5adc-4772-4d04-a88c-9ecdcc146782 ] Request (InstanceActionsNegativeTestJSON:setUpClass): 200 GET http://10.180.1.21/compute/v2.1/servers/ab7e4956-eb19-4a23-97b4-2c4e37abe5dc 0.363s
2024-11-07 02:09:04.897 65528 INFO tempest.common.waiters [-] State transition "BUILD/networking" ==> "BUILD/spawning" after 48 second wait
2024-11-07 02:09:04.924 65534 INFO tempest.lib.common.rest_client [req-b4e942ed-1c2f-439c-a4db-c0911ce3bf13 req-b4e942ed-1c2f-439c-a4db-c0911ce3bf13 ] Request (DeleteServersAdminTestJSON:test_delete_server_while_in_error_state): 200 GET http://10.180.1.21/compute/v2.1/servers/0874ada8-4e6d-4259-a040-731b1bb4994b 0.267s
2024-11-07 02:09:04.934 65490 INFO tempest.lib.common.rest_client [req-cde383bd-1c5d-4650-a93f-e802a20dbf53 req-cde383bd-1c5d-4650-a93f-e802a20dbf53 ] Request (SecurityGroupRulesTestJSON:tearDownClass): 200 PUT http://10.180.1.21:9696/networking/v2.0/routers/f5ac5c6f-66a2-4e29-9830-05c36473c566/remove_router_interface 0.732s
2024-11-07 02:09:04.984 65488 INFO tempest.lib.common.rest_client [req-0bcebc83-219b-4863-8fd6-3dd81d775e78 req-0bcebc83-219b-4863-8fd6-3dd81d775e78 ] Request (ServerDiagnosticsNegativeTest:test_get_server_diagnostics_by_non_admin): 200 GET http://10.180.1.21/compute/v2.1/servers/a1091ef6-076c-4644-bb23-6801b07d5d77 0.271s
2024-11-07 02:09:05.000 65502 INFO tempest.lib.common.rest_client [req-7c1ddf4d-ae78-4005-b42b-3b7fccbbfd7b req-7c1ddf4d-ae78-4005-b42b-3b7fccbbfd7b ] Request (FlavorsExtraSpecsNegativeTestJSON:tearDownClass): 200 GET http://10.180.1.21/compute/v2.1/flavors/detail 0.246s
2024-11-07 02:09:05.085 65508 INFO tempest.lib.common.rest_client [req-d6166728-5614-4eea-86e5-4701297baceb req-d6166728-5614-4eea-86e5-4701297baceb ] Request (ServerShowV254Test:test_rebuild_server): 200 GET http://10.180.1.21/compute/v2.1/servers/7c3b6190-aec5-474d-872d-1c5160b9f5fb 0.301s
2024-11-07 02:09:05.107 65502 INFO tempest.lib.common.rest_client [req-e11bb01f-a7b4-4f2f-988b-a2bb25e10bb4 req-e11bb01f-a7b4-4f2f-988b-a2bb25e10bb4 ] Request (FlavorsExtraSpecsNegativeTestJSON:tearDownClass): 204 DELETE http://10.180.1.21/identity/v3/users/fb15273caee54462a5e1017ea8d7feff 0.103s
2024-11-07 02:09:05.158 65498 INFO tempest.lib.common.rest_client [req-f511e5b4-44f4-45e6-9d61-a4ba9dfe588d req-f511e5b4-44f4-45e6-9d61-a4ba9dfe588d ] Request (VolumesAssistedSnapshotsTest:test_volume_assisted_snapshot_create_delete): 200 GET http://10.180.1.21/compute/v2.1/servers/d57efb12-3708-4a0d-8987-4efe69887d86 0.276s
2024-11-07 02:09:05.241 65480 INFO tempest.lib.common.rest_client [req-b4aabb8e-553a-4558-94e8-bb6822db38bb req-b4aabb8e-553a-4558-94e8-bb6822db38bb ] Request (InstanceActionsTestJSON:setUpClass): 200 GET http://10.180.1.21/compute/v2.1/servers/5ceec829-071c-472b-bbe6-125e95161d24 0.303s
2024-11-07 02:09:05.247 65502 INFO tempest.lib.common.rest_client [req-c3276553-0a1a-4b71-b9ce-dd15840d21cc req-c3276553-0a1a-4b71-b9ce-dd15840d21cc ] Request (FlavorsExtraSpecsNegativeTestJSON:tearDownClass): 204 DELETE http://10.180.1.21/identity/v3/users/12e7bca872024dd691fd8ef7dcfe70ad 0.139s
2024-11-07 02:09:05.248 65502 INFO tempest.lib.common.dynamic_creds [-] Deleting project and security group for project: 5094bf6c1953473cad70b096604e41a2
2024-11-07 02:09:05.311 65502 INFO tempest.lib.common.rest_client [req-65015571-0f17-43bf-97a5-5d8f541f4c18 req-65015571-0f17-43bf-97a5-5d8f541f4c18 ] Request (FlavorsExtraSpecsNegativeTestJSON:tearDownClass): 201 POST http://10.180.1.21/identity/v3/auth/tokens 0.062s
2024-11-07 02:09:05.316 65510 INFO tempest.lib.common.rest_client [req-4341713f-705d-4e78-bd01-6ed49a63966c req-4341713f-705d-4e78-bd01-6ed49a63966c ] Request (ServerPasswordTestJSON:setUpClass): 200 GET http://10.180.1.21/compute/v2.1/servers/729579fc-b3f5-469a-976e-fce8e9cae6e2 0.348s
2024-11-07 02:09:05.398 65520 INFO tempest.lib.common.rest_client [req-4c42c6ac-fab5-4f85-ae25-ebf724f5ff83 req-4c42c6ac-fab5-4f85-ae25-ebf724f5ff83 ] Request (TenantUsagesTestJSON:setUpClass): 200 GET http://10.180.1.21/compute/v2.1/servers/cdf0bc19-3793-4b5b-b693-f380ab2797c6 0.381s
2024-11-07 02:09:05.591 65536 INFO tempest.lib.common.rest_client [req-2daf9bea-5b33-4749-8f7d-7535b79add40 req-2daf9bea-5b33-4749-8f7d-7535b79add40 ] Request (MigrationsAdminTest:test_list_migrations_in_flavor_resize_situation): 200 GET http://10.180.1.21/compute/v2.1/servers/810ace60-3801-4686-8087-570c8b93b42f 0.413s
2024-11-07 02:09:05.663 65482 INFO tempest.lib.common.rest_client [req-1820731d-e2c1-4ab3-b844-963b58735bba req-1820731d-e2c1-4ab3-b844-963b58735bba ] Request (SecurityGroupsTestJSON:test_server_security_groups): 200 GET http://10.180.1.21/compute/v2.1/servers/96a40bb6-97eb-49cb-80f3-da6737798c03 0.435s
2024-11-07 02:09:05.673 65502 INFO tempest.lib.common.rest_client [req-9edd55d3-63d7-438a-8bba-6f49585f2a7f req-9edd55d3-63d7-438a-8bba-6f49585f2a7f ] Request (FlavorsExtraSpecsNegativeTestJSON:tearDownClass): 200 GET http://10.180.1.21:9696/networking/v2.0/security-groups?tenant_id=5094bf6c1953473cad70b096604e41a2&name=default 0.361s
2024-11-07 02:09:05.742 65490 INFO tempest.lib.common.rest_client [req-74584485-831a-48b6-9a38-af0ff88a12e8 req-74584485-831a-48b6-9a38-af0ff88a12e8 ] Request (SecurityGroupRulesTestJSON:tearDownClass): 204 DELETE http://10.180.1.21:9696/networking/v2.0/routers/f5ac5c6f-66a2-4e29-9830-05c36473c566 0.808s
2024-11-07 02:09:05.932 65490 INFO tempest.lib.common.rest_client [req-0e378e7b-6e5b-4ed6-a222-b9491d48b7f1 req-0e378e7b-6e5b-4ed6-a222-b9491d48b7f1 ] Request (SecurityGroupRulesTestJSON:tearDownClass): 204 DELETE http://10.180.1.21:9696/networking/v2.0/subnets/9e853f74-1cd7-4485-a42b-2f4bf0d81f02 0.189s
2024-11-07 02:09:05.952 65496 INFO tempest.lib.common.rest_client [req-6e5a0b30-ec69-4288-852e-aa6eecd93201 req-6e5a0b30-ec69-4288-852e-aa6eecd93201 ] Request (ServersAdminNegativeTestJSON:test_migrate_server_invalid_state): 200 GET http://10.180.1.21/compute/v2.1/servers/4dbf61c2-c77d-48bf-b2fc-df7f387c0e14 0.672s
2024-11-07 02:09:06.032 65500 INFO tempest.lib.common.rest_client [req-e4eb7c34-98a3-41c2-b4b9-f48beea3244a req-e4eb7c34-98a3-41c2-b4b9-f48beea3244a ] Request (ServerDiskConfigTestJSON:test_rebuild_server_with_auto_disk_config): 200 GET http://10.180.1.21/compute/v2.1/servers/5bd2f6c4-7671-4aae-b358-08456faf0973 0.748s
2024-11-07 02:09:06.077 65502 INFO tempest.lib.common.rest_client [req-af7b55dd-f4a3-4e56-9f9f-69c04f8fdd9d req-af7b55dd-f4a3-4e56-9f9f-69c04f8fdd9d ] Request (FlavorsExtraSpecsNegativeTestJSON:tearDownClass): 204 DELETE http://10.180.1.21:9696/networking/v2.0/security-groups/db51e255-a1b9-4266-81cb-4fd088667de9 0.403s
2024-11-07 02:09:06.097 65492 INFO tempest.lib.common.rest_client [req-49cf0401-e533-45db-bcfa-0be1ef344568 req-49cf0401-e533-45db-bcfa-0be1ef344568 ] Request (ServerTagsTestJSON:setUpClass): 200 GET http://10.180.1.21/compute/v2.1/servers/8ef31af0-a100-46ee-8be6-d2c444880e44 0.753s
2024-11-07 02:09:06.155 65502 INFO tempest.lib.common.rest_client [req-4c40debb-bb2d-411a-965a-1202572dd3e2 req-4c40debb-bb2d-411a-965a-1202572dd3e2 ] Request (FlavorsExtraSpecsNegativeTestJSON:tearDownClass): 204 DELETE http://10.180.1.21/identity/v3/projects/5094bf6c1953473cad70b096604e41a2 0.077s
2024-11-07 02:09:06.155 65502 INFO tempest.lib.common.dynamic_creds [-] Deleting project and security group for project: 0da1c72e50154938a14689ffb5536d9d
2024-11-07 02:09:06.189 65490 INFO tempest.lib.common.rest_client [req-695aa820-9b9f-4ece-9708-0bd05307aa14 req-695aa820-9b9f-4ece-9708-0bd05307aa14 ] Request (SecurityGroupRulesTestJSON:tearDownClass): 204 DELETE http://10.180.1.21:9696/networking/v2.0/networks/232348a8-f9f7-4511-8b01-54f1dd1e511e 0.255s
2024-11-07 02:09:06.281 65486 INFO tempest.lib.common.rest_client [req-9e6fd700-5435-4370-829f-a543e58b64cc req-9e6fd700-5435-4370-829f-a543e58b64cc ] Request (ServersAdminTestJSON:setUpClass): 200 GET http://10.180.1.21/compute/v2.1/servers/3997b4b8-119f-4bac-a16c-b18361db7b31 0.876s
2024-11-07 02:09:06.290 65486 INFO tempest.common.waiters [-] State transition "BUILD/spawning" ==> "ACTIVE/None" after 51 second wait
2024-11-07 02:09:06.337 65490 INFO tempest.lib.common.rest_client [req-290c025c-32b6-44d1-9d03-4c4ed3a7094d req-290c025c-32b6-44d1-9d03-4c4ed3a7094d ] Request (SecurityGroupRulesTestJSON:tearDownClass): 204 DELETE http://10.180.1.21/identity/v3/users/f37eb8f3365c41d7993d06581e62dc7e 0.147s
2024-11-07 02:09:06.337 65490 INFO tempest.lib.common.dynamic_creds [-] Deleting project and security group for project: 0da00c6902074bfda660f53b79b5a466
2024-11-07 02:09:06.377 65506 INFO tempest.lib.common.rest_client [req-adb04935-63da-4b27-a1d2-7602dbef2cb7 req-adb04935-63da-4b27-a1d2-7602dbef2cb7 ] Request (ServerDiagnosticsV248Test:tearDownClass): 200 GET http://10.180.1.21/compute/v2.1/servers/22697bdf-00a0-4d08-b1f8-9ed0d733c801 0.971s
2024-11-07 02:09:06.386 65502 INFO tempest.lib.common.rest_client [req-af86b52f-258b-48db-9bae-560e33ae8eba req-af86b52f-258b-48db-9bae-560e33ae8eba ] Request (FlavorsExtraSpecsNegativeTestJSON:tearDownClass): 200 GET http://10.180.1.21:9696/networking/v2.0/security-groups?tenant_id=0da1c72e50154938a14689ffb5536d9d&name=default 0.230s
2024-11-07 02:09:06.396 65490 INFO tempest.lib.common.rest_client [req-ae7c6afd-f46a-43ec-9060-c37e9d5b4232 req-ae7c6afd-f46a-43ec-9060-c37e9d5b4232 ] Request (SecurityGroupRulesTestJSON:tearDownClass): 200 GET http://10.180.1.21:9696/networking/v2.0/security-groups?tenant_id=0da00c6902074bfda660f53b79b5a466&name=default 0.059s
2024-11-07 02:09:06.446 65484 INFO tempest.lib.common.rest_client [req-87e644c3-d2fa-4dad-a5f6-e18a24a3f14c req-87e644c3-d2fa-4dad-a5f6-e18a24a3f14c ] Request (InstanceActionsV221TestJSON:test_get_list_deleted_instance_actions): 200 GET http://10.180.1.21/compute/v2.1/servers/930617d3-b611-4d72-8e0e-7b7f8253fd29 0.980s
2024-11-07 02:09:06.459 65484 INFO tempest.common.waiters [-] State transition "BUILD/scheduling" ==> "BUILD/None" after 16 second wait
2024-11-07 02:09:06.516 65542 INFO tempest.lib.common.rest_client [req-110523b0-d18d-43d3-a33e-4106417e0217 req-110523b0-d18d-43d3-a33e-4106417e0217 ] Request (FloatingIPsAssociationNegativeTestJSON:setUpClass): 200 GET http://10.180.1.21/compute/v2.1/servers/e37e29e1-3a48-48d6-8eeb-86af9a4817fd 1.046s
2024-11-07 02:09:06.546 65490 INFO tempest.lib.common.rest_client [req-09c8de54-4938-436e-a097-cb0315bbb2eb req-09c8de54-4938-436e-a097-cb0315bbb2eb ] Request (SecurityGroupRulesTestJSON:tearDownClass): 204 DELETE http://10.180.1.21:9696/networking/v2.0/security-groups/fa43af81-575e-497d-9ac1-6bb0eca9d31a 0.149s
2024-11-07 02:09:06.565 65502 INFO tempest.lib.common.rest_client [req-bb6ea7f4-2508-4669-860b-940ff28fb94b req-bb6ea7f4-2508-4669-860b-940ff28fb94b ] Request (FlavorsExtraSpecsNegativeTestJSON:tearDownClass): 204 DELETE http://10.180.1.21:9696/networking/v2.0/security-groups/c940cba0-5c5b-45d4-84bb-531541046acb 0.179s
2024-11-07 02:09:06.572 65516 INFO tempest.lib.common.rest_client [req-8f021608-d6cc-4259-bd19-90dc28402afa req-8f021608-d6cc-4259-bd19-90dc28402afa ] Request (FloatingIPsAssociationTestJSON:test_associate_disassociate_floating_ip): 202 POST http://10.180.1.21/compute/v2.1/servers/eefaff78-2165-4aa7-b991-605084c3d9c0/action 1.906s
2024-11-07 02:09:06.590 65538 INFO tempest.lib.common.rest_client [req-c91fdd0d-7a83-4818-adac-619db671f33b req-c91fdd0d-7a83-4818-adac-619db671f33b ] Request (ServersTestMultiNic:test_verify_multiple_nics_order): 200 GET http://10.180.1.21/compute/v2.1/servers/76f5f14b-36e5-46ab-8c05-ba352db612bd 1.077s
2024-11-07 02:09:06.671 65490 INFO tempest.lib.common.rest_client [req-b5172248-b2e1-4532-b176-f4f97836ea2d req-b5172248-b2e1-4532-b176-f4f97836ea2d ] Request (SecurityGroupRulesTestJSON:tearDownClass): 204 DELETE http://10.180.1.21/identity/v3/projects/0da00c6902074bfda660f53b79b5a466 0.125s
2024-11-07 02:09:06.689 65502 INFO tempest.lib.common.rest_client [req-9216f617-3a21-4727-a47a-4eecd70f4577 req-9216f617-3a21-4727-a47a-4eecd70f4577 ] Request (FlavorsExtraSpecsNegativeTestJSON:tearDownClass): 204 DELETE http://10.180.1.21/identity/v3/projects/0da1c72e50154938a14689ffb5536d9d 0.124s
2024-11-07 02:09:06.690 65522 INFO tempest.lib.common.rest_client [req-646f0fc9-6f1f-49f2-93b2-c387c64f173e req-646f0fc9-6f1f-49f2-93b2-c387c64f173e ] Request (ImagesOneServerTestJSON:tearDownClass): 200 GET http://10.180.1.21/compute/v2.1/servers/038445ee-fe90-4f5a-829e-c36cf1a9bf33 1.062s
2024-11-07 02:09:06.691 65526 INFO tempest.lib.common.rest_client [req-1c504975-b335-4d34-8a34-729c2f43c9dd req-1c504975-b335-4d34-8a34-729c2f43c9dd ] Request (ServerGroupTestJSON:_run_cleanups): 200 GET http://10.180.1.21/compute/v2.1/servers/34463929-7e32-48fa-93cf-d3d5aea0f51b 1.163s
2024-11-07 02:09:06.743 65518 INFO tempest.lib.common.rest_client [req-f7236db9-d07a-487a-b608-c9012eed813e req-f7236db9-d07a-487a-b608-c9012eed813e ] Request (ListImageFiltersTestJSON:setUpClass): 200 GET http://10.180.1.21/compute/v2.1/images/91a27f16-35bb-4c65-b018-3cbea9181d06 1.086s
2024-11-07 02:09:06.745 65490 INFO tempest.lib.common.rest_client [req-52cef334-b3d0-4880-987f-809ee97c5d16 req-52cef334-b3d0-4880-987f-809ee97c5d16 ] Request (ServersTestJSON:setUpClass): 201 POST http://10.180.1.21/identity/v3/auth/tokens 0.072s
2024-11-07 02:09:06.768 65512 INFO tempest.lib.common.rest_client [req-0b9ed212-0928-41dd-b268-012a634d8d7e req-0b9ed212-0928-41dd-b268-012a634d8d7e ] Request (ServerDiagnosticsTest:tearDownClass): 404 GET http://10.180.1.21/compute/v2.1/servers/58609f67-0cf4-459c-8512-6292352cce83 1.031s
2024-11-07 02:09:06.778 65502 INFO tempest.lib.common.rest_client [req-60a5fbaa-a93b-4b1a-bc20-5bf25b7eb835 req-60a5fbaa-a93b-4b1a-bc20-5bf25b7eb835 ] Request (QuotasAdminTestV257:setUpClass): 201 POST http://10.180.1.21/identity/v3/auth/tokens 0.085s
2024-11-07 02:09:06.786 65490 INFO tempest.lib.common.rest_client [req-1becc5f5-0c03-4131-b1a8-f5146c816be5 req-1becc5f5-0c03-4131-b1a8-f5146c816be5 ] Request (ServersTestJSON:setUpClass): 201 POST http://10.180.1.21/identity/v3/auth/tokens 0.038s
2024-11-07 02:09:06.796 65530 INFO tempest.lib.common.rest_client [req-e4013635-be8b-4bc6-bc8c-1136f2e9bceb req-e4013635-be8b-4bc6-bc8c-1136f2e9bceb ] Request (ImagesNegativeTestJSON:test_create_image_from_deleted_server): 200 GET http://10.180.1.21/compute/v2.1/servers/d99bd87b-3c5c-4d28-a140-38e09a185c43 1.065s
2024-11-07 02:09:06.818 65502 INFO tempest.lib.common.rest_client [req-ebaaaba3-573f-419f-9602-00348d0bf9e8 req-ebaaaba3-573f-419f-9602-00348d0bf9e8 ] Request (QuotasAdminTestV257:setUpClass): 201 POST http://10.180.1.21/identity/v3/auth/tokens 0.038s
2024-11-07 02:09:06.846 65494 INFO tempest.lib.common.rest_client [req-5c63f39b-2552-49d9-a4a7-6c0c0baa3549 req-5c63f39b-2552-49d9-a4a7-6c0c0baa3549 ] Request (MultipleCreateTestJSON:test_multiple_create_with_reservation_return): 200 GET http://10.180.1.21/compute/v2.1/servers/762e6d63-3a90-4fa2-826b-dcb9dbc57bb7 1.017s
2024-11-07 02:09:06.861 65512 INFO tempest.lib.common.rest_client [req-c0762ee6-4188-44bd-9e2b-ebd2f64b87c7 req-c0762ee6-4188-44bd-9e2b-ebd2f64b87c7 ] Request (ServerDiagnosticsTest:tearDownClass): 204 DELETE http://10.180.1.21/identity/v3/users/7776f0bd6a9044149862697005b2182e 0.093s
2024-11-07 02:09:06.866 65504 INFO tempest.lib.common.rest_client [req-42bb3049-94d7-4a95-9f9f-fff10b0edf89 req-42bb3049-94d7-4a95-9f9f-fff10b0edf89 ] Request (ImagesTestJSON:test_create_image_from_suspended_server): 200 GET http://10.180.1.21/compute/v2.1/servers/8d8da40e-e5a1-4d8c-9879-21f56e03558d 0.985s
2024-11-07 02:09:06.883 65490 INFO tempest.lib.common.rest_client [req-a14b51e9-c0b1-4747-a592-d1f2fb65a525 req-a14b51e9-c0b1-4747-a592-d1f2fb65a525 ] Request (ServersTestJSON:setUpClass): 200 GET http://10.180.1.21/identity/v3/domains?name=Default 0.097s
2024-11-07 02:09:06.931 65502 INFO tempest.lib.common.rest_client [req-e0278077-cd57-484f-bd80-b34380c27422 req-e0278077-cd57-484f-bd80-b34380c27422 ] Request (QuotasAdminTestV257:setUpClass): 200 GET http://10.180.1.21/identity/v3/domains?name=Default 0.112s
2024-11-07 02:09:06.943 65534 INFO tempest.lib.common.rest_client [req-16cfca43-a53f-4b8f-8730-b4cfcaa3642a req-16cfca43-a53f-4b8f-8730-b4cfcaa3642a ] Request (DeleteServersAdminTestJSON:test_delete_server_while_in_error_state): 200 GET http://10.180.1.21/compute/v2.1/servers/0874ada8-4e6d-4259-a040-731b1bb4994b 1.012s
2024-11-07 02:09:06.972 65490 INFO tempest.lib.common.rest_client [req-314cec68-4843-4683-bc98-05810325ef4c req-314cec68-4843-4683-bc98-05810325ef4c ] Request (ServersTestJSON:setUpClass): 201 POST http://10.180.1.21/identity/v3/projects 0.087s
2024-11-07 02:09:06.987 65512 INFO tempest.lib.common.rest_client [req-06e68949-6a17-4832-b51e-fc5609da18eb req-06e68949-6a17-4832-b51e-fc5609da18eb ] Request (ServerDiagnosticsTest:tearDownClass): 204 DELETE http://10.180.1.21/identity/v3/users/36341f4d47514a62b65696e164fe82b0 0.125s
2024-11-07 02:09:06.987 65512 INFO tempest.lib.common.dynamic_creds [-] Deleting project and security group for project: 5a886c14e4b049dc91b4b851edcc358a
2024-11-07 02:09:07.013 65488 INFO tempest.lib.common.rest_client [req-8b2de6a1-1182-4055-bbf7-5df890262b37 req-8b2de6a1-1182-4055-bbf7-5df890262b37 ] Request (ServerDiagnosticsNegativeTest:test_get_server_diagnostics_by_non_admin): 200 GET http://10.180.1.21/compute/v2.1/servers/a1091ef6-076c-4644-bb23-6801b07d5d77 1.022s
2024-11-07 02:09:07.029 65528 INFO tempest.lib.common.rest_client [req-fa048261-dc01-4386-b14b-9af73a05ee2d req-fa048261-dc01-4386-b14b-9af73a05ee2d ] Request (InstanceActionsNegativeTestJSON:setUpClass): 200 GET http://10.180.1.21/compute/v2.1/servers/ab7e4956-eb19-4a23-97b4-2c4e37abe5dc 1.129s
2024-11-07 02:09:07.053 65490 INFO tempest.lib.common.rest_client [req-a6dff5b9-046d-4345-8e36-73847e3d5b89 req-a6dff5b9-046d-4345-8e36-73847e3d5b89 ] Request (ServersTestJSON:setUpClass): 201 POST http://10.180.1.21/identity/v3/users 0.081s
2024-11-07 02:09:07.068 65508 INFO tempest.lib.common.rest_client [req-08ea77a9-b651-441f-8424-076ace5bff39 req-08ea77a9-b651-441f-8424-076ace5bff39 ] Request (ServerShowV254Test:test_rebuild_server): 200 GET http://10.180.1.21/compute/v2.1/servers/7c3b6190-aec5-474d-872d-1c5160b9f5fb 0.973s
2024-11-07 02:09:07.077 65498 INFO tempest.lib.common.rest_client [req-86af34a8-8a7d-4fec-8092-56670f7c19d5 req-86af34a8-8a7d-4fec-8092-56670f7c19d5 ] Request (VolumesAssistedSnapshotsTest:test_volume_assisted_snapshot_create_delete): 200 GET http://10.180.1.21/compute/v2.1/servers/d57efb12-3708-4a0d-8987-4efe69887d86 0.909s
2024-11-07 02:09:07.083 65512 INFO tempest.lib.common.rest_client [req-2ba827a1-2404-431d-996b-daf415361803 req-2ba827a1-2404-431d-996b-daf415361803 ] Request (ServerDiagnosticsTest:tearDownClass): 201 POST http://10.180.1.21/identity/v3/auth/tokens 0.096s
2024-11-07 02:09:07.083 65502 INFO tempest.lib.common.rest_client [req-cb459866-af83-4f9c-a153-d3dd508e7bae req-cb459866-af83-4f9c-a153-d3dd508e7bae ] Request (QuotasAdminTestV257:setUpClass): 201 POST http://10.180.1.21/identity/v3/projects 0.152s
2024-11-07 02:09:07.118 65480 INFO tempest.lib.common.rest_client [req-bef4e221-95cf-4221-94cd-bc67341872dd req-bef4e221-95cf-4221-94cd-bc67341872dd ] Request (InstanceActionsTestJSON:setUpClass): 200 GET http://10.180.1.21/compute/v2.1/servers/5ceec829-071c-472b-bbe6-125e95161d24 0.868s
2024-11-07 02:09:07.127 65490 INFO tempest.lib.common.rest_client [req-48b7af76-12af-4921-ac2e-8cd0ed05b77e req-48b7af76-12af-4921-ac2e-8cd0ed05b77e ] Request (ServersTestJSON:setUpClass): 200 GET http://10.180.1.21/identity/v3/roles 0.073s
2024-11-07 02:09:07.144 65502 INFO tempest.lib.common.rest_client [req-d67d818e-c258-4468-81a4-7fbfb13a28d6 req-d67d818e-c258-4468-81a4-7fbfb13a28d6 ] Request (QuotasAdminTestV257:setUpClass): 201 POST http://10.180.1.21/identity/v3/users 0.060s
2024-11-07 02:09:07.167 65490 INFO tempest.lib.common.rest_client [req-0ca9acca-6a3f-437b-9cb9-01e03cff2642 req-0ca9acca-6a3f-437b-9cb9-01e03cff2642 ] Request (ServersTestJSON:setUpClass): 204 PUT http://10.180.1.21/identity/v3/projects/810c6f3635c34e3d986d99066118933b/users/49222ed4c1e14b07b54ab0c78486155c/roles/10dbc10ff60548079764c8222e72d69e 0.040s
2024-11-07 02:09:07.168 65490 INFO tempest.lib.common.dynamic_creds [-] Dynamic test user 49222ed4c1e14b07b54ab0c78486155c is created with scope project and roles: ['member']
2024-11-07 02:09:07.168 65490 INFO tempest.lib.common.dynamic_creds [-] Acquired dynamic creds: credentials: Credentials: {'domain_id': 'default', 'domain_name': 'Default', 'username': 'tempest-ServersTestJSON-923772136-project-member', 'project_domain_id': 'default', 'project_domain_name': 'Default', 'project_id': '810c6f3635c34e3d986d99066118933b', 'project_name': 'tempest-ServersTestJSON-923772136', 'tenant_id': '810c6f3635c34e3d986d99066118933b', 'tenant_name': 'tempest-ServersTestJSON-923772136', 'user_domain_id': 'default', 'user_domain_name': 'Default', 'user_id': '49222ed4c1e14b07b54ab0c78486155c', 'system': None}, Network: None, Subnet: None, Router: None
2024-11-07 02:09:07.172 65510 INFO tempest.lib.common.rest_client [req-8274726d-917d-49fc-89cf-8ae9f1b3793c req-8274726d-917d-49fc-89cf-8ae9f1b3793c ] Request (ServerPasswordTestJSON:setUpClass): 200 GET http://10.180.1.21/compute/v2.1/servers/729579fc-b3f5-469a-976e-fce8e9cae6e2 0.844s
2024-11-07 02:09:07.209 65502 INFO tempest.lib.common.rest_client [req-38070ed4-2000-4369-a82c-8b6813e95af0 req-38070ed4-2000-4369-a82c-8b6813e95af0 ] Request (QuotasAdminTestV257:setUpClass): 200 GET http://10.180.1.21/identity/v3/roles 0.064s
2024-11-07 02:09:07.228 65520 INFO tempest.lib.common.rest_client [req-a9d71cfd-804d-461e-8902-0a89ed94c432 req-a9d71cfd-804d-461e-8902-0a89ed94c432 ] Request (TenantUsagesTestJSON:setUpClass): 200 GET http://10.180.1.21/compute/v2.1/servers/cdf0bc19-3793-4b5b-b693-f380ab2797c6 0.822s
2024-11-07 02:09:07.238 65486 INFO tempest.lib.common.rest_client [req-482bee23-024c-40ef-ba5a-31d7fa276dfe req-482bee23-024c-40ef-ba5a-31d7fa276dfe ] Request (ServersAdminTestJSON:setUpClass): 200 GET http://10.180.1.21/compute/v2.1/servers/c4b2cbf5-6523-4f2e-a826-f2d28f41b6ad 0.947s
2024-11-07 02:09:07.239 65490 INFO tempest.lib.common.rest_client [req-6bca35b4-f9a4-4e07-93ec-a320bfd5ae74 req-6bca35b4-f9a4-4e07-93ec-a320bfd5ae74 ] Request (ServersTestJSON:setUpClass): 201 POST http://10.180.1.21/identity/v3/auth/tokens 0.070s
2024-11-07 02:09:07.243 65502 INFO tempest.lib.common.rest_client [req-9cd05ce5-43de-4413-91f5-54c69377b6b3 req-9cd05ce5-43de-4413-91f5-54c69377b6b3 ] Request (QuotasAdminTestV257:setUpClass): 204 PUT http://10.180.1.21/identity/v3/projects/da620bb630b940bea7c8354dad3558cf/users/290dafb14bc0422b9c18acd0fbc7564f/roles/10dbc10ff60548079764c8222e72d69e 0.033s
2024-11-07 02:09:07.243 65502 INFO tempest.lib.common.dynamic_creds [-] Dynamic test user 290dafb14bc0422b9c18acd0fbc7564f is created with scope project and roles: ['member']
2024-11-07 02:09:07.244 65502 INFO tempest.lib.common.dynamic_creds [-] Acquired dynamic creds: credentials: Credentials: {'domain_id': 'default', 'domain_name': 'Default', 'username': 'tempest-QuotasAdminTestV257-286554935-project-member', 'project_domain_id': 'default', 'project_domain_name': 'Default', 'project_id': 'da620bb630b940bea7c8354dad3558cf', 'project_name': 'tempest-QuotasAdminTestV257-286554935', 'tenant_id': 'da620bb630b940bea7c8354dad3558cf', 'tenant_name': 'tempest-QuotasAdminTestV257-286554935', 'user_domain_id': 'default', 'user_domain_name': 'Default', 'user_id': '290dafb14bc0422b9c18acd0fbc7564f', 'system': None}, Network: None, Subnet: None, Router: None
2024-11-07 02:09:07.244 65502 INFO tempest.lib.common.dynamic_creds [-] Created isolated network resources for: credentials: Credentials: {'domain_id': 'default', 'domain_name': 'Default', 'username': 'tempest-QuotasAdminTestV257-286554935-project-member', 'project_domain_id': 'default', 'project_domain_name': 'Default', 'project_id': 'da620bb630b940bea7c8354dad3558cf', 'project_name': 'tempest-QuotasAdminTestV257-286554935', 'tenant_id': 'da620bb630b940bea7c8354dad3558cf', 'tenant_name': 'tempest-QuotasAdminTestV257-286554935', 'user_domain_id': 'default', 'user_domain_name': 'Default', 'user_id': '290dafb14bc0422b9c18acd0fbc7564f', 'system': None}, Network: None, Subnet: None, Router: None
2024-11-07 02:09:07.251 65512 INFO tempest.lib.common.rest_client [req-641fc74a-3c4d-433c-9062-95286bff26d3 req-641fc74a-3c4d-433c-9062-95286bff26d3 ] Request (ServerDiagnosticsTest:tearDownClass): 200 GET http://10.180.1.21:9696/networking/v2.0/security-groups?tenant_id=5a886c14e4b049dc91b4b851edcc358a&name=default 0.167s
2024-11-07 02:09:07.321 65502 INFO tempest.lib.common.rest_client [req-c67b90e0-b82f-4309-bca1-86dddd8e317b req-c67b90e0-b82f-4309-bca1-86dddd8e317b ] Request (QuotasAdminTestV257:setUpClass): 201 POST http://10.180.1.21/identity/v3/auth/tokens 0.073s
2024-11-07 02:09:07.356 65502 INFO tempest.lib.common.rest_client [req-7cd31599-79ea-4298-954f-071e0aeed96c req-7cd31599-79ea-4298-954f-071e0aeed96c ] Request (QuotasAdminTestV257:setUpClass): 201 POST http://10.180.1.21/identity/v3/projects 0.034s
2024-11-07 02:09:07.374 65486 INFO tempest.lib.common.rest_client [req-9debe401-a77c-4db2-b773-310dbdd1874c req-9debe401-a77c-4db2-b773-310dbdd1874c ] Request (ServersAdminTestJSON:test_create_server_with_scheduling_hint): 201 POST http://10.180.1.21/identity/v3/auth/tokens 0.123s
2024-11-07 02:09:07.375 65486 INFO tempest.lib.common.fixed_network [-] (ServersAdminTestJSON:test_create_server_with_scheduling_hint) Found network {'id': 'dfa9fec9-66bf-4263-a5ed-73ac1bd2994b', 'name': 'tempest-ServersAdminTestJSON-49460475-network', 'tenant_id': '901035c6b2a7413ab307b30fb817fef0', 'admin_state_up': True, 'mtu': 8950, 'status': 'ACTIVE', 'subnets': [], 'shared': False, 'project_id': '901035c6b2a7413ab307b30fb817fef0', 'port_security_enabled': True, 'router:external': False, 'provider:network_type': 'vlan', 'provider:physical_network': 'default', 'provider:segmentation_id': 665, 'availability_zone_hints': [], 'availability_zones': [], 'ipv4_address_scope': None, 'ipv6_address_scope': None, 'description': '', 'tags': [], 'created_at': '2024-11-07T02:08:00Z', 'updated_at': '2024-11-07T02:08:00Z', 'revision_number': 1} available for tenant
2024-11-07 02:09:07.418 65502 INFO tempest.lib.common.rest_client [req-b57e9ee6-94f8-4981-8f63-094f3c82f48c req-b57e9ee6-94f8-4981-8f63-094f3c82f48c ] Request (QuotasAdminTestV257:setUpClass): 201 POST http://10.180.1.21/identity/v3/users 0.061s
2024-11-07 02:09:07.442 65502 INFO tempest.lib.common.rest_client [req-a475fcf9-71fe-4d9c-9db1-717073e9ebc5 req-a475fcf9-71fe-4d9c-9db1-717073e9ebc5 ] Request (QuotasAdminTestV257:setUpClass): 200 GET http://10.180.1.21/identity/v3/roles 0.023s
2024-11-07 02:09:07.445 65514 WARNING tempest.lib.common.ssh [-] Failed to establish authenticated ssh connection to cirros@10.180.180.172 ([Errno None] Unable to connect to port 22 on 10.180.180.172). Number attempts: 1. Retry after 2 seconds.: paramiko.ssh_exception.NoValidConnectionsError: [Errno None] Unable to connect to port 22 on 10.180.180.172
2024-11-07 02:09:07.459 65536 INFO tempest.lib.common.rest_client [req-9d1fc65a-ea24-4253-99f0-703c7422332e req-9d1fc65a-ea24-4253-99f0-703c7422332e ] Request (MigrationsAdminTest:test_list_migrations_in_flavor_resize_situation): 200 GET http://10.180.1.21/compute/v2.1/servers/810ace60-3801-4686-8087-570c8b93b42f 0.857s
2024-11-07 02:09:07.461 65516 INFO tempest.lib.common.rest_client [req-c3aa5dbd-ce46-4654-9f5f-0a0f9fc43de9 req-c3aa5dbd-ce46-4654-9f5f-0a0f9fc43de9 ] Request (FloatingIPsAssociationTestJSON:test_associate_disassociate_floating_ip): 200 GET http://10.180.1.21/compute/v2.1/os-floating-ips/7847677e-aed9-448a-9f9f-c5521b2d29d2 0.888s
2024-11-07 02:09:07.470 65512 INFO tempest.lib.common.rest_client [req-ca6fd929-3a7e-421e-a29a-23215d002562 req-ca6fd929-3a7e-421e-a29a-23215d002562 ] Request (ServerDiagnosticsTest:tearDownClass): 204 DELETE http://10.180.1.21:9696/networking/v2.0/security-groups/2298848d-fac2-4a4e-8065-41e3851bc601 0.218s
2024-11-07 02:09:07.483 65502 INFO tempest.lib.common.rest_client [req-f259db29-a64b-455c-a53a-e5390a9fdfbc req-f259db29-a64b-455c-a53a-e5390a9fdfbc ] Request (QuotasAdminTestV257:setUpClass): 204 PUT http://10.180.1.21/identity/v3/projects/6b91682e77794b188cbd5050dff5f169/users/1bb5c1ac50d549e89c4127ca64110e5c/roles/da4e063c5d8d40548dc43ba02397f9fa 0.041s
2024-11-07 02:09:07.540 65496 INFO tempest.lib.common.rest_client [req-db2933c6-879f-476e-9ce6-c00c0f380425 req-db2933c6-879f-476e-9ce6-c00c0f380425 ] Request (ServersAdminNegativeTestJSON:test_migrate_server_invalid_state): 200 GET http://10.180.1.21/compute/v2.1/servers/4dbf61c2-c77d-48bf-b2fc-df7f387c0e14 0.581s
2024-11-07 02:09:07.542 65482 INFO tempest.lib.common.rest_client [req-f6b1b612-4c15-469b-afd0-31fb02f13943 req-f6b1b612-4c15-469b-afd0-31fb02f13943 ] Request (SecurityGroupsTestJSON:test_server_security_groups): 200 GET http://10.180.1.21/compute/v2.1/servers/96a40bb6-97eb-49cb-80f3-da6737798c03 0.870s
2024-11-07 02:09:07.542 65502 INFO tempest.lib.common.rest_client [req-ddb60cd6-93c4-4afc-9121-85e08a40962e req-ddb60cd6-93c4-4afc-9121-85e08a40962e ] Request (QuotasAdminTestV257:setUpClass): 200 GET http://10.180.1.21/identity/v3/roles 0.058s
2024-11-07 02:09:07.569 65502 INFO tempest.lib.common.rest_client [req-c8d22b94-2093-4cdc-be47-a3c95ba3552d req-c8d22b94-2093-4cdc-be47-a3c95ba3552d ] Request (QuotasAdminTestV257:setUpClass): 204 PUT http://10.180.1.21/identity/v3/projects/6b91682e77794b188cbd5050dff5f169/users/1bb5c1ac50d549e89c4127ca64110e5c/roles/da4e063c5d8d40548dc43ba02397f9fa 0.026s
2024-11-07 02:09:07.569 65502 INFO tempest.lib.common.dynamic_creds [-] Dynamic test user 1bb5c1ac50d549e89c4127ca64110e5c is created with scope project and roles: ['admin']
2024-11-07 02:09:07.569 65502 INFO tempest.lib.common.dynamic_creds [-] Acquired dynamic creds: credentials: Credentials: {'domain_id': 'default', 'domain_name': 'Default', 'username': 'tempest-QuotasAdminTestV257-2139286540-project-admin', 'project_domain_id': 'default', 'project_domain_name': 'Default', 'project_id': '6b91682e77794b188cbd5050dff5f169', 'project_name': 'tempest-QuotasAdminTestV257-2139286540', 'tenant_id': '6b91682e77794b188cbd5050dff5f169', 'tenant_name': 'tempest-QuotasAdminTestV257-2139286540', 'user_domain_id': 'default', 'user_domain_name': 'Default', 'user_id': '1bb5c1ac50d549e89c4127ca64110e5c', 'system': None}, Network: None, Subnet: None, Router: None
2024-11-07 02:09:07.569 65502 INFO tempest.lib.common.dynamic_creds [-] Created isolated network resources for: credentials: Credentials: {'domain_id': 'default', 'domain_name': 'Default', 'username': 'tempest-QuotasAdminTestV257-2139286540-project-admin', 'project_domain_id': 'default', 'project_domain_name': 'Default', 'project_id': '6b91682e77794b188cbd5050dff5f169', 'project_name': 'tempest-QuotasAdminTestV257-2139286540', 'tenant_id': '6b91682e77794b188cbd5050dff5f169', 'tenant_name': 'tempest-QuotasAdminTestV257-2139286540', 'user_domain_id': 'default', 'user_domain_name': 'Default', 'user_id': '1bb5c1ac50d549e89c4127ca64110e5c', 'system': None}, Network: None, Subnet: None, Router: None
2024-11-07 02:09:07.602 65500 INFO tempest.lib.common.rest_client [req-0b75dea5-364f-486b-aed3-d71aaea7ffc7 req-0b75dea5-364f-486b-aed3-d71aaea7ffc7 ] Request (ServerDiskConfigTestJSON:test_rebuild_server_with_auto_disk_config): 200 GET http://10.180.1.21/compute/v2.1/servers/5bd2f6c4-7671-4aae-b358-08456faf0973 0.560s
2024-11-07 02:09:07.617 65492 INFO tempest.lib.common.rest_client [req-61fd66fa-d425-4db7-a2b5-6316de7ca95b req-61fd66fa-d425-4db7-a2b5-6316de7ca95b ] Request (ServerTagsTestJSON:setUpClass): 200 GET http://10.180.1.21/compute/v2.1/servers/8ef31af0-a100-46ee-8be6-d2c444880e44 0.510s
2024-11-07 02:09:07.652 65512 INFO tempest.lib.common.rest_client [req-ee95a825-4cc2-4c86-a706-e798935bb8a2 req-ee95a825-4cc2-4c86-a706-e798935bb8a2 ] Request (ServerDiagnosticsTest:tearDownClass): 204 DELETE http://10.180.1.21/identity/v3/projects/5a886c14e4b049dc91b4b851edcc358a 0.181s
2024-11-07 02:09:07.653 65512 INFO tempest.lib.common.dynamic_creds [-] Deleting project and security group for project: cabb4b8eec4648ca84fc4977ea39f666
2024-11-07 02:09:07.661 65502 INFO tempest.lib.common.rest_client [req-fbd26931-e18b-4da8-986e-d4c58809ce09 req-fbd26931-e18b-4da8-986e-d4c58809ce09 ] Request (QuotasAdminTestV257:setUpClass): 201 POST http://10.180.1.21/identity/v3/auth/tokens 0.088s
2024-11-07 02:09:07.662 65502 WARNING tempest.lib.common.rest_client [-] Deprecated: "tenant_id" property is deprecated for removal, use "project_id" instead
2024-11-07 02:09:07.697 65502 INFO tempest.lib.common.rest_client [req-31053951-38ee-4741-9297-30bc9cca586d req-31053951-38ee-4741-9297-30bc9cca586d ] Request (QuotasAdminTestV257:test_get_updated_quotas): 200 GET http://10.180.1.21/identity/v3/domains?name=Default 0.034s
2024-11-07 02:09:07.714 65506 INFO tempest.lib.common.rest_client [req-c3a62e32-117f-401e-a99f-2ad47b682cbb req-c3a62e32-117f-401e-a99f-2ad47b682cbb ] Request (ServerDiagnosticsV248Test:tearDownClass): 200 GET http://10.180.1.21/compute/v2.1/servers/22697bdf-00a0-4d08-b1f8-9ed0d733c801 0.326s
2024-11-07 02:09:07.728 65490 INFO tempest.lib.common.rest_client [req-01928390-ee12-4763-8ad5-6dea178422f7 req-01928390-ee12-4763-8ad5-6dea178422f7 ] Request (ServersTestJSON:setUpClass): 201 POST http://10.180.1.21:9696/networking/v2.0/networks 0.488s
2024-11-07 02:09:07.738 65502 INFO tempest.lib.common.rest_client [req-e64d5882-8ffa-450d-9436-a9c90b005152 req-e64d5882-8ffa-450d-9436-a9c90b005152 ] Request (QuotasAdminTestV257:test_get_updated_quotas): 201 POST http://10.180.1.21/identity/v3/projects 0.041s
2024-11-07 02:09:07.789 65484 INFO tempest.lib.common.rest_client [req-36091abb-ea55-4be7-990b-57f12e0a914f req-36091abb-ea55-4be7-990b-57f12e0a914f ] Request (InstanceActionsV221TestJSON:test_get_list_deleted_instance_actions): 200 GET http://10.180.1.21/compute/v2.1/servers/930617d3-b611-4d72-8e0e-7b7f8253fd29 0.326s
2024-11-07 02:09:07.798 65502 INFO tempest.lib.common.rest_client [req-0f13b034-9f29-4a18-b5ef-839dd10b401d req-0f13b034-9f29-4a18-b5ef-839dd10b401d ] Request (QuotasAdminTestV257:test_get_updated_quotas): 200 GET http://10.180.1.21/identity/v3/domains?name=Default 0.059s
2024-11-07 02:09:07.821 65512 INFO tempest.lib.common.rest_client [req-cab6062f-e558-4116-8af9-5c757533426f req-cab6062f-e558-4116-8af9-5c757533426f ] Request (ServerDiagnosticsTest:tearDownClass): 200 GET http://10.180.1.21:9696/networking/v2.0/security-groups?tenant_id=cabb4b8eec4648ca84fc4977ea39f666&name=default 0.168s
2024-11-07 02:09:07.991 65512 INFO tempest.lib.common.rest_client [req-7752d6e8-1a75-4b5b-b501-9b68002bba90 req-7752d6e8-1a75-4b5b-b501-9b68002bba90 ] Request (ServerDiagnosticsTest:tearDownClass): 204 DELETE http://10.180.1.21:9696/networking/v2.0/security-groups/7df6100c-2df3-42b6-a7b9-1847f0e3b8aa 0.170s
2024-11-07 02:09:08.128 65512 INFO tempest.lib.common.rest_client [req-4d770de5-51b7-44c3-90d4-8fae9677737f req-4d770de5-51b7-44c3-90d4-8fae9677737f ] Request (ServerDiagnosticsTest:tearDownClass): 204 DELETE http://10.180.1.21/identity/v3/projects/cabb4b8eec4648ca84fc4977ea39f666 0.136s
2024-11-07 02:09:08.136 65486 INFO tempest.lib.common.rest_client [req-a560773f-5c6d-49c2-bbd3-536a8278914d req-a560773f-5c6d-49c2-bbd3-536a8278914d ] Request (ServersAdminTestJSON:test_create_server_with_scheduling_hint): 202 POST http://10.180.1.21/compute/v2.1/servers 0.760s
2024-11-07 02:09:08.147 65490 INFO tempest.lib.common.rest_client [req-64fc53ee-360a-465a-babc-5a26b5206104 req-64fc53ee-360a-465a-babc-5a26b5206104 ] Request (ServersTestJSON:setUpClass): 201 POST http://10.180.1.21:9696/networking/v2.0/subnets 0.418s
2024-11-07 02:09:08.201 65542 INFO tempest.lib.common.rest_client [req-8d5050e9-9d09-430e-a46d-a192db811629 req-8d5050e9-9d09-430e-a46d-a192db811629 ] Request (FloatingIPsAssociationNegativeTestJSON:setUpClass): 200 GET http://10.180.1.21/compute/v2.1/servers/e37e29e1-3a48-48d6-8eeb-86af9a4817fd 0.672s
2024-11-07 02:09:08.202 65512 INFO tempest.lib.common.rest_client [req-31c19ab0-e3f8-47ac-aa41-0b49b0502bc0 req-31c19ab0-e3f8-47ac-aa41-0b49b0502bc0 ] Request (MultipleCreateNegativeTestJSON:setUpClass): 201 POST http://10.180.1.21/identity/v3/auth/tokens 0.071s
2024-11-07 02:09:08.268 65538 INFO tempest.lib.common.rest_client [req-00997d45-2580-46e0-996c-f7ec84ebdd7d req-00997d45-2580-46e0-996c-f7ec84ebdd7d ] Request (ServersTestMultiNic:test_verify_multiple_nics_order): 200 GET http://10.180.1.21/compute/v2.1/servers/76f5f14b-36e5-46ab-8c05-ba352db612bd 0.669s
2024-11-07 02:09:08.272 65512 INFO tempest.lib.common.rest_client [req-921a57a9-b870-4258-a7c7-7806a8df07fb req-921a57a9-b870-4258-a7c7-7806a8df07fb ] Request (MultipleCreateNegativeTestJSON:setUpClass): 201 POST http://10.180.1.21/identity/v3/auth/tokens 0.065s
2024-11-07 02:09:08.294 65512 INFO tempest.lib.common.rest_client [req-5e49c0fa-5629-497c-a52d-c09c976349e9 req-5e49c0fa-5629-497c-a52d-c09c976349e9 ] Request (MultipleCreateNegativeTestJSON:setUpClass): 200 GET http://10.180.1.21/identity/v3/domains?name=Default 0.021s
2024-11-07 02:09:08.326 65512 INFO tempest.lib.common.rest_client [req-c16b6628-1ca7-4cbb-9915-d423fc19c800 req-c16b6628-1ca7-4cbb-9915-d423fc19c800 ] Request (MultipleCreateNegativeTestJSON:setUpClass): 201 POST http://10.180.1.21/identity/v3/projects 0.032s
2024-11-07 02:09:08.347 65522 INFO tempest.lib.common.rest_client [req-6661fb1d-e037-40eb-a755-a243dc2d8622 req-6661fb1d-e037-40eb-a755-a243dc2d8622 ] Request (ImagesOneServerTestJSON:tearDownClass): 200 GET http://10.180.1.21/compute/v2.1/servers/038445ee-fe90-4f5a-829e-c36cf1a9bf33 0.645s
2024-11-07 02:09:08.388 65512 INFO tempest.lib.common.rest_client [req-378f52de-3a4e-4d25-9262-18c229f4070a req-378f52de-3a4e-4d25-9262-18c229f4070a ] Request (MultipleCreateNegativeTestJSON:setUpClass): 201 POST http://10.180.1.21/identity/v3/users 0.062s
2024-11-07 02:09:08.411 65512 INFO tempest.lib.common.rest_client [req-634dc16e-4720-441e-b7dd-f3698ef08c50 req-634dc16e-4720-441e-b7dd-f3698ef08c50 ] Request (MultipleCreateNegativeTestJSON:setUpClass): 200 GET http://10.180.1.21/identity/v3/roles 0.021s
