2024-11-07 02:08:02.039 65500 INFO tempest.lib.common.rest_client [req-dc29843c-6795-4f53-b8ac-abc85672e059 req-dc29843c-6795-4f53-b8ac-abc85672e059 ] Request (FlavorsAccessNegativeTestJSON:test_flavor_non_admin_remove): 200 POST http://10.180.1.21/compute/v2.1/flavors 1.537s
2024-11-07 02:08:02.090 65480 INFO tempest.lib.common.rest_client [req-85ab060e-2a8b-4417-bb86-cb39888989bf req-85ab060e-2a8b-4417-bb86-cb39888989bf ] Request (FloatingIPsTestJSON:setUpClass): 201 POST http://10.180.1.21:9696/networking/v2.0/subnets 0.416s
2024-11-07 02:08:02.103 65532 INFO tempest.lib.common.rest_client [req-f39fc391-f7e8-4f51-b052-19947bc9c150 req-f39fc391-f7e8-4f51-b052-19947bc9c150 ] Request (QuotasAdminTestJSON:tearDownClass): 204 DELETE http://10.180.1.21/identity/v3/projects/9137168a25fe41ec9bb9106320085ffe 0.116s
2024-11-07 02:08:02.103 65532 INFO tempest.lib.common.dynamic_creds [-] Deleting project and security group for project: 15c523809cd846bbbacd38be59937a78
2024-11-07 02:08:02.203 65492 INFO tempest.lib.common.rest_client [req-d82ce97b-5a3b-47c1-9e06-6a89a7d0565a req-d82ce97b-5a3b-47c1-9e06-6a89a7d0565a ] Request (HypervisorAdminNegativeTestJSON:test_get_hypervisor_list_details_with_non_admin_user): 403 GET http://10.180.1.21/compute/v2.1/os-hypervisors/detail 1.652s
2024-11-07 02:08:02.213 65534 INFO tempest.lib.common.rest_client [req-0c687dcf-8128-48c4-b439-cd7965571969 req-0c687dcf-8128-48c4-b439-cd7965571969 ] Request (DeleteServersAdminTestJSON:test_admin_delete_servers_of_others): 204 DELETE http://10.180.1.21/compute/v2.1/servers/5124951e-8d45-47fa-904c-34a971d6b229 1.733s
2024-11-07 02:08:02.456 65532 INFO tempest.lib.common.rest_client [req-583a5d73-8df8-4458-9550-2081569e384a req-583a5d73-8df8-4458-9550-2081569e384a ] Request (QuotasAdminTestJSON:tearDownClass): 200 GET http://10.180.1.21:9696/networking/v2.0/security-groups?tenant_id=15c523809cd846bbbacd38be59937a78&name=default 0.352s
2024-11-07 02:08:02.543 65528 INFO tempest.lib.common.rest_client [req-a442990e-3d2e-45e2-a144-891d977fc9c3 req-a442990e-3d2e-45e2-a144-891d977fc9c3 ] Request (NetworksTest:test_get_network): 200 GET http://10.180.1.21/compute/v2.1/os-networks 1.973s
2024-11-07 02:08:02.590 65540 INFO tempest.lib.common.rest_client [req-ae7c197e-f46a-440a-959a-81748f02b291 req-ae7c197e-f46a-440a-959a-81748f02b291 ] Request (VolumesNegativeTest:tearDownClass): 200 GET http://10.180.1.21:9696/networking/v2.0/security-groups?tenant_id=edff21b13366471c93e796e5c06944f1&name=default 0.564s
2024-11-07 02:08:02.720 65538 INFO tempest.lib.common.rest_client [req-33f5d6b1-9f1b-4d80-99fe-4261c43a76e5 req-33f5d6b1-9f1b-4d80-99fe-4261c43a76e5 ] Request (ServersTestMultiNic:test_verify_duplicate_network_nics): 200 GET http://10.180.1.21/compute/v2.1/servers/8194ea3c-a153-4f04-b60c-73bbc4b3eca2 1.947s
2024-11-07 02:08:02.840 65490 INFO tempest.lib.common.rest_client [req-104feee5-be3f-43f7-b2ff-7c7a4068179c req-104feee5-be3f-43f7-b2ff-7c7a4068179c ] Request (QuotaClassesAdmin257Test:test_update_default_quotas): 200 GET http://10.180.1.21/compute/v2.1/os-quota-class-sets/default 1.914s
2024-11-07 02:08:02.880 65532 INFO tempest.lib.common.rest_client [req-e949b71a-c88b-4468-a338-1e1d8aade06f req-e949b71a-c88b-4468-a338-1e1d8aade06f ] Request (QuotasAdminTestJSON:tearDownClass): 204 DELETE http://10.180.1.21:9696/networking/v2.0/security-groups/164373ae-76eb-4b21-a591-6d7702fe104c 0.424s
2024-11-07 02:08:02.949 65532 INFO tempest.lib.common.rest_client [req-61af9f33-e82b-4d4a-a9ba-dadfb80a1221 req-61af9f33-e82b-4d4a-a9ba-dadfb80a1221 ] Request (QuotasAdminTestJSON:tearDownClass): 204 DELETE http://10.180.1.21/identity/v3/projects/15c523809cd846bbbacd38be59937a78 0.067s
2024-11-07 02:08:02.988 65540 INFO tempest.lib.common.rest_client [req-3d96ee5a-a8a2-41c2-bdc2-b9cfb78a1849 req-3d96ee5a-a8a2-41c2-bdc2-b9cfb78a1849 ] Request (VolumesNegativeTest:tearDownClass): 204 DELETE http://10.180.1.21:9696/networking/v2.0/security-groups/ed7dc8c7-27af-4341-86c2-f01df55d18ea 0.397s
2024-11-07 02:08:03.008 65532 INFO tempest.lib.common.rest_client [req-16ebf705-1d6d-4e62-9b84-dc2eded3b5f7 req-16ebf705-1d6d-4e62-9b84-dc2eded3b5f7 ] Request (FlavorsV2TestJSON:setUpClass): 201 POST http://10.180.1.21/identity/v3/auth/tokens 0.056s
2024-11-07 02:08:03.037 65532 INFO tempest.lib.common.rest_client [req-f5d4c198-3000-49e8-a9a9-eec4710819d0 req-f5d4c198-3000-49e8-a9a9-eec4710819d0 ] Request (FlavorsV2TestJSON:setUpClass): 201 POST http://10.180.1.21/identity/v3/auth/tokens 0.025s
2024-11-07 02:08:03.055 65532 INFO tempest.lib.common.rest_client [req-3718eff3-26bb-433a-940e-e5c7f2c552c9 req-3718eff3-26bb-433a-940e-e5c7f2c552c9 ] Request (FlavorsV2TestJSON:setUpClass): 200 GET http://10.180.1.21/identity/v3/domains?name=Default 0.018s
2024-11-07 02:08:03.081 65532 INFO tempest.lib.common.rest_client [req-15333756-ac0b-4b3a-92e0-dd5fc57fd371 req-15333756-ac0b-4b3a-92e0-dd5fc57fd371 ] Request (FlavorsV2TestJSON:setUpClass): 201 POST http://10.180.1.21/identity/v3/projects 0.025s
2024-11-07 02:08:03.094 65536 INFO tempest.lib.common.rest_client [req-9f2681eb-a31c-43fe-8ba9-9f2558bcd781 req-9f2681eb-a31c-43fe-8ba9-9f2558bcd781 ] Request (MigrationsAdminTest:test_list_migrations_in_flavor_resize_situation): 200 GET http://10.180.1.21/compute/v2.1/servers/810ace60-3801-4686-8087-570c8b93b42f 2.193s
2024-11-07 02:08:03.117 65540 INFO tempest.lib.common.rest_client [req-cb25144d-d511-4d80-b8e1-654a59b43ae7 req-cb25144d-d511-4d80-b8e1-654a59b43ae7 ] Request (VolumesNegativeTest:tearDownClass): 204 DELETE http://10.180.1.21/identity/v3/projects/edff21b13366471c93e796e5c06944f1 0.128s
2024-11-07 02:08:03.152 65532 INFO tempest.lib.common.rest_client [req-7a6f551e-844b-4dcf-9dee-fe37931928f2 req-7a6f551e-844b-4dcf-9dee-fe37931928f2 ] Request (FlavorsV2TestJSON:setUpClass): 201 POST http://10.180.1.21/identity/v3/users 0.071s
2024-11-07 02:08:03.222 65532 INFO tempest.lib.common.rest_client [req-99c5622f-7124-49bf-8ba7-59080ce0f60e req-99c5622f-7124-49bf-8ba7-59080ce0f60e ] Request (FlavorsV2TestJSON:setUpClass): 200 GET http://10.180.1.21/identity/v3/roles 0.070s
2024-11-07 02:08:03.274 65532 INFO tempest.lib.common.rest_client [req-f8c5e122-abac-42f6-a8f9-6d897de24d3f req-f8c5e122-abac-42f6-a8f9-6d897de24d3f ] Request (FlavorsV2TestJSON:setUpClass): 204 PUT http://10.180.1.21/identity/v3/projects/324d3e50deb949f78a089d42dc813720/users/9e5230e47ade44c7a3b1d8bd88c4ee6b/roles/10dbc10ff60548079764c8222e72d69e 0.051s
2024-11-07 02:08:03.274 65532 INFO tempest.lib.common.dynamic_creds [-] Dynamic test user 9e5230e47ade44c7a3b1d8bd88c4ee6b is created with scope project and roles: ['member']
2024-11-07 02:08:03.275 65532 INFO tempest.lib.common.dynamic_creds [-] Acquired dynamic creds: credentials: Credentials: {'domain_id': 'default', 'domain_name': 'Default', 'username': 'tempest-FlavorsV2TestJSON-359797345-project-member', 'project_domain_id': 'default', 'project_domain_name': 'Default', 'project_id': '324d3e50deb949f78a089d42dc813720', 'project_name': 'tempest-FlavorsV2TestJSON-359797345', 'tenant_id': '324d3e50deb949f78a089d42dc813720', 'tenant_name': 'tempest-FlavorsV2TestJSON-359797345', 'user_domain_id': 'default', 'user_domain_name': 'Default', 'user_id': '9e5230e47ade44c7a3b1d8bd88c4ee6b', 'system': None}, Network: None, Subnet: None, Router: None
2024-11-07 02:08:03.275 65532 INFO tempest.lib.common.dynamic_creds [-] Created isolated network resources for: credentials: Credentials: {'domain_id': 'default', 'domain_name': 'Default', 'username': 'tempest-FlavorsV2TestJSON-359797345-project-member', 'project_domain_id': 'default', 'project_domain_name': 'Default', 'project_id': '324d3e50deb949f78a089d42dc813720', 'project_name': 'tempest-FlavorsV2TestJSON-359797345', 'tenant_id': '324d3e50deb949f78a089d42dc813720', 'tenant_name': 'tempest-FlavorsV2TestJSON-359797345', 'user_domain_id': 'default', 'user_domain_name': 'Default', 'user_id': '9e5230e47ade44c7a3b1d8bd88c4ee6b', 'system': None}, Network: None, Subnet: None, Router: None
2024-11-07 02:08:03.343 65504 INFO tempest.lib.common.rest_client [req-f80862b7-8e3f-4991-b266-6466d178c18f req-f80862b7-8e3f-4991-b266-6466d178c18f ] Request (ImagesTestJSON:test_create_image_from_stopped_server): 200 GET http://10.180.1.21/compute/v2.1/servers/625aec63-96af-4356-90bb-8278f9794f2a 2.339s
2024-11-07 02:08:03.349 65508 INFO tempest.lib.common.rest_client [req-4943d555-6032-47d9-9271-e87d0729cf17 req-4943d555-6032-47d9-9271-e87d0729cf17 ] Request (ServerAddressesNegativeTestJSON:setUpClass): 200 GET http://10.180.1.21/compute/v2.1/servers/ff219a3e-52b4-460f-9803-4aa465487621 2.340s
2024-11-07 02:08:03.352 65504 INFO tempest.common.waiters [-] State transition "BUILD/networking" ==> "BUILD/spawning" after 15 second wait
2024-11-07 02:08:03.380 65532 INFO tempest.lib.common.rest_client [req-d89d8027-cdf5-4234-a0b3-34e07d91b9d7 req-d89d8027-cdf5-4234-a0b3-34e07d91b9d7 ] Request (FlavorsV2TestJSON:setUpClass): 201 POST http://10.180.1.21/identity/v3/auth/tokens 0.101s
2024-11-07 02:08:03.446 65482 INFO tempest.lib.common.rest_client [req-10e25867-de4a-4dae-822c-06bf8b171b0f req-10e25867-de4a-4dae-822c-06bf8b171b0f ] Request (SecurityGroupsTestJSON:test_list_security_groups_by_server): 200 GET http://10.180.1.21/compute/v2.1/servers/51f2aeb5-f940-49b0-bfce-e404cbd69d4d 2.375s
2024-11-07 02:08:03.456 65482 INFO tempest.common.waiters [-] State transition "BUILD/scheduling" ==> "BUILD/None" after 11 second wait
2024-11-07 02:08:03.552 65530 INFO tempest.lib.common.rest_client [req-d9ff916b-0727-4f0b-bd53-d062973bf299 req-d9ff916b-0727-4f0b-bd53-d062973bf299 ] Request (ImagesNegativeTestJSON:test_create_image_from_deleted_server): 200 GET http://10.180.1.21/compute/v2.1/servers/d99bd87b-3c5c-4d28-a140-38e09a185c43 2.450s
2024-11-07 02:08:03.638 65512 INFO tempest.lib.common.rest_client [req-01f77d80-a9d1-4e45-8fe7-dd164a567a6c req-01f77d80-a9d1-4e45-8fe7-dd164a567a6c ] Request (ServerDiagnosticsTest:test_get_server_diagnostics): 200 GET http://10.180.1.21/compute/v2.1/servers/58609f67-0cf4-459c-8512-6292352cce83 2.500s
2024-11-07 02:08:03.718 65496 INFO tempest.lib.common.rest_client [req-2ce89b35-4754-4594-9d3b-0b0e4b9f754a req-2ce89b35-4754-4594-9d3b-0b0e4b9f754a ] Request (ServersAdminNegativeTestJSON:setUpClass): 200 GET http://10.180.1.21/compute/v2.1/servers/93417e30-1413-457e-a34f-5d9f1fb8e657 2.556s
2024-11-07 02:08:03.789 65486 INFO tempest.lib.common.rest_client [req-04fc73a1-8057-44bb-bff4-49d71c77dbd3 req-04fc73a1-8057-44bb-bff4-49d71c77dbd3 ] Request (ServersAdminTestJSON:setUpClass): 201 POST http://10.180.1.21:9696/networking/v2.0/routers 2.016s
2024-11-07 02:08:03.810 65520 INFO tempest.lib.common.rest_client [req-13009434-ca27-4679-83fc-ba14be909235 req-13009434-ca27-4679-83fc-ba14be909235 ] Request (ServersAdmin275Test:test_rebuild_update_server_275): 200 GET http://10.180.1.21/compute/v2.1/servers/9a5fa85e-4732-4e2b-ac66-2e4e4acf6c30 2.595s
2024-11-07 02:08:03.820 65520 INFO tempest.common.waiters [-] State transition "REBUILD/rebuild_spawning" ==> "ACTIVE/None" after 8 second wait
2024-11-07 02:08:03.829 65498 INFO tempest.lib.common.rest_client [req-c35e6164-2270-4ec3-b8a5-99d331350342 req-c35e6164-2270-4ec3-b8a5-99d331350342 ] Request (AggregatesAdminNegativeTestJSON:test_aggregate_create_with_existent_aggregate_name): 409 POST http://10.180.1.21/compute/v2.1/os-aggregates 2.258s
2024-11-07 02:08:03.910 65506 INFO tempest.lib.common.rest_client [req-47ab9143-ce14-493c-8e1b-aeab7c3a4731 req-47ab9143-ce14-493c-8e1b-aeab7c3a4731 ] Request (ServerDiagnosticsV248Test:test_get_server_diagnostics): 200 GET http://10.180.1.21/compute/v2.1/servers/22697bdf-00a0-4d08-b1f8-9ed0d733c801 2.313s
2024-11-07 02:08:03.922 65502 INFO tempest.lib.common.rest_client [req-dcdf54f9-48b1-488a-98ba-f1c0a9c29a94 req-dcdf54f9-48b1-488a-98ba-f1c0a9c29a94 ] Request (FlavorsAdminTestJSON:test_create_list_flavor_without_extra_data): 200 GET http://10.180.1.21/compute/v2.1/flavors/1117721325 2.049s
2024-11-07 02:08:04.115 65526 INFO tempest.lib.common.rest_client [req-37341dd9-a5fb-4f53-b075-02f82efea2c7 req-37341dd9-a5fb-4f53-b075-02f82efea2c7 ] Request (ServerGroupTestJSON:test_create_server_with_scheduler_hint_group): 202 POST http://10.180.1.21/compute/v2.1/servers 3.060s
2024-11-07 02:08:04.204 65480 INFO tempest.lib.common.rest_client [req-e0ff2343-0542-420b-877e-2a8e7fffcbda req-e0ff2343-0542-420b-877e-2a8e7fffcbda ] Request (FloatingIPsTestJSON:setUpClass): 201 POST http://10.180.1.21:9696/networking/v2.0/routers 2.113s
2024-11-07 02:08:04.263 65514 INFO tempest.lib.common.rest_client [req-47faf933-d412-40f9-a9b6-7a01c800cf0e req-47faf933-d412-40f9-a9b6-7a01c800cf0e ] Request (VolumesAdminNegativeTest:setUpClass): 200 PUT http://10.180.1.21:9696/networking/v2.0/routers/4fb6f268-45f8-4c30-8ebd-7d6684b61050/add_router_interface 2.570s
2024-11-07 02:08:04.263 65514 INFO tempest.lib.common.dynamic_creds [-] Created isolated network resources for: credentials: Credentials: {'domain_id': 'default', 'domain_name': 'Default', 'username': 'tempest-VolumesAdminNegativeTest-1569564453-project-admin', 'project_domain_id': 'default', 'project_domain_name': 'Default', 'project_id': '533c3284c9ac4b21bb7e27ca7fe086d8', 'project_name': 'tempest-VolumesAdminNegativeTest-1569564453', 'tenant_id': '533c3284c9ac4b21bb7e27ca7fe086d8', 'tenant_name': 'tempest-VolumesAdminNegativeTest-1569564453', 'user_domain_id': 'default', 'user_domain_name': 'Default', 'user_id': '1af1a3f61ae2424d8099c05e10d99a81', 'system': None}, Network: {'id': '24e44df2-9f2b-4e69-95b5-20fb6f056cb0', 'name': 'tempest-VolumesAdminNegativeTest-1555742067-network', 'tenant_id': '533c3284c9ac4b21bb7e27ca7fe086d8', 'admin_state_up': True, 'mtu': 8950, 'status': 'ACTIVE', 'subnets': [], 'shared': False, 'project_id': '533c3284c9ac4b21bb7e27ca7fe086d8', 'port_security_enabled': True, 'router:external': False, 'provider:network_type': 'vlan', 'provider:physical_network': 'default', 'provider:segmentation_id': 827, 'availability_zone_hints': [], 'availability_zones': [], 'ipv4_address_scope': None, 'ipv6_address_scope': None, 'description': '', 'tags': [], 'created_at': '2024-11-07T02:07:58Z', 'updated_at': '2024-11-07T02:07:59Z', 'revision_number': 1}, Subnet: {'id': '9c27fd3f-3b91-4431-8029-4a025138107c', 'name': 'tempest-VolumesAdminNegativeTest-1555742067-subnet', 'tenant_id': '533c3284c9ac4b21bb7e27ca7fe086d8', 'network_id': '24e44df2-9f2b-4e69-95b5-20fb6f056cb0', 'ip_version': 4, 'subnetpool_id': None, 'enable_dhcp': True, 'ipv6_ra_mode': None, 'ipv6_address_mode': None, 'gateway_ip': '192.168.128.1', 'cidr': '192.168.128.0/28', 'allocation_pools': [{'start': '192.168.128.2', 'end': '192.168.128.14'}], 'host_routes': [], 'dns_nameservers': [], 'description': '', 'router:external': False, 'service_types': [], 'tags': [], 'created_at': '2024-11-07T02:07:59Z', 'updated_at': '2024-11-07T02:07:59Z', 'revision_number': 0, 'project_id': '533c3284c9ac4b21bb7e27ca7fe086d8'}, Router: {'id': '4fb6f268-45f8-4c30-8ebd-7d6684b61050', 'name': 'tempest-VolumesAdminNegativeTest-1555742067-router', 'tenant_id': '533c3284c9ac4b21bb7e27ca7fe086d8', 'admin_state_up': True, 'status': 'ACTIVE', 'external_gateway_info': {'network_id': '826be516-29b2-4660-8e93-70b02dbf8434', 'external_fixed_ips': [{'subnet_id': '1e63c7ef-e41e-4e69-947d-89a3db44a4f0', 'ip_address': '10.180.180.200'}], 'enable_snat': True}, 'description': '', 'availability_zones': [], 'distributed': False, 'ha': False, 'availability_zone_hints': [], 'routes': [], 'flavor_id': None, 'tags': [], 'created_at': '2024-11-07T02:07:59Z', 'updated_at': '2024-11-07T02:08:00Z', 'revision_number': 2, 'project_id': '533c3284c9ac4b21bb7e27ca7fe086d8'}
2024-11-07 02:08:04.279 65500 INFO tempest.lib.common.rest_client [req-e897d332-8d90-49ce-b50c-121420469a55 req-e897d332-8d90-49ce-b50c-121420469a55 ] Request (FlavorsAccessNegativeTestJSON:test_flavor_non_admin_remove): 200 POST http://10.180.1.21/compute/v2.1/flavors/498270202/action 2.237s
2024-11-07 02:08:04.381 65525 INFO tempest.lib.common.rest_client [req-c7dd01a7-60d2-4015-9ed8-57e85de0f24e req-c7dd01a7-60d2-4015-9ed8-57e85de0f24e ] Request (ServersWithSpecificFlavorTestJSON:test_verify_created_server_ephemeral_disk): 200 GET http://10.180.1.21/compute/v2.1/servers/e359f71d-a8c8-471e-9c65-0b5f7d60a39b 2.263s
2024-11-07 02:08:04.385 65492 INFO tempest.lib.common.rest_client [req-65286825-c0de-4260-9356-0fcf2d9850db req-65286825-c0de-4260-9356-0fcf2d9850db ] Request (HypervisorAdminNegativeTestJSON:test_get_hypervisor_list_with_non_admin_user): 403 GET http://10.180.1.21/compute/v2.1/os-hypervisors 2.181s
2024-11-07 02:08:04.397 65514 INFO tempest.lib.common.rest_client [req-9c543ae7-c08a-4f36-b76c-db4c005102cc req-9c543ae7-c08a-4f36-b76c-db4c005102cc ] Request (VolumesAdminNegativeTest:setUpClass): 201 POST http://10.180.1.21/identity/v3/auth/tokens 0.129s
2024-11-07 02:08:04.500 65534 INFO tempest.lib.common.rest_client [req-ffe3dcff-de4a-4c69-abe7-a1faae8da2a8 req-ffe3dcff-de4a-4c69-abe7-a1faae8da2a8 ] Request (DeleteServersAdminTestJSON:test_admin_delete_servers_of_others): 200 GET http://10.180.1.21/compute/v2.1/servers/5124951e-8d45-47fa-904c-34a971d6b229 2.286s
2024-11-07 02:08:04.600 65484 INFO tempest.lib.common.rest_client [req-90a49100-637a-4c39-a4cf-0e1064cfe7bc req-90a49100-637a-4c39-a4cf-0e1064cfe7bc ] Request (ServerExternalEventsTest:tearDownClass): 200 GET http://10.180.1.21/compute/v2.1/servers/63932705-f270-490f-bfd9-4aa0e26aaa80 2.380s
2024-11-07 02:08:05.007 65516 INFO tempest.lib.common.rest_client [req-172512fe-9d04-459a-81f1-01370aa254f4 req-172512fe-9d04-459a-81f1-01370aa254f4 ] Request (FloatingIPsAssociationTestJSON:setUpClass): 200 GET http://10.180.1.21/compute/v2.1/servers/eefaff78-2165-4aa7-b991-605084c3d9c0 2.544s
2024-11-07 02:08:05.015 65516 INFO tempest.common.waiters [-] State transition "BUILD/spawning" ==> "ACTIVE/None" after 21 second wait
2024-11-07 02:08:05.143 65528 INFO tempest.lib.common.rest_client [req-1c8aead6-bb0e-4a50-a7aa-c0b181f1f15f req-1c8aead6-bb0e-4a50-a7aa-c0b181f1f15f ] Request (NetworksTest:test_get_network): 200 GET http://10.180.1.21/compute/v2.1/os-networks/826be516-29b2-4660-8e93-70b02dbf8434 2.599s
2024-11-07 02:08:05.223 65494 INFO tempest.lib.common.rest_client [req-6eb6d2e1-9956-4fa6-8784-932770b19e46 req-6eb6d2e1-9956-4fa6-8784-932770b19e46 ] Request (MultipleCreateTestJSON:test_multiple_create): 200 GET http://10.180.1.21/compute/v2.1/servers/569c563f-8a2c-4b65-982e-398f11b43f1a 2.677s
2024-11-07 02:08:05.231 65494 INFO tempest.common.waiters [-] State transition "BUILD/None" ==> "BUILD/block_device_mapping" after 15 second wait
2024-11-07 02:08:05.481 65510 INFO tempest.lib.common.rest_client [req-898f6b34-e511-4524-9d41-150b39b904af req-898f6b34-e511-4524-9d41-150b39b904af ] Request (FloatingIPDetailsTestJSON:setUpClass): 200 POST http://10.180.1.21/compute/v2.1/os-floating-ips 3.454s
2024-11-07 02:08:05.523 65522 INFO tempest.lib.common.rest_client [req-6f4e6ca4-c24f-4a28-bf7c-e1e1b6eb8f4b req-6f4e6ca4-c24f-4a28-bf7c-e1e1b6eb8f4b ] Request (ImagesOneServerTestJSON:setUpClass): 200 GET http://10.180.1.21/compute/v2.1/servers/038445ee-fe90-4f5a-829e-c36cf1a9bf33 2.710s
2024-11-07 02:08:05.531 65522 INFO tempest.common.waiters [-] State transition "BUILD/spawning" ==> "ACTIVE/None" after 21 second wait
2024-11-07 02:08:05.610 65518 INFO tempest.lib.common.rest_client [req-b1fd2b2d-c65f-44ff-a56e-5307549cc290 req-b1fd2b2d-c65f-44ff-a56e-5307549cc290 ] Request (ListImageFiltersTestJSON:setUpClass): 200 GET http://10.180.1.21/compute/v2.1/servers/3df3e12b-ada8-4cf7-99be-188bfcbbdd2c 2.644s
2024-11-07 02:08:05.639 65490 INFO tempest.lib.common.rest_client [req-19a0444d-84f2-427f-bff6-1880559bb321 req-19a0444d-84f2-427f-bff6-1880559bb321 ] Request (QuotaClassesAdmin257Test:test_update_default_quotas): 200 PUT http://10.180.1.21/compute/v2.1/os-quota-class-sets/default 2.797s
2024-11-07 02:08:05.669 65532 INFO tempest.lib.common.rest_client [req-13730ace-0f5e-4ee1-b5bb-9cd31d71bf88 req-13730ace-0f5e-4ee1-b5bb-9cd31d71bf88 ] Request (FlavorsV2TestJSON:test_get_flavor): 200 GET http://10.180.1.21/compute/v2.1/flavors/42 2.287s
2024-11-07 02:08:05.814 65486 INFO tempest.lib.common.rest_client [req-589d6981-ae17-4816-a65c-e4fcf6899f9c req-589d6981-ae17-4816-a65c-e4fcf6899f9c ] Request (ServersAdminTestJSON:setUpClass): 200 PUT http://10.180.1.21:9696/networking/v2.0/routers/612d742d-5fca-494f-8477-4f9465df7ea4/add_router_interface 2.025s
2024-11-07 02:08:05.815 65486 INFO tempest.lib.common.dynamic_creds [-] Created isolated network resources for: credentials: Credentials: {'domain_id': 'default', 'domain_name': 'Default', 'username': 'tempest-ServersAdminTestJSON-1617713042-project-member', 'project_domain_id': 'default', 'project_domain_name': 'Default', 'project_id': '901035c6b2a7413ab307b30fb817fef0', 'project_name': 'tempest-ServersAdminTestJSON-1617713042', 'tenant_id': '901035c6b2a7413ab307b30fb817fef0', 'tenant_name': 'tempest-ServersAdminTestJSON-1617713042', 'user_domain_id': 'default', 'user_domain_name': 'Default', 'user_id': '4ee90ba56b33418aa0078c0d6278b22e', 'system': None}, Network: {'id': 'dfa9fec9-66bf-4263-a5ed-73ac1bd2994b', 'name': 'tempest-ServersAdminTestJSON-49460475-network', 'tenant_id': '901035c6b2a7413ab307b30fb817fef0', 'admin_state_up': True, 'mtu': 8950, 'status': 'ACTIVE', 'subnets': [], 'shared': False, 'project_id': '901035c6b2a7413ab307b30fb817fef0', 'port_security_enabled': True, 'router:external': False, 'provider:network_type': 'vlan', 'provider:physical_network': 'default', 'provider:segmentation_id': 665, 'availability_zone_hints': [], 'availability_zones': [], 'ipv4_address_scope': None, 'ipv6_address_scope': None, 'description': '', 'tags': [], 'created_at': '2024-11-07T02:08:00Z', 'updated_at': '2024-11-07T02:08:00Z', 'revision_number': 1}, Subnet: {'id': '2da64a39-792c-44a8-975c-f355d672c388', 'name': 'tempest-ServersAdminTestJSON-49460475-subnet', 'tenant_id': '901035c6b2a7413ab307b30fb817fef0', 'network_id': 'dfa9fec9-66bf-4263-a5ed-73ac1bd2994b', 'ip_version': 4, 'subnetpool_id': None, 'enable_dhcp': True, 'ipv6_ra_mode': None, 'ipv6_address_mode': None, 'gateway_ip': '192.168.128.1', 'cidr': '192.168.128.0/28', 'allocation_pools': [{'start': '192.168.128.2', 'end': '192.168.128.14'}], 'host_routes': [], 'dns_nameservers': [], 'description': '', 'router:external': False, 'service_types': [], 'tags': [], 'created_at': '2024-11-07T02:08:01Z', 'updated_at': '2024-11-07T02:08:01Z', 'revision_number': 0, 'project_id': '901035c6b2a7413ab307b30fb817fef0'}, Router: {'id': '612d742d-5fca-494f-8477-4f9465df7ea4', 'name': 'tempest-ServersAdminTestJSON-49460475-router', 'tenant_id': '901035c6b2a7413ab307b30fb817fef0', 'admin_state_up': True, 'status': 'ACTIVE', 'external_gateway_info': {'network_id': '826be516-29b2-4660-8e93-70b02dbf8434', 'external_fixed_ips': [{'subnet_id': '1e63c7ef-e41e-4e69-947d-89a3db44a4f0', 'ip_address': '10.180.180.196'}], 'enable_snat': True}, 'description': '', 'availability_zones': [], 'distributed': False, 'ha': False, 'availability_zone_hints': [], 'routes': [], 'flavor_id': None, 'tags': [], 'created_at': '2024-11-07T02:08:01Z', 'updated_at': '2024-11-07T02:08:02Z', 'revision_number': 2, 'project_id': '901035c6b2a7413ab307b30fb817fef0'}
2024-11-07 02:08:05.914 65486 INFO tempest.lib.common.rest_client [req-c82d6c54-05dc-4e96-b8b1-00a0379e8ad7 req-c82d6c54-05dc-4e96-b8b1-00a0379e8ad7 ] Request (ServersAdminTestJSON:setUpClass): 201 POST http://10.180.1.21/identity/v3/auth/tokens 0.093s
2024-11-07 02:08:05.947 65538 INFO tempest.lib.common.rest_client [req-c9720e73-97d4-4076-b1ff-4fa7c107b631 req-c9720e73-97d4-4076-b1ff-4fa7c107b631 ] Request (ServersTestMultiNic:test_verify_duplicate_network_nics): 200 GET http://10.180.1.21/compute/v2.1/servers/8194ea3c-a153-4f04-b60c-73bbc4b3eca2 2.214s
2024-11-07 02:08:05.983 65498 INFO tempest.lib.common.rest_client [req-474d0b99-5444-49aa-b536-180ca6ec346a req-474d0b99-5444-49aa-b536-180ca6ec346a ] Request (AggregatesAdminNegativeTestJSON:_run_cleanups): 200 DELETE http://10.180.1.21/compute/v2.1/os-aggregates/4 2.153s
2024-11-07 02:08:06.032 65486 INFO tempest.lib.common.rest_client [req-c23e84e1-892a-40a8-839b-138f83ba327d req-c23e84e1-892a-40a8-839b-138f83ba327d ] Request (ServersAdminTestJSON:setUpClass): 201 POST http://10.180.1.21/identity/v3/projects 0.118s
2024-11-07 02:08:06.068 65520 INFO tempest.lib.common.rest_client [req-de8b54bd-cfb1-46b8-be72-99e066b4647f req-de8b54bd-cfb1-46b8-be72-99e066b4647f ] Request (ServersAdmin275Test:test_rebuild_update_server_275): 202 POST http://10.180.1.21/compute/v2.1/servers/9a5fa85e-4732-4e2b-ac66-2e4e4acf6c30/action 2.247s
2024-11-07 02:08:06.089 65502 INFO tempest.lib.common.rest_client [req-77117f72-29d2-4ac6-8103-dc8dacab9205 req-77117f72-29d2-4ac6-8103-dc8dacab9205 ] Request (FlavorsAdminTestJSON:test_create_list_flavor_without_extra_data): 200 GET http://10.180.1.21/compute/v2.1/flavors/detail 2.165s
2024-11-07 02:08:06.105 65486 INFO tempest.lib.common.rest_client [req-0760b9e3-c25b-42c1-8748-55787cc4bff0 req-0760b9e3-c25b-42c1-8748-55787cc4bff0 ] Request (ServersAdminTestJSON:setUpClass): 201 POST http://10.180.1.21/identity/v3/users 0.072s
2024-11-07 02:08:06.128 65486 INFO tempest.lib.common.rest_client [req-4bd92e7d-2752-4b5c-8999-551875d05f96 req-4bd92e7d-2752-4b5c-8999-551875d05f96 ] Request (ServersAdminTestJSON:setUpClass): 200 GET http://10.180.1.21/identity/v3/roles 0.022s
2024-11-07 02:08:06.155 65526 INFO tempest.lib.common.rest_client [req-ba2db4a5-4930-4bd5-9f5a-2e72605c292d req-ba2db4a5-4930-4bd5-9f5a-2e72605c292d ] Request (ServerGroupTestJSON:test_create_server_with_scheduler_hint_group): 200 GET http://10.180.1.21/compute/v2.1/servers/34463929-7e32-48fa-93cf-d3d5aea0f51b 2.038s
2024-11-07 02:08:06.158 65486 INFO tempest.lib.common.rest_client [req-5c64936a-fe18-4bd9-8542-107ac6129114 req-5c64936a-fe18-4bd9-8542-107ac6129114 ] Request (ServersAdminTestJSON:setUpClass): 204 PUT http://10.180.1.21/identity/v3/projects/68cf6da8e4144b9a940d891feb46c024/users/179bc17b375a40b694ca21d770ba0c62/roles/da4e063c5d8d40548dc43ba02397f9fa 0.029s
2024-11-07 02:08:06.163 65500 INFO tempest.lib.common.rest_client [req-594c8828-1939-4be1-b9f6-f7dcb02b7dfb req-594c8828-1939-4be1-b9f6-f7dcb02b7dfb ] Request (FlavorsAccessNegativeTestJSON:test_flavor_non_admin_remove): 403 POST http://10.180.1.21/compute/v2.1/flavors/498270202/action 1.883s
2024-11-07 02:08:06.224 65536 INFO tempest.lib.common.rest_client [req-90cc9121-d492-4a29-8772-ce3a39798ab1 req-90cc9121-d492-4a29-8772-ce3a39798ab1 ] Request (MigrationsAdminTest:test_list_migrations_in_flavor_resize_situation): 200 GET http://10.180.1.21/compute/v2.1/servers/810ace60-3801-4686-8087-570c8b93b42f 2.117s
2024-11-07 02:08:06.225 65486 INFO tempest.lib.common.rest_client [req-38f9f817-7e8b-4c87-a0c5-54e0a5082ed4 req-38f9f817-7e8b-4c87-a0c5-54e0a5082ed4 ] Request (ServersAdminTestJSON:setUpClass): 200 GET http://10.180.1.21/identity/v3/roles 0.066s
2024-11-07 02:08:06.254 65486 INFO tempest.lib.common.rest_client [req-2e721755-f08e-421a-8058-f8a14fa49159 req-2e721755-f08e-421a-8058-f8a14fa49159 ] Request (ServersAdminTestJSON:setUpClass): 204 PUT http://10.180.1.21/identity/v3/projects/68cf6da8e4144b9a940d891feb46c024/users/179bc17b375a40b694ca21d770ba0c62/roles/da4e063c5d8d40548dc43ba02397f9fa 0.028s
2024-11-07 02:08:06.255 65486 INFO tempest.lib.common.dynamic_creds [-] Dynamic test user 179bc17b375a40b694ca21d770ba0c62 is created with scope project and roles: ['admin']
2024-11-07 02:08:06.255 65486 INFO tempest.lib.common.dynamic_creds [-] Acquired dynamic creds: credentials: Credentials: {'domain_id': 'default', 'domain_name': 'Default', 'username': 'tempest-ServersAdminTestJSON-1295534878-project-admin', 'project_domain_id': 'default', 'project_domain_name': 'Default', 'project_id': '68cf6da8e4144b9a940d891feb46c024', 'project_name': 'tempest-ServersAdminTestJSON-1295534878', 'tenant_id': '68cf6da8e4144b9a940d891feb46c024', 'tenant_name': 'tempest-ServersAdminTestJSON-1295534878', 'user_domain_id': 'default', 'user_domain_name': 'Default', 'user_id': '179bc17b375a40b694ca21d770ba0c62', 'system': None}, Network: None, Subnet: None, Router: None
2024-11-07 02:08:06.344 65504 INFO tempest.lib.common.rest_client [req-14e7424a-1539-4bf8-af54-5c2ac3f176e8 req-14e7424a-1539-4bf8-af54-5c2ac3f176e8 ] Request (ImagesTestJSON:test_create_image_from_stopped_server): 200 GET http://10.180.1.21/compute/v2.1/servers/625aec63-96af-4356-90bb-8278f9794f2a 1.990s
2024-11-07 02:08:06.352 65492 INFO tempest.lib.common.rest_client [req-887cc7de-afb1-41c8-b949-e17caf291598 req-887cc7de-afb1-41c8-b949-e17caf291598 ] Request (HypervisorAdminNegativeTestJSON:test_get_hypervisor_stats_with_non_admin_user): 403 GET http://10.180.1.21/compute/v2.1/os-hypervisors/statistics 1.965s
2024-11-07 02:08:06.538 65486 INFO tempest.lib.common.rest_client [req-100105dd-4d71-4268-ae22-e49e7b68939c req-100105dd-4d71-4268-ae22-e49e7b68939c ] Request (ServersAdminTestJSON:setUpClass): 201 POST http://10.180.1.21:9696/networking/v2.0/networks 0.283s
2024-11-07 02:08:06.546 65508 INFO tempest.lib.common.rest_client [req-222bc059-349f-4784-8829-d8d2652488b1 req-222bc059-349f-4784-8829-d8d2652488b1 ] Request (ServerAddressesNegativeTestJSON:setUpClass): 200 GET http://10.180.1.21/compute/v2.1/servers/ff219a3e-52b4-460f-9803-4aa465487621 2.188s
2024-11-07 02:08:06.554 65508 INFO tempest.common.waiters [-] State transition "BUILD/spawning" ==> "ACTIVE/None" after 22 second wait
2024-11-07 02:08:06.562 65514 INFO tempest.lib.common.rest_client [req-3d58c5be-7ca8-4ad4-b967-51f5e69a1e72 req-3d58c5be-7ca8-4ad4-b967-51f5e69a1e72 ] Request (VolumesAdminNegativeTest:test_update_attached_volume_with_nonexistent_volume_in_body): 200 POST http://10.180.1.21/compute/v2.1/os-keypairs 2.163s
2024-11-07 02:08:06.566 65480 INFO tempest.lib.common.rest_client [req-95cbaafe-b683-4ae1-aeeb-db1ab8b561f0 req-95cbaafe-b683-4ae1-aeeb-db1ab8b561f0 ] Request (FloatingIPsTestJSON:setUpClass): 200 PUT http://10.180.1.21:9696/networking/v2.0/routers/c8bb3ad9-145e-4e7d-9932-84ffec5783db/add_router_interface 2.362s
2024-11-07 02:08:06.567 65480 INFO tempest.lib.common.dynamic_creds [-] Created isolated network resources for: credentials: Credentials: {'domain_id': 'default', 'domain_name': 'Default', 'username': 'tempest-FloatingIPsTestJSON-751852430-project-member', 'project_domain_id': 'default', 'project_domain_name': 'Default', 'project_id': '4f76a84c2e7846228d0d25bfb0eb19d6', 'project_name': 'tempest-FloatingIPsTestJSON-751852430', 'tenant_id': '4f76a84c2e7846228d0d25bfb0eb19d6', 'tenant_name': 'tempest-FloatingIPsTestJSON-751852430', 'user_domain_id': 'default', 'user_domain_name': 'Default', 'user_id': '281991f1db4841baadd2e411642bca79', 'system': None}, Network: {'id': '9854fdda-1299-4637-812a-7da18d4e8193', 'name': 'tempest-FloatingIPsTestJSON-1107771943-network', 'tenant_id': '4f76a84c2e7846228d0d25bfb0eb19d6', 'admin_state_up': True, 'mtu': 8950, 'status': 'ACTIVE', 'subnets': [], 'shared': False, 'project_id': '4f76a84c2e7846228d0d25bfb0eb19d6', 'port_security_enabled': True, 'router:external': False, 'provider:network_type': 'vlan', 'provider:physical_network': 'default', 'provider:segmentation_id': 524, 'availability_zone_hints': [], 'availability_zones': [], 'ipv4_address_scope': None, 'ipv6_address_scope': None, 'description': '', 'tags': [], 'created_at': '2024-11-07T02:08:01Z', 'updated_at': '2024-11-07T02:08:01Z', 'revision_number': 1}, Subnet: {'id': '8fc35173-87c0-441f-9fdf-ed1d9afee436', 'name': 'tempest-FloatingIPsTestJSON-1107771943-subnet', 'tenant_id': '4f76a84c2e7846228d0d25bfb0eb19d6', 'network_id': '9854fdda-1299-4637-812a-7da18d4e8193', 'ip_version': 4, 'subnetpool_id': None, 'enable_dhcp': True, 'ipv6_ra_mode': None, 'ipv6_address_mode': None, 'gateway_ip': '192.168.128.1', 'cidr': '192.168.128.0/28', 'allocation_pools': [{'start': '192.168.128.2', 'end': '192.168.128.14'}], 'host_routes': [], 'dns_nameservers': [], 'description': '', 'router:external': False, 'service_types': [], 'tags': [], 'created_at': '2024-11-07T02:08:01Z', 'updated_at': '2024-11-07T02:08:01Z', 'revision_number': 0, 'project_id': '4f76a84c2e7846228d0d25bfb0eb19d6'}, Router: {'id': 'c8bb3ad9-145e-4e7d-9932-84ffec5783db', 'name': 'tempest-FloatingIPsTestJSON-1107771943-router', 'tenant_id': '4f76a84c2e7846228d0d25bfb0eb19d6', 'admin_state_up': True, 'status': 'ACTIVE', 'external_gateway_info': {'network_id': '826be516-29b2-4660-8e93-70b02dbf8434', 'external_fixed_ips': [{'subnet_id': '1e63c7ef-e41e-4e69-947d-89a3db44a4f0', 'ip_address': '10.180.180.254'}], 'enable_snat': True}, 'description': '', 'availability_zones': [], 'distributed': False, 'ha': False, 'availability_zone_hints': [], 'routes': [], 'flavor_id': None, 'tags': [], 'created_at': '2024-11-07T02:08:02Z', 'updated_at': '2024-11-07T02:08:03Z', 'revision_number': 2, 'project_id': '4f76a84c2e7846228d0d25bfb0eb19d6'}
2024-11-07 02:08:06.625 65482 INFO tempest.lib.common.rest_client [req-dd5ee6a6-43c6-4436-9ea3-1d7d52df7b98 req-dd5ee6a6-43c6-4436-9ea3-1d7d52df7b98 ] Request (SecurityGroupsTestJSON:test_list_security_groups_by_server): 200 GET http://10.180.1.21/compute/v2.1/servers/51f2aeb5-f940-49b0-bfce-e404cbd69d4d 2.167s
2024-11-07 02:08:06.643 65530 INFO tempest.lib.common.rest_client [req-c6feacd2-0aef-44be-91dd-7b1674cf5312 req-c6feacd2-0aef-44be-91dd-7b1674cf5312 ] Request (ImagesNegativeTestJSON:test_create_image_from_deleted_server): 200 GET http://10.180.1.21/compute/v2.1/servers/d99bd87b-3c5c-4d28-a140-38e09a185c43 2.081s
2024-11-07 02:08:06.656 65530 INFO tempest.common.waiters [-] State transition "BUILD/scheduling" ==> "BUILD/None" after 11 second wait
2024-11-07 02:08:06.705 65480 INFO tempest.lib.common.rest_client [req-4c138baf-bb03-4aab-83fe-f6d8f2eaffc0 req-4c138baf-bb03-4aab-83fe-f6d8f2eaffc0 ] Request (FloatingIPsTestJSON:setUpClass): 201 POST http://10.180.1.21/identity/v3/auth/tokens 0.135s
2024-11-07 02:08:06.718 65512 INFO tempest.lib.common.rest_client [req-f44c41cb-7b21-4fd0-9692-e7c9249164a2 req-f44c41cb-7b21-4fd0-9692-e7c9249164a2 ] Request (ServerDiagnosticsTest:test_get_server_diagnostics): 200 GET http://10.180.1.21/compute/v2.1/servers/58609f67-0cf4-459c-8512-6292352cce83 2.071s
2024-11-07 02:08:06.726 65512 INFO tempest.common.waiters [-] State transition "BUILD/scheduling" ==> "BUILD/None" after 11 second wait
2024-11-07 02:08:06.737 65496 INFO tempest.lib.common.rest_client [req-bc581411-8a4d-4b06-bc86-8cbc9c2b71ee req-bc581411-8a4d-4b06-bc86-8cbc9c2b71ee ] Request (ServersAdminNegativeTestJSON:setUpClass): 200 GET http://10.180.1.21/compute/v2.1/servers/93417e30-1413-457e-a34f-5d9f1fb8e657 2.010s
2024-11-07 02:08:06.776 65514 INFO tempest.lib.common.rest_client [req-b9472c8b-3538-443c-b9dc-eab869fae657 req-b9472c8b-3538-443c-b9dc-eab869fae657 ] Request (VolumesAdminNegativeTest:test_update_attached_volume_with_nonexistent_volume_in_body): 201 POST http://10.180.1.21:9696/networking/v2.0/security-groups 0.212s
2024-11-07 02:08:06.814 65506 INFO tempest.lib.common.rest_client [req-01da6bf9-43bb-46c0-88d7-ac895892c51b req-01da6bf9-43bb-46c0-88d7-ac895892c51b ] Request (ServerDiagnosticsV248Test:test_get_server_diagnostics): 200 GET http://10.180.1.21/compute/v2.1/servers/22697bdf-00a0-4d08-b1f8-9ed0d733c801 1.891s
2024-11-07 02:08:06.823 65506 INFO tempest.common.waiters [-] State transition "BUILD/None" ==> "BUILD/networking" after 17 second wait
2024-11-07 02:08:06.882 65486 INFO tempest.lib.common.rest_client [req-3b3478d4-88e6-41d0-9018-3b0c207f9927 req-3b3478d4-88e6-41d0-9018-3b0c207f9927 ] Request (ServersAdminTestJSON:setUpClass): 201 POST http://10.180.1.21:9696/networking/v2.0/subnets 0.343s
2024-11-07 02:08:06.968 65514 INFO tempest.lib.common.rest_client [req-8a230efb-89f0-4785-bfe2-3d9a59e884a1 req-8a230efb-89f0-4785-bfe2-3d9a59e884a1 ] Request (VolumesAdminNegativeTest:test_update_attached_volume_with_nonexistent_volume_in_body): 201 POST http://10.180.1.21:9696/networking/v2.0/security-group-rules 0.191s
2024-11-07 02:08:07.049 65528 INFO tempest.lib.common.rest_client [req-9d835294-dab4-4fec-bef7-6f637aa243c5 req-9d835294-dab4-4fec-bef7-6f637aa243c5 ] Request (NetworksTest:test_list_all_networks): 200 GET http://10.180.1.21/compute/v2.1/os-networks 1.904s
2024-11-07 02:08:07.138 65525 INFO tempest.lib.common.rest_client [req-3e87fed3-4fab-4a72-8c8e-616bed098449 req-3e87fed3-4fab-4a72-8c8e-616bed098449 ] Request (ServersWithSpecificFlavorTestJSON:test_verify_created_server_ephemeral_disk): 200 GET http://10.180.1.21/compute/v2.1/servers/e359f71d-a8c8-471e-9c65-0b5f7d60a39b 1.747s
2024-11-07 02:08:07.145 65525 INFO tempest.common.waiters [-] State transition "BUILD/scheduling" ==> "BUILD/None" after 9 second wait
2024-11-07 02:08:07.205 65528 INFO tempest.lib.common.rest_client [req-6e442e33-71ce-476d-8ed7-f4fb2a9d8c64 req-6e442e33-71ce-476d-8ed7-f4fb2a9d8c64 ] Request (NetworksTest:tearDownClass): 204 DELETE http://10.180.1.21/identity/v3/users/363aa77d31c043bf96c55907b3218b31 0.153s
2024-11-07 02:08:07.319 65514 INFO tempest.lib.common.rest_client [req-8bdb24bd-b29a-4ed6-902e-c9bc54bb76c8 req-8bdb24bd-b29a-4ed6-902e-c9bc54bb76c8 ] Request (VolumesAdminNegativeTest:test_update_attached_volume_with_nonexistent_volume_in_body): 201 POST http://10.180.1.21:9696/networking/v2.0/security-group-rules 0.350s
2024-11-07 02:08:07.324 65528 INFO tempest.lib.common.rest_client [req-7740faa6-082f-4ff7-9110-17d6b9474b97 req-7740faa6-082f-4ff7-9110-17d6b9474b97 ] Request (NetworksTest:tearDownClass): 204 DELETE http://10.180.1.21/identity/v3/users/f8a867ff3aca4a419906dcf636b9b6ad 0.118s
2024-11-07 02:08:07.325 65528 INFO tempest.lib.common.dynamic_creds [-] Deleting project and security group for project: 559b782e881a493c9cee4f17e501e483
2024-11-07 02:08:07.396 65528 INFO tempest.lib.common.rest_client [req-a827d486-d502-4fb8-b81e-a0c0881f93fd req-a827d486-d502-4fb8-b81e-a0c0881f93fd ] Request (NetworksTest:tearDownClass): 201 POST http://10.180.1.21/identity/v3/auth/tokens 0.071s
2024-11-07 02:08:07.891 65528 INFO tempest.lib.common.rest_client [req-6e7f5b56-ab19-4623-9d48-fdb50f38f6a0 req-6e7f5b56-ab19-4623-9d48-fdb50f38f6a0 ] Request (NetworksTest:tearDownClass): 200 GET http://10.180.1.21:9696/networking/v2.0/security-groups?tenant_id=559b782e881a493c9cee4f17e501e483&name=default 0.495s
2024-11-07 02:08:07.968 65486 INFO tempest.lib.common.rest_client [req-541c0174-494a-41d8-9056-5fe9dab23f7d req-541c0174-494a-41d8-9056-5fe9dab23f7d ] Request (ServersAdminTestJSON:setUpClass): 201 POST http://10.180.1.21:9696/networking/v2.0/routers 1.086s
2024-11-07 02:08:08.181 65528 INFO tempest.lib.common.rest_client [req-83f18eb3-2801-4c48-9856-4fc56b692200 req-83f18eb3-2801-4c48-9856-4fc56b692200 ] Request (NetworksTest:tearDownClass): 204 DELETE http://10.180.1.21:9696/networking/v2.0/security-groups/61a8bbf3-0676-42c4-89e7-31dab3ae30aa 0.290s
2024-11-07 02:08:08.278 65528 INFO tempest.lib.common.rest_client [req-b97a1e78-5460-4ce7-9d21-1b5bb1e0b5c1 req-b97a1e78-5460-4ce7-9d21-1b5bb1e0b5c1 ] Request (NetworksTest:tearDownClass): 204 DELETE http://10.180.1.21/identity/v3/projects/559b782e881a493c9cee4f17e501e483 0.096s
2024-11-07 02:08:08.278 65528 INFO tempest.lib.common.dynamic_creds [-] Deleting project and security group for project: 92ba43fbba014dac9edf215e3c05252f
2024-11-07 02:08:08.340 65516 INFO tempest.lib.common.rest_client [req-5d58a766-aeef-4d41-b763-403431617edc req-5d58a766-aeef-4d41-b763-403431617edc ] Request (FloatingIPsAssociationTestJSON:setUpClass): 200 POST http://10.180.1.21/compute/v2.1/os-floating-ips 3.324s
2024-11-07 02:08:08.424 65516 INFO tempest.lib.common.rest_client [req-95c02e8f-0371-4fa7-8f33-578329b26c52 req-95c02e8f-0371-4fa7-8f33-578329b26c52 ] Request (FloatingIPsAssociationTestJSON:test_associate_already_associated_floating_ip): 201 POST http://10.180.1.21/identity/v3/auth/tokens 0.076s
2024-11-07 02:08:08.424 65516 INFO tempest.lib.common.fixed_network [-] (FloatingIPsAssociationTestJSON:test_associate_already_associated_floating_ip) Found network {'id': '1724d244-fd81-4651-931e-3b581fd54a4a', 'name': 'tempest-FloatingIPsAssociationTestJSON-1252961982-network', 'tenant_id': '5cd6261cfa5648f5a13829a3c0e582f6', 'admin_state_up': True, 'mtu': 8950, 'status': 'ACTIVE', 'subnets': [], 'shared': False, 'project_id': '5cd6261cfa5648f5a13829a3c0e582f6', 'port_security_enabled': True, 'router:external': False, 'provider:network_type': 'vlan', 'provider:physical_network': 'default', 'provider:segmentation_id': 982, 'availability_zone_hints': [], 'availability_zones': [], 'ipv4_address_scope': None, 'ipv6_address_scope': None, 'description': '', 'tags': [], 'created_at': '2024-11-07T02:07:32Z', 'updated_at': '2024-11-07T02:07:32Z', 'revision_number': 1} available for tenant
2024-11-07 02:08:08.462 65534 INFO tempest.lib.common.rest_client [req-c911ed0e-a5e0-4ad1-9adc-829911f679f7 req-c911ed0e-a5e0-4ad1-9adc-829911f679f7 ] Request (DeleteServersAdminTestJSON:test_admin_delete_servers_of_others): 200 GET http://10.180.1.21/compute/v2.1/servers/5124951e-8d45-47fa-904c-34a971d6b229 2.954s
2024-11-07 02:08:08.466 65514 INFO tempest.lib.common.rest_client [req-926b01c4-7c89-491a-ae69-67ec1ca3a8c9 req-926b01c4-7c89-491a-ae69-67ec1ca3a8c9 ] Request (VolumesAdminNegativeTest:test_update_attached_volume_with_nonexistent_volume_in_body): 201 POST http://10.180.1.21:9696/networking/v2.0/floatingips 1.145s
2024-11-07 02:08:08.474 65534 INFO tempest.common.waiters [-] State transition "ACTIVE/deleting" ==> "DELETED/None" after 4 second wait
2024-11-07 02:08:08.529 65510 INFO tempest.lib.common.rest_client [req-ad348c15-747d-47ec-a3dd-a630401904e6 req-ad348c15-747d-47ec-a3dd-a630401904e6 ] Request (FloatingIPDetailsTestJSON:setUpClass): 200 POST http://10.180.1.21/compute/v2.1/os-floating-ips 3.045s
2024-11-07 02:08:08.549 65528 INFO tempest.lib.common.rest_client [req-83f96c37-ba41-4f19-9303-d32f53d8f7d3 req-83f96c37-ba41-4f19-9303-d32f53d8f7d3 ] Request (NetworksTest:tearDownClass): 200 GET http://10.180.1.21:9696/networking/v2.0/security-groups?tenant_id=92ba43fbba014dac9edf215e3c05252f&name=default 0.270s
2024-11-07 02:08:08.561 65514 INFO tempest.lib.common.rest_client [req-f0b8bceb-710e-4040-af67-b0b41e1ead63 req-f0b8bceb-710e-4040-af67-b0b41e1ead63 ] Request (VolumesAdminNegativeTest:test_update_attached_volume_with_nonexistent_volume_in_body): 201 POST http://10.180.1.21/identity/v3/auth/tokens 0.090s
2024-11-07 02:08:08.562 65514 INFO tempest.lib.common.fixed_network [-] (VolumesAdminNegativeTest:test_update_attached_volume_with_nonexistent_volume_in_body) Found network {'id': '3ed37efb-88e1-478e-a3d4-0ef7ba5e6d51', 'name': 'tempest-VolumesAdminNegativeTest-1669253864-network', 'tenant_id': 'c5c0e68907fe43bb85c6990548ad2ec5', 'admin_state_up': True, 'mtu': 8950, 'status': 'ACTIVE', 'subnets': [], 'shared': False, 'project_id': 'c5c0e68907fe43bb85c6990548ad2ec5', 'port_security_enabled': True, 'router:external': False, 'provider:network_type': 'vlan', 'provider:physical_network': 'default', 'provider:segmentation_id': 223, 'availability_zone_hints': [], 'availability_zones': [], 'ipv4_address_scope': None, 'ipv6_address_scope': None, 'description': '', 'tags': [], 'created_at': '2024-11-07T02:07:52Z', 'updated_at': '2024-11-07T02:07:52Z', 'revision_number': 1} available for tenant
2024-11-07 02:08:08.570 65484 INFO tempest.lib.common.rest_client [req-cfd6c351-ab91-414d-a65e-a597d8b73310 req-cfd6c351-ab91-414d-a65e-a597d8b73310 ] Request (ServerExternalEventsTest:tearDownClass): 404 GET http://10.180.1.21/compute/v2.1/servers/63932705-f270-490f-bfd9-4aa0e26aaa80 2.963s
2024-11-07 02:08:08.588 65490 INFO tempest.lib.common.rest_client [req-bbaac9e9-c7fe-4279-a297-7d1fad44fccd req-bbaac9e9-c7fe-4279-a297-7d1fad44fccd ] Request (QuotaClassesAdmin257Test:test_update_default_quotas): 200 GET http://10.180.1.21/compute/v2.1/os-quota-class-sets/default 2.948s
2024-11-07 02:08:08.618 65532 INFO tempest.lib.common.rest_client [req-2039a708-411c-4b88-954f-888992352049 req-2039a708-411c-4b88-954f-888992352049 ] Request (FlavorsV2TestJSON:test_list_flavors): 200 GET http://10.180.1.21/compute/v2.1/flavors 2.943s
2024-11-07 02:08:08.646 65498 INFO tempest.lib.common.rest_client [req-1c79ef13-56e8-4886-8c0b-c5cc2e8754b9 req-1c79ef13-56e8-4886-8c0b-c5cc2e8754b9 ] Request (AggregatesAdminNegativeTestJSON:test_aggregate_delete_as_user): 200 POST http://10.180.1.21/compute/v2.1/os-aggregates 2.661s
2024-11-07 02:08:08.694 65484 INFO tempest.lib.common.rest_client [req-3c501b16-a269-4d0f-989a-6fa1904ba00b req-3c501b16-a269-4d0f-989a-6fa1904ba00b ] Request (ServerExternalEventsTest:tearDownClass): 204 DELETE http://10.180.1.21/identity/v3/users/f6be867eb5274f6793c146f26629d8ef 0.123s
2024-11-07 02:08:08.712 65528 INFO tempest.lib.common.rest_client [req-8e1ba375-3bca-4ae0-bb7e-4aee5cbde192 req-8e1ba375-3bca-4ae0-bb7e-4aee5cbde192 ] Request (NetworksTest:tearDownClass): 204 DELETE http://10.180.1.21:9696/networking/v2.0/security-groups/053ee036-f650-4b92-ba99-a8245134b16b 0.162s
2024-11-07 02:08:08.751 65520 INFO tempest.lib.common.rest_client [req-2c26d0ac-2663-487f-adc0-7cc990cf47e3 req-2c26d0ac-2663-487f-adc0-7cc990cf47e3 ] Request (ServersAdmin275Test:_run_cleanups): 200 GET http://10.180.1.21/compute/v2.1/servers/9a5fa85e-4732-4e2b-ac66-2e4e4acf6c30 2.672s
2024-11-07 02:08:08.772 65502 INFO tempest.lib.common.rest_client [req-9fb39cf5-57e3-4a7a-ace8-217d13b914a0 req-9fb39cf5-57e3-4a7a-ace8-217d13b914a0 ] Request (FlavorsAdminTestJSON:_run_cleanups): 202 DELETE http://10.180.1.21/compute/v2.1/flavors/1117721325 2.674s
2024-11-07 02:08:08.791 65528 INFO tempest.lib.common.rest_client [req-cf0136a5-605d-43d3-8f58-7cdcf528e49e req-cf0136a5-605d-43d3-8f58-7cdcf528e49e ] Request (NetworksTest:tearDownClass): 204 DELETE http://10.180.1.21/identity/v3/projects/92ba43fbba014dac9edf215e3c05252f 0.079s
2024-11-07 02:08:08.797 65484 INFO tempest.lib.common.rest_client [req-97c96413-f3c9-493e-9354-d70987b8cc2d req-97c96413-f3c9-493e-9354-d70987b8cc2d ] Request (ServerExternalEventsTest:tearDownClass): 204 DELETE http://10.180.1.21/identity/v3/users/c0fb1e9dc3f24f85946fa707b2cc0720 0.102s
2024-11-07 02:08:08.871 65528 INFO tempest.lib.common.rest_client [req-5a426731-c1ae-4328-a62f-f2c99b327457 req-5a426731-c1ae-4328-a62f-f2c99b327457 ] Request (InstanceActionsNegativeTestJSON:setUpClass): 201 POST http://10.180.1.21/identity/v3/auth/tokens 0.078s
2024-11-07 02:08:08.932 65484 INFO tempest.lib.common.rest_client [req-c5606960-373f-4f4f-ad5c-b4d2055b1b8f req-c5606960-373f-4f4f-ad5c-b4d2055b1b8f ] Request (ServerExternalEventsTest:tearDownClass): 204 DELETE http://10.180.1.21/identity/v3/users/d435707e7dd44aada247c35fb1d944f3 0.135s
2024-11-07 02:08:08.932 65484 INFO tempest.lib.common.dynamic_creds [-] Deleting project and security group for project: c61489b9cc104ebfa89588d470e5eea3
2024-11-07 02:08:09.040 65500 INFO tempest.lib.common.rest_client [req-a791c34a-63d4-4183-ab39-87d7213f6c77 req-a791c34a-63d4-4183-ab39-87d7213f6c77 ] Request (FlavorsAccessNegativeTestJSON:_run_cleanups): 200 POST http://10.180.1.21/compute/v2.1/flavors/498270202/action 2.875s
2024-11-07 02:08:09.064 65528 INFO tempest.lib.common.rest_client [req-16256e3a-dd50-4613-86e0-abbe0f3b82df req-16256e3a-dd50-4613-86e0-abbe0f3b82df ] Request (InstanceActionsNegativeTestJSON:setUpClass): 201 POST http://10.180.1.21/identity/v3/auth/tokens 0.190s
2024-11-07 02:08:09.065 65484 INFO tempest.lib.common.rest_client [req-4d465a6a-0b4a-431d-abd7-34684147520e req-4d465a6a-0b4a-431d-abd7-34684147520e ] Request (ServerExternalEventsTest:tearDownClass): 201 POST http://10.180.1.21/identity/v3/auth/tokens 0.132s
2024-11-07 02:08:09.092 65528 INFO tempest.lib.common.rest_client [req-2140c41d-7ccc-45e2-b8f0-9859e02856f1 req-2140c41d-7ccc-45e2-b8f0-9859e02856f1 ] Request (InstanceActionsNegativeTestJSON:setUpClass): 200 GET http://10.180.1.21/identity/v3/domains?name=Default 0.027s
2024-11-07 02:08:09.157 65528 INFO tempest.lib.common.rest_client [req-148b5166-1231-4725-bae5-db43f3121a6a req-148b5166-1231-4725-bae5-db43f3121a6a ] Request (InstanceActionsNegativeTestJSON:setUpClass): 201 POST http://10.180.1.21/identity/v3/projects 0.064s
2024-11-07 02:08:09.231 65528 INFO tempest.lib.common.rest_client [req-abedd0ab-ba70-4aca-8f0c-b5e283fcaecc req-abedd0ab-ba70-4aca-8f0c-b5e283fcaecc ] Request (InstanceActionsNegativeTestJSON:setUpClass): 201 POST http://10.180.1.21/identity/v3/users 0.073s
2024-11-07 02:08:09.236 65522 INFO tempest.lib.common.rest_client [req-8c791c89-019f-464f-9de7-140b94ec8c30 req-8c791c89-019f-464f-9de7-140b94ec8c30 ] Request (ImagesOneServerTestJSON:test_create_delete_image): 202 POST http://10.180.1.21/compute/v2.1/servers/038445ee-fe90-4f5a-829e-c36cf1a9bf33/action 3.703s
2024-11-07 02:08:09.240 65494 INFO tempest.lib.common.rest_client [req-c99225ea-ad31-48c2-b601-f1d5038c1cd4 req-c99225ea-ad31-48c2-b601-f1d5038c1cd4 ] Request (MultipleCreateTestJSON:test_multiple_create): 200 GET http://10.180.1.21/compute/v2.1/servers/569c563f-8a2c-4b65-982e-398f11b43f1a 3.008s
2024-11-07 02:08:09.250 65494 INFO tempest.common.waiters [-] State transition "BUILD/block_device_mapping" ==> "BUILD/spawning" after 19 second wait
2024-11-07 02:08:09.252 65528 INFO tempest.lib.common.rest_client [req-c8c45492-b173-4f3e-b37b-ef954cedf444 req-c8c45492-b173-4f3e-b37b-ef954cedf444 ] Request (InstanceActionsNegativeTestJSON:setUpClass): 200 GET http://10.180.1.21/identity/v3/roles 0.021s
2024-11-07 02:08:09.283 65508 INFO tempest.lib.common.rest_client [req-20120fee-c634-4e6a-aa78-4839cb6a7841 req-20120fee-c634-4e6a-aa78-4839cb6a7841 ] Request (ServerAddressesNegativeTestJSON:test_list_server_addresses_by_network_neg): 404 GET http://10.180.1.21/compute/v2.1/servers/ff219a3e-52b4-460f-9803-4aa465487621/ips/invalid 2.728s
