2024-12-01 04:11:01.466 63996 INFO tempest.lib.common.dynamic_creds [-] Created isolated network resources for: credentials: Credentials: {'domain_id': 'default', 'domain_name': 'Default', 'username': 'tempest-VolumesAdminNegativeTest-562078281-project-member', 'project_domain_id': 'default', 'project_domain_name': 'Default', 'project_id': 'ba20bc7d580b4d7fa87a7b2fcc0c51d9', 'project_name': 'tempest-VolumesAdminNegativeTest-562078281', 'tenant_id': 'ba20bc7d580b4d7fa87a7b2fcc0c51d9', 'tenant_name': 'tempest-VolumesAdminNegativeTest-562078281', 'user_domain_id': 'default', 'user_domain_name': 'Default', 'user_id': '670d4550ac924a3787cbf6dfe1bf36b9', 'system': None}, Network: {'id': '4881720d-78ec-4fa5-ac05-915e1d68e0e0', 'name': 'tempest-VolumesAdminNegativeTest-829948714-network', 'tenant_id': 'ba20bc7d580b4d7fa87a7b2fcc0c51d9', 'admin_state_up': True, 'mtu': 8950, 'status': 'ACTIVE', 'subnets': [], 'shared': False, 'project_id': 'ba20bc7d580b4d7fa87a7b2fcc0c51d9', 'port_security_enabled': True, 'router:external': False, 'provider:network_type': 'vlan', 'provider:physical_network': 'default', 'provider:segmentation_id': 760, 'is_default': False, 'availability_zone_hints': [], 'availability_zones': [], 'ipv4_address_scope': None, 'ipv6_address_scope': None, 'description': '', 'tags': [], 'created_at': '2024-12-01T04:10:58Z', 'updated_at': '2024-12-01T04:10:58Z', 'revision_number': 1}, Subnet: {'id': 'b0f51eaa-fa56-4837-ad6c-f3d2be4a4dd3', 'name': 'tempest-VolumesAdminNegativeTest-829948714-subnet', 'tenant_id': 'ba20bc7d580b4d7fa87a7b2fcc0c51d9', 'network_id': '4881720d-78ec-4fa5-ac05-915e1d68e0e0', 'ip_version': 4, 'subnetpool_id': None, 'enable_dhcp': True, 'ipv6_ra_mode': None, 'ipv6_address_mode': None, 'gateway_ip': '192.168.128.1', 'cidr': '192.168.128.0/28', 'allocation_pools': [{'start': '192.168.128.2', 'end': '192.168.128.14'}], 'host_routes': [], 'dns_nameservers': [], 'description': '', 'service_types': [], 'tags': [], 'created_at': '2024-12-01T04:10:58Z', 'updated_at': '2024-12-01T04:10:58Z', 'revision_number': 0, 'project_id': 'ba20bc7d580b4d7fa87a7b2fcc0c51d9'}, Router: {'id': '7e1c74de-a876-4d7f-bea2-1cc64d6dbd9f', 'name': 'tempest-VolumesAdminNegativeTest-829948714-router', 'tenant_id': 'ba20bc7d580b4d7fa87a7b2fcc0c51d9', 'admin_state_up': True, 'status': 'ACTIVE', 'external_gateway_info': {'network_id': 'ff6dcbd7-08f9-4268-a5f2-5a5b907c32d9', 'external_fixed_ips': [{'subnet_id': '757d8768-906c-4a56-93f6-3e1409be4a54', 'ip_address': '10.180.180.167'}], 'enable_snat': True}, 'description': '', 'availability_zones': [], 'distributed': False, 'ha': False, 'availability_zone_hints': [], 'routes': [], 'flavor_id': None, 'tags': [], 'created_at': '2024-12-01T04:10:58Z', 'updated_at': '2024-12-01T04:10:59Z', 'revision_number': 2, 'project_id': 'ba20bc7d580b4d7fa87a7b2fcc0c51d9'}
2024-12-01 04:11:01.473 63998 INFO tempest.lib.common.rest_client [req-a3f25d28-2b82-49df-8654-226ff77d3ba1 req-a3f25d28-2b82-49df-8654-226ff77d3ba1 ] Request (ServersTestJSON:setUpClass): 200 GET http://10.180.1.21/compute/v2.1/servers/fde11c71-3511-4fea-84c7-0e7de062951b 0.055s
2024-12-01 04:11:01.541 64018 INFO tempest.lib.common.rest_client [req-27edb4bf-a29c-4649-b601-507ef33ef195 req-27edb4bf-a29c-4649-b601-507ef33ef195 ] Request (VolumesAssistedSnapshotsTest:test_volume_assisted_snapshot_create_delete): 200 GET http://10.180.1.21/compute/v2.1/servers/ee0e3e54-c135-489f-87ca-f441efebcbd5 0.063s
2024-12-01 04:11:01.578 63996 INFO tempest.lib.common.rest_client [req-b0789430-f92d-44a0-a571-936d6c0e0aa3 req-b0789430-f92d-44a0-a571-936d6c0e0aa3 ] Request (VolumesAdminNegativeTest:setUpClass): 201 POST http://10.180.1.21/identity/v3/auth/tokens 0.107s
2024-12-01 04:11:01.601 64046 INFO tempest.lib.common.rest_client [req-676da9d8-8ccb-4104-a0ea-f2668d201e4e req-676da9d8-8ccb-4104-a0ea-f2668d201e4e ] Request (ServersWithSpecificFlavorTestJSON:test_verify_created_server_ephemeral_disk): 200 GET http://10.180.1.21/compute/v2.1/servers/4ef40272-deb2-414a-b0ac-0bc30ba2bc84 0.085s
2024-12-01 04:11:01.606 63996 INFO tempest.lib.common.rest_client [req-b58c411f-4a4b-4766-bf3a-e249551cf1de req-b58c411f-4a4b-4766-bf3a-e249551cf1de ] Request (VolumesAdminNegativeTest:setUpClass): 201 POST http://10.180.1.21/identity/v3/projects 0.027s
2024-12-01 04:11:01.654 64008 INFO tempest.lib.common.rest_client [req-1c6011f1-47dc-4da5-8268-b7236d16d796 req-1c6011f1-47dc-4da5-8268-b7236d16d796 ] Request (ImagesTestJSON:test_create_image_from_stopped_server): 200 GET http://10.180.1.21/compute/v2.1/servers/562e2e30-99d6-4edd-8382-e2e765c6a449 0.123s
2024-12-01 04:11:01.654 64002 INFO tempest.lib.common.rest_client [req-559abdd5-e01f-4b7a-a636-ea7099a19001 req-559abdd5-e01f-4b7a-a636-ea7099a19001 ] Request (ServerActionsTestJSON:setUpClass): 200 GET http://10.180.1.21/compute/v2.1/servers/71509f58-5616-4d6a-9a88-3bfd9d414a0c 0.192s
2024-12-01 04:11:01.679 63996 INFO tempest.lib.common.rest_client [req-467fd719-b5ff-40f5-8209-dd5f059e424b req-467fd719-b5ff-40f5-8209-dd5f059e424b ] Request (VolumesAdminNegativeTest:setUpClass): 201 POST http://10.180.1.21/identity/v3/users 0.072s
2024-12-01 04:11:01.705 63996 INFO tempest.lib.common.rest_client [req-09b0b390-a9c4-48bf-a009-1a11454ef239 req-09b0b390-a9c4-48bf-a009-1a11454ef239 ] Request (VolumesAdminNegativeTest:setUpClass): 200 GET http://10.180.1.21/identity/v3/roles 0.025s
2024-12-01 04:11:01.705 64000 INFO tempest.lib.common.rest_client [req-2feed685-bf26-4577-9960-9cdd5d8898c9 req-2feed685-bf26-4577-9960-9cdd5d8898c9 ] Request (AttachInterfacesUnderV243Test:test_add_remove_fixed_ip): 200 GET http://10.180.1.21/compute/v2.1/servers/10cb6a2e-4a08-453e-9372-4ea14958470d 0.135s
2024-12-01 04:11:01.722 64014 INFO tempest.lib.common.rest_client [req-f8d3031e-b065-479d-a132-c53105de8bc7 req-f8d3031e-b065-479d-a132-c53105de8bc7 ] Request (ServersTestManualDisk:setUpClass): 200 GET http://10.180.1.21/compute/v2.1/servers/9f599f13-3906-4766-a1a5-a324da916370 0.132s
2024-12-01 04:11:01.743 63996 INFO tempest.lib.common.rest_client [req-a74faffd-0203-4f7d-b57b-178b3ed05a0d req-a74faffd-0203-4f7d-b57b-178b3ed05a0d ] Request (VolumesAdminNegativeTest:setUpClass): 204 PUT http://10.180.1.21/identity/v3/projects/9355a9b9ca45440e918bbd2f19615b09/users/651f6c85462f466e852658e1a9046275/roles/1214dd8f7241494084cfd9d413cad07e 0.038s
2024-12-01 04:11:01.768 64052 INFO tempest.lib.common.rest_client [req-ac2cc726-23dc-424a-941d-aaa29615830f req-ac2cc726-23dc-424a-941d-aaa29615830f ] Request (AttachInterfacesV270Test:test_create_get_list_interfaces): 200 GET http://10.180.1.21/compute/v2.1/servers/e56bdc9e-964f-4994-be20-9a981095f813 0.123s
2024-12-01 04:11:01.792 63996 INFO tempest.lib.common.rest_client [req-64623981-263a-4534-8ccb-1c55e9a7230a req-64623981-263a-4534-8ccb-1c55e9a7230a ] Request (VolumesAdminNegativeTest:setUpClass): 200 GET http://10.180.1.21/identity/v3/roles 0.049s
2024-12-01 04:11:01.809 63996 INFO tempest.lib.common.rest_client [req-cb1a64d0-0f65-4e28-858b-fd8a0d9ac9c9 req-cb1a64d0-0f65-4e28-858b-fd8a0d9ac9c9 ] Request (VolumesAdminNegativeTest:setUpClass): 204 PUT http://10.180.1.21/identity/v3/projects/9355a9b9ca45440e918bbd2f19615b09/users/651f6c85462f466e852658e1a9046275/roles/1214dd8f7241494084cfd9d413cad07e 0.016s
2024-12-01 04:11:01.810 63996 INFO tempest.lib.common.dynamic_creds [-] Dynamic test user 651f6c85462f466e852658e1a9046275 is created with scope project and roles: ['admin']
2024-12-01 04:11:01.810 63996 INFO tempest.lib.common.dynamic_creds [-] Acquired dynamic creds: credentials: Credentials: {'domain_id': 'default', 'domain_name': 'Default', 'username': 'tempest-VolumesAdminNegativeTest-1325461988-project-admin', 'project_domain_id': 'default', 'project_domain_name': 'Default', 'project_id': '9355a9b9ca45440e918bbd2f19615b09', 'project_name': 'tempest-VolumesAdminNegativeTest-1325461988', 'tenant_id': '9355a9b9ca45440e918bbd2f19615b09', 'tenant_name': 'tempest-VolumesAdminNegativeTest-1325461988', 'user_domain_id': 'default', 'user_domain_name': 'Default', 'user_id': '651f6c85462f466e852658e1a9046275', 'system': None}, Network: None, Subnet: None, Router: None
2024-12-01 04:11:01.827 64006 INFO tempest.lib.common.rest_client [req-4125dcbd-5eb5-4501-8265-c78b15c10ddf req-4125dcbd-5eb5-4501-8265-c78b15c10ddf ] Request (ServerDiagnosticsV248Test:test_get_server_diagnostics): 200 GET http://10.180.1.21/compute/v2.1/servers/4e94548a-c81b-46c1-886b-bb5e2b8ebf9d 0.133s
2024-12-01 04:11:01.882 64010 INFO tempest.lib.common.rest_client [req-d24bf08f-b623-4950-91ca-846b2e156b9f req-d24bf08f-b623-4950-91ca-846b2e156b9f ] Request (ListServersNegativeTestJSON:setUpClass): 200 GET http://10.180.1.21/compute/v2.1/servers/55e8066d-cb8f-4731-b5bd-57adfebae81a 0.169s
2024-12-01 04:11:01.936 63994 INFO tempest.lib.common.rest_client [req-ab2da835-44e9-4c7c-92ef-4454789d7b36 req-ab2da835-44e9-4c7c-92ef-4454789d7b36 ] Request (ImagesOneServerTestJSON:setUpClass): 200 GET http://10.180.1.21/compute/v2.1/servers/04488672-86c4-415b-961e-94641d570112 0.200s
2024-12-01 04:11:01.940 64032 INFO tempest.lib.common.rest_client [req-cb1cbe42-0e21-4101-aeb8-66e3e96dba79 req-cb1cbe42-0e21-4101-aeb8-66e3e96dba79 ] Request (InstanceActionsNegativeTestJSON:setUpClass): 200 GET http://10.180.1.21/compute/v2.1/servers/5e748c4b-03c5-4a88-a4ed-27093f2aef47 0.270s
2024-12-01 04:11:01.996 64034 INFO tempest.lib.common.rest_client [req-70836f1a-7543-42d0-827e-69200f9371db req-70836f1a-7543-42d0-827e-69200f9371db ] Request (ServerPasswordTestJSON:setUpClass): 200 GET http://10.180.1.21/compute/v2.1/servers/25222911-beaf-4f80-be5e-a6decd09958d 0.218s
2024-12-01 04:11:02.003 64044 INFO tempest.lib.common.rest_client [req-0cdd912e-891c-4e59-8dc5-bca87ecf1f73 req-0cdd912e-891c-4e59-8dc5-bca87ecf1f73 ] Request (ServerAddressesTestJSON:setUpClass): 200 GET http://10.180.1.21/compute/v2.1/servers/7a7a0ef0-bbea-42c0-b96e-4efc4207a655 0.242s
2024-12-01 04:11:02.017 63996 INFO tempest.lib.common.rest_client [req-1728bf37-31f4-4a5f-b0d1-49f436ab8a2a req-1728bf37-31f4-4a5f-b0d1-49f436ab8a2a ] Request (VolumesAdminNegativeTest:setUpClass): 201 POST http://10.180.1.21:9696/networking/v2.0/networks 0.207s
2024-12-01 04:11:02.058 64012 INFO tempest.lib.common.rest_client [req-69759341-b22a-4326-8ecd-d35c1ec75f19 req-69759341-b22a-4326-8ecd-d35c1ec75f19 ] Request (ImagesNegativeTestJSON:test_create_image_from_deleted_server): 200 GET http://10.180.1.21/compute/v2.1/servers/fffb383d-e1db-4640-9201-0ea897c472d9 0.251s
2024-12-01 04:11:02.134 64042 INFO tempest.lib.common.rest_client [req-1b4b41d7-545b-4d6f-886c-3f8b3eafab08 req-1b4b41d7-545b-4d6f-886c-3f8b3eafab08 ] Request (ServerDiagnosticsNegativeTest:test_get_server_diagnostics_by_non_admin): 200 GET http://10.180.1.21/compute/v2.1/servers/667bfd5b-1331-4ff4-93ee-eaa7c7cc4246 0.236s
2024-12-01 04:11:02.194 64040 INFO tempest.lib.common.rest_client [req-ccc46cd6-aaba-447f-b6ae-560672b389f9 req-ccc46cd6-aaba-447f-b6ae-560672b389f9 ] Request (MigrationsAdminTest:test_list_migrations_in_flavor_resize_situation): 200 GET http://10.180.1.21/compute/v2.1/servers/29c17291-50be-45a3-93c6-76bc8c7cbbb4 0.242s
2024-12-01 04:11:02.199 63996 INFO tempest.lib.common.rest_client [req-60053974-1609-4152-91b3-506a57edf70c req-60053974-1609-4152-91b3-506a57edf70c ] Request (VolumesAdminNegativeTest:setUpClass): 201 POST http://10.180.1.21:9696/networking/v2.0/subnets 0.181s
2024-12-01 04:11:02.230 64016 INFO tempest.lib.common.rest_client [req-e465f736-aee8-4611-b823-d848b400556a req-e465f736-aee8-4611-b823-d848b400556a ] Request (ServersAdminTestJSON:setUpClass): 200 GET http://10.180.1.21/compute/v2.1/servers/6ca5ca5e-1f98-4d79-b22e-b07b67b5c5bd 0.316s
2024-12-01 04:11:02.244 63992 INFO tempest.lib.common.rest_client [req-7d540814-ff23-420b-aa0c-6d8e8de0153f req-7d540814-ff23-420b-aa0c-6d8e8de0153f ] Request (ListImageFiltersTestJSON:setUpClass): 200 GET http://10.180.1.21/compute/v2.1/servers/0c42630f-9e39-4eeb-aa56-d953cff6b4a9 0.281s
2024-12-01 04:11:02.283 63990 INFO tempest.lib.common.rest_client [req-19ff5ed5-3842-4f35-b831-e704978a5083 req-19ff5ed5-3842-4f35-b831-e704978a5083 ] Request (ServersTestBootFromVolume:setUpClass): 200 GET http://10.180.1.21/compute/v2.1/servers/5def97c4-7d72-4ade-bb17-160e91f67f75 0.258s
2024-12-01 04:11:02.448 64038 INFO tempest.lib.common.rest_client [req-42986a62-594e-42a0-976d-aef4471b7027 req-42986a62-594e-42a0-976d-aef4471b7027 ] Request (ServerDiskConfigTestJSON:test_rebuild_server_with_auto_disk_config): 200 GET http://10.180.1.21/compute/v2.1/servers/98eb6b3f-69c8-4837-9b5c-a1485fe5cab6 0.342s
2024-12-01 04:11:02.469 64050 INFO tempest.lib.common.rest_client [req-8985ac21-5da6-4c5b-8264-0a64db4600b2 req-8985ac21-5da6-4c5b-8264-0a64db4600b2 ] Request (InstanceActionsTestJSON:setUpClass): 200 GET http://10.180.1.21/compute/v2.1/servers/6f7a3a1f-859d-42f5-b986-6a1a038ca536 0.333s
2024-12-01 04:11:02.507 64026 INFO tempest.lib.common.rest_client [req-2d297de4-51d0-4703-8df3-86d5a3ced41c req-2d297de4-51d0-4703-8df3-86d5a3ced41c ] Request (MultipleCreateTestJSON:test_multiple_create): 200 GET http://10.180.1.21/compute/v2.1/servers/879dce1e-340a-48d0-9291-857f39fec597 0.344s
2024-12-01 04:11:02.645 64036 INFO tempest.lib.common.rest_client [req-1e154f5c-8e13-42fa-9f71-434e385d546e req-1e154f5c-8e13-42fa-9f71-434e385d546e ] Request (ServersTestFqdnHostnames:test_create_server_with_fqdn_name): 200 GET http://10.180.1.21/compute/v2.1/servers/f9a675b6-e76d-492b-ac34-3c7b10553fca 0.424s
2024-12-01 04:11:02.661 64020 INFO tempest.lib.common.rest_client [req-9f00f5df-ebac-4401-a3be-98608d5546cd req-9f00f5df-ebac-4401-a3be-98608d5546cd ] Request (ServerExternalEventsTest:test_create_server_external_events): 200 GET http://10.180.1.21/compute/v2.1/servers/1c36f4af-0222-48d3-ac90-776f7fe807de 0.250s
2024-12-01 04:11:02.740 64004 INFO tempest.lib.common.rest_client [req-c53e3188-8f44-496f-9750-d368e5283534 req-c53e3188-8f44-496f-9750-d368e5283534 ] Request (DeleteServersAdminTestJSON:test_admin_delete_servers_of_others): 200 GET http://10.180.1.21/compute/v2.1/servers/ffe47fec-5f84-4a9a-a103-e59a90201064 0.267s
2024-12-01 04:11:02.773 64030 INFO tempest.lib.common.rest_client [req-471d3b5b-23ca-4a94-a9b8-f675d3649425 req-471d3b5b-23ca-4a94-a9b8-f675d3649425 ] Request (ServerDiagnosticsTest:test_get_server_diagnostics): 200 GET http://10.180.1.21/compute/v2.1/servers/29bee3d3-a6d2-43a9-8439-d5b842214cf1 0.345s
2024-12-01 04:11:02.791 63998 INFO tempest.lib.common.rest_client [req-03def4b4-b2ba-46fe-9354-9980aa88c150 req-03def4b4-b2ba-46fe-9354-9980aa88c150 ] Request (ServersTestJSON:setUpClass): 200 GET http://10.180.1.21/compute/v2.1/servers/fde11c71-3511-4fea-84c7-0e7de062951b 0.306s
2024-12-01 04:11:02.833 64018 INFO tempest.lib.common.rest_client [req-13f731d1-0d42-4f65-acaa-98fb6f11b343 req-13f731d1-0d42-4f65-acaa-98fb6f11b343 ] Request (VolumesAssistedSnapshotsTest:test_volume_assisted_snapshot_create_delete): 200 GET http://10.180.1.21/compute/v2.1/servers/ee0e3e54-c135-489f-87ca-f441efebcbd5 0.284s
2024-12-01 04:11:02.845 64046 INFO tempest.lib.common.rest_client [req-ee5911ac-6c19-4086-9838-ec5adca7b14b req-ee5911ac-6c19-4086-9838-ec5adca7b14b ] Request (ServersWithSpecificFlavorTestJSON:test_verify_created_server_ephemeral_disk): 200 GET http://10.180.1.21/compute/v2.1/servers/4ef40272-deb2-414a-b0ac-0bc30ba2bc84 0.237s
2024-12-01 04:11:02.901 64008 INFO tempest.lib.common.rest_client [req-a7a48c71-e06e-4c3b-b840-8587340f0f44 req-a7a48c71-e06e-4c3b-b840-8587340f0f44 ] Request (ImagesTestJSON:test_create_image_from_stopped_server): 200 GET http://10.180.1.21/compute/v2.1/servers/562e2e30-99d6-4edd-8382-e2e765c6a449 0.238s
2024-12-01 04:11:02.960 64000 INFO tempest.lib.common.rest_client [req-0ebbad47-3dbc-4e9e-b6a5-8d152989e90d req-0ebbad47-3dbc-4e9e-b6a5-8d152989e90d ] Request (AttachInterfacesUnderV243Test:test_add_remove_fixed_ip): 200 GET http://10.180.1.21/compute/v2.1/servers/10cb6a2e-4a08-453e-9372-4ea14958470d 0.247s
2024-12-01 04:11:03.005 64002 INFO tempest.lib.common.rest_client [req-f7bfe990-768d-40dc-8143-a8e33cbd5ff5 req-f7bfe990-768d-40dc-8143-a8e33cbd5ff5 ] Request (ServerActionsTestJSON:setUpClass): 200 GET http://10.180.1.21/compute/v2.1/servers/71509f58-5616-4d6a-9a88-3bfd9d414a0c 0.338s
2024-12-01 04:11:03.022 64014 INFO tempest.lib.common.rest_client [req-b85cefc4-e18c-46e2-a8c9-811c05a0e60f req-b85cefc4-e18c-46e2-a8c9-811c05a0e60f ] Request (ServersTestManualDisk:setUpClass): 200 GET http://10.180.1.21/compute/v2.1/servers/9f599f13-3906-4766-a1a5-a324da916370 0.294s
2024-12-01 04:11:03.065 64052 INFO tempest.lib.common.rest_client [req-2527c65b-57cb-4a80-be23-319d1f4fe6cf req-2527c65b-57cb-4a80-be23-319d1f4fe6cf ] Request (AttachInterfacesV270Test:test_create_get_list_interfaces): 200 GET http://10.180.1.21/compute/v2.1/servers/e56bdc9e-964f-4994-be20-9a981095f813 0.287s
2024-12-01 04:11:03.083 64006 INFO tempest.lib.common.rest_client [req-ab448637-b730-44b5-8503-d788ebe3ddf2 req-ab448637-b730-44b5-8503-d788ebe3ddf2 ] Request (ServerDiagnosticsV248Test:test_get_server_diagnostics): 200 GET http://10.180.1.21/compute/v2.1/servers/4e94548a-c81b-46c1-886b-bb5e2b8ebf9d 0.247s
2024-12-01 04:11:03.116 64010 INFO tempest.lib.common.rest_client [req-aa436fe7-ad1e-4b6c-b916-a43e7abb2eb1 req-aa436fe7-ad1e-4b6c-b916-a43e7abb2eb1 ] Request (ListServersNegativeTestJSON:setUpClass): 200 GET http://10.180.1.21/compute/v2.1/servers/55e8066d-cb8f-4731-b5bd-57adfebae81a 0.227s
2024-12-01 04:11:03.137 63994 INFO tempest.lib.common.rest_client [req-e28dc527-d257-42f4-bf2f-d345dc630ce2 req-e28dc527-d257-42f4-bf2f-d345dc630ce2 ] Request (ImagesOneServerTestJSON:setUpClass): 200 GET http://10.180.1.21/compute/v2.1/servers/04488672-86c4-415b-961e-94641d570112 0.194s
2024-12-01 04:11:03.188 64034 INFO tempest.lib.common.rest_client [req-92add432-244c-4aa6-ae2a-1a8598f83974 req-92add432-244c-4aa6-ae2a-1a8598f83974 ] Request (ServerPasswordTestJSON:setUpClass): 200 GET http://10.180.1.21/compute/v2.1/servers/25222911-beaf-4f80-be5e-a6decd09958d 0.184s
2024-12-01 04:11:03.216 63996 INFO tempest.lib.common.rest_client [req-8648bf77-b25f-411a-9f8f-985addcdc34b req-8648bf77-b25f-411a-9f8f-985addcdc34b ] Request (VolumesAdminNegativeTest:setUpClass): 201 POST http://10.180.1.21:9696/networking/v2.0/routers 1.017s
2024-12-01 04:11:03.236 64032 INFO tempest.lib.common.rest_client [req-4fab2c21-1031-42fa-adc2-ff6918e3cbac req-4fab2c21-1031-42fa-adc2-ff6918e3cbac ] Request (InstanceActionsNegativeTestJSON:setUpClass): 200 GET http://10.180.1.21/compute/v2.1/servers/5e748c4b-03c5-4a88-a4ed-27093f2aef47 0.251s
2024-12-01 04:11:03.250 64044 INFO tempest.lib.common.rest_client [req-73afd1a2-b02c-4479-8c4b-0bda006b658c req-73afd1a2-b02c-4479-8c4b-0bda006b658c ] Request (ServerAddressesTestJSON:setUpClass): 200 GET http://10.180.1.21/compute/v2.1/servers/7a7a0ef0-bbea-42c0-b96e-4efc4207a655 0.239s
2024-12-01 04:11:03.291 64012 INFO tempest.lib.common.rest_client [req-2b9fe32f-56de-48b9-abc8-151fe3f08fe7 req-2b9fe32f-56de-48b9-abc8-151fe3f08fe7 ] Request (ImagesNegativeTestJSON:test_create_image_from_deleted_server): 200 GET http://10.180.1.21/compute/v2.1/servers/fffb383d-e1db-4640-9201-0ea897c472d9 0.226s
2024-12-01 04:11:03.399 64042 INFO tempest.lib.common.rest_client [req-44a5ed59-b0c7-4f6b-8d2f-269aa30486dc req-44a5ed59-b0c7-4f6b-8d2f-269aa30486dc ] Request (ServerDiagnosticsNegativeTest:test_get_server_diagnostics_by_non_admin): 200 GET http://10.180.1.21/compute/v2.1/servers/667bfd5b-1331-4ff4-93ee-eaa7c7cc4246 0.256s
2024-12-01 04:11:03.413 64040 INFO tempest.lib.common.rest_client [req-da7da1e7-1d28-45f5-a19b-58892976c26e req-da7da1e7-1d28-45f5-a19b-58892976c26e ] Request (MigrationsAdminTest:test_list_migrations_in_flavor_resize_situation): 200 GET http://10.180.1.21/compute/v2.1/servers/29c17291-50be-45a3-93c6-76bc8c7cbbb4 0.210s
2024-12-01 04:11:03.467 63992 INFO tempest.lib.common.rest_client [req-729b7b10-15b4-4392-bd44-e9424f51b574 req-729b7b10-15b4-4392-bd44-e9424f51b574 ] Request (ListImageFiltersTestJSON:setUpClass): 200 GET http://10.180.1.21/compute/v2.1/servers/0c42630f-9e39-4eeb-aa56-d953cff6b4a9 0.214s
2024-12-01 04:11:03.524 63990 INFO tempest.lib.common.rest_client [req-3c57fbba-4cee-49ec-a040-7beb546e7d24 req-3c57fbba-4cee-49ec-a040-7beb546e7d24 ] Request (ServersTestBootFromVolume:setUpClass): 200 GET http://10.180.1.21/compute/v2.1/servers/5def97c4-7d72-4ade-bb17-160e91f67f75 0.231s
2024-12-01 04:11:03.536 64016 INFO tempest.lib.common.rest_client [req-103f63fd-c5ef-4d40-8f3f-8af26b7ae9a9 req-103f63fd-c5ef-4d40-8f3f-8af26b7ae9a9 ] Request (ServersAdminTestJSON:setUpClass): 200 GET http://10.180.1.21/compute/v2.1/servers/6ca5ca5e-1f98-4d79-b22e-b07b67b5c5bd 0.296s
2024-12-01 04:11:03.870 64038 INFO tempest.lib.common.rest_client [req-a8d5fe1b-e0a1-494f-8440-ad83e3cc8a8e req-a8d5fe1b-e0a1-494f-8440-ad83e3cc8a8e ] Request (ServerDiskConfigTestJSON:test_rebuild_server_with_auto_disk_config): 200 GET http://10.180.1.21/compute/v2.1/servers/98eb6b3f-69c8-4837-9b5c-a1485fe5cab6 0.414s
2024-12-01 04:11:03.870 64050 INFO tempest.lib.common.rest_client [req-12b0a04e-863e-4b02-aa46-ee122c3a447f req-12b0a04e-863e-4b02-aa46-ee122c3a447f ] Request (InstanceActionsTestJSON:setUpClass): 200 GET http://10.180.1.21/compute/v2.1/servers/6f7a3a1f-859d-42f5-b986-6a1a038ca536 0.387s
2024-12-01 04:11:03.934 64026 INFO tempest.lib.common.rest_client [req-72c304de-a9a6-4510-a85a-c6dcc303093d req-72c304de-a9a6-4510-a85a-c6dcc303093d ] Request (MultipleCreateTestJSON:test_multiple_create): 200 GET http://10.180.1.21/compute/v2.1/servers/879dce1e-340a-48d0-9291-857f39fec597 0.420s
2024-12-01 04:11:04.005 64036 INFO tempest.lib.common.rest_client [req-08cee2df-b644-4f04-939c-7725a6701501 req-08cee2df-b644-4f04-939c-7725a6701501 ] Request (ServersTestFqdnHostnames:test_create_server_with_fqdn_name): 200 GET http://10.180.1.21/compute/v2.1/servers/f9a675b6-e76d-492b-ac34-3c7b10553fca 0.351s
2024-12-01 04:11:04.044 64020 INFO tempest.lib.common.rest_client [req-f21fad9b-3cad-4caa-a2bd-671a9be5a906 req-f21fad9b-3cad-4caa-a2bd-671a9be5a906 ] Request (ServerExternalEventsTest:test_create_server_external_events): 200 GET http://10.180.1.21/compute/v2.1/servers/1c36f4af-0222-48d3-ac90-776f7fe807de 0.371s
2024-12-01 04:11:04.062 64004 INFO tempest.lib.common.rest_client [req-d6216ea5-d70e-489b-a4e4-160c12554b67 req-d6216ea5-d70e-489b-a4e4-160c12554b67 ] Request (DeleteServersAdminTestJSON:test_admin_delete_servers_of_others): 200 GET http://10.180.1.21/compute/v2.1/servers/ffe47fec-5f84-4a9a-a103-e59a90201064 0.314s
2024-12-01 04:11:04.114 63998 INFO tempest.lib.common.rest_client [req-ab343cdc-5657-4b0f-9bf1-86f274a9e678 req-ab343cdc-5657-4b0f-9bf1-86f274a9e678 ] Request (ServersTestJSON:setUpClass): 200 GET http://10.180.1.21/compute/v2.1/servers/fde11c71-3511-4fea-84c7-0e7de062951b 0.314s
2024-12-01 04:11:04.167 64030 INFO tempest.lib.common.rest_client [req-756044d1-955a-4d98-9719-0b94eb5464f0 req-756044d1-955a-4d98-9719-0b94eb5464f0 ] Request (ServerDiagnosticsTest:test_get_server_diagnostics): 200 GET http://10.180.1.21/compute/v2.1/servers/29bee3d3-a6d2-43a9-8439-d5b842214cf1 0.386s
2024-12-01 04:11:04.174 64018 INFO tempest.lib.common.rest_client [req-05461f4d-6410-4005-9c7f-4a781c2b96ef req-05461f4d-6410-4005-9c7f-4a781c2b96ef ] Request (VolumesAssistedSnapshotsTest:test_volume_assisted_snapshot_create_delete): 200 GET http://10.180.1.21/compute/v2.1/servers/ee0e3e54-c135-489f-87ca-f441efebcbd5 0.334s
2024-12-01 04:11:04.179 63996 INFO tempest.lib.common.rest_client [req-1c0bdbdd-308e-45fe-8859-c8e459f49148 req-1c0bdbdd-308e-45fe-8859-c8e459f49148 ] Request (VolumesAdminNegativeTest:setUpClass): 200 PUT http://10.180.1.21:9696/networking/v2.0/routers/31256129-45ed-4110-8612-690dd265c6c7/add_router_interface 0.962s
2024-12-01 04:11:04.179 63996 INFO tempest.lib.common.dynamic_creds [-] Created isolated network resources for: credentials: Credentials: {'domain_id': 'default', 'domain_name': 'Default', 'username': 'tempest-VolumesAdminNegativeTest-1325461988-project-admin', 'project_domain_id': 'default', 'project_domain_name': 'Default', 'project_id': '9355a9b9ca45440e918bbd2f19615b09', 'project_name': 'tempest-VolumesAdminNegativeTest-1325461988', 'tenant_id': '9355a9b9ca45440e918bbd2f19615b09', 'tenant_name': 'tempest-VolumesAdminNegativeTest-1325461988', 'user_domain_id': 'default', 'user_domain_name': 'Default', 'user_id': '651f6c85462f466e852658e1a9046275', 'system': None}, Network: {'id': '5065d36a-5abb-4871-971d-4ae6f07bcf4b', 'name': 'tempest-VolumesAdminNegativeTest-315862587-network', 'tenant_id': '9355a9b9ca45440e918bbd2f19615b09', 'admin_state_up': True, 'mtu': 8950, 'status': 'ACTIVE', 'subnets': [], 'shared': False, 'project_id': '9355a9b9ca45440e918bbd2f19615b09', 'port_security_enabled': True, 'router:external': False, 'provider:network_type': 'vlan', 'provider:physical_network': 'default', 'provider:segmentation_id': 283, 'is_default': False, 'availability_zone_hints': [], 'availability_zones': [], 'ipv4_address_scope': None, 'ipv6_address_scope': None, 'description': '', 'tags': [], 'created_at': '2024-12-01T04:11:01Z', 'updated_at': '2024-12-01T04:11:01Z', 'revision_number': 1}, Subnet: {'id': '522346f2-fadf-41c4-91d1-751fac43dac8', 'name': 'tempest-VolumesAdminNegativeTest-315862587-subnet', 'tenant_id': '9355a9b9ca45440e918bbd2f19615b09', 'network_id': '5065d36a-5abb-4871-971d-4ae6f07bcf4b', 'ip_version': 4, 'subnetpool_id': None, 'enable_dhcp': True, 'ipv6_ra_mode': None, 'ipv6_address_mode': None, 'gateway_ip': '192.168.128.1', 'cidr': '192.168.128.0/28', 'allocation_pools': [{'start': '192.168.128.2', 'end': '192.168.128.14'}], 'host_routes': [], 'dns_nameservers': [], 'description': '', 'service_types': [], 'tags': [], 'created_at': '2024-12-01T04:11:02Z', 'updated_at': '2024-12-01T04:11:02Z', 'revision_number': 0, 'project_id': '9355a9b9ca45440e918bbd2f19615b09'}, Router: {'id': '31256129-45ed-4110-8612-690dd265c6c7', 'name': 'tempest-VolumesAdminNegativeTest-315862587-router', 'tenant_id': '9355a9b9ca45440e918bbd2f19615b09', 'admin_state_up': True, 'status': 'ACTIVE', 'external_gateway_info': {'network_id': 'ff6dcbd7-08f9-4268-a5f2-5a5b907c32d9', 'external_fixed_ips': [{'subnet_id': '757d8768-906c-4a56-93f6-3e1409be4a54', 'ip_address': '10.180.180.200'}], 'enable_snat': True}, 'description': '', 'availability_zones': [], 'distributed': False, 'ha': False, 'availability_zone_hints': [], 'routes': [], 'flavor_id': None, 'tags': [], 'created_at': '2024-12-01T04:11:02Z', 'updated_at': '2024-12-01T04:11:02Z', 'revision_number': 2, 'project_id': '9355a9b9ca45440e918bbd2f19615b09'}
2024-12-01 04:11:04.237 64008 INFO tempest.lib.common.rest_client [req-f03be751-6b1f-4854-8303-c99b173aff7b req-f03be751-6b1f-4854-8303-c99b173aff7b ] Request (ImagesTestJSON:test_create_image_from_stopped_server): 200 GET http://10.180.1.21/compute/v2.1/servers/562e2e30-99d6-4edd-8382-e2e765c6a449 0.330s
2024-12-01 04:11:04.250 64046 INFO tempest.lib.common.rest_client [req-5490329f-1251-4053-81d5-d0f4aec69a36 req-5490329f-1251-4053-81d5-d0f4aec69a36 ] Request (ServersWithSpecificFlavorTestJSON:test_verify_created_server_ephemeral_disk): 200 GET http://10.180.1.21/compute/v2.1/servers/4ef40272-deb2-414a-b0ac-0bc30ba2bc84 0.394s
2024-12-01 04:11:04.274 63996 INFO tempest.lib.common.rest_client [req-7d6fe65f-7cb4-4d1d-a70c-709cecf89022 req-7d6fe65f-7cb4-4d1d-a70c-709cecf89022 ] Request (VolumesAdminNegativeTest:setUpClass): 201 POST http://10.180.1.21/identity/v3/auth/tokens 0.092s
2024-12-01 04:11:04.294 64000 INFO tempest.lib.common.rest_client [req-c7e79d03-7e2a-4a92-9b30-3495dd2e825e req-c7e79d03-7e2a-4a92-9b30-3495dd2e825e ] Request (AttachInterfacesUnderV243Test:test_add_remove_fixed_ip): 200 GET http://10.180.1.21/compute/v2.1/servers/10cb6a2e-4a08-453e-9372-4ea14958470d 0.325s
2024-12-01 04:11:04.343 64014 INFO tempest.lib.common.rest_client [req-263cbec3-2c2e-47bd-ac7c-4f5ebe04fed7 req-263cbec3-2c2e-47bd-ac7c-4f5ebe04fed7 ] Request (ServersTestManualDisk:setUpClass): 200 GET http://10.180.1.21/compute/v2.1/servers/9f599f13-3906-4766-a1a5-a324da916370 0.312s
2024-12-01 04:11:04.359 64002 INFO tempest.lib.common.rest_client [req-cae49222-5d94-4245-81c4-8f0f22f8aa0a req-cae49222-5d94-4245-81c4-8f0f22f8aa0a ] Request (ServerActionsTestJSON:setUpClass): 200 GET http://10.180.1.21/compute/v2.1/servers/71509f58-5616-4d6a-9a88-3bfd9d414a0c 0.346s
2024-12-01 04:11:04.390 64052 INFO tempest.lib.common.rest_client [req-e71bbe44-9282-420b-a62b-0adc48282e93 req-e71bbe44-9282-420b-a62b-0adc48282e93 ] Request (AttachInterfacesV270Test:test_create_get_list_interfaces): 200 GET http://10.180.1.21/compute/v2.1/servers/e56bdc9e-964f-4994-be20-9a981095f813 0.311s
2024-12-01 04:11:04.409 64006 INFO tempest.lib.common.rest_client [req-12b0e477-2832-4e89-89d2-d0d3272b8f50 req-12b0e477-2832-4e89-89d2-d0d3272b8f50 ] Request (ServerDiagnosticsV248Test:test_get_server_diagnostics): 200 GET http://10.180.1.21/compute/v2.1/servers/4e94548a-c81b-46c1-886b-bb5e2b8ebf9d 0.314s
2024-12-01 04:11:04.438 64010 INFO tempest.lib.common.rest_client [req-62c04670-1fa2-4b71-bb83-d520eef11461 req-62c04670-1fa2-4b71-bb83-d520eef11461 ] Request (ListServersNegativeTestJSON:setUpClass): 200 GET http://10.180.1.21/compute/v2.1/servers/55e8066d-cb8f-4731-b5bd-57adfebae81a 0.314s
2024-12-01 04:11:04.460 63994 INFO tempest.lib.common.rest_client [req-19456107-e7a6-4388-9b18-75de332a147d req-19456107-e7a6-4388-9b18-75de332a147d ] Request (ImagesOneServerTestJSON:setUpClass): 200 GET http://10.180.1.21/compute/v2.1/servers/04488672-86c4-415b-961e-94641d570112 0.313s
2024-12-01 04:11:04.488 64034 INFO tempest.lib.common.rest_client [req-ea245d87-dc98-4778-8c4f-ddf52bb6bff8 req-ea245d87-dc98-4778-8c4f-ddf52bb6bff8 ] Request (ServerPasswordTestJSON:setUpClass): 200 GET http://10.180.1.21/compute/v2.1/servers/25222911-beaf-4f80-be5e-a6decd09958d 0.292s
2024-12-01 04:11:04.545 64044 INFO tempest.lib.common.rest_client [req-12cffb22-d28f-4930-b1c4-20b99727bda1 req-12cffb22-d28f-4930-b1c4-20b99727bda1 ] Request (ServerAddressesTestJSON:setUpClass): 200 GET http://10.180.1.21/compute/v2.1/servers/7a7a0ef0-bbea-42c0-b96e-4efc4207a655 0.284s
2024-12-01 04:11:04.564 64032 INFO tempest.lib.common.rest_client [req-9f6af282-816e-4a42-b311-80836202162a req-9f6af282-816e-4a42-b311-80836202162a ] Request (InstanceActionsNegativeTestJSON:setUpClass): 200 GET http://10.180.1.21/compute/v2.1/servers/5e748c4b-03c5-4a88-a4ed-27093f2aef47 0.314s
2024-12-01 04:11:04.615 64012 INFO tempest.lib.common.rest_client [req-075d5cb3-5eea-4a66-8b46-bdb306f3e7a0 req-075d5cb3-5eea-4a66-8b46-bdb306f3e7a0 ] Request (ImagesNegativeTestJSON:test_create_image_from_deleted_server): 200 GET http://10.180.1.21/compute/v2.1/servers/fffb383d-e1db-4640-9201-0ea897c472d9 0.314s
2024-12-01 04:11:04.682 63996 INFO tempest.lib.common.rest_client [req-bf8a1ccb-f88a-4be5-aeb5-bd9c0310f84e req-bf8a1ccb-f88a-4be5-aeb5-bd9c0310f84e ] Request (VolumesAdminNegativeTest:test_update_attached_volume_with_nonexistent_volume_in_body): 200 POST http://10.180.1.21/compute/v2.1/os-keypairs 0.405s
2024-12-01 04:11:04.747 64040 INFO tempest.lib.common.rest_client [req-ffd51ac1-35ae-4da0-a36e-204c159bd518 req-ffd51ac1-35ae-4da0-a36e-204c159bd518 ] Request (MigrationsAdminTest:test_list_migrations_in_flavor_resize_situation): 200 GET http://10.180.1.21/compute/v2.1/servers/29c17291-50be-45a3-93c6-76bc8c7cbbb4 0.326s
2024-12-01 04:11:04.748 64042 INFO tempest.lib.common.rest_client [req-1a9257b0-58c8-4053-bd1a-09dd1a87fc9b req-1a9257b0-58c8-4053-bd1a-09dd1a87fc9b ] Request (ServerDiagnosticsNegativeTest:test_get_server_diagnostics_by_non_admin): 200 GET http://10.180.1.21/compute/v2.1/servers/667bfd5b-1331-4ff4-93ee-eaa7c7cc4246 0.338s
2024-12-01 04:11:04.815 63992 INFO tempest.lib.common.rest_client [req-5c4649c9-8e19-428c-8f1d-a02836112445 req-5c4649c9-8e19-428c-8f1d-a02836112445 ] Request (ListImageFiltersTestJSON:setUpClass): 200 GET http://10.180.1.21/compute/v2.1/servers/0c42630f-9e39-4eeb-aa56-d953cff6b4a9 0.340s
2024-12-01 04:11:04.819 63990 INFO tempest.lib.common.rest_client [req-0e905587-3151-4bd6-9cde-5d47005174eb req-0e905587-3151-4bd6-9cde-5d47005174eb ] Request (ServersTestBootFromVolume:setUpClass): 200 GET http://10.180.1.21/compute/v2.1/servers/5def97c4-7d72-4ade-bb17-160e91f67f75 0.288s
2024-12-01 04:11:04.842 63996 INFO tempest.lib.common.rest_client [req-75ea4725-597e-4a44-b34b-5b5da11f75fb req-75ea4725-597e-4a44-b34b-5b5da11f75fb ] Request (VolumesAdminNegativeTest:test_update_attached_volume_with_nonexistent_volume_in_body): 201 POST http://10.180.1.21:9696/networking/v2.0/security-groups 0.158s
2024-12-01 04:11:04.914 64016 INFO tempest.lib.common.rest_client [req-5d5aef36-3bb9-45be-a3ab-2e082115715b req-5d5aef36-3bb9-45be-a3ab-2e082115715b ] Request (ServersAdminTestJSON:setUpClass): 200 GET http://10.180.1.21/compute/v2.1/servers/6ca5ca5e-1f98-4d79-b22e-b07b67b5c5bd 0.371s
2024-12-01 04:11:04.942 63996 INFO tempest.lib.common.rest_client [req-f1baea9d-9f68-4fd8-888f-80ee6707bce6 req-f1baea9d-9f68-4fd8-888f-80ee6707bce6 ] Request (VolumesAdminNegativeTest:test_update_attached_volume_with_nonexistent_volume_in_body): 201 POST http://10.180.1.21:9696/networking/v2.0/security-group-rules 0.099s
2024-12-01 04:11:05.023 63996 INFO tempest.lib.common.rest_client [req-61df6c7b-f706-4440-b7bd-284fc27e271b req-61df6c7b-f706-4440-b7bd-284fc27e271b ] Request (VolumesAdminNegativeTest:test_update_attached_volume_with_nonexistent_volume_in_body): 201 POST http://10.180.1.21:9696/networking/v2.0/security-group-rules 0.081s
2024-12-01 04:11:05.034 64050 INFO tempest.lib.common.rest_client [req-8c3860ce-b5fc-4137-99c0-4fa935aa3d4f req-8c3860ce-b5fc-4137-99c0-4fa935aa3d4f ] Request (InstanceActionsTestJSON:setUpClass): 200 GET http://10.180.1.21/compute/v2.1/servers/6f7a3a1f-859d-42f5-b986-6a1a038ca536 0.157s
2024-12-01 04:11:05.039 64038 INFO tempest.lib.common.rest_client [req-aa13288f-8cb6-45a6-9b91-832cf1431aaa req-aa13288f-8cb6-45a6-9b91-832cf1431aaa ] Request (ServerDiskConfigTestJSON:test_rebuild_server_with_auto_disk_config): 200 GET http://10.180.1.21/compute/v2.1/servers/98eb6b3f-69c8-4837-9b5c-a1485fe5cab6 0.161s
2024-12-01 04:11:05.098 64026 INFO tempest.lib.common.rest_client [req-dd3a3fa3-60fb-4177-8839-16e7d02fee31 req-dd3a3fa3-60fb-4177-8839-16e7d02fee31 ] Request (MultipleCreateTestJSON:test_multiple_create): 200 GET http://10.180.1.21/compute/v2.1/servers/879dce1e-340a-48d0-9291-857f39fec597 0.158s
2024-12-01 04:11:05.164 64036 INFO tempest.lib.common.rest_client [req-c52abd51-ec6c-4822-af8e-d341e8a42ee3 req-c52abd51-ec6c-4822-af8e-d341e8a42ee3 ] Request (ServersTestFqdnHostnames:test_create_server_with_fqdn_name): 200 GET http://10.180.1.21/compute/v2.1/servers/f9a675b6-e76d-492b-ac34-3c7b10553fca 0.151s
2024-12-01 04:11:05.213 64020 INFO tempest.lib.common.rest_client [req-485f4a2a-e323-4875-9ca6-20e857968628 req-485f4a2a-e323-4875-9ca6-20e857968628 ] Request (ServerExternalEventsTest:test_create_server_external_events): 200 GET http://10.180.1.21/compute/v2.1/servers/1c36f4af-0222-48d3-ac90-776f7fe807de 0.161s
2024-12-01 04:11:05.217 64004 INFO tempest.lib.common.rest_client [req-5a087e02-9adf-474d-9a4d-4d2ce2b125bf req-5a087e02-9adf-474d-9a4d-4d2ce2b125bf ] Request (DeleteServersAdminTestJSON:test_admin_delete_servers_of_others): 200 GET http://10.180.1.21/compute/v2.1/servers/ffe47fec-5f84-4a9a-a103-e59a90201064 0.145s
2024-12-01 04:11:05.273 63998 INFO tempest.lib.common.rest_client [req-e7a3f16d-079b-41ff-a8c5-7eb855a953a2 req-e7a3f16d-079b-41ff-a8c5-7eb855a953a2 ] Request (ServersTestJSON:setUpClass): 200 GET http://10.180.1.21/compute/v2.1/servers/fde11c71-3511-4fea-84c7-0e7de062951b 0.149s
2024-12-01 04:11:05.317 64018 INFO tempest.lib.common.rest_client [req-14b186f0-f2f4-4d5b-b9b0-268a2f189e6b req-14b186f0-f2f4-4d5b-b9b0-268a2f189e6b ] Request (VolumesAssistedSnapshotsTest:test_volume_assisted_snapshot_create_delete): 200 GET http://10.180.1.21/compute/v2.1/servers/ee0e3e54-c135-489f-87ca-f441efebcbd5 0.129s
2024-12-01 04:11:05.331 64030 INFO tempest.lib.common.rest_client [req-697a5fc0-996f-450d-a6cb-fe60104a1070 req-697a5fc0-996f-450d-a6cb-fe60104a1070 ] Request (ServerDiagnosticsTest:test_get_server_diagnostics): 200 GET http://10.180.1.21/compute/v2.1/servers/29bee3d3-a6d2-43a9-8439-d5b842214cf1 0.157s
2024-12-01 04:11:05.362 64008 INFO tempest.lib.common.rest_client [req-8d47d81b-f720-4b73-9c3f-bccf52f927d7 req-8d47d81b-f720-4b73-9c3f-bccf52f927d7 ] Request (ImagesTestJSON:test_create_image_from_stopped_server): 200 GET http://10.180.1.21/compute/v2.1/servers/562e2e30-99d6-4edd-8382-e2e765c6a449 0.114s
2024-12-01 04:11:05.377 64046 INFO tempest.lib.common.rest_client [req-ab7c2d80-3c2c-4946-9ebd-6e17af725b75 req-ab7c2d80-3c2c-4946-9ebd-6e17af725b75 ] Request (ServersWithSpecificFlavorTestJSON:test_verify_created_server_ephemeral_disk): 200 GET http://10.180.1.21/compute/v2.1/servers/4ef40272-deb2-414a-b0ac-0bc30ba2bc84 0.120s
2024-12-01 04:11:05.409 64000 INFO tempest.lib.common.rest_client [req-36405922-a0aa-4331-bae6-f248d27af228 req-36405922-a0aa-4331-bae6-f248d27af228 ] Request (AttachInterfacesUnderV243Test:test_add_remove_fixed_ip): 200 GET http://10.180.1.21/compute/v2.1/servers/10cb6a2e-4a08-453e-9372-4ea14958470d 0.106s
2024-12-01 04:11:05.421 64014 INFO tempest.lib.common.rest_client [req-dab607a4-ca62-4821-a604-c85a63b826e4 req-dab607a4-ca62-4821-a604-c85a63b826e4 ] Request (ServersTestManualDisk:setUpClass): 200 GET http://10.180.1.21/compute/v2.1/servers/9f599f13-3906-4766-a1a5-a324da916370 0.071s
2024-12-01 04:11:05.480 64052 INFO tempest.lib.common.rest_client [req-76858124-eaa0-4a77-9bd3-ba907dcafce2 req-76858124-eaa0-4a77-9bd3-ba907dcafce2 ] Request (AttachInterfacesV270Test:test_create_get_list_interfaces): 200 GET http://10.180.1.21/compute/v2.1/servers/e56bdc9e-964f-4994-be20-9a981095f813 0.081s
2024-12-01 04:11:05.499 63996 INFO tempest.lib.common.rest_client [req-201f16ec-a5ee-4cc1-b0a4-f80fe8d5bea9 req-201f16ec-a5ee-4cc1-b0a4-f80fe8d5bea9 ] Request (VolumesAdminNegativeTest:test_update_attached_volume_with_nonexistent_volume_in_body): 201 POST http://10.180.1.21:9696/networking/v2.0/floatingips 0.475s
2024-12-01 04:11:05.528 64006 INFO tempest.lib.common.rest_client [req-20b06553-ae4f-4616-bdcf-85013229b8c6 req-20b06553-ae4f-4616-bdcf-85013229b8c6 ] Request (ServerDiagnosticsV248Test:test_get_server_diagnostics): 200 GET http://10.180.1.21/compute/v2.1/servers/4e94548a-c81b-46c1-886b-bb5e2b8ebf9d 0.104s
2024-12-01 04:11:05.531 64002 INFO tempest.lib.common.rest_client [req-b9ea130e-7fce-4c9c-8fc6-e6299f344897 req-b9ea130e-7fce-4c9c-8fc6-e6299f344897 ] Request (ServerActionsTestJSON:setUpClass): 200 GET http://10.180.1.21/compute/v2.1/servers/71509f58-5616-4d6a-9a88-3bfd9d414a0c 0.164s
2024-12-01 04:11:05.531 63996 INFO tempest.lib.common.rest_client [req-8f825609-9179-4aac-8717-7e20726ee3a1 req-8f825609-9179-4aac-8717-7e20726ee3a1 ] Request (VolumesAdminNegativeTest:test_update_attached_volume_with_nonexistent_volume_in_body): 201 POST http://10.180.1.21/identity/v3/auth/tokens 0.029s
2024-12-01 04:11:05.532 63996 INFO tempest.lib.common.fixed_network [-] (VolumesAdminNegativeTest:test_update_attached_volume_with_nonexistent_volume_in_body) Found network {'id': '4881720d-78ec-4fa5-ac05-915e1d68e0e0', 'name': 'tempest-VolumesAdminNegativeTest-829948714-network', 'tenant_id': 'ba20bc7d580b4d7fa87a7b2fcc0c51d9', 'admin_state_up': True, 'mtu': 8950, 'status': 'ACTIVE', 'subnets': [], 'shared': False, 'project_id': 'ba20bc7d580b4d7fa87a7b2fcc0c51d9', 'port_security_enabled': True, 'router:external': False, 'provider:network_type': 'vlan', 'provider:physical_network': 'default', 'provider:segmentation_id': 760, 'is_default': False, 'availability_zone_hints': [], 'availability_zones': [], 'ipv4_address_scope': None, 'ipv6_address_scope': None, 'description': '', 'tags': [], 'created_at': '2024-12-01T04:10:58Z', 'updated_at': '2024-12-01T04:10:58Z', 'revision_number': 1} available for tenant
2024-12-01 04:11:05.588 64010 INFO tempest.lib.common.rest_client [req-9f546c6a-0c33-400a-93a4-bf26f8ccd289 req-9f546c6a-0c33-400a-93a4-bf26f8ccd289 ] Request (ListServersNegativeTestJSON:setUpClass): 200 GET http://10.180.1.21/compute/v2.1/servers/55e8066d-cb8f-4731-b5bd-57adfebae81a 0.141s
2024-12-01 04:11:05.588 63994 INFO tempest.lib.common.rest_client [req-be127e0d-f2dc-42e8-9f16-265bdd3b1f4c req-be127e0d-f2dc-42e8-9f16-265bdd3b1f4c ] Request (ImagesOneServerTestJSON:setUpClass): 200 GET http://10.180.1.21/compute/v2.1/servers/04488672-86c4-415b-961e-94641d570112 0.121s
2024-12-01 04:11:05.633 64034 INFO tempest.lib.common.rest_client [req-9ecb24ff-eadf-4662-9ec4-121f1cdd4afc req-9ecb24ff-eadf-4662-9ec4-121f1cdd4afc ] Request (ServerPasswordTestJSON:setUpClass): 200 GET http://10.180.1.21/compute/v2.1/servers/25222911-beaf-4f80-be5e-a6decd09958d 0.137s
2024-12-01 04:11:05.687 64044 INFO tempest.lib.common.rest_client [req-12de3876-26df-43bf-8d13-7a1c9cee19f3 req-12de3876-26df-43bf-8d13-7a1c9cee19f3 ] Request (ServerAddressesTestJSON:setUpClass): 200 GET http://10.180.1.21/compute/v2.1/servers/7a7a0ef0-bbea-42c0-b96e-4efc4207a655 0.134s
2024-12-01 04:11:05.825 64032 INFO tempest.lib.common.rest_client [req-189fdafa-d409-4e47-be34-efdcd684c0e1 req-189fdafa-d409-4e47-be34-efdcd684c0e1 ] Request (InstanceActionsNegativeTestJSON:setUpClass): 200 GET http://10.180.1.21/compute/v2.1/servers/5e748c4b-03c5-4a88-a4ed-27093f2aef47 0.254s
2024-12-01 04:11:05.883 64012 INFO tempest.lib.common.rest_client [req-bbab4a69-e2a5-45b3-a77e-294793cd45bb req-bbab4a69-e2a5-45b3-a77e-294793cd45bb ] Request (ImagesNegativeTestJSON:test_create_image_from_deleted_server): 200 GET http://10.180.1.21/compute/v2.1/servers/fffb383d-e1db-4640-9201-0ea897c472d9 0.261s
2024-12-01 04:11:06.005 64042 INFO tempest.lib.common.rest_client [req-6ec6b400-e480-4e69-a96d-465d32d965fe req-6ec6b400-e480-4e69-a96d-465d32d965fe ] Request (ServerDiagnosticsNegativeTest:test_get_server_diagnostics_by_non_admin): 200 GET http://10.180.1.21/compute/v2.1/servers/667bfd5b-1331-4ff4-93ee-eaa7c7cc4246 0.249s
2024-12-01 04:11:06.055 64040 INFO tempest.lib.common.rest_client [req-75b16910-041c-4e1c-9b75-41aac9d29709 req-75b16910-041c-4e1c-9b75-41aac9d29709 ] Request (MigrationsAdminTest:test_list_migrations_in_flavor_resize_situation): 200 GET http://10.180.1.21/compute/v2.1/servers/29c17291-50be-45a3-93c6-76bc8c7cbbb4 0.298s
2024-12-01 04:11:06.057 63996 INFO tempest.lib.common.rest_client [req-b3a91ef2-9123-4a8e-9021-55066b4220f5 req-b3a91ef2-9123-4a8e-9021-55066b4220f5 ] Request (VolumesAdminNegativeTest:test_update_attached_volume_with_nonexistent_volume_in_body): 202 POST http://10.180.1.21/compute/v2.1/servers 0.524s
2024-12-01 04:11:06.111 63992 INFO tempest.lib.common.rest_client [req-f28c27e1-da0c-4059-a390-6e2c9bf40e1d req-f28c27e1-da0c-4059-a390-6e2c9bf40e1d ] Request (ListImageFiltersTestJSON:setUpClass): 200 GET http://10.180.1.21/compute/v2.1/servers/0c42630f-9e39-4eeb-aa56-d953cff6b4a9 0.289s
2024-12-01 04:11:06.118 63990 INFO tempest.lib.common.rest_client [req-88ce6e94-c619-432f-aa86-c51663fc37cd req-88ce6e94-c619-432f-aa86-c51663fc37cd ] Request (ServersTestBootFromVolume:setUpClass): 200 GET http://10.180.1.21/compute/v2.1/servers/5def97c4-7d72-4ade-bb17-160e91f67f75 0.287s
2024-12-01 04:11:06.250 64050 INFO tempest.lib.common.rest_client [req-555622a1-3681-479c-a320-e5af7eb4ffcc req-555622a1-3681-479c-a320-e5af7eb4ffcc ] Request (InstanceActionsTestJSON:setUpClass): 200 GET http://10.180.1.21/compute/v2.1/servers/6f7a3a1f-859d-42f5-b986-6a1a038ca536 0.210s
2024-12-01 04:11:06.254 64016 INFO tempest.lib.common.rest_client [req-aae4b2ef-f507-456f-b550-7bf8dad0cdbc req-aae4b2ef-f507-456f-b550-7bf8dad0cdbc ] Request (ServersAdminTestJSON:setUpClass): 200 GET http://10.180.1.21/compute/v2.1/servers/6ca5ca5e-1f98-4d79-b22e-b07b67b5c5bd 0.328s
2024-12-01 04:11:06.288 63996 INFO tempest.lib.common.rest_client [req-4a6910e9-38c4-4d96-b52f-6ee196728a04 req-4a6910e9-38c4-4d96-b52f-6ee196728a04 ] Request (VolumesAdminNegativeTest:test_update_attached_volume_with_nonexistent_volume_in_body): 200 GET http://10.180.1.21/compute/v2.1/servers/1305216b-0ee5-499a-a82a-30b45a8c832c 0.229s
2024-12-01 04:11:06.349 64026 INFO tempest.lib.common.rest_client [req-46fec904-2581-4dd9-a133-4ee36419cd88 req-46fec904-2581-4dd9-a133-4ee36419cd88 ] Request (MultipleCreateTestJSON:test_multiple_create): 200 GET http://10.180.1.21/compute/v2.1/servers/879dce1e-340a-48d0-9291-857f39fec597 0.243s
2024-12-01 04:11:06.365 64038 INFO tempest.lib.common.rest_client [req-b4a5ec3e-e409-41d0-a695-b88b3a5427ad req-b4a5ec3e-e409-41d0-a695-b88b3a5427ad ] Request (ServerDiskConfigTestJSON:test_rebuild_server_with_auto_disk_config): 200 GET http://10.180.1.21/compute/v2.1/servers/98eb6b3f-69c8-4837-9b5c-a1485fe5cab6 0.319s
2024-12-01 04:11:06.472 64036 INFO tempest.lib.common.rest_client [req-48839552-c422-496c-909b-b084b9d0c48a req-48839552-c422-496c-909b-b084b9d0c48a ] Request (ServersTestFqdnHostnames:test_create_server_with_fqdn_name): 200 GET http://10.180.1.21/compute/v2.1/servers/f9a675b6-e76d-492b-ac34-3c7b10553fca 0.301s
2024-12-01 04:11:06.484 64020 INFO tempest.lib.common.rest_client [req-83551a79-58f3-402d-bb2b-4aa6c350489c req-83551a79-58f3-402d-bb2b-4aa6c350489c ] Request (ServerExternalEventsTest:test_create_server_external_events): 200 GET http://10.180.1.21/compute/v2.1/servers/1c36f4af-0222-48d3-ac90-776f7fe807de 0.263s
2024-12-01 04:11:06.518 64004 INFO tempest.lib.common.rest_client [req-b3b881c3-d91b-42f2-a80b-1e17b8fba229 req-b3b881c3-d91b-42f2-a80b-1e17b8fba229 ] Request (DeleteServersAdminTestJSON:test_admin_delete_servers_of_others): 200 GET http://10.180.1.21/compute/v2.1/servers/ffe47fec-5f84-4a9a-a103-e59a90201064 0.295s
2024-12-01 04:11:06.533 63998 INFO tempest.lib.common.rest_client [req-62dc0283-a039-4aa2-8e83-562a23774ed0 req-62dc0283-a039-4aa2-8e83-562a23774ed0 ] Request (ServersTestJSON:setUpClass): 200 GET http://10.180.1.21/compute/v2.1/servers/fde11c71-3511-4fea-84c7-0e7de062951b 0.251s
2024-12-01 04:11:06.564 64018 INFO tempest.lib.common.rest_client [req-fb87456a-25cf-46f5-b725-8fa7acc4d26f req-fb87456a-25cf-46f5-b725-8fa7acc4d26f ] Request (VolumesAssistedSnapshotsTest:test_volume_assisted_snapshot_create_delete): 200 GET http://10.180.1.21/compute/v2.1/servers/ee0e3e54-c135-489f-87ca-f441efebcbd5 0.239s
2024-12-01 04:11:06.617 64008 INFO tempest.lib.common.rest_client [req-cc7523d9-8080-43f8-85dc-ca1f4bfefb31 req-cc7523d9-8080-43f8-85dc-ca1f4bfefb31 ] Request (ImagesTestJSON:test_create_image_from_stopped_server): 200 GET http://10.180.1.21/compute/v2.1/servers/562e2e30-99d6-4edd-8382-e2e765c6a449 0.248s
2024-12-01 04:11:06.634 64030 INFO tempest.lib.common.rest_client [req-68401906-ac20-479e-bfc6-9a3574b28317 req-68401906-ac20-479e-bfc6-9a3574b28317 ] Request (ServerDiagnosticsTest:test_get_server_diagnostics): 200 GET http://10.180.1.21/compute/v2.1/servers/29bee3d3-a6d2-43a9-8439-d5b842214cf1 0.297s
2024-12-01 04:11:06.671 64046 INFO tempest.lib.common.rest_client [req-43fdd11b-9989-4ec7-b999-eb7659592ad4 req-43fdd11b-9989-4ec7-b999-eb7659592ad4 ] Request (ServersWithSpecificFlavorTestJSON:test_verify_created_server_ephemeral_disk): 200 GET http://10.180.1.21/compute/v2.1/servers/4ef40272-deb2-414a-b0ac-0bc30ba2bc84 0.287s
2024-12-01 04:11:06.679 64000 INFO tempest.lib.common.rest_client [req-ace3fdf5-4e75-43bc-838b-49e1649a40d6 req-ace3fdf5-4e75-43bc-838b-49e1649a40d6 ] Request (AttachInterfacesUnderV243Test:test_add_remove_fixed_ip): 200 GET http://10.180.1.21/compute/v2.1/servers/10cb6a2e-4a08-453e-9372-4ea14958470d 0.264s
2024-12-01 04:11:06.732 64014 INFO tempest.lib.common.rest_client [req-d3379d02-a385-41ee-b3a2-f8dfa2d156ef req-d3379d02-a385-41ee-b3a2-f8dfa2d156ef ] Request (ServersTestManualDisk:setUpClass): 200 GET http://10.180.1.21/compute/v2.1/servers/9f599f13-3906-4766-a1a5-a324da916370 0.304s
2024-12-01 04:11:06.741 64052 INFO tempest.lib.common.rest_client [req-c32a805d-338d-4012-8032-3efe0ce5ac65 req-c32a805d-338d-4012-8032-3efe0ce5ac65 ] Request (AttachInterfacesV270Test:test_create_get_list_interfaces): 200 GET http://10.180.1.21/compute/v2.1/servers/e56bdc9e-964f-4994-be20-9a981095f813 0.251s
2024-12-01 04:11:06.781 64006 INFO tempest.lib.common.rest_client [req-beece9a4-3aa1-410c-a7a3-f990d3a42a5f req-beece9a4-3aa1-410c-a7a3-f990d3a42a5f ] Request (ServerDiagnosticsV248Test:test_get_server_diagnostics): 200 GET http://10.180.1.21/compute/v2.1/servers/4e94548a-c81b-46c1-886b-bb5e2b8ebf9d 0.243s
2024-12-01 04:11:06.836 63994 INFO tempest.lib.common.rest_client [req-a6150a80-d737-4fc1-ad43-2aceda8785b3 req-a6150a80-d737-4fc1-ad43-2aceda8785b3 ] Request (ImagesOneServerTestJSON:setUpClass): 200 GET http://10.180.1.21/compute/v2.1/servers/04488672-86c4-415b-961e-94641d570112 0.241s
2024-12-01 04:11:06.885 64010 INFO tempest.lib.common.rest_client [req-9618f54d-d30d-422d-91c0-cf3c7b1daaa0 req-9618f54d-d30d-422d-91c0-cf3c7b1daaa0 ] Request (ListServersNegativeTestJSON:setUpClass): 200 GET http://10.180.1.21/compute/v2.1/servers/55e8066d-cb8f-4731-b5bd-57adfebae81a 0.290s
2024-12-01 04:11:06.905 64002 INFO tempest.lib.common.rest_client [req-ef5edb21-efc5-4cea-8f7e-5bb86fa9cfd1 req-ef5edb21-efc5-4cea-8f7e-5bb86fa9cfd1 ] Request (ServerActionsTestJSON:setUpClass): 200 GET http://10.180.1.21/compute/v2.1/servers/71509f58-5616-4d6a-9a88-3bfd9d414a0c 0.365s
2024-12-01 04:11:06.930 64034 INFO tempest.lib.common.rest_client [req-e683a47d-f4e0-4d7b-814a-11af5fccd80f req-e683a47d-f4e0-4d7b-814a-11af5fccd80f ] Request (ServerPasswordTestJSON:setUpClass): 200 GET http://10.180.1.21/compute/v2.1/servers/25222911-beaf-4f80-be5e-a6decd09958d 0.290s
