2024-12-01 04:09:41.850 64050 INFO tempest.lib.common.rest_client [req-22832a0a-0d74-40a9-b24c-b00e02295b19 req-22832a0a-0d74-40a9-b24c-b00e02295b19 ] Request (InstanceActionsTestJSON:setUpClass): 200 GET http://10.180.1.21/compute/v2.1/servers/6f7a3a1f-859d-42f5-b986-6a1a038ca536 2.435s
2024-12-01 04:09:41.856 64034 INFO tempest.lib.common.rest_client [req-16f79967-3781-4fba-893c-49a7aa5a71b1 req-16f79967-3781-4fba-893c-49a7aa5a71b1 ] Request (QuotasAdminTestJSON:test_get_updated_quotas): 200 PUT http://10.180.1.21/compute/v2.1/os-quota-sets/a00f9379a18b480f8d3e1cad5d4897ee 2.470s
2024-12-01 04:09:41.881 64006 INFO tempest.lib.common.rest_client [req-6888ca4a-2f05-486d-835e-32deff2a84d1 req-6888ca4a-2f05-486d-835e-32deff2a84d1 ] Request (FlavorsAdminTestJSON:test_create_flavor_with_none_id): 200 POST http://10.180.1.21/compute/v2.1/flavors 2.408s
2024-12-01 04:09:41.893 64010 INFO tempest.lib.common.rest_client [req-2e335f11-ce74-4449-8b06-03aea1334d5a req-2e335f11-ce74-4449-8b06-03aea1334d5a ] Request (KeyPairsV22TestJSON:test_keypairs_create_list_delete): 201 POST http://10.180.1.21/compute/v2.1/os-keypairs 2.443s
2024-12-01 04:09:41.903 64040 INFO tempest.lib.common.rest_client [req-d48fd80d-3d68-49ca-b9c5-74d3705ba785 req-d48fd80d-3d68-49ca-b9c5-74d3705ba785 ] Request (HostsAdminNegativeTestJSON:test_startup_nonexistent_host): 404 GET http://10.180.1.21/compute/v2.1/os-hosts/nonexistent_hostname/startup 2.399s
2024-12-01 04:09:41.904 63998 INFO tempest.lib.common.rest_client [req-e87abe26-928f-4060-aeeb-c1776e5589fa req-e87abe26-928f-4060-aeeb-c1776e5589fa ] Request (FlavorsAccessTestJSON:_run_cleanups): 200 GET http://10.180.1.21/compute/v2.1/flavors/detail 2.409s
2024-12-01 04:09:41.924 64024 INFO tempest.lib.common.rest_client [req-5bd921b7-7441-42f0-89b7-b1a5698c0d94 req-5bd921b7-7441-42f0-89b7-b1a5698c0d94 ] Request (FlavorsExtraSpecsNegativeTestJSON:tearDownClass): 200 GET http://10.180.1.21/compute/v2.1/flavors/detail 2.386s
2024-12-01 04:09:41.927 64014 INFO tempest.lib.common.rest_client [req-8864993e-6b04-4b5b-a545-ccd4495ccd0e req-8864993e-6b04-4b5b-a545-ccd4495ccd0e ] Request (KeyPairsNegativeTestJSON:test_keypair_delete_nonexistent_key): 404 DELETE http://10.180.1.21/compute/v2.1/os-keypairs/tempest-keypair-non-existent-1500631834 2.386s
2024-12-01 04:09:41.937 64004 INFO tempest.lib.common.rest_client [req-33bf3f83-664c-4159-9709-3509667d6a99 req-33bf3f83-664c-4159-9709-3509667d6a99 ] Request (AggregatesAdminNegativeTestJSON:test_aggregate_create_aggregate_name_length_exceeds_255): 400 POST http://10.180.1.21/compute/v2.1/os-aggregates 2.355s
2024-12-01 04:09:41.946 64046 INFO tempest.lib.common.rest_client [req-9f08a0ef-01df-44f5-8884-3984b7c3e3f4 req-9f08a0ef-01df-44f5-8884-3984b7c3e3f4 ] Request (ServersWithSpecificFlavorTestJSON:test_verify_created_server_ephemeral_disk): 200 GET http://10.180.1.21/compute/v2.1/flavors/42/os-extra_specs 2.311s
2024-12-01 04:09:41.961 64044 INFO tempest.lib.common.rest_client [req-6b9e0913-b77e-4b12-9c28-8fba9033fc19 req-6b9e0913-b77e-4b12-9c28-8fba9033fc19 ] Request (FlavorsAccessNegativeTestJSON:test_flavor_non_admin_add): 200 POST http://10.180.1.21/compute/v2.1/flavors 2.308s
2024-12-01 04:09:42.002 63994 INFO tempest.lib.common.rest_client [req-7e9d2c3f-475f-4794-9708-e629c25f062c req-7e9d2c3f-475f-4794-9708-e629c25f062c ] Request (ImagesOneServerTestJSON:setUpClass): 200 PUT http://10.180.1.21:9696/networking/v2.0/routers/359db58b-442a-4117-a985-2dbb8140ab83/add_router_interface 3.283s
2024-12-01 04:09:42.002 63994 INFO tempest.lib.common.dynamic_creds [-] Created isolated network resources for: credentials: Credentials: {'domain_id': 'default', 'domain_name': 'Default', 'username': 'tempest-ImagesOneServerTestJSON-670042136-project-member', 'project_domain_id': 'default', 'project_domain_name': 'Default', 'project_id': '13c05cdcd6e14adea60f0075b182b2b0', 'project_name': 'tempest-ImagesOneServerTestJSON-670042136', 'tenant_id': '13c05cdcd6e14adea60f0075b182b2b0', 'tenant_name': 'tempest-ImagesOneServerTestJSON-670042136', 'user_domain_id': 'default', 'user_domain_name': 'Default', 'user_id': '2e2dde1cc9fd4390a38b6976e3aa2357', 'system': None}, Network: {'id': 'ed56da72-b8e7-498c-80d3-a5b50338843c', 'name': 'tempest-ImagesOneServerTestJSON-711162665-network', 'tenant_id': '13c05cdcd6e14adea60f0075b182b2b0', 'admin_state_up': True, 'mtu': 8950, 'status': 'ACTIVE', 'subnets': [], 'shared': False, 'project_id': '13c05cdcd6e14adea60f0075b182b2b0', 'port_security_enabled': True, 'router:external': False, 'provider:network_type': 'vlan', 'provider:physical_network': 'default', 'provider:segmentation_id': 539, 'is_default': False, 'availability_zone_hints': [], 'availability_zones': [], 'ipv4_address_scope': None, 'ipv6_address_scope': None, 'description': '', 'tags': [], 'created_at': '2024-12-01T04:09:33Z', 'updated_at': '2024-12-01T04:09:33Z', 'revision_number': 1}, Subnet: {'id': '2ebae680-d9c3-457d-a87a-4ba410b48108', 'name': 'tempest-ImagesOneServerTestJSON-711162665-subnet', 'tenant_id': '13c05cdcd6e14adea60f0075b182b2b0', 'network_id': 'ed56da72-b8e7-498c-80d3-a5b50338843c', 'ip_version': 4, 'subnetpool_id': None, 'enable_dhcp': True, 'ipv6_ra_mode': None, 'ipv6_address_mode': None, 'gateway_ip': '192.168.128.1', 'cidr': '192.168.128.0/28', 'allocation_pools': [{'start': '192.168.128.2', 'end': '192.168.128.14'}], 'host_routes': [], 'dns_nameservers': [], 'description': '', 'service_types': [], 'tags': [], 'created_at': '2024-12-01T04:09:33Z', 'updated_at': '2024-12-01T04:09:33Z', 'revision_number': 0, 'project_id': '13c05cdcd6e14adea60f0075b182b2b0'}, Router: {'id': '359db58b-442a-4117-a985-2dbb8140ab83', 'name': 'tempest-ImagesOneServerTestJSON-711162665-router', 'tenant_id': '13c05cdcd6e14adea60f0075b182b2b0', 'admin_state_up': True, 'status': 'ACTIVE', 'external_gateway_info': {'network_id': 'ff6dcbd7-08f9-4268-a5f2-5a5b907c32d9', 'external_fixed_ips': [{'subnet_id': '757d8768-906c-4a56-93f6-3e1409be4a54', 'ip_address': '10.180.180.223'}], 'enable_snat': True}, 'description': '', 'availability_zones': [], 'distributed': False, 'ha': False, 'availability_zone_hints': [], 'routes': [], 'flavor_id': None, 'tags': [], 'created_at': '2024-12-01T04:09:34Z', 'updated_at': '2024-12-01T04:09:37Z', 'revision_number': 2, 'project_id': '13c05cdcd6e14adea60f0075b182b2b0'}
2024-12-01 04:09:42.150 64002 INFO tempest.lib.common.rest_client [req-43d67ccf-640f-49aa-8dd6-ae4174a655f3 req-43d67ccf-640f-49aa-8dd6-ae4174a655f3 ] Request (ServerActionsTestJSON:setUpClass): 200 GET http://10.180.1.21/compute/v2.1/servers/71509f58-5616-4d6a-9a88-3bfd9d414a0c 2.398s
2024-12-01 04:09:42.156 63998 INFO tempest.lib.common.rest_client [req-fa924254-ba9b-4c1c-8178-79e5e3c12d21 req-fa924254-ba9b-4c1c-8178-79e5e3c12d21 ] Request (FlavorsAccessTestJSON:tearDownClass): 204 DELETE http://10.180.1.21/identity/v3/users/c4b603c3ebf64ca7805014ee3e0e2359 0.244s
2024-12-01 04:09:42.182 64036 INFO tempest.lib.common.rest_client [req-0f5d92ee-42f4-45c4-93a9-30d16d342899 req-0f5d92ee-42f4-45c4-93a9-30d16d342899 ] Request (ServersTestFqdnHostnames:test_create_server_with_fqdn_name): 200 GET http://10.180.1.21/compute/v2.1/servers/f9a675b6-e76d-492b-ac34-3c7b10553fca 2.393s
2024-12-01 04:09:42.185 63992 INFO tempest.lib.common.rest_client [req-cc65bf48-ca69-416b-a909-d083dad8ef6d req-cc65bf48-ca69-416b-a909-d083dad8ef6d ] Request (ServicesAdminNegativeTestJSON:test_get_service_with_valid_service_and_invalid_host): 200 GET http://10.180.1.21/compute/v2.1/os-services 2.009s
2024-12-01 04:09:42.193 64014 INFO tempest.lib.common.rest_client [req-9deb53b7-5f3c-48dc-a9ec-50e29a347365 req-9deb53b7-5f3c-48dc-a9ec-50e29a347365 ] Request (KeyPairsNegativeTestJSON:tearDownClass): 204 DELETE http://10.180.1.21/identity/v3/users/14d8c9613e4646419a98e9c2050507b4 0.265s
2024-12-01 04:09:42.194 64014 INFO tempest.lib.common.dynamic_creds [-] Deleting project and security group for project: 4eb91f6a2c514ee4b4a97c204b16fd04
2024-12-01 04:09:42.212 64000 INFO tempest.lib.common.rest_client [req-c73d81c9-b9d0-423f-b8cc-85f7cbc23d10 req-c73d81c9-b9d0-423f-b8cc-85f7cbc23d10 ] Request (HypervisorAdminTestJSON:test_get_hypervisor_show_details): 200 GET http://10.180.1.21/compute/v2.1/os-hypervisors/1 2.014s
2024-12-01 04:09:42.219 64026 INFO tempest.lib.common.rest_client [req-893dca97-8067-49b1-83a3-d4097209db4d req-893dca97-8067-49b1-83a3-d4097209db4d ] Request (FloatingIPsNegativeTestJSON:test_allocate_floating_ip_from_nonexistent_pool): 404 POST http://10.180.1.21/compute/v2.1/os-floating-ips 1.818s
2024-12-01 04:09:42.301 64024 INFO tempest.lib.common.rest_client [req-bc2213e4-f695-4401-a754-7700c3ac2d42 req-bc2213e4-f695-4401-a754-7700c3ac2d42 ] Request (FlavorsExtraSpecsNegativeTestJSON:tearDownClass): 204 DELETE http://10.180.1.21/identity/v3/users/3974d9fc84a744549b97acadf3d7c39f 0.371s
2024-12-01 04:09:42.304 63994 INFO tempest.lib.common.rest_client [req-61a0518e-3a58-4f3d-8614-c34ef5fb1f6f req-61a0518e-3a58-4f3d-8614-c34ef5fb1f6f ] Request (ImagesOneServerTestJSON:setUpClass): 201 POST http://10.180.1.21/identity/v3/auth/tokens 0.300s
2024-12-01 04:09:42.344 63990 INFO tempest.lib.common.rest_client [req-40a68b44-a654-4176-bf91-55e976f64fd9 req-40a68b44-a654-4176-bf91-55e976f64fd9 ] Request (ServersAdmin275Test:test_rebuild_update_server_275): 200 GET http://10.180.1.21/compute/v2.1/servers/7f516750-b7ee-471b-a386-b898aac3985c 1.821s
2024-12-01 04:09:42.363 64014 INFO tempest.lib.common.rest_client [req-a7628035-9558-423d-ae90-a2d7f02eff84 req-a7628035-9558-423d-ae90-a2d7f02eff84 ] Request (KeyPairsNegativeTestJSON:tearDownClass): 201 POST http://10.180.1.21/identity/v3/auth/tokens 0.168s
2024-12-01 04:09:42.420 63998 INFO tempest.lib.common.rest_client [req-2d210a29-05eb-4a4f-acd3-1c89c7658c85 req-2d210a29-05eb-4a4f-acd3-1c89c7658c85 ] Request (FlavorsAccessTestJSON:tearDownClass): 204 DELETE http://10.180.1.21/identity/v3/users/7c8644a21b304645bb7963ff4deaa7cb 0.264s
2024-12-01 04:09:42.421 63998 INFO tempest.lib.common.dynamic_creds [-] Deleting project and security group for project: e7f96a79a0d94a8aac8b7a5392bc254b
2024-12-01 04:09:42.421 64024 INFO tempest.lib.common.rest_client [req-e078fa45-811c-44ab-9f9f-3b9a570c1841 req-e078fa45-811c-44ab-9f9f-3b9a570c1841 ] Request (FlavorsExtraSpecsNegativeTestJSON:tearDownClass): 204 DELETE http://10.180.1.21/identity/v3/users/87f2b55e705b4c50be17d287b7e7951b 0.119s
2024-12-01 04:09:42.421 64024 INFO tempest.lib.common.dynamic_creds [-] Deleting project and security group for project: c896311a472f4f70af4943524d758b5d
2024-12-01 04:09:42.481 63994 INFO tempest.lib.common.rest_client [req-34decff3-bc52-465d-9374-4c62fc8230f0 req-34decff3-bc52-465d-9374-4c62fc8230f0 ] Request (ImagesOneServerTestJSON:setUpClass): 201 POST http://10.180.1.21/identity/v3/auth/tokens 0.173s
2024-12-01 04:09:42.481 63994 INFO tempest.lib.common.fixed_network [-] (ImagesOneServerTestJSON:setUpClass) Found network {'id': 'ed56da72-b8e7-498c-80d3-a5b50338843c', 'name': 'tempest-ImagesOneServerTestJSON-711162665-network', 'tenant_id': '13c05cdcd6e14adea60f0075b182b2b0', 'admin_state_up': True, 'mtu': 8950, 'status': 'ACTIVE', 'subnets': [], 'shared': False, 'project_id': '13c05cdcd6e14adea60f0075b182b2b0', 'port_security_enabled': True, 'router:external': False, 'provider:network_type': 'vlan', 'provider:physical_network': 'default', 'provider:segmentation_id': 539, 'is_default': False, 'availability_zone_hints': [], 'availability_zones': [], 'ipv4_address_scope': None, 'ipv6_address_scope': None, 'description': '', 'tags': [], 'created_at': '2024-12-01T04:09:33Z', 'updated_at': '2024-12-01T04:09:33Z', 'revision_number': 1} available for tenant
2024-12-01 04:09:42.520 63998 INFO tempest.lib.common.rest_client [req-1bb391cd-4986-4c56-90c1-12688fd85f86 req-1bb391cd-4986-4c56-90c1-12688fd85f86 ] Request (FlavorsAccessTestJSON:tearDownClass): 201 POST http://10.180.1.21/identity/v3/auth/tokens 0.099s
2024-12-01 04:09:42.543 64024 INFO tempest.lib.common.rest_client [req-fdf02fd2-2487-4b9a-9fa8-7f6e98bf2606 req-fdf02fd2-2487-4b9a-9fa8-7f6e98bf2606 ] Request (FlavorsExtraSpecsNegativeTestJSON:tearDownClass): 201 POST http://10.180.1.21/identity/v3/auth/tokens 0.122s
2024-12-01 04:09:42.603 64032 INFO tempest.lib.common.rest_client [req-6ee99a75-3b0c-4e7c-a4e9-c7ec8c4625cf req-6ee99a75-3b0c-4e7c-a4e9-c7ec8c4625cf ] Request (InstanceActionsNegativeTestJSON:setUpClass): 200 GET http://10.180.1.21/compute/v2.1/servers/5e748c4b-03c5-4a88-a4ed-27093f2aef47 2.171s
2024-12-01 04:09:42.636 64012 INFO tempest.lib.common.rest_client [req-fdc10145-5855-486f-86a4-aa7a1b264ec8 req-fdc10145-5855-486f-86a4-aa7a1b264ec8 ] Request (ImagesNegativeTestJSON:setUpClass): 200 PUT http://10.180.1.21:9696/networking/v2.0/routers/40854ae0-50fe-4cbf-86b8-ce9d44031c3d/add_router_interface 3.446s
2024-12-01 04:09:42.637 64012 INFO tempest.lib.common.dynamic_creds [-] Created isolated network resources for: credentials: Credentials: {'domain_id': 'default', 'domain_name': 'Default', 'username': 'tempest-ImagesNegativeTestJSON-285249914-project-member', 'project_domain_id': 'default', 'project_domain_name': 'Default', 'project_id': '7346308f847f439289b600b5e8ce75db', 'project_name': 'tempest-ImagesNegativeTestJSON-285249914', 'tenant_id': '7346308f847f439289b600b5e8ce75db', 'tenant_name': 'tempest-ImagesNegativeTestJSON-285249914', 'user_domain_id': 'default', 'user_domain_name': 'Default', 'user_id': '95808b2ce3324610add2c16809bffc21', 'system': None}, Network: {'id': 'dfc457b5-952b-40dc-9b45-4a20aa1e2bae', 'name': 'tempest-ImagesNegativeTestJSON-1813140769-network', 'tenant_id': '7346308f847f439289b600b5e8ce75db', 'admin_state_up': True, 'mtu': 8950, 'status': 'ACTIVE', 'subnets': [], 'shared': False, 'project_id': '7346308f847f439289b600b5e8ce75db', 'port_security_enabled': True, 'router:external': False, 'provider:network_type': 'vlan', 'provider:physical_network': 'default', 'provider:segmentation_id': 199, 'is_default': False, 'availability_zone_hints': [], 'availability_zones': [], 'ipv4_address_scope': None, 'ipv6_address_scope': None, 'description': '', 'tags': [], 'created_at': '2024-12-01T04:09:35Z', 'updated_at': '2024-12-01T04:09:36Z', 'revision_number': 1}, Subnet: {'id': 'e7d1bdf9-541a-4048-bc39-d39470878352', 'name': 'tempest-ImagesNegativeTestJSON-1813140769-subnet', 'tenant_id': '7346308f847f439289b600b5e8ce75db', 'network_id': 'dfc457b5-952b-40dc-9b45-4a20aa1e2bae', 'ip_version': 4, 'subnetpool_id': None, 'enable_dhcp': True, 'ipv6_ra_mode': None, 'ipv6_address_mode': None, 'gateway_ip': '192.168.128.1', 'cidr': '192.168.128.0/28', 'allocation_pools': [{'start': '192.168.128.2', 'end': '192.168.128.14'}], 'host_routes': [], 'dns_nameservers': [], 'description': '', 'service_types': [], 'tags': [], 'created_at': '2024-12-01T04:09:36Z', 'updated_at': '2024-12-01T04:09:36Z', 'revision_number': 0, 'project_id': '7346308f847f439289b600b5e8ce75db'}, Router: {'id': '40854ae0-50fe-4cbf-86b8-ce9d44031c3d', 'name': 'tempest-ImagesNegativeTestJSON-1813140769-router', 'tenant_id': '7346308f847f439289b600b5e8ce75db', 'admin_state_up': True, 'status': 'ACTIVE', 'external_gateway_info': {'network_id': 'ff6dcbd7-08f9-4268-a5f2-5a5b907c32d9', 'external_fixed_ips': [{'subnet_id': '757d8768-906c-4a56-93f6-3e1409be4a54', 'ip_address': '10.180.180.138'}], 'enable_snat': True}, 'description': '', 'availability_zones': [], 'distributed': False, 'ha': False, 'availability_zone_hints': [], 'routes': [], 'flavor_id': None, 'tags': [], 'created_at': '2024-12-01T04:09:37Z', 'updated_at': '2024-12-01T04:09:38Z', 'revision_number': 2, 'project_id': '7346308f847f439289b600b5e8ce75db'}
2024-12-01 04:09:42.703 64020 INFO tempest.lib.common.rest_client [req-a7a633ef-faa1-42b1-93d8-0120c47ff67f req-a7a633ef-faa1-42b1-93d8-0120c47ff67f ] Request (ServerExternalEventsTest:test_create_server_external_events): 200 GET http://10.180.1.21/compute/v2.1/servers/1c36f4af-0222-48d3-ac90-776f7fe807de 1.648s
2024-12-01 04:09:42.736 64012 INFO tempest.lib.common.rest_client [req-4d0cc8f0-3b08-442f-be5c-eef6c25358c8 req-4d0cc8f0-3b08-442f-be5c-eef6c25358c8 ] Request (ImagesNegativeTestJSON:setUpClass): 201 POST http://10.180.1.21/identity/v3/auth/tokens 0.094s
2024-12-01 04:09:42.768 64012 INFO tempest.lib.common.rest_client [req-004d0549-c776-4c34-9e12-90a045074c7c req-004d0549-c776-4c34-9e12-90a045074c7c ] Request (ImagesNegativeTestJSON:test_create_image_from_deleted_server): 201 POST http://10.180.1.21/identity/v3/auth/tokens 0.028s
2024-12-01 04:09:42.769 64012 INFO tempest.lib.common.fixed_network [-] (ImagesNegativeTestJSON:test_create_image_from_deleted_server) Found network {'id': 'dfc457b5-952b-40dc-9b45-4a20aa1e2bae', 'name': 'tempest-ImagesNegativeTestJSON-1813140769-network', 'tenant_id': '7346308f847f439289b600b5e8ce75db', 'admin_state_up': True, 'mtu': 8950, 'status': 'ACTIVE', 'subnets': [], 'shared': False, 'project_id': '7346308f847f439289b600b5e8ce75db', 'port_security_enabled': True, 'router:external': False, 'provider:network_type': 'vlan', 'provider:physical_network': 'default', 'provider:segmentation_id': 199, 'is_default': False, 'availability_zone_hints': [], 'availability_zones': [], 'ipv4_address_scope': None, 'ipv6_address_scope': None, 'description': '', 'tags': [], 'created_at': '2024-12-01T04:09:35Z', 'updated_at': '2024-12-01T04:09:36Z', 'revision_number': 1} available for tenant
2024-12-01 04:09:42.848 64024 INFO tempest.lib.common.rest_client [req-3d52ab2d-18d0-4d37-bbe4-9b62e8d0beeb req-3d52ab2d-18d0-4d37-bbe4-9b62e8d0beeb ] Request (FlavorsExtraSpecsNegativeTestJSON:tearDownClass): 200 GET http://10.180.1.21:9696/networking/v2.0/security-groups?tenant_id=c896311a472f4f70af4943524d758b5d&name=default 0.305s
2024-12-01 04:09:42.974 63996 INFO tempest.lib.common.rest_client [req-cee9e61b-38f6-40a5-9e1f-65d801d683b1 req-cee9e61b-38f6-40a5-9e1f-65d801d683b1 ] Request (ServersAdminNegativeTestJSON:setUpClass): 200 GET http://10.180.1.21/compute/v2.1/servers/2d442033-3ecf-4d0c-90f9-a5bbb1d7a6fd 1.903s
2024-12-01 04:09:42.985 64014 INFO tempest.lib.common.rest_client [req-f2d0e97c-0a8e-471b-a823-ae2ab0ad6332 req-f2d0e97c-0a8e-471b-a823-ae2ab0ad6332 ] Request (KeyPairsNegativeTestJSON:tearDownClass): 200 GET http://10.180.1.21:9696/networking/v2.0/security-groups?tenant_id=4eb91f6a2c514ee4b4a97c204b16fd04&name=default 0.622s
2024-12-01 04:09:42.997 64024 INFO tempest.lib.common.rest_client [req-529093cb-a014-4fc6-b913-2a63ae7f4ac2 req-529093cb-a014-4fc6-b913-2a63ae7f4ac2 ] Request (FlavorsExtraSpecsNegativeTestJSON:tearDownClass): 204 DELETE http://10.180.1.21:9696/networking/v2.0/security-groups/cfd7cc44-80cf-4042-a93f-a9569c942325 0.148s
2024-12-01 04:09:43.069 64014 INFO tempest.lib.common.rest_client [req-dd273e22-122c-4475-9cf9-c575870669a1 req-dd273e22-122c-4475-9cf9-c575870669a1 ] Request (KeyPairsNegativeTestJSON:tearDownClass): 204 DELETE http://10.180.1.21:9696/networking/v2.0/security-groups/07a9fd02-1c23-4e71-ab5f-d74c345d5983 0.083s
2024-12-01 04:09:43.077 64024 INFO tempest.lib.common.rest_client [req-69b948bd-6b49-44ee-b36f-9d73cbe4fe4a req-69b948bd-6b49-44ee-b36f-9d73cbe4fe4a ] Request (FlavorsExtraSpecsNegativeTestJSON:tearDownClass): 204 DELETE http://10.180.1.21/identity/v3/projects/c896311a472f4f70af4943524d758b5d 0.080s
2024-12-01 04:09:43.078 64024 INFO tempest.lib.common.dynamic_creds [-] Deleting project and security group for project: b87cb1e5a31f41c8a6eca4f7e84b32c9
2024-12-01 04:09:43.099 63998 INFO tempest.lib.common.rest_client [req-13cf1e37-463c-4e46-a60d-beb6d18b0d04 req-13cf1e37-463c-4e46-a60d-beb6d18b0d04 ] Request (FlavorsAccessTestJSON:tearDownClass): 200 GET http://10.180.1.21:9696/networking/v2.0/security-groups?tenant_id=e7f96a79a0d94a8aac8b7a5392bc254b&name=default 0.578s
2024-12-01 04:09:43.179 64014 INFO tempest.lib.common.rest_client [req-f061f22d-b857-4d47-8718-a8cf83f8d64a req-f061f22d-b857-4d47-8718-a8cf83f8d64a ] Request (KeyPairsNegativeTestJSON:tearDownClass): 204 DELETE http://10.180.1.21/identity/v3/projects/4eb91f6a2c514ee4b4a97c204b16fd04 0.109s
2024-12-01 04:09:43.214 64024 INFO tempest.lib.common.rest_client [req-e9c6ffa1-fcb7-4844-8fbe-23e9d090206f req-e9c6ffa1-fcb7-4844-8fbe-23e9d090206f ] Request (FlavorsExtraSpecsNegativeTestJSON:tearDownClass): 200 GET http://10.180.1.21:9696/networking/v2.0/security-groups?tenant_id=b87cb1e5a31f41c8a6eca4f7e84b32c9&name=default 0.136s
2024-12-01 04:09:43.234 63998 INFO tempest.lib.common.rest_client [req-3c0b81ec-a73d-46fa-9263-6c6fdb542b42 req-3c0b81ec-a73d-46fa-9263-6c6fdb542b42 ] Request (FlavorsAccessTestJSON:tearDownClass): 204 DELETE http://10.180.1.21:9696/networking/v2.0/security-groups/1fca64ab-2b37-4daf-9847-37685f7881d6 0.135s
2024-12-01 04:09:43.265 64014 INFO tempest.lib.common.rest_client [req-2254f01f-af65-4fc8-b6df-6d82248ce599 req-2254f01f-af65-4fc8-b6df-6d82248ce599 ] Request (SecurityGroupRulesNegativeTestJSON:setUpClass): 201 POST http://10.180.1.21/identity/v3/auth/tokens 0.085s
2024-12-01 04:09:43.300 64014 INFO tempest.lib.common.rest_client [req-84d7c9d3-e42b-4532-bd69-01e7e6e2ace8 req-84d7c9d3-e42b-4532-bd69-01e7e6e2ace8 ] Request (SecurityGroupRulesNegativeTestJSON:setUpClass): 201 POST http://10.180.1.21/identity/v3/auth/tokens 0.031s
2024-12-01 04:09:43.308 64024 INFO tempest.lib.common.rest_client [req-30be8d49-21bb-4525-acdd-4351c30b4b52 req-30be8d49-21bb-4525-acdd-4351c30b4b52 ] Request (FlavorsExtraSpecsNegativeTestJSON:tearDownClass): 204 DELETE http://10.180.1.21:9696/networking/v2.0/security-groups/58385c9e-68d3-447f-a93d-fccaefa3b69a 0.094s
2024-12-01 04:09:43.328 64014 INFO tempest.lib.common.rest_client [req-11e357eb-8291-41f6-b4c3-1488087b0cb8 req-11e357eb-8291-41f6-b4c3-1488087b0cb8 ] Request (SecurityGroupRulesNegativeTestJSON:setUpClass): 200 GET http://10.180.1.21/identity/v3/domains?name=Default 0.028s
2024-12-01 04:09:43.350 63998 INFO tempest.lib.common.rest_client [req-56772717-23d8-49ae-ba42-df6021748600 req-56772717-23d8-49ae-ba42-df6021748600 ] Request (FlavorsAccessTestJSON:tearDownClass): 204 DELETE http://10.180.1.21/identity/v3/projects/e7f96a79a0d94a8aac8b7a5392bc254b 0.115s
2024-12-01 04:09:43.351 63998 INFO tempest.lib.common.dynamic_creds [-] Deleting project and security group for project: cb41c600001a439d803aaaa7c07b65c7
2024-12-01 04:09:43.411 64016 INFO tempest.lib.common.rest_client [req-6422fc2a-db9b-4e6e-88b6-845f71561130 req-6422fc2a-db9b-4e6e-88b6-845f71561130 ] Request (ServersAdminTestJSON:setUpClass): 200 GET http://10.180.1.21/compute/v2.1/servers/6ca5ca5e-1f98-4d79-b22e-b07b67b5c5bd 2.260s
2024-12-01 04:09:43.421 64014 INFO tempest.lib.common.rest_client [req-5d1571d6-0b9a-4359-b288-8863cbb6d49a req-5d1571d6-0b9a-4359-b288-8863cbb6d49a ] Request (SecurityGroupRulesNegativeTestJSON:setUpClass): 201 POST http://10.180.1.21/identity/v3/projects 0.092s
2024-12-01 04:09:43.437 64024 INFO tempest.lib.common.rest_client [req-aa6e2fb2-748b-47f5-932a-efad7245b12f req-aa6e2fb2-748b-47f5-932a-efad7245b12f ] Request (FlavorsExtraSpecsNegativeTestJSON:tearDownClass): 204 DELETE http://10.180.1.21/identity/v3/projects/b87cb1e5a31f41c8a6eca4f7e84b32c9 0.129s
2024-12-01 04:09:43.438 64042 INFO tempest.lib.common.rest_client [req-6d8e84f6-2289-411b-aea8-e9fab582f05f req-6d8e84f6-2289-411b-aea8-e9fab582f05f ] Request (ServerDiagnosticsNegativeTest:test_get_server_diagnostics_by_non_admin): 200 GET http://10.180.1.21/compute/v2.1/servers/667bfd5b-1331-4ff4-93ee-eaa7c7cc4246 2.116s
2024-12-01 04:09:43.455 63998 INFO tempest.lib.common.rest_client [req-dad41bbb-d403-4b1a-bf8b-90f689ed2c03 req-dad41bbb-d403-4b1a-bf8b-90f689ed2c03 ] Request (FlavorsAccessTestJSON:tearDownClass): 200 GET http://10.180.1.21:9696/networking/v2.0/security-groups?tenant_id=cb41c600001a439d803aaaa7c07b65c7&name=default 0.104s
2024-12-01 04:09:43.472 64024 INFO tempest.lib.common.rest_client [req-30aed86b-f237-4987-a94e-4a8d4bb2e484 req-30aed86b-f237-4987-a94e-4a8d4bb2e484 ] Request (HypervisorAdminV228Test:setUpClass): 201 POST http://10.180.1.21/identity/v3/auth/tokens 0.033s
2024-12-01 04:09:43.487 64014 INFO tempest.lib.common.rest_client [req-27c128f8-435c-4e2d-9815-7827a58dd91e req-27c128f8-435c-4e2d-9815-7827a58dd91e ] Request (SecurityGroupRulesNegativeTestJSON:setUpClass): 201 POST http://10.180.1.21/identity/v3/users 0.065s
2024-12-01 04:09:43.513 64014 INFO tempest.lib.common.rest_client [req-3c9ce440-8407-4868-a069-13f19052017f req-3c9ce440-8407-4868-a069-13f19052017f ] Request (SecurityGroupRulesNegativeTestJSON:setUpClass): 200 GET http://10.180.1.21/identity/v3/roles 0.025s
2024-12-01 04:09:43.545 64024 INFO tempest.lib.common.rest_client [req-88939ce4-80de-4bfd-a5f9-ee81f250b29e req-88939ce4-80de-4bfd-a5f9-ee81f250b29e ] Request (HypervisorAdminV228Test:setUpClass): 201 POST http://10.180.1.21/identity/v3/auth/tokens 0.029s
2024-12-01 04:09:43.548 64014 INFO tempest.lib.common.rest_client [req-4a1f2903-a5c2-40d1-9cba-756148b1ff5b req-4a1f2903-a5c2-40d1-9cba-756148b1ff5b ] Request (SecurityGroupRulesNegativeTestJSON:setUpClass): 204 PUT http://10.180.1.21/identity/v3/projects/59646db71ddf4be99c6bb2d2a85af46e/users/697bf0b388fe43e4a863074c305912a0/roles/435f98e7fd3140b5aaf980eb1a1d12f4 0.034s
2024-12-01 04:09:43.548 64014 INFO tempest.lib.common.dynamic_creds [-] Dynamic test user 697bf0b388fe43e4a863074c305912a0 is created with scope project and roles: ['member']
2024-12-01 04:09:43.548 64014 INFO tempest.lib.common.dynamic_creds [-] Acquired dynamic creds: credentials: Credentials: {'domain_id': 'default', 'domain_name': 'Default', 'username': 'tempest-SecurityGroupRulesNegativeTestJSON-1421932197-project-member', 'project_domain_id': 'default', 'project_domain_name': 'Default', 'project_id': '59646db71ddf4be99c6bb2d2a85af46e', 'project_name': 'tempest-SecurityGroupRulesNegativeTestJSON-1421932197', 'tenant_id': '59646db71ddf4be99c6bb2d2a85af46e', 'tenant_name': 'tempest-SecurityGroupRulesNegativeTestJSON-1421932197', 'user_domain_id': 'default', 'user_domain_name': 'Default', 'user_id': '697bf0b388fe43e4a863074c305912a0', 'system': None}, Network: None, Subnet: None, Router: None
2024-12-01 04:09:43.604 64024 INFO tempest.lib.common.rest_client [req-a567d745-e3c4-4e88-b22a-6b11569dd06f req-a567d745-e3c4-4e88-b22a-6b11569dd06f ] Request (HypervisorAdminV228Test:setUpClass): 200 GET http://10.180.1.21/identity/v3/domains?name=Default 0.059s
2024-12-01 04:09:43.624 64014 INFO tempest.lib.common.rest_client [req-3d50cf01-d1fb-487c-93b2-38848ab9bfb6 req-3d50cf01-d1fb-487c-93b2-38848ab9bfb6 ] Request (SecurityGroupRulesNegativeTestJSON:setUpClass): 201 POST http://10.180.1.21/identity/v3/auth/tokens 0.075s
2024-12-01 04:09:43.633 64024 INFO tempest.lib.common.rest_client [req-65ef1a21-9a8a-4d77-89b7-d8081852c0d4 req-65ef1a21-9a8a-4d77-89b7-d8081852c0d4 ] Request (HypervisorAdminV228Test:setUpClass): 201 POST http://10.180.1.21/identity/v3/projects 0.028s
2024-12-01 04:09:43.687 64024 INFO tempest.lib.common.rest_client [req-d828a168-9ee7-4174-9203-9f3576c80f5f req-d828a168-9ee7-4174-9203-9f3576c80f5f ] Request (HypervisorAdminV228Test:setUpClass): 201 POST http://10.180.1.21/identity/v3/users 0.053s
2024-12-01 04:09:43.703 64024 INFO tempest.lib.common.rest_client [req-acb52a52-9f4d-4000-a6ac-97ff84c595db req-acb52a52-9f4d-4000-a6ac-97ff84c595db ] Request (HypervisorAdminV228Test:setUpClass): 200 GET http://10.180.1.21/identity/v3/roles 0.016s
2024-12-01 04:09:43.722 64048 INFO tempest.lib.common.rest_client [req-bbc1361d-0455-4b9f-9a21-f83967fca2c3 req-bbc1361d-0455-4b9f-9a21-f83967fca2c3 ] Request (FloatingIPDetailsTestJSON:test_list_floating_ips): 200 GET http://10.180.1.21/compute/v2.1/os-floating-ips 2.162s
2024-12-01 04:09:43.728 64024 INFO tempest.lib.common.rest_client [req-6878c8af-72a0-447a-943d-8a98aeba9b98 req-6878c8af-72a0-447a-943d-8a98aeba9b98 ] Request (HypervisorAdminV228Test:setUpClass): 204 PUT http://10.180.1.21/identity/v3/projects/56ac892c9c904779aa694fde2756c0c2/users/0bde11a54e5c4fccbb27d6d5300632e9/roles/435f98e7fd3140b5aaf980eb1a1d12f4 0.025s
2024-12-01 04:09:43.728 64024 INFO tempest.lib.common.dynamic_creds [-] Dynamic test user 0bde11a54e5c4fccbb27d6d5300632e9 is created with scope project and roles: ['member']
2024-12-01 04:09:43.729 64024 INFO tempest.lib.common.dynamic_creds [-] Acquired dynamic creds: credentials: Credentials: {'domain_id': 'default', 'domain_name': 'Default', 'username': 'tempest-HypervisorAdminV228Test-1360835087-project-member', 'project_domain_id': 'default', 'project_domain_name': 'Default', 'project_id': '56ac892c9c904779aa694fde2756c0c2', 'project_name': 'tempest-HypervisorAdminV228Test-1360835087', 'tenant_id': '56ac892c9c904779aa694fde2756c0c2', 'tenant_name': 'tempest-HypervisorAdminV228Test-1360835087', 'user_domain_id': 'default', 'user_domain_name': 'Default', 'user_id': '0bde11a54e5c4fccbb27d6d5300632e9', 'system': None}, Network: None, Subnet: None, Router: None
2024-12-01 04:09:43.729 64024 INFO tempest.lib.common.dynamic_creds [-] Created isolated network resources for: credentials: Credentials: {'domain_id': 'default', 'domain_name': 'Default', 'username': 'tempest-HypervisorAdminV228Test-1360835087-project-member', 'project_domain_id': 'default', 'project_domain_name': 'Default', 'project_id': '56ac892c9c904779aa694fde2756c0c2', 'project_name': 'tempest-HypervisorAdminV228Test-1360835087', 'tenant_id': '56ac892c9c904779aa694fde2756c0c2', 'tenant_name': 'tempest-HypervisorAdminV228Test-1360835087', 'user_domain_id': 'default', 'user_domain_name': 'Default', 'user_id': '0bde11a54e5c4fccbb27d6d5300632e9', 'system': None}, Network: None, Subnet: None, Router: None
2024-12-01 04:09:43.797 64024 INFO tempest.lib.common.rest_client [req-6d6642bb-ea18-4cf3-9ae7-83870744fd2f req-6d6642bb-ea18-4cf3-9ae7-83870744fd2f ] Request (HypervisorAdminV228Test:setUpClass): 201 POST http://10.180.1.21/identity/v3/auth/tokens 0.063s
2024-12-01 04:09:43.806 64038 INFO tempest.lib.common.rest_client [req-f344522f-e212-4446-901e-e8a686784512 req-f344522f-e212-4446-901e-e8a686784512 ] Request (ServerDiskConfigTestJSON:test_rebuild_server_with_auto_disk_config): 200 GET http://10.180.1.21/compute/v2.1/servers/98eb6b3f-69c8-4837-9b5c-a1485fe5cab6 2.231s
2024-12-01 04:09:43.814 63998 INFO tempest.lib.common.rest_client [req-286f0979-e905-480e-b05e-329964283d0f req-286f0979-e905-480e-b05e-329964283d0f ] Request (FlavorsAccessTestJSON:tearDownClass): 204 DELETE http://10.180.1.21:9696/networking/v2.0/security-groups/c2ca49c0-1f74-415a-8495-648d07aa7424 0.358s
2024-12-01 04:09:43.876 64024 INFO tempest.lib.common.rest_client [req-43b804bc-3f79-4857-be2e-ac4be0fc7b43 req-43b804bc-3f79-4857-be2e-ac4be0fc7b43 ] Request (HypervisorAdminV228Test:setUpClass): 201 POST http://10.180.1.21/identity/v3/projects 0.079s
2024-12-01 04:09:43.914 64014 INFO tempest.lib.common.rest_client [req-d06a2cf4-4103-495e-b97b-569b68b5a2f4 req-d06a2cf4-4103-495e-b97b-569b68b5a2f4 ] Request (SecurityGroupRulesNegativeTestJSON:setUpClass): 201 POST http://10.180.1.21:9696/networking/v2.0/networks 0.290s
2024-12-01 04:09:43.925 63998 INFO tempest.lib.common.rest_client [req-bc8d8368-2bfa-4575-aed6-0e911b84dd02 req-bc8d8368-2bfa-4575-aed6-0e911b84dd02 ] Request (FlavorsAccessTestJSON:tearDownClass): 204 DELETE http://10.180.1.21/identity/v3/projects/cb41c600001a439d803aaaa7c07b65c7 0.110s
2024-12-01 04:09:43.971 64024 INFO tempest.lib.common.rest_client [req-507e1076-7236-436d-84f0-8a00eda8a1ff req-507e1076-7236-436d-84f0-8a00eda8a1ff ] Request (HypervisorAdminV228Test:setUpClass): 201 POST http://10.180.1.21/identity/v3/users 0.095s
2024-12-01 04:09:43.985 63998 INFO tempest.lib.common.rest_client [req-aa807f7a-add9-45a2-8ce4-77e0140820fe req-aa807f7a-add9-45a2-8ce4-77e0140820fe ] Request (ImagesDeleteNegativeTestJSON:setUpClass): 201 POST http://10.180.1.21/identity/v3/auth/tokens 0.059s
2024-12-01 04:09:43.992 64024 INFO tempest.lib.common.rest_client [req-adb87614-42c9-4642-8c33-12c028b720a0 req-adb87614-42c9-4642-8c33-12c028b720a0 ] Request (HypervisorAdminV228Test:setUpClass): 200 GET http://10.180.1.21/identity/v3/roles 0.019s
2024-12-01 04:09:44.020 64024 INFO tempest.lib.common.rest_client [req-21974f75-9a1d-4dfb-8a39-6645743ba3b2 req-21974f75-9a1d-4dfb-8a39-6645743ba3b2 ] Request (HypervisorAdminV228Test:setUpClass): 204 PUT http://10.180.1.21/identity/v3/projects/f1a63ea6d7dd450dbe37bcd0a78376a3/users/d8aa73b664ad4e4ab66018587706fbdc/roles/1214dd8f7241494084cfd9d413cad07e 0.028s
2024-12-01 04:09:44.034 64052 INFO tempest.lib.common.rest_client [req-3305e845-1e0e-4c48-a4ad-dafa0d8d40dc req-3305e845-1e0e-4c48-a4ad-dafa0d8d40dc ] Request (ImagesMetadataTestJSON:setUp): 200 PUT http://10.180.1.21/compute/v2.1/images/8c0b67ce-8247-41f6-8edb-27491284b432/metadata 2.424s
2024-12-01 04:09:44.066 63998 INFO tempest.lib.common.rest_client [req-cee1c8a2-a977-4ba5-ad4a-4c0010656dd4 req-cee1c8a2-a977-4ba5-ad4a-4c0010656dd4 ] Request (ImagesDeleteNegativeTestJSON:setUpClass): 201 POST http://10.180.1.21/identity/v3/auth/tokens 0.026s
2024-12-01 04:09:44.066 64024 INFO tempest.lib.common.rest_client [req-a79034aa-013f-4c10-9a61-247da5427ea2 req-a79034aa-013f-4c10-9a61-247da5427ea2 ] Request (HypervisorAdminV228Test:setUpClass): 200 GET http://10.180.1.21/identity/v3/roles 0.045s
2024-12-01 04:09:44.086 63998 INFO tempest.lib.common.rest_client [req-7e36223b-6d16-469f-bb2f-aceae7694adf req-7e36223b-6d16-469f-bb2f-aceae7694adf ] Request (ImagesDeleteNegativeTestJSON:setUpClass): 200 GET http://10.180.1.21/identity/v3/domains?name=Default 0.019s
2024-12-01 04:09:44.099 64024 INFO tempest.lib.common.rest_client [req-7876ab10-3f08-4c54-aeea-c5a3f0b37fa9 req-7876ab10-3f08-4c54-aeea-c5a3f0b37fa9 ] Request (HypervisorAdminV228Test:setUpClass): 204 PUT http://10.180.1.21/identity/v3/projects/f1a63ea6d7dd450dbe37bcd0a78376a3/users/d8aa73b664ad4e4ab66018587706fbdc/roles/1214dd8f7241494084cfd9d413cad07e 0.032s
2024-12-01 04:09:44.100 64024 INFO tempest.lib.common.dynamic_creds [-] Dynamic test user d8aa73b664ad4e4ab66018587706fbdc is created with scope project and roles: ['admin']
2024-12-01 04:09:44.100 64024 INFO tempest.lib.common.dynamic_creds [-] Acquired dynamic creds: credentials: Credentials: {'domain_id': 'default', 'domain_name': 'Default', 'username': 'tempest-HypervisorAdminV228Test-1019599777-project-admin', 'project_domain_id': 'default', 'project_domain_name': 'Default', 'project_id': 'f1a63ea6d7dd450dbe37bcd0a78376a3', 'project_name': 'tempest-HypervisorAdminV228Test-1019599777', 'tenant_id': 'f1a63ea6d7dd450dbe37bcd0a78376a3', 'tenant_name': 'tempest-HypervisorAdminV228Test-1019599777', 'user_domain_id': 'default', 'user_domain_name': 'Default', 'user_id': 'd8aa73b664ad4e4ab66018587706fbdc', 'system': None}, Network: None, Subnet: None, Router: None
2024-12-01 04:09:44.100 64024 INFO tempest.lib.common.dynamic_creds [-] Created isolated network resources for: credentials: Credentials: {'domain_id': 'default', 'domain_name': 'Default', 'username': 'tempest-HypervisorAdminV228Test-1019599777-project-admin', 'project_domain_id': 'default', 'project_domain_name': 'Default', 'project_id': 'f1a63ea6d7dd450dbe37bcd0a78376a3', 'project_name': 'tempest-HypervisorAdminV228Test-1019599777', 'tenant_id': 'f1a63ea6d7dd450dbe37bcd0a78376a3', 'tenant_name': 'tempest-HypervisorAdminV228Test-1019599777', 'user_domain_id': 'default', 'user_domain_name': 'Default', 'user_id': 'd8aa73b664ad4e4ab66018587706fbdc', 'system': None}, Network: None, Subnet: None, Router: None
2024-12-01 04:09:44.157 63998 INFO tempest.lib.common.rest_client [req-e8801c56-4dde-4d15-b9a3-4679616653c1 req-e8801c56-4dde-4d15-b9a3-4679616653c1 ] Request (ImagesDeleteNegativeTestJSON:setUpClass): 201 POST http://10.180.1.21/identity/v3/projects 0.070s
2024-12-01 04:09:44.206 64034 INFO tempest.lib.common.rest_client [req-568b6b83-7ce6-406f-8564-ea3ca14e58e4 req-568b6b83-7ce6-406f-8564-ea3ca14e58e4 ] Request (QuotasAdminTestJSON:test_get_updated_quotas): 200 GET http://10.180.1.21/compute/v2.1/os-quota-sets/a00f9379a18b480f8d3e1cad5d4897ee/detail 2.347s
2024-12-01 04:09:44.221 64006 INFO tempest.lib.common.rest_client [req-8cde3f03-b8a4-4af3-a3cd-8a29ff6fa8af req-8cde3f03-b8a4-4af3-a3cd-8a29ff6fa8af ] Request (FlavorsAdminTestJSON:_run_cleanups): 202 DELETE http://10.180.1.21/compute/v2.1/flavors/c6da0100-cfe1-4bd4-bf5e-939032cf2778 2.338s
2024-12-01 04:09:44.229 64024 INFO tempest.lib.common.rest_client [req-451ba66e-0712-4093-b4ab-1230b59e7922 req-451ba66e-0712-4093-b4ab-1230b59e7922 ] Request (HypervisorAdminV228Test:setUpClass): 201 POST http://10.180.1.21/identity/v3/auth/tokens 0.127s
2024-12-01 04:09:44.243 63998 INFO tempest.lib.common.rest_client [req-ee8a6afb-7e25-498d-ba24-06fa42f444a2 req-ee8a6afb-7e25-498d-ba24-06fa42f444a2 ] Request (ImagesDeleteNegativeTestJSON:setUpClass): 201 POST http://10.180.1.21/identity/v3/users 0.085s
2024-12-01 04:09:44.255 64010 INFO tempest.lib.common.rest_client [req-474e999c-568b-4405-971f-c99df915d216 req-474e999c-568b-4405-971f-c99df915d216 ] Request (KeyPairsV22TestJSON:test_keypairs_create_list_delete): 201 POST http://10.180.1.21/compute/v2.1/os-keypairs 2.360s
2024-12-01 04:09:44.256 64014 INFO tempest.lib.common.rest_client [req-a4a97397-ecaa-4833-b541-53d5ec500e6b req-a4a97397-ecaa-4833-b541-53d5ec500e6b ] Request (SecurityGroupRulesNegativeTestJSON:setUpClass): 201 POST http://10.180.1.21:9696/networking/v2.0/subnets 0.339s
2024-12-01 04:09:44.262 64040 INFO tempest.lib.common.rest_client [req-27bd8417-fd3b-4ed5-af2c-9eadfe8aa66a req-27bd8417-fd3b-4ed5-af2c-9eadfe8aa66a ] Request (HostsAdminNegativeTestJSON:test_update_host_with_invalid_maintenance_mode): 400 PUT http://10.180.1.21/compute/v2.1/os-hosts/devstack 2.358s
2024-12-01 04:09:44.264 63998 INFO tempest.lib.common.rest_client [req-9d4f4c4f-7875-4366-8403-4dd3c41b1334 req-9d4f4c4f-7875-4366-8403-4dd3c41b1334 ] Request (ImagesDeleteNegativeTestJSON:setUpClass): 200 GET http://10.180.1.21/identity/v3/roles 0.021s
2024-12-01 04:09:44.270 64004 INFO tempest.lib.common.rest_client [req-3a155bc0-8344-4808-aff7-6a6e0b342c0b req-3a155bc0-8344-4808-aff7-6a6e0b342c0b ] Request (AggregatesAdminNegativeTestJSON:test_aggregate_create_aggregate_name_length_less_than_1): 400 POST http://10.180.1.21/compute/v2.1/os-aggregates 2.331s
2024-12-01 04:09:44.270 64018 INFO tempest.lib.common.rest_client [req-cc5092e9-f283-45c5-ae4a-ff98c5637397 req-cc5092e9-f283-45c5-ae4a-ff98c5637397 ] Request (VolumesAssistedSnapshotsTest:test_volume_assisted_snapshot_create_delete): 202 POST http://10.180.1.21/compute/v2.1/servers 2.822s
2024-12-01 04:09:44.291 64046 INFO tempest.lib.common.rest_client [req-730e5c51-b683-47b1-adb7-6999d982a853 req-730e5c51-b683-47b1-adb7-6999d982a853 ] Request (ServersWithSpecificFlavorTestJSON:test_verify_created_server_ephemeral_disk): 200 POST http://10.180.1.21/compute/v2.1/flavors/1198080186/os-extra_specs 2.345s
2024-12-01 04:09:44.292 64034 INFO tempest.lib.common.rest_client [req-0addd05f-d7ed-4851-aaf0-9754418fc376 req-0addd05f-d7ed-4851-aaf0-9754418fc376 ] Request (QuotasAdminTestJSON:test_get_updated_quotas): 200 GET http://10.180.1.21/identity/v3/domains?name=Default 0.076s
2024-12-01 04:09:44.308 63998 INFO tempest.lib.common.rest_client [req-eda78000-e6b5-420c-af71-365386120106 req-eda78000-e6b5-420c-af71-365386120106 ] Request (ImagesDeleteNegativeTestJSON:setUpClass): 204 PUT http://10.180.1.21/identity/v3/projects/66d3affe57424906b5fd0a8822b61592/users/eccd843df64e4bde8d4acedc9598e104/roles/435f98e7fd3140b5aaf980eb1a1d12f4 0.043s
2024-12-01 04:09:44.309 63998 INFO tempest.lib.common.dynamic_creds [-] Dynamic test user eccd843df64e4bde8d4acedc9598e104 is created with scope project and roles: ['member']
2024-12-01 04:09:44.309 63998 INFO tempest.lib.common.dynamic_creds [-] Acquired dynamic creds: credentials: Credentials: {'domain_id': 'default', 'domain_name': 'Default', 'username': 'tempest-ImagesDeleteNegativeTestJSON-528118371-project-member', 'project_domain_id': 'default', 'project_domain_name': 'Default', 'project_id': '66d3affe57424906b5fd0a8822b61592', 'project_name': 'tempest-ImagesDeleteNegativeTestJSON-528118371', 'tenant_id': '66d3affe57424906b5fd0a8822b61592', 'tenant_name': 'tempest-ImagesDeleteNegativeTestJSON-528118371', 'user_domain_id': 'default', 'user_domain_name': 'Default', 'user_id': 'eccd843df64e4bde8d4acedc9598e104', 'system': None}, Network: None, Subnet: None, Router: None
2024-12-01 04:09:44.309 63998 INFO tempest.lib.common.dynamic_creds [-] Created isolated network resources for: credentials: Credentials: {'domain_id': 'default', 'domain_name': 'Default', 'username': 'tempest-ImagesDeleteNegativeTestJSON-528118371-project-member', 'project_domain_id': 'default', 'project_domain_name': 'Default', 'project_id': '66d3affe57424906b5fd0a8822b61592', 'project_name': 'tempest-ImagesDeleteNegativeTestJSON-528118371', 'tenant_id': '66d3affe57424906b5fd0a8822b61592', 'tenant_name': 'tempest-ImagesDeleteNegativeTestJSON-528118371', 'user_domain_id': 'default', 'user_domain_name': 'Default', 'user_id': 'eccd843df64e4bde8d4acedc9598e104', 'system': None}, Network: None, Subnet: None, Router: None
2024-12-01 04:09:44.313 63992 INFO tempest.lib.common.rest_client [req-ab35393b-fdb7-4ebe-9dbf-58e30822e6f6 req-ab35393b-fdb7-4ebe-9dbf-58e30822e6f6 ] Request (ServicesAdminNegativeTestJSON:test_get_service_with_valid_service_and_invalid_host): 200 GET http://10.180.1.21/compute/v2.1/os-services?host=xxx&binary=nova-scheduler 2.126s
2024-12-01 04:09:44.327 64000 INFO tempest.lib.common.rest_client [req-dffb69bb-2f1f-4ead-ae7f-e23e906f5e03 req-dffb69bb-2f1f-4ead-ae7f-e23e906f5e03 ] Request (HypervisorAdminTestJSON:test_get_hypervisor_stats): 200 GET http://10.180.1.21/compute/v2.1/os-hypervisors/statistics 2.111s
2024-12-01 04:09:44.364 64034 INFO tempest.lib.common.rest_client [req-ba194f15-9589-4cf7-be97-b072925e8405 req-ba194f15-9589-4cf7-be97-b072925e8405 ] Request (QuotasAdminTestJSON:test_get_updated_quotas): 201 POST http://10.180.1.21/identity/v3/users 0.070s
2024-12-01 04:09:44.376 64026 INFO tempest.lib.common.rest_client [req-953fa14b-9948-4b7a-b780-0446511bdedf req-953fa14b-9948-4b7a-b780-0446511bdedf ] Request (FloatingIPsNegativeTestJSON:test_delete_nonexistent_floating_ip): 404 DELETE http://10.180.1.21/compute/v2.1/os-floating-ips/65f4c5fb-8e57-4ab6-8b4f-2bb223f190ff 2.155s
2024-12-01 04:09:44.430 63998 INFO tempest.lib.common.rest_client [req-bff5cfc6-a5a5-44b0-bd67-0837e43fbbaa req-bff5cfc6-a5a5-44b0-bd67-0837e43fbbaa ] Request (ImagesDeleteNegativeTestJSON:setUpClass): 201 POST http://10.180.1.21/identity/v3/auth/tokens 0.115s
2024-12-01 04:09:44.434 64044 INFO tempest.lib.common.rest_client [req-a16a809c-7a76-4ec1-bcde-5d85be2a2d2b req-a16a809c-7a76-4ec1-bcde-5d85be2a2d2b ] Request (FlavorsAccessNegativeTestJSON:test_flavor_non_admin_add): 403 POST http://10.180.1.21/compute/v2.1/flavors/544755824/action 2.469s
2024-12-01 04:09:44.453 64034 INFO tempest.lib.common.rest_client [req-9fb662b6-8af3-468b-96a4-8256f0f76775 req-9fb662b6-8af3-468b-96a4-8256f0f76775 ] Request (QuotasAdminTestJSON:test_get_updated_quotas): 200 GET http://10.180.1.21/identity/v3/domains?name=Default 0.089s
2024-12-01 04:09:44.526 64000 INFO tempest.lib.common.rest_client [req-0adc7b0d-46c0-46f6-a155-a2f5fcd82ee2 req-0adc7b0d-46c0-46f6-a155-a2f5fcd82ee2 ] Request (HypervisorAdminTestJSON:tearDownClass): 204 DELETE http://10.180.1.21/identity/v3/users/ae5240aa267f4d138c7586239d7cfbdc 0.193s
2024-12-01 04:09:44.653 64030 INFO tempest.lib.common.rest_client [req-11ba5cb4-4ace-4479-8065-1f04443c6152 req-11ba5cb4-4ace-4479-8065-1f04443c6152 ] Request (ServerDiagnosticsTest:test_get_server_diagnostics): 200 GET http://10.180.1.21/compute/v2.1/servers/29bee3d3-a6d2-43a9-8439-d5b842214cf1 1.884s
2024-12-01 04:09:44.662 64000 INFO tempest.lib.common.rest_client [req-ac56e2df-16a2-4d94-80a6-e189e0de1de1 req-ac56e2df-16a2-4d94-80a6-e189e0de1de1 ] Request (HypervisorAdminTestJSON:tearDownClass): 204 DELETE http://10.180.1.21/identity/v3/users/6b0d85bb968d4dd484a6355c9d8853bc 0.135s
2024-12-01 04:09:44.662 64000 INFO tempest.lib.common.dynamic_creds [-] Deleting project and security group for project: 872287edfa384287b22f9793c2df1b8d
2024-12-01 04:09:44.725 64000 INFO tempest.lib.common.rest_client [req-5eb20f54-52a1-4200-9613-1e701b9709a9 req-5eb20f54-52a1-4200-9613-1e701b9709a9 ] Request (HypervisorAdminTestJSON:tearDownClass): 201 POST http://10.180.1.21/identity/v3/auth/tokens 0.063s
2024-12-01 04:09:45.305 64000 INFO tempest.lib.common.rest_client [req-4b3e9f1f-4430-4b5c-9132-42a204c741f3 req-4b3e9f1f-4430-4b5c-9132-42a204c741f3 ] Request (HypervisorAdminTestJSON:tearDownClass): 200 GET http://10.180.1.21:9696/networking/v2.0/security-groups?tenant_id=872287edfa384287b22f9793c2df1b8d&name=default 0.579s
2024-12-01 04:09:45.439 64000 INFO tempest.lib.common.rest_client [req-e6ede0cd-858c-4d8a-9dc6-4df4d169b7f1 req-e6ede0cd-858c-4d8a-9dc6-4df4d169b7f1 ] Request (HypervisorAdminTestJSON:tearDownClass): 204 DELETE http://10.180.1.21:9696/networking/v2.0/security-groups/84b97772-40a7-4924-a656-2e19fbb84007 0.134s
2024-12-01 04:09:45.446 63994 INFO tempest.lib.common.rest_client [req-99d4e6f2-45a7-42c8-b90b-db70b4b99b2b req-99d4e6f2-45a7-42c8-b90b-db70b4b99b2b ] Request (ImagesOneServerTestJSON:setUpClass): 202 POST http://10.180.1.21/compute/v2.1/servers 2.964s
2024-12-01 04:09:45.484 64026 INFO tempest.lib.common.rest_client [req-d4b86a15-92b9-4a2e-b3aa-456f26659131 req-d4b86a15-92b9-4a2e-b3aa-456f26659131 ] Request (FloatingIPsNegativeTestJSON:tearDownClass): 200 PUT http://10.180.1.21:9696/networking/v2.0/routers/082bf9a1-897f-44b2-b66e-b0464e04b744/remove_router_interface 1.102s
2024-12-01 04:09:45.516 64050 INFO tempest.lib.common.rest_client [req-38dcc414-1bff-4cfe-ba6e-ec30fd8381ba req-38dcc414-1bff-4cfe-ba6e-ec30fd8381ba ] Request (InstanceActionsTestJSON:setUpClass): 200 GET http://10.180.1.21/compute/v2.1/servers/6f7a3a1f-859d-42f5-b986-6a1a038ca536 2.651s
2024-12-01 04:09:45.543 64000 INFO tempest.lib.common.rest_client [req-562d6c54-d520-4571-93c6-3399406cb3b6 req-562d6c54-d520-4571-93c6-3399406cb3b6 ] Request (HypervisorAdminTestJSON:tearDownClass): 204 DELETE http://10.180.1.21/identity/v3/projects/872287edfa384287b22f9793c2df1b8d 0.103s
2024-12-01 04:09:45.544 64000 INFO tempest.lib.common.dynamic_creds [-] Deleting project and security group for project: 2b0466462c5b4940852b4d5128fdb7e4
2024-12-01 04:09:45.709 64012 INFO tempest.lib.common.rest_client [req-eb0262fd-69a1-49a7-a7da-79f570b4a6ec req-eb0262fd-69a1-49a7-a7da-79f570b4a6ec ] Request (ImagesNegativeTestJSON:test_create_image_from_deleted_server): 202 POST http://10.180.1.21/compute/v2.1/servers 2.940s
2024-12-01 04:09:45.740 64000 INFO tempest.lib.common.rest_client [req-1f385253-58a1-4e0f-a475-a6ed49a2c8b3 req-1f385253-58a1-4e0f-a475-a6ed49a2c8b3 ] Request (HypervisorAdminTestJSON:tearDownClass): 200 GET http://10.180.1.21:9696/networking/v2.0/security-groups?tenant_id=2b0466462c5b4940852b4d5128fdb7e4&name=default 0.195s
2024-12-01 04:09:45.796 64002 INFO tempest.lib.common.rest_client [req-cab28121-15e0-4260-ad65-5e184512e8a7 req-cab28121-15e0-4260-ad65-5e184512e8a7 ] Request (ServerActionsTestJSON:setUpClass): 200 GET http://10.180.1.21/compute/v2.1/servers/71509f58-5616-4d6a-9a88-3bfd9d414a0c 2.638s
2024-12-01 04:09:45.873 63990 INFO tempest.lib.common.rest_client [req-c6bd9b13-e2ed-4d41-b40e-f53776327414 req-c6bd9b13-e2ed-4d41-b40e-f53776327414 ] Request (ServersAdmin275Test:test_rebuild_update_server_275): 200 GET http://10.180.1.21/compute/v2.1/servers/7f516750-b7ee-471b-a386-b898aac3985c 2.517s
2024-12-01 04:09:45.916 64000 INFO tempest.lib.common.rest_client [req-7e1470ac-4e36-48c3-aa1e-ba33ab8d6b77 req-7e1470ac-4e36-48c3-aa1e-ba33ab8d6b77 ] Request (HypervisorAdminTestJSON:tearDownClass): 204 DELETE http://10.180.1.21:9696/networking/v2.0/security-groups/041c2cec-d91e-414c-a278-48e8caa2fbaf 0.176s
2024-12-01 04:09:46.052 64000 INFO tempest.lib.common.rest_client [req-7a113512-217d-4729-aba5-8ac3bf94038a req-7a113512-217d-4729-aba5-8ac3bf94038a ] Request (HypervisorAdminTestJSON:tearDownClass): 204 DELETE http://10.180.1.21/identity/v3/projects/2b0466462c5b4940852b4d5128fdb7e4 0.135s
2024-12-01 04:09:46.082 64036 INFO tempest.lib.common.rest_client [req-460e3602-08b9-495f-b52a-b5a54e65fdb6 req-460e3602-08b9-495f-b52a-b5a54e65fdb6 ] Request (ServersTestFqdnHostnames:test_create_server_with_fqdn_name): 200 GET http://10.180.1.21/compute/v2.1/servers/f9a675b6-e76d-492b-ac34-3c7b10553fca 2.888s
2024-12-01 04:09:46.122 64000 INFO tempest.lib.common.rest_client [req-5840b4c1-16f6-46cb-ba35-5388c0fda84e req-5840b4c1-16f6-46cb-ba35-5388c0fda84e ] Request (AttachInterfacesUnderV243Test:setUpClass): 201 POST http://10.180.1.21/identity/v3/auth/tokens 0.069s
2024-12-01 04:09:46.151 64000 INFO tempest.lib.common.rest_client [req-3ba65600-b7d6-4966-88a1-adec75c6cc56 req-3ba65600-b7d6-4966-88a1-adec75c6cc56 ] Request (AttachInterfacesUnderV243Test:setUpClass): 201 POST http://10.180.1.21/identity/v3/auth/tokens 0.026s
2024-12-01 04:09:46.152 64014 INFO tempest.lib.common.rest_client [req-a9f64603-efba-4441-9e52-fae9ee0bbd99 req-a9f64603-efba-4441-9e52-fae9ee0bbd99 ] Request (SecurityGroupRulesNegativeTestJSON:setUpClass): 201 POST http://10.180.1.21:9696/networking/v2.0/routers 1.895s
2024-12-01 04:09:46.173 64000 INFO tempest.lib.common.rest_client [req-5925ef46-ad9a-435a-a221-9b4180e9d6fb req-5925ef46-ad9a-435a-a221-9b4180e9d6fb ] Request (AttachInterfacesUnderV243Test:setUpClass): 200 GET http://10.180.1.21/identity/v3/domains?name=Default 0.022s
2024-12-01 04:09:46.200 64000 INFO tempest.lib.common.rest_client [req-62fa1740-c523-4488-ad81-b34af3c01972 req-62fa1740-c523-4488-ad81-b34af3c01972 ] Request (AttachInterfacesUnderV243Test:setUpClass): 201 POST http://10.180.1.21/identity/v3/projects 0.026s
