2024-12-01 04:09:58.883 63990 INFO tempest.lib.common.rest_client [req-959842ad-bea5-460c-a550-2d22a01a8ef1 req-959842ad-bea5-460c-a550-2d22a01a8ef1 ] Request (ServersAdmin275Test:test_rebuild_update_server_275): 200 GET http://10.180.1.21/compute/v2.1/servers/7f516750-b7ee-471b-a386-b898aac3985c 1.000s
2024-12-01 04:09:58.925 64030 INFO tempest.lib.common.rest_client [req-bcfd456f-f52b-4a82-963b-fd715c5892a4 req-bcfd456f-f52b-4a82-963b-fd715c5892a4 ] Request (ServerDiagnosticsTest:test_get_server_diagnostics): 200 GET http://10.180.1.21/compute/v2.1/servers/29bee3d3-a6d2-43a9-8439-d5b842214cf1 1.046s
2024-12-01 04:09:58.946 64024 INFO tempest.lib.common.rest_client [req-0503d759-9fcb-465a-97e6-48ef629e5a8f req-0503d759-9fcb-465a-97e6-48ef629e5a8f ] Request (FloatingIPDetailsNegativeTestJSON:test_get_nonexistent_floating_ip_details): 404 GET http://10.180.1.21/compute/v2.1/os-floating-ips/037ea636-73d6-468a-bc2a-3bc4a58dbfce 1.052s
2024-12-01 04:09:58.979 63998 INFO tempest.lib.common.rest_client [req-c661672f-91b8-4ae9-8750-55420f421d51 req-c661672f-91b8-4ae9-8750-55420f421d51 ] Request (ServersTestJSON:setUpClass): 201 POST http://10.180.1.21/identity/v3/auth/tokens 0.119s
2024-12-01 04:09:58.982 64026 INFO tempest.lib.common.rest_client [req-35e052dc-d76d-4bc9-a2ff-e6abce50d5d3 req-35e052dc-d76d-4bc9-a2ff-e6abce50d5d3 ] Request (MultipleCreateTestJSON:test_multiple_create): 200 GET http://10.180.1.21/compute/v2.1/servers/879dce1e-340a-48d0-9291-857f39fec597 1.070s
2024-12-01 04:09:59.016 64046 INFO tempest.lib.common.rest_client [req-44894e62-cd02-4dde-8f2f-7aeaf20b1f1e req-44894e62-cd02-4dde-8f2f-7aeaf20b1f1e ] Request (ServersWithSpecificFlavorTestJSON:test_verify_created_server_ephemeral_disk): 200 GET http://10.180.1.21/compute/v2.1/servers/4ef40272-deb2-414a-b0ac-0bc30ba2bc84 1.058s
2024-12-01 04:09:59.043 64022 INFO tempest.lib.common.rest_client [req-cbe7d4f2-a13a-4b6c-a775-f7221178e38a req-cbe7d4f2-a13a-4b6c-a775-f7221178e38a ] Request (QuotasAdminTestV236:test_get_updated_quotas): 200 GET http://10.180.1.21/compute/v2.1/os-quota-sets/84b3fded39594440ad85b910d3079af8/detail 1.074s
2024-12-01 04:09:59.044 64004 INFO tempest.lib.common.rest_client [req-b740effb-85f5-4cda-8ee6-6038020b2db7 req-b740effb-85f5-4cda-8ee6-6038020b2db7 ] Request (AggregatesAdminNegativeTestJSON:test_aggregate_get_details_as_user): 200 POST http://10.180.1.21/compute/v2.1/os-aggregates 1.058s
2024-12-01 04:09:59.064 64044 INFO tempest.lib.common.rest_client [req-e6321eb5-1930-4ea5-9b73-70502d91a376 req-e6321eb5-1930-4ea5-9b73-70502d91a376 ] Request (FlavorsAccessNegativeTestJSON:test_remove_flavor_access_not_found): 200 POST http://10.180.1.21/compute/v2.1/flavors 1.006s
2024-12-01 04:09:59.080 64022 INFO tempest.lib.common.rest_client [req-b7ca423e-5654-41cd-b48f-cafb674eaa25 req-b7ca423e-5654-41cd-b48f-cafb674eaa25 ] Request (QuotasAdminTestV236:test_get_updated_quotas): 200 GET http://10.180.1.21/identity/v3/domains?name=Default 0.032s
2024-12-01 04:09:59.108 64022 INFO tempest.lib.common.rest_client [req-cf71df00-c724-4619-89bf-cc07e3082a12 req-cf71df00-c724-4619-89bf-cc07e3082a12 ] Request (QuotasAdminTestV236:test_get_updated_quotas): 201 POST http://10.180.1.21/identity/v3/users 0.027s
2024-12-01 04:09:59.132 64022 INFO tempest.lib.common.rest_client [req-f6899e03-c987-4a68-9a3b-64263f6f6c2f req-f6899e03-c987-4a68-9a3b-64263f6f6c2f ] Request (QuotasAdminTestV236:test_get_updated_quotas): 200 GET http://10.180.1.21/identity/v3/domains?name=Default 0.023s
2024-12-01 04:09:59.285 64002 INFO tempest.lib.common.rest_client [req-d6407634-50f9-4379-8403-d0fa220cf03d req-d6407634-50f9-4379-8403-d0fa220cf03d ] Request (ServerActionsTestJSON:setUpClass): 200 GET http://10.180.1.21/compute/v2.1/servers/71509f58-5616-4d6a-9a88-3bfd9d414a0c 1.097s
2024-12-01 04:09:59.337 64036 INFO tempest.lib.common.rest_client [req-7e3fa676-7f96-4b99-8ae7-ff5ef594dab8 req-7e3fa676-7f96-4b99-8ae7-ff5ef594dab8 ] Request (ServersTestFqdnHostnames:test_create_server_with_fqdn_name): 200 GET http://10.180.1.21/compute/v2.1/servers/f9a675b6-e76d-492b-ac34-3c7b10553fca 1.184s
2024-12-01 04:09:59.350 64034 INFO tempest.lib.common.rest_client [req-ef5ecd84-8fe3-44ca-ad66-2f294632905c req-ef5ecd84-8fe3-44ca-ad66-2f294632905c ] Request (QuotasAdminNegativeTest:test_create_server_when_cpu_quota_is_full): 200 PUT http://10.180.1.21/compute/v2.1/os-quota-sets/d5cfbbb0bb6a4fabbe637c5e81ae7096 1.142s
2024-12-01 04:09:59.369 64052 INFO tempest.lib.common.rest_client [req-00460f53-50e7-40a2-b7ab-206d000c37e5 req-00460f53-50e7-40a2-b7ab-206d000c37e5 ] Request (ImagesMetadataTestJSON:test_set_image_metadata_item): 200 GET http://10.180.1.21/compute/v2.1/images/8c0b67ce-8247-41f6-8edb-27491284b432/metadata 1.113s
2024-12-01 04:09:59.388 64048 INFO tempest.lib.common.rest_client [req-3d6a486a-07b3-47d8-aa30-ef255f4f83a7 req-3d6a486a-07b3-47d8-aa30-ef255f4f83a7 ] Request (VolumesTestJSON:setUpClass): 200 GET http://10.180.1.21/volume/v3/20720b0249564f2986129b296f03f62d/volumes/53434052-2a72-4700-81e4-1f73388bce08 0.031s
2024-12-01 04:09:59.393 64048 INFO tempest.common.waiters [-] volume 53434052-2a72-4700-81e4-1f73388bce08 reached available after waiting for 1.393901 seconds
2024-12-01 04:09:59.418 64034 INFO tempest.lib.common.rest_client [req-e8ee1d92-db26-4ef6-8fa0-1aa955bcb741 req-e8ee1d92-db26-4ef6-8fa0-1aa955bcb741 ] Request (QuotasAdminNegativeTest:test_create_server_when_cpu_quota_is_full): 201 POST http://10.180.1.21/identity/v3/auth/tokens 0.062s
2024-12-01 04:09:59.418 64034 INFO tempest.lib.common.fixed_network [-] (QuotasAdminNegativeTest:test_create_server_when_cpu_quota_is_full) Found network None available for tenant
2024-12-01 04:09:59.556 64020 INFO tempest.lib.common.rest_client [req-82a4c5ca-aab7-4375-81d4-f717ad59272a req-82a4c5ca-aab7-4375-81d4-f717ad59272a ] Request (ServerExternalEventsTest:test_create_server_external_events): 200 GET http://10.180.1.21/compute/v2.1/servers/1c36f4af-0222-48d3-ac90-776f7fe807de 1.258s
2024-12-01 04:09:59.585 63992 INFO tempest.lib.common.rest_client [req-cbf9305c-7f47-4958-b8eb-f040f91c8a68 req-cbf9305c-7f47-4958-b8eb-f040f91c8a68 ] Request (ListImageFiltersTestJSON:setUpClass): 200 GET http://10.180.1.21/compute/v2.1/images/16a44002-1442-452d-8cc4-fcfc974e52d9 1.032s
2024-12-01 04:09:59.649 64018 INFO tempest.lib.common.rest_client [req-b2061eb3-eb83-4452-89af-58ab80be7826 req-b2061eb3-eb83-4452-89af-58ab80be7826 ] Request (VolumesAssistedSnapshotsTest:test_volume_assisted_snapshot_create_delete): 200 GET http://10.180.1.21/compute/v2.1/servers/ee0e3e54-c135-489f-87ca-f441efebcbd5 0.903s
2024-12-01 04:09:59.652 64032 INFO tempest.lib.common.rest_client [req-8d475b28-6a13-4b0b-9933-29c495c24678 req-8d475b28-6a13-4b0b-9933-29c495c24678 ] Request (InstanceActionsNegativeTestJSON:setUpClass): 200 GET http://10.180.1.21/compute/v2.1/servers/5e748c4b-03c5-4a88-a4ed-27093f2aef47 1.153s
2024-12-01 04:09:59.656 64014 INFO tempest.lib.common.rest_client [req-7f514939-cabc-49ea-ae70-db93af2c6866 req-7f514939-cabc-49ea-ae70-db93af2c6866 ] Request (SecurityGroupRulesNegativeTestJSON:test_create_security_group_rule_with_invalid_id): 400 POST http://10.180.1.21/compute/v2.1/os-security-group-rules 0.873s
2024-12-01 04:09:59.669 64006 INFO tempest.lib.common.rest_client [req-c51d298f-7fba-4770-a41b-6b01bc438894 req-c51d298f-7fba-4770-a41b-6b01bc438894 ] Request (FlavorsAdminTestJSON:test_create_server_with_non_public_flavor): 200 POST http://10.180.1.21/compute/v2.1/flavors 0.868s
2024-12-01 04:09:59.723 63998 INFO tempest.lib.common.rest_client [req-374ca2e1-a45b-4445-8d35-08959ee69209 req-374ca2e1-a45b-4445-8d35-08959ee69209 ] Request (ServersTestJSON:setUpClass): 200 POST http://10.180.1.21/compute/v2.1/os-keypairs 0.743s
2024-12-01 04:09:59.820 63998 INFO tempest.lib.common.rest_client [req-f168d26f-787b-49ce-a458-ef62d9a02b77 req-f168d26f-787b-49ce-a458-ef62d9a02b77 ] Request (ServersTestJSON:setUpClass): 201 POST http://10.180.1.21:9696/networking/v2.0/security-groups 0.095s
2024-12-01 04:09:59.859 64010 INFO tempest.lib.common.rest_client [req-ad93f23e-2df5-456d-96df-643e114e8330 req-ad93f23e-2df5-456d-96df-643e114e8330 ] Request (KeyPairsV22TestJSON:test_keypairsv22_create_list_show_with_type): 201 POST http://10.180.1.21/compute/v2.1/os-keypairs 1.058s
2024-12-01 04:09:59.864 64004 INFO tempest.lib.common.rest_client [req-b824ce47-35ca-41d2-8cea-58916f89e724 req-b824ce47-35ca-41d2-8cea-58916f89e724 ] Request (AggregatesAdminNegativeTestJSON:test_aggregate_get_details_as_user): 403 GET http://10.180.1.21/compute/v2.1/os-aggregates/6 0.819s
2024-12-01 04:09:59.901 63998 INFO tempest.lib.common.rest_client [req-60cbfae1-aa55-4900-9790-3c1ece024a2d req-60cbfae1-aa55-4900-9790-3c1ece024a2d ] Request (ServersTestJSON:setUpClass): 201 POST http://10.180.1.21:9696/networking/v2.0/security-group-rules 0.080s
2024-12-01 04:09:59.946 64044 INFO tempest.lib.common.rest_client [req-ed377cb4-e101-4cdf-b509-6f8f268cd782 req-ed377cb4-e101-4cdf-b509-6f8f268cd782 ] Request (FlavorsAccessNegativeTestJSON:test_remove_flavor_access_not_found): 404 POST http://10.180.1.21/compute/v2.1/flavors/653694576/action 0.878s
2024-12-01 04:09:59.982 63998 INFO tempest.lib.common.rest_client [req-6044b65f-0532-48b0-828b-e6c365b2fac2 req-6044b65f-0532-48b0-828b-e6c365b2fac2 ] Request (ServersTestJSON:setUpClass): 201 POST http://10.180.1.21:9696/networking/v2.0/security-group-rules 0.081s
2024-12-01 04:10:00.038 64000 INFO tempest.lib.common.rest_client [req-077be18e-f82f-42fb-bb4d-008662e89c4b req-077be18e-f82f-42fb-bb4d-008662e89c4b ] Request (AttachInterfacesUnderV243Test:test_add_remove_fixed_ip): 200 GET http://10.180.1.21/compute/v2.1/servers/10cb6a2e-4a08-453e-9372-4ea14958470d 0.911s
2024-12-01 04:10:00.049 63996 INFO tempest.lib.common.rest_client [req-498ca5a5-c169-4a63-95ad-a12c511657a1 req-498ca5a5-c169-4a63-95ad-a12c511657a1 ] Request (ServersAdminNegativeTestJSON:setUpClass): 200 GET http://10.180.1.21/compute/v2.1/servers/2d442033-3ecf-4d0c-90f9-a5bbb1d7a6fd 1.017s
2024-12-01 04:10:00.157 64022 INFO tempest.lib.common.rest_client [req-4c40988e-518e-413e-97e2-d7f21bef898d req-4c40988e-518e-413e-97e2-d7f21bef898d ] Request (QuotasAdminTestV236:test_get_updated_quotas): 200 PUT http://10.180.1.21/compute/v2.1/os-quota-sets/84b3fded39594440ad85b910d3079af8?user_id=4afe4bc5ffd14fa0b1a58ece03f58e66 1.024s
2024-12-01 04:10:00.195 64048 INFO tempest.lib.common.rest_client [req-770a442b-fa2c-42d9-92d2-e4a9687eb218 req-770a442b-fa2c-42d9-92d2-e4a9687eb218 ] Request (VolumesTestJSON:setUpClass): 200 GET http://10.180.1.21/compute/v2.1/os-volumes/53434052-2a72-4700-81e4-1f73388bce08 0.801s
2024-12-01 04:10:00.271 64052 INFO tempest.lib.common.rest_client [req-5a68bb91-9a43-46f0-8536-a14ada72d14a req-5a68bb91-9a43-46f0-8536-a14ada72d14a ] Request (ImagesMetadataTestJSON:setUp): 200 PUT http://10.180.1.21/compute/v2.1/images/8c0b67ce-8247-41f6-8edb-27491284b432/metadata 0.900s
2024-12-01 04:10:00.363 64048 INFO tempest.lib.common.rest_client [req-d78817a5-38b5-446c-a181-7e619d5e719b req-d78817a5-38b5-446c-a181-7e619d5e719b ] Request (VolumesTestJSON:setUpClass): 202 POST http://10.180.1.21/volume/v3/20720b0249564f2986129b296f03f62d/volumes 0.165s
2024-12-01 04:10:00.371 63994 INFO tempest.lib.common.rest_client [req-a16b9192-d193-4c00-990c-bbb2739548cd req-a16b9192-d193-4c00-990c-bbb2739548cd ] Request (ImagesOneServerTestJSON:setUpClass): 200 GET http://10.180.1.21/compute/v2.1/servers/04488672-86c4-415b-961e-94641d570112 0.847s
2024-12-01 04:10:00.399 64048 INFO tempest.lib.common.rest_client [req-c3408b51-2e8b-43b1-8947-122bf69df132 req-c3408b51-2e8b-43b1-8947-122bf69df132 ] Request (VolumesTestJSON:setUpClass): 200 GET http://10.180.1.21/volume/v3/20720b0249564f2986129b296f03f62d/volumes/da9a4ecb-bc65-48d3-b278-61e1e5e41a76 0.030s
2024-12-01 04:10:00.402 63992 INFO tempest.lib.common.rest_client [req-7b245574-88f7-4af8-b46a-8ebc0e531c8f req-7b245574-88f7-4af8-b46a-8ebc0e531c8f ] Request (ListImageFiltersTestJSON:setUpClass): 200 GET http://10.180.1.21/compute/v2.1/images/16a44002-1442-452d-8cc4-fcfc974e52d9 0.813s
2024-12-01 04:10:00.511 64024 INFO tempest.lib.common.rest_client [req-8ed458b6-9964-408a-bc41-36dda27912f4 req-8ed458b6-9964-408a-bc41-36dda27912f4 ] Request (FloatingIPDetailsNegativeTestJSON:tearDownClass): 200 PUT http://10.180.1.21:9696/networking/v2.0/routers/d52ecb63-33d2-4f1b-9d53-12b31f1c2009/remove_router_interface 1.555s
2024-12-01 04:10:00.546 64042 INFO tempest.lib.common.rest_client [req-00fdb0f7-8c16-4074-a137-3cf39245b04e req-00fdb0f7-8c16-4074-a137-3cf39245b04e ] Request (ServerDiagnosticsNegativeTest:test_get_server_diagnostics_by_non_admin): 200 GET http://10.180.1.21/compute/v2.1/servers/667bfd5b-1331-4ff4-93ee-eaa7c7cc4246 0.916s
2024-12-01 04:10:00.549 63998 INFO tempest.lib.common.rest_client [req-c6f127a0-b3ed-4ca2-bf6c-a9226cdbe975 req-c6f127a0-b3ed-4ca2-bf6c-a9226cdbe975 ] Request (ServersTestJSON:setUpClass): 201 POST http://10.180.1.21:9696/networking/v2.0/floatingips 0.566s
2024-12-01 04:10:00.553 64034 INFO tempest.lib.common.rest_client [req-99c88348-f15c-45fb-8540-fcefc9ef9200 req-99c88348-f15c-45fb-8540-fcefc9ef9200 ] Request (QuotasAdminNegativeTest:test_create_server_when_cpu_quota_is_full): 403 POST http://10.180.1.21/compute/v2.1/servers 1.134s
2024-12-01 04:10:00.584 63998 INFO tempest.lib.common.rest_client [req-0e9ddfeb-3c92-456e-94fc-237a8f027bbf req-0e9ddfeb-3c92-456e-94fc-237a8f027bbf ] Request (ServersTestJSON:setUpClass): 201 POST http://10.180.1.21/identity/v3/auth/tokens 0.033s
2024-12-01 04:10:00.585 63998 INFO tempest.lib.common.fixed_network [-] (ServersTestJSON:setUpClass) Found network {'id': 'f482d0c5-3096-41db-88af-b2f19fa4b5f2', 'name': 'tempest-ServersTestJSON-1125645083-network', 'tenant_id': 'a75b48a49f6c49f9baaabe8c4889fd99', 'admin_state_up': True, 'mtu': 8950, 'status': 'ACTIVE', 'subnets': [], 'shared': False, 'project_id': 'a75b48a49f6c49f9baaabe8c4889fd99', 'port_security_enabled': True, 'router:external': False, 'provider:network_type': 'vlan', 'provider:physical_network': 'default', 'provider:segmentation_id': 772, 'is_default': False, 'availability_zone_hints': [], 'availability_zones': [], 'ipv4_address_scope': None, 'ipv6_address_scope': None, 'description': '', 'tags': [], 'created_at': '2024-12-01T04:09:56Z', 'updated_at': '2024-12-01T04:09:56Z', 'revision_number': 1} available for tenant
2024-12-01 04:10:00.691 64016 INFO tempest.lib.common.rest_client [req-be5a3f76-5a12-43d1-8eed-e02ae582d0e2 req-be5a3f76-5a12-43d1-8eed-e02ae582d0e2 ] Request (ServersAdminTestJSON:setUpClass): 200 GET http://10.180.1.21/compute/v2.1/servers/6ca5ca5e-1f98-4d79-b22e-b07b67b5c5bd 1.032s
2024-12-01 04:10:00.705 64006 INFO tempest.lib.common.rest_client [req-9632a6b8-a00a-4e20-925a-aac61d3a732a req-9632a6b8-a00a-4e20-925a-aac61d3a732a ] Request (FlavorsAdminTestJSON:test_create_server_with_non_public_flavor): 400 POST http://10.180.1.21/compute/v2.1/servers 1.034s
2024-12-01 04:10:00.776 64038 INFO tempest.lib.common.rest_client [req-694abdd0-7187-4143-82b1-8419089f7dd0 req-694abdd0-7187-4143-82b1-8419089f7dd0 ] Request (ServerDiskConfigTestJSON:test_rebuild_server_with_auto_disk_config): 200 GET http://10.180.1.21/compute/v2.1/servers/98eb6b3f-69c8-4837-9b5c-a1485fe5cab6 1.076s
2024-12-01 04:10:00.826 64050 INFO tempest.lib.common.rest_client [req-9b2e406f-cbc8-420e-905c-36ca6184229f req-9b2e406f-cbc8-420e-905c-36ca6184229f ] Request (InstanceActionsTestJSON:setUpClass): 200 GET http://10.180.1.21/compute/v2.1/servers/6f7a3a1f-859d-42f5-b986-6a1a038ca536 1.102s
2024-12-01 04:10:00.829 63992 INFO tempest.lib.common.rest_client [req-a28946cb-8456-41df-a519-34e4eaf84d5a req-a28946cb-8456-41df-a519-34e4eaf84d5a ] Request (ListImageFiltersTestJSON:setUpClass): 201 POST http://10.180.1.21/image/v2/images 0.423s
2024-12-01 04:10:00.872 64014 INFO tempest.lib.common.rest_client [req-0058657a-58a0-481a-af3e-4ed2782d2107 req-0058657a-58a0-481a-af3e-4ed2782d2107 ] Request (SecurityGroupRulesNegativeTestJSON:test_create_security_group_rule_with_invalid_ip_protocol): 200 POST http://10.180.1.21/compute/v2.1/os-security-groups 1.215s
2024-12-01 04:10:00.900 64012 INFO tempest.lib.common.rest_client [req-91acae21-3153-491d-82f8-cf6a5d37063c req-91acae21-3153-491d-82f8-cf6a5d37063c ] Request (ImagesNegativeTestJSON:test_create_image_from_deleted_server): 200 GET http://10.180.1.21/compute/v2.1/servers/fffb383d-e1db-4640-9201-0ea897c472d9 1.145s
2024-12-01 04:10:00.913 64010 INFO tempest.lib.common.rest_client [req-3a5dfe7b-61a9-46d6-9b69-fc0a557370dd req-3a5dfe7b-61a9-46d6-9b69-fc0a557370dd ] Request (KeyPairsV22TestJSON:test_keypairsv22_create_list_show_with_type): 200 GET http://10.180.1.21/compute/v2.1/os-keypairs/tempest-keypair-1319401706 1.053s
2024-12-01 04:10:00.921 64040 INFO tempest.lib.common.rest_client [req-79e8ad25-d186-48ca-91d7-64869a426d90 req-79e8ad25-d186-48ca-91d7-64869a426d90 ] Request (MigrationsAdminTest:test_list_migrations_in_flavor_resize_situation): 200 GET http://10.180.1.21/compute/v2.1/servers/29c17291-50be-45a3-93c6-76bc8c7cbbb4 1.132s
2024-12-01 04:10:00.938 64004 INFO tempest.lib.common.rest_client [req-3483f488-97e1-4edb-b33d-ff6fa222eb35 req-3483f488-97e1-4edb-b33d-ff6fa222eb35 ] Request (AggregatesAdminNegativeTestJSON:_run_cleanups): 200 DELETE http://10.180.1.21/compute/v2.1/os-aggregates/6 1.073s
2024-12-01 04:10:01.025 63990 INFO tempest.lib.common.rest_client [req-45adc780-f021-4eb6-bd51-72eef64be859 req-45adc780-f021-4eb6-bd51-72eef64be859 ] Request (ServersAdmin275Test:test_rebuild_update_server_275): 200 GET http://10.180.1.21/compute/v2.1/servers/7f516750-b7ee-471b-a386-b898aac3985c 1.129s
2024-12-01 04:10:01.040 64044 INFO tempest.lib.common.rest_client [req-c9f980d2-e136-4154-832d-b5e8aa7ca21a req-c9f980d2-e136-4154-832d-b5e8aa7ca21a ] Request (FlavorsAccessNegativeTestJSON:_run_cleanups): 202 DELETE http://10.180.1.21/compute/v2.1/flavors/653694576 1.093s
2024-12-01 04:10:01.059 64030 INFO tempest.lib.common.rest_client [req-bad54ebd-b5ee-409f-9b1c-9e1340094450 req-bad54ebd-b5ee-409f-9b1c-9e1340094450 ] Request (ServerDiagnosticsTest:test_get_server_diagnostics): 200 GET http://10.180.1.21/compute/v2.1/servers/29bee3d3-a6d2-43a9-8439-d5b842214cf1 1.127s
2024-12-01 04:10:01.093 64026 INFO tempest.lib.common.rest_client [req-5222ca5b-74cc-46a5-9094-d46b9792bd5c req-5222ca5b-74cc-46a5-9094-d46b9792bd5c ] Request (MultipleCreateTestJSON:test_multiple_create): 200 GET http://10.180.1.21/compute/v2.1/servers/879dce1e-340a-48d0-9291-857f39fec597 1.102s
2024-12-01 04:10:01.113 64046 INFO tempest.lib.common.rest_client [req-f18592e3-6e98-4925-bb0d-b56eb95c2300 req-f18592e3-6e98-4925-bb0d-b56eb95c2300 ] Request (ServersWithSpecificFlavorTestJSON:test_verify_created_server_ephemeral_disk): 200 GET http://10.180.1.21/compute/v2.1/servers/4ef40272-deb2-414a-b0ac-0bc30ba2bc84 1.091s
2024-12-01 04:10:01.138 64022 INFO tempest.lib.common.rest_client [req-e34f1416-3ddb-4b2e-add9-765f69be8ca9 req-e34f1416-3ddb-4b2e-add9-765f69be8ca9 ] Request (QuotasAdminTestV236:test_get_updated_quotas): 200 GET http://10.180.1.21/compute/v2.1/os-quota-sets/84b3fded39594440ad85b910d3079af8?user_id=4afe4bc5ffd14fa0b1a58ece03f58e66 0.979s
2024-12-01 04:10:01.167 64024 INFO tempest.lib.common.rest_client [req-94dcce23-db24-45ef-bbc0-de7addc1a505 req-94dcce23-db24-45ef-bbc0-de7addc1a505 ] Request (FloatingIPDetailsNegativeTestJSON:tearDownClass): 204 DELETE http://10.180.1.21:9696/networking/v2.0/routers/d52ecb63-33d2-4f1b-9d53-12b31f1c2009 0.656s
2024-12-01 04:10:01.236 64022 INFO tempest.lib.common.rest_client [req-0a001d52-dbf1-4e3f-b2fa-7d93f7c7b027 req-0a001d52-dbf1-4e3f-b2fa-7d93f7c7b027 ] Request (QuotasAdminTestV236:_run_cleanups): 204 DELETE http://10.180.1.21/identity/v3/users/4afe4bc5ffd14fa0b1a58ece03f58e66 0.096s
2024-12-01 04:10:01.259 64002 INFO tempest.lib.common.rest_client [req-16b718ae-1d6c-4a3b-9fcb-3505462c3aef req-16b718ae-1d6c-4a3b-9fcb-3505462c3aef ] Request (ServerActionsTestJSON:setUpClass): 200 GET http://10.180.1.21/compute/v2.1/servers/71509f58-5616-4d6a-9a88-3bfd9d414a0c 0.967s
2024-12-01 04:10:01.323 64024 INFO tempest.lib.common.rest_client [req-e7ca6a9a-cadb-4405-85b3-d26ff6fe146e req-e7ca6a9a-cadb-4405-85b3-d26ff6fe146e ] Request (FloatingIPDetailsNegativeTestJSON:tearDownClass): 204 DELETE http://10.180.1.21:9696/networking/v2.0/subnets/4e15d526-3410-468c-9eba-697030af8f24 0.155s
2024-12-01 04:10:01.348 64022 INFO tempest.lib.common.rest_client [req-2c311573-242b-4c91-b53c-ca9287518e9e req-2c311573-242b-4c91-b53c-ca9287518e9e ] Request (QuotasAdminTestV236:_run_cleanups): 204 DELETE http://10.180.1.21/identity/v3/projects/84b3fded39594440ad85b910d3079af8 0.112s
2024-12-01 04:10:01.372 64036 INFO tempest.lib.common.rest_client [req-45a4ba99-35c3-4614-9d9b-453c87c1d01b req-45a4ba99-35c3-4614-9d9b-453c87c1d01b ] Request (ServersTestFqdnHostnames:test_create_server_with_fqdn_name): 200 GET http://10.180.1.21/compute/v2.1/servers/f9a675b6-e76d-492b-ac34-3c7b10553fca 1.028s
2024-12-01 04:10:01.440 64048 INFO tempest.lib.common.rest_client [req-5af0bbcf-5003-4d46-8456-4f0399125dff req-5af0bbcf-5003-4d46-8456-4f0399125dff ] Request (VolumesTestJSON:setUpClass): 200 GET http://10.180.1.21/volume/v3/20720b0249564f2986129b296f03f62d/volumes/da9a4ecb-bc65-48d3-b278-61e1e5e41a76 0.034s
2024-12-01 04:10:01.448 64048 INFO tempest.common.waiters [-] volume da9a4ecb-bc65-48d3-b278-61e1e5e41a76 reached available after waiting for 1.448315 seconds
2024-12-01 04:10:01.451 64052 INFO tempest.lib.common.rest_client [req-b25f12a4-0fa7-4b08-97ef-32e8947104d1 req-b25f12a4-0fa7-4b08-97ef-32e8947104d1 ] Request (ImagesMetadataTestJSON:test_update_image_metadata): 200 POST http://10.180.1.21/compute/v2.1/images/8c0b67ce-8247-41f6-8edb-27491284b432/metadata 1.178s
2024-12-01 04:10:01.490 64022 INFO tempest.lib.common.rest_client [req-43cc109b-a8a5-478e-a033-a34b14b841ea req-43cc109b-a8a5-478e-a033-a34b14b841ea ] Request (QuotasAdminTestV236:tearDownClass): 204 DELETE http://10.180.1.21/identity/v3/users/dc1dd82497234fd3a226b380ca567a8d 0.141s
2024-12-01 04:10:01.557 64008 INFO tempest.lib.common.rest_client [req-f6b9ff17-e1ec-4519-8f40-5be340b1548c req-f6b9ff17-e1ec-4519-8f40-5be340b1548c ] Request (QuotasAdminTestV257:test_get_updated_quotas): 200 GET http://10.180.1.21/identity/v3/domains?name=Default 0.144s
2024-12-01 04:10:01.567 64020 INFO tempest.lib.common.rest_client [req-2e061509-cd5c-42de-9e5f-bb66f4653851 req-2e061509-cd5c-42de-9e5f-bb66f4653851 ] Request (ServerExternalEventsTest:test_create_server_external_events): 200 GET http://10.180.1.21/compute/v2.1/servers/1c36f4af-0222-48d3-ac90-776f7fe807de 1.003s
2024-12-01 04:10:01.575 64034 INFO tempest.lib.common.rest_client [req-332cefdb-a8f7-4c90-a924-2abaa91dd6d4 req-332cefdb-a8f7-4c90-a924-2abaa91dd6d4 ] Request (QuotasAdminNegativeTest:_run_cleanups): 200 PUT http://10.180.1.21/compute/v2.1/os-quota-sets/d5cfbbb0bb6a4fabbe637c5e81ae7096 1.021s
2024-12-01 04:10:01.592 64008 INFO tempest.lib.common.rest_client [req-ac851961-629b-445d-a10e-3706aef0699a req-ac851961-629b-445d-a10e-3706aef0699a ] Request (QuotasAdminTestV257:test_get_updated_quotas): 201 POST http://10.180.1.21/identity/v3/projects 0.035s
2024-12-01 04:10:01.645 64018 INFO tempest.lib.common.rest_client [req-11c39700-ca7c-4a8b-b5d6-45eb10e159d4 req-11c39700-ca7c-4a8b-b5d6-45eb10e159d4 ] Request (VolumesAssistedSnapshotsTest:test_volume_assisted_snapshot_create_delete): 200 GET http://10.180.1.21/compute/v2.1/servers/ee0e3e54-c135-489f-87ca-f441efebcbd5 0.989s
2024-12-01 04:10:01.660 64024 INFO tempest.lib.common.rest_client [req-10d4901a-7939-4483-9017-a9c2d4743ee0 req-10d4901a-7939-4483-9017-a9c2d4743ee0 ] Request (FloatingIPDetailsNegativeTestJSON:tearDownClass): 204 DELETE http://10.180.1.21:9696/networking/v2.0/networks/b1833c64-4d68-4b5a-aea7-79952c03f8b0 0.337s
2024-12-01 04:10:01.681 64022 INFO tempest.lib.common.rest_client [req-5686293e-86b6-4219-ba8c-97f43aa87ec6 req-5686293e-86b6-4219-ba8c-97f43aa87ec6 ] Request (QuotasAdminTestV236:tearDownClass): 204 DELETE http://10.180.1.21/identity/v3/users/d11b7535733048ad96a7db5d4c3ec60d 0.190s
2024-12-01 04:10:01.682 64022 INFO tempest.lib.common.dynamic_creds [-] Deleting project and security group for project: fd9489456e04407da51fd6d1743075b0
2024-12-01 04:10:01.692 64008 INFO tempest.lib.common.rest_client [req-51497a00-c750-4541-9c87-a01546c051ad req-51497a00-c750-4541-9c87-a01546c051ad ] Request (QuotasAdminTestV257:test_get_updated_quotas): 200 GET http://10.180.1.21/identity/v3/domains?name=Default 0.099s
2024-12-01 04:10:01.743 64022 INFO tempest.lib.common.rest_client [req-225bde46-59bb-4119-baf9-808d88efe891 req-225bde46-59bb-4119-baf9-808d88efe891 ] Request (QuotasAdminTestV236:tearDownClass): 201 POST http://10.180.1.21/identity/v3/auth/tokens 0.061s
2024-12-01 04:10:01.772 64024 INFO tempest.lib.common.rest_client [req-629a2a86-9fbd-4fea-aeb8-a2ec056e58d0 req-629a2a86-9fbd-4fea-aeb8-a2ec056e58d0 ] Request (FloatingIPDetailsNegativeTestJSON:tearDownClass): 204 DELETE http://10.180.1.21/identity/v3/users/b45884e3ca6a4ceaa53acf0f7d31d833 0.111s
2024-12-01 04:10:01.772 64024 INFO tempest.lib.common.dynamic_creds [-] Deleting project and security group for project: bd7fc567d8da418f87ce56f02f746e7c
2024-12-01 04:10:01.803 64024 INFO tempest.lib.common.rest_client [req-d9146015-de24-4015-ae0d-be638412b860 req-d9146015-de24-4015-ae0d-be638412b860 ] Request (FloatingIPDetailsNegativeTestJSON:tearDownClass): 200 GET http://10.180.1.21:9696/networking/v2.0/security-groups?tenant_id=bd7fc567d8da418f87ce56f02f746e7c&name=default 0.031s
2024-12-01 04:10:01.825 64032 INFO tempest.lib.common.rest_client [req-5a75f7f5-f338-4bee-bc6c-cc86e830afcc req-5a75f7f5-f338-4bee-bc6c-cc86e830afcc ] Request (InstanceActionsNegativeTestJSON:setUpClass): 200 GET http://10.180.1.21/compute/v2.1/servers/5e748c4b-03c5-4a88-a4ed-27093f2aef47 1.166s
2024-12-01 04:10:01.842 64006 INFO tempest.lib.common.rest_client [req-14247448-df74-481b-8076-055829fa8967 req-14247448-df74-481b-8076-055829fa8967 ] Request (FlavorsAdminTestJSON:_run_cleanups): 202 DELETE http://10.180.1.21/compute/v2.1/flavors/416337514 1.136s
2024-12-01 04:10:01.895 64014 INFO tempest.lib.common.rest_client [req-75be6ec8-bb77-4231-a66f-c1ed028fac6f req-75be6ec8-bb77-4231-a66f-c1ed028fac6f ] Request (SecurityGroupRulesNegativeTestJSON:test_create_security_group_rule_with_invalid_ip_protocol): 400 POST http://10.180.1.21/compute/v2.1/os-security-group-rules 1.020s
2024-12-01 04:10:01.904 64024 INFO tempest.lib.common.rest_client [req-48b515f0-f4aa-4852-b95f-c48e3afa4fef req-48b515f0-f4aa-4852-b95f-c48e3afa4fef ] Request (FloatingIPDetailsNegativeTestJSON:tearDownClass): 204 DELETE http://10.180.1.21:9696/networking/v2.0/security-groups/7ec703ce-5b2f-4a26-8ed8-f2da28439b0a 0.099s
2024-12-01 04:10:01.908 64010 INFO tempest.lib.common.rest_client [req-74a47749-6595-4be6-8e4e-484897651464 req-74a47749-6595-4be6-8e4e-484897651464 ] Request (KeyPairsV22TestJSON:test_keypairsv22_create_list_show_with_type): 200 GET http://10.180.1.21/compute/v2.1/os-keypairs 0.992s
2024-12-01 04:10:01.918 64004 INFO tempest.lib.common.rest_client [req-1421ad21-1050-44f7-8ab2-b8cc5f927661 req-1421ad21-1050-44f7-8ab2-b8cc5f927661 ] Request (AggregatesAdminNegativeTestJSON:test_aggregate_get_details_with_invalid_id): 404 GET http://10.180.1.21/compute/v2.1/os-aggregates/-1 0.978s
2024-12-01 04:10:01.935 64044 INFO tempest.lib.common.rest_client [req-8cbebbd7-08ba-4c9b-8ecb-015ab2c21c8d req-8cbebbd7-08ba-4c9b-8ecb-015ab2c21c8d ] Request (FlavorsAccessNegativeTestJSON:_run_cleanups): 200 GET http://10.180.1.21/compute/v2.1/flavors/detail 0.895s
2024-12-01 04:10:01.948 64022 INFO tempest.lib.common.rest_client [req-dce83ef0-16c7-4fe9-8e61-d9e719081b89 req-dce83ef0-16c7-4fe9-8e61-d9e719081b89 ] Request (QuotasAdminTestV236:tearDownClass): 200 GET http://10.180.1.21:9696/networking/v2.0/security-groups?tenant_id=fd9489456e04407da51fd6d1743075b0&name=default 0.205s
2024-12-01 04:10:01.984 64024 INFO tempest.lib.common.rest_client [req-6e1b7f02-f62f-49fe-bfbd-7ee9faae7f8e req-6e1b7f02-f62f-49fe-bfbd-7ee9faae7f8e ] Request (FloatingIPDetailsNegativeTestJSON:tearDownClass): 204 DELETE http://10.180.1.21/identity/v3/projects/bd7fc567d8da418f87ce56f02f746e7c 0.079s
2024-12-01 04:10:02.008 64000 INFO tempest.lib.common.rest_client [req-28512b6d-5a65-42f2-b5c1-c89873ae1f6b req-28512b6d-5a65-42f2-b5c1-c89873ae1f6b ] Request (AttachInterfacesUnderV243Test:test_add_remove_fixed_ip): 200 GET http://10.180.1.21/compute/v2.1/servers/10cb6a2e-4a08-453e-9372-4ea14958470d 0.958s
2024-12-01 04:10:02.077 64022 INFO tempest.lib.common.rest_client [req-2b3c136b-e424-4556-8b83-05899b4af7bd req-2b3c136b-e424-4556-8b83-05899b4af7bd ] Request (QuotasAdminTestV236:tearDownClass): 204 DELETE http://10.180.1.21:9696/networking/v2.0/security-groups/e30cebb2-c7a3-4c58-8a2c-69167b18225a 0.128s
2024-12-01 04:10:02.095 64044 INFO tempest.lib.common.rest_client [req-83483f4d-d7cd-4cec-9797-e98bc70ac3ea req-83483f4d-d7cd-4cec-9797-e98bc70ac3ea ] Request (FlavorsAccessNegativeTestJSON:tearDownClass): 204 DELETE http://10.180.1.21/identity/v3/users/bf2ef86de9ab4b0eb76c05d43ea2b9ec 0.153s
2024-12-01 04:10:02.106 63998 INFO tempest.lib.common.rest_client [req-ade5cb7a-e705-4b95-a6d8-32e84224b5cb req-ade5cb7a-e705-4b95-a6d8-32e84224b5cb ] Request (ServersTestJSON:setUpClass): 202 POST http://10.180.1.21/compute/v2.1/servers 1.520s
2024-12-01 04:10:02.128 63996 INFO tempest.lib.common.rest_client [req-6000e66c-2612-4ee5-a9a2-2fc07e530549 req-6000e66c-2612-4ee5-a9a2-2fc07e530549 ] Request (ServersAdminNegativeTestJSON:setUpClass): 200 GET http://10.180.1.21/compute/v2.1/servers/2d442033-3ecf-4d0c-90f9-a5bbb1d7a6fd 1.070s
2024-12-01 04:10:02.162 63994 INFO tempest.lib.common.rest_client [req-a09abc87-4fd6-425a-89ab-48b005609ba7 req-a09abc87-4fd6-425a-89ab-48b005609ba7 ] Request (ImagesOneServerTestJSON:setUpClass): 200 GET http://10.180.1.21/compute/v2.1/servers/04488672-86c4-415b-961e-94641d570112 0.783s
2024-12-01 04:10:02.190 64052 INFO tempest.lib.common.rest_client [req-dda0e8b8-fea0-4f84-8649-f06a2ef3194b req-dda0e8b8-fea0-4f84-8649-f06a2ef3194b ] Request (ImagesMetadataTestJSON:test_update_image_metadata): 200 GET http://10.180.1.21/compute/v2.1/images/8c0b67ce-8247-41f6-8edb-27491284b432/metadata 0.737s
2024-12-01 04:10:02.192 64022 INFO tempest.lib.common.rest_client [req-f32a806f-6ff8-463e-aaa3-a4060fc891d4 req-f32a806f-6ff8-463e-aaa3-a4060fc891d4 ] Request (QuotasAdminTestV236:tearDownClass): 204 DELETE http://10.180.1.21/identity/v3/projects/fd9489456e04407da51fd6d1743075b0 0.115s
2024-12-01 04:10:02.193 64022 INFO tempest.lib.common.dynamic_creds [-] Deleting project and security group for project: 64672c0e95c447ff89199b82f07ee35b
2024-12-01 04:10:02.194 64048 INFO tempest.lib.common.rest_client [req-5b096ce6-cd67-4bab-b7ab-f625cb945f94 req-5b096ce6-cd67-4bab-b7ab-f625cb945f94 ] Request (VolumesTestJSON:setUpClass): 200 GET http://10.180.1.21/compute/v2.1/os-volumes/da9a4ecb-bc65-48d3-b278-61e1e5e41a76 0.746s
2024-12-01 04:10:02.218 64044 INFO tempest.lib.common.rest_client [req-dd447b98-60fc-403d-909f-6c231a5c1c9a req-dd447b98-60fc-403d-909f-6c231a5c1c9a ] Request (FlavorsAccessNegativeTestJSON:tearDownClass): 204 DELETE http://10.180.1.21/identity/v3/users/c94b89265db54697aed7591bc5e71630 0.123s
2024-12-01 04:10:02.259 64052 INFO tempest.lib.common.rest_client [req-2c8918cf-2e0f-41ce-ad12-5d3eec6cff7a req-2c8918cf-2e0f-41ce-ad12-5d3eec6cff7a ] Request (ImagesMetadataTestJSON:tearDownClass): 204 DELETE http://10.180.1.21/image/v2/images/8c0b67ce-8247-41f6-8edb-27491284b432 0.067s
2024-12-01 04:10:02.325 64022 INFO tempest.lib.common.rest_client [req-37c59b95-07d1-4f9e-b8e2-675eecd31f04 req-37c59b95-07d1-4f9e-b8e2-675eecd31f04 ] Request (QuotasAdminTestV236:tearDownClass): 200 GET http://10.180.1.21:9696/networking/v2.0/security-groups?tenant_id=64672c0e95c447ff89199b82f07ee35b&name=default 0.132s
2024-12-01 04:10:02.333 64044 INFO tempest.lib.common.rest_client [req-cc6a9a9d-b379-411b-89fe-97de9fa6cc02 req-cc6a9a9d-b379-411b-89fe-97de9fa6cc02 ] Request (FlavorsAccessNegativeTestJSON:tearDownClass): 204 DELETE http://10.180.1.21/identity/v3/users/3d57d5896b2c4711823d24811ae2137f 0.115s
2024-12-01 04:10:02.333 64044 INFO tempest.lib.common.dynamic_creds [-] Deleting project and security group for project: 6d3ae7eb8207401aba377c9d7c6895b7
2024-12-01 04:10:02.368 64042 INFO tempest.lib.common.rest_client [req-71408759-5bc7-4165-b2fa-304ae4f87b0b req-71408759-5bc7-4165-b2fa-304ae4f87b0b ] Request (ServerDiagnosticsNegativeTest:test_get_server_diagnostics_by_non_admin): 200 GET http://10.180.1.21/compute/v2.1/servers/667bfd5b-1331-4ff4-93ee-eaa7c7cc4246 0.811s
2024-12-01 04:10:02.398 64034 INFO tempest.lib.common.rest_client [req-9618e2aa-3e1c-47ee-975f-d40d085d918f req-9618e2aa-3e1c-47ee-975f-d40d085d918f ] Request (QuotasAdminNegativeTest:test_create_server_when_instances_quota_is_full): 200 GET http://10.180.1.21/compute/v2.1/os-quota-sets/d5cfbbb0bb6a4fabbe637c5e81ae7096 0.819s
2024-12-01 04:10:02.421 64022 INFO tempest.lib.common.rest_client [req-ba938012-d58f-4e9b-a3fe-504f348c924d req-ba938012-d58f-4e9b-a3fe-504f348c924d ] Request (QuotasAdminTestV236:tearDownClass): 204 DELETE http://10.180.1.21:9696/networking/v2.0/security-groups/6a12a032-c8d1-4dfb-ab5f-eb109f1d16a7 0.095s
2024-12-01 04:10:02.423 64052 INFO tempest.lib.common.rest_client [req-dddaffc3-835b-4275-ac41-bffb6394ace2 req-dddaffc3-835b-4275-ac41-bffb6394ace2 ] Request (ImagesMetadataTestJSON:tearDownClass): 204 DELETE http://10.180.1.21/identity/v3/users/66f8e5493fbb4fa097571ce7346084b3 0.163s
2024-12-01 04:10:02.423 64052 INFO tempest.lib.common.dynamic_creds [-] Deleting project and security group for project: f9d07876714945b787489c6740cc091b
2024-12-01 04:10:02.472 64044 INFO tempest.lib.common.rest_client [req-5d58d762-d644-46c9-98a8-a7149ca20620 req-5d58d762-d644-46c9-98a8-a7149ca20620 ] Request (FlavorsAccessNegativeTestJSON:tearDownClass): 201 POST http://10.180.1.21/identity/v3/auth/tokens 0.138s
2024-12-01 04:10:02.539 64022 INFO tempest.lib.common.rest_client [req-e1acb404-15d5-47e5-8638-72aecd8777ab req-e1acb404-15d5-47e5-8638-72aecd8777ab ] Request (QuotasAdminTestV236:tearDownClass): 204 DELETE http://10.180.1.21/identity/v3/projects/64672c0e95c447ff89199b82f07ee35b 0.117s
2024-12-01 04:10:02.580 64016 INFO tempest.lib.common.rest_client [req-20405315-ac65-4a9d-84b6-6d3377539fcf req-20405315-ac65-4a9d-84b6-6d3377539fcf ] Request (ServersAdminTestJSON:setUpClass): 200 GET http://10.180.1.21/compute/v2.1/servers/6ca5ca5e-1f98-4d79-b22e-b07b67b5c5bd 0.880s
2024-12-01 04:10:02.589 64052 INFO tempest.lib.common.rest_client [req-10f24f26-09a9-486c-b840-da94f19a3f76 req-10f24f26-09a9-486c-b840-da94f19a3f76 ] Request (ImagesMetadataTestJSON:tearDownClass): 201 POST http://10.180.1.21/identity/v3/auth/tokens 0.165s
2024-12-01 04:10:02.642 64022 INFO tempest.lib.common.rest_client [req-c8d46f5b-c2e5-4b39-a72c-0d17ce9e6a8c req-c8d46f5b-c2e5-4b39-a72c-0d17ce9e6a8c ] Request (ServicesAdminNegativeV253TestJSON:setUpClass): 201 POST http://10.180.1.21/identity/v3/auth/tokens 0.101s
2024-12-01 04:10:02.668 64038 INFO tempest.lib.common.rest_client [req-a7de2be4-6b70-48c2-835e-2757f7d1d1c2 req-a7de2be4-6b70-48c2-835e-2757f7d1d1c2 ] Request (ServerDiskConfigTestJSON:test_rebuild_server_with_auto_disk_config): 200 GET http://10.180.1.21/compute/v2.1/servers/98eb6b3f-69c8-4837-9b5c-a1485fe5cab6 0.886s
2024-12-01 04:10:02.719 64022 INFO tempest.lib.common.rest_client [req-06933cb1-561e-423a-9678-bb561ced61d2 req-06933cb1-561e-423a-9678-bb561ced61d2 ] Request (ServicesAdminNegativeV253TestJSON:setUpClass): 201 POST http://10.180.1.21/identity/v3/auth/tokens 0.072s
2024-12-01 04:10:02.735 64050 INFO tempest.lib.common.rest_client [req-d01dc23a-2030-46bd-8253-d6e3e048339d req-d01dc23a-2030-46bd-8253-d6e3e048339d ] Request (InstanceActionsTestJSON:setUpClass): 200 GET http://10.180.1.21/compute/v2.1/servers/6f7a3a1f-859d-42f5-b986-6a1a038ca536 0.900s
2024-12-01 04:10:02.738 64022 INFO tempest.lib.common.rest_client [req-7dd59199-eb23-4e9b-8186-b57e7f40c794 req-7dd59199-eb23-4e9b-8186-b57e7f40c794 ] Request (ServicesAdminNegativeV253TestJSON:setUpClass): 200 GET http://10.180.1.21/identity/v3/domains?name=Default 0.018s
2024-12-01 04:10:02.744 63992 INFO tempest.lib.common.rest_client [req-fbba65a1-0cb6-4abd-86a2-e52d6a1f05fc req-fbba65a1-0cb6-4abd-86a2-e52d6a1f05fc ] Request (ListImageFiltersTestJSON:setUpClass): 204 PUT http://10.180.1.21/image/v2/images/f503bf64-a472-4bea-908e-117dccce73b6/file 0.912s
2024-12-01 04:10:02.754 64006 INFO tempest.lib.common.rest_client [req-7c64da33-dd20-446a-913b-25051d6cc379 req-7c64da33-dd20-446a-913b-25051d6cc379 ] Request (FlavorsAdminTestJSON:_run_cleanups): 200 GET http://10.180.1.21/compute/v2.1/flavors/detail 0.911s
2024-12-01 04:10:02.770 64052 INFO tempest.lib.common.rest_client [req-e2c54301-031d-4daa-b5e6-adec672c2e6a req-e2c54301-031d-4daa-b5e6-adec672c2e6a ] Request (ImagesMetadataTestJSON:tearDownClass): 200 GET http://10.180.1.21:9696/networking/v2.0/security-groups?tenant_id=f9d07876714945b787489c6740cc091b&name=default 0.180s
2024-12-01 04:10:02.779 64022 INFO tempest.lib.common.rest_client [req-9f64dd0d-cbea-4b7a-8baa-bc853c28a9a5 req-9f64dd0d-cbea-4b7a-8baa-bc853c28a9a5 ] Request (ServicesAdminNegativeV253TestJSON:setUpClass): 201 POST http://10.180.1.21/identity/v3/projects 0.041s
2024-12-01 04:10:02.816 64008 INFO tempest.lib.common.rest_client [req-55fe9516-adfd-4238-98c2-71795dec7f0c req-55fe9516-adfd-4238-98c2-71795dec7f0c ] Request (QuotasAdminTestV257:test_get_updated_quotas): 200 PUT http://10.180.1.21/compute/v2.1/os-quota-sets/f8537ca761fb4182b25fd25293b8abd4 1.123s
2024-12-01 04:10:02.823 64044 INFO tempest.lib.common.rest_client [req-54149933-6faf-493b-8f50-12ab6b28f37a req-54149933-6faf-493b-8f50-12ab6b28f37a ] Request (FlavorsAccessNegativeTestJSON:tearDownClass): 200 GET http://10.180.1.21:9696/networking/v2.0/security-groups?tenant_id=6d3ae7eb8207401aba377c9d7c6895b7&name=default 0.351s
2024-12-01 04:10:02.850 64022 INFO tempest.lib.common.rest_client [req-d1af39ca-442a-4bee-981a-f9fad937e887 req-d1af39ca-442a-4bee-981a-f9fad937e887 ] Request (ServicesAdminNegativeV253TestJSON:setUpClass): 201 POST http://10.180.1.21/identity/v3/users 0.071s
2024-12-01 04:10:02.868 64022 INFO tempest.lib.common.rest_client [req-8ae65917-a2a5-4a16-ac58-96a5d0387a5a req-8ae65917-a2a5-4a16-ac58-96a5d0387a5a ] Request (ServicesAdminNegativeV253TestJSON:setUpClass): 200 GET http://10.180.1.21/identity/v3/roles 0.017s
2024-12-01 04:10:02.893 64022 INFO tempest.lib.common.rest_client [req-0fcc71f8-6755-4361-89e0-c92dbe50300e req-0fcc71f8-6755-4361-89e0-c92dbe50300e ] Request (ServicesAdminNegativeV253TestJSON:setUpClass): 204 PUT http://10.180.1.21/identity/v3/projects/e14e6012be6d4633856605ebb84e2cab/users/1a124e4841114efbb824e836441ca9be/roles/435f98e7fd3140b5aaf980eb1a1d12f4 0.025s
2024-12-01 04:10:02.893 64022 INFO tempest.lib.common.dynamic_creds [-] Dynamic test user 1a124e4841114efbb824e836441ca9be is created with scope project and roles: ['member']
2024-12-01 04:10:02.894 64022 INFO tempest.lib.common.dynamic_creds [-] Acquired dynamic creds: credentials: Credentials: {'domain_id': 'default', 'domain_name': 'Default', 'username': 'tempest-ServicesAdminNegativeV253TestJSON-887801441-project-member', 'project_domain_id': 'default', 'project_domain_name': 'Default', 'project_id': 'e14e6012be6d4633856605ebb84e2cab', 'project_name': 'tempest-ServicesAdminNegativeV253TestJSON-887801441', 'tenant_id': 'e14e6012be6d4633856605ebb84e2cab', 'tenant_name': 'tempest-ServicesAdminNegativeV253TestJSON-887801441', 'user_domain_id': 'default', 'user_domain_name': 'Default', 'user_id': '1a124e4841114efbb824e836441ca9be', 'system': None}, Network: None, Subnet: None, Router: None
2024-12-01 04:10:02.894 64022 INFO tempest.lib.common.dynamic_creds [-] Created isolated network resources for: credentials: Credentials: {'domain_id': 'default', 'domain_name': 'Default', 'username': 'tempest-ServicesAdminNegativeV253TestJSON-887801441-project-member', 'project_domain_id': 'default', 'project_domain_name': 'Default', 'project_id': 'e14e6012be6d4633856605ebb84e2cab', 'project_name': 'tempest-ServicesAdminNegativeV253TestJSON-887801441', 'tenant_id': 'e14e6012be6d4633856605ebb84e2cab', 'tenant_name': 'tempest-ServicesAdminNegativeV253TestJSON-887801441', 'user_domain_id': 'default', 'user_domain_name': 'Default', 'user_id': '1a124e4841114efbb824e836441ca9be', 'system': None}, Network: None, Subnet: None, Router: None
2024-12-01 04:10:02.914 64044 INFO tempest.lib.common.rest_client [req-369e0941-988b-42fd-8778-e26375d3e031 req-369e0941-988b-42fd-8778-e26375d3e031 ] Request (FlavorsAccessNegativeTestJSON:tearDownClass): 204 DELETE http://10.180.1.21:9696/networking/v2.0/security-groups/c28c2051-6e67-464c-b743-0a8ef25ebb9b 0.090s
2024-12-01 04:10:02.971 64022 INFO tempest.lib.common.rest_client [req-ecd101a2-4a26-4869-8e3b-0e4d440ebee3 req-ecd101a2-4a26-4869-8e3b-0e4d440ebee3 ] Request (ServicesAdminNegativeV253TestJSON:setUpClass): 201 POST http://10.180.1.21/identity/v3/auth/tokens 0.073s
2024-12-01 04:10:02.998 64022 INFO tempest.lib.common.rest_client [req-8b497ba4-0135-4e58-805f-26643847e203 req-8b497ba4-0135-4e58-805f-26643847e203 ] Request (ServicesAdminNegativeV253TestJSON:setUpClass): 201 POST http://10.180.1.21/identity/v3/projects 0.026s
2024-12-01 04:10:03.014 64044 INFO tempest.lib.common.rest_client [req-85f9179b-752f-4e60-b5c7-27cdec415163 req-85f9179b-752f-4e60-b5c7-27cdec415163 ] Request (FlavorsAccessNegativeTestJSON:tearDownClass): 204 DELETE http://10.180.1.21/identity/v3/projects/6d3ae7eb8207401aba377c9d7c6895b7 0.099s
2024-12-01 04:10:03.014 64044 INFO tempest.lib.common.dynamic_creds [-] Deleting project and security group for project: 7bbaa823757a489f9930106aca9e7ed1
2024-12-01 04:10:03.052 64012 INFO tempest.lib.common.rest_client [req-22b0bd01-e223-4ed7-940d-ac0db0a331ee req-22b0bd01-e223-4ed7-940d-ac0db0a331ee ] Request (ImagesNegativeTestJSON:test_create_image_from_deleted_server): 200 GET http://10.180.1.21/compute/v2.1/servers/fffb383d-e1db-4640-9201-0ea897c472d9 1.144s
2024-12-01 04:10:03.064 64022 INFO tempest.lib.common.rest_client [req-5ea9b821-9c09-44eb-b950-a7af07938c39 req-5ea9b821-9c09-44eb-b950-a7af07938c39 ] Request (ServicesAdminNegativeV253TestJSON:setUpClass): 201 POST http://10.180.1.21/identity/v3/users 0.065s
2024-12-01 04:10:03.074 64010 INFO tempest.lib.common.rest_client [req-8ec23cdd-0aa7-4d24-a9e1-938ec43e6fb1 req-8ec23cdd-0aa7-4d24-a9e1-938ec43e6fb1 ] Request (KeyPairsV22TestJSON:_run_cleanups): 204 DELETE http://10.180.1.21/compute/v2.1/os-keypairs/tempest-keypair-1319401706 1.164s
2024-12-01 04:10:03.081 64004 INFO tempest.lib.common.rest_client [req-c6eeceb9-cf5b-43c5-aa5c-4a4bafb03904 req-c6eeceb9-cf5b-43c5-aa5c-4a4bafb03904 ] Request (AggregatesAdminNegativeTestJSON:test_aggregate_list_as_user): 403 GET http://10.180.1.21/compute/v2.1/os-aggregates 1.162s
2024-12-01 04:10:03.104 64044 INFO tempest.lib.common.rest_client [req-5148bd8e-0c59-4088-a2d3-737e7bf9bee4 req-5148bd8e-0c59-4088-a2d3-737e7bf9bee4 ] Request (FlavorsAccessNegativeTestJSON:tearDownClass): 200 GET http://10.180.1.21:9696/networking/v2.0/security-groups?tenant_id=7bbaa823757a489f9930106aca9e7ed1&name=default 0.089s
2024-12-01 04:10:03.140 64052 INFO tempest.lib.common.rest_client [req-226c63fa-1ab9-485c-997d-db38507768b1 req-226c63fa-1ab9-485c-997d-db38507768b1 ] Request (ImagesMetadataTestJSON:tearDownClass): 204 DELETE http://10.180.1.21:9696/networking/v2.0/security-groups/21188d8c-8a36-4103-b889-fdbe9d48b66f 0.369s
2024-12-01 04:10:03.147 64010 INFO tempest.lib.common.rest_client [req-4ddd79f9-b2b9-432a-84a5-a6a5ee4038cc req-4ddd79f9-b2b9-432a-84a5-a6a5ee4038cc ] Request (KeyPairsV22TestJSON:tearDownClass): 204 DELETE http://10.180.1.21/identity/v3/users/818840978e5747b1a5ca3dcc01f1b466 0.067s
2024-12-01 04:10:03.147 64010 INFO tempest.lib.common.dynamic_creds [-] Deleting project and security group for project: 0b42d7735dce4e09985b0b8ac6185177
2024-12-01 04:10:03.150 64014 INFO tempest.lib.common.rest_client [req-19d921d2-ff8a-4a1d-8e22-e825b99f5316 req-19d921d2-ff8a-4a1d-8e22-e825b99f5316 ] Request (SecurityGroupRulesNegativeTestJSON:test_create_security_group_rule_with_invalid_port_range): 200 POST http://10.180.1.21/compute/v2.1/os-security-groups 1.253s
2024-12-01 04:10:03.158 64040 INFO tempest.lib.common.rest_client [req-f73f1b1a-0c89-4347-af94-ab7e58afcca8 req-f73f1b1a-0c89-4347-af94-ab7e58afcca8 ] Request (MigrationsAdminTest:test_list_migrations_in_flavor_resize_situation): 200 GET http://10.180.1.21/compute/v2.1/servers/29c17291-50be-45a3-93c6-76bc8c7cbbb4 1.227s
2024-12-01 04:10:03.166 64022 INFO tempest.lib.common.rest_client [req-336f57f7-5032-4123-bc1b-147cec4c6e7f req-336f57f7-5032-4123-bc1b-147cec4c6e7f ] Request (ServicesAdminNegativeV253TestJSON:setUpClass): 200 GET http://10.180.1.21/identity/v3/roles 0.101s
2024-12-01 04:10:03.185 64044 INFO tempest.lib.common.rest_client [req-c51d265b-a362-4dbc-bd78-06aafe8d9b4d req-c51d265b-a362-4dbc-bd78-06aafe8d9b4d ] Request (FlavorsAccessNegativeTestJSON:tearDownClass): 204 DELETE http://10.180.1.21:9696/networking/v2.0/security-groups/4ec4aeaa-6f1c-42d6-8105-df24053e9465 0.081s
2024-12-01 04:10:03.225 63990 INFO tempest.lib.common.rest_client [req-4ad099b4-e473-437e-8c5f-ddfcb9b98ed5 req-4ad099b4-e473-437e-8c5f-ddfcb9b98ed5 ] Request (ServersAdmin275Test:test_rebuild_update_server_275): 200 GET http://10.180.1.21/compute/v2.1/servers/7f516750-b7ee-471b-a386-b898aac3985c 1.192s
2024-12-01 04:10:03.230 64010 INFO tempest.lib.common.rest_client [req-0a59c95e-a00a-4b74-8a7e-2c32adb86a8d req-0a59c95e-a00a-4b74-8a7e-2c32adb86a8d ] Request (KeyPairsV22TestJSON:tearDownClass): 201 POST http://10.180.1.21/identity/v3/auth/tokens 0.083s
2024-12-01 04:10:03.260 64052 INFO tempest.lib.common.rest_client [req-6190d4ad-92d8-43d7-9221-330d58ce33d3 req-6190d4ad-92d8-43d7-9221-330d58ce33d3 ] Request (ImagesMetadataTestJSON:tearDownClass): 204 DELETE http://10.180.1.21/identity/v3/projects/f9d07876714945b787489c6740cc091b 0.119s
2024-12-01 04:10:03.274 64026 INFO tempest.lib.common.rest_client [req-343bcf04-b08c-454c-8cd1-30d946bd41d4 req-343bcf04-b08c-454c-8cd1-30d946bd41d4 ] Request (MultipleCreateTestJSON:test_multiple_create): 200 GET http://10.180.1.21/compute/v2.1/servers/879dce1e-340a-48d0-9291-857f39fec597 1.171s
2024-12-01 04:10:03.290 64022 INFO tempest.lib.common.rest_client [req-f6f72321-a6ee-4916-8d8e-3d02a07fa78f req-f6f72321-a6ee-4916-8d8e-3d02a07fa78f ] Request (ServicesAdminNegativeV253TestJSON:setUpClass): 204 PUT http://10.180.1.21/identity/v3/projects/ac04e23ff3ad4388a60992c948fbcb4e/users/02cd777b271746a6a1559e4639f71a2b/roles/1214dd8f7241494084cfd9d413cad07e 0.123s
2024-12-01 04:10:03.305 64030 INFO tempest.lib.common.rest_client [req-2bd40656-d5d1-4a56-97d7-e97a39a304f0 req-2bd40656-d5d1-4a56-97d7-e97a39a304f0 ] Request (ServerDiagnosticsTest:test_get_server_diagnostics): 200 GET http://10.180.1.21/compute/v2.1/servers/29bee3d3-a6d2-43a9-8439-d5b842214cf1 1.237s
2024-12-01 04:10:03.323 63998 INFO tempest.lib.common.rest_client [req-ce2cf0c9-c2d0-4284-b5d7-1d13b7b2ab4a req-ce2cf0c9-c2d0-4284-b5d7-1d13b7b2ab4a ] Request (ServersTestJSON:setUpClass): 200 GET http://10.180.1.21/compute/v2.1/servers/fde11c71-3511-4fea-84c7-0e7de062951b 1.215s
2024-12-01 04:10:03.353 64046 INFO tempest.lib.common.rest_client [req-7f04c0d5-6e42-4cce-a856-1988aa527ae0 req-7f04c0d5-6e42-4cce-a856-1988aa527ae0 ] Request (ServersWithSpecificFlavorTestJSON:test_verify_created_server_ephemeral_disk): 200 GET http://10.180.1.21/compute/v2.1/servers/4ef40272-deb2-414a-b0ac-0bc30ba2bc84 1.233s
2024-12-01 04:10:03.378 64048 INFO tempest.lib.common.rest_client [req-db33c230-40ee-4369-b7c0-7d7358202321 req-db33c230-40ee-4369-b7c0-7d7358202321 ] Request (VolumesTestJSON:test_volume_list): 200 GET http://10.180.1.21/compute/v2.1/os-volumes 1.181s
2024-12-01 04:10:03.381 64044 INFO tempest.lib.common.rest_client [req-7a26ae04-bd4b-4bcc-a179-1e4faf18ddaf req-7a26ae04-bd4b-4bcc-a179-1e4faf18ddaf ] Request (FlavorsAccessNegativeTestJSON:tearDownClass): 204 DELETE http://10.180.1.21/identity/v3/projects/7bbaa823757a489f9930106aca9e7ed1 0.195s
2024-12-01 04:10:03.381 64044 INFO tempest.lib.common.dynamic_creds [-] Deleting project and security group for project: 68d67124db5b4f8fa67783e6bd6d7fbf
2024-12-01 04:10:03.431 64052 INFO tempest.lib.common.rest_client [req-416325bc-97b2-488f-8699-b3feb0e28836 req-416325bc-97b2-488f-8699-b3feb0e28836 ] Request (AttachInterfacesV270Test:setUpClass): 201 POST http://10.180.1.21/identity/v3/auth/tokens 0.169s
2024-12-01 04:10:03.441 64022 INFO tempest.lib.common.rest_client [req-01a58566-f74f-4d47-a6a8-409ac36fbbd0 req-01a58566-f74f-4d47-a6a8-409ac36fbbd0 ] Request (ServicesAdminNegativeV253TestJSON:setUpClass): 200 GET http://10.180.1.21/identity/v3/roles 0.151s
2024-12-01 04:10:03.462 64022 INFO tempest.lib.common.rest_client [req-2edd5417-9eb5-4b85-8d9b-e63caf0fb558 req-2edd5417-9eb5-4b85-8d9b-e63caf0fb558 ] Request (ServicesAdminNegativeV253TestJSON:setUpClass): 204 PUT http://10.180.1.21/identity/v3/projects/ac04e23ff3ad4388a60992c948fbcb4e/users/02cd777b271746a6a1559e4639f71a2b/roles/1214dd8f7241494084cfd9d413cad07e 0.021s
2024-12-01 04:10:03.463 64022 INFO tempest.lib.common.dynamic_creds [-] Dynamic test user 02cd777b271746a6a1559e4639f71a2b is created with scope project and roles: ['admin']
