2024-12-01 04:10:19.770 64026 INFO tempest.lib.common.rest_client [req-188f47d3-4599-4ef0-bf8b-b8975071f520 req-188f47d3-4599-4ef0-bf8b-b8975071f520 ] Request (MultipleCreateTestJSON:test_multiple_create): 200 GET http://10.180.1.21/compute/v2.1/servers/879dce1e-340a-48d0-9291-857f39fec597 1.151s
2024-12-01 04:10:19.781 64004 INFO tempest.lib.common.rest_client [req-9d625918-8571-4159-9d37-d4e185cd83a3 req-9d625918-8571-4159-9d37-d4e185cd83a3 ] Request (DeleteServersAdminTestJSON:test_admin_delete_servers_of_others): 200 GET http://10.180.1.21/compute/v2.1/servers/ffe47fec-5f84-4a9a-a103-e59a90201064 1.037s
2024-12-01 04:10:20.127 64022 INFO tempest.lib.common.rest_client [req-472db173-6021-49a2-bb4d-ad32c3190900 req-472db173-6021-49a2-bb4d-ad32c3190900 ] Request (FloatingIPsTestJSON:setUpClass): 201 POST http://10.180.1.21:9696/networking/v2.0/subnets 0.630s
2024-12-01 04:10:20.142 64016 INFO tempest.lib.common.rest_client [req-4105eb58-5edf-4fc2-b033-eabaf668340f req-4105eb58-5edf-4fc2-b033-eabaf668340f ] Request (ServersAdminTestJSON:setUpClass): 200 GET http://10.180.1.21/compute/v2.1/servers/6ca5ca5e-1f98-4d79-b22e-b07b67b5c5bd 1.244s
2024-12-01 04:10:20.183 64050 INFO tempest.lib.common.rest_client [req-54a8ebb3-5fb8-4656-bfd4-a45743c44567 req-54a8ebb3-5fb8-4656-bfd4-a45743c44567 ] Request (InstanceActionsTestJSON:setUpClass): 200 GET http://10.180.1.21/compute/v2.1/servers/6f7a3a1f-859d-42f5-b986-6a1a038ca536 1.276s
2024-12-01 04:10:20.202 63998 INFO tempest.lib.common.rest_client [req-15f89ab9-9333-4021-858c-74c03dc7f681 req-15f89ab9-9333-4021-858c-74c03dc7f681 ] Request (ServersTestJSON:setUpClass): 200 GET http://10.180.1.21/compute/v2.1/servers/fde11c71-3511-4fea-84c7-0e7de062951b 1.215s
2024-12-01 04:10:20.206 64006 INFO tempest.lib.common.rest_client [req-651e01ea-fe50-424e-9eea-baf5e74f67c8 req-651e01ea-fe50-424e-9eea-baf5e74f67c8 ] Request (FlavorsAdminTestJSON:_run_cleanups): 200 GET http://10.180.1.21/compute/v2.1/flavors/detail 1.218s
2024-12-01 04:10:20.259 64046 INFO tempest.lib.common.rest_client [req-d852f0b1-4eaa-4a66-956e-d2fe2c497c6a req-d852f0b1-4eaa-4a66-956e-d2fe2c497c6a ] Request (ServersWithSpecificFlavorTestJSON:test_verify_created_server_ephemeral_disk): 200 GET http://10.180.1.21/compute/v2.1/servers/4ef40272-deb2-414a-b0ac-0bc30ba2bc84 1.253s
2024-12-01 04:10:20.268 64018 INFO tempest.lib.common.rest_client [req-6321552c-17b7-4907-bf73-5e6c5baf1998 req-6321552c-17b7-4907-bf73-5e6c5baf1998 ] Request (VolumesAssistedSnapshotsTest:test_volume_assisted_snapshot_create_delete): 200 GET http://10.180.1.21/compute/v2.1/servers/ee0e3e54-c135-489f-87ca-f441efebcbd5 1.214s
2024-12-01 04:10:20.332 64052 INFO tempest.lib.common.rest_client [req-1f8bb2a7-ab29-49c7-89b4-da0ceebe8039 req-1f8bb2a7-ab29-49c7-89b4-da0ceebe8039 ] Request (AttachInterfacesV270Test:test_create_get_list_interfaces): 200 GET http://10.180.1.21/compute/v2.1/servers/e56bdc9e-964f-4994-be20-9a981095f813 1.054s
2024-12-01 04:10:20.392 64008 INFO tempest.lib.common.rest_client [req-3014940b-02dc-44e4-aead-4e6e3ad14d4f req-3014940b-02dc-44e4-aead-4e6e3ad14d4f ] Request (ImagesTestJSON:test_create_image_from_stopped_server): 200 GET http://10.180.1.21/compute/v2.1/servers/562e2e30-99d6-4edd-8382-e2e765c6a449 0.891s
2024-12-01 04:10:20.458 64030 INFO tempest.lib.common.rest_client [req-3bbb75cc-7b1a-4966-9501-efd8895e7167 req-3bbb75cc-7b1a-4966-9501-efd8895e7167 ] Request (ServerDiagnosticsTest:test_get_server_diagnostics): 200 GET http://10.180.1.21/compute/v2.1/servers/29bee3d3-a6d2-43a9-8439-d5b842214cf1 1.032s
2024-12-01 04:10:20.522 64000 INFO tempest.lib.common.rest_client [req-3a075dee-4189-488b-a86a-996fdccd8d8f req-3a075dee-4189-488b-a86a-996fdccd8d8f ] Request (AttachInterfacesUnderV243Test:test_add_remove_fixed_ip): 200 GET http://10.180.1.21/compute/v2.1/servers/10cb6a2e-4a08-453e-9372-4ea14958470d 0.660s
2024-12-01 04:10:20.545 64036 INFO tempest.lib.common.rest_client [req-bf62e7bf-68c5-4211-b43d-b32cbab06fe5 req-bf62e7bf-68c5-4211-b43d-b32cbab06fe5 ] Request (ServersTestFqdnHostnames:test_create_server_with_fqdn_name): 200 GET http://10.180.1.21/compute/v2.1/servers/f9a675b6-e76d-492b-ac34-3c7b10553fca 0.774s
2024-12-01 04:10:20.584 63994 INFO tempest.lib.common.rest_client [req-64d62e0c-9fec-410e-958a-ed7145873a8d req-64d62e0c-9fec-410e-958a-ed7145873a8d ] Request (ImagesOneServerTestJSON:setUpClass): 200 GET http://10.180.1.21/compute/v2.1/servers/04488672-86c4-415b-961e-94641d570112 0.634s
2024-12-01 04:10:20.662 64010 INFO tempest.lib.common.rest_client [req-18134431-4d0e-4c76-97d4-3676145d68c1 req-18134431-4d0e-4c76-97d4-3676145d68c1 ] Request (ListServersNegativeTestJSON:setUpClass): 200 GET http://10.180.1.21/compute/v2.1/servers/55e8066d-cb8f-4731-b5bd-57adfebae81a 0.645s
2024-12-01 04:10:20.673 63990 INFO tempest.lib.common.rest_client [req-149bac50-7943-4168-814a-3d07d5d1f689 req-149bac50-7943-4168-814a-3d07d5d1f689 ] Request (ServersTestBootFromVolume:setUpClass): 200 GET http://10.180.1.21/volume/v3/41b38deb9cff4091b2b90ecbb4b6b29b/volumes/7386bed1-7d04-4bdd-b60d-d3b261c48d7d 0.038s
2024-12-01 04:10:20.726 64044 INFO tempest.lib.common.rest_client [req-7adceebe-2c43-4475-9b48-bc18efc9f915 req-7adceebe-2c43-4475-9b48-bc18efc9f915 ] Request (ServerAddressesTestJSON:setUpClass): 200 GET http://10.180.1.21/compute/v2.1/servers/7a7a0ef0-bbea-42c0-b96e-4efc4207a655 0.651s
2024-12-01 04:10:20.755 64006 INFO tempest.lib.common.rest_client [req-69963f5d-b460-470b-b750-4d55db66ddf9 req-69963f5d-b460-470b-b750-4d55db66ddf9 ] Request (FlavorsAdminTestJSON:test_list_non_public_flavor): 200 POST http://10.180.1.21/compute/v2.1/flavors 0.542s
2024-12-01 04:10:20.758 64002 INFO tempest.lib.common.rest_client [req-32f8de05-2f77-4fc8-a324-00cd5270a2ec req-32f8de05-2f77-4fc8-a324-00cd5270a2ec ] Request (ServerActionsTestJSON:setUpClass): 200 GET http://10.180.1.21/compute/v2.1/servers/71509f58-5616-4d6a-9a88-3bfd9d414a0c 0.777s
2024-12-01 04:10:20.874 64014 INFO tempest.lib.common.rest_client [req-203db22b-1923-40a8-b378-998787265807 req-203db22b-1923-40a8-b378-998787265807 ] Request (SecurityGroupRulesNegativeTestJSON:tearDownClass): 204 DELETE http://10.180.1.21:9696/networking/v2.0/routers/c5034836-2dbd-4c77-963c-7e2658358521 1.267s
2024-12-01 04:10:20.899 64020 INFO tempest.lib.common.rest_client [req-081a56b0-423c-4d72-9e7e-0082c470f18f req-081a56b0-423c-4d72-9e7e-0082c470f18f ] Request (ServerExternalEventsTest:test_create_server_external_events): 200 GET http://10.180.1.21/compute/v2.1/servers/1c36f4af-0222-48d3-ac90-776f7fe807de 0.633s
2024-12-01 04:10:20.915 64032 INFO tempest.lib.common.rest_client [req-062f4d35-d990-4054-aa49-e49728daf1e5 req-062f4d35-d990-4054-aa49-e49728daf1e5 ] Request (InstanceActionsNegativeTestJSON:setUpClass): 200 GET http://10.180.1.21/compute/v2.1/servers/5e748c4b-03c5-4a88-a4ed-27093f2aef47 0.485s
2024-12-01 04:10:20.991 64038 INFO tempest.lib.common.rest_client [req-e891847a-a5ef-4b54-9277-ac45dc07ec59 req-e891847a-a5ef-4b54-9277-ac45dc07ec59 ] Request (ServerDiskConfigTestJSON:test_rebuild_server_with_auto_disk_config): 200 GET http://10.180.1.21/compute/v2.1/servers/98eb6b3f-69c8-4837-9b5c-a1485fe5cab6 0.485s
2024-12-01 04:10:21.053 64012 INFO tempest.lib.common.rest_client [req-cc5c5c98-834b-44d6-8246-ed48bd00fede req-cc5c5c98-834b-44d6-8246-ed48bd00fede ] Request (ImagesNegativeTestJSON:test_create_image_from_deleted_server): 200 GET http://10.180.1.21/compute/v2.1/servers/fffb383d-e1db-4640-9201-0ea897c472d9 0.486s
2024-12-01 04:10:21.079 63996 INFO tempest.lib.common.rest_client [req-d1a57978-ddc8-4187-acfa-0d089173e78a req-d1a57978-ddc8-4187-acfa-0d089173e78a ] Request (ServersAdminNegativeTestJSON:setUpClass): 200 GET http://10.180.1.21/compute/v2.1/servers/2d442033-3ecf-4d0c-90f9-a5bbb1d7a6fd 0.592s
2024-12-01 04:10:21.112 64040 INFO tempest.lib.common.rest_client [req-468c040f-6708-4b38-b367-1f1a5b3dceb3 req-468c040f-6708-4b38-b367-1f1a5b3dceb3 ] Request (MigrationsAdminTest:test_list_migrations_in_flavor_resize_situation): 200 GET http://10.180.1.21/compute/v2.1/servers/29c17291-50be-45a3-93c6-76bc8c7cbbb4 0.457s
2024-12-01 04:10:21.179 63992 INFO tempest.lib.common.rest_client [req-29d9241a-d457-476f-90c7-97172f4b209e req-29d9241a-d457-476f-90c7-97172f4b209e ] Request (ListImageFiltersTestJSON:setUpClass): 200 GET http://10.180.1.21/compute/v2.1/servers/0c42630f-9e39-4eeb-aa56-d953cff6b4a9 0.460s
2024-12-01 04:10:21.194 64006 INFO tempest.lib.common.rest_client [req-e536c6a4-aec0-4c81-a281-86f81f0cb608 req-e536c6a4-aec0-4c81-a281-86f81f0cb608 ] Request (FlavorsAdminTestJSON:test_list_non_public_flavor): 200 GET http://10.180.1.21/compute/v2.1/flavors/detail 0.436s
2024-12-01 04:10:21.195 64042 INFO tempest.lib.common.rest_client [req-ba0b24a4-3d61-45e5-8a12-4fe0adc7669b req-ba0b24a4-3d61-45e5-8a12-4fe0adc7669b ] Request (ServerDiagnosticsNegativeTest:test_get_server_diagnostics_by_non_admin): 200 GET http://10.180.1.21/compute/v2.1/servers/667bfd5b-1331-4ff4-93ee-eaa7c7cc4246 0.505s
2024-12-01 04:10:21.254 64026 INFO tempest.lib.common.rest_client [req-18f698e9-34d3-417f-8a7e-e16b656f08ee req-18f698e9-34d3-417f-8a7e-e16b656f08ee ] Request (MultipleCreateTestJSON:test_multiple_create): 200 GET http://10.180.1.21/compute/v2.1/servers/879dce1e-340a-48d0-9291-857f39fec597 0.470s
2024-12-01 04:10:21.263 64014 INFO tempest.lib.common.rest_client [req-d56facb9-4281-4c70-a9e5-2c83761cc2fd req-d56facb9-4281-4c70-a9e5-2c83761cc2fd ] Request (SecurityGroupRulesNegativeTestJSON:tearDownClass): 204 DELETE http://10.180.1.21:9696/networking/v2.0/subnets/a4af2294-74bc-47a3-a5d5-c271b37971b8 0.389s
2024-12-01 04:10:21.266 64004 INFO tempest.lib.common.rest_client [req-f6e38023-93ec-466b-996a-b88ddc7b7a0b req-f6e38023-93ec-466b-996a-b88ddc7b7a0b ] Request (DeleteServersAdminTestJSON:test_admin_delete_servers_of_others): 200 GET http://10.180.1.21/compute/v2.1/servers/ffe47fec-5f84-4a9a-a103-e59a90201064 0.474s
2024-12-01 04:10:21.446 64050 INFO tempest.lib.common.rest_client [req-51f6b863-cefe-493c-a53a-401a7a3fbfb6 req-51f6b863-cefe-493c-a53a-401a7a3fbfb6 ] Request (InstanceActionsTestJSON:setUpClass): 200 GET http://10.180.1.21/compute/v2.1/servers/6f7a3a1f-859d-42f5-b986-6a1a038ca536 0.254s
2024-12-01 04:10:21.465 64006 INFO tempest.lib.common.rest_client [req-f5f317c1-ed77-48ed-bbaa-070265662fcc req-f5f317c1-ed77-48ed-bbaa-070265662fcc ] Request (FlavorsAdminTestJSON:test_list_non_public_flavor): 200 GET http://10.180.1.21/compute/v2.1/flavors/detail 0.264s
2024-12-01 04:10:21.548 64016 INFO tempest.lib.common.rest_client [req-e9f6f01b-cb45-4bba-a40e-787fb028d7b0 req-e9f6f01b-cb45-4bba-a40e-787fb028d7b0 ] Request (ServersAdminTestJSON:setUpClass): 200 GET http://10.180.1.21/compute/v2.1/servers/6ca5ca5e-1f98-4d79-b22e-b07b67b5c5bd 0.396s
2024-12-01 04:10:21.557 63998 INFO tempest.lib.common.rest_client [req-bb0d0ab8-3f40-4650-ab4a-e0a03913c2eb req-bb0d0ab8-3f40-4650-ab4a-e0a03913c2eb ] Request (ServersTestJSON:setUpClass): 200 GET http://10.180.1.21/compute/v2.1/servers/fde11c71-3511-4fea-84c7-0e7de062951b 0.346s
2024-12-01 04:10:21.621 64018 INFO tempest.lib.common.rest_client [req-66fde801-d9dd-42a9-b104-d542adf15f73 req-66fde801-d9dd-42a9-b104-d542adf15f73 ] Request (VolumesAssistedSnapshotsTest:test_volume_assisted_snapshot_create_delete): 200 GET http://10.180.1.21/compute/v2.1/servers/ee0e3e54-c135-489f-87ca-f441efebcbd5 0.346s
2024-12-01 04:10:21.640 64046 INFO tempest.lib.common.rest_client [req-de34e49d-2fbb-4f2e-9e76-ea85b0acc112 req-de34e49d-2fbb-4f2e-9e76-ea85b0acc112 ] Request (ServersWithSpecificFlavorTestJSON:test_verify_created_server_ephemeral_disk): 200 GET http://10.180.1.21/compute/v2.1/servers/4ef40272-deb2-414a-b0ac-0bc30ba2bc84 0.369s
2024-12-01 04:10:21.719 63990 INFO tempest.lib.common.rest_client [req-720d6712-3fe8-4e5d-8a7a-febbc183ba74 req-720d6712-3fe8-4e5d-8a7a-febbc183ba74 ] Request (ServersTestBootFromVolume:setUpClass): 200 GET http://10.180.1.21/volume/v3/41b38deb9cff4091b2b90ecbb4b6b29b/volumes/7386bed1-7d04-4bdd-b60d-d3b261c48d7d 0.038s
2024-12-01 04:10:21.729 64008 INFO tempest.lib.common.rest_client [req-930a5ccb-f890-4b9d-b5f0-8d87aa6bad7d req-930a5ccb-f890-4b9d-b5f0-8d87aa6bad7d ] Request (ImagesTestJSON:test_create_image_from_stopped_server): 200 GET http://10.180.1.21/compute/v2.1/servers/562e2e30-99d6-4edd-8382-e2e765c6a449 0.329s
2024-12-01 04:10:21.736 64052 INFO tempest.lib.common.rest_client [req-0050c94f-45c4-41c0-8d16-db97fc8f61fd req-0050c94f-45c4-41c0-8d16-db97fc8f61fd ] Request (AttachInterfacesV270Test:test_create_get_list_interfaces): 200 GET http://10.180.1.21/compute/v2.1/servers/e56bdc9e-964f-4994-be20-9a981095f813 0.395s
2024-12-01 04:10:21.754 64006 INFO tempest.lib.common.rest_client [req-9b3a03d5-d248-451a-aa65-bfd2a59595fd req-9b3a03d5-d248-451a-aa65-bfd2a59595fd ] Request (FlavorsAdminTestJSON:_run_cleanups): 202 DELETE http://10.180.1.21/compute/v2.1/flavors/295102403 0.283s
2024-12-01 04:10:21.828 64000 INFO tempest.lib.common.rest_client [req-f2257662-b839-42dd-a73e-164b20216cf6 req-f2257662-b839-42dd-a73e-164b20216cf6 ] Request (AttachInterfacesUnderV243Test:test_add_remove_fixed_ip): 200 GET http://10.180.1.21/compute/v2.1/servers/10cb6a2e-4a08-453e-9372-4ea14958470d 0.296s
2024-12-01 04:10:21.962 64014 INFO tempest.lib.common.rest_client [req-abc9d9a4-ba13-49ac-91f1-75dfc6a7cc7f req-abc9d9a4-ba13-49ac-91f1-75dfc6a7cc7f ] Request (SecurityGroupRulesNegativeTestJSON:tearDownClass): 204 DELETE http://10.180.1.21:9696/networking/v2.0/networks/c8747557-2862-42d8-9bb1-15bc061c57b7 0.699s
2024-12-01 04:10:21.967 64030 INFO tempest.lib.common.rest_client [req-53c8696c-7cb5-4a16-906e-db3ea0f5ae7a req-53c8696c-7cb5-4a16-906e-db3ea0f5ae7a ] Request (ServerDiagnosticsTest:test_get_server_diagnostics): 200 GET http://10.180.1.21/compute/v2.1/servers/29bee3d3-a6d2-43a9-8439-d5b842214cf1 0.499s
2024-12-01 04:10:21.999 64036 INFO tempest.lib.common.rest_client [req-b9991908-fa0a-4d70-a25e-82a0e138f084 req-b9991908-fa0a-4d70-a25e-82a0e138f084 ] Request (ServersTestFqdnHostnames:test_create_server_with_fqdn_name): 200 GET http://10.180.1.21/compute/v2.1/servers/f9a675b6-e76d-492b-ac34-3c7b10553fca 0.444s
2024-12-01 04:10:22.029 63994 INFO tempest.lib.common.rest_client [req-762cb56c-1cda-470b-99e7-bea70f9ce627 req-762cb56c-1cda-470b-99e7-bea70f9ce627 ] Request (ImagesOneServerTestJSON:setUpClass): 200 GET http://10.180.1.21/compute/v2.1/servers/04488672-86c4-415b-961e-94641d570112 0.437s
2024-12-01 04:10:22.048 64010 INFO tempest.lib.common.rest_client [req-a056a747-160c-415a-a785-0258b1c4be5d req-a056a747-160c-415a-a785-0258b1c4be5d ] Request (ListServersNegativeTestJSON:setUpClass): 200 GET http://10.180.1.21/compute/v2.1/servers/55e8066d-cb8f-4731-b5bd-57adfebae81a 0.373s
2024-12-01 04:10:22.055 64034 INFO tempest.lib.common.rest_client [req-e4cd88a1-4f53-48aa-9d97-af9712b33ef7 req-e4cd88a1-4f53-48aa-9d97-af9712b33ef7 ] Request (ServerPasswordTestJSON:setUpClass): 200 PUT http://10.180.1.21:9696/networking/v2.0/routers/c373f84c-95dd-4b72-97a0-be707f0758ba/add_router_interface 2.547s
2024-12-01 04:10:22.055 64034 INFO tempest.lib.common.dynamic_creds [-] Created isolated network resources for: credentials: Credentials: {'domain_id': 'default', 'domain_name': 'Default', 'username': 'tempest-ServerPasswordTestJSON-28149881-project-member', 'project_domain_id': 'default', 'project_domain_name': 'Default', 'project_id': '66c76d344d3b4db1a4c271a6d210f6ec', 'project_name': 'tempest-ServerPasswordTestJSON-28149881', 'tenant_id': '66c76d344d3b4db1a4c271a6d210f6ec', 'tenant_name': 'tempest-ServerPasswordTestJSON-28149881', 'user_domain_id': 'default', 'user_domain_name': 'Default', 'user_id': '57a7eb6109e6496e84c4031e318fc4a3', 'system': None}, Network: {'id': 'c1ba0c8e-fcd9-4963-8f94-81c9aea309ab', 'name': 'tempest-ServerPasswordTestJSON-296697798-network', 'tenant_id': '66c76d344d3b4db1a4c271a6d210f6ec', 'admin_state_up': True, 'mtu': 8950, 'status': 'ACTIVE', 'subnets': [], 'shared': False, 'project_id': '66c76d344d3b4db1a4c271a6d210f6ec', 'port_security_enabled': True, 'router:external': False, 'provider:network_type': 'vlan', 'provider:physical_network': 'default', 'provider:segmentation_id': 610, 'is_default': False, 'availability_zone_hints': [], 'availability_zones': [], 'ipv4_address_scope': None, 'ipv6_address_scope': None, 'description': '', 'tags': [], 'created_at': '2024-12-01T04:10:17Z', 'updated_at': '2024-12-01T04:10:17Z', 'revision_number': 1}, Subnet: {'id': 'ea3e2751-43bb-410b-8470-98fe51d9742d', 'name': 'tempest-ServerPasswordTestJSON-296697798-subnet', 'tenant_id': '66c76d344d3b4db1a4c271a6d210f6ec', 'network_id': 'c1ba0c8e-fcd9-4963-8f94-81c9aea309ab', 'ip_version': 4, 'subnetpool_id': None, 'enable_dhcp': True, 'ipv6_ra_mode': None, 'ipv6_address_mode': None, 'gateway_ip': '192.168.128.1', 'cidr': '192.168.128.0/28', 'allocation_pools': [{'start': '192.168.128.2', 'end': '192.168.128.14'}], 'host_routes': [], 'dns_nameservers': [], 'description': '', 'service_types': [], 'tags': [], 'created_at': '2024-12-01T04:10:18Z', 'updated_at': '2024-12-01T04:10:18Z', 'revision_number': 0, 'project_id': '66c76d344d3b4db1a4c271a6d210f6ec'}, Router: {'id': 'c373f84c-95dd-4b72-97a0-be707f0758ba', 'name': 'tempest-ServerPasswordTestJSON-296697798-router', 'tenant_id': '66c76d344d3b4db1a4c271a6d210f6ec', 'admin_state_up': True, 'status': 'ACTIVE', 'external_gateway_info': {'network_id': 'ff6dcbd7-08f9-4268-a5f2-5a5b907c32d9', 'external_fixed_ips': [{'subnet_id': '757d8768-906c-4a56-93f6-3e1409be4a54', 'ip_address': '10.180.180.211'}], 'enable_snat': True}, 'description': '', 'availability_zones': [], 'distributed': False, 'ha': False, 'availability_zone_hints': [], 'routes': [], 'flavor_id': None, 'tags': [], 'created_at': '2024-12-01T04:10:18Z', 'updated_at': '2024-12-01T04:10:19Z', 'revision_number': 2, 'project_id': '66c76d344d3b4db1a4c271a6d210f6ec'}
2024-12-01 04:10:22.066 64014 INFO tempest.lib.common.rest_client [req-c3e7c28b-e6a5-45f9-baa5-2883d42d9d65 req-c3e7c28b-e6a5-45f9-baa5-2883d42d9d65 ] Request (SecurityGroupRulesNegativeTestJSON:tearDownClass): 204 DELETE http://10.180.1.21/identity/v3/users/697bf0b388fe43e4a863074c305912a0 0.103s
2024-12-01 04:10:22.066 64014 INFO tempest.lib.common.dynamic_creds [-] Deleting project and security group for project: 59646db71ddf4be99c6bb2d2a85af46e
2024-12-01 04:10:22.072 64006 INFO tempest.lib.common.rest_client [req-ddc258a2-89cc-4ac8-9672-c1429916f1db req-ddc258a2-89cc-4ac8-9672-c1429916f1db ] Request (FlavorsAdminTestJSON:_run_cleanups): 200 GET http://10.180.1.21/compute/v2.1/flavors/detail 0.318s
2024-12-01 04:10:22.090 64044 INFO tempest.lib.common.rest_client [req-6a2d81bb-266d-4919-b8f1-6d8f1ee39e09 req-6a2d81bb-266d-4919-b8f1-6d8f1ee39e09 ] Request (ServerAddressesTestJSON:setUpClass): 200 GET http://10.180.1.21/compute/v2.1/servers/7a7a0ef0-bbea-42c0-b96e-4efc4207a655 0.353s
2024-12-01 04:10:22.122 64014 INFO tempest.lib.common.rest_client [req-5169bd56-8d21-4117-b5e1-cb22ab97d516 req-5169bd56-8d21-4117-b5e1-cb22ab97d516 ] Request (SecurityGroupRulesNegativeTestJSON:tearDownClass): 200 GET http://10.180.1.21:9696/networking/v2.0/security-groups?tenant_id=59646db71ddf4be99c6bb2d2a85af46e&name=default 0.056s
2024-12-01 04:10:22.140 64034 INFO tempest.lib.common.rest_client [req-b4ea6f6c-50ef-4aa0-80fb-5f7c6518a816 req-b4ea6f6c-50ef-4aa0-80fb-5f7c6518a816 ] Request (ServerPasswordTestJSON:setUpClass): 201 POST http://10.180.1.21/identity/v3/auth/tokens 0.081s
2024-12-01 04:10:22.173 64034 INFO tempest.lib.common.rest_client [req-0f817f6a-1c6d-46f3-95aa-3dbbacfd1b5c req-0f817f6a-1c6d-46f3-95aa-3dbbacfd1b5c ] Request (ServerPasswordTestJSON:setUpClass): 201 POST http://10.180.1.21/identity/v3/auth/tokens 0.030s
2024-12-01 04:10:22.173 64034 INFO tempest.lib.common.fixed_network [-] (ServerPasswordTestJSON:setUpClass) Found network {'id': 'c1ba0c8e-fcd9-4963-8f94-81c9aea309ab', 'name': 'tempest-ServerPasswordTestJSON-296697798-network', 'tenant_id': '66c76d344d3b4db1a4c271a6d210f6ec', 'admin_state_up': True, 'mtu': 8950, 'status': 'ACTIVE', 'subnets': [], 'shared': False, 'project_id': '66c76d344d3b4db1a4c271a6d210f6ec', 'port_security_enabled': True, 'router:external': False, 'provider:network_type': 'vlan', 'provider:physical_network': 'default', 'provider:segmentation_id': 610, 'is_default': False, 'availability_zone_hints': [], 'availability_zones': [], 'ipv4_address_scope': None, 'ipv6_address_scope': None, 'description': '', 'tags': [], 'created_at': '2024-12-01T04:10:17Z', 'updated_at': '2024-12-01T04:10:17Z', 'revision_number': 1} available for tenant
2024-12-01 04:10:22.207 64002 INFO tempest.lib.common.rest_client [req-47480272-609a-43b1-8d78-66f7669af1e6 req-47480272-609a-43b1-8d78-66f7669af1e6 ] Request (ServerActionsTestJSON:setUpClass): 200 GET http://10.180.1.21/compute/v2.1/servers/71509f58-5616-4d6a-9a88-3bfd9d414a0c 0.439s
2024-12-01 04:10:22.210 64022 INFO tempest.lib.common.rest_client [req-84903b89-34de-4222-84cc-98bf470c039e req-84903b89-34de-4222-84cc-98bf470c039e ] Request (FloatingIPsTestJSON:setUpClass): 201 POST http://10.180.1.21:9696/networking/v2.0/routers 2.083s
2024-12-01 04:10:22.230 64020 INFO tempest.lib.common.rest_client [req-d4318481-999b-4178-aff8-c8fc3dd2e925 req-d4318481-999b-4178-aff8-c8fc3dd2e925 ] Request (ServerExternalEventsTest:test_create_server_external_events): 200 GET http://10.180.1.21/compute/v2.1/servers/1c36f4af-0222-48d3-ac90-776f7fe807de 0.309s
2024-12-01 04:10:22.282 64014 INFO tempest.lib.common.rest_client [req-af382cef-7e4c-4e62-9e92-ef004ec794c3 req-af382cef-7e4c-4e62-9e92-ef004ec794c3 ] Request (SecurityGroupRulesNegativeTestJSON:tearDownClass): 204 DELETE http://10.180.1.21:9696/networking/v2.0/security-groups/d8628ec9-382c-4bdc-a30a-c6ce19ac2203 0.159s
2024-12-01 04:10:22.296 64038 INFO tempest.lib.common.rest_client [req-d20bb070-abd6-4b6e-ab7c-b1c9450e8e80 req-d20bb070-abd6-4b6e-ab7c-b1c9450e8e80 ] Request (ServerDiskConfigTestJSON:test_rebuild_server_with_auto_disk_config): 200 GET http://10.180.1.21/compute/v2.1/servers/98eb6b3f-69c8-4837-9b5c-a1485fe5cab6 0.296s
2024-12-01 04:10:22.317 64032 INFO tempest.lib.common.rest_client [req-cee0131e-3cb6-492c-a5b0-16adf5478747 req-cee0131e-3cb6-492c-a5b0-16adf5478747 ] Request (InstanceActionsNegativeTestJSON:setUpClass): 200 GET http://10.180.1.21/compute/v2.1/servers/5e748c4b-03c5-4a88-a4ed-27093f2aef47 0.386s
2024-12-01 04:10:22.336 64006 INFO tempest.lib.common.rest_client [req-b884e0b4-836e-4032-9259-fea1c282c511 req-b884e0b4-836e-4032-9259-fea1c282c511 ] Request (FlavorsAdminTestJSON:test_list_public_flavor_with_other_user): 200 POST http://10.180.1.21/compute/v2.1/flavors 0.257s
2024-12-01 04:10:22.345 64012 INFO tempest.lib.common.rest_client [req-740f0b26-bbd8-45ca-a754-90da56dd6bfc req-740f0b26-bbd8-45ca-a754-90da56dd6bfc ] Request (ImagesNegativeTestJSON:test_create_image_from_deleted_server): 200 GET http://10.180.1.21/compute/v2.1/servers/fffb383d-e1db-4640-9201-0ea897c472d9 0.281s
2024-12-01 04:10:22.390 64014 INFO tempest.lib.common.rest_client [req-f28b30e9-9188-4026-8b91-32abfade6275 req-f28b30e9-9188-4026-8b91-32abfade6275 ] Request (SecurityGroupRulesNegativeTestJSON:tearDownClass): 204 DELETE http://10.180.1.21/identity/v3/projects/59646db71ddf4be99c6bb2d2a85af46e 0.107s
2024-12-01 04:10:22.407 64040 INFO tempest.lib.common.rest_client [req-8a76d9cc-a23c-4fab-91c8-f327d8727569 req-8a76d9cc-a23c-4fab-91c8-f327d8727569 ] Request (MigrationsAdminTest:test_list_migrations_in_flavor_resize_situation): 200 GET http://10.180.1.21/compute/v2.1/servers/29c17291-50be-45a3-93c6-76bc8c7cbbb4 0.283s
2024-12-01 04:10:22.447 63996 INFO tempest.lib.common.rest_client [req-f65355de-1722-4619-910b-3bcc6c0c92f2 req-f65355de-1722-4619-910b-3bcc6c0c92f2 ] Request (ServersAdminNegativeTestJSON:setUpClass): 200 GET http://10.180.1.21/compute/v2.1/servers/2d442033-3ecf-4d0c-90f9-a5bbb1d7a6fd 0.360s
2024-12-01 04:10:22.464 64014 INFO tempest.lib.common.rest_client [req-10844c61-4912-448a-8c1a-c0edc2b3c7c9 req-10844c61-4912-448a-8c1a-c0edc2b3c7c9 ] Request (ServersTestManualDisk:setUpClass): 201 POST http://10.180.1.21/identity/v3/auth/tokens 0.072s
2024-12-01 04:10:22.501 63992 INFO tempest.lib.common.rest_client [req-aa766633-f060-4c25-99db-164a95b59305 req-aa766633-f060-4c25-99db-164a95b59305 ] Request (ListImageFiltersTestJSON:setUpClass): 200 GET http://10.180.1.21/compute/v2.1/servers/0c42630f-9e39-4eeb-aa56-d953cff6b4a9 0.310s
2024-12-01 04:10:22.503 64014 INFO tempest.lib.common.rest_client [req-82fd4fb7-9c6a-4736-a61a-86acd4dec540 req-82fd4fb7-9c6a-4736-a61a-86acd4dec540 ] Request (ServersTestManualDisk:setUpClass): 201 POST http://10.180.1.21/identity/v3/auth/tokens 0.035s
2024-12-01 04:10:22.531 64014 INFO tempest.lib.common.rest_client [req-50721df6-3f12-41f9-8076-a484fd151269 req-50721df6-3f12-41f9-8076-a484fd151269 ] Request (ServersTestManualDisk:setUpClass): 200 GET http://10.180.1.21/identity/v3/domains?name=Default 0.027s
2024-12-01 04:10:22.568 64014 INFO tempest.lib.common.rest_client [req-77d87824-3ffb-4551-8c6c-186cbc560934 req-77d87824-3ffb-4551-8c6c-186cbc560934 ] Request (ServersTestManualDisk:setUpClass): 201 POST http://10.180.1.21/identity/v3/projects 0.036s
2024-12-01 04:10:22.635 64014 INFO tempest.lib.common.rest_client [req-aa21d801-637a-4663-a363-2852af42c355 req-aa21d801-637a-4663-a363-2852af42c355 ] Request (ServersTestManualDisk:setUpClass): 201 POST http://10.180.1.21/identity/v3/users 0.066s
2024-12-01 04:10:22.660 64042 INFO tempest.lib.common.rest_client [req-73bd8d43-9e8e-4539-98e1-9974a507d2a2 req-73bd8d43-9e8e-4539-98e1-9974a507d2a2 ] Request (ServerDiagnosticsNegativeTest:test_get_server_diagnostics_by_non_admin): 200 GET http://10.180.1.21/compute/v2.1/servers/667bfd5b-1331-4ff4-93ee-eaa7c7cc4246 0.451s
2024-12-01 04:10:22.669 64014 INFO tempest.lib.common.rest_client [req-ef9df3d5-7c60-420e-9e00-3a6e09447a27 req-ef9df3d5-7c60-420e-9e00-3a6e09447a27 ] Request (ServersTestManualDisk:setUpClass): 200 GET http://10.180.1.21/identity/v3/roles 0.033s
2024-12-01 04:10:22.710 64014 INFO tempest.lib.common.rest_client [req-44a5949f-ef8f-40d6-9ffb-2979ed3f2763 req-44a5949f-ef8f-40d6-9ffb-2979ed3f2763 ] Request (ServersTestManualDisk:setUpClass): 204 PUT http://10.180.1.21/identity/v3/projects/62af1f6412fb4c648b77312e56680ff2/users/b6e63d4388d04f918811d02b014e8de4/roles/435f98e7fd3140b5aaf980eb1a1d12f4 0.040s
2024-12-01 04:10:22.710 64014 INFO tempest.lib.common.dynamic_creds [-] Dynamic test user b6e63d4388d04f918811d02b014e8de4 is created with scope project and roles: ['member']
2024-12-01 04:10:22.711 64014 INFO tempest.lib.common.dynamic_creds [-] Acquired dynamic creds: credentials: Credentials: {'domain_id': 'default', 'domain_name': 'Default', 'username': 'tempest-ServersTestManualDisk-1712154969-project-member', 'project_domain_id': 'default', 'project_domain_name': 'Default', 'project_id': '62af1f6412fb4c648b77312e56680ff2', 'project_name': 'tempest-ServersTestManualDisk-1712154969', 'tenant_id': '62af1f6412fb4c648b77312e56680ff2', 'tenant_name': 'tempest-ServersTestManualDisk-1712154969', 'user_domain_id': 'default', 'user_domain_name': 'Default', 'user_id': 'b6e63d4388d04f918811d02b014e8de4', 'system': None}, Network: None, Subnet: None, Router: None
2024-12-01 04:10:22.741 64026 INFO tempest.lib.common.rest_client [req-5dcf8a8a-f642-4156-868b-36850c697aac req-5dcf8a8a-f642-4156-868b-36850c697aac ] Request (MultipleCreateTestJSON:test_multiple_create): 200 GET http://10.180.1.21/compute/v2.1/servers/879dce1e-340a-48d0-9291-857f39fec597 0.473s
2024-12-01 04:10:22.774 63990 INFO tempest.lib.common.rest_client [req-3b598930-9e95-4e5a-8166-217753718cf4 req-3b598930-9e95-4e5a-8166-217753718cf4 ] Request (ServersTestBootFromVolume:setUpClass): 200 GET http://10.180.1.21/volume/v3/41b38deb9cff4091b2b90ecbb4b6b29b/volumes/7386bed1-7d04-4bdd-b60d-d3b261c48d7d 0.048s
2024-12-01 04:10:22.796 64014 INFO tempest.lib.common.rest_client [req-953e44b2-a311-4b5e-b40d-b92f5bcc9587 req-953e44b2-a311-4b5e-b40d-b92f5bcc9587 ] Request (ServersTestManualDisk:setUpClass): 201 POST http://10.180.1.21/identity/v3/auth/tokens 0.085s
2024-12-01 04:10:22.805 64004 INFO tempest.lib.common.rest_client [req-9f74a4e7-e833-4568-b636-44b97eb3291f req-9f74a4e7-e833-4568-b636-44b97eb3291f ] Request (DeleteServersAdminTestJSON:test_admin_delete_servers_of_others): 200 GET http://10.180.1.21/compute/v2.1/servers/ffe47fec-5f84-4a9a-a103-e59a90201064 0.530s
2024-12-01 04:10:22.830 64006 INFO tempest.lib.common.rest_client [req-5e78d17e-d99d-4b4b-811a-358802f5f783 req-5e78d17e-d99d-4b4b-811a-358802f5f783 ] Request (FlavorsAdminTestJSON:test_list_public_flavor_with_other_user): 200 GET http://10.180.1.21/compute/v2.1/flavors/detail 0.491s
2024-12-01 04:10:22.962 64050 INFO tempest.lib.common.rest_client [req-95960b6d-10b4-43df-aed8-d74852e6ab86 req-95960b6d-10b4-43df-aed8-d74852e6ab86 ] Request (InstanceActionsTestJSON:setUpClass): 200 GET http://10.180.1.21/compute/v2.1/servers/6f7a3a1f-859d-42f5-b986-6a1a038ca536 0.506s
2024-12-01 04:10:23.064 64016 INFO tempest.lib.common.rest_client [req-574cad3d-8794-4382-bb7f-152e4f18f6ab req-574cad3d-8794-4382-bb7f-152e4f18f6ab ] Request (ServersAdminTestJSON:setUpClass): 200 GET http://10.180.1.21/compute/v2.1/servers/6ca5ca5e-1f98-4d79-b22e-b07b67b5c5bd 0.507s
2024-12-01 04:10:23.120 63998 INFO tempest.lib.common.rest_client [req-131c2beb-5fbf-48d5-a4ac-b0d4d768b56b req-131c2beb-5fbf-48d5-a4ac-b0d4d768b56b ] Request (ServersTestJSON:setUpClass): 200 GET http://10.180.1.21/compute/v2.1/servers/fde11c71-3511-4fea-84c7-0e7de062951b 0.553s
2024-12-01 04:10:23.149 64034 INFO tempest.lib.common.rest_client [req-4980148b-bb2b-4f25-8e8c-0c40171d8aa7 req-4980148b-bb2b-4f25-8e8c-0c40171d8aa7 ] Request (ServerPasswordTestJSON:setUpClass): 202 POST http://10.180.1.21/compute/v2.1/servers 0.975s
2024-12-01 04:10:23.179 64018 INFO tempest.lib.common.rest_client [req-16a8a79d-8cd9-4be4-bc76-d3c19bc7281b req-16a8a79d-8cd9-4be4-bc76-d3c19bc7281b ] Request (VolumesAssistedSnapshotsTest:test_volume_assisted_snapshot_create_delete): 200 GET http://10.180.1.21/compute/v2.1/servers/ee0e3e54-c135-489f-87ca-f441efebcbd5 0.546s
2024-12-01 04:10:23.206 64046 INFO tempest.lib.common.rest_client [req-65a03d6f-434b-44f0-89c8-aa142ff3a1c3 req-65a03d6f-434b-44f0-89c8-aa142ff3a1c3 ] Request (ServersWithSpecificFlavorTestJSON:test_verify_created_server_ephemeral_disk): 200 GET http://10.180.1.21/compute/v2.1/servers/4ef40272-deb2-414a-b0ac-0bc30ba2bc84 0.555s
2024-12-01 04:10:23.239 64008 INFO tempest.lib.common.rest_client [req-269b638d-d9ac-4cb6-aa8e-5445d5ac8273 req-269b638d-d9ac-4cb6-aa8e-5445d5ac8273 ] Request (ImagesTestJSON:test_create_image_from_stopped_server): 200 GET http://10.180.1.21/compute/v2.1/servers/562e2e30-99d6-4edd-8382-e2e765c6a449 0.498s
2024-12-01 04:10:23.284 64052 INFO tempest.lib.common.rest_client [req-cc3b47bd-fc4c-49e5-a002-eb1a9d751dd0 req-cc3b47bd-fc4c-49e5-a002-eb1a9d751dd0 ] Request (AttachInterfacesV270Test:test_create_get_list_interfaces): 200 GET http://10.180.1.21/compute/v2.1/servers/e56bdc9e-964f-4994-be20-9a981095f813 0.535s
2024-12-01 04:10:23.313 64006 INFO tempest.lib.common.rest_client [req-57fa8196-60e9-4eda-973a-6f6b91c8ba4d req-57fa8196-60e9-4eda-973a-6f6b91c8ba4d ] Request (FlavorsAdminTestJSON:_run_cleanups): 202 DELETE http://10.180.1.21/compute/v2.1/flavors/412084850 0.479s
2024-12-01 04:10:23.387 64014 INFO tempest.lib.common.rest_client [req-eab66ae0-314b-4945-86ff-8219b1566973 req-eab66ae0-314b-4945-86ff-8219b1566973 ] Request (ServersTestManualDisk:setUpClass): 201 POST http://10.180.1.21:9696/networking/v2.0/networks 0.590s
2024-12-01 04:10:23.409 64000 INFO tempest.lib.common.rest_client [req-70aa845a-5f61-4414-b876-69fb0d24a402 req-70aa845a-5f61-4414-b876-69fb0d24a402 ] Request (AttachInterfacesUnderV243Test:test_add_remove_fixed_ip): 200 GET http://10.180.1.21/compute/v2.1/servers/10cb6a2e-4a08-453e-9372-4ea14958470d 0.571s
2024-12-01 04:10:23.489 64022 INFO tempest.lib.common.rest_client [req-843f43f0-270c-42ed-89fe-54e18b4b3966 req-843f43f0-270c-42ed-89fe-54e18b4b3966 ] Request (FloatingIPsTestJSON:setUpClass): 200 PUT http://10.180.1.21:9696/networking/v2.0/routers/28ea6578-34cb-445f-b06b-819c1a1a2283/add_router_interface 1.278s
2024-12-01 04:10:23.489 64022 INFO tempest.lib.common.dynamic_creds [-] Created isolated network resources for: credentials: Credentials: {'domain_id': 'default', 'domain_name': 'Default', 'username': 'tempest-FloatingIPsTestJSON-2069767028-project-member', 'project_domain_id': 'default', 'project_domain_name': 'Default', 'project_id': '52f78c8d76e2488580013a768b75429b', 'project_name': 'tempest-FloatingIPsTestJSON-2069767028', 'tenant_id': '52f78c8d76e2488580013a768b75429b', 'tenant_name': 'tempest-FloatingIPsTestJSON-2069767028', 'user_domain_id': 'default', 'user_domain_name': 'Default', 'user_id': 'faa1d96dc611434c9c4c41721f030e55', 'system': None}, Network: {'id': '4281ad25-4ec5-4fbc-9497-25b543cb799e', 'name': 'tempest-FloatingIPsTestJSON-97786717-network', 'tenant_id': '52f78c8d76e2488580013a768b75429b', 'admin_state_up': True, 'mtu': 8950, 'status': 'ACTIVE', 'subnets': [], 'shared': False, 'project_id': '52f78c8d76e2488580013a768b75429b', 'port_security_enabled': True, 'router:external': False, 'provider:network_type': 'vlan', 'provider:physical_network': 'default', 'provider:segmentation_id': 443, 'is_default': False, 'availability_zone_hints': [], 'availability_zones': [], 'ipv4_address_scope': None, 'ipv6_address_scope': None, 'description': '', 'tags': [], 'created_at': '2024-12-01T04:10:19Z', 'updated_at': '2024-12-01T04:10:19Z', 'revision_number': 1}, Subnet: {'id': 'e1c9b0ac-2b92-4ab9-bf21-147c84826c52', 'name': 'tempest-FloatingIPsTestJSON-97786717-subnet', 'tenant_id': '52f78c8d76e2488580013a768b75429b', 'network_id': '4281ad25-4ec5-4fbc-9497-25b543cb799e', 'ip_version': 4, 'subnetpool_id': None, 'enable_dhcp': True, 'ipv6_ra_mode': None, 'ipv6_address_mode': None, 'gateway_ip': '192.168.128.1', 'cidr': '192.168.128.0/28', 'allocation_pools': [{'start': '192.168.128.2', 'end': '192.168.128.14'}], 'host_routes': [], 'dns_nameservers': [], 'description': '', 'service_types': [], 'tags': [], 'created_at': '2024-12-01T04:10:19Z', 'updated_at': '2024-12-01T04:10:19Z', 'revision_number': 0, 'project_id': '52f78c8d76e2488580013a768b75429b'}, Router: {'id': '28ea6578-34cb-445f-b06b-819c1a1a2283', 'name': 'tempest-FloatingIPsTestJSON-97786717-router', 'tenant_id': '52f78c8d76e2488580013a768b75429b', 'admin_state_up': True, 'status': 'ACTIVE', 'external_gateway_info': {'network_id': 'ff6dcbd7-08f9-4268-a5f2-5a5b907c32d9', 'external_fixed_ips': [{'subnet_id': '757d8768-906c-4a56-93f6-3e1409be4a54', 'ip_address': '10.180.180.184'}], 'enable_snat': True}, 'description': '', 'availability_zones': [], 'distributed': False, 'ha': False, 'availability_zone_hints': [], 'routes': [], 'flavor_id': None, 'tags': [], 'created_at': '2024-12-01T04:10:20Z', 'updated_at': '2024-12-01T04:10:21Z', 'revision_number': 2, 'project_id': '52f78c8d76e2488580013a768b75429b'}
2024-12-01 04:10:23.524 64030 INFO tempest.lib.common.rest_client [req-28741273-3f00-4965-904a-d9444fde0635 req-28741273-3f00-4965-904a-d9444fde0635 ] Request (ServerDiagnosticsTest:test_get_server_diagnostics): 200 GET http://10.180.1.21/compute/v2.1/servers/29bee3d3-a6d2-43a9-8439-d5b842214cf1 0.546s
2024-12-01 04:10:23.563 64036 INFO tempest.lib.common.rest_client [req-b98193e5-c49b-4a05-b4d4-abdf773c1661 req-b98193e5-c49b-4a05-b4d4-abdf773c1661 ] Request (ServersTestFqdnHostnames:test_create_server_with_fqdn_name): 200 GET http://10.180.1.21/compute/v2.1/servers/f9a675b6-e76d-492b-ac34-3c7b10553fca 0.556s
2024-12-01 04:10:23.584 63994 INFO tempest.lib.common.rest_client [req-0afaed4e-55cd-4878-a950-d554c8db4dad req-0afaed4e-55cd-4878-a950-d554c8db4dad ] Request (ImagesOneServerTestJSON:setUpClass): 200 GET http://10.180.1.21/compute/v2.1/servers/04488672-86c4-415b-961e-94641d570112 0.546s
2024-12-01 04:10:23.632 64022 INFO tempest.lib.common.rest_client [req-d1e0356f-8735-409d-8e0f-b60f25d745c6 req-d1e0356f-8735-409d-8e0f-b60f25d745c6 ] Request (FloatingIPsTestJSON:setUpClass): 201 POST http://10.180.1.21/identity/v3/auth/tokens 0.138s
2024-12-01 04:10:23.652 64010 INFO tempest.lib.common.rest_client [req-a95ff3f9-46ef-4e58-959e-172962a4a5e5 req-a95ff3f9-46ef-4e58-959e-172962a4a5e5 ] Request (ListServersNegativeTestJSON:setUpClass): 200 GET http://10.180.1.21/compute/v2.1/servers/55e8066d-cb8f-4731-b5bd-57adfebae81a 0.596s
2024-12-01 04:10:23.665 64044 INFO tempest.lib.common.rest_client [req-dcf999ee-76f0-40d4-8448-7f4cf2f3b32b req-dcf999ee-76f0-40d4-8448-7f4cf2f3b32b ] Request (ServerAddressesTestJSON:setUpClass): 200 GET http://10.180.1.21/compute/v2.1/servers/7a7a0ef0-bbea-42c0-b96e-4efc4207a655 0.564s
2024-12-01 04:10:23.702 64034 INFO tempest.lib.common.rest_client [req-d5cae55b-771a-4503-b225-862b72ec88c0 req-d5cae55b-771a-4503-b225-862b72ec88c0 ] Request (ServerPasswordTestJSON:setUpClass): 200 GET http://10.180.1.21/compute/v2.1/servers/25222911-beaf-4f80-be5e-a6decd09958d 0.551s
2024-12-01 04:10:23.790 64014 INFO tempest.lib.common.rest_client [req-d4dd836c-d2f8-499a-a36a-68715b1fc45b req-d4dd836c-d2f8-499a-a36a-68715b1fc45b ] Request (ServersTestManualDisk:setUpClass): 201 POST http://10.180.1.21:9696/networking/v2.0/subnets 0.402s
2024-12-01 04:10:23.840 63990 INFO tempest.lib.common.rest_client [req-b040e5e2-f2cc-43ee-8ca5-57ee48532318 req-b040e5e2-f2cc-43ee-8ca5-57ee48532318 ] Request (ServersTestBootFromVolume:setUpClass): 200 GET http://10.180.1.21/volume/v3/41b38deb9cff4091b2b90ecbb4b6b29b/volumes/7386bed1-7d04-4bdd-b60d-d3b261c48d7d 0.055s
2024-12-01 04:10:23.856 64002 INFO tempest.lib.common.rest_client [req-a04762b5-e052-4ed1-a777-ec091baef4e5 req-a04762b5-e052-4ed1-a777-ec091baef4e5 ] Request (ServerActionsTestJSON:setUpClass): 200 GET http://10.180.1.21/compute/v2.1/servers/71509f58-5616-4d6a-9a88-3bfd9d414a0c 0.639s
2024-12-01 04:10:23.882 64020 INFO tempest.lib.common.rest_client [req-d6da76be-c1b3-41da-8905-5464abf1a881 req-d6da76be-c1b3-41da-8905-5464abf1a881 ] Request (ServerExternalEventsTest:test_create_server_external_events): 200 GET http://10.180.1.21/compute/v2.1/servers/1c36f4af-0222-48d3-ac90-776f7fe807de 0.641s
2024-12-01 04:10:23.913 64006 INFO tempest.lib.common.rest_client [req-4233929e-00b8-4b58-8e2d-fb136b8f344a req-4233929e-00b8-4b58-8e2d-fb136b8f344a ] Request (FlavorsAdminTestJSON:_run_cleanups): 200 GET http://10.180.1.21/compute/v2.1/flavors/detail 0.600s
2024-12-01 04:10:23.992 64038 INFO tempest.lib.common.rest_client [req-6edf270d-c33d-4a30-a41e-30281873ee7d req-6edf270d-c33d-4a30-a41e-30281873ee7d ] Request (ServerDiskConfigTestJSON:test_rebuild_server_with_auto_disk_config): 200 GET http://10.180.1.21/compute/v2.1/servers/98eb6b3f-69c8-4837-9b5c-a1485fe5cab6 0.690s
2024-12-01 04:10:24.053 64012 INFO tempest.lib.common.rest_client [req-4338d22f-b066-45bb-9382-81896d0cea4d req-4338d22f-b066-45bb-9382-81896d0cea4d ] Request (ImagesNegativeTestJSON:test_create_image_from_deleted_server): 200 GET http://10.180.1.21/compute/v2.1/servers/fffb383d-e1db-4640-9201-0ea897c472d9 0.700s
2024-12-01 04:10:24.257 64006 INFO tempest.lib.common.rest_client [req-2803893e-5ae6-4454-b4c6-2336fe59ebdd req-2803893e-5ae6-4454-b4c6-2336fe59ebdd ] Request (FlavorsAdminTestJSON:tearDownClass): 204 DELETE http://10.180.1.21/identity/v3/users/b3a984d9728a4eb38c2317e79a326bc0 0.336s
2024-12-01 04:10:24.298 64032 INFO tempest.lib.common.rest_client [req-9ab681bd-b1e2-4c64-a4c2-f9712c38ae1b req-9ab681bd-b1e2-4c64-a4c2-f9712c38ae1b ] Request (InstanceActionsNegativeTestJSON:setUpClass): 200 GET http://10.180.1.21/compute/v2.1/servers/5e748c4b-03c5-4a88-a4ed-27093f2aef47 0.971s
2024-12-01 04:10:24.305 64040 INFO tempest.lib.common.rest_client [req-1d34aa48-4ff9-43c7-ab07-b2c172d520c5 req-1d34aa48-4ff9-43c7-ab07-b2c172d520c5 ] Request (MigrationsAdminTest:test_list_migrations_in_flavor_resize_situation): 200 GET http://10.180.1.21/compute/v2.1/servers/29c17291-50be-45a3-93c6-76bc8c7cbbb4 0.886s
2024-12-01 04:10:24.380 63992 INFO tempest.lib.common.rest_client [req-2901a5a5-d545-445a-a588-75c820dfa4a9 req-2901a5a5-d545-445a-a588-75c820dfa4a9 ] Request (ListImageFiltersTestJSON:setUpClass): 200 GET http://10.180.1.21/compute/v2.1/servers/0c42630f-9e39-4eeb-aa56-d953cff6b4a9 0.864s
2024-12-01 04:10:24.460 63996 INFO tempest.lib.common.rest_client [req-2f30a22d-0367-4836-9834-47e13fb2588e req-2f30a22d-0367-4836-9834-47e13fb2588e ] Request (ServersAdminNegativeTestJSON:setUpClass): 200 GET http://10.180.1.21/compute/v2.1/servers/2d442033-3ecf-4d0c-90f9-a5bbb1d7a6fd 1.006s
2024-12-01 04:10:24.607 64042 INFO tempest.lib.common.rest_client [req-eec31d6c-c7f3-468e-b909-5103ecf42ed4 req-eec31d6c-c7f3-468e-b909-5103ecf42ed4 ] Request (ServerDiagnosticsNegativeTest:test_get_server_diagnostics_by_non_admin): 200 GET http://10.180.1.21/compute/v2.1/servers/667bfd5b-1331-4ff4-93ee-eaa7c7cc4246 0.937s
2024-12-01 04:10:24.728 64026 INFO tempest.lib.common.rest_client [req-c66b06a1-55d9-42df-bf2d-982621d82c1f req-c66b06a1-55d9-42df-bf2d-982621d82c1f ] Request (MultipleCreateTestJSON:test_multiple_create): 200 GET http://10.180.1.21/compute/v2.1/servers/879dce1e-340a-48d0-9291-857f39fec597 0.977s
2024-12-01 04:10:24.787 64004 INFO tempest.lib.common.rest_client [req-dd140c16-dc6b-4c19-a171-c742166b0542 req-dd140c16-dc6b-4c19-a171-c742166b0542 ] Request (DeleteServersAdminTestJSON:test_admin_delete_servers_of_others): 200 GET http://10.180.1.21/compute/v2.1/servers/ffe47fec-5f84-4a9a-a103-e59a90201064 0.972s
2024-12-01 04:10:24.883 63990 INFO tempest.lib.common.rest_client [req-7a552aec-5300-4397-916a-0f9d608adc3a req-7a552aec-5300-4397-916a-0f9d608adc3a ] Request (ServersTestBootFromVolume:setUpClass): 200 GET http://10.180.1.21/volume/v3/41b38deb9cff4091b2b90ecbb4b6b29b/volumes/7386bed1-7d04-4bdd-b60d-d3b261c48d7d 0.037s
2024-12-01 04:10:24.940 64050 INFO tempest.lib.common.rest_client [req-a4078b7a-ec72-4d32-b97d-52f7e98cb618 req-a4078b7a-ec72-4d32-b97d-52f7e98cb618 ] Request (InstanceActionsTestJSON:setUpClass): 200 GET http://10.180.1.21/compute/v2.1/servers/6f7a3a1f-859d-42f5-b986-6a1a038ca536 0.970s
2024-12-01 04:10:25.024 64016 INFO tempest.lib.common.rest_client [req-085431c4-f851-4558-890f-3435fb8eb47c req-085431c4-f851-4558-890f-3435fb8eb47c ] Request (ServersAdminTestJSON:setUpClass): 200 GET http://10.180.1.21/compute/v2.1/servers/6ca5ca5e-1f98-4d79-b22e-b07b67b5c5bd 0.950s
2024-12-01 04:10:25.079 63998 INFO tempest.lib.common.rest_client [req-a97d9d68-28c8-4baa-a089-a8f4d43f04da req-a97d9d68-28c8-4baa-a089-a8f4d43f04da ] Request (ServersTestJSON:setUpClass): 200 GET http://10.180.1.21/compute/v2.1/servers/fde11c71-3511-4fea-84c7-0e7de062951b 0.952s
2024-12-01 04:10:25.092 64006 INFO tempest.lib.common.rest_client [req-0c4f2ad0-5799-4066-820e-b2b7cf7ec56f req-0c4f2ad0-5799-4066-820e-b2b7cf7ec56f ] Request (FlavorsAdminTestJSON:tearDownClass): 204 DELETE http://10.180.1.21/identity/v3/users/25b96916879844899b52f20bc503a501 0.835s
2024-12-01 04:10:25.093 64006 INFO tempest.lib.common.dynamic_creds [-] Deleting project and security group for project: a105182dabc44611b36d67f4d6204dc5
2024-12-01 04:10:25.130 64018 INFO tempest.lib.common.rest_client [req-686604c6-d6db-45d9-8470-3fb76a965af9 req-686604c6-d6db-45d9-8470-3fb76a965af9 ] Request (VolumesAssistedSnapshotsTest:test_volume_assisted_snapshot_create_delete): 200 GET http://10.180.1.21/compute/v2.1/servers/ee0e3e54-c135-489f-87ca-f441efebcbd5 0.942s
2024-12-01 04:10:25.177 64006 INFO tempest.lib.common.rest_client [req-dd866ef6-84ed-4db6-8323-2497a1a9c0bb req-dd866ef6-84ed-4db6-8323-2497a1a9c0bb ] Request (FlavorsAdminTestJSON:tearDownClass): 201 POST http://10.180.1.21/identity/v3/auth/tokens 0.084s
2024-12-01 04:10:25.205 64046 INFO tempest.lib.common.rest_client [req-5ec2c960-e98d-4b1e-bf28-2abe943fd82d req-5ec2c960-e98d-4b1e-bf28-2abe943fd82d ] Request (ServersWithSpecificFlavorTestJSON:test_verify_created_server_ephemeral_disk): 200 GET http://10.180.1.21/compute/v2.1/servers/4ef40272-deb2-414a-b0ac-0bc30ba2bc84 0.991s
2024-12-01 04:10:25.303 64008 INFO tempest.lib.common.rest_client [req-1b907428-2fdd-427d-94fa-5708a9881a4d req-1b907428-2fdd-427d-94fa-5708a9881a4d ] Request (ImagesTestJSON:test_create_image_from_stopped_server): 200 GET http://10.180.1.21/compute/v2.1/servers/562e2e30-99d6-4edd-8382-e2e765c6a449 1.055s
2024-12-01 04:10:25.363 64052 INFO tempest.lib.common.rest_client [req-26d6a252-e35d-4fbb-b248-0c394f79dc1c req-26d6a252-e35d-4fbb-b248-0c394f79dc1c ] Request (AttachInterfacesV270Test:test_create_get_list_interfaces): 200 GET http://10.180.1.21/compute/v2.1/servers/e56bdc9e-964f-4994-be20-9a981095f813 1.068s
2024-12-01 04:10:25.416 64000 INFO tempest.lib.common.rest_client [req-bd71081e-3a90-48ef-a4d5-eae84e154a8f req-bd71081e-3a90-48ef-a4d5-eae84e154a8f ] Request (AttachInterfacesUnderV243Test:test_add_remove_fixed_ip): 200 GET http://10.180.1.21/compute/v2.1/servers/10cb6a2e-4a08-453e-9372-4ea14958470d 0.998s
2024-12-01 04:10:25.595 64006 INFO tempest.lib.common.rest_client [req-8432b840-da96-4585-9793-cbd19a61019f req-8432b840-da96-4585-9793-cbd19a61019f ] Request (FlavorsAdminTestJSON:tearDownClass): 200 GET http://10.180.1.21:9696/networking/v2.0/security-groups?tenant_id=a105182dabc44611b36d67f4d6204dc5&name=default 0.418s
2024-12-01 04:10:25.673 64030 INFO tempest.lib.common.rest_client [req-ad6b4ad2-2460-422b-a9d8-0d10be19e78b req-ad6b4ad2-2460-422b-a9d8-0d10be19e78b ] Request (ServerDiagnosticsTest:test_get_server_diagnostics): 200 GET http://10.180.1.21/compute/v2.1/servers/29bee3d3-a6d2-43a9-8439-d5b842214cf1 1.142s
2024-12-01 04:10:25.872 64036 INFO tempest.lib.common.rest_client [req-2cb38f1b-1072-4814-9dc5-aed08a0337d7 req-2cb38f1b-1072-4814-9dc5-aed08a0337d7 ] Request (ServersTestFqdnHostnames:test_create_server_with_fqdn_name): 200 GET http://10.180.1.21/compute/v2.1/servers/f9a675b6-e76d-492b-ac34-3c7b10553fca 1.298s
2024-12-01 04:10:25.938 63990 INFO tempest.lib.common.rest_client [req-b87ee7f9-cd9b-420e-b345-120cfb3e5182 req-b87ee7f9-cd9b-420e-b345-120cfb3e5182 ] Request (ServersTestBootFromVolume:setUpClass): 200 GET http://10.180.1.21/volume/v3/41b38deb9cff4091b2b90ecbb4b6b29b/volumes/7386bed1-7d04-4bdd-b60d-d3b261c48d7d 0.045s
2024-12-01 04:10:25.941 63994 INFO tempest.lib.common.rest_client [req-3e8258e6-f2dd-4db6-a201-97123bb52f7c req-3e8258e6-f2dd-4db6-a201-97123bb52f7c ] Request (ImagesOneServerTestJSON:setUpClass): 200 GET http://10.180.1.21/compute/v2.1/servers/04488672-86c4-415b-961e-94641d570112 1.348s
2024-12-01 04:10:26.011 64010 INFO tempest.lib.common.rest_client [req-d59bbdbf-58f2-4fb8-9277-5540693d5101 req-d59bbdbf-58f2-4fb8-9277-5540693d5101 ] Request (ListServersNegativeTestJSON:setUpClass): 200 GET http://10.180.1.21/compute/v2.1/servers/55e8066d-cb8f-4731-b5bd-57adfebae81a 1.344s
2024-12-01 04:10:26.044 64006 INFO tempest.lib.common.rest_client [req-954a1c51-bd86-4327-8a6b-1e87a66ad17e req-954a1c51-bd86-4327-8a6b-1e87a66ad17e ] Request (FlavorsAdminTestJSON:tearDownClass): 204 DELETE http://10.180.1.21:9696/networking/v2.0/security-groups/d240caa7-02ba-484d-99e9-e4b01f875c3a 0.449s
2024-12-01 04:10:26.068 64014 INFO tempest.lib.common.rest_client [req-3ee9d0d9-9a88-418d-a5e3-5d334e5654d4 req-3ee9d0d9-9a88-418d-a5e3-5d334e5654d4 ] Request (ServersTestManualDisk:setUpClass): 201 POST http://10.180.1.21:9696/networking/v2.0/routers 2.278s
2024-12-01 04:10:26.078 64044 INFO tempest.lib.common.rest_client [req-24a90a60-b715-4ff2-8b6b-115b7bf15e1d req-24a90a60-b715-4ff2-8b6b-115b7bf15e1d ] Request (ServerAddressesTestJSON:setUpClass): 200 GET http://10.180.1.21/compute/v2.1/servers/7a7a0ef0-bbea-42c0-b96e-4efc4207a655 1.403s
2024-12-01 04:10:26.134 64034 INFO tempest.lib.common.rest_client [req-f74d03f9-9886-4fc3-be61-9f359018fb8c req-f74d03f9-9886-4fc3-be61-9f359018fb8c ] Request (ServerPasswordTestJSON:setUpClass): 200 GET http://10.180.1.21/compute/v2.1/servers/25222911-beaf-4f80-be5e-a6decd09958d 1.422s
2024-12-01 04:10:26.178 64006 INFO tempest.lib.common.rest_client [req-0c8cca38-d2b2-41fd-965d-364240c7a83a req-0c8cca38-d2b2-41fd-965d-364240c7a83a ] Request (FlavorsAdminTestJSON:tearDownClass): 204 DELETE http://10.180.1.21/identity/v3/projects/a105182dabc44611b36d67f4d6204dc5 0.133s
2024-12-01 04:10:26.178 64006 INFO tempest.lib.common.dynamic_creds [-] Deleting project and security group for project: f497d73ab5dd4fba88444ff214c5aa94
2024-12-01 04:10:26.450 64002 INFO tempest.lib.common.rest_client [req-1d586740-9e57-4961-98a1-463da5c0ce50 req-1d586740-9e57-4961-98a1-463da5c0ce50 ] Request (ServerActionsTestJSON:setUpClass): 200 GET http://10.180.1.21/compute/v2.1/servers/71509f58-5616-4d6a-9a88-3bfd9d414a0c 1.585s
2024-12-01 04:10:26.459 64006 INFO tempest.lib.common.rest_client [req-9865b370-67ad-4626-a874-ed0fad3f32c6 req-9865b370-67ad-4626-a874-ed0fad3f32c6 ] Request (FlavorsAdminTestJSON:tearDownClass): 200 GET http://10.180.1.21:9696/networking/v2.0/security-groups?tenant_id=f497d73ab5dd4fba88444ff214c5aa94&name=default 0.280s
2024-12-01 04:10:26.459 64022 INFO tempest.lib.common.rest_client [req-57f932ca-a298-4b6a-bbf5-cb279983eae5 req-57f932ca-a298-4b6a-bbf5-cb279983eae5 ] Request (FloatingIPsTestJSON:test_allocate_floating_ip): 200 POST http://10.180.1.21/compute/v2.1/os-floating-ips 2.826s
2024-12-01 04:10:26.567 64038 INFO tempest.lib.common.rest_client [req-45f3acec-c3fb-4e2e-bd86-5d855faf7ae1 req-45f3acec-c3fb-4e2e-bd86-5d855faf7ae1 ] Request (ServerDiskConfigTestJSON:test_rebuild_server_with_auto_disk_config): 200 GET http://10.180.1.21/compute/v2.1/servers/98eb6b3f-69c8-4837-9b5c-a1485fe5cab6 1.569s
