2024-12-01 04:09:34.497 64008 INFO tempest.lib.common.rest_client [req-620020c8-7b23-4c30-ace4-3ed4412b9208 req-620020c8-7b23-4c30-ace4-3ed4412b9208 ] Request (NetworksTest:tearDownClass): 204 DELETE http://10.180.1.21/identity/v3/projects/7c02b151baea4f6f992a2c3a49f8d616 0.125s
2024-12-01 04:09:34.498 64008 INFO tempest.lib.common.dynamic_creds [-] Deleting project and security group for project: beb1362d6d664f888f576b1dd7f9924b
2024-12-01 04:09:34.559 64012 INFO tempest.lib.common.rest_client [req-07321b2f-95de-4f72-9b36-b6c273f3c6f2 req-07321b2f-95de-4f72-9b36-b6c273f3c6f2 ] Request (HostsAdminTestJSON:tearDownClass): 200 GET http://10.180.1.21:9696/networking/v2.0/security-groups?tenant_id=ae8b8763ca7e48e581a664a1f1bb3b49&name=default 0.782s
2024-12-01 04:09:34.749 64036 INFO tempest.lib.common.rest_client [req-4256713a-3773-4d79-864f-bb8467b4c70c req-4256713a-3773-4d79-864f-bb8467b4c70c ] Request (ServersTestFqdnHostnames:test_create_server_with_fqdn_name): 202 POST http://10.180.1.21/compute/v2.1/servers 4.122s
2024-12-01 04:09:34.777 63992 INFO tempest.lib.common.rest_client [req-0274779b-f81d-4bf1-a469-27814a55bed2 req-0274779b-f81d-4bf1-a469-27814a55bed2 ] Request (ServicesAdminNegativeTestJSON:test_get_service_by_invalid_params): 200 GET http://10.180.1.21/compute/v2.1/os-services?xxx=nova-compute 3.825s
2024-12-01 04:09:34.815 63994 INFO tempest.lib.common.rest_client [req-713cccaf-cd58-48a3-b268-9241a8adba6f req-713cccaf-cd58-48a3-b268-9241a8adba6f ] Request (ImagesOneServerTestJSON:setUpClass): 201 POST http://10.180.1.21:9696/networking/v2.0/subnets 1.214s
2024-12-01 04:09:34.918 64008 INFO tempest.lib.common.rest_client [req-a4d0dd3e-43a8-4537-8d06-5c26a8b9c1c1 req-a4d0dd3e-43a8-4537-8d06-5c26a8b9c1c1 ] Request (NetworksTest:tearDownClass): 200 GET http://10.180.1.21:9696/networking/v2.0/security-groups?tenant_id=beb1362d6d664f888f576b1dd7f9924b&name=default 0.420s
2024-12-01 04:09:34.946 64012 INFO tempest.lib.common.rest_client [req-e0146c1b-601a-43be-a938-04d21abf21a7 req-e0146c1b-601a-43be-a938-04d21abf21a7 ] Request (HostsAdminTestJSON:tearDownClass): 204 DELETE http://10.180.1.21:9696/networking/v2.0/security-groups/3a09782f-3c65-4092-aa95-2a3070475637 0.386s
2024-12-01 04:09:34.962 64000 INFO tempest.lib.common.rest_client [req-cd63b610-f447-4c6a-a4cd-18a976f2d38e req-cd63b610-f447-4c6a-a4cd-18a976f2d38e ] Request (HypervisorAdminTestJSON:test_get_hypervisor_list): 200 GET http://10.180.1.21/compute/v2.1/os-hypervisors 3.939s
2024-12-01 04:09:35.070 64012 INFO tempest.lib.common.rest_client [req-03e48b9a-60da-4f7c-8eb3-a7b767a5b902 req-03e48b9a-60da-4f7c-8eb3-a7b767a5b902 ] Request (HostsAdminTestJSON:tearDownClass): 204 DELETE http://10.180.1.21/identity/v3/projects/ae8b8763ca7e48e581a664a1f1bb3b49 0.123s
2024-12-01 04:09:35.071 64012 INFO tempest.test [-] raised in LiveMigrationRemoteConsolesV26Test.setUpClass. Invoking tearDownClass.
2024-12-01 04:09:35.139 64012 INFO tempest.lib.common.rest_client [req-2bc51ad8-d8fc-492b-baa4-7ac48d63e5d3 req-2bc51ad8-d8fc-492b-baa4-7ac48d63e5d3 ] Request (ImagesNegativeTestJSON:setUpClass): 201 POST http://10.180.1.21/identity/v3/auth/tokens 0.065s
2024-12-01 04:09:35.208 64012 INFO tempest.lib.common.rest_client [req-17e37d43-c0bc-4bc2-9d42-31ec862d69a7 req-17e37d43-c0bc-4bc2-9d42-31ec862d69a7 ] Request (ImagesNegativeTestJSON:setUpClass): 201 POST http://10.180.1.21/identity/v3/auth/tokens 0.028s
2024-12-01 04:09:35.228 64012 INFO tempest.lib.common.rest_client [req-6386dd69-3076-467b-8160-210b680876f7 req-6386dd69-3076-467b-8160-210b680876f7 ] Request (ImagesNegativeTestJSON:setUpClass): 200 GET http://10.180.1.21/identity/v3/domains?name=Default 0.020s
2024-12-01 04:09:35.265 64012 INFO tempest.lib.common.rest_client [req-4b30c987-f606-45cc-b8fc-c0483b0a6e71 req-4b30c987-f606-45cc-b8fc-c0483b0a6e71 ] Request (ImagesNegativeTestJSON:setUpClass): 201 POST http://10.180.1.21/identity/v3/projects 0.036s
2024-12-01 04:09:35.335 64012 INFO tempest.lib.common.rest_client [req-12abd74b-594d-4751-a570-54183b228693 req-12abd74b-594d-4751-a570-54183b228693 ] Request (ImagesNegativeTestJSON:setUpClass): 201 POST http://10.180.1.21/identity/v3/users 0.069s
2024-12-01 04:09:35.355 64012 INFO tempest.lib.common.rest_client [req-404353f4-4233-42a8-9889-f733f8868d08 req-404353f4-4233-42a8-9889-f733f8868d08 ] Request (ImagesNegativeTestJSON:setUpClass): 200 GET http://10.180.1.21/identity/v3/roles 0.020s
2024-12-01 04:09:35.386 64012 INFO tempest.lib.common.rest_client [req-e136561f-8088-4d37-a5af-3651b9d75b09 req-e136561f-8088-4d37-a5af-3651b9d75b09 ] Request (ImagesNegativeTestJSON:setUpClass): 204 PUT http://10.180.1.21/identity/v3/projects/7346308f847f439289b600b5e8ce75db/users/95808b2ce3324610add2c16809bffc21/roles/435f98e7fd3140b5aaf980eb1a1d12f4 0.030s
2024-12-01 04:09:35.386 64012 INFO tempest.lib.common.dynamic_creds [-] Dynamic test user 95808b2ce3324610add2c16809bffc21 is created with scope project and roles: ['member']
2024-12-01 04:09:35.386 64012 INFO tempest.lib.common.dynamic_creds [-] Acquired dynamic creds: credentials: Credentials: {'domain_id': 'default', 'domain_name': 'Default', 'username': 'tempest-ImagesNegativeTestJSON-285249914-project-member', 'project_domain_id': 'default', 'project_domain_name': 'Default', 'project_id': '7346308f847f439289b600b5e8ce75db', 'project_name': 'tempest-ImagesNegativeTestJSON-285249914', 'tenant_id': '7346308f847f439289b600b5e8ce75db', 'tenant_name': 'tempest-ImagesNegativeTestJSON-285249914', 'user_domain_id': 'default', 'user_domain_name': 'Default', 'user_id': '95808b2ce3324610add2c16809bffc21', 'system': None}, Network: None, Subnet: None, Router: None
2024-12-01 04:09:35.451 64012 INFO tempest.lib.common.rest_client [req-6033a238-39ee-4099-9706-8d814621af10 req-6033a238-39ee-4099-9706-8d814621af10 ] Request (ImagesNegativeTestJSON:setUpClass): 201 POST http://10.180.1.21/identity/v3/auth/tokens 0.064s
2024-12-01 04:09:35.786 64008 INFO tempest.lib.common.rest_client [req-eccfa01b-b150-4435-9054-ee4b009022f2 req-eccfa01b-b150-4435-9054-ee4b009022f2 ] Request (NetworksTest:tearDownClass): 204 DELETE http://10.180.1.21:9696/networking/v2.0/security-groups/400040f2-fabb-416b-bb4e-826d68bdf633 0.867s
2024-12-01 04:09:35.874 64008 INFO tempest.lib.common.rest_client [req-06c76897-e71a-4382-a9e7-f1eeb2e89cfa req-06c76897-e71a-4382-a9e7-f1eeb2e89cfa ] Request (NetworksTest:tearDownClass): 204 DELETE http://10.180.1.21/identity/v3/projects/beb1362d6d664f888f576b1dd7f9924b 0.087s
2024-12-01 04:09:35.898 64048 INFO tempest.lib.common.rest_client [req-a9b9eed7-9c25-4d4e-b5c8-bb4d321057fe req-a9b9eed7-9c25-4d4e-b5c8-bb4d321057fe ] Request (FloatingIPDetailsTestJSON:test_get_floating_ip_details): 200 POST http://10.180.1.21/compute/v2.1/os-floating-ips 5.812s
2024-12-01 04:09:35.927 64032 INFO tempest.lib.common.rest_client [req-819ad3b6-ced3-4f1d-a6ac-99a83100c4e2 req-819ad3b6-ced3-4f1d-a6ac-99a83100c4e2 ] Request (InstanceActionsNegativeTestJSON:setUpClass): 200 GET http://10.180.1.21/compute/v2.1/servers/5e748c4b-03c5-4a88-a4ed-27093f2aef47 4.605s
2024-12-01 04:09:35.963 64050 INFO tempest.lib.common.rest_client [req-a39ab46a-3740-4d22-8745-afb92f28cf2e req-a39ab46a-3740-4d22-8745-afb92f28cf2e ] Request (InstanceActionsTestJSON:setUpClass): 200 PUT http://10.180.1.21:9696/networking/v2.0/routers/788d0668-808c-4be4-b067-6bb260dcb5e0/add_router_interface 3.600s
2024-12-01 04:09:35.963 64050 INFO tempest.lib.common.dynamic_creds [-] Created isolated network resources for: credentials: Credentials: {'domain_id': 'default', 'domain_name': 'Default', 'username': 'tempest-InstanceActionsTestJSON-1946227332-project-member', 'project_domain_id': 'default', 'project_domain_name': 'Default', 'project_id': '62314e77505f4833b32c5d0c1d34e610', 'project_name': 'tempest-InstanceActionsTestJSON-1946227332', 'tenant_id': '62314e77505f4833b32c5d0c1d34e610', 'tenant_name': 'tempest-InstanceActionsTestJSON-1946227332', 'user_domain_id': 'default', 'user_domain_name': 'Default', 'user_id': '81b8c0c6d19d4e8abc7cf8f377342232', 'system': None}, Network: {'id': '88ae1a07-30f0-4956-a1e4-21747cb24dfb', 'name': 'tempest-InstanceActionsTestJSON-1586604386-network', 'tenant_id': '62314e77505f4833b32c5d0c1d34e610', 'admin_state_up': True, 'mtu': 8950, 'status': 'ACTIVE', 'subnets': [], 'shared': False, 'project_id': '62314e77505f4833b32c5d0c1d34e610', 'port_security_enabled': True, 'router:external': False, 'provider:network_type': 'vlan', 'provider:physical_network': 'default', 'provider:segmentation_id': 501, 'is_default': False, 'availability_zone_hints': [], 'availability_zones': [], 'ipv4_address_scope': None, 'ipv6_address_scope': None, 'description': '', 'tags': [], 'created_at': '2024-12-01T04:09:29Z', 'updated_at': '2024-12-01T04:09:29Z', 'revision_number': 1}, Subnet: {'id': 'b70ef1ae-a491-44e9-a541-23d50db1e155', 'name': 'tempest-InstanceActionsTestJSON-1586604386-subnet', 'tenant_id': '62314e77505f4833b32c5d0c1d34e610', 'network_id': '88ae1a07-30f0-4956-a1e4-21747cb24dfb', 'ip_version': 4, 'subnetpool_id': None, 'enable_dhcp': True, 'ipv6_ra_mode': None, 'ipv6_address_mode': None, 'gateway_ip': '192.168.128.1', 'cidr': '192.168.128.0/28', 'allocation_pools': [{'start': '192.168.128.2', 'end': '192.168.128.14'}], 'host_routes': [], 'dns_nameservers': [], 'description': '', 'service_types': [], 'tags': [], 'created_at': '2024-12-01T04:09:29Z', 'updated_at': '2024-12-01T04:09:29Z', 'revision_number': 0, 'project_id': '62314e77505f4833b32c5d0c1d34e610'}, Router: {'id': '788d0668-808c-4be4-b067-6bb260dcb5e0', 'name': 'tempest-InstanceActionsTestJSON-1586604386-router', 'tenant_id': '62314e77505f4833b32c5d0c1d34e610', 'admin_state_up': True, 'status': 'ACTIVE', 'external_gateway_info': {'network_id': 'ff6dcbd7-08f9-4268-a5f2-5a5b907c32d9', 'external_fixed_ips': [{'subnet_id': '757d8768-906c-4a56-93f6-3e1409be4a54', 'ip_address': '10.180.180.129'}], 'enable_snat': True}, 'description': '', 'availability_zones': [], 'distributed': False, 'ha': False, 'availability_zone_hints': [], 'routes': [], 'flavor_id': None, 'tags': [], 'created_at': '2024-12-01T04:09:30Z', 'updated_at': '2024-12-01T04:09:31Z', 'revision_number': 2, 'project_id': '62314e77505f4833b32c5d0c1d34e610'}
2024-12-01 04:09:35.985 64008 INFO tempest.lib.common.rest_client [req-662c6a6f-9ca6-4367-9ffc-4a1d543b65f1 req-662c6a6f-9ca6-4367-9ffc-4a1d543b65f1 ] Request (QuotasAdminTestV257:setUpClass): 201 POST http://10.180.1.21/identity/v3/auth/tokens 0.109s
2024-12-01 04:09:36.030 64008 INFO tempest.lib.common.rest_client [req-0b63ba46-306e-4a90-9e5c-a96f83fc1bde req-0b63ba46-306e-4a90-9e5c-a96f83fc1bde ] Request (QuotasAdminTestV257:setUpClass): 201 POST http://10.180.1.21/identity/v3/auth/tokens 0.037s
2024-12-01 04:09:36.042 63990 INFO tempest.lib.common.rest_client [req-03c75028-441f-46c9-b25a-dc74a8bb3de4 req-03c75028-441f-46c9-b25a-dc74a8bb3de4 ] Request (ServersAdmin275Test:test_rebuild_update_server_275): 200 GET http://10.180.1.21/compute/v2.1/servers/7f516750-b7ee-471b-a386-b898aac3985c 4.314s
2024-12-01 04:09:36.064 64008 INFO tempest.lib.common.rest_client [req-79df8a72-93ec-41a1-ab2e-811b484867e7 req-79df8a72-93ec-41a1-ab2e-811b484867e7 ] Request (QuotasAdminTestV257:setUpClass): 200 GET http://10.180.1.21/identity/v3/domains?name=Default 0.034s
2024-12-01 04:09:36.072 64050 INFO tempest.lib.common.rest_client [req-f13a34fc-9620-4d3a-8b27-af310c7b8ea4 req-f13a34fc-9620-4d3a-8b27-af310c7b8ea4 ] Request (InstanceActionsTestJSON:setUpClass): 201 POST http://10.180.1.21/identity/v3/auth/tokens 0.105s
2024-12-01 04:09:36.092 64038 INFO tempest.lib.common.rest_client [req-2a36b62e-9482-40c1-a5eb-19775f8bba85 req-2a36b62e-9482-40c1-a5eb-19775f8bba85 ] Request (ServerDiskConfigTestJSON:setUpClass): 201 POST http://10.180.1.21:9696/networking/v2.0/routers 2.603s
2024-12-01 04:09:36.104 64008 INFO tempest.lib.common.rest_client [req-bf4b4203-7211-4342-b068-ac52ff419c40 req-bf4b4203-7211-4342-b068-ac52ff419c40 ] Request (QuotasAdminTestV257:setUpClass): 201 POST http://10.180.1.21/identity/v3/projects 0.040s
2024-12-01 04:09:36.179 64050 INFO tempest.lib.common.rest_client [req-fcca6837-1e60-452d-8022-97af6127d521 req-fcca6837-1e60-452d-8022-97af6127d521 ] Request (InstanceActionsTestJSON:setUpClass): 201 POST http://10.180.1.21/identity/v3/auth/tokens 0.100s
2024-12-01 04:09:36.180 64050 INFO tempest.lib.common.fixed_network [-] (InstanceActionsTestJSON:setUpClass) Found network {'id': '88ae1a07-30f0-4956-a1e4-21747cb24dfb', 'name': 'tempest-InstanceActionsTestJSON-1586604386-network', 'tenant_id': '62314e77505f4833b32c5d0c1d34e610', 'admin_state_up': True, 'mtu': 8950, 'status': 'ACTIVE', 'subnets': [], 'shared': False, 'project_id': '62314e77505f4833b32c5d0c1d34e610', 'port_security_enabled': True, 'router:external': False, 'provider:network_type': 'vlan', 'provider:physical_network': 'default', 'provider:segmentation_id': 501, 'is_default': False, 'availability_zone_hints': [], 'availability_zones': [], 'ipv4_address_scope': None, 'ipv6_address_scope': None, 'description': '', 'tags': [], 'created_at': '2024-12-01T04:09:29Z', 'updated_at': '2024-12-01T04:09:29Z', 'revision_number': 1} available for tenant
2024-12-01 04:09:36.187 64008 INFO tempest.lib.common.rest_client [req-a0619ca5-8bb7-40fd-910b-58cbb242217b req-a0619ca5-8bb7-40fd-910b-58cbb242217b ] Request (QuotasAdminTestV257:setUpClass): 201 POST http://10.180.1.21/identity/v3/users 0.082s
2024-12-01 04:09:36.220 64008 INFO tempest.lib.common.rest_client [req-cc11ce35-bcb6-40e7-b3b0-3d3cac534122 req-cc11ce35-bcb6-40e7-b3b0-3d3cac534122 ] Request (QuotasAdminTestV257:setUpClass): 200 GET http://10.180.1.21/identity/v3/roles 0.033s
2024-12-01 04:09:36.241 64012 INFO tempest.lib.common.rest_client [req-2601cfb2-16a1-4186-bab5-2b1ec169e561 req-2601cfb2-16a1-4186-bab5-2b1ec169e561 ] Request (ImagesNegativeTestJSON:setUpClass): 201 POST http://10.180.1.21:9696/networking/v2.0/networks 0.790s
2024-12-01 04:09:36.252 64008 INFO tempest.lib.common.rest_client [req-2d5dcfe2-5822-4bfc-9663-65a46f437d5a req-2d5dcfe2-5822-4bfc-9663-65a46f437d5a ] Request (QuotasAdminTestV257:setUpClass): 204 PUT http://10.180.1.21/identity/v3/projects/709db2be8f5240858bff3abb27b7e24c/users/ad48afbc642e417882387c53a7e69107/roles/435f98e7fd3140b5aaf980eb1a1d12f4 0.031s
2024-12-01 04:09:36.252 64008 INFO tempest.lib.common.dynamic_creds [-] Dynamic test user ad48afbc642e417882387c53a7e69107 is created with scope project and roles: ['member']
2024-12-01 04:09:36.252 64008 INFO tempest.lib.common.dynamic_creds [-] Acquired dynamic creds: credentials: Credentials: {'domain_id': 'default', 'domain_name': 'Default', 'username': 'tempest-QuotasAdminTestV257-2048751410-project-member', 'project_domain_id': 'default', 'project_domain_name': 'Default', 'project_id': '709db2be8f5240858bff3abb27b7e24c', 'project_name': 'tempest-QuotasAdminTestV257-2048751410', 'tenant_id': '709db2be8f5240858bff3abb27b7e24c', 'tenant_name': 'tempest-QuotasAdminTestV257-2048751410', 'user_domain_id': 'default', 'user_domain_name': 'Default', 'user_id': 'ad48afbc642e417882387c53a7e69107', 'system': None}, Network: None, Subnet: None, Router: None
2024-12-01 04:09:36.253 64008 INFO tempest.lib.common.dynamic_creds [-] Created isolated network resources for: credentials: Credentials: {'domain_id': 'default', 'domain_name': 'Default', 'username': 'tempest-QuotasAdminTestV257-2048751410-project-member', 'project_domain_id': 'default', 'project_domain_name': 'Default', 'project_id': '709db2be8f5240858bff3abb27b7e24c', 'project_name': 'tempest-QuotasAdminTestV257-2048751410', 'tenant_id': '709db2be8f5240858bff3abb27b7e24c', 'tenant_name': 'tempest-QuotasAdminTestV257-2048751410', 'user_domain_id': 'default', 'user_domain_name': 'Default', 'user_id': 'ad48afbc642e417882387c53a7e69107', 'system': None}, Network: None, Subnet: None, Router: None
2024-12-01 04:09:36.372 64008 INFO tempest.lib.common.rest_client [req-0e722ca3-edad-4335-8456-d9be4a78c74c req-0e722ca3-edad-4335-8456-d9be4a78c74c ] Request (QuotasAdminTestV257:setUpClass): 201 POST http://10.180.1.21/identity/v3/auth/tokens 0.116s
2024-12-01 04:09:36.375 64052 INFO tempest.lib.common.rest_client [req-1590894b-14f2-4743-911c-349456fa9797 req-1590894b-14f2-4743-911c-349456fa9797 ] Request (ImagesMetadataTestJSON:setUp): 200 PUT http://10.180.1.21/compute/v2.1/images/8c0b67ce-8247-41f6-8edb-27491284b432/metadata 4.103s
2024-12-01 04:09:36.462 64008 INFO tempest.lib.common.rest_client [req-7b61411a-8331-4b22-8efc-5e0eb9154ebd req-7b61411a-8331-4b22-8efc-5e0eb9154ebd ] Request (QuotasAdminTestV257:setUpClass): 201 POST http://10.180.1.21/identity/v3/projects 0.090s
2024-12-01 04:09:36.551 64008 INFO tempest.lib.common.rest_client [req-7527c6f0-dba9-4628-a4f9-fbfbea097a29 req-7527c6f0-dba9-4628-a4f9-fbfbea097a29 ] Request (QuotasAdminTestV257:setUpClass): 201 POST http://10.180.1.21/identity/v3/users 0.088s
2024-12-01 04:09:36.581 64008 INFO tempest.lib.common.rest_client [req-85e01a9a-60ec-4005-9c40-c436cafea077 req-85e01a9a-60ec-4005-9c40-c436cafea077 ] Request (QuotasAdminTestV257:setUpClass): 200 GET http://10.180.1.21/identity/v3/roles 0.026s
2024-12-01 04:09:36.633 64008 INFO tempest.lib.common.rest_client [req-daf44efd-ddb5-4684-a386-faf18dc06a86 req-daf44efd-ddb5-4684-a386-faf18dc06a86 ] Request (QuotasAdminTestV257:setUpClass): 204 PUT http://10.180.1.21/identity/v3/projects/b9fe9a7cb1a246149dfe8e990b2eaefd/users/f6b6ebf1aef2419e8726828537c57afc/roles/1214dd8f7241494084cfd9d413cad07e 0.050s
2024-12-01 04:09:36.637 64034 INFO tempest.lib.common.rest_client [req-fc90df31-83c6-4210-bd40-ef012bc230ae req-fc90df31-83c6-4210-bd40-ef012bc230ae ] Request (QuotasAdminTestJSON:test_delete_quota): 200 GET http://10.180.1.21/compute/v2.1/os-quota-sets/951beafc9fff4a95a507419fe24d126d 4.362s
2024-12-01 04:09:36.728 64020 INFO tempest.lib.common.rest_client [req-dfd781f2-796b-462e-b31a-d69883e5aa26 req-dfd781f2-796b-462e-b31a-d69883e5aa26 ] Request (ServerExternalEventsTest:test_create_server_external_events): 200 GET http://10.180.1.21/compute/v2.1/servers/1c36f4af-0222-48d3-ac90-776f7fe807de 5.075s
2024-12-01 04:09:36.761 64008 INFO tempest.lib.common.rest_client [req-5603a247-d2b4-4b4b-9308-6ebe4281ce3a req-5603a247-d2b4-4b4b-9308-6ebe4281ce3a ] Request (QuotasAdminTestV257:setUpClass): 200 GET http://10.180.1.21/identity/v3/roles 0.128s
2024-12-01 04:09:36.823 64034 INFO tempest.lib.common.rest_client [req-07953891-5ee0-40c5-9cd8-4aa0864b7be3 req-07953891-5ee0-40c5-9cd8-4aa0864b7be3 ] Request (QuotasAdminTestJSON:_run_cleanups): 204 DELETE http://10.180.1.21/identity/v3/projects/951beafc9fff4a95a507419fe24d126d 0.184s
2024-12-01 04:09:36.845 64008 INFO tempest.lib.common.rest_client [req-5f991ebd-ddbd-40d4-a018-4413256a4c19 req-5f991ebd-ddbd-40d4-a018-4413256a4c19 ] Request (QuotasAdminTestV257:setUpClass): 204 PUT http://10.180.1.21/identity/v3/projects/b9fe9a7cb1a246149dfe8e990b2eaefd/users/f6b6ebf1aef2419e8726828537c57afc/roles/1214dd8f7241494084cfd9d413cad07e 0.084s
2024-12-01 04:09:36.846 64008 INFO tempest.lib.common.dynamic_creds [-] Dynamic test user f6b6ebf1aef2419e8726828537c57afc is created with scope project and roles: ['admin']
2024-12-01 04:09:36.846 64008 INFO tempest.lib.common.dynamic_creds [-] Acquired dynamic creds: credentials: Credentials: {'domain_id': 'default', 'domain_name': 'Default', 'username': 'tempest-QuotasAdminTestV257-238480128-project-admin', 'project_domain_id': 'default', 'project_domain_name': 'Default', 'project_id': 'b9fe9a7cb1a246149dfe8e990b2eaefd', 'project_name': 'tempest-QuotasAdminTestV257-238480128', 'tenant_id': 'b9fe9a7cb1a246149dfe8e990b2eaefd', 'tenant_name': 'tempest-QuotasAdminTestV257-238480128', 'user_domain_id': 'default', 'user_domain_name': 'Default', 'user_id': 'f6b6ebf1aef2419e8726828537c57afc', 'system': None}, Network: None, Subnet: None, Router: None
2024-12-01 04:09:36.846 64008 INFO tempest.lib.common.dynamic_creds [-] Created isolated network resources for: credentials: Credentials: {'domain_id': 'default', 'domain_name': 'Default', 'username': 'tempest-QuotasAdminTestV257-238480128-project-admin', 'project_domain_id': 'default', 'project_domain_name': 'Default', 'project_id': 'b9fe9a7cb1a246149dfe8e990b2eaefd', 'project_name': 'tempest-QuotasAdminTestV257-238480128', 'tenant_id': 'b9fe9a7cb1a246149dfe8e990b2eaefd', 'tenant_name': 'tempest-QuotasAdminTestV257-238480128', 'user_domain_id': 'default', 'user_domain_name': 'Default', 'user_id': 'f6b6ebf1aef2419e8726828537c57afc', 'system': None}, Network: None, Subnet: None, Router: None
2024-12-01 04:09:36.946 64008 INFO tempest.lib.common.rest_client [req-d1ad7d65-b626-4ec6-b90e-ca9a0c38630f req-d1ad7d65-b626-4ec6-b90e-ca9a0c38630f ] Request (QuotasAdminTestV257:setUpClass): 201 POST http://10.180.1.21/identity/v3/auth/tokens 0.097s
2024-12-01 04:09:36.947 64008 WARNING tempest.lib.common.rest_client [-] Deprecated: "tenant_id" property is deprecated for removal, use "project_id" instead
2024-12-01 04:09:37.203 64012 INFO tempest.lib.common.rest_client [req-e9118ac4-6882-4dcd-9ff1-e1435d5e46c3 req-e9118ac4-6882-4dcd-9ff1-e1435d5e46c3 ] Request (ImagesNegativeTestJSON:setUpClass): 201 POST http://10.180.1.21:9696/networking/v2.0/subnets 0.961s
2024-12-01 04:09:37.208 63996 INFO tempest.lib.common.rest_client [req-272c918d-b8e7-416e-8613-52fc6d975e6e req-272c918d-b8e7-416e-8613-52fc6d975e6e ] Request (ServersAdminNegativeTestJSON:setUpClass): 200 GET http://10.180.1.21/compute/v2.1/servers/2d442033-3ecf-4d0c-90f9-a5bbb1d7a6fd 4.917s
2024-12-01 04:09:37.247 64010 INFO tempest.lib.common.rest_client [req-5cbc051c-ef0b-4387-86c1-ebde0053e893 req-5cbc051c-ef0b-4387-86c1-ebde0053e893 ] Request (KeyPairsV22TestJSON:test_keypair_create_with_pub_key): 201 POST http://10.180.1.21/compute/v2.1/os-keypairs 4.871s
2024-12-01 04:09:37.270 64006 INFO tempest.lib.common.rest_client [req-58227aac-f147-4a87-90cf-5a7d35c192f8 req-58227aac-f147-4a87-90cf-5a7d35c192f8 ] Request (FlavorsAdminTestJSON:_run_cleanups): 202 DELETE http://10.180.1.21/compute/v2.1/flavors/95139696 4.866s
2024-12-01 04:09:37.293 63998 INFO tempest.lib.common.rest_client [req-1b988738-04cc-44b2-89a0-5be02b9b310b req-1b988738-04cc-44b2-89a0-5be02b9b310b ] Request (FlavorsAccessTestJSON:test_flavor_access_list_with_private_flavor): 200 GET http://10.180.1.21/compute/v2.1/flavors/519076953/os-flavor-access 4.864s
2024-12-01 04:09:37.303 64040 INFO tempest.lib.common.rest_client [req-66566e84-f426-4d99-b388-09bcbdab96b6 req-66566e84-f426-4d99-b388-09bcbdab96b6 ] Request (HostsAdminNegativeTestJSON:test_shutdown_nonexistent_host): 404 GET http://10.180.1.21/compute/v2.1/os-hosts/nonexistent_hostname/shutdown 4.867s
2024-12-01 04:09:37.309 64014 INFO tempest.lib.common.rest_client [req-57e66f75-a356-4ae2-bdf8-ee8f3ce79b40 req-57e66f75-a356-4ae2-bdf8-ee8f3ce79b40 ] Request (KeyPairsNegativeTestJSON:test_create_keypair_with_long_keynames): 400 POST http://10.180.1.21/compute/v2.1/os-keypairs 4.833s
2024-12-01 04:09:37.315 64024 INFO tempest.lib.common.rest_client [req-2c3be9e0-5350-4e68-9cac-056a29b6afb3 req-2c3be9e0-5350-4e68-9cac-056a29b6afb3 ] Request (FlavorsExtraSpecsNegativeTestJSON:test_flavor_update_more_key): 400 PUT http://10.180.1.21/compute/v2.1/flavors/608843971/os-extra_specs/hw:numa_nodes 4.834s
2024-12-01 04:09:37.341 64004 INFO tempest.lib.common.rest_client [req-fd6a3122-cfb7-4ba5-b027-afd8fd6c362e req-fd6a3122-cfb7-4ba5-b027-afd8fd6c362e ] Request (AggregatesAdminNegativeTestJSON:test_aggregate_add_non_exist_host): 404 POST http://10.180.1.21/compute/v2.1/os-aggregates/3/action 4.833s
2024-12-01 04:09:37.354 64028 INFO tempest.lib.common.rest_client [req-1078b370-9051-439e-a5ca-8b2e9840286d req-1078b370-9051-439e-a5ca-8b2e9840286d ] Request (KeyPairsV210TestJSON:_run_cleanups): 204 DELETE http://10.180.1.21/compute/v2.1/os-keypairs/tempest-keypair-923040305?user_id=5e52cf74a9f84962b1b481c35394fd5a 4.814s
2024-12-01 04:09:37.712 64042 INFO tempest.lib.common.rest_client [req-10da9ea9-4442-4c45-9b2a-09a2fe192153 req-10da9ea9-4442-4c45-9b2a-09a2fe192153 ] Request (ServerDiagnosticsNegativeTest:test_get_server_diagnostics_by_non_admin): 200 GET http://10.180.1.21/compute/v2.1/servers/667bfd5b-1331-4ff4-93ee-eaa7c7cc4246 4.869s
2024-12-01 04:09:37.741 64046 INFO tempest.lib.common.rest_client [req-3947d8ce-9569-43b7-938a-b496aca92478 req-3947d8ce-9569-43b7-938a-b496aca92478 ] Request (ServersWithSpecificFlavorTestJSON:test_verify_created_server_ephemeral_disk): 200 POST http://10.180.1.21/compute/v2.1/flavors/1679235638/os-extra_specs 4.607s
2024-12-01 04:09:37.758 64044 INFO tempest.lib.common.rest_client [req-510d61fd-1e26-4185-98c1-c7a250a7022d req-510d61fd-1e26-4185-98c1-c7a250a7022d ] Request (FlavorsAccessNegativeTestJSON:_run_cleanups): 202 DELETE http://10.180.1.21/compute/v2.1/flavors/998506900 4.608s
2024-12-01 04:09:38.114 64030 INFO tempest.lib.common.rest_client [req-803b03a2-021d-4fc8-88e6-e06be8427a5f req-803b03a2-021d-4fc8-88e6-e06be8427a5f ] Request (ServerDiagnosticsTest:test_get_server_diagnostics): 200 GET http://10.180.1.21/compute/v2.1/servers/29bee3d3-a6d2-43a9-8439-d5b842214cf1 4.885s
2024-12-01 04:09:38.267 64018 INFO tempest.lib.common.rest_client [req-3e2a5f99-66f6-413a-943c-50113aa58bda req-3e2a5f99-66f6-413a-943c-50113aa58bda ] Request (VolumesAssistedSnapshotsTest:test_volume_assisted_snapshot_create_delete): 200 POST http://10.180.1.21/compute/v2.1/os-keypairs 4.869s
2024-12-01 04:09:38.457 64016 INFO tempest.lib.common.rest_client [req-56e6181e-be17-4f38-bc5e-c81d95dd24a3 req-56e6181e-be17-4f38-bc5e-c81d95dd24a3 ] Request (ServersAdminTestJSON:setUpClass): 202 POST http://10.180.1.21/compute/v2.1/servers 6.100s
2024-12-01 04:09:38.557 64018 INFO tempest.lib.common.rest_client [req-30052de2-03c8-4ff7-a897-0dfb07ba8970 req-30052de2-03c8-4ff7-a897-0dfb07ba8970 ] Request (VolumesAssistedSnapshotsTest:test_volume_assisted_snapshot_create_delete): 201 POST http://10.180.1.21:9696/networking/v2.0/security-groups 0.289s
2024-12-01 04:09:38.718 63994 INFO tempest.lib.common.rest_client [req-d9df969c-87a9-4a1e-8884-75fd9cba31f9 req-d9df969c-87a9-4a1e-8884-75fd9cba31f9 ] Request (ImagesOneServerTestJSON:setUpClass): 201 POST http://10.180.1.21:9696/networking/v2.0/routers 3.903s
2024-12-01 04:09:38.736 64026 INFO tempest.lib.common.rest_client [req-9e674dda-9f5c-4c8c-b0eb-c9aedb39015a req-9e674dda-9f5c-4c8c-b0eb-c9aedb39015a ] Request (FloatingIPsNegativeTestJSON:setUpClass): 200 PUT http://10.180.1.21:9696/networking/v2.0/routers/082bf9a1-897f-44b2-b66e-b0464e04b744/add_router_interface 5.496s
2024-12-01 04:09:38.736 64026 INFO tempest.lib.common.dynamic_creds [-] Created isolated network resources for: credentials: Credentials: {'domain_id': 'default', 'domain_name': 'Default', 'username': 'tempest-FloatingIPsNegativeTestJSON-1534660156-project-member', 'project_domain_id': 'default', 'project_domain_name': 'Default', 'project_id': 'bbec89f6dfa5405292f81bf62590f193', 'project_name': 'tempest-FloatingIPsNegativeTestJSON-1534660156', 'tenant_id': 'bbec89f6dfa5405292f81bf62590f193', 'tenant_name': 'tempest-FloatingIPsNegativeTestJSON-1534660156', 'user_domain_id': 'default', 'user_domain_name': 'Default', 'user_id': '948240cc414f4ad68155f40b6aefc76b', 'system': None}, Network: {'id': '215a814d-4f82-47f7-82b2-da1a3f5a66e9', 'name': 'tempest-FloatingIPsNegativeTestJSON-266159887-network', 'tenant_id': 'bbec89f6dfa5405292f81bf62590f193', 'admin_state_up': True, 'mtu': 8950, 'status': 'ACTIVE', 'subnets': [], 'shared': False, 'project_id': 'bbec89f6dfa5405292f81bf62590f193', 'port_security_enabled': True, 'router:external': False, 'provider:network_type': 'vlan', 'provider:physical_network': 'default', 'provider:segmentation_id': 372, 'is_default': False, 'availability_zone_hints': [], 'availability_zones': [], 'ipv4_address_scope': None, 'ipv6_address_scope': None, 'description': '', 'tags': [], 'created_at': '2024-12-01T04:09:28Z', 'updated_at': '2024-12-01T04:09:28Z', 'revision_number': 1}, Subnet: {'id': '17e48ebd-7a88-40de-82fb-d036bd62645a', 'name': 'tempest-FloatingIPsNegativeTestJSON-266159887-subnet', 'tenant_id': 'bbec89f6dfa5405292f81bf62590f193', 'network_id': '215a814d-4f82-47f7-82b2-da1a3f5a66e9', 'ip_version': 4, 'subnetpool_id': None, 'enable_dhcp': True, 'ipv6_ra_mode': None, 'ipv6_address_mode': None, 'gateway_ip': '192.168.128.1', 'cidr': '192.168.128.0/28', 'allocation_pools': [{'start': '192.168.128.2', 'end': '192.168.128.14'}], 'host_routes': [], 'dns_nameservers': [], 'description': '', 'service_types': [], 'tags': [], 'created_at': '2024-12-01T04:09:29Z', 'updated_at': '2024-12-01T04:09:29Z', 'revision_number': 0, 'project_id': 'bbec89f6dfa5405292f81bf62590f193'}, Router: {'id': '082bf9a1-897f-44b2-b66e-b0464e04b744', 'name': 'tempest-FloatingIPsNegativeTestJSON-266159887-router', 'tenant_id': 'bbec89f6dfa5405292f81bf62590f193', 'admin_state_up': True, 'status': 'ACTIVE', 'external_gateway_info': {'network_id': 'ff6dcbd7-08f9-4268-a5f2-5a5b907c32d9', 'external_fixed_ips': [{'subnet_id': '757d8768-906c-4a56-93f6-3e1409be4a54', 'ip_address': '10.180.180.210'}], 'enable_snat': True}, 'description': '', 'availability_zones': [], 'distributed': False, 'ha': False, 'availability_zone_hints': [], 'routes': [], 'flavor_id': None, 'tags': [], 'created_at': '2024-12-01T04:09:29Z', 'updated_at': '2024-12-01T04:09:31Z', 'revision_number': 2, 'project_id': 'bbec89f6dfa5405292f81bf62590f193'}
2024-12-01 04:09:38.740 64002 INFO tempest.lib.common.rest_client [req-39d49962-b1f5-49b4-9123-94642815a64f req-39d49962-b1f5-49b4-9123-94642815a64f ] Request (ServerActionsTestJSON:setUpClass): 200 GET http://10.180.1.21/compute/v2.1/servers/71509f58-5616-4d6a-9a88-3bfd9d414a0c 5.116s
2024-12-01 04:09:38.769 64036 INFO tempest.lib.common.rest_client [req-7db2a0c7-0445-410d-84f4-7fdec2ce8776 req-7db2a0c7-0445-410d-84f4-7fdec2ce8776 ] Request (ServersTestFqdnHostnames:test_create_server_with_fqdn_name): 200 GET http://10.180.1.21/compute/v2.1/servers/f9a675b6-e76d-492b-ac34-3c7b10553fca 4.019s
2024-12-01 04:09:38.790 63992 INFO tempest.lib.common.rest_client [req-264fe783-e779-413b-b380-14e3a02b972a req-264fe783-e779-413b-b380-14e3a02b972a ] Request (ServicesAdminNegativeTestJSON:test_get_service_by_invalid_service_and_valid_host): 200 GET http://10.180.1.21/compute/v2.1/os-services 4.009s
2024-12-01 04:09:38.804 64000 INFO tempest.lib.common.rest_client [req-516b0ac7-4e05-452c-84b5-714bfac45985 req-516b0ac7-4e05-452c-84b5-714bfac45985 ] Request (HypervisorAdminTestJSON:test_get_hypervisor_list_details): 200 GET http://10.180.1.21/compute/v2.1/os-hypervisors/detail 3.840s
2024-12-01 04:09:38.843 64026 INFO tempest.lib.common.rest_client [req-991789f6-696b-4b53-850d-2b69a13822c9 req-991789f6-696b-4b53-850d-2b69a13822c9 ] Request (FloatingIPsNegativeTestJSON:setUpClass): 201 POST http://10.180.1.21/identity/v3/auth/tokens 0.103s
2024-12-01 04:09:38.896 64018 INFO tempest.lib.common.rest_client [req-3327390b-d8e0-43ce-b86f-48bbd4f51920 req-3327390b-d8e0-43ce-b86f-48bbd4f51920 ] Request (VolumesAssistedSnapshotsTest:test_volume_assisted_snapshot_create_delete): 201 POST http://10.180.1.21:9696/networking/v2.0/security-group-rules 0.338s
2024-12-01 04:09:38.917 64038 INFO tempest.lib.common.rest_client [req-c0e3f8eb-b88f-4c8d-9fa6-e4f4d57b3979 req-c0e3f8eb-b88f-4c8d-9fa6-e4f4d57b3979 ] Request (ServerDiskConfigTestJSON:setUpClass): 200 PUT http://10.180.1.21:9696/networking/v2.0/routers/34ec4133-e5fb-424e-8d32-2099517a7489/add_router_interface 2.824s
2024-12-01 04:09:38.918 64038 INFO tempest.lib.common.dynamic_creds [-] Created isolated network resources for: credentials: Credentials: {'domain_id': 'default', 'domain_name': 'Default', 'username': 'tempest-ServerDiskConfigTestJSON-1721079730-project-member', 'project_domain_id': 'default', 'project_domain_name': 'Default', 'project_id': '7bb1bdc9b1004ff591ab4e001d81b400', 'project_name': 'tempest-ServerDiskConfigTestJSON-1721079730', 'tenant_id': '7bb1bdc9b1004ff591ab4e001d81b400', 'tenant_name': 'tempest-ServerDiskConfigTestJSON-1721079730', 'user_domain_id': 'default', 'user_domain_name': 'Default', 'user_id': '033e5ebd18fb421b8ad3f4ad5033f1b5', 'system': None}, Network: {'id': '063a4d32-b405-433b-a1a0-ce9820683878', 'name': 'tempest-ServerDiskConfigTestJSON-673894266-network', 'tenant_id': '7bb1bdc9b1004ff591ab4e001d81b400', 'admin_state_up': True, 'mtu': 8950, 'status': 'ACTIVE', 'subnets': [], 'shared': False, 'project_id': '7bb1bdc9b1004ff591ab4e001d81b400', 'port_security_enabled': True, 'router:external': False, 'provider:network_type': 'vlan', 'provider:physical_network': 'default', 'provider:segmentation_id': 901, 'is_default': False, 'availability_zone_hints': [], 'availability_zones': [], 'ipv4_address_scope': None, 'ipv6_address_scope': None, 'description': '', 'tags': [], 'created_at': '2024-12-01T04:09:32Z', 'updated_at': '2024-12-01T04:09:32Z', 'revision_number': 1}, Subnet: {'id': '39b33292-1285-4818-b622-50de9b93f5fa', 'name': 'tempest-ServerDiskConfigTestJSON-673894266-subnet', 'tenant_id': '7bb1bdc9b1004ff591ab4e001d81b400', 'network_id': '063a4d32-b405-433b-a1a0-ce9820683878', 'ip_version': 4, 'subnetpool_id': None, 'enable_dhcp': True, 'ipv6_ra_mode': None, 'ipv6_address_mode': None, 'gateway_ip': '192.168.128.1', 'cidr': '192.168.128.0/28', 'allocation_pools': [{'start': '192.168.128.2', 'end': '192.168.128.14'}], 'host_routes': [], 'dns_nameservers': [], 'description': '', 'service_types': [], 'tags': [], 'created_at': '2024-12-01T04:09:32Z', 'updated_at': '2024-12-01T04:09:32Z', 'revision_number': 0, 'project_id': '7bb1bdc9b1004ff591ab4e001d81b400'}, Router: {'id': '34ec4133-e5fb-424e-8d32-2099517a7489', 'name': 'tempest-ServerDiskConfigTestJSON-673894266-router', 'tenant_id': '7bb1bdc9b1004ff591ab4e001d81b400', 'admin_state_up': True, 'status': 'ACTIVE', 'external_gateway_info': {'network_id': 'ff6dcbd7-08f9-4268-a5f2-5a5b907c32d9', 'external_fixed_ips': [{'subnet_id': '757d8768-906c-4a56-93f6-3e1409be4a54', 'ip_address': '10.180.180.144'}], 'enable_snat': True}, 'description': '', 'availability_zones': [], 'distributed': False, 'ha': False, 'availability_zone_hints': [], 'routes': [], 'flavor_id': None, 'tags': [], 'created_at': '2024-12-01T04:09:33Z', 'updated_at': '2024-12-01T04:09:34Z', 'revision_number': 2, 'project_id': '7bb1bdc9b1004ff591ab4e001d81b400'}
2024-12-01 04:09:38.962 64048 INFO tempest.lib.common.rest_client [req-0cabab19-e325-441c-945a-eb999812023b req-0cabab19-e325-441c-945a-eb999812023b ] Request (FloatingIPDetailsTestJSON:test_get_floating_ip_details): 200 GET http://10.180.1.21/compute/v2.1/os-floating-ips/0ac777c7-827f-4e6e-9613-5dc5d37d5701 3.059s
2024-12-01 04:09:39.073 64038 INFO tempest.lib.common.rest_client [req-f1aceb53-6dda-46cc-adc5-b58b07a53c80 req-f1aceb53-6dda-46cc-adc5-b58b07a53c80 ] Request (ServerDiskConfigTestJSON:setUpClass): 201 POST http://10.180.1.21/identity/v3/auth/tokens 0.098s
2024-12-01 04:09:39.114 64038 INFO tempest.lib.common.rest_client [req-758f577b-584e-4596-8ad6-dd07084caa04 req-758f577b-584e-4596-8ad6-dd07084caa04 ] Request (ServerDiskConfigTestJSON:test_rebuild_server_with_auto_disk_config): 201 POST http://10.180.1.21/identity/v3/auth/tokens 0.034s
2024-12-01 04:09:39.114 64038 INFO tempest.lib.common.fixed_network [-] (ServerDiskConfigTestJSON:test_rebuild_server_with_auto_disk_config) Found network {'id': '063a4d32-b405-433b-a1a0-ce9820683878', 'name': 'tempest-ServerDiskConfigTestJSON-673894266-network', 'tenant_id': '7bb1bdc9b1004ff591ab4e001d81b400', 'admin_state_up': True, 'mtu': 8950, 'status': 'ACTIVE', 'subnets': [], 'shared': False, 'project_id': '7bb1bdc9b1004ff591ab4e001d81b400', 'port_security_enabled': True, 'router:external': False, 'provider:network_type': 'vlan', 'provider:physical_network': 'default', 'provider:segmentation_id': 901, 'is_default': False, 'availability_zone_hints': [], 'availability_zones': [], 'ipv4_address_scope': None, 'ipv6_address_scope': None, 'description': '', 'tags': [], 'created_at': '2024-12-01T04:09:32Z', 'updated_at': '2024-12-01T04:09:32Z', 'revision_number': 1} available for tenant
2024-12-01 04:09:39.165 64052 INFO tempest.lib.common.rest_client [req-b9b2f9e6-8919-4af9-a54a-92ffbda85cfb req-b9b2f9e6-8919-4af9-a54a-92ffbda85cfb ] Request (ImagesMetadataTestJSON:test_delete_image_metadata_item): 204 DELETE http://10.180.1.21/compute/v2.1/images/8c0b67ce-8247-41f6-8edb-27491284b432/metadata/os_version 2.788s
2024-12-01 04:09:39.190 64012 INFO tempest.lib.common.rest_client [req-8526d632-4682-400e-964b-03255f097e79 req-8526d632-4682-400e-964b-03255f097e79 ] Request (ImagesNegativeTestJSON:setUpClass): 201 POST http://10.180.1.21:9696/networking/v2.0/routers 1.987s
2024-12-01 04:09:39.251 64034 INFO tempest.lib.common.rest_client [req-984fd230-1256-47f4-8848-953c8867ae1a req-984fd230-1256-47f4-8848-953c8867ae1a ] Request (QuotasAdminTestJSON:test_get_default_quotas): 200 GET http://10.180.1.21/compute/v2.1/os-quota-sets/78a345dd851a4cc59d05dd76046a90f7/defaults 2.424s
2024-12-01 04:09:39.283 64034 INFO tempest.lib.common.rest_client [req-673db482-1f10-410b-aed6-b9ec13e1cf24 req-673db482-1f10-410b-aed6-b9ec13e1cf24 ] Request (QuotasAdminTestJSON:test_get_updated_quotas): 200 GET http://10.180.1.21/identity/v3/domains?name=Default 0.027s
2024-12-01 04:09:39.321 64034 INFO tempest.lib.common.rest_client [req-6547cd1e-facd-4aa1-a66d-073d594a8a91 req-6547cd1e-facd-4aa1-a66d-073d594a8a91 ] Request (QuotasAdminTestJSON:test_get_updated_quotas): 201 POST http://10.180.1.21/identity/v3/projects 0.037s
2024-12-01 04:09:39.385 64034 INFO tempest.lib.common.rest_client [req-8a74dfc0-a7f1-4f17-ac16-295db9207750 req-8a74dfc0-a7f1-4f17-ac16-295db9207750 ] Request (QuotasAdminTestJSON:test_get_updated_quotas): 200 GET http://10.180.1.21/identity/v3/domains?name=Default 0.064s
2024-12-01 04:09:39.413 64050 INFO tempest.lib.common.rest_client [req-06a9d950-b6b2-4dfa-9d53-501be7142690 req-06a9d950-b6b2-4dfa-9d53-501be7142690 ] Request (InstanceActionsTestJSON:setUpClass): 202 POST http://10.180.1.21/compute/v2.1/servers 3.232s
2024-12-01 04:09:39.419 64032 INFO tempest.lib.common.rest_client [req-b6e1f939-02c7-42b5-b2f8-ba1651af2939 req-b6e1f939-02c7-42b5-b2f8-ba1651af2939 ] Request (InstanceActionsNegativeTestJSON:setUpClass): 200 GET http://10.180.1.21/compute/v2.1/servers/5e748c4b-03c5-4a88-a4ed-27093f2aef47 2.482s
2024-12-01 04:09:39.448 64010 INFO tempest.lib.common.rest_client [req-b1435bd4-17c1-4c23-bf20-b570dd5a2dee req-b1435bd4-17c1-4c23-bf20-b570dd5a2dee ] Request (KeyPairsV22TestJSON:_run_cleanups): 204 DELETE http://10.180.1.21/compute/v2.1/os-keypairs/tempest-keypair-812580076 2.198s
2024-12-01 04:09:39.469 64006 INFO tempest.lib.common.rest_client [req-f1586e19-5862-4300-9605-2d077927364a req-f1586e19-5862-4300-9605-2d077927364a ] Request (FlavorsAdminTestJSON:_run_cleanups): 200 GET http://10.180.1.21/compute/v2.1/flavors/detail 2.198s
2024-12-01 04:09:39.494 63998 INFO tempest.lib.common.rest_client [req-4e7ed816-b50d-4929-ae8e-81e9a9095258 req-4e7ed816-b50d-4929-ae8e-81e9a9095258 ] Request (FlavorsAccessTestJSON:_run_cleanups): 202 DELETE http://10.180.1.21/compute/v2.1/flavors/519076953 2.198s
2024-12-01 04:09:39.502 64040 INFO tempest.lib.common.rest_client [req-fe6b2835-fb6f-48fd-ac65-9bd61bbf09a9 req-fe6b2835-fb6f-48fd-ac65-9bd61bbf09a9 ] Request (HostsAdminNegativeTestJSON:test_startup_host_with_non_admin_user): 403 GET http://10.180.1.21/compute/v2.1/os-hosts/devstack/startup 2.197s
2024-12-01 04:09:39.508 63990 INFO tempest.lib.common.rest_client [req-e3d7f6af-1c3a-4cfd-b0a5-65f83b565e7d req-e3d7f6af-1c3a-4cfd-b0a5-65f83b565e7d ] Request (ServersAdmin275Test:test_rebuild_update_server_275): 200 GET http://10.180.1.21/compute/v2.1/servers/7f516750-b7ee-471b-a386-b898aac3985c 2.449s
2024-12-01 04:09:39.538 64024 INFO tempest.lib.common.rest_client [req-1358abfa-2fb8-4b12-8bbc-91cfc5d82ba7 req-1358abfa-2fb8-4b12-8bbc-91cfc5d82ba7 ] Request (FlavorsExtraSpecsNegativeTestJSON:tearDownClass): 202 DELETE http://10.180.1.21/compute/v2.1/flavors/608843971 2.220s
2024-12-01 04:09:39.540 64014 INFO tempest.lib.common.rest_client [req-a68b4921-b3d9-460a-afe4-2c3eefd5e0be req-a68b4921-b3d9-460a-afe4-2c3eefd5e0be ] Request (KeyPairsNegativeTestJSON:test_keypair_create_with_invalid_pub_key): 400 POST http://10.180.1.21/compute/v2.1/os-keypairs 2.226s
2024-12-01 04:09:39.559 64028 INFO tempest.lib.common.rest_client [req-459a5336-6049-49dc-a4d5-28f6daf7ac0a req-459a5336-6049-49dc-a4d5-28f6daf7ac0a ] Request (KeyPairsV210TestJSON:_run_cleanups): 204 DELETE http://10.180.1.21/compute/v2.1/os-keypairs/tempest-keypair-1959899543?user_id=5e52cf74a9f84962b1b481c35394fd5a 2.204s
2024-12-01 04:09:39.572 64018 INFO tempest.lib.common.rest_client [req-c127a039-4c96-4992-9e4c-f5d373363f19 req-c127a039-4c96-4992-9e4c-f5d373363f19 ] Request (VolumesAssistedSnapshotsTest:test_volume_assisted_snapshot_create_delete): 201 POST http://10.180.1.21:9696/networking/v2.0/security-group-rules 0.675s
2024-12-01 04:09:39.580 64004 INFO tempest.lib.common.rest_client [req-f4289b67-916a-4945-bf2d-8393e2d701dd req-f4289b67-916a-4945-bf2d-8393e2d701dd ] Request (AggregatesAdminNegativeTestJSON:_run_cleanups): 200 DELETE http://10.180.1.21/compute/v2.1/os-aggregates/3 2.239s
2024-12-01 04:09:39.632 64046 INFO tempest.lib.common.rest_client [req-0a3591df-79e6-47b1-90d4-71f828e5451a req-0a3591df-79e6-47b1-90d4-71f828e5451a ] Request (ServersWithSpecificFlavorTestJSON:test_verify_created_server_ephemeral_disk): 200 POST http://10.180.1.21/compute/v2.1/flavors 1.888s
2024-12-01 04:09:39.643 64044 INFO tempest.lib.common.rest_client [req-20be8ea0-e64a-4259-a357-bd8eae6d4ecd req-20be8ea0-e64a-4259-a357-bd8eae6d4ecd ] Request (FlavorsAccessNegativeTestJSON:_run_cleanups): 200 GET http://10.180.1.21/compute/v2.1/flavors/detail 1.885s
2024-12-01 04:09:39.736 64028 INFO tempest.lib.common.rest_client [req-cbd0f6b0-3e00-4781-a07a-54fe5050d710 req-cbd0f6b0-3e00-4781-a07a-54fe5050d710 ] Request (KeyPairsV210TestJSON:tearDownClass): 204 DELETE http://10.180.1.21/identity/v3/users/5e52cf74a9f84962b1b481c35394fd5a 0.175s
2024-12-01 04:09:39.869 64028 INFO tempest.lib.common.rest_client [req-8fe3c08c-3d9b-4627-a20a-0abb23ecc921 req-8fe3c08c-3d9b-4627-a20a-0abb23ecc921 ] Request (KeyPairsV210TestJSON:tearDownClass): 204 DELETE http://10.180.1.21/identity/v3/users/2fcdf490129c43558660f0e2554e104b 0.133s
2024-12-01 04:09:39.869 64028 INFO tempest.lib.common.dynamic_creds [-] Deleting project and security group for project: 879d7e5f0c8a4e46b292364837cf23ba
2024-12-01 04:09:39.939 64028 INFO tempest.lib.common.rest_client [req-c9efeab7-1237-42cf-9cad-449d75f82f5f req-c9efeab7-1237-42cf-9cad-449d75f82f5f ] Request (KeyPairsV210TestJSON:tearDownClass): 201 POST http://10.180.1.21/identity/v3/auth/tokens 0.069s
2024-12-01 04:09:40.048 64020 INFO tempest.lib.common.rest_client [req-83f72e86-b689-4348-9b49-4600c58d23ba req-83f72e86-b689-4348-9b49-4600c58d23ba ] Request (ServerExternalEventsTest:test_create_server_external_events): 200 GET http://10.180.1.21/compute/v2.1/servers/1c36f4af-0222-48d3-ac90-776f7fe807de 2.308s
2024-12-01 04:09:40.062 63996 INFO tempest.lib.common.rest_client [req-f8336942-2fbb-47e7-83da-bb8d4eb113c2 req-f8336942-2fbb-47e7-83da-bb8d4eb113c2 ] Request (ServersAdminNegativeTestJSON:setUpClass): 200 GET http://10.180.1.21/compute/v2.1/servers/2d442033-3ecf-4d0c-90f9-a5bbb1d7a6fd 1.845s
2024-12-01 04:09:40.140 64016 INFO tempest.lib.common.rest_client [req-6e5d9dfe-33e4-4ca9-a5cc-506c33518ea4 req-6e5d9dfe-33e4-4ca9-a5cc-506c33518ea4 ] Request (ServersAdminTestJSON:setUpClass): 200 GET http://10.180.1.21/compute/v2.1/servers/6ca5ca5e-1f98-4d79-b22e-b07b67b5c5bd 1.681s
2024-12-01 04:09:40.173 63992 INFO tempest.lib.common.rest_client [req-6971cbcd-2f28-486e-98e9-2955fb599ac6 req-6971cbcd-2f28-486e-98e9-2955fb599ac6 ] Request (ServicesAdminNegativeTestJSON:test_get_service_by_invalid_service_and_valid_host): 200 GET http://10.180.1.21/compute/v2.1/os-services?host=devstack&binary=xxx 1.381s
2024-12-01 04:09:40.197 64000 INFO tempest.lib.common.rest_client [req-8bbca65e-26bc-4f7a-abae-c69455c9c4b2 req-8bbca65e-26bc-4f7a-abae-c69455c9c4b2 ] Request (HypervisorAdminTestJSON:test_get_hypervisor_show_details): 200 GET http://10.180.1.21/compute/v2.1/os-hypervisors 1.388s
2024-12-01 04:09:40.311 64042 INFO tempest.lib.common.rest_client [req-1fbcfc66-ab26-4f86-a176-e71421d208b8 req-1fbcfc66-ab26-4f86-a176-e71421d208b8 ] Request (ServerDiagnosticsNegativeTest:test_get_server_diagnostics_by_non_admin): 200 GET http://10.180.1.21/compute/v2.1/servers/667bfd5b-1331-4ff4-93ee-eaa7c7cc4246 1.589s
2024-12-01 04:09:40.377 64028 INFO tempest.lib.common.rest_client [req-c6be194f-da64-4f54-ae11-f9a3ae637681 req-c6be194f-da64-4f54-ae11-f9a3ae637681 ] Request (KeyPairsV210TestJSON:tearDownClass): 200 GET http://10.180.1.21:9696/networking/v2.0/security-groups?tenant_id=879d7e5f0c8a4e46b292364837cf23ba&name=default 0.438s
2024-12-01 04:09:40.396 64026 INFO tempest.lib.common.rest_client [req-b7d452ae-a332-4409-8ae8-46d1d6139c73 req-b7d452ae-a332-4409-8ae8-46d1d6139c73 ] Request (FloatingIPsNegativeTestJSON:setUpClass): 200 GET http://10.180.1.21/compute/v2.1/os-floating-ips 1.552s
2024-12-01 04:09:40.825 64028 INFO tempest.lib.common.rest_client [req-a943f965-5138-4b76-84c6-2f86de94d45d req-a943f965-5138-4b76-84c6-2f86de94d45d ] Request (KeyPairsV210TestJSON:tearDownClass): 204 DELETE http://10.180.1.21:9696/networking/v2.0/security-groups/d8fa3685-dd74-4c9d-bf5a-cb92e7a80cde 0.448s
2024-12-01 04:09:40.923 64028 INFO tempest.lib.common.rest_client [req-09cf15b7-3e97-4eed-aafa-2732789af276 req-09cf15b7-3e97-4eed-aafa-2732789af276 ] Request (KeyPairsV210TestJSON:tearDownClass): 204 DELETE http://10.180.1.21/identity/v3/projects/879d7e5f0c8a4e46b292364837cf23ba 0.097s
2024-12-01 04:09:40.923 64028 INFO tempest.lib.common.dynamic_creds [-] Deleting project and security group for project: 3a3b11cd336d4d0d830acaa8fe60949b
2024-12-01 04:09:41.260 64028 INFO tempest.lib.common.rest_client [req-f6b36e81-0a5e-4977-9628-82289bfab872 req-f6b36e81-0a5e-4977-9628-82289bfab872 ] Request (KeyPairsV210TestJSON:tearDownClass): 200 GET http://10.180.1.21:9696/networking/v2.0/security-groups?tenant_id=3a3b11cd336d4d0d830acaa8fe60949b&name=default 0.337s
2024-12-01 04:09:41.383 64018 INFO tempest.lib.common.rest_client [req-97d81c7f-99b9-4370-8b7d-93afa954d3e7 req-97d81c7f-99b9-4370-8b7d-93afa954d3e7 ] Request (VolumesAssistedSnapshotsTest:test_volume_assisted_snapshot_create_delete): 201 POST http://10.180.1.21:9696/networking/v2.0/floatingips 1.811s
2024-12-01 04:09:41.447 64018 INFO tempest.lib.common.rest_client [req-88d2cd80-4c37-4585-8539-c0ea7001a66e req-88d2cd80-4c37-4585-8539-c0ea7001a66e ] Request (VolumesAssistedSnapshotsTest:test_volume_assisted_snapshot_create_delete): 201 POST http://10.180.1.21/identity/v3/auth/tokens 0.061s
2024-12-01 04:09:41.447 64018 INFO tempest.lib.common.fixed_network [-] (VolumesAssistedSnapshotsTest:test_volume_assisted_snapshot_create_delete) Found network {'id': '3c794bfb-a492-472f-ae53-e485028aa5ce', 'name': 'tempest-VolumesAssistedSnapshotsTest-1761716823-network', 'tenant_id': 'f58339a6c9264b97b4f92c5c20c73ad3', 'admin_state_up': True, 'mtu': 8950, 'status': 'ACTIVE', 'subnets': [], 'shared': False, 'project_id': 'f58339a6c9264b97b4f92c5c20c73ad3', 'port_security_enabled': True, 'router:external': False, 'provider:network_type': 'vlan', 'provider:physical_network': 'default', 'provider:segmentation_id': 272, 'is_default': False, 'availability_zone_hints': [], 'availability_zones': [], 'ipv4_address_scope': None, 'ipv6_address_scope': None, 'description': '', 'tags': [], 'created_at': '2024-12-01T04:09:06Z', 'updated_at': '2024-12-01T04:09:07Z', 'revision_number': 1} available for tenant
2024-12-01 04:09:41.554 64048 INFO tempest.lib.common.rest_client [req-f2f70b2e-4a78-4e33-9e77-9b432789c644 req-f2f70b2e-4a78-4e33-9e77-9b432789c644 ] Request (FloatingIPDetailsTestJSON:_run_cleanups): 202 DELETE http://10.180.1.21/compute/v2.1/os-floating-ips/0ac777c7-827f-4e6e-9613-5dc5d37d5701 2.590s
2024-12-01 04:09:41.572 64038 INFO tempest.lib.common.rest_client [req-5c4e5a2b-808f-4b39-8673-233e70337404 req-5c4e5a2b-808f-4b39-8673-233e70337404 ] Request (ServerDiskConfigTestJSON:test_rebuild_server_with_auto_disk_config): 202 POST http://10.180.1.21/compute/v2.1/servers 2.457s
2024-12-01 04:09:41.572 64028 INFO tempest.lib.common.rest_client [req-6089a54a-e3bd-4e96-bd1d-2b0ee7e0e6d6 req-6089a54a-e3bd-4e96-bd1d-2b0ee7e0e6d6 ] Request (KeyPairsV210TestJSON:tearDownClass): 204 DELETE http://10.180.1.21:9696/networking/v2.0/security-groups/bf87a21c-fa0a-4a4b-9513-5e5593803d96 0.311s
2024-12-01 04:09:41.609 64052 INFO tempest.lib.common.rest_client [req-f23938a7-9a48-45fc-9d77-84f315c16119 req-f23938a7-9a48-45fc-9d77-84f315c16119 ] Request (ImagesMetadataTestJSON:test_delete_image_metadata_item): 200 GET http://10.180.1.21/compute/v2.1/images/8c0b67ce-8247-41f6-8edb-27491284b432/metadata 2.443s
2024-12-01 04:09:41.733 64028 INFO tempest.lib.common.rest_client [req-8cc94217-fdc6-4cb2-99ee-7329e6d33e3b req-8cc94217-fdc6-4cb2-99ee-7329e6d33e3b ] Request (KeyPairsV210TestJSON:tearDownClass): 204 DELETE http://10.180.1.21/identity/v3/projects/3a3b11cd336d4d0d830acaa8fe60949b 0.160s
2024-12-01 04:09:41.734 64028 INFO tempest.test [-] raised in UnshelveToHostMultiNodesTest.setUpClass. Invoking tearDownClass.
2024-12-01 04:09:41.736 64028 INFO tempest.test [-] raised in AttachVolumeMultiAttachTest.setUpClass. Invoking tearDownClass.
2024-12-01 04:09:41.758 64030 INFO tempest.lib.common.rest_client [req-886db730-b057-4fd8-83e5-cb87f769ef9d req-886db730-b057-4fd8-83e5-cb87f769ef9d ] Request (ServerDiagnosticsTest:test_get_server_diagnostics): 200 GET http://10.180.1.21/compute/v2.1/servers/29bee3d3-a6d2-43a9-8439-d5b842214cf1 2.635s
