2024-12-01 04:10:15.695 63996 INFO tempest.lib.common.rest_client [req-be236819-0c66-4d36-9cc1-439acaaffc76 req-be236819-0c66-4d36-9cc1-439acaaffc76 ] Request (ServersAdminNegativeTestJSON:setUpClass): 200 GET http://10.180.1.21/compute/v2.1/servers/2d442033-3ecf-4d0c-90f9-a5bbb1d7a6fd 1.225s
2024-12-01 04:10:15.702 64014 INFO tempest.lib.common.rest_client [req-20cf7b01-c7a1-42b8-bf03-90b5d0183ca5 req-20cf7b01-c7a1-42b8-bf03-90b5d0183ca5 ] Request (SecurityGroupRulesNegativeTestJSON:tearDownClass): 202 DELETE http://10.180.1.21/compute/v2.1/os-security-groups/2eb29c61-afb7-43be-b952-39c2586a5e3e 1.090s
2024-12-01 04:10:15.765 64038 INFO tempest.lib.common.rest_client [req-b05288a2-c0e9-40ac-8642-38539550c06a req-b05288a2-c0e9-40ac-8642-38539550c06a ] Request (ServerDiskConfigTestJSON:test_rebuild_server_with_auto_disk_config): 200 GET http://10.180.1.21/compute/v2.1/servers/98eb6b3f-69c8-4837-9b5c-a1485fe5cab6 1.074s
2024-12-01 04:10:15.785 64022 INFO tempest.lib.common.rest_client [req-907c46dc-575f-4e99-9466-c98c58bceda0 req-907c46dc-575f-4e99-9466-c98c58bceda0 ] Request (ServicesAdminNegativeV253TestJSON:test_get_service_with_valid_service_and_invalid_host): 200 GET http://10.180.1.21/compute/v2.1/os-services 1.015s
2024-12-01 04:10:15.798 64034 INFO tempest.lib.common.rest_client [req-da7373e5-dddc-4148-ba7e-68e5000183cc req-da7373e5-dddc-4148-ba7e-68e5000183cc ] Request (QuotasAdminNegativeTest:tearDownClass): 204 DELETE http://10.180.1.21/identity/v3/users/a351e649d5dc4370a167a58f131be795 0.140s
2024-12-01 04:10:15.798 64034 INFO tempest.lib.common.dynamic_creds [-] Deleting project and security group for project: d5cfbbb0bb6a4fabbe637c5e81ae7096
2024-12-01 04:10:15.845 64012 INFO tempest.lib.common.rest_client [req-c65a6361-eeb0-4b19-9c8c-ee6d543c1d70 req-c65a6361-eeb0-4b19-9c8c-ee6d543c1d70 ] Request (ImagesNegativeTestJSON:test_create_image_from_deleted_server): 200 GET http://10.180.1.21/compute/v2.1/servers/fffb383d-e1db-4640-9201-0ea897c472d9 1.069s
2024-12-01 04:10:15.862 64004 INFO tempest.lib.common.rest_client [req-395372f1-b7cf-4234-8105-64ae06abaf34 req-395372f1-b7cf-4234-8105-64ae06abaf34 ] Request (AggregatesAdminNegativeTestJSON:tearDownClass): 200 GET http://10.180.1.21:9696/networking/v2.0/security-groups?tenant_id=6de53283b17a4016a9687f738ed50b51&name=default 0.229s
2024-12-01 04:10:15.869 64006 INFO tempest.lib.common.rest_client [req-e0371074-6ed1-49e0-8825-df1a63bbfcc5 req-e0371074-6ed1-49e0-8825-df1a63bbfcc5 ] Request (FlavorsAdminTestJSON:test_is_public_string_variations): 200 GET http://10.180.1.21/compute/v2.1/flavors/detail?is_public=yes 1.082s
2024-12-01 04:10:15.873 64048 INFO tempest.lib.common.rest_client [req-91015c5e-c95a-493b-acfc-d6e24d073bdc req-91015c5e-c95a-493b-acfc-d6e24d073bdc ] Request (VolumesTestJSON:tearDownClass): 404 GET http://10.180.1.21/volume/v3/20720b0249564f2986129b296f03f62d/volumes/da9a4ecb-bc65-48d3-b278-61e1e5e41a76 0.022s
2024-12-01 04:10:15.875 64042 INFO tempest.lib.common.rest_client [req-639e7c44-d602-47ad-a157-e801e7e07553 req-639e7c44-d602-47ad-a157-e801e7e07553 ] Request (ServerDiagnosticsNegativeTest:test_get_server_diagnostics_by_non_admin): 200 GET http://10.180.1.21/compute/v2.1/servers/667bfd5b-1331-4ff4-93ee-eaa7c7cc4246 1.157s
2024-12-01 04:10:15.891 64034 INFO tempest.lib.common.rest_client [req-7fdb6fcc-d1d5-4064-b073-1d3a4dafcedf req-7fdb6fcc-d1d5-4064-b073-1d3a4dafcedf ] Request (QuotasAdminNegativeTest:tearDownClass): 201 POST http://10.180.1.21/identity/v3/auth/tokens 0.093s
2024-12-01 04:10:15.933 64048 INFO tempest.lib.common.rest_client [req-6895baa0-d25a-45a4-af0a-937f63657c27 req-6895baa0-d25a-45a4-af0a-937f63657c27 ] Request (VolumesTestJSON:tearDownClass): 202 DELETE http://10.180.1.21/volume/v3/20720b0249564f2986129b296f03f62d/volumes/53434052-2a72-4700-81e4-1f73388bce08 0.060s
2024-12-01 04:10:15.943 64040 INFO tempest.lib.common.rest_client [req-9f47e54d-8a0a-432e-ba2d-8d5985095737 req-9f47e54d-8a0a-432e-ba2d-8d5985095737 ] Request (MigrationsAdminTest:test_list_migrations_in_flavor_resize_situation): 200 GET http://10.180.1.21/compute/v2.1/servers/29c17291-50be-45a3-93c6-76bc8c7cbbb4 1.110s
2024-12-01 04:10:15.960 64048 INFO tempest.lib.common.rest_client [req-9ff43c6c-efd6-400e-b4ee-f8e835c66c1f req-9ff43c6c-efd6-400e-b4ee-f8e835c66c1f ] Request (VolumesTestJSON:tearDownClass): 200 GET http://10.180.1.21/volume/v3/20720b0249564f2986129b296f03f62d/volumes/53434052-2a72-4700-81e4-1f73388bce08 0.026s
2024-12-01 04:10:15.975 63992 INFO tempest.lib.common.rest_client [req-506e6446-421e-4daf-983d-f1d26b426b2c req-506e6446-421e-4daf-983d-f1d26b426b2c ] Request (ListImageFiltersTestJSON:setUpClass): 200 GET http://10.180.1.21/compute/v2.1/servers/0c42630f-9e39-4eeb-aa56-d953cff6b4a9 1.098s
2024-12-01 04:10:16.023 64026 INFO tempest.lib.common.rest_client [req-bb561181-b600-41e9-b91b-fdba870bf958 req-bb561181-b600-41e9-b91b-fdba870bf958 ] Request (MultipleCreateTestJSON:test_multiple_create): 200 GET http://10.180.1.21/compute/v2.1/servers/879dce1e-340a-48d0-9291-857f39fec597 1.133s
2024-12-01 04:10:16.076 64004 INFO tempest.lib.common.rest_client [req-76335323-c6b6-4126-8aa4-7f8998f135e1 req-76335323-c6b6-4126-8aa4-7f8998f135e1 ] Request (AggregatesAdminNegativeTestJSON:tearDownClass): 204 DELETE http://10.180.1.21:9696/networking/v2.0/security-groups/44d70f28-9847-4dff-b0ea-a2858a691878 0.214s
2024-12-01 04:10:16.129 63990 INFO tempest.lib.common.rest_client [req-55499062-36e4-43ad-adce-58a516bc8884 req-55499062-36e4-43ad-adce-58a516bc8884 ] Request (ServersTestBootFromVolume:setUpClass): 200 POST http://10.180.1.21/compute/v2.1/os-keypairs 1.228s
2024-12-01 04:10:16.160 64004 INFO tempest.lib.common.rest_client [req-fcc0ead6-72ef-403b-a2c9-9f1c14f3ca37 req-fcc0ead6-72ef-403b-a2c9-9f1c14f3ca37 ] Request (AggregatesAdminNegativeTestJSON:tearDownClass): 204 DELETE http://10.180.1.21/identity/v3/projects/6de53283b17a4016a9687f738ed50b51 0.083s
2024-12-01 04:10:16.160 64004 INFO tempest.lib.common.dynamic_creds [-] Deleting project and security group for project: 55b7031a684149279146594ec77a6a48
2024-12-01 04:10:16.182 64034 INFO tempest.lib.common.rest_client [req-f46db577-2c95-40f5-b3a3-6a101a33035b req-f46db577-2c95-40f5-b3a3-6a101a33035b ] Request (QuotasAdminNegativeTest:tearDownClass): 200 GET http://10.180.1.21:9696/networking/v2.0/security-groups?tenant_id=d5cfbbb0bb6a4fabbe637c5e81ae7096&name=default 0.290s
2024-12-01 04:10:16.277 64016 INFO tempest.lib.common.rest_client [req-dd2f400c-28dc-428d-9baa-b4ebfe06a408 req-dd2f400c-28dc-428d-9baa-b4ebfe06a408 ] Request (ServersAdminTestJSON:setUpClass): 200 GET http://10.180.1.21/compute/v2.1/servers/6ca5ca5e-1f98-4d79-b22e-b07b67b5c5bd 1.229s
2024-12-01 04:10:16.295 64050 INFO tempest.lib.common.rest_client [req-fd5930c9-83a5-4d34-841c-6d6253135eab req-fd5930c9-83a5-4d34-841c-6d6253135eab ] Request (InstanceActionsTestJSON:setUpClass): 200 GET http://10.180.1.21/compute/v2.1/servers/6f7a3a1f-859d-42f5-b986-6a1a038ca536 1.221s
2024-12-01 04:10:16.336 63998 INFO tempest.lib.common.rest_client [req-a16b741d-4bda-4fbb-b3c8-c7161df0655f req-a16b741d-4bda-4fbb-b3c8-c7161df0655f ] Request (ServersTestJSON:setUpClass): 200 GET http://10.180.1.21/compute/v2.1/servers/fde11c71-3511-4fea-84c7-0e7de062951b 1.222s
2024-12-01 04:10:16.342 64034 INFO tempest.lib.common.rest_client [req-c95d40c9-50c8-4feb-9b5a-18210d40e125 req-c95d40c9-50c8-4feb-9b5a-18210d40e125 ] Request (QuotasAdminNegativeTest:tearDownClass): 204 DELETE http://10.180.1.21:9696/networking/v2.0/security-groups/a24b8350-371e-4ef5-baf0-bb9561d8c0f9 0.160s
2024-12-01 04:10:16.355 64046 INFO tempest.lib.common.rest_client [req-5b1cca4f-2f9a-462b-bb3c-87992813e2af req-5b1cca4f-2f9a-462b-bb3c-87992813e2af ] Request (ServersWithSpecificFlavorTestJSON:test_verify_created_server_ephemeral_disk): 200 GET http://10.180.1.21/compute/v2.1/servers/4ef40272-deb2-414a-b0ac-0bc30ba2bc84 1.185s
2024-12-01 04:10:16.362 63990 INFO tempest.lib.common.rest_client [req-e1742eb7-9c78-4487-813c-c642021b6db0 req-e1742eb7-9c78-4487-813c-c642021b6db0 ] Request (ServersTestBootFromVolume:setUpClass): 201 POST http://10.180.1.21:9696/networking/v2.0/security-groups 0.231s
2024-12-01 04:10:16.377 64004 INFO tempest.lib.common.rest_client [req-1903d374-6989-441d-a91e-b3385a73bd35 req-1903d374-6989-441d-a91e-b3385a73bd35 ] Request (AggregatesAdminNegativeTestJSON:tearDownClass): 200 GET http://10.180.1.21:9696/networking/v2.0/security-groups?tenant_id=55b7031a684149279146594ec77a6a48&name=default 0.216s
2024-12-01 04:10:16.417 64018 INFO tempest.lib.common.rest_client [req-4bf8b8b3-3048-4b12-bd62-4ee3c3903665 req-4bf8b8b3-3048-4b12-bd62-4ee3c3903665 ] Request (VolumesAssistedSnapshotsTest:test_volume_assisted_snapshot_create_delete): 200 GET http://10.180.1.21/compute/v2.1/servers/ee0e3e54-c135-489f-87ca-f441efebcbd5 1.104s
2024-12-01 04:10:16.461 64004 INFO tempest.lib.common.rest_client [req-51649ebf-8535-4e6c-847b-3fbd438d1190 req-51649ebf-8535-4e6c-847b-3fbd438d1190 ] Request (AggregatesAdminNegativeTestJSON:tearDownClass): 204 DELETE http://10.180.1.21:9696/networking/v2.0/security-groups/8f33b008-3dc3-414e-9dd0-95006a05a4e7 0.083s
2024-12-01 04:10:16.462 64034 INFO tempest.lib.common.rest_client [req-ae11af46-9a01-4771-bc37-9d56c79dc3f9 req-ae11af46-9a01-4771-bc37-9d56c79dc3f9 ] Request (QuotasAdminNegativeTest:tearDownClass): 204 DELETE http://10.180.1.21/identity/v3/projects/d5cfbbb0bb6a4fabbe637c5e81ae7096 0.119s
2024-12-01 04:10:16.462 64034 INFO tempest.lib.common.dynamic_creds [-] Deleting project and security group for project: ed323063ebd8454e9d938873dc89d9d3
2024-12-01 04:10:16.495 64052 INFO tempest.lib.common.rest_client [req-a4cb56ba-603b-4259-a77e-50513ccd88aa req-a4cb56ba-603b-4259-a77e-50513ccd88aa ] Request (AttachInterfacesV270Test:test_create_get_list_interfaces): 200 GET http://10.180.1.21/compute/v2.1/servers/e56bdc9e-964f-4994-be20-9a981095f813 1.118s
2024-12-01 04:10:16.528 64030 INFO tempest.lib.common.rest_client [req-b4de2d2b-d911-4276-abf9-8fd05f34c155 req-b4de2d2b-d911-4276-abf9-8fd05f34c155 ] Request (ServerDiagnosticsTest:test_get_server_diagnostics): 200 GET http://10.180.1.21/compute/v2.1/servers/29bee3d3-a6d2-43a9-8439-d5b842214cf1 1.232s
2024-12-01 04:10:16.561 63990 INFO tempest.lib.common.rest_client [req-d7413008-6216-4ae5-b3a8-bfff07c3f685 req-d7413008-6216-4ae5-b3a8-bfff07c3f685 ] Request (ServersTestBootFromVolume:setUpClass): 201 POST http://10.180.1.21:9696/networking/v2.0/security-group-rules 0.198s
2024-12-01 04:10:16.603 64008 INFO tempest.lib.common.rest_client [req-fdb29c1a-1f6b-4da5-a423-78b1afac2742 req-fdb29c1a-1f6b-4da5-a423-78b1afac2742 ] Request (ImagesTestJSON:test_create_image_from_stopped_server): 200 GET http://10.180.1.21/compute/v2.1/servers/562e2e30-99d6-4edd-8382-e2e765c6a449 1.084s
2024-12-01 04:10:16.607 64004 INFO tempest.lib.common.rest_client [req-4d141312-bc7e-41e4-b50e-0afbebd3c9b4 req-4d141312-bc7e-41e4-b50e-0afbebd3c9b4 ] Request (AggregatesAdminNegativeTestJSON:tearDownClass): 204 DELETE http://10.180.1.21/identity/v3/projects/55b7031a684149279146594ec77a6a48 0.146s
2024-12-01 04:10:16.679 63990 INFO tempest.lib.common.rest_client [req-ca496584-8d2c-46d2-95f5-8c5f3e74a472 req-ca496584-8d2c-46d2-95f5-8c5f3e74a472 ] Request (ServersTestBootFromVolume:setUpClass): 201 POST http://10.180.1.21:9696/networking/v2.0/security-group-rules 0.118s
2024-12-01 04:10:16.701 64034 INFO tempest.lib.common.rest_client [req-a9ca31ce-fbbf-4d10-b01d-df93eedfceff req-a9ca31ce-fbbf-4d10-b01d-df93eedfceff ] Request (QuotasAdminNegativeTest:tearDownClass): 200 GET http://10.180.1.21:9696/networking/v2.0/security-groups?tenant_id=ed323063ebd8454e9d938873dc89d9d3&name=default 0.238s
2024-12-01 04:10:16.719 64036 INFO tempest.lib.common.rest_client [req-b7787f38-0a78-412c-8038-0f1017178d37 req-b7787f38-0a78-412c-8038-0f1017178d37 ] Request (ServersTestFqdnHostnames:test_create_server_with_fqdn_name): 200 GET http://10.180.1.21/compute/v2.1/servers/f9a675b6-e76d-492b-ac34-3c7b10553fca 1.247s
2024-12-01 04:10:16.720 64004 INFO tempest.lib.common.rest_client [req-53b2ae0c-c2d4-43f3-a072-0cd5ef9bedbe req-53b2ae0c-c2d4-43f3-a072-0cd5ef9bedbe ] Request (DeleteServersAdminTestJSON:setUpClass): 201 POST http://10.180.1.21/identity/v3/auth/tokens 0.111s
2024-12-01 04:10:16.763 64004 INFO tempest.lib.common.rest_client [req-a8653fec-84af-41a7-97a6-7bfa18cf5d0b req-a8653fec-84af-41a7-97a6-7bfa18cf5d0b ] Request (DeleteServersAdminTestJSON:setUpClass): 201 POST http://10.180.1.21/identity/v3/auth/tokens 0.040s
2024-12-01 04:10:16.773 64002 INFO tempest.lib.common.rest_client [req-627e2868-d738-4bb4-867b-058b1c7cf717 req-627e2868-d738-4bb4-867b-058b1c7cf717 ] Request (ServerActionsTestJSON:setUpClass): 200 GET http://10.180.1.21/compute/v2.1/servers/71509f58-5616-4d6a-9a88-3bfd9d414a0c 1.199s
2024-12-01 04:10:16.795 64004 INFO tempest.lib.common.rest_client [req-befe8d8c-5c49-420d-a324-8296fa555edd req-befe8d8c-5c49-420d-a324-8296fa555edd ] Request (DeleteServersAdminTestJSON:setUpClass): 200 GET http://10.180.1.21/identity/v3/domains?name=Default 0.032s
2024-12-01 04:10:16.832 64034 INFO tempest.lib.common.rest_client [req-a1d4e598-3e80-4be7-9e8f-ab3c0ee0fcea req-a1d4e598-3e80-4be7-9e8f-ab3c0ee0fcea ] Request (QuotasAdminNegativeTest:tearDownClass): 204 DELETE http://10.180.1.21:9696/networking/v2.0/security-groups/577ce7de-8a6d-46d7-95e6-9f9006ee5c5b 0.130s
2024-12-01 04:10:16.836 64004 INFO tempest.lib.common.rest_client [req-3f946b44-b171-417c-9e3e-c890e861be3a req-3f946b44-b171-417c-9e3e-c890e861be3a ] Request (DeleteServersAdminTestJSON:setUpClass): 201 POST http://10.180.1.21/identity/v3/projects 0.039s
2024-12-01 04:10:16.843 64000 INFO tempest.lib.common.rest_client [req-24a5050f-4943-4ae2-bf68-88cd8b4861a5 req-24a5050f-4943-4ae2-bf68-88cd8b4861a5 ] Request (AttachInterfacesUnderV243Test:test_add_remove_fixed_ip): 200 GET http://10.180.1.21/compute/v2.1/servers/10cb6a2e-4a08-453e-9372-4ea14958470d 1.133s
2024-12-01 04:10:16.844 64014 INFO tempest.lib.common.rest_client [req-45ad9d37-754b-4b23-ba93-2a6880601b04 req-45ad9d37-754b-4b23-ba93-2a6880601b04 ] Request (SecurityGroupRulesNegativeTestJSON:tearDownClass): 202 DELETE http://10.180.1.21/compute/v2.1/os-security-groups/f8b904de-cd7f-4bb6-bfbd-265b9218f3fc 1.142s
2024-12-01 04:10:16.872 64022 INFO tempest.lib.common.rest_client [req-d52ffc4a-fba2-4cc9-a45e-f88f41cafbae req-d52ffc4a-fba2-4cc9-a45e-f88f41cafbae ] Request (ServicesAdminNegativeV253TestJSON:test_get_service_with_valid_service_and_invalid_host): 200 GET http://10.180.1.21/compute/v2.1/os-services?host=xxx&binary=nova-scheduler 1.084s
2024-12-01 04:10:16.886 64006 INFO tempest.lib.common.rest_client [req-6e264a06-fa16-46ec-aa3a-ac98e98f14dd req-6e264a06-fa16-46ec-aa3a-ac98e98f14dd ] Request (FlavorsAdminTestJSON:test_is_public_string_variations): 200 GET http://10.180.1.21/compute/v2.1/flavors/detail?is_public=1 1.008s
2024-12-01 04:10:16.905 64004 INFO tempest.lib.common.rest_client [req-eec7d7ec-f2e3-4b22-a690-7e972cdccb23 req-eec7d7ec-f2e3-4b22-a690-7e972cdccb23 ] Request (DeleteServersAdminTestJSON:setUpClass): 201 POST http://10.180.1.21/identity/v3/users 0.069s
2024-12-01 04:10:16.906 63994 INFO tempest.lib.common.rest_client [req-f9132341-1652-461e-9ef3-104eb08ceec6 req-f9132341-1652-461e-9ef3-104eb08ceec6 ] Request (ImagesOneServerTestJSON:setUpClass): 200 GET http://10.180.1.21/compute/v2.1/servers/04488672-86c4-415b-961e-94641d570112 1.053s
2024-12-01 04:10:16.925 64004 INFO tempest.lib.common.rest_client [req-a67d2324-0645-4c45-a77d-defd6501cd72 req-a67d2324-0645-4c45-a77d-defd6501cd72 ] Request (DeleteServersAdminTestJSON:setUpClass): 200 GET http://10.180.1.21/identity/v3/roles 0.020s
2024-12-01 04:10:16.938 64010 INFO tempest.lib.common.rest_client [req-a75c99fb-3ed1-4b11-a8e4-dc1a7f0d7bd5 req-a75c99fb-3ed1-4b11-a8e4-dc1a7f0d7bd5 ] Request (ListServersNegativeTestJSON:setUpClass): 200 GET http://10.180.1.21/compute/v2.1/servers/55e8066d-cb8f-4731-b5bd-57adfebae81a 0.988s
2024-12-01 04:10:16.940 64034 INFO tempest.lib.common.rest_client [req-3f241a6e-883c-48c4-a53a-a7fc68e466df req-3f241a6e-883c-48c4-a53a-a7fc68e466df ] Request (QuotasAdminNegativeTest:tearDownClass): 204 DELETE http://10.180.1.21/identity/v3/projects/ed323063ebd8454e9d938873dc89d9d3 0.106s
2024-12-01 04:10:16.981 64034 INFO tempest.lib.common.rest_client [req-af16fffc-f7a3-4fd3-9cfe-18ccfb5b9c8e req-af16fffc-f7a3-4fd3-9cfe-18ccfb5b9c8e ] Request (ServerPasswordTestJSON:setUpClass): 201 POST http://10.180.1.21/identity/v3/auth/tokens 0.038s
2024-12-01 04:10:16.983 64048 INFO tempest.lib.common.rest_client [req-cc48c891-eab7-472d-8246-35cec7457ff1 req-cc48c891-eab7-472d-8246-35cec7457ff1 ] Request (VolumesTestJSON:tearDownClass): 404 GET http://10.180.1.21/volume/v3/20720b0249564f2986129b296f03f62d/volumes/53434052-2a72-4700-81e4-1f73388bce08 0.014s
2024-12-01 04:10:16.990 64004 INFO tempest.lib.common.rest_client [req-6fd293b0-7a45-4b2c-8ac7-38fba4b6f6f4 req-6fd293b0-7a45-4b2c-8ac7-38fba4b6f6f4 ] Request (DeleteServersAdminTestJSON:setUpClass): 204 PUT http://10.180.1.21/identity/v3/projects/8779f1f66bc34a78a48e9dfb6d8b7b19/users/252a4346d04d40dbb6e353f31a328a7d/roles/435f98e7fd3140b5aaf980eb1a1d12f4 0.064s
2024-12-01 04:10:16.990 64004 INFO tempest.lib.common.dynamic_creds [-] Dynamic test user 252a4346d04d40dbb6e353f31a328a7d is created with scope project and roles: ['member']
2024-12-01 04:10:16.990 64004 INFO tempest.lib.common.dynamic_creds [-] Acquired dynamic creds: credentials: Credentials: {'domain_id': 'default', 'domain_name': 'Default', 'username': 'tempest-DeleteServersAdminTestJSON-1903805484-project-member', 'project_domain_id': 'default', 'project_domain_name': 'Default', 'project_id': '8779f1f66bc34a78a48e9dfb6d8b7b19', 'project_name': 'tempest-DeleteServersAdminTestJSON-1903805484', 'tenant_id': '8779f1f66bc34a78a48e9dfb6d8b7b19', 'tenant_name': 'tempest-DeleteServersAdminTestJSON-1903805484', 'user_domain_id': 'default', 'user_domain_name': 'Default', 'user_id': '252a4346d04d40dbb6e353f31a328a7d', 'system': None}, Network: None, Subnet: None, Router: None
2024-12-01 04:10:16.991 64004 INFO tempest.lib.common.dynamic_creds [-] Created isolated network resources for: credentials: Credentials: {'domain_id': 'default', 'domain_name': 'Default', 'username': 'tempest-DeleteServersAdminTestJSON-1903805484-project-member', 'project_domain_id': 'default', 'project_domain_name': 'Default', 'project_id': '8779f1f66bc34a78a48e9dfb6d8b7b19', 'project_name': 'tempest-DeleteServersAdminTestJSON-1903805484', 'tenant_id': '8779f1f66bc34a78a48e9dfb6d8b7b19', 'tenant_name': 'tempest-DeleteServersAdminTestJSON-1903805484', 'user_domain_id': 'default', 'user_domain_name': 'Default', 'user_id': '252a4346d04d40dbb6e353f31a328a7d', 'system': None}, Network: None, Subnet: None, Router: None
2024-12-01 04:10:17.004 64044 INFO tempest.lib.common.rest_client [req-cfaedda4-7af4-450b-bc58-948173666691 req-cfaedda4-7af4-450b-bc58-948173666691 ] Request (ServerAddressesTestJSON:setUpClass): 200 GET http://10.180.1.21/compute/v2.1/servers/7a7a0ef0-bbea-42c0-b96e-4efc4207a655 0.572s
2024-12-01 04:10:17.018 64020 INFO tempest.lib.common.rest_client [req-542d485c-1da9-4f38-834b-61a4e2c46199 req-542d485c-1da9-4f38-834b-61a4e2c46199 ] Request (ServerExternalEventsTest:test_create_server_external_events): 200 GET http://10.180.1.21/compute/v2.1/servers/1c36f4af-0222-48d3-ac90-776f7fe807de 0.672s
2024-12-01 04:10:17.040 64048 INFO tempest.lib.common.rest_client [req-48a0cd40-41ce-4e0c-b3fd-961532ffcc95 req-48a0cd40-41ce-4e0c-b3fd-961532ffcc95 ] Request (VolumesTestJSON:tearDownClass): 202 DELETE http://10.180.1.21/volume/v3/20720b0249564f2986129b296f03f62d/volumes/f7f864a3-61f7-44a1-bb9e-5517ee40d382 0.056s
2024-12-01 04:10:17.065 64004 INFO tempest.lib.common.rest_client [req-daed1ec6-2680-4fa1-8367-2f13b442b8e6 req-daed1ec6-2680-4fa1-8367-2f13b442b8e6 ] Request (DeleteServersAdminTestJSON:setUpClass): 201 POST http://10.180.1.21/identity/v3/auth/tokens 0.071s
2024-12-01 04:10:17.070 64034 INFO tempest.lib.common.rest_client [req-f7f5deaa-e2ea-4d19-93d0-4b6709f9b6fd req-f7f5deaa-e2ea-4d19-93d0-4b6709f9b6fd ] Request (ServerPasswordTestJSON:setUpClass): 201 POST http://10.180.1.21/identity/v3/auth/tokens 0.083s
2024-12-01 04:10:17.076 64048 INFO tempest.lib.common.rest_client [req-28008351-a6c2-425f-89d9-dddbcb636593 req-28008351-a6c2-425f-89d9-dddbcb636593 ] Request (VolumesTestJSON:tearDownClass): 200 GET http://10.180.1.21/volume/v3/20720b0249564f2986129b296f03f62d/volumes/f7f864a3-61f7-44a1-bb9e-5517ee40d382 0.036s
2024-12-01 04:10:17.090 64034 INFO tempest.lib.common.rest_client [req-57b458e4-a77c-43c0-a41e-87bb29d8ef38 req-57b458e4-a77c-43c0-a41e-87bb29d8ef38 ] Request (ServerPasswordTestJSON:setUpClass): 200 GET http://10.180.1.21/identity/v3/domains?name=Default 0.019s
2024-12-01 04:10:17.101 64004 INFO tempest.lib.common.rest_client [req-79f88994-7e48-407c-bde4-a8302edb4181 req-79f88994-7e48-407c-bde4-a8302edb4181 ] Request (DeleteServersAdminTestJSON:setUpClass): 201 POST http://10.180.1.21/identity/v3/projects 0.035s
2024-12-01 04:10:17.120 64034 INFO tempest.lib.common.rest_client [req-9d0406a5-285b-403d-a206-789baa8faa8e req-9d0406a5-285b-403d-a206-789baa8faa8e ] Request (ServerPasswordTestJSON:setUpClass): 201 POST http://10.180.1.21/identity/v3/projects 0.030s
2024-12-01 04:10:17.160 64032 INFO tempest.lib.common.rest_client [req-9acb2928-79aa-4d55-bd50-c3aa55347dbb req-9acb2928-79aa-4d55-bd50-c3aa55347dbb ] Request (InstanceActionsNegativeTestJSON:setUpClass): 200 GET http://10.180.1.21/compute/v2.1/servers/5e748c4b-03c5-4a88-a4ed-27093f2aef47 0.630s
2024-12-01 04:10:17.160 63996 INFO tempest.lib.common.rest_client [req-f0051a96-7070-4a73-bdbd-44beb11a47cb req-f0051a96-7070-4a73-bdbd-44beb11a47cb ] Request (ServersAdminNegativeTestJSON:setUpClass): 200 GET http://10.180.1.21/compute/v2.1/servers/2d442033-3ecf-4d0c-90f9-a5bbb1d7a6fd 0.456s
2024-12-01 04:10:17.180 64034 INFO tempest.lib.common.rest_client [req-3b890eff-3903-4e11-b85a-4bc81813d171 req-3b890eff-3903-4e11-b85a-4bc81813d171 ] Request (ServerPasswordTestJSON:setUpClass): 201 POST http://10.180.1.21/identity/v3/users 0.059s
2024-12-01 04:10:17.192 64004 INFO tempest.lib.common.rest_client [req-2a051889-f051-4170-9d07-ac46d3106192 req-2a051889-f051-4170-9d07-ac46d3106192 ] Request (DeleteServersAdminTestJSON:setUpClass): 201 POST http://10.180.1.21/identity/v3/users 0.090s
2024-12-01 04:10:17.198 64034 INFO tempest.lib.common.rest_client [req-a0a82fde-3a0e-46ab-bcf6-cd3fb8c893fc req-a0a82fde-3a0e-46ab-bcf6-cd3fb8c893fc ] Request (ServerPasswordTestJSON:setUpClass): 200 GET http://10.180.1.21/identity/v3/roles 0.018s
2024-12-01 04:10:17.205 63990 INFO tempest.lib.common.rest_client [req-798b994e-664e-4e0c-ace6-32041d39f2c3 req-798b994e-664e-4e0c-ace6-32041d39f2c3 ] Request (ServersTestBootFromVolume:setUpClass): 201 POST http://10.180.1.21:9696/networking/v2.0/floatingips 0.525s
2024-12-01 04:10:17.212 64004 INFO tempest.lib.common.rest_client [req-7bfe95b9-cfc0-461f-a691-251402cfbec2 req-7bfe95b9-cfc0-461f-a691-251402cfbec2 ] Request (DeleteServersAdminTestJSON:setUpClass): 200 GET http://10.180.1.21/identity/v3/roles 0.020s
2024-12-01 04:10:17.226 64038 INFO tempest.lib.common.rest_client [req-34ca13b3-07af-4962-9766-4e6aefca3206 req-34ca13b3-07af-4962-9766-4e6aefca3206 ] Request (ServerDiskConfigTestJSON:test_rebuild_server_with_auto_disk_config): 200 GET http://10.180.1.21/compute/v2.1/servers/98eb6b3f-69c8-4837-9b5c-a1485fe5cab6 0.449s
2024-12-01 04:10:17.228 64034 INFO tempest.lib.common.rest_client [req-a8522e5d-68b7-44bb-88d9-5e68010d3cda req-a8522e5d-68b7-44bb-88d9-5e68010d3cda ] Request (ServerPasswordTestJSON:setUpClass): 204 PUT http://10.180.1.21/identity/v3/projects/66c76d344d3b4db1a4c271a6d210f6ec/users/57a7eb6109e6496e84c4031e318fc4a3/roles/435f98e7fd3140b5aaf980eb1a1d12f4 0.027s
2024-12-01 04:10:17.228 64034 INFO tempest.lib.common.dynamic_creds [-] Dynamic test user 57a7eb6109e6496e84c4031e318fc4a3 is created with scope project and roles: ['member']
2024-12-01 04:10:17.228 64034 INFO tempest.lib.common.dynamic_creds [-] Acquired dynamic creds: credentials: Credentials: {'domain_id': 'default', 'domain_name': 'Default', 'username': 'tempest-ServerPasswordTestJSON-28149881-project-member', 'project_domain_id': 'default', 'project_domain_name': 'Default', 'project_id': '66c76d344d3b4db1a4c271a6d210f6ec', 'project_name': 'tempest-ServerPasswordTestJSON-28149881', 'tenant_id': '66c76d344d3b4db1a4c271a6d210f6ec', 'tenant_name': 'tempest-ServerPasswordTestJSON-28149881', 'user_domain_id': 'default', 'user_domain_name': 'Default', 'user_id': '57a7eb6109e6496e84c4031e318fc4a3', 'system': None}, Network: None, Subnet: None, Router: None
2024-12-01 04:10:17.263 63990 INFO tempest.lib.common.rest_client [req-535772fe-8b31-4f30-852e-264aa24537fe req-535772fe-8b31-4f30-852e-264aa24537fe ] Request (ServersTestBootFromVolume:setUpClass): 201 POST http://10.180.1.21/identity/v3/auth/tokens 0.052s
2024-12-01 04:10:17.264 63990 INFO tempest.lib.common.fixed_network [-] (ServersTestBootFromVolume:setUpClass) Found network {'id': '48684451-860d-49ec-89f1-084e3b1da122', 'name': 'tempest-ServersTestBootFromVolume-1598817191-network', 'tenant_id': '41b38deb9cff4091b2b90ecbb4b6b29b', 'admin_state_up': True, 'mtu': 8950, 'status': 'ACTIVE', 'subnets': [], 'shared': False, 'project_id': '41b38deb9cff4091b2b90ecbb4b6b29b', 'port_security_enabled': True, 'router:external': False, 'provider:network_type': 'vlan', 'provider:physical_network': 'default', 'provider:segmentation_id': 277, 'is_default': False, 'availability_zone_hints': [], 'availability_zones': [], 'ipv4_address_scope': None, 'ipv6_address_scope': None, 'description': '', 'tags': [], 'created_at': '2024-12-01T04:10:11Z', 'updated_at': '2024-12-01T04:10:11Z', 'revision_number': 1} available for tenant
2024-12-01 04:10:17.276 64012 INFO tempest.lib.common.rest_client [req-20c28c38-2de8-4143-9bfb-47ae757dd8c5 req-20c28c38-2de8-4143-9bfb-47ae757dd8c5 ] Request (ImagesNegativeTestJSON:test_create_image_from_deleted_server): 200 GET http://10.180.1.21/compute/v2.1/servers/fffb383d-e1db-4640-9201-0ea897c472d9 0.422s
2024-12-01 04:10:17.286 64034 INFO tempest.lib.common.rest_client [req-90821035-1881-47f9-8e6d-1b447834a693 req-90821035-1881-47f9-8e6d-1b447834a693 ] Request (ServerPasswordTestJSON:setUpClass): 201 POST http://10.180.1.21/identity/v3/auth/tokens 0.056s
2024-12-01 04:10:17.288 64004 INFO tempest.lib.common.rest_client [req-06934204-2a85-4e5d-8742-374fcfd140c4 req-06934204-2a85-4e5d-8742-374fcfd140c4 ] Request (DeleteServersAdminTestJSON:setUpClass): 204 PUT http://10.180.1.21/identity/v3/projects/10b03ecc7d62460a907ed3b9e05a422a/users/f77d6d8a9a3f446b84f0280654ef0253/roles/1214dd8f7241494084cfd9d413cad07e 0.075s
2024-12-01 04:10:17.298 64014 INFO tempest.lib.common.rest_client [req-9f1d1789-0a27-4bd6-8029-abd08b14863b req-9f1d1789-0a27-4bd6-8029-abd08b14863b ] Request (SecurityGroupRulesNegativeTestJSON:tearDownClass): 202 DELETE http://10.180.1.21/compute/v2.1/os-security-groups/5750f488-ce28-4968-bab2-97d449ccc9c6 0.452s
2024-12-01 04:10:17.342 64004 INFO tempest.lib.common.rest_client [req-9890a64c-f728-4d99-8a76-fcd4147f9195 req-9890a64c-f728-4d99-8a76-fcd4147f9195 ] Request (DeleteServersAdminTestJSON:setUpClass): 200 GET http://10.180.1.21/identity/v3/roles 0.053s
2024-12-01 04:10:17.403 64004 INFO tempest.lib.common.rest_client [req-47ff4586-4b1f-46e2-bb32-e04bb0e80f35 req-47ff4586-4b1f-46e2-bb32-e04bb0e80f35 ] Request (DeleteServersAdminTestJSON:setUpClass): 204 PUT http://10.180.1.21/identity/v3/projects/10b03ecc7d62460a907ed3b9e05a422a/users/f77d6d8a9a3f446b84f0280654ef0253/roles/1214dd8f7241494084cfd9d413cad07e 0.061s
2024-12-01 04:10:17.404 64004 INFO tempest.lib.common.dynamic_creds [-] Dynamic test user f77d6d8a9a3f446b84f0280654ef0253 is created with scope project and roles: ['admin']
2024-12-01 04:10:17.404 64004 INFO tempest.lib.common.dynamic_creds [-] Acquired dynamic creds: credentials: Credentials: {'domain_id': 'default', 'domain_name': 'Default', 'username': 'tempest-DeleteServersAdminTestJSON-521952388-project-admin', 'project_domain_id': 'default', 'project_domain_name': 'Default', 'project_id': '10b03ecc7d62460a907ed3b9e05a422a', 'project_name': 'tempest-DeleteServersAdminTestJSON-521952388', 'tenant_id': '10b03ecc7d62460a907ed3b9e05a422a', 'tenant_name': 'tempest-DeleteServersAdminTestJSON-521952388', 'user_domain_id': 'default', 'user_domain_name': 'Default', 'user_id': 'f77d6d8a9a3f446b84f0280654ef0253', 'system': None}, Network: None, Subnet: None, Router: None
2024-12-01 04:10:17.404 64004 INFO tempest.lib.common.dynamic_creds [-] Created isolated network resources for: credentials: Credentials: {'domain_id': 'default', 'domain_name': 'Default', 'username': 'tempest-DeleteServersAdminTestJSON-521952388-project-admin', 'project_domain_id': 'default', 'project_domain_name': 'Default', 'project_id': '10b03ecc7d62460a907ed3b9e05a422a', 'project_name': 'tempest-DeleteServersAdminTestJSON-521952388', 'tenant_id': '10b03ecc7d62460a907ed3b9e05a422a', 'tenant_name': 'tempest-DeleteServersAdminTestJSON-521952388', 'user_domain_id': 'default', 'user_domain_name': 'Default', 'user_id': 'f77d6d8a9a3f446b84f0280654ef0253', 'system': None}, Network: None, Subnet: None, Router: None
2024-12-01 04:10:17.410 64022 INFO tempest.lib.common.rest_client [req-5c51e524-7137-4cb0-83a0-82517f211673 req-5c51e524-7137-4cb0-83a0-82517f211673 ] Request (ServicesAdminNegativeV253TestJSON:test_list_services_with_non_admin_user): 403 GET http://10.180.1.21/compute/v2.1/os-services 0.535s
2024-12-01 04:10:17.429 64006 INFO tempest.lib.common.rest_client [req-6d2fe6ef-3733-471e-8212-1f1e8825a921 req-6d2fe6ef-3733-471e-8212-1f1e8825a921 ] Request (FlavorsAdminTestJSON:_run_cleanups): 202 DELETE http://10.180.1.21/compute/v2.1/flavors/420892041 0.538s
2024-12-01 04:10:17.491 64004 INFO tempest.lib.common.rest_client [req-ace13801-65b8-4b68-a4c4-2856adc21dc6 req-ace13801-65b8-4b68-a4c4-2856adc21dc6 ] Request (DeleteServersAdminTestJSON:setUpClass): 201 POST http://10.180.1.21/identity/v3/auth/tokens 0.083s
2024-12-01 04:10:17.496 63990 INFO tempest.lib.common.rest_client [req-3c968729-52bf-4cbb-a11f-14450b8febe0 req-3c968729-52bf-4cbb-a11f-14450b8febe0 ] Request (ServersTestBootFromVolume:setUpClass): 202 POST http://10.180.1.21/volume/v3/41b38deb9cff4091b2b90ecbb4b6b29b/volumes 0.232s
2024-12-01 04:10:17.506 64042 INFO tempest.lib.common.rest_client [req-5961c7ef-c253-468d-9186-091710ee2313 req-5961c7ef-c253-468d-9186-091710ee2313 ] Request (ServerDiagnosticsNegativeTest:test_get_server_diagnostics_by_non_admin): 200 GET http://10.180.1.21/compute/v2.1/servers/667bfd5b-1331-4ff4-93ee-eaa7c7cc4246 0.623s
2024-12-01 04:10:17.509 64022 INFO tempest.lib.common.rest_client [req-64df3554-e71d-4d50-ad71-ecce1ae3ac66 req-64df3554-e71d-4d50-ad71-ecce1ae3ac66 ] Request (ServicesAdminNegativeV253TestJSON:tearDownClass): 204 DELETE http://10.180.1.21/identity/v3/users/1a124e4841114efbb824e836441ca9be 0.097s
2024-12-01 04:10:17.513 64040 INFO tempest.lib.common.rest_client [req-b3ff86df-dd56-4aeb-a016-4937a269256c req-b3ff86df-dd56-4aeb-a016-4937a269256c ] Request (MigrationsAdminTest:test_list_migrations_in_flavor_resize_situation): 200 GET http://10.180.1.21/compute/v2.1/servers/29c17291-50be-45a3-93c6-76bc8c7cbbb4 0.561s
2024-12-01 04:10:17.539 63990 INFO tempest.lib.common.rest_client [req-63d46fbd-a9ee-4f31-ab9b-281e62ea07e7 req-63d46fbd-a9ee-4f31-ab9b-281e62ea07e7 ] Request (ServersTestBootFromVolume:setUpClass): 200 GET http://10.180.1.21/volume/v3/41b38deb9cff4091b2b90ecbb4b6b29b/volumes/7386bed1-7d04-4bdd-b60d-d3b261c48d7d 0.037s
2024-12-01 04:10:17.553 64004 INFO tempest.lib.common.rest_client [req-54a5f247-0b53-4583-9633-d59aa5cd449f req-54a5f247-0b53-4583-9633-d59aa5cd449f ] Request (DeleteServersAdminTestJSON:test_admin_delete_servers_of_others): 201 POST http://10.180.1.21/identity/v3/auth/tokens 0.058s
2024-12-01 04:10:17.553 64004 INFO tempest.lib.common.fixed_network [-] (DeleteServersAdminTestJSON:test_admin_delete_servers_of_others) Found network None available for tenant
2024-12-01 04:10:17.602 63992 INFO tempest.lib.common.rest_client [req-e0baab51-5a2c-4c08-adce-dde310f3cd0c req-e0baab51-5a2c-4c08-adce-dde310f3cd0c ] Request (ListImageFiltersTestJSON:setUpClass): 200 GET http://10.180.1.21/compute/v2.1/servers/0c42630f-9e39-4eeb-aa56-d953cff6b4a9 0.619s
2024-12-01 04:10:17.605 64026 INFO tempest.lib.common.rest_client [req-43fc8968-76e8-4c79-b075-6c043f9d66a1 req-43fc8968-76e8-4c79-b075-6c043f9d66a1 ] Request (MultipleCreateTestJSON:test_multiple_create): 200 GET http://10.180.1.21/compute/v2.1/servers/879dce1e-340a-48d0-9291-857f39fec597 0.573s
2024-12-01 04:10:17.613 64022 INFO tempest.lib.common.rest_client [req-2057a40f-8ad3-4403-b289-0eb92c4917a7 req-2057a40f-8ad3-4403-b289-0eb92c4917a7 ] Request (ServicesAdminNegativeV253TestJSON:tearDownClass): 204 DELETE http://10.180.1.21/identity/v3/users/02cd777b271746a6a1559e4639f71a2b 0.104s
2024-12-01 04:10:17.613 64022 INFO tempest.lib.common.dynamic_creds [-] Deleting project and security group for project: ac04e23ff3ad4388a60992c948fbcb4e
2024-12-01 04:10:17.682 64022 INFO tempest.lib.common.rest_client [req-2e9e3899-7004-4d32-ac46-239356dec7b1 req-2e9e3899-7004-4d32-ac46-239356dec7b1 ] Request (ServicesAdminNegativeV253TestJSON:tearDownClass): 201 POST http://10.180.1.21/identity/v3/auth/tokens 0.068s
2024-12-01 04:10:17.833 64022 INFO tempest.lib.common.rest_client [req-d4350939-fc1d-4841-a931-c96318227977 req-d4350939-fc1d-4841-a931-c96318227977 ] Request (ServicesAdminNegativeV253TestJSON:tearDownClass): 200 GET http://10.180.1.21:9696/networking/v2.0/security-groups?tenant_id=ac04e23ff3ad4388a60992c948fbcb4e&name=default 0.151s
2024-12-01 04:10:17.888 64016 INFO tempest.lib.common.rest_client [req-8c568ea0-07cf-4a37-bdbf-2524e9f88fdc req-8c568ea0-07cf-4a37-bdbf-2524e9f88fdc ] Request (ServersAdminTestJSON:setUpClass): 200 GET http://10.180.1.21/compute/v2.1/servers/6ca5ca5e-1f98-4d79-b22e-b07b67b5c5bd 0.600s
2024-12-01 04:10:17.895 64034 INFO tempest.lib.common.rest_client [req-3beff700-cc8d-4c1e-a012-bf8f4ab93e10 req-3beff700-cc8d-4c1e-a012-bf8f4ab93e10 ] Request (ServerPasswordTestJSON:setUpClass): 201 POST http://10.180.1.21:9696/networking/v2.0/networks 0.608s
2024-12-01 04:10:17.898 64050 INFO tempest.lib.common.rest_client [req-3fe3d014-9942-45d1-bf16-442039ffeafc req-3fe3d014-9942-45d1-bf16-442039ffeafc ] Request (InstanceActionsTestJSON:setUpClass): 200 GET http://10.180.1.21/compute/v2.1/servers/6f7a3a1f-859d-42f5-b986-6a1a038ca536 0.595s
2024-12-01 04:10:17.979 63998 INFO tempest.lib.common.rest_client [req-ebca2568-4a23-4067-8c7b-9a354472f4bf req-ebca2568-4a23-4067-8c7b-9a354472f4bf ] Request (ServersTestJSON:setUpClass): 200 GET http://10.180.1.21/compute/v2.1/servers/fde11c71-3511-4fea-84c7-0e7de062951b 0.631s
2024-12-01 04:10:17.995 64046 INFO tempest.lib.common.rest_client [req-1b8b3b7b-cee3-4072-82b8-25814ed83915 req-1b8b3b7b-cee3-4072-82b8-25814ed83915 ] Request (ServersWithSpecificFlavorTestJSON:test_verify_created_server_ephemeral_disk): 200 GET http://10.180.1.21/compute/v2.1/servers/4ef40272-deb2-414a-b0ac-0bc30ba2bc84 0.628s
2024-12-01 04:10:18.012 64006 INFO tempest.lib.common.rest_client [req-3f39d70c-a7d9-4ba6-8ce1-c902dba6f627 req-3f39d70c-a7d9-4ba6-8ce1-c902dba6f627 ] Request (FlavorsAdminTestJSON:_run_cleanups): 200 GET http://10.180.1.21/compute/v2.1/flavors/detail 0.582s
2024-12-01 04:10:18.046 64018 INFO tempest.lib.common.rest_client [req-604b170d-63c1-47dc-a00d-ff2c4f3ebfb3 req-604b170d-63c1-47dc-a00d-ff2c4f3ebfb3 ] Request (VolumesAssistedSnapshotsTest:test_volume_assisted_snapshot_create_delete): 200 GET http://10.180.1.21/compute/v2.1/servers/ee0e3e54-c135-489f-87ca-f441efebcbd5 0.622s
2024-12-01 04:10:18.094 64022 INFO tempest.lib.common.rest_client [req-30ef5c3b-04cb-42f7-9888-3cf18a79556e req-30ef5c3b-04cb-42f7-9888-3cf18a79556e ] Request (ServicesAdminNegativeV253TestJSON:tearDownClass): 204 DELETE http://10.180.1.21:9696/networking/v2.0/security-groups/eea03099-6ee6-4d2b-b1d1-d1e23f6858ee 0.260s
2024-12-01 04:10:18.099 64048 INFO tempest.lib.common.rest_client [req-262b3be9-708a-4cac-9aae-3b68b50f4394 req-262b3be9-708a-4cac-9aae-3b68b50f4394 ] Request (VolumesTestJSON:tearDownClass): 404 GET http://10.180.1.21/volume/v3/20720b0249564f2986129b296f03f62d/volumes/f7f864a3-61f7-44a1-bb9e-5517ee40d382 0.016s
2024-12-01 04:10:18.169 64048 INFO tempest.lib.common.rest_client [req-dbbb346d-d066-4306-be31-5e2993c793ab req-dbbb346d-d066-4306-be31-5e2993c793ab ] Request (VolumesTestJSON:tearDownClass): 204 DELETE http://10.180.1.21/identity/v3/users/e376f56a339b49989facac240a31b225 0.069s
2024-12-01 04:10:18.170 64048 INFO tempest.lib.common.dynamic_creds [-] Deleting project and security group for project: 20720b0249564f2986129b296f03f62d
2024-12-01 04:10:18.173 64022 INFO tempest.lib.common.rest_client [req-c106d758-682c-418d-8b98-27305791291f req-c106d758-682c-418d-8b98-27305791291f ] Request (ServicesAdminNegativeV253TestJSON:tearDownClass): 204 DELETE http://10.180.1.21/identity/v3/projects/ac04e23ff3ad4388a60992c948fbcb4e 0.079s
2024-12-01 04:10:18.173 64022 INFO tempest.lib.common.dynamic_creds [-] Deleting project and security group for project: e14e6012be6d4633856605ebb84e2cab
2024-12-01 04:10:18.224 64048 INFO tempest.lib.common.rest_client [req-3bfe73d0-772d-4574-92fe-aa9113080e78 req-3bfe73d0-772d-4574-92fe-aa9113080e78 ] Request (VolumesTestJSON:tearDownClass): 201 POST http://10.180.1.21/identity/v3/auth/tokens 0.054s
2024-12-01 04:10:18.258 64022 INFO tempest.lib.common.rest_client [req-cd1b95c6-e419-47f9-baab-be72b96f2288 req-cd1b95c6-e419-47f9-baab-be72b96f2288 ] Request (ServicesAdminNegativeV253TestJSON:tearDownClass): 200 GET http://10.180.1.21:9696/networking/v2.0/security-groups?tenant_id=e14e6012be6d4633856605ebb84e2cab&name=default 0.084s
2024-12-01 04:10:18.262 64052 INFO tempest.lib.common.rest_client [req-ccfeef49-2834-4da1-8394-8cdbdb3be854 req-ccfeef49-2834-4da1-8394-8cdbdb3be854 ] Request (AttachInterfacesV270Test:test_create_get_list_interfaces): 200 GET http://10.180.1.21/compute/v2.1/servers/e56bdc9e-964f-4994-be20-9a981095f813 0.750s
2024-12-01 04:10:18.357 64022 INFO tempest.lib.common.rest_client [req-d1b86ebd-775d-4b29-ade8-9888ee087e11 req-d1b86ebd-775d-4b29-ade8-9888ee087e11 ] Request (ServicesAdminNegativeV253TestJSON:tearDownClass): 204 DELETE http://10.180.1.21:9696/networking/v2.0/security-groups/fe8fd089-393d-44af-b24d-be4c60c65dec 0.098s
2024-12-01 04:10:18.420 64030 INFO tempest.lib.common.rest_client [req-0dd2094c-11de-4829-b90e-0481f8b2f14c req-0dd2094c-11de-4829-b90e-0481f8b2f14c ] Request (ServerDiagnosticsTest:test_get_server_diagnostics): 200 GET http://10.180.1.21/compute/v2.1/servers/29bee3d3-a6d2-43a9-8439-d5b842214cf1 0.880s
2024-12-01 04:10:18.420 64048 INFO tempest.lib.common.rest_client [req-cbb0bb4c-0ae3-4220-9c1b-d380b076a28e req-cbb0bb4c-0ae3-4220-9c1b-d380b076a28e ] Request (VolumesTestJSON:tearDownClass): 200 GET http://10.180.1.21:9696/networking/v2.0/security-groups?tenant_id=20720b0249564f2986129b296f03f62d&name=default 0.196s
2024-12-01 04:10:18.437 64022 INFO tempest.lib.common.rest_client [req-c18f64f2-3ca4-4e83-b3bc-d8aae39d4c0c req-c18f64f2-3ca4-4e83-b3bc-d8aae39d4c0c ] Request (ServicesAdminNegativeV253TestJSON:tearDownClass): 204 DELETE http://10.180.1.21/identity/v3/projects/e14e6012be6d4633856605ebb84e2cab 0.080s
2024-12-01 04:10:18.494 64008 INFO tempest.lib.common.rest_client [req-f05e0fcf-1bd9-491f-befd-681ac1dfd9d7 req-f05e0fcf-1bd9-491f-befd-681ac1dfd9d7 ] Request (ImagesTestJSON:test_create_image_from_stopped_server): 200 GET http://10.180.1.21/compute/v2.1/servers/562e2e30-99d6-4edd-8382-e2e765c6a449 0.878s
2024-12-01 04:10:18.512 64048 INFO tempest.lib.common.rest_client [req-5d9e272a-b1b0-4c9e-b146-d5cb2ea18192 req-5d9e272a-b1b0-4c9e-b146-d5cb2ea18192 ] Request (VolumesTestJSON:tearDownClass): 204 DELETE http://10.180.1.21:9696/networking/v2.0/security-groups/c9ad46bd-1c72-4ff7-a185-e4590c2e0de7 0.092s
2024-12-01 04:10:18.513 64022 INFO tempest.lib.common.rest_client [req-f6884d68-0b51-41e2-ad1a-dfb6856d42b5 req-f6884d68-0b51-41e2-ad1a-dfb6856d42b5 ] Request (FloatingIPsTestJSON:setUpClass): 201 POST http://10.180.1.21/identity/v3/auth/tokens 0.074s
2024-12-01 04:10:18.545 64022 INFO tempest.lib.common.rest_client [req-d88ef3e0-2bdc-4eff-846d-ba7e7bc9c2b6 req-d88ef3e0-2bdc-4eff-846d-ba7e7bc9c2b6 ] Request (FloatingIPsTestJSON:setUpClass): 201 POST http://10.180.1.21/identity/v3/auth/tokens 0.024s
2024-12-01 04:10:18.578 63990 INFO tempest.lib.common.rest_client [req-dfe6ba86-9126-470f-a724-8eca6b54e126 req-dfe6ba86-9126-470f-a724-8eca6b54e126 ] Request (ServersTestBootFromVolume:setUpClass): 200 GET http://10.180.1.21/volume/v3/41b38deb9cff4091b2b90ecbb4b6b29b/volumes/7386bed1-7d04-4bdd-b60d-d3b261c48d7d 0.031s
2024-12-01 04:10:18.578 64048 INFO tempest.lib.common.rest_client [req-c7f4355e-9d6f-4801-ba30-2cb775fbd772 req-c7f4355e-9d6f-4801-ba30-2cb775fbd772 ] Request (VolumesTestJSON:tearDownClass): 204 DELETE http://10.180.1.21/identity/v3/projects/20720b0249564f2986129b296f03f62d 0.065s
2024-12-01 04:10:18.599 64022 INFO tempest.lib.common.rest_client [req-614516a5-1268-4694-8d97-384cac74da19 req-614516a5-1268-4694-8d97-384cac74da19 ] Request (FloatingIPsTestJSON:setUpClass): 200 GET http://10.180.1.21/identity/v3/domains?name=Default 0.053s
2024-12-01 04:10:18.643 64022 INFO tempest.lib.common.rest_client [req-c8d3b6bc-738b-4af2-8877-9199808abdf2 req-c8d3b6bc-738b-4af2-8877-9199808abdf2 ] Request (FloatingIPsTestJSON:setUpClass): 201 POST http://10.180.1.21/identity/v3/projects 0.043s
2024-12-01 04:10:18.680 64034 INFO tempest.lib.common.rest_client [req-e6bc71d3-8090-4f28-89c1-909c58e837f0 req-e6bc71d3-8090-4f28-89c1-909c58e837f0 ] Request (ServerPasswordTestJSON:setUpClass): 201 POST http://10.180.1.21:9696/networking/v2.0/subnets 0.784s
2024-12-01 04:10:18.718 64022 INFO tempest.lib.common.rest_client [req-115436d9-4d0e-400c-abf4-697d5578a452 req-115436d9-4d0e-400c-abf4-697d5578a452 ] Request (FloatingIPsTestJSON:setUpClass): 201 POST http://10.180.1.21/identity/v3/users 0.074s
2024-12-01 04:10:18.741 64022 INFO tempest.lib.common.rest_client [req-56628ab7-785a-41ab-875d-771c35a61c46 req-56628ab7-785a-41ab-875d-771c35a61c46 ] Request (FloatingIPsTestJSON:setUpClass): 200 GET http://10.180.1.21/identity/v3/roles 0.022s
2024-12-01 04:10:18.742 64004 INFO tempest.lib.common.rest_client [req-16401c01-01df-4ef5-aac0-9dbc372bcfd3 req-16401c01-01df-4ef5-aac0-9dbc372bcfd3 ] Request (DeleteServersAdminTestJSON:test_admin_delete_servers_of_others): 202 POST http://10.180.1.21/compute/v2.1/servers 1.188s
2024-12-01 04:10:18.762 64036 INFO tempest.lib.common.rest_client [req-fcdaa383-7f50-46ac-a085-68221c1efbe9 req-fcdaa383-7f50-46ac-a085-68221c1efbe9 ] Request (ServersTestFqdnHostnames:test_create_server_with_fqdn_name): 200 GET http://10.180.1.21/compute/v2.1/servers/f9a675b6-e76d-492b-ac34-3c7b10553fca 1.034s
2024-12-01 04:10:18.778 64022 INFO tempest.lib.common.rest_client [req-969fcb2d-1da4-4a42-8d0f-f75e8be4646e req-969fcb2d-1da4-4a42-8d0f-f75e8be4646e ] Request (FloatingIPsTestJSON:setUpClass): 204 PUT http://10.180.1.21/identity/v3/projects/52f78c8d76e2488580013a768b75429b/users/faa1d96dc611434c9c4c41721f030e55/roles/435f98e7fd3140b5aaf980eb1a1d12f4 0.034s
2024-12-01 04:10:18.779 64022 INFO tempest.lib.common.dynamic_creds [-] Dynamic test user faa1d96dc611434c9c4c41721f030e55 is created with scope project and roles: ['member']
2024-12-01 04:10:18.779 64022 INFO tempest.lib.common.dynamic_creds [-] Acquired dynamic creds: credentials: Credentials: {'domain_id': 'default', 'domain_name': 'Default', 'username': 'tempest-FloatingIPsTestJSON-2069767028-project-member', 'project_domain_id': 'default', 'project_domain_name': 'Default', 'project_id': '52f78c8d76e2488580013a768b75429b', 'project_name': 'tempest-FloatingIPsTestJSON-2069767028', 'tenant_id': '52f78c8d76e2488580013a768b75429b', 'tenant_name': 'tempest-FloatingIPsTestJSON-2069767028', 'user_domain_id': 'default', 'user_domain_name': 'Default', 'user_id': 'faa1d96dc611434c9c4c41721f030e55', 'system': None}, Network: None, Subnet: None, Router: None
2024-12-01 04:10:18.843 64022 INFO tempest.lib.common.rest_client [req-30c349c5-6562-4bf2-888a-5768d45d801a req-30c349c5-6562-4bf2-888a-5768d45d801a ] Request (FloatingIPsTestJSON:setUpClass): 201 POST http://10.180.1.21/identity/v3/auth/tokens 0.063s
2024-12-01 04:10:18.852 64000 INFO tempest.lib.common.rest_client [req-ac991bfb-4056-4e91-9cfe-cd2cca0678bb req-ac991bfb-4056-4e91-9cfe-cd2cca0678bb ] Request (AttachInterfacesUnderV243Test:test_add_remove_fixed_ip): 200 GET http://10.180.1.21/compute/v2.1/servers/10cb6a2e-4a08-453e-9372-4ea14958470d 0.997s
2024-12-01 04:10:18.938 63994 INFO tempest.lib.common.rest_client [req-2df959fa-e9d7-4c9c-a78c-6aca32e19af9 req-2df959fa-e9d7-4c9c-a78c-6aca32e19af9 ] Request (ImagesOneServerTestJSON:setUpClass): 200 GET http://10.180.1.21/compute/v2.1/servers/04488672-86c4-415b-961e-94641d570112 1.025s
2024-12-01 04:10:18.972 64002 INFO tempest.lib.common.rest_client [req-a23fda07-b6ac-458f-894c-030517dfd857 req-a23fda07-b6ac-458f-894c-030517dfd857 ] Request (ServerActionsTestJSON:setUpClass): 200 GET http://10.180.1.21/compute/v2.1/servers/71509f58-5616-4d6a-9a88-3bfd9d414a0c 1.189s
2024-12-01 04:10:18.987 64006 INFO tempest.lib.common.rest_client [req-cfa6c490-2d79-4ee2-9f20-121688c2ed83 req-cfa6c490-2d79-4ee2-9f20-121688c2ed83 ] Request (FlavorsAdminTestJSON:_run_cleanups): 202 DELETE http://10.180.1.21/compute/v2.1/flavors/108864541 0.971s
2024-12-01 04:10:19.009 64010 INFO tempest.lib.common.rest_client [req-4d50d9f1-d5f3-4947-b532-5048be204d33 req-4d50d9f1-d5f3-4947-b532-5048be204d33 ] Request (ListServersNegativeTestJSON:setUpClass): 200 GET http://10.180.1.21/compute/v2.1/servers/55e8066d-cb8f-4731-b5bd-57adfebae81a 1.061s
2024-12-01 04:10:19.068 64044 INFO tempest.lib.common.rest_client [req-bc70cd06-ca2e-4585-8d9c-3ca61019d62a req-bc70cd06-ca2e-4585-8d9c-3ca61019d62a ] Request (ServerAddressesTestJSON:setUpClass): 200 GET http://10.180.1.21/compute/v2.1/servers/7a7a0ef0-bbea-42c0-b96e-4efc4207a655 1.050s
2024-12-01 04:10:19.256 64020 INFO tempest.lib.common.rest_client [req-51d74424-e608-4281-a796-f76659d4a5b7 req-51d74424-e608-4281-a796-f76659d4a5b7 ] Request (ServerExternalEventsTest:test_create_server_external_events): 200 GET http://10.180.1.21/compute/v2.1/servers/1c36f4af-0222-48d3-ac90-776f7fe807de 1.231s
2024-12-01 04:10:19.422 64032 INFO tempest.lib.common.rest_client [req-591de482-cee7-4a0b-b479-9fdb6a419339 req-591de482-cee7-4a0b-b479-9fdb6a419339 ] Request (InstanceActionsNegativeTestJSON:setUpClass): 200 GET http://10.180.1.21/compute/v2.1/servers/5e748c4b-03c5-4a88-a4ed-27093f2aef47 1.254s
2024-12-01 04:10:19.477 63996 INFO tempest.lib.common.rest_client [req-ac818554-122c-49c5-a5d7-308d63c225b7 req-ac818554-122c-49c5-a5d7-308d63c225b7 ] Request (ServersAdminNegativeTestJSON:setUpClass): 200 GET http://10.180.1.21/compute/v2.1/servers/2d442033-3ecf-4d0c-90f9-a5bbb1d7a6fd 1.302s
2024-12-01 04:10:19.496 64022 INFO tempest.lib.common.rest_client [req-33bd0462-be90-48ee-8df0-33e5c42fb378 req-33bd0462-be90-48ee-8df0-33e5c42fb378 ] Request (FloatingIPsTestJSON:setUpClass): 201 POST http://10.180.1.21:9696/networking/v2.0/networks 0.653s
2024-12-01 04:10:19.498 64038 INFO tempest.lib.common.rest_client [req-dc2d9bf3-a250-407c-9e74-cfb0ef635660 req-dc2d9bf3-a250-407c-9e74-cfb0ef635660 ] Request (ServerDiskConfigTestJSON:test_rebuild_server_with_auto_disk_config): 200 GET http://10.180.1.21/compute/v2.1/servers/98eb6b3f-69c8-4837-9b5c-a1485fe5cab6 1.262s
2024-12-01 04:10:19.507 64034 INFO tempest.lib.common.rest_client [req-7509266b-25ab-46cc-b92d-5fe6b51246e4 req-7509266b-25ab-46cc-b92d-5fe6b51246e4 ] Request (ServerPasswordTestJSON:setUpClass): 201 POST http://10.180.1.21:9696/networking/v2.0/routers 0.826s
2024-12-01 04:10:19.560 64012 INFO tempest.lib.common.rest_client [req-78b51ff6-0149-443c-8707-5f5d96bbd5fc req-78b51ff6-0149-443c-8707-5f5d96bbd5fc ] Request (ImagesNegativeTestJSON:test_create_image_from_deleted_server): 200 GET http://10.180.1.21/compute/v2.1/servers/fffb383d-e1db-4640-9201-0ea897c472d9 1.273s
2024-12-01 04:10:19.606 64014 INFO tempest.lib.common.rest_client [req-01c3f9ce-c732-467a-b2ca-098cf10e8ad4 req-01c3f9ce-c732-467a-b2ca-098cf10e8ad4 ] Request (SecurityGroupRulesNegativeTestJSON:tearDownClass): 200 PUT http://10.180.1.21:9696/networking/v2.0/routers/c5034836-2dbd-4c77-963c-7e2658358521/remove_router_interface 2.308s
2024-12-01 04:10:19.627 63990 INFO tempest.lib.common.rest_client [req-7b2b3216-9d95-403f-8d83-f1b6afad85e1 req-7b2b3216-9d95-403f-8d83-f1b6afad85e1 ] Request (ServersTestBootFromVolume:setUpClass): 200 GET http://10.180.1.21/volume/v3/41b38deb9cff4091b2b90ecbb4b6b29b/volumes/7386bed1-7d04-4bdd-b60d-d3b261c48d7d 0.041s
2024-12-01 04:10:19.648 64040 INFO tempest.lib.common.rest_client [req-a4cdd072-f4e4-4713-98f3-e72605f9d910 req-a4cdd072-f4e4-4713-98f3-e72605f9d910 ] Request (MigrationsAdminTest:test_list_migrations_in_flavor_resize_situation): 200 GET http://10.180.1.21/compute/v2.1/servers/29c17291-50be-45a3-93c6-76bc8c7cbbb4 1.127s
2024-12-01 04:10:19.680 64042 INFO tempest.lib.common.rest_client [req-502ea4b4-ccca-49c0-ba0c-f4837276464f req-502ea4b4-ccca-49c0-ba0c-f4837276464f ] Request (ServerDiagnosticsNegativeTest:test_get_server_diagnostics_by_non_admin): 200 GET http://10.180.1.21/compute/v2.1/servers/667bfd5b-1331-4ff4-93ee-eaa7c7cc4246 1.161s
2024-12-01 04:10:19.712 63992 INFO tempest.lib.common.rest_client [req-8a2f711e-9af1-48a8-af97-6c72f8a4c4a1 req-8a2f711e-9af1-48a8-af97-6c72f8a4c4a1 ] Request (ListImageFiltersTestJSON:setUpClass): 200 GET http://10.180.1.21/compute/v2.1/servers/0c42630f-9e39-4eeb-aa56-d953cff6b4a9 1.099s
