2025-02-03 11:26:24.052 61059 INFO tempest.lib.common.rest_client [req-181774d8-ac67-47eb-983f-00a1d8de158a req-181774d8-ac67-47eb-983f-00a1d8de158a ] Request (FloatingIPsAssociationTestJSON:setUpClass): 200 GET http://10.180.1.21/compute/v2.1/servers/e60a6397-30ad-48cb-ab52-7ae977615dc3 0.064s
2025-02-03 11:26:24.059 61059 INFO tempest.common.waiters [-] State transition "BUILD/spawning" ==> "ERROR/None" after 104 second wait
2025-02-03 11:26:24.077 61066 INFO tempest.lib.common.rest_client [req-3dadeedb-cf4e-42a6-b68a-aab03dbe6ef1 req-3dadeedb-cf4e-42a6-b68a-aab03dbe6ef1 ] Request (ServersTestMultiNic:test_verify_duplicate_network_nics): 200 GET http://10.180.1.21/compute/v2.1/servers/b24a1521-7fcb-4369-ab8e-211690508a67 0.083s
2025-02-03 11:26:24.098 61047 INFO tempest.lib.common.rest_client [req-642517e5-e929-43ce-a9c8-ba2cf57b5695 req-642517e5-e929-43ce-a9c8-ba2cf57b5695 ] Request (MigrationsAdminTest:test_list_migrations_in_flavor_resize_situation): 200 GET http://10.180.1.21/compute/v2.1/servers/4e82aa9c-ae76-4b49-b666-5d5adc22d1b5 0.060s
2025-02-03 11:26:24.105 61047 INFO tempest.common.waiters [-] State transition "BUILD/scheduling" ==> "BUILD/None" after 80 second wait
2025-02-03 11:26:24.126 61089 INFO tempest.lib.common.rest_client [req-3d9603c6-2b8c-496c-8751-45b43862afb9 req-3d9603c6-2b8c-496c-8751-45b43862afb9 ] Request (InstanceActionsV221TestJSON:test_get_list_deleted_instance_actions): 200 GET http://10.180.1.21/compute/v2.1/servers/330f33a1-cc70-4346-b6c5-e26720ed72f0 0.080s
2025-02-03 11:26:24.181 61043 INFO tempest.lib.common.rest_client [req-b33a8014-0dfb-4517-8148-6c2dfc0eb421 req-b33a8014-0dfb-4517-8148-6c2dfc0eb421 ] Request (ServersAdmin275Test:test_rebuild_update_server_275): 200 GET http://10.180.1.21/compute/v2.1/servers/8d32e9d3-43ff-47dd-a52b-102edbe3af11 0.087s
2025-02-03 11:26:24.271 61059 INFO tempest.lib.common.rest_client [req-d2468a2f-300e-4a9b-9d4d-7cb4edc3a432 req-d2468a2f-300e-4a9b-9d4d-7cb4edc3a432 ] Request (FloatingIPsAssociationTestJSON:setUpClass): 204 DELETE http://10.180.1.21/compute/v2.1/servers/e60a6397-30ad-48cb-ab52-7ae977615dc3 0.211s
2025-02-03 11:26:24.279 61069 INFO tempest.lib.common.rest_client [req-fd66b583-a1b7-439c-a81e-3371092f12f4 req-fd66b583-a1b7-439c-a81e-3371092f12f4 ] Request (DeleteServersAdminTestJSON:test_admin_delete_servers_of_others): 200 GET http://10.180.1.21/compute/v2.1/servers/bea83327-9479-46b2-bd78-c81d72359e8a 0.159s
2025-02-03 11:26:24.319 61045 INFO tempest.lib.common.rest_client [req-79194edc-8268-4676-b198-d22fb6e92654 req-79194edc-8268-4676-b198-d22fb6e92654 ] Request (ServersTestJSON:test_create_server_specify_multibyte_character_name): 200 GET http://10.180.1.21/compute/v2.1/servers/59c6c887-b973-4a03-ba64-4ad12be45f64 0.181s
2025-02-03 11:26:24.327 61075 INFO tempest.lib.common.rest_client [req-b19ac2f7-c51a-4e66-a56b-3db73bad58d6 req-b19ac2f7-c51a-4e66-a56b-3db73bad58d6 ] Request (DeleteServersTestJSON:test_delete_active_server): 200 GET http://10.180.1.21/compute/v2.1/servers/a48f97b9-8720-4ad2-82a3-bae679b6b2ef 0.160s
2025-02-03 11:26:24.366 61055 INFO tempest.lib.common.rest_client [req-7fa5f78f-9ecc-42e8-a403-152d13aaf70c req-7fa5f78f-9ecc-42e8-a403-152d13aaf70c ] Request (VolumesAssistedSnapshotsTest:test_volume_assisted_snapshot_create_delete): 200 GET http://10.180.1.21/compute/v2.1/servers/7a378ea2-b981-443a-a925-9819ac5b979f 0.153s
2025-02-03 11:26:24.376 61073 INFO tempest.lib.common.rest_client [req-3f7f19e3-7e1c-4053-b130-7e4dd36ab11b req-3f7f19e3-7e1c-4053-b130-7e4dd36ab11b ] Request (ServerActionsV293TestJSON:setUpClass): 200 GET http://10.180.1.21/compute/v2.1/servers/fdd51c42-e0c1-4ad1-aee9-f091cfec0030 0.110s
2025-02-03 11:26:24.392 61059 INFO tempest.lib.common.rest_client [req-7029e2e0-76b0-48a3-a48e-6d87ad9ab576 req-7029e2e0-76b0-48a3-a48e-6d87ad9ab576 ] Request (FloatingIPsAssociationTestJSON:setUpClass): 404 GET http://10.180.1.21/compute/v2.1/servers/e60a6397-30ad-48cb-ab52-7ae977615dc3 0.120s
2025-02-03 11:26:24.392 61059 INFO tempest.test [-] raised in FloatingIPsAssociationTestJSON.setUpClass. Invoking tearDownClass.
2025-02-03 11:26:24.443 61105 INFO tempest.lib.common.rest_client [req-1c5974ce-c873-4b4c-9345-b16cab0f2ea0 req-1c5974ce-c873-4b4c-9345-b16cab0f2ea0 ] Request (ImagesNegativeTestJSON:test_create_image_from_deleted_server): 200 GET http://10.180.1.21/compute/v2.1/servers/586d9ca2-c287-49bc-bf61-a5140ceaddea 0.131s
2025-02-03 11:26:24.453 61097 INFO tempest.lib.common.rest_client [req-5ba4f87b-a1ca-47de-916d-bdef68bfd118 req-5ba4f87b-a1ca-47de-916d-bdef68bfd118 ] Request (ImagesOneServerTestJSON:setUpClass): 200 GET http://10.180.1.21/compute/v2.1/servers/673185d0-9e2c-49dc-8323-f8b30a65b59d 0.185s
2025-02-03 11:26:24.492 61093 INFO tempest.lib.common.rest_client [req-82f139ff-edf6-4fc8-b633-d6b94bc62d34 req-82f139ff-edf6-4fc8-b633-d6b94bc62d34 ] Request (AttachInterfacesTestJSON:test_create_list_show_delete_interfaces_by_fixed_ip): 200 GET http://10.180.1.21/compute/v2.1/servers/b154a29f-564d-449d-8321-8ded1d4ec29b 0.178s
2025-02-03 11:26:24.496 61087 INFO tempest.lib.common.rest_client [req-5d511a67-ec56-4198-998b-c0401a4d1155 req-5d511a67-ec56-4198-998b-c0401a4d1155 ] Request (SecurityGroupsTestJSON:test_list_security_groups_by_server): 200 GET http://10.180.1.21/compute/v2.1/servers/7d8b4524-f867-4605-a468-a1c39e77dabd 0.138s
2025-02-03 11:26:24.542 61101 INFO tempest.lib.common.rest_client [req-9b16a99f-7095-45d4-a50b-c4569675a683 req-9b16a99f-7095-45d4-a50b-c4569675a683 ] Request (FloatingIPsAssociationNegativeTestJSON:setUpClass): 200 GET http://10.180.1.21/compute/v2.1/servers/437e0c0d-6d0e-4465-9651-14e420b646ae 0.119s
2025-02-03 11:26:24.587 61083 INFO tempest.lib.common.rest_client [req-b3752e2e-7522-488a-9ee1-61b10dcba5ed req-b3752e2e-7522-488a-9ee1-61b10dcba5ed ] Request (ServersTestManualDisk:setUpClass): 200 GET http://10.180.1.21/compute/v2.1/servers/130cd4e5-9df4-4428-abaa-d937d73d9950 0.089s
2025-02-03 11:26:24.606 61095 INFO tempest.lib.common.rest_client [req-3a2e6809-2f6a-40aa-a80e-c0cddb97f017 req-3a2e6809-2f6a-40aa-a80e-c0cddb97f017 ] Request (ServerPasswordTestJSON:setUpClass): 200 GET http://10.180.1.21/compute/v2.1/servers/b846d9ae-759a-4898-9ede-091819325701 0.209s
2025-02-03 11:26:24.659 61053 INFO tempest.lib.common.rest_client [req-48564569-8dfc-4321-843d-68d6136ffcda req-48564569-8dfc-4321-843d-68d6136ffcda ] Request (ServerDiskConfigTestJSON:test_rebuild_server_with_auto_disk_config): 200 GET http://10.180.1.21/compute/v2.1/servers/72e8a8e0-6229-4557-889b-73851a13dbc1 0.063s
2025-02-03 11:26:24.662 61057 INFO tempest.lib.common.rest_client [req-a86dec64-3bc2-4f46-8408-bd74bf5f2871 req-a86dec64-3bc2-4f46-8408-bd74bf5f2871 ] Request (ServersWithSpecificFlavorTestJSON:test_verify_created_server_ephemeral_disk): 200 GET http://10.180.1.21/compute/v2.1/servers/1f11c625-166f-4609-badf-da4dd9475c37 0.110s
2025-02-03 11:26:24.736 61049 INFO tempest.lib.common.rest_client [req-28b5c621-b76d-48ec-bc45-6f84d6ece77d req-28b5c621-b76d-48ec-bc45-6f84d6ece77d ] Request (ServerShowV254Test:test_rebuild_server): 200 GET http://10.180.1.21/compute/v2.1/servers/8eb675b6-f73d-47a0-af75-63b5a8800e69 0.091s
2025-02-03 11:26:24.789 61079 INFO tempest.lib.common.rest_client [req-8291fb79-dfae-467f-967a-18e3f25483b4 req-8291fb79-dfae-467f-967a-18e3f25483b4 ] Request (ServersAaction247Test:test_create_backup): 200 GET http://10.180.1.21/compute/v2.1/servers/c80cde37-2b69-46f7-9ca6-bfa618a18b1e 0.076s
2025-02-03 11:26:24.791 61103 INFO tempest.lib.common.rest_client [req-26b77a20-5d0a-4322-962c-569365ecd18b req-26b77a20-5d0a-4322-962c-569365ecd18b ] Request (ServersAdminNegativeTestJSON:setUpClass): 200 GET http://10.180.1.21/compute/v2.1/servers/4a0b0a82-3910-4201-b1f7-34c862667e3c 0.162s
2025-02-03 11:26:24.867 61063 INFO tempest.lib.common.rest_client [req-5fbb60a0-3a49-4086-8d53-dd9f3a46c3f3 req-5fbb60a0-3a49-4086-8d53-dd9f3a46c3f3 ] Request (ServerDiagnosticsV248Test:test_get_server_diagnostics): 200 GET http://10.180.1.21/compute/v2.1/servers/ff2ef5e9-f543-4592-9896-e2c75369a971 0.067s
2025-02-03 11:26:24.924 61067 INFO tempest.lib.common.rest_client [req-18812723-e749-40fb-9d9a-34363280c14e req-18812723-e749-40fb-9d9a-34363280c14e ] Request (ServerExternalEventsTest:test_create_server_external_events): 200 GET http://10.180.1.21/compute/v2.1/servers/2696525a-3366-45a1-b413-8e4e0bd9d6c6 0.187s
2025-02-03 11:26:24.973 61061 INFO tempest.lib.common.rest_client [req-718e54f9-ea3e-4129-8521-4ed57357a233 req-718e54f9-ea3e-4129-8521-4ed57357a233 ] Request (ServersTestFqdnHostnames:test_create_server_with_fqdn_name): 200 GET http://10.180.1.21/compute/v2.1/servers/6af62a04-4a13-46c7-a0b2-28768c789f23 0.119s
2025-02-03 11:26:24.994 61085 INFO tempest.lib.common.rest_client [req-aed76194-e4c6-41fd-a428-b2acbef2b4e1 req-aed76194-e4c6-41fd-a428-b2acbef2b4e1 ] Request (ServerDiagnosticsTest:test_get_server_diagnostics): 200 GET http://10.180.1.21/compute/v2.1/servers/2f530484-d828-4b65-a81e-c1c1a84ec903 0.172s
2025-02-03 11:26:25.034 61051 INFO tempest.lib.common.rest_client [req-cd9e851d-dd28-42f5-bed2-134b81ff389c req-cd9e851d-dd28-42f5-bed2-134b81ff389c ] Request (ServerAddressesTestJSON:setUpClass): 200 GET http://10.180.1.21/compute/v2.1/servers/7e3c6624-3c29-4df0-b417-575976b2f0f7 0.148s
2025-02-03 11:26:25.052 61072 INFO tempest.lib.common.rest_client [req-dcb5c687-3e3c-47f6-bfc8-53eb9eb49746 req-dcb5c687-3e3c-47f6-bfc8-53eb9eb49746 ] Request (AttachInterfacesUnderV243Test:test_add_remove_fixed_ip): 200 GET http://10.180.1.21/compute/v2.1/servers/72225dcc-d210-49cf-8395-056bf4f7f652 0.134s
2025-02-03 11:26:25.099 61099 INFO tempest.lib.common.rest_client [req-8e255d4f-89c3-41b7-ae12-6463dcd78fec req-8e255d4f-89c3-41b7-ae12-6463dcd78fec ] Request (MultipleCreateTestJSON:test_multiple_create): 200 GET http://10.180.1.21/compute/v2.1/servers/57919d5b-769c-4752-873c-d78bb61f5800 0.092s
2025-02-03 11:26:25.155 61066 INFO tempest.lib.common.rest_client [req-c19b1f83-471a-448f-b53c-0c9fe1b6e71d req-c19b1f83-471a-448f-b53c-0c9fe1b6e71d ] Request (ServersTestMultiNic:test_verify_duplicate_network_nics): 200 GET http://10.180.1.21/compute/v2.1/servers/b24a1521-7fcb-4369-ab8e-211690508a67 0.070s
2025-02-03 11:26:25.297 61047 INFO tempest.lib.common.rest_client [req-fcf1e8b7-c09e-4a0f-a459-5400a11c2461 req-fcf1e8b7-c09e-4a0f-a459-5400a11c2461 ] Request (MigrationsAdminTest:test_list_migrations_in_flavor_resize_situation): 200 GET http://10.180.1.21/compute/v2.1/servers/4e82aa9c-ae76-4b49-b666-5d5adc22d1b5 0.190s
2025-02-03 11:26:25.309 61047 INFO tempest.common.waiters [-] State transition "BUILD/None" ==> "BUILD/spawning" after 81 second wait
2025-02-03 11:26:25.353 61089 INFO tempest.lib.common.rest_client [req-2b9fb3a2-6f65-4793-9805-9eb4eb601dd2 req-2b9fb3a2-6f65-4793-9805-9eb4eb601dd2 ] Request (InstanceActionsV221TestJSON:test_get_list_deleted_instance_actions): 200 GET http://10.180.1.21/compute/v2.1/servers/330f33a1-cc70-4346-b6c5-e26720ed72f0 0.216s
2025-02-03 11:26:25.398 61081 INFO tempest.lib.common.rest_client [req-5e0ab2b1-219b-4b25-aa72-45bfb79bd31e req-5e0ab2b1-219b-4b25-aa72-45bfb79bd31e ] Request (VolumesAdminNegativeTest:test_update_attached_volume_with_nonexistent_volume_in_body): 200 GET http://10.180.1.21/compute/v2.1/servers/7957eb49-d540-4c4e-a86a-1ea3631fb5ef 0.356s
2025-02-03 11:26:25.413 61043 INFO tempest.lib.common.rest_client [req-b3d15e4f-dce6-47ad-a4e1-1e725530f334 req-b3d15e4f-dce6-47ad-a4e1-1e725530f334 ] Request (ServersAdmin275Test:test_rebuild_update_server_275): 200 GET http://10.180.1.21/compute/v2.1/servers/8d32e9d3-43ff-47dd-a52b-102edbe3af11 0.222s
2025-02-03 11:26:25.484 61045 INFO tempest.lib.common.rest_client [req-370eca4e-9af5-4f13-ba9c-a50734453141 req-370eca4e-9af5-4f13-ba9c-a50734453141 ] Request (ServersTestJSON:test_create_server_specify_multibyte_character_name): 200 GET http://10.180.1.21/compute/v2.1/servers/59c6c887-b973-4a03-ba64-4ad12be45f64 0.158s
2025-02-03 11:26:25.531 61075 INFO tempest.lib.common.rest_client [req-23969230-213f-4285-a45e-1c5779891fb2 req-23969230-213f-4285-a45e-1c5779891fb2 ] Request (DeleteServersTestJSON:test_delete_active_server): 200 GET http://10.180.1.21/compute/v2.1/servers/a48f97b9-8720-4ad2-82a3-bae679b6b2ef 0.196s
2025-02-03 11:26:25.546 61069 INFO tempest.lib.common.rest_client [req-9f8f7c5b-4f59-4a8b-b1a4-3b5ffda0b335 req-9f8f7c5b-4f59-4a8b-b1a4-3b5ffda0b335 ] Request (DeleteServersAdminTestJSON:test_admin_delete_servers_of_others): 200 GET http://10.180.1.21/compute/v2.1/servers/bea83327-9479-46b2-bd78-c81d72359e8a 0.259s
2025-02-03 11:26:25.586 61055 INFO tempest.lib.common.rest_client [req-57716cfa-e40a-41c7-b7f4-b4bb5a0a2ac8 req-57716cfa-e40a-41c7-b7f4-b4bb5a0a2ac8 ] Request (VolumesAssistedSnapshotsTest:test_volume_assisted_snapshot_create_delete): 200 GET http://10.180.1.21/compute/v2.1/servers/7a378ea2-b981-443a-a925-9819ac5b979f 0.212s
2025-02-03 11:26:25.601 61073 INFO tempest.lib.common.rest_client [req-793f047c-65ef-4ac5-9157-087a1c1a3dc7 req-793f047c-65ef-4ac5-9157-087a1c1a3dc7 ] Request (ServerActionsV293TestJSON:setUpClass): 200 GET http://10.180.1.21/compute/v2.1/servers/fdd51c42-e0c1-4ad1-aee9-f091cfec0030 0.215s
2025-02-03 11:26:25.636 61105 INFO tempest.lib.common.rest_client [req-045eac82-6eca-4c31-b7cd-6bb28f9d2a8b req-045eac82-6eca-4c31-b7cd-6bb28f9d2a8b ] Request (ImagesNegativeTestJSON:test_create_image_from_deleted_server): 200 GET http://10.180.1.21/compute/v2.1/servers/586d9ca2-c287-49bc-bf61-a5140ceaddea 0.186s
2025-02-03 11:26:25.672 61059 INFO tempest.lib.common.rest_client [req-5920d815-3fd4-4467-8ee4-9c50ec878a28 req-5920d815-3fd4-4467-8ee4-9c50ec878a28 ] Request (FloatingIPsAssociationTestJSON:tearDownClass): 200 PUT http://10.180.1.21:9696/networking/v2.0/routers/30967650-5c39-49c0-a7ef-023885d1b187/remove_router_interface 1.279s
2025-02-03 11:26:25.690 61093 INFO tempest.lib.common.rest_client [req-d259c805-c677-44b1-ad7b-7267ba7f15f4 req-d259c805-c677-44b1-ad7b-7267ba7f15f4 ] Request (AttachInterfacesTestJSON:test_create_list_show_delete_interfaces_by_fixed_ip): 200 GET http://10.180.1.21/compute/v2.1/servers/b154a29f-564d-449d-8321-8ded1d4ec29b 0.191s
2025-02-03 11:26:25.744 61087 INFO tempest.lib.common.rest_client [req-df9ab766-0b83-40df-936c-39817a92a3ab req-df9ab766-0b83-40df-936c-39817a92a3ab ] Request (SecurityGroupsTestJSON:test_list_security_groups_by_server): 200 GET http://10.180.1.21/compute/v2.1/servers/7d8b4524-f867-4605-a468-a1c39e77dabd 0.241s
2025-02-03 11:26:25.801 61101 INFO tempest.lib.common.rest_client [req-7e84ef55-1883-4c38-8761-52c363023c21 req-7e84ef55-1883-4c38-8761-52c363023c21 ] Request (FloatingIPsAssociationNegativeTestJSON:setUpClass): 200 GET http://10.180.1.21/compute/v2.1/servers/437e0c0d-6d0e-4465-9651-14e420b646ae 0.249s
2025-02-03 11:26:25.823 61097 INFO tempest.lib.common.rest_client [req-8ca64dea-bad9-4758-a9e8-76a484d16f91 req-8ca64dea-bad9-4758-a9e8-76a484d16f91 ] Request (ImagesOneServerTestJSON:setUpClass): 200 GET http://10.180.1.21/compute/v2.1/servers/673185d0-9e2c-49dc-8323-f8b30a65b59d 0.361s
2025-02-03 11:26:25.961 61095 INFO tempest.lib.common.rest_client [req-19e73faa-a7b7-45d0-8af4-ab60d9edf456 req-19e73faa-a7b7-45d0-8af4-ab60d9edf456 ] Request (ServerPasswordTestJSON:setUpClass): 200 GET http://10.180.1.21/compute/v2.1/servers/b846d9ae-759a-4898-9ede-091819325701 0.347s
2025-02-03 11:26:26.019 61053 INFO tempest.lib.common.rest_client [req-b0e83232-8a52-496a-a13f-40fb9cf3765f req-b0e83232-8a52-496a-a13f-40fb9cf3765f ] Request (ServerDiskConfigTestJSON:test_rebuild_server_with_auto_disk_config): 200 GET http://10.180.1.21/compute/v2.1/servers/72e8a8e0-6229-4557-889b-73851a13dbc1 0.351s
2025-02-03 11:26:26.051 61083 INFO tempest.lib.common.rest_client [req-a88e2600-4530-412f-a593-720207acd832 req-a88e2600-4530-412f-a593-720207acd832 ] Request (ServersTestManualDisk:setUpClass): 200 GET http://10.180.1.21/compute/v2.1/servers/130cd4e5-9df4-4428-abaa-d937d73d9950 0.455s
2025-02-03 11:26:26.074 61057 INFO tempest.lib.common.rest_client [req-6131522d-b4b4-4fe8-91c0-95435b89eb46 req-6131522d-b4b4-4fe8-91c0-95435b89eb46 ] Request (ServersWithSpecificFlavorTestJSON:test_verify_created_server_ephemeral_disk): 200 GET http://10.180.1.21/compute/v2.1/servers/1f11c625-166f-4609-badf-da4dd9475c37 0.398s
2025-02-03 11:26:26.110 61049 INFO tempest.lib.common.rest_client [req-21d59c16-ddea-43e9-ad3b-b02f206b4430 req-21d59c16-ddea-43e9-ad3b-b02f206b4430 ] Request (ServerShowV254Test:test_rebuild_server): 200 GET http://10.180.1.21/compute/v2.1/servers/8eb675b6-f73d-47a0-af75-63b5a8800e69 0.362s
2025-02-03 11:26:26.136 61079 INFO tempest.lib.common.rest_client [req-41f2ec1f-7c8e-4bcb-8b28-d9fad7c48bab req-41f2ec1f-7c8e-4bcb-8b28-d9fad7c48bab ] Request (ServersAaction247Test:test_create_backup): 200 GET http://10.180.1.21/compute/v2.1/servers/c80cde37-2b69-46f7-9ca6-bfa618a18b1e 0.338s
2025-02-03 11:26:26.223 61063 INFO tempest.lib.common.rest_client [req-c561f34e-d70c-4309-ad2c-207c37c74985 req-c561f34e-d70c-4309-ad2c-207c37c74985 ] Request (ServerDiagnosticsV248Test:test_get_server_diagnostics): 200 GET http://10.180.1.21/compute/v2.1/servers/ff2ef5e9-f543-4592-9896-e2c75369a971 0.345s
2025-02-03 11:26:26.253 61059 INFO tempest.lib.common.rest_client [req-02a23a0f-1f3e-4874-a936-652353423915 req-02a23a0f-1f3e-4874-a936-652353423915 ] Request (FloatingIPsAssociationTestJSON:tearDownClass): 204 DELETE http://10.180.1.21:9696/networking/v2.0/routers/30967650-5c39-49c0-a7ef-023885d1b187 0.581s
2025-02-03 11:26:26.295 61103 INFO tempest.lib.common.rest_client [req-81714cb0-cab3-4ca5-9556-c1fd080e4c17 req-81714cb0-cab3-4ca5-9556-c1fd080e4c17 ] Request (ServersAdminNegativeTestJSON:setUpClass): 200 GET http://10.180.1.21/compute/v2.1/servers/4a0b0a82-3910-4201-b1f7-34c862667e3c 0.496s
2025-02-03 11:26:26.344 61061 INFO tempest.lib.common.rest_client [req-826b4b39-b64e-48b5-8add-05daf323e63e req-826b4b39-b64e-48b5-8add-05daf323e63e ] Request (ServersTestFqdnHostnames:test_create_server_with_fqdn_name): 200 GET http://10.180.1.21/compute/v2.1/servers/6af62a04-4a13-46c7-a0b2-28768c789f23 0.360s
2025-02-03 11:26:26.366 61067 INFO tempest.lib.common.rest_client [req-14328f02-4062-40c8-8c7c-0cdd4e06d3d9 req-14328f02-4062-40c8-8c7c-0cdd4e06d3d9 ] Request (ServerExternalEventsTest:test_create_server_external_events): 200 GET http://10.180.1.21/compute/v2.1/servers/2696525a-3366-45a1-b413-8e4e0bd9d6c6 0.434s
2025-02-03 11:26:26.421 61051 INFO tempest.lib.common.rest_client [req-64d22582-30da-4028-be4b-8431f7467c3c req-64d22582-30da-4028-be4b-8431f7467c3c ] Request (ServerAddressesTestJSON:setUpClass): 200 GET http://10.180.1.21/compute/v2.1/servers/7e3c6624-3c29-4df0-b417-575976b2f0f7 0.379s
2025-02-03 11:26:26.444 61085 INFO tempest.lib.common.rest_client [req-e5fc604b-adb2-4be9-aff3-854312218a37 req-e5fc604b-adb2-4be9-aff3-854312218a37 ] Request (ServerDiagnosticsTest:test_get_server_diagnostics): 200 GET http://10.180.1.21/compute/v2.1/servers/2f530484-d828-4b65-a81e-c1c1a84ec903 0.442s
2025-02-03 11:26:26.458 61059 INFO tempest.lib.common.rest_client [req-3f0aaae5-6442-499c-b9a9-412b48761514 req-3f0aaae5-6442-499c-b9a9-412b48761514 ] Request (FloatingIPsAssociationTestJSON:tearDownClass): 204 DELETE http://10.180.1.21:9696/networking/v2.0/subnets/b58a879e-bd4e-477d-b5b3-8dad298f9fc0 0.204s
2025-02-03 11:26:26.479 61072 INFO tempest.lib.common.rest_client [req-0402ee6d-8bd4-404d-a615-60be778e91af req-0402ee6d-8bd4-404d-a615-60be778e91af ] Request (AttachInterfacesUnderV243Test:test_add_remove_fixed_ip): 200 GET http://10.180.1.21/compute/v2.1/servers/72225dcc-d210-49cf-8395-056bf4f7f652 0.419s
2025-02-03 11:26:26.499 61099 INFO tempest.lib.common.rest_client [req-b1f97cc0-fd41-4094-ba6c-13fd6e98a6de req-b1f97cc0-fd41-4094-ba6c-13fd6e98a6de ] Request (MultipleCreateTestJSON:test_multiple_create): 200 GET http://10.180.1.21/compute/v2.1/servers/57919d5b-769c-4752-873c-d78bb61f5800 0.392s
2025-02-03 11:26:26.532 61066 INFO tempest.lib.common.rest_client [req-9d023682-90a6-4fcc-90a9-d8207947ef49 req-9d023682-90a6-4fcc-90a9-d8207947ef49 ] Request (ServersTestMultiNic:test_verify_duplicate_network_nics): 200 GET http://10.180.1.21/compute/v2.1/servers/b24a1521-7fcb-4369-ab8e-211690508a67 0.366s
2025-02-03 11:26:26.590 61047 INFO tempest.lib.common.rest_client [req-05d304fc-5c1a-4bbd-9db1-3b0cb49af8e4 req-05d304fc-5c1a-4bbd-9db1-3b0cb49af8e4 ] Request (MigrationsAdminTest:test_list_migrations_in_flavor_resize_situation): 200 GET http://10.180.1.21/compute/v2.1/servers/4e82aa9c-ae76-4b49-b666-5d5adc22d1b5 0.280s
2025-02-03 11:26:26.609 61089 INFO tempest.lib.common.rest_client [req-86c0e0be-872b-4c2f-917e-b3f54c4c650c req-86c0e0be-872b-4c2f-917e-b3f54c4c650c ] Request (InstanceActionsV221TestJSON:test_get_list_deleted_instance_actions): 200 GET http://10.180.1.21/compute/v2.1/servers/330f33a1-cc70-4346-b6c5-e26720ed72f0 0.247s
2025-02-03 11:26:26.660 61043 INFO tempest.lib.common.rest_client [req-5f58f0fc-361e-4ee7-9452-ab1b6d3e27d6 req-5f58f0fc-361e-4ee7-9452-ab1b6d3e27d6 ] Request (ServersAdmin275Test:test_rebuild_update_server_275): 200 GET http://10.180.1.21/compute/v2.1/servers/8d32e9d3-43ff-47dd-a52b-102edbe3af11 0.237s
2025-02-03 11:26:26.684 61081 INFO tempest.lib.common.rest_client [req-c6b6548c-0fc4-410e-978e-4f6488d06957 req-c6b6548c-0fc4-410e-978e-4f6488d06957 ] Request (VolumesAdminNegativeTest:test_update_attached_volume_with_nonexistent_volume_in_body): 200 GET http://10.180.1.21/compute/v2.1/servers/7957eb49-d540-4c4e-a86a-1ea3631fb5ef 0.277s
2025-02-03 11:26:26.722 61045 INFO tempest.lib.common.rest_client [req-a2a7c49c-6150-4343-8ad5-f71b4f8890da req-a2a7c49c-6150-4343-8ad5-f71b4f8890da ] Request (ServersTestJSON:test_create_server_specify_multibyte_character_name): 200 GET http://10.180.1.21/compute/v2.1/servers/59c6c887-b973-4a03-ba64-4ad12be45f64 0.227s
2025-02-03 11:26:26.737 61075 INFO tempest.lib.common.rest_client [req-608b1a90-f45b-495a-89d0-a474e7e712b5 req-608b1a90-f45b-495a-89d0-a474e7e712b5 ] Request (DeleteServersTestJSON:test_delete_active_server): 200 GET http://10.180.1.21/compute/v2.1/servers/a48f97b9-8720-4ad2-82a3-bae679b6b2ef 0.190s
2025-02-03 11:26:26.785 61055 INFO tempest.lib.common.rest_client [req-6449d5ce-8220-46d4-a136-cc9dd06017ed req-6449d5ce-8220-46d4-a136-cc9dd06017ed ] Request (VolumesAssistedSnapshotsTest:test_volume_assisted_snapshot_create_delete): 200 GET http://10.180.1.21/compute/v2.1/servers/7a378ea2-b981-443a-a925-9819ac5b979f 0.190s
2025-02-03 11:26:26.836 61073 INFO tempest.lib.common.rest_client [req-cdc245a1-5940-49a8-bca9-a4a5b6bfffb7 req-cdc245a1-5940-49a8-bca9-a4a5b6bfffb7 ] Request (ServerActionsV293TestJSON:setUpClass): 200 GET http://10.180.1.21/compute/v2.1/servers/fdd51c42-e0c1-4ad1-aee9-f091cfec0030 0.221s
2025-02-03 11:26:26.843 61059 INFO tempest.lib.common.rest_client [req-2c48f8ab-765e-438c-9297-44227c4a692f req-2c48f8ab-765e-438c-9297-44227c4a692f ] Request (FloatingIPsAssociationTestJSON:tearDownClass): 204 DELETE http://10.180.1.21:9696/networking/v2.0/networks/f8a6745b-cbbf-4c9f-8a95-14fa8637e238 0.384s
2025-02-03 11:26:26.854 61069 INFO tempest.lib.common.rest_client [req-cc68a1b0-b47a-44d1-94c3-c3fe046d2147 req-cc68a1b0-b47a-44d1-94c3-c3fe046d2147 ] Request (DeleteServersAdminTestJSON:test_admin_delete_servers_of_others): 200 GET http://10.180.1.21/compute/v2.1/servers/bea83327-9479-46b2-bd78-c81d72359e8a 0.298s
2025-02-03 11:26:26.887 61105 INFO tempest.lib.common.rest_client [req-6115fc97-deb8-4336-a149-9def6ca9cc20 req-6115fc97-deb8-4336-a149-9def6ca9cc20 ] Request (ImagesNegativeTestJSON:test_create_image_from_deleted_server): 200 GET http://10.180.1.21/compute/v2.1/servers/586d9ca2-c287-49bc-bf61-a5140ceaddea 0.244s
2025-02-03 11:26:26.906 61093 INFO tempest.lib.common.rest_client [req-9f6943e6-f08e-4607-9b50-1ae635fc122a req-9f6943e6-f08e-4607-9b50-1ae635fc122a ] Request (AttachInterfacesTestJSON:test_create_list_show_delete_interfaces_by_fixed_ip): 200 GET http://10.180.1.21/compute/v2.1/servers/b154a29f-564d-449d-8321-8ded1d4ec29b 0.205s
2025-02-03 11:26:26.927 61059 INFO tempest.lib.common.rest_client [req-eb1f1408-5555-48b6-8eaa-e5fe3bfcb949 req-eb1f1408-5555-48b6-8eaa-e5fe3bfcb949 ] Request (FloatingIPsAssociationTestJSON:tearDownClass): 204 DELETE http://10.180.1.21/identity/v3/users/a4b667b7bbee40f99e1f659a4f04145f 0.084s
2025-02-03 11:26:26.927 61059 INFO tempest.lib.common.dynamic_creds [-] Deleting project and security group for project: 03c71129d932454192e0f3c1d7ffecf1
2025-02-03 11:26:26.934 61087 INFO tempest.lib.common.rest_client [req-609d6b37-2584-4977-bd8b-148e109cf3b6 req-609d6b37-2584-4977-bd8b-148e109cf3b6 ] Request (SecurityGroupsTestJSON:test_list_security_groups_by_server): 200 GET http://10.180.1.21/compute/v2.1/servers/7d8b4524-f867-4605-a468-a1c39e77dabd 0.181s
2025-02-03 11:26:26.952 61101 INFO tempest.lib.common.rest_client [req-fcf01ee3-ba50-4152-931d-52963b4ddb21 req-fcf01ee3-ba50-4152-931d-52963b4ddb21 ] Request (FloatingIPsAssociationNegativeTestJSON:setUpClass): 200 GET http://10.180.1.21/compute/v2.1/servers/437e0c0d-6d0e-4465-9651-14e420b646ae 0.139s
2025-02-03 11:26:26.954 61059 INFO tempest.lib.common.rest_client [req-b50a7d21-24a0-4664-87e2-c533142bde67 req-b50a7d21-24a0-4664-87e2-c533142bde67 ] Request (FloatingIPsAssociationTestJSON:tearDownClass): 200 GET http://10.180.1.21:9696/networking/v2.0/security-groups?tenant_id=03c71129d932454192e0f3c1d7ffecf1&name=default 0.026s
2025-02-03 11:26:27.054 61097 INFO tempest.lib.common.rest_client [req-2a966aa6-bf15-4220-b607-14dd4da38dbe req-2a966aa6-bf15-4220-b607-14dd4da38dbe ] Request (ImagesOneServerTestJSON:setUpClass): 200 GET http://10.180.1.21/compute/v2.1/servers/673185d0-9e2c-49dc-8323-f8b30a65b59d 0.224s
2025-02-03 11:26:27.054 61095 INFO tempest.lib.common.rest_client [req-a1a9fb34-e75d-4365-9cea-66cf24d71010 req-a1a9fb34-e75d-4365-9cea-66cf24d71010 ] Request (ServerPasswordTestJSON:setUpClass): 200 GET http://10.180.1.21/compute/v2.1/servers/b846d9ae-759a-4898-9ede-091819325701 0.086s
2025-02-03 11:26:27.058 61059 INFO tempest.lib.common.rest_client [req-e5e81105-ec9e-4bf5-aaf4-072aeefcf16e req-e5e81105-ec9e-4bf5-aaf4-072aeefcf16e ] Request (FloatingIPsAssociationTestJSON:tearDownClass): 204 DELETE http://10.180.1.21:9696/networking/v2.0/security-groups/1a00ea73-2201-4623-94dc-5dd64c8dc48c 0.103s
2025-02-03 11:26:27.108 61083 INFO tempest.lib.common.rest_client [req-d7d48d64-c237-466d-a6ef-7bf8ddbdd976 req-d7d48d64-c237-466d-a6ef-7bf8ddbdd976 ] Request (ServersTestManualDisk:setUpClass): 200 GET http://10.180.1.21/compute/v2.1/servers/130cd4e5-9df4-4428-abaa-d937d73d9950 0.050s
2025-02-03 11:26:27.147 61059 INFO tempest.lib.common.rest_client [req-530f225a-96f3-411d-8956-810aa71edf39 req-530f225a-96f3-411d-8956-810aa71edf39 ] Request (FloatingIPsAssociationTestJSON:tearDownClass): 204 DELETE http://10.180.1.21/identity/v3/projects/03c71129d932454192e0f3c1d7ffecf1 0.089s
2025-02-03 11:26:27.158 61057 INFO tempest.lib.common.rest_client [req-aef8c890-ef02-434c-be1e-e4fcc45fab27 req-aef8c890-ef02-434c-be1e-e4fcc45fab27 ] Request (ServersWithSpecificFlavorTestJSON:test_verify_created_server_ephemeral_disk): 200 GET http://10.180.1.21/compute/v2.1/servers/1f11c625-166f-4609-badf-da4dd9475c37 0.076s
2025-02-03 11:26:27.218 61049 INFO tempest.lib.common.rest_client [req-dc87b5ec-8703-4087-9bca-cd306b914918 req-dc87b5ec-8703-4087-9bca-cd306b914918 ] Request (ServerShowV254Test:test_rebuild_server): 200 GET http://10.180.1.21/compute/v2.1/servers/8eb675b6-f73d-47a0-af75-63b5a8800e69 0.099s
2025-02-03 11:26:27.221 61059 INFO tempest.lib.common.rest_client [req-1c516355-a6fb-4d5a-bff5-5e9a0ec39959 req-1c516355-a6fb-4d5a-bff5-5e9a0ec39959 ] Request (ServersTestBootFromVolume:setUpClass): 201 POST http://10.180.1.21/identity/v3/auth/tokens 0.067s
2025-02-03 11:26:27.249 61059 INFO tempest.lib.common.rest_client [req-cfa82763-7595-410e-8fae-b0bbf0218774 req-cfa82763-7595-410e-8fae-b0bbf0218774 ] Request (ServersTestBootFromVolume:setUpClass): 201 POST http://10.180.1.21/identity/v3/auth/tokens 0.026s
2025-02-03 11:26:27.272 61059 INFO tempest.lib.common.rest_client [req-d22c274a-8122-46a2-ae28-f6bdc9c5f9ef req-d22c274a-8122-46a2-ae28-f6bdc9c5f9ef ] Request (ServersTestBootFromVolume:setUpClass): 200 GET http://10.180.1.21/identity/v3/domains?name=Default 0.023s
2025-02-03 11:26:27.281 61079 INFO tempest.lib.common.rest_client [req-ca741c1a-b7c7-4b98-bc74-6f645186e468 req-ca741c1a-b7c7-4b98-bc74-6f645186e468 ] Request (ServersAaction247Test:test_create_backup): 200 GET http://10.180.1.21/compute/v2.1/servers/c80cde37-2b69-46f7-9ca6-bfa618a18b1e 0.133s
2025-02-03 11:26:27.282 61053 INFO tempest.lib.common.rest_client [req-63e7126d-ddd7-46c2-9a64-07db05285651 req-63e7126d-ddd7-46c2-9a64-07db05285651 ] Request (ServerDiskConfigTestJSON:test_rebuild_server_with_auto_disk_config): 200 GET http://10.180.1.21/compute/v2.1/servers/72e8a8e0-6229-4557-889b-73851a13dbc1 0.255s
2025-02-03 11:26:27.300 61059 INFO tempest.lib.common.rest_client [req-26d28540-0e0d-478a-8af3-389009ef3e2e req-26d28540-0e0d-478a-8af3-389009ef3e2e ] Request (ServersTestBootFromVolume:setUpClass): 201 POST http://10.180.1.21/identity/v3/projects 0.027s
2025-02-03 11:26:27.331 61063 INFO tempest.lib.common.rest_client [req-f4e44a76-a060-438c-b10d-e414e91be0c4 req-f4e44a76-a060-438c-b10d-e414e91be0c4 ] Request (ServerDiagnosticsV248Test:test_get_server_diagnostics): 200 GET http://10.180.1.21/compute/v2.1/servers/ff2ef5e9-f543-4592-9896-e2c75369a971 0.093s
2025-02-03 11:26:27.356 61059 INFO tempest.lib.common.rest_client [req-09a8146a-4f3d-4819-9e2c-11b9484d01c5 req-09a8146a-4f3d-4819-9e2c-11b9484d01c5 ] Request (ServersTestBootFromVolume:setUpClass): 201 POST http://10.180.1.21/identity/v3/users 0.055s
2025-02-03 11:26:27.381 61059 INFO tempest.lib.common.rest_client [req-22d27949-01f5-4f4b-8d8d-ca4b6462715f req-22d27949-01f5-4f4b-8d8d-ca4b6462715f ] Request (ServersTestBootFromVolume:setUpClass): 200 GET http://10.180.1.21/identity/v3/roles 0.025s
2025-02-03 11:26:27.409 61061 INFO tempest.lib.common.rest_client [req-77b153a9-b3cc-45a3-87da-79baad99b407 req-77b153a9-b3cc-45a3-87da-79baad99b407 ] Request (ServersTestFqdnHostnames:test_create_server_with_fqdn_name): 200 GET http://10.180.1.21/compute/v2.1/servers/6af62a04-4a13-46c7-a0b2-28768c789f23 0.054s
2025-02-03 11:26:27.409 61103 INFO tempest.lib.common.rest_client [req-2d35446b-407d-4d0c-9b18-f30fdf898c95 req-2d35446b-407d-4d0c-9b18-f30fdf898c95 ] Request (ServersAdminNegativeTestJSON:setUpClass): 200 GET http://10.180.1.21/compute/v2.1/servers/4a0b0a82-3910-4201-b1f7-34c862667e3c 0.107s
2025-02-03 11:26:27.411 61059 INFO tempest.lib.common.rest_client [req-5c6bbae2-d8af-4fe9-b91d-5eb49a88d04c req-5c6bbae2-d8af-4fe9-b91d-5eb49a88d04c ] Request (ServersTestBootFromVolume:setUpClass): 204 PUT http://10.180.1.21/identity/v3/projects/cf1b25f7bbec4186bff6532c2abfab84/users/10c741e621b242ab8f79efc5e9ea76dd/roles/4aa221e730d44c24b272e8fac5d91746 0.030s
2025-02-03 11:26:27.412 61059 INFO tempest.lib.common.dynamic_creds [-] Dynamic test user 10c741e621b242ab8f79efc5e9ea76dd is created with scope project and roles: ['member']
2025-02-03 11:26:27.412 61059 INFO tempest.lib.common.dynamic_creds [-] Acquired dynamic creds: credentials: Credentials: {'domain_id': 'default', 'domain_name': 'Default', 'username': 'tempest-ServersTestBootFromVolume-788721634-project-member', 'project_domain_id': 'default', 'project_domain_name': 'Default', 'project_id': 'cf1b25f7bbec4186bff6532c2abfab84', 'project_name': 'tempest-ServersTestBootFromVolume-788721634', 'tenant_id': 'cf1b25f7bbec4186bff6532c2abfab84', 'tenant_name': 'tempest-ServersTestBootFromVolume-788721634', 'user_domain_id': 'default', 'user_domain_name': 'Default', 'user_id': '10c741e621b242ab8f79efc5e9ea76dd', 'system': None}, Network: None, Subnet: None, Router: None
2025-02-03 11:26:27.468 61059 INFO tempest.lib.common.rest_client [req-ce7dcee9-f5e0-408e-9135-cfb77bb565cc req-ce7dcee9-f5e0-408e-9135-cfb77bb565cc ] Request (ServersTestBootFromVolume:setUpClass): 201 POST http://10.180.1.21/identity/v3/auth/tokens 0.055s
2025-02-03 11:26:27.477 61051 INFO tempest.lib.common.rest_client [req-42c40b63-5aff-4736-9a1c-b8465987a292 req-42c40b63-5aff-4736-9a1c-b8465987a292 ] Request (ServerAddressesTestJSON:setUpClass): 200 GET http://10.180.1.21/compute/v2.1/servers/7e3c6624-3c29-4df0-b417-575976b2f0f7 0.047s
2025-02-03 11:26:27.499 61067 INFO tempest.lib.common.rest_client [req-5116cef9-7a88-4707-8b02-f4eab72e36dc req-5116cef9-7a88-4707-8b02-f4eab72e36dc ] Request (ServerExternalEventsTest:test_create_server_external_events): 200 GET http://10.180.1.21/compute/v2.1/servers/2696525a-3366-45a1-b413-8e4e0bd9d6c6 0.125s
2025-02-03 11:26:27.543 61072 INFO tempest.lib.common.rest_client [req-6775cd24-e18c-4104-85c7-74a144042d7b req-6775cd24-e18c-4104-85c7-74a144042d7b ] Request (AttachInterfacesUnderV243Test:test_add_remove_fixed_ip): 200 GET http://10.180.1.21/compute/v2.1/servers/72225dcc-d210-49cf-8395-056bf4f7f652 0.056s
2025-02-03 11:26:27.586 61099 INFO tempest.lib.common.rest_client [req-24d2cde9-24f9-4730-9485-7cd2b80f6261 req-24d2cde9-24f9-4730-9485-7cd2b80f6261 ] Request (MultipleCreateTestJSON:test_multiple_create): 200 GET http://10.180.1.21/compute/v2.1/servers/57919d5b-769c-4752-873c-d78bb61f5800 0.080s
2025-02-03 11:26:27.587 61085 INFO tempest.lib.common.rest_client [req-ffc252d9-7c40-47d5-a4ee-9ba7e14b23d2 req-ffc252d9-7c40-47d5-a4ee-9ba7e14b23d2 ] Request (ServerDiagnosticsTest:test_get_server_diagnostics): 200 GET http://10.180.1.21/compute/v2.1/servers/2f530484-d828-4b65-a81e-c1c1a84ec903 0.125s
2025-02-03 11:26:27.635 61066 INFO tempest.lib.common.rest_client [req-c68bfec6-ec65-49ce-ba6c-fe8f957c1f61 req-c68bfec6-ec65-49ce-ba6c-fe8f957c1f61 ] Request (ServersTestMultiNic:test_verify_duplicate_network_nics): 200 GET http://10.180.1.21/compute/v2.1/servers/b24a1521-7fcb-4369-ab8e-211690508a67 0.094s
2025-02-03 11:26:27.685 61089 INFO tempest.lib.common.rest_client [req-12559e87-6a92-46b9-bb5d-61c8e7cf10b0 req-12559e87-6a92-46b9-bb5d-61c8e7cf10b0 ] Request (InstanceActionsV221TestJSON:test_get_list_deleted_instance_actions): 200 GET http://10.180.1.21/compute/v2.1/servers/330f33a1-cc70-4346-b6c5-e26720ed72f0 0.066s
2025-02-03 11:26:27.732 61047 INFO tempest.lib.common.rest_client [req-aaddd2a4-89ab-4a0c-aef1-054151159b35 req-aaddd2a4-89ab-4a0c-aef1-054151159b35 ] Request (MigrationsAdminTest:test_list_migrations_in_flavor_resize_situation): 200 GET http://10.180.1.21/compute/v2.1/servers/4e82aa9c-ae76-4b49-b666-5d5adc22d1b5 0.134s
2025-02-03 11:26:27.742 61043 INFO tempest.lib.common.rest_client [req-ffeba125-1e95-465b-91f8-2302490a9551 req-ffeba125-1e95-465b-91f8-2302490a9551 ] Request (ServersAdmin275Test:test_rebuild_update_server_275): 200 GET http://10.180.1.21/compute/v2.1/servers/8d32e9d3-43ff-47dd-a52b-102edbe3af11 0.068s
2025-02-03 11:26:27.745 61059 INFO tempest.lib.common.rest_client [req-1d7a7974-b4db-409e-aa05-d89b179eaa51 req-1d7a7974-b4db-409e-aa05-d89b179eaa51 ] Request (ServersTestBootFromVolume:setUpClass): 201 POST http://10.180.1.21:9696/networking/v2.0/networks 0.277s
2025-02-03 11:26:27.793 61045 INFO tempest.lib.common.rest_client [req-97a3f00a-80b4-46d3-9eaf-2510e28294e9 req-97a3f00a-80b4-46d3-9eaf-2510e28294e9 ] Request (ServersTestJSON:test_create_server_specify_multibyte_character_name): 200 GET http://10.180.1.21/compute/v2.1/servers/59c6c887-b973-4a03-ba64-4ad12be45f64 0.061s
2025-02-03 11:26:27.822 61081 INFO tempest.lib.common.rest_client [req-d8c34d80-7482-48e7-a059-817af4ebff3b req-d8c34d80-7482-48e7-a059-817af4ebff3b ] Request (VolumesAdminNegativeTest:test_update_attached_volume_with_nonexistent_volume_in_body): 200 GET http://10.180.1.21/compute/v2.1/servers/7957eb49-d540-4c4e-a86a-1ea3631fb5ef 0.128s
2025-02-03 11:26:27.846 61075 INFO tempest.lib.common.rest_client [req-2017ea9d-b96e-4bf2-ae05-a680b0e68999 req-2017ea9d-b96e-4bf2-ae05-a680b0e68999 ] Request (DeleteServersTestJSON:test_delete_active_server): 200 GET http://10.180.1.21/compute/v2.1/servers/a48f97b9-8720-4ad2-82a3-bae679b6b2ef 0.100s
2025-02-03 11:26:27.873 61055 INFO tempest.lib.common.rest_client [req-1c9b61dd-74f1-4cff-a937-617c19e37846 req-1c9b61dd-74f1-4cff-a937-617c19e37846 ] Request (VolumesAssistedSnapshotsTest:test_volume_assisted_snapshot_create_delete): 200 GET http://10.180.1.21/compute/v2.1/servers/7a378ea2-b981-443a-a925-9819ac5b979f 0.081s
2025-02-03 11:26:27.907 61073 INFO tempest.lib.common.rest_client [req-48c9df48-208c-44ea-bb19-2a7c767457b6 req-48c9df48-208c-44ea-bb19-2a7c767457b6 ] Request (ServerActionsV293TestJSON:setUpClass): 200 GET http://10.180.1.21/compute/v2.1/servers/fdd51c42-e0c1-4ad1-aee9-f091cfec0030 0.058s
2025-02-03 11:26:27.966 61069 INFO tempest.lib.common.rest_client [req-9d482796-1a5f-431e-9ab9-d7c653a79378 req-9d482796-1a5f-431e-9ab9-d7c653a79378 ] Request (DeleteServersAdminTestJSON:test_admin_delete_servers_of_others): 200 GET http://10.180.1.21/compute/v2.1/servers/bea83327-9479-46b2-bd78-c81d72359e8a 0.103s
2025-02-03 11:26:27.970 61105 INFO tempest.lib.common.rest_client [req-15aa9a9d-24c7-4523-9bba-a931b1121616 req-15aa9a9d-24c7-4523-9bba-a931b1121616 ] Request (ImagesNegativeTestJSON:test_create_image_from_deleted_server): 200 GET http://10.180.1.21/compute/v2.1/servers/586d9ca2-c287-49bc-bf61-a5140ceaddea 0.074s
2025-02-03 11:26:27.978 61059 INFO tempest.lib.common.rest_client [req-109c0fef-d88d-4149-9c8b-cbd8f0c30b39 req-109c0fef-d88d-4149-9c8b-cbd8f0c30b39 ] Request (ServersTestBootFromVolume:setUpClass): 201 POST http://10.180.1.21:9696/networking/v2.0/subnets 0.232s
2025-02-03 11:26:28.013 61093 INFO tempest.lib.common.rest_client [req-95f75796-8e6d-4b82-9121-9be6a147f136 req-95f75796-8e6d-4b82-9121-9be6a147f136 ] Request (AttachInterfacesTestJSON:test_create_list_show_delete_interfaces_by_fixed_ip): 200 GET http://10.180.1.21/compute/v2.1/servers/b154a29f-564d-449d-8321-8ded1d4ec29b 0.097s
2025-02-03 11:26:28.016 61087 INFO tempest.lib.common.rest_client [req-d42d77ea-2a79-4e1f-86bf-dd8c712b1dc7 req-d42d77ea-2a79-4e1f-86bf-dd8c712b1dc7 ] Request (SecurityGroupsTestJSON:test_list_security_groups_by_server): 200 GET http://10.180.1.21/compute/v2.1/servers/7d8b4524-f867-4605-a468-a1c39e77dabd 0.073s
2025-02-03 11:26:28.061 61101 INFO tempest.lib.common.rest_client [req-a5e3c0ee-cdea-4a91-9aa4-cc97d45db35d req-a5e3c0ee-cdea-4a91-9aa4-cc97d45db35d ] Request (FloatingIPsAssociationNegativeTestJSON:setUpClass): 200 GET http://10.180.1.21/compute/v2.1/servers/437e0c0d-6d0e-4465-9651-14e420b646ae 0.101s
2025-02-03 11:26:28.155 61097 INFO tempest.lib.common.rest_client [req-22eb5468-d68c-4f3b-9c78-0600d38f57d1 req-22eb5468-d68c-4f3b-9c78-0600d38f57d1 ] Request (ImagesOneServerTestJSON:setUpClass): 200 GET http://10.180.1.21/compute/v2.1/servers/673185d0-9e2c-49dc-8323-f8b30a65b59d 0.090s
2025-02-03 11:26:28.213 61083 INFO tempest.lib.common.rest_client [req-ef1b7b12-775f-4d49-9ea1-c8c1a39791fb req-ef1b7b12-775f-4d49-9ea1-c8c1a39791fb ] Request (ServersTestManualDisk:setUpClass): 200 GET http://10.180.1.21/compute/v2.1/servers/130cd4e5-9df4-4428-abaa-d937d73d9950 0.097s
2025-02-03 11:26:28.281 61057 INFO tempest.lib.common.rest_client [req-e1b171ec-ae5f-43bc-ad61-7412a05d4f9f req-e1b171ec-ae5f-43bc-ad61-7412a05d4f9f ] Request (ServersWithSpecificFlavorTestJSON:test_verify_created_server_ephemeral_disk): 200 GET http://10.180.1.21/compute/v2.1/servers/1f11c625-166f-4609-badf-da4dd9475c37 0.114s
2025-02-03 11:26:28.330 61049 INFO tempest.lib.common.rest_client [req-ad7e32eb-fa14-41ae-8184-e635cca6bd1b req-ad7e32eb-fa14-41ae-8184-e635cca6bd1b ] Request (ServerShowV254Test:test_rebuild_server): 200 GET http://10.180.1.21/compute/v2.1/servers/8eb675b6-f73d-47a0-af75-63b5a8800e69 0.095s
2025-02-03 11:26:28.365 61095 INFO tempest.lib.common.rest_client [req-23f34a67-a387-4bfa-9925-7570617cc96e req-23f34a67-a387-4bfa-9925-7570617cc96e ] Request (ServerPasswordTestJSON:setUpClass): 200 GET http://10.180.1.21/compute/v2.1/servers/b846d9ae-759a-4898-9ede-091819325701 0.297s
2025-02-03 11:26:28.377 61053 INFO tempest.lib.common.rest_client [req-97fd4d5e-398d-403b-8126-3ca7aa3001dc req-97fd4d5e-398d-403b-8126-3ca7aa3001dc ] Request (ServerDiskConfigTestJSON:test_rebuild_server_with_auto_disk_config): 200 GET http://10.180.1.21/compute/v2.1/servers/72e8a8e0-6229-4557-889b-73851a13dbc1 0.087s
2025-02-03 11:26:28.428 61063 INFO tempest.lib.common.rest_client [req-dbd27ee1-3fc3-404a-86f8-ddbed4da08b5 req-dbd27ee1-3fc3-404a-86f8-ddbed4da08b5 ] Request (ServerDiagnosticsV248Test:test_get_server_diagnostics): 200 GET http://10.180.1.21/compute/v2.1/servers/ff2ef5e9-f543-4592-9896-e2c75369a971 0.087s
2025-02-03 11:26:28.449 61079 INFO tempest.lib.common.rest_client [req-21781b21-7733-4327-96b3-ebce8a6beccb req-21781b21-7733-4327-96b3-ebce8a6beccb ] Request (ServersAaction247Test:test_create_backup): 200 GET http://10.180.1.21/compute/v2.1/servers/c80cde37-2b69-46f7-9ca6-bfa618a18b1e 0.158s
2025-02-03 11:26:28.477 61061 INFO tempest.lib.common.rest_client [req-cb5ec3bd-6ff3-4570-86da-c4c727af023d req-cb5ec3bd-6ff3-4570-86da-c4c727af023d ] Request (ServersTestFqdnHostnames:test_create_server_with_fqdn_name): 200 GET http://10.180.1.21/compute/v2.1/servers/6af62a04-4a13-46c7-a0b2-28768c789f23 0.059s
2025-02-03 11:26:28.530 61051 INFO tempest.lib.common.rest_client [req-80f4c51b-c9bf-46c4-aa74-852d0db60327 req-80f4c51b-c9bf-46c4-aa74-852d0db60327 ] Request (ServerAddressesTestJSON:setUpClass): 200 GET http://10.180.1.21/compute/v2.1/servers/7e3c6624-3c29-4df0-b417-575976b2f0f7 0.046s
2025-02-03 11:26:28.638 61103 INFO tempest.lib.common.rest_client [req-39e5575e-6c50-4167-a752-c12ce19f9953 req-39e5575e-6c50-4167-a752-c12ce19f9953 ] Request (ServersAdminNegativeTestJSON:setUpClass): 200 GET http://10.180.1.21/compute/v2.1/servers/4a0b0a82-3910-4201-b1f7-34c862667e3c 0.221s
2025-02-03 11:26:28.679 61067 INFO tempest.lib.common.rest_client [req-e0ce65eb-12d4-4a6f-86b3-5f10bf0252cf req-e0ce65eb-12d4-4a6f-86b3-5f10bf0252cf ] Request (ServerExternalEventsTest:test_create_server_external_events): 200 GET http://10.180.1.21/compute/v2.1/servers/2696525a-3366-45a1-b413-8e4e0bd9d6c6 0.171s
2025-02-03 11:26:28.740 61072 INFO tempest.lib.common.rest_client [req-e111f8c8-0244-490a-a3ea-f4216600dbaa req-e111f8c8-0244-490a-a3ea-f4216600dbaa ] Request (AttachInterfacesUnderV243Test:test_add_remove_fixed_ip): 200 GET http://10.180.1.21/compute/v2.1/servers/72225dcc-d210-49cf-8395-056bf4f7f652 0.190s
2025-02-03 11:26:28.778 61085 INFO tempest.lib.common.rest_client [req-cf4b3b9a-ec59-4945-b1cc-169a63a33d84 req-cf4b3b9a-ec59-4945-b1cc-169a63a33d84 ] Request (ServerDiagnosticsTest:test_get_server_diagnostics): 200 GET http://10.180.1.21/compute/v2.1/servers/2f530484-d828-4b65-a81e-c1c1a84ec903 0.184s
2025-02-03 11:26:28.811 61099 INFO tempest.lib.common.rest_client [req-b37e4dc5-9b7a-41e3-bb39-f2c820d1027e req-b37e4dc5-9b7a-41e3-bb39-f2c820d1027e ] Request (MultipleCreateTestJSON:test_multiple_create): 200 GET http://10.180.1.21/compute/v2.1/servers/57919d5b-769c-4752-873c-d78bb61f5800 0.216s
2025-02-03 11:26:28.828 61066 INFO tempest.lib.common.rest_client [req-4840f068-2123-4929-9026-e57b90f5a84a req-4840f068-2123-4929-9026-e57b90f5a84a ] Request (ServersTestMultiNic:test_verify_duplicate_network_nics): 200 GET http://10.180.1.21/compute/v2.1/servers/b24a1521-7fcb-4369-ab8e-211690508a67 0.182s
2025-02-03 11:26:28.878 61089 INFO tempest.lib.common.rest_client [req-2522cf32-cdd9-4cc1-9ecc-c4a24e09952b req-2522cf32-cdd9-4cc1-9ecc-c4a24e09952b ] Request (InstanceActionsV221TestJSON:test_get_list_deleted_instance_actions): 200 GET http://10.180.1.21/compute/v2.1/servers/330f33a1-cc70-4346-b6c5-e26720ed72f0 0.184s
2025-02-03 11:26:28.920 61047 INFO tempest.lib.common.rest_client [req-b6525543-2b8b-43cd-8665-9db9edb97cbc req-b6525543-2b8b-43cd-8665-9db9edb97cbc ] Request (MigrationsAdminTest:test_list_migrations_in_flavor_resize_situation): 200 GET http://10.180.1.21/compute/v2.1/servers/4e82aa9c-ae76-4b49-b666-5d5adc22d1b5 0.176s
2025-02-03 11:26:28.949 61043 INFO tempest.lib.common.rest_client [req-91fcc1db-91a9-4bba-8141-f5879463a0ad req-91fcc1db-91a9-4bba-8141-f5879463a0ad ] Request (ServersAdmin275Test:test_rebuild_update_server_275): 200 GET http://10.180.1.21/compute/v2.1/servers/8d32e9d3-43ff-47dd-a52b-102edbe3af11 0.195s
2025-02-03 11:26:28.971 61045 INFO tempest.lib.common.rest_client [req-8cc92575-82b5-4d3c-b35b-1e45b848e9f9 req-8cc92575-82b5-4d3c-b35b-1e45b848e9f9 ] Request (ServersTestJSON:test_create_server_specify_multibyte_character_name): 200 GET http://10.180.1.21/compute/v2.1/servers/59c6c887-b973-4a03-ba64-4ad12be45f64 0.163s
2025-02-03 11:26:29.030 61075 INFO tempest.lib.common.rest_client [req-9f6ed799-6e4a-44a0-9c14-237d9037971e req-9f6ed799-6e4a-44a0-9c14-237d9037971e ] Request (DeleteServersTestJSON:test_delete_active_server): 200 GET http://10.180.1.21/compute/v2.1/servers/a48f97b9-8720-4ad2-82a3-bae679b6b2ef 0.175s
2025-02-03 11:26:29.079 61055 INFO tempest.lib.common.rest_client [req-896e5939-4165-43bb-a3d7-c1a80b3e8c62 req-896e5939-4165-43bb-a3d7-c1a80b3e8c62 ] Request (VolumesAssistedSnapshotsTest:test_volume_assisted_snapshot_create_delete): 200 GET http://10.180.1.21/compute/v2.1/servers/7a378ea2-b981-443a-a925-9819ac5b979f 0.198s
2025-02-03 11:26:29.128 61073 INFO tempest.lib.common.rest_client [req-86905c15-e15b-45eb-87d5-cb2c6f393a1b req-86905c15-e15b-45eb-87d5-cb2c6f393a1b ] Request (ServerActionsV293TestJSON:setUpClass): 200 GET http://10.180.1.21/compute/v2.1/servers/fdd51c42-e0c1-4ad1-aee9-f091cfec0030 0.210s
2025-02-03 11:26:29.164 61081 INFO tempest.lib.common.rest_client [req-d000c373-f37a-41db-ad66-e83f8bfe4b24 req-d000c373-f37a-41db-ad66-e83f8bfe4b24 ] Request (VolumesAdminNegativeTest:test_update_attached_volume_with_nonexistent_volume_in_body): 200 GET http://10.180.1.21/compute/v2.1/servers/7957eb49-d540-4c4e-a86a-1ea3631fb5ef 0.335s
2025-02-03 11:26:29.180 61105 INFO tempest.lib.common.rest_client [req-27703b96-53ff-4d95-a000-65b3e4e7db8a req-27703b96-53ff-4d95-a000-65b3e4e7db8a ] Request (ImagesNegativeTestJSON:test_create_image_from_deleted_server): 200 GET http://10.180.1.21/compute/v2.1/servers/586d9ca2-c287-49bc-bf61-a5140ceaddea 0.203s
2025-02-03 11:26:29.238 61093 INFO tempest.lib.common.rest_client [req-d0900c2f-8587-42c6-b6d1-4a8c0ad28d6b req-d0900c2f-8587-42c6-b6d1-4a8c0ad28d6b ] Request (AttachInterfacesTestJSON:test_create_list_show_delete_interfaces_by_fixed_ip): 200 GET http://10.180.1.21/compute/v2.1/servers/b154a29f-564d-449d-8321-8ded1d4ec29b 0.216s
2025-02-03 11:26:29.299 61087 INFO tempest.lib.common.rest_client [req-bc48ad24-9597-4808-9ac1-d6bbfab9a64c req-bc48ad24-9597-4808-9ac1-d6bbfab9a64c ] Request (SecurityGroupsTestJSON:test_list_security_groups_by_server): 200 GET http://10.180.1.21/compute/v2.1/servers/7d8b4524-f867-4605-a468-a1c39e77dabd 0.276s
2025-02-03 11:26:29.353 61101 INFO tempest.lib.common.rest_client [req-62aeaac5-d860-4b52-85c7-5f81b02b3abb req-62aeaac5-d860-4b52-85c7-5f81b02b3abb ] Request (FloatingIPsAssociationNegativeTestJSON:setUpClass): 200 GET http://10.180.1.21/compute/v2.1/servers/437e0c0d-6d0e-4465-9651-14e420b646ae 0.284s
2025-02-03 11:26:29.438 61097 INFO tempest.lib.common.rest_client [req-d4680f1b-9b23-4a36-96a3-00bdee7a7939 req-d4680f1b-9b23-4a36-96a3-00bdee7a7939 ] Request (ImagesOneServerTestJSON:setUpClass): 200 GET http://10.180.1.21/compute/v2.1/servers/673185d0-9e2c-49dc-8323-f8b30a65b59d 0.273s
2025-02-03 11:26:29.467 61059 INFO tempest.lib.common.rest_client [req-618af5c9-c3ae-4b1c-889c-5e7d0b5a035b req-618af5c9-c3ae-4b1c-889c-5e7d0b5a035b ] Request (ServersTestBootFromVolume:setUpClass): 201 POST http://10.180.1.21:9696/networking/v2.0/routers 1.488s
2025-02-03 11:26:29.485 61069 INFO tempest.lib.common.rest_client [req-403d555d-79a8-457e-867c-400b1a87d13b req-403d555d-79a8-457e-867c-400b1a87d13b ] Request (DeleteServersAdminTestJSON:test_admin_delete_servers_of_others): 200 GET http://10.180.1.21/compute/v2.1/servers/bea83327-9479-46b2-bd78-c81d72359e8a 0.507s
2025-02-03 11:26:29.495 61083 INFO tempest.lib.common.rest_client [req-8e8559ef-2db5-4825-b6fd-2bf47868cbdf req-8e8559ef-2db5-4825-b6fd-2bf47868cbdf ] Request (ServersTestManualDisk:setUpClass): 200 GET http://10.180.1.21/compute/v2.1/servers/130cd4e5-9df4-4428-abaa-d937d73d9950 0.273s
2025-02-03 11:26:29.531 61057 INFO tempest.lib.common.rest_client [req-131b0c3e-8c6e-4efb-8719-bcc829650a9b req-131b0c3e-8c6e-4efb-8719-bcc829650a9b ] Request (ServersWithSpecificFlavorTestJSON:test_verify_created_server_ephemeral_disk): 200 GET http://10.180.1.21/compute/v2.1/servers/1f11c625-166f-4609-badf-da4dd9475c37 0.242s
2025-02-03 11:26:29.616 61095 INFO tempest.lib.common.rest_client [req-2b1ab7d4-5477-4216-ae7d-5d3fd323bd7e req-2b1ab7d4-5477-4216-ae7d-5d3fd323bd7e ] Request (ServerPasswordTestJSON:setUpClass): 200 GET http://10.180.1.21/compute/v2.1/servers/b846d9ae-759a-4898-9ede-091819325701 0.242s
2025-02-03 11:26:29.662 61053 INFO tempest.lib.common.rest_client [req-44dd9d11-aba2-49ed-96e0-4084b1f24dcf req-44dd9d11-aba2-49ed-96e0-4084b1f24dcf ] Request (ServerDiskConfigTestJSON:test_rebuild_server_with_auto_disk_config): 200 GET http://10.180.1.21/compute/v2.1/servers/72e8a8e0-6229-4557-889b-73851a13dbc1 0.272s
2025-02-03 11:26:29.708 61063 INFO tempest.lib.common.rest_client [req-d85eae1d-9a4d-4c7b-aee2-6df6e59e885c req-d85eae1d-9a4d-4c7b-aee2-6df6e59e885c ] Request (ServerDiagnosticsV248Test:test_get_server_diagnostics): 200 GET http://10.180.1.21/compute/v2.1/servers/ff2ef5e9-f543-4592-9896-e2c75369a971 0.270s
2025-02-03 11:26:29.729 61049 INFO tempest.lib.common.rest_client [req-ef6cd174-090a-4df7-91db-79b91eb79cd7 req-ef6cd174-090a-4df7-91db-79b91eb79cd7 ] Request (ServerShowV254Test:test_rebuild_server): 200 GET http://10.180.1.21/compute/v2.1/servers/8eb675b6-f73d-47a0-af75-63b5a8800e69 0.389s
