2025-02-03 11:26:18.138 61083 INFO tempest.lib.common.rest_client [req-ae5fa206-f5e8-43f3-9ee9-32fd2aea5b3f req-ae5fa206-f5e8-43f3-9ee9-32fd2aea5b3f ] Request (ServersTestManualDisk:setUpClass): 200 GET http://10.180.1.21/compute/v2.1/servers/130cd4e5-9df4-4428-abaa-d937d73d9950 0.133s
2025-02-03 11:26:18.181 61053 INFO tempest.lib.common.rest_client [req-5ff9799e-43f4-4d84-a6d4-d750feaae0d5 req-5ff9799e-43f4-4d84-a6d4-d750feaae0d5 ] Request (ServerDiskConfigTestJSON:test_rebuild_server_with_auto_disk_config): 200 GET http://10.180.1.21/compute/v2.1/servers/72e8a8e0-6229-4557-889b-73851a13dbc1 0.136s
2025-02-03 11:26:18.187 61085 INFO tempest.lib.common.rest_client [req-75b8bcc7-9698-4327-982b-21fccf9cce93 req-75b8bcc7-9698-4327-982b-21fccf9cce93 ] Request (ServerDiagnosticsTest:test_get_server_diagnostics): 200 GET http://10.180.1.21/compute/v2.1/servers/2f530484-d828-4b65-a81e-c1c1a84ec903 0.173s
2025-02-03 11:26:18.226 61057 INFO tempest.lib.common.rest_client [req-ac95e911-e43d-4c86-b996-3c2aff4f38a3 req-ac95e911-e43d-4c86-b996-3c2aff4f38a3 ] Request (ServersWithSpecificFlavorTestJSON:test_verify_created_server_ephemeral_disk): 200 GET http://10.180.1.21/compute/v2.1/servers/1f11c625-166f-4609-badf-da4dd9475c37 0.166s
2025-02-03 11:26:18.232 61049 INFO tempest.lib.common.rest_client [req-956cb0f8-f643-493c-8546-e485e99dfa55 req-956cb0f8-f643-493c-8546-e485e99dfa55 ] Request (ServerShowV254Test:test_rebuild_server): 200 GET http://10.180.1.21/compute/v2.1/servers/8eb675b6-f73d-47a0-af75-63b5a8800e69 0.133s
2025-02-03 11:26:18.269 61079 INFO tempest.lib.common.rest_client [req-a075a240-6db3-4845-a1c2-5afebc23f8c6 req-a075a240-6db3-4845-a1c2-5afebc23f8c6 ] Request (ServersAaction247Test:test_create_backup): 200 GET http://10.180.1.21/compute/v2.1/servers/c80cde37-2b69-46f7-9ca6-bfa618a18b1e 0.128s
2025-02-03 11:26:18.313 61059 INFO tempest.lib.common.rest_client [req-b84d5761-18d0-40fb-96c6-1b4c0accf729 req-b84d5761-18d0-40fb-96c6-1b4c0accf729 ] Request (FloatingIPsAssociationTestJSON:setUpClass): 200 GET http://10.180.1.21/compute/v2.1/servers/e60a6397-30ad-48cb-ab52-7ae977615dc3 0.109s
2025-02-03 11:26:18.401 61063 INFO tempest.lib.common.rest_client [req-746b6b92-e9f3-4a9b-9c2e-3826a58c3409 req-746b6b92-e9f3-4a9b-9c2e-3826a58c3409 ] Request (ServerDiagnosticsV248Test:test_get_server_diagnostics): 200 GET http://10.180.1.21/compute/v2.1/servers/ff2ef5e9-f543-4592-9896-e2c75369a971 0.052s
2025-02-03 11:26:18.443 61061 INFO tempest.lib.common.rest_client [req-891f94b6-38c9-4d15-9b75-078572b47b59 req-891f94b6-38c9-4d15-9b75-078572b47b59 ] Request (ServersTestFqdnHostnames:test_create_server_with_fqdn_name): 200 GET http://10.180.1.21/compute/v2.1/servers/6af62a04-4a13-46c7-a0b2-28768c789f23 0.053s
2025-02-03 11:26:18.453 61081 INFO tempest.lib.common.rest_client [req-6476e5d1-14de-4481-9861-1c54512e3a2c req-6476e5d1-14de-4481-9861-1c54512e3a2c ] Request (VolumesAdminNegativeTest:test_update_attached_volume_with_nonexistent_volume_in_body): 200 GET http://10.180.1.21/compute/v2.1/servers/7957eb49-d540-4c4e-a86a-1ea3631fb5ef 0.088s
2025-02-03 11:26:18.501 61051 INFO tempest.lib.common.rest_client [req-a43ee949-b540-4e0e-b52c-31e6607d3adb req-a43ee949-b540-4e0e-b52c-31e6607d3adb ] Request (ServerAddressesTestJSON:setUpClass): 200 GET http://10.180.1.21/compute/v2.1/servers/7e3c6624-3c29-4df0-b417-575976b2f0f7 0.044s
2025-02-03 11:26:18.543 61072 INFO tempest.lib.common.rest_client [req-609f9d09-39d3-4c68-a1e5-5707f563b57b req-609f9d09-39d3-4c68-a1e5-5707f563b57b ] Request (AttachInterfacesUnderV243Test:test_add_remove_fixed_ip): 200 GET http://10.180.1.21/compute/v2.1/servers/72225dcc-d210-49cf-8395-056bf4f7f652 0.045s
2025-02-03 11:26:18.585 61099 INFO tempest.lib.common.rest_client [req-c779d505-9c7c-489e-ba25-710ba9f84942 req-c779d505-9c7c-489e-ba25-710ba9f84942 ] Request (MultipleCreateTestJSON:test_multiple_create): 200 GET http://10.180.1.21/compute/v2.1/servers/57919d5b-769c-4752-873c-d78bb61f5800 0.047s
2025-02-03 11:26:18.607 61069 INFO tempest.lib.common.rest_client [req-39b616c5-99b8-4d9f-a0b6-b59046220891 req-39b616c5-99b8-4d9f-a0b6-b59046220891 ] Request (DeleteServersAdminTestJSON:test_admin_delete_servers_of_others): 200 GET http://10.180.1.21/compute/v2.1/servers/bea83327-9479-46b2-bd78-c81d72359e8a 0.084s
2025-02-03 11:26:18.626 61066 INFO tempest.lib.common.rest_client [req-43fe0e08-bc46-4424-9f1f-6ad3948c169e req-43fe0e08-bc46-4424-9f1f-6ad3948c169e ] Request (ServersTestMultiNic:test_verify_duplicate_network_nics): 200 GET http://10.180.1.21/compute/v2.1/servers/b24a1521-7fcb-4369-ab8e-211690508a67 0.047s
2025-02-03 11:26:18.667 61047 INFO tempest.lib.common.rest_client [req-b7008b0b-f719-479d-bd3b-13ad777e820b req-b7008b0b-f719-479d-bd3b-13ad777e820b ] Request (MigrationsAdminTest:test_list_migrations_in_flavor_resize_situation): 200 GET http://10.180.1.21/compute/v2.1/servers/4e82aa9c-ae76-4b49-b666-5d5adc22d1b5 0.047s
2025-02-03 11:26:18.711 61089 INFO tempest.lib.common.rest_client [req-646180d8-01e2-40c0-bcef-ae2d6e82ca70 req-646180d8-01e2-40c0-bcef-ae2d6e82ca70 ] Request (InstanceActionsV221TestJSON:test_get_list_deleted_instance_actions): 200 GET http://10.180.1.21/compute/v2.1/servers/330f33a1-cc70-4346-b6c5-e26720ed72f0 0.045s
2025-02-03 11:26:18.742 61097 INFO tempest.lib.common.rest_client [req-b6fc951f-0019-467c-980a-0c2143d08797 req-b6fc951f-0019-467c-980a-0c2143d08797 ] Request (ImagesOneServerTestJSON:setUpClass): 200 GET http://10.180.1.21/compute/v2.1/servers/673185d0-9e2c-49dc-8323-f8b30a65b59d 0.089s
2025-02-03 11:26:18.759 61043 INFO tempest.lib.common.rest_client [req-2a7dbb04-8a23-40c1-ab4e-5c7a87d83a42 req-2a7dbb04-8a23-40c1-ab4e-5c7a87d83a42 ] Request (ServersAdmin275Test:test_rebuild_update_server_275): 200 GET http://10.180.1.21/compute/v2.1/servers/8d32e9d3-43ff-47dd-a52b-102edbe3af11 0.054s
2025-02-03 11:26:18.785 61045 INFO tempest.lib.common.rest_client [req-89ac31bd-3aad-4eb0-a380-66c6d274cd22 req-89ac31bd-3aad-4eb0-a380-66c6d274cd22 ] Request (ServersTestJSON:test_create_server_specify_multibyte_character_name): 200 GET http://10.180.1.21/compute/v2.1/servers/59c6c887-b973-4a03-ba64-4ad12be45f64 0.068s
2025-02-03 11:26:18.800 61075 INFO tempest.lib.common.rest_client [req-fd29ba0b-2c9f-4932-950d-8ceaf8d703d2 req-fd29ba0b-2c9f-4932-950d-8ceaf8d703d2 ] Request (DeleteServersTestJSON:test_delete_active_server): 200 GET http://10.180.1.21/compute/v2.1/servers/a48f97b9-8720-4ad2-82a3-bae679b6b2ef 0.045s
2025-02-03 11:26:18.843 61055 INFO tempest.lib.common.rest_client [req-566e7bde-de6b-4c23-b937-88f7962e61b4 req-566e7bde-de6b-4c23-b937-88f7962e61b4 ] Request (VolumesAssistedSnapshotsTest:test_volume_assisted_snapshot_create_delete): 200 GET http://10.180.1.21/compute/v2.1/servers/7a378ea2-b981-443a-a925-9819ac5b979f 0.045s
2025-02-03 11:26:18.896 61073 INFO tempest.lib.common.rest_client [req-08e412f7-a4bf-4bda-81d9-472146c92e1d req-08e412f7-a4bf-4bda-81d9-472146c92e1d ] Request (ServerActionsV293TestJSON:setUpClass): 200 GET http://10.180.1.21/compute/v2.1/servers/fdd51c42-e0c1-4ad1-aee9-f091cfec0030 0.048s
2025-02-03 11:26:18.909 61095 INFO tempest.lib.common.rest_client [req-01e35120-dd69-4008-becb-9bf675f6f683 req-01e35120-dd69-4008-becb-9bf675f6f683 ] Request (ServerPasswordTestJSON:setUpClass): 200 GET http://10.180.1.21/compute/v2.1/servers/b846d9ae-759a-4898-9ede-091819325701 0.084s
2025-02-03 11:26:18.939 61093 INFO tempest.lib.common.rest_client [req-93e32803-ad5d-4475-bad1-bb79187ce98b req-93e32803-ad5d-4475-bad1-bb79187ce98b ] Request (AttachInterfacesTestJSON:test_create_list_show_delete_interfaces_by_fixed_ip): 200 GET http://10.180.1.21/compute/v2.1/servers/b154a29f-564d-449d-8321-8ded1d4ec29b 0.064s
2025-02-03 11:26:18.981 61105 INFO tempest.lib.common.rest_client [req-917a5a06-2a9f-4abc-b84c-941d8b997359 req-917a5a06-2a9f-4abc-b84c-941d8b997359 ] Request (ImagesNegativeTestJSON:test_create_image_from_deleted_server): 200 GET http://10.180.1.21/compute/v2.1/servers/586d9ca2-c287-49bc-bf61-a5140ceaddea 0.046s
2025-02-03 11:26:19.022 61087 INFO tempest.lib.common.rest_client [req-7d28ea14-4ae5-4590-b190-112274a076df req-7d28ea14-4ae5-4590-b190-112274a076df ] Request (SecurityGroupsTestJSON:test_list_security_groups_by_server): 200 GET http://10.180.1.21/compute/v2.1/servers/7d8b4524-f867-4605-a468-a1c39e77dabd 0.044s
2025-02-03 11:26:19.149 61103 INFO tempest.lib.common.rest_client [req-b9e3feb3-036d-432d-8d0d-56963df7997d req-b9e3feb3-036d-432d-8d0d-56963df7997d ] Request (ServersAdminNegativeTestJSON:setUpClass): 200 GET http://10.180.1.21/compute/v2.1/servers/4a0b0a82-3910-4201-b1f7-34c862667e3c 0.085s
2025-02-03 11:26:19.191 61101 INFO tempest.lib.common.rest_client [req-32d35135-e342-498e-a293-21b7e40d4eb2 req-32d35135-e342-498e-a293-21b7e40d4eb2 ] Request (FloatingIPsAssociationNegativeTestJSON:setUpClass): 200 GET http://10.180.1.21/compute/v2.1/servers/437e0c0d-6d0e-4465-9651-14e420b646ae 0.081s
2025-02-03 11:26:19.191 61067 INFO tempest.lib.common.rest_client [req-7cfe9173-496e-4a6d-83b6-2ce6691e2ff2 req-7cfe9173-496e-4a6d-83b6-2ce6691e2ff2 ] Request (ServerExternalEventsTest:test_create_server_external_events): 200 GET http://10.180.1.21/compute/v2.1/servers/2696525a-3366-45a1-b413-8e4e0bd9d6c6 0.088s
2025-02-03 11:26:19.234 61053 INFO tempest.lib.common.rest_client [req-38d76331-9898-4534-a01f-b7ed95d07d5e req-38d76331-9898-4534-a01f-b7ed95d07d5e ] Request (ServerDiskConfigTestJSON:test_rebuild_server_with_auto_disk_config): 200 GET http://10.180.1.21/compute/v2.1/servers/72e8a8e0-6229-4557-889b-73851a13dbc1 0.045s
2025-02-03 11:26:19.235 61083 INFO tempest.lib.common.rest_client [req-13ed185d-b6a0-4b90-83d1-e5d81f8919e1 req-13ed185d-b6a0-4b90-83d1-e5d81f8919e1 ] Request (ServersTestManualDisk:setUpClass): 200 GET http://10.180.1.21/compute/v2.1/servers/130cd4e5-9df4-4428-abaa-d937d73d9950 0.089s
2025-02-03 11:26:19.282 61057 INFO tempest.lib.common.rest_client [req-0523e1ca-7080-4371-b18b-3187f6ec8fd1 req-0523e1ca-7080-4371-b18b-3187f6ec8fd1 ] Request (ServersWithSpecificFlavorTestJSON:test_verify_created_server_ephemeral_disk): 200 GET http://10.180.1.21/compute/v2.1/servers/1f11c625-166f-4609-badf-da4dd9475c37 0.049s
2025-02-03 11:26:19.320 61085 INFO tempest.lib.common.rest_client [req-113be6db-7e00-47e3-88f6-55529f2bf805 req-113be6db-7e00-47e3-88f6-55529f2bf805 ] Request (ServerDiagnosticsTest:test_get_server_diagnostics): 200 GET http://10.180.1.21/compute/v2.1/servers/2f530484-d828-4b65-a81e-c1c1a84ec903 0.121s
2025-02-03 11:26:19.327 61049 INFO tempest.lib.common.rest_client [req-7b9a2475-f327-4be7-9dd5-dd3a8955e877 req-7b9a2475-f327-4be7-9dd5-dd3a8955e877 ] Request (ServerShowV254Test:test_rebuild_server): 200 GET http://10.180.1.21/compute/v2.1/servers/8eb675b6-f73d-47a0-af75-63b5a8800e69 0.085s
2025-02-03 11:26:19.365 61079 INFO tempest.lib.common.rest_client [req-b2484e1b-7f8f-41ac-9c59-d6a3b7037ef7 req-b2484e1b-7f8f-41ac-9c59-d6a3b7037ef7 ] Request (ServersAaction247Test:test_create_backup): 200 GET http://10.180.1.21/compute/v2.1/servers/c80cde37-2b69-46f7-9ca6-bfa618a18b1e 0.086s
2025-02-03 11:26:19.410 61059 INFO tempest.lib.common.rest_client [req-3abaef64-7f83-47d3-af7e-7c911710f294 req-3abaef64-7f83-47d3-af7e-7c911710f294 ] Request (FloatingIPsAssociationTestJSON:setUpClass): 200 GET http://10.180.1.21/compute/v2.1/servers/e60a6397-30ad-48cb-ab52-7ae977615dc3 0.089s
2025-02-03 11:26:19.460 61063 INFO tempest.lib.common.rest_client [req-ecdd7ffa-a8f3-4bbc-9ff8-f0842373fd66 req-ecdd7ffa-a8f3-4bbc-9ff8-f0842373fd66 ] Request (ServerDiagnosticsV248Test:test_get_server_diagnostics): 200 GET http://10.180.1.21/compute/v2.1/servers/ff2ef5e9-f543-4592-9896-e2c75369a971 0.049s
2025-02-03 11:26:19.497 61061 INFO tempest.lib.common.rest_client [req-dd41b73b-2362-403d-a750-4dbe56c5b513 req-dd41b73b-2362-403d-a750-4dbe56c5b513 ] Request (ServersTestFqdnHostnames:test_create_server_with_fqdn_name): 200 GET http://10.180.1.21/compute/v2.1/servers/6af62a04-4a13-46c7-a0b2-28768c789f23 0.046s
2025-02-03 11:26:19.545 61081 INFO tempest.lib.common.rest_client [req-10bb4a8d-3647-436f-bb78-909bccd6d406 req-10bb4a8d-3647-436f-bb78-909bccd6d406 ] Request (VolumesAdminNegativeTest:test_update_attached_volume_with_nonexistent_volume_in_body): 200 GET http://10.180.1.21/compute/v2.1/servers/7957eb49-d540-4c4e-a86a-1ea3631fb5ef 0.085s
2025-02-03 11:26:19.553 61051 INFO tempest.lib.common.rest_client [req-e47b1e36-848a-46cc-94ea-6734b231d014 req-e47b1e36-848a-46cc-94ea-6734b231d014 ] Request (ServerAddressesTestJSON:setUpClass): 200 GET http://10.180.1.21/compute/v2.1/servers/7e3c6624-3c29-4df0-b417-575976b2f0f7 0.044s
2025-02-03 11:26:19.594 61072 INFO tempest.lib.common.rest_client [req-0190f9af-0ca2-4e1d-99e4-212efcf418ed req-0190f9af-0ca2-4e1d-99e4-212efcf418ed ] Request (AttachInterfacesUnderV243Test:test_add_remove_fixed_ip): 200 GET http://10.180.1.21/compute/v2.1/servers/72225dcc-d210-49cf-8395-056bf4f7f652 0.044s
2025-02-03 11:26:19.640 61099 INFO tempest.lib.common.rest_client [req-dc9ca404-a57f-4549-990d-02255b9f8a64 req-dc9ca404-a57f-4549-990d-02255b9f8a64 ] Request (MultipleCreateTestJSON:test_multiple_create): 200 GET http://10.180.1.21/compute/v2.1/servers/57919d5b-769c-4752-873c-d78bb61f5800 0.046s
2025-02-03 11:26:19.682 61066 INFO tempest.lib.common.rest_client [req-31e6c0cb-babe-4681-876b-ead3639e2231 req-31e6c0cb-babe-4681-876b-ead3639e2231 ] Request (ServersTestMultiNic:test_verify_duplicate_network_nics): 200 GET http://10.180.1.21/compute/v2.1/servers/b24a1521-7fcb-4369-ab8e-211690508a67 0.048s
2025-02-03 11:26:19.701 61069 INFO tempest.lib.common.rest_client [req-fa864db1-fc15-4490-b788-ef25511691e7 req-fa864db1-fc15-4490-b788-ef25511691e7 ] Request (DeleteServersAdminTestJSON:test_admin_delete_servers_of_others): 200 GET http://10.180.1.21/compute/v2.1/servers/bea83327-9479-46b2-bd78-c81d72359e8a 0.087s
2025-02-03 11:26:19.724 61047 INFO tempest.lib.common.rest_client [req-580eb7db-adea-417d-bfab-af879e776cf1 req-580eb7db-adea-417d-bfab-af879e776cf1 ] Request (MigrationsAdminTest:test_list_migrations_in_flavor_resize_situation): 200 GET http://10.180.1.21/compute/v2.1/servers/4e82aa9c-ae76-4b49-b666-5d5adc22d1b5 0.050s
2025-02-03 11:26:19.767 61089 INFO tempest.lib.common.rest_client [req-f1d4a6db-87a8-4e7b-a33c-2af249807d4f req-f1d4a6db-87a8-4e7b-a33c-2af249807d4f ] Request (InstanceActionsV221TestJSON:test_get_list_deleted_instance_actions): 200 GET http://10.180.1.21/compute/v2.1/servers/330f33a1-cc70-4346-b6c5-e26720ed72f0 0.046s
2025-02-03 11:26:19.822 61043 INFO tempest.lib.common.rest_client [req-97f30e24-9520-4e88-903f-506d564eee89 req-97f30e24-9520-4e88-903f-506d564eee89 ] Request (ServersAdmin275Test:test_rebuild_update_server_275): 200 GET http://10.180.1.21/compute/v2.1/servers/8d32e9d3-43ff-47dd-a52b-102edbe3af11 0.052s
2025-02-03 11:26:19.841 61097 INFO tempest.lib.common.rest_client [req-6e8270ab-30f1-46e4-90f3-9e8ac0f24312 req-6e8270ab-30f1-46e4-90f3-9e8ac0f24312 ] Request (ImagesOneServerTestJSON:setUpClass): 200 GET http://10.180.1.21/compute/v2.1/servers/673185d0-9e2c-49dc-8323-f8b30a65b59d 0.090s
2025-02-03 11:26:19.866 61045 INFO tempest.lib.common.rest_client [req-33e68c1b-8bb9-4b35-8cd1-da1388a49394 req-33e68c1b-8bb9-4b35-8cd1-da1388a49394 ] Request (ServersTestJSON:test_create_server_specify_multibyte_character_name): 200 GET http://10.180.1.21/compute/v2.1/servers/59c6c887-b973-4a03-ba64-4ad12be45f64 0.074s
2025-02-03 11:26:19.892 61075 INFO tempest.lib.common.rest_client [req-0c5cdb0d-5c90-44a3-b093-390e326a180b req-0c5cdb0d-5c90-44a3-b093-390e326a180b ] Request (DeleteServersTestJSON:test_delete_active_server): 200 GET http://10.180.1.21/compute/v2.1/servers/a48f97b9-8720-4ad2-82a3-bae679b6b2ef 0.082s
2025-02-03 11:26:19.908 61055 INFO tempest.lib.common.rest_client [req-68f5eb2e-28ad-4277-981a-9a90a39993ff req-68f5eb2e-28ad-4277-981a-9a90a39993ff ] Request (VolumesAssistedSnapshotsTest:test_volume_assisted_snapshot_create_delete): 200 GET http://10.180.1.21/compute/v2.1/servers/7a378ea2-b981-443a-a925-9819ac5b979f 0.057s
2025-02-03 11:26:19.955 61073 INFO tempest.lib.common.rest_client [req-45052c58-bbb9-4188-854d-789958b4263c req-45052c58-bbb9-4188-854d-789958b4263c ] Request (ServerActionsV293TestJSON:setUpClass): 200 GET http://10.180.1.21/compute/v2.1/servers/fdd51c42-e0c1-4ad1-aee9-f091cfec0030 0.048s
2025-02-03 11:26:19.998 61093 INFO tempest.lib.common.rest_client [req-0dbfe3c7-b9e0-4104-93af-2e7e15a23ba9 req-0dbfe3c7-b9e0-4104-93af-2e7e15a23ba9 ] Request (AttachInterfacesTestJSON:test_create_list_show_delete_interfaces_by_fixed_ip): 200 GET http://10.180.1.21/compute/v2.1/servers/b154a29f-564d-449d-8321-8ded1d4ec29b 0.051s
2025-02-03 11:26:19.999 61095 INFO tempest.lib.common.rest_client [req-184ad30e-319b-4721-a5b8-4025a77f4918 req-184ad30e-319b-4721-a5b8-4025a77f4918 ] Request (ServerPasswordTestJSON:setUpClass): 200 GET http://10.180.1.21/compute/v2.1/servers/b846d9ae-759a-4898-9ede-091819325701 0.083s
2025-02-03 11:26:20.043 61105 INFO tempest.lib.common.rest_client [req-4c234ce7-98d7-4d30-8be9-dd2adaa55032 req-4c234ce7-98d7-4d30-8be9-dd2adaa55032 ] Request (ImagesNegativeTestJSON:test_create_image_from_deleted_server): 200 GET http://10.180.1.21/compute/v2.1/servers/586d9ca2-c287-49bc-bf61-a5140ceaddea 0.054s
2025-02-03 11:26:20.079 61087 INFO tempest.lib.common.rest_client [req-7700a5a9-d7da-4f75-ad99-2ef928eb9b08 req-7700a5a9-d7da-4f75-ad99-2ef928eb9b08 ] Request (SecurityGroupsTestJSON:test_list_security_groups_by_server): 200 GET http://10.180.1.21/compute/v2.1/servers/7d8b4524-f867-4605-a468-a1c39e77dabd 0.047s
2025-02-03 11:26:20.247 61101 INFO tempest.lib.common.rest_client [req-b470d140-50fa-48e4-b4e0-180c21fc0def req-b470d140-50fa-48e4-b4e0-180c21fc0def ] Request (FloatingIPsAssociationNegativeTestJSON:setUpClass): 200 GET http://10.180.1.21/compute/v2.1/servers/437e0c0d-6d0e-4465-9651-14e420b646ae 0.048s
2025-02-03 11:26:20.283 61103 INFO tempest.lib.common.rest_client [req-e7157294-b4a5-47f2-8060-8712cdb2407f req-e7157294-b4a5-47f2-8060-8712cdb2407f ] Request (ServersAdminNegativeTestJSON:setUpClass): 200 GET http://10.180.1.21/compute/v2.1/servers/4a0b0a82-3910-4201-b1f7-34c862667e3c 0.126s
2025-02-03 11:26:20.328 61083 INFO tempest.lib.common.rest_client [req-b47ae75d-4a21-4b7c-b782-986ce9a354c8 req-b47ae75d-4a21-4b7c-b782-986ce9a354c8 ] Request (ServersTestManualDisk:setUpClass): 200 GET http://10.180.1.21/compute/v2.1/servers/130cd4e5-9df4-4428-abaa-d937d73d9950 0.085s
2025-02-03 11:26:20.328 61067 INFO tempest.lib.common.rest_client [req-f64178ee-448b-4243-b4a5-e361219086b5 req-f64178ee-448b-4243-b4a5-e361219086b5 ] Request (ServerExternalEventsTest:test_create_server_external_events): 200 GET http://10.180.1.21/compute/v2.1/servers/2696525a-3366-45a1-b413-8e4e0bd9d6c6 0.127s
2025-02-03 11:26:20.372 61053 INFO tempest.lib.common.rest_client [req-24bf83ad-cad9-4911-9940-2294a70e5995 req-24bf83ad-cad9-4911-9940-2294a70e5995 ] Request (ServerDiskConfigTestJSON:test_rebuild_server_with_auto_disk_config): 200 GET http://10.180.1.21/compute/v2.1/servers/72e8a8e0-6229-4557-889b-73851a13dbc1 0.126s
2025-02-03 11:26:20.372 61057 INFO tempest.lib.common.rest_client [req-9a1f3c1f-14c8-45c3-b359-d7fd31995285 req-9a1f3c1f-14c8-45c3-b359-d7fd31995285 ] Request (ServersWithSpecificFlavorTestJSON:test_verify_created_server_ephemeral_disk): 200 GET http://10.180.1.21/compute/v2.1/servers/1f11c625-166f-4609-badf-da4dd9475c37 0.082s
2025-02-03 11:26:20.418 61049 INFO tempest.lib.common.rest_client [req-b364a221-d940-45e7-a984-459408a2c200 req-b364a221-d940-45e7-a984-459408a2c200 ] Request (ServerShowV254Test:test_rebuild_server): 200 GET http://10.180.1.21/compute/v2.1/servers/8eb675b6-f73d-47a0-af75-63b5a8800e69 0.083s
2025-02-03 11:26:20.458 61085 INFO tempest.lib.common.rest_client [req-a8faae16-0dca-4b3d-8270-11adbd858ced req-a8faae16-0dca-4b3d-8270-11adbd858ced ] Request (ServerDiagnosticsTest:test_get_server_diagnostics): 200 GET http://10.180.1.21/compute/v2.1/servers/2f530484-d828-4b65-a81e-c1c1a84ec903 0.129s
2025-02-03 11:26:20.463 61079 INFO tempest.lib.common.rest_client [req-a0106bfc-5f2d-4517-9c4a-1639e10c08bb req-a0106bfc-5f2d-4517-9c4a-1639e10c08bb ] Request (ServersAaction247Test:test_create_backup): 200 GET http://10.180.1.21/compute/v2.1/servers/c80cde37-2b69-46f7-9ca6-bfa618a18b1e 0.089s
2025-02-03 11:26:20.519 61063 INFO tempest.lib.common.rest_client [req-54b5ace9-04c1-480e-9ae2-7ca60d330251 req-54b5ace9-04c1-480e-9ae2-7ca60d330251 ] Request (ServerDiagnosticsV248Test:test_get_server_diagnostics): 200 GET http://10.180.1.21/compute/v2.1/servers/ff2ef5e9-f543-4592-9896-e2c75369a971 0.050s
2025-02-03 11:26:20.561 61061 INFO tempest.lib.common.rest_client [req-9cb1673a-0c66-4c24-b5bd-d814c0b808e9 req-9cb1673a-0c66-4c24-b5bd-d814c0b808e9 ] Request (ServersTestFqdnHostnames:test_create_server_with_fqdn_name): 200 GET http://10.180.1.21/compute/v2.1/servers/6af62a04-4a13-46c7-a0b2-28768c789f23 0.055s
2025-02-03 11:26:20.646 61081 INFO tempest.lib.common.rest_client [req-06b50e38-95c0-4cd4-a147-477aa1608d9a req-06b50e38-95c0-4cd4-a147-477aa1608d9a ] Request (VolumesAdminNegativeTest:test_update_attached_volume_with_nonexistent_volume_in_body): 200 GET http://10.180.1.21/compute/v2.1/servers/7957eb49-d540-4c4e-a86a-1ea3631fb5ef 0.093s
2025-02-03 11:26:20.689 61051 INFO tempest.lib.common.rest_client [req-8fa717d9-5ff1-4d59-950b-338a41b9fcdc req-8fa717d9-5ff1-4d59-950b-338a41b9fcdc ] Request (ServerAddressesTestJSON:setUpClass): 200 GET http://10.180.1.21/compute/v2.1/servers/7e3c6624-3c29-4df0-b417-575976b2f0f7 0.129s
2025-02-03 11:26:20.709 61059 INFO tempest.lib.common.rest_client [req-836abcbb-e5c3-4e9b-a7f3-c1c0408c83cd req-836abcbb-e5c3-4e9b-a7f3-c1c0408c83cd ] Request (FloatingIPsAssociationTestJSON:setUpClass): 200 GET http://10.180.1.21/compute/v2.1/servers/e60a6397-30ad-48cb-ab52-7ae977615dc3 0.292s
2025-02-03 11:26:20.733 61072 INFO tempest.lib.common.rest_client [req-ddbec5c4-9491-495f-b930-6a03911c8f35 req-ddbec5c4-9491-495f-b930-6a03911c8f35 ] Request (AttachInterfacesUnderV243Test:test_add_remove_fixed_ip): 200 GET http://10.180.1.21/compute/v2.1/servers/72225dcc-d210-49cf-8395-056bf4f7f652 0.132s
2025-02-03 11:26:20.752 61099 INFO tempest.lib.common.rest_client [req-dfcef0f6-9952-4a9b-a13a-c1bfe6d2e209 req-dfcef0f6-9952-4a9b-a13a-c1bfe6d2e209 ] Request (MultipleCreateTestJSON:test_multiple_create): 200 GET http://10.180.1.21/compute/v2.1/servers/57919d5b-769c-4752-873c-d78bb61f5800 0.104s
2025-02-03 11:26:20.779 61066 INFO tempest.lib.common.rest_client [req-9323be9e-67f6-4307-9a1b-0de479809299 req-9323be9e-67f6-4307-9a1b-0de479809299 ] Request (ServersTestMultiNic:test_verify_duplicate_network_nics): 200 GET http://10.180.1.21/compute/v2.1/servers/b24a1521-7fcb-4369-ab8e-211690508a67 0.090s
2025-02-03 11:26:20.826 61047 INFO tempest.lib.common.rest_client [req-d46f6683-55f4-4c4f-b8d3-668d19b88b66 req-d46f6683-55f4-4c4f-b8d3-668d19b88b66 ] Request (MigrationsAdminTest:test_list_migrations_in_flavor_resize_situation): 200 GET http://10.180.1.21/compute/v2.1/servers/4e82aa9c-ae76-4b49-b666-5d5adc22d1b5 0.095s
2025-02-03 11:26:20.834 61069 INFO tempest.lib.common.rest_client [req-315473ec-6cef-404e-b153-e5f667c773f6 req-315473ec-6cef-404e-b153-e5f667c773f6 ] Request (DeleteServersAdminTestJSON:test_admin_delete_servers_of_others): 200 GET http://10.180.1.21/compute/v2.1/servers/bea83327-9479-46b2-bd78-c81d72359e8a 0.125s
2025-02-03 11:26:20.873 61089 INFO tempest.lib.common.rest_client [req-a269d651-e066-4aad-a9f6-d34834f2a15c req-a269d651-e066-4aad-a9f6-d34834f2a15c ] Request (InstanceActionsV221TestJSON:test_get_list_deleted_instance_actions): 200 GET http://10.180.1.21/compute/v2.1/servers/330f33a1-cc70-4346-b6c5-e26720ed72f0 0.097s
2025-02-03 11:26:20.885 61043 INFO tempest.lib.common.rest_client [req-0586f3ec-eac9-452c-9aa9-d9e22487eb64 req-0586f3ec-eac9-452c-9aa9-d9e22487eb64 ] Request (ServersAdmin275Test:test_rebuild_update_server_275): 200 GET http://10.180.1.21/compute/v2.1/servers/8d32e9d3-43ff-47dd-a52b-102edbe3af11 0.053s
2025-02-03 11:26:20.928 61045 INFO tempest.lib.common.rest_client [req-f89b80aa-ea2f-488a-8083-2c8e41a87e56 req-f89b80aa-ea2f-488a-8083-2c8e41a87e56 ] Request (ServersTestJSON:test_create_server_specify_multibyte_character_name): 200 GET http://10.180.1.21/compute/v2.1/servers/59c6c887-b973-4a03-ba64-4ad12be45f64 0.053s
2025-02-03 11:26:20.956 61097 INFO tempest.lib.common.rest_client [req-24bc2c13-75fd-4b2d-8d69-2fcc2f687df8 req-24bc2c13-75fd-4b2d-8d69-2fcc2f687df8 ] Request (ImagesOneServerTestJSON:setUpClass): 200 GET http://10.180.1.21/compute/v2.1/servers/673185d0-9e2c-49dc-8323-f8b30a65b59d 0.105s
2025-02-03 11:26:20.969 61075 INFO tempest.lib.common.rest_client [req-618c0857-7257-4667-9685-07fa92c7bab4 req-618c0857-7257-4667-9685-07fa92c7bab4 ] Request (DeleteServersTestJSON:test_delete_active_server): 200 GET http://10.180.1.21/compute/v2.1/servers/a48f97b9-8720-4ad2-82a3-bae679b6b2ef 0.070s
2025-02-03 11:26:21.001 61055 INFO tempest.lib.common.rest_client [req-48a7e8f2-7cd9-4d5a-b919-a2030fa4d84d req-48a7e8f2-7cd9-4d5a-b919-a2030fa4d84d ] Request (VolumesAssistedSnapshotsTest:test_volume_assisted_snapshot_create_delete): 200 GET http://10.180.1.21/compute/v2.1/servers/7a378ea2-b981-443a-a925-9819ac5b979f 0.086s
2025-02-03 11:26:21.015 61073 INFO tempest.lib.common.rest_client [req-2061f28e-afa0-4dd9-9bd1-99a058fa50a8 req-2061f28e-afa0-4dd9-9bd1-99a058fa50a8 ] Request (ServerActionsV293TestJSON:setUpClass): 200 GET http://10.180.1.21/compute/v2.1/servers/fdd51c42-e0c1-4ad1-aee9-f091cfec0030 0.051s
2025-02-03 11:26:21.053 61093 INFO tempest.lib.common.rest_client [req-466f1d83-525e-4a26-91a3-67c1654f423e req-466f1d83-525e-4a26-91a3-67c1654f423e ] Request (AttachInterfacesTestJSON:test_create_list_show_delete_interfaces_by_fixed_ip): 200 GET http://10.180.1.21/compute/v2.1/servers/b154a29f-564d-449d-8321-8ded1d4ec29b 0.047s
2025-02-03 11:26:21.100 61095 INFO tempest.lib.common.rest_client [req-c5547f22-bf7a-49dd-bf76-3857087f63ee req-c5547f22-bf7a-49dd-bf76-3857087f63ee ] Request (ServerPasswordTestJSON:setUpClass): 200 GET http://10.180.1.21/compute/v2.1/servers/b846d9ae-759a-4898-9ede-091819325701 0.093s
2025-02-03 11:26:21.102 61105 INFO tempest.lib.common.rest_client [req-6995c35b-a399-41ce-aba4-6309dff56202 req-6995c35b-a399-41ce-aba4-6309dff56202 ] Request (ImagesNegativeTestJSON:test_create_image_from_deleted_server): 200 GET http://10.180.1.21/compute/v2.1/servers/586d9ca2-c287-49bc-bf61-a5140ceaddea 0.052s
2025-02-03 11:26:21.143 61087 INFO tempest.lib.common.rest_client [req-cad332d3-7a21-4e62-b81f-51a9497fd22c req-cad332d3-7a21-4e62-b81f-51a9497fd22c ] Request (SecurityGroupsTestJSON:test_list_security_groups_by_server): 200 GET http://10.180.1.21/compute/v2.1/servers/7d8b4524-f867-4605-a468-a1c39e77dabd 0.056s
2025-02-03 11:26:21.302 61101 INFO tempest.lib.common.rest_client [req-46569f8f-fdce-47c1-8899-852218b9d5f4 req-46569f8f-fdce-47c1-8899-852218b9d5f4 ] Request (FloatingIPsAssociationNegativeTestJSON:setUpClass): 200 GET http://10.180.1.21/compute/v2.1/servers/437e0c0d-6d0e-4465-9651-14e420b646ae 0.047s
2025-02-03 11:26:21.378 61103 INFO tempest.lib.common.rest_client [req-dd7f0f87-51d7-4436-b93e-0746a92344e1 req-dd7f0f87-51d7-4436-b93e-0746a92344e1 ] Request (ServersAdminNegativeTestJSON:setUpClass): 200 GET http://10.180.1.21/compute/v2.1/servers/4a0b0a82-3910-4201-b1f7-34c862667e3c 0.087s
2025-02-03 11:26:21.380 61083 INFO tempest.lib.common.rest_client [req-a7c01c93-9bde-45c9-9bf5-50d5f39f68e9 req-a7c01c93-9bde-45c9-9bf5-50d5f39f68e9 ] Request (ServersTestManualDisk:setUpClass): 200 GET http://10.180.1.21/compute/v2.1/servers/130cd4e5-9df4-4428-abaa-d937d73d9950 0.045s
2025-02-03 11:26:21.424 61057 INFO tempest.lib.common.rest_client [req-bcd2d5cf-dc31-4e73-a350-66f241372eef req-bcd2d5cf-dc31-4e73-a350-66f241372eef ] Request (ServersWithSpecificFlavorTestJSON:test_verify_created_server_ephemeral_disk): 200 GET http://10.180.1.21/compute/v2.1/servers/1f11c625-166f-4609-badf-da4dd9475c37 0.044s
2025-02-03 11:26:21.463 61067 INFO tempest.lib.common.rest_client [req-35c89492-823c-46f1-bece-7cc3b480fa55 req-35c89492-823c-46f1-bece-7cc3b480fa55 ] Request (ServerExternalEventsTest:test_create_server_external_events): 200 GET http://10.180.1.21/compute/v2.1/servers/2696525a-3366-45a1-b413-8e4e0bd9d6c6 0.127s
2025-02-03 11:26:21.467 61053 INFO tempest.lib.common.rest_client [req-f89032c5-52dc-4536-b6ef-1c3bb913f8e5 req-f89032c5-52dc-4536-b6ef-1c3bb913f8e5 ] Request (ServerDiskConfigTestJSON:test_rebuild_server_with_auto_disk_config): 200 GET http://10.180.1.21/compute/v2.1/servers/72e8a8e0-6229-4557-889b-73851a13dbc1 0.087s
2025-02-03 11:26:21.510 61049 INFO tempest.lib.common.rest_client [req-e592f404-6310-4947-98a5-5c5ed22fb333 req-e592f404-6310-4947-98a5-5c5ed22fb333 ] Request (ServerShowV254Test:test_rebuild_server): 200 GET http://10.180.1.21/compute/v2.1/servers/8eb675b6-f73d-47a0-af75-63b5a8800e69 0.083s
2025-02-03 11:26:21.552 61085 INFO tempest.lib.common.rest_client [req-33d12bb8-96f6-48f5-8588-356643186f26 req-33d12bb8-96f6-48f5-8588-356643186f26 ] Request (ServerDiagnosticsTest:test_get_server_diagnostics): 200 GET http://10.180.1.21/compute/v2.1/servers/2f530484-d828-4b65-a81e-c1c1a84ec903 0.085s
2025-02-03 11:26:21.553 61079 INFO tempest.lib.common.rest_client [req-60585d85-269c-4e94-abbe-aa41e1564244 req-60585d85-269c-4e94-abbe-aa41e1564244 ] Request (ServersAaction247Test:test_create_backup): 200 GET http://10.180.1.21/compute/v2.1/servers/c80cde37-2b69-46f7-9ca6-bfa618a18b1e 0.080s
2025-02-03 11:26:21.596 61063 INFO tempest.lib.common.rest_client [req-62021445-db4e-4704-9e52-a9d3983a3d1a req-62021445-db4e-4704-9e52-a9d3983a3d1a ] Request (ServerDiagnosticsV248Test:test_get_server_diagnostics): 200 GET http://10.180.1.21/compute/v2.1/servers/ff2ef5e9-f543-4592-9896-e2c75369a971 0.067s
2025-02-03 11:26:21.612 61061 INFO tempest.lib.common.rest_client [req-d0e45e7f-1b66-4c37-8e9d-12f3afde97ad req-d0e45e7f-1b66-4c37-8e9d-12f3afde97ad ] Request (ServersTestFqdnHostnames:test_create_server_with_fqdn_name): 200 GET http://10.180.1.21/compute/v2.1/servers/6af62a04-4a13-46c7-a0b2-28768c789f23 0.043s
2025-02-03 11:26:21.746 61051 INFO tempest.lib.common.rest_client [req-d1e6b8b7-ddd7-4ead-a73f-bed106785c03 req-d1e6b8b7-ddd7-4ead-a73f-bed106785c03 ] Request (ServerAddressesTestJSON:setUpClass): 200 GET http://10.180.1.21/compute/v2.1/servers/7e3c6624-3c29-4df0-b417-575976b2f0f7 0.049s
2025-02-03 11:26:21.748 61081 INFO tempest.lib.common.rest_client [req-8f2d086e-8871-4ef4-b09a-9e89a1081fca req-8f2d086e-8871-4ef4-b09a-9e89a1081fca ] Request (VolumesAdminNegativeTest:test_update_attached_volume_with_nonexistent_volume_in_body): 200 GET http://10.180.1.21/compute/v2.1/servers/7957eb49-d540-4c4e-a86a-1ea3631fb5ef 0.093s
2025-02-03 11:26:21.792 61072 INFO tempest.lib.common.rest_client [req-24c0743d-4c6b-426b-b3f7-1bbe3deef8b4 req-24c0743d-4c6b-426b-b3f7-1bbe3deef8b4 ] Request (AttachInterfacesUnderV243Test:test_add_remove_fixed_ip): 200 GET http://10.180.1.21/compute/v2.1/servers/72225dcc-d210-49cf-8395-056bf4f7f652 0.050s
2025-02-03 11:26:21.835 61059 INFO tempest.lib.common.rest_client [req-591c27e2-58d2-49c5-a834-b31748ffba24 req-591c27e2-58d2-49c5-a834-b31748ffba24 ] Request (FloatingIPsAssociationTestJSON:setUpClass): 200 GET http://10.180.1.21/compute/v2.1/servers/e60a6397-30ad-48cb-ab52-7ae977615dc3 0.118s
2025-02-03 11:26:21.838 61099 INFO tempest.lib.common.rest_client [req-4e27a590-eed8-4e07-9b1c-7751e347d636 req-4e27a590-eed8-4e07-9b1c-7751e347d636 ] Request (MultipleCreateTestJSON:test_multiple_create): 200 GET http://10.180.1.21/compute/v2.1/servers/57919d5b-769c-4752-873c-d78bb61f5800 0.078s
2025-02-03 11:26:21.881 61066 INFO tempest.lib.common.rest_client [req-698d3094-4d94-4eab-a6fc-64f82a059d8e req-698d3094-4d94-4eab-a6fc-64f82a059d8e ] Request (ServersTestMultiNic:test_verify_duplicate_network_nics): 200 GET http://10.180.1.21/compute/v2.1/servers/b24a1521-7fcb-4369-ab8e-211690508a67 0.093s
2025-02-03 11:26:21.881 61047 INFO tempest.lib.common.rest_client [req-2f61bdf7-5fce-4ebd-b2ef-b04aad6c66f4 req-2f61bdf7-5fce-4ebd-b2ef-b04aad6c66f4 ] Request (MigrationsAdminTest:test_list_migrations_in_flavor_resize_situation): 200 GET http://10.180.1.21/compute/v2.1/servers/4e82aa9c-ae76-4b49-b666-5d5adc22d1b5 0.048s
2025-02-03 11:26:21.927 61089 INFO tempest.lib.common.rest_client [req-99e16119-fbc3-425c-a405-6756a9e99223 req-99e16119-fbc3-425c-a405-6756a9e99223 ] Request (InstanceActionsV221TestJSON:test_get_list_deleted_instance_actions): 200 GET http://10.180.1.21/compute/v2.1/servers/330f33a1-cc70-4346-b6c5-e26720ed72f0 0.045s
2025-02-03 11:26:21.965 61069 INFO tempest.lib.common.rest_client [req-4ed40d4a-270e-4bb0-9c92-1100e668a457 req-4ed40d4a-270e-4bb0-9c92-1100e668a457 ] Request (DeleteServersAdminTestJSON:test_admin_delete_servers_of_others): 200 GET http://10.180.1.21/compute/v2.1/servers/bea83327-9479-46b2-bd78-c81d72359e8a 0.123s
2025-02-03 11:26:21.974 61043 INFO tempest.lib.common.rest_client [req-8ce30527-705c-4c97-8fad-512230a38273 req-8ce30527-705c-4c97-8fad-512230a38273 ] Request (ServersAdmin275Test:test_rebuild_update_server_275): 200 GET http://10.180.1.21/compute/v2.1/servers/8d32e9d3-43ff-47dd-a52b-102edbe3af11 0.078s
2025-02-03 11:26:22.007 61045 INFO tempest.lib.common.rest_client [req-96624ef8-8ad1-4a23-8a54-21daa81fe8a4 req-96624ef8-8ad1-4a23-8a54-21daa81fe8a4 ] Request (ServersTestJSON:test_create_server_specify_multibyte_character_name): 200 GET http://10.180.1.21/compute/v2.1/servers/59c6c887-b973-4a03-ba64-4ad12be45f64 0.071s
2025-02-03 11:26:22.049 61075 INFO tempest.lib.common.rest_client [req-d967ae24-a0c5-4a6d-8803-405221ce1d94 req-d967ae24-a0c5-4a6d-8803-405221ce1d94 ] Request (DeleteServersTestJSON:test_delete_active_server): 200 GET http://10.180.1.21/compute/v2.1/servers/a48f97b9-8720-4ad2-82a3-bae679b6b2ef 0.072s
2025-02-03 11:26:22.061 61097 INFO tempest.lib.common.rest_client [req-5d947042-51fe-4321-b430-44e008c6409b req-5d947042-51fe-4321-b430-44e008c6409b ] Request (ImagesOneServerTestJSON:setUpClass): 200 GET http://10.180.1.21/compute/v2.1/servers/673185d0-9e2c-49dc-8323-f8b30a65b59d 0.098s
2025-02-03 11:26:22.095 61055 INFO tempest.lib.common.rest_client [req-e1dd2311-15c2-4c75-89b1-40a5912fd236 req-e1dd2311-15c2-4c75-89b1-40a5912fd236 ] Request (VolumesAssistedSnapshotsTest:test_volume_assisted_snapshot_create_delete): 200 GET http://10.180.1.21/compute/v2.1/servers/7a378ea2-b981-443a-a925-9819ac5b979f 0.087s
2025-02-03 11:26:22.107 61073 INFO tempest.lib.common.rest_client [req-3a2cc788-4c83-41ac-b5a2-a422804b93d7 req-3a2cc788-4c83-41ac-b5a2-a422804b93d7 ] Request (ServerActionsV293TestJSON:setUpClass): 200 GET http://10.180.1.21/compute/v2.1/servers/fdd51c42-e0c1-4ad1-aee9-f091cfec0030 0.081s
2025-02-03 11:26:22.141 61093 INFO tempest.lib.common.rest_client [req-56928b30-be9c-44bc-953e-eeb69bcc3bc4 req-56928b30-be9c-44bc-953e-eeb69bcc3bc4 ] Request (AttachInterfacesTestJSON:test_create_list_show_delete_interfaces_by_fixed_ip): 200 GET http://10.180.1.21/compute/v2.1/servers/b154a29f-564d-449d-8321-8ded1d4ec29b 0.074s
2025-02-03 11:26:22.184 61105 INFO tempest.lib.common.rest_client [req-39f8bfee-8f69-4520-afb9-672effac19e2 req-39f8bfee-8f69-4520-afb9-672effac19e2 ] Request (ImagesNegativeTestJSON:test_create_image_from_deleted_server): 200 GET http://10.180.1.21/compute/v2.1/servers/586d9ca2-c287-49bc-bf61-a5140ceaddea 0.074s
2025-02-03 11:26:22.225 61087 INFO tempest.lib.common.rest_client [req-9589a8ee-800a-4d29-8a41-0750a4160d6a req-9589a8ee-800a-4d29-8a41-0750a4160d6a ] Request (SecurityGroupsTestJSON:test_list_security_groups_by_server): 200 GET http://10.180.1.21/compute/v2.1/servers/7d8b4524-f867-4605-a468-a1c39e77dabd 0.074s
2025-02-03 11:26:22.235 61095 INFO tempest.lib.common.rest_client [req-2c7b9788-a953-4870-aed3-6cbfc8663db5 req-2c7b9788-a953-4870-aed3-6cbfc8663db5 ] Request (ServerPasswordTestJSON:setUpClass): 200 GET http://10.180.1.21/compute/v2.1/servers/b846d9ae-759a-4898-9ede-091819325701 0.127s
2025-02-03 11:26:22.358 61101 INFO tempest.lib.common.rest_client [req-6381e89c-e7c8-4c97-9f9b-d670f6337e57 req-6381e89c-e7c8-4c97-9f9b-d670f6337e57 ] Request (FloatingIPsAssociationNegativeTestJSON:setUpClass): 200 GET http://10.180.1.21/compute/v2.1/servers/437e0c0d-6d0e-4465-9651-14e420b646ae 0.049s
2025-02-03 11:26:22.435 61083 INFO tempest.lib.common.rest_client [req-01becdfa-aee8-4e01-b22e-c13aefc07bc7 req-01becdfa-aee8-4e01-b22e-c13aefc07bc7 ] Request (ServersTestManualDisk:setUpClass): 200 GET http://10.180.1.21/compute/v2.1/servers/130cd4e5-9df4-4428-abaa-d937d73d9950 0.046s
2025-02-03 11:26:22.474 61103 INFO tempest.lib.common.rest_client [req-ce1f6886-c034-4ec5-bfc8-29398e7d620e req-ce1f6886-c034-4ec5-bfc8-29398e7d620e ] Request (ServersAdminNegativeTestJSON:setUpClass): 200 GET http://10.180.1.21/compute/v2.1/servers/4a0b0a82-3910-4201-b1f7-34c862667e3c 0.088s
2025-02-03 11:26:22.478 61057 INFO tempest.lib.common.rest_client [req-ca412940-9bd3-4cc8-bb58-96e0d7e43ba6 req-ca412940-9bd3-4cc8-bb58-96e0d7e43ba6 ] Request (ServersWithSpecificFlavorTestJSON:test_verify_created_server_ephemeral_disk): 200 GET http://10.180.1.21/compute/v2.1/servers/1f11c625-166f-4609-badf-da4dd9475c37 0.044s
2025-02-03 11:26:22.521 61053 INFO tempest.lib.common.rest_client [req-73b18780-7cfc-4302-8ed7-722af599329d req-73b18780-7cfc-4302-8ed7-722af599329d ] Request (ServerDiskConfigTestJSON:test_rebuild_server_with_auto_disk_config): 200 GET http://10.180.1.21/compute/v2.1/servers/72e8a8e0-6229-4557-889b-73851a13dbc1 0.047s
2025-02-03 11:26:22.565 61049 INFO tempest.lib.common.rest_client [req-06e306bd-0a80-4216-88ab-63b725cd1d67 req-06e306bd-0a80-4216-88ab-63b725cd1d67 ] Request (ServerShowV254Test:test_rebuild_server): 200 GET http://10.180.1.21/compute/v2.1/servers/8eb675b6-f73d-47a0-af75-63b5a8800e69 0.045s
2025-02-03 11:26:22.598 61067 INFO tempest.lib.common.rest_client [req-abae2aab-924e-4b9f-8299-8ffcdcd8b4d2 req-abae2aab-924e-4b9f-8299-8ffcdcd8b4d2 ] Request (ServerExternalEventsTest:test_create_server_external_events): 200 GET http://10.180.1.21/compute/v2.1/servers/2696525a-3366-45a1-b413-8e4e0bd9d6c6 0.127s
2025-02-03 11:26:22.641 61079 INFO tempest.lib.common.rest_client [req-e7ba54f9-6185-448e-b4a8-e3b061659422 req-e7ba54f9-6185-448e-b4a8-e3b061659422 ] Request (ServersAaction247Test:test_create_backup): 200 GET http://10.180.1.21/compute/v2.1/servers/c80cde37-2b69-46f7-9ca6-bfa618a18b1e 0.079s
2025-02-03 11:26:22.650 61085 INFO tempest.lib.common.rest_client [req-c90b976d-c361-400f-b808-8a21646bfcd1 req-c90b976d-c361-400f-b808-8a21646bfcd1 ] Request (ServerDiagnosticsTest:test_get_server_diagnostics): 200 GET http://10.180.1.21/compute/v2.1/servers/2f530484-d828-4b65-a81e-c1c1a84ec903 0.091s
2025-02-03 11:26:22.688 61063 INFO tempest.lib.common.rest_client [req-6e4251cd-cb2f-450c-a03a-881ed7c7d52c req-6e4251cd-cb2f-450c-a03a-881ed7c7d52c ] Request (ServerDiagnosticsV248Test:test_get_server_diagnostics): 200 GET http://10.180.1.21/compute/v2.1/servers/ff2ef5e9-f543-4592-9896-e2c75369a971 0.082s
2025-02-03 11:26:22.697 61061 INFO tempest.lib.common.rest_client [req-757ed862-bbad-4088-a142-6ca5b339a4bb req-757ed862-bbad-4088-a142-6ca5b339a4bb ] Request (ServersTestFqdnHostnames:test_create_server_with_fqdn_name): 200 GET http://10.180.1.21/compute/v2.1/servers/6af62a04-4a13-46c7-a0b2-28768c789f23 0.077s
2025-02-03 11:26:22.806 61051 INFO tempest.lib.common.rest_client [req-d5f06193-5c6c-42ac-a79c-7408c64c7fbc req-d5f06193-5c6c-42ac-a79c-7408c64c7fbc ] Request (ServerAddressesTestJSON:setUpClass): 200 GET http://10.180.1.21/compute/v2.1/servers/7e3c6624-3c29-4df0-b417-575976b2f0f7 0.052s
2025-02-03 11:26:22.849 61072 INFO tempest.lib.common.rest_client [req-5bc1533c-0d1c-4f4e-9bc5-d889b687a560 req-5bc1533c-0d1c-4f4e-9bc5-d889b687a560 ] Request (AttachInterfacesUnderV243Test:test_add_remove_fixed_ip): 200 GET http://10.180.1.21/compute/v2.1/servers/72225dcc-d210-49cf-8395-056bf4f7f652 0.048s
2025-02-03 11:26:22.887 61081 INFO tempest.lib.common.rest_client [req-df834ed6-882a-455b-8f4a-877a7fd3cd24 req-df834ed6-882a-455b-8f4a-877a7fd3cd24 ] Request (VolumesAdminNegativeTest:test_update_attached_volume_with_nonexistent_volume_in_body): 200 GET http://10.180.1.21/compute/v2.1/servers/7957eb49-d540-4c4e-a86a-1ea3631fb5ef 0.132s
2025-02-03 11:26:22.942 61099 INFO tempest.lib.common.rest_client [req-5008d003-bbca-4f80-a63c-4d1f5c059560 req-5008d003-bbca-4f80-a63c-4d1f5c059560 ] Request (MultipleCreateTestJSON:test_multiple_create): 200 GET http://10.180.1.21/compute/v2.1/servers/57919d5b-769c-4752-873c-d78bb61f5800 0.097s
2025-02-03 11:26:22.981 61059 INFO tempest.lib.common.rest_client [req-600df3c4-9e21-4ead-bc30-c19271265272 req-600df3c4-9e21-4ead-bc30-c19271265272 ] Request (FloatingIPsAssociationTestJSON:setUpClass): 200 GET http://10.180.1.21/compute/v2.1/servers/e60a6397-30ad-48cb-ab52-7ae977615dc3 0.138s
2025-02-03 11:26:22.987 61066 INFO tempest.lib.common.rest_client [req-2adf65dc-6225-43ee-99ab-d1e3f4ccd36c req-2adf65dc-6225-43ee-99ab-d1e3f4ccd36c ] Request (ServersTestMultiNic:test_verify_duplicate_network_nics): 200 GET http://10.180.1.21/compute/v2.1/servers/b24a1521-7fcb-4369-ab8e-211690508a67 0.098s
2025-02-03 11:26:23.027 61047 INFO tempest.lib.common.rest_client [req-dac362c1-7718-45a1-811c-d4836c45bf1c req-dac362c1-7718-45a1-811c-d4836c45bf1c ] Request (MigrationsAdminTest:test_list_migrations_in_flavor_resize_situation): 200 GET http://10.180.1.21/compute/v2.1/servers/4e82aa9c-ae76-4b49-b666-5d5adc22d1b5 0.138s
2025-02-03 11:26:23.036 61089 INFO tempest.lib.common.rest_client [req-05ea2a0a-5c9b-4a2c-a91a-9743b6aebba5 req-05ea2a0a-5c9b-4a2c-a91a-9743b6aebba5 ] Request (InstanceActionsV221TestJSON:test_get_list_deleted_instance_actions): 200 GET http://10.180.1.21/compute/v2.1/servers/330f33a1-cc70-4346-b6c5-e26720ed72f0 0.100s
2025-02-03 11:26:23.085 61043 INFO tempest.lib.common.rest_client [req-541dbb6a-6e20-4cdc-99a1-66b9275387db req-541dbb6a-6e20-4cdc-99a1-66b9275387db ] Request (ServersAdmin275Test:test_rebuild_update_server_275): 200 GET http://10.180.1.21/compute/v2.1/servers/8d32e9d3-43ff-47dd-a52b-102edbe3af11 0.101s
2025-02-03 11:26:23.112 61069 INFO tempest.lib.common.rest_client [req-a7dceaf5-b594-4722-873e-7b295504f4fb req-a7dceaf5-b594-4722-873e-7b295504f4fb ] Request (DeleteServersAdminTestJSON:test_admin_delete_servers_of_others): 200 GET http://10.180.1.21/compute/v2.1/servers/bea83327-9479-46b2-bd78-c81d72359e8a 0.140s
2025-02-03 11:26:23.129 61045 INFO tempest.lib.common.rest_client [req-17067ba4-8a08-4d83-a510-332d5ba5f53f req-17067ba4-8a08-4d83-a510-332d5ba5f53f ] Request (ServersTestJSON:test_create_server_specify_multibyte_character_name): 200 GET http://10.180.1.21/compute/v2.1/servers/59c6c887-b973-4a03-ba64-4ad12be45f64 0.115s
2025-02-03 11:26:23.160 61075 INFO tempest.lib.common.rest_client [req-7172e998-aef9-4d2b-ab67-6fb5818b41e5 req-7172e998-aef9-4d2b-ab67-6fb5818b41e5 ] Request (DeleteServersTestJSON:test_delete_active_server): 200 GET http://10.180.1.21/compute/v2.1/servers/a48f97b9-8720-4ad2-82a3-bae679b6b2ef 0.104s
2025-02-03 11:26:23.206 61055 INFO tempest.lib.common.rest_client [req-680f5ea4-7f52-403a-a9a6-d6db53c69526 req-680f5ea4-7f52-403a-a9a6-d6db53c69526 ] Request (VolumesAssistedSnapshotsTest:test_volume_assisted_snapshot_create_delete): 200 GET http://10.180.1.21/compute/v2.1/servers/7a378ea2-b981-443a-a925-9819ac5b979f 0.103s
2025-02-03 11:26:23.256 61073 INFO tempest.lib.common.rest_client [req-697c348a-05fc-4901-aa45-1b98d4669e00 req-697c348a-05fc-4901-aa45-1b98d4669e00 ] Request (ServerActionsV293TestJSON:setUpClass): 200 GET http://10.180.1.21/compute/v2.1/servers/fdd51c42-e0c1-4ad1-aee9-f091cfec0030 0.139s
2025-02-03 11:26:23.260 61097 INFO tempest.lib.common.rest_client [req-d6464c2f-ce80-41a5-a90d-a164dd05e6db req-d6464c2f-ce80-41a5-a90d-a164dd05e6db ] Request (ImagesOneServerTestJSON:setUpClass): 200 GET http://10.180.1.21/compute/v2.1/servers/673185d0-9e2c-49dc-8323-f8b30a65b59d 0.192s
2025-02-03 11:26:23.304 61093 INFO tempest.lib.common.rest_client [req-1b05ffc0-b773-40ab-9fe6-684a91443a03 req-1b05ffc0-b773-40ab-9fe6-684a91443a03 ] Request (AttachInterfacesTestJSON:test_create_list_show_delete_interfaces_by_fixed_ip): 200 GET http://10.180.1.21/compute/v2.1/servers/b154a29f-564d-449d-8321-8ded1d4ec29b 0.156s
2025-02-03 11:26:23.304 61105 INFO tempest.lib.common.rest_client [req-9104863a-4cc3-47b0-a09e-b32454900fb2 req-9104863a-4cc3-47b0-a09e-b32454900fb2 ] Request (ImagesNegativeTestJSON:test_create_image_from_deleted_server): 200 GET http://10.180.1.21/compute/v2.1/servers/586d9ca2-c287-49bc-bf61-a5140ceaddea 0.113s
2025-02-03 11:26:23.349 61087 INFO tempest.lib.common.rest_client [req-17fd275a-a750-447a-9381-9216adf6733a req-17fd275a-a750-447a-9381-9216adf6733a ] Request (SecurityGroupsTestJSON:test_list_security_groups_by_server): 200 GET http://10.180.1.21/compute/v2.1/servers/7d8b4524-f867-4605-a468-a1c39e77dabd 0.116s
2025-02-03 11:26:23.389 61095 INFO tempest.lib.common.rest_client [req-cd0671ad-e1b6-45b4-be22-89c47a55a73b req-cd0671ad-e1b6-45b4-be22-89c47a55a73b ] Request (ServerPasswordTestJSON:setUpClass): 200 GET http://10.180.1.21/compute/v2.1/servers/b846d9ae-759a-4898-9ede-091819325701 0.146s
2025-02-03 11:26:23.415 61101 INFO tempest.lib.common.rest_client [req-8fbb133d-2bed-411b-ae30-6383adae9d21 req-8fbb133d-2bed-411b-ae30-6383adae9d21 ] Request (FloatingIPsAssociationNegativeTestJSON:setUpClass): 200 GET http://10.180.1.21/compute/v2.1/servers/437e0c0d-6d0e-4465-9651-14e420b646ae 0.049s
2025-02-03 11:26:23.489 61083 INFO tempest.lib.common.rest_client [req-8d99e48c-870d-4e1b-826b-79ba9c75c849 req-8d99e48c-870d-4e1b-826b-79ba9c75c849 ] Request (ServersTestManualDisk:setUpClass): 200 GET http://10.180.1.21/compute/v2.1/servers/130cd4e5-9df4-4428-abaa-d937d73d9950 0.046s
2025-02-03 11:26:23.542 61057 INFO tempest.lib.common.rest_client [req-6969b2f7-67d0-484c-911a-cb40021664c6 req-6969b2f7-67d0-484c-911a-cb40021664c6 ] Request (ServersWithSpecificFlavorTestJSON:test_verify_created_server_ephemeral_disk): 200 GET http://10.180.1.21/compute/v2.1/servers/1f11c625-166f-4609-badf-da4dd9475c37 0.056s
2025-02-03 11:26:23.588 61053 INFO tempest.lib.common.rest_client [req-7ab02aa0-149d-49e9-900f-f6ba56b9ab51 req-7ab02aa0-149d-49e9-900f-f6ba56b9ab51 ] Request (ServerDiskConfigTestJSON:test_rebuild_server_with_auto_disk_config): 200 GET http://10.180.1.21/compute/v2.1/servers/72e8a8e0-6229-4557-889b-73851a13dbc1 0.059s
2025-02-03 11:26:23.619 61103 INFO tempest.lib.common.rest_client [req-7067d1f0-10bf-41c8-a157-917bffeba862 req-7067d1f0-10bf-41c8-a157-917bffeba862 ] Request (ServersAdminNegativeTestJSON:setUpClass): 200 GET http://10.180.1.21/compute/v2.1/servers/4a0b0a82-3910-4201-b1f7-34c862667e3c 0.137s
2025-02-03 11:26:23.635 61049 INFO tempest.lib.common.rest_client [req-0d67936c-8211-49b1-99d6-9f6df1f1d8e5 req-0d67936c-8211-49b1-99d6-9f6df1f1d8e5 ] Request (ServerShowV254Test:test_rebuild_server): 200 GET http://10.180.1.21/compute/v2.1/servers/8eb675b6-f73d-47a0-af75-63b5a8800e69 0.061s
2025-02-03 11:26:23.704 61079 INFO tempest.lib.common.rest_client [req-298d2092-7d14-4c0a-8341-fe15efc291d5 req-298d2092-7d14-4c0a-8341-fe15efc291d5 ] Request (ServersAaction247Test:test_create_backup): 200 GET http://10.180.1.21/compute/v2.1/servers/c80cde37-2b69-46f7-9ca6-bfa618a18b1e 0.054s
2025-02-03 11:26:23.729 61067 INFO tempest.lib.common.rest_client [req-ab598529-3f91-44fc-907d-400b6fe7b137 req-ab598529-3f91-44fc-907d-400b6fe7b137 ] Request (ServerExternalEventsTest:test_create_server_external_events): 200 GET http://10.180.1.21/compute/v2.1/servers/2696525a-3366-45a1-b413-8e4e0bd9d6c6 0.123s
2025-02-03 11:26:23.788 61063 INFO tempest.lib.common.rest_client [req-a388f1a8-c7fd-4619-8aba-a58bba48e9e6 req-a388f1a8-c7fd-4619-8aba-a58bba48e9e6 ] Request (ServerDiagnosticsV248Test:test_get_server_diagnostics): 200 GET http://10.180.1.21/compute/v2.1/servers/ff2ef5e9-f543-4592-9896-e2c75369a971 0.090s
2025-02-03 11:26:23.812 61085 INFO tempest.lib.common.rest_client [req-1817d94b-e71f-4d5c-aa5d-e4cc9c122728 req-1817d94b-e71f-4d5c-aa5d-e4cc9c122728 ] Request (ServerDiagnosticsTest:test_get_server_diagnostics): 200 GET http://10.180.1.21/compute/v2.1/servers/2f530484-d828-4b65-a81e-c1c1a84ec903 0.153s
2025-02-03 11:26:23.845 61061 INFO tempest.lib.common.rest_client [req-f7584ff8-0147-4458-a38b-7fc70747b522 req-f7584ff8-0147-4458-a38b-7fc70747b522 ] Request (ServersTestFqdnHostnames:test_create_server_with_fqdn_name): 200 GET http://10.180.1.21/compute/v2.1/servers/6af62a04-4a13-46c7-a0b2-28768c789f23 0.141s
2025-02-03 11:26:23.877 61051 INFO tempest.lib.common.rest_client [req-969eb463-0dab-4726-80f8-dfe09b618069 req-969eb463-0dab-4726-80f8-dfe09b618069 ] Request (ServerAddressesTestJSON:setUpClass): 200 GET http://10.180.1.21/compute/v2.1/servers/7e3c6624-3c29-4df0-b417-575976b2f0f7 0.064s
2025-02-03 11:26:23.910 61072 INFO tempest.lib.common.rest_client [req-860fe555-418d-49ef-9d5c-2df8478e5738 req-860fe555-418d-49ef-9d5c-2df8478e5738 ] Request (AttachInterfacesUnderV243Test:test_add_remove_fixed_ip): 200 GET http://10.180.1.21/compute/v2.1/servers/72225dcc-d210-49cf-8395-056bf4f7f652 0.054s
2025-02-03 11:26:23.999 61099 INFO tempest.lib.common.rest_client [req-b6cba684-8376-460b-949c-866930e508bd req-b6cba684-8376-460b-949c-866930e508bd ] Request (MultipleCreateTestJSON:test_multiple_create): 200 GET http://10.180.1.21/compute/v2.1/servers/57919d5b-769c-4752-873c-d78bb61f5800 0.050s
2025-02-03 11:26:24.033 61081 INFO tempest.lib.common.rest_client [req-06500240-faea-41a8-830f-d5da02861737 req-06500240-faea-41a8-830f-d5da02861737 ] Request (VolumesAdminNegativeTest:test_update_attached_volume_with_nonexistent_volume_in_body): 200 GET http://10.180.1.21/compute/v2.1/servers/7957eb49-d540-4c4e-a86a-1ea3631fb5ef 0.139s
