2025-02-03 11:26:40.814 61066 INFO tempest.lib.common.rest_client [req-d60889df-4ccb-4c3f-bd9a-68dc072ec246 req-d60889df-4ccb-4c3f-bd9a-68dc072ec246 ] Request (ServersTestMultiNic:test_verify_duplicate_network_nics): 200 GET http://10.180.1.21/compute/v2.1/servers/b24a1521-7fcb-4369-ab8e-211690508a67 0.077s
2025-02-03 11:26:40.858 61089 INFO tempest.lib.common.rest_client [req-a48f4d57-692c-4b91-98f7-9ac8f3408257 req-a48f4d57-692c-4b91-98f7-9ac8f3408257 ] Request (InstanceActionsV221TestJSON:test_get_list_deleted_instance_actions): 200 GET http://10.180.1.21/compute/v2.1/servers/330f33a1-cc70-4346-b6c5-e26720ed72f0 0.049s
2025-02-03 11:26:40.946 61095 INFO tempest.lib.common.rest_client [req-f84b1ea0-f3d6-4cd2-ad1a-a89fa9abff7e req-f84b1ea0-f3d6-4cd2-ad1a-a89fa9abff7e ] Request (ServerPasswordTestJSON:setUpClass): 200 GET http://10.180.1.21/compute/v2.1/servers/b846d9ae-759a-4898-9ede-091819325701 0.096s
2025-02-03 11:26:40.974 61043 INFO tempest.lib.common.rest_client [req-a91001b5-4240-49dd-9fad-05e76a537b88 req-a91001b5-4240-49dd-9fad-05e76a537b88 ] Request (ServersAdmin275Test:test_rebuild_update_server_275): 200 GET http://10.180.1.21/compute/v2.1/servers/8d32e9d3-43ff-47dd-a52b-102edbe3af11 0.060s
2025-02-03 11:26:41.016 61045 INFO tempest.lib.common.rest_client [req-b82f82c3-9947-4e06-9f7e-d3b558d8ae0e req-b82f82c3-9947-4e06-9f7e-d3b558d8ae0e ] Request (ServersTestJSON:test_create_server_specify_multibyte_character_name): 200 GET http://10.180.1.21/compute/v2.1/servers/59c6c887-b973-4a03-ba64-4ad12be45f64 0.055s
2025-02-03 11:26:41.066 61075 INFO tempest.lib.common.rest_client [req-661af032-4e2a-45f1-8625-ace56babeae5 req-661af032-4e2a-45f1-8625-ace56babeae5 ] Request (DeleteServersTestJSON:test_delete_active_server): 200 GET http://10.180.1.21/compute/v2.1/servers/a48f97b9-8720-4ad2-82a3-bae679b6b2ef 0.054s
2025-02-03 11:26:41.067 61059 INFO tempest.lib.common.rest_client [req-2c3401d2-659d-4aec-80bf-13112f93d652 req-2c3401d2-659d-4aec-80bf-13112f93d652 ] Request (ServersTestBootFromVolume:setUpClass): 200 GET http://10.180.1.21/volume/v3/cf1b25f7bbec4186bff6532c2abfab84/volumes/387072a8-7c57-43cc-8a5f-d4eb1eff6cd9 0.158s
2025-02-03 11:26:41.068 61103 INFO tempest.lib.common.rest_client [req-70502a55-e5a6-476b-bd6d-c51fba40c4b2 req-70502a55-e5a6-476b-bd6d-c51fba40c4b2 ] Request (ServersAdminNegativeTestJSON:setUpClass): 200 GET http://10.180.1.21/compute/v2.1/servers/4a0b0a82-3910-4201-b1f7-34c862667e3c 0.099s
2025-02-03 11:26:41.112 61055 INFO tempest.lib.common.rest_client [req-ff0376c1-a8fd-412f-9789-a68308ffb63a req-ff0376c1-a8fd-412f-9789-a68308ffb63a ] Request (VolumesAssistedSnapshotsTest:test_volume_assisted_snapshot_create_delete): 200 GET http://10.180.1.21/compute/v2.1/servers/7a378ea2-b981-443a-a925-9819ac5b979f 0.088s
2025-02-03 11:26:41.135 61105 INFO tempest.lib.common.rest_client [req-543ed299-ee21-4f4e-afd9-d29a3be9a6a9 req-543ed299-ee21-4f4e-afd9-d29a3be9a6a9 ] Request (ImagesNegativeTestJSON:test_create_image_from_deleted_server): 200 GET http://10.180.1.21/compute/v2.1/servers/586d9ca2-c287-49bc-bf61-a5140ceaddea 0.064s
2025-02-03 11:26:41.190 61073 INFO tempest.lib.common.rest_client [req-7f52f3b3-f2f9-4d10-9bea-f53c5809ae93 req-7f52f3b3-f2f9-4d10-9bea-f53c5809ae93 ] Request (ServerActionsV293TestJSON:setUpClass): 200 GET http://10.180.1.21/compute/v2.1/servers/fdd51c42-e0c1-4ad1-aee9-f091cfec0030 0.061s
2025-02-03 11:26:41.242 61093 INFO tempest.lib.common.rest_client [req-7cf204cf-93e2-4f30-b89c-4f6b8e025fbe req-7cf204cf-93e2-4f30-b89c-4f6b8e025fbe ] Request (AttachInterfacesTestJSON:test_create_list_show_delete_interfaces_by_fixed_ip): 200 GET http://10.180.1.21/compute/v2.1/servers/b154a29f-564d-449d-8321-8ded1d4ec29b 0.064s
2025-02-03 11:26:41.289 61087 INFO tempest.lib.common.rest_client [req-0e40badd-c898-4569-b704-4c47292a5f87 req-0e40badd-c898-4569-b704-4c47292a5f87 ] Request (SecurityGroupsTestJSON:test_list_security_groups_by_server): 200 GET http://10.180.1.21/compute/v2.1/servers/7d8b4524-f867-4605-a468-a1c39e77dabd 0.061s
2025-02-03 11:26:41.377 61085 INFO tempest.lib.common.rest_client [req-60fdf376-3712-4bbd-8c62-b623b37e9a9f req-60fdf376-3712-4bbd-8c62-b623b37e9a9f ] Request (ServerDiagnosticsTest:test_get_server_diagnostics): 200 GET http://10.180.1.21/compute/v2.1/servers/2f530484-d828-4b65-a81e-c1c1a84ec903 0.141s
2025-02-03 11:26:41.381 61067 INFO tempest.lib.common.rest_client [req-5338ae80-87f4-42e5-9371-7946f8bec596 req-5338ae80-87f4-42e5-9371-7946f8bec596 ] Request (ServerExternalEventsTest:test_create_server_external_events): 200 GET http://10.180.1.21/compute/v2.1/servers/2696525a-3366-45a1-b413-8e4e0bd9d6c6 0.260s
2025-02-03 11:26:41.421 61101 INFO tempest.lib.common.rest_client [req-874de8c4-3273-412c-80f3-4de0c1a6834f req-874de8c4-3273-412c-80f3-4de0c1a6834f ] Request (FloatingIPsAssociationNegativeTestJSON:setUpClass): 200 GET http://10.180.1.21/compute/v2.1/servers/437e0c0d-6d0e-4465-9651-14e420b646ae 0.138s
2025-02-03 11:26:41.422 61083 INFO tempest.lib.common.rest_client [req-00429a09-c426-45b4-80b1-3c47594876cf req-00429a09-c426-45b4-80b1-3c47594876cf ] Request (ServersTestManualDisk:setUpClass): 200 GET http://10.180.1.21/compute/v2.1/servers/130cd4e5-9df4-4428-abaa-d937d73d9950 0.094s
2025-02-03 11:26:41.467 61057 INFO tempest.lib.common.rest_client [req-9af22b04-fc10-4621-ab89-cdb0a66d2d63 req-9af22b04-fc10-4621-ab89-cdb0a66d2d63 ] Request (ServersWithSpecificFlavorTestJSON:test_verify_created_server_ephemeral_disk): 200 GET http://10.180.1.21/compute/v2.1/servers/1f11c625-166f-4609-badf-da4dd9475c37 0.086s
2025-02-03 11:26:41.509 61053 INFO tempest.lib.common.rest_client [req-5e4b0f39-92e1-4ad5-9ca8-2c86189f1d38 req-5e4b0f39-92e1-4ad5-9ca8-2c86189f1d38 ] Request (ServerDiskConfigTestJSON:test_rebuild_server_with_auto_disk_config): 200 GET http://10.180.1.21/compute/v2.1/servers/72e8a8e0-6229-4557-889b-73851a13dbc1 0.048s
2025-02-03 11:26:41.512 61047 INFO tempest.lib.common.rest_client [req-5904a355-e064-40be-9cd0-fc95fc64731a req-5904a355-e064-40be-9cd0-fc95fc64731a ] Request (MigrationsAdminTest:test_list_migrations_in_flavor_resize_situation): 200 GET http://10.180.1.21/compute/v2.1/servers/4e82aa9c-ae76-4b49-b666-5d5adc22d1b5 0.182s
2025-02-03 11:26:41.570 61063 INFO tempest.lib.common.rest_client [req-0e2f9211-e19f-480f-8f16-9d4f3b25e7b4 req-0e2f9211-e19f-480f-8f16-9d4f3b25e7b4 ] Request (ServerDiagnosticsV248Test:test_get_server_diagnostics): 200 GET http://10.180.1.21/compute/v2.1/servers/ff2ef5e9-f543-4592-9896-e2c75369a971 0.049s
2025-02-03 11:26:41.647 61079 INFO tempest.lib.common.rest_client [req-6421e20e-6095-4bea-912f-00f12eb8440c req-6421e20e-6095-4bea-912f-00f12eb8440c ] Request (ServersAaction247Test:test_create_backup): 200 GET http://10.180.1.21/compute/v2.1/servers/c80cde37-2b69-46f7-9ca6-bfa618a18b1e 0.048s
2025-02-03 11:26:41.669 61081 INFO tempest.lib.common.rest_client [req-4ba3fcb3-88d3-4bcf-98cf-98e3a4916396 req-4ba3fcb3-88d3-4bcf-98cf-98e3a4916396 ] Request (VolumesAdminNegativeTest:test_update_attached_volume_with_nonexistent_volume_in_body): 200 GET http://10.180.1.21/compute/v2.1/servers/7957eb49-d540-4c4e-a86a-1ea3631fb5ef 0.127s
2025-02-03 11:26:41.714 61061 INFO tempest.lib.common.rest_client [req-494fe72e-874d-4809-bba6-a97d814fb92b req-494fe72e-874d-4809-bba6-a97d814fb92b ] Request (ServersTestFqdnHostnames:test_create_server_with_fqdn_name): 200 GET http://10.180.1.21/compute/v2.1/servers/6af62a04-4a13-46c7-a0b2-28768c789f23 0.068s
2025-02-03 11:26:41.731 61069 INFO tempest.lib.common.rest_client [req-5567becb-4272-46b3-8569-59909096508e req-5567becb-4272-46b3-8569-59909096508e ] Request (DeleteServersAdminTestJSON:test_admin_delete_servers_of_others): 200 GET http://10.180.1.21/compute/v2.1/servers/bea83327-9479-46b2-bd78-c81d72359e8a 0.103s
2025-02-03 11:26:41.759 61049 INFO tempest.lib.common.rest_client [req-e197e612-d3ad-4483-b99c-3bceaea4711f req-e197e612-d3ad-4483-b99c-3bceaea4711f ] Request (ServerShowV254Test:test_rebuild_server): 200 GET http://10.180.1.21/compute/v2.1/servers/8eb675b6-f73d-47a0-af75-63b5a8800e69 0.062s
2025-02-03 11:26:41.801 61051 INFO tempest.lib.common.rest_client [req-96ba49b4-76da-4125-a8ca-719df25f3db3 req-96ba49b4-76da-4125-a8ca-719df25f3db3 ] Request (ServerAddressesTestJSON:setUpClass): 200 GET http://10.180.1.21/compute/v2.1/servers/7e3c6624-3c29-4df0-b417-575976b2f0f7 0.058s
2025-02-03 11:26:41.817 61097 INFO tempest.lib.common.rest_client [req-efc705e7-d3a2-485b-85fa-705cc3ca3e59 req-efc705e7-d3a2-485b-85fa-705cc3ca3e59 ] Request (ImagesOneServerTestJSON:setUpClass): 200 GET http://10.180.1.21/compute/v2.1/servers/673185d0-9e2c-49dc-8323-f8b30a65b59d 0.095s
2025-02-03 11:26:41.845 61072 INFO tempest.lib.common.rest_client [req-958b0b25-4222-4df5-9da8-2cbdbc98d025 req-958b0b25-4222-4df5-9da8-2cbdbc98d025 ] Request (AttachInterfacesUnderV243Test:test_add_remove_fixed_ip): 200 GET http://10.180.1.21/compute/v2.1/servers/72225dcc-d210-49cf-8395-056bf4f7f652 0.071s
2025-02-03 11:26:41.864 61099 INFO tempest.lib.common.rest_client [req-4ad07877-56e1-4e27-8f51-d1b984ca66c5 req-4ad07877-56e1-4e27-8f51-d1b984ca66c5 ] Request (MultipleCreateTestJSON:test_multiple_create): 200 GET http://10.180.1.21/compute/v2.1/servers/57919d5b-769c-4752-873c-d78bb61f5800 0.068s
2025-02-03 11:26:41.890 61066 INFO tempest.lib.common.rest_client [req-bd3108a4-57a7-45c1-9d3c-e0ea9b867548 req-bd3108a4-57a7-45c1-9d3c-e0ea9b867548 ] Request (ServersTestMultiNic:test_verify_duplicate_network_nics): 200 GET http://10.180.1.21/compute/v2.1/servers/b24a1521-7fcb-4369-ab8e-211690508a67 0.068s
2025-02-03 11:26:41.914 61089 INFO tempest.lib.common.rest_client [req-89aa6862-c7f6-463b-a6b7-138daaf5c1be req-89aa6862-c7f6-463b-a6b7-138daaf5c1be ] Request (InstanceActionsV221TestJSON:test_get_list_deleted_instance_actions): 200 GET http://10.180.1.21/compute/v2.1/servers/330f33a1-cc70-4346-b6c5-e26720ed72f0 0.048s
2025-02-03 11:26:42.038 61043 INFO tempest.lib.common.rest_client [req-ff5b3c74-26a2-487f-94e3-35bb86c01e7f req-ff5b3c74-26a2-487f-94e3-35bb86c01e7f ] Request (ServersAdmin275Test:test_rebuild_update_server_275): 200 GET http://10.180.1.21/compute/v2.1/servers/8d32e9d3-43ff-47dd-a52b-102edbe3af11 0.054s
2025-02-03 11:26:42.083 61045 INFO tempest.lib.common.rest_client [req-5da20701-e0c5-430d-a50e-3984347e90fe req-5da20701-e0c5-430d-a50e-3984347e90fe ] Request (ServersTestJSON:test_create_server_specify_multibyte_character_name): 200 GET http://10.180.1.21/compute/v2.1/servers/59c6c887-b973-4a03-ba64-4ad12be45f64 0.059s
2025-02-03 11:26:42.086 61095 INFO tempest.lib.common.rest_client [req-827d7194-927d-4a8f-8a4f-ed4ba453eb4c req-827d7194-927d-4a8f-8a4f-ed4ba453eb4c ] Request (ServerPasswordTestJSON:setUpClass): 200 GET http://10.180.1.21/compute/v2.1/servers/b846d9ae-759a-4898-9ede-091819325701 0.130s
2025-02-03 11:26:42.101 61059 INFO tempest.lib.common.rest_client [req-a05a4869-db0e-4387-a241-a52b8529b100 req-a05a4869-db0e-4387-a241-a52b8529b100 ] Request (ServersTestBootFromVolume:setUpClass): 200 GET http://10.180.1.21/volume/v3/cf1b25f7bbec4186bff6532c2abfab84/volumes/387072a8-7c57-43cc-8a5f-d4eb1eff6cd9 0.024s
2025-02-03 11:26:42.134 61075 INFO tempest.lib.common.rest_client [req-4b7b1cd5-e6a0-475f-a895-b35f68321451 req-4b7b1cd5-e6a0-475f-a895-b35f68321451 ] Request (DeleteServersTestJSON:test_delete_active_server): 200 GET http://10.180.1.21/compute/v2.1/servers/a48f97b9-8720-4ad2-82a3-bae679b6b2ef 0.060s
2025-02-03 11:26:42.185 61055 INFO tempest.lib.common.rest_client [req-f11cd1cc-80ef-4195-a5a3-ded4be83c55f req-f11cd1cc-80ef-4195-a5a3-ded4be83c55f ] Request (VolumesAssistedSnapshotsTest:test_volume_assisted_snapshot_create_delete): 200 GET http://10.180.1.21/compute/v2.1/servers/7a378ea2-b981-443a-a925-9819ac5b979f 0.066s
2025-02-03 11:26:42.226 61103 INFO tempest.lib.common.rest_client [req-1af99263-f385-42b1-9926-1db9a1b6ac8e req-1af99263-f385-42b1-9926-1db9a1b6ac8e ] Request (ServersAdminNegativeTestJSON:setUpClass): 200 GET http://10.180.1.21/compute/v2.1/servers/4a0b0a82-3910-4201-b1f7-34c862667e3c 0.145s
2025-02-03 11:26:42.234 61105 INFO tempest.lib.common.rest_client [req-79f803ae-7bd1-4fb5-a623-ed3c68c59224 req-79f803ae-7bd1-4fb5-a623-ed3c68c59224 ] Request (ImagesNegativeTestJSON:test_create_image_from_deleted_server): 200 GET http://10.180.1.21/compute/v2.1/servers/586d9ca2-c287-49bc-bf61-a5140ceaddea 0.092s
2025-02-03 11:26:42.280 61073 INFO tempest.lib.common.rest_client [req-fb31e0d0-6d6e-4d24-96eb-2257172f2f5c req-fb31e0d0-6d6e-4d24-96eb-2257172f2f5c ] Request (ServerActionsV293TestJSON:setUpClass): 200 GET http://10.180.1.21/compute/v2.1/servers/fdd51c42-e0c1-4ad1-aee9-f091cfec0030 0.079s
2025-02-03 11:26:42.305 61093 INFO tempest.lib.common.rest_client [req-44e708ce-a02f-4858-89a2-c6de4d175928 req-44e708ce-a02f-4858-89a2-c6de4d175928 ] Request (AttachInterfacesTestJSON:test_create_list_show_delete_interfaces_by_fixed_ip): 200 GET http://10.180.1.21/compute/v2.1/servers/b154a29f-564d-449d-8321-8ded1d4ec29b 0.051s
2025-02-03 11:26:42.351 61087 INFO tempest.lib.common.rest_client [req-77da8099-28da-490d-bda0-a94c8dcccfb6 req-77da8099-28da-490d-bda0-a94c8dcccfb6 ] Request (SecurityGroupsTestJSON:test_list_security_groups_by_server): 200 GET http://10.180.1.21/compute/v2.1/servers/7d8b4524-f867-4605-a468-a1c39e77dabd 0.053s
2025-02-03 11:26:42.477 61085 INFO tempest.lib.common.rest_client [req-d32a8c19-f8eb-4fad-84e3-e1f6b0c35eae req-d32a8c19-f8eb-4fad-84e3-e1f6b0c35eae ] Request (ServerDiagnosticsTest:test_get_server_diagnostics): 200 GET http://10.180.1.21/compute/v2.1/servers/2f530484-d828-4b65-a81e-c1c1a84ec903 0.091s
2025-02-03 11:26:42.522 61101 INFO tempest.lib.common.rest_client [req-081dd842-dc47-4f3f-99e5-53ef7bb5ad1f req-081dd842-dc47-4f3f-99e5-53ef7bb5ad1f ] Request (FloatingIPsAssociationNegativeTestJSON:setUpClass): 200 GET http://10.180.1.21/compute/v2.1/servers/437e0c0d-6d0e-4465-9651-14e420b646ae 0.093s
2025-02-03 11:26:42.572 61083 INFO tempest.lib.common.rest_client [req-dabc6a5f-292f-4a68-a744-302ec9f4981f req-dabc6a5f-292f-4a68-a744-302ec9f4981f ] Request (ServersTestManualDisk:setUpClass): 200 GET http://10.180.1.21/compute/v2.1/servers/130cd4e5-9df4-4428-abaa-d937d73d9950 0.142s
2025-02-03 11:26:42.617 61057 INFO tempest.lib.common.rest_client [req-a61a26aa-a6fd-4eee-b224-42252b00fcdf req-a61a26aa-a6fd-4eee-b224-42252b00fcdf ] Request (ServersWithSpecificFlavorTestJSON:test_verify_created_server_ephemeral_disk): 200 GET http://10.180.1.21/compute/v2.1/servers/1f11c625-166f-4609-badf-da4dd9475c37 0.137s
2025-02-03 11:26:42.663 61067 INFO tempest.lib.common.rest_client [req-bf00cce3-0c70-4d9e-8cf7-ccba92678673 req-bf00cce3-0c70-4d9e-8cf7-ccba92678673 ] Request (ServerExternalEventsTest:test_create_server_external_events): 200 GET http://10.180.1.21/compute/v2.1/servers/2696525a-3366-45a1-b413-8e4e0bd9d6c6 0.273s
2025-02-03 11:26:42.664 61053 INFO tempest.lib.common.rest_client [req-67cfe55c-21dd-4255-b55b-2c12f283585d req-67cfe55c-21dd-4255-b55b-2c12f283585d ] Request (ServerDiskConfigTestJSON:test_rebuild_server_with_auto_disk_config): 200 GET http://10.180.1.21/compute/v2.1/servers/72e8a8e0-6229-4557-889b-73851a13dbc1 0.147s
2025-02-03 11:26:42.714 61063 INFO tempest.lib.common.rest_client [req-c99bf25a-825d-49b8-9ee8-21fccaf98ca4 req-c99bf25a-825d-49b8-9ee8-21fccaf98ca4 ] Request (ServerDiagnosticsV248Test:test_get_server_diagnostics): 200 GET http://10.180.1.21/compute/v2.1/servers/ff2ef5e9-f543-4592-9896-e2c75369a971 0.135s
2025-02-03 11:26:42.753 61047 INFO tempest.lib.common.rest_client [req-3dfd0ac2-b171-4011-b29d-a219e5ab49ee req-3dfd0ac2-b171-4011-b29d-a219e5ab49ee ] Request (MigrationsAdminTest:test_list_migrations_in_flavor_resize_situation): 200 GET http://10.180.1.21/compute/v2.1/servers/4e82aa9c-ae76-4b49-b666-5d5adc22d1b5 0.234s
2025-02-03 11:26:42.762 61079 INFO tempest.lib.common.rest_client [req-27006318-517f-47dd-9381-a65057a258e5 req-27006318-517f-47dd-9381-a65057a258e5 ] Request (ServersAaction247Test:test_create_backup): 200 GET http://10.180.1.21/compute/v2.1/servers/c80cde37-2b69-46f7-9ca6-bfa618a18b1e 0.105s
2025-02-03 11:26:42.805 61061 INFO tempest.lib.common.rest_client [req-06af9b32-1e40-4b4d-b2ff-c49aa6714db4 req-06af9b32-1e40-4b4d-b2ff-c49aa6714db4 ] Request (ServersTestFqdnHostnames:test_create_server_with_fqdn_name): 200 GET http://10.180.1.21/compute/v2.1/servers/6af62a04-4a13-46c7-a0b2-28768c789f23 0.083s
2025-02-03 11:26:42.849 61081 INFO tempest.lib.common.rest_client [req-b4f452ea-f341-40fd-b025-940be86b855e req-b4f452ea-f341-40fd-b025-940be86b855e ] Request (VolumesAdminNegativeTest:test_update_attached_volume_with_nonexistent_volume_in_body): 200 GET http://10.180.1.21/compute/v2.1/servers/7957eb49-d540-4c4e-a86a-1ea3631fb5ef 0.171s
2025-02-03 11:26:42.897 61069 INFO tempest.lib.common.rest_client [req-7b687e15-a783-4cab-84a5-3da9c6c30991 req-7b687e15-a783-4cab-84a5-3da9c6c30991 ] Request (DeleteServersAdminTestJSON:test_admin_delete_servers_of_others): 200 GET http://10.180.1.21/compute/v2.1/servers/bea83327-9479-46b2-bd78-c81d72359e8a 0.157s
2025-02-03 11:26:42.897 61049 INFO tempest.lib.common.rest_client [req-772e4c59-642e-4b56-b420-55ae9dafc07c req-772e4c59-642e-4b56-b420-55ae9dafc07c ] Request (ServerShowV254Test:test_rebuild_server): 200 GET http://10.180.1.21/compute/v2.1/servers/8eb675b6-f73d-47a0-af75-63b5a8800e69 0.128s
2025-02-03 11:26:42.943 61051 INFO tempest.lib.common.rest_client [req-6bb3e399-b860-427a-b76f-0aaf3828fd32 req-6bb3e399-b860-427a-b76f-0aaf3828fd32 ] Request (ServerAddressesTestJSON:setUpClass): 200 GET http://10.180.1.21/compute/v2.1/servers/7e3c6624-3c29-4df0-b417-575976b2f0f7 0.133s
2025-02-03 11:26:42.987 61072 INFO tempest.lib.common.rest_client [req-00c7bb7b-a19f-47aa-80e4-1567596962a0 req-00c7bb7b-a19f-47aa-80e4-1567596962a0 ] Request (AttachInterfacesUnderV243Test:test_add_remove_fixed_ip): 200 GET http://10.180.1.21/compute/v2.1/servers/72225dcc-d210-49cf-8395-056bf4f7f652 0.134s
2025-02-03 11:26:43.024 61097 INFO tempest.lib.common.rest_client [req-39617c26-d0c6-481a-a9fa-357b13f50d25 req-39617c26-d0c6-481a-a9fa-357b13f50d25 ] Request (ImagesOneServerTestJSON:setUpClass): 200 GET http://10.180.1.21/compute/v2.1/servers/673185d0-9e2c-49dc-8323-f8b30a65b59d 0.199s
2025-02-03 11:26:43.033 61099 INFO tempest.lib.common.rest_client [req-971c0c6b-ad81-4272-ac36-b5f66ca1eb3d req-971c0c6b-ad81-4272-ac36-b5f66ca1eb3d ] Request (MultipleCreateTestJSON:test_multiple_create): 200 GET http://10.180.1.21/compute/v2.1/servers/57919d5b-769c-4752-873c-d78bb61f5800 0.161s
2025-02-03 11:26:43.074 61066 INFO tempest.lib.common.rest_client [req-72f7f3ce-6e16-43bb-9c29-65380964d340 req-72f7f3ce-6e16-43bb-9c29-65380964d340 ] Request (ServersTestMultiNic:test_verify_duplicate_network_nics): 200 GET http://10.180.1.21/compute/v2.1/servers/b24a1521-7fcb-4369-ab8e-211690508a67 0.177s
2025-02-03 11:26:43.082 61089 INFO tempest.lib.common.rest_client [req-9a2d3aae-fd01-4d4f-9af3-a8e4bdd941ec req-9a2d3aae-fd01-4d4f-9af3-a8e4bdd941ec ] Request (InstanceActionsV221TestJSON:test_get_list_deleted_instance_actions): 200 GET http://10.180.1.21/compute/v2.1/servers/330f33a1-cc70-4346-b6c5-e26720ed72f0 0.158s
2025-02-03 11:26:43.124 61043 INFO tempest.lib.common.rest_client [req-b1103abd-cf3e-4afb-aff6-cac7313c0771 req-b1103abd-cf3e-4afb-aff6-cac7313c0771 ] Request (ServersAdmin275Test:test_rebuild_update_server_275): 200 GET http://10.180.1.21/compute/v2.1/servers/8d32e9d3-43ff-47dd-a52b-102edbe3af11 0.076s
2025-02-03 11:26:43.131 61059 INFO tempest.lib.common.rest_client [req-87aebac2-d812-43e1-8476-231b4105301c req-87aebac2-d812-43e1-8476-231b4105301c ] Request (ServersTestBootFromVolume:setUpClass): 200 GET http://10.180.1.21/volume/v3/cf1b25f7bbec4186bff6532c2abfab84/volumes/387072a8-7c57-43cc-8a5f-d4eb1eff6cd9 0.023s
2025-02-03 11:26:43.137 61045 INFO tempest.lib.common.rest_client [req-23a0a66e-841d-4bb6-9b8b-7c83c51486fc req-23a0a66e-841d-4bb6-9b8b-7c83c51486fc ] Request (ServersTestJSON:test_create_server_specify_multibyte_character_name): 200 GET http://10.180.1.21/compute/v2.1/servers/59c6c887-b973-4a03-ba64-4ad12be45f64 0.047s
2025-02-03 11:26:43.196 61075 INFO tempest.lib.common.rest_client [req-0fb2709c-8ccf-4e7e-9a2e-830890778b94 req-0fb2709c-8ccf-4e7e-9a2e-830890778b94 ] Request (DeleteServersTestJSON:test_delete_active_server): 200 GET http://10.180.1.21/compute/v2.1/servers/a48f97b9-8720-4ad2-82a3-bae679b6b2ef 0.053s
2025-02-03 11:26:43.213 61095 INFO tempest.lib.common.rest_client [req-9a6262c6-8379-4a78-a944-cabee40b0d46 req-9a6262c6-8379-4a78-a944-cabee40b0d46 ] Request (ServerPasswordTestJSON:setUpClass): 200 GET http://10.180.1.21/compute/v2.1/servers/b846d9ae-759a-4898-9ede-091819325701 0.120s
2025-02-03 11:26:43.240 61055 INFO tempest.lib.common.rest_client [req-e02a7b70-a563-4473-9ca8-5a03316b84e4 req-e02a7b70-a563-4473-9ca8-5a03316b84e4 ] Request (VolumesAssistedSnapshotsTest:test_volume_assisted_snapshot_create_delete): 200 GET http://10.180.1.21/compute/v2.1/servers/7a378ea2-b981-443a-a925-9819ac5b979f 0.045s
2025-02-03 11:26:43.287 61105 INFO tempest.lib.common.rest_client [req-6cd4227f-52b8-4963-b01a-8a8e3a611953 req-6cd4227f-52b8-4963-b01a-8a8e3a611953 ] Request (ImagesNegativeTestJSON:test_create_image_from_deleted_server): 200 GET http://10.180.1.21/compute/v2.1/servers/586d9ca2-c287-49bc-bf61-a5140ceaddea 0.045s
2025-02-03 11:26:43.334 61103 INFO tempest.lib.common.rest_client [req-d528b5df-a731-446d-8ea3-7225a3563088 req-d528b5df-a731-446d-8ea3-7225a3563088 ] Request (ServersAdminNegativeTestJSON:setUpClass): 200 GET http://10.180.1.21/compute/v2.1/servers/4a0b0a82-3910-4201-b1f7-34c862667e3c 0.100s
2025-02-03 11:26:43.342 61073 INFO tempest.lib.common.rest_client [req-13d97996-3710-454b-bff1-4cb964703f9c req-13d97996-3710-454b-bff1-4cb964703f9c ] Request (ServerActionsV293TestJSON:setUpClass): 200 GET http://10.180.1.21/compute/v2.1/servers/fdd51c42-e0c1-4ad1-aee9-f091cfec0030 0.050s
2025-02-03 11:26:43.378 61093 INFO tempest.lib.common.rest_client [req-c9065e5c-ef29-464b-a2ff-a885e3990c82 req-c9065e5c-ef29-464b-a2ff-a885e3990c82 ] Request (AttachInterfacesTestJSON:test_create_list_show_delete_interfaces_by_fixed_ip): 200 GET http://10.180.1.21/compute/v2.1/servers/b154a29f-564d-449d-8321-8ded1d4ec29b 0.065s
2025-02-03 11:26:43.407 61087 INFO tempest.lib.common.rest_client [req-c8c402d2-177a-4c4b-96d4-da1294bbf7ab req-c8c402d2-177a-4c4b-96d4-da1294bbf7ab ] Request (SecurityGroupsTestJSON:test_list_security_groups_by_server): 200 GET http://10.180.1.21/compute/v2.1/servers/7d8b4524-f867-4605-a468-a1c39e77dabd 0.046s
2025-02-03 11:26:43.572 61085 INFO tempest.lib.common.rest_client [req-9177b35a-73e7-40dc-aaf7-a10467714157 req-9177b35a-73e7-40dc-aaf7-a10467714157 ] Request (ServerDiagnosticsTest:test_get_server_diagnostics): 200 GET http://10.180.1.21/compute/v2.1/servers/2f530484-d828-4b65-a81e-c1c1a84ec903 0.087s
2025-02-03 11:26:43.574 61101 INFO tempest.lib.common.rest_client [req-789d2c42-4e1b-475f-aafe-135b3a6abb2b req-789d2c42-4e1b-475f-aafe-135b3a6abb2b ] Request (FloatingIPsAssociationNegativeTestJSON:setUpClass): 200 GET http://10.180.1.21/compute/v2.1/servers/437e0c0d-6d0e-4465-9651-14e420b646ae 0.045s
2025-02-03 11:26:43.627 61083 INFO tempest.lib.common.rest_client [req-ef1eafc0-38f7-4f9b-8eff-0ac88c18db65 req-ef1eafc0-38f7-4f9b-8eff-0ac88c18db65 ] Request (ServersTestManualDisk:setUpClass): 200 GET http://10.180.1.21/compute/v2.1/servers/130cd4e5-9df4-4428-abaa-d937d73d9950 0.048s
2025-02-03 11:26:43.670 61057 INFO tempest.lib.common.rest_client [req-108d15f8-e03a-406a-a5a2-eb6115c483c9 req-108d15f8-e03a-406a-a5a2-eb6115c483c9 ] Request (ServersWithSpecificFlavorTestJSON:test_verify_created_server_ephemeral_disk): 200 GET http://10.180.1.21/compute/v2.1/servers/1f11c625-166f-4609-badf-da4dd9475c37 0.046s
2025-02-03 11:26:43.716 61053 INFO tempest.lib.common.rest_client [req-37cfce91-4b81-4339-919c-e226c7c8d822 req-37cfce91-4b81-4339-919c-e226c7c8d822 ] Request (ServerDiskConfigTestJSON:test_rebuild_server_with_auto_disk_config): 200 GET http://10.180.1.21/compute/v2.1/servers/72e8a8e0-6229-4557-889b-73851a13dbc1 0.044s
2025-02-03 11:26:43.756 61067 INFO tempest.lib.common.rest_client [req-a02dee9c-0eac-4090-83f3-a40a4e19eea7 req-a02dee9c-0eac-4090-83f3-a40a4e19eea7 ] Request (ServerExternalEventsTest:test_create_server_external_events): 200 GET http://10.180.1.21/compute/v2.1/servers/2696525a-3366-45a1-b413-8e4e0bd9d6c6 0.086s
2025-02-03 11:26:43.770 61063 INFO tempest.lib.common.rest_client [req-85ad83c8-6404-4067-85ac-f99108f552cf req-85ad83c8-6404-4067-85ac-f99108f552cf ] Request (ServerDiagnosticsV248Test:test_get_server_diagnostics): 200 GET http://10.180.1.21/compute/v2.1/servers/ff2ef5e9-f543-4592-9896-e2c75369a971 0.047s
2025-02-03 11:26:43.818 61079 INFO tempest.lib.common.rest_client [req-0873623e-c48d-4702-b435-fa6e439f42c3 req-0873623e-c48d-4702-b435-fa6e439f42c3 ] Request (ServersAaction247Test:test_create_backup): 200 GET http://10.180.1.21/compute/v2.1/servers/c80cde37-2b69-46f7-9ca6-bfa618a18b1e 0.047s
2025-02-03 11:26:43.848 61047 INFO tempest.lib.common.rest_client [req-b6a94cf1-19ed-47ad-a961-433465bae47e req-b6a94cf1-19ed-47ad-a961-433465bae47e ] Request (MigrationsAdminTest:test_list_migrations_in_flavor_resize_situation): 200 GET http://10.180.1.21/compute/v2.1/servers/4e82aa9c-ae76-4b49-b666-5d5adc22d1b5 0.087s
2025-02-03 11:26:43.862 61061 INFO tempest.lib.common.rest_client [req-695df15b-ca46-4953-be93-4751be8aa17b req-695df15b-ca46-4953-be93-4751be8aa17b ] Request (ServersTestFqdnHostnames:test_create_server_with_fqdn_name): 200 GET http://10.180.1.21/compute/v2.1/servers/6af62a04-4a13-46c7-a0b2-28768c789f23 0.048s
2025-02-03 11:26:43.947 61081 INFO tempest.lib.common.rest_client [req-99eb91c2-b5d6-47ce-9894-5a60fab6a7f6 req-99eb91c2-b5d6-47ce-9894-5a60fab6a7f6 ] Request (VolumesAdminNegativeTest:test_update_attached_volume_with_nonexistent_volume_in_body): 200 GET http://10.180.1.21/compute/v2.1/servers/7957eb49-d540-4c4e-a86a-1ea3631fb5ef 0.090s
2025-02-03 11:26:43.996 61049 INFO tempest.lib.common.rest_client [req-2ea096af-28ab-419f-a954-df7233714ff0 req-2ea096af-28ab-419f-a954-df7233714ff0 ] Request (ServerShowV254Test:test_rebuild_server): 200 GET http://10.180.1.21/compute/v2.1/servers/8eb675b6-f73d-47a0-af75-63b5a8800e69 0.091s
2025-02-03 11:26:44.041 61051 INFO tempest.lib.common.rest_client [req-7e4f5dae-eb99-4214-9172-42b9fcf81ecd req-7e4f5dae-eb99-4214-9172-42b9fcf81ecd ] Request (ServerAddressesTestJSON:setUpClass): 200 GET http://10.180.1.21/compute/v2.1/servers/7e3c6624-3c29-4df0-b417-575976b2f0f7 0.091s
2025-02-03 11:26:44.044 61069 INFO tempest.lib.common.rest_client [req-58157f95-0709-4624-b9df-faf61c2f9fe8 req-58157f95-0709-4624-b9df-faf61c2f9fe8 ] Request (DeleteServersAdminTestJSON:test_admin_delete_servers_of_others): 200 GET http://10.180.1.21/compute/v2.1/servers/bea83327-9479-46b2-bd78-c81d72359e8a 0.139s
2025-02-03 11:26:44.087 61072 INFO tempest.lib.common.rest_client [req-deeea0f5-7098-4a35-9b36-efc5248ef9ae req-deeea0f5-7098-4a35-9b36-efc5248ef9ae ] Request (AttachInterfacesUnderV243Test:test_add_remove_fixed_ip): 200 GET http://10.180.1.21/compute/v2.1/servers/72225dcc-d210-49cf-8395-056bf4f7f652 0.092s
2025-02-03 11:26:44.132 61099 INFO tempest.lib.common.rest_client [req-03ef9153-c125-4045-b420-4d1fa1611da4 req-03ef9153-c125-4045-b420-4d1fa1611da4 ] Request (MultipleCreateTestJSON:test_multiple_create): 200 GET http://10.180.1.21/compute/v2.1/servers/57919d5b-769c-4752-873c-d78bb61f5800 0.091s
2025-02-03 11:26:44.165 61059 INFO tempest.lib.common.rest_client [req-afa05abe-ff68-4caa-b1ab-89f7f2026b70 req-afa05abe-ff68-4caa-b1ab-89f7f2026b70 ] Request (ServersTestBootFromVolume:setUpClass): 200 GET http://10.180.1.21/volume/v3/cf1b25f7bbec4186bff6532c2abfab84/volumes/387072a8-7c57-43cc-8a5f-d4eb1eff6cd9 0.026s
2025-02-03 11:26:44.174 61097 INFO tempest.lib.common.rest_client [req-9fe8fea7-0444-43ec-a6e8-6ace549739ec req-9fe8fea7-0444-43ec-a6e8-6ace549739ec ] Request (ImagesOneServerTestJSON:setUpClass): 200 GET http://10.180.1.21/compute/v2.1/servers/673185d0-9e2c-49dc-8323-f8b30a65b59d 0.143s
2025-02-03 11:26:44.176 61066 INFO tempest.lib.common.rest_client [req-948aba28-0d1d-40dd-ad2d-fbca97781bf7 req-948aba28-0d1d-40dd-ad2d-fbca97781bf7 ] Request (ServersTestMultiNic:test_verify_duplicate_network_nics): 200 GET http://10.180.1.21/compute/v2.1/servers/b24a1521-7fcb-4369-ab8e-211690508a67 0.094s
2025-02-03 11:26:44.219 61089 INFO tempest.lib.common.rest_client [req-007854b0-0039-484c-91ba-ca8548b65bd7 req-007854b0-0039-484c-91ba-ca8548b65bd7 ] Request (InstanceActionsV221TestJSON:test_get_list_deleted_instance_actions): 200 GET http://10.180.1.21/compute/v2.1/servers/330f33a1-cc70-4346-b6c5-e26720ed72f0 0.129s
2025-02-03 11:26:44.225 61043 INFO tempest.lib.common.rest_client [req-1d14496c-29a7-4163-b848-64f3e12edf9b req-1d14496c-29a7-4163-b848-64f3e12edf9b ] Request (ServersAdmin275Test:test_rebuild_update_server_275): 200 GET http://10.180.1.21/compute/v2.1/servers/8d32e9d3-43ff-47dd-a52b-102edbe3af11 0.086s
2025-02-03 11:26:44.264 61045 INFO tempest.lib.common.rest_client [req-570c0fb3-22e9-4864-bce0-5494761d5d7d req-570c0fb3-22e9-4864-bce0-5494761d5d7d ] Request (ServersTestJSON:test_create_server_specify_multibyte_character_name): 200 GET http://10.180.1.21/compute/v2.1/servers/59c6c887-b973-4a03-ba64-4ad12be45f64 0.119s
2025-02-03 11:26:44.269 61075 INFO tempest.lib.common.rest_client [req-8462705f-3293-4631-84e5-460f9ba70fe8 req-8462705f-3293-4631-84e5-460f9ba70fe8 ] Request (DeleteServersTestJSON:test_delete_active_server): 200 GET http://10.180.1.21/compute/v2.1/servers/a48f97b9-8720-4ad2-82a3-bae679b6b2ef 0.066s
2025-02-03 11:26:44.311 61055 INFO tempest.lib.common.rest_client [req-4ae68f20-b0b4-4325-8b5f-ccb21b941237 req-4ae68f20-b0b4-4325-8b5f-ccb21b941237 ] Request (VolumesAssistedSnapshotsTest:test_volume_assisted_snapshot_create_delete): 200 GET http://10.180.1.21/compute/v2.1/servers/7a378ea2-b981-443a-a925-9819ac5b979f 0.063s
2025-02-03 11:26:44.355 61105 INFO tempest.lib.common.rest_client [req-83474e26-cae0-4d3a-b627-b8acb27f155c req-83474e26-cae0-4d3a-b627-b8acb27f155c ] Request (ImagesNegativeTestJSON:test_create_image_from_deleted_server): 200 GET http://10.180.1.21/compute/v2.1/servers/586d9ca2-c287-49bc-bf61-a5140ceaddea 0.057s
2025-02-03 11:26:44.384 61095 INFO tempest.lib.common.rest_client [req-64b7f11b-a555-4f66-9258-a842e4652e70 req-64b7f11b-a555-4f66-9258-a842e4652e70 ] Request (ServerPasswordTestJSON:setUpClass): 200 GET http://10.180.1.21/compute/v2.1/servers/b846d9ae-759a-4898-9ede-091819325701 0.164s
2025-02-03 11:26:44.433 61073 INFO tempest.lib.common.rest_client [req-14a800b0-5e8d-44a3-9d41-57516c9bd097 req-14a800b0-5e8d-44a3-9d41-57516c9bd097 ] Request (ServerActionsV293TestJSON:setUpClass): 200 GET http://10.180.1.21/compute/v2.1/servers/fdd51c42-e0c1-4ad1-aee9-f091cfec0030 0.081s
2025-02-03 11:26:44.439 61103 INFO tempest.lib.common.rest_client [req-a956c118-a438-43cd-a884-a27283a5c9c1 req-a956c118-a438-43cd-a884-a27283a5c9c1 ] Request (ServersAdminNegativeTestJSON:setUpClass): 200 GET http://10.180.1.21/compute/v2.1/servers/4a0b0a82-3910-4201-b1f7-34c862667e3c 0.096s
2025-02-03 11:26:44.474 61093 INFO tempest.lib.common.rest_client [req-0c6373e8-245d-4dc2-a1d1-b308950234fb req-0c6373e8-245d-4dc2-a1d1-b308950234fb ] Request (AttachInterfacesTestJSON:test_create_list_show_delete_interfaces_by_fixed_ip): 200 GET http://10.180.1.21/compute/v2.1/servers/b154a29f-564d-449d-8321-8ded1d4ec29b 0.087s
2025-02-03 11:26:44.482 61087 INFO tempest.lib.common.rest_client [req-a810f3d2-8129-48e8-89f0-94f484cb33d2 req-a810f3d2-8129-48e8-89f0-94f484cb33d2 ] Request (SecurityGroupsTestJSON:test_list_security_groups_by_server): 200 GET http://10.180.1.21/compute/v2.1/servers/7d8b4524-f867-4605-a468-a1c39e77dabd 0.068s
2025-02-03 11:26:44.628 61101 INFO tempest.lib.common.rest_client [req-df7e8bfc-9534-4762-b09c-0ffebd6ffd2b req-df7e8bfc-9534-4762-b09c-0ffebd6ffd2b ] Request (FloatingIPsAssociationNegativeTestJSON:setUpClass): 200 GET http://10.180.1.21/compute/v2.1/servers/437e0c0d-6d0e-4465-9651-14e420b646ae 0.047s
2025-02-03 11:26:44.677 61085 INFO tempest.lib.common.rest_client [req-5195d20d-e6c2-48c0-be70-e33f03c71fc1 req-5195d20d-e6c2-48c0-be70-e33f03c71fc1 ] Request (ServerDiagnosticsTest:test_get_server_diagnostics): 200 GET http://10.180.1.21/compute/v2.1/servers/2f530484-d828-4b65-a81e-c1c1a84ec903 0.097s
2025-02-03 11:26:44.682 61083 INFO tempest.lib.common.rest_client [req-596e7c45-bf95-419f-adaa-958b721287c9 req-596e7c45-bf95-419f-adaa-958b721287c9 ] Request (ServersTestManualDisk:setUpClass): 200 GET http://10.180.1.21/compute/v2.1/servers/130cd4e5-9df4-4428-abaa-d937d73d9950 0.046s
2025-02-03 11:26:44.722 61057 INFO tempest.lib.common.rest_client [req-79be790f-deac-4a18-937f-7d74e0a61f4a req-79be790f-deac-4a18-937f-7d74e0a61f4a ] Request (ServersWithSpecificFlavorTestJSON:test_verify_created_server_ephemeral_disk): 200 GET http://10.180.1.21/compute/v2.1/servers/1f11c625-166f-4609-badf-da4dd9475c37 0.044s
2025-02-03 11:26:44.769 61053 INFO tempest.lib.common.rest_client [req-8352b1b7-9974-43fa-add2-9f2fd8d4d876 req-8352b1b7-9974-43fa-add2-9f2fd8d4d876 ] Request (ServerDiskConfigTestJSON:test_rebuild_server_with_auto_disk_config): 200 GET http://10.180.1.21/compute/v2.1/servers/72e8a8e0-6229-4557-889b-73851a13dbc1 0.046s
2025-02-03 11:26:44.832 61063 INFO tempest.lib.common.rest_client [req-f44d3a87-bcfc-44ec-abf7-de9ae69a46f7 req-f44d3a87-bcfc-44ec-abf7-de9ae69a46f7 ] Request (ServerDiagnosticsV248Test:test_get_server_diagnostics): 200 GET http://10.180.1.21/compute/v2.1/servers/ff2ef5e9-f543-4592-9896-e2c75369a971 0.052s
2025-02-03 11:26:44.855 61067 INFO tempest.lib.common.rest_client [req-54f6b4d8-78f4-41b0-a823-3bf9e40a07ff req-54f6b4d8-78f4-41b0-a823-3bf9e40a07ff ] Request (ServerExternalEventsTest:test_create_server_external_events): 200 GET http://10.180.1.21/compute/v2.1/servers/2696525a-3366-45a1-b413-8e4e0bd9d6c6 0.090s
2025-02-03 11:26:44.877 61079 INFO tempest.lib.common.rest_client [req-b067c50d-517d-4077-911b-449794b5bbfc req-b067c50d-517d-4077-911b-449794b5bbfc ] Request (ServersAaction247Test:test_create_backup): 200 GET http://10.180.1.21/compute/v2.1/servers/c80cde37-2b69-46f7-9ca6-bfa618a18b1e 0.049s
2025-02-03 11:26:44.921 61061 INFO tempest.lib.common.rest_client [req-623077b9-aa38-41da-a4e2-766294e6d20b req-623077b9-aa38-41da-a4e2-766294e6d20b ] Request (ServersTestFqdnHostnames:test_create_server_with_fqdn_name): 200 GET http://10.180.1.21/compute/v2.1/servers/6af62a04-4a13-46c7-a0b2-28768c789f23 0.050s
2025-02-03 11:26:44.942 61047 INFO tempest.lib.common.rest_client [req-aba9dd9a-8d5d-49b5-b2f3-6ef245d10f2f req-aba9dd9a-8d5d-49b5-b2f3-6ef245d10f2f ] Request (MigrationsAdminTest:test_list_migrations_in_flavor_resize_situation): 200 GET http://10.180.1.21/compute/v2.1/servers/4e82aa9c-ae76-4b49-b666-5d5adc22d1b5 0.086s
2025-02-03 11:26:45.043 61081 INFO tempest.lib.common.rest_client [req-6c70d0b9-fdde-4b92-a07f-1ee26fde7ab5 req-6c70d0b9-fdde-4b92-a07f-1ee26fde7ab5 ] Request (VolumesAdminNegativeTest:test_update_attached_volume_with_nonexistent_volume_in_body): 200 GET http://10.180.1.21/compute/v2.1/servers/7957eb49-d540-4c4e-a86a-1ea3631fb5ef 0.088s
2025-02-03 11:26:45.055 61049 INFO tempest.lib.common.rest_client [req-597965ee-c5e9-4ec1-91a0-66348353affa req-597965ee-c5e9-4ec1-91a0-66348353affa ] Request (ServerShowV254Test:test_rebuild_server): 200 GET http://10.180.1.21/compute/v2.1/servers/8eb675b6-f73d-47a0-af75-63b5a8800e69 0.049s
2025-02-03 11:26:45.097 61051 INFO tempest.lib.common.rest_client [req-e494fed8-8d12-496d-8094-99ed801db277 req-e494fed8-8d12-496d-8094-99ed801db277 ] Request (ServerAddressesTestJSON:setUpClass): 200 GET http://10.180.1.21/compute/v2.1/servers/7e3c6624-3c29-4df0-b417-575976b2f0f7 0.048s
2025-02-03 11:26:45.140 61069 INFO tempest.lib.common.rest_client [req-3be84ca5-af77-4501-adfa-85b8f7022a35 req-3be84ca5-af77-4501-adfa-85b8f7022a35 ] Request (DeleteServersAdminTestJSON:test_admin_delete_servers_of_others): 200 GET http://10.180.1.21/compute/v2.1/servers/bea83327-9479-46b2-bd78-c81d72359e8a 0.089s
2025-02-03 11:26:45.141 61072 INFO tempest.lib.common.rest_client [req-d7ca32c6-3add-4b8c-bb3d-72fe86a4095d req-d7ca32c6-3add-4b8c-bb3d-72fe86a4095d ] Request (AttachInterfacesUnderV243Test:test_add_remove_fixed_ip): 200 GET http://10.180.1.21/compute/v2.1/servers/72225dcc-d210-49cf-8395-056bf4f7f652 0.045s
2025-02-03 11:26:45.187 61099 INFO tempest.lib.common.rest_client [req-7c0f740d-8fb9-483a-bdf6-47688b10cd25 req-7c0f740d-8fb9-483a-bdf6-47688b10cd25 ] Request (MultipleCreateTestJSON:test_multiple_create): 200 GET http://10.180.1.21/compute/v2.1/servers/57919d5b-769c-4752-873c-d78bb61f5800 0.045s
2025-02-03 11:26:45.194 61059 INFO tempest.lib.common.rest_client [req-ca9e3ccf-d769-4275-9500-a65d443f278c req-ca9e3ccf-d769-4275-9500-a65d443f278c ] Request (ServersTestBootFromVolume:setUpClass): 200 GET http://10.180.1.21/volume/v3/cf1b25f7bbec4186bff6532c2abfab84/volumes/387072a8-7c57-43cc-8a5f-d4eb1eff6cd9 0.022s
2025-02-03 11:26:45.229 61066 INFO tempest.lib.common.rest_client [req-cedebffc-5eb4-4869-8f5e-c91378bddfbb req-cedebffc-5eb4-4869-8f5e-c91378bddfbb ] Request (ServersTestMultiNic:test_verify_duplicate_network_nics): 200 GET http://10.180.1.21/compute/v2.1/servers/b24a1521-7fcb-4369-ab8e-211690508a67 0.044s
2025-02-03 11:26:45.272 61097 INFO tempest.lib.common.rest_client [req-9598d8d9-08c1-49db-a5eb-ca68e7be6d35 req-9598d8d9-08c1-49db-a5eb-ca68e7be6d35 ] Request (ImagesOneServerTestJSON:setUpClass): 200 GET http://10.180.1.21/compute/v2.1/servers/673185d0-9e2c-49dc-8323-f8b30a65b59d 0.089s
2025-02-03 11:26:45.274 61089 INFO tempest.lib.common.rest_client [req-9174f00f-1c31-4272-ab95-5bcdf108624f req-9174f00f-1c31-4272-ab95-5bcdf108624f ] Request (InstanceActionsV221TestJSON:test_get_list_deleted_instance_actions): 200 GET http://10.180.1.21/compute/v2.1/servers/330f33a1-cc70-4346-b6c5-e26720ed72f0 0.045s
2025-02-03 11:26:45.317 61045 INFO tempest.lib.common.rest_client [req-6c5c045b-8364-4dd3-9ff4-37a86ad1d0f5 req-6c5c045b-8364-4dd3-9ff4-37a86ad1d0f5 ] Request (ServersTestJSON:test_create_server_specify_multibyte_character_name): 200 GET http://10.180.1.21/compute/v2.1/servers/59c6c887-b973-4a03-ba64-4ad12be45f64 0.046s
2025-02-03 11:26:45.322 61043 INFO tempest.lib.common.rest_client [req-b8f467cd-cbcd-46e1-b94e-b4c6384c6d89 req-b8f467cd-cbcd-46e1-b94e-b4c6384c6d89 ] Request (ServersAdmin275Test:test_rebuild_update_server_275): 200 GET http://10.180.1.21/compute/v2.1/servers/8d32e9d3-43ff-47dd-a52b-102edbe3af11 0.086s
2025-02-03 11:26:45.361 61075 INFO tempest.lib.common.rest_client [req-7f90464f-abd6-474c-a114-47ef6a80571d req-7f90464f-abd6-474c-a114-47ef6a80571d ] Request (DeleteServersTestJSON:test_delete_active_server): 200 GET http://10.180.1.21/compute/v2.1/servers/a48f97b9-8720-4ad2-82a3-bae679b6b2ef 0.084s
2025-02-03 11:26:45.365 61055 INFO tempest.lib.common.rest_client [req-f8a141ee-82b5-4114-8458-c73d5203a2cb req-f8a141ee-82b5-4114-8458-c73d5203a2cb ] Request (VolumesAssistedSnapshotsTest:test_volume_assisted_snapshot_create_delete): 200 GET http://10.180.1.21/compute/v2.1/servers/7a378ea2-b981-443a-a925-9819ac5b979f 0.045s
2025-02-03 11:26:45.407 61105 INFO tempest.lib.common.rest_client [req-d13b480e-29b0-4e01-bd58-b4e9c2faf436 req-d13b480e-29b0-4e01-bd58-b4e9c2faf436 ] Request (ImagesNegativeTestJSON:test_create_image_from_deleted_server): 200 GET http://10.180.1.21/compute/v2.1/servers/586d9ca2-c287-49bc-bf61-a5140ceaddea 0.044s
2025-02-03 11:26:45.479 61095 INFO tempest.lib.common.rest_client [req-bea58e6b-f11d-438a-ad71-48c5dd012e6d req-bea58e6b-f11d-438a-ad71-48c5dd012e6d ] Request (ServerPasswordTestJSON:setUpClass): 200 GET http://10.180.1.21/compute/v2.1/servers/b846d9ae-759a-4898-9ede-091819325701 0.087s
2025-02-03 11:26:45.495 61073 INFO tempest.lib.common.rest_client [req-b389cede-f032-4b9e-a4a0-d74261b27267 req-b389cede-f032-4b9e-a4a0-d74261b27267 ] Request (ServerActionsV293TestJSON:setUpClass): 200 GET http://10.180.1.21/compute/v2.1/servers/fdd51c42-e0c1-4ad1-aee9-f091cfec0030 0.052s
2025-02-03 11:26:45.538 61093 INFO tempest.lib.common.rest_client [req-9c0e767b-d744-441d-8d49-a160f28e8e47 req-9c0e767b-d744-441d-8d49-a160f28e8e47 ] Request (AttachInterfacesTestJSON:test_create_list_show_delete_interfaces_by_fixed_ip): 200 GET http://10.180.1.21/compute/v2.1/servers/b154a29f-564d-449d-8321-8ded1d4ec29b 0.057s
2025-02-03 11:26:45.566 61103 INFO tempest.lib.common.rest_client [req-1f669bb3-a525-4129-9320-1e7b8cafc998 req-1f669bb3-a525-4129-9320-1e7b8cafc998 ] Request (ServersAdminNegativeTestJSON:setUpClass): 200 GET http://10.180.1.21/compute/v2.1/servers/4a0b0a82-3910-4201-b1f7-34c862667e3c 0.120s
2025-02-03 11:26:45.582 61087 INFO tempest.lib.common.rest_client [req-bc9862db-e51b-4f9e-9b79-ec37d50a697b req-bc9862db-e51b-4f9e-9b79-ec37d50a697b ] Request (SecurityGroupsTestJSON:test_list_security_groups_by_server): 200 GET http://10.180.1.21/compute/v2.1/servers/7d8b4524-f867-4605-a468-a1c39e77dabd 0.092s
2025-02-03 11:26:45.683 61101 INFO tempest.lib.common.rest_client [req-a8b56236-03d1-417a-88f6-db28aa0ec538 req-a8b56236-03d1-417a-88f6-db28aa0ec538 ] Request (FloatingIPsAssociationNegativeTestJSON:setUpClass): 200 GET http://10.180.1.21/compute/v2.1/servers/437e0c0d-6d0e-4465-9651-14e420b646ae 0.047s
2025-02-03 11:26:45.738 61083 INFO tempest.lib.common.rest_client [req-c919c3c0-001b-47be-bbc5-e29a779c68ab req-c919c3c0-001b-47be-bbc5-e29a779c68ab ] Request (ServersTestManualDisk:setUpClass): 200 GET http://10.180.1.21/compute/v2.1/servers/130cd4e5-9df4-4428-abaa-d937d73d9950 0.049s
2025-02-03 11:26:45.781 61057 INFO tempest.lib.common.rest_client [req-c2a00b74-ad94-4fc0-8a76-1bb1485cb5e8 req-c2a00b74-ad94-4fc0-8a76-1bb1485cb5e8 ] Request (ServersWithSpecificFlavorTestJSON:test_verify_created_server_ephemeral_disk): 200 GET http://10.180.1.21/compute/v2.1/servers/1f11c625-166f-4609-badf-da4dd9475c37 0.050s
2025-02-03 11:26:45.825 61053 INFO tempest.lib.common.rest_client [req-2ccec205-7a6e-444d-a385-8bc41eee8f43 req-2ccec205-7a6e-444d-a385-8bc41eee8f43 ] Request (ServerDiskConfigTestJSON:test_rebuild_server_with_auto_disk_config): 200 GET http://10.180.1.21/compute/v2.1/servers/72e8a8e0-6229-4557-889b-73851a13dbc1 0.048s
2025-02-03 11:26:45.892 61063 INFO tempest.lib.common.rest_client [req-8c405557-642f-4096-b2f6-25d5403dfb8d req-8c405557-642f-4096-b2f6-25d5403dfb8d ] Request (ServerDiagnosticsV248Test:test_get_server_diagnostics): 200 GET http://10.180.1.21/compute/v2.1/servers/ff2ef5e9-f543-4592-9896-e2c75369a971 0.050s
2025-02-03 11:26:45.939 61085 INFO tempest.lib.common.rest_client [req-e132e8fb-4fe7-430c-8fcc-637c656815f9 req-e132e8fb-4fe7-430c-8fcc-637c656815f9 ] Request (ServerDiagnosticsTest:test_get_server_diagnostics): 200 GET http://10.180.1.21/compute/v2.1/servers/2f530484-d828-4b65-a81e-c1c1a84ec903 0.254s
2025-02-03 11:26:45.977 61067 INFO tempest.lib.common.rest_client [req-bbf71ccf-390a-4efa-ac37-282bd5c44ca8 req-bbf71ccf-390a-4efa-ac37-282bd5c44ca8 ] Request (ServerExternalEventsTest:test_create_server_external_events): 200 GET http://10.180.1.21/compute/v2.1/servers/2696525a-3366-45a1-b413-8e4e0bd9d6c6 0.114s
2025-02-03 11:26:45.984 61079 INFO tempest.lib.common.rest_client [req-73d92c08-d1b8-41d3-9552-680c879737b4 req-73d92c08-d1b8-41d3-9552-680c879737b4 ] Request (ServersAaction247Test:test_create_backup): 200 GET http://10.180.1.21/compute/v2.1/servers/c80cde37-2b69-46f7-9ca6-bfa618a18b1e 0.094s
2025-02-03 11:26:46.021 61061 INFO tempest.lib.common.rest_client [req-fc4f874b-abc8-419f-bdc4-203f51bf980b req-fc4f874b-abc8-419f-bdc4-203f51bf980b ] Request (ServersTestFqdnHostnames:test_create_server_with_fqdn_name): 200 GET http://10.180.1.21/compute/v2.1/servers/6af62a04-4a13-46c7-a0b2-28768c789f23 0.093s
2025-02-03 11:26:46.070 61047 INFO tempest.lib.common.rest_client [req-8d3c7dba-eff8-4ed9-a348-ab2f5bd49d82 req-8d3c7dba-eff8-4ed9-a348-ab2f5bd49d82 ] Request (MigrationsAdminTest:test_list_migrations_in_flavor_resize_situation): 200 GET http://10.180.1.21/compute/v2.1/servers/4e82aa9c-ae76-4b49-b666-5d5adc22d1b5 0.121s
2025-02-03 11:26:46.119 61049 INFO tempest.lib.common.rest_client [req-4a88ecb5-d8cd-4fc8-8f30-5cd79cf02192 req-4a88ecb5-d8cd-4fc8-8f30-5cd79cf02192 ] Request (ServerShowV254Test:test_rebuild_server): 200 GET http://10.180.1.21/compute/v2.1/servers/8eb675b6-f73d-47a0-af75-63b5a8800e69 0.055s
2025-02-03 11:26:46.147 61081 INFO tempest.lib.common.rest_client [req-d2454945-3ad4-4469-afab-06c9372efdbb req-d2454945-3ad4-4469-afab-06c9372efdbb ] Request (VolumesAdminNegativeTest:test_update_attached_volume_with_nonexistent_volume_in_body): 200 GET http://10.180.1.21/compute/v2.1/servers/7957eb49-d540-4c4e-a86a-1ea3631fb5ef 0.096s
2025-02-03 11:26:46.166 61051 INFO tempest.lib.common.rest_client [req-c8892747-26ee-475d-8639-bc88c4e2d2fd req-c8892747-26ee-475d-8639-bc88c4e2d2fd ] Request (ServerAddressesTestJSON:setUpClass): 200 GET http://10.180.1.21/compute/v2.1/servers/7e3c6624-3c29-4df0-b417-575976b2f0f7 0.061s
2025-02-03 11:26:46.210 61072 INFO tempest.lib.common.rest_client [req-2822b41e-9d49-400e-bb69-53abd5dfc670 req-2822b41e-9d49-400e-bb69-53abd5dfc670 ] Request (AttachInterfacesUnderV243Test:test_add_remove_fixed_ip): 200 GET http://10.180.1.21/compute/v2.1/servers/72225dcc-d210-49cf-8395-056bf4f7f652 0.061s
2025-02-03 11:26:46.225 61059 INFO tempest.lib.common.rest_client [req-4d999227-85a5-4412-978f-9b2340081d2e req-4d999227-85a5-4412-978f-9b2340081d2e ] Request (ServersTestBootFromVolume:setUpClass): 200 GET http://10.180.1.21/volume/v3/cf1b25f7bbec4186bff6532c2abfab84/volumes/387072a8-7c57-43cc-8a5f-d4eb1eff6cd9 0.024s
2025-02-03 11:26:46.239 61069 INFO tempest.lib.common.rest_client [req-bb996742-f616-4086-9ebc-b653052c53ed req-bb996742-f616-4086-9ebc-b653052c53ed ] Request (DeleteServersAdminTestJSON:test_admin_delete_servers_of_others): 200 GET http://10.180.1.21/compute/v2.1/servers/bea83327-9479-46b2-bd78-c81d72359e8a 0.091s
2025-02-03 11:26:46.255 61099 INFO tempest.lib.common.rest_client [req-1ce15b16-e3d8-4bc0-8dc4-1ecb3be062bb req-1ce15b16-e3d8-4bc0-8dc4-1ecb3be062bb ] Request (MultipleCreateTestJSON:test_multiple_create): 200 GET http://10.180.1.21/compute/v2.1/servers/57919d5b-769c-4752-873c-d78bb61f5800 0.060s
2025-02-03 11:26:46.284 61066 INFO tempest.lib.common.rest_client [req-94647e02-d5ee-44e1-979b-37dc1edb3439 req-94647e02-d5ee-44e1-979b-37dc1edb3439 ] Request (ServersTestMultiNic:test_verify_duplicate_network_nics): 200 GET http://10.180.1.21/compute/v2.1/servers/b24a1521-7fcb-4369-ab8e-211690508a67 0.048s
2025-02-03 11:26:46.328 61089 INFO tempest.lib.common.rest_client [req-ba2b828a-15d3-42ec-803a-dce80038c927 req-ba2b828a-15d3-42ec-803a-dce80038c927 ] Request (InstanceActionsV221TestJSON:test_get_list_deleted_instance_actions): 200 GET http://10.180.1.21/compute/v2.1/servers/330f33a1-cc70-4346-b6c5-e26720ed72f0 0.044s
2025-02-03 11:26:46.365 61097 INFO tempest.lib.common.rest_client [req-6caae69c-eb4d-4855-bc78-5a551ec87e2a req-6caae69c-eb4d-4855-bc78-5a551ec87e2a ] Request (ImagesOneServerTestJSON:setUpClass): 200 GET http://10.180.1.21/compute/v2.1/servers/673185d0-9e2c-49dc-8323-f8b30a65b59d 0.085s
2025-02-03 11:26:46.369 61045 INFO tempest.lib.common.rest_client [req-2316defd-b504-4eba-b417-c2b4f44959e0 req-2316defd-b504-4eba-b417-c2b4f44959e0 ] Request (ServersTestJSON:test_create_server_specify_multibyte_character_name): 200 GET http://10.180.1.21/compute/v2.1/servers/59c6c887-b973-4a03-ba64-4ad12be45f64 0.045s
2025-02-03 11:26:46.413 61043 INFO tempest.lib.common.rest_client [req-b00a5417-0396-471f-81b2-9afd66eb1dd8 req-b00a5417-0396-471f-81b2-9afd66eb1dd8 ] Request (ServersAdmin275Test:test_rebuild_update_server_275): 200 GET http://10.180.1.21/compute/v2.1/servers/8d32e9d3-43ff-47dd-a52b-102edbe3af11 0.080s
2025-02-03 11:26:46.413 61075 INFO tempest.lib.common.rest_client [req-90a55119-d0a8-4be5-847c-860374395505 req-90a55119-d0a8-4be5-847c-860374395505 ] Request (DeleteServersTestJSON:test_delete_active_server): 200 GET http://10.180.1.21/compute/v2.1/servers/a48f97b9-8720-4ad2-82a3-bae679b6b2ef 0.044s
2025-02-03 11:26:46.457 61055 INFO tempest.lib.common.rest_client [req-90abaffd-788d-4bac-b685-55908e4c842c req-90abaffd-788d-4bac-b685-55908e4c842c ] Request (VolumesAssistedSnapshotsTest:test_volume_assisted_snapshot_create_delete): 200 GET http://10.180.1.21/compute/v2.1/servers/7a378ea2-b981-443a-a925-9819ac5b979f 0.084s
2025-02-03 11:26:46.461 61105 INFO tempest.lib.common.rest_client [req-27d1aaf1-30b5-496d-a02f-684e8202d0e7 req-27d1aaf1-30b5-496d-a02f-684e8202d0e7 ] Request (ImagesNegativeTestJSON:test_create_image_from_deleted_server): 200 GET http://10.180.1.21/compute/v2.1/servers/586d9ca2-c287-49bc-bf61-a5140ceaddea 0.046s
2025-02-03 11:26:46.557 61073 INFO tempest.lib.common.rest_client [req-b8bee433-f96e-46ca-8bc3-4dcc12db43f3 req-b8bee433-f96e-46ca-8bc3-4dcc12db43f3 ] Request (ServerActionsV293TestJSON:setUpClass): 200 GET http://10.180.1.21/compute/v2.1/servers/fdd51c42-e0c1-4ad1-aee9-f091cfec0030 0.051s
2025-02-03 11:26:46.572 61095 INFO tempest.lib.common.rest_client [req-eba81fd4-ba62-4a61-9be7-3cb056dcb74c req-eba81fd4-ba62-4a61-9be7-3cb056dcb74c ] Request (ServerPasswordTestJSON:setUpClass): 200 GET http://10.180.1.21/compute/v2.1/servers/b846d9ae-759a-4898-9ede-091819325701 0.085s
2025-02-03 11:26:46.600 61093 INFO tempest.lib.common.rest_client [req-580f7c9d-1f9f-4704-8b30-939007a020f7 req-580f7c9d-1f9f-4704-8b30-939007a020f7 ] Request (AttachInterfacesTestJSON:test_create_list_show_delete_interfaces_by_fixed_ip): 200 GET http://10.180.1.21/compute/v2.1/servers/b154a29f-564d-449d-8321-8ded1d4ec29b 0.054s
