2025-02-03 11:24:30.794 61077 INFO tempest.lib.common.dynamic_creds [-] Created isolated network resources for: credentials: Credentials: {'domain_id': 'default', 'domain_name': 'Default', 'username': 'tempest-QuotasAdminNegativeTest-1621662438-project-member', 'project_domain_id': 'default', 'project_domain_name': 'Default', 'project_id': '8978c467f2f141f1a9852bdc08c0fe1c', 'project_name': 'tempest-QuotasAdminNegativeTest-1621662438', 'tenant_id': '8978c467f2f141f1a9852bdc08c0fe1c', 'tenant_name': 'tempest-QuotasAdminNegativeTest-1621662438', 'user_domain_id': 'default', 'user_domain_name': 'Default', 'user_id': '97d8a71bfdc04996b2ef19fa8cfb3877', 'system': None}, Network: None, Subnet: None, Router: None
2025-02-03 11:24:30.801 61105 INFO tempest.lib.common.rest_client [req-290eed58-11c9-4549-adb8-9c8c548648dd req-290eed58-11c9-4549-adb8-9c8c548648dd ] Request (KeyPairsV210TestJSON:setUpClass): 201 POST http://10.180.1.21/identity/v3/auth/tokens 0.916s
2025-02-03 11:24:30.855 61079 INFO tempest.lib.common.rest_client [req-7e7b18dd-c2c5-4196-ad48-fb0c5446e274 req-7e7b18dd-c2c5-4196-ad48-fb0c5446e274 ] Request (ServicesAdminNegativeTestJSON:setUpClass): 204 PUT http://10.180.1.21/identity/v3/projects/6a3c0827cff845de8680f51d043de7f3/users/d981d96187834eba9396204587bc61ca/roles/4aa221e730d44c24b272e8fac5d91746 0.911s
2025-02-03 11:24:30.856 61079 INFO tempest.lib.common.dynamic_creds [-] Dynamic test user d981d96187834eba9396204587bc61ca is created with scope project and roles: ['member']
2025-02-03 11:24:30.856 61079 INFO tempest.lib.common.dynamic_creds [-] Acquired dynamic creds: credentials: Credentials: {'domain_id': 'default', 'domain_name': 'Default', 'username': 'tempest-ServicesAdminNegativeTestJSON-1987311525-project-member', 'project_domain_id': 'default', 'project_domain_name': 'Default', 'project_id': '6a3c0827cff845de8680f51d043de7f3', 'project_name': 'tempest-ServicesAdminNegativeTestJSON-1987311525', 'tenant_id': '6a3c0827cff845de8680f51d043de7f3', 'tenant_name': 'tempest-ServicesAdminNegativeTestJSON-1987311525', 'user_domain_id': 'default', 'user_domain_name': 'Default', 'user_id': 'd981d96187834eba9396204587bc61ca', 'system': None}, Network: None, Subnet: None, Router: None
2025-02-03 11:24:30.856 61079 INFO tempest.lib.common.dynamic_creds [-] Created isolated network resources for: credentials: Credentials: {'domain_id': 'default', 'domain_name': 'Default', 'username': 'tempest-ServicesAdminNegativeTestJSON-1987311525-project-member', 'project_domain_id': 'default', 'project_domain_name': 'Default', 'project_id': '6a3c0827cff845de8680f51d043de7f3', 'project_name': 'tempest-ServicesAdminNegativeTestJSON-1987311525', 'tenant_id': '6a3c0827cff845de8680f51d043de7f3', 'tenant_name': 'tempest-ServicesAdminNegativeTestJSON-1987311525', 'user_domain_id': 'default', 'user_domain_name': 'Default', 'user_id': 'd981d96187834eba9396204587bc61ca', 'system': None}, Network: None, Subnet: None, Router: None
2025-02-03 11:24:30.860 61073 INFO tempest.lib.common.rest_client [req-a5979b78-11c0-4fa3-8610-91573ac787f8 req-a5979b78-11c0-4fa3-8610-91573ac787f8 ] Request (AZAdminV2TestJSON:setUpClass): 201 POST http://10.180.1.21/identity/v3/users 0.914s
2025-02-03 11:24:30.919 61075 INFO tempest.lib.common.rest_client [req-6d5b28e1-173f-444d-8be0-1a0fdfe5aa53 req-6d5b28e1-173f-444d-8be0-1a0fdfe5aa53 ] Request (TenantUsagesTestJSON:setUpClass): 201 POST http://10.180.1.21/identity/v3/auth/tokens 0.913s
2025-02-03 11:24:30.920 61075 WARNING tempest.lib.common.rest_client [-] Deprecated: "tenant_id" property is deprecated for removal, use "project_id" instead
2025-02-03 11:24:30.927 61087 INFO tempest.lib.common.rest_client [req-cfc2d988-f9f0-4a93-8289-4dfd63829741 req-cfc2d988-f9f0-4a93-8289-4dfd63829741 ] Request (SecurityGroupsTestAdminJSON:setUpClass): 201 POST http://10.180.1.21/identity/v3/projects 0.913s
2025-02-03 11:24:30.982 61091 INFO tempest.lib.common.rest_client [req-96c8fc24-febb-4a38-ad43-62398c5c7e11 req-96c8fc24-febb-4a38-ad43-62398c5c7e11 ] Request (FlavorsAccessNegativeTestJSON:setUpClass): 204 PUT http://10.180.1.21/identity/v3/projects/ee74b4f7157b4ce19082fd9ba3a23663/users/ccd5f7209b744876800bf80b472a8725/roles/4aa221e730d44c24b272e8fac5d91746 0.921s
2025-02-03 11:24:30.982 61091 INFO tempest.lib.common.dynamic_creds [-] Dynamic test user ccd5f7209b744876800bf80b472a8725 is created with scope project and roles: ['member']
2025-02-03 11:24:30.982 61091 INFO tempest.lib.common.dynamic_creds [-] Acquired dynamic creds: credentials: Credentials: {'domain_id': 'default', 'domain_name': 'Default', 'username': 'tempest-FlavorsAccessNegativeTestJSON-524866687-project-member', 'project_domain_id': 'default', 'project_domain_name': 'Default', 'project_id': 'ee74b4f7157b4ce19082fd9ba3a23663', 'project_name': 'tempest-FlavorsAccessNegativeTestJSON-524866687', 'tenant_id': 'ee74b4f7157b4ce19082fd9ba3a23663', 'tenant_name': 'tempest-FlavorsAccessNegativeTestJSON-524866687', 'user_domain_id': 'default', 'user_domain_name': 'Default', 'user_id': 'ccd5f7209b744876800bf80b472a8725', 'system': None}, Network: None, Subnet: None, Router: None
2025-02-03 11:24:30.982 61091 INFO tempest.lib.common.dynamic_creds [-] Created isolated network resources for: credentials: Credentials: {'domain_id': 'default', 'domain_name': 'Default', 'username': 'tempest-FlavorsAccessNegativeTestJSON-524866687-project-member', 'project_domain_id': 'default', 'project_domain_name': 'Default', 'project_id': 'ee74b4f7157b4ce19082fd9ba3a23663', 'project_name': 'tempest-FlavorsAccessNegativeTestJSON-524866687', 'tenant_id': 'ee74b4f7157b4ce19082fd9ba3a23663', 'tenant_name': 'tempest-FlavorsAccessNegativeTestJSON-524866687', 'user_domain_id': 'default', 'user_domain_name': 'Default', 'user_id': 'ccd5f7209b744876800bf80b472a8725', 'system': None}, Network: None, Subnet: None, Router: None
2025-02-03 11:24:31.002 61067 INFO tempest.lib.common.rest_client [req-5caef043-75b8-468e-b6e5-3e3c71a0963d req-5caef043-75b8-468e-b6e5-3e3c71a0963d ] Request (ServerExternalEventsTest:setUpClass): 204 PUT http://10.180.1.21/identity/v3/projects/69242923ca144230a05279c778bfeca1/users/42e02cf5c1db4d16b3b480b19b033355/roles/4aa221e730d44c24b272e8fac5d91746 0.914s
2025-02-03 11:24:31.002 61067 INFO tempest.lib.common.dynamic_creds [-] Dynamic test user 42e02cf5c1db4d16b3b480b19b033355 is created with scope project and roles: ['member']
2025-02-03 11:24:31.002 61067 INFO tempest.lib.common.dynamic_creds [-] Acquired dynamic creds: credentials: Credentials: {'domain_id': 'default', 'domain_name': 'Default', 'username': 'tempest-ServerExternalEventsTest-1190521688-project-member', 'project_domain_id': 'default', 'project_domain_name': 'Default', 'project_id': '69242923ca144230a05279c778bfeca1', 'project_name': 'tempest-ServerExternalEventsTest-1190521688', 'tenant_id': '69242923ca144230a05279c778bfeca1', 'tenant_name': 'tempest-ServerExternalEventsTest-1190521688', 'user_domain_id': 'default', 'user_domain_name': 'Default', 'user_id': '42e02cf5c1db4d16b3b480b19b033355', 'system': None}, Network: None, Subnet: None, Router: None
2025-02-03 11:24:31.002 61067 INFO tempest.lib.common.dynamic_creds [-] Created isolated network resources for: credentials: Credentials: {'domain_id': 'default', 'domain_name': 'Default', 'username': 'tempest-ServerExternalEventsTest-1190521688-project-member', 'project_domain_id': 'default', 'project_domain_name': 'Default', 'project_id': '69242923ca144230a05279c778bfeca1', 'project_name': 'tempest-ServerExternalEventsTest-1190521688', 'tenant_id': '69242923ca144230a05279c778bfeca1', 'tenant_name': 'tempest-ServerExternalEventsTest-1190521688', 'user_domain_id': 'default', 'user_domain_name': 'Default', 'user_id': '42e02cf5c1db4d16b3b480b19b033355', 'system': None}, Network: None, Subnet: None, Router: None
2025-02-03 11:24:31.059 61101 INFO tempest.lib.common.rest_client [req-51d9bdcf-fa68-4759-a20d-dc807d072bea req-51d9bdcf-fa68-4759-a20d-dc807d072bea ] Request (QuotaClassesAdminTestJSON:setUpClass): 201 POST http://10.180.1.21/identity/v3/users 0.934s
2025-02-03 11:24:31.073 61069 INFO tempest.lib.common.rest_client [req-98f633b6-adc8-46ae-a144-7791751e212c req-98f633b6-adc8-46ae-a144-7791751e212c ] Request (AZAdminNegativeTestJSON:setUpClass): 201 POST http://10.180.1.21/identity/v3/projects 0.986s
2025-02-03 11:24:31.117 61072 INFO tempest.lib.common.rest_client [req-a57dcfde-113d-4533-9f07-3ca9f0b83c08 req-a57dcfde-113d-4533-9f07-3ca9f0b83c08 ] Request (AggregatesAdminNegativeTestJSON:tearDownClass): 201 POST http://10.180.1.21/identity/v3/auth/tokens 0.949s
2025-02-03 11:24:31.145 61059 INFO tempest.lib.common.rest_client [req-17e96b20-8a3e-4b90-b14d-ce3b789444cf req-17e96b20-8a3e-4b90-b14d-ce3b789444cf ] Request (FloatingIPsAssociationTestJSON:setUpClass): 201 POST http://10.180.1.21/identity/v3/auth/tokens 0.965s
2025-02-03 11:24:31.149 61051 INFO tempest.lib.common.rest_client [req-fd2dfacb-739f-4c59-b81a-05f6b9f3727f req-fd2dfacb-739f-4c59-b81a-05f6b9f3727f ] Request (ServicesAdminTestJSON:setUpClass): 204 PUT http://10.180.1.21/identity/v3/projects/9f9994f92f66402690c7e4eca19ccf0a/users/1affd98d18f9483faa1f5837669b54b7/roles/4aa221e730d44c24b272e8fac5d91746 0.932s
2025-02-03 11:24:31.149 61051 INFO tempest.lib.common.dynamic_creds [-] Dynamic test user 1affd98d18f9483faa1f5837669b54b7 is created with scope project and roles: ['member']
2025-02-03 11:24:31.150 61051 INFO tempest.lib.common.dynamic_creds [-] Acquired dynamic creds: credentials: Credentials: {'domain_id': 'default', 'domain_name': 'Default', 'username': 'tempest-ServicesAdminTestJSON-778504475-project-member', 'project_domain_id': 'default', 'project_domain_name': 'Default', 'project_id': '9f9994f92f66402690c7e4eca19ccf0a', 'project_name': 'tempest-ServicesAdminTestJSON-778504475', 'tenant_id': '9f9994f92f66402690c7e4eca19ccf0a', 'tenant_name': 'tempest-ServicesAdminTestJSON-778504475', 'user_domain_id': 'default', 'user_domain_name': 'Default', 'user_id': '1affd98d18f9483faa1f5837669b54b7', 'system': None}, Network: None, Subnet: None, Router: None
2025-02-03 11:24:31.150 61051 INFO tempest.lib.common.dynamic_creds [-] Created isolated network resources for: credentials: Credentials: {'domain_id': 'default', 'domain_name': 'Default', 'username': 'tempest-ServicesAdminTestJSON-778504475-project-member', 'project_domain_id': 'default', 'project_domain_name': 'Default', 'project_id': '9f9994f92f66402690c7e4eca19ccf0a', 'project_name': 'tempest-ServicesAdminTestJSON-778504475', 'tenant_id': '9f9994f92f66402690c7e4eca19ccf0a', 'tenant_name': 'tempest-ServicesAdminTestJSON-778504475', 'user_domain_id': 'default', 'user_domain_name': 'Default', 'user_id': '1affd98d18f9483faa1f5837669b54b7', 'system': None}, Network: None, Subnet: None, Router: None
2025-02-03 11:24:31.207 61061 INFO tempest.lib.common.rest_client [req-df3b80b4-0de0-4773-8587-dda9fd0dba42 req-df3b80b4-0de0-4773-8587-dda9fd0dba42 ] Request (FlavorsV261TestJSON:setUpClass): 204 PUT http://10.180.1.21/identity/v3/projects/05d112a2625c415e82e613e560539362/users/b63e01dc16db4e56b006e4cabda36e2e/roles/4aa221e730d44c24b272e8fac5d91746 0.979s
2025-02-03 11:24:31.207 61061 INFO tempest.lib.common.dynamic_creds [-] Dynamic test user b63e01dc16db4e56b006e4cabda36e2e is created with scope project and roles: ['member']
2025-02-03 11:24:31.207 61061 INFO tempest.lib.common.dynamic_creds [-] Acquired dynamic creds: credentials: Credentials: {'domain_id': 'default', 'domain_name': 'Default', 'username': 'tempest-FlavorsV261TestJSON-1429346756-project-member', 'project_domain_id': 'default', 'project_domain_name': 'Default', 'project_id': '05d112a2625c415e82e613e560539362', 'project_name': 'tempest-FlavorsV261TestJSON-1429346756', 'tenant_id': '05d112a2625c415e82e613e560539362', 'tenant_name': 'tempest-FlavorsV261TestJSON-1429346756', 'user_domain_id': 'default', 'user_domain_name': 'Default', 'user_id': 'b63e01dc16db4e56b006e4cabda36e2e', 'system': None}, Network: None, Subnet: None, Router: None
2025-02-03 11:24:31.207 61061 INFO tempest.lib.common.dynamic_creds [-] Created isolated network resources for: credentials: Credentials: {'domain_id': 'default', 'domain_name': 'Default', 'username': 'tempest-FlavorsV261TestJSON-1429346756-project-member', 'project_domain_id': 'default', 'project_domain_name': 'Default', 'project_id': '05d112a2625c415e82e613e560539362', 'project_name': 'tempest-FlavorsV261TestJSON-1429346756', 'tenant_id': '05d112a2625c415e82e613e560539362', 'tenant_name': 'tempest-FlavorsV261TestJSON-1429346756', 'user_domain_id': 'default', 'user_domain_name': 'Default', 'user_id': 'b63e01dc16db4e56b006e4cabda36e2e', 'system': None}, Network: None, Subnet: None, Router: None
2025-02-03 11:24:31.270 61089 INFO tempest.lib.common.rest_client [req-3a113a2b-4e54-433e-a702-d76855de54c8 req-3a113a2b-4e54-433e-a702-d76855de54c8 ] Request (FlavorsExtraSpecsTestJSON:setUpClass): 201 POST http://10.180.1.21/identity/v3/auth/tokens 1.005s
2025-02-03 11:24:31.272 61057 INFO tempest.lib.common.rest_client [req-781e4b66-bba9-47b5-83d1-df2892c91e59 req-781e4b66-bba9-47b5-83d1-df2892c91e59 ] Request (ServersWithSpecificFlavorTestJSON:setUpClass): 200 GET http://10.180.1.21/identity/v3/roles 1.000s
2025-02-03 11:24:31.300 61093 INFO tempest.lib.common.rest_client [req-b80e4a20-ac85-438b-a226-53c0a7262760 req-b80e4a20-ac85-438b-a226-53c0a7262760 ] Request (HostsAdminNegativeTestJSON:setUpClass): 204 PUT http://10.180.1.21/identity/v3/projects/2fa99c7f984446c0abbd3235e8dd472c/users/79aeb146a3f244f4a1ad40bb439a1520/roles/4aa221e730d44c24b272e8fac5d91746 0.987s
2025-02-03 11:24:31.300 61093 INFO tempest.lib.common.dynamic_creds [-] Dynamic test user 79aeb146a3f244f4a1ad40bb439a1520 is created with scope project and roles: ['member']
2025-02-03 11:24:31.300 61093 INFO tempest.lib.common.dynamic_creds [-] Acquired dynamic creds: credentials: Credentials: {'domain_id': 'default', 'domain_name': 'Default', 'username': 'tempest-HostsAdminNegativeTestJSON-649633520-project-member', 'project_domain_id': 'default', 'project_domain_name': 'Default', 'project_id': '2fa99c7f984446c0abbd3235e8dd472c', 'project_name': 'tempest-HostsAdminNegativeTestJSON-649633520', 'tenant_id': '2fa99c7f984446c0abbd3235e8dd472c', 'tenant_name': 'tempest-HostsAdminNegativeTestJSON-649633520', 'user_domain_id': 'default', 'user_domain_name': 'Default', 'user_id': '79aeb146a3f244f4a1ad40bb439a1520', 'system': None}, Network: None, Subnet: None, Router: None
2025-02-03 11:24:31.300 61093 INFO tempest.lib.common.dynamic_creds [-] Created isolated network resources for: credentials: Credentials: {'domain_id': 'default', 'domain_name': 'Default', 'username': 'tempest-HostsAdminNegativeTestJSON-649633520-project-member', 'project_domain_id': 'default', 'project_domain_name': 'Default', 'project_id': '2fa99c7f984446c0abbd3235e8dd472c', 'project_name': 'tempest-HostsAdminNegativeTestJSON-649633520', 'tenant_id': '2fa99c7f984446c0abbd3235e8dd472c', 'tenant_name': 'tempest-HostsAdminNegativeTestJSON-649633520', 'user_domain_id': 'default', 'user_domain_name': 'Default', 'user_id': '79aeb146a3f244f4a1ad40bb439a1520', 'system': None}, Network: None, Subnet: None, Router: None
2025-02-03 11:24:31.336 61103 INFO tempest.lib.common.rest_client [req-ee3685c7-8d61-44f1-893e-279dd3410e08 req-ee3685c7-8d61-44f1-893e-279dd3410e08 ] Request (HypervisorAdminTestJSON:setUpClass): 201 POST http://10.180.1.21/identity/v3/auth/tokens 0.997s
2025-02-03 11:24:31.348 61053 INFO tempest.lib.common.rest_client [req-f3c3c135-5fa8-41a5-b31c-85c918422d91 req-f3c3c135-5fa8-41a5-b31c-85c918422d91 ] Request (NetworksTest:setUpClass): 200 GET http://10.180.1.21/identity/v3/roles 1.005s
2025-02-03 11:24:31.374 61066 INFO tempest.lib.common.rest_client [req-fb7d2fb4-596c-4914-bcd4-eb952984d88c req-fb7d2fb4-596c-4914-bcd4-eb952984d88c ] Request (FlavorMetadataValidation:setUpClass): 201 POST http://10.180.1.21/identity/v3/users 0.954s
2025-02-03 11:24:31.398 61083 INFO tempest.lib.common.rest_client [req-b24e9598-1b69-4a87-a29e-95f586d389c3 req-b24e9598-1b69-4a87-a29e-95f586d389c3 ] Request (KeyPairsV22TestJSON:setUpClass): 201 POST http://10.180.1.21/identity/v3/auth/tokens 0.980s
2025-02-03 11:24:31.407 61099 INFO tempest.lib.common.rest_client [req-cc9d1fdc-5ad2-4c80-a23e-f491224cfe53 req-cc9d1fdc-5ad2-4c80-a23e-f491224cfe53 ] Request (FlavorsAdminTestJSON:setUpClass): 201 POST http://10.180.1.21/identity/v3/projects 0.903s
2025-02-03 11:24:31.413 61097 INFO tempest.lib.common.rest_client [req-6a2490fe-a836-480a-a3f4-495e03b464a0 req-6a2490fe-a836-480a-a3f4-495e03b464a0 ] Request (ImagesOneServerTestJSON:setUpClass): 201 POST http://10.180.1.21:9696/networking/v2.0/networks 1.176s
2025-02-03 11:24:31.449 61081 INFO tempest.lib.common.rest_client [req-30a008b0-d7a8-471e-8ea7-b099328aa7b0 req-30a008b0-d7a8-471e-8ea7-b099328aa7b0 ] Request (VolumesAdminNegativeTest:setUpClass): 201 POST http://10.180.1.21/identity/v3/auth/tokens 0.916s
2025-02-03 11:24:31.456 61095 INFO tempest.lib.common.rest_client [req-adf04544-eaae-448d-8878-d9c27c083420 req-adf04544-eaae-448d-8878-d9c27c083420 ] Request (HypervisorAdminV253TestBase:setUpClass): 204 PUT http://10.180.1.21/identity/v3/projects/878218f67b5d4cb38b4781226c6edf18/users/4007601bf2454dcf8adb6cf4577fef64/roles/19d202e15a4a479fba21c04bff0f554f 0.865s
2025-02-03 11:24:31.456 61095 INFO tempest.lib.common.dynamic_creds [-] Dynamic test user 4007601bf2454dcf8adb6cf4577fef64 is created with scope project and roles: ['admin']
2025-02-03 11:24:31.456 61095 INFO tempest.lib.common.dynamic_creds [-] Acquired dynamic creds: credentials: Credentials: {'domain_id': 'default', 'domain_name': 'Default', 'username': 'tempest-HypervisorAdminV253TestBase-1663268720-project-admin', 'project_domain_id': 'default', 'project_domain_name': 'Default', 'project_id': '878218f67b5d4cb38b4781226c6edf18', 'project_name': 'tempest-HypervisorAdminV253TestBase-1663268720', 'tenant_id': '878218f67b5d4cb38b4781226c6edf18', 'tenant_name': 'tempest-HypervisorAdminV253TestBase-1663268720', 'user_domain_id': 'default', 'user_domain_name': 'Default', 'user_id': '4007601bf2454dcf8adb6cf4577fef64', 'system': None}, Network: None, Subnet: None, Router: None
2025-02-03 11:24:31.456 61095 INFO tempest.lib.common.dynamic_creds [-] Created isolated network resources for: credentials: Credentials: {'domain_id': 'default', 'domain_name': 'Default', 'username': 'tempest-HypervisorAdminV253TestBase-1663268720-project-admin', 'project_domain_id': 'default', 'project_domain_name': 'Default', 'project_id': '878218f67b5d4cb38b4781226c6edf18', 'project_name': 'tempest-HypervisorAdminV253TestBase-1663268720', 'tenant_id': '878218f67b5d4cb38b4781226c6edf18', 'tenant_name': 'tempest-HypervisorAdminV253TestBase-1663268720', 'user_domain_id': 'default', 'user_domain_name': 'Default', 'user_id': '4007601bf2454dcf8adb6cf4577fef64', 'system': None}, Network: None, Subnet: None, Router: None
2025-02-03 11:24:31.508 61063 INFO tempest.lib.common.rest_client [req-abc43559-827b-4d72-a2ea-915e7db89953 req-abc43559-827b-4d72-a2ea-915e7db89953 ] Request (HypervisorAdminNegativeUnderV252Test:setUpClass): 201 POST http://10.180.1.21/identity/v3/projects 0.912s
2025-02-03 11:24:31.515 61047 INFO tempest.lib.common.rest_client [req-3bd3c75a-bd27-4ae3-bfd5-3dbfb05d071d req-3bd3c75a-bd27-4ae3-bfd5-3dbfb05d071d ] Request (FlavorsV255TestJSON:setUpClass): 201 POST http://10.180.1.21/identity/v3/users 0.891s
2025-02-03 11:24:31.520 61045 INFO tempest.lib.common.rest_client [req-0c341738-a01e-4bb8-bd33-1f62ce03a1c1 req-0c341738-a01e-4bb8-bd33-1f62ce03a1c1 ] Request (FloatingIPDetailsNegativeTestJSON:setUpClass): 201 POST http://10.180.1.21:9696/networking/v2.0/routers 1.554s
2025-02-03 11:24:31.567 61085 INFO tempest.lib.common.rest_client [req-c2c6881c-0b58-4380-94c8-79b44b3fd531 req-c2c6881c-0b58-4380-94c8-79b44b3fd531 ] Request (ServerDiagnosticsTest:setUpClass): 201 POST http://10.180.1.21/identity/v3/users 0.936s
2025-02-03 11:24:31.581 61043 INFO tempest.lib.common.rest_client [req-ef993c45-0653-47f2-af45-3e8e3230660f req-ef993c45-0653-47f2-af45-3e8e3230660f ] Request (InstanceUsageAuditLogTestJSON:setUpClass): 201 POST http://10.180.1.21/identity/v3/projects 0.883s
2025-02-03 11:24:31.601 61055 INFO tempest.lib.common.rest_client [req-8c7818c9-0229-4dc8-bfe2-3cddb7af0b92 req-8c7818c9-0229-4dc8-bfe2-3cddb7af0b92 ] Request (VolumesAssistedSnapshotsTest:setUpClass): 201 POST http://10.180.1.21:9696/networking/v2.0/routers 1.478s
2025-02-03 11:24:31.634 61049 INFO tempest.lib.common.rest_client [req-9dbfe48f-20c1-4eee-b5b8-2657f013459f req-9dbfe48f-20c1-4eee-b5b8-2657f013459f ] Request (QuotasAdminTestV236:setUpClass): 201 POST http://10.180.1.21/identity/v3/auth/tokens 0.899s
2025-02-03 11:24:31.647 61077 INFO tempest.lib.common.rest_client [req-7138bacf-f7a7-4b61-b054-f7b4f3062738 req-7138bacf-f7a7-4b61-b054-f7b4f3062738 ] Request (QuotasAdminNegativeTest:setUpClass): 201 POST http://10.180.1.21/identity/v3/auth/tokens 0.849s
2025-02-03 11:24:31.695 61105 INFO tempest.lib.common.rest_client [req-e0e9f501-de38-40f5-9652-14009c70cf34 req-e0e9f501-de38-40f5-9652-14009c70cf34 ] Request (KeyPairsV210TestJSON:setUpClass): 201 POST http://10.180.1.21/identity/v3/projects 0.893s
2025-02-03 11:24:31.710 61079 INFO tempest.lib.common.rest_client [req-5a4cf5db-e161-4279-b9a1-1db6c516e621 req-5a4cf5db-e161-4279-b9a1-1db6c516e621 ] Request (ServicesAdminNegativeTestJSON:setUpClass): 201 POST http://10.180.1.21/identity/v3/auth/tokens 0.850s
2025-02-03 11:24:31.749 61073 INFO tempest.lib.common.rest_client [req-73231b0d-d39d-4f7f-9ba4-a2457b8510ea req-73231b0d-d39d-4f7f-9ba4-a2457b8510ea ] Request (AZAdminV2TestJSON:setUpClass): 200 GET http://10.180.1.21/identity/v3/roles 0.889s
2025-02-03 11:24:31.768 61097 INFO tempest.lib.common.rest_client [req-383ea484-923e-49eb-b0df-ee9866455f0d req-383ea484-923e-49eb-b0df-ee9866455f0d ] Request (ImagesOneServerTestJSON:setUpClass): 201 POST http://10.180.1.21:9696/networking/v2.0/subnets 0.354s
2025-02-03 11:24:31.768 61087 INFO tempest.lib.common.rest_client [req-8070dcce-e9d8-4562-bba8-25a916a0d9e3 req-8070dcce-e9d8-4562-bba8-25a916a0d9e3 ] Request (SecurityGroupsTestAdminJSON:setUpClass): 201 POST http://10.180.1.21/identity/v3/users 0.841s
2025-02-03 11:24:31.805 61075 INFO tempest.lib.common.rest_client [req-3b29da34-7537-48ef-91f8-45ab6c6c38c9 req-3b29da34-7537-48ef-91f8-45ab6c6c38c9 ] Request (TenantUsagesTestJSON:setUpClass): 201 POST http://10.180.1.21/identity/v3/auth/tokens 0.840s
2025-02-03 11:24:31.805 61075 INFO tempest.lib.common.fixed_network [-] (TenantUsagesTestJSON:setUpClass) Found network None available for tenant
2025-02-03 11:24:31.841 61091 INFO tempest.lib.common.rest_client [req-1dbdd596-1477-4f50-ad69-53f345d4e715 req-1dbdd596-1477-4f50-ad69-53f345d4e715 ] Request (FlavorsAccessNegativeTestJSON:setUpClass): 201 POST http://10.180.1.21/identity/v3/auth/tokens 0.855s
2025-02-03 11:24:31.859 61101 INFO tempest.lib.common.rest_client [req-63a4cf43-0c9b-4032-8d1a-43beaa0cdca2 req-63a4cf43-0c9b-4032-8d1a-43beaa0cdca2 ] Request (QuotaClassesAdminTestJSON:setUpClass): 200 GET http://10.180.1.21/identity/v3/roles 0.799s
2025-02-03 11:24:31.871 61067 INFO tempest.lib.common.rest_client [req-ba64a8d1-bcbc-460c-9513-cc6476295def req-ba64a8d1-bcbc-460c-9513-cc6476295def ] Request (ServerExternalEventsTest:setUpClass): 201 POST http://10.180.1.21/identity/v3/auth/tokens 0.865s
2025-02-03 11:24:31.886 61069 INFO tempest.lib.common.rest_client [req-49fc182d-4500-4e51-a3d7-d6430715cc89 req-49fc182d-4500-4e51-a3d7-d6430715cc89 ] Request (AZAdminNegativeTestJSON:setUpClass): 201 POST http://10.180.1.21/identity/v3/users 0.813s
2025-02-03 11:24:31.933 61059 INFO tempest.lib.common.rest_client [req-89f43cfb-b294-467d-b7f6-b22ecf46b3a4 req-89f43cfb-b294-467d-b7f6-b22ecf46b3a4 ] Request (FloatingIPsAssociationTestJSON:setUpClass): 201 POST http://10.180.1.21/identity/v3/auth/tokens 0.785s
2025-02-03 11:24:31.934 61059 INFO tempest.lib.common.fixed_network [-] (FloatingIPsAssociationTestJSON:setUpClass) Found network {'id': 'f8a6745b-cbbf-4c9f-8a95-14fa8637e238', 'name': 'tempest-FloatingIPsAssociationTestJSON-2129408972-network', 'tenant_id': '03c71129d932454192e0f3c1d7ffecf1', 'admin_state_up': True, 'mtu': 8950, 'status': 'ACTIVE', 'subnets': [], 'shared': False, 'project_id': '03c71129d932454192e0f3c1d7ffecf1', 'port_security_enabled': True, 'router:external': False, 'provider:network_type': 'vlan', 'provider:physical_network': 'default', 'provider:segmentation_id': 301, 'is_default': False, 'availability_zone_hints': [], 'availability_zones': [], 'ipv4_address_scope': None, 'ipv6_address_scope': None, 'description': '', 'tags': [], 'created_at': '2025-02-03T11:24:27Z', 'updated_at': '2025-02-03T11:24:27Z', 'revision_number': 1} available for tenant
2025-02-03 11:24:31.980 61051 INFO tempest.lib.common.rest_client [req-fbe212e2-b76d-4c1d-bc59-354bb897a32f req-fbe212e2-b76d-4c1d-bc59-354bb897a32f ] Request (ServicesAdminTestJSON:setUpClass): 201 POST http://10.180.1.21/identity/v3/auth/tokens 0.827s
2025-02-03 11:24:32.001 61061 INFO tempest.lib.common.rest_client [req-3f1ebb46-3a75-426b-bce6-3c0f2d051196 req-3f1ebb46-3a75-426b-bce6-3c0f2d051196 ] Request (FlavorsV261TestJSON:setUpClass): 201 POST http://10.180.1.21/identity/v3/auth/tokens 0.790s
2025-02-03 11:24:32.007 61089 INFO tempest.lib.common.rest_client [req-d389e22d-f3ae-474a-b2fa-1cf34f5e5f5c req-d389e22d-f3ae-474a-b2fa-1cf34f5e5f5c ] Request (FlavorsExtraSpecsTestJSON:setUpClass): 201 POST http://10.180.1.21/identity/v3/projects 0.737s
2025-02-03 11:24:32.069 61057 INFO tempest.lib.common.rest_client [req-2ef5de3e-1f6b-4080-a74c-89158a932405 req-2ef5de3e-1f6b-4080-a74c-89158a932405 ] Request (ServersWithSpecificFlavorTestJSON:setUpClass): 204 PUT http://10.180.1.21/identity/v3/projects/01e8164cb8ee4ada8cd08b3da67d5ef3/users/a0ffdd42582b4b42b3ef2b5d75c19e79/roles/19d202e15a4a479fba21c04bff0f554f 0.797s
2025-02-03 11:24:32.074 61093 INFO tempest.lib.common.rest_client [req-e53d8ea9-f3c0-426a-99fc-46219750d34b req-e53d8ea9-f3c0-426a-99fc-46219750d34b ] Request (HostsAdminNegativeTestJSON:setUpClass): 201 POST http://10.180.1.21/identity/v3/auth/tokens 0.769s
2025-02-03 11:24:32.137 61103 INFO tempest.lib.common.rest_client [req-70ad32fa-ab8a-4da7-8d59-51a1d34c8f4f req-70ad32fa-ab8a-4da7-8d59-51a1d34c8f4f ] Request (HypervisorAdminTestJSON:setUpClass): 201 POST http://10.180.1.21/identity/v3/projects 0.801s
2025-02-03 11:24:32.140 61053 INFO tempest.lib.common.rest_client [req-23de3034-9dd4-42c9-80aa-9cfe03665c11 req-23de3034-9dd4-42c9-80aa-9cfe03665c11 ] Request (NetworksTest:setUpClass): 204 PUT http://10.180.1.21/identity/v3/projects/5616ee5e763c4d8a983826b8f7e43c1f/users/183b876554064735b8617b2d9c83efe9/roles/19d202e15a4a479fba21c04bff0f554f 0.792s
2025-02-03 11:24:32.155 61072 INFO tempest.lib.common.rest_client [req-6463f8c1-6c8b-4413-a200-a882db365acd req-6463f8c1-6c8b-4413-a200-a882db365acd ] Request (AggregatesAdminNegativeTestJSON:tearDownClass): 200 GET http://10.180.1.21:9696/networking/v2.0/security-groups?tenant_id=20a4e01657d642ec825b340ff776fb58&name=default 1.037s
2025-02-03 11:24:32.233 61066 INFO tempest.lib.common.rest_client [req-03322f2b-baf6-41f3-8961-4c49a8d58a63 req-03322f2b-baf6-41f3-8961-4c49a8d58a63 ] Request (FlavorMetadataValidation:setUpClass): 200 GET http://10.180.1.21/identity/v3/roles 0.858s
2025-02-03 11:24:32.261 61099 INFO tempest.lib.common.rest_client [req-01e5aa5a-33e2-4a97-9233-e79d4e1f7dfb req-01e5aa5a-33e2-4a97-9233-e79d4e1f7dfb ] Request (FlavorsAdminTestJSON:setUpClass): 201 POST http://10.180.1.21/identity/v3/users 0.853s
2025-02-03 11:24:32.274 61083 INFO tempest.lib.common.rest_client [req-52e00149-4db7-4f7a-96f3-4c0d67f613b4 req-52e00149-4db7-4f7a-96f3-4c0d67f613b4 ] Request (KeyPairsV22TestJSON:test_get_keypair_detail): 201 POST http://10.180.1.21/compute/v2.1/os-keypairs 0.874s
2025-02-03 11:24:32.315 61063 INFO tempest.lib.common.rest_client [req-36e55622-a394-40b0-92ae-6da8a2c9bb05 req-36e55622-a394-40b0-92ae-6da8a2c9bb05 ] Request (HypervisorAdminNegativeUnderV252Test:setUpClass): 201 POST http://10.180.1.21/identity/v3/users 0.806s
2025-02-03 11:24:32.332 61047 INFO tempest.lib.common.rest_client [req-27687980-889f-4f85-b931-7ae22584de0c req-27687980-889f-4f85-b931-7ae22584de0c ] Request (FlavorsV255TestJSON:setUpClass): 200 GET http://10.180.1.21/identity/v3/roles 0.816s
2025-02-03 11:24:32.338 61072 INFO tempest.lib.common.rest_client [req-d3f9a532-8b07-413b-b3d1-8b90541b8b3c req-d3f9a532-8b07-413b-b3d1-8b90541b8b3c ] Request (AggregatesAdminNegativeTestJSON:tearDownClass): 204 DELETE http://10.180.1.21:9696/networking/v2.0/security-groups/ebaa7a76-35e5-4692-a7c6-c9efd05070be 0.183s
2025-02-03 11:24:32.341 61095 INFO tempest.lib.common.rest_client [req-0fcd2e5c-b157-4fb6-bf58-4d03f15ecae0 req-0fcd2e5c-b157-4fb6-bf58-4d03f15ecae0 ] Request (HypervisorAdminV253TestBase:setUpClass): 201 POST http://10.180.1.21/identity/v3/auth/tokens 0.882s
2025-02-03 11:24:32.351 61085 INFO tempest.lib.common.rest_client [req-dfe3cc5d-1f65-43e9-b96d-f7befa40bdc7 req-dfe3cc5d-1f65-43e9-b96d-f7befa40bdc7 ] Request (ServerDiagnosticsTest:setUpClass): 200 GET http://10.180.1.21/identity/v3/roles 0.783s
2025-02-03 11:24:32.368 61043 INFO tempest.lib.common.rest_client [req-1ae7ac8d-cd75-4b6e-a9e4-38c54c0b950e req-1ae7ac8d-cd75-4b6e-a9e4-38c54c0b950e ] Request (InstanceUsageAuditLogTestJSON:setUpClass): 201 POST http://10.180.1.21/identity/v3/users 0.786s
2025-02-03 11:24:32.382 61049 INFO tempest.lib.common.rest_client [req-349b5603-7dbd-4c48-b80b-b2c034bd3807 req-349b5603-7dbd-4c48-b80b-b2c034bd3807 ] Request (QuotasAdminTestV236:setUpClass): 201 POST http://10.180.1.21/identity/v3/projects 0.747s
2025-02-03 11:24:32.397 61077 INFO tempest.lib.common.rest_client [req-7c006e7e-501b-4e77-96fa-eefc5aadd979 req-7c006e7e-501b-4e77-96fa-eefc5aadd979 ] Request (QuotasAdminNegativeTest:setUpClass): 201 POST http://10.180.1.21/identity/v3/projects 0.750s
2025-02-03 11:24:32.475 61105 INFO tempest.lib.common.rest_client [req-341eda12-8852-48d6-95c5-ef09b0e98ae5 req-341eda12-8852-48d6-95c5-ef09b0e98ae5 ] Request (KeyPairsV210TestJSON:setUpClass): 201 POST http://10.180.1.21/identity/v3/users 0.777s
2025-02-03 11:24:32.481 61079 INFO tempest.lib.common.rest_client [req-93e4d224-7803-4ccc-9336-c5c5b8905761 req-93e4d224-7803-4ccc-9336-c5c5b8905761 ] Request (ServicesAdminNegativeTestJSON:setUpClass): 201 POST http://10.180.1.21/identity/v3/projects 0.770s
2025-02-03 11:24:32.503 61073 INFO tempest.lib.common.rest_client [req-c24900a9-a260-45a7-9f9c-21a36c544e3f req-c24900a9-a260-45a7-9f9c-21a36c544e3f ] Request (AZAdminV2TestJSON:setUpClass): 204 PUT http://10.180.1.21/identity/v3/projects/ebb18dcbe5b548a5948421326be45367/users/02e93e41e9084af9b0fe5b3bb34b54f2/roles/19d202e15a4a479fba21c04bff0f554f 0.754s
2025-02-03 11:24:32.595 61087 INFO tempest.lib.common.rest_client [req-d5765629-e0b2-4c04-afbe-d839b0f96fbe req-d5765629-e0b2-4c04-afbe-d839b0f96fbe ] Request (SecurityGroupsTestAdminJSON:setUpClass): 200 GET http://10.180.1.21/identity/v3/roles 0.826s
2025-02-03 11:24:32.625 61091 INFO tempest.lib.common.rest_client [req-5068cd32-7fe7-433a-8d7b-0299b05cac1c req-5068cd32-7fe7-433a-8d7b-0299b05cac1c ] Request (FlavorsAccessNegativeTestJSON:setUpClass): 201 POST http://10.180.1.21/identity/v3/projects 0.783s
2025-02-03 11:24:32.650 61101 INFO tempest.lib.common.rest_client [req-d05fd1af-df52-4892-a9ea-ee44532fd9c3 req-d05fd1af-df52-4892-a9ea-ee44532fd9c3 ] Request (QuotaClassesAdminTestJSON:setUpClass): 204 PUT http://10.180.1.21/identity/v3/projects/a88cdc5d30f141adb5f4ab72935209a1/users/2e3159b7bff94c0f9d21d5812c962a4b/roles/19d202e15a4a479fba21c04bff0f554f 0.791s
2025-02-03 11:24:32.692 61081 INFO tempest.lib.common.rest_client [req-2e043536-3fa4-4371-ba24-e702149d4887 req-2e043536-3fa4-4371-ba24-e702149d4887 ] Request (VolumesAdminNegativeTest:setUpClass): 201 POST http://10.180.1.21:9696/networking/v2.0/networks 1.242s
2025-02-03 11:24:32.710 61067 INFO tempest.lib.common.rest_client [req-a37302a1-e8e9-4a54-8005-d0ae1e99d78d req-a37302a1-e8e9-4a54-8005-d0ae1e99d78d ] Request (ServerExternalEventsTest:setUpClass): 201 POST http://10.180.1.21/identity/v3/projects 0.839s
2025-02-03 11:24:32.724 61069 INFO tempest.lib.common.rest_client [req-6d9b718a-7bbc-48ed-be87-f1d35030760e req-6d9b718a-7bbc-48ed-be87-f1d35030760e ] Request (AZAdminNegativeTestJSON:setUpClass): 200 GET http://10.180.1.21/identity/v3/roles 0.837s
2025-02-03 11:24:32.773 61051 INFO tempest.lib.common.rest_client [req-59e5a1a7-d0c1-4ab3-bd0f-5a9e97fe19a6 req-59e5a1a7-d0c1-4ab3-bd0f-5a9e97fe19a6 ] Request (ServicesAdminTestJSON:setUpClass): 201 POST http://10.180.1.21/identity/v3/projects 0.792s
2025-02-03 11:24:32.807 61061 INFO tempest.lib.common.rest_client [req-7eb3d6d3-f50a-4e1c-9dc9-c13875a5c540 req-7eb3d6d3-f50a-4e1c-9dc9-c13875a5c540 ] Request (FlavorsV261TestJSON:setUpClass): 201 POST http://10.180.1.21/identity/v3/projects 0.805s
2025-02-03 11:24:32.874 61057 INFO tempest.lib.common.rest_client [req-6b79acae-3cab-4604-80b7-c2c2e1b49b17 req-6b79acae-3cab-4604-80b7-c2c2e1b49b17 ] Request (ServersWithSpecificFlavorTestJSON:setUpClass): 200 GET http://10.180.1.21/identity/v3/roles 0.804s
2025-02-03 11:24:32.876 61089 INFO tempest.lib.common.rest_client [req-d6f217e1-5dfe-4d55-9d7a-667a7764406c req-d6f217e1-5dfe-4d55-9d7a-667a7764406c ] Request (FlavorsExtraSpecsTestJSON:setUpClass): 201 POST http://10.180.1.21/identity/v3/users 0.868s
2025-02-03 11:24:32.900 61103 INFO tempest.lib.common.rest_client [req-5f518e14-08da-4caf-b8e1-caf3b038a3d8 req-5f518e14-08da-4caf-b8e1-caf3b038a3d8 ] Request (HypervisorAdminTestJSON:setUpClass): 201 POST http://10.180.1.21/identity/v3/users 0.762s
2025-02-03 11:24:32.905 61093 INFO tempest.lib.common.rest_client [req-172f09fd-fe87-4f05-9bc9-0b4f0b0d6c98 req-172f09fd-fe87-4f05-9bc9-0b4f0b0d6c98 ] Request (HostsAdminNegativeTestJSON:setUpClass): 201 POST http://10.180.1.21/identity/v3/projects 0.831s
2025-02-03 11:24:32.934 61055 INFO tempest.lib.common.rest_client [req-62fcff18-5b38-4b2e-b2c1-c6d6b5822219 req-62fcff18-5b38-4b2e-b2c1-c6d6b5822219 ] Request (VolumesAssistedSnapshotsTest:setUpClass): 200 PUT http://10.180.1.21:9696/networking/v2.0/routers/435cc870-1ca5-4465-ac03-c836a637c802/add_router_interface 1.332s
2025-02-03 11:24:32.934 61055 INFO tempest.lib.common.dynamic_creds [-] Created isolated network resources for: credentials: Credentials: {'domain_id': 'default', 'domain_name': 'Default', 'username': 'tempest-VolumesAssistedSnapshotsTest-1009492998-project-member', 'project_domain_id': 'default', 'project_domain_name': 'Default', 'project_id': '51d900a446c34a13bb536c7ed959bf67', 'project_name': 'tempest-VolumesAssistedSnapshotsTest-1009492998', 'tenant_id': '51d900a446c34a13bb536c7ed959bf67', 'tenant_name': 'tempest-VolumesAssistedSnapshotsTest-1009492998', 'user_domain_id': 'default', 'user_domain_name': 'Default', 'user_id': '01c72e234ef54a3687b15caa4bb20401', 'system': None}, Network: {'id': '885fa114-ced3-4afa-b3df-0d3b8b55e668', 'name': 'tempest-VolumesAssistedSnapshotsTest-949375878-network', 'tenant_id': '51d900a446c34a13bb536c7ed959bf67', 'admin_state_up': True, 'mtu': 8950, 'status': 'ACTIVE', 'subnets': [], 'shared': False, 'project_id': '51d900a446c34a13bb536c7ed959bf67', 'port_security_enabled': True, 'router:external': False, 'provider:network_type': 'vlan', 'provider:physical_network': 'default', 'provider:segmentation_id': 310, 'is_default': False, 'availability_zone_hints': [], 'availability_zones': [], 'ipv4_address_scope': None, 'ipv6_address_scope': None, 'description': '', 'tags': [], 'created_at': '2025-02-03T11:24:29Z', 'updated_at': '2025-02-03T11:24:29Z', 'revision_number': 1}, Subnet: {'id': 'a0278ada-e74c-4086-8cff-abc82ba6a58e', 'name': 'tempest-VolumesAssistedSnapshotsTest-949375878-subnet', 'tenant_id': '51d900a446c34a13bb536c7ed959bf67', 'network_id': '885fa114-ced3-4afa-b3df-0d3b8b55e668', 'ip_version': 4, 'subnetpool_id': None, 'enable_dhcp': True, 'ipv6_ra_mode': None, 'ipv6_address_mode': None, 'gateway_ip': '192.168.128.1', 'cidr': '192.168.128.0/28', 'allocation_pools': [{'start': '192.168.128.2', 'end': '192.168.128.14'}], 'host_routes': [], 'dns_nameservers': [], 'description': '', 'service_types': [], 'tags': [], 'created_at': '2025-02-03T11:24:29Z', 'updated_at': '2025-02-03T11:24:29Z', 'revision_number': 0, 'project_id': '51d900a446c34a13bb536c7ed959bf67'}, Router: {'id': '435cc870-1ca5-4465-ac03-c836a637c802', 'name': 'tempest-VolumesAssistedSnapshotsTest-949375878-router', 'tenant_id': '51d900a446c34a13bb536c7ed959bf67', 'admin_state_up': True, 'status': 'ACTIVE', 'external_gateway_info': {'network_id': 'ccecd5ab-7404-4f11-b10d-3bba32c426fb', 'external_fixed_ips': [{'subnet_id': 'f2eed3f8-075d-4b8f-a1e3-6a6bb2256a8f', 'ip_address': '10.180.180.246'}], 'enable_snat': True}, 'description': '', 'availability_zones': [], 'distributed': False, 'ha': False, 'availability_zone_hints': [], 'routes': [], 'flavor_id': None, 'tags': [], 'created_at': '2025-02-03T11:24:30Z', 'updated_at': '2025-02-03T11:24:31Z', 'revision_number': 2, 'project_id': '51d900a446c34a13bb536c7ed959bf67'}
2025-02-03 11:24:32.950 61053 INFO tempest.lib.common.rest_client [req-4e8d446f-bac6-410a-aaa3-0176baf8cfcd req-4e8d446f-bac6-410a-aaa3-0176baf8cfcd ] Request (NetworksTest:setUpClass): 200 GET http://10.180.1.21/identity/v3/roles 0.809s
2025-02-03 11:24:32.967 61099 INFO tempest.lib.common.rest_client [req-f06adef4-24e6-4d72-9f8e-73ae372aa3eb req-f06adef4-24e6-4d72-9f8e-73ae372aa3eb ] Request (FlavorsAdminTestJSON:setUpClass): 200 GET http://10.180.1.21/identity/v3/roles 0.705s
2025-02-03 11:24:32.991 61066 INFO tempest.lib.common.rest_client [req-e79d0076-acb5-4a56-a088-84fffb4f4d70 req-e79d0076-acb5-4a56-a088-84fffb4f4d70 ] Request (FlavorMetadataValidation:setUpClass): 204 PUT http://10.180.1.21/identity/v3/projects/a6e8253fa1e64edf9310507157b3eca8/users/74e03b7c9fd44849b19e259ef1045bb3/roles/19d202e15a4a479fba21c04bff0f554f 0.757s
2025-02-03 11:24:33.025 61081 INFO tempest.lib.common.rest_client [req-26ea6483-8449-4b73-a1f6-9b1222310600 req-26ea6483-8449-4b73-a1f6-9b1222310600 ] Request (VolumesAdminNegativeTest:setUpClass): 201 POST http://10.180.1.21:9696/networking/v2.0/subnets 0.332s
2025-02-03 11:24:33.051 61063 INFO tempest.lib.common.rest_client [req-c6ef9b24-d297-4ab7-9a91-08abcd61c854 req-c6ef9b24-d297-4ab7-9a91-08abcd61c854 ] Request (HypervisorAdminNegativeUnderV252Test:setUpClass): 200 GET http://10.180.1.21/identity/v3/roles 0.736s
2025-02-03 11:24:33.081 61047 INFO tempest.lib.common.rest_client [req-ec7d3949-12fb-4ab8-8cd2-ad51842ecfe3 req-ec7d3949-12fb-4ab8-8cd2-ad51842ecfe3 ] Request (FlavorsV255TestJSON:setUpClass): 204 PUT http://10.180.1.21/identity/v3/projects/d7d8db3e87bd408d88451406f374d72c/users/36f1c6ccfd644c2b860952363acd9687/roles/19d202e15a4a479fba21c04bff0f554f 0.748s
2025-02-03 11:24:33.157 61085 INFO tempest.lib.common.rest_client [req-5c17a862-818f-493c-a6a3-378ba18102bc req-5c17a862-818f-493c-a6a3-378ba18102bc ] Request (ServerDiagnosticsTest:setUpClass): 204 PUT http://10.180.1.21/identity/v3/projects/972e02230354469392a84a44cde7a3bc/users/53abea241de948598bc21b8212a843a5/roles/19d202e15a4a479fba21c04bff0f554f 0.805s
2025-02-03 11:24:33.199 61072 INFO tempest.lib.common.rest_client [req-1fb6445a-fc09-48c6-b03b-f3e95e9f1dc4 req-1fb6445a-fc09-48c6-b03b-f3e95e9f1dc4 ] Request (AggregatesAdminNegativeTestJSON:tearDownClass): 204 DELETE http://10.180.1.21/identity/v3/projects/20a4e01657d642ec825b340ff776fb58 0.860s
2025-02-03 11:24:33.199 61072 INFO tempest.lib.common.dynamic_creds [-] Deleting project and security group for project: 0bcf6c23da7d483f90b4b01a7e407911
2025-02-03 11:24:33.255 61043 INFO tempest.lib.common.rest_client [req-015cd814-2d75-409f-ab18-a78dd8282be1 req-015cd814-2d75-409f-ab18-a78dd8282be1 ] Request (InstanceUsageAuditLogTestJSON:setUpClass): 200 GET http://10.180.1.21/identity/v3/roles 0.887s
2025-02-03 11:24:33.266 61049 INFO tempest.lib.common.rest_client [req-692becba-dd41-47f1-961a-4cd2b1ba78da req-692becba-dd41-47f1-961a-4cd2b1ba78da ] Request (QuotasAdminTestV236:setUpClass): 201 POST http://10.180.1.21/identity/v3/users 0.884s
2025-02-03 11:24:33.283 61077 INFO tempest.lib.common.rest_client [req-d5f59fe1-aceb-42a8-a7ff-c5d5a185dde8 req-d5f59fe1-aceb-42a8-a7ff-c5d5a185dde8 ] Request (QuotasAdminNegativeTest:setUpClass): 201 POST http://10.180.1.21/identity/v3/users 0.885s
2025-02-03 11:24:33.285 61105 INFO tempest.lib.common.rest_client [req-77968756-5bf3-4140-9616-b005de4fe424 req-77968756-5bf3-4140-9616-b005de4fe424 ] Request (KeyPairsV210TestJSON:setUpClass): 200 GET http://10.180.1.21/identity/v3/roles 0.810s
2025-02-03 11:24:33.304 61073 INFO tempest.lib.common.rest_client [req-569cd3da-60e5-4b5a-82c5-335ee830779b req-569cd3da-60e5-4b5a-82c5-335ee830779b ] Request (AZAdminV2TestJSON:setUpClass): 200 GET http://10.180.1.21/identity/v3/roles 0.800s
2025-02-03 11:24:33.316 61079 INFO tempest.lib.common.rest_client [req-13d0fe98-ae1f-4567-9089-44db80648478 req-13d0fe98-ae1f-4567-9089-44db80648478 ] Request (ServicesAdminNegativeTestJSON:setUpClass): 201 POST http://10.180.1.21/identity/v3/users 0.834s
2025-02-03 11:24:33.330 61087 INFO tempest.lib.common.rest_client [req-41e64db1-b08c-4392-8a8a-49f924053ebd req-41e64db1-b08c-4392-8a8a-49f924053ebd ] Request (SecurityGroupsTestAdminJSON:setUpClass): 204 PUT http://10.180.1.21/identity/v3/projects/d318394d7d2c4304a512827ea101af44/users/701434829c654b19815408d1076665b5/roles/19d202e15a4a479fba21c04bff0f554f 0.735s
2025-02-03 11:24:33.340 61091 INFO tempest.lib.common.rest_client [req-cb5f59de-452d-47f8-96d9-59f09280633b req-cb5f59de-452d-47f8-96d9-59f09280633b ] Request (FlavorsAccessNegativeTestJSON:setUpClass): 201 POST http://10.180.1.21/identity/v3/users 0.714s
2025-02-03 11:24:33.382 61101 INFO tempest.lib.common.rest_client [req-221e6050-2c44-409c-a6fc-53de1cfde7ec req-221e6050-2c44-409c-a6fc-53de1cfde7ec ] Request (QuotaClassesAdminTestJSON:setUpClass): 200 GET http://10.180.1.21/identity/v3/roles 0.731s
2025-02-03 11:24:33.395 61067 INFO tempest.lib.common.rest_client [req-446568a5-908d-4a49-aa13-1494b5c1cf05 req-446568a5-908d-4a49-aa13-1494b5c1cf05 ] Request (ServerExternalEventsTest:setUpClass): 201 POST http://10.180.1.21/identity/v3/users 0.684s
2025-02-03 11:24:33.408 61072 INFO tempest.lib.common.rest_client [req-5515621e-dd63-4385-9afb-4b89fb81ede8 req-5515621e-dd63-4385-9afb-4b89fb81ede8 ] Request (AggregatesAdminNegativeTestJSON:tearDownClass): 200 GET http://10.180.1.21:9696/networking/v2.0/security-groups?tenant_id=0bcf6c23da7d483f90b4b01a7e407911&name=default 0.209s
2025-02-03 11:24:33.410 61069 INFO tempest.lib.common.rest_client [req-95c3406b-7fb0-4731-84c0-675d4b109dca req-95c3406b-7fb0-4731-84c0-675d4b109dca ] Request (AZAdminNegativeTestJSON:setUpClass): 204 PUT http://10.180.1.21/identity/v3/projects/63d83f4dab80406499e97e7436e2fe8c/users/b46e84525637447c9d1e30c8a6d7868c/roles/19d202e15a4a479fba21c04bff0f554f 0.686s
2025-02-03 11:24:33.419 61051 INFO tempest.lib.common.rest_client [req-6fa65e62-0022-4dce-93ed-e13620fa645d req-6fa65e62-0022-4dce-93ed-e13620fa645d ] Request (ServicesAdminTestJSON:setUpClass): 201 POST http://10.180.1.21/identity/v3/users 0.644s
2025-02-03 11:24:33.441 61045 INFO tempest.lib.common.rest_client [req-5c532de1-dcfe-4e70-bee4-eeb475147059 req-5c532de1-dcfe-4e70-bee4-eeb475147059 ] Request (FloatingIPDetailsNegativeTestJSON:setUpClass): 200 PUT http://10.180.1.21:9696/networking/v2.0/routers/1ba10b22-5559-48ef-9835-4b9ea1dfbf58/add_router_interface 1.921s
2025-02-03 11:24:33.441 61045 INFO tempest.lib.common.dynamic_creds [-] Created isolated network resources for: credentials: Credentials: {'domain_id': 'default', 'domain_name': 'Default', 'username': 'tempest-FloatingIPDetailsNegativeTestJSON-1705742551-project-member', 'project_domain_id': 'default', 'project_domain_name': 'Default', 'project_id': '7511fbbd3b034a0f81971fef4fd4bd04', 'project_name': 'tempest-FloatingIPDetailsNegativeTestJSON-1705742551', 'tenant_id': '7511fbbd3b034a0f81971fef4fd4bd04', 'tenant_name': 'tempest-FloatingIPDetailsNegativeTestJSON-1705742551', 'user_domain_id': 'default', 'user_domain_name': 'Default', 'user_id': '025596e5289d4b799b6b532848796bad', 'system': None}, Network: {'id': '42055159-1bd5-4bdb-80a0-7100ea201133', 'name': 'tempest-FloatingIPDetailsNegativeTestJSON-2076260690-network', 'tenant_id': '7511fbbd3b034a0f81971fef4fd4bd04', 'admin_state_up': True, 'mtu': 8950, 'status': 'ACTIVE', 'subnets': [], 'shared': False, 'project_id': '7511fbbd3b034a0f81971fef4fd4bd04', 'port_security_enabled': True, 'router:external': False, 'provider:network_type': 'vlan', 'provider:physical_network': 'default', 'provider:segmentation_id': 702, 'is_default': False, 'availability_zone_hints': [], 'availability_zones': [], 'ipv4_address_scope': None, 'ipv6_address_scope': None, 'description': '', 'tags': [], 'created_at': '2025-02-03T11:24:29Z', 'updated_at': '2025-02-03T11:24:29Z', 'revision_number': 1}, Subnet: {'id': 'd6764897-80d0-4ba4-814a-43086737c6a1', 'name': 'tempest-FloatingIPDetailsNegativeTestJSON-2076260690-subnet', 'tenant_id': '7511fbbd3b034a0f81971fef4fd4bd04', 'network_id': '42055159-1bd5-4bdb-80a0-7100ea201133', 'ip_version': 4, 'subnetpool_id': None, 'enable_dhcp': True, 'ipv6_ra_mode': None, 'ipv6_address_mode': None, 'gateway_ip': '192.168.128.1', 'cidr': '192.168.128.0/28', 'allocation_pools': [{'start': '192.168.128.2', 'end': '192.168.128.14'}], 'host_routes': [], 'dns_nameservers': [], 'description': '', 'service_types': [], 'tags': [], 'created_at': '2025-02-03T11:24:29Z', 'updated_at': '2025-02-03T11:24:29Z', 'revision_number': 0, 'project_id': '7511fbbd3b034a0f81971fef4fd4bd04'}, Router: {'id': '1ba10b22-5559-48ef-9835-4b9ea1dfbf58', 'name': 'tempest-FloatingIPDetailsNegativeTestJSON-2076260690-router', 'tenant_id': '7511fbbd3b034a0f81971fef4fd4bd04', 'admin_state_up': True, 'status': 'ACTIVE', 'external_gateway_info': {'network_id': 'ccecd5ab-7404-4f11-b10d-3bba32c426fb', 'external_fixed_ips': [{'subnet_id': 'f2eed3f8-075d-4b8f-a1e3-6a6bb2256a8f', 'ip_address': '10.180.180.250'}], 'enable_snat': True}, 'description': '', 'availability_zones': [], 'distributed': False, 'ha': False, 'availability_zone_hints': [], 'routes': [], 'flavor_id': None, 'tags': [], 'created_at': '2025-02-03T11:24:30Z', 'updated_at': '2025-02-03T11:24:30Z', 'revision_number': 2, 'project_id': '7511fbbd3b034a0f81971fef4fd4bd04'}
2025-02-03 11:24:33.469 61097 INFO tempest.lib.common.rest_client [req-81119fa2-4b75-4c16-a45d-f680ae8c53ef req-81119fa2-4b75-4c16-a45d-f680ae8c53ef ] Request (ImagesOneServerTestJSON:setUpClass): 201 POST http://10.180.1.21:9696/networking/v2.0/routers 1.700s
2025-02-03 11:24:33.475 61057 INFO tempest.lib.common.rest_client [req-ba469782-7c02-450a-b408-2a3755e75edb req-ba469782-7c02-450a-b408-2a3755e75edb ] Request (ServersWithSpecificFlavorTestJSON:setUpClass): 204 PUT http://10.180.1.21/identity/v3/projects/01e8164cb8ee4ada8cd08b3da67d5ef3/users/a0ffdd42582b4b42b3ef2b5d75c19e79/roles/19d202e15a4a479fba21c04bff0f554f 0.601s
2025-02-03 11:24:33.475 61057 INFO tempest.lib.common.dynamic_creds [-] Dynamic test user a0ffdd42582b4b42b3ef2b5d75c19e79 is created with scope project and roles: ['admin']
2025-02-03 11:24:33.476 61057 INFO tempest.lib.common.dynamic_creds [-] Acquired dynamic creds: credentials: Credentials: {'domain_id': 'default', 'domain_name': 'Default', 'username': 'tempest-ServersWithSpecificFlavorTestJSON-1968244286-project-admin', 'project_domain_id': 'default', 'project_domain_name': 'Default', 'project_id': '01e8164cb8ee4ada8cd08b3da67d5ef3', 'project_name': 'tempest-ServersWithSpecificFlavorTestJSON-1968244286', 'tenant_id': '01e8164cb8ee4ada8cd08b3da67d5ef3', 'tenant_name': 'tempest-ServersWithSpecificFlavorTestJSON-1968244286', 'user_domain_id': 'default', 'user_domain_name': 'Default', 'user_id': 'a0ffdd42582b4b42b3ef2b5d75c19e79', 'system': None}, Network: None, Subnet: None, Router: None
2025-02-03 11:24:33.477 61061 INFO tempest.lib.common.rest_client [req-5495e7bb-0ac2-4772-a080-a6bbad11e3b2 req-5495e7bb-0ac2-4772-a080-a6bbad11e3b2 ] Request (FlavorsV261TestJSON:setUpClass): 201 POST http://10.180.1.21/identity/v3/users 0.669s
2025-02-03 11:24:33.530 61103 INFO tempest.lib.common.rest_client [req-786db8ad-0beb-4a81-8d8c-9d3c0148b49e req-786db8ad-0beb-4a81-8d8c-9d3c0148b49e ] Request (HypervisorAdminTestJSON:setUpClass): 200 GET http://10.180.1.21/identity/v3/roles 0.629s
2025-02-03 11:24:33.535 61089 INFO tempest.lib.common.rest_client [req-cd3ba251-6678-4c31-87f6-69b478effe43 req-cd3ba251-6678-4c31-87f6-69b478effe43 ] Request (FlavorsExtraSpecsTestJSON:setUpClass): 200 GET http://10.180.1.21/identity/v3/roles 0.659s
2025-02-03 11:24:33.554 61093 INFO tempest.lib.common.rest_client [req-0de73ffb-2fb6-4713-9bcd-d2abd45d5bfd req-0de73ffb-2fb6-4713-9bcd-d2abd45d5bfd ] Request (HostsAdminNegativeTestJSON:setUpClass): 201 POST http://10.180.1.21/identity/v3/users 0.649s
2025-02-03 11:24:33.572 61053 INFO tempest.lib.common.rest_client [req-06963c33-f613-4d05-8bea-e6caf76b7725 req-06963c33-f613-4d05-8bea-e6caf76b7725 ] Request (NetworksTest:setUpClass): 204 PUT http://10.180.1.21/identity/v3/projects/5616ee5e763c4d8a983826b8f7e43c1f/users/183b876554064735b8617b2d9c83efe9/roles/19d202e15a4a479fba21c04bff0f554f 0.621s
2025-02-03 11:24:33.573 61053 INFO tempest.lib.common.dynamic_creds [-] Dynamic test user 183b876554064735b8617b2d9c83efe9 is created with scope project and roles: ['admin']
