2025-02-03 11:24:35.878 61049 INFO tempest.lib.common.rest_client [req-1af63fd7-086c-492e-bea4-91f0321ec0ef req-1af63fd7-086c-492e-bea4-91f0321ec0ef ] Request (QuotasAdminTestV236:setUpClass): 204 PUT http://10.180.1.21/identity/v3/projects/34dd848cd5784a1e945de47d1519a5fb/users/776426ce76444f2488dcbc58b3ddb476/roles/19d202e15a4a479fba21c04bff0f554f 0.503s
2025-02-03 11:24:35.878 61049 INFO tempest.lib.common.dynamic_creds [-] Dynamic test user 776426ce76444f2488dcbc58b3ddb476 is created with scope project and roles: ['admin']
2025-02-03 11:24:35.878 61049 INFO tempest.lib.common.dynamic_creds [-] Acquired dynamic creds: credentials: Credentials: {'domain_id': 'default', 'domain_name': 'Default', 'username': 'tempest-QuotasAdminTestV236-357995692-project-admin', 'project_domain_id': 'default', 'project_domain_name': 'Default', 'project_id': '34dd848cd5784a1e945de47d1519a5fb', 'project_name': 'tempest-QuotasAdminTestV236-357995692', 'tenant_id': '34dd848cd5784a1e945de47d1519a5fb', 'tenant_name': 'tempest-QuotasAdminTestV236-357995692', 'user_domain_id': 'default', 'user_domain_name': 'Default', 'user_id': '776426ce76444f2488dcbc58b3ddb476', 'system': None}, Network: None, Subnet: None, Router: None
2025-02-03 11:24:35.878 61049 INFO tempest.lib.common.dynamic_creds [-] Created isolated network resources for: credentials: Credentials: {'domain_id': 'default', 'domain_name': 'Default', 'username': 'tempest-QuotasAdminTestV236-357995692-project-admin', 'project_domain_id': 'default', 'project_domain_name': 'Default', 'project_id': '34dd848cd5784a1e945de47d1519a5fb', 'project_name': 'tempest-QuotasAdminTestV236-357995692', 'tenant_id': '34dd848cd5784a1e945de47d1519a5fb', 'tenant_name': 'tempest-QuotasAdminTestV236-357995692', 'user_domain_id': 'default', 'user_domain_name': 'Default', 'user_id': '776426ce76444f2488dcbc58b3ddb476', 'system': None}, Network: None, Subnet: None, Router: None
2025-02-03 11:24:35.882 61095 INFO tempest.lib.common.rest_client [req-458f8223-de81-4eb2-b79c-0e58c3a5a779 req-458f8223-de81-4eb2-b79c-0e58c3a5a779 ] Request (HypervisorAdminV253TestBase:test_list_show_detail_hypervisors): 200 GET http://10.180.1.21/compute/v2.1/os-hypervisors/detail?with_servers=True 3.538s
2025-02-03 11:24:35.883 61081 INFO tempest.lib.common.rest_client [req-626ac897-0aec-41d9-87e8-8711d6ee132b req-626ac897-0aec-41d9-87e8-8711d6ee132b ] Request (VolumesAdminNegativeTest:setUpClass): 200 PUT http://10.180.1.21:9696/networking/v2.0/routers/910908f7-bf80-4fe5-aba4-213677ad236e/add_router_interface 1.231s
2025-02-03 11:24:35.883 61081 INFO tempest.lib.common.dynamic_creds [-] Created isolated network resources for: credentials: Credentials: {'domain_id': 'default', 'domain_name': 'Default', 'username': 'tempest-VolumesAdminNegativeTest-518373138-project-member', 'project_domain_id': 'default', 'project_domain_name': 'Default', 'project_id': '97a20b8b4419416081918b302c7ce395', 'project_name': 'tempest-VolumesAdminNegativeTest-518373138', 'tenant_id': '97a20b8b4419416081918b302c7ce395', 'tenant_name': 'tempest-VolumesAdminNegativeTest-518373138', 'user_domain_id': 'default', 'user_domain_name': 'Default', 'user_id': '63157f2531044bd7beb38c5c36bbe8f2', 'system': None}, Network: {'id': 'ed092c70-eb40-4eca-8238-03bab9f7778b', 'name': 'tempest-VolumesAdminNegativeTest-1372403250-network', 'tenant_id': '97a20b8b4419416081918b302c7ce395', 'admin_state_up': True, 'mtu': 8950, 'status': 'ACTIVE', 'subnets': [], 'shared': False, 'project_id': '97a20b8b4419416081918b302c7ce395', 'port_security_enabled': True, 'router:external': False, 'provider:network_type': 'vlan', 'provider:physical_network': 'default', 'provider:segmentation_id': 972, 'is_default': False, 'availability_zone_hints': [], 'availability_zones': [], 'ipv4_address_scope': None, 'ipv6_address_scope': None, 'description': '', 'tags': [], 'created_at': '2025-02-03T11:24:32Z', 'updated_at': '2025-02-03T11:24:32Z', 'revision_number': 1}, Subnet: {'id': '1c482d03-6510-4270-a47c-c374d297d341', 'name': 'tempest-VolumesAdminNegativeTest-1372403250-subnet', 'tenant_id': '97a20b8b4419416081918b302c7ce395', 'network_id': 'ed092c70-eb40-4eca-8238-03bab9f7778b', 'ip_version': 4, 'subnetpool_id': None, 'enable_dhcp': True, 'ipv6_ra_mode': None, 'ipv6_address_mode': None, 'gateway_ip': '192.168.128.1', 'cidr': '192.168.128.0/28', 'allocation_pools': [{'start': '192.168.128.2', 'end': '192.168.128.14'}], 'host_routes': [], 'dns_nameservers': [], 'description': '', 'service_types': [], 'tags': [], 'created_at': '2025-02-03T11:24:32Z', 'updated_at': '2025-02-03T11:24:32Z', 'revision_number': 0, 'project_id': '97a20b8b4419416081918b302c7ce395'}, Router: {'id': '910908f7-bf80-4fe5-aba4-213677ad236e', 'name': 'tempest-VolumesAdminNegativeTest-1372403250-router', 'tenant_id': '97a20b8b4419416081918b302c7ce395', 'admin_state_up': True, 'status': 'ACTIVE', 'external_gateway_info': {'network_id': 'ccecd5ab-7404-4f11-b10d-3bba32c426fb', 'external_fixed_ips': [{'subnet_id': 'f2eed3f8-075d-4b8f-a1e3-6a6bb2256a8f', 'ip_address': '10.180.180.216'}], 'enable_snat': True}, 'description': '', 'availability_zones': [], 'distributed': False, 'ha': False, 'availability_zone_hints': [], 'routes': [], 'flavor_id': None, 'tags': [], 'created_at': '2025-02-03T11:24:33Z', 'updated_at': '2025-02-03T11:24:33Z', 'revision_number': 2, 'project_id': '97a20b8b4419416081918b302c7ce395'}
2025-02-03 11:24:35.887 61085 INFO tempest.lib.common.rest_client [req-779b3930-76f6-4f27-91e7-63ad2fb3fdbb req-779b3930-76f6-4f27-91e7-63ad2fb3fdbb ] Request (ServerDiagnosticsTest:test_get_server_diagnostics): 201 POST http://10.180.1.21/identity/v3/auth/tokens 0.515s
2025-02-03 11:24:35.887 61085 INFO tempest.lib.common.fixed_network [-] (ServerDiagnosticsTest:test_get_server_diagnostics) Found network None available for tenant
2025-02-03 11:24:35.946 61043 INFO tempest.lib.common.rest_client [req-8b0b2127-97c8-4a1e-9857-cd94bad92e6f req-8b0b2127-97c8-4a1e-9857-cd94bad92e6f ] Request (InstanceUsageAuditLogTestJSON:setUpClass): 201 POST http://10.180.1.21/identity/v3/auth/tokens 0.567s
2025-02-03 11:24:35.966 61077 INFO tempest.lib.common.rest_client [req-e81979c8-0ea8-4dea-b2da-33452e51014f req-e81979c8-0ea8-4dea-b2da-33452e51014f ] Request (QuotasAdminNegativeTest:setUpClass): 204 PUT http://10.180.1.21/identity/v3/projects/1c1c03aa41304830a95b5d6c9087f3f1/users/d816e699f2f240e3b58e4d1f1b7e0fb4/roles/19d202e15a4a479fba21c04bff0f554f 0.543s
2025-02-03 11:24:35.966 61077 INFO tempest.lib.common.dynamic_creds [-] Dynamic test user d816e699f2f240e3b58e4d1f1b7e0fb4 is created with scope project and roles: ['admin']
2025-02-03 11:24:35.966 61077 INFO tempest.lib.common.dynamic_creds [-] Acquired dynamic creds: credentials: Credentials: {'domain_id': 'default', 'domain_name': 'Default', 'username': 'tempest-QuotasAdminNegativeTest-2043777169-project-admin', 'project_domain_id': 'default', 'project_domain_name': 'Default', 'project_id': '1c1c03aa41304830a95b5d6c9087f3f1', 'project_name': 'tempest-QuotasAdminNegativeTest-2043777169', 'tenant_id': '1c1c03aa41304830a95b5d6c9087f3f1', 'tenant_name': 'tempest-QuotasAdminNegativeTest-2043777169', 'user_domain_id': 'default', 'user_domain_name': 'Default', 'user_id': 'd816e699f2f240e3b58e4d1f1b7e0fb4', 'system': None}, Network: None, Subnet: None, Router: None
2025-02-03 11:24:35.966 61077 INFO tempest.lib.common.dynamic_creds [-] Created isolated network resources for: credentials: Credentials: {'domain_id': 'default', 'domain_name': 'Default', 'username': 'tempest-QuotasAdminNegativeTest-2043777169-project-admin', 'project_domain_id': 'default', 'project_domain_name': 'Default', 'project_id': '1c1c03aa41304830a95b5d6c9087f3f1', 'project_name': 'tempest-QuotasAdminNegativeTest-2043777169', 'tenant_id': '1c1c03aa41304830a95b5d6c9087f3f1', 'tenant_name': 'tempest-QuotasAdminNegativeTest-2043777169', 'user_domain_id': 'default', 'user_domain_name': 'Default', 'user_id': 'd816e699f2f240e3b58e4d1f1b7e0fb4', 'system': None}, Network: None, Subnet: None, Router: None
2025-02-03 11:24:36.008 61105 INFO tempest.lib.common.rest_client [req-c5212029-bb3d-4d0d-a95d-2bc86f6a183b req-c5212029-bb3d-4d0d-a95d-2bc86f6a183b ] Request (KeyPairsV210TestJSON:setUpClass): 201 POST http://10.180.1.21/identity/v3/auth/tokens 0.582s
2025-02-03 11:24:36.026 61091 INFO tempest.lib.common.rest_client [req-a3f8ee34-80e4-4d3c-b84f-ef0d3347b536 req-a3f8ee34-80e4-4d3c-b84f-ef0d3347b536 ] Request (FlavorsAccessNegativeTestJSON:setUpClass): 204 PUT http://10.180.1.21/identity/v3/projects/fa95ac61903d4f579473ac925c2c7e2f/users/bbc2dd495d494fcb84b4ec1b6931589b/roles/19d202e15a4a479fba21c04bff0f554f 0.539s
2025-02-03 11:24:36.026 61091 INFO tempest.lib.common.dynamic_creds [-] Dynamic test user bbc2dd495d494fcb84b4ec1b6931589b is created with scope project and roles: ['admin']
2025-02-03 11:24:36.026 61079 INFO tempest.lib.common.rest_client [req-d5efd683-731e-4e21-9617-cbfb9c96bf82 req-d5efd683-731e-4e21-9617-cbfb9c96bf82 ] Request (ServicesAdminNegativeTestJSON:setUpClass): 204 PUT http://10.180.1.21/identity/v3/projects/747d24d9d8a547d583446de6fcffc66f/users/4d19b133677b4736988d983cc26d32f2/roles/19d202e15a4a479fba21c04bff0f554f 0.555s
2025-02-03 11:24:36.026 61091 INFO tempest.lib.common.dynamic_creds [-] Acquired dynamic creds: credentials: Credentials: {'domain_id': 'default', 'domain_name': 'Default', 'username': 'tempest-FlavorsAccessNegativeTestJSON-468945111-project-admin', 'project_domain_id': 'default', 'project_domain_name': 'Default', 'project_id': 'fa95ac61903d4f579473ac925c2c7e2f', 'project_name': 'tempest-FlavorsAccessNegativeTestJSON-468945111', 'tenant_id': 'fa95ac61903d4f579473ac925c2c7e2f', 'tenant_name': 'tempest-FlavorsAccessNegativeTestJSON-468945111', 'user_domain_id': 'default', 'user_domain_name': 'Default', 'user_id': 'bbc2dd495d494fcb84b4ec1b6931589b', 'system': None}, Network: None, Subnet: None, Router: None
2025-02-03 11:24:36.027 61079 INFO tempest.lib.common.dynamic_creds [-] Dynamic test user 4d19b133677b4736988d983cc26d32f2 is created with scope project and roles: ['admin']
2025-02-03 11:24:36.027 61091 INFO tempest.lib.common.dynamic_creds [-] Created isolated network resources for: credentials: Credentials: {'domain_id': 'default', 'domain_name': 'Default', 'username': 'tempest-FlavorsAccessNegativeTestJSON-468945111-project-admin', 'project_domain_id': 'default', 'project_domain_name': 'Default', 'project_id': 'fa95ac61903d4f579473ac925c2c7e2f', 'project_name': 'tempest-FlavorsAccessNegativeTestJSON-468945111', 'tenant_id': 'fa95ac61903d4f579473ac925c2c7e2f', 'tenant_name': 'tempest-FlavorsAccessNegativeTestJSON-468945111', 'user_domain_id': 'default', 'user_domain_name': 'Default', 'user_id': 'bbc2dd495d494fcb84b4ec1b6931589b', 'system': None}, Network: None, Subnet: None, Router: None
2025-02-03 11:24:36.027 61079 INFO tempest.lib.common.dynamic_creds [-] Acquired dynamic creds: credentials: Credentials: {'domain_id': 'default', 'domain_name': 'Default', 'username': 'tempest-ServicesAdminNegativeTestJSON-1604037060-project-admin', 'project_domain_id': 'default', 'project_domain_name': 'Default', 'project_id': '747d24d9d8a547d583446de6fcffc66f', 'project_name': 'tempest-ServicesAdminNegativeTestJSON-1604037060', 'tenant_id': '747d24d9d8a547d583446de6fcffc66f', 'tenant_name': 'tempest-ServicesAdminNegativeTestJSON-1604037060', 'user_domain_id': 'default', 'user_domain_name': 'Default', 'user_id': '4d19b133677b4736988d983cc26d32f2', 'system': None}, Network: None, Subnet: None, Router: None
2025-02-03 11:24:36.027 61079 INFO tempest.lib.common.dynamic_creds [-] Created isolated network resources for: credentials: Credentials: {'domain_id': 'default', 'domain_name': 'Default', 'username': 'tempest-ServicesAdminNegativeTestJSON-1604037060-project-admin', 'project_domain_id': 'default', 'project_domain_name': 'Default', 'project_id': '747d24d9d8a547d583446de6fcffc66f', 'project_name': 'tempest-ServicesAdminNegativeTestJSON-1604037060', 'tenant_id': '747d24d9d8a547d583446de6fcffc66f', 'tenant_name': 'tempest-ServicesAdminNegativeTestJSON-1604037060', 'user_domain_id': 'default', 'user_domain_name': 'Default', 'user_id': '4d19b133677b4736988d983cc26d32f2', 'system': None}, Network: None, Subnet: None, Router: None
2025-02-03 11:24:36.071 61067 INFO tempest.lib.common.rest_client [req-29ce5b56-1791-45ab-ac5c-312053edb9ef req-29ce5b56-1791-45ab-ac5c-312053edb9ef ] Request (ServerExternalEventsTest:setUpClass): 204 PUT http://10.180.1.21/identity/v3/projects/80c33c288c624d0e8d54d161c8d69238/users/2a76dd3f80a74b0bbd12b4ba4f44d8af/roles/19d202e15a4a479fba21c04bff0f554f 0.568s
2025-02-03 11:24:36.071 61067 INFO tempest.lib.common.dynamic_creds [-] Dynamic test user 2a76dd3f80a74b0bbd12b4ba4f44d8af is created with scope project and roles: ['admin']
2025-02-03 11:24:36.071 61067 INFO tempest.lib.common.dynamic_creds [-] Acquired dynamic creds: credentials: Credentials: {'domain_id': 'default', 'domain_name': 'Default', 'username': 'tempest-ServerExternalEventsTest-498396060-project-admin', 'project_domain_id': 'default', 'project_domain_name': 'Default', 'project_id': '80c33c288c624d0e8d54d161c8d69238', 'project_name': 'tempest-ServerExternalEventsTest-498396060', 'tenant_id': '80c33c288c624d0e8d54d161c8d69238', 'tenant_name': 'tempest-ServerExternalEventsTest-498396060', 'user_domain_id': 'default', 'user_domain_name': 'Default', 'user_id': '2a76dd3f80a74b0bbd12b4ba4f44d8af', 'system': None}, Network: None, Subnet: None, Router: None
2025-02-03 11:24:36.072 61067 INFO tempest.lib.common.dynamic_creds [-] Created isolated network resources for: credentials: Credentials: {'domain_id': 'default', 'domain_name': 'Default', 'username': 'tempest-ServerExternalEventsTest-498396060-project-admin', 'project_domain_id': 'default', 'project_domain_name': 'Default', 'project_id': '80c33c288c624d0e8d54d161c8d69238', 'project_name': 'tempest-ServerExternalEventsTest-498396060', 'tenant_id': '80c33c288c624d0e8d54d161c8d69238', 'tenant_name': 'tempest-ServerExternalEventsTest-498396060', 'user_domain_id': 'default', 'user_domain_name': 'Default', 'user_id': '2a76dd3f80a74b0bbd12b4ba4f44d8af', 'system': None}, Network: None, Subnet: None, Router: None
2025-02-03 11:24:36.131 61051 INFO tempest.lib.common.rest_client [req-341b3cf2-b78e-40a5-8542-fa5ffb539cc0 req-341b3cf2-b78e-40a5-8542-fa5ffb539cc0 ] Request (ServicesAdminTestJSON:setUpClass): 204 PUT http://10.180.1.21/identity/v3/projects/a554345850844b189d586185cd52e327/users/1e4a9060022c4c5cb1b387c9d2a055dd/roles/19d202e15a4a479fba21c04bff0f554f 0.611s
2025-02-03 11:24:36.132 61051 INFO tempest.lib.common.dynamic_creds [-] Dynamic test user 1e4a9060022c4c5cb1b387c9d2a055dd is created with scope project and roles: ['admin']
2025-02-03 11:24:36.132 61051 INFO tempest.lib.common.dynamic_creds [-] Acquired dynamic creds: credentials: Credentials: {'domain_id': 'default', 'domain_name': 'Default', 'username': 'tempest-ServicesAdminTestJSON-394872298-project-admin', 'project_domain_id': 'default', 'project_domain_name': 'Default', 'project_id': 'a554345850844b189d586185cd52e327', 'project_name': 'tempest-ServicesAdminTestJSON-394872298', 'tenant_id': 'a554345850844b189d586185cd52e327', 'tenant_name': 'tempest-ServicesAdminTestJSON-394872298', 'user_domain_id': 'default', 'user_domain_name': 'Default', 'user_id': '1e4a9060022c4c5cb1b387c9d2a055dd', 'system': None}, Network: None, Subnet: None, Router: None
2025-02-03 11:24:36.132 61051 INFO tempest.lib.common.dynamic_creds [-] Created isolated network resources for: credentials: Credentials: {'domain_id': 'default', 'domain_name': 'Default', 'username': 'tempest-ServicesAdminTestJSON-394872298-project-admin', 'project_domain_id': 'default', 'project_domain_name': 'Default', 'project_id': 'a554345850844b189d586185cd52e327', 'project_name': 'tempest-ServicesAdminTestJSON-394872298', 'tenant_id': 'a554345850844b189d586185cd52e327', 'tenant_name': 'tempest-ServicesAdminTestJSON-394872298', 'user_domain_id': 'default', 'user_domain_name': 'Default', 'user_id': '1e4a9060022c4c5cb1b387c9d2a055dd', 'system': None}, Network: None, Subnet: None, Router: None
2025-02-03 11:24:36.141 61103 INFO tempest.lib.common.rest_client [req-5fc94572-d0a6-4ccd-8fe3-18189159b49a req-5fc94572-d0a6-4ccd-8fe3-18189159b49a ] Request (HypervisorAdminTestJSON:setUpClass): 201 POST http://10.180.1.21/identity/v3/auth/tokens 0.599s
2025-02-03 11:24:36.197 61061 INFO tempest.lib.common.rest_client [req-c12c00b7-c406-48fa-8d8b-7d80c027d418 req-c12c00b7-c406-48fa-8d8b-7d80c027d418 ] Request (FlavorsV261TestJSON:setUpClass): 204 PUT http://10.180.1.21/identity/v3/projects/7c299cf01fc140bd9cf2fdc218bad7e3/users/c07d41c74c84404d95363ced65764312/roles/19d202e15a4a479fba21c04bff0f554f 0.577s
2025-02-03 11:24:36.198 61061 INFO tempest.lib.common.dynamic_creds [-] Dynamic test user c07d41c74c84404d95363ced65764312 is created with scope project and roles: ['admin']
2025-02-03 11:24:36.198 61061 INFO tempest.lib.common.dynamic_creds [-] Acquired dynamic creds: credentials: Credentials: {'domain_id': 'default', 'domain_name': 'Default', 'username': 'tempest-FlavorsV261TestJSON-1632596214-project-admin', 'project_domain_id': 'default', 'project_domain_name': 'Default', 'project_id': '7c299cf01fc140bd9cf2fdc218bad7e3', 'project_name': 'tempest-FlavorsV261TestJSON-1632596214', 'tenant_id': '7c299cf01fc140bd9cf2fdc218bad7e3', 'tenant_name': 'tempest-FlavorsV261TestJSON-1632596214', 'user_domain_id': 'default', 'user_domain_name': 'Default', 'user_id': 'c07d41c74c84404d95363ced65764312', 'system': None}, Network: None, Subnet: None, Router: None
2025-02-03 11:24:36.198 61061 INFO tempest.lib.common.dynamic_creds [-] Created isolated network resources for: credentials: Credentials: {'domain_id': 'default', 'domain_name': 'Default', 'username': 'tempest-FlavorsV261TestJSON-1632596214-project-admin', 'project_domain_id': 'default', 'project_domain_name': 'Default', 'project_id': '7c299cf01fc140bd9cf2fdc218bad7e3', 'project_name': 'tempest-FlavorsV261TestJSON-1632596214', 'tenant_id': '7c299cf01fc140bd9cf2fdc218bad7e3', 'tenant_name': 'tempest-FlavorsV261TestJSON-1632596214', 'user_domain_id': 'default', 'user_domain_name': 'Default', 'user_id': 'c07d41c74c84404d95363ced65764312', 'system': None}, Network: None, Subnet: None, Router: None
2025-02-03 11:24:36.205 61089 INFO tempest.lib.common.rest_client [req-6b5a7169-2910-42aa-92cf-88e94367514f req-6b5a7169-2910-42aa-92cf-88e94367514f ] Request (FlavorsExtraSpecsTestJSON:setUpClass): 201 POST http://10.180.1.21/identity/v3/auth/tokens 0.594s
2025-02-03 11:24:36.249 61093 INFO tempest.lib.common.rest_client [req-8fa878c6-5619-4ef7-be01-93ed2ffb9249 req-8fa878c6-5619-4ef7-be01-93ed2ffb9249 ] Request (HostsAdminNegativeTestJSON:setUpClass): 204 PUT http://10.180.1.21/identity/v3/projects/fd87c571b8df4ab08bfe5e18859b5aee/users/a530d7fdb9654c5494a04e0c85658914/roles/19d202e15a4a479fba21c04bff0f554f 0.586s
2025-02-03 11:24:36.250 61093 INFO tempest.lib.common.dynamic_creds [-] Dynamic test user a530d7fdb9654c5494a04e0c85658914 is created with scope project and roles: ['admin']
2025-02-03 11:24:36.250 61093 INFO tempest.lib.common.dynamic_creds [-] Acquired dynamic creds: credentials: Credentials: {'domain_id': 'default', 'domain_name': 'Default', 'username': 'tempest-HostsAdminNegativeTestJSON-694213452-project-admin', 'project_domain_id': 'default', 'project_domain_name': 'Default', 'project_id': 'fd87c571b8df4ab08bfe5e18859b5aee', 'project_name': 'tempest-HostsAdminNegativeTestJSON-694213452', 'tenant_id': 'fd87c571b8df4ab08bfe5e18859b5aee', 'tenant_name': 'tempest-HostsAdminNegativeTestJSON-694213452', 'user_domain_id': 'default', 'user_domain_name': 'Default', 'user_id': 'a530d7fdb9654c5494a04e0c85658914', 'system': None}, Network: None, Subnet: None, Router: None
2025-02-03 11:24:36.250 61093 INFO tempest.lib.common.dynamic_creds [-] Created isolated network resources for: credentials: Credentials: {'domain_id': 'default', 'domain_name': 'Default', 'username': 'tempest-HostsAdminNegativeTestJSON-694213452-project-admin', 'project_domain_id': 'default', 'project_domain_name': 'Default', 'project_id': 'fd87c571b8df4ab08bfe5e18859b5aee', 'project_name': 'tempest-HostsAdminNegativeTestJSON-694213452', 'tenant_id': 'fd87c571b8df4ab08bfe5e18859b5aee', 'tenant_name': 'tempest-HostsAdminNegativeTestJSON-694213452', 'user_domain_id': 'default', 'user_domain_name': 'Default', 'user_id': 'a530d7fdb9654c5494a04e0c85658914', 'system': None}, Network: None, Subnet: None, Router: None
2025-02-03 11:24:36.273 61055 INFO tempest.lib.common.rest_client [req-3fa8caa6-41dc-4fe0-a864-f8968ecc1718 req-3fa8caa6-41dc-4fe0-a864-f8968ecc1718 ] Request (VolumesAssistedSnapshotsTest:setUpClass): 204 PUT http://10.180.1.21/identity/v3/projects/7a0c8fbda2ac42cdb4adfafd1e1849d0/users/b2988799358941298b063eef42a87729/roles/19d202e15a4a479fba21c04bff0f554f 0.592s
2025-02-03 11:24:36.334 61072 INFO tempest.lib.common.rest_client [req-1400dd82-178b-430e-b585-787707c7ee4b req-1400dd82-178b-430e-b585-787707c7ee4b ] Request (HostsAdminTestJSON:setUpClass): 200 GET http://10.180.1.21/identity/v3/domains?name=Default 0.628s
2025-02-03 11:24:36.419 61049 INFO tempest.lib.common.rest_client [req-e6cd8f16-9cfd-410a-9be5-34a382c83752 req-e6cd8f16-9cfd-410a-9be5-34a382c83752 ] Request (QuotasAdminTestV236:setUpClass): 201 POST http://10.180.1.21/identity/v3/auth/tokens 0.538s
2025-02-03 11:24:36.420 61049 WARNING tempest.lib.common.rest_client [-] Deprecated: "tenant_id" property is deprecated for removal, use "project_id" instead
2025-02-03 11:24:36.439 61045 INFO tempest.lib.common.rest_client [req-4207e80c-f29b-43b0-80a8-be0ae48c378a req-4207e80c-f29b-43b0-80a8-be0ae48c378a ] Request (FloatingIPDetailsNegativeTestJSON:test_get_nonexistent_floating_ip_details): 404 GET http://10.180.1.21/compute/v2.1/os-floating-ips/5540cb22-8b8b-49b0-9233-02428d352ebd 2.337s
2025-02-03 11:24:36.463 61081 INFO tempest.lib.common.rest_client [req-720c4f98-1bc8-4334-84b6-746391a5cf5d req-720c4f98-1bc8-4334-84b6-746391a5cf5d ] Request (VolumesAdminNegativeTest:setUpClass): 201 POST http://10.180.1.21/identity/v3/auth/tokens 0.576s
2025-02-03 11:24:36.497 61077 INFO tempest.lib.common.rest_client [req-72d6e8c1-33be-4dfe-a1e2-1cb61a4dcefe req-72d6e8c1-33be-4dfe-a1e2-1cb61a4dcefe ] Request (QuotasAdminNegativeTest:setUpClass): 201 POST http://10.180.1.21/identity/v3/auth/tokens 0.528s
2025-02-03 11:24:36.497 61077 WARNING tempest.lib.common.rest_client [-] Deprecated: "tenant_id" property is deprecated for removal, use "project_id" instead
2025-02-03 11:24:36.538 61079 INFO tempest.lib.common.rest_client [req-5219e2f5-652b-4e8d-8cea-09c68d8f4abc req-5219e2f5-652b-4e8d-8cea-09c68d8f4abc ] Request (ServicesAdminNegativeTestJSON:setUpClass): 201 POST http://10.180.1.21/identity/v3/auth/tokens 0.508s
2025-02-03 11:24:36.545 61057 INFO tempest.lib.common.rest_client [req-47bf897a-6fb6-419c-8510-d3cf59e14718 req-47bf897a-6fb6-419c-8510-d3cf59e14718 ] Request (ServersWithSpecificFlavorTestJSON:setUpClass): 200 PUT http://10.180.1.21:9696/networking/v2.0/routers/eb9937ae-b634-44eb-8688-25d5b18837af/add_router_interface 1.211s
2025-02-03 11:24:36.546 61057 INFO tempest.lib.common.dynamic_creds [-] Created isolated network resources for: credentials: Credentials: {'domain_id': 'default', 'domain_name': 'Default', 'username': 'tempest-ServersWithSpecificFlavorTestJSON-1968244286-project-admin', 'project_domain_id': 'default', 'project_domain_name': 'Default', 'project_id': '01e8164cb8ee4ada8cd08b3da67d5ef3', 'project_name': 'tempest-ServersWithSpecificFlavorTestJSON-1968244286', 'tenant_id': '01e8164cb8ee4ada8cd08b3da67d5ef3', 'tenant_name': 'tempest-ServersWithSpecificFlavorTestJSON-1968244286', 'user_domain_id': 'default', 'user_domain_name': 'Default', 'user_id': 'a0ffdd42582b4b42b3ef2b5d75c19e79', 'system': None}, Network: {'id': 'ad11e1a3-ac49-4410-b266-ee4da4c9ef6d', 'name': 'tempest-ServersWithSpecificFlavorTestJSON-17686474-network', 'tenant_id': '01e8164cb8ee4ada8cd08b3da67d5ef3', 'admin_state_up': True, 'mtu': 8950, 'status': 'ACTIVE', 'subnets': [], 'shared': False, 'project_id': '01e8164cb8ee4ada8cd08b3da67d5ef3', 'port_security_enabled': True, 'router:external': False, 'provider:network_type': 'vlan', 'provider:physical_network': 'default', 'provider:segmentation_id': 748, 'is_default': False, 'availability_zone_hints': [], 'availability_zones': [], 'ipv4_address_scope': None, 'ipv6_address_scope': None, 'description': '', 'tags': [], 'created_at': '2025-02-03T11:24:33Z', 'updated_at': '2025-02-03T11:24:33Z', 'revision_number': 1}, Subnet: {'id': 'da0b0084-5b45-4b05-b6ca-52e2ff458b70', 'name': 'tempest-ServersWithSpecificFlavorTestJSON-17686474-subnet', 'tenant_id': '01e8164cb8ee4ada8cd08b3da67d5ef3', 'network_id': 'ad11e1a3-ac49-4410-b266-ee4da4c9ef6d', 'ip_version': 4, 'subnetpool_id': None, 'enable_dhcp': True, 'ipv6_ra_mode': None, 'ipv6_address_mode': None, 'gateway_ip': '192.168.128.1', 'cidr': '192.168.128.0/28', 'allocation_pools': [{'start': '192.168.128.2', 'end': '192.168.128.14'}], 'host_routes': [], 'dns_nameservers': [], 'description': '', 'service_types': [], 'tags': [], 'created_at': '2025-02-03T11:24:33Z', 'updated_at': '2025-02-03T11:24:33Z', 'revision_number': 0, 'project_id': '01e8164cb8ee4ada8cd08b3da67d5ef3'}, Router: {'id': 'eb9937ae-b634-44eb-8688-25d5b18837af', 'name': 'tempest-ServersWithSpecificFlavorTestJSON-17686474-router', 'tenant_id': '01e8164cb8ee4ada8cd08b3da67d5ef3', 'admin_state_up': True, 'status': 'ACTIVE', 'external_gateway_info': {'network_id': 'ccecd5ab-7404-4f11-b10d-3bba32c426fb', 'external_fixed_ips': [{'subnet_id': 'f2eed3f8-075d-4b8f-a1e3-6a6bb2256a8f', 'ip_address': '10.180.180.145'}], 'enable_snat': True}, 'description': '', 'availability_zones': [], 'distributed': False, 'ha': False, 'availability_zone_hints': [], 'routes': [], 'flavor_id': None, 'tags': [], 'created_at': '2025-02-03T11:24:34Z', 'updated_at': '2025-02-03T11:24:34Z', 'revision_number': 2, 'project_id': '01e8164cb8ee4ada8cd08b3da67d5ef3'}
2025-02-03 11:24:36.566 61091 INFO tempest.lib.common.rest_client [req-c80ba7c5-0f34-4f67-b7e3-9ef709c16c89 req-c80ba7c5-0f34-4f67-b7e3-9ef709c16c89 ] Request (FlavorsAccessNegativeTestJSON:setUpClass): 201 POST http://10.180.1.21/identity/v3/auth/tokens 0.533s
2025-02-03 11:24:36.604 61067 INFO tempest.lib.common.rest_client [req-30432374-dbf6-4426-a233-d56f7c2154e4 req-30432374-dbf6-4426-a233-d56f7c2154e4 ] Request (ServerExternalEventsTest:setUpClass): 201 POST http://10.180.1.21/identity/v3/auth/tokens 0.529s
2025-02-03 11:24:36.653 61051 INFO tempest.lib.common.rest_client [req-e0a5edb4-04a7-4616-a872-c6c0c7c859e8 req-e0a5edb4-04a7-4616-a872-c6c0c7c859e8 ] Request (ServicesAdminTestJSON:setUpClass): 201 POST http://10.180.1.21/identity/v3/auth/tokens 0.467s
2025-02-03 11:24:36.670 61061 INFO tempest.lib.common.rest_client [req-126b1def-4099-447c-b36a-eec83d71da39 req-126b1def-4099-447c-b36a-eec83d71da39 ] Request (FlavorsV261TestJSON:setUpClass): 201 POST http://10.180.1.21/identity/v3/auth/tokens 0.469s
2025-02-03 11:24:36.692 61055 INFO tempest.lib.common.rest_client [req-b4f00fd5-5361-4afc-accb-0a946cbd395b req-b4f00fd5-5361-4afc-accb-0a946cbd395b ] Request (VolumesAssistedSnapshotsTest:setUpClass): 200 GET http://10.180.1.21/identity/v3/roles 0.419s
2025-02-03 11:24:36.718 61093 INFO tempest.lib.common.rest_client [req-35963fdf-d6a1-4ada-9e0c-8ab0b6a4d65f req-35963fdf-d6a1-4ada-9e0c-8ab0b6a4d65f ] Request (HostsAdminNegativeTestJSON:setUpClass): 201 POST http://10.180.1.21/identity/v3/auth/tokens 0.465s
2025-02-03 11:24:36.758 61072 INFO tempest.lib.common.rest_client [req-17983a68-3fbd-4965-b56f-40e86de859f2 req-17983a68-3fbd-4965-b56f-40e86de859f2 ] Request (HostsAdminTestJSON:setUpClass): 201 POST http://10.180.1.21/identity/v3/projects 0.423s
2025-02-03 11:24:36.822 61081 INFO tempest.lib.common.rest_client [req-d64e7c30-4b95-4a2f-91ea-f51fb92c827e req-d64e7c30-4b95-4a2f-91ea-f51fb92c827e ] Request (VolumesAdminNegativeTest:setUpClass): 201 POST http://10.180.1.21/identity/v3/projects 0.358s
2025-02-03 11:24:36.906 61091 INFO tempest.lib.common.rest_client [req-6d188337-1421-4397-8cfa-b380b51a0e18 req-6d188337-1421-4397-8cfa-b380b51a0e18 ] Request (FlavorsAccessNegativeTestJSON:setUpClass): 201 POST http://10.180.1.21/identity/v3/projects 0.340s
2025-02-03 11:24:36.925 61057 INFO tempest.lib.common.rest_client [req-c7344322-028a-4a75-a57d-dd6c956d863a req-c7344322-028a-4a75-a57d-dd6c956d863a ] Request (ServersWithSpecificFlavorTestJSON:setUpClass): 201 POST http://10.180.1.21/identity/v3/auth/tokens 0.376s
2025-02-03 11:24:36.973 61067 INFO tempest.lib.common.rest_client [req-32d044ea-a966-48d9-aafc-3d7152de5b36 req-32d044ea-a966-48d9-aafc-3d7152de5b36 ] Request (ServerExternalEventsTest:setUpClass): 201 POST http://10.180.1.21/identity/v3/projects 0.368s
2025-02-03 11:24:36.980 61053 INFO tempest.lib.common.rest_client [req-8a3ccff9-50bc-4ec3-845b-e80ce8f988fe req-8a3ccff9-50bc-4ec3-845b-e80ce8f988fe ] Request (NetworksTest:test_get_network): 200 GET http://10.180.1.21/compute/v2.1/os-networks 2.729s
2025-02-03 11:24:37.003 61055 INFO tempest.lib.common.rest_client [req-80b1fe05-1dcc-4a51-a3d0-a564a24bf52c req-80b1fe05-1dcc-4a51-a3d0-a564a24bf52c ] Request (VolumesAssistedSnapshotsTest:setUpClass): 204 PUT http://10.180.1.21/identity/v3/projects/7a0c8fbda2ac42cdb4adfafd1e1849d0/users/b2988799358941298b063eef42a87729/roles/19d202e15a4a479fba21c04bff0f554f 0.310s
2025-02-03 11:24:37.003 61055 INFO tempest.lib.common.dynamic_creds [-] Dynamic test user b2988799358941298b063eef42a87729 is created with scope project and roles: ['admin']
2025-02-03 11:24:37.003 61055 INFO tempest.lib.common.dynamic_creds [-] Acquired dynamic creds: credentials: Credentials: {'domain_id': 'default', 'domain_name': 'Default', 'username': 'tempest-VolumesAssistedSnapshotsTest-1211696492-project-admin', 'project_domain_id': 'default', 'project_domain_name': 'Default', 'project_id': '7a0c8fbda2ac42cdb4adfafd1e1849d0', 'project_name': 'tempest-VolumesAssistedSnapshotsTest-1211696492', 'tenant_id': '7a0c8fbda2ac42cdb4adfafd1e1849d0', 'tenant_name': 'tempest-VolumesAssistedSnapshotsTest-1211696492', 'user_domain_id': 'default', 'user_domain_name': 'Default', 'user_id': 'b2988799358941298b063eef42a87729', 'system': None}, Network: None, Subnet: None, Router: None
2025-02-03 11:24:37.063 61072 INFO tempest.lib.common.rest_client [req-5ce4664e-1df5-4f5a-bb7c-558e88f1150b req-5ce4664e-1df5-4f5a-bb7c-558e88f1150b ] Request (HostsAdminTestJSON:setUpClass): 201 POST http://10.180.1.21/identity/v3/users 0.305s
2025-02-03 11:24:37.091 61091 INFO tempest.lib.common.rest_client [req-dfefc950-8516-41a0-a282-a4d48dfc50ac req-dfefc950-8516-41a0-a282-a4d48dfc50ac ] Request (FlavorsAccessNegativeTestJSON:setUpClass): 201 POST http://10.180.1.21/identity/v3/users 0.184s
2025-02-03 11:24:37.092 61081 INFO tempest.lib.common.rest_client [req-2da02c54-cc87-4b08-af9f-0e2d4f524d4e req-2da02c54-cc87-4b08-af9f-0e2d4f524d4e ] Request (VolumesAdminNegativeTest:setUpClass): 201 POST http://10.180.1.21/identity/v3/users 0.269s
2025-02-03 11:24:37.119 61067 INFO tempest.lib.common.rest_client [req-8a08a729-6a89-46be-aa49-a61b5837723e req-8a08a729-6a89-46be-aa49-a61b5837723e ] Request (ServerExternalEventsTest:setUpClass): 201 POST http://10.180.1.21/identity/v3/users 0.145s
2025-02-03 11:24:37.141 61072 INFO tempest.lib.common.rest_client [req-0e8c8c3e-a3e2-48f2-aa95-4b1be194595d req-0e8c8c3e-a3e2-48f2-aa95-4b1be194595d ] Request (HostsAdminTestJSON:setUpClass): 200 GET http://10.180.1.21/identity/v3/roles 0.077s
2025-02-03 11:24:37.196 61091 INFO tempest.lib.common.rest_client [req-cbd18719-a012-416b-8e95-286c200c503f req-cbd18719-a012-416b-8e95-286c200c503f ] Request (FlavorsAccessNegativeTestJSON:setUpClass): 200 GET http://10.180.1.21/identity/v3/roles 0.105s
2025-02-03 11:24:37.216 61081 INFO tempest.lib.common.rest_client [req-486d2bc2-421d-47bf-917d-5d1c9c813712 req-486d2bc2-421d-47bf-917d-5d1c9c813712 ] Request (VolumesAdminNegativeTest:setUpClass): 200 GET http://10.180.1.21/identity/v3/roles 0.123s
2025-02-03 11:24:37.229 61067 INFO tempest.lib.common.rest_client [req-68065227-4a31-4303-b17d-26a14866a219 req-68065227-4a31-4303-b17d-26a14866a219 ] Request (ServerExternalEventsTest:setUpClass): 200 GET http://10.180.1.21/identity/v3/roles 0.110s
2025-02-03 11:24:37.234 61073 INFO tempest.lib.common.rest_client [req-9cbf278a-0194-450f-aec1-163188a847ac req-9cbf278a-0194-450f-aec1-163188a847ac ] Request (AZAdminV2TestJSON:test_get_availability_zone_list): 200 GET http://10.180.1.21/compute/v2.1/os-availability-zone 2.565s
2025-02-03 11:24:37.262 61072 INFO tempest.lib.common.rest_client [req-199fad9a-f031-4348-8eea-cdbb298793dd req-199fad9a-f031-4348-8eea-cdbb298793dd ] Request (HostsAdminTestJSON:setUpClass): 204 PUT http://10.180.1.21/identity/v3/projects/7684ec70c624499787caf31ee0337192/users/493c9ed05b0f4230872dc85b188a8d5a/roles/4aa221e730d44c24b272e8fac5d91746 0.120s
2025-02-03 11:24:37.262 61072 INFO tempest.lib.common.dynamic_creds [-] Dynamic test user 493c9ed05b0f4230872dc85b188a8d5a is created with scope project and roles: ['member']
2025-02-03 11:24:37.263 61072 INFO tempest.lib.common.dynamic_creds [-] Acquired dynamic creds: credentials: Credentials: {'domain_id': 'default', 'domain_name': 'Default', 'username': 'tempest-HostsAdminTestJSON-70481972-project-member', 'project_domain_id': 'default', 'project_domain_name': 'Default', 'project_id': '7684ec70c624499787caf31ee0337192', 'project_name': 'tempest-HostsAdminTestJSON-70481972', 'tenant_id': '7684ec70c624499787caf31ee0337192', 'tenant_name': 'tempest-HostsAdminTestJSON-70481972', 'user_domain_id': 'default', 'user_domain_name': 'Default', 'user_id': '493c9ed05b0f4230872dc85b188a8d5a', 'system': None}, Network: None, Subnet: None, Router: None
2025-02-03 11:24:37.263 61072 INFO tempest.lib.common.dynamic_creds [-] Created isolated network resources for: credentials: Credentials: {'domain_id': 'default', 'domain_name': 'Default', 'username': 'tempest-HostsAdminTestJSON-70481972-project-member', 'project_domain_id': 'default', 'project_domain_name': 'Default', 'project_id': '7684ec70c624499787caf31ee0337192', 'project_name': 'tempest-HostsAdminTestJSON-70481972', 'tenant_id': '7684ec70c624499787caf31ee0337192', 'tenant_name': 'tempest-HostsAdminTestJSON-70481972', 'user_domain_id': 'default', 'user_domain_name': 'Default', 'user_id': '493c9ed05b0f4230872dc85b188a8d5a', 'system': None}, Network: None, Subnet: None, Router: None
2025-02-03 11:24:37.320 61055 INFO tempest.lib.common.rest_client [req-2bef463a-038d-4b68-9a89-a497917b0f25 req-2bef463a-038d-4b68-9a89-a497917b0f25 ] Request (VolumesAssistedSnapshotsTest:setUpClass): 201 POST http://10.180.1.21:9696/networking/v2.0/networks 0.317s
2025-02-03 11:24:37.384 61059 INFO tempest.lib.common.rest_client [req-5516ef92-1a08-4871-836e-40123aeb6fde req-5516ef92-1a08-4871-836e-40123aeb6fde ] Request (FloatingIPsAssociationTestJSON:setUpClass): 202 POST http://10.180.1.21/compute/v2.1/servers 5.450s
2025-02-03 11:24:37.398 61091 INFO tempest.lib.common.rest_client [req-fa98d1eb-d800-4f41-bf0e-091c419eae4e req-fa98d1eb-d800-4f41-bf0e-091c419eae4e ] Request (FlavorsAccessNegativeTestJSON:setUpClass): 204 PUT http://10.180.1.21/identity/v3/projects/8238499932df4b5699274592912a2af2/users/5c29165992b2407ead090205719eb4dc/roles/4aa221e730d44c24b272e8fac5d91746 0.202s
2025-02-03 11:24:37.399 61091 INFO tempest.lib.common.dynamic_creds [-] Dynamic test user 5c29165992b2407ead090205719eb4dc is created with scope project and roles: ['member']
2025-02-03 11:24:37.399 61091 INFO tempest.lib.common.dynamic_creds [-] Acquired dynamic creds: credentials: Credentials: {'domain_id': 'default', 'domain_name': 'Default', 'username': 'tempest-FlavorsAccessNegativeTestJSON-471665430-project-member', 'project_domain_id': 'default', 'project_domain_name': 'Default', 'project_id': '8238499932df4b5699274592912a2af2', 'project_name': 'tempest-FlavorsAccessNegativeTestJSON-471665430', 'tenant_id': '8238499932df4b5699274592912a2af2', 'tenant_name': 'tempest-FlavorsAccessNegativeTestJSON-471665430', 'user_domain_id': 'default', 'user_domain_name': 'Default', 'user_id': '5c29165992b2407ead090205719eb4dc', 'system': None}, Network: None, Subnet: None, Router: None
2025-02-03 11:24:37.400 61091 INFO tempest.lib.common.dynamic_creds [-] Created isolated network resources for: credentials: Credentials: {'domain_id': 'default', 'domain_name': 'Default', 'username': 'tempest-FlavorsAccessNegativeTestJSON-471665430-project-member', 'project_domain_id': 'default', 'project_domain_name': 'Default', 'project_id': '8238499932df4b5699274592912a2af2', 'project_name': 'tempest-FlavorsAccessNegativeTestJSON-471665430', 'tenant_id': '8238499932df4b5699274592912a2af2', 'tenant_name': 'tempest-FlavorsAccessNegativeTestJSON-471665430', 'user_domain_id': 'default', 'user_domain_name': 'Default', 'user_id': '5c29165992b2407ead090205719eb4dc', 'system': None}, Network: None, Subnet: None, Router: None
2025-02-03 11:24:37.435 61081 INFO tempest.lib.common.rest_client [req-75be1119-5f38-4e53-86c3-f13e008f9035 req-75be1119-5f38-4e53-86c3-f13e008f9035 ] Request (VolumesAdminNegativeTest:setUpClass): 204 PUT http://10.180.1.21/identity/v3/projects/c8465626792d4c3aae6012b96319bad5/users/32107a40c29e45199e64b82670c9363d/roles/19d202e15a4a479fba21c04bff0f554f 0.218s
2025-02-03 11:24:37.557 61067 INFO tempest.lib.common.rest_client [req-64e4dcd5-239a-4598-983e-9d67349e586c req-64e4dcd5-239a-4598-983e-9d67349e586c ] Request (ServerExternalEventsTest:setUpClass): 204 PUT http://10.180.1.21/identity/v3/projects/46d47aed6510438593069d5454772d24/users/32d252c0531d4781a1f0647a912fb47a/roles/19d202e15a4a479fba21c04bff0f554f 0.327s
2025-02-03 11:24:37.600 61101 INFO tempest.lib.common.rest_client [req-13610108-87b2-451f-8fe1-e1465373b74e req-13610108-87b2-451f-8fe1-e1465373b74e ] Request (QuotaClassesAdminTestJSON:test_update_default_quotas): 200 GET http://10.180.1.21/compute/v2.1/os-quota-class-sets/default 2.817s
2025-02-03 11:24:37.660 61072 INFO tempest.lib.common.rest_client [req-995577b2-95bb-4dea-81fb-1d78d8213d0a req-995577b2-95bb-4dea-81fb-1d78d8213d0a ] Request (HostsAdminTestJSON:setUpClass): 201 POST http://10.180.1.21/identity/v3/auth/tokens 0.386s
2025-02-03 11:24:37.716 61081 INFO tempest.lib.common.rest_client [req-1d5de690-ee1c-4415-8bcf-916ec94c77d5 req-1d5de690-ee1c-4415-8bcf-916ec94c77d5 ] Request (VolumesAdminNegativeTest:setUpClass): 200 GET http://10.180.1.21/identity/v3/roles 0.281s
2025-02-03 11:24:37.721 61066 INFO tempest.lib.common.rest_client [req-112eb136-f999-496b-8654-35dff4bffb8e req-112eb136-f999-496b-8654-35dff4bffb8e ] Request (FlavorMetadataValidation:test_flavor_update_with_custom_namespace): 200 POST http://10.180.1.21/compute/v2.1/flavors 2.591s
2025-02-03 11:24:37.745 61067 INFO tempest.lib.common.rest_client [req-afdae4b4-d941-4796-be2e-76e9ba6d8e01 req-afdae4b4-d941-4796-be2e-76e9ba6d8e01 ] Request (ServerExternalEventsTest:setUpClass): 200 GET http://10.180.1.21/identity/v3/roles 0.184s
2025-02-03 11:24:37.763 61091 INFO tempest.lib.common.rest_client [req-1aefef40-38fd-4900-8b8e-fb31b463b0cc req-1aefef40-38fd-4900-8b8e-fb31b463b0cc ] Request (FlavorsAccessNegativeTestJSON:setUpClass): 201 POST http://10.180.1.21/identity/v3/auth/tokens 0.311s
2025-02-03 11:24:37.765 61091 WARNING tempest.lib.common.rest_client [-] Deprecated: "tenant_id" property is deprecated for removal, use "project_id" instead
2025-02-03 11:24:37.829 61072 INFO tempest.lib.common.rest_client [req-3426f40c-1554-4af8-98d4-437d8049f271 req-3426f40c-1554-4af8-98d4-437d8049f271 ] Request (HostsAdminTestJSON:setUpClass): 201 POST http://10.180.1.21/identity/v3/projects 0.169s
2025-02-03 11:24:37.842 61047 INFO tempest.lib.common.rest_client [req-877fef1b-8639-46ce-bc3e-090cd4323139 req-877fef1b-8639-46ce-bc3e-090cd4323139 ] Request (FlavorsV255TestJSON:test_crud_flavor): 200 POST http://10.180.1.21/compute/v2.1/flavors 2.633s
2025-02-03 11:24:37.862 61083 INFO tempest.lib.common.rest_client [req-e97e60f2-89ac-4393-98c0-23045f43a4e4 req-e97e60f2-89ac-4393-98c0-23045f43a4e4 ] Request (KeyPairsV22TestJSON:_run_cleanups): 204 DELETE http://10.180.1.21/compute/v2.1/os-keypairs/tempest-keypair-1114619756 2.592s
2025-02-03 11:24:37.882 61075 INFO tempest.lib.common.rest_client [req-dbce9fbb-1e75-4328-844f-5ecd20f8a782 req-dbce9fbb-1e75-4328-844f-5ecd20f8a782 ] Request (TenantUsagesTestJSON:setUpClass): 200 GET http://10.180.1.21/compute/v2.1/servers/116f360a-6080-46c7-8234-69fe54b9a147 2.632s
2025-02-03 11:24:37.897 61081 INFO tempest.lib.common.rest_client [req-bc71576d-f843-4a24-bd7a-366e547205cd req-bc71576d-f843-4a24-bd7a-366e547205cd ] Request (VolumesAdminNegativeTest:setUpClass): 204 PUT http://10.180.1.21/identity/v3/projects/c8465626792d4c3aae6012b96319bad5/users/32107a40c29e45199e64b82670c9363d/roles/19d202e15a4a479fba21c04bff0f554f 0.181s
2025-02-03 11:24:37.898 61081 INFO tempest.lib.common.dynamic_creds [-] Dynamic test user 32107a40c29e45199e64b82670c9363d is created with scope project and roles: ['admin']
2025-02-03 11:24:37.898 61081 INFO tempest.lib.common.dynamic_creds [-] Acquired dynamic creds: credentials: Credentials: {'domain_id': 'default', 'domain_name': 'Default', 'username': 'tempest-VolumesAdminNegativeTest-1144531075-project-admin', 'project_domain_id': 'default', 'project_domain_name': 'Default', 'project_id': 'c8465626792d4c3aae6012b96319bad5', 'project_name': 'tempest-VolumesAdminNegativeTest-1144531075', 'tenant_id': 'c8465626792d4c3aae6012b96319bad5', 'tenant_name': 'tempest-VolumesAdminNegativeTest-1144531075', 'user_domain_id': 'default', 'user_domain_name': 'Default', 'user_id': '32107a40c29e45199e64b82670c9363d', 'system': None}, Network: None, Subnet: None, Router: None
2025-02-03 11:24:37.903 61067 INFO tempest.lib.common.rest_client [req-fd907232-21cb-4d6e-82eb-4232d17ad1f4 req-fd907232-21cb-4d6e-82eb-4232d17ad1f4 ] Request (ServerExternalEventsTest:setUpClass): 204 PUT http://10.180.1.21/identity/v3/projects/46d47aed6510438593069d5454772d24/users/32d252c0531d4781a1f0647a912fb47a/roles/eacc9c054e1140238cd442d4b0c8f183 0.157s
2025-02-03 11:24:37.903 61067 INFO tempest.lib.common.dynamic_creds [-] Dynamic test user 32d252c0531d4781a1f0647a912fb47a is created with scope project and roles: ['admin', 'service']
2025-02-03 11:24:37.904 61067 INFO tempest.lib.common.dynamic_creds [-] Acquired dynamic creds: credentials: Credentials: {'domain_id': 'default', 'domain_name': 'Default', 'username': 'tempest-ServerExternalEventsTest-1944500147-project', 'project_domain_id': 'default', 'project_domain_name': 'Default', 'project_id': '46d47aed6510438593069d5454772d24', 'project_name': 'tempest-ServerExternalEventsTest-1944500147', 'tenant_id': '46d47aed6510438593069d5454772d24', 'tenant_name': 'tempest-ServerExternalEventsTest-1944500147', 'user_domain_id': 'default', 'user_domain_name': 'Default', 'user_id': '32d252c0531d4781a1f0647a912fb47a', 'system': None}, Network: None, Subnet: None, Router: None
2025-02-03 11:24:37.904 61067 INFO tempest.lib.common.dynamic_creds [-] Created isolated network resources for: credentials: Credentials: {'domain_id': 'default', 'domain_name': 'Default', 'username': 'tempest-ServerExternalEventsTest-1944500147-project', 'project_domain_id': 'default', 'project_domain_name': 'Default', 'project_id': '46d47aed6510438593069d5454772d24', 'project_name': 'tempest-ServerExternalEventsTest-1944500147', 'tenant_id': '46d47aed6510438593069d5454772d24', 'tenant_name': 'tempest-ServerExternalEventsTest-1944500147', 'user_domain_id': 'default', 'user_domain_name': 'Default', 'user_id': '32d252c0531d4781a1f0647a912fb47a', 'system': None}, Network: None, Subnet: None, Router: None
2025-02-03 11:24:37.981 61055 INFO tempest.lib.common.rest_client [req-5072a5c1-c154-44b2-9fba-ed13c4b51ecb req-5072a5c1-c154-44b2-9fba-ed13c4b51ecb ] Request (VolumesAssistedSnapshotsTest:setUpClass): 201 POST http://10.180.1.21:9696/networking/v2.0/subnets 0.660s
2025-02-03 11:24:38.045 61072 INFO tempest.lib.common.rest_client [req-eb74c0d2-eb9f-4bd7-9db3-f2a8a818447b req-eb74c0d2-eb9f-4bd7-9db3-f2a8a818447b ] Request (HostsAdminTestJSON:setUpClass): 201 POST http://10.180.1.21/identity/v3/users 0.215s
2025-02-03 11:24:38.098 61045 INFO tempest.lib.common.rest_client [req-89675da9-764a-4cd2-9430-4cc66eac74c9 req-89675da9-764a-4cd2-9430-4cc66eac74c9 ] Request (FloatingIPDetailsNegativeTestJSON:tearDownClass): 200 PUT http://10.180.1.21:9696/networking/v2.0/routers/1ba10b22-5559-48ef-9835-4b9ea1dfbf58/remove_router_interface 1.657s
2025-02-03 11:24:38.156 61069 INFO tempest.lib.common.rest_client [req-5a593af0-0c94-4706-a2cd-38387940b17c req-5a593af0-0c94-4706-a2cd-38387940b17c ] Request (AZAdminNegativeTestJSON:test_get_availability_zone_list_detail_with_non_admin_user): 403 GET http://10.180.1.21/compute/v2.1/os-availability-zone/detail 2.583s
2025-02-03 11:24:38.173 61072 INFO tempest.lib.common.rest_client [req-d929827c-52ed-4ffc-92cf-4466dc46b995 req-d929827c-52ed-4ffc-92cf-4466dc46b995 ] Request (HostsAdminTestJSON:setUpClass): 200 GET http://10.180.1.21/identity/v3/roles 0.128s
2025-02-03 11:24:38.199 61067 INFO tempest.lib.common.rest_client [req-27b2c67f-fc20-41c1-946c-c1cb1a73345b req-27b2c67f-fc20-41c1-946c-c1cb1a73345b ] Request (ServerExternalEventsTest:setUpClass): 201 POST http://10.180.1.21/identity/v3/auth/tokens 0.234s
2025-02-03 11:24:38.258 61072 INFO tempest.lib.common.rest_client [req-38df353e-e044-41cf-a00b-ab99df77a677 req-38df353e-e044-41cf-a00b-ab99df77a677 ] Request (HostsAdminTestJSON:setUpClass): 204 PUT http://10.180.1.21/identity/v3/projects/2ad86d579de240998ed194b9cba1bc06/users/b9844b24189a46c88d44db67592c922f/roles/19d202e15a4a479fba21c04bff0f554f 0.084s
2025-02-03 11:24:38.290 61099 INFO tempest.lib.common.rest_client [req-53a14f2d-9e71-44a3-b4b1-0bbc8755ff47 req-53a14f2d-9e71-44a3-b4b1-0bbc8755ff47 ] Request (FlavorsAdminTestJSON:test_create_flavor_using_string_ram): 200 POST http://10.180.1.21/compute/v2.1/flavors 2.596s
2025-02-03 11:24:38.319 61067 INFO tempest.lib.common.rest_client [req-ecebc348-3194-4f15-a94c-9cfc5d35e6ca req-ecebc348-3194-4f15-a94c-9cfc5d35e6ca ] Request (ServerExternalEventsTest:test_create_server_external_events): 201 POST http://10.180.1.21/identity/v3/auth/tokens 0.115s
2025-02-03 11:24:38.320 61067 INFO tempest.lib.common.fixed_network [-] (ServerExternalEventsTest:test_create_server_external_events) Found network None available for tenant
2025-02-03 11:24:38.351 61072 INFO tempest.lib.common.rest_client [req-d02eccbf-5471-46d8-a355-004368ff87ae req-d02eccbf-5471-46d8-a355-004368ff87ae ] Request (HostsAdminTestJSON:setUpClass): 200 GET http://10.180.1.21/identity/v3/roles 0.093s
2025-02-03 11:24:38.397 61069 INFO tempest.lib.common.rest_client [req-90b40fd6-adae-4b8c-afc3-bdc488caa5df req-90b40fd6-adae-4b8c-afc3-bdc488caa5df ] Request (AZAdminNegativeTestJSON:tearDownClass): 204 DELETE http://10.180.1.21/identity/v3/users/99641fa179dd46eebfb39360c2e00119 0.171s
2025-02-03 11:24:38.474 61072 INFO tempest.lib.common.rest_client [req-e4fb2fe0-665a-4bcd-94f7-e242d073fa07 req-e4fb2fe0-665a-4bcd-94f7-e242d073fa07 ] Request (HostsAdminTestJSON:setUpClass): 204 PUT http://10.180.1.21/identity/v3/projects/2ad86d579de240998ed194b9cba1bc06/users/b9844b24189a46c88d44db67592c922f/roles/19d202e15a4a479fba21c04bff0f554f 0.123s
2025-02-03 11:24:38.474 61072 INFO tempest.lib.common.dynamic_creds [-] Dynamic test user b9844b24189a46c88d44db67592c922f is created with scope project and roles: ['admin']
2025-02-03 11:24:38.475 61072 INFO tempest.lib.common.dynamic_creds [-] Acquired dynamic creds: credentials: Credentials: {'domain_id': 'default', 'domain_name': 'Default', 'username': 'tempest-HostsAdminTestJSON-1175394230-project-admin', 'project_domain_id': 'default', 'project_domain_name': 'Default', 'project_id': '2ad86d579de240998ed194b9cba1bc06', 'project_name': 'tempest-HostsAdminTestJSON-1175394230', 'tenant_id': '2ad86d579de240998ed194b9cba1bc06', 'tenant_name': 'tempest-HostsAdminTestJSON-1175394230', 'user_domain_id': 'default', 'user_domain_name': 'Default', 'user_id': 'b9844b24189a46c88d44db67592c922f', 'system': None}, Network: None, Subnet: None, Router: None
2025-02-03 11:24:38.475 61072 INFO tempest.lib.common.dynamic_creds [-] Created isolated network resources for: credentials: Credentials: {'domain_id': 'default', 'domain_name': 'Default', 'username': 'tempest-HostsAdminTestJSON-1175394230-project-admin', 'project_domain_id': 'default', 'project_domain_name': 'Default', 'project_id': '2ad86d579de240998ed194b9cba1bc06', 'project_name': 'tempest-HostsAdminTestJSON-1175394230', 'tenant_id': '2ad86d579de240998ed194b9cba1bc06', 'tenant_name': 'tempest-HostsAdminTestJSON-1175394230', 'user_domain_id': 'default', 'user_domain_name': 'Default', 'user_id': 'b9844b24189a46c88d44db67592c922f', 'system': None}, Network: None, Subnet: None, Router: None
2025-02-03 11:24:38.481 61081 INFO tempest.lib.common.rest_client [req-887869dc-7348-4a38-b0bf-d299eb29e0c7 req-887869dc-7348-4a38-b0bf-d299eb29e0c7 ] Request (VolumesAdminNegativeTest:setUpClass): 201 POST http://10.180.1.21:9696/networking/v2.0/networks 0.583s
2025-02-03 11:24:38.539 61063 INFO tempest.lib.common.rest_client [req-f547fe23-f678-4174-9d7e-7df67af14622 req-f547fe23-f678-4174-9d7e-7df67af14622 ] Request (HypervisorAdminNegativeUnderV252Test:test_search_hypervisor_with_non_admin_user): 200 GET http://10.180.1.21/compute/v2.1/os-hypervisors 2.775s
2025-02-03 11:24:38.583 61069 INFO tempest.lib.common.rest_client [req-a8314dfd-5356-466c-9a48-c5706c99c42c req-a8314dfd-5356-466c-9a48-c5706c99c42c ] Request (AZAdminNegativeTestJSON:tearDownClass): 204 DELETE http://10.180.1.21/identity/v3/users/b46e84525637447c9d1e30c8a6d7868c 0.185s
