2025-02-03 11:27:10.341 61075 INFO tempest.lib.common.rest_client [req-ee520fb2-9ecb-484d-876c-183671233d16 req-ee520fb2-9ecb-484d-876c-183671233d16 ] Request (DeleteServersTestJSON:test_delete_active_server): 200 GET http://10.180.1.21/compute/v2.1/servers/a48f97b9-8720-4ad2-82a3-bae679b6b2ef 0.048s
2025-02-03 11:27:10.385 61055 INFO tempest.lib.common.rest_client [req-bd256601-4513-4807-b49c-71fa8e1f6b08 req-bd256601-4513-4807-b49c-71fa8e1f6b08 ] Request (VolumesAssistedSnapshotsTest:test_volume_assisted_snapshot_create_delete): 200 GET http://10.180.1.21/compute/v2.1/servers/7a378ea2-b981-443a-a925-9819ac5b979f 0.050s
2025-02-03 11:27:10.415 61103 INFO tempest.lib.common.rest_client [req-ac74c2de-9e89-46f0-8558-80684912e6df req-ac74c2de-9e89-46f0-8558-80684912e6df ] Request (ServersAdminNegativeTestJSON:setUpClass): 200 GET http://10.180.1.21/compute/v2.1/servers/4a0b0a82-3910-4201-b1f7-34c862667e3c 0.091s
2025-02-03 11:27:10.427 61105 INFO tempest.lib.common.rest_client [req-90e4f304-c934-4dba-aa4e-cf783e502b66 req-90e4f304-c934-4dba-aa4e-cf783e502b66 ] Request (ImagesNegativeTestJSON:test_create_image_from_deleted_server): 200 GET http://10.180.1.21/compute/v2.1/servers/586d9ca2-c287-49bc-bf61-a5140ceaddea 0.059s
2025-02-03 11:27:10.458 61093 INFO tempest.lib.common.rest_client [req-b6a42a8d-716a-43a9-b5f0-deee657d1d7c req-b6a42a8d-716a-43a9-b5f0-deee657d1d7c ] Request (AttachInterfacesTestJSON:test_create_list_show_delete_interfaces_by_fixed_ip): 200 GET http://10.180.1.21/compute/v2.1/servers/b154a29f-564d-449d-8321-8ded1d4ec29b 0.079s
2025-02-03 11:27:10.473 61043 INFO tempest.lib.common.rest_client [req-233005ef-ed00-4794-830e-e9b59a579a5a req-233005ef-ed00-4794-830e-e9b59a579a5a ] Request (ServersAdmin275Test:test_rebuild_update_server_275): 200 GET http://10.180.1.21/compute/v2.1/servers/8d32e9d3-43ff-47dd-a52b-102edbe3af11 0.048s
2025-02-03 11:27:10.517 61087 INFO tempest.lib.common.rest_client [req-412268f4-259e-4e3b-94b1-7a3c300b5b22 req-412268f4-259e-4e3b-94b1-7a3c300b5b22 ] Request (SecurityGroupsTestJSON:test_list_security_groups_by_server): 200 GET http://10.180.1.21/compute/v2.1/servers/7d8b4524-f867-4605-a468-a1c39e77dabd 0.050s
2025-02-03 11:27:10.552 61085 INFO tempest.lib.common.rest_client [req-1f6fd0f8-371b-43e6-a53b-899def5b16ff req-1f6fd0f8-371b-43e6-a53b-899def5b16ff ] Request (ServerDiagnosticsTest:test_get_server_diagnostics): 200 GET http://10.180.1.21/compute/v2.1/servers/2f530484-d828-4b65-a81e-c1c1a84ec903 0.087s
2025-02-03 11:27:10.559 61059 INFO tempest.lib.common.rest_client [req-5a15bf47-2e9f-4765-a85e-a29535402a28 req-5a15bf47-2e9f-4765-a85e-a29535402a28 ] Request (ServersTestBootFromVolume:setUpClass): 200 GET http://10.180.1.21/compute/v2.1/servers/c2ee6cc7-f9df-43d4-b3f8-455fcf431e0e 0.049s
2025-02-03 11:27:10.609 61073 INFO tempest.lib.common.rest_client [req-e329f0a6-9d5d-4cdb-a5a2-3f08306c215e req-e329f0a6-9d5d-4cdb-a5a2-3f08306c215e ] Request (ServerActionsV293TestJSON:setUpClass): 200 GET http://10.180.1.21/compute/v2.1/servers/fdd51c42-e0c1-4ad1-aee9-f091cfec0030 0.047s
2025-02-03 11:27:10.640 61067 INFO tempest.lib.common.rest_client [req-baa9adbe-e9f5-40ee-8a56-3860fbb91c4c req-baa9adbe-e9f5-40ee-8a56-3860fbb91c4c ] Request (ServerExternalEventsTest:test_create_server_external_events): 200 GET http://10.180.1.21/compute/v2.1/servers/2696525a-3366-45a1-b413-8e4e0bd9d6c6 0.088s
2025-02-03 11:27:10.651 61083 INFO tempest.lib.common.rest_client [req-fd240ead-f816-4d86-b8cc-d2eb64b82ea1 req-fd240ead-f816-4d86-b8cc-d2eb64b82ea1 ] Request (ServersTestManualDisk:setUpClass): 200 GET http://10.180.1.21/compute/v2.1/servers/130cd4e5-9df4-4428-abaa-d937d73d9950 0.049s
2025-02-03 11:27:10.692 61101 INFO tempest.lib.common.rest_client [req-d2292855-1bcc-4349-be0c-40568dda6668 req-d2292855-1bcc-4349-be0c-40568dda6668 ] Request (FloatingIPsAssociationNegativeTestJSON:setUpClass): 200 GET http://10.180.1.21/compute/v2.1/servers/437e0c0d-6d0e-4465-9651-14e420b646ae 0.046s
2025-02-03 11:27:10.725 61047 INFO tempest.lib.common.rest_client [req-1788b026-65d0-46c1-a28b-446e2c454949 req-1788b026-65d0-46c1-a28b-446e2c454949 ] Request (MigrationsAdminTest:test_list_migrations_in_flavor_resize_situation): 200 GET http://10.180.1.21/compute/v2.1/servers/4e82aa9c-ae76-4b49-b666-5d5adc22d1b5 0.088s
2025-02-03 11:27:10.734 61057 INFO tempest.lib.common.rest_client [req-17cfe66d-e5f3-4d12-8875-47ff40b224a2 req-17cfe66d-e5f3-4d12-8875-47ff40b224a2 ] Request (ServersWithSpecificFlavorTestJSON:test_verify_created_server_ephemeral_disk): 200 GET http://10.180.1.21/compute/v2.1/servers/1f11c625-166f-4609-badf-da4dd9475c37 0.054s
2025-02-03 11:27:10.769 61053 INFO tempest.lib.common.rest_client [req-a3cad64a-63b7-4bc8-84bb-2ef73632bbdd req-a3cad64a-63b7-4bc8-84bb-2ef73632bbdd ] Request (ServerDiskConfigTestJSON:test_rebuild_server_with_auto_disk_config): 200 GET http://10.180.1.21/compute/v2.1/servers/72e8a8e0-6229-4557-889b-73851a13dbc1 0.079s
2025-02-03 11:27:10.810 61061 INFO tempest.lib.common.rest_client [req-d5796445-1a9f-4e8f-874f-f7343fd973ab req-d5796445-1a9f-4e8f-874f-f7343fd973ab ] Request (ServersTestFqdnHostnames:test_create_server_with_fqdn_name): 200 GET http://10.180.1.21/compute/v2.1/servers/6af62a04-4a13-46c7-a0b2-28768c789f23 0.053s
2025-02-03 11:27:10.904 61081 INFO tempest.lib.common.rest_client [req-0ccdbb7d-e0ee-4b4f-a7a0-533e3efa38dd req-0ccdbb7d-e0ee-4b4f-a7a0-533e3efa38dd ] Request (VolumesAdminNegativeTest:test_update_attached_volume_with_nonexistent_volume_in_body): 200 GET http://10.180.1.21/compute/v2.1/servers/7957eb49-d540-4c4e-a86a-1ea3631fb5ef 0.095s
2025-02-03 11:27:10.937 61069 INFO tempest.lib.common.rest_client [req-44a870e4-621d-4476-b655-a49536cd7e66 req-44a870e4-621d-4476-b655-a49536cd7e66 ] Request (DeleteServersAdminTestJSON:test_admin_delete_servers_of_others): 200 GET http://10.180.1.21/compute/v2.1/servers/bea83327-9479-46b2-bd78-c81d72359e8a 0.095s
2025-02-03 11:27:10.967 61079 INFO tempest.lib.common.rest_client [req-d48d4d20-c31d-48ee-b1eb-5809f4a0ad0f req-d48d4d20-c31d-48ee-b1eb-5809f4a0ad0f ] Request (ServersAaction247Test:test_create_backup): 200 GET http://10.180.1.21/compute/v2.1/servers/c80cde37-2b69-46f7-9ca6-bfa618a18b1e 0.052s
2025-02-03 11:27:11.010 61063 INFO tempest.lib.common.rest_client [req-19d2d5b1-2269-480e-971e-c5b2e4045f9e req-19d2d5b1-2269-480e-971e-c5b2e4045f9e ] Request (ServerDiagnosticsV248Test:test_get_server_diagnostics): 200 GET http://10.180.1.21/compute/v2.1/servers/ff2ef5e9-f543-4592-9896-e2c75369a971 0.051s
2025-02-03 11:27:11.073 61097 INFO tempest.lib.common.rest_client [req-4bab3778-9369-4d36-a88c-5f36ec20a282 req-4bab3778-9369-4d36-a88c-5f36ec20a282 ] Request (ImagesOneServerTestJSON:setUpClass): 200 GET http://10.180.1.21/compute/v2.1/servers/673185d0-9e2c-49dc-8323-f8b30a65b59d 0.091s
2025-02-03 11:27:11.083 61072 INFO tempest.lib.common.rest_client [req-d8500a1e-07b1-40ca-8b5e-a5a12a63cc8d req-d8500a1e-07b1-40ca-8b5e-a5a12a63cc8d ] Request (AttachInterfacesUnderV243Test:test_add_remove_fixed_ip): 200 GET http://10.180.1.21/compute/v2.1/servers/72225dcc-d210-49cf-8395-056bf4f7f652 0.047s
2025-02-03 11:27:11.142 61049 INFO tempest.lib.common.rest_client [req-6f57c83c-2f34-4287-a704-2de455c79b25 req-6f57c83c-2f34-4287-a704-2de455c79b25 ] Request (ServerShowV254Test:test_rebuild_server): 200 GET http://10.180.1.21/compute/v2.1/servers/8eb675b6-f73d-47a0-af75-63b5a8800e69 0.049s
2025-02-03 11:27:11.178 61099 INFO tempest.lib.common.rest_client [req-257fb208-9d49-4e00-be9a-8b4cfe234122 req-257fb208-9d49-4e00-be9a-8b4cfe234122 ] Request (MultipleCreateTestJSON:test_multiple_create): 200 GET http://10.180.1.21/compute/v2.1/servers/57919d5b-769c-4752-873c-d78bb61f5800 0.051s
2025-02-03 11:27:11.187 61051 INFO tempest.lib.common.rest_client [req-b39b5623-f5a0-4eee-bb73-50c9ab5dab1d req-b39b5623-f5a0-4eee-bb73-50c9ab5dab1d ] Request (ServerAddressesTestJSON:setUpClass): 200 GET http://10.180.1.21/compute/v2.1/servers/7e3c6624-3c29-4df0-b417-575976b2f0f7 0.051s
2025-02-03 11:27:11.233 61066 INFO tempest.lib.common.rest_client [req-54b5f748-c7f8-43ed-a4a7-8767c29ce79f req-54b5f748-c7f8-43ed-a4a7-8767c29ce79f ] Request (ServersTestMultiNic:test_verify_duplicate_network_nics): 200 GET http://10.180.1.21/compute/v2.1/servers/b24a1521-7fcb-4369-ab8e-211690508a67 0.046s
2025-02-03 11:27:11.319 61089 INFO tempest.lib.common.rest_client [req-9c790710-a931-43c7-bd98-cd43f21099a2 req-9c790710-a931-43c7-bd98-cd43f21099a2 ] Request (InstanceActionsV221TestJSON:test_get_list_deleted_instance_actions): 200 GET http://10.180.1.21/compute/v2.1/servers/330f33a1-cc70-4346-b6c5-e26720ed72f0 0.049s
2025-02-03 11:27:11.364 61045 INFO tempest.lib.common.rest_client [req-d30bc339-e8f0-4b61-80bb-16e75f87d7b1 req-d30bc339-e8f0-4b61-80bb-16e75f87d7b1 ] Request (ServersTestJSON:test_create_server_specify_multibyte_character_name): 200 GET http://10.180.1.21/compute/v2.1/servers/59c6c887-b973-4a03-ba64-4ad12be45f64 0.052s
2025-02-03 11:27:11.409 61075 INFO tempest.lib.common.rest_client [req-9e5e3106-8b17-44a5-b1fd-bf020b546c56 req-9e5e3106-8b17-44a5-b1fd-bf020b546c56 ] Request (DeleteServersTestJSON:test_delete_active_server): 200 GET http://10.180.1.21/compute/v2.1/servers/a48f97b9-8720-4ad2-82a3-bae679b6b2ef 0.059s
2025-02-03 11:27:11.429 61095 INFO tempest.lib.common.rest_client [req-41b5db82-6f26-48f8-9570-341b77f367b9 req-41b5db82-6f26-48f8-9570-341b77f367b9 ] Request (ServerPasswordTestJSON:setUpClass): 200 GET http://10.180.1.21/compute/v2.1/servers/b846d9ae-759a-4898-9ede-091819325701 0.129s
2025-02-03 11:27:11.455 61055 INFO tempest.lib.common.rest_client [req-35d1b9a6-697e-4613-a4f3-aa1ec6c2e136 req-35d1b9a6-697e-4613-a4f3-aa1ec6c2e136 ] Request (VolumesAssistedSnapshotsTest:test_volume_assisted_snapshot_create_delete): 200 GET http://10.180.1.21/compute/v2.1/servers/7a378ea2-b981-443a-a925-9819ac5b979f 0.063s
2025-02-03 11:27:11.500 61105 INFO tempest.lib.common.rest_client [req-2fb5631e-3b5f-40bb-9448-1a32351b6127 req-2fb5631e-3b5f-40bb-9448-1a32351b6127 ] Request (ImagesNegativeTestJSON:test_create_image_from_deleted_server): 200 GET http://10.180.1.21/compute/v2.1/servers/586d9ca2-c287-49bc-bf61-a5140ceaddea 0.066s
2025-02-03 11:27:11.535 61103 INFO tempest.lib.common.rest_client [req-d34fde84-9e3e-431b-9cc3-c776e8aac2c3 req-d34fde84-9e3e-431b-9cc3-c776e8aac2c3 ] Request (ServersAdminNegativeTestJSON:setUpClass): 200 GET http://10.180.1.21/compute/v2.1/servers/4a0b0a82-3910-4201-b1f7-34c862667e3c 0.112s
2025-02-03 11:27:11.543 61093 INFO tempest.lib.common.rest_client [req-011bcfb4-13bf-4600-8c7e-e287f8deaf65 req-011bcfb4-13bf-4600-8c7e-e287f8deaf65 ] Request (AttachInterfacesTestJSON:test_create_list_show_delete_interfaces_by_fixed_ip): 200 GET http://10.180.1.21/compute/v2.1/servers/b154a29f-564d-449d-8321-8ded1d4ec29b 0.076s
2025-02-03 11:27:11.587 61087 INFO tempest.lib.common.rest_client [req-f95957a1-a7f4-4544-8244-c434be0674f7 req-f95957a1-a7f4-4544-8244-c434be0674f7 ] Request (SecurityGroupsTestJSON:test_list_security_groups_by_server): 200 GET http://10.180.1.21/compute/v2.1/servers/7d8b4524-f867-4605-a468-a1c39e77dabd 0.063s
2025-02-03 11:27:11.753 61085 INFO tempest.lib.common.rest_client [req-f1eebddd-aebe-4cb5-8d57-2a5ab9fb39fe req-f1eebddd-aebe-4cb5-8d57-2a5ab9fb39fe ] Request (ServerDiagnosticsTest:test_get_server_diagnostics): 200 GET http://10.180.1.21/compute/v2.1/servers/2f530484-d828-4b65-a81e-c1c1a84ec903 0.193s
2025-02-03 11:27:11.773 61043 INFO tempest.lib.common.rest_client [req-12c85721-e9c7-4a6d-a330-2155fc80b5d0 req-12c85721-e9c7-4a6d-a330-2155fc80b5d0 ] Request (ServersAdmin275Test:test_rebuild_update_server_275): 200 GET http://10.180.1.21/compute/v2.1/servers/8d32e9d3-43ff-47dd-a52b-102edbe3af11 0.289s
2025-02-03 11:27:11.807 61059 INFO tempest.lib.common.rest_client [req-897920a6-3459-48e6-b490-48d6f1f97cf9 req-897920a6-3459-48e6-b490-48d6f1f97cf9 ] Request (ServersTestBootFromVolume:setUpClass): 200 GET http://10.180.1.21/compute/v2.1/servers/c2ee6cc7-f9df-43d4-b3f8-455fcf431e0e 0.239s
2025-02-03 11:27:11.826 61073 INFO tempest.lib.common.rest_client [req-8a16e32d-1f40-402c-aa63-668180cd63d2 req-8a16e32d-1f40-402c-aa63-668180cd63d2 ] Request (ServerActionsV293TestJSON:setUpClass): 200 GET http://10.180.1.21/compute/v2.1/servers/fdd51c42-e0c1-4ad1-aee9-f091cfec0030 0.207s
2025-02-03 11:27:11.879 61083 INFO tempest.lib.common.rest_client [req-14b5e293-a882-484f-9c10-679dddc8940a req-14b5e293-a882-484f-9c10-679dddc8940a ] Request (ServersTestManualDisk:setUpClass): 200 GET http://10.180.1.21/compute/v2.1/servers/130cd4e5-9df4-4428-abaa-d937d73d9950 0.220s
2025-02-03 11:27:11.909 61067 INFO tempest.lib.common.rest_client [req-0a416727-493c-417e-b735-1781a69b6a6a req-0a416727-493c-417e-b735-1781a69b6a6a ] Request (ServerExternalEventsTest:test_create_server_external_events): 200 GET http://10.180.1.21/compute/v2.1/servers/2696525a-3366-45a1-b413-8e4e0bd9d6c6 0.260s
2025-02-03 11:27:11.939 61101 INFO tempest.lib.common.rest_client [req-3d2265f5-a01d-44a5-980e-8e9fa335b0ba req-3d2265f5-a01d-44a5-980e-8e9fa335b0ba ] Request (FloatingIPsAssociationNegativeTestJSON:setUpClass): 200 GET http://10.180.1.21/compute/v2.1/servers/437e0c0d-6d0e-4465-9651-14e420b646ae 0.240s
2025-02-03 11:27:11.946 61101 INFO tempest.common.waiters [-] State transition "BUILD/scheduling" ==> "BUILD/None" after 127 second wait
2025-02-03 11:27:11.985 61057 INFO tempest.lib.common.rest_client [req-1c54704d-8f82-4022-b10b-c62114ed5e8c req-1c54704d-8f82-4022-b10b-c62114ed5e8c ] Request (ServersWithSpecificFlavorTestJSON:test_verify_created_server_ephemeral_disk): 200 GET http://10.180.1.21/compute/v2.1/servers/1f11c625-166f-4609-badf-da4dd9475c37 0.244s
2025-02-03 11:27:12.001 61047 INFO tempest.lib.common.rest_client [req-3ec34c8c-ea1a-417a-bb4c-fe4cca9420f9 req-3ec34c8c-ea1a-417a-bb4c-fe4cca9420f9 ] Request (MigrationsAdminTest:test_list_migrations_in_flavor_resize_situation): 200 GET http://10.180.1.21/compute/v2.1/servers/4e82aa9c-ae76-4b49-b666-5d5adc22d1b5 0.266s
2025-02-03 11:27:12.032 61053 INFO tempest.lib.common.rest_client [req-399e0228-354e-4c86-af44-ab71376d71dd req-399e0228-354e-4c86-af44-ab71376d71dd ] Request (ServerDiskConfigTestJSON:test_rebuild_server_with_auto_disk_config): 200 GET http://10.180.1.21/compute/v2.1/servers/72e8a8e0-6229-4557-889b-73851a13dbc1 0.255s
2025-02-03 11:27:12.044 61061 INFO tempest.lib.common.rest_client [req-705abb68-4a17-4aa5-ae28-22b5e61eb44f req-705abb68-4a17-4aa5-ae28-22b5e61eb44f ] Request (ServersTestFqdnHostnames:test_create_server_with_fqdn_name): 200 GET http://10.180.1.21/compute/v2.1/servers/6af62a04-4a13-46c7-a0b2-28768c789f23 0.224s
2025-02-03 11:27:12.124 61081 INFO tempest.lib.common.rest_client [req-9111a6b2-81af-49a2-86af-efb06d05471c req-9111a6b2-81af-49a2-86af-efb06d05471c ] Request (VolumesAdminNegativeTest:test_update_attached_volume_with_nonexistent_volume_in_body): 200 GET http://10.180.1.21/compute/v2.1/servers/7957eb49-d540-4c4e-a86a-1ea3631fb5ef 0.211s
2025-02-03 11:27:12.174 61079 INFO tempest.lib.common.rest_client [req-0c4e5d10-6147-41c8-b1a7-3829e404a2a4 req-0c4e5d10-6147-41c8-b1a7-3829e404a2a4 ] Request (ServersAaction247Test:test_create_backup): 200 GET http://10.180.1.21/compute/v2.1/servers/c80cde37-2b69-46f7-9ca6-bfa618a18b1e 0.197s
2025-02-03 11:27:12.229 61063 INFO tempest.lib.common.rest_client [req-71cbadbb-b497-4b53-8198-a2468640dab5 req-71cbadbb-b497-4b53-8198-a2468640dab5 ] Request (ServerDiagnosticsV248Test:test_get_server_diagnostics): 200 GET http://10.180.1.21/compute/v2.1/servers/ff2ef5e9-f543-4592-9896-e2c75369a971 0.209s
2025-02-03 11:27:12.315 61069 INFO tempest.lib.common.rest_client [req-87de586a-9d4f-4e3f-93b4-4afd53a63796 req-87de586a-9d4f-4e3f-93b4-4afd53a63796 ] Request (DeleteServersAdminTestJSON:test_admin_delete_servers_of_others): 200 GET http://10.180.1.21/compute/v2.1/servers/bea83327-9479-46b2-bd78-c81d72359e8a 0.370s
2025-02-03 11:27:12.364 61072 INFO tempest.lib.common.rest_client [req-5daba5eb-3813-4cb6-9c87-0244f17303a5 req-5daba5eb-3813-4cb6-9c87-0244f17303a5 ] Request (AttachInterfacesUnderV243Test:test_add_remove_fixed_ip): 200 GET http://10.180.1.21/compute/v2.1/servers/72225dcc-d210-49cf-8395-056bf4f7f652 0.274s
2025-02-03 11:27:12.382 61097 INFO tempest.lib.common.rest_client [req-a1b9cb81-05a0-49da-802b-6d6033755570 req-a1b9cb81-05a0-49da-802b-6d6033755570 ] Request (ImagesOneServerTestJSON:setUpClass): 200 GET http://10.180.1.21/compute/v2.1/servers/673185d0-9e2c-49dc-8323-f8b30a65b59d 0.300s
2025-02-03 11:27:12.413 61049 INFO tempest.lib.common.rest_client [req-2e912d08-5fd2-494f-ba6d-a589d82e74ed req-2e912d08-5fd2-494f-ba6d-a589d82e74ed ] Request (ServerShowV254Test:test_rebuild_server): 200 GET http://10.180.1.21/compute/v2.1/servers/8eb675b6-f73d-47a0-af75-63b5a8800e69 0.259s
2025-02-03 11:27:12.427 61099 INFO tempest.lib.common.rest_client [req-665b573a-f07f-4aea-b3e5-8bc993ae436b req-665b573a-f07f-4aea-b3e5-8bc993ae436b ] Request (MultipleCreateTestJSON:test_multiple_create): 200 GET http://10.180.1.21/compute/v2.1/servers/57919d5b-769c-4752-873c-d78bb61f5800 0.242s
2025-02-03 11:27:12.456 61051 INFO tempest.lib.common.rest_client [req-e6ead4ed-12d4-41e1-99c3-c1689edc979f req-e6ead4ed-12d4-41e1-99c3-c1689edc979f ] Request (ServerAddressesTestJSON:setUpClass): 200 GET http://10.180.1.21/compute/v2.1/servers/7e3c6624-3c29-4df0-b417-575976b2f0f7 0.260s
2025-02-03 11:27:12.473 61066 INFO tempest.lib.common.rest_client [req-08c8aca7-758a-4567-9e87-6c02c1b34bfd req-08c8aca7-758a-4567-9e87-6c02c1b34bfd ] Request (ServersTestMultiNic:test_verify_duplicate_network_nics): 200 GET http://10.180.1.21/compute/v2.1/servers/b24a1521-7fcb-4369-ab8e-211690508a67 0.232s
2025-02-03 11:27:12.503 61089 INFO tempest.lib.common.rest_client [req-64e089d9-ade7-4f83-a875-85b928d9a853 req-64e089d9-ade7-4f83-a875-85b928d9a853 ] Request (InstanceActionsV221TestJSON:test_get_list_deleted_instance_actions): 200 GET http://10.180.1.21/compute/v2.1/servers/330f33a1-cc70-4346-b6c5-e26720ed72f0 0.175s
2025-02-03 11:27:12.535 61045 INFO tempest.lib.common.rest_client [req-e0131ce1-aa3e-4088-8262-3df9e3469918 req-e0131ce1-aa3e-4088-8262-3df9e3469918 ] Request (ServersTestJSON:test_create_server_specify_multibyte_character_name): 200 GET http://10.180.1.21/compute/v2.1/servers/59c6c887-b973-4a03-ba64-4ad12be45f64 0.163s
2025-02-03 11:27:12.548 61075 INFO tempest.lib.common.rest_client [req-5fe87433-96ea-4512-bee0-64ca35c577c3 req-5fe87433-96ea-4512-bee0-64ca35c577c3 ] Request (DeleteServersTestJSON:test_delete_active_server): 200 GET http://10.180.1.21/compute/v2.1/servers/a48f97b9-8720-4ad2-82a3-bae679b6b2ef 0.132s
2025-02-03 11:27:12.595 61055 INFO tempest.lib.common.rest_client [req-2202620e-d111-41b6-846c-64f7de984ac9 req-2202620e-d111-41b6-846c-64f7de984ac9 ] Request (VolumesAssistedSnapshotsTest:test_volume_assisted_snapshot_create_delete): 200 GET http://10.180.1.21/compute/v2.1/servers/7a378ea2-b981-443a-a925-9819ac5b979f 0.132s
2025-02-03 11:27:12.643 61105 INFO tempest.lib.common.rest_client [req-2364e646-8a63-4c64-842f-3e017b514ea2 req-2364e646-8a63-4c64-842f-3e017b514ea2 ] Request (ImagesNegativeTestJSON:test_create_image_from_deleted_server): 200 GET http://10.180.1.21/compute/v2.1/servers/586d9ca2-c287-49bc-bf61-a5140ceaddea 0.134s
2025-02-03 11:27:12.727 61103 INFO tempest.lib.common.rest_client [req-6fe1168b-8de1-46b6-bb49-e95800c43324 req-6fe1168b-8de1-46b6-bb49-e95800c43324 ] Request (ServersAdminNegativeTestJSON:setUpClass): 200 GET http://10.180.1.21/compute/v2.1/servers/4a0b0a82-3910-4201-b1f7-34c862667e3c 0.184s
2025-02-03 11:27:12.739 61095 INFO tempest.lib.common.rest_client [req-30edf09e-e517-4b2f-bec8-659744b551dc req-30edf09e-e517-4b2f-bec8-659744b551dc ] Request (ServerPasswordTestJSON:setUpClass): 200 GET http://10.180.1.21/compute/v2.1/servers/b846d9ae-759a-4898-9ede-091819325701 0.303s
2025-02-03 11:27:12.774 61093 INFO tempest.lib.common.rest_client [req-a691bb3d-2402-41a2-999a-3a13bb7b0322 req-a691bb3d-2402-41a2-999a-3a13bb7b0322 ] Request (AttachInterfacesTestJSON:test_create_list_show_delete_interfaces_by_fixed_ip): 200 GET http://10.180.1.21/compute/v2.1/servers/b154a29f-564d-449d-8321-8ded1d4ec29b 0.223s
2025-02-03 11:27:12.787 61087 INFO tempest.lib.common.rest_client [req-c5114783-5ed6-4590-94f0-197d581255d7 req-c5114783-5ed6-4590-94f0-197d581255d7 ] Request (SecurityGroupsTestJSON:test_list_security_groups_by_server): 200 GET http://10.180.1.21/compute/v2.1/servers/7d8b4524-f867-4605-a468-a1c39e77dabd 0.193s
2025-02-03 11:27:12.826 61085 INFO tempest.lib.common.rest_client [req-ffeda107-f765-47a9-b169-3d4ceabd11f0 req-ffeda107-f765-47a9-b169-3d4ceabd11f0 ] Request (ServerDiagnosticsTest:test_get_server_diagnostics): 200 GET http://10.180.1.21/compute/v2.1/servers/2f530484-d828-4b65-a81e-c1c1a84ec903 0.064s
2025-02-03 11:27:12.834 61085 INFO tempest.common.waiters [-] State transition "BUILD/spawning" ==> "ERROR/None" after 150 second wait
2025-02-03 11:27:12.853 61043 INFO tempest.lib.common.rest_client [req-80b9a700-8283-4804-b8e8-480796b1f082 req-80b9a700-8283-4804-b8e8-480796b1f082 ] Request (ServersAdmin275Test:test_rebuild_update_server_275): 200 GET http://10.180.1.21/compute/v2.1/servers/8d32e9d3-43ff-47dd-a52b-102edbe3af11 0.070s
2025-02-03 11:27:12.879 61059 INFO tempest.lib.common.rest_client [req-f57e3a3c-7573-4071-a1aa-7453920c58dc req-f57e3a3c-7573-4071-a1aa-7453920c58dc ] Request (ServersTestBootFromVolume:setUpClass): 200 GET http://10.180.1.21/compute/v2.1/servers/c2ee6cc7-f9df-43d4-b3f8-455fcf431e0e 0.065s
2025-02-03 11:27:12.929 61073 INFO tempest.lib.common.rest_client [req-06dcf4df-0acc-4c02-aa29-9ca4644e4906 req-06dcf4df-0acc-4c02-aa29-9ca4644e4906 ] Request (ServerActionsV293TestJSON:setUpClass): 200 GET http://10.180.1.21/compute/v2.1/servers/fdd51c42-e0c1-4ad1-aee9-f091cfec0030 0.091s
2025-02-03 11:27:12.975 61083 INFO tempest.lib.common.rest_client [req-2f315842-6df3-4ccb-95d5-72b88fd226b4 req-2f315842-6df3-4ccb-95d5-72b88fd226b4 ] Request (ServersTestManualDisk:setUpClass): 200 GET http://10.180.1.21/compute/v2.1/servers/130cd4e5-9df4-4428-abaa-d937d73d9950 0.088s
2025-02-03 11:27:13.051 61085 INFO tempest.lib.common.rest_client [req-e51027e6-c8e6-4971-80bd-3f7d9e90fcc1 req-e51027e6-c8e6-4971-80bd-3f7d9e90fcc1 ] Request (ServerDiagnosticsTest:test_get_server_diagnostics): 204 DELETE http://10.180.1.21/compute/v2.1/servers/2f530484-d828-4b65-a81e-c1c1a84ec903 0.217s
2025-02-03 11:27:13.077 61067 INFO tempest.lib.common.rest_client [req-9a945201-8282-46e4-a12b-2ef51fefafe2 req-9a945201-8282-46e4-a12b-2ef51fefafe2 ] Request (ServerExternalEventsTest:test_create_server_external_events): 200 GET http://10.180.1.21/compute/v2.1/servers/2696525a-3366-45a1-b413-8e4e0bd9d6c6 0.158s
2025-02-03 11:27:13.133 61057 INFO tempest.lib.common.rest_client [req-eff35a2e-3aa6-41f6-91c9-e20d5c04aa1c req-eff35a2e-3aa6-41f6-91c9-e20d5c04aa1c ] Request (ServersWithSpecificFlavorTestJSON:test_verify_created_server_ephemeral_disk): 200 GET http://10.180.1.21/compute/v2.1/servers/1f11c625-166f-4609-badf-da4dd9475c37 0.138s
2025-02-03 11:27:13.237 61047 INFO tempest.lib.common.rest_client [req-8658e53d-dff6-47de-97d5-3c75915ca189 req-8658e53d-dff6-47de-97d5-3c75915ca189 ] Request (MigrationsAdminTest:test_list_migrations_in_flavor_resize_situation): 200 GET http://10.180.1.21/compute/v2.1/servers/4e82aa9c-ae76-4b49-b666-5d5adc22d1b5 0.228s
2025-02-03 11:27:13.289 61053 INFO tempest.lib.common.rest_client [req-f53899f9-b456-4d6d-8708-829704c3f4db req-f53899f9-b456-4d6d-8708-829704c3f4db ] Request (ServerDiskConfigTestJSON:test_rebuild_server_with_auto_disk_config): 200 GET http://10.180.1.21/compute/v2.1/servers/72e8a8e0-6229-4557-889b-73851a13dbc1 0.249s
2025-02-03 11:27:13.307 61085 INFO tempest.lib.common.rest_client [req-51808afe-e7f2-4d1e-82aa-e5a3f21ec711 req-51808afe-e7f2-4d1e-82aa-e5a3f21ec711 ] Request (ServerDiagnosticsTest:test_get_server_diagnostics): 404 GET http://10.180.1.21/compute/v2.1/servers/2f530484-d828-4b65-a81e-c1c1a84ec903 0.255s
2025-02-03 11:27:13.355 61061 INFO tempest.lib.common.rest_client [req-95072ebb-d8fb-4f4e-bf81-15339f57eb92 req-95072ebb-d8fb-4f4e-bf81-15339f57eb92 ] Request (ServersTestFqdnHostnames:test_create_server_with_fqdn_name): 200 GET http://10.180.1.21/compute/v2.1/servers/6af62a04-4a13-46c7-a0b2-28768c789f23 0.303s
2025-02-03 11:27:13.385 61085 INFO tempest.lib.common.rest_client [req-ecab9a9d-9079-48e8-87d3-7e640e2894d0 req-ecab9a9d-9079-48e8-87d3-7e640e2894d0 ] Request (ServerDiagnosticsTest:tearDownClass): 204 DELETE http://10.180.1.21/identity/v3/users/d1b5aee01174493e99ab079a023ab922 0.071s
2025-02-03 11:27:13.446 61081 INFO tempest.lib.common.rest_client [req-5b161ccb-92c0-4b30-9887-cf0a392449f8 req-5b161ccb-92c0-4b30-9887-cf0a392449f8 ] Request (VolumesAdminNegativeTest:test_update_attached_volume_with_nonexistent_volume_in_body): 200 GET http://10.180.1.21/compute/v2.1/servers/7957eb49-d540-4c4e-a86a-1ea3631fb5ef 0.311s
2025-02-03 11:27:13.465 61101 INFO tempest.lib.common.rest_client [req-f171c540-7008-4fb9-923f-b5817d4d865a req-f171c540-7008-4fb9-923f-b5817d4d865a ] Request (FloatingIPsAssociationNegativeTestJSON:setUpClass): 200 GET http://10.180.1.21/compute/v2.1/servers/437e0c0d-6d0e-4465-9651-14e420b646ae 0.518s
2025-02-03 11:27:13.473 61101 INFO tempest.common.waiters [-] State transition "BUILD/None" ==> "BUILD/spawning" after 129 second wait
2025-02-03 11:27:13.476 61085 INFO tempest.lib.common.rest_client [req-a52737f6-3bed-45a3-830f-4eacda6d2c5c req-a52737f6-3bed-45a3-830f-4eacda6d2c5c ] Request (ServerDiagnosticsTest:tearDownClass): 204 DELETE http://10.180.1.21/identity/v3/users/53abea241de948598bc21b8212a843a5 0.091s
2025-02-03 11:27:13.476 61085 INFO tempest.lib.common.dynamic_creds [-] Deleting project and security group for project: 1a9ba07dcf124300ba7f9740e3da1a4c
2025-02-03 11:27:13.500 61079 INFO tempest.lib.common.rest_client [req-75b4d697-f3e7-4259-acea-3d14cb66f048 req-75b4d697-f3e7-4259-acea-3d14cb66f048 ] Request (ServersAaction247Test:test_create_backup): 200 GET http://10.180.1.21/compute/v2.1/servers/c80cde37-2b69-46f7-9ca6-bfa618a18b1e 0.316s
2025-02-03 11:27:13.518 61063 INFO tempest.lib.common.rest_client [req-3b4fdc3a-d9b0-4781-8dae-6d470b44f1aa req-3b4fdc3a-d9b0-4781-8dae-6d470b44f1aa ] Request (ServerDiagnosticsV248Test:test_get_server_diagnostics): 200 GET http://10.180.1.21/compute/v2.1/servers/ff2ef5e9-f543-4592-9896-e2c75369a971 0.277s
2025-02-03 11:27:13.544 61085 INFO tempest.lib.common.rest_client [req-b8224ce1-3a08-424d-a321-442d073f3d37 req-b8224ce1-3a08-424d-a321-442d073f3d37 ] Request (ServerDiagnosticsTest:tearDownClass): 201 POST http://10.180.1.21/identity/v3/auth/tokens 0.068s
2025-02-03 11:27:13.566 61072 INFO tempest.lib.common.rest_client [req-756dc3b6-5067-4d7c-ad41-c017d82023bd req-756dc3b6-5067-4d7c-ad41-c017d82023bd ] Request (AttachInterfacesUnderV243Test:test_add_remove_fixed_ip): 200 GET http://10.180.1.21/compute/v2.1/servers/72225dcc-d210-49cf-8395-056bf4f7f652 0.194s
2025-02-03 11:27:13.603 61069 INFO tempest.lib.common.rest_client [req-2871f7cb-40d7-4863-868f-10ae00a86653 req-2871f7cb-40d7-4863-868f-10ae00a86653 ] Request (DeleteServersAdminTestJSON:test_admin_delete_servers_of_others): 200 GET http://10.180.1.21/compute/v2.1/servers/bea83327-9479-46b2-bd78-c81d72359e8a 0.279s
2025-02-03 11:27:13.643 61085 INFO tempest.lib.common.rest_client [req-3d3224f5-1e3e-4708-be2b-fd8ee29584f2 req-3d3224f5-1e3e-4708-be2b-fd8ee29584f2 ] Request (ServerDiagnosticsTest:tearDownClass): 200 GET http://10.180.1.21:9696/networking/v2.0/security-groups?tenant_id=1a9ba07dcf124300ba7f9740e3da1a4c&name=default 0.098s
2025-02-03 11:27:13.676 61049 INFO tempest.lib.common.rest_client [req-c1c46e61-137b-4e09-a032-7f8557fb8be3 req-c1c46e61-137b-4e09-a032-7f8557fb8be3 ] Request (ServerShowV254Test:test_rebuild_server): 200 GET http://10.180.1.21/compute/v2.1/servers/8eb675b6-f73d-47a0-af75-63b5a8800e69 0.254s
2025-02-03 11:27:13.694 61097 INFO tempest.lib.common.rest_client [req-b90c0934-1c1a-4f24-aade-781e82cb8f26 req-b90c0934-1c1a-4f24-aade-781e82cb8f26 ] Request (ImagesOneServerTestJSON:setUpClass): 200 GET http://10.180.1.21/compute/v2.1/servers/673185d0-9e2c-49dc-8323-f8b30a65b59d 0.304s
2025-02-03 11:27:13.732 61099 INFO tempest.lib.common.rest_client [req-124550ca-8444-4c71-8cee-cc1a3144ab10 req-124550ca-8444-4c71-8cee-cc1a3144ab10 ] Request (MultipleCreateTestJSON:test_multiple_create): 200 GET http://10.180.1.21/compute/v2.1/servers/57919d5b-769c-4752-873c-d78bb61f5800 0.297s
2025-02-03 11:27:13.749 61051 INFO tempest.lib.common.rest_client [req-1e08c521-8973-41a4-8485-ea9775570c53 req-1e08c521-8973-41a4-8485-ea9775570c53 ] Request (ServerAddressesTestJSON:setUpClass): 200 GET http://10.180.1.21/compute/v2.1/servers/7e3c6624-3c29-4df0-b417-575976b2f0f7 0.285s
2025-02-03 11:27:13.753 61085 INFO tempest.lib.common.rest_client [req-5fbf9e7b-37ef-40ce-abd5-677c18797a69 req-5fbf9e7b-37ef-40ce-abd5-677c18797a69 ] Request (ServerDiagnosticsTest:tearDownClass): 204 DELETE http://10.180.1.21:9696/networking/v2.0/security-groups/73e23058-b631-46c0-a813-94c157350f4b 0.109s
2025-02-03 11:27:13.787 61066 INFO tempest.lib.common.rest_client [req-9e1e65ec-b825-4776-954b-94c299cb4b3d req-9e1e65ec-b825-4776-954b-94c299cb4b3d ] Request (ServersTestMultiNic:test_verify_duplicate_network_nics): 200 GET http://10.180.1.21/compute/v2.1/servers/b24a1521-7fcb-4369-ab8e-211690508a67 0.306s
2025-02-03 11:27:13.798 61089 INFO tempest.lib.common.rest_client [req-a2c1c544-e064-4446-bd8c-e56c56377f39 req-a2c1c544-e064-4446-bd8c-e56c56377f39 ] Request (InstanceActionsV221TestJSON:test_get_list_deleted_instance_actions): 200 GET http://10.180.1.21/compute/v2.1/servers/330f33a1-cc70-4346-b6c5-e26720ed72f0 0.286s
2025-02-03 11:27:13.818 61085 INFO tempest.lib.common.rest_client [req-487712c8-7bff-4701-8dae-c42bfbf26b61 req-487712c8-7bff-4701-8dae-c42bfbf26b61 ] Request (ServerDiagnosticsTest:tearDownClass): 204 DELETE http://10.180.1.21/identity/v3/projects/1a9ba07dcf124300ba7f9740e3da1a4c 0.065s
2025-02-03 11:27:13.819 61085 INFO tempest.lib.common.dynamic_creds [-] Deleting project and security group for project: 972e02230354469392a84a44cde7a3bc
2025-02-03 11:27:13.834 61045 INFO tempest.lib.common.rest_client [req-a2100e23-4811-4915-885a-1b0d9e743494 req-a2100e23-4811-4915-885a-1b0d9e743494 ] Request (ServersTestJSON:test_create_server_specify_multibyte_character_name): 200 GET http://10.180.1.21/compute/v2.1/servers/59c6c887-b973-4a03-ba64-4ad12be45f64 0.292s
2025-02-03 11:27:13.856 61075 INFO tempest.lib.common.rest_client [req-feccbe08-bac6-499e-b3ab-b9022f0076dc req-feccbe08-bac6-499e-b3ab-b9022f0076dc ] Request (DeleteServersTestJSON:test_delete_active_server): 200 GET http://10.180.1.21/compute/v2.1/servers/a48f97b9-8720-4ad2-82a3-bae679b6b2ef 0.300s
2025-02-03 11:27:13.885 61055 INFO tempest.lib.common.rest_client [req-eaf72e32-3321-47ec-9343-ba18393c68d2 req-eaf72e32-3321-47ec-9343-ba18393c68d2 ] Request (VolumesAssistedSnapshotsTest:test_volume_assisted_snapshot_create_delete): 200 GET http://10.180.1.21/compute/v2.1/servers/7a378ea2-b981-443a-a925-9819ac5b979f 0.276s
2025-02-03 11:27:13.919 61105 INFO tempest.lib.common.rest_client [req-8401b460-9914-4a09-93ff-4ba2d1bc9ef5 req-8401b460-9914-4a09-93ff-4ba2d1bc9ef5 ] Request (ImagesNegativeTestJSON:test_create_image_from_deleted_server): 200 GET http://10.180.1.21/compute/v2.1/servers/586d9ca2-c287-49bc-bf61-a5140ceaddea 0.269s
2025-02-03 11:27:13.975 61103 INFO tempest.lib.common.rest_client [req-54b4632e-05ef-43d3-b0c5-6425528e6220 req-54b4632e-05ef-43d3-b0c5-6425528e6220 ] Request (ServersAdminNegativeTestJSON:setUpClass): 200 GET http://10.180.1.21/compute/v2.1/servers/4a0b0a82-3910-4201-b1f7-34c862667e3c 0.240s
2025-02-03 11:27:14.004 61085 INFO tempest.lib.common.rest_client [req-3aa3171e-47b5-48c3-8d03-2d59d7188c0a req-3aa3171e-47b5-48c3-8d03-2d59d7188c0a ] Request (ServerDiagnosticsTest:tearDownClass): 200 GET http://10.180.1.21:9696/networking/v2.0/security-groups?tenant_id=972e02230354469392a84a44cde7a3bc&name=default 0.185s
2025-02-03 11:27:14.026 61093 INFO tempest.lib.common.rest_client [req-2408a903-9ba0-480e-aac6-601bfe7f5450 req-2408a903-9ba0-480e-aac6-601bfe7f5450 ] Request (AttachInterfacesTestJSON:test_create_list_show_delete_interfaces_by_fixed_ip): 200 GET http://10.180.1.21/compute/v2.1/servers/b154a29f-564d-449d-8321-8ded1d4ec29b 0.244s
2025-02-03 11:27:14.073 61095 INFO tempest.lib.common.rest_client [req-16452db8-cc76-44d3-8c7a-49dcfa2aaba3 req-16452db8-cc76-44d3-8c7a-49dcfa2aaba3 ] Request (ServerPasswordTestJSON:setUpClass): 200 GET http://10.180.1.21/compute/v2.1/servers/b846d9ae-759a-4898-9ede-091819325701 0.323s
2025-02-03 11:27:14.092 61087 INFO tempest.lib.common.rest_client [req-5e62fa13-f644-45d5-b489-32ce6656e308 req-5e62fa13-f644-45d5-b489-32ce6656e308 ] Request (SecurityGroupsTestJSON:test_list_security_groups_by_server): 200 GET http://10.180.1.21/compute/v2.1/servers/7d8b4524-f867-4605-a468-a1c39e77dabd 0.297s
2025-02-03 11:27:14.096 61085 INFO tempest.lib.common.rest_client [req-dca1637c-1acb-47e0-9140-93bdeaee1416 req-dca1637c-1acb-47e0-9140-93bdeaee1416 ] Request (ServerDiagnosticsTest:tearDownClass): 204 DELETE http://10.180.1.21:9696/networking/v2.0/security-groups/f12e8f53-108c-43e4-b403-4bf5db07da07 0.091s
2025-02-03 11:27:14.131 61043 INFO tempest.lib.common.rest_client [req-0b0f86db-13a2-400a-89cd-ea88c34a23c2 req-0b0f86db-13a2-400a-89cd-ea88c34a23c2 ] Request (ServersAdmin275Test:test_rebuild_update_server_275): 200 GET http://10.180.1.21/compute/v2.1/servers/8d32e9d3-43ff-47dd-a52b-102edbe3af11 0.264s
2025-02-03 11:27:14.146 61059 INFO tempest.lib.common.rest_client [req-25efec7c-5f61-43d1-9fb1-77c3d25ba0ba req-25efec7c-5f61-43d1-9fb1-77c3d25ba0ba ] Request (ServersTestBootFromVolume:setUpClass): 200 GET http://10.180.1.21/compute/v2.1/servers/c2ee6cc7-f9df-43d4-b3f8-455fcf431e0e 0.258s
2025-02-03 11:27:14.199 61073 INFO tempest.lib.common.rest_client [req-b23b9113-a35b-4ce4-837b-8e218a4a4ed8 req-b23b9113-a35b-4ce4-837b-8e218a4a4ed8 ] Request (ServerActionsV293TestJSON:setUpClass): 200 GET http://10.180.1.21/compute/v2.1/servers/fdd51c42-e0c1-4ad1-aee9-f091cfec0030 0.259s
2025-02-03 11:27:14.204 61083 INFO tempest.lib.common.rest_client [req-6b08496e-5157-4ad1-a9d4-61c263c3e591 req-6b08496e-5157-4ad1-a9d4-61c263c3e591 ] Request (ServersTestManualDisk:setUpClass): 200 GET http://10.180.1.21/compute/v2.1/servers/130cd4e5-9df4-4428-abaa-d937d73d9950 0.222s
2025-02-03 11:27:14.254 61085 INFO tempest.lib.common.rest_client [req-af0a7fc2-49a2-4e83-ad23-0a7c2324ca28 req-af0a7fc2-49a2-4e83-ad23-0a7c2324ca28 ] Request (ServerDiagnosticsTest:tearDownClass): 204 DELETE http://10.180.1.21/identity/v3/projects/972e02230354469392a84a44cde7a3bc 0.157s
2025-02-03 11:27:14.268 61057 INFO tempest.lib.common.rest_client [req-92ab8b17-179c-402b-a9cd-71ce0d658e73 req-92ab8b17-179c-402b-a9cd-71ce0d658e73 ] Request (ServersWithSpecificFlavorTestJSON:test_verify_created_server_ephemeral_disk): 200 GET http://10.180.1.21/compute/v2.1/servers/1f11c625-166f-4609-badf-da4dd9475c37 0.125s
2025-02-03 11:27:14.309 61067 INFO tempest.lib.common.rest_client [req-882ecda8-b08b-43f3-b103-5638d6d56474 req-882ecda8-b08b-43f3-b103-5638d6d56474 ] Request (ServerExternalEventsTest:test_create_server_external_events): 200 GET http://10.180.1.21/compute/v2.1/servers/2696525a-3366-45a1-b413-8e4e0bd9d6c6 0.224s
2025-02-03 11:27:14.322 61085 INFO tempest.lib.common.rest_client [req-46c1eb4b-b015-4114-8ef1-fe08f2eb1a37 req-46c1eb4b-b015-4114-8ef1-fe08f2eb1a37 ] Request (ServerDiagnosticsNegativeTest:setUpClass): 201 POST http://10.180.1.21/identity/v3/auth/tokens 0.066s
2025-02-03 11:27:14.352 61085 INFO tempest.lib.common.rest_client [req-9558a006-61bf-440f-8107-13dd3ea055b7 req-9558a006-61bf-440f-8107-13dd3ea055b7 ] Request (ServerDiagnosticsNegativeTest:setUpClass): 201 POST http://10.180.1.21/identity/v3/auth/tokens 0.028s
2025-02-03 11:27:14.362 61053 INFO tempest.lib.common.rest_client [req-ab22b187-a8f5-4390-b2ba-a730f9c64cf4 req-ab22b187-a8f5-4390-b2ba-a730f9c64cf4 ] Request (ServerDiskConfigTestJSON:test_rebuild_server_with_auto_disk_config): 200 GET http://10.180.1.21/compute/v2.1/servers/72e8a8e0-6229-4557-889b-73851a13dbc1 0.064s
2025-02-03 11:27:14.373 61085 INFO tempest.lib.common.rest_client [req-f7ae6500-141a-4bdc-af8e-1a8b5bbd6c8a req-f7ae6500-141a-4bdc-af8e-1a8b5bbd6c8a ] Request (ServerDiagnosticsNegativeTest:setUpClass): 200 GET http://10.180.1.21/identity/v3/domains?name=Default 0.021s
2025-02-03 11:27:14.409 61085 INFO tempest.lib.common.rest_client [req-50952334-3fae-4beb-8a66-6417f36a9233 req-50952334-3fae-4beb-8a66-6417f36a9233 ] Request (ServerDiagnosticsNegativeTest:setUpClass): 201 POST http://10.180.1.21/identity/v3/projects 0.035s
2025-02-03 11:27:14.412 61061 INFO tempest.lib.common.rest_client [req-d5590cf6-7cdf-4f79-b130-4782aa3536cd req-d5590cf6-7cdf-4f79-b130-4782aa3536cd ] Request (ServersTestFqdnHostnames:test_create_server_with_fqdn_name): 200 GET http://10.180.1.21/compute/v2.1/servers/6af62a04-4a13-46c7-a0b2-28768c789f23 0.050s
2025-02-03 11:27:14.425 61047 INFO tempest.lib.common.rest_client [req-03622897-3f06-42fa-b27b-3d5973320ec9 req-03622897-3f06-42fa-b27b-3d5973320ec9 ] Request (MigrationsAdminTest:test_list_migrations_in_flavor_resize_situation): 200 GET http://10.180.1.21/compute/v2.1/servers/4e82aa9c-ae76-4b49-b666-5d5adc22d1b5 0.180s
2025-02-03 11:27:14.477 61085 INFO tempest.lib.common.rest_client [req-d776e5a5-dcc5-4ca5-9a31-6cb01554a990 req-d776e5a5-dcc5-4ca5-9a31-6cb01554a990 ] Request (ServerDiagnosticsNegativeTest:setUpClass): 201 POST http://10.180.1.21/identity/v3/users 0.068s
2025-02-03 11:27:14.501 61085 INFO tempest.lib.common.rest_client [req-294901c5-97fc-4099-a011-853266b75a28 req-294901c5-97fc-4099-a011-853266b75a28 ] Request (ServerDiagnosticsNegativeTest:setUpClass): 200 GET http://10.180.1.21/identity/v3/roles 0.023s
2025-02-03 11:27:14.536 61085 INFO tempest.lib.common.rest_client [req-a0aeec69-04bf-45c6-b291-80a0d7500fff req-a0aeec69-04bf-45c6-b291-80a0d7500fff ] Request (ServerDiagnosticsNegativeTest:setUpClass): 204 PUT http://10.180.1.21/identity/v3/projects/ef985aa716f94330ae11535fffddf02a/users/9e6b8bd92bc1427a80dd64e2b69bd4f1/roles/4aa221e730d44c24b272e8fac5d91746 0.035s
2025-02-03 11:27:14.537 61085 INFO tempest.lib.common.dynamic_creds [-] Dynamic test user 9e6b8bd92bc1427a80dd64e2b69bd4f1 is created with scope project and roles: ['member']
2025-02-03 11:27:14.537 61085 INFO tempest.lib.common.dynamic_creds [-] Acquired dynamic creds: credentials: Credentials: {'domain_id': 'default', 'domain_name': 'Default', 'username': 'tempest-ServerDiagnosticsNegativeTest-1512875039-project-member', 'project_domain_id': 'default', 'project_domain_name': 'Default', 'project_id': 'ef985aa716f94330ae11535fffddf02a', 'project_name': 'tempest-ServerDiagnosticsNegativeTest-1512875039', 'tenant_id': 'ef985aa716f94330ae11535fffddf02a', 'tenant_name': 'tempest-ServerDiagnosticsNegativeTest-1512875039', 'user_domain_id': 'default', 'user_domain_name': 'Default', 'user_id': '9e6b8bd92bc1427a80dd64e2b69bd4f1', 'system': None}, Network: None, Subnet: None, Router: None
2025-02-03 11:27:14.537 61085 INFO tempest.lib.common.dynamic_creds [-] Created isolated network resources for: credentials: Credentials: {'domain_id': 'default', 'domain_name': 'Default', 'username': 'tempest-ServerDiagnosticsNegativeTest-1512875039-project-member', 'project_domain_id': 'default', 'project_domain_name': 'Default', 'project_id': 'ef985aa716f94330ae11535fffddf02a', 'project_name': 'tempest-ServerDiagnosticsNegativeTest-1512875039', 'tenant_id': 'ef985aa716f94330ae11535fffddf02a', 'tenant_name': 'tempest-ServerDiagnosticsNegativeTest-1512875039', 'user_domain_id': 'default', 'user_domain_name': 'Default', 'user_id': '9e6b8bd92bc1427a80dd64e2b69bd4f1', 'system': None}, Network: None, Subnet: None, Router: None
2025-02-03 11:27:14.559 61081 INFO tempest.lib.common.rest_client [req-e73ebeae-5070-4014-9add-882e4b497a4e req-e73ebeae-5070-4014-9add-882e4b497a4e ] Request (VolumesAdminNegativeTest:test_update_attached_volume_with_nonexistent_volume_in_body): 200 GET http://10.180.1.21/compute/v2.1/servers/7957eb49-d540-4c4e-a86a-1ea3631fb5ef 0.105s
2025-02-03 11:27:14.576 61101 INFO tempest.lib.common.rest_client [req-d3eb7b3a-ec11-44e1-86c4-ba6fa50b92c4 req-d3eb7b3a-ec11-44e1-86c4-ba6fa50b92c4 ] Request (FloatingIPsAssociationNegativeTestJSON:setUpClass): 200 GET http://10.180.1.21/compute/v2.1/servers/437e0c0d-6d0e-4465-9651-14e420b646ae 0.101s
2025-02-03 11:27:14.614 61079 INFO tempest.lib.common.rest_client [req-1c1a8109-4a38-48a8-9b59-fb2a3db0b05b req-1c1a8109-4a38-48a8-9b59-fb2a3db0b05b ] Request (ServersAaction247Test:test_create_backup): 200 GET http://10.180.1.21/compute/v2.1/servers/c80cde37-2b69-46f7-9ca6-bfa618a18b1e 0.097s
2025-02-03 11:27:14.614 61085 INFO tempest.lib.common.rest_client [req-ef2f8ab4-1441-4cd2-b525-8a5695842909 req-ef2f8ab4-1441-4cd2-b525-8a5695842909 ] Request (ServerDiagnosticsNegativeTest:setUpClass): 201 POST http://10.180.1.21/identity/v3/auth/tokens 0.074s
2025-02-03 11:27:14.630 61063 INFO tempest.lib.common.rest_client [req-0f432824-7382-45f7-ab5f-6cd4528081dc req-0f432824-7382-45f7-ab5f-6cd4528081dc ] Request (ServerDiagnosticsV248Test:test_get_server_diagnostics): 200 GET http://10.180.1.21/compute/v2.1/servers/ff2ef5e9-f543-4592-9896-e2c75369a971 0.102s
2025-02-03 11:27:14.664 61072 INFO tempest.lib.common.rest_client [req-6566f906-2041-4930-bb95-751aefbb3f12 req-6566f906-2041-4930-bb95-751aefbb3f12 ] Request (AttachInterfacesUnderV243Test:test_add_remove_fixed_ip): 200 GET http://10.180.1.21/compute/v2.1/servers/72225dcc-d210-49cf-8395-056bf4f7f652 0.089s
2025-02-03 11:27:14.678 61085 INFO tempest.lib.common.rest_client [req-dfdd4f7e-39c2-483b-af58-6265c43d341b req-dfdd4f7e-39c2-483b-af58-6265c43d341b ] Request (ServerDiagnosticsNegativeTest:setUpClass): 201 POST http://10.180.1.21/identity/v3/projects 0.063s
2025-02-03 11:27:14.726 61069 INFO tempest.lib.common.rest_client [req-f73e8081-ac67-4c89-ac16-d7397a66425e req-f73e8081-ac67-4c89-ac16-d7397a66425e ] Request (DeleteServersAdminTestJSON:test_admin_delete_servers_of_others): 200 GET http://10.180.1.21/compute/v2.1/servers/bea83327-9479-46b2-bd78-c81d72359e8a 0.110s
2025-02-03 11:27:14.734 61085 INFO tempest.lib.common.rest_client [req-59c3d267-3aa2-449d-a229-81444e92b22e req-59c3d267-3aa2-449d-a229-81444e92b22e ] Request (ServerDiagnosticsNegativeTest:setUpClass): 201 POST http://10.180.1.21/identity/v3/users 0.055s
2025-02-03 11:27:14.738 61049 INFO tempest.lib.common.rest_client [req-14237e29-c6df-46cb-84cb-2cff73441fbd req-14237e29-c6df-46cb-84cb-2cff73441fbd ] Request (ServerShowV254Test:test_rebuild_server): 200 GET http://10.180.1.21/compute/v2.1/servers/8eb675b6-f73d-47a0-af75-63b5a8800e69 0.052s
2025-02-03 11:27:14.755 61085 INFO tempest.lib.common.rest_client [req-0b962ba3-54c4-4d2e-a2f4-cbaf2ba75be8 req-0b962ba3-54c4-4d2e-a2f4-cbaf2ba75be8 ] Request (ServerDiagnosticsNegativeTest:setUpClass): 200 GET http://10.180.1.21/identity/v3/roles 0.020s
2025-02-03 11:27:14.784 61085 INFO tempest.lib.common.rest_client [req-0cb2cd5a-e9c5-4376-b6d3-79460899da51 req-0cb2cd5a-e9c5-4376-b6d3-79460899da51 ] Request (ServerDiagnosticsNegativeTest:setUpClass): 204 PUT http://10.180.1.21/identity/v3/projects/d5cf7a9354124c46a2581f9033ffeb7a/users/a86a8da0967f419ab9b54cc95a3813b3/roles/19d202e15a4a479fba21c04bff0f554f 0.028s
2025-02-03 11:27:14.790 61099 INFO tempest.lib.common.rest_client [req-f4bb7fab-a8f7-4886-a630-42090448fdd6 req-f4bb7fab-a8f7-4886-a630-42090448fdd6 ] Request (MultipleCreateTestJSON:test_multiple_create): 200 GET http://10.180.1.21/compute/v2.1/servers/57919d5b-769c-4752-873c-d78bb61f5800 0.049s
2025-02-03 11:27:14.820 61097 INFO tempest.lib.common.rest_client [req-1858cf43-5213-473e-adb8-a4c54fe2ef6a req-1858cf43-5213-473e-adb8-a4c54fe2ef6a ] Request (ImagesOneServerTestJSON:setUpClass): 200 GET http://10.180.1.21/compute/v2.1/servers/673185d0-9e2c-49dc-8323-f8b30a65b59d 0.115s
2025-02-03 11:27:14.832 61085 INFO tempest.lib.common.rest_client [req-29b5f8fa-1f10-4dfd-b44a-8f2bd0be504b req-29b5f8fa-1f10-4dfd-b44a-8f2bd0be504b ] Request (ServerDiagnosticsNegativeTest:setUpClass): 200 GET http://10.180.1.21/identity/v3/roles 0.048s
2025-02-03 11:27:14.836 61051 INFO tempest.lib.common.rest_client [req-c471ad08-5690-4265-a38d-7f69536560b1 req-c471ad08-5690-4265-a38d-7f69536560b1 ] Request (ServerAddressesTestJSON:setUpClass): 200 GET http://10.180.1.21/compute/v2.1/servers/7e3c6624-3c29-4df0-b417-575976b2f0f7 0.077s
2025-02-03 11:27:14.854 61085 INFO tempest.lib.common.rest_client [req-4cbb6d49-a557-422a-b216-30085d33c317 req-4cbb6d49-a557-422a-b216-30085d33c317 ] Request (ServerDiagnosticsNegativeTest:setUpClass): 204 PUT http://10.180.1.21/identity/v3/projects/d5cf7a9354124c46a2581f9033ffeb7a/users/a86a8da0967f419ab9b54cc95a3813b3/roles/19d202e15a4a479fba21c04bff0f554f 0.021s
2025-02-03 11:27:14.854 61085 INFO tempest.lib.common.dynamic_creds [-] Dynamic test user a86a8da0967f419ab9b54cc95a3813b3 is created with scope project and roles: ['admin']
2025-02-03 11:27:14.854 61085 INFO tempest.lib.common.dynamic_creds [-] Acquired dynamic creds: credentials: Credentials: {'domain_id': 'default', 'domain_name': 'Default', 'username': 'tempest-ServerDiagnosticsNegativeTest-2020928787-project-admin', 'project_domain_id': 'default', 'project_domain_name': 'Default', 'project_id': 'd5cf7a9354124c46a2581f9033ffeb7a', 'project_name': 'tempest-ServerDiagnosticsNegativeTest-2020928787', 'tenant_id': 'd5cf7a9354124c46a2581f9033ffeb7a', 'tenant_name': 'tempest-ServerDiagnosticsNegativeTest-2020928787', 'user_domain_id': 'default', 'user_domain_name': 'Default', 'user_id': 'a86a8da0967f419ab9b54cc95a3813b3', 'system': None}, Network: None, Subnet: None, Router: None
2025-02-03 11:27:14.854 61085 INFO tempest.lib.common.dynamic_creds [-] Created isolated network resources for: credentials: Credentials: {'domain_id': 'default', 'domain_name': 'Default', 'username': 'tempest-ServerDiagnosticsNegativeTest-2020928787-project-admin', 'project_domain_id': 'default', 'project_domain_name': 'Default', 'project_id': 'd5cf7a9354124c46a2581f9033ffeb7a', 'project_name': 'tempest-ServerDiagnosticsNegativeTest-2020928787', 'tenant_id': 'd5cf7a9354124c46a2581f9033ffeb7a', 'tenant_name': 'tempest-ServerDiagnosticsNegativeTest-2020928787', 'user_domain_id': 'default', 'user_domain_name': 'Default', 'user_id': 'a86a8da0967f419ab9b54cc95a3813b3', 'system': None}, Network: None, Subnet: None, Router: None
2025-02-03 11:27:14.865 61066 INFO tempest.lib.common.rest_client [req-512100ee-af64-4b73-9bd2-03ed5d0407a2 req-512100ee-af64-4b73-9bd2-03ed5d0407a2 ] Request (ServersTestMultiNic:test_verify_duplicate_network_nics): 200 GET http://10.180.1.21/compute/v2.1/servers/b24a1521-7fcb-4369-ab8e-211690508a67 0.068s
2025-02-03 11:27:14.882 61089 INFO tempest.lib.common.rest_client [req-d1823a38-3f1b-408c-bb1d-598690564ea2 req-d1823a38-3f1b-408c-bb1d-598690564ea2 ] Request (InstanceActionsV221TestJSON:test_get_list_deleted_instance_actions): 200 GET http://10.180.1.21/compute/v2.1/servers/330f33a1-cc70-4346-b6c5-e26720ed72f0 0.076s
2025-02-03 11:27:14.909 61045 INFO tempest.lib.common.rest_client [req-f711077d-f9e9-43b6-8a8c-87a5fbf148c5 req-f711077d-f9e9-43b6-8a8c-87a5fbf148c5 ] Request (ServersTestJSON:test_create_server_specify_multibyte_character_name): 200 GET http://10.180.1.21/compute/v2.1/servers/59c6c887-b973-4a03-ba64-4ad12be45f64 0.068s
2025-02-03 11:27:14.922 61085 INFO tempest.lib.common.rest_client [req-a58d4cc8-5516-453a-9fde-adc7b64a646f req-a58d4cc8-5516-453a-9fde-adc7b64a646f ] Request (ServerDiagnosticsNegativeTest:setUpClass): 201 POST http://10.180.1.21/identity/v3/auth/tokens 0.066s
2025-02-03 11:27:14.926 61075 INFO tempest.lib.common.rest_client [req-8da6ea3e-7b02-4d4f-bbb8-ca8c09e17b09 req-8da6ea3e-7b02-4d4f-bbb8-ca8c09e17b09 ] Request (DeleteServersTestJSON:test_delete_active_server): 200 GET http://10.180.1.21/compute/v2.1/servers/a48f97b9-8720-4ad2-82a3-bae679b6b2ef 0.058s
2025-02-03 11:27:14.955 61055 INFO tempest.lib.common.rest_client [req-6235d1d4-0fe1-4fa9-ac65-77bf0299fed4 req-6235d1d4-0fe1-4fa9-ac65-77bf0299fed4 ] Request (VolumesAssistedSnapshotsTest:test_volume_assisted_snapshot_create_delete): 200 GET http://10.180.1.21/compute/v2.1/servers/7a378ea2-b981-443a-a925-9819ac5b979f 0.063s
2025-02-03 11:27:14.977 61085 INFO tempest.lib.common.rest_client [req-f72198d6-bcf1-448a-8608-bd9f2e1d0bf6 req-f72198d6-bcf1-448a-8608-bd9f2e1d0bf6 ] Request (ServerDiagnosticsNegativeTest:test_get_server_diagnostics_by_non_admin): 201 POST http://10.180.1.21/identity/v3/auth/tokens 0.050s
2025-02-03 11:27:14.978 61085 INFO tempest.lib.common.fixed_network [-] (ServerDiagnosticsNegativeTest:test_get_server_diagnostics_by_non_admin) Found network None available for tenant
2025-02-03 11:27:14.979 61105 INFO tempest.lib.common.rest_client [req-c3f03eab-f994-4fcb-9005-b466e63dbcf0 req-c3f03eab-f994-4fcb-9005-b466e63dbcf0 ] Request (ImagesNegativeTestJSON:test_create_image_from_deleted_server): 200 GET http://10.180.1.21/compute/v2.1/servers/586d9ca2-c287-49bc-bf61-a5140ceaddea 0.051s
2025-02-03 11:27:15.070 61103 INFO tempest.lib.common.rest_client [req-66921080-6105-4f10-80a6-848b9f6f4b95 req-66921080-6105-4f10-80a6-848b9f6f4b95 ] Request (ServersAdminNegativeTestJSON:setUpClass): 200 GET http://10.180.1.21/compute/v2.1/servers/4a0b0a82-3910-4201-b1f7-34c862667e3c 0.088s
2025-02-03 11:27:15.115 61093 INFO tempest.lib.common.rest_client [req-d54c6175-fba3-400e-8dc8-32780615c917 req-d54c6175-fba3-400e-8dc8-32780615c917 ] Request (AttachInterfacesTestJSON:test_create_list_show_delete_interfaces_by_fixed_ip): 200 GET http://10.180.1.21/compute/v2.1/servers/b154a29f-564d-449d-8321-8ded1d4ec29b 0.081s
