2024-11-29 15:42:39.858 64226 INFO tempest.lib.common.rest_client [req-4b577b01-cf97-4164-9191-ea018874c3d7 req-4b577b01-cf97-4164-9191-ea018874c3d7 ] Request (AttachInterfacesTestJSON:test_create_list_show_delete_interfaces_by_fixed_ip): 200 GET http://10.180.1.21/compute/v2.1/servers/b8231080-7a09-4e00-ab2b-e9ff4abf352a 0.125s
2024-11-29 15:42:39.863 64190 INFO tempest.lib.common.rest_client [req-301a9a2c-33b9-4ee2-97f2-4391a79b27c4 req-301a9a2c-33b9-4ee2-97f2-4391a79b27c4 ] Request (ImagesTestJSON:test_create_image_from_stopped_server): 200 GET http://10.180.1.21/compute/v2.1/servers/ac955d73-c844-4b98-b791-7d7c749c6954 0.046s
2024-11-29 15:42:39.908 64236 INFO tempest.lib.common.rest_client [req-4e6844cb-7a9b-4cf2-bc66-5cdcfe883f0a req-4e6844cb-7a9b-4cf2-bc66-5cdcfe883f0a ] Request (ServersTestMultiNic:test_verify_duplicate_network_nics): 200 GET http://10.180.1.21/compute/v2.1/servers/ae85ff01-5625-453d-9dcf-c8417fbb6e0c 0.045s
2024-11-29 15:42:39.964 64216 INFO tempest.lib.common.rest_client [req-af4cc014-1fe9-43c0-81a9-15036d8d8632 req-af4cc014-1fe9-43c0-81a9-15036d8d8632 ] Request (ServerDiagnosticsV248Test:test_get_server_diagnostics): 200 GET http://10.180.1.21/compute/v2.1/servers/5413b152-2cd7-41c4-bf18-bd3d51971a6e 0.048s
2024-11-29 15:42:39.979 64238 INFO tempest.lib.common.rest_client [req-ed730317-b44a-4ece-8955-1bd1c3c1841d req-ed730317-b44a-4ece-8955-1bd1c3c1841d ] Request (ServersWithSpecificFlavorTestJSON:test_verify_created_server_ephemeral_disk): 200 GET http://10.180.1.21/compute/v2.1/servers/2325430a-6b1a-41d9-bc13-fd7d98e07e9e 0.159s
2024-11-29 15:42:40.027 64240 INFO tempest.lib.common.rest_client [req-65444cfd-8fd6-4cdb-b31d-1b30615249bd req-65444cfd-8fd6-4cdb-b31d-1b30615249bd ] Request (ServersAdminTestJSON:setUpClass): 200 GET http://10.180.1.21/compute/v2.1/servers/ebe42f1a-5eb9-4b14-8de0-3b1e8e54a158 0.068s
2024-11-29 15:42:40.070 64234 INFO tempest.lib.common.rest_client [req-09e726b2-eeff-4564-a192-094ed02add18 req-09e726b2-eeff-4564-a192-094ed02add18 ] Request (FloatingIPsAssociationTestJSON:setUpClass): 200 GET http://10.180.1.21/compute/v2.1/servers/032f2d6d-04c3-4210-a8d0-1c325a304a88 0.070s
2024-11-29 15:42:40.090 64212 INFO tempest.lib.common.rest_client [req-40711f59-f28d-44e3-bf22-027d485f7f99 req-40711f59-f28d-44e3-bf22-027d485f7f99 ] Request (ListImageFiltersTestJSON:setUpClass): 200 GET http://10.180.1.21/compute/v2.1/servers/31e6ec86-cf5a-438c-ad8f-aad775fbb376 0.161s
2024-11-29 15:42:40.112 64182 INFO tempest.lib.common.rest_client [req-32f2973d-a3be-411f-94f8-aae4d739d75d req-32f2973d-a3be-411f-94f8-aae4d739d75d ] Request (ServerActionsTestOtherB:setUpClass): 200 GET http://10.180.1.21/compute/v2.1/servers/0ad4f562-805b-48e0-99ae-53934da0af4e 0.071s
2024-11-29 15:42:40.176 64224 INFO tempest.lib.common.rest_client [req-a6ba9d91-6703-4c3e-94c3-8c9dcc26bbe2 req-a6ba9d91-6703-4c3e-94c3-8c9dcc26bbe2 ] Request (VolumesAssistedSnapshotsTest:test_volume_assisted_snapshot_create_delete): 200 GET http://10.180.1.21/compute/v2.1/servers/b8993737-d2ef-4987-8c91-d1320771434a 0.124s
2024-11-29 15:42:40.195 64204 INFO tempest.lib.common.rest_client [req-615cea82-f996-4f38-9b8c-9c897f9a8af4 req-615cea82-f996-4f38-9b8c-9c897f9a8af4 ] Request (ServersV294TestFqdnHostnames:setUpClass): 200 GET http://10.180.1.21/compute/v2.1/servers/40aa82a7-09f6-4e99-bd8b-32c500aac259 0.061s
2024-11-29 15:42:40.313 64196 INFO tempest.lib.common.rest_client [req-4aba2321-121b-45ab-898a-3acb0e0c3a70 req-4aba2321-121b-45ab-898a-3acb0e0c3a70 ] Request (ServerMetadataNegativeTestJSON:setUpClass): 200 GET http://10.180.1.21/compute/v2.1/servers/f2c66aa6-4406-4cfa-8a13-c382eebed6bc 0.086s
2024-11-29 15:42:40.352 64206 INFO tempest.lib.common.rest_client [req-7d40e31a-7ca2-41f1-8740-3bea35b8f3e5 req-7d40e31a-7ca2-41f1-8740-3bea35b8f3e5 ] Request (FloatingIPsAssociationNegativeTestJSON:setUpClass): 200 GET http://10.180.1.21/compute/v2.1/servers/34e97fca-5664-418e-bb12-8c16ddb3b0c9 0.086s
2024-11-29 15:42:40.411 64200 INFO tempest.lib.common.rest_client [req-02d733d5-2d0c-4ada-a24c-a1e1f2a64413 req-02d733d5-2d0c-4ada-a24c-a1e1f2a64413 ] Request (ServerDiagnosticsTest:test_get_server_diagnostics): 200 GET http://10.180.1.21/compute/v2.1/servers/41046d8c-861e-4bb4-8f7f-ae7c4d494964 0.088s
2024-11-29 15:42:40.440 64180 INFO tempest.lib.common.rest_client [req-4254ca6c-d61d-418a-907f-d84b3a2e376c req-4254ca6c-d61d-418a-907f-d84b3a2e376c ] Request (MigrationsAdminTest:test_list_migrations_in_flavor_resize_situation): 200 GET http://10.180.1.21/compute/v2.1/servers/8a3a433a-317c-41a8-9aa6-32d2d3ecaca1 0.086s
2024-11-29 15:42:40.455 64230 INFO tempest.lib.common.rest_client [req-d182c03d-399f-4446-a1d9-7fb14e7074a7 req-d182c03d-399f-4446-a1d9-7fb14e7074a7 ] Request (ImagesOneServerTestJSON:setUpClass): 200 GET http://10.180.1.21/compute/v2.1/servers/871ae746-5bc6-4979-80be-9f67d0db5301 0.090s
2024-11-29 15:42:40.483 64202 INFO tempest.lib.common.rest_client [req-c4b885fc-bf0a-4b16-80ae-9784e8054784 req-c4b885fc-bf0a-4b16-80ae-9784e8054784 ] Request (DeleteServersTestJSON:test_delete_active_server): 200 GET http://10.180.1.21/compute/v2.1/servers/bca2d5b3-2ec6-4b98-859e-5ae9d49eb23c 0.087s
2024-11-29 15:42:40.497 64228 INFO tempest.lib.common.rest_client [req-7cbd24c4-e1cb-458b-b69b-39ec16b3f2ad req-7cbd24c4-e1cb-458b-b69b-39ec16b3f2ad ] Request (DeleteServersAdminTestJSON:test_delete_server_while_in_error_state): 200 GET http://10.180.1.21/compute/v2.1/servers/2b69def4-b892-4d76-bfd2-841014f75098 0.091s
2024-11-29 15:42:40.523 64198 INFO tempest.lib.common.rest_client [req-7b4f444a-4516-407c-b961-342f68e8303a req-7b4f444a-4516-407c-b961-342f68e8303a ] Request (ServerRescueTestJSONUnderV235:setUpClass): 200 GET http://10.180.1.21/compute/v2.1/servers/02a9b7be-f0a7-42f0-ac71-860e753f9408 0.086s
2024-11-29 15:42:40.539 64214 INFO tempest.lib.common.rest_client [req-ca92bbba-92c0-4b68-8208-d6a5e1405952 req-ca92bbba-92c0-4b68-8208-d6a5e1405952 ] Request (ImagesOneServerNegativeTestJSON:setUpClass): 200 GET http://10.180.1.21/compute/v2.1/servers/ece2c65c-60f9-4a4e-b135-f79d7adb188e 0.092s
2024-11-29 15:42:40.564 64178 INFO tempest.lib.common.rest_client [req-8eda976f-ee67-441b-bcbd-91534a9ad425 req-8eda976f-ee67-441b-bcbd-91534a9ad425 ] Request (ServerAddressesNegativeTestJSON:setUpClass): 200 GET http://10.180.1.21/compute/v2.1/servers/9fa91cf5-e051-4136-bdd2-66beb12a8cdf 0.086s
2024-11-29 15:42:40.583 64220 INFO tempest.lib.common.rest_client [req-43de74fd-0433-4e5c-ad7e-d1d283f73694 req-43de74fd-0433-4e5c-ad7e-d1d283f73694 ] Request (AttachVolumeTestJSON:test_attach_detach_volume): 200 GET http://10.180.1.21/compute/v2.1/servers/24dfefdd-8357-4f82-aaf0-9f6e6907291f 0.091s
2024-11-29 15:42:40.608 64186 INFO tempest.lib.common.rest_client [req-62550342-5635-4f6b-bb8d-896d24831390 req-62550342-5635-4f6b-bb8d-896d24831390 ] Request (TenantUsagesTestJSON:setUpClass): 200 GET http://10.180.1.21/compute/v2.1/servers/daea8bd9-5d0a-40e3-9353-28785d5fd7ca 0.089s
2024-11-29 15:42:40.665 64188 INFO tempest.lib.common.rest_client [req-66e16349-a904-4a1a-97ba-6c7da71948cc req-66e16349-a904-4a1a-97ba-6c7da71948cc ] Request (VolumesAdminNegativeTest:test_update_attached_volume_with_nonexistent_volume_in_body): 200 GET http://10.180.1.21/compute/v2.1/servers/be0bc30b-c63d-4b33-9668-bbcd7d889f79 0.045s
2024-11-29 15:42:40.731 64184 INFO tempest.lib.common.rest_client [req-3f08347f-44f4-43b1-9855-320b402a0068 req-3f08347f-44f4-43b1-9855-320b402a0068 ] Request (ServersTestManualDisk:setUpClass): 200 GET http://10.180.1.21/compute/v2.1/servers/068818f5-6df6-4de7-8158-c4f8bf11bb9d 0.046s
2024-11-29 15:42:40.773 64210 INFO tempest.lib.common.rest_client [req-ace06b9e-7c20-48c9-b5ad-5954e02e6007 req-ace06b9e-7c20-48c9-b5ad-5954e02e6007 ] Request (InstanceActionsTestJSON:setUpClass): 200 GET http://10.180.1.21/compute/v2.1/servers/8ea5b2d1-bfc8-4531-b5fe-60926e4950d5 0.045s
2024-11-29 15:42:40.815 64232 INFO tempest.lib.common.rest_client [req-1b221cd0-6e09-4801-b031-6ac6a2089dac req-1b221cd0-6e09-4801-b031-6ac6a2089dac ] Request (AttachInterfacesUnderV243Test:test_add_remove_fixed_ip): 200 GET http://10.180.1.21/compute/v2.1/servers/5bafa3d0-3619-4d7e-b625-9b389394738f 0.043s
2024-11-29 15:42:40.817 64194 INFO tempest.lib.common.rest_client [req-fb995944-70ed-4646-bf56-e942cc51417b req-fb995944-70ed-4646-bf56-e942cc51417b ] Request (ServersTestFqdnHostnames:test_create_server_with_fqdn_name): 200 GET http://10.180.1.21/compute/v2.1/servers/ebcc4aaa-3506-4b4f-80da-532c3f7bb891 0.083s
2024-11-29 15:42:40.855 64218 INFO tempest.lib.common.rest_client [req-724e66cd-754d-4911-a874-f723ff3a4e22 req-724e66cd-754d-4911-a874-f723ff3a4e22 ] Request (ServerAddressesTestJSON:setUpClass): 200 GET http://10.180.1.21/compute/v2.1/servers/1fffa4d3-fe6b-47c9-ad52-db62c0c88a03 0.044s
2024-11-29 15:42:40.913 64190 INFO tempest.lib.common.rest_client [req-dc896024-5d1a-4023-98c0-04b718b264ed req-dc896024-5d1a-4023-98c0-04b718b264ed ] Request (ImagesTestJSON:test_create_image_from_stopped_server): 200 GET http://10.180.1.21/compute/v2.1/servers/ac955d73-c844-4b98-b791-7d7c749c6954 0.043s
2024-11-29 15:42:40.959 64226 INFO tempest.lib.common.rest_client [req-021b94d9-4d37-41c9-98bb-41072932658a req-021b94d9-4d37-41c9-98bb-41072932658a ] Request (AttachInterfacesTestJSON:test_create_list_show_delete_interfaces_by_fixed_ip): 200 GET http://10.180.1.21/compute/v2.1/servers/b8231080-7a09-4e00-ab2b-e9ff4abf352a 0.094s
2024-11-29 15:42:40.960 64236 INFO tempest.lib.common.rest_client [req-b30f7e21-5d51-4ced-baaa-823dc556681e req-b30f7e21-5d51-4ced-baaa-823dc556681e ] Request (ServersTestMultiNic:test_verify_duplicate_network_nics): 200 GET http://10.180.1.21/compute/v2.1/servers/ae85ff01-5625-453d-9dcf-c8417fbb6e0c 0.044s
2024-11-29 15:42:41.020 64216 INFO tempest.lib.common.rest_client [req-de103791-78e2-41b0-b17b-f55d9fca0499 req-de103791-78e2-41b0-b17b-f55d9fca0499 ] Request (ServerDiagnosticsV248Test:test_get_server_diagnostics): 200 GET http://10.180.1.21/compute/v2.1/servers/5413b152-2cd7-41c4-bf18-bd3d51971a6e 0.047s
2024-11-29 15:42:41.077 64240 INFO tempest.lib.common.rest_client [req-9b64d10f-d07b-487a-8a01-b8a2c49fd090 req-9b64d10f-d07b-487a-8a01-b8a2c49fd090 ] Request (ServersAdminTestJSON:setUpClass): 200 GET http://10.180.1.21/compute/v2.1/servers/ebe42f1a-5eb9-4b14-8de0-3b1e8e54a158 0.044s
2024-11-29 15:42:41.119 64238 INFO tempest.lib.common.rest_client [req-cb3f9845-3ed0-4496-8b80-4a24d37c51e5 req-cb3f9845-3ed0-4496-8b80-4a24d37c51e5 ] Request (ServersWithSpecificFlavorTestJSON:test_verify_created_server_ephemeral_disk): 200 GET http://10.180.1.21/compute/v2.1/servers/2325430a-6b1a-41d9-bc13-fd7d98e07e9e 0.131s
2024-11-29 15:42:41.125 64234 INFO tempest.lib.common.rest_client [req-6176620b-e749-4f2c-a0b9-78ac1398a366 req-6176620b-e749-4f2c-a0b9-78ac1398a366 ] Request (FloatingIPsAssociationTestJSON:setUpClass): 200 GET http://10.180.1.21/compute/v2.1/servers/032f2d6d-04c3-4210-a8d0-1c325a304a88 0.047s
2024-11-29 15:42:41.166 64182 INFO tempest.lib.common.rest_client [req-f874c8bf-7e5b-4423-b9b9-e89ad98c4588 req-f874c8bf-7e5b-4423-b9b9-e89ad98c4588 ] Request (ServerActionsTestOtherB:setUpClass): 200 GET http://10.180.1.21/compute/v2.1/servers/0ad4f562-805b-48e0-99ae-53934da0af4e 0.047s
2024-11-29 15:42:41.202 64212 INFO tempest.lib.common.rest_client [req-91935f91-b028-4adf-896b-04a0114a9dd5 req-91935f91-b028-4adf-896b-04a0114a9dd5 ] Request (ListImageFiltersTestJSON:setUpClass): 200 GET http://10.180.1.21/compute/v2.1/servers/31e6ec86-cf5a-438c-ad8f-aad775fbb376 0.105s
2024-11-29 15:42:41.251 64204 INFO tempest.lib.common.rest_client [req-0c55214a-a59e-43d9-8f48-3adb4a35eb30 req-0c55214a-a59e-43d9-8f48-3adb4a35eb30 ] Request (ServersV294TestFqdnHostnames:setUpClass): 200 GET http://10.180.1.21/compute/v2.1/servers/40aa82a7-09f6-4e99-bd8b-32c500aac259 0.048s
2024-11-29 15:42:41.307 64224 INFO tempest.lib.common.rest_client [req-7e7ef03a-080a-4679-8cbf-bafe307da602 req-7e7ef03a-080a-4679-8cbf-bafe307da602 ] Request (VolumesAssistedSnapshotsTest:test_volume_assisted_snapshot_create_delete): 200 GET http://10.180.1.21/compute/v2.1/servers/b8993737-d2ef-4987-8c91-d1320771434a 0.124s
2024-11-29 15:42:41.404 64196 INFO tempest.lib.common.rest_client [req-279a2f97-4198-43c4-9435-c50e687afa65 req-279a2f97-4198-43c4-9435-c50e687afa65 ] Request (ServerMetadataNegativeTestJSON:setUpClass): 200 GET http://10.180.1.21/compute/v2.1/servers/f2c66aa6-4406-4cfa-8a13-c382eebed6bc 0.083s
2024-11-29 15:42:41.481 64206 INFO tempest.lib.common.rest_client [req-b45786db-2b41-47ae-82de-1e6aab410d4e req-b45786db-2b41-47ae-82de-1e6aab410d4e ] Request (FloatingIPsAssociationNegativeTestJSON:setUpClass): 200 GET http://10.180.1.21/compute/v2.1/servers/34e97fca-5664-418e-bb12-8c16ddb3b0c9 0.123s
2024-11-29 15:42:41.505 64200 INFO tempest.lib.common.rest_client [req-ca9da07d-0044-4b32-a8af-d8a0404b7a67 req-ca9da07d-0044-4b32-a8af-d8a0404b7a67 ] Request (ServerDiagnosticsTest:test_get_server_diagnostics): 200 GET http://10.180.1.21/compute/v2.1/servers/41046d8c-861e-4bb4-8f7f-ae7c4d494964 0.087s
2024-11-29 15:42:41.547 64230 INFO tempest.lib.common.rest_client [req-eed8440e-ee2b-44b1-8250-f8ad64f16e20 req-eed8440e-ee2b-44b1-8250-f8ad64f16e20 ] Request (ImagesOneServerTestJSON:setUpClass): 200 GET http://10.180.1.21/compute/v2.1/servers/871ae746-5bc6-4979-80be-9f67d0db5301 0.085s
2024-11-29 15:42:41.566 64180 INFO tempest.lib.common.rest_client [req-2ba4831a-5b79-446c-9f7e-d29c90f22eeb req-2ba4831a-5b79-446c-9f7e-d29c90f22eeb ] Request (MigrationsAdminTest:test_list_migrations_in_flavor_resize_situation): 200 GET http://10.180.1.21/compute/v2.1/servers/8a3a433a-317c-41a8-9aa6-32d2d3ecaca1 0.118s
2024-11-29 15:42:41.589 64202 INFO tempest.lib.common.rest_client [req-ec543079-2378-46b3-8d64-d38fac8c7aeb req-ec543079-2378-46b3-8d64-d38fac8c7aeb ] Request (DeleteServersTestJSON:test_delete_active_server): 200 GET http://10.180.1.21/compute/v2.1/servers/bca2d5b3-2ec6-4b98-859e-5ae9d49eb23c 0.100s
2024-11-29 15:42:41.618 64228 INFO tempest.lib.common.rest_client [req-d58e8039-9c2e-4e8d-86dc-03f7dce8b704 req-d58e8039-9c2e-4e8d-86dc-03f7dce8b704 ] Request (DeleteServersAdminTestJSON:test_delete_server_while_in_error_state): 200 GET http://10.180.1.21/compute/v2.1/servers/2b69def4-b892-4d76-bfd2-841014f75098 0.114s
2024-11-29 15:42:41.633 64198 INFO tempest.lib.common.rest_client [req-4db261a6-6e29-4435-8f8b-96cab0f3cff5 req-4db261a6-6e29-4435-8f8b-96cab0f3cff5 ] Request (ServerRescueTestJSONUnderV235:setUpClass): 200 GET http://10.180.1.21/compute/v2.1/servers/02a9b7be-f0a7-42f0-ac71-860e753f9408 0.103s
2024-11-29 15:42:41.676 64178 INFO tempest.lib.common.rest_client [req-1ac6fc4c-cb05-4cd5-9cde-7627ae08e47e req-1ac6fc4c-cb05-4cd5-9cde-7627ae08e47e ] Request (ServerAddressesNegativeTestJSON:setUpClass): 200 GET http://10.180.1.21/compute/v2.1/servers/9fa91cf5-e051-4136-bdd2-66beb12a8cdf 0.105s
2024-11-29 15:42:41.720 64220 INFO tempest.lib.common.rest_client [req-58d44c25-d444-45d0-84e4-e029f8e42eaf req-58d44c25-d444-45d0-84e4-e029f8e42eaf ] Request (AttachVolumeTestJSON:test_attach_detach_volume): 200 GET http://10.180.1.21/compute/v2.1/servers/24dfefdd-8357-4f82-aaf0-9f6e6907291f 0.130s
2024-11-29 15:42:41.766 64186 INFO tempest.lib.common.rest_client [req-975385ff-0556-49e8-89b9-df3a5530ddda req-975385ff-0556-49e8-89b9-df3a5530ddda ] Request (TenantUsagesTestJSON:setUpClass): 200 GET http://10.180.1.21/compute/v2.1/servers/daea8bd9-5d0a-40e3-9353-28785d5fd7ca 0.152s
2024-11-29 15:42:41.815 64188 INFO tempest.lib.common.rest_client [req-460adbc9-ecc8-4191-bc06-643ce00fbb90 req-460adbc9-ecc8-4191-bc06-643ce00fbb90 ] Request (VolumesAdminNegativeTest:test_update_attached_volume_with_nonexistent_volume_in_body): 200 GET http://10.180.1.21/compute/v2.1/servers/be0bc30b-c63d-4b33-9668-bbcd7d889f79 0.143s
2024-11-29 15:42:41.838 64214 INFO tempest.lib.common.rest_client [req-4ece7e2d-75b5-421f-af7e-e3a657293647 req-4ece7e2d-75b5-421f-af7e-e3a657293647 ] Request (ImagesOneServerNegativeTestJSON:setUpClass): 200 GET http://10.180.1.21/compute/v2.1/servers/ece2c65c-60f9-4a4e-b135-f79d7adb188e 0.292s
2024-11-29 15:42:41.858 64184 INFO tempest.lib.common.rest_client [req-2d381994-4fbd-4a63-9442-6d2af1096233 req-2d381994-4fbd-4a63-9442-6d2af1096233 ] Request (ServersTestManualDisk:setUpClass): 200 GET http://10.180.1.21/compute/v2.1/servers/068818f5-6df6-4de7-8158-c4f8bf11bb9d 0.120s
2024-11-29 15:42:41.881 64210 INFO tempest.lib.common.rest_client [req-5414f0ac-aab4-49d2-8e17-ca145239bddc req-5414f0ac-aab4-49d2-8e17-ca145239bddc ] Request (InstanceActionsTestJSON:setUpClass): 200 GET http://10.180.1.21/compute/v2.1/servers/8ea5b2d1-bfc8-4531-b5fe-60926e4950d5 0.101s
2024-11-29 15:42:41.900 64232 INFO tempest.lib.common.rest_client [req-55429549-e07c-4ed4-815a-d4a260793086 req-55429549-e07c-4ed4-815a-d4a260793086 ] Request (AttachInterfacesUnderV243Test:test_add_remove_fixed_ip): 200 GET http://10.180.1.21/compute/v2.1/servers/5bafa3d0-3619-4d7e-b625-9b389394738f 0.078s
2024-11-29 15:42:41.943 64218 INFO tempest.lib.common.rest_client [req-e0278291-9844-4951-ae5c-790cbcd1522c req-e0278291-9844-4951-ae5c-790cbcd1522c ] Request (ServerAddressesTestJSON:setUpClass): 200 GET http://10.180.1.21/compute/v2.1/servers/1fffa4d3-fe6b-47c9-ad52-db62c0c88a03 0.081s
2024-11-29 15:42:41.964 64194 INFO tempest.lib.common.rest_client [req-3993e40b-e5a4-49a0-bc3e-fde3dabe84cb req-3993e40b-e5a4-49a0-bc3e-fde3dabe84cb ] Request (ServersTestFqdnHostnames:test_create_server_with_fqdn_name): 200 GET http://10.180.1.21/compute/v2.1/servers/ebcc4aaa-3506-4b4f-80da-532c3f7bb891 0.141s
2024-11-29 15:42:41.983 64190 INFO tempest.lib.common.rest_client [req-c6e0904d-c11b-4ce9-8d3f-e104aa12804c req-c6e0904d-c11b-4ce9-8d3f-e104aa12804c ] Request (ImagesTestJSON:test_create_image_from_stopped_server): 200 GET http://10.180.1.21/compute/v2.1/servers/ac955d73-c844-4b98-b791-7d7c749c6954 0.063s
2024-11-29 15:42:42.026 64236 INFO tempest.lib.common.rest_client [req-c1aad261-87b0-4021-b133-77591e141c07 req-c1aad261-87b0-4021-b133-77591e141c07 ] Request (ServersTestMultiNic:test_verify_duplicate_network_nics): 200 GET http://10.180.1.21/compute/v2.1/servers/ae85ff01-5625-453d-9dcf-c8417fbb6e0c 0.058s
2024-11-29 15:42:42.049 64226 INFO tempest.lib.common.rest_client [req-133d2c9a-b44b-4714-820a-8fdecb2bb694 req-133d2c9a-b44b-4714-820a-8fdecb2bb694 ] Request (AttachInterfacesTestJSON:test_create_list_show_delete_interfaces_by_fixed_ip): 200 GET http://10.180.1.21/compute/v2.1/servers/b8231080-7a09-4e00-ab2b-e9ff4abf352a 0.083s
2024-11-29 15:42:42.071 64216 INFO tempest.lib.common.rest_client [req-37f04012-1cfc-48b9-8c46-c2bab74ec5de req-37f04012-1cfc-48b9-8c46-c2bab74ec5de ] Request (ServerDiagnosticsV248Test:test_get_server_diagnostics): 200 GET http://10.180.1.21/compute/v2.1/servers/5413b152-2cd7-41c4-bf18-bd3d51971a6e 0.044s
2024-11-29 15:42:42.129 64240 INFO tempest.lib.common.rest_client [req-6fa7bd1a-732c-441b-93c3-02d47bc6fa65 req-6fa7bd1a-732c-441b-93c3-02d47bc6fa65 ] Request (ServersAdminTestJSON:setUpClass): 200 GET http://10.180.1.21/compute/v2.1/servers/ebe42f1a-5eb9-4b14-8de0-3b1e8e54a158 0.045s
2024-11-29 15:42:42.174 64234 INFO tempest.lib.common.rest_client [req-ba8c18cf-77fa-4fcd-a7ad-2c7adb4d1a59 req-ba8c18cf-77fa-4fcd-a7ad-2c7adb4d1a59 ] Request (FloatingIPsAssociationTestJSON:setUpClass): 200 GET http://10.180.1.21/compute/v2.1/servers/032f2d6d-04c3-4210-a8d0-1c325a304a88 0.042s
2024-11-29 15:42:42.209 64238 INFO tempest.lib.common.rest_client [req-a588fa3a-85af-4285-9816-b5f30c77b831 req-a588fa3a-85af-4285-9816-b5f30c77b831 ] Request (ServersWithSpecificFlavorTestJSON:test_verify_created_server_ephemeral_disk): 200 GET http://10.180.1.21/compute/v2.1/servers/2325430a-6b1a-41d9-bc13-fd7d98e07e9e 0.084s
2024-11-29 15:42:42.215 64182 INFO tempest.lib.common.rest_client [req-e2befc39-54e5-4ba2-bea1-aa80fbbe83ac req-e2befc39-54e5-4ba2-bea1-aa80fbbe83ac ] Request (ServerActionsTestOtherB:setUpClass): 200 GET http://10.180.1.21/compute/v2.1/servers/0ad4f562-805b-48e0-99ae-53934da0af4e 0.043s
2024-11-29 15:42:42.292 64212 INFO tempest.lib.common.rest_client [req-ff1998a5-a5df-4928-93fe-64f99bc092b8 req-ff1998a5-a5df-4928-93fe-64f99bc092b8 ] Request (ListImageFiltersTestJSON:setUpClass): 200 GET http://10.180.1.21/compute/v2.1/servers/31e6ec86-cf5a-438c-ad8f-aad775fbb376 0.083s
2024-11-29 15:42:42.309 64204 INFO tempest.lib.common.rest_client [req-eb058b4e-0436-4ed3-82fd-638c05b67f55 req-eb058b4e-0436-4ed3-82fd-638c05b67f55 ] Request (ServersV294TestFqdnHostnames:setUpClass): 200 GET http://10.180.1.21/compute/v2.1/servers/40aa82a7-09f6-4e99-bd8b-32c500aac259 0.049s
2024-11-29 15:42:42.396 64224 INFO tempest.lib.common.rest_client [req-9ef2223d-0c7d-4ecf-83c3-7bc0671209f9 req-9ef2223d-0c7d-4ecf-83c3-7bc0671209f9 ] Request (VolumesAssistedSnapshotsTest:test_volume_assisted_snapshot_create_delete): 200 GET http://10.180.1.21/compute/v2.1/servers/b8993737-d2ef-4987-8c91-d1320771434a 0.082s
2024-11-29 15:42:42.548 64196 INFO tempest.lib.common.rest_client [req-4c6942d8-20e7-4b32-8292-e8eef90084c3 req-4c6942d8-20e7-4b32-8292-e8eef90084c3 ] Request (ServerMetadataNegativeTestJSON:setUpClass): 200 GET http://10.180.1.21/compute/v2.1/servers/f2c66aa6-4406-4cfa-8a13-c382eebed6bc 0.136s
2024-11-29 15:42:42.621 64206 INFO tempest.lib.common.rest_client [req-52c07808-9b18-4d44-a8c4-11f7d8d878b2 req-52c07808-9b18-4d44-a8c4-11f7d8d878b2 ] Request (FloatingIPsAssociationNegativeTestJSON:setUpClass): 200 GET http://10.180.1.21/compute/v2.1/servers/34e97fca-5664-418e-bb12-8c16ddb3b0c9 0.132s
2024-11-29 15:42:42.644 64200 INFO tempest.lib.common.rest_client [req-8d51ed28-f021-42ec-9886-e7be675bddc7 req-8d51ed28-f021-42ec-9886-e7be675bddc7 ] Request (ServerDiagnosticsTest:test_get_server_diagnostics): 200 GET http://10.180.1.21/compute/v2.1/servers/41046d8c-861e-4bb4-8f7f-ae7c4d494964 0.133s
2024-11-29 15:42:42.678 64230 INFO tempest.lib.common.rest_client [req-bf6e2b12-d8e5-43fa-963d-c2469721ff2c req-bf6e2b12-d8e5-43fa-963d-c2469721ff2c ] Request (ImagesOneServerTestJSON:setUpClass): 200 GET http://10.180.1.21/compute/v2.1/servers/871ae746-5bc6-4979-80be-9f67d0db5301 0.123s
2024-11-29 15:42:42.722 64202 INFO tempest.lib.common.rest_client [req-9213d25d-034f-483b-a5cc-6d9deefeb5d5 req-9213d25d-034f-483b-a5cc-6d9deefeb5d5 ] Request (DeleteServersTestJSON:test_delete_active_server): 200 GET http://10.180.1.21/compute/v2.1/servers/bca2d5b3-2ec6-4b98-859e-5ae9d49eb23c 0.121s
2024-11-29 15:42:42.733 64180 INFO tempest.lib.common.rest_client [req-8eceafd1-ccb5-4af4-a04b-81833d1399e3 req-8eceafd1-ccb5-4af4-a04b-81833d1399e3 ] Request (MigrationsAdminTest:test_list_migrations_in_flavor_resize_situation): 200 GET http://10.180.1.21/compute/v2.1/servers/8a3a433a-317c-41a8-9aa6-32d2d3ecaca1 0.160s
2024-11-29 15:42:42.766 64228 INFO tempest.lib.common.rest_client [req-fbe55c88-7bc2-40cf-b4e1-1de440b6efb8 req-fbe55c88-7bc2-40cf-b4e1-1de440b6efb8 ] Request (DeleteServersAdminTestJSON:test_delete_server_while_in_error_state): 200 GET http://10.180.1.21/compute/v2.1/servers/2b69def4-b892-4d76-bfd2-841014f75098 0.141s
2024-11-29 15:42:42.776 64198 INFO tempest.lib.common.rest_client [req-d7c2a051-d424-46b5-aa87-c3d1bb0a7ad2 req-d7c2a051-d424-46b5-aa87-c3d1bb0a7ad2 ] Request (ServerRescueTestJSONUnderV235:setUpClass): 200 GET http://10.180.1.21/compute/v2.1/servers/02a9b7be-f0a7-42f0-ac71-860e753f9408 0.136s
2024-11-29 15:42:42.808 64178 INFO tempest.lib.common.rest_client [req-6fef1c4f-1191-44b9-9faa-df9cda014cc7 req-6fef1c4f-1191-44b9-9faa-df9cda014cc7 ] Request (ServerAddressesNegativeTestJSON:setUpClass): 200 GET http://10.180.1.21/compute/v2.1/servers/9fa91cf5-e051-4136-bdd2-66beb12a8cdf 0.126s
2024-11-29 15:42:42.822 64220 INFO tempest.lib.common.rest_client [req-b90f9c10-074e-4096-a3aa-283c83a6f89f req-b90f9c10-074e-4096-a3aa-283c83a6f89f ] Request (AttachVolumeTestJSON:test_attach_detach_volume): 200 GET http://10.180.1.21/compute/v2.1/servers/24dfefdd-8357-4f82-aaf0-9f6e6907291f 0.095s
2024-11-29 15:42:42.850 64186 INFO tempest.lib.common.rest_client [req-60e0a315-a5c9-4ace-bcdb-8d555ac74420 req-60e0a315-a5c9-4ace-bcdb-8d555ac74420 ] Request (TenantUsagesTestJSON:setUpClass): 200 GET http://10.180.1.21/compute/v2.1/servers/daea8bd9-5d0a-40e3-9353-28785d5fd7ca 0.074s
2024-11-29 15:42:42.866 64188 INFO tempest.lib.common.rest_client [req-6eec69e4-648c-48bb-bc2c-096ef8063b20 req-6eec69e4-648c-48bb-bc2c-096ef8063b20 ] Request (VolumesAdminNegativeTest:test_update_attached_volume_with_nonexistent_volume_in_body): 200 GET http://10.180.1.21/compute/v2.1/servers/be0bc30b-c63d-4b33-9668-bbcd7d889f79 0.045s
2024-11-29 15:42:42.893 64214 INFO tempest.lib.common.rest_client [req-7209f493-50a3-4e15-9421-ced0e9bf6a5b req-7209f493-50a3-4e15-9421-ced0e9bf6a5b ] Request (ImagesOneServerNegativeTestJSON:setUpClass): 200 GET http://10.180.1.21/compute/v2.1/servers/ece2c65c-60f9-4a4e-b135-f79d7adb188e 0.047s
2024-11-29 15:42:42.910 64184 INFO tempest.lib.common.rest_client [req-1fde0885-24fd-40c6-8252-a4886e990469 req-1fde0885-24fd-40c6-8252-a4886e990469 ] Request (ServersTestManualDisk:setUpClass): 200 GET http://10.180.1.21/compute/v2.1/servers/068818f5-6df6-4de7-8158-c4f8bf11bb9d 0.045s
2024-11-29 15:42:42.937 64210 INFO tempest.lib.common.rest_client [req-9ade3208-063f-4e36-89a7-6a81f32fbcc5 req-9ade3208-063f-4e36-89a7-6a81f32fbcc5 ] Request (InstanceActionsTestJSON:setUpClass): 200 GET http://10.180.1.21/compute/v2.1/servers/8ea5b2d1-bfc8-4531-b5fe-60926e4950d5 0.048s
2024-11-29 15:42:42.954 64232 INFO tempest.lib.common.rest_client [req-a9998d15-636f-4e60-880a-6ec98d97f4a4 req-a9998d15-636f-4e60-880a-6ec98d97f4a4 ] Request (AttachInterfacesUnderV243Test:test_add_remove_fixed_ip): 200 GET http://10.180.1.21/compute/v2.1/servers/5bafa3d0-3619-4d7e-b625-9b389394738f 0.047s
2024-11-29 15:42:42.993 64218 INFO tempest.lib.common.rest_client [req-3e961a7c-bf97-4d45-bce9-e11270dc5e22 req-3e961a7c-bf97-4d45-bce9-e11270dc5e22 ] Request (ServerAddressesTestJSON:setUpClass): 200 GET http://10.180.1.21/compute/v2.1/servers/1fffa4d3-fe6b-47c9-ad52-db62c0c88a03 0.044s
2024-11-29 15:42:43.036 64190 INFO tempest.lib.common.rest_client [req-d3191fbc-8934-40c9-836e-a1818d5bd289 req-d3191fbc-8934-40c9-836e-a1818d5bd289 ] Request (ImagesTestJSON:test_create_image_from_stopped_server): 200 GET http://10.180.1.21/compute/v2.1/servers/ac955d73-c844-4b98-b791-7d7c749c6954 0.045s
2024-11-29 15:42:43.077 64236 INFO tempest.lib.common.rest_client [req-68153836-8b06-4b0f-a51a-ddaf144f3fb6 req-68153836-8b06-4b0f-a51a-ddaf144f3fb6 ] Request (ServersTestMultiNic:test_verify_duplicate_network_nics): 200 GET http://10.180.1.21/compute/v2.1/servers/ae85ff01-5625-453d-9dcf-c8417fbb6e0c 0.044s
2024-11-29 15:42:43.095 64194 INFO tempest.lib.common.rest_client [req-c74d405b-2422-42ea-b9f4-4583615eb55e req-c74d405b-2422-42ea-b9f4-4583615eb55e ] Request (ServersTestFqdnHostnames:test_create_server_with_fqdn_name): 200 GET http://10.180.1.21/compute/v2.1/servers/ebcc4aaa-3506-4b4f-80da-532c3f7bb891 0.124s
2024-11-29 15:42:43.143 64216 INFO tempest.lib.common.rest_client [req-ddfc6c54-c16c-48a2-98eb-61bf094410b7 req-ddfc6c54-c16c-48a2-98eb-61bf094410b7 ] Request (ServerDiagnosticsV248Test:test_get_server_diagnostics): 200 GET http://10.180.1.21/compute/v2.1/servers/5413b152-2cd7-41c4-bf18-bd3d51971a6e 0.063s
2024-11-29 15:42:43.187 64240 INFO tempest.lib.common.rest_client [req-a0f75d2d-5685-4661-b67f-bb31bae997f3 req-a0f75d2d-5685-4661-b67f-bb31bae997f3 ] Request (ServersAdminTestJSON:setUpClass): 200 GET http://10.180.1.21/compute/v2.1/servers/ebe42f1a-5eb9-4b14-8de0-3b1e8e54a158 0.052s
2024-11-29 15:42:43.200 64226 INFO tempest.lib.common.rest_client [req-2272aae2-ccf7-427e-97f6-f64514823689 req-2272aae2-ccf7-427e-97f6-f64514823689 ] Request (AttachInterfacesTestJSON:test_create_list_show_delete_interfaces_by_fixed_ip): 200 GET http://10.180.1.21/compute/v2.1/servers/b8231080-7a09-4e00-ab2b-e9ff4abf352a 0.144s
2024-11-29 15:42:43.229 64234 INFO tempest.lib.common.rest_client [req-36a83445-a83a-4d94-ba27-9e2028908d0e req-36a83445-a83a-4d94-ba27-9e2028908d0e ] Request (FloatingIPsAssociationTestJSON:setUpClass): 200 GET http://10.180.1.21/compute/v2.1/servers/032f2d6d-04c3-4210-a8d0-1c325a304a88 0.049s
2024-11-29 15:42:43.272 64182 INFO tempest.lib.common.rest_client [req-1d72cc25-b418-43ef-a971-a17af0462639 req-1d72cc25-b418-43ef-a971-a17af0462639 ] Request (ServerActionsTestOtherB:setUpClass): 200 GET http://10.180.1.21/compute/v2.1/servers/0ad4f562-805b-48e0-99ae-53934da0af4e 0.050s
2024-11-29 15:42:43.303 64238 INFO tempest.lib.common.rest_client [req-46a45edc-a145-47ef-82e5-b6fc9c4bdfa1 req-46a45edc-a145-47ef-82e5-b6fc9c4bdfa1 ] Request (ServersWithSpecificFlavorTestJSON:test_verify_created_server_ephemeral_disk): 200 GET http://10.180.1.21/compute/v2.1/servers/2325430a-6b1a-41d9-bc13-fd7d98e07e9e 0.086s
2024-11-29 15:42:43.368 64204 INFO tempest.lib.common.rest_client [req-c90cf5ca-27aa-468f-b524-f00659393730 req-c90cf5ca-27aa-468f-b524-f00659393730 ] Request (ServersV294TestFqdnHostnames:setUpClass): 200 GET http://10.180.1.21/compute/v2.1/servers/40aa82a7-09f6-4e99-bd8b-32c500aac259 0.050s
2024-11-29 15:42:43.422 64212 INFO tempest.lib.common.rest_client [req-4fde2408-c449-4941-95ca-fa3ee7892cad req-4fde2408-c449-4941-95ca-fa3ee7892cad ] Request (ListImageFiltersTestJSON:setUpClass): 200 GET http://10.180.1.21/compute/v2.1/servers/31e6ec86-cf5a-438c-ad8f-aad775fbb376 0.124s
2024-11-29 15:42:43.489 64224 INFO tempest.lib.common.rest_client [req-118a3bca-3d26-4bb1-9f0a-ea22dbc5a696 req-118a3bca-3d26-4bb1-9f0a-ea22dbc5a696 ] Request (VolumesAssistedSnapshotsTest:test_volume_assisted_snapshot_create_delete): 200 GET http://10.180.1.21/compute/v2.1/servers/b8993737-d2ef-4987-8c91-d1320771434a 0.086s
2024-11-29 15:42:43.642 64196 INFO tempest.lib.common.rest_client [req-1b8dd9ca-6ac7-4c94-9eea-3823d4bd9d1d req-1b8dd9ca-6ac7-4c94-9eea-3823d4bd9d1d ] Request (ServerMetadataNegativeTestJSON:setUpClass): 200 GET http://10.180.1.21/compute/v2.1/servers/f2c66aa6-4406-4cfa-8a13-c382eebed6bc 0.087s
2024-11-29 15:42:43.719 64206 INFO tempest.lib.common.rest_client [req-9b215250-ed01-4102-b510-ea0276b587cc req-9b215250-ed01-4102-b510-ea0276b587cc ] Request (FloatingIPsAssociationNegativeTestJSON:setUpClass): 200 GET http://10.180.1.21/compute/v2.1/servers/34e97fca-5664-418e-bb12-8c16ddb3b0c9 0.090s
2024-11-29 15:42:43.746 64200 INFO tempest.lib.common.rest_client [req-692ffa6e-84f6-4e3b-bef4-e8057a57efce req-692ffa6e-84f6-4e3b-bef4-e8057a57efce ] Request (ServerDiagnosticsTest:test_get_server_diagnostics): 200 GET http://10.180.1.21/compute/v2.1/servers/41046d8c-861e-4bb4-8f7f-ae7c4d494964 0.095s
2024-11-29 15:42:43.761 64230 INFO tempest.lib.common.rest_client [req-1c70ca2b-0ceb-4245-934c-1a52a46ddecd req-1c70ca2b-0ceb-4245-934c-1a52a46ddecd ] Request (ImagesOneServerTestJSON:setUpClass): 200 GET http://10.180.1.21/compute/v2.1/servers/871ae746-5bc6-4979-80be-9f67d0db5301 0.077s
2024-11-29 15:42:43.789 64202 INFO tempest.lib.common.rest_client [req-24ddf962-6dd0-490f-a634-142069b0a7d1 req-24ddf962-6dd0-490f-a634-142069b0a7d1 ] Request (DeleteServersTestJSON:test_delete_active_server): 200 GET http://10.180.1.21/compute/v2.1/servers/bca2d5b3-2ec6-4b98-859e-5ae9d49eb23c 0.061s
2024-11-29 15:42:43.837 64228 INFO tempest.lib.common.rest_client [req-5c2e5556-83ff-4fe6-8f4c-05c375751f83 req-5c2e5556-83ff-4fe6-8f4c-05c375751f83 ] Request (DeleteServersAdminTestJSON:test_delete_server_while_in_error_state): 200 GET http://10.180.1.21/compute/v2.1/servers/2b69def4-b892-4d76-bfd2-841014f75098 0.065s
2024-11-29 15:42:43.845 64180 INFO tempest.lib.common.rest_client [req-16952f45-bab2-4e6d-8744-f3abdd9cb31d req-16952f45-bab2-4e6d-8744-f3abdd9cb31d ] Request (MigrationsAdminTest:test_list_migrations_in_flavor_resize_situation): 200 GET http://10.180.1.21/compute/v2.1/servers/8a3a433a-317c-41a8-9aa6-32d2d3ecaca1 0.104s
2024-11-29 15:42:43.887 64178 INFO tempest.lib.common.rest_client [req-927e7f5c-9834-402f-9390-47ffe042e7d6 req-927e7f5c-9834-402f-9390-47ffe042e7d6 ] Request (ServerAddressesNegativeTestJSON:setUpClass): 200 GET http://10.180.1.21/compute/v2.1/servers/9fa91cf5-e051-4136-bdd2-66beb12a8cdf 0.072s
2024-11-29 15:42:43.887 64198 INFO tempest.lib.common.rest_client [req-734b9ec9-2b77-40b3-b4e5-0136abeaa197 req-734b9ec9-2b77-40b3-b4e5-0136abeaa197 ] Request (ServerRescueTestJSONUnderV235:setUpClass): 200 GET http://10.180.1.21/compute/v2.1/servers/02a9b7be-f0a7-42f0-ac71-860e753f9408 0.104s
2024-11-29 15:42:43.930 64186 INFO tempest.lib.common.rest_client [req-aa72e848-6665-4d90-b6a9-b27c69eb8a1d req-aa72e848-6665-4d90-b6a9-b27c69eb8a1d ] Request (TenantUsagesTestJSON:setUpClass): 200 GET http://10.180.1.21/compute/v2.1/servers/daea8bd9-5d0a-40e3-9353-28785d5fd7ca 0.073s
2024-11-29 15:42:43.932 64220 INFO tempest.lib.common.rest_client [req-81356f2c-c049-42db-82c7-936418e594ff req-81356f2c-c049-42db-82c7-936418e594ff ] Request (AttachVolumeTestJSON:test_attach_detach_volume): 200 GET http://10.180.1.21/compute/v2.1/servers/24dfefdd-8357-4f82-aaf0-9f6e6907291f 0.104s
2024-11-29 15:42:43.972 64188 INFO tempest.lib.common.rest_client [req-c853b6c8-c6b4-46b7-befb-16556e1aa442 req-c853b6c8-c6b4-46b7-befb-16556e1aa442 ] Request (VolumesAdminNegativeTest:test_update_attached_volume_with_nonexistent_volume_in_body): 200 GET http://10.180.1.21/compute/v2.1/servers/be0bc30b-c63d-4b33-9668-bbcd7d889f79 0.095s
2024-11-29 15:42:43.974 64214 INFO tempest.lib.common.rest_client [req-cd9ee869-d109-4365-b348-44f04302b182 req-cd9ee869-d109-4365-b348-44f04302b182 ] Request (ImagesOneServerNegativeTestJSON:setUpClass): 200 GET http://10.180.1.21/compute/v2.1/servers/ece2c65c-60f9-4a4e-b135-f79d7adb188e 0.073s
2024-11-29 15:42:44.015 64210 INFO tempest.lib.common.rest_client [req-b0a69792-a8e7-4f2e-bc92-aa182854f90f req-b0a69792-a8e7-4f2e-bc92-aa182854f90f ] Request (InstanceActionsTestJSON:setUpClass): 200 GET http://10.180.1.21/compute/v2.1/servers/8ea5b2d1-bfc8-4531-b5fe-60926e4950d5 0.070s
2024-11-29 15:42:44.015 64184 INFO tempest.lib.common.rest_client [req-6c7d1e0a-f8fe-4304-bb2d-3096cab12d01 req-6c7d1e0a-f8fe-4304-bb2d-3096cab12d01 ] Request (ServersTestManualDisk:setUpClass): 200 GET http://10.180.1.21/compute/v2.1/servers/068818f5-6df6-4de7-8158-c4f8bf11bb9d 0.098s
2024-11-29 15:42:44.057 64218 INFO tempest.lib.common.rest_client [req-e4232cd0-3a79-4085-ad38-f3f482c2d36f req-e4232cd0-3a79-4085-ad38-f3f482c2d36f ] Request (ServerAddressesTestJSON:setUpClass): 200 GET http://10.180.1.21/compute/v2.1/servers/1fffa4d3-fe6b-47c9-ad52-db62c0c88a03 0.057s
2024-11-29 15:42:44.058 64232 INFO tempest.lib.common.rest_client [req-a62dd8c7-615a-42a5-8796-94e6bdb9a4a4 req-a62dd8c7-615a-42a5-8796-94e6bdb9a4a4 ] Request (AttachInterfacesUnderV243Test:test_add_remove_fixed_ip): 200 GET http://10.180.1.21/compute/v2.1/servers/5bafa3d0-3619-4d7e-b625-9b389394738f 0.097s
2024-11-29 15:42:44.101 64190 INFO tempest.lib.common.rest_client [req-3eceb686-9592-43ee-bcbf-d8a5bd37d788 req-3eceb686-9592-43ee-bcbf-d8a5bd37d788 ] Request (ImagesTestJSON:test_create_image_from_stopped_server): 200 GET http://10.180.1.21/compute/v2.1/servers/ac955d73-c844-4b98-b791-7d7c749c6954 0.058s
2024-11-29 15:42:44.131 64236 INFO tempest.lib.common.rest_client [req-5cd69937-a9f1-4561-924e-b31f9d5e5b30 req-5cd69937-a9f1-4561-924e-b31f9d5e5b30 ] Request (ServersTestMultiNic:test_verify_duplicate_network_nics): 200 GET http://10.180.1.21/compute/v2.1/servers/ae85ff01-5625-453d-9dcf-c8417fbb6e0c 0.046s
2024-11-29 15:42:44.186 64194 INFO tempest.lib.common.rest_client [req-bce0156e-8f5f-492a-8d3d-e5a97ace414f req-bce0156e-8f5f-492a-8d3d-e5a97ace414f ] Request (ServersTestFqdnHostnames:test_create_server_with_fqdn_name): 200 GET http://10.180.1.21/compute/v2.1/servers/ebcc4aaa-3506-4b4f-80da-532c3f7bb891 0.084s
2024-11-29 15:42:44.199 64216 INFO tempest.lib.common.rest_client [req-e1dd1112-78ef-4029-9c95-06f3fb3fc24e req-e1dd1112-78ef-4029-9c95-06f3fb3fc24e ] Request (ServerDiagnosticsV248Test:test_get_server_diagnostics): 200 GET http://10.180.1.21/compute/v2.1/servers/5413b152-2cd7-41c4-bf18-bd3d51971a6e 0.046s
2024-11-29 15:42:44.239 64240 INFO tempest.lib.common.rest_client [req-9e580ae4-51ea-4da5-8708-62edd68b6476 req-9e580ae4-51ea-4da5-8708-62edd68b6476 ] Request (ServersAdminTestJSON:setUpClass): 200 GET http://10.180.1.21/compute/v2.1/servers/ebe42f1a-5eb9-4b14-8de0-3b1e8e54a158 0.045s
2024-11-29 15:42:44.279 64234 INFO tempest.lib.common.rest_client [req-c56f65a2-b03f-4b79-ae2f-8ca3403b4acd req-c56f65a2-b03f-4b79-ae2f-8ca3403b4acd ] Request (FloatingIPsAssociationTestJSON:setUpClass): 200 GET http://10.180.1.21/compute/v2.1/servers/032f2d6d-04c3-4210-a8d0-1c325a304a88 0.043s
2024-11-29 15:42:44.292 64226 INFO tempest.lib.common.rest_client [req-a55a4f81-b1a3-49f7-95de-8eeb795fd1ca req-a55a4f81-b1a3-49f7-95de-8eeb795fd1ca ] Request (AttachInterfacesTestJSON:test_create_list_show_delete_interfaces_by_fixed_ip): 200 GET http://10.180.1.21/compute/v2.1/servers/b8231080-7a09-4e00-ab2b-e9ff4abf352a 0.084s
2024-11-29 15:42:44.320 64182 INFO tempest.lib.common.rest_client [req-d82fdfea-7433-4a3d-bc28-131221893da6 req-d82fdfea-7433-4a3d-bc28-131221893da6 ] Request (ServerActionsTestOtherB:setUpClass): 200 GET http://10.180.1.21/compute/v2.1/servers/0ad4f562-805b-48e0-99ae-53934da0af4e 0.042s
2024-11-29 15:42:44.394 64238 INFO tempest.lib.common.rest_client [req-7f77d8b4-35ca-4868-ad1c-6aab93c7357d req-7f77d8b4-35ca-4868-ad1c-6aab93c7357d ] Request (ServersWithSpecificFlavorTestJSON:test_verify_created_server_ephemeral_disk): 200 GET http://10.180.1.21/compute/v2.1/servers/2325430a-6b1a-41d9-bc13-fd7d98e07e9e 0.084s
2024-11-29 15:42:44.428 64204 INFO tempest.lib.common.rest_client [req-86edc15e-db76-4453-bb9f-e397ea3aee1f req-86edc15e-db76-4453-bb9f-e397ea3aee1f ] Request (ServersV294TestFqdnHostnames:setUpClass): 200 GET http://10.180.1.21/compute/v2.1/servers/40aa82a7-09f6-4e99-bd8b-32c500aac259 0.051s
2024-11-29 15:42:44.516 64212 INFO tempest.lib.common.rest_client [req-e8868912-dbdb-46ac-8f4a-677ac89c0ac7 req-e8868912-dbdb-46ac-8f4a-677ac89c0ac7 ] Request (ListImageFiltersTestJSON:setUpClass): 200 GET http://10.180.1.21/compute/v2.1/servers/31e6ec86-cf5a-438c-ad8f-aad775fbb376 0.086s
2024-11-29 15:42:44.726 64224 INFO tempest.lib.common.rest_client [req-ce904270-91a1-49e2-acdd-3362e17fb0dd req-ce904270-91a1-49e2-acdd-3362e17fb0dd ] Request (VolumesAssistedSnapshotsTest:test_volume_assisted_snapshot_create_delete): 200 GET http://10.180.1.21/compute/v2.1/servers/b8993737-d2ef-4987-8c91-d1320771434a 0.231s
2024-11-29 15:42:44.774 64196 INFO tempest.lib.common.rest_client [req-72448a67-f6e0-41d2-981b-616abdcd1c67 req-72448a67-f6e0-41d2-981b-616abdcd1c67 ] Request (ServerMetadataNegativeTestJSON:setUpClass): 200 GET http://10.180.1.21/compute/v2.1/servers/f2c66aa6-4406-4cfa-8a13-c382eebed6bc 0.124s
2024-11-29 15:42:44.811 64206 INFO tempest.lib.common.rest_client [req-e08c989f-e1b1-4bed-8461-ad34a839b491 req-e08c989f-e1b1-4bed-8461-ad34a839b491 ] Request (FloatingIPsAssociationNegativeTestJSON:setUpClass): 200 GET http://10.180.1.21/compute/v2.1/servers/34e97fca-5664-418e-bb12-8c16ddb3b0c9 0.085s
2024-11-29 15:42:44.854 64230 INFO tempest.lib.common.rest_client [req-296ea478-96eb-4c56-9b76-7ac316b57103 req-296ea478-96eb-4c56-9b76-7ac316b57103 ] Request (ImagesOneServerTestJSON:setUpClass): 200 GET http://10.180.1.21/compute/v2.1/servers/871ae746-5bc6-4979-80be-9f67d0db5301 0.085s
2024-11-29 15:42:44.857 64200 INFO tempest.lib.common.rest_client [req-89fb5801-cc45-4ae4-a3fb-1f24e7df1c1e req-89fb5801-cc45-4ae4-a3fb-1f24e7df1c1e ] Request (ServerDiagnosticsTest:test_get_server_diagnostics): 200 GET http://10.180.1.21/compute/v2.1/servers/41046d8c-861e-4bb4-8f7f-ae7c4d494964 0.104s
2024-11-29 15:42:44.895 64202 INFO tempest.lib.common.rest_client [req-51409891-0352-43ed-a445-43c201bfe33a req-51409891-0352-43ed-a445-43c201bfe33a ] Request (DeleteServersTestJSON:test_delete_active_server): 200 GET http://10.180.1.21/compute/v2.1/servers/bca2d5b3-2ec6-4b98-859e-5ae9d49eb23c 0.099s
2024-11-29 15:42:44.901 64228 INFO tempest.lib.common.rest_client [req-c8554ea9-9d3a-4459-860b-bea27087f62e req-c8554ea9-9d3a-4459-860b-bea27087f62e ] Request (DeleteServersAdminTestJSON:test_delete_server_while_in_error_state): 200 GET http://10.180.1.21/compute/v2.1/servers/2b69def4-b892-4d76-bfd2-841014f75098 0.057s
2024-11-29 15:42:44.950 64198 INFO tempest.lib.common.rest_client [req-3095473d-68fe-447e-9a35-35df17d0000c req-3095473d-68fe-447e-9a35-35df17d0000c ] Request (ServerRescueTestJSONUnderV235:setUpClass): 200 GET http://10.180.1.21/compute/v2.1/servers/02a9b7be-f0a7-42f0-ac71-860e753f9408 0.056s
2024-11-29 15:42:44.978 64180 INFO tempest.lib.common.rest_client [req-7aa2f62a-a26a-4984-8172-8fa91fa64a00 req-7aa2f62a-a26a-4984-8172-8fa91fa64a00 ] Request (MigrationsAdminTest:test_list_migrations_in_flavor_resize_situation): 200 GET http://10.180.1.21/compute/v2.1/servers/8a3a433a-317c-41a8-9aa6-32d2d3ecaca1 0.126s
2024-11-29 15:42:44.991 64178 INFO tempest.lib.common.rest_client [req-a4d4cdb2-c9ab-453c-b3c3-77577d50b450 req-a4d4cdb2-c9ab-453c-b3c3-77577d50b450 ] Request (ServerAddressesNegativeTestJSON:setUpClass): 200 GET http://10.180.1.21/compute/v2.1/servers/9fa91cf5-e051-4136-bdd2-66beb12a8cdf 0.098s
2024-11-29 15:42:45.022 64186 INFO tempest.lib.common.rest_client [req-7e066d7b-3acb-4cff-b4a7-de1acc3f55c0 req-7e066d7b-3acb-4cff-b4a7-de1acc3f55c0 ] Request (TenantUsagesTestJSON:setUpClass): 200 GET http://10.180.1.21/compute/v2.1/servers/daea8bd9-5d0a-40e3-9353-28785d5fd7ca 0.085s
2024-11-29 15:42:45.032 64220 INFO tempest.lib.common.rest_client [req-fee01ef0-1eaf-48e0-b3c1-5f0fb347f523 req-fee01ef0-1eaf-48e0-b3c1-5f0fb347f523 ] Request (AttachVolumeTestJSON:test_attach_detach_volume): 200 GET http://10.180.1.21/compute/v2.1/servers/24dfefdd-8357-4f82-aaf0-9f6e6907291f 0.093s
2024-11-29 15:42:45.064 64188 INFO tempest.lib.common.rest_client [req-eaccc384-fca9-45f4-baa7-b93422c24a6b req-eaccc384-fca9-45f4-baa7-b93422c24a6b ] Request (VolumesAdminNegativeTest:test_update_attached_volume_with_nonexistent_volume_in_body): 200 GET http://10.180.1.21/compute/v2.1/servers/be0bc30b-c63d-4b33-9668-bbcd7d889f79 0.086s
2024-11-29 15:42:45.073 64214 INFO tempest.lib.common.rest_client [req-3502af04-51cc-4957-b3d7-6109e08423ab req-3502af04-51cc-4957-b3d7-6109e08423ab ] Request (ImagesOneServerNegativeTestJSON:setUpClass): 200 GET http://10.180.1.21/compute/v2.1/servers/ece2c65c-60f9-4a4e-b135-f79d7adb188e 0.091s
2024-11-29 15:42:45.105 64184 INFO tempest.lib.common.rest_client [req-17c1552c-2dbc-45d8-8e3c-0a2456138bcf req-17c1552c-2dbc-45d8-8e3c-0a2456138bcf ] Request (ServersTestManualDisk:setUpClass): 200 GET http://10.180.1.21/compute/v2.1/servers/068818f5-6df6-4de7-8158-c4f8bf11bb9d 0.082s
2024-11-29 15:42:45.114 64210 INFO tempest.lib.common.rest_client [req-c6cb8511-000a-448e-b037-64eae8963c83 req-c6cb8511-000a-448e-b037-64eae8963c83 ] Request (InstanceActionsTestJSON:setUpClass): 200 GET http://10.180.1.21/compute/v2.1/servers/8ea5b2d1-bfc8-4531-b5fe-60926e4950d5 0.089s
2024-11-29 15:42:45.145 64232 INFO tempest.lib.common.rest_client [req-b060a47c-94e1-420c-962f-458b27afdfe8 req-b060a47c-94e1-420c-962f-458b27afdfe8 ] Request (AttachInterfacesUnderV243Test:test_add_remove_fixed_ip): 200 GET http://10.180.1.21/compute/v2.1/servers/5bafa3d0-3619-4d7e-b625-9b389394738f 0.081s
2024-11-29 15:42:45.154 64218 INFO tempest.lib.common.rest_client [req-a9b8baa1-9677-423f-8dd9-973f2ab8996c req-a9b8baa1-9677-423f-8dd9-973f2ab8996c ] Request (ServerAddressesTestJSON:setUpClass): 200 GET http://10.180.1.21/compute/v2.1/servers/1fffa4d3-fe6b-47c9-ad52-db62c0c88a03 0.090s
2024-11-29 15:42:45.186 64190 INFO tempest.lib.common.rest_client [req-5d141ce3-4348-482c-aaff-32b0c2d35a8a req-5d141ce3-4348-482c-aaff-32b0c2d35a8a ] Request (ImagesTestJSON:test_create_image_from_stopped_server): 200 GET http://10.180.1.21/compute/v2.1/servers/ac955d73-c844-4b98-b791-7d7c749c6954 0.079s
2024-11-29 15:42:45.198 64236 INFO tempest.lib.common.rest_client [req-b53f7459-bdd2-48e2-8313-f4966ac0936e req-b53f7459-bdd2-48e2-8313-f4966ac0936e ] Request (ServersTestMultiNic:test_verify_duplicate_network_nics): 200 GET http://10.180.1.21/compute/v2.1/servers/ae85ff01-5625-453d-9dcf-c8417fbb6e0c 0.059s
2024-11-29 15:42:45.254 64216 INFO tempest.lib.common.rest_client [req-8359b3f4-439d-493f-a860-37d738b10dc2 req-8359b3f4-439d-493f-a860-37d738b10dc2 ] Request (ServerDiagnosticsV248Test:test_get_server_diagnostics): 200 GET http://10.180.1.21/compute/v2.1/servers/5413b152-2cd7-41c4-bf18-bd3d51971a6e 0.046s
2024-11-29 15:42:45.277 64194 INFO tempest.lib.common.rest_client [req-5f0c67be-ae94-4ba6-aaae-063819ca8570 req-5f0c67be-ae94-4ba6-aaae-063819ca8570 ] Request (ServersTestFqdnHostnames:test_create_server_with_fqdn_name): 200 GET http://10.180.1.21/compute/v2.1/servers/ebcc4aaa-3506-4b4f-80da-532c3f7bb891 0.085s
2024-11-29 15:42:45.297 64240 INFO tempest.lib.common.rest_client [req-d75e296b-4509-41af-a6d0-02fe340e2ecc req-d75e296b-4509-41af-a6d0-02fe340e2ecc ] Request (ServersAdminTestJSON:setUpClass): 200 GET http://10.180.1.21/compute/v2.1/servers/ebe42f1a-5eb9-4b14-8de0-3b1e8e54a158 0.050s
2024-11-29 15:42:45.337 64234 INFO tempest.lib.common.rest_client [req-f0ae7744-b769-4adf-987c-95be51349e7b req-f0ae7744-b769-4adf-987c-95be51349e7b ] Request (FloatingIPsAssociationTestJSON:setUpClass): 200 GET http://10.180.1.21/compute/v2.1/servers/032f2d6d-04c3-4210-a8d0-1c325a304a88 0.051s
2024-11-29 15:42:45.381 64182 INFO tempest.lib.common.rest_client [req-0c33d8b6-9ac7-4e01-ba20-2b37f9c989db req-0c33d8b6-9ac7-4e01-ba20-2b37f9c989db ] Request (ServerActionsTestOtherB:setUpClass): 200 GET http://10.180.1.21/compute/v2.1/servers/0ad4f562-805b-48e0-99ae-53934da0af4e 0.055s
2024-11-29 15:42:45.386 64226 INFO tempest.lib.common.rest_client [req-f1a024b2-6f82-47ad-beb3-f62ef5eb678f req-f1a024b2-6f82-47ad-beb3-f62ef5eb678f ] Request (AttachInterfacesTestJSON:test_create_list_show_delete_interfaces_by_fixed_ip): 200 GET http://10.180.1.21/compute/v2.1/servers/b8231080-7a09-4e00-ab2b-e9ff4abf352a 0.088s
2024-11-29 15:42:45.490 64204 INFO tempest.lib.common.rest_client [req-1fa5f6b1-99f7-4ef0-a9e4-154b4c5ef85e req-1fa5f6b1-99f7-4ef0-a9e4-154b4c5ef85e ] Request (ServersV294TestFqdnHostnames:setUpClass): 200 GET http://10.180.1.21/compute/v2.1/servers/40aa82a7-09f6-4e99-bd8b-32c500aac259 0.052s
2024-11-29 15:42:45.529 64238 INFO tempest.lib.common.rest_client [req-0cd1a32b-b0d3-4f5c-9384-89f0ecaea3fa req-0cd1a32b-b0d3-4f5c-9384-89f0ecaea3fa ] Request (ServersWithSpecificFlavorTestJSON:test_verify_created_server_ephemeral_disk): 200 GET http://10.180.1.21/compute/v2.1/servers/2325430a-6b1a-41d9-bc13-fd7d98e07e9e 0.128s
2024-11-29 15:42:45.645 64212 INFO tempest.lib.common.rest_client [req-541b2dbc-5047-4e2c-afd3-d315cc50b0f7 req-541b2dbc-5047-4e2c-afd3-d315cc50b0f7 ] Request (ListImageFiltersTestJSON:setUpClass): 200 GET http://10.180.1.21/compute/v2.1/servers/31e6ec86-cf5a-438c-ad8f-aad775fbb376 0.122s
2024-11-29 15:42:45.818 64224 INFO tempest.lib.common.rest_client [req-29a7db38-40ad-46cc-bc74-b3eacda8d980 req-29a7db38-40ad-46cc-bc74-b3eacda8d980 ] Request (VolumesAssistedSnapshotsTest:test_volume_assisted_snapshot_create_delete): 200 GET http://10.180.1.21/compute/v2.1/servers/b8993737-d2ef-4987-8c91-d1320771434a 0.085s
2024-11-29 15:42:45.872 64196 INFO tempest.lib.common.rest_client [req-5e6292cd-57e1-4933-b668-e588b2a1cd15 req-5e6292cd-57e1-4933-b668-e588b2a1cd15 ] Request (ServerMetadataNegativeTestJSON:setUpClass): 200 GET http://10.180.1.21/compute/v2.1/servers/f2c66aa6-4406-4cfa-8a13-c382eebed6bc 0.090s
2024-11-29 15:42:45.902 64206 INFO tempest.lib.common.rest_client [req-e791fe4d-760d-44cb-ac34-f229ab73eb5a req-e791fe4d-760d-44cb-ac34-f229ab73eb5a ] Request (FloatingIPsAssociationNegativeTestJSON:setUpClass): 200 GET http://10.180.1.21/compute/v2.1/servers/34e97fca-5664-418e-bb12-8c16ddb3b0c9 0.085s
2024-11-29 15:42:45.915 64230 INFO tempest.lib.common.rest_client [req-4c3991d7-c653-4d0e-89ce-2f37787ad3de req-4c3991d7-c653-4d0e-89ce-2f37787ad3de ] Request (ImagesOneServerTestJSON:setUpClass): 200 GET http://10.180.1.21/compute/v2.1/servers/871ae746-5bc6-4979-80be-9f67d0db5301 0.054s
2024-11-29 15:42:45.957 64202 INFO tempest.lib.common.rest_client [req-48bfb949-ca5c-497a-9ba3-3cd337cdaa43 req-48bfb949-ca5c-497a-9ba3-3cd337cdaa43 ] Request (DeleteServersTestJSON:test_delete_active_server): 200 GET http://10.180.1.21/compute/v2.1/servers/bca2d5b3-2ec6-4b98-859e-5ae9d49eb23c 0.055s
2024-11-29 15:42:45.987 64200 INFO tempest.lib.common.rest_client [req-96473fff-42d9-4810-9001-82d9ff31620a req-96473fff-42d9-4810-9001-82d9ff31620a ] Request (ServerDiagnosticsTest:test_get_server_diagnostics): 200 GET http://10.180.1.21/compute/v2.1/servers/41046d8c-861e-4bb4-8f7f-ae7c4d494964 0.124s
2024-11-29 15:42:45.999 64228 INFO tempest.lib.common.rest_client [req-1d689ce4-8983-4d53-8354-53971dec2513 req-1d689ce4-8983-4d53-8354-53971dec2513 ] Request (DeleteServersAdminTestJSON:test_delete_server_while_in_error_state): 200 GET http://10.180.1.21/compute/v2.1/servers/2b69def4-b892-4d76-bfd2-841014f75098 0.091s
2024-11-29 15:42:46.032 64198 INFO tempest.lib.common.rest_client [req-0f73c292-d40d-4db6-8424-d0cf6409a6dd req-0f73c292-d40d-4db6-8424-d0cf6409a6dd ] Request (ServerRescueTestJSONUnderV235:setUpClass): 200 GET http://10.180.1.21/compute/v2.1/servers/02a9b7be-f0a7-42f0-ac71-860e753f9408 0.075s
2024-11-29 15:42:46.074 64178 INFO tempest.lib.common.rest_client [req-e7d049cd-a40d-4a16-b0df-46aa13f82de4 req-e7d049cd-a40d-4a16-b0df-46aa13f82de4 ] Request (ServerAddressesNegativeTestJSON:setUpClass): 200 GET http://10.180.1.21/compute/v2.1/servers/9fa91cf5-e051-4136-bdd2-66beb12a8cdf 0.077s
