2024-11-29 15:39:46.951 64192 WARNING tempest.lib.common.rest_client [-] Deprecated: "tenant_id" property is deprecated for removal, use "project_id" instead
2024-11-29 15:39:47.002 64180 INFO tempest.lib.common.rest_client [req-ab23bb6c-ef5d-487c-bb46-cdd8825e6bdc req-ab23bb6c-ef5d-487c-bb46-cdd8825e6bdc ] Request (FlavorsExtraSpecsNegativeTestJSON:setUpClass): 200 POST http://10.180.1.21/compute/v2.1/flavors 3.487s
2024-11-29 15:39:47.010 64232 INFO tempest.lib.common.rest_client [req-a0126c92-dc36-443d-a4ae-8730eada8872 req-a0126c92-dc36-443d-a4ae-8730eada8872 ] Request (QuotasAdminNegativeTest:setUpClass): 201 POST http://10.180.1.21/identity/v3/projects 0.116s
2024-11-29 15:39:47.065 64200 INFO tempest.lib.common.rest_client [req-c3dbff9c-a954-4084-9510-00e9ac4f6aa2 req-c3dbff9c-a954-4084-9510-00e9ac4f6aa2 ] Request (ServerDiagnosticsTest:setUpClass): 200 GET http://10.180.1.21/identity/v3/domains?name=Default 0.146s
2024-11-29 15:39:47.104 64232 INFO tempest.lib.common.rest_client [req-1aa84b69-4dac-47d1-a918-ad559f3849e7 req-1aa84b69-4dac-47d1-a918-ad559f3849e7 ] Request (QuotasAdminNegativeTest:setUpClass): 201 POST http://10.180.1.21/identity/v3/users 0.094s
2024-11-29 15:39:47.128 64232 INFO tempest.lib.common.rest_client [req-29dd00a5-f761-48ab-bba8-da8dbd85193f req-29dd00a5-f761-48ab-bba8-da8dbd85193f ] Request (QuotasAdminNegativeTest:setUpClass): 200 GET http://10.180.1.21/identity/v3/roles 0.024s
2024-11-29 15:39:47.136 64200 INFO tempest.lib.common.rest_client [req-250c6b62-350f-4e62-be6e-aea40bf28a47 req-250c6b62-350f-4e62-be6e-aea40bf28a47 ] Request (ServerDiagnosticsTest:setUpClass): 201 POST http://10.180.1.21/identity/v3/projects 0.070s
2024-11-29 15:39:47.145 64198 INFO tempest.lib.common.rest_client [req-af5cef40-d175-4786-aa33-332fbb3281a8 req-af5cef40-d175-4786-aa33-332fbb3281a8 ] Request (HostsAdminNegativeTestJSON:setUpClass): 200 GET http://10.180.1.21/compute/v2.1/os-hosts 3.169s
2024-11-29 15:39:47.185 64178 INFO tempest.lib.common.rest_client [req-4b94ea60-975d-467e-89d5-91fdf336f531 req-4b94ea60-975d-467e-89d5-91fdf336f531 ] Request (ServersAdmin275Test:test_rebuild_update_server_275): 202 POST http://10.180.1.21/compute/v2.1/servers 3.290s
2024-11-29 15:39:47.197 64232 INFO tempest.lib.common.rest_client [req-0ba0f25e-179d-4a30-8406-7b07b62ca680 req-0ba0f25e-179d-4a30-8406-7b07b62ca680 ] Request (QuotasAdminNegativeTest:setUpClass): 204 PUT http://10.180.1.21/identity/v3/projects/65df5b9e08fc485c8fce9dfd0e4f6786/users/8f7ebc3a08d54f58a519bf8523ef31a6/roles/0972c31557bf4f0e95749f2972841774 0.069s
2024-11-29 15:39:47.198 64232 INFO tempest.lib.common.dynamic_creds [-] Dynamic test user 8f7ebc3a08d54f58a519bf8523ef31a6 is created with scope project and roles: ['member']
2024-11-29 15:39:47.199 64232 INFO tempest.lib.common.dynamic_creds [-] Acquired dynamic creds: credentials: Credentials: {'domain_id': 'default', 'domain_name': 'Default', 'username': 'tempest-QuotasAdminNegativeTest-2041901383-project-member', 'project_domain_id': 'default', 'project_domain_name': 'Default', 'project_id': '65df5b9e08fc485c8fce9dfd0e4f6786', 'project_name': 'tempest-QuotasAdminNegativeTest-2041901383', 'tenant_id': '65df5b9e08fc485c8fce9dfd0e4f6786', 'tenant_name': 'tempest-QuotasAdminNegativeTest-2041901383', 'user_domain_id': 'default', 'user_domain_name': 'Default', 'user_id': '8f7ebc3a08d54f58a519bf8523ef31a6', 'system': None}, Network: None, Subnet: None, Router: None
2024-11-29 15:39:47.199 64232 INFO tempest.lib.common.dynamic_creds [-] Created isolated network resources for: credentials: Credentials: {'domain_id': 'default', 'domain_name': 'Default', 'username': 'tempest-QuotasAdminNegativeTest-2041901383-project-member', 'project_domain_id': 'default', 'project_domain_name': 'Default', 'project_id': '65df5b9e08fc485c8fce9dfd0e4f6786', 'project_name': 'tempest-QuotasAdminNegativeTest-2041901383', 'tenant_id': '65df5b9e08fc485c8fce9dfd0e4f6786', 'tenant_name': 'tempest-QuotasAdminNegativeTest-2041901383', 'user_domain_id': 'default', 'user_domain_name': 'Default', 'user_id': '8f7ebc3a08d54f58a519bf8523ef31a6', 'system': None}, Network: None, Subnet: None, Router: None
2024-11-29 15:39:47.200 64200 INFO tempest.lib.common.rest_client [req-c01e720c-6c6b-45a6-aa99-03a1eb5b7f51 req-c01e720c-6c6b-45a6-aa99-03a1eb5b7f51 ] Request (ServerDiagnosticsTest:setUpClass): 201 POST http://10.180.1.21/identity/v3/users 0.063s
2024-11-29 15:39:47.332 64216 INFO tempest.lib.common.rest_client [req-06ff1de8-7cfb-4ca8-a873-a14f76502c76 req-06ff1de8-7cfb-4ca8-a873-a14f76502c76 ] Request (HypervisorAdminNegativeUnderV252Test:test_search_hypervisor_with_non_admin_user): 200 GET http://10.180.1.21/compute/v2.1/os-hypervisors 3.305s
2024-11-29 15:39:47.340 64200 INFO tempest.lib.common.rest_client [req-922c013a-a3a2-4d85-8067-41ee08ee071a req-922c013a-a3a2-4d85-8067-41ee08ee071a ] Request (ServerDiagnosticsTest:setUpClass): 200 GET http://10.180.1.21/identity/v3/roles 0.140s
2024-11-29 15:39:47.364 64188 INFO tempest.lib.common.rest_client [req-5204b1a0-1972-4d7f-8e24-9d60f8e9602d req-5204b1a0-1972-4d7f-8e24-9d60f8e9602d ] Request (AggregatesAdminNegativeTestJSON:setUpClass): 200 GET http://10.180.1.21/compute/v2.1/os-services?binary=nova-compute 3.275s
2024-11-29 15:39:47.379 64224 INFO tempest.lib.common.rest_client [req-1089565f-9be7-4437-9ce4-0ac215fff1bf req-1089565f-9be7-4437-9ce4-0ac215fff1bf ] Request (VolumesAssistedSnapshotsTest:setUpClass): 201 POST http://10.180.1.21:9696/networking/v2.0/subnets 0.837s
2024-11-29 15:39:47.399 64208 INFO tempest.lib.common.rest_client [req-76518090-a2e5-4f2b-94a2-90a31fb59045 req-76518090-a2e5-4f2b-94a2-90a31fb59045 ] Request (AZAdminNegativeTestJSON:tearDownClass): 204 DELETE http://10.180.1.21:9696/networking/v2.0/security-groups/7b75b2b2-a54d-4f7f-8dfa-34cada9dd7d1 0.502s
2024-11-29 15:39:47.449 64232 INFO tempest.lib.common.rest_client [req-69db15e0-7ed6-4c17-9330-d0c37cc99692 req-69db15e0-7ed6-4c17-9330-d0c37cc99692 ] Request (QuotasAdminNegativeTest:setUpClass): 201 POST http://10.180.1.21/identity/v3/auth/tokens 0.245s
2024-11-29 15:39:47.458 64202 INFO tempest.lib.common.rest_client [req-a224e393-1046-4b74-a9cf-18bbf313f1e0 req-a224e393-1046-4b74-a9cf-18bbf313f1e0 ] Request (FloatingIPDetailsNegativeTestJSON:tearDownClass): 200 PUT http://10.180.1.21:9696/networking/v2.0/routers/76b0c458-af48-48ff-83b7-04b63b471a29/remove_router_interface 2.001s
2024-11-29 15:39:47.480 64196 INFO tempest.lib.common.rest_client [req-b421d1a9-d8f2-4da1-aa0f-ef058a0f925d req-b421d1a9-d8f2-4da1-aa0f-ef058a0f925d ] Request (ServerMetadataNegativeTestJSON:setUpClass): 201 POST http://10.180.1.21:9696/networking/v2.0/networks 0.987s
2024-11-29 15:39:47.511 64200 INFO tempest.lib.common.rest_client [req-1ece8e5a-0245-4d7f-b923-bd3ca77de585 req-1ece8e5a-0245-4d7f-b923-bd3ca77de585 ] Request (ServerDiagnosticsTest:setUpClass): 204 PUT http://10.180.1.21/identity/v3/projects/0985be43dfdf4488bae7458257f1ced1/users/02b47311e20c43d1a9aeca144d7b138c/roles/0972c31557bf4f0e95749f2972841774 0.170s
2024-11-29 15:39:47.511 64200 INFO tempest.lib.common.dynamic_creds [-] Dynamic test user 02b47311e20c43d1a9aeca144d7b138c is created with scope project and roles: ['member']
2024-11-29 15:39:47.511 64200 INFO tempest.lib.common.dynamic_creds [-] Acquired dynamic creds: credentials: Credentials: {'domain_id': 'default', 'domain_name': 'Default', 'username': 'tempest-ServerDiagnosticsTest-781628629-project-member', 'project_domain_id': 'default', 'project_domain_name': 'Default', 'project_id': '0985be43dfdf4488bae7458257f1ced1', 'project_name': 'tempest-ServerDiagnosticsTest-781628629', 'tenant_id': '0985be43dfdf4488bae7458257f1ced1', 'tenant_name': 'tempest-ServerDiagnosticsTest-781628629', 'user_domain_id': 'default', 'user_domain_name': 'Default', 'user_id': '02b47311e20c43d1a9aeca144d7b138c', 'system': None}, Network: None, Subnet: None, Router: None
2024-11-29 15:39:47.511 64200 INFO tempest.lib.common.dynamic_creds [-] Created isolated network resources for: credentials: Credentials: {'domain_id': 'default', 'domain_name': 'Default', 'username': 'tempest-ServerDiagnosticsTest-781628629-project-member', 'project_domain_id': 'default', 'project_domain_name': 'Default', 'project_id': '0985be43dfdf4488bae7458257f1ced1', 'project_name': 'tempest-ServerDiagnosticsTest-781628629', 'tenant_id': '0985be43dfdf4488bae7458257f1ced1', 'tenant_name': 'tempest-ServerDiagnosticsTest-781628629', 'user_domain_id': 'default', 'user_domain_name': 'Default', 'user_id': '02b47311e20c43d1a9aeca144d7b138c', 'system': None}, Network: None, Subnet: None, Router: None
2024-11-29 15:39:47.529 64184 INFO tempest.lib.common.rest_client [req-c399b4cc-ae65-48b0-8232-bb6a4c06be87 req-c399b4cc-ae65-48b0-8232-bb6a4c06be87 ] Request (HypervisorAdminUnderV252Test:test_get_hypervisor_show_servers): 200 GET http://10.180.1.21/compute/v2.1/os-hypervisors 3.316s
2024-11-29 15:39:47.650 64208 INFO tempest.lib.common.rest_client [req-2ac56746-1df7-496d-8aa4-76dac0621277 req-2ac56746-1df7-496d-8aa4-76dac0621277 ] Request (AZAdminNegativeTestJSON:tearDownClass): 204 DELETE http://10.180.1.21/identity/v3/projects/d9923c412e344e04bcae43be5d39feca 0.250s
2024-11-29 15:39:47.658 64206 INFO tempest.lib.common.rest_client [req-b3a1a7ba-dd93-4a2c-bad8-fb000c62bea4 req-b3a1a7ba-dd93-4a2c-bad8-fb000c62bea4 ] Request (AZAdminV2TestJSON:test_get_availability_zone_list): 200 GET http://10.180.1.21/compute/v2.1/os-availability-zone 3.388s
2024-11-29 15:39:47.689 64194 INFO tempest.lib.common.rest_client [req-80437ce4-5712-45a0-b042-ad5e60269832 req-80437ce4-5712-45a0-b042-ad5e60269832 ] Request (FloatingIPsNegativeTestJSON:test_delete_nonexistent_floating_ip): 404 DELETE http://10.180.1.21/compute/v2.1/os-floating-ips/bd9d41e1-0b8b-463e-a542-1ad35e7cc2d4 3.391s
2024-11-29 15:39:47.715 64232 INFO tempest.lib.common.rest_client [req-92a68129-581f-49f8-8eb3-a29fc65fd41d req-92a68129-581f-49f8-8eb3-a29fc65fd41d ] Request (QuotasAdminNegativeTest:setUpClass): 201 POST http://10.180.1.21/identity/v3/projects 0.263s
2024-11-29 15:39:47.773 64208 INFO tempest.lib.common.rest_client [req-d99fb33b-567f-4754-84ad-5abad1461298 req-d99fb33b-567f-4754-84ad-5abad1461298 ] Request (FlavorsV261TestJSON:setUpClass): 201 POST http://10.180.1.21/identity/v3/auth/tokens 0.121s
2024-11-29 15:39:47.776 64200 INFO tempest.lib.common.rest_client [req-05306fcc-e7ea-4686-b645-fbb532b4cad6 req-05306fcc-e7ea-4686-b645-fbb532b4cad6 ] Request (ServerDiagnosticsTest:setUpClass): 201 POST http://10.180.1.21/identity/v3/auth/tokens 0.262s
2024-11-29 15:39:47.830 64238 INFO tempest.lib.common.rest_client [req-49cbcd22-53f7-457b-b4f1-f80ec25fd484 req-49cbcd22-53f7-457b-b4f1-f80ec25fd484 ] Request (ServersWithSpecificFlavorTestJSON:setUpClass): 201 POST http://10.180.1.21:9696/networking/v2.0/routers 1.984s
2024-11-29 15:39:47.898 64214 INFO tempest.lib.common.rest_client [req-bcd0ab36-5f95-4370-9e3b-7aee3da32023 req-bcd0ab36-5f95-4370-9e3b-7aee3da32023 ] Request (FlavorsAdminTestJSON:test_create_flavor_using_string_ram): 200 POST http://10.180.1.21/compute/v2.1/flavors 3.544s
2024-11-29 15:39:47.914 64200 INFO tempest.lib.common.rest_client [req-c067ea2f-3e81-4a50-be7f-758293e67b30 req-c067ea2f-3e81-4a50-be7f-758293e67b30 ] Request (ServerDiagnosticsTest:setUpClass): 201 POST http://10.180.1.21/identity/v3/projects 0.137s
2024-11-29 15:39:47.917 64232 INFO tempest.lib.common.rest_client [req-63c96306-ef44-489a-88ec-f7bb252b046f req-63c96306-ef44-489a-88ec-f7bb252b046f ] Request (QuotasAdminNegativeTest:setUpClass): 201 POST http://10.180.1.21/identity/v3/users 0.202s
2024-11-29 15:39:47.993 64208 INFO tempest.lib.common.rest_client [req-52775b1b-283b-4ab3-820c-19734ab90de5 req-52775b1b-283b-4ab3-820c-19734ab90de5 ] Request (FlavorsV261TestJSON:setUpClass): 201 POST http://10.180.1.21/identity/v3/auth/tokens 0.175s
2024-11-29 15:39:48.020 64200 INFO tempest.lib.common.rest_client [req-2fe82fb0-ea78-4142-9e90-509e90f5ae4d req-2fe82fb0-ea78-4142-9e90-509e90f5ae4d ] Request (ServerDiagnosticsTest:setUpClass): 201 POST http://10.180.1.21/identity/v3/users 0.105s
2024-11-29 15:39:48.039 64232 INFO tempest.lib.common.rest_client [req-a157d7aa-494f-4dd9-912f-17a2dcc14c5d req-a157d7aa-494f-4dd9-912f-17a2dcc14c5d ] Request (QuotasAdminNegativeTest:setUpClass): 200 GET http://10.180.1.21/identity/v3/roles 0.121s
2024-11-29 15:39:48.054 64208 INFO tempest.lib.common.rest_client [req-c1697570-eb96-431e-a7b5-7f47fd00aa6e req-c1697570-eb96-431e-a7b5-7f47fd00aa6e ] Request (FlavorsV261TestJSON:setUpClass): 200 GET http://10.180.1.21/identity/v3/domains?name=Default 0.060s
2024-11-29 15:39:48.056 64236 INFO tempest.lib.common.rest_client [req-77ddccd4-209b-4021-8215-79cf671d1a96 req-77ddccd4-209b-4021-8215-79cf671d1a96 ] Request (FlavorMetadataValidation:test_flavor_update_with_custom_namespace): 200 POST http://10.180.1.21/compute/v2.1/flavors 3.568s
2024-11-29 15:39:48.059 64200 INFO tempest.lib.common.rest_client [req-0363fd9c-6a40-4e0a-a47c-ca66088dbafd req-0363fd9c-6a40-4e0a-a47c-ca66088dbafd ] Request (ServerDiagnosticsTest:setUpClass): 200 GET http://10.180.1.21/identity/v3/roles 0.038s
2024-11-29 15:39:48.085 64208 INFO tempest.lib.common.rest_client [req-3b80948f-bfa8-4049-ab66-f406497aa321 req-3b80948f-bfa8-4049-ab66-f406497aa321 ] Request (FlavorsV261TestJSON:setUpClass): 201 POST http://10.180.1.21/identity/v3/projects 0.030s
2024-11-29 15:39:48.087 64232 INFO tempest.lib.common.rest_client [req-67516687-60db-4ed9-b8d0-cf2b809d8b8d req-67516687-60db-4ed9-b8d0-cf2b809d8b8d ] Request (QuotasAdminNegativeTest:setUpClass): 204 PUT http://10.180.1.21/identity/v3/projects/b3d81b98c20e4a4d9ef1bc5086edaa47/users/ea86d1d8c5ba4b1db9dbc0a6e276de88/roles/0828f2c8e27e407d908c5adca15fdc97 0.048s
2024-11-29 15:39:48.178 64226 INFO tempest.lib.common.rest_client [req-d39b0848-a32c-491b-8ce0-b2579d80ca8a req-d39b0848-a32c-491b-8ce0-b2579d80ca8a ] Request (NetworksTest:test_get_network): 200 GET http://10.180.1.21/compute/v2.1/os-networks 3.842s
2024-11-29 15:39:48.209 64222 INFO tempest.lib.common.rest_client [req-a6e5b65e-7072-4b4d-aff6-bb8be69def22 req-a6e5b65e-7072-4b4d-aff6-bb8be69def22 ] Request (FlavorsAccessTestJSON:test_flavor_access_add_remove): 200 POST http://10.180.1.21/compute/v2.1/flavors 3.651s
2024-11-29 15:39:48.211 64230 INFO tempest.lib.common.rest_client [req-be989eb5-0773-4bf7-b99f-28bca508a112 req-be989eb5-0773-4bf7-b99f-28bca508a112 ] Request (FlavorsExtraSpecsTestJSON:test_flavor_non_admin_get_all_keys): 200 POST http://10.180.1.21/compute/v2.1/flavors/707197887/os-extra_specs 3.196s
2024-11-29 15:39:48.217 64208 INFO tempest.lib.common.rest_client [req-f43ce81d-0f36-45f9-a63f-3c924d8562db req-f43ce81d-0f36-45f9-a63f-3c924d8562db ] Request (FlavorsV261TestJSON:setUpClass): 201 POST http://10.180.1.21/identity/v3/users 0.132s
2024-11-29 15:39:48.217 64200 INFO tempest.lib.common.rest_client [req-1c2580d3-1ad2-486d-89e5-74861bfb6d20 req-1c2580d3-1ad2-486d-89e5-74861bfb6d20 ] Request (ServerDiagnosticsTest:setUpClass): 204 PUT http://10.180.1.21/identity/v3/projects/f3a29665e6784c3c90fb9d7c2e1d5c29/users/8ed908e256cd42cfb27bc70a53ac90b7/roles/0828f2c8e27e407d908c5adca15fdc97 0.158s
2024-11-29 15:39:48.236 64196 INFO tempest.lib.common.rest_client [req-111ab353-efd2-4def-b726-e0c559b146da req-111ab353-efd2-4def-b726-e0c559b146da ] Request (ServerMetadataNegativeTestJSON:setUpClass): 201 POST http://10.180.1.21:9696/networking/v2.0/subnets 0.743s
2024-11-29 15:39:48.276 64232 INFO tempest.lib.common.rest_client [req-95313005-4436-4f72-9e56-22aef56642c1 req-95313005-4436-4f72-9e56-22aef56642c1 ] Request (QuotasAdminNegativeTest:setUpClass): 200 GET http://10.180.1.21/identity/v3/roles 0.188s
2024-11-29 15:39:48.294 64208 INFO tempest.lib.common.rest_client [req-a2c50b5d-a986-4739-8e0a-5ed4cf124e15 req-a2c50b5d-a986-4739-8e0a-5ed4cf124e15 ] Request (FlavorsV261TestJSON:setUpClass): 200 GET http://10.180.1.21/identity/v3/roles 0.076s
2024-11-29 15:39:48.309 64200 INFO tempest.lib.common.rest_client [req-a3ca8efd-1b05-43ea-976f-12d89f24b711 req-a3ca8efd-1b05-43ea-976f-12d89f24b711 ] Request (ServerDiagnosticsTest:setUpClass): 200 GET http://10.180.1.21/identity/v3/roles 0.092s
2024-11-29 15:39:48.327 64232 INFO tempest.lib.common.rest_client [req-72eac0b0-2cef-41df-90b9-43aa72f6aa80 req-72eac0b0-2cef-41df-90b9-43aa72f6aa80 ] Request (QuotasAdminNegativeTest:setUpClass): 204 PUT http://10.180.1.21/identity/v3/projects/b3d81b98c20e4a4d9ef1bc5086edaa47/users/ea86d1d8c5ba4b1db9dbc0a6e276de88/roles/0828f2c8e27e407d908c5adca15fdc97 0.049s
2024-11-29 15:39:48.328 64232 INFO tempest.lib.common.dynamic_creds [-] Dynamic test user ea86d1d8c5ba4b1db9dbc0a6e276de88 is created with scope project and roles: ['admin']
2024-11-29 15:39:48.328 64232 INFO tempest.lib.common.dynamic_creds [-] Acquired dynamic creds: credentials: Credentials: {'domain_id': 'default', 'domain_name': 'Default', 'username': 'tempest-QuotasAdminNegativeTest-1607035473-project-admin', 'project_domain_id': 'default', 'project_domain_name': 'Default', 'project_id': 'b3d81b98c20e4a4d9ef1bc5086edaa47', 'project_name': 'tempest-QuotasAdminNegativeTest-1607035473', 'tenant_id': 'b3d81b98c20e4a4d9ef1bc5086edaa47', 'tenant_name': 'tempest-QuotasAdminNegativeTest-1607035473', 'user_domain_id': 'default', 'user_domain_name': 'Default', 'user_id': 'ea86d1d8c5ba4b1db9dbc0a6e276de88', 'system': None}, Network: None, Subnet: None, Router: None
2024-11-29 15:39:48.331 64232 INFO tempest.lib.common.dynamic_creds [-] Created isolated network resources for: credentials: Credentials: {'domain_id': 'default', 'domain_name': 'Default', 'username': 'tempest-QuotasAdminNegativeTest-1607035473-project-admin', 'project_domain_id': 'default', 'project_domain_name': 'Default', 'project_id': 'b3d81b98c20e4a4d9ef1bc5086edaa47', 'project_name': 'tempest-QuotasAdminNegativeTest-1607035473', 'tenant_id': 'b3d81b98c20e4a4d9ef1bc5086edaa47', 'tenant_name': 'tempest-QuotasAdminNegativeTest-1607035473', 'user_domain_id': 'default', 'user_domain_name': 'Default', 'user_id': 'ea86d1d8c5ba4b1db9dbc0a6e276de88', 'system': None}, Network: None, Subnet: None, Router: None
2024-11-29 15:39:48.386 64208 INFO tempest.lib.common.rest_client [req-5af1ce9d-22ae-456f-8b3a-bf5c4c223519 req-5af1ce9d-22ae-456f-8b3a-bf5c4c223519 ] Request (FlavorsV261TestJSON:setUpClass): 204 PUT http://10.180.1.21/identity/v3/projects/6511ee334f9b4ef0997d9839014095ff/users/94601e8b537e4917828d908367d34ed9/roles/0972c31557bf4f0e95749f2972841774 0.091s
2024-11-29 15:39:48.386 64208 INFO tempest.lib.common.dynamic_creds [-] Dynamic test user 94601e8b537e4917828d908367d34ed9 is created with scope project and roles: ['member']
2024-11-29 15:39:48.386 64208 INFO tempest.lib.common.dynamic_creds [-] Acquired dynamic creds: credentials: Credentials: {'domain_id': 'default', 'domain_name': 'Default', 'username': 'tempest-FlavorsV261TestJSON-1258586855-project-member', 'project_domain_id': 'default', 'project_domain_name': 'Default', 'project_id': '6511ee334f9b4ef0997d9839014095ff', 'project_name': 'tempest-FlavorsV261TestJSON-1258586855', 'tenant_id': '6511ee334f9b4ef0997d9839014095ff', 'tenant_name': 'tempest-FlavorsV261TestJSON-1258586855', 'user_domain_id': 'default', 'user_domain_name': 'Default', 'user_id': '94601e8b537e4917828d908367d34ed9', 'system': None}, Network: None, Subnet: None, Router: None
2024-11-29 15:39:48.387 64208 INFO tempest.lib.common.dynamic_creds [-] Created isolated network resources for: credentials: Credentials: {'domain_id': 'default', 'domain_name': 'Default', 'username': 'tempest-FlavorsV261TestJSON-1258586855-project-member', 'project_domain_id': 'default', 'project_domain_name': 'Default', 'project_id': '6511ee334f9b4ef0997d9839014095ff', 'project_name': 'tempest-FlavorsV261TestJSON-1258586855', 'tenant_id': '6511ee334f9b4ef0997d9839014095ff', 'tenant_name': 'tempest-FlavorsV261TestJSON-1258586855', 'user_domain_id': 'default', 'user_domain_name': 'Default', 'user_id': '94601e8b537e4917828d908367d34ed9', 'system': None}, Network: None, Subnet: None, Router: None
2024-11-29 15:39:48.390 64200 INFO tempest.lib.common.rest_client [req-8d5b6abf-cf98-4b5c-b310-a78ceb00fd9c req-8d5b6abf-cf98-4b5c-b310-a78ceb00fd9c ] Request (ServerDiagnosticsTest:setUpClass): 204 PUT http://10.180.1.21/identity/v3/projects/f3a29665e6784c3c90fb9d7c2e1d5c29/users/8ed908e256cd42cfb27bc70a53ac90b7/roles/0828f2c8e27e407d908c5adca15fdc97 0.080s
2024-11-29 15:39:48.390 64200 INFO tempest.lib.common.dynamic_creds [-] Dynamic test user 8ed908e256cd42cfb27bc70a53ac90b7 is created with scope project and roles: ['admin']
2024-11-29 15:39:48.390 64200 INFO tempest.lib.common.dynamic_creds [-] Acquired dynamic creds: credentials: Credentials: {'domain_id': 'default', 'domain_name': 'Default', 'username': 'tempest-ServerDiagnosticsTest-1460938565-project-admin', 'project_domain_id': 'default', 'project_domain_name': 'Default', 'project_id': 'f3a29665e6784c3c90fb9d7c2e1d5c29', 'project_name': 'tempest-ServerDiagnosticsTest-1460938565', 'tenant_id': 'f3a29665e6784c3c90fb9d7c2e1d5c29', 'tenant_name': 'tempest-ServerDiagnosticsTest-1460938565', 'user_domain_id': 'default', 'user_domain_name': 'Default', 'user_id': '8ed908e256cd42cfb27bc70a53ac90b7', 'system': None}, Network: None, Subnet: None, Router: None
2024-11-29 15:39:48.390 64200 INFO tempest.lib.common.dynamic_creds [-] Created isolated network resources for: credentials: Credentials: {'domain_id': 'default', 'domain_name': 'Default', 'username': 'tempest-ServerDiagnosticsTest-1460938565-project-admin', 'project_domain_id': 'default', 'project_domain_name': 'Default', 'project_id': 'f3a29665e6784c3c90fb9d7c2e1d5c29', 'project_name': 'tempest-ServerDiagnosticsTest-1460938565', 'tenant_id': 'f3a29665e6784c3c90fb9d7c2e1d5c29', 'tenant_name': 'tempest-ServerDiagnosticsTest-1460938565', 'user_domain_id': 'default', 'user_domain_name': 'Default', 'user_id': '8ed908e256cd42cfb27bc70a53ac90b7', 'system': None}, Network: None, Subnet: None, Router: None
2024-11-29 15:39:48.458 64232 INFO tempest.lib.common.rest_client [req-49aa0a24-8623-4cd4-b68d-e635a0f5fcfd req-49aa0a24-8623-4cd4-b68d-e635a0f5fcfd ] Request (QuotasAdminNegativeTest:setUpClass): 201 POST http://10.180.1.21/identity/v3/auth/tokens 0.125s
2024-11-29 15:39:48.459 64232 WARNING tempest.lib.common.rest_client [-] Deprecated: "tenant_id" property is deprecated for removal, use "project_id" instead
2024-11-29 15:39:48.464 64208 INFO tempest.lib.common.rest_client [req-68b52c63-8f87-47f9-a9e0-b744d4bac809 req-68b52c63-8f87-47f9-a9e0-b744d4bac809 ] Request (FlavorsV261TestJSON:setUpClass): 201 POST http://10.180.1.21/identity/v3/auth/tokens 0.073s
2024-11-29 15:39:48.526 64200 INFO tempest.lib.common.rest_client [req-a707f65b-5b97-4600-84d8-d9d850e9fcfc req-a707f65b-5b97-4600-84d8-d9d850e9fcfc ] Request (ServerDiagnosticsTest:setUpClass): 201 POST http://10.180.1.21/identity/v3/auth/tokens 0.133s
2024-11-29 15:39:48.537 64208 INFO tempest.lib.common.rest_client [req-10d96192-9762-4750-bb28-095092b95ca7 req-10d96192-9762-4750-bb28-095092b95ca7 ] Request (FlavorsV261TestJSON:setUpClass): 201 POST http://10.180.1.21/identity/v3/projects 0.072s
2024-11-29 15:39:48.585 64200 INFO tempest.lib.common.rest_client [req-3e2364a4-b37b-414c-8abe-fda7c1377ed1 req-3e2364a4-b37b-414c-8abe-fda7c1377ed1 ] Request (ServerDiagnosticsTest:test_get_server_diagnostics): 201 POST http://10.180.1.21/identity/v3/auth/tokens 0.054s
2024-11-29 15:39:48.585 64200 INFO tempest.lib.common.fixed_network [-] (ServerDiagnosticsTest:test_get_server_diagnostics) Found network None available for tenant
2024-11-29 15:39:48.594 64208 INFO tempest.lib.common.rest_client [req-24390b18-e7f9-48db-a462-ffed739e0a59 req-24390b18-e7f9-48db-a462-ffed739e0a59 ] Request (FlavorsV261TestJSON:setUpClass): 201 POST http://10.180.1.21/identity/v3/users 0.056s
2024-11-29 15:39:48.613 64208 INFO tempest.lib.common.rest_client [req-e4c7d390-38ef-4df8-a2ff-425fff19e676 req-e4c7d390-38ef-4df8-a2ff-425fff19e676 ] Request (FlavorsV261TestJSON:setUpClass): 200 GET http://10.180.1.21/identity/v3/roles 0.019s
2024-11-29 15:39:48.647 64204 INFO tempest.lib.common.rest_client [req-ddfa0076-cdb4-4710-9e77-1458a4b539dc req-ddfa0076-cdb4-4710-9e77-1458a4b539dc ] Request (FloatingIPsTestJSON:test_allocate_floating_ip): 200 GET http://10.180.1.21/compute/v2.1/os-floating-ips/e11c4af4-a31a-476c-b553-7d7a309a5d79 2.778s
2024-11-29 15:39:48.649 64208 INFO tempest.lib.common.rest_client [req-edb83c7e-bd0a-456f-921c-9009e7639e15 req-edb83c7e-bd0a-456f-921c-9009e7639e15 ] Request (FlavorsV261TestJSON:setUpClass): 204 PUT http://10.180.1.21/identity/v3/projects/e0cbccc04ded483abd06b2316a0e2483/users/a2b090d978bd4dd796e52527b657f1ca/roles/0828f2c8e27e407d908c5adca15fdc97 0.035s
2024-11-29 15:39:48.700 64208 INFO tempest.lib.common.rest_client [req-5018f7e5-a162-4277-8607-226b65e5c9b5 req-5018f7e5-a162-4277-8607-226b65e5c9b5 ] Request (FlavorsV261TestJSON:setUpClass): 200 GET http://10.180.1.21/identity/v3/roles 0.051s
2024-11-29 15:39:48.720 64208 INFO tempest.lib.common.rest_client [req-925afc8a-95aa-43ab-98d2-a1800583f844 req-925afc8a-95aa-43ab-98d2-a1800583f844 ] Request (FlavorsV261TestJSON:setUpClass): 204 PUT http://10.180.1.21/identity/v3/projects/e0cbccc04ded483abd06b2316a0e2483/users/a2b090d978bd4dd796e52527b657f1ca/roles/0828f2c8e27e407d908c5adca15fdc97 0.019s
2024-11-29 15:39:48.720 64208 INFO tempest.lib.common.dynamic_creds [-] Dynamic test user a2b090d978bd4dd796e52527b657f1ca is created with scope project and roles: ['admin']
2024-11-29 15:39:48.720 64208 INFO tempest.lib.common.dynamic_creds [-] Acquired dynamic creds: credentials: Credentials: {'domain_id': 'default', 'domain_name': 'Default', 'username': 'tempest-FlavorsV261TestJSON-2044588373-project-admin', 'project_domain_id': 'default', 'project_domain_name': 'Default', 'project_id': 'e0cbccc04ded483abd06b2316a0e2483', 'project_name': 'tempest-FlavorsV261TestJSON-2044588373', 'tenant_id': 'e0cbccc04ded483abd06b2316a0e2483', 'tenant_name': 'tempest-FlavorsV261TestJSON-2044588373', 'user_domain_id': 'default', 'user_domain_name': 'Default', 'user_id': 'a2b090d978bd4dd796e52527b657f1ca', 'system': None}, Network: None, Subnet: None, Router: None
2024-11-29 15:39:48.720 64208 INFO tempest.lib.common.dynamic_creds [-] Created isolated network resources for: credentials: Credentials: {'domain_id': 'default', 'domain_name': 'Default', 'username': 'tempest-FlavorsV261TestJSON-2044588373-project-admin', 'project_domain_id': 'default', 'project_domain_name': 'Default', 'project_id': 'e0cbccc04ded483abd06b2316a0e2483', 'project_name': 'tempest-FlavorsV261TestJSON-2044588373', 'tenant_id': 'e0cbccc04ded483abd06b2316a0e2483', 'tenant_name': 'tempest-FlavorsV261TestJSON-2044588373', 'user_domain_id': 'default', 'user_domain_name': 'Default', 'user_id': 'a2b090d978bd4dd796e52527b657f1ca', 'system': None}, Network: None, Subnet: None, Router: None
2024-11-29 15:39:48.773 64240 INFO tempest.lib.common.rest_client [req-adc7f145-e0ef-4957-b5cf-a3a0b110285a req-adc7f145-e0ef-4957-b5cf-a3a0b110285a ] Request (FlavorsAccessNegativeTestJSON:test_add_flavor_access_duplicate): 200 POST http://10.180.1.21/compute/v2.1/flavors 2.600s
2024-11-29 15:39:48.809 64208 INFO tempest.lib.common.rest_client [req-7391e10f-a78f-4ab2-a431-de28cf7cde04 req-7391e10f-a78f-4ab2-a431-de28cf7cde04 ] Request (FlavorsV261TestJSON:setUpClass): 201 POST http://10.180.1.21/identity/v3/auth/tokens 0.083s
2024-11-29 15:39:48.932 64210 INFO tempest.lib.common.rest_client [req-b4784b8a-ce4b-406c-bc78-714cf81d1b10 req-b4784b8a-ce4b-406c-bc78-714cf81d1b10 ] Request (QuotasAdminTestJSON:test_delete_quota): 200 PUT http://10.180.1.21/compute/v2.1/os-quota-sets/66388cbc7ce1420684924ddca1c039e1 2.482s
2024-11-29 15:39:49.053 64228 INFO tempest.lib.common.rest_client [req-ba353d7c-abda-40d6-8c72-f42b9696fbdb req-ba353d7c-abda-40d6-8c72-f42b9696fbdb ] Request (DeleteServersAdminTestJSON:test_admin_delete_servers_of_others): 202 POST http://10.180.1.21/compute/v2.1/servers 3.999s
2024-11-29 15:39:49.076 64220 INFO tempest.lib.common.rest_client [req-ca7e8a5d-1aff-4e58-be07-3ac915feb2f4 req-ca7e8a5d-1aff-4e58-be07-3ac915feb2f4 ] Request (ServicesAdminTestJSON:test_get_service_by_host_name): 200 GET http://10.180.1.21/compute/v2.1/os-services?host=devstack 2.233s
2024-11-29 15:39:49.203 64182 INFO tempest.lib.common.rest_client [req-ef433802-74af-4a36-9503-f5d93a6a2e85 req-ef433802-74af-4a36-9503-f5d93a6a2e85 ] Request (SecurityGroupsTestAdminJSON:test_list_security_groups_list_all_tenants_filter): 200 POST http://10.180.1.21/compute/v2.1/os-security-groups 2.567s
2024-11-29 15:39:49.234 64202 INFO tempest.lib.common.rest_client [req-7830bcd7-3614-4051-8243-2c7d6dd3aba3 req-7830bcd7-3614-4051-8243-2c7d6dd3aba3 ] Request (FloatingIPDetailsNegativeTestJSON:tearDownClass): 204 DELETE http://10.180.1.21:9696/networking/v2.0/routers/76b0c458-af48-48ff-83b7-04b63b471a29 1.775s
2024-11-29 15:39:49.261 64212 INFO tempest.lib.common.rest_client [req-8c9f13a2-7f30-43ff-bcf6-8305cbe1321b req-8c9f13a2-7f30-43ff-bcf6-8305cbe1321b ] Request (ListImageFiltersTestJSON:setUpClass): 200 GET http://10.180.1.21/compute/v2.1/images/3e1183ac-ff9c-44b0-b852-7c031dd6964a 2.310s
2024-11-29 15:39:49.304 64190 INFO tempest.lib.common.rest_client [req-1ded62e8-0f12-4b9a-be72-30d19bf44640 req-1ded62e8-0f12-4b9a-be72-30d19bf44640 ] Request (FlavorsV255TestJSON:test_crud_flavor): 200 GET http://10.180.1.21/compute/v2.1/flavors/1985809738 2.444s
2024-11-29 15:39:49.366 64180 INFO tempest.lib.common.rest_client [req-0f0392cd-24b1-498d-aee7-0b1737161400 req-0f0392cd-24b1-498d-aee7-0b1737161400 ] Request (FlavorsExtraSpecsNegativeTestJSON:test_flavor_get_nonexistent_key): 404 GET http://10.180.1.21/compute/v2.1/flavors/452572007/os-extra_specs/hw:cpu_thread_policy 2.358s
2024-11-29 15:39:49.407 64198 INFO tempest.lib.common.rest_client [req-9518a9da-b0d6-4f6d-930c-757b95732b0e req-9518a9da-b0d6-4f6d-930c-757b95732b0e ] Request (HostsAdminNegativeTestJSON:test_list_hosts_with_non_admin_user): 403 GET http://10.180.1.21/compute/v2.1/os-hosts 2.260s
2024-11-29 15:39:49.504 64216 INFO tempest.lib.common.rest_client [req-2267b7ab-ef35-47e2-8485-0599560a5688 req-2267b7ab-ef35-47e2-8485-0599560a5688 ] Request (HypervisorAdminNegativeUnderV252Test:test_search_hypervisor_with_non_admin_user): 403 GET http://10.180.1.21/compute/v2.1/os-hypervisors/domain-c8.fc996f14-c53b-4953-92e3-bdfa48f5cc28/search 2.168s
2024-11-29 15:39:49.510 64178 INFO tempest.lib.common.rest_client [req-011e2d5d-2f6f-4498-ba75-b6f096e8c2cb req-011e2d5d-2f6f-4498-ba75-b6f096e8c2cb ] Request (ServersAdmin275Test:test_rebuild_update_server_275): 200 PUT http://10.180.1.21/compute/v2.1/servers/408cfd06-df36-46a4-9a6c-86dc91339712 2.323s
2024-11-29 15:39:49.542 64188 INFO tempest.lib.common.rest_client [req-76d90028-c270-4fa0-a24f-93baa763e8ee req-76d90028-c270-4fa0-a24f-93baa763e8ee ] Request (AggregatesAdminNegativeTestJSON:test_aggregate_add_existent_host): 200 POST http://10.180.1.21/compute/v2.1/os-aggregates 2.174s
2024-11-29 15:39:49.573 64184 INFO tempest.lib.common.rest_client [req-e1e016b8-875e-43fc-9ecb-ca002fc5cd3d req-e1e016b8-875e-43fc-9ecb-ca002fc5cd3d ] Request (HypervisorAdminUnderV252Test:test_get_hypervisor_show_servers): 200 GET http://10.180.1.21/compute/v2.1/os-hypervisors/domain-c8.fc996f14-c53b-4953-92e3-bdfa48f5cc28/servers 2.039s
2024-11-29 15:39:49.594 64206 INFO tempest.lib.common.rest_client [req-682e6330-1d75-42eb-be56-b621e94aeef8 req-682e6330-1d75-42eb-be56-b621e94aeef8 ] Request (AZAdminV2TestJSON:test_get_availability_zone_list_detail): 200 GET http://10.180.1.21/compute/v2.1/os-availability-zone/detail 1.921s
2024-11-29 15:39:49.611 64214 INFO tempest.lib.common.rest_client [req-945d48be-dcea-476f-81c0-fd7ad32e4eff req-945d48be-dcea-476f-81c0-fd7ad32e4eff ] Request (FlavorsAdminTestJSON:_run_cleanups): 202 DELETE http://10.180.1.21/compute/v2.1/flavors/440954488 1.710s
2024-11-29 15:39:49.704 64236 INFO tempest.lib.common.rest_client [req-8ddc23d1-de0d-4459-94d5-693efbfc20cc req-8ddc23d1-de0d-4459-94d5-693efbfc20cc ] Request (FlavorMetadataValidation:test_flavor_update_with_custom_namespace): 200 POST http://10.180.1.21/compute/v2.1/flavors/698084449/os-extra_specs 1.642s
2024-11-29 15:39:49.708 64206 INFO tempest.lib.common.rest_client [req-ac0524a0-3873-4427-a3ea-20fa19eb4620 req-ac0524a0-3873-4427-a3ea-20fa19eb4620 ] Request (AZAdminV2TestJSON:tearDownClass): 204 DELETE http://10.180.1.21/identity/v3/users/58aaf5f4471e45109fdd0f0b97b34b21 0.110s
2024-11-29 15:39:49.807 64206 INFO tempest.lib.common.rest_client [req-7a071002-615e-4e2f-ba9e-7ab2f8f0d0e9 req-7a071002-615e-4e2f-ba9e-7ab2f8f0d0e9 ] Request (AZAdminV2TestJSON:tearDownClass): 204 DELETE http://10.180.1.21/identity/v3/users/5248536c20934c688140be5cd90277e7 0.098s
2024-11-29 15:39:49.807 64206 INFO tempest.lib.common.dynamic_creds [-] Deleting project and security group for project: 3d36058152c5476590bbd2da86eb8ac8
2024-11-29 15:39:49.860 64226 INFO tempest.lib.common.rest_client [req-1fa36fd5-8843-4ad7-a230-8260e98e31f8 req-1fa36fd5-8843-4ad7-a230-8260e98e31f8 ] Request (NetworksTest:test_get_network): 200 GET http://10.180.1.21/compute/v2.1/os-networks/0e66bf3d-9120-494d-a6b1-acc1b2adc8bb 1.681s
2024-11-29 15:39:49.891 64206 INFO tempest.lib.common.rest_client [req-0721374c-dc5e-4957-8bf4-feee5cd91d6f req-0721374c-dc5e-4957-8bf4-feee5cd91d6f ] Request (AZAdminV2TestJSON:tearDownClass): 201 POST http://10.180.1.21/identity/v3/auth/tokens 0.084s
2024-11-29 15:39:50.071 64202 INFO tempest.lib.common.rest_client [req-d4f18959-e6a2-4ffe-a12e-e86938b5f412 req-d4f18959-e6a2-4ffe-a12e-e86938b5f412 ] Request (FloatingIPDetailsNegativeTestJSON:tearDownClass): 204 DELETE http://10.180.1.21:9696/networking/v2.0/subnets/81aac2fb-9f3a-4db2-88de-312aa37e6eec 0.836s
2024-11-29 15:39:50.113 64194 INFO tempest.lib.common.rest_client [req-cb2e0061-e4c1-4982-9a29-eb70b172fd03 req-cb2e0061-e4c1-4982-9a29-eb70b172fd03 ] Request (FloatingIPsNegativeTestJSON:tearDownClass): 200 PUT http://10.180.1.21:9696/networking/v2.0/routers/1167a703-092b-4e7f-85f4-f147493ee439/remove_router_interface 2.422s
2024-11-29 15:39:50.214 64222 INFO tempest.lib.common.rest_client [req-591e59af-a265-45c8-b788-3d8615cf2bcc req-591e59af-a265-45c8-b788-3d8615cf2bcc ] Request (FlavorsAccessTestJSON:test_flavor_access_add_remove): 200 POST http://10.180.1.21/compute/v2.1/flavors/191585103/action 2.003s
2024-11-29 15:39:50.294 64234 INFO tempest.lib.common.rest_client [req-3ee9d587-caf5-4b62-ae5e-5e4792dc81e6 req-3ee9d587-caf5-4b62-ae5e-5e4792dc81e6 ] Request (ServersAdminNegativeTestJSON:setUpClass): 200 GET http://10.180.1.21/compute/v2.1/servers/f99b3d5c-9f51-4815-9507-6522e57e715f 2.662s
2024-11-29 15:39:50.321 64230 INFO tempest.lib.common.rest_client [req-b7050945-bf27-4476-b80e-fab5716b2762 req-b7050945-bf27-4476-b80e-fab5716b2762 ] Request (FlavorsExtraSpecsTestJSON:test_flavor_non_admin_get_all_keys): 200 GET http://10.180.1.21/compute/v2.1/flavors/707197887/os-extra_specs 2.109s
2024-11-29 15:39:50.446 64232 INFO tempest.lib.common.rest_client [req-945657d5-46f4-4d5a-ac2e-ffb9a8ad348a req-945657d5-46f4-4d5a-ac2e-ffb9a8ad348a ] Request (QuotasAdminNegativeTest:test_create_server_when_cpu_quota_is_full): 200 GET http://10.180.1.21/compute/v2.1/os-quota-sets/65df5b9e08fc485c8fce9dfd0e4f6786 1.986s
2024-11-29 15:39:50.468 64238 INFO tempest.lib.common.rest_client [req-33b39692-6f58-4b81-957b-489d861dcdc6 req-33b39692-6f58-4b81-957b-489d861dcdc6 ] Request (ServersWithSpecificFlavorTestJSON:setUpClass): 200 PUT http://10.180.1.21:9696/networking/v2.0/routers/da2646e8-cd15-4641-873b-626f519a1e84/add_router_interface 2.636s
2024-11-29 15:39:50.468 64238 INFO tempest.lib.common.dynamic_creds [-] Created isolated network resources for: credentials: Credentials: {'domain_id': 'default', 'domain_name': 'Default', 'username': 'tempest-ServersWithSpecificFlavorTestJSON-2133179924-project-admin', 'project_domain_id': 'default', 'project_domain_name': 'Default', 'project_id': '10d4d895f37346acb42402fdb617f771', 'project_name': 'tempest-ServersWithSpecificFlavorTestJSON-2133179924', 'tenant_id': '10d4d895f37346acb42402fdb617f771', 'tenant_name': 'tempest-ServersWithSpecificFlavorTestJSON-2133179924', 'user_domain_id': 'default', 'user_domain_name': 'Default', 'user_id': 'd142dd20aeed497a8a95d78ef677cdd1', 'system': None}, Network: {'id': 'f37cb5c9-1a4c-4900-be5b-908cf573451e', 'name': 'tempest-ServersWithSpecificFlavorTestJSON-856873354-network', 'tenant_id': '10d4d895f37346acb42402fdb617f771', 'admin_state_up': True, 'mtu': 8950, 'status': 'ACTIVE', 'subnets': [], 'shared': False, 'project_id': '10d4d895f37346acb42402fdb617f771', 'port_security_enabled': True, 'router:external': False, 'provider:network_type': 'vlan', 'provider:physical_network': 'default', 'provider:segmentation_id': 325, 'is_default': False, 'availability_zone_hints': [], 'availability_zones': [], 'ipv4_address_scope': None, 'ipv6_address_scope': None, 'description': '', 'tags': [], 'created_at': '2024-11-29T15:39:45Z', 'updated_at': '2024-11-29T15:39:45Z', 'revision_number': 1}, Subnet: {'id': '9e2e0f66-d7b2-4a27-98fc-bcb636a3ea8a', 'name': 'tempest-ServersWithSpecificFlavorTestJSON-856873354-subnet', 'tenant_id': '10d4d895f37346acb42402fdb617f771', 'network_id': 'f37cb5c9-1a4c-4900-be5b-908cf573451e', 'ip_version': 4, 'subnetpool_id': None, 'enable_dhcp': True, 'ipv6_ra_mode': None, 'ipv6_address_mode': None, 'gateway_ip': '192.168.128.1', 'cidr': '192.168.128.0/28', 'allocation_pools': [{'start': '192.168.128.2', 'end': '192.168.128.14'}], 'host_routes': [], 'dns_nameservers': [], 'description': '', 'service_types': [], 'tags': [], 'created_at': '2024-11-29T15:39:45Z', 'updated_at': '2024-11-29T15:39:45Z', 'revision_number': 0, 'project_id': '10d4d895f37346acb42402fdb617f771'}, Router: {'id': 'da2646e8-cd15-4641-873b-626f519a1e84', 'name': 'tempest-ServersWithSpecificFlavorTestJSON-856873354-router', 'tenant_id': '10d4d895f37346acb42402fdb617f771', 'admin_state_up': True, 'status': 'ACTIVE', 'external_gateway_info': {'network_id': '0e66bf3d-9120-494d-a6b1-acc1b2adc8bb', 'external_fixed_ips': [{'subnet_id': 'dfaa2f64-3527-4f12-bf12-f05e186afe8d', 'ip_address': '10.180.180.128'}], 'enable_snat': True}, 'description': '', 'availability_zones': [], 'distributed': False, 'ha': False, 'availability_zone_hints': [], 'routes': [], 'flavor_id': None, 'tags': [], 'created_at': '2024-11-29T15:39:45Z', 'updated_at': '2024-11-29T15:39:46Z', 'revision_number': 2, 'project_id': '10d4d895f37346acb42402fdb617f771'}
2024-11-29 15:39:50.508 64206 INFO tempest.lib.common.rest_client [req-3f8ed96a-a469-4714-816e-ad8c50defd88 req-3f8ed96a-a469-4714-816e-ad8c50defd88 ] Request (AZAdminV2TestJSON:tearDownClass): 200 GET http://10.180.1.21:9696/networking/v2.0/security-groups?tenant_id=3d36058152c5476590bbd2da86eb8ac8&name=default 0.617s
2024-11-29 15:39:50.554 64238 INFO tempest.lib.common.rest_client [req-88f9cee7-830d-42ed-b6dd-1831a9638162 req-88f9cee7-830d-42ed-b6dd-1831a9638162 ] Request (ServersWithSpecificFlavorTestJSON:setUpClass): 201 POST http://10.180.1.21/identity/v3/auth/tokens 0.083s
2024-11-29 15:39:50.734 64200 INFO tempest.lib.common.rest_client [req-fa74f4a4-0093-4e98-9437-a2a7505474f2 req-fa74f4a4-0093-4e98-9437-a2a7505474f2 ] Request (ServerDiagnosticsTest:test_get_server_diagnostics): 202 POST http://10.180.1.21/compute/v2.1/servers 2.148s
2024-11-29 15:39:50.867 64208 INFO tempest.lib.common.rest_client [req-b2a25930-403d-4133-a28f-f941e3bcfe38 req-b2a25930-403d-4133-a28f-f941e3bcfe38 ] Request (FlavorsV261TestJSON:test_crud_flavor): 200 POST http://10.180.1.21/compute/v2.1/flavors 2.055s
2024-11-29 15:39:50.992 64240 INFO tempest.lib.common.rest_client [req-ef0a40db-2b91-48bd-be9c-de83d850cdc5 req-ef0a40db-2b91-48bd-be9c-de83d850cdc5 ] Request (FlavorsAccessNegativeTestJSON:test_add_flavor_access_duplicate): 200 POST http://10.180.1.21/compute/v2.1/flavors/586786127/action 2.164s
2024-11-29 15:39:51.009 64210 INFO tempest.lib.common.rest_client [req-1cc0b3c5-21a6-4f83-bbdd-93bb4a6e8883 req-1cc0b3c5-21a6-4f83-bbdd-93bb4a6e8883 ] Request (QuotasAdminTestJSON:test_delete_quota): 202 DELETE http://10.180.1.21/compute/v2.1/os-quota-sets/66388cbc7ce1420684924ddca1c039e1 2.075s
2024-11-29 15:39:51.192 64204 INFO tempest.lib.common.rest_client [req-66d4a865-d609-4606-ac3a-972b17bab196 req-66d4a865-d609-4606-ac3a-972b17bab196 ] Request (FloatingIPsTestJSON:test_allocate_floating_ip): 200 GET http://10.180.1.21/compute/v2.1/os-floating-ips 2.541s
2024-11-29 15:39:51.220 64220 INFO tempest.lib.common.rest_client [req-28049f21-6a78-4ad0-856a-519822b9079c req-28049f21-6a78-4ad0-856a-519822b9079c ] Request (ServicesAdminTestJSON:test_get_service_by_service_binary_name): 200 GET http://10.180.1.21/compute/v2.1/os-services?binary=nova-compute 2.137s
2024-11-29 15:39:51.283 64206 INFO tempest.lib.common.rest_client [req-598e33c6-d614-4ee4-9d55-b7090bf935bd req-598e33c6-d614-4ee4-9d55-b7090bf935bd ] Request (AZAdminV2TestJSON:tearDownClass): 204 DELETE http://10.180.1.21:9696/networking/v2.0/security-groups/2b30f652-f521-4cb0-b1b2-bd319bf3ee5c 0.775s
2024-11-29 15:39:51.313 64228 INFO tempest.lib.common.rest_client [req-17a430e4-07d4-44dd-83ea-af5979b4f4e3 req-17a430e4-07d4-44dd-83ea-af5979b4f4e3 ] Request (DeleteServersAdminTestJSON:test_admin_delete_servers_of_others): 200 GET http://10.180.1.21/compute/v2.1/servers/36056842-1c0b-4f4c-a512-e250fc657620 2.257s
2024-11-29 15:39:51.329 64224 INFO tempest.lib.common.rest_client [req-72dd81ed-c6d1-483c-95d7-a047b1492ff9 req-72dd81ed-c6d1-483c-95d7-a047b1492ff9 ] Request (VolumesAssistedSnapshotsTest:setUpClass): 201 POST http://10.180.1.21:9696/networking/v2.0/routers 3.950s
2024-11-29 15:39:51.357 64212 INFO tempest.lib.common.rest_client [req-931da7bc-5438-4aa8-83c8-b211871a17fe req-931da7bc-5438-4aa8-83c8-b211871a17fe ] Request (ListImageFiltersTestJSON:setUpClass): 200 GET http://10.180.1.21/compute/v2.1/images/3e1183ac-ff9c-44b0-b852-7c031dd6964a 2.090s
2024-11-29 15:39:51.402 64190 INFO tempest.lib.common.rest_client [req-3b95e952-f571-4cd5-89ad-ab8a73d71065 req-3b95e952-f571-4cd5-89ad-ab8a73d71065 ] Request (FlavorsV255TestJSON:test_crud_flavor): 200 PUT http://10.180.1.21/compute/v2.1/flavors/1985809738 2.093s
2024-11-29 15:39:51.404 64206 INFO tempest.lib.common.rest_client [req-19514aed-691e-42f9-9175-f99085213576 req-19514aed-691e-42f9-9175-f99085213576 ] Request (AZAdminV2TestJSON:tearDownClass): 204 DELETE http://10.180.1.21/identity/v3/projects/3d36058152c5476590bbd2da86eb8ac8 0.120s
2024-11-29 15:39:51.404 64206 INFO tempest.lib.common.dynamic_creds [-] Deleting project and security group for project: bc4d238d47fd4b259bdf978ee48e59ae
2024-11-29 15:39:51.411 64180 INFO tempest.lib.common.rest_client [req-a49568b9-0d84-43c3-918d-6ebbacd5e163 req-a49568b9-0d84-43c3-918d-6ebbacd5e163 ] Request (FlavorsExtraSpecsNegativeTestJSON:test_flavor_non_admin_set_keys): 403 POST http://10.180.1.21/compute/v2.1/flavors/452572007/os-extra_specs 2.038s
2024-11-29 15:39:51.417 64198 INFO tempest.lib.common.rest_client [req-cb209aee-7f71-46d3-9d79-468dfa508ac1 req-cb209aee-7f71-46d3-9d79-468dfa508ac1 ] Request (HostsAdminNegativeTestJSON:test_reboot_host_with_non_admin_user): 403 GET http://10.180.1.21/compute/v2.1/os-hosts/devstack/reboot 2.000s
2024-11-29 15:39:51.430 64216 INFO tempest.lib.common.rest_client [req-292d99e6-b34d-4a59-903d-4163a0daf578 req-292d99e6-b34d-4a59-903d-4163a0daf578 ] Request (HypervisorAdminNegativeUnderV252Test:test_search_nonexistent_hypervisor): 404 GET http://10.180.1.21/compute/v2.1/os-hypervisors/nonexistent_hypervisor_name/search 1.917s
2024-11-29 15:39:51.551 64178 INFO tempest.lib.common.rest_client [req-548a05fe-af64-42db-a078-0a9518a52de0 req-548a05fe-af64-42db-a078-0a9518a52de0 ] Request (ServersAdmin275Test:test_rebuild_update_server_275): 200 GET http://10.180.1.21/compute/v2.1/servers/408cfd06-df36-46a4-9a6c-86dc91339712 2.026s
2024-11-29 15:39:51.750 64206 INFO tempest.lib.common.rest_client [req-75e65fd2-1c82-4873-b600-42f98c24b755 req-75e65fd2-1c82-4873-b600-42f98c24b755 ] Request (AZAdminV2TestJSON:tearDownClass): 200 GET http://10.180.1.21:9696/networking/v2.0/security-groups?tenant_id=bc4d238d47fd4b259bdf978ee48e59ae&name=default 0.344s
2024-11-29 15:39:51.813 64202 INFO tempest.lib.common.rest_client [req-7c62b68b-c72d-468b-a02e-b28caa43ab26 req-7c62b68b-c72d-468b-a02e-b28caa43ab26 ] Request (FloatingIPDetailsNegativeTestJSON:tearDownClass): 204 DELETE http://10.180.1.21:9696/networking/v2.0/networks/9cc041ff-f8b8-4aa1-a9cd-1c0734616fc8 1.741s
2024-11-29 15:39:51.826 64212 INFO tempest.lib.common.rest_client [req-3ee3079d-1c77-47c6-b58b-843b330a6795 req-3ee3079d-1c77-47c6-b58b-843b330a6795 ] Request (ListImageFiltersTestJSON:setUpClass): 201 POST http://10.180.1.21/image/v2/images 0.466s
2024-11-29 15:39:51.905 64188 INFO tempest.lib.common.rest_client [req-f0de6dfc-2b47-4cfc-8f82-a11bf24ad562 req-f0de6dfc-2b47-4cfc-8f82-a11bf24ad562 ] Request (AggregatesAdminNegativeTestJSON:test_aggregate_add_existent_host): 200 POST http://10.180.1.21/compute/v2.1/os-aggregates/1/action 2.362s
2024-11-29 15:39:51.940 64184 INFO tempest.lib.common.rest_client [req-64a10e61-bc42-48b6-9405-b61d74d7b8e6 req-64a10e61-bc42-48b6-9405-b61d74d7b8e6 ] Request (HypervisorAdminUnderV252Test:test_search_hypervisor): 200 GET http://10.180.1.21/compute/v2.1/os-hypervisors 2.360s
2024-11-29 15:39:51.941 64206 INFO tempest.lib.common.rest_client [req-20ad30cf-1067-4f6b-a485-e2e99d0b9688 req-20ad30cf-1067-4f6b-a485-e2e99d0b9688 ] Request (AZAdminV2TestJSON:tearDownClass): 204 DELETE http://10.180.1.21:9696/networking/v2.0/security-groups/8b922c07-c4c3-41c6-a98b-6d5c6b646892 0.190s
2024-11-29 15:39:51.949 64196 INFO tempest.lib.common.rest_client [req-97985bb6-5116-4249-83ce-fc005dcd4cea req-97985bb6-5116-4249-83ce-fc005dcd4cea ] Request (ServerMetadataNegativeTestJSON:setUpClass): 201 POST http://10.180.1.21:9696/networking/v2.0/routers 3.712s
2024-11-29 15:39:51.958 64214 INFO tempest.lib.common.rest_client [req-9562359e-6fd3-4426-bc19-8b49ffd9b46d req-9562359e-6fd3-4426-bc19-8b49ffd9b46d ] Request (FlavorsAdminTestJSON:_run_cleanups): 200 GET http://10.180.1.21/compute/v2.1/flavors/detail 2.347s
2024-11-29 15:39:51.983 64236 INFO tempest.lib.common.rest_client [req-49abb883-e24f-4359-a73a-05a2819097e2 req-49abb883-e24f-4359-a73a-05a2819097e2 ] Request (FlavorMetadataValidation:_run_cleanups): 202 DELETE http://10.180.1.21/compute/v2.1/flavors/698084449 2.278s
2024-11-29 15:39:52.002 64202 INFO tempest.lib.common.rest_client [req-edda5d62-b6db-41f7-b5a8-989c8bf4fce4 req-edda5d62-b6db-41f7-b5a8-989c8bf4fce4 ] Request (FloatingIPDetailsNegativeTestJSON:tearDownClass): 204 DELETE http://10.180.1.21/identity/v3/users/88670b04939b49a79a32956a45feece6 0.189s
2024-11-29 15:39:52.003 64202 INFO tempest.lib.common.dynamic_creds [-] Deleting project and security group for project: 87f265865c204b79aaf62f54b10775ba
2024-11-29 15:39:52.050 64206 INFO tempest.lib.common.rest_client [req-19040c75-28f3-4e04-8764-2b35cd904c09 req-19040c75-28f3-4e04-8764-2b35cd904c09 ] Request (AZAdminV2TestJSON:tearDownClass): 204 DELETE http://10.180.1.21/identity/v3/projects/bc4d238d47fd4b259bdf978ee48e59ae 0.108s
2024-11-29 15:39:52.118 64206 INFO tempest.lib.common.rest_client [req-e2b0c424-6a92-4f0c-b8e0-ad5c14c973c1 req-e2b0c424-6a92-4f0c-b8e0-ad5c14c973c1 ] Request (KeyPairsV210TestJSON:setUpClass): 201 POST http://10.180.1.21/identity/v3/auth/tokens 0.067s
2024-11-29 15:39:52.135 64202 INFO tempest.lib.common.rest_client [req-80fc3d98-82d2-45a0-ac2c-9fc9e1941414 req-80fc3d98-82d2-45a0-ac2c-9fc9e1941414 ] Request (FloatingIPDetailsNegativeTestJSON:tearDownClass): 200 GET http://10.180.1.21:9696/networking/v2.0/security-groups?tenant_id=87f265865c204b79aaf62f54b10775ba&name=default 0.132s
2024-11-29 15:39:52.192 64206 INFO tempest.lib.common.rest_client [req-0797719f-a40d-4b37-9d8c-6007538a77e0 req-0797719f-a40d-4b37-9d8c-6007538a77e0 ] Request (KeyPairsV210TestJSON:setUpClass): 201 POST http://10.180.1.21/identity/v3/auth/tokens 0.028s
2024-11-29 15:39:52.214 64206 INFO tempest.lib.common.rest_client [req-3704be63-bba1-44bf-9b7d-93d784f94878 req-3704be63-bba1-44bf-9b7d-93d784f94878 ] Request (KeyPairsV210TestJSON:setUpClass): 200 GET http://10.180.1.21/identity/v3/domains?name=Default 0.022s
2024-11-29 15:39:52.243 64206 INFO tempest.lib.common.rest_client [req-2de45bd4-02a4-40d5-8f46-e9c91a6c7c66 req-2de45bd4-02a4-40d5-8f46-e9c91a6c7c66 ] Request (KeyPairsV210TestJSON:setUpClass): 201 POST http://10.180.1.21/identity/v3/projects 0.028s
2024-11-29 15:39:52.313 64206 INFO tempest.lib.common.rest_client [req-4c43b46e-ef82-41c5-a0e4-29aa172350c8 req-4c43b46e-ef82-41c5-a0e4-29aa172350c8 ] Request (KeyPairsV210TestJSON:setUpClass): 201 POST http://10.180.1.21/identity/v3/users 0.070s
2024-11-29 15:39:52.333 64206 INFO tempest.lib.common.rest_client [req-ce2bf93a-a96c-4518-8cc8-75132ab03e45 req-ce2bf93a-a96c-4518-8cc8-75132ab03e45 ] Request (KeyPairsV210TestJSON:setUpClass): 200 GET http://10.180.1.21/identity/v3/roles 0.020s
2024-11-29 15:39:52.365 64206 INFO tempest.lib.common.rest_client [req-2c05ca62-2707-4fac-b8f7-fd08f4fcafe6 req-2c05ca62-2707-4fac-b8f7-fd08f4fcafe6 ] Request (KeyPairsV210TestJSON:setUpClass): 204 PUT http://10.180.1.21/identity/v3/projects/f1bdbc7c61934d9d9e166121472b26a1/users/25360ff6c1ca4c03aa8bcfa206d8a69c/roles/0972c31557bf4f0e95749f2972841774 0.032s
2024-11-29 15:39:52.365 64206 INFO tempest.lib.common.dynamic_creds [-] Dynamic test user 25360ff6c1ca4c03aa8bcfa206d8a69c is created with scope project and roles: ['member']
