2024-11-29 15:40:46.040 64240 INFO tempest.lib.common.rest_client [req-acde2afd-74a8-485b-a132-6df2b9217e82 req-acde2afd-74a8-485b-a132-6df2b9217e82 ] Request (ServersAdminTestJSON:setUpClass): 201 POST http://10.180.1.21:9696/networking/v2.0/subnets 0.402s
2024-11-29 15:40:46.052 64178 INFO tempest.lib.common.rest_client [req-a09d37d1-e520-4b9f-9937-68fc95bce215 req-a09d37d1-e520-4b9f-9937-68fc95bce215 ] Request (ServersAdmin275Test:tearDownClass): 204 DELETE http://10.180.1.21/identity/v3/users/b217892e49c843749912af7e4e42c6c5 0.158s
2024-11-29 15:40:46.055 64182 INFO tempest.lib.common.rest_client [req-a54acc67-5864-4861-b212-7e349ef801d9 req-a54acc67-5864-4861-b212-7e349ef801d9 ] Request (ImagesMetadataTestJSON:tearDownClass): 204 DELETE http://10.180.1.21:9696/networking/v2.0/security-groups/2e4b8e12-86ad-4e61-a62b-f0461c71382a 0.135s
2024-11-29 15:40:46.063 64192 INFO tempest.lib.common.rest_client [req-88caec25-8896-480d-82f6-1ca34529f577 req-88caec25-8896-480d-82f6-1ca34529f577 ] Request (QuotasAdminTestV236:tearDownClass): 204 DELETE http://10.180.1.21:9696/networking/v2.0/security-groups/d21d5d12-2416-41e1-a051-960a1f15594e 0.210s
2024-11-29 15:40:46.186 64178 INFO tempest.lib.common.rest_client [req-326242f6-0405-4ddb-92d3-de2261ab03d4 req-326242f6-0405-4ddb-92d3-de2261ab03d4 ] Request (ServersAdmin275Test:tearDownClass): 204 DELETE http://10.180.1.21/identity/v3/users/f1ddc2f0ca9242c7b94994cbd64ade5b 0.133s
2024-11-29 15:40:46.187 64178 INFO tempest.lib.common.dynamic_creds [-] Deleting project and security group for project: 6bc43e0d6c5d454b8fca522684a1aa0d
2024-11-29 15:40:46.283 64192 INFO tempest.lib.common.rest_client [req-fbb9f56e-e223-4673-8268-ae9d13c6f807 req-fbb9f56e-e223-4673-8268-ae9d13c6f807 ] Request (QuotasAdminTestV236:tearDownClass): 204 DELETE http://10.180.1.21/identity/v3/projects/1f8b3c48be894bdcbb163d42b101b330 0.219s
2024-11-29 15:40:46.290 64182 INFO tempest.lib.common.rest_client [req-8b730112-64bc-4bbb-8a7e-526a362f45f2 req-8b730112-64bc-4bbb-8a7e-526a362f45f2 ] Request (ImagesMetadataTestJSON:tearDownClass): 204 DELETE http://10.180.1.21/identity/v3/projects/1ac107e10c3b4871966da1414207d8a2 0.235s
2024-11-29 15:40:46.336 64178 INFO tempest.lib.common.rest_client [req-1ef209fb-4873-4dc0-91c7-37b8ee1c73b1 req-1ef209fb-4873-4dc0-91c7-37b8ee1c73b1 ] Request (ServersAdmin275Test:tearDownClass): 201 POST http://10.180.1.21/identity/v3/auth/tokens 0.150s
2024-11-29 15:40:46.345 64194 INFO tempest.lib.common.rest_client [req-9f384705-7b5d-45f4-b062-9fe802f5daff req-9f384705-7b5d-45f4-b062-9fe802f5daff ] Request (ServersTestFqdnHostnames:test_create_server_with_fqdn_name): 200 GET http://10.180.1.21/compute/v2.1/servers/ebcc4aaa-3506-4b4f-80da-532c3f7bb891 0.855s
2024-11-29 15:40:46.362 64192 INFO tempest.lib.common.rest_client [req-b25be40f-9fed-4288-8e77-68c1be62178a req-b25be40f-9fed-4288-8e77-68c1be62178a ] Request (FlavorsV2TestJSON:setUpClass): 201 POST http://10.180.1.21/identity/v3/auth/tokens 0.076s
2024-11-29 15:40:46.388 64182 INFO tempest.lib.common.rest_client [req-71c751ff-b13f-4edc-853b-2ab4d4d9f91c req-71c751ff-b13f-4edc-853b-2ab4d4d9f91c ] Request (ServerActionsTestOtherB:setUpClass): 201 POST http://10.180.1.21/identity/v3/auth/tokens 0.096s
2024-11-29 15:40:46.411 64192 INFO tempest.lib.common.rest_client [req-7a273b59-a2ae-40ea-92e5-3ec10c2b0dfb req-7a273b59-a2ae-40ea-92e5-3ec10c2b0dfb ] Request (FlavorsV2TestJSON:setUpClass): 201 POST http://10.180.1.21/identity/v3/auth/tokens 0.046s
2024-11-29 15:40:46.432 64218 INFO tempest.lib.common.rest_client [req-87ed78ad-f072-4157-8199-7486d66d3ce7 req-87ed78ad-f072-4157-8199-7486d66d3ce7 ] Request (QuotasAdminTestV257:test_get_updated_quotas): 200 PUT http://10.180.1.21/compute/v2.1/os-quota-sets/a51e89ce0bf24ae3bd477a6f54570f05 1.149s
2024-11-29 15:40:46.437 64182 INFO tempest.lib.common.rest_client [req-2ab7607e-af8c-464d-9cb7-ebd5422c8b61 req-2ab7607e-af8c-464d-9cb7-ebd5422c8b61 ] Request (ServerActionsTestOtherB:setUpClass): 201 POST http://10.180.1.21/identity/v3/auth/tokens 0.046s
2024-11-29 15:40:46.451 64192 INFO tempest.lib.common.rest_client [req-84fe0243-b944-4b90-bb1a-99b940be11f4 req-84fe0243-b944-4b90-bb1a-99b940be11f4 ] Request (FlavorsV2TestJSON:setUpClass): 200 GET http://10.180.1.21/identity/v3/domains?name=Default 0.038s
2024-11-29 15:40:46.462 64182 INFO tempest.lib.common.rest_client [req-0a609e28-9925-44ec-aa15-be3f0b6e611f req-0a609e28-9925-44ec-aa15-be3f0b6e611f ] Request (ServerActionsTestOtherB:setUpClass): 200 GET http://10.180.1.21/identity/v3/domains?name=Default 0.025s
2024-11-29 15:40:46.479 64192 INFO tempest.lib.common.rest_client [req-5f5e548d-da27-4a33-8ec7-f0a653a9682c req-5f5e548d-da27-4a33-8ec7-f0a653a9682c ] Request (FlavorsV2TestJSON:setUpClass): 201 POST http://10.180.1.21/identity/v3/projects 0.028s
2024-11-29 15:40:46.491 64182 INFO tempest.lib.common.rest_client [req-1a138c8a-a912-4071-91ee-6f7d309911b8 req-1a138c8a-a912-4071-91ee-6f7d309911b8 ] Request (ServerActionsTestOtherB:setUpClass): 201 POST http://10.180.1.21/identity/v3/projects 0.028s
2024-11-29 15:40:46.491 64224 INFO tempest.lib.common.rest_client [req-a8d67492-1ffc-4181-a4f1-264f3b815479 req-a8d67492-1ffc-4181-a4f1-264f3b815479 ] Request (VolumesAssistedSnapshotsTest:test_volume_assisted_snapshot_create_delete): 200 GET http://10.180.1.21/compute/v2.1/servers/b8993737-d2ef-4987-8c91-d1320771434a 0.965s
2024-11-29 15:40:46.497 64220 INFO tempest.lib.common.rest_client [req-11373235-ec60-40cf-a476-910ecee67c6c req-11373235-ec60-40cf-a476-910ecee67c6c ] Request (AttachVolumeTestJSON:test_attach_detach_volume): 200 GET http://10.180.1.21/compute/v2.1/servers/24dfefdd-8357-4f82-aaf0-9f6e6907291f 0.955s
2024-11-29 15:40:46.550 64186 INFO tempest.lib.common.rest_client [req-30b21dd9-6dfe-4809-9ed6-9b5df63e4c18 req-30b21dd9-6dfe-4809-9ed6-9b5df63e4c18 ] Request (TenantUsagesTestJSON:setUpClass): 200 GET http://10.180.1.21/compute/v2.1/servers/daea8bd9-5d0a-40e3-9353-28785d5fd7ca 0.978s
2024-11-29 15:40:46.556 64182 INFO tempest.lib.common.rest_client [req-c80d6509-7ec8-4813-bcb8-05f01db623a9 req-c80d6509-7ec8-4813-bcb8-05f01db623a9 ] Request (ServerActionsTestOtherB:setUpClass): 201 POST http://10.180.1.21/identity/v3/users 0.064s
2024-11-29 15:40:46.561 64178 INFO tempest.lib.common.rest_client [req-3b8fec6f-2799-4771-b3fa-ce01681a6b9b req-3b8fec6f-2799-4771-b3fa-ce01681a6b9b ] Request (ServersAdmin275Test:tearDownClass): 200 GET http://10.180.1.21:9696/networking/v2.0/security-groups?tenant_id=6bc43e0d6c5d454b8fca522684a1aa0d&name=default 0.224s
2024-11-29 15:40:46.565 64192 INFO tempest.lib.common.rest_client [req-6fa24ed6-5917-4cbd-a5a6-755b84944ca3 req-6fa24ed6-5917-4cbd-a5a6-755b84944ca3 ] Request (FlavorsV2TestJSON:setUpClass): 201 POST http://10.180.1.21/identity/v3/users 0.085s
2024-11-29 15:40:46.574 64188 INFO tempest.lib.common.rest_client [req-59a51733-5786-4086-b96d-60fb812f7a76 req-59a51733-5786-4086-b96d-60fb812f7a76 ] Request (AggregatesAdminNegativeTestJSON:test_aggregate_remove_nonexistent_host): 200 POST http://10.180.1.21/compute/v2.1/os-aggregates 0.925s
2024-11-29 15:40:46.577 64182 INFO tempest.lib.common.rest_client [req-4c427810-061d-4350-b85c-0c7f7c662531 req-4c427810-061d-4350-b85c-0c7f7c662531 ] Request (ServerActionsTestOtherB:setUpClass): 200 GET http://10.180.1.21/identity/v3/roles 0.021s
2024-11-29 15:40:46.587 64192 INFO tempest.lib.common.rest_client [req-de976dea-bb50-44b1-9f69-377665fd71b1 req-de976dea-bb50-44b1-9f69-377665fd71b1 ] Request (FlavorsV2TestJSON:setUpClass): 200 GET http://10.180.1.21/identity/v3/roles 0.021s
2024-11-29 15:40:46.607 64182 INFO tempest.lib.common.rest_client [req-b64c21c8-b23a-4cf1-8941-c2023541dfa0 req-b64c21c8-b23a-4cf1-8941-c2023541dfa0 ] Request (ServerActionsTestOtherB:setUpClass): 204 PUT http://10.180.1.21/identity/v3/projects/7855c91e51544bee9a4958fe3a1f127c/users/edca57e8a8df4d00b9002b5232b91e9e/roles/0972c31557bf4f0e95749f2972841774 0.029s
2024-11-29 15:40:46.608 64182 INFO tempest.lib.common.dynamic_creds [-] Dynamic test user edca57e8a8df4d00b9002b5232b91e9e is created with scope project and roles: ['member']
2024-11-29 15:40:46.608 64182 INFO tempest.lib.common.dynamic_creds [-] Acquired dynamic creds: credentials: Credentials: {'domain_id': 'default', 'domain_name': 'Default', 'username': 'tempest-ServerActionsTestOtherB-1760892883-project-member', 'project_domain_id': 'default', 'project_domain_name': 'Default', 'project_id': '7855c91e51544bee9a4958fe3a1f127c', 'project_name': 'tempest-ServerActionsTestOtherB-1760892883', 'tenant_id': '7855c91e51544bee9a4958fe3a1f127c', 'tenant_name': 'tempest-ServerActionsTestOtherB-1760892883', 'user_domain_id': 'default', 'user_domain_name': 'Default', 'user_id': 'edca57e8a8df4d00b9002b5232b91e9e', 'system': None}, Network: None, Subnet: None, Router: None
2024-11-29 15:40:46.615 64192 INFO tempest.lib.common.rest_client [req-668f5d17-efee-469d-a0d8-b55cff5a9de9 req-668f5d17-efee-469d-a0d8-b55cff5a9de9 ] Request (FlavorsV2TestJSON:setUpClass): 204 PUT http://10.180.1.21/identity/v3/projects/6cc5cef2ec2442b4b65799bcf3b74181/users/2b842d466be34c418f60f5fa9e3cd12f/roles/0972c31557bf4f0e95749f2972841774 0.027s
2024-11-29 15:40:46.615 64192 INFO tempest.lib.common.dynamic_creds [-] Dynamic test user 2b842d466be34c418f60f5fa9e3cd12f is created with scope project and roles: ['member']
2024-11-29 15:40:46.615 64192 INFO tempest.lib.common.dynamic_creds [-] Acquired dynamic creds: credentials: Credentials: {'domain_id': 'default', 'domain_name': 'Default', 'username': 'tempest-FlavorsV2TestJSON-281446189-project-member', 'project_domain_id': 'default', 'project_domain_name': 'Default', 'project_id': '6cc5cef2ec2442b4b65799bcf3b74181', 'project_name': 'tempest-FlavorsV2TestJSON-281446189', 'tenant_id': '6cc5cef2ec2442b4b65799bcf3b74181', 'tenant_name': 'tempest-FlavorsV2TestJSON-281446189', 'user_domain_id': 'default', 'user_domain_name': 'Default', 'user_id': '2b842d466be34c418f60f5fa9e3cd12f', 'system': None}, Network: None, Subnet: None, Router: None
2024-11-29 15:40:46.615 64192 INFO tempest.lib.common.dynamic_creds [-] Created isolated network resources for: credentials: Credentials: {'domain_id': 'default', 'domain_name': 'Default', 'username': 'tempest-FlavorsV2TestJSON-281446189-project-member', 'project_domain_id': 'default', 'project_domain_name': 'Default', 'project_id': '6cc5cef2ec2442b4b65799bcf3b74181', 'project_name': 'tempest-FlavorsV2TestJSON-281446189', 'tenant_id': '6cc5cef2ec2442b4b65799bcf3b74181', 'tenant_name': 'tempest-FlavorsV2TestJSON-281446189', 'user_domain_id': 'default', 'user_domain_name': 'Default', 'user_id': '2b842d466be34c418f60f5fa9e3cd12f', 'system': None}, Network: None, Subnet: None, Router: None
2024-11-29 15:40:46.662 64182 INFO tempest.lib.common.rest_client [req-7bde7344-3148-476c-8368-95cc24c94fc2 req-7bde7344-3148-476c-8368-95cc24c94fc2 ] Request (ServerActionsTestOtherB:setUpClass): 201 POST http://10.180.1.21/identity/v3/auth/tokens 0.054s
2024-11-29 15:40:46.688 64192 INFO tempest.lib.common.rest_client [req-d5afc5b0-2530-4769-ae64-97d8d27d72f2 req-d5afc5b0-2530-4769-ae64-97d8d27d72f2 ] Request (FlavorsV2TestJSON:setUpClass): 201 POST http://10.180.1.21/identity/v3/auth/tokens 0.069s
2024-11-29 15:40:46.702 64178 INFO tempest.lib.common.rest_client [req-847b842f-ad06-4bee-b936-f57469135682 req-847b842f-ad06-4bee-b936-f57469135682 ] Request (ServersAdmin275Test:tearDownClass): 204 DELETE http://10.180.1.21:9696/networking/v2.0/security-groups/f4570601-1c52-48be-8bd4-410b3e9ec821 0.140s
2024-11-29 15:40:46.735 64184 INFO tempest.lib.common.rest_client [req-27769a87-7187-4792-b5ed-87a0e4b0ae67 req-27769a87-7187-4792-b5ed-87a0e4b0ae67 ] Request (SecurityGroupRulesTestJSON:tearDownClass): 202 DELETE http://10.180.1.21/compute/v2.1/os-security-groups/69620d22-b214-4d68-90f3-a1a297f722c8 1.192s
2024-11-29 15:40:46.748 64196 INFO tempest.lib.common.rest_client [req-21f8c347-504d-4c09-9051-46b3f2aee52a req-21f8c347-504d-4c09-9051-46b3f2aee52a ] Request (ServerMetadataNegativeTestJSON:setUpClass): 200 GET http://10.180.1.21/compute/v2.1/servers/f2c66aa6-4406-4cfa-8a13-c382eebed6bc 1.065s
2024-11-29 15:40:46.776 64178 INFO tempest.lib.common.rest_client [req-a5be9978-5ae5-441a-bf94-3047a59190f8 req-a5be9978-5ae5-441a-bf94-3047a59190f8 ] Request (ServersAdmin275Test:tearDownClass): 204 DELETE http://10.180.1.21/identity/v3/projects/6bc43e0d6c5d454b8fca522684a1aa0d 0.074s
2024-11-29 15:40:46.777 64178 INFO tempest.lib.common.dynamic_creds [-] Deleting project and security group for project: 16aed79f7f6c4a83a922c6d0f638861b
2024-11-29 15:40:46.800 64210 INFO tempest.lib.common.rest_client [req-9f18b2dc-cc1a-4d8e-87cf-9983209b11b9 req-9f18b2dc-cc1a-4d8e-87cf-9983209b11b9 ] Request (InstanceActionsTestJSON:setUpClass): 200 GET http://10.180.1.21/compute/v2.1/servers/8ea5b2d1-bfc8-4531-b5fe-60926e4950d5 1.063s
2024-11-29 15:40:46.809 64226 INFO tempest.lib.common.rest_client [req-4bf918db-6fac-4905-80ac-bda5cc5aac9d req-4bf918db-6fac-4905-80ac-bda5cc5aac9d ] Request (AttachInterfacesTestJSON:test_create_list_show_delete_interfaces_by_fixed_ip): 200 GET http://10.180.1.21/compute/v2.1/servers/b8231080-7a09-4e00-ab2b-e9ff4abf352a 0.996s
2024-11-29 15:40:46.871 64216 INFO tempest.lib.common.rest_client [req-46134941-a0eb-4766-8b2d-ed13724b4477 req-46134941-a0eb-4766-8b2d-ed13724b4477 ] Request (ServerDiagnosticsV248Test:test_get_server_diagnostics): 200 GET http://10.180.1.21/compute/v2.1/servers/5413b152-2cd7-41c4-bf18-bd3d51971a6e 0.958s
2024-11-29 15:40:46.889 64214 INFO tempest.lib.common.rest_client [req-c1887176-c515-4926-b194-2bad5c367c6c req-c1887176-c515-4926-b194-2bad5c367c6c ] Request (FlavorsAdminTestJSON:test_is_public_string_variations): 200 GET http://10.180.1.21/compute/v2.1/flavors/detail?is_public=yes 0.916s
2024-11-29 15:40:46.915 64182 INFO tempest.lib.common.rest_client [req-04b12ad4-ffd8-4766-8995-a4f6e2f1afeb req-04b12ad4-ffd8-4766-8995-a4f6e2f1afeb ] Request (ServerActionsTestOtherB:setUpClass): 201 POST http://10.180.1.21:9696/networking/v2.0/networks 0.253s
2024-11-29 15:40:46.962 64232 INFO tempest.lib.common.rest_client [req-40516957-01ce-4502-98ce-631cec94bafc req-40516957-01ce-4502-98ce-631cec94bafc ] Request (AttachInterfacesUnderV243Test:test_add_remove_fixed_ip): 200 GET http://10.180.1.21/compute/v2.1/servers/5bafa3d0-3619-4d7e-b625-9b389394738f 0.982s
2024-11-29 15:40:46.990 64198 INFO tempest.lib.common.rest_client [req-06abc2df-4422-4fbd-9991-589b6a940569 req-06abc2df-4422-4fbd-9991-589b6a940569 ] Request (SecurityGroupRulesNegativeTestJSON:test_create_security_group_rule_with_non_existent_id): 404 POST http://10.180.1.21/compute/v2.1/os-security-group-rules 0.970s
2024-11-29 15:40:46.992 64238 INFO tempest.lib.common.rest_client [req-d946243a-9add-4bd9-8e3d-998ac3615b42 req-d946243a-9add-4bd9-8e3d-998ac3615b42 ] Request (ServersWithSpecificFlavorTestJSON:test_verify_created_server_ephemeral_disk): 200 GET http://10.180.1.21/compute/v2.1/servers/2325430a-6b1a-41d9-bc13-fd7d98e07e9e 1.083s
2024-11-29 15:40:47.007 64222 INFO tempest.lib.common.rest_client [req-3bb318f3-70c5-4faa-bdda-0828aabd46c1 req-3bb318f3-70c5-4faa-bdda-0828aabd46c1 ] Request (KeyPairsV22TestJSON:test_keypairsv22_create_list_show): 200 GET http://10.180.1.21/compute/v2.1/os-keypairs 0.972s
2024-11-29 15:40:47.070 64236 INFO tempest.lib.common.rest_client [req-1af4abcb-65f6-4ed6-a59d-4fcdd9bc5a85 req-1af4abcb-65f6-4ed6-a59d-4fcdd9bc5a85 ] Request (ServersTestMultiNic:test_verify_duplicate_network_nics): 200 GET http://10.180.1.21/compute/v2.1/servers/ae85ff01-5625-453d-9dcf-c8417fbb6e0c 0.816s
2024-11-29 15:40:47.125 64190 INFO tempest.lib.common.rest_client [req-f3e8f80d-8366-406c-b108-22f38f275962 req-f3e8f80d-8366-406c-b108-22f38f275962 ] Request (ImagesTestJSON:test_create_image_from_stopped_server): 200 GET http://10.180.1.21/compute/v2.1/servers/ac955d73-c844-4b98-b791-7d7c749c6954 0.794s
2024-11-29 15:40:47.148 64182 INFO tempest.lib.common.rest_client [req-f012d9c5-7047-47d8-aaf0-092d1730c970 req-f012d9c5-7047-47d8-aaf0-092d1730c970 ] Request (ServerActionsTestOtherB:setUpClass): 201 POST http://10.180.1.21:9696/networking/v2.0/subnets 0.232s
2024-11-29 15:40:47.222 64178 INFO tempest.lib.common.rest_client [req-b3d399a3-acf1-467b-93cc-16b176dbb285 req-b3d399a3-acf1-467b-93cc-16b176dbb285 ] Request (ServersAdmin275Test:tearDownClass): 200 GET http://10.180.1.21:9696/networking/v2.0/security-groups?tenant_id=16aed79f7f6c4a83a922c6d0f638861b&name=default 0.445s
2024-11-29 15:40:47.282 64218 INFO tempest.lib.common.rest_client [req-328a81f1-2500-47a3-ad33-6e9a45750cb6 req-328a81f1-2500-47a3-ad33-6e9a45750cb6 ] Request (QuotasAdminTestV257:test_get_updated_quotas): 200 GET http://10.180.1.21/compute/v2.1/os-quota-sets/a51e89ce0bf24ae3bd477a6f54570f05/detail 0.848s
2024-11-29 15:40:47.323 64218 INFO tempest.lib.common.rest_client [req-5a6f0a48-008e-4e86-a441-c4c21ecec142 req-5a6f0a48-008e-4e86-a441-c4c21ecec142 ] Request (QuotasAdminTestV257:test_get_updated_quotas): 200 GET http://10.180.1.21/identity/v3/domains?name=Default 0.037s
2024-11-29 15:40:47.358 64218 INFO tempest.lib.common.rest_client [req-8facf758-6910-4335-96ae-3b4043cb6ab4 req-8facf758-6910-4335-96ae-3b4043cb6ab4 ] Request (QuotasAdminTestV257:test_get_updated_quotas): 201 POST http://10.180.1.21/identity/v3/users 0.034s
2024-11-29 15:40:47.380 64218 INFO tempest.lib.common.rest_client [req-debf42a0-a209-42fd-ab40-880062956474 req-debf42a0-a209-42fd-ab40-880062956474 ] Request (QuotasAdminTestV257:test_get_updated_quotas): 200 GET http://10.180.1.21/identity/v3/domains?name=Default 0.021s
2024-11-29 15:40:47.409 64228 INFO tempest.lib.common.rest_client [req-1cd21e1c-5bf2-4606-b365-f67d50580ba6 req-1cd21e1c-5bf2-4606-b365-f67d50580ba6 ] Request (DeleteServersAdminTestJSON:test_admin_delete_servers_of_others): 200 GET http://10.180.1.21/compute/v2.1/servers/36056842-1c0b-4f4c-a512-e250fc657620 1.197s
2024-11-29 15:40:47.430 64188 INFO tempest.lib.common.rest_client [req-a20e0f87-7693-498c-b7be-23ead6662d52 req-a20e0f87-7693-498c-b7be-23ead6662d52 ] Request (AggregatesAdminNegativeTestJSON:test_aggregate_remove_nonexistent_host): 404 POST http://10.180.1.21/compute/v2.1/os-aggregates/8/action 0.853s
2024-11-29 15:40:47.494 64204 INFO tempest.lib.common.rest_client [req-f177ad27-95da-43f5-871d-5e6e60d102ed req-f177ad27-95da-43f5-871d-5e6e60d102ed ] Request (ServersV294TestFqdnHostnames:setUpClass): 200 GET http://10.180.1.21/compute/v2.1/servers/40aa82a7-09f6-4e99-bd8b-32c500aac259 0.864s
2024-11-29 15:40:47.504 64240 INFO tempest.lib.common.rest_client [req-7c97f2c0-b3aa-42bf-b9ae-7c3706e1d962 req-7c97f2c0-b3aa-42bf-b9ae-7c3706e1d962 ] Request (ServersAdminTestJSON:setUpClass): 201 POST http://10.180.1.21:9696/networking/v2.0/routers 1.463s
2024-11-29 15:40:47.603 64178 INFO tempest.lib.common.rest_client [req-ef60d049-bd4d-4fd2-8523-bf75ac2df1ab req-ef60d049-bd4d-4fd2-8523-bf75ac2df1ab ] Request (ServersAdmin275Test:tearDownClass): 204 DELETE http://10.180.1.21:9696/networking/v2.0/security-groups/214d3e28-05e6-40e5-a8c1-894bdfa4f6b5 0.380s
2024-11-29 15:40:47.638 64234 INFO tempest.lib.common.rest_client [req-6ab5878d-8dcb-4480-be07-7e59b16f00d4 req-6ab5878d-8dcb-4480-be07-7e59b16f00d4 ] Request (ServersAdminNegativeTestJSON:setUpClass): 200 GET http://10.180.1.21/compute/v2.1/servers/f99b3d5c-9f51-4815-9507-6522e57e715f 1.140s
2024-11-29 15:40:47.643 64180 INFO tempest.lib.common.rest_client [req-018631e2-541b-46e8-b439-d2b710f598c8 req-018631e2-541b-46e8-b439-d2b710f598c8 ] Request (MigrationsAdminTest:test_list_migrations_in_flavor_resize_situation): 200 GET http://10.180.1.21/compute/v2.1/servers/8a3a433a-317c-41a8-9aa6-32d2d3ecaca1 0.962s
2024-11-29 15:40:47.702 64178 INFO tempest.lib.common.rest_client [req-383c6dda-c1dd-450c-83b9-7d6c39f86d14 req-383c6dda-c1dd-450c-83b9-7d6c39f86d14 ] Request (ServersAdmin275Test:tearDownClass): 204 DELETE http://10.180.1.21/identity/v3/projects/16aed79f7f6c4a83a922c6d0f638861b 0.099s
2024-11-29 15:40:47.716 64192 INFO tempest.lib.common.rest_client [req-ac57421e-82fa-4eff-bcd6-ff609c2bb372 req-ac57421e-82fa-4eff-bcd6-ff609c2bb372 ] Request (FlavorsV2TestJSON:test_get_flavor): 200 GET http://10.180.1.21/compute/v2.1/flavors/42 1.025s
2024-11-29 15:40:47.763 64178 INFO tempest.lib.common.rest_client [req-94a552fc-9c9f-4ba8-aa8a-e27912c98795 req-94a552fc-9c9f-4ba8-aa8a-e27912c98795 ] Request (ImagesDeleteNegativeTestJSON:setUpClass): 201 POST http://10.180.1.21/identity/v3/auth/tokens 0.058s
2024-11-29 15:40:47.798 64178 INFO tempest.lib.common.rest_client [req-0dc7d584-54f2-41cf-8044-25914dd30c75 req-0dc7d584-54f2-41cf-8044-25914dd30c75 ] Request (ImagesDeleteNegativeTestJSON:setUpClass): 201 POST http://10.180.1.21/identity/v3/auth/tokens 0.032s
2024-11-29 15:40:47.819 64178 INFO tempest.lib.common.rest_client [req-71f9124b-6e95-4dcf-a2f5-1ca19bec0894 req-71f9124b-6e95-4dcf-a2f5-1ca19bec0894 ] Request (ImagesDeleteNegativeTestJSON:setUpClass): 200 GET http://10.180.1.21/identity/v3/domains?name=Default 0.020s
2024-11-29 15:40:47.826 64184 INFO tempest.lib.common.rest_client [req-ac002671-ad8f-4d79-9d13-da24f37772b3 req-ac002671-ad8f-4d79-9d13-da24f37772b3 ] Request (SecurityGroupRulesTestJSON:tearDownClass): 202 DELETE http://10.180.1.21/compute/v2.1/os-security-groups/f84f28bc-bd38-45e9-8999-1ff248fdcef7 1.091s
2024-11-29 15:40:47.854 64178 INFO tempest.lib.common.rest_client [req-4f894055-9645-48b6-bd1c-ecf1c94548dd req-4f894055-9645-48b6-bd1c-ecf1c94548dd ] Request (ImagesDeleteNegativeTestJSON:setUpClass): 201 POST http://10.180.1.21/identity/v3/projects 0.034s
2024-11-29 15:40:47.865 64200 INFO tempest.lib.common.rest_client [req-5ae8397d-6f1c-4f01-ae8b-41e76d61e5d0 req-5ae8397d-6f1c-4f01-ae8b-41e76d61e5d0 ] Request (ServerDiagnosticsTest:test_get_server_diagnostics): 200 GET http://10.180.1.21/compute/v2.1/servers/41046d8c-861e-4bb4-8f7f-ae7c4d494964 1.058s
2024-11-29 15:40:47.928 64178 INFO tempest.lib.common.rest_client [req-e3425f28-aad9-48fc-b58f-129f0a36b6a2 req-e3425f28-aad9-48fc-b58f-129f0a36b6a2 ] Request (ImagesDeleteNegativeTestJSON:setUpClass): 201 POST http://10.180.1.21/identity/v3/users 0.074s
2024-11-29 15:40:47.938 64202 INFO tempest.lib.common.rest_client [req-c0fe2711-ac63-4d92-afb0-9e6047190e79 req-c0fe2711-ac63-4d92-afb0-9e6047190e79 ] Request (DeleteServersTestJSON:test_delete_active_server): 200 GET http://10.180.1.21/compute/v2.1/servers/bca2d5b3-2ec6-4b98-859e-5ae9d49eb23c 1.049s
2024-11-29 15:40:47.956 64214 INFO tempest.lib.common.rest_client [req-fd410efa-2658-4187-8316-34c3570409df req-fd410efa-2658-4187-8316-34c3570409df ] Request (FlavorsAdminTestJSON:test_is_public_string_variations): 200 GET http://10.180.1.21/compute/v2.1/flavors/detail?is_public=1 1.059s
2024-11-29 15:40:47.968 64178 INFO tempest.lib.common.rest_client [req-9815d1bc-6cd6-466d-997e-8b16d148f3a9 req-9815d1bc-6cd6-466d-997e-8b16d148f3a9 ] Request (ImagesDeleteNegativeTestJSON:setUpClass): 200 GET http://10.180.1.21/identity/v3/roles 0.039s
2024-11-29 15:40:47.975 64212 INFO tempest.lib.common.rest_client [req-fee2bad4-8397-4c51-8c91-5873f3966cc8 req-fee2bad4-8397-4c51-8c91-5873f3966cc8 ] Request (ListImageFiltersTestJSON:setUpClass): 200 GET http://10.180.1.21/compute/v2.1/servers/31e6ec86-cf5a-438c-ad8f-aad775fbb376 1.120s
2024-11-29 15:40:48.020 64178 INFO tempest.lib.common.rest_client [req-4cfc24b4-e866-4413-a861-e00f1591dffc req-4cfc24b4-e866-4413-a861-e00f1591dffc ] Request (ImagesDeleteNegativeTestJSON:setUpClass): 204 PUT http://10.180.1.21/identity/v3/projects/ae75b72b06d344d6b5fc40bd72e206e2/users/d0ba0fab17064eacb04dd947d3010231/roles/0972c31557bf4f0e95749f2972841774 0.051s
2024-11-29 15:40:48.020 64178 INFO tempest.lib.common.dynamic_creds [-] Dynamic test user d0ba0fab17064eacb04dd947d3010231 is created with scope project and roles: ['member']
2024-11-29 15:40:48.020 64178 INFO tempest.lib.common.dynamic_creds [-] Acquired dynamic creds: credentials: Credentials: {'domain_id': 'default', 'domain_name': 'Default', 'username': 'tempest-ImagesDeleteNegativeTestJSON-161434972-project-member', 'project_domain_id': 'default', 'project_domain_name': 'Default', 'project_id': 'ae75b72b06d344d6b5fc40bd72e206e2', 'project_name': 'tempest-ImagesDeleteNegativeTestJSON-161434972', 'tenant_id': 'ae75b72b06d344d6b5fc40bd72e206e2', 'tenant_name': 'tempest-ImagesDeleteNegativeTestJSON-161434972', 'user_domain_id': 'default', 'user_domain_name': 'Default', 'user_id': 'd0ba0fab17064eacb04dd947d3010231', 'system': None}, Network: None, Subnet: None, Router: None
2024-11-29 15:40:48.020 64178 INFO tempest.lib.common.dynamic_creds [-] Created isolated network resources for: credentials: Credentials: {'domain_id': 'default', 'domain_name': 'Default', 'username': 'tempest-ImagesDeleteNegativeTestJSON-161434972-project-member', 'project_domain_id': 'default', 'project_domain_name': 'Default', 'project_id': 'ae75b72b06d344d6b5fc40bd72e206e2', 'project_name': 'tempest-ImagesDeleteNegativeTestJSON-161434972', 'tenant_id': 'ae75b72b06d344d6b5fc40bd72e206e2', 'tenant_name': 'tempest-ImagesDeleteNegativeTestJSON-161434972', 'user_domain_id': 'default', 'user_domain_name': 'Default', 'user_id': 'd0ba0fab17064eacb04dd947d3010231', 'system': None}, Network: None, Subnet: None, Router: None
2024-11-29 15:40:48.026 64230 INFO tempest.lib.common.rest_client [req-f6272f96-d344-41d5-9907-e47b41edf7f9 req-f6272f96-d344-41d5-9907-e47b41edf7f9 ] Request (ImagesOneServerTestJSON:setUpClass): 200 GET http://10.180.1.21/compute/v2.1/servers/871ae746-5bc6-4979-80be-9f67d0db5301 1.068s
2024-11-29 15:40:48.046 64198 INFO tempest.lib.common.rest_client [req-794abff2-01ea-4011-a141-dc815c6c17b0 req-794abff2-01ea-4011-a141-dc815c6c17b0 ] Request (SecurityGroupRulesNegativeTestJSON:test_delete_security_group_rule_with_non_existent_id): 404 DELETE http://10.180.1.21/compute/v2.1/os-security-group-rules/bca8bd00-4407-43eb-8fee-547ac529bf14 1.055s
2024-11-29 15:40:48.057 64206 INFO tempest.lib.common.rest_client [req-9f3cf219-dfc7-4605-ac9b-d20f110c9fe5 req-9f3cf219-dfc7-4605-ac9b-d20f110c9fe5 ] Request (FloatingIPsAssociationNegativeTestJSON:setUpClass): 200 GET http://10.180.1.21/compute/v2.1/servers/34e97fca-5664-418e-bb12-8c16ddb3b0c9 1.097s
2024-11-29 15:40:48.067 64222 INFO tempest.lib.common.rest_client [req-17d1e191-8b87-41ba-ad3c-b1ce26ebf281 req-17d1e191-8b87-41ba-ad3c-b1ce26ebf281 ] Request (KeyPairsV22TestJSON:_run_cleanups): 204 DELETE http://10.180.1.21/compute/v2.1/os-keypairs/tempest-keypair-2110808701 1.058s
2024-11-29 15:40:48.126 64178 INFO tempest.lib.common.rest_client [req-9eba6216-50bf-4dfc-acf0-a7d59f971183 req-9eba6216-50bf-4dfc-acf0-a7d59f971183 ] Request (ImagesDeleteNegativeTestJSON:setUpClass): 201 POST http://10.180.1.21/identity/v3/auth/tokens 0.102s
2024-11-29 15:40:48.239 64194 INFO tempest.lib.common.rest_client [req-23034f25-fa4a-48a0-a3b4-7eb6b2a27460 req-23034f25-fa4a-48a0-a3b4-7eb6b2a27460 ] Request (ServersTestFqdnHostnames:test_create_server_with_fqdn_name): 200 GET http://10.180.1.21/compute/v2.1/servers/ebcc4aaa-3506-4b4f-80da-532c3f7bb891 0.888s
2024-11-29 15:40:48.264 64188 INFO tempest.lib.common.rest_client [req-9d40bed6-09d5-47ab-b290-9881844a3b1d req-9d40bed6-09d5-47ab-b290-9881844a3b1d ] Request (AggregatesAdminNegativeTestJSON:_run_cleanups): 200 DELETE http://10.180.1.21/compute/v2.1/os-aggregates/8 0.833s
2024-11-29 15:40:48.299 64218 INFO tempest.lib.common.rest_client [req-fa145962-f774-4344-9c16-78b51dc1af66 req-fa145962-f774-4344-9c16-78b51dc1af66 ] Request (QuotasAdminTestV257:test_get_updated_quotas): 200 PUT http://10.180.1.21/compute/v2.1/os-quota-sets/a51e89ce0bf24ae3bd477a6f54570f05?user_id=ddaffb9bb60a4122a075f119e5e930f9 0.919s
2024-11-29 15:40:48.358 64220 INFO tempest.lib.common.rest_client [req-9e0d4071-5197-4571-bf7d-0d0b8459511f req-9e0d4071-5197-4571-bf7d-0d0b8459511f ] Request (AttachVolumeTestJSON:test_attach_detach_volume): 200 GET http://10.180.1.21/compute/v2.1/servers/24dfefdd-8357-4f82-aaf0-9f6e6907291f 0.853s
2024-11-29 15:40:48.360 64182 INFO tempest.lib.common.rest_client [req-5d4dff19-ee6a-4766-b936-5e2c4edc2534 req-5d4dff19-ee6a-4766-b936-5e2c4edc2534 ] Request (ServerActionsTestOtherB:setUpClass): 201 POST http://10.180.1.21:9696/networking/v2.0/routers 1.211s
2024-11-29 15:40:48.420 64188 INFO tempest.lib.common.rest_client [req-ec6e7eef-b3d7-4862-8ed7-d7c48b7995e7 req-ec6e7eef-b3d7-4862-8ed7-d7c48b7995e7 ] Request (AggregatesAdminNegativeTestJSON:tearDownClass): 204 DELETE http://10.180.1.21/identity/v3/users/c1572141540c40edaf373e1742fced2d 0.154s
2024-11-29 15:40:48.425 64224 INFO tempest.lib.common.rest_client [req-5538881f-3651-4ca2-a599-4604f7223832 req-5538881f-3651-4ca2-a599-4604f7223832 ] Request (VolumesAssistedSnapshotsTest:test_volume_assisted_snapshot_create_delete): 200 GET http://10.180.1.21/compute/v2.1/servers/b8993737-d2ef-4987-8c91-d1320771434a 0.924s
2024-11-29 15:40:48.442 64186 INFO tempest.lib.common.rest_client [req-bfd40641-fdea-4e57-9e05-cbd5ffed5da4 req-bfd40641-fdea-4e57-9e05-cbd5ffed5da4 ] Request (TenantUsagesTestJSON:setUpClass): 200 GET http://10.180.1.21/compute/v2.1/servers/daea8bd9-5d0a-40e3-9353-28785d5fd7ca 0.884s
2024-11-29 15:40:48.464 64192 INFO tempest.lib.common.rest_client [req-f75d6f98-2be1-4086-83de-277d815608e8 req-f75d6f98-2be1-4086-83de-277d815608e8 ] Request (FlavorsV2TestJSON:test_list_flavors): 200 GET http://10.180.1.21/compute/v2.1/flavors 0.744s
2024-11-29 15:40:48.547 64210 INFO tempest.lib.common.rest_client [req-c7a7b063-05a4-4aa7-9f18-07015d3f4627 req-c7a7b063-05a4-4aa7-9f18-07015d3f4627 ] Request (InstanceActionsTestJSON:setUpClass): 200 GET http://10.180.1.21/compute/v2.1/servers/8ea5b2d1-bfc8-4531-b5fe-60926e4950d5 0.738s
2024-11-29 15:40:48.559 64188 INFO tempest.lib.common.rest_client [req-2fed194e-f1f7-4591-ab6e-33c214f6623d req-2fed194e-f1f7-4591-ab6e-33c214f6623d ] Request (AggregatesAdminNegativeTestJSON:tearDownClass): 204 DELETE http://10.180.1.21/identity/v3/users/e9f3d7cb5c40438389ec5f690950e2b0 0.138s
2024-11-29 15:40:48.559 64188 INFO tempest.lib.common.dynamic_creds [-] Deleting project and security group for project: ecc1bd8c57574805b52f3945f54a35c2
2024-11-29 15:40:48.626 64226 INFO tempest.lib.common.rest_client [req-8c7d4abe-b9de-4a6a-a8e8-588f1a96cd1f req-8c7d4abe-b9de-4a6a-a8e8-588f1a96cd1f ] Request (AttachInterfacesTestJSON:test_create_list_show_delete_interfaces_by_fixed_ip): 200 GET http://10.180.1.21/compute/v2.1/servers/b8231080-7a09-4e00-ab2b-e9ff4abf352a 0.802s
2024-11-29 15:40:48.636 64188 INFO tempest.lib.common.rest_client [req-27c8ac07-4c3b-4823-b702-5249c30d5443 req-27c8ac07-4c3b-4823-b702-5249c30d5443 ] Request (AggregatesAdminNegativeTestJSON:tearDownClass): 201 POST http://10.180.1.21/identity/v3/auth/tokens 0.077s
2024-11-29 15:40:48.705 64196 INFO tempest.lib.common.rest_client [req-e680f843-eb5f-446d-a339-a109807ec8ef req-e680f843-eb5f-446d-a339-a109807ec8ef ] Request (ServerMetadataNegativeTestJSON:setUpClass): 200 GET http://10.180.1.21/compute/v2.1/servers/f2c66aa6-4406-4cfa-8a13-c382eebed6bc 0.945s
2024-11-29 15:40:48.799 64216 INFO tempest.lib.common.rest_client [req-29b1b101-3a6c-4379-a7c8-c5b749017e52 req-29b1b101-3a6c-4379-a7c8-c5b749017e52 ] Request (ServerDiagnosticsV248Test:test_get_server_diagnostics): 200 GET http://10.180.1.21/compute/v2.1/servers/5413b152-2cd7-41c4-bf18-bd3d51971a6e 0.917s
2024-11-29 15:40:48.822 64214 INFO tempest.lib.common.rest_client [req-3a0b2727-0a3f-4c32-be19-45e3191d1fad req-3a0b2727-0a3f-4c32-be19-45e3191d1fad ] Request (FlavorsAdminTestJSON:_run_cleanups): 202 DELETE http://10.180.1.21/compute/v2.1/flavors/515503783 0.860s
2024-11-29 15:40:48.877 64232 INFO tempest.lib.common.rest_client [req-cf8d5e04-47fc-4fc8-b477-4f8691a08b52 req-cf8d5e04-47fc-4fc8-b477-4f8691a08b52 ] Request (AttachInterfacesUnderV243Test:test_add_remove_fixed_ip): 200 GET http://10.180.1.21/compute/v2.1/servers/5bafa3d0-3619-4d7e-b625-9b389394738f 0.907s
2024-11-29 15:40:48.961 64240 INFO tempest.lib.common.rest_client [req-15272aad-1012-483f-9a04-3e03eb57a4f2 req-15272aad-1012-483f-9a04-3e03eb57a4f2 ] Request (ServersAdminTestJSON:setUpClass): 200 PUT http://10.180.1.21:9696/networking/v2.0/routers/60ea79ce-5ce5-4b22-a0af-aad4e7b02ff4/add_router_interface 1.457s
2024-11-29 15:40:48.962 64240 INFO tempest.lib.common.dynamic_creds [-] Created isolated network resources for: credentials: Credentials: {'domain_id': 'default', 'domain_name': 'Default', 'username': 'tempest-ServersAdminTestJSON-1736516343-project-admin', 'project_domain_id': 'default', 'project_domain_name': 'Default', 'project_id': 'f218ad8e2942499cb2402c2977ab59b6', 'project_name': 'tempest-ServersAdminTestJSON-1736516343', 'tenant_id': 'f218ad8e2942499cb2402c2977ab59b6', 'tenant_name': 'tempest-ServersAdminTestJSON-1736516343', 'user_domain_id': 'default', 'user_domain_name': 'Default', 'user_id': 'fe731e59d87b45dda88288b48e04b105', 'system': None}, Network: {'id': 'ea4df3e8-fd50-47a0-bbc2-8762158d4ac2', 'name': 'tempest-ServersAdminTestJSON-1852318247-network', 'tenant_id': 'f218ad8e2942499cb2402c2977ab59b6', 'admin_state_up': True, 'mtu': 8950, 'status': 'ACTIVE', 'subnets': [], 'shared': False, 'project_id': 'f218ad8e2942499cb2402c2977ab59b6', 'port_security_enabled': True, 'router:external': False, 'provider:network_type': 'vlan', 'provider:physical_network': 'default', 'provider:segmentation_id': 329, 'is_default': False, 'availability_zone_hints': [], 'availability_zones': [], 'ipv4_address_scope': None, 'ipv6_address_scope': None, 'description': '', 'tags': [], 'created_at': '2024-11-29T15:40:45Z', 'updated_at': '2024-11-29T15:40:45Z', 'revision_number': 1}, Subnet: {'id': 'c143b2b2-7c3d-440d-a021-1e1e3548084c', 'name': 'tempest-ServersAdminTestJSON-1852318247-subnet', 'tenant_id': 'f218ad8e2942499cb2402c2977ab59b6', 'network_id': 'ea4df3e8-fd50-47a0-bbc2-8762158d4ac2', 'ip_version': 4, 'subnetpool_id': None, 'enable_dhcp': True, 'ipv6_ra_mode': None, 'ipv6_address_mode': None, 'gateway_ip': '192.168.128.1', 'cidr': '192.168.128.0/28', 'allocation_pools': [{'start': '192.168.128.2', 'end': '192.168.128.14'}], 'host_routes': [], 'dns_nameservers': [], 'description': '', 'service_types': [], 'tags': [], 'created_at': '2024-11-29T15:40:45Z', 'updated_at': '2024-11-29T15:40:45Z', 'revision_number': 0, 'project_id': 'f218ad8e2942499cb2402c2977ab59b6'}, Router: {'id': '60ea79ce-5ce5-4b22-a0af-aad4e7b02ff4', 'name': 'tempest-ServersAdminTestJSON-1852318247-router', 'tenant_id': 'f218ad8e2942499cb2402c2977ab59b6', 'admin_state_up': True, 'status': 'ACTIVE', 'external_gateway_info': {'network_id': '0e66bf3d-9120-494d-a6b1-acc1b2adc8bb', 'external_fixed_ips': [{'subnet_id': 'dfaa2f64-3527-4f12-bf12-f05e186afe8d', 'ip_address': '10.180.180.155'}], 'enable_snat': True}, 'description': '', 'availability_zones': [], 'distributed': False, 'ha': False, 'availability_zone_hints': [], 'routes': [], 'flavor_id': None, 'tags': [], 'created_at': '2024-11-29T15:40:46Z', 'updated_at': '2024-11-29T15:40:46Z', 'revision_number': 2, 'project_id': 'f218ad8e2942499cb2402c2977ab59b6'}
2024-11-29 15:40:48.993 64238 INFO tempest.lib.common.rest_client [req-eaced726-4a46-48d5-9286-bbcb673b8de1 req-eaced726-4a46-48d5-9286-bbcb673b8de1 ] Request (ServersWithSpecificFlavorTestJSON:test_verify_created_server_ephemeral_disk): 200 GET http://10.180.1.21/compute/v2.1/servers/2325430a-6b1a-41d9-bc13-fd7d98e07e9e 0.987s
2024-11-29 15:40:49.030 64188 INFO tempest.lib.common.rest_client [req-a7257835-2b34-403f-8db1-cd92edfc6f1f req-a7257835-2b34-403f-8db1-cd92edfc6f1f ] Request (AggregatesAdminNegativeTestJSON:tearDownClass): 200 GET http://10.180.1.21:9696/networking/v2.0/security-groups?tenant_id=ecc1bd8c57574805b52f3945f54a35c2&name=default 0.393s
2024-11-29 15:40:49.072 64240 INFO tempest.lib.common.rest_client [req-1dc71449-d24a-42c4-8e51-5d109557966a req-1dc71449-d24a-42c4-8e51-5d109557966a ] Request (ServersAdminTestJSON:setUpClass): 201 POST http://10.180.1.21/identity/v3/auth/tokens 0.107s
2024-11-29 15:40:49.141 64240 INFO tempest.lib.common.rest_client [req-5e13f38d-6235-4a71-b121-9536cdd46ef0 req-5e13f38d-6235-4a71-b121-9536cdd46ef0 ] Request (ServersAdminTestJSON:setUpClass): 201 POST http://10.180.1.21/identity/v3/auth/tokens 0.066s
2024-11-29 15:40:49.142 64240 INFO tempest.lib.common.fixed_network [-] (ServersAdminTestJSON:setUpClass) Found network {'id': '78cb6d2a-235e-4e39-8f13-d98c2c37deea', 'name': 'tempest-ServersAdminTestJSON-81579246-network', 'tenant_id': '3ee04389e1a74801a3e6c376f8dd9895', 'admin_state_up': True, 'mtu': 8950, 'status': 'ACTIVE', 'subnets': [], 'shared': False, 'project_id': '3ee04389e1a74801a3e6c376f8dd9895', 'port_security_enabled': True, 'router:external': False, 'provider:network_type': 'vlan', 'provider:physical_network': 'default', 'provider:segmentation_id': 644, 'is_default': False, 'availability_zone_hints': [], 'availability_zones': [], 'ipv4_address_scope': None, 'ipv6_address_scope': None, 'description': '', 'tags': [], 'created_at': '2024-11-29T15:40:40Z', 'updated_at': '2024-11-29T15:40:40Z', 'revision_number': 1} available for tenant
2024-11-29 15:40:49.165 64188 INFO tempest.lib.common.rest_client [req-284a20aa-2800-4187-a863-14750bee5047 req-284a20aa-2800-4187-a863-14750bee5047 ] Request (AggregatesAdminNegativeTestJSON:tearDownClass): 204 DELETE http://10.180.1.21:9696/networking/v2.0/security-groups/e9b2ab66-819d-4bbf-9455-ce02d96d85e6 0.134s
2024-11-29 15:40:49.179 64198 INFO tempest.lib.common.rest_client [req-f65b04e4-877f-42e7-b503-c2431293ec01 req-f65b04e4-877f-42e7-b503-c2431293ec01 ] Request (SecurityGroupRulesNegativeTestJSON:tearDownClass): 202 DELETE http://10.180.1.21/compute/v2.1/os-security-groups/3c4b9776-f7c0-4e47-a96a-f9c8621e6751 1.131s
2024-11-29 15:40:49.243 64184 INFO tempest.lib.common.rest_client [req-1c1f64af-f037-49dc-beb3-f3f7329da9d5 req-1c1f64af-f037-49dc-beb3-f3f7329da9d5 ] Request (SecurityGroupRulesTestJSON:tearDownClass): 202 DELETE http://10.180.1.21/compute/v2.1/os-security-groups/28debecd-19e4-46db-9b62-f3083a824459 1.415s
2024-11-29 15:40:49.248 64188 INFO tempest.lib.common.rest_client [req-e925680d-59f9-408f-9f90-3792d82ff972 req-e925680d-59f9-408f-9f90-3792d82ff972 ] Request (AggregatesAdminNegativeTestJSON:tearDownClass): 204 DELETE http://10.180.1.21/identity/v3/projects/ecc1bd8c57574805b52f3945f54a35c2 0.083s
2024-11-29 15:40:49.249 64188 INFO tempest.lib.common.dynamic_creds [-] Deleting project and security group for project: c4f3e454565e4545b5f585feea85dae7
2024-11-29 15:40:49.327 64236 INFO tempest.lib.common.rest_client [req-78ff1ede-89fe-4edb-ab01-7b1a5b23bdbd req-78ff1ede-89fe-4edb-ab01-7b1a5b23bdbd ] Request (ServersTestMultiNic:test_verify_duplicate_network_nics): 200 GET http://10.180.1.21/compute/v2.1/servers/ae85ff01-5625-453d-9dcf-c8417fbb6e0c 1.246s
2024-11-29 15:40:49.344 64188 INFO tempest.lib.common.rest_client [req-759eacb3-0f9f-440e-b24d-c69b20430cea req-759eacb3-0f9f-440e-b24d-c69b20430cea ] Request (AggregatesAdminNegativeTestJSON:tearDownClass): 200 GET http://10.180.1.21:9696/networking/v2.0/security-groups?tenant_id=c4f3e454565e4545b5f585feea85dae7&name=default 0.094s
2024-11-29 15:40:49.415 64188 INFO tempest.lib.common.rest_client [req-ea60ac55-ec35-4b1c-b3d3-d3476478f877 req-ea60ac55-ec35-4b1c-b3d3-d3476478f877 ] Request (AggregatesAdminNegativeTestJSON:tearDownClass): 204 DELETE http://10.180.1.21:9696/networking/v2.0/security-groups/9a95c784-2ba8-40c1-8d6c-481a8cf03805 0.069s
2024-11-29 15:40:49.467 64222 INFO tempest.lib.common.rest_client [req-c0b8a9ec-2a30-4358-aafa-08999777e7d4 req-c0b8a9ec-2a30-4358-aafa-08999777e7d4 ] Request (KeyPairsV22TestJSON:test_keypairsv22_create_list_show_with_type): 201 POST http://10.180.1.21/compute/v2.1/os-keypairs 1.399s
2024-11-29 15:40:49.483 64178 INFO tempest.lib.common.rest_client [req-e7cf2929-9bca-4f8d-9c46-f8259ea22f1d req-e7cf2929-9bca-4f8d-9c46-f8259ea22f1d ] Request (ImagesDeleteNegativeTestJSON:test_delete_image_blank_id): 404 DELETE http://10.180.1.21/compute/v2.1/images/ 1.355s
2024-11-29 15:40:49.533 64190 INFO tempest.lib.common.rest_client [req-e368398f-af94-4a17-aadf-ccb16632a633 req-e368398f-af94-4a17-aadf-ccb16632a633 ] Request (ImagesTestJSON:test_create_image_from_stopped_server): 200 GET http://10.180.1.21/compute/v2.1/servers/ac955d73-c844-4b98-b791-7d7c749c6954 1.402s
2024-11-29 15:40:49.547 64188 INFO tempest.lib.common.rest_client [req-19029226-7052-4d86-b013-5c0d7e24295a req-19029226-7052-4d86-b013-5c0d7e24295a ] Request (AggregatesAdminNegativeTestJSON:tearDownClass): 204 DELETE http://10.180.1.21/identity/v3/projects/c4f3e454565e4545b5f585feea85dae7 0.132s
2024-11-29 15:40:49.609 64218 INFO tempest.lib.common.rest_client [req-9a3dcabd-5080-4e93-a49c-cfcba64bd206 req-9a3dcabd-5080-4e93-a49c-cfcba64bd206 ] Request (QuotasAdminTestV257:test_get_updated_quotas): 200 GET http://10.180.1.21/compute/v2.1/os-quota-sets/a51e89ce0bf24ae3bd477a6f54570f05?user_id=ddaffb9bb60a4122a075f119e5e930f9 1.307s
2024-11-29 15:40:49.620 64188 INFO tempest.lib.common.rest_client [req-d18e95f1-c59f-45b9-9e9d-cc004c06eee6 req-d18e95f1-c59f-45b9-9e9d-cc004c06eee6 ] Request (VolumesAdminNegativeTest:setUpClass): 201 POST http://10.180.1.21/identity/v3/auth/tokens 0.071s
2024-11-29 15:40:49.627 64192 INFO tempest.lib.common.rest_client [req-ceb832b6-0d69-4063-a427-5cfa6e332e8a req-ceb832b6-0d69-4063-a427-5cfa6e332e8a ] Request (FlavorsV2TestJSON:test_list_flavors): 200 GET http://10.180.1.21/compute/v2.1/flavors/42 1.160s
2024-11-29 15:40:49.667 64228 INFO tempest.lib.common.rest_client [req-9df7c15e-6946-44cc-92e8-b7a692761c67 req-9df7c15e-6946-44cc-92e8-b7a692761c67 ] Request (DeleteServersAdminTestJSON:test_admin_delete_servers_of_others): 200 GET http://10.180.1.21/compute/v2.1/servers/36056842-1c0b-4f4c-a512-e250fc657620 1.250s
2024-11-29 15:40:49.701 64204 INFO tempest.lib.common.rest_client [req-1dfc16cb-f251-45bf-bceb-1d74cd42fd2c req-1dfc16cb-f251-45bf-bceb-1d74cd42fd2c ] Request (ServersV294TestFqdnHostnames:setUpClass): 200 GET http://10.180.1.21/compute/v2.1/servers/40aa82a7-09f6-4e99-bd8b-32c500aac259 1.192s
2024-11-29 15:40:49.720 64218 INFO tempest.lib.common.rest_client [req-3d9fdda1-8970-4a39-816c-e4b648857ee0 req-3d9fdda1-8970-4a39-816c-e4b648857ee0 ] Request (QuotasAdminTestV257:_run_cleanups): 204 DELETE http://10.180.1.21/identity/v3/users/ddaffb9bb60a4122a075f119e5e930f9 0.109s
2024-11-29 15:40:49.749 64188 INFO tempest.lib.common.rest_client [req-59b8cfbc-c6a2-4c7f-9743-5e6dd2ebfcd3 req-59b8cfbc-c6a2-4c7f-9743-5e6dd2ebfcd3 ] Request (VolumesAdminNegativeTest:setUpClass): 201 POST http://10.180.1.21/identity/v3/auth/tokens 0.072s
2024-11-29 15:40:49.786 64234 INFO tempest.lib.common.rest_client [req-1dcdb831-dd3d-45ba-ae74-fdcc9aae50f3 req-1dcdb831-dd3d-45ba-ae74-fdcc9aae50f3 ] Request (ServersAdminNegativeTestJSON:setUpClass): 200 GET http://10.180.1.21/compute/v2.1/servers/f99b3d5c-9f51-4815-9507-6522e57e715f 1.142s
2024-11-29 15:40:49.806 64214 INFO tempest.lib.common.rest_client [req-28e5dffb-6a2d-46a4-897e-45486ab79dc4 req-28e5dffb-6a2d-46a4-897e-45486ab79dc4 ] Request (FlavorsAdminTestJSON:_run_cleanups): 200 GET http://10.180.1.21/compute/v2.1/flavors/detail 0.983s
2024-11-29 15:40:49.809 64188 INFO tempest.lib.common.rest_client [req-2d707269-adc4-4780-87ec-82714766325e req-2d707269-adc4-4780-87ec-82714766325e ] Request (VolumesAdminNegativeTest:setUpClass): 200 GET http://10.180.1.21/identity/v3/domains?name=Default 0.059s
2024-11-29 15:40:49.832 64218 INFO tempest.lib.common.rest_client [req-5ce49d59-bd9d-4215-a7e3-43f5f1bdde35 req-5ce49d59-bd9d-4215-a7e3-43f5f1bdde35 ] Request (QuotasAdminTestV257:_run_cleanups): 204 DELETE http://10.180.1.21/identity/v3/projects/a51e89ce0bf24ae3bd477a6f54570f05 0.111s
2024-11-29 15:40:49.866 64180 INFO tempest.lib.common.rest_client [req-d51ee0e0-a32b-478a-bb45-ed52145e3ed2 req-d51ee0e0-a32b-478a-bb45-ed52145e3ed2 ] Request (MigrationsAdminTest:test_list_migrations_in_flavor_resize_situation): 200 GET http://10.180.1.21/compute/v2.1/servers/8a3a433a-317c-41a8-9aa6-32d2d3ecaca1 1.210s
2024-11-29 15:40:49.906 64188 INFO tempest.lib.common.rest_client [req-d0260050-df4d-41e6-814c-e519395288b3 req-d0260050-df4d-41e6-814c-e519395288b3 ] Request (VolumesAdminNegativeTest:setUpClass): 201 POST http://10.180.1.21/identity/v3/projects 0.096s
2024-11-29 15:40:49.933 64200 INFO tempest.lib.common.rest_client [req-879a43d4-a6e9-4e20-ad42-22ac1bf76942 req-879a43d4-a6e9-4e20-ad42-22ac1bf76942 ] Request (ServerDiagnosticsTest:test_get_server_diagnostics): 200 GET http://10.180.1.21/compute/v2.1/servers/41046d8c-861e-4bb4-8f7f-ae7c4d494964 1.058s
2024-11-29 15:40:49.951 64202 INFO tempest.lib.common.rest_client [req-03f52957-b297-41f9-8346-4657a6156919 req-03f52957-b297-41f9-8346-4657a6156919 ] Request (DeleteServersTestJSON:test_delete_active_server): 200 GET http://10.180.1.21/compute/v2.1/servers/bca2d5b3-2ec6-4b98-859e-5ae9d49eb23c 1.004s
2024-11-29 15:40:49.959 64218 INFO tempest.lib.common.rest_client [req-8d2e7cb7-028d-4c58-8220-cbdb88a1f81c req-8d2e7cb7-028d-4c58-8220-cbdb88a1f81c ] Request (QuotasAdminTestV257:tearDownClass): 204 DELETE http://10.180.1.21/identity/v3/users/1407df84c4e84f31b90810fcfdcb8f40 0.119s
2024-11-29 15:40:50.020 64230 INFO tempest.lib.common.rest_client [req-8e80f4c0-eae9-46fb-8cfc-1fedc3279e2b req-8e80f4c0-eae9-46fb-8cfc-1fedc3279e2b ] Request (ImagesOneServerTestJSON:setUpClass): 200 GET http://10.180.1.21/compute/v2.1/servers/871ae746-5bc6-4979-80be-9f67d0db5301 0.983s
2024-11-29 15:40:50.030 64188 INFO tempest.lib.common.rest_client [req-3515836d-c2a6-4fed-9b22-fcf5b1cb5320 req-3515836d-c2a6-4fed-9b22-fcf5b1cb5320 ] Request (VolumesAdminNegativeTest:setUpClass): 201 POST http://10.180.1.21/identity/v3/users 0.123s
2024-11-29 15:40:50.062 64188 INFO tempest.lib.common.rest_client [req-8e6c27fc-1937-4f47-977d-48386b1c904f req-8e6c27fc-1937-4f47-977d-48386b1c904f ] Request (VolumesAdminNegativeTest:setUpClass): 200 GET http://10.180.1.21/identity/v3/roles 0.031s
2024-11-29 15:40:50.080 64212 INFO tempest.lib.common.rest_client [req-552bc952-3993-4fa1-8986-bc17f23d29e3 req-552bc952-3993-4fa1-8986-bc17f23d29e3 ] Request (ListImageFiltersTestJSON:setUpClass): 200 GET http://10.180.1.21/compute/v2.1/servers/31e6ec86-cf5a-438c-ad8f-aad775fbb376 1.092s
2024-11-29 15:40:50.110 64206 INFO tempest.lib.common.rest_client [req-0897f85d-8beb-4971-b37b-5e1b12eaadf2 req-0897f85d-8beb-4971-b37b-5e1b12eaadf2 ] Request (FloatingIPsAssociationNegativeTestJSON:setUpClass): 200 GET http://10.180.1.21/compute/v2.1/servers/34e97fca-5664-418e-bb12-8c16ddb3b0c9 1.043s
2024-11-29 15:40:50.111 64188 INFO tempest.lib.common.rest_client [req-65ff5cfa-c396-4c23-a1ef-2b9ca233c115 req-65ff5cfa-c396-4c23-a1ef-2b9ca233c115 ] Request (VolumesAdminNegativeTest:setUpClass): 204 PUT http://10.180.1.21/identity/v3/projects/120c7af4e6fb4c8381099c725a1c04b4/users/a1ef5b94f3064ffeaf2412ce6d0ee024/roles/0972c31557bf4f0e95749f2972841774 0.049s
2024-11-29 15:40:50.112 64188 INFO tempest.lib.common.dynamic_creds [-] Dynamic test user a1ef5b94f3064ffeaf2412ce6d0ee024 is created with scope project and roles: ['member']
2024-11-29 15:40:50.112 64188 INFO tempest.lib.common.dynamic_creds [-] Acquired dynamic creds: credentials: Credentials: {'domain_id': 'default', 'domain_name': 'Default', 'username': 'tempest-VolumesAdminNegativeTest-1802963962-project-member', 'project_domain_id': 'default', 'project_domain_name': 'Default', 'project_id': '120c7af4e6fb4c8381099c725a1c04b4', 'project_name': 'tempest-VolumesAdminNegativeTest-1802963962', 'tenant_id': '120c7af4e6fb4c8381099c725a1c04b4', 'tenant_name': 'tempest-VolumesAdminNegativeTest-1802963962', 'user_domain_id': 'default', 'user_domain_name': 'Default', 'user_id': 'a1ef5b94f3064ffeaf2412ce6d0ee024', 'system': None}, Network: None, Subnet: None, Router: None
2024-11-29 15:40:50.124 64218 INFO tempest.lib.common.rest_client [req-3691ff40-76b4-49f0-8d3f-9695ca90faa6 req-3691ff40-76b4-49f0-8d3f-9695ca90faa6 ] Request (QuotasAdminTestV257:tearDownClass): 204 DELETE http://10.180.1.21/identity/v3/users/0228874d9e994fcfaa38a941ba93ca0a 0.164s
2024-11-29 15:40:50.124 64218 INFO tempest.lib.common.dynamic_creds [-] Deleting project and security group for project: 6d98703a142646679c84f4f77f9b76fb
2024-11-29 15:40:50.143 64182 INFO tempest.lib.common.rest_client [req-785b887f-c3c8-4d1e-9d15-65a19f867d25 req-785b887f-c3c8-4d1e-9d15-65a19f867d25 ] Request (ServerActionsTestOtherB:setUpClass): 200 PUT http://10.180.1.21:9696/networking/v2.0/routers/de071b9f-5f56-4022-a62a-f37abdb8a2b4/add_router_interface 1.782s
