2025-01-10 07:48:51.850 67691 INFO tempest.lib.common.rest_client [req-000bfb68-6cb3-458d-ac30-b44bac07ae24 req-000bfb68-6cb3-458d-ac30-b44bac07ae24 ] Request (KeyPairsV22TestJSON:test_keypairs_create_list_delete): 201 POST http://10.180.1.21/compute/v2.1/os-keypairs 0.036s
2025-01-10 07:48:51.866 67691 INFO tempest.lib.common.rest_client [req-14ed7859-b262-4fbe-aa5b-9b8a324a11fa req-14ed7859-b262-4fbe-aa5b-9b8a324a11fa ] Request (KeyPairsV22TestJSON:test_keypairs_create_list_delete): 200 GET http://10.180.1.21/compute/v2.1/os-keypairs 0.013s
2025-01-10 07:48:51.884 67691 INFO tempest.lib.common.rest_client [req-ef6f8e74-895b-4ab7-b66e-0f0cc769ff0c req-ef6f8e74-895b-4ab7-b66e-0f0cc769ff0c ] Request (KeyPairsV22TestJSON:_run_cleanups): 204 DELETE http://10.180.1.21/compute/v2.1/os-keypairs/tempest-KeyPairsV22TestJSON-keypair-149919277 0.016s
2025-01-10 07:48:51.894 67732 INFO tempest.lib.common.rest_client [req-1d310a4a-d347-45c5-a713-3d50e12dbd32 req-1d310a4a-d347-45c5-a713-3d50e12dbd32 ] Request (ServersAdminTestJSON:test_inject_network_info): 200 GET http://10.180.1.21/compute/v2.1/servers/e3dd1bc0-f292-4ac7-a8db-324887a18411 0.079s
2025-01-10 07:48:51.899 67691 INFO tempest.lib.common.rest_client [req-5e56ec56-f256-44a9-bf7a-6fd118319fa5 req-5e56ec56-f256-44a9-bf7a-6fd118319fa5 ] Request (KeyPairsV22TestJSON:_run_cleanups): 204 DELETE http://10.180.1.21/compute/v2.1/os-keypairs/tempest-KeyPairsV22TestJSON-keypair-1521999099 0.014s
2025-01-10 07:48:51.914 67691 INFO tempest.lib.common.rest_client [req-831b58cd-33f1-4a5f-8b38-3b84c9ba5591 req-831b58cd-33f1-4a5f-8b38-3b84c9ba5591 ] Request (KeyPairsV22TestJSON:_run_cleanups): 204 DELETE http://10.180.1.21/compute/v2.1/os-keypairs/tempest-KeyPairsV22TestJSON-keypair-1240227556 0.015s
2025-01-10 07:48:51.951 67691 INFO tempest.lib.common.rest_client [req-f9d1566b-f2e4-4f99-9468-7369e5eca0b0 req-f9d1566b-f2e4-4f99-9468-7369e5eca0b0 ] Request (KeyPairsV22TestJSON:test_keypairsv22_create_list_show): 201 POST http://10.180.1.21/compute/v2.1/os-keypairs 0.035s
2025-01-10 07:48:51.963 67691 INFO tempest.lib.common.rest_client [req-da648c1a-6d55-445c-a5aa-0f30d3407f3d req-da648c1a-6d55-445c-a5aa-0f30d3407f3d ] Request (KeyPairsV22TestJSON:test_keypairsv22_create_list_show): 200 GET http://10.180.1.21/compute/v2.1/os-keypairs/tempest-keypair-1414701377 0.011s
2025-01-10 07:48:51.976 67691 INFO tempest.lib.common.rest_client [req-c25cfb24-fbd2-4c6e-8d1e-02392377a074 req-c25cfb24-fbd2-4c6e-8d1e-02392377a074 ] Request (KeyPairsV22TestJSON:test_keypairsv22_create_list_show): 200 GET http://10.180.1.21/compute/v2.1/os-keypairs 0.011s
2025-01-10 07:48:51.995 67691 INFO tempest.lib.common.rest_client [req-d04ed198-350e-4064-b65e-ad49ad4ca0b9 req-d04ed198-350e-4064-b65e-ad49ad4ca0b9 ] Request (KeyPairsV22TestJSON:_run_cleanups): 204 DELETE http://10.180.1.21/compute/v2.1/os-keypairs/tempest-keypair-1414701377 0.016s
2025-01-10 07:48:52.172 67717 INFO tempest.lib.common.rest_client [req-120cab03-97fe-4027-982d-1b47b781e979 req-120cab03-97fe-4027-982d-1b47b781e979 ] Request (ServersTestFqdnHostnames:test_create_server_with_fqdn_name): 201 POST http://10.180.1.21:9696/networking/v2.0/floatingips 0.574s
2025-01-10 07:48:52.211 67717 INFO tempest.lib.common.rest_client [req-c4241636-74ce-4c5b-a9f5-ef115a1b239a req-c4241636-74ce-4c5b-a9f5-ef115a1b239a ] Request (ServersTestFqdnHostnames:test_create_server_with_fqdn_name): 201 POST http://10.180.1.21/identity/v3/auth/tokens 0.031s
2025-01-10 07:48:52.211 67717 INFO tempest.lib.common.fixed_network [-] (ServersTestFqdnHostnames:test_create_server_with_fqdn_name) Found network {'id': '88f09773-de83-4126-80be-f9d85222a3aa', 'name': 'tempest-ServersTestFqdnHostnames-1417499811-network', 'tenant_id': '9473d6611ded48cd9e9d10a6f0bf1a3c', 'admin_state_up': True, 'mtu': 8950, 'status': 'ACTIVE', 'subnets': [], 'shared': False, 'project_id': '9473d6611ded48cd9e9d10a6f0bf1a3c', 'port_security_enabled': True, 'router:external': False, 'provider:network_type': 'vlan', 'provider:physical_network': 'default', 'provider:segmentation_id': 271, 'availability_zone_hints': [], 'availability_zones': [], 'ipv4_address_scope': None, 'ipv6_address_scope': None, 'description': '', 'tags': [], 'created_at': '2025-01-10T07:48:47Z', 'updated_at': '2025-01-10T07:48:47Z', 'revision_number': 1} available for tenant
2025-01-10 07:48:52.270 67681 INFO tempest.lib.common.rest_client [req-889feab4-79c7-4ef5-ade6-266175302aff req-889feab4-79c7-4ef5-ade6-266175302aff ] Request (ServersTestJSON:test_create_server_specify_multibyte_character_name): 200 GET http://10.180.1.21/compute/v2.1/servers/ffce9a72-e214-4bcc-bd9a-92abdb4a5ef1 0.120s
2025-01-10 07:48:52.294 67691 INFO tempest.lib.common.rest_client [req-d1d06721-e433-4633-b75a-3bcf4c75af39 req-d1d06721-e433-4633-b75a-3bcf4c75af39 ] Request (KeyPairsV22TestJSON:test_keypairsv22_create_list_show_with_type): 201 POST http://10.180.1.21/compute/v2.1/os-keypairs 0.297s
2025-01-10 07:48:52.321 67697 INFO tempest.lib.common.rest_client [req-31554a49-62a1-43cd-8763-15f613e9d3ee req-31554a49-62a1-43cd-8763-15f613e9d3ee ] Request (ServerMetadataNegativeTestJSON:tearDownClass): 200 GET http://10.180.1.21/compute/v2.1/servers/50bc9674-d19c-40f1-a89f-1738a1e48307 0.169s
2025-01-10 07:48:52.376 67707 INFO tempest.lib.common.rest_client [req-4b9cdd02-52e8-44fc-9355-9a694d683cd8 req-4b9cdd02-52e8-44fc-9355-9a694d683cd8 ] Request (MultipleCreateTestJSON:test_multiple_create_with_reservation_return): 200 GET http://10.180.1.21/compute/v2.1/servers/df93c57e-716c-4c73-b551-9079a523ea0b 0.161s
2025-01-10 07:48:52.428 67703 INFO tempest.lib.common.rest_client [req-539743ff-cebd-4167-8c09-10674977da78 req-539743ff-cebd-4167-8c09-10674977da78 ] Request (ServersV294TestFqdnHostnames:setUpClass): 200 GET http://10.180.1.21/compute/v2.1/servers/26303c0e-be87-41ff-a15c-e92f91f8a05f 0.166s
2025-01-10 07:48:52.487 67724 INFO tempest.lib.common.rest_client [req-4b8820b0-9008-4e10-b7f4-5c59f7922d6e req-4b8820b0-9008-4e10-b7f4-5c59f7922d6e ] Request (ServersTestBootFromVolume:tearDownClass): 200 GET http://10.180.1.21/compute/v2.1/servers/5bc73032-45f9-4b5c-a4ea-e07c48e4f82b 0.207s
2025-01-10 07:48:52.497 67691 INFO tempest.lib.common.rest_client [req-4a126abc-54ea-4766-adce-9f34a06e0cde req-4a126abc-54ea-4766-adce-9f34a06e0cde ] Request (KeyPairsV22TestJSON:test_keypairsv22_create_list_show_with_type): 200 GET http://10.180.1.21/compute/v2.1/os-keypairs/tempest-keypair-458945787 0.201s
2025-01-10 07:48:52.571 67685 INFO tempest.lib.common.rest_client [req-fbce4887-3af5-4908-a27c-93734d61580e req-fbce4887-3af5-4908-a27c-93734d61580e ] Request (ServersAdmin275Test:tearDownClass): 200 GET http://10.180.1.21/compute/v2.1/servers/e2a9ab56-bde3-40b6-a214-19c77a9c6778 0.239s
2025-01-10 07:48:52.619 67726 INFO tempest.lib.common.rest_client [req-5fd54178-3093-4060-abc0-64a1bc2c14f1 req-5fd54178-3093-4060-abc0-64a1bc2c14f1 ] Request (MigrationsAdminTest:test_resize_server_revert_deleted_flavor): 200 GET http://10.180.1.21/compute/v2.1/servers/02dc8c41-5092-4f84-9722-37d4df3a459a 0.269s
2025-01-10 07:48:52.637 67701 WARNING tempest.lib.common.ssh [-] Failed to establish authenticated ssh connection to cirros@10.180.180.220 ([Errno None] Unable to connect to port 22 on 10.180.180.220). Number attempts: 3. Retry after 4 seconds.: paramiko.ssh_exception.NoValidConnectionsError: [Errno None] Unable to connect to port 22 on 10.180.180.220
2025-01-10 07:48:52.667 67719 INFO tempest.lib.common.rest_client [req-63f36d5b-51eb-4efa-bcf4-9fc2bc4084f3 req-63f36d5b-51eb-4efa-bcf4-9fc2bc4084f3 ] Request (InstanceActionsV221TestJSON:test_get_list_deleted_instance_actions): 200 GET http://10.180.1.21/compute/v2.1/servers/a3c7943e-7528-41bc-9a20-1e2b57f832e3 0.277s
2025-01-10 07:48:52.703 67717 INFO tempest.lib.common.rest_client [req-e067916e-4631-4b1c-89ad-0d73560c33f2 req-e067916e-4631-4b1c-89ad-0d73560c33f2 ] Request (ServersTestFqdnHostnames:test_create_server_with_fqdn_name): 202 POST http://10.180.1.21/compute/v2.1/servers 0.491s
2025-01-10 07:48:52.728 67695 INFO tempest.lib.common.rest_client [req-07604845-0be2-47dc-a3f6-b0b407bcc242 req-07604845-0be2-47dc-a3f6-b0b407bcc242 ] Request (ServersTestJSON:tearDownClass): 200 GET http://10.180.1.21/compute/v2.1/servers/f44b2e88-af6d-4252-b562-9d5fa7745b56 0.277s
2025-01-10 07:48:52.739 67691 INFO tempest.lib.common.rest_client [req-526b1bf3-901f-4150-af21-de14b8a23b17 req-526b1bf3-901f-4150-af21-de14b8a23b17 ] Request (KeyPairsV22TestJSON:test_keypairsv22_create_list_show_with_type): 200 GET http://10.180.1.21/compute/v2.1/os-keypairs 0.240s
2025-01-10 07:48:52.763 67705 INFO tempest.lib.common.rest_client [req-55fe8b6d-2422-4bc5-80fe-88f444a63f87 req-55fe8b6d-2422-4bc5-80fe-88f444a63f87 ] Request (ListImageFiltersTestJSON:tearDownClass): 200 GET http://10.180.1.21/compute/v2.1/servers/a9dfeb4d-a92e-41cf-9d2f-43086cc9e868 0.298s
2025-01-10 07:48:52.813 67693 INFO tempest.lib.common.rest_client [req-9dd36b37-4372-4c80-8391-312ee4d415d0 req-9dd36b37-4372-4c80-8391-312ee4d415d0 ] Request (ServerShowV257Test:test_rebuild_server): 200 GET http://10.180.1.21/compute/v2.1/servers/8449f09b-4e7b-4511-bb3c-2ff6667addb2 0.288s
2025-01-10 07:48:52.817 67677 INFO tempest.lib.common.rest_client [req-3615820a-de99-4ca5-b709-30c824e47f25 req-3615820a-de99-4ca5-b709-30c824e47f25 ] Request (ImagesTestJSON:test_create_server_from_snapshot): 200 GET http://10.180.1.21/compute/v2.1/servers/274d214a-4b92-4900-a66c-54baea2a68f8 0.284s
2025-01-10 07:48:52.878 67689 INFO tempest.lib.common.rest_client [req-a586a573-cdf2-4a00-a720-a137be9ccbc5 req-a586a573-cdf2-4a00-a720-a137be9ccbc5 ] Request (ServersNegativeTestMultiTenantJSON:tearDownClass): 200 GET http://10.180.1.21/compute/v2.1/servers/b945f05d-ef1c-4469-9390-f7bbd4f435f0 0.251s
2025-01-10 07:48:52.880 67728 INFO tempest.lib.common.rest_client [req-00116117-2e4c-4951-b983-ac466e9d46f5 req-00116117-2e4c-4951-b983-ac466e9d46f5 ] Request (VolumesAssistedSnapshotsTest:tearDownClass): 200 GET http://10.180.1.21/compute/v2.1/servers/d532b5fa-90a3-4f25-8684-4eabaa432c86 0.264s
2025-01-10 07:48:52.932 67734 INFO tempest.lib.common.rest_client [req-3610b717-e7c7-4d69-a5dc-3de4a6a45a1f req-3610b717-e7c7-4d69-a5dc-3de4a6a45a1f ] Request (AttachInterfacesUnderV243Test:_run_cleanups): 200 GET http://10.180.1.21/compute/v2.1/servers/0dbd52ac-c987-4728-974e-73e99465c5e7 0.265s
2025-01-10 07:48:52.946 67709 INFO tempest.lib.common.rest_client [req-e3665c05-cb0d-4fc6-8307-9e97abd751c4 req-e3665c05-cb0d-4fc6-8307-9e97abd751c4 ] Request (FloatingIPsAssociationTestJSON:tearDownClass): 200 GET http://10.180.1.21/compute/v2.1/servers/6b1f0e69-3915-40dc-b4ec-93ab174f12b6 0.264s
2025-01-10 07:48:52.965 67717 INFO tempest.lib.common.rest_client [req-dd96dfe8-a115-42f6-8d2b-9e6be98f5d49 req-dd96dfe8-a115-42f6-8d2b-9e6be98f5d49 ] Request (ServersTestFqdnHostnames:test_create_server_with_fqdn_name): 200 GET http://10.180.1.21/compute/v2.1/servers/31419285-9fdf-4d37-94d7-d1b08c6b6b05 0.261s
2025-01-10 07:48:52.981 67691 INFO tempest.lib.common.rest_client [req-c787e1a8-06ae-42b4-b0b2-46e49acf7c6f req-c787e1a8-06ae-42b4-b0b2-46e49acf7c6f ] Request (KeyPairsV22TestJSON:_run_cleanups): 204 DELETE http://10.180.1.21/compute/v2.1/os-keypairs/tempest-keypair-458945787 0.239s
2025-01-10 07:48:52.994 67679 INFO tempest.lib.common.rest_client [req-e5fcea4d-3134-424b-b196-8d5744ee4ee5 req-e5fcea4d-3134-424b-b196-8d5744ee4ee5 ] Request (ServersWithSpecificFlavorTestJSON:test_verify_created_server_ephemeral_disk): 200 GET http://10.180.1.21/compute/v2.1/servers/feca8680-4baa-4b2c-9875-69a88b351dc0 0.261s
2025-01-10 07:48:53.040 67699 INFO tempest.lib.common.rest_client [req-008fb269-8845-4a6c-9b7c-217ef9fe0e59 req-008fb269-8845-4a6c-9b7c-217ef9fe0e59 ] Request (ListServersNegativeTestJSON:setUpClass): 200 GET http://10.180.1.21/compute/v2.1/servers/cfe219da-adf9-44b9-9df3-752ccf72a68b 0.298s
2025-01-10 07:48:53.048 67687 INFO tempest.lib.common.rest_client [req-b5d3afef-5a32-458f-8e0e-cc9692441f34 req-b5d3afef-5a32-458f-8e0e-cc9692441f34 ] Request (ServerRescueNegativeTestJSON:setUpClass): 200 GET http://10.180.1.21/compute/v2.1/servers/ca3d1a73-6f3b-4278-8fe7-03b66f407ba6 0.256s
2025-01-10 07:48:53.090 67732 INFO tempest.lib.common.rest_client [req-01eb121a-8d91-4c10-955f-06c309fc2438 req-01eb121a-8d91-4c10-955f-06c309fc2438 ] Request (ServersAdminTestJSON:test_inject_network_info): 200 GET http://10.180.1.21/compute/v2.1/servers/e3dd1bc0-f292-4ac7-a8db-324887a18411 0.189s
2025-01-10 07:48:53.098 67691 INFO tempest.lib.common.rest_client [req-b40a94b6-fa0c-4816-84e3-e78c0fd91a0e req-b40a94b6-fa0c-4816-84e3-e78c0fd91a0e ] Request (KeyPairsV22TestJSON:tearDownClass): 204 DELETE http://10.180.1.21/identity/v3/users/8e2b829ea3e3421d9d75a31b9d907fb4 0.116s
2025-01-10 07:48:53.098 67691 INFO tempest.lib.common.dynamic_creds [-] Deleting project and security group for project: 00e8293234274e9785b43b0d63010939
2025-01-10 07:48:53.149 67691 INFO tempest.lib.common.rest_client [req-6e435944-153d-4e19-bbb1-36e793ac8c18 req-6e435944-153d-4e19-bbb1-36e793ac8c18 ] Request (KeyPairsV22TestJSON:tearDownClass): 201 POST http://10.180.1.21/identity/v3/auth/tokens 0.051s
2025-01-10 07:48:53.289 67691 INFO tempest.lib.common.rest_client [req-6436f975-6aea-4177-b8ae-95c3fba6805d req-6436f975-6aea-4177-b8ae-95c3fba6805d ] Request (KeyPairsV22TestJSON:tearDownClass): 200 GET http://10.180.1.21:9696/networking/v2.0/security-groups?tenant_id=00e8293234274e9785b43b0d63010939&name=default 0.139s
2025-01-10 07:48:53.368 67691 INFO tempest.lib.common.rest_client [req-0d41d9bd-c764-4fa0-859f-2e68a498adc8 req-0d41d9bd-c764-4fa0-859f-2e68a498adc8 ] Request (KeyPairsV22TestJSON:tearDownClass): 204 DELETE http://10.180.1.21:9696/networking/v2.0/security-groups/6ebcbc85-7797-4b66-b2f8-ad2e52dbe685 0.078s
2025-01-10 07:48:53.391 67681 INFO tempest.lib.common.rest_client [req-25c639ce-433f-44f2-af13-605832240acf req-25c639ce-433f-44f2-af13-605832240acf ] Request (ServersTestJSON:test_create_server_specify_multibyte_character_name): 200 GET http://10.180.1.21/compute/v2.1/servers/ffce9a72-e214-4bcc-bd9a-92abdb4a5ef1 0.113s
2025-01-10 07:48:53.395 67697 INFO tempest.lib.common.rest_client [req-72226800-8f7f-4e20-a52a-95b82ce060d2 req-72226800-8f7f-4e20-a52a-95b82ce060d2 ] Request (ServerMetadataNegativeTestJSON:tearDownClass): 200 GET http://10.180.1.21/compute/v2.1/servers/50bc9674-d19c-40f1-a89f-1738a1e48307 0.064s
2025-01-10 07:48:53.397 67681 INFO tempest.common.waiters [-] State transition "BUILD/spawning" ==> "ACTIVE/None" after 91 second wait
2025-01-10 07:48:53.401 67697 INFO tempest.common.waiters [-] State transition "ACTIVE/deleting" ==> "DELETED/None" after 4 second wait
2025-01-10 07:48:53.430 67691 INFO tempest.lib.common.rest_client [req-0293e119-870e-4dd0-9056-64dcb5818482 req-0293e119-870e-4dd0-9056-64dcb5818482 ] Request (KeyPairsV22TestJSON:tearDownClass): 204 DELETE http://10.180.1.21/identity/v3/projects/00e8293234274e9785b43b0d63010939 0.062s
2025-01-10 07:48:53.437 67707 INFO tempest.lib.common.rest_client [req-b3beed5b-c507-43a2-bba3-d229c13f122f req-b3beed5b-c507-43a2-bba3-d229c13f122f ] Request (MultipleCreateTestJSON:test_multiple_create_with_reservation_return): 200 GET http://10.180.1.21/compute/v2.1/servers/df93c57e-716c-4c73-b551-9079a523ea0b 0.053s
2025-01-10 07:48:53.460 67681 INFO tempest.lib.common.rest_client [req-fbb18cf3-622c-4410-a88a-2be8ec4d2ea0 req-fbb18cf3-622c-4410-a88a-2be8ec4d2ea0 ] Request (ServersTestJSON:test_create_server_with_admin_password): 201 POST http://10.180.1.21/identity/v3/auth/tokens 0.056s
2025-01-10 07:48:53.460 67681 INFO tempest.lib.common.fixed_network [-] (ServersTestJSON:test_create_server_with_admin_password) Found network {'id': 'aa52badb-0b73-48bc-afaa-5e06a97d5c7d', 'name': 'tempest-ServersTestJSON-556342067-network', 'tenant_id': '6c54f74085f343d2b790145b0d82a9f8', 'admin_state_up': True, 'mtu': 8950, 'status': 'ACTIVE', 'subnets': [], 'shared': False, 'project_id': '6c54f74085f343d2b790145b0d82a9f8', 'port_security_enabled': True, 'router:external': False, 'provider:network_type': 'vlan', 'provider:physical_network': 'default', 'provider:segmentation_id': 624, 'availability_zone_hints': [], 'availability_zones': [], 'ipv4_address_scope': None, 'ipv6_address_scope': None, 'description': '', 'tags': [], 'created_at': '2025-01-10T07:47:19Z', 'updated_at': '2025-01-10T07:47:19Z', 'revision_number': 1} available for tenant
2025-01-10 07:48:53.484 67691 INFO tempest.lib.common.rest_client [req-94084c25-1980-4f44-8fd3-c2b203b67f3e req-94084c25-1980-4f44-8fd3-c2b203b67f3e ] Request (ServersAaction247Test:setUpClass): 201 POST http://10.180.1.21/identity/v3/auth/tokens 0.052s
2025-01-10 07:48:53.493 67703 INFO tempest.lib.common.rest_client [req-3494d2d5-35bc-4674-a024-12550817172a req-3494d2d5-35bc-4674-a024-12550817172a ] Request (ServersV294TestFqdnHostnames:setUpClass): 200 GET http://10.180.1.21/compute/v2.1/servers/26303c0e-be87-41ff-a15c-e92f91f8a05f 0.057s
2025-01-10 07:48:53.503 67703 INFO tempest.common.waiters [-] State transition "BUILD/None" ==> "BUILD/networking" after 69 second wait
2025-01-10 07:48:53.519 67691 INFO tempest.lib.common.rest_client [req-f753b522-097b-4168-99f5-5bff16be174c req-f753b522-097b-4168-99f5-5bff16be174c ] Request (ServersAaction247Test:setUpClass): 201 POST http://10.180.1.21/identity/v3/auth/tokens 0.033s
2025-01-10 07:48:53.542 67691 INFO tempest.lib.common.rest_client [req-3d6a5b21-1554-44db-9479-c68adb6428d6 req-3d6a5b21-1554-44db-9479-c68adb6428d6 ] Request (ServersAaction247Test:setUpClass): 200 GET http://10.180.1.21/identity/v3/domains?name=Default 0.022s
2025-01-10 07:48:53.553 67724 INFO tempest.lib.common.rest_client [req-9624f6cb-347c-428b-8390-d2938a34160f req-9624f6cb-347c-428b-8390-d2938a34160f ] Request (ServersTestBootFromVolume:tearDownClass): 200 GET http://10.180.1.21/compute/v2.1/servers/5bc73032-45f9-4b5c-a4ea-e07c48e4f82b 0.059s
2025-01-10 07:48:53.569 67691 INFO tempest.lib.common.rest_client [req-76fe5aad-8c5f-4320-80c4-05fc95285095 req-76fe5aad-8c5f-4320-80c4-05fc95285095 ] Request (ServersAaction247Test:setUpClass): 201 POST http://10.180.1.21/identity/v3/projects 0.027s
2025-01-10 07:48:53.622 67691 INFO tempest.lib.common.rest_client [req-9d13a81b-4133-465e-9e62-348a91acf7eb req-9d13a81b-4133-465e-9e62-348a91acf7eb ] Request (ServersAaction247Test:setUpClass): 201 POST http://10.180.1.21/identity/v3/users 0.053s
2025-01-10 07:48:53.642 67691 INFO tempest.lib.common.rest_client [req-39d8234c-e9ac-43c0-83b6-09f079ced58e req-39d8234c-e9ac-43c0-83b6-09f079ced58e ] Request (ServersAaction247Test:setUpClass): 200 GET http://10.180.1.21/identity/v3/roles 0.019s
2025-01-10 07:48:53.647 67685 INFO tempest.lib.common.rest_client [req-0a3a06c3-d97b-4ca1-8f98-725a5e078018 req-0a3a06c3-d97b-4ca1-8f98-725a5e078018 ] Request (ServersAdmin275Test:tearDownClass): 200 GET http://10.180.1.21/compute/v2.1/servers/e2a9ab56-bde3-40b6-a214-19c77a9c6778 0.067s
2025-01-10 07:48:53.677 67691 INFO tempest.lib.common.rest_client [req-c4259a91-7809-495a-8627-0d376fc58fa5 req-c4259a91-7809-495a-8627-0d376fc58fa5 ] Request (ServersAaction247Test:setUpClass): 204 PUT http://10.180.1.21/identity/v3/projects/0c5619d2ad7b495683cd2ce9b69bfa0c/users/5761acbe2b384c018968fcc0ccf23c83/roles/302be925a5424a558353762a2b2bd209 0.034s
2025-01-10 07:48:53.677 67691 INFO tempest.lib.common.dynamic_creds [-] Dynamic test user 5761acbe2b384c018968fcc0ccf23c83 is created with scope project and roles: ['member']
2025-01-10 07:48:53.677 67691 INFO tempest.lib.common.dynamic_creds [-] Acquired dynamic creds: credentials: Credentials: {'domain_id': 'default', 'domain_name': 'Default', 'username': 'tempest-ServersAaction247Test-57978732-project-member', 'project_domain_id': 'default', 'project_domain_name': 'Default', 'project_id': '0c5619d2ad7b495683cd2ce9b69bfa0c', 'project_name': 'tempest-ServersAaction247Test-57978732', 'tenant_id': '0c5619d2ad7b495683cd2ce9b69bfa0c', 'tenant_name': 'tempest-ServersAaction247Test-57978732', 'user_domain_id': 'default', 'user_domain_name': 'Default', 'user_id': '5761acbe2b384c018968fcc0ccf23c83', 'system': None}, Network: None, Subnet: None, Router: None
2025-01-10 07:48:53.678 67691 INFO tempest.lib.common.dynamic_creds [-] Created isolated network resources for: credentials: Credentials: {'domain_id': 'default', 'domain_name': 'Default', 'username': 'tempest-ServersAaction247Test-57978732-project-member', 'project_domain_id': 'default', 'project_domain_name': 'Default', 'project_id': '0c5619d2ad7b495683cd2ce9b69bfa0c', 'project_name': 'tempest-ServersAaction247Test-57978732', 'tenant_id': '0c5619d2ad7b495683cd2ce9b69bfa0c', 'tenant_name': 'tempest-ServersAaction247Test-57978732', 'user_domain_id': 'default', 'user_domain_name': 'Default', 'user_id': '5761acbe2b384c018968fcc0ccf23c83', 'system': None}, Network: None, Subnet: None, Router: None
2025-01-10 07:48:53.699 67726 INFO tempest.lib.common.rest_client [req-a42031db-83f2-483b-a821-7ee5b247fbc9 req-a42031db-83f2-483b-a821-7ee5b247fbc9 ] Request (MigrationsAdminTest:test_resize_server_revert_deleted_flavor): 200 GET http://10.180.1.21/compute/v2.1/servers/02dc8c41-5092-4f84-9722-37d4df3a459a 0.068s
2025-01-10 07:48:53.749 67691 INFO tempest.lib.common.rest_client [req-e021e3e9-2181-4c18-a19f-484cd66d70c2 req-e021e3e9-2181-4c18-a19f-484cd66d70c2 ] Request (ServersAaction247Test:setUpClass): 201 POST http://10.180.1.21/identity/v3/auth/tokens 0.065s
2025-01-10 07:48:53.752 67719 INFO tempest.lib.common.rest_client [req-897d0b33-cf8b-4eda-abb8-58fece370c46 req-897d0b33-cf8b-4eda-abb8-58fece370c46 ] Request (InstanceActionsV221TestJSON:test_get_list_deleted_instance_actions): 200 GET http://10.180.1.21/compute/v2.1/servers/a3c7943e-7528-41bc-9a20-1e2b57f832e3 0.073s
2025-01-10 07:48:53.781 67691 INFO tempest.lib.common.rest_client [req-b3137d94-5dbd-43e9-83ae-fad166bb9a1b req-b3137d94-5dbd-43e9-83ae-fad166bb9a1b ] Request (ServersAaction247Test:test_create_backup): 201 POST http://10.180.1.21/identity/v3/auth/tokens 0.027s
2025-01-10 07:48:53.782 67691 INFO tempest.lib.common.fixed_network [-] (ServersAaction247Test:test_create_backup) Found network None available for tenant
2025-01-10 07:48:53.815 67695 INFO tempest.lib.common.rest_client [req-3a50fa81-67a6-43cc-b2ef-e7e5a9ae4da5 req-3a50fa81-67a6-43cc-b2ef-e7e5a9ae4da5 ] Request (ServersTestJSON:tearDownClass): 200 GET http://10.180.1.21/compute/v2.1/servers/f44b2e88-af6d-4252-b562-9d5fa7745b56 0.075s
2025-01-10 07:48:53.820 67681 INFO tempest.lib.common.rest_client [req-1a2f0e43-9b2d-4b7f-9cbf-64f984caf221 req-1a2f0e43-9b2d-4b7f-9cbf-64f984caf221 ] Request (ServersTestJSON:test_create_server_with_admin_password): 202 POST http://10.180.1.21/compute/v2.1/servers 0.359s
2025-01-10 07:48:53.906 67705 INFO tempest.lib.common.rest_client [req-3c374890-4794-4691-9ce0-f8a12eb74589 req-3c374890-4794-4691-9ce0-f8a12eb74589 ] Request (ListImageFiltersTestJSON:tearDownClass): 200 GET http://10.180.1.21/compute/v2.1/servers/a9dfeb4d-a92e-41cf-9d2f-43086cc9e868 0.123s
2025-01-10 07:48:53.985 67681 INFO tempest.lib.common.rest_client [req-62d7c036-136e-4a68-b1d7-9808ae95d4a3 req-62d7c036-136e-4a68-b1d7-9808ae95d4a3 ] Request (ServersTestJSON:_run_cleanups): 204 DELETE http://10.180.1.21/compute/v2.1/servers/52802bad-5eea-4d44-bce1-9768bf149359 0.163s
2025-01-10 07:48:54.038 67691 INFO tempest.lib.common.rest_client [req-a1e9d0dd-ccdf-42d2-911a-ff0e15df6926 req-a1e9d0dd-ccdf-42d2-911a-ff0e15df6926 ] Request (ServersAaction247Test:test_create_backup): 202 POST http://10.180.1.21/compute/v2.1/servers 0.255s
2025-01-10 07:48:54.058 67693 INFO tempest.lib.common.rest_client [req-35fb626e-6624-4dce-882e-95690fbab272 req-35fb626e-6624-4dce-882e-95690fbab272 ] Request (ServerShowV257Test:test_rebuild_server): 200 GET http://10.180.1.21/compute/v2.1/servers/8449f09b-4e7b-4511-bb3c-2ff6667addb2 0.235s
2025-01-10 07:48:54.092 67677 INFO tempest.lib.common.rest_client [req-e9dec1aa-dddd-435a-9c27-817e84dc9f28 req-e9dec1aa-dddd-435a-9c27-817e84dc9f28 ] Request (ImagesTestJSON:test_create_server_from_snapshot): 200 GET http://10.180.1.21/compute/v2.1/servers/274d214a-4b92-4900-a66c-54baea2a68f8 0.266s
2025-01-10 07:48:54.129 67728 INFO tempest.lib.common.rest_client [req-7beec6e9-bc84-4e04-a3d6-7c07899fee78 req-7beec6e9-bc84-4e04-a3d6-7c07899fee78 ] Request (VolumesAssistedSnapshotsTest:tearDownClass): 200 GET http://10.180.1.21/compute/v2.1/servers/d532b5fa-90a3-4f25-8684-4eabaa432c86 0.243s
2025-01-10 07:48:54.150 67689 INFO tempest.lib.common.rest_client [req-b830014d-1cb6-4792-ac53-2f1bb2de2ef8 req-b830014d-1cb6-4792-ac53-2f1bb2de2ef8 ] Request (ServersNegativeTestMultiTenantJSON:tearDownClass): 200 GET http://10.180.1.21/compute/v2.1/servers/b945f05d-ef1c-4469-9390-f7bbd4f435f0 0.264s
2025-01-10 07:48:54.185 67734 INFO tempest.lib.common.rest_client [req-c6eeab24-475f-461a-a59d-c3767dcc09c8 req-c6eeab24-475f-461a-a59d-c3767dcc09c8 ] Request (AttachInterfacesUnderV243Test:_run_cleanups): 200 GET http://10.180.1.21/compute/v2.1/servers/0dbd52ac-c987-4728-974e-73e99465c5e7 0.246s
2025-01-10 07:48:54.218 67709 INFO tempest.lib.common.rest_client [req-3e39e477-a878-4741-97bc-275c0fa3f1ad req-3e39e477-a878-4741-97bc-275c0fa3f1ad ] Request (FloatingIPsAssociationTestJSON:tearDownClass): 200 GET http://10.180.1.21/compute/v2.1/servers/6b1f0e69-3915-40dc-b4ec-93ab174f12b6 0.266s
2025-01-10 07:48:54.234 67681 INFO tempest.lib.common.rest_client [req-a53743a4-799c-40fd-90e6-75f74cc08b11 req-a53743a4-799c-40fd-90e6-75f74cc08b11 ] Request (ServersTestJSON:_run_cleanups): 404 GET http://10.180.1.21/compute/v2.1/servers/52802bad-5eea-4d44-bce1-9768bf149359 0.249s
2025-01-10 07:48:54.236 67717 INFO tempest.lib.common.rest_client [req-e0848a6f-d025-4153-aa27-22d2dd3b03fe req-e0848a6f-d025-4153-aa27-22d2dd3b03fe ] Request (ServersTestFqdnHostnames:test_create_server_with_fqdn_name): 200 GET http://10.180.1.21/compute/v2.1/servers/31419285-9fdf-4d37-94d7-d1b08c6b6b05 0.263s
2025-01-10 07:48:54.276 67691 INFO tempest.lib.common.rest_client [req-31970577-346f-4540-8a89-c60cc918fbd0 req-31970577-346f-4540-8a89-c60cc918fbd0 ] Request (ServersAaction247Test:test_create_backup): 200 GET http://10.180.1.21/compute/v2.1/servers/18a97088-fffa-4b77-8ab0-d24f6f84f516 0.237s
2025-01-10 07:48:54.287 67679 INFO tempest.lib.common.rest_client [req-ed2018a8-586a-4c8b-8f18-bce1abf5115c req-ed2018a8-586a-4c8b-8f18-bce1abf5115c ] Request (ServersWithSpecificFlavorTestJSON:test_verify_created_server_ephemeral_disk): 200 GET http://10.180.1.21/compute/v2.1/servers/feca8680-4baa-4b2c-9875-69a88b351dc0 0.286s
2025-01-10 07:48:54.307 67681 INFO tempest.lib.common.rest_client [req-bf52c28d-620c-4713-b2dd-7b247c5054e3 req-bf52c28d-620c-4713-b2dd-7b247c5054e3 ] Request (ServersTestJSON:test_create_server_with_ipv6_addr_only): 201 POST http://10.180.1.21/identity/v3/auth/tokens 0.067s
2025-01-10 07:48:54.307 67681 INFO tempest.lib.common.fixed_network [-] (ServersTestJSON:test_create_server_with_ipv6_addr_only) Found network {'id': 'aa52badb-0b73-48bc-afaa-5e06a97d5c7d', 'name': 'tempest-ServersTestJSON-556342067-network', 'tenant_id': '6c54f74085f343d2b790145b0d82a9f8', 'admin_state_up': True, 'mtu': 8950, 'status': 'ACTIVE', 'subnets': [], 'shared': False, 'project_id': '6c54f74085f343d2b790145b0d82a9f8', 'port_security_enabled': True, 'router:external': False, 'provider:network_type': 'vlan', 'provider:physical_network': 'default', 'provider:segmentation_id': 624, 'availability_zone_hints': [], 'availability_zones': [], 'ipv4_address_scope': None, 'ipv6_address_scope': None, 'description': '', 'tags': [], 'created_at': '2025-01-10T07:47:19Z', 'updated_at': '2025-01-10T07:47:19Z', 'revision_number': 1} available for tenant
2025-01-10 07:48:54.348 67687 INFO tempest.lib.common.rest_client [req-5ab8a803-4825-4254-8d79-76fe8cb9873c req-5ab8a803-4825-4254-8d79-76fe8cb9873c ] Request (ServerRescueNegativeTestJSON:setUpClass): 200 GET http://10.180.1.21/compute/v2.1/servers/ca3d1a73-6f3b-4278-8fe7-03b66f407ba6 0.293s
2025-01-10 07:48:54.349 67699 INFO tempest.lib.common.rest_client [req-6eab829f-50aa-4cb8-a1b4-b0931bba2991 req-6eab829f-50aa-4cb8-a1b4-b0931bba2991 ] Request (ListServersNegativeTestJSON:setUpClass): 200 GET http://10.180.1.21/compute/v2.1/servers/cfe219da-adf9-44b9-9df3-752ccf72a68b 0.302s
2025-01-10 07:48:54.403 67732 INFO tempest.lib.common.rest_client [req-e8ce1f1d-fe9c-495a-9753-1b9ab7e95198 req-e8ce1f1d-fe9c-495a-9753-1b9ab7e95198 ] Request (ServersAdminTestJSON:test_inject_network_info): 200 GET http://10.180.1.21/compute/v2.1/servers/e3dd1bc0-f292-4ac7-a8db-324887a18411 0.306s
2025-01-10 07:48:54.464 67697 INFO tempest.lib.common.rest_client [req-5f31811a-b91f-4a9d-b83d-527d30e6f838 req-5f31811a-b91f-4a9d-b83d-527d30e6f838 ] Request (ServerMetadataNegativeTestJSON:tearDownClass): 200 GET http://10.180.1.21/compute/v2.1/servers/50bc9674-d19c-40f1-a89f-1738a1e48307 0.063s
2025-01-10 07:48:54.508 67707 INFO tempest.lib.common.rest_client [req-90a4e8b7-1e20-41f7-9e19-25b856c4387a req-90a4e8b7-1e20-41f7-9e19-25b856c4387a ] Request (MultipleCreateTestJSON:test_multiple_create_with_reservation_return): 200 GET http://10.180.1.21/compute/v2.1/servers/df93c57e-716c-4c73-b551-9079a523ea0b 0.061s
2025-01-10 07:48:54.662 67703 INFO tempest.lib.common.rest_client [req-8e63c70e-f59c-4c6c-b917-39cf2149144b req-8e63c70e-f59c-4c6c-b917-39cf2149144b ] Request (ServersV294TestFqdnHostnames:setUpClass): 200 GET http://10.180.1.21/compute/v2.1/servers/26303c0e-be87-41ff-a15c-e92f91f8a05f 0.158s
2025-01-10 07:48:54.666 67681 INFO tempest.lib.common.rest_client [req-d3972e87-6edb-4f93-8ec7-8c93c3dd9923 req-d3972e87-6edb-4f93-8ec7-8c93c3dd9923 ] Request (ServersTestJSON:test_create_server_with_ipv6_addr_only): 202 POST http://10.180.1.21/compute/v2.1/servers 0.358s
2025-01-10 07:48:54.670 67703 INFO tempest.common.waiters [-] State transition "BUILD/networking" ==> "BUILD/block_device_mapping" after 70 second wait
2025-01-10 07:48:54.729 67724 INFO tempest.lib.common.rest_client [req-85ea7b6b-129d-4e79-97d5-8cadc2634d34 req-85ea7b6b-129d-4e79-97d5-8cadc2634d34 ] Request (ServersTestBootFromVolume:tearDownClass): 200 GET http://10.180.1.21/compute/v2.1/servers/5bc73032-45f9-4b5c-a4ea-e07c48e4f82b 0.168s
2025-01-10 07:48:54.731 67685 INFO tempest.lib.common.rest_client [req-a273568a-55cb-4666-b252-e3f45f5d6057 req-a273568a-55cb-4666-b252-e3f45f5d6057 ] Request (ServersAdmin275Test:tearDownClass): 200 GET http://10.180.1.21/compute/v2.1/servers/e2a9ab56-bde3-40b6-a214-19c77a9c6778 0.073s
2025-01-10 07:48:54.767 67681 INFO tempest.lib.common.rest_client [req-45e40218-df5d-4542-9fab-f0239562b86c req-45e40218-df5d-4542-9fab-f0239562b86c ] Request (ServersTestJSON:test_create_server_with_ipv6_addr_only): 200 GET http://10.180.1.21/compute/v2.1/servers/a56a3fab-e491-44f5-9cf4-2c308138ffc4 0.099s
2025-01-10 07:48:54.773 67726 INFO tempest.lib.common.rest_client [req-7007820e-bd1e-4b84-81a3-275b098d402e req-7007820e-bd1e-4b84-81a3-275b098d402e ] Request (MigrationsAdminTest:test_resize_server_revert_deleted_flavor): 200 GET http://10.180.1.21/compute/v2.1/servers/02dc8c41-5092-4f84-9722-37d4df3a459a 0.067s
2025-01-10 07:48:54.813 67719 INFO tempest.lib.common.rest_client [req-d67f94cb-36a3-4540-9eca-013be604f16b req-d67f94cb-36a3-4540-9eca-013be604f16b ] Request (InstanceActionsV221TestJSON:test_get_list_deleted_instance_actions): 200 GET http://10.180.1.21/compute/v2.1/servers/a3c7943e-7528-41bc-9a20-1e2b57f832e3 0.051s
2025-01-10 07:48:54.885 67695 INFO tempest.lib.common.rest_client [req-b28d750e-a48c-4e81-888e-a5e23022edf4 req-b28d750e-a48c-4e81-888e-a5e23022edf4 ] Request (ServersTestJSON:tearDownClass): 200 GET http://10.180.1.21/compute/v2.1/servers/f44b2e88-af6d-4252-b562-9d5fa7745b56 0.063s
2025-01-10 07:48:54.966 67705 INFO tempest.lib.common.rest_client [req-026d3af0-aa02-4c6f-b1c9-691ba745f659 req-026d3af0-aa02-4c6f-b1c9-691ba745f659 ] Request (ListImageFiltersTestJSON:tearDownClass): 200 GET http://10.180.1.21/compute/v2.1/servers/a9dfeb4d-a92e-41cf-9d2f-43086cc9e868 0.052s
2025-01-10 07:48:55.119 67693 INFO tempest.lib.common.rest_client [req-51a3c2a0-35cb-4e15-897e-cdf3ded27b31 req-51a3c2a0-35cb-4e15-897e-cdf3ded27b31 ] Request (ServerShowV257Test:test_rebuild_server): 200 GET http://10.180.1.21/compute/v2.1/servers/8449f09b-4e7b-4511-bb3c-2ff6667addb2 0.052s
2025-01-10 07:48:55.150 67677 INFO tempest.lib.common.rest_client [req-094783f6-cdc7-47c1-9eb4-8ed18d90cb36 req-094783f6-cdc7-47c1-9eb4-8ed18d90cb36 ] Request (ImagesTestJSON:test_create_server_from_snapshot): 200 GET http://10.180.1.21/compute/v2.1/servers/274d214a-4b92-4900-a66c-54baea2a68f8 0.048s
2025-01-10 07:48:55.197 67728 INFO tempest.lib.common.rest_client [req-9fe8c506-1b25-4dec-85ad-90cf336a359f req-9fe8c506-1b25-4dec-85ad-90cf336a359f ] Request (VolumesAssistedSnapshotsTest:tearDownClass): 200 GET http://10.180.1.21/compute/v2.1/servers/d532b5fa-90a3-4f25-8684-4eabaa432c86 0.058s
2025-01-10 07:48:55.215 67689 INFO tempest.lib.common.rest_client [req-269cc553-4a9e-4ae3-8d60-7acc6d21344f req-269cc553-4a9e-4ae3-8d60-7acc6d21344f ] Request (ServersNegativeTestMultiTenantJSON:tearDownClass): 200 GET http://10.180.1.21/compute/v2.1/servers/b945f05d-ef1c-4469-9390-f7bbd4f435f0 0.052s
2025-01-10 07:48:55.248 67734 INFO tempest.lib.common.rest_client [req-0eb31c74-b21c-4b72-9f55-fe64efe1f1fc req-0eb31c74-b21c-4b72-9f55-fe64efe1f1fc ] Request (AttachInterfacesUnderV243Test:_run_cleanups): 200 GET http://10.180.1.21/compute/v2.1/servers/0dbd52ac-c987-4728-974e-73e99465c5e7 0.054s
2025-01-10 07:48:55.278 67709 INFO tempest.lib.common.rest_client [req-993b7ef3-498c-41c0-b8ef-5ad91099e6fe req-993b7ef3-498c-41c0-b8ef-5ad91099e6fe ] Request (FloatingIPsAssociationTestJSON:tearDownClass): 200 GET http://10.180.1.21/compute/v2.1/servers/6b1f0e69-3915-40dc-b4ec-93ab174f12b6 0.051s
2025-01-10 07:48:55.291 67717 INFO tempest.lib.common.rest_client [req-986ae03a-0e2f-4594-8826-ea10cba18005 req-986ae03a-0e2f-4594-8826-ea10cba18005 ] Request (ServersTestFqdnHostnames:test_create_server_with_fqdn_name): 200 GET http://10.180.1.21/compute/v2.1/servers/31419285-9fdf-4d37-94d7-d1b08c6b6b05 0.048s
2025-01-10 07:48:55.342 67691 INFO tempest.lib.common.rest_client [req-df1ae6ff-feda-420b-a6f4-8756fae79bb2 req-df1ae6ff-feda-420b-a6f4-8756fae79bb2 ] Request (ServersAaction247Test:test_create_backup): 200 GET http://10.180.1.21/compute/v2.1/servers/18a97088-fffa-4b77-8ab0-d24f6f84f516 0.054s
2025-01-10 07:48:55.347 67679 INFO tempest.lib.common.rest_client [req-9f9497d6-c29f-4371-ab06-ebb014b9bbc3 req-9f9497d6-c29f-4371-ab06-ebb014b9bbc3 ] Request (ServersWithSpecificFlavorTestJSON:test_verify_created_server_ephemeral_disk): 200 GET http://10.180.1.21/compute/v2.1/servers/feca8680-4baa-4b2c-9875-69a88b351dc0 0.052s
2025-01-10 07:48:55.406 67687 INFO tempest.lib.common.rest_client [req-7422fb0e-c26b-4c46-8af1-104c15a09bb4 req-7422fb0e-c26b-4c46-8af1-104c15a09bb4 ] Request (ServerRescueNegativeTestJSON:setUpClass): 200 GET http://10.180.1.21/compute/v2.1/servers/ca3d1a73-6f3b-4278-8fe7-03b66f407ba6 0.046s
2025-01-10 07:48:55.417 67699 INFO tempest.lib.common.rest_client [req-ae107c72-ee9a-4fb3-ba9a-1507523d3cbc req-ae107c72-ee9a-4fb3-ba9a-1507523d3cbc ] Request (ListServersNegativeTestJSON:setUpClass): 200 GET http://10.180.1.21/compute/v2.1/servers/cfe219da-adf9-44b9-9df3-752ccf72a68b 0.059s
2025-01-10 07:48:55.463 67732 INFO tempest.lib.common.rest_client [req-9ba1a62c-437f-4a07-b7dd-006aa6301f73 req-9ba1a62c-437f-4a07-b7dd-006aa6301f73 ] Request (ServersAdminTestJSON:test_inject_network_info): 200 GET http://10.180.1.21/compute/v2.1/servers/e3dd1bc0-f292-4ac7-a8db-324887a18411 0.054s
2025-01-10 07:48:55.524 67697 INFO tempest.lib.common.rest_client [req-594775c5-1d21-4509-a309-2aaf542a24e4 req-594775c5-1d21-4509-a309-2aaf542a24e4 ] Request (ServerMetadataNegativeTestJSON:tearDownClass): 200 GET http://10.180.1.21/compute/v2.1/servers/50bc9674-d19c-40f1-a89f-1738a1e48307 0.052s
2025-01-10 07:48:55.561 67707 INFO tempest.lib.common.rest_client [req-74333f81-e807-46a8-b38c-e252829f2c8a req-74333f81-e807-46a8-b38c-e252829f2c8a ] Request (MultipleCreateTestJSON:test_multiple_create_with_reservation_return): 200 GET http://10.180.1.21/compute/v2.1/servers/df93c57e-716c-4c73-b551-9079a523ea0b 0.046s
2025-01-10 07:48:55.567 67707 INFO tempest.common.waiters [-] State transition "BUILD/scheduling" ==> "BUILD/None" after 23 second wait
2025-01-10 07:48:55.778 67703 INFO tempest.lib.common.rest_client [req-111a6f5e-7fef-4c84-963b-7f682ab5b325 req-111a6f5e-7fef-4c84-963b-7f682ab5b325 ] Request (ServersV294TestFqdnHostnames:setUpClass): 200 GET http://10.180.1.21/compute/v2.1/servers/26303c0e-be87-41ff-a15c-e92f91f8a05f 0.107s
2025-01-10 07:48:55.786 67703 INFO tempest.common.waiters [-] State transition "BUILD/block_device_mapping" ==> "BUILD/spawning" after 71 second wait
2025-01-10 07:48:55.795 67724 INFO tempest.lib.common.rest_client [req-908af2ab-2886-469c-9699-8c50df8fcce9 req-908af2ab-2886-469c-9699-8c50df8fcce9 ] Request (ServersTestBootFromVolume:tearDownClass): 200 GET http://10.180.1.21/compute/v2.1/servers/5bc73032-45f9-4b5c-a4ea-e07c48e4f82b 0.058s
2025-01-10 07:48:55.836 67685 INFO tempest.lib.common.rest_client [req-561cd4d2-b1fa-468c-af27-2dfe2cbc4f2d req-561cd4d2-b1fa-468c-af27-2dfe2cbc4f2d ] Request (ServersAdmin275Test:tearDownClass): 200 GET http://10.180.1.21/compute/v2.1/servers/e2a9ab56-bde3-40b6-a214-19c77a9c6778 0.097s
2025-01-10 07:48:55.845 67681 INFO tempest.lib.common.rest_client [req-f80070a4-48a8-4d04-bf78-5faf68f7e7df req-f80070a4-48a8-4d04-bf78-5faf68f7e7df ] Request (ServersTestJSON:test_create_server_with_ipv6_addr_only): 200 GET http://10.180.1.21/compute/v2.1/servers/a56a3fab-e491-44f5-9cf4-2c308138ffc4 0.071s
2025-01-10 07:48:55.888 67726 INFO tempest.lib.common.rest_client [req-83e9be04-a4fe-4e0a-9729-6d469187b85a req-83e9be04-a4fe-4e0a-9729-6d469187b85a ] Request (MigrationsAdminTest:test_resize_server_revert_deleted_flavor): 200 GET http://10.180.1.21/compute/v2.1/servers/02dc8c41-5092-4f84-9722-37d4df3a459a 0.109s
2025-01-10 07:48:55.895 67719 INFO tempest.lib.common.rest_client [req-b3926a99-1c65-4ef6-b3b2-bb38f4bfb100 req-b3926a99-1c65-4ef6-b3b2-bb38f4bfb100 ] Request (InstanceActionsV221TestJSON:test_get_list_deleted_instance_actions): 200 GET http://10.180.1.21/compute/v2.1/servers/a3c7943e-7528-41bc-9a20-1e2b57f832e3 0.075s
2025-01-10 07:48:55.945 67695 INFO tempest.lib.common.rest_client [req-f7351fc3-fb13-4b16-a926-23b031c62129 req-f7351fc3-fb13-4b16-a926-23b031c62129 ] Request (ServersTestJSON:tearDownClass): 200 GET http://10.180.1.21/compute/v2.1/servers/f44b2e88-af6d-4252-b562-9d5fa7745b56 0.053s
2025-01-10 07:48:56.026 67705 INFO tempest.lib.common.rest_client [req-96a5afaf-5a2d-46e2-b04e-abc49f5b5adc req-96a5afaf-5a2d-46e2-b04e-abc49f5b5adc ] Request (ListImageFiltersTestJSON:tearDownClass): 200 GET http://10.180.1.21/compute/v2.1/servers/a9dfeb4d-a92e-41cf-9d2f-43086cc9e868 0.053s
2025-01-10 07:48:56.176 67693 INFO tempest.lib.common.rest_client [req-3b9aaeb9-c1d4-47af-827d-c5452f71ef10 req-3b9aaeb9-c1d4-47af-827d-c5452f71ef10 ] Request (ServerShowV257Test:test_rebuild_server): 200 GET http://10.180.1.21/compute/v2.1/servers/8449f09b-4e7b-4511-bb3c-2ff6667addb2 0.047s
2025-01-10 07:48:56.201 67677 INFO tempest.lib.common.rest_client [req-b7eae6c7-6d67-417d-964c-79d4754555c4 req-b7eae6c7-6d67-417d-964c-79d4754555c4 ] Request (ImagesTestJSON:test_create_server_from_snapshot): 200 GET http://10.180.1.21/compute/v2.1/servers/274d214a-4b92-4900-a66c-54baea2a68f8 0.043s
2025-01-10 07:48:56.256 67728 INFO tempest.lib.common.rest_client [req-47a77a70-c132-4c2e-a22e-3ba43fbb02fa req-47a77a70-c132-4c2e-a22e-3ba43fbb02fa ] Request (VolumesAssistedSnapshotsTest:tearDownClass): 200 GET http://10.180.1.21/compute/v2.1/servers/d532b5fa-90a3-4f25-8684-4eabaa432c86 0.052s
2025-01-10 07:48:56.273 67689 INFO tempest.lib.common.rest_client [req-7b378afd-bd8b-43ac-bb3b-aaf9a6d1e9da req-7b378afd-bd8b-43ac-bb3b-aaf9a6d1e9da ] Request (ServersNegativeTestMultiTenantJSON:tearDownClass): 200 GET http://10.180.1.21/compute/v2.1/servers/b945f05d-ef1c-4469-9390-f7bbd4f435f0 0.050s
2025-01-10 07:48:56.309 67734 INFO tempest.lib.common.rest_client [req-cf7e551b-ddc8-4efc-a08c-02c9a67839a0 req-cf7e551b-ddc8-4efc-a08c-02c9a67839a0 ] Request (AttachInterfacesUnderV243Test:_run_cleanups): 200 GET http://10.180.1.21/compute/v2.1/servers/0dbd52ac-c987-4728-974e-73e99465c5e7 0.054s
2025-01-10 07:48:56.338 67709 INFO tempest.lib.common.rest_client [req-3b095e43-f4a6-4a34-a638-c675f482ab25 req-3b095e43-f4a6-4a34-a638-c675f482ab25 ] Request (FloatingIPsAssociationTestJSON:tearDownClass): 200 GET http://10.180.1.21/compute/v2.1/servers/6b1f0e69-3915-40dc-b4ec-93ab174f12b6 0.053s
2025-01-10 07:48:56.351 67717 INFO tempest.lib.common.rest_client [req-b434d13c-92c3-4546-9e02-7c39cdc7ab55 req-b434d13c-92c3-4546-9e02-7c39cdc7ab55 ] Request (ServersTestFqdnHostnames:test_create_server_with_fqdn_name): 200 GET http://10.180.1.21/compute/v2.1/servers/31419285-9fdf-4d37-94d7-d1b08c6b6b05 0.053s
2025-01-10 07:48:56.400 67691 INFO tempest.lib.common.rest_client [req-63fb5f39-6fc6-4aa9-b1b6-1a7ab6436138 req-63fb5f39-6fc6-4aa9-b1b6-1a7ab6436138 ] Request (ServersAaction247Test:test_create_backup): 200 GET http://10.180.1.21/compute/v2.1/servers/18a97088-fffa-4b77-8ab0-d24f6f84f516 0.050s
2025-01-10 07:48:56.405 67679 INFO tempest.lib.common.rest_client [req-2b37212b-ab2f-45c6-a8da-0166d27ecee8 req-2b37212b-ab2f-45c6-a8da-0166d27ecee8 ] Request (ServersWithSpecificFlavorTestJSON:test_verify_created_server_ephemeral_disk): 200 GET http://10.180.1.21/compute/v2.1/servers/feca8680-4baa-4b2c-9875-69a88b351dc0 0.050s
2025-01-10 07:48:56.460 67687 INFO tempest.lib.common.rest_client [req-b8c0021b-1cae-47e2-aad8-f5ad25c0ccd8 req-b8c0021b-1cae-47e2-aad8-f5ad25c0ccd8 ] Request (ServerRescueNegativeTestJSON:setUpClass): 200 GET http://10.180.1.21/compute/v2.1/servers/ca3d1a73-6f3b-4278-8fe7-03b66f407ba6 0.046s
2025-01-10 07:48:56.479 67699 INFO tempest.lib.common.rest_client [req-119431b7-dd2c-40d9-80cb-297961963e6f req-119431b7-dd2c-40d9-80cb-297961963e6f ] Request (ListServersNegativeTestJSON:setUpClass): 200 GET http://10.180.1.21/compute/v2.1/servers/cfe219da-adf9-44b9-9df3-752ccf72a68b 0.053s
2025-01-10 07:48:56.517 67732 INFO tempest.lib.common.rest_client [req-2c2de845-4418-4263-88c1-05c7eaa7c4cd req-2c2de845-4418-4263-88c1-05c7eaa7c4cd ] Request (ServersAdminTestJSON:test_inject_network_info): 200 GET http://10.180.1.21/compute/v2.1/servers/e3dd1bc0-f292-4ac7-a8db-324887a18411 0.046s
2025-01-10 07:48:56.581 67697 INFO tempest.lib.common.rest_client [req-5c63dd04-23c8-4378-937a-e9493fbc66c4 req-5c63dd04-23c8-4378-937a-e9493fbc66c4 ] Request (ServerMetadataNegativeTestJSON:tearDownClass): 200 GET http://10.180.1.21/compute/v2.1/servers/50bc9674-d19c-40f1-a89f-1738a1e48307 0.051s
2025-01-10 07:48:56.600 67721 INFO paramiko.transport [-] Connected (version 2.0, client dropbear_2020.81)
2025-01-10 07:48:56.614 67707 INFO tempest.lib.common.rest_client [req-e09c3df0-dccc-408c-8c91-5a77d3073513 req-e09c3df0-dccc-408c-8c91-5a77d3073513 ] Request (MultipleCreateTestJSON:test_multiple_create_with_reservation_return): 200 GET http://10.180.1.21/compute/v2.1/servers/df93c57e-716c-4c73-b551-9079a523ea0b 0.045s
2025-01-10 07:48:56.662 67721 INFO paramiko.transport [-] Authentication (publickey) successful!
2025-01-10 07:48:56.662 67721 INFO tempest.lib.common.ssh [-] ssh connection to cirros@10.180.180.249 successfully created
2025-01-10 07:48:56.691 67721 INFO tempest.lib.common.rest_client [req-e3e245f3-4cc4-4a0f-9376-d0c869ae7c87 req-e3e245f3-4cc4-4a0f-9376-d0c869ae7c87 ] Request (AttachVolumeShelveTestJSON:test_attach_volume_shelved_or_offload_server): 200 GET http://10.180.1.21/compute/v2.1/servers/b4cd871a-30ea-4b7a-98ad-00b8676dc2cd/ips 0.028s
2025-01-10 07:48:56.837 67721 INFO tempest.lib.common.rest_client [req-bb3826e2-6598-4e4c-b37e-a2d0d642e7cc req-bb3826e2-6598-4e4c-b37e-a2d0d642e7cc ] Request (AttachVolumeShelveTestJSON:test_attach_volume_shelved_or_offload_server): 202 POST http://10.180.1.21/volume/v3/volumes 0.145s
2025-01-10 07:48:56.874 67724 INFO tempest.lib.common.rest_client [req-aa7d5f9a-5c6a-46b4-aa0a-f77da5efcdf3 req-aa7d5f9a-5c6a-46b4-aa0a-f77da5efcdf3 ] Request (ServersTestBootFromVolume:tearDownClass): 200 GET http://10.180.1.21/compute/v2.1/servers/5bc73032-45f9-4b5c-a4ea-e07c48e4f82b 0.072s
2025-01-10 07:48:56.881 67721 INFO tempest.lib.common.rest_client [req-111f896c-1570-4866-bab6-fa1bcf15d856 req-111f896c-1570-4866-bab6-fa1bcf15d856 ] Request (AttachVolumeShelveTestJSON:test_attach_volume_shelved_or_offload_server): 200 GET http://10.180.1.21/volume/v3/volumes/554d5299-0a48-44f8-bb8e-9328f519c7ee 0.037s
2025-01-10 07:48:56.925 67703 INFO tempest.lib.common.rest_client [req-d41a3385-dde3-43fd-b675-f3124940315d req-d41a3385-dde3-43fd-b675-f3124940315d ] Request (ServersV294TestFqdnHostnames:setUpClass): 200 GET http://10.180.1.21/compute/v2.1/servers/26303c0e-be87-41ff-a15c-e92f91f8a05f 0.137s
2025-01-10 07:48:56.949 67685 INFO tempest.lib.common.rest_client [req-670aa995-2f55-4c5e-9d12-7bfc73694fd2 req-670aa995-2f55-4c5e-9d12-7bfc73694fd2 ] Request (ServersAdmin275Test:tearDownClass): 200 GET http://10.180.1.21/compute/v2.1/servers/e2a9ab56-bde3-40b6-a214-19c77a9c6778 0.103s
2025-01-10 07:48:56.974 67681 INFO tempest.lib.common.rest_client [req-4d5c1fdb-2946-4109-bd7b-a8cd1ccee717 req-4d5c1fdb-2946-4109-bd7b-a8cd1ccee717 ] Request (ServersTestJSON:test_create_server_with_ipv6_addr_only): 200 GET http://10.180.1.21/compute/v2.1/servers/a56a3fab-e491-44f5-9cf4-2c308138ffc4 0.123s
2025-01-10 07:48:57.001 67726 INFO tempest.lib.common.rest_client [req-7f442de6-c2dc-4e7c-b8b5-12b19c6fd111 req-7f442de6-c2dc-4e7c-b8b5-12b19c6fd111 ] Request (MigrationsAdminTest:test_resize_server_revert_deleted_flavor): 200 GET http://10.180.1.21/compute/v2.1/servers/02dc8c41-5092-4f84-9722-37d4df3a459a 0.104s
2025-01-10 07:48:57.023 67719 INFO tempest.lib.common.rest_client [req-b516bed0-6d90-4d02-a1ff-744928245b5d req-b516bed0-6d90-4d02-a1ff-744928245b5d ] Request (InstanceActionsV221TestJSON:test_get_list_deleted_instance_actions): 200 GET http://10.180.1.21/compute/v2.1/servers/a3c7943e-7528-41bc-9a20-1e2b57f832e3 0.120s
2025-01-10 07:48:57.031 67719 INFO tempest.common.waiters [-] State transition "BUILD/scheduling" ==> "BUILD/None" after 12 second wait
2025-01-10 07:48:57.053 67695 INFO tempest.lib.common.rest_client [req-57eb9dbc-5848-4896-83dd-4ffa78a3cdcc req-57eb9dbc-5848-4896-83dd-4ffa78a3cdcc ] Request (ServersTestJSON:tearDownClass): 200 GET http://10.180.1.21/compute/v2.1/servers/f44b2e88-af6d-4252-b562-9d5fa7745b56 0.100s
2025-01-10 07:48:57.087 67705 INFO tempest.lib.common.rest_client [req-6c10ad4f-8438-4da5-8946-c739d11f7a3e req-6c10ad4f-8438-4da5-8946-c739d11f7a3e ] Request (ListImageFiltersTestJSON:tearDownClass): 200 GET http://10.180.1.21/compute/v2.1/servers/a9dfeb4d-a92e-41cf-9d2f-43086cc9e868 0.053s
2025-01-10 07:48:57.234 67693 INFO tempest.lib.common.rest_client [req-d6415902-db3d-46a3-a2c3-4697bea10417 req-d6415902-db3d-46a3-a2c3-4697bea10417 ] Request (ServerShowV257Test:test_rebuild_server): 200 GET http://10.180.1.21/compute/v2.1/servers/8449f09b-4e7b-4511-bb3c-2ff6667addb2 0.050s
2025-01-10 07:48:57.254 67677 INFO tempest.lib.common.rest_client [req-28825392-00f5-4c03-b2f0-381e993e6988 req-28825392-00f5-4c03-b2f0-381e993e6988 ] Request (ImagesTestJSON:test_create_server_from_snapshot): 200 GET http://10.180.1.21/compute/v2.1/servers/274d214a-4b92-4900-a66c-54baea2a68f8 0.046s
2025-01-10 07:48:57.316 67728 INFO tempest.lib.common.rest_client [req-090388b0-1b43-470c-97ce-c43f0ebcf348 req-090388b0-1b43-470c-97ce-c43f0ebcf348 ] Request (VolumesAssistedSnapshotsTest:tearDownClass): 200 GET http://10.180.1.21/compute/v2.1/servers/d532b5fa-90a3-4f25-8684-4eabaa432c86 0.053s
2025-01-10 07:48:57.329 67689 INFO tempest.lib.common.rest_client [req-8b5222cd-c14d-4683-a808-860d14980be4 req-8b5222cd-c14d-4683-a808-860d14980be4 ] Request (ServersNegativeTestMultiTenantJSON:tearDownClass): 200 GET http://10.180.1.21/compute/v2.1/servers/b945f05d-ef1c-4469-9390-f7bbd4f435f0 0.049s
2025-01-10 07:48:57.367 67734 INFO tempest.lib.common.rest_client [req-f6001f55-0102-4382-9a74-7a0fb1a76db5 req-f6001f55-0102-4382-9a74-7a0fb1a76db5 ] Request (AttachInterfacesUnderV243Test:_run_cleanups): 200 GET http://10.180.1.21/compute/v2.1/servers/0dbd52ac-c987-4728-974e-73e99465c5e7 0.050s
2025-01-10 07:48:57.399 67709 INFO tempest.lib.common.rest_client [req-a18b6d72-19cf-4984-9f07-44d8c549213c req-a18b6d72-19cf-4984-9f07-44d8c549213c ] Request (FloatingIPsAssociationTestJSON:tearDownClass): 200 GET http://10.180.1.21/compute/v2.1/servers/6b1f0e69-3915-40dc-b4ec-93ab174f12b6 0.054s
2025-01-10 07:48:57.408 67717 INFO tempest.lib.common.rest_client [req-11288451-300c-4476-a769-e9c5ee0be0ba req-11288451-300c-4476-a769-e9c5ee0be0ba ] Request (ServersTestFqdnHostnames:test_create_server_with_fqdn_name): 200 GET http://10.180.1.21/compute/v2.1/servers/31419285-9fdf-4d37-94d7-d1b08c6b6b05 0.050s
2025-01-10 07:48:57.461 67691 INFO tempest.lib.common.rest_client [req-bf93ad9b-799a-43b0-a2b5-6b179c48aaeb req-bf93ad9b-799a-43b0-a2b5-6b179c48aaeb ] Request (ServersAaction247Test:test_create_backup): 200 GET http://10.180.1.21/compute/v2.1/servers/18a97088-fffa-4b77-8ab0-d24f6f84f516 0.053s
2025-01-10 07:48:57.465 67679 INFO tempest.lib.common.rest_client [req-ceb55c71-9fb1-4a35-b509-891524cc8c9d req-ceb55c71-9fb1-4a35-b509-891524cc8c9d ] Request (ServersWithSpecificFlavorTestJSON:test_verify_created_server_ephemeral_disk): 200 GET http://10.180.1.21/compute/v2.1/servers/feca8680-4baa-4b2c-9875-69a88b351dc0 0.053s
