2025-01-10 07:48:27.351 67691 INFO tempest.lib.common.rest_client [req-2626a346-5b5c-4b36-b53a-b9ef3fe44b55 req-2626a346-5b5c-4b36-b53a-b9ef3fe44b55 ] Request (ServerExternalEventsTest:tearDownClass): 200 GET http://10.180.1.21/compute/v2.1/servers/d06f3099-d05f-417f-a71a-7b368590624f 0.507s
2025-01-10 07:48:27.383 67685 INFO tempest.lib.common.rest_client [req-2758a49d-702d-4687-bc22-39725e4c8222 req-2758a49d-702d-4687-bc22-39725e4c8222 ] Request (ServersAdmin275Test:tearDownClass): 200 GET http://10.180.1.21/compute/v2.1/servers/e2a9ab56-bde3-40b6-a214-19c77a9c6778 0.476s
2025-01-10 07:48:27.399 67703 INFO tempest.lib.common.rest_client [req-879305b7-d0e6-4f47-a900-09a935a9cdc7 req-879305b7-d0e6-4f47-a900-09a935a9cdc7 ] Request (ServersV294TestFqdnHostnames:setUpClass): 200 GET http://10.180.1.21/compute/v2.1/servers/26303c0e-be87-41ff-a15c-e92f91f8a05f 0.392s
2025-01-10 07:48:27.425 67687 INFO tempest.lib.common.rest_client [req-7b1be4da-57ff-48c3-8f70-e86001329a03 req-7b1be4da-57ff-48c3-8f70-e86001329a03 ] Request (ServerRescueNegativeTestJSON:setUpClass): 200 GET http://10.180.1.21/compute/v2.1/servers/ca3d1a73-6f3b-4278-8fe7-03b66f407ba6 0.370s
2025-01-10 07:48:27.443 67732 INFO tempest.lib.common.rest_client [req-09bcd0ef-f5d2-4f12-84be-10d2bb3175e8 req-09bcd0ef-f5d2-4f12-84be-10d2bb3175e8 ] Request (ServersAdminTestJSON:test_inject_network_info): 200 GET http://10.180.1.21/compute/v2.1/servers/e3dd1bc0-f292-4ac7-a8db-324887a18411 0.317s
2025-01-10 07:48:27.480 67707 INFO tempest.lib.common.rest_client [req-f480a55c-52b5-4b26-9e26-e0424cadcc9e req-f480a55c-52b5-4b26-9e26-e0424cadcc9e ] Request (MultipleCreateTestJSON:_run_cleanups): 200 GET http://10.180.1.21/compute/v2.1/servers/6d4061e4-a074-445d-95c5-239014ee87f3 0.345s
2025-01-10 07:48:27.487 67689 INFO tempest.lib.common.rest_client [req-28675722-a72e-400a-ae77-f1417fd5654d req-28675722-a72e-400a-ae77-f1417fd5654d ] Request (ServersNegativeTestMultiTenantJSON:setUpClass): 200 GET http://10.180.1.21/compute/v2.1/servers/b945f05d-ef1c-4469-9390-f7bbd4f435f0 0.258s
2025-01-10 07:48:27.533 67717 INFO tempest.lib.common.rest_client [req-2c0cf809-d99d-4382-9f1b-589ffc2a5e79 req-2c0cf809-d99d-4382-9f1b-589ffc2a5e79 ] Request (ServersAdminNegativeTestJSON:tearDownClass): 200 GET http://10.180.1.21/compute/v2.1/servers/fb7f38a0-bcfa-4d96-bde3-20d6f1d70112 0.242s
2025-01-10 07:48:27.549 67713 WARNING tempest.lib.common.ssh [-] Failed to establish authenticated ssh connection to cirros@10.180.180.235 ([Errno None] Unable to connect to port 22 on 10.180.180.235). Number attempts: 8. Retry after 9 seconds.: paramiko.ssh_exception.NoValidConnectionsError: [Errno None] Unable to connect to port 22 on 10.180.180.235
2025-01-10 07:48:27.597 67709 INFO tempest.lib.common.rest_client [req-5a8008a9-5453-4500-93da-cdc922184b64 req-5a8008a9-5453-4500-93da-cdc922184b64 ] Request (FloatingIPsAssociationTestJSON:tearDownClass): 204 DELETE http://10.180.1.21/compute/v2.1/servers/6b1f0e69-3915-40dc-b4ec-93ab174f12b6 0.264s
2025-01-10 07:48:27.620 67728 INFO tempest.lib.common.rest_client [req-7b66fac4-85a5-418e-aa2f-b2bcbc5c44b2 req-7b66fac4-85a5-418e-aa2f-b2bcbc5c44b2 ] Request (VolumesAssistedSnapshotsTest:_run_cleanups): 202 DELETE http://10.180.1.21/compute/v2.1/servers/d532b5fa-90a3-4f25-8684-4eabaa432c86/os-volume_attachments/42560db2-1a6f-4d32-878e-bb36627ec4d0 0.299s
2025-01-10 07:48:27.650 67697 INFO tempest.lib.common.rest_client [req-5fd74b0b-48e8-48ec-a6d0-bd912f7b8b18 req-5fd74b0b-48e8-48ec-a6d0-bd912f7b8b18 ] Request (ServerMetadataNegativeTestJSON:setUpClass): 200 GET http://10.180.1.21/compute/v2.1/servers/50bc9674-d19c-40f1-a89f-1738a1e48307 0.316s
2025-01-10 07:48:27.704 67726 INFO tempest.lib.common.rest_client [req-4e6182a6-ca53-4b9d-ae34-d0a62d75048d req-4e6182a6-ca53-4b9d-ae34-d0a62d75048d ] Request (MigrationsAdminTest:test_resize_server_revert_deleted_flavor): 200 GET http://10.180.1.21/compute/v2.1/servers/02dc8c41-5092-4f84-9722-37d4df3a459a 0.192s
2025-01-10 07:48:27.729 67699 INFO tempest.lib.common.rest_client [req-3bd70ba8-18f3-4fbb-aafc-379c3f4f3ec9 req-3bd70ba8-18f3-4fbb-aafc-379c3f4f3ec9 ] Request (ListServersNegativeTestJSON:setUpClass): 200 GET http://10.180.1.21/compute/v2.1/servers/5237ffbf-9ec2-40d7-8ab7-fb66d856d6e7 0.282s
2025-01-10 07:48:27.793 67705 INFO tempest.lib.common.rest_client [req-39520b5e-431e-45a8-af0f-ec779f6a34ca req-39520b5e-431e-45a8-af0f-ec779f6a34ca ] Request (ListImageFiltersTestJSON:tearDownClass): 200 GET http://10.180.1.21/compute/v2.1/servers/a9dfeb4d-a92e-41cf-9d2f-43086cc9e868 0.214s
2025-01-10 07:48:27.811 67701 INFO tempest.lib.common.rest_client [req-579810ec-d29b-4a6e-b272-7e9bb2557353 req-579810ec-d29b-4a6e-b272-7e9bb2557353 ] Request (AttachVolumeTestJSON:test_attach_detach_volume): 200 GET http://10.180.1.21/compute/v2.1/servers/025dfe36-1f14-4bda-84a0-d424364b745b 0.257s
2025-01-10 07:48:27.817 67701 INFO tempest.common.waiters [-] State transition "BUILD/networking" ==> "BUILD/spawning" after 78 second wait
2025-01-10 07:48:27.841 67728 INFO tempest.lib.common.rest_client [req-f071abf7-bb0e-40af-9c40-6cdf160e9866 req-f071abf7-bb0e-40af-9c40-6cdf160e9866 ] Request (VolumesAssistedSnapshotsTest:_run_cleanups): 200 GET http://10.180.1.21/compute/v2.1/servers/d532b5fa-90a3-4f25-8684-4eabaa432c86/os-volume_attachments 0.220s
2025-01-10 07:48:27.897 67677 INFO tempest.lib.common.rest_client [req-f7efcee9-3e4b-454a-8f7e-10a0331ff262 req-f7efcee9-3e4b-454a-8f7e-10a0331ff262 ] Request (ImagesTestJSON:test_create_server_from_snapshot): 200 GET http://10.180.1.21/compute/v2.1/servers/274d214a-4b92-4900-a66c-54baea2a68f8 0.056s
2025-01-10 07:48:27.941 67709 INFO tempest.lib.common.rest_client [req-17152398-ca83-40f5-8aba-45ff48cd8533 req-17152398-ca83-40f5-8aba-45ff48cd8533 ] Request (FloatingIPsAssociationTestJSON:tearDownClass): 200 GET http://10.180.1.21/compute/v2.1/servers/6b1f0e69-3915-40dc-b4ec-93ab174f12b6 0.343s
2025-01-10 07:48:27.972 67693 INFO tempest.lib.common.rest_client [req-0e9b2735-1f63-4593-ba03-f21ea9d361f4 req-0e9b2735-1f63-4593-ba03-f21ea9d361f4 ] Request (ServerShowV257Test:test_rebuild_server): 200 GET http://10.180.1.21/compute/v2.1/servers/8449f09b-4e7b-4511-bb3c-2ff6667addb2 0.056s
2025-01-10 07:48:28.125 67721 WARNING tempest.lib.common.ssh [-] Failed to establish authenticated ssh connection to cirros@10.180.180.249 ([Errno None] Unable to connect to port 22 on 10.180.180.249). Number attempts: 2. Retry after 3 seconds.: paramiko.ssh_exception.NoValidConnectionsError: [Errno None] Unable to connect to port 22 on 10.180.180.249
2025-01-10 07:48:28.278 67719 INFO tempest.lib.common.rest_client [req-016d451a-83a7-44c2-bf6a-4f96403fa75f req-016d451a-83a7-44c2-bf6a-4f96403fa75f ] Request (DeleteServersAdminTestJSON:test_delete_server_while_in_error_state): 200 GET http://10.180.1.21/compute/v2.1/servers/b788c51b-367b-4eef-93d2-faa8836469b6 0.062s
2025-01-10 07:48:28.319 67681 INFO tempest.lib.common.rest_client [req-fbade862-d364-46a2-9782-e222cc2c5343 req-fbade862-d364-46a2-9782-e222cc2c5343 ] Request (ServersTestJSON:test_create_server_specify_multibyte_character_name): 200 GET http://10.180.1.21/compute/v2.1/servers/ffce9a72-e214-4bcc-bd9a-92abdb4a5ef1 0.053s
2025-01-10 07:48:28.335 67695 WARNING tempest.lib.common.ssh [-] Failed to establish authenticated ssh connection to cirros@10.180.180.144 ([Errno None] Unable to connect to port 22 on 10.180.180.144). Number attempts: 8. Retry after 9 seconds.: paramiko.ssh_exception.NoValidConnectionsError: [Errno None] Unable to connect to port 22 on 10.180.180.144
2025-01-10 07:48:28.434 67691 INFO tempest.lib.common.rest_client [req-b6f7fdeb-0ea3-4bab-a430-dba181c7cfe0 req-b6f7fdeb-0ea3-4bab-a430-dba181c7cfe0 ] Request (ServerExternalEventsTest:tearDownClass): 200 GET http://10.180.1.21/compute/v2.1/servers/d06f3099-d05f-417f-a71a-7b368590624f 0.076s
2025-01-10 07:48:28.453 67685 INFO tempest.lib.common.rest_client [req-9b0e819a-6e04-41a3-b1ee-c5fee07037ca req-9b0e819a-6e04-41a3-b1ee-c5fee07037ca ] Request (ServersAdmin275Test:tearDownClass): 200 GET http://10.180.1.21/compute/v2.1/servers/e2a9ab56-bde3-40b6-a214-19c77a9c6778 0.061s
2025-01-10 07:48:28.498 67703 INFO tempest.lib.common.rest_client [req-1d8be20f-0183-4cbe-977e-64ac97e2967e req-1d8be20f-0183-4cbe-977e-64ac97e2967e ] Request (ServersV294TestFqdnHostnames:setUpClass): 200 GET http://10.180.1.21/compute/v2.1/servers/26303c0e-be87-41ff-a15c-e92f91f8a05f 0.091s
2025-01-10 07:48:28.507 67687 INFO tempest.lib.common.rest_client [req-e63d0e54-d554-4dec-a37e-5fc15df6a439 req-e63d0e54-d554-4dec-a37e-5fc15df6a439 ] Request (ServerRescueNegativeTestJSON:setUpClass): 200 GET http://10.180.1.21/compute/v2.1/servers/ca3d1a73-6f3b-4278-8fe7-03b66f407ba6 0.075s
2025-01-10 07:48:28.531 67707 INFO tempest.lib.common.rest_client [req-2c0217e6-a1ea-48fe-a88a-bb9b6723798b req-2c0217e6-a1ea-48fe-a88a-bb9b6723798b ] Request (MultipleCreateTestJSON:_run_cleanups): 404 GET http://10.180.1.21/compute/v2.1/servers/6d4061e4-a074-445d-95c5-239014ee87f3 0.044s
2025-01-10 07:48:28.557 67732 INFO tempest.lib.common.rest_client [req-e824fbf0-f097-451f-a100-1c228e528d16 req-e824fbf0-f097-451f-a100-1c228e528d16 ] Request (ServersAdminTestJSON:test_inject_network_info): 200 GET http://10.180.1.21/compute/v2.1/servers/e3dd1bc0-f292-4ac7-a8db-324887a18411 0.106s
2025-01-10 07:48:28.595 67689 INFO tempest.lib.common.rest_client [req-0e911e93-1d11-4141-88e3-a24f52948bd1 req-0e911e93-1d11-4141-88e3-a24f52948bd1 ] Request (ServersNegativeTestMultiTenantJSON:setUpClass): 200 GET http://10.180.1.21/compute/v2.1/servers/b945f05d-ef1c-4469-9390-f7bbd4f435f0 0.101s
2025-01-10 07:48:28.614 67707 INFO tempest.lib.common.rest_client [req-c53319aa-88d0-4453-94c0-23e6670d498d req-c53319aa-88d0-4453-94c0-23e6670d498d ] Request (MultipleCreateTestJSON:_run_cleanups): 200 GET http://10.180.1.21/compute/v2.1/servers/52839b18-a68a-4ec7-a921-c42454955e82 0.083s
2025-01-10 07:48:28.653 67717 INFO tempest.lib.common.rest_client [req-12dadf2c-4111-4ab4-a81f-fb360ca794a5 req-12dadf2c-4111-4ab4-a81f-fb360ca794a5 ] Request (ServersAdminNegativeTestJSON:tearDownClass): 200 GET http://10.180.1.21/compute/v2.1/servers/fb7f38a0-bcfa-4d96-bde3-20d6f1d70112 0.113s
2025-01-10 07:48:28.707 67697 INFO tempest.lib.common.rest_client [req-0662d3a1-5b9c-4d07-9852-9bc847c45fcc req-0662d3a1-5b9c-4d07-9852-9bc847c45fcc ] Request (ServerMetadataNegativeTestJSON:setUpClass): 200 GET http://10.180.1.21/compute/v2.1/servers/50bc9674-d19c-40f1-a89f-1738a1e48307 0.050s
2025-01-10 07:48:28.758 67726 INFO tempest.lib.common.rest_client [req-84969704-0263-4c50-a224-070528f4c9c8 req-84969704-0263-4c50-a224-070528f4c9c8 ] Request (MigrationsAdminTest:test_resize_server_revert_deleted_flavor): 200 GET http://10.180.1.21/compute/v2.1/servers/02dc8c41-5092-4f84-9722-37d4df3a459a 0.047s
2025-01-10 07:48:28.832 67699 INFO tempest.lib.common.rest_client [req-f0240ae9-a5cf-4029-a6c8-cceae4cb6208 req-f0240ae9-a5cf-4029-a6c8-cceae4cb6208 ] Request (ListServersNegativeTestJSON:setUpClass): 200 GET http://10.180.1.21/compute/v2.1/servers/5237ffbf-9ec2-40d7-8ab7-fb66d856d6e7 0.097s
2025-01-10 07:48:28.869 67705 INFO tempest.lib.common.rest_client [req-388fddf1-3a23-4ac2-bcba-f656711dc0bc req-388fddf1-3a23-4ac2-bcba-f656711dc0bc ] Request (ListImageFiltersTestJSON:tearDownClass): 200 GET http://10.180.1.21/compute/v2.1/servers/a9dfeb4d-a92e-41cf-9d2f-43086cc9e868 0.066s
2025-01-10 07:48:28.888 67734 WARNING tempest.lib.common.ssh [-] Failed to establish authenticated ssh connection to cirros@10.180.180.225 ([Errno None] Unable to connect to port 22 on 10.180.180.225). Number attempts: 10. Retry after 11 seconds.: paramiko.ssh_exception.NoValidConnectionsError: [Errno None] Unable to connect to port 22 on 10.180.180.225
2025-01-10 07:48:28.899 67728 INFO tempest.lib.common.rest_client [req-69cab201-be81-4868-9a16-ddee8bb53086 req-69cab201-be81-4868-9a16-ddee8bb53086 ] Request (VolumesAssistedSnapshotsTest:_run_cleanups): 200 GET http://10.180.1.21/compute/v2.1/servers/d532b5fa-90a3-4f25-8684-4eabaa432c86/os-volume_attachments 0.057s
2025-01-10 07:48:28.926 67701 INFO tempest.lib.common.rest_client [req-c0dbdc44-b70e-4759-9c86-eb047adfb86c req-c0dbdc44-b70e-4759-9c86-eb047adfb86c ] Request (AttachVolumeTestJSON:test_attach_detach_volume): 200 GET http://10.180.1.21/compute/v2.1/servers/025dfe36-1f14-4bda-84a0-d424364b745b 0.108s
2025-01-10 07:48:28.963 67677 INFO tempest.lib.common.rest_client [req-3553978c-539d-4ab7-b73a-18e5d198087a req-3553978c-539d-4ab7-b73a-18e5d198087a ] Request (ImagesTestJSON:test_create_server_from_snapshot): 200 GET http://10.180.1.21/compute/v2.1/servers/274d214a-4b92-4900-a66c-54baea2a68f8 0.058s
2025-01-10 07:48:29.039 67693 INFO tempest.lib.common.rest_client [req-7386f718-1de8-4c84-aeab-544799bbd9c2 req-7386f718-1de8-4c84-aeab-544799bbd9c2 ] Request (ServerShowV257Test:test_rebuild_server): 200 GET http://10.180.1.21/compute/v2.1/servers/8449f09b-4e7b-4511-bb3c-2ff6667addb2 0.058s
2025-01-10 07:48:29.055 67709 INFO tempest.lib.common.rest_client [req-ecd64f01-683a-4d3f-a483-44ebb0a255df req-ecd64f01-683a-4d3f-a483-44ebb0a255df ] Request (FloatingIPsAssociationTestJSON:tearDownClass): 200 GET http://10.180.1.21/compute/v2.1/servers/6b1f0e69-3915-40dc-b4ec-93ab174f12b6 0.107s
2025-01-10 07:48:29.347 67719 INFO tempest.lib.common.rest_client [req-1e8aa822-d7e5-4b53-97b5-25d2f4993b0a req-1e8aa822-d7e5-4b53-97b5-25d2f4993b0a ] Request (DeleteServersAdminTestJSON:test_delete_server_while_in_error_state): 200 GET http://10.180.1.21/compute/v2.1/servers/b788c51b-367b-4eef-93d2-faa8836469b6 0.062s
2025-01-10 07:48:29.387 67681 INFO tempest.lib.common.rest_client [req-c593e83c-c2b0-498c-8468-e63265e1402a req-c593e83c-c2b0-498c-8468-e63265e1402a ] Request (ServersTestJSON:test_create_server_specify_multibyte_character_name): 200 GET http://10.180.1.21/compute/v2.1/servers/ffce9a72-e214-4bcc-bd9a-92abdb4a5ef1 0.061s
2025-01-10 07:48:29.526 67691 INFO tempest.lib.common.rest_client [req-84e3c663-0d06-43d3-b0b2-5cf1414d9f91 req-84e3c663-0d06-43d3-b0b2-5cf1414d9f91 ] Request (ServerExternalEventsTest:tearDownClass): 200 GET http://10.180.1.21/compute/v2.1/servers/d06f3099-d05f-417f-a71a-7b368590624f 0.084s
2025-01-10 07:48:29.542 67685 INFO tempest.lib.common.rest_client [req-24465d6b-466a-47a9-9646-090c86b78f80 req-24465d6b-466a-47a9-9646-090c86b78f80 ] Request (ServersAdmin275Test:tearDownClass): 200 GET http://10.180.1.21/compute/v2.1/servers/e2a9ab56-bde3-40b6-a214-19c77a9c6778 0.079s
2025-01-10 07:48:29.604 67703 INFO tempest.lib.common.rest_client [req-c91c6192-1a09-4bcf-9d1f-2b4fb68ce28f req-c91c6192-1a09-4bcf-9d1f-2b4fb68ce28f ] Request (ServersV294TestFqdnHostnames:setUpClass): 200 GET http://10.180.1.21/compute/v2.1/servers/26303c0e-be87-41ff-a15c-e92f91f8a05f 0.096s
2025-01-10 07:48:29.607 67687 INFO tempest.lib.common.rest_client [req-2acedc0b-0322-4053-9f06-83eaf14057e4 req-2acedc0b-0322-4053-9f06-83eaf14057e4 ] Request (ServerRescueNegativeTestJSON:setUpClass): 200 GET http://10.180.1.21/compute/v2.1/servers/ca3d1a73-6f3b-4278-8fe7-03b66f407ba6 0.091s
2025-01-10 07:48:29.668 67732 INFO tempest.lib.common.rest_client [req-e789175b-6f7d-448e-9ce0-c70c8f024f8d req-e789175b-6f7d-448e-9ce0-c70c8f024f8d ] Request (ServersAdminTestJSON:test_inject_network_info): 200 GET http://10.180.1.21/compute/v2.1/servers/e3dd1bc0-f292-4ac7-a8db-324887a18411 0.103s
2025-01-10 07:48:29.674 67689 INFO tempest.lib.common.rest_client [req-7e9444b3-7ed5-45b8-843a-4c5544dafa47 req-7e9444b3-7ed5-45b8-843a-4c5544dafa47 ] Request (ServersNegativeTestMultiTenantJSON:setUpClass): 200 GET http://10.180.1.21/compute/v2.1/servers/b945f05d-ef1c-4469-9390-f7bbd4f435f0 0.071s
2025-01-10 07:48:29.742 67717 INFO tempest.lib.common.rest_client [req-4196879f-969c-48c3-96ca-a53777157b2c req-4196879f-969c-48c3-96ca-a53777157b2c ] Request (ServersAdminNegativeTestJSON:tearDownClass): 200 GET http://10.180.1.21/compute/v2.1/servers/fb7f38a0-bcfa-4d96-bde3-20d6f1d70112 0.083s
2025-01-10 07:48:29.749 67707 INFO tempest.lib.common.rest_client [req-e15030ac-5453-46e7-8f97-e013da31a696 req-e15030ac-5453-46e7-8f97-e013da31a696 ] Request (MultipleCreateTestJSON:_run_cleanups): 200 GET http://10.180.1.21/compute/v2.1/servers/52839b18-a68a-4ec7-a921-c42454955e82 0.126s
2025-01-10 07:48:29.798 67697 INFO tempest.lib.common.rest_client [req-54e044e7-1625-46ea-ad00-8f3b1f0420f5 req-54e044e7-1625-46ea-ad00-8f3b1f0420f5 ] Request (ServerMetadataNegativeTestJSON:setUpClass): 200 GET http://10.180.1.21/compute/v2.1/servers/50bc9674-d19c-40f1-a89f-1738a1e48307 0.084s
2025-01-10 07:48:29.834 67726 INFO tempest.lib.common.rest_client [req-6315baf8-77cc-41ab-81fa-43d312575289 req-6315baf8-77cc-41ab-81fa-43d312575289 ] Request (MigrationsAdminTest:test_resize_server_revert_deleted_flavor): 200 GET http://10.180.1.21/compute/v2.1/servers/02dc8c41-5092-4f84-9722-37d4df3a459a 0.068s
2025-01-10 07:48:29.940 67705 INFO tempest.lib.common.rest_client [req-43ec5d1c-49c0-4268-9db3-d40d6e8ac1f2 req-43ec5d1c-49c0-4268-9db3-d40d6e8ac1f2 ] Request (ListImageFiltersTestJSON:tearDownClass): 200 GET http://10.180.1.21/compute/v2.1/servers/a9dfeb4d-a92e-41cf-9d2f-43086cc9e868 0.065s
2025-01-10 07:48:29.969 67728 INFO tempest.lib.common.rest_client [req-3422c76d-652f-4cf0-995f-69a2c7652b35 req-3422c76d-652f-4cf0-995f-69a2c7652b35 ] Request (VolumesAssistedSnapshotsTest:_run_cleanups): 200 GET http://10.180.1.21/compute/v2.1/servers/d532b5fa-90a3-4f25-8684-4eabaa432c86/os-volume_attachments 0.068s
2025-01-10 07:48:29.993 67699 INFO tempest.lib.common.rest_client [req-793a7320-d4e1-4c3d-8076-f003c5ed559e req-793a7320-d4e1-4c3d-8076-f003c5ed559e ] Request (ListServersNegativeTestJSON:setUpClass): 200 GET http://10.180.1.21/compute/v2.1/servers/5237ffbf-9ec2-40d7-8ab7-fb66d856d6e7 0.152s
2025-01-10 07:48:30.048 67677 INFO tempest.lib.common.rest_client [req-efa17152-5519-4db3-8e68-2c73a97233c3 req-efa17152-5519-4db3-8e68-2c73a97233c3 ] Request (ImagesTestJSON:test_create_server_from_snapshot): 200 GET http://10.180.1.21/compute/v2.1/servers/274d214a-4b92-4900-a66c-54baea2a68f8 0.079s
2025-01-10 07:48:30.067 67701 INFO tempest.lib.common.rest_client [req-2ca2957e-5536-4ecb-83fe-f9009ad4d0c8 req-2ca2957e-5536-4ecb-83fe-f9009ad4d0c8 ] Request (AttachVolumeTestJSON:test_attach_detach_volume): 200 GET http://10.180.1.21/compute/v2.1/servers/025dfe36-1f14-4bda-84a0-d424364b745b 0.134s
2025-01-10 07:48:30.096 67693 INFO tempest.lib.common.rest_client [req-85e7b5e0-5e86-4e7f-b2d1-625fd98979a6 req-85e7b5e0-5e86-4e7f-b2d1-625fd98979a6 ] Request (ServerShowV257Test:test_rebuild_server): 200 GET http://10.180.1.21/compute/v2.1/servers/8449f09b-4e7b-4511-bb3c-2ff6667addb2 0.049s
2025-01-10 07:48:30.157 67709 INFO tempest.lib.common.rest_client [req-476cd82d-583b-4f35-ab84-812e2e35576c req-476cd82d-583b-4f35-ab84-812e2e35576c ] Request (FloatingIPsAssociationTestJSON:tearDownClass): 200 GET http://10.180.1.21/compute/v2.1/servers/6b1f0e69-3915-40dc-b4ec-93ab174f12b6 0.095s
2025-01-10 07:48:30.423 67719 INFO tempest.lib.common.rest_client [req-97632cfb-cd71-4eb9-bbd8-a74e25bbf848 req-97632cfb-cd71-4eb9-bbd8-a74e25bbf848 ] Request (DeleteServersAdminTestJSON:test_delete_server_while_in_error_state): 200 GET http://10.180.1.21/compute/v2.1/servers/b788c51b-367b-4eef-93d2-faa8836469b6 0.068s
2025-01-10 07:48:30.437 67679 INFO paramiko.transport [-] Connected (version 2.0, client dropbear_2020.81)
2025-01-10 07:48:30.454 67681 INFO tempest.lib.common.rest_client [req-0906be9a-791a-4b7c-b1ea-2b8f15656666 req-0906be9a-791a-4b7c-b1ea-2b8f15656666 ] Request (ServersTestJSON:test_create_server_specify_multibyte_character_name): 200 GET http://10.180.1.21/compute/v2.1/servers/ffce9a72-e214-4bcc-bd9a-92abdb4a5ef1 0.059s
2025-01-10 07:48:30.544 67679 INFO paramiko.transport [-] Authentication (publickey) successful!
2025-01-10 07:48:30.545 67679 INFO tempest.lib.common.ssh [-] ssh connection to cirros@10.180.180.194 successfully created
2025-01-10 07:48:30.595 67691 INFO tempest.lib.common.rest_client [req-3012e765-7239-4f03-9214-da94bfce3d4d req-3012e765-7239-4f03-9214-da94bfce3d4d ] Request (ServerExternalEventsTest:tearDownClass): 200 GET http://10.180.1.21/compute/v2.1/servers/d06f3099-d05f-417f-a71a-7b368590624f 0.061s
2025-01-10 07:48:30.625 67679 INFO tempest.lib.common.rest_client [req-9decd35f-e52e-4437-8c90-2d11076e90af req-9decd35f-e52e-4437-8c90-2d11076e90af ] Request (ServersWithSpecificFlavorTestJSON:test_verify_created_server_ephemeral_disk): 204 DELETE http://10.180.1.21/compute/v2.1/servers/73f27fc0-ebae-41c7-b292-14396f79a5a2 0.074s
2025-01-10 07:48:30.655 67685 INFO tempest.lib.common.rest_client [req-b488e43d-cff0-403d-aed0-08c28ec60ee6 req-b488e43d-cff0-403d-aed0-08c28ec60ee6 ] Request (ServersAdmin275Test:tearDownClass): 200 GET http://10.180.1.21/compute/v2.1/servers/e2a9ab56-bde3-40b6-a214-19c77a9c6778 0.102s
2025-01-10 07:48:30.664 67685 INFO tempest.common.waiters [-] State transition "ACTIVE/deleting" ==> "DELETED/None" after 5 second wait
2025-01-10 07:48:30.678 67687 INFO tempest.lib.common.rest_client [req-8bf0ba66-5f9d-4b06-9b36-2ce7f2c0edbe req-8bf0ba66-5f9d-4b06-9b36-2ce7f2c0edbe ] Request (ServerRescueNegativeTestJSON:setUpClass): 200 GET http://10.180.1.21/compute/v2.1/servers/ca3d1a73-6f3b-4278-8fe7-03b66f407ba6 0.065s
2025-01-10 07:48:30.695 67679 INFO tempest.lib.common.rest_client [req-628dd459-32fc-4850-9668-efad3ec1a796 req-628dd459-32fc-4850-9668-efad3ec1a796 ] Request (ServersWithSpecificFlavorTestJSON:test_verify_created_server_ephemeral_disk): 201 POST http://10.180.1.21/identity/v3/auth/tokens 0.067s
2025-01-10 07:48:30.696 67679 INFO tempest.lib.common.fixed_network [-] (ServersWithSpecificFlavorTestJSON:test_verify_created_server_ephemeral_disk) Found network {'id': '7982dcb9-e661-4690-9931-bf412f4a564e', 'name': 'tempest-ServersWithSpecificFlavorTestJSON-1278071472-network', 'tenant_id': '72ac36eda47d4c51a4b421c764d0404d', 'admin_state_up': True, 'mtu': 8950, 'status': 'ACTIVE', 'subnets': [], 'shared': False, 'project_id': '72ac36eda47d4c51a4b421c764d0404d', 'port_security_enabled': True, 'router:external': False, 'provider:network_type': 'vlan', 'provider:physical_network': 'default', 'provider:segmentation_id': 848, 'availability_zone_hints': [], 'availability_zones': [], 'ipv4_address_scope': None, 'ipv6_address_scope': None, 'description': '', 'tags': [], 'created_at': '2025-01-10T07:45:39Z', 'updated_at': '2025-01-10T07:45:39Z', 'revision_number': 1} available for tenant
2025-01-10 07:48:30.709 67703 INFO tempest.lib.common.rest_client [req-f42bcf38-9a5f-4c59-9c1f-4ecef74ebd6e req-f42bcf38-9a5f-4c59-9c1f-4ecef74ebd6e ] Request (ServersV294TestFqdnHostnames:setUpClass): 200 GET http://10.180.1.21/compute/v2.1/servers/26303c0e-be87-41ff-a15c-e92f91f8a05f 0.096s
2025-01-10 07:48:30.723 67732 INFO tempest.lib.common.rest_client [req-f79e003f-817c-417a-a546-1d238d5b9e8e req-f79e003f-817c-417a-a546-1d238d5b9e8e ] Request (ServersAdminTestJSON:test_inject_network_info): 200 GET http://10.180.1.21/compute/v2.1/servers/e3dd1bc0-f292-4ac7-a8db-324887a18411 0.048s
2025-01-10 07:48:30.758 67689 INFO tempest.lib.common.rest_client [req-44a4c8e2-5e44-48e3-9df7-0892ea344d35 req-44a4c8e2-5e44-48e3-9df7-0892ea344d35 ] Request (ServersNegativeTestMultiTenantJSON:setUpClass): 200 GET http://10.180.1.21/compute/v2.1/servers/b945f05d-ef1c-4469-9390-f7bbd4f435f0 0.076s
2025-01-10 07:48:30.830 67717 INFO tempest.lib.common.rest_client [req-1040ca3e-9543-44c8-a36d-1da2b6c570de req-1040ca3e-9543-44c8-a36d-1da2b6c570de ] Request (ServersAdminNegativeTestJSON:tearDownClass): 200 GET http://10.180.1.21/compute/v2.1/servers/fb7f38a0-bcfa-4d96-bde3-20d6f1d70112 0.079s
2025-01-10 07:48:30.857 67707 INFO tempest.lib.common.rest_client [req-e9244caa-2ed9-42c1-83a9-6a3b56fd1b4d req-e9244caa-2ed9-42c1-83a9-6a3b56fd1b4d ] Request (MultipleCreateTestJSON:_run_cleanups): 404 GET http://10.180.1.21/compute/v2.1/servers/52839b18-a68a-4ec7-a921-c42454955e82 0.096s
2025-01-10 07:48:30.920 67697 INFO tempest.lib.common.rest_client [req-6cd88078-be21-4bc8-9b31-24667c72a57f req-6cd88078-be21-4bc8-9b31-24667c72a57f ] Request (ServerMetadataNegativeTestJSON:setUpClass): 200 GET http://10.180.1.21/compute/v2.1/servers/50bc9674-d19c-40f1-a89f-1738a1e48307 0.111s
2025-01-10 07:48:30.942 67707 INFO tempest.lib.common.rest_client [req-50e4655c-c485-4bfe-bd29-13c7f433d866 req-50e4655c-c485-4bfe-bd29-13c7f433d866 ] Request (MultipleCreateTestJSON:test_multiple_create_with_reservation_return): 201 POST http://10.180.1.21/identity/v3/auth/tokens 0.080s
2025-01-10 07:48:30.944 67707 INFO tempest.lib.common.fixed_network [-] (MultipleCreateTestJSON:test_multiple_create_with_reservation_return) Found network {'id': '95ad5a29-9716-4b0c-937b-33a498c74ef7', 'name': 'tempest-MultipleCreateTestJSON-342262548-network', 'tenant_id': '61c83953d09c4d1c97eee5a8679c30d4', 'admin_state_up': True, 'mtu': 8950, 'status': 'ACTIVE', 'subnets': [], 'shared': False, 'project_id': '61c83953d09c4d1c97eee5a8679c30d4', 'port_security_enabled': True, 'router:external': False, 'provider:network_type': 'vlan', 'provider:physical_network': 'default', 'provider:segmentation_id': 696, 'availability_zone_hints': [], 'availability_zones': [], 'ipv4_address_scope': None, 'ipv6_address_scope': None, 'description': '', 'tags': [], 'created_at': '2025-01-10T07:46:36Z', 'updated_at': '2025-01-10T07:46:36Z', 'revision_number': 1} available for tenant
2025-01-10 07:48:31.001 67726 INFO tempest.lib.common.rest_client [req-7039ae2b-a812-423b-9f6e-eb0803745a31 req-7039ae2b-a812-423b-9f6e-eb0803745a31 ] Request (MigrationsAdminTest:test_resize_server_revert_deleted_flavor): 200 GET http://10.180.1.21/compute/v2.1/servers/02dc8c41-5092-4f84-9722-37d4df3a459a 0.160s
2025-01-10 07:48:31.328 67679 INFO tempest.lib.common.rest_client [req-dabfa1ea-4052-4c0f-962c-33bb1b87f6f5 req-dabfa1ea-4052-4c0f-962c-33bb1b87f6f5 ] Request (ServersWithSpecificFlavorTestJSON:test_verify_created_server_ephemeral_disk): 202 POST http://10.180.1.21/compute/v2.1/servers 0.631s
2025-01-10 07:48:31.408 67705 INFO tempest.lib.common.rest_client [req-0af9295c-655d-499f-b824-2f84c284f55f req-0af9295c-655d-499f-b824-2f84c284f55f ] Request (ListImageFiltersTestJSON:tearDownClass): 200 GET http://10.180.1.21/compute/v2.1/servers/a9dfeb4d-a92e-41cf-9d2f-43086cc9e868 0.460s
2025-01-10 07:48:31.437 67728 INFO tempest.lib.common.rest_client [req-14dadf59-fdc6-46b3-9bbd-e9ce7417bfd7 req-14dadf59-fdc6-46b3-9bbd-e9ce7417bfd7 ] Request (VolumesAssistedSnapshotsTest:_run_cleanups): 200 GET http://10.180.1.21/compute/v2.1/servers/d532b5fa-90a3-4f25-8684-4eabaa432c86/os-volume_attachments 0.466s
2025-01-10 07:48:31.473 67728 INFO tempest.lib.common.rest_client [req-d2bf04cb-dce9-4f8e-95fb-7e297b69330a req-d2bf04cb-dce9-4f8e-95fb-7e297b69330a ] Request (VolumesAssistedSnapshotsTest:_run_cleanups): 200 GET http://10.180.1.21/volume/v3/volumes/42560db2-1a6f-4d32-878e-bb36627ec4d0 0.034s
2025-01-10 07:48:31.479 67728 INFO tempest.common.waiters [-] volume 42560db2-1a6f-4d32-878e-bb36627ec4d0 reached available after waiting for 0.479909 seconds
2025-01-10 07:48:31.513 67707 INFO tempest.lib.common.rest_client [req-4b8c9b18-8ec0-4cd2-bc7f-440fc2bfcb3f req-4b8c9b18-8ec0-4cd2-bc7f-440fc2bfcb3f ] Request (MultipleCreateTestJSON:test_multiple_create_with_reservation_return): 202 POST http://10.180.1.21/compute/v2.1/servers 0.568s
2025-01-10 07:48:31.534 67728 INFO tempest.lib.common.rest_client [req-c223640c-dce9-4f50-b96c-e8df9a3f897a req-c223640c-dce9-4f50-b96c-e8df9a3f897a ] Request (VolumesAssistedSnapshotsTest:_run_cleanups): 202 DELETE http://10.180.1.21/volume/v3/volumes/42560db2-1a6f-4d32-878e-bb36627ec4d0 0.055s
2025-01-10 07:48:31.568 67728 INFO tempest.lib.common.rest_client [req-df2e3fca-b3a9-4d01-a597-2394767055a6 req-df2e3fca-b3a9-4d01-a597-2394767055a6 ] Request (VolumesAssistedSnapshotsTest:_run_cleanups): 200 GET http://10.180.1.21/volume/v3/volumes/42560db2-1a6f-4d32-878e-bb36627ec4d0 0.033s
2025-01-10 07:48:31.575 67677 INFO tempest.lib.common.rest_client [req-1c299e18-b740-434a-8b84-3a2fceaaa34e req-1c299e18-b740-434a-8b84-3a2fceaaa34e ] Request (ImagesTestJSON:test_create_server_from_snapshot): 200 GET http://10.180.1.21/compute/v2.1/servers/274d214a-4b92-4900-a66c-54baea2a68f8 0.521s
2025-01-10 07:48:31.707 67701 INFO tempest.lib.common.rest_client [req-99dd7d84-2de5-4900-bba5-ac8a4e483ba1 req-99dd7d84-2de5-4900-bba5-ac8a4e483ba1 ] Request (AttachVolumeTestJSON:test_attach_detach_volume): 200 GET http://10.180.1.21/compute/v2.1/servers/025dfe36-1f14-4bda-84a0-d424364b745b 0.633s
2025-01-10 07:48:31.761 67693 INFO tempest.lib.common.rest_client [req-27d1baba-0367-4d1e-a220-a1b1b7005fcf req-27d1baba-0367-4d1e-a220-a1b1b7005fcf ] Request (ServerShowV257Test:test_rebuild_server): 200 GET http://10.180.1.21/compute/v2.1/servers/8449f09b-4e7b-4511-bb3c-2ff6667addb2 0.656s
2025-01-10 07:48:31.769 67693 INFO tempest.common.waiters [-] State transition "BUILD/scheduling" ==> "BUILD/None" after 16 second wait
2025-01-10 07:48:31.781 67699 INFO tempest.lib.common.rest_client [req-eac78fec-105a-417c-af55-c28afb37a42f req-eac78fec-105a-417c-af55-c28afb37a42f ] Request (ListServersNegativeTestJSON:setUpClass): 200 GET http://10.180.1.21/compute/v2.1/servers/5237ffbf-9ec2-40d7-8ab7-fb66d856d6e7 0.781s
2025-01-10 07:48:31.822 67709 INFO tempest.lib.common.rest_client [req-4cad8400-e4ff-476b-9f3b-e21effb8d720 req-4cad8400-e4ff-476b-9f3b-e21effb8d720 ] Request (FloatingIPsAssociationTestJSON:tearDownClass): 200 GET http://10.180.1.21/compute/v2.1/servers/6b1f0e69-3915-40dc-b4ec-93ab174f12b6 0.657s
2025-01-10 07:48:31.827 67679 INFO tempest.lib.common.rest_client [req-7a2fb1b0-9f72-4dbe-b05f-a94415750ece req-7a2fb1b0-9f72-4dbe-b05f-a94415750ece ] Request (ServersWithSpecificFlavorTestJSON:test_verify_created_server_ephemeral_disk): 200 GET http://10.180.1.21/compute/v2.1/servers/feca8680-4baa-4b2c-9875-69a88b351dc0 0.498s
2025-01-10 07:48:31.828 67709 INFO tempest.common.waiters [-] State transition "ACTIVE/deleting" ==> "DELETED/None" after 4 second wait
2025-01-10 07:48:31.912 67681 INFO tempest.lib.common.rest_client [req-8e240d98-3a99-4e24-9fdb-01d6a856d574 req-8e240d98-3a99-4e24-9fdb-01d6a856d574 ] Request (ServersTestJSON:test_create_server_specify_multibyte_character_name): 200 GET http://10.180.1.21/compute/v2.1/servers/ffce9a72-e214-4bcc-bd9a-92abdb4a5ef1 0.449s
2025-01-10 07:48:31.931 67719 INFO tempest.lib.common.rest_client [req-c3dc75a7-be30-49a9-9fdb-50e1181bc781 req-c3dc75a7-be30-49a9-9fdb-50e1181bc781 ] Request (DeleteServersAdminTestJSON:test_delete_server_while_in_error_state): 200 GET http://10.180.1.21/compute/v2.1/servers/b788c51b-367b-4eef-93d2-faa8836469b6 0.500s
2025-01-10 07:48:31.985 67707 INFO tempest.lib.common.rest_client [req-6427248a-96b0-4b13-945b-48b25a393a7a req-6427248a-96b0-4b13-945b-48b25a393a7a ] Request (MultipleCreateTestJSON:test_multiple_create_with_reservation_return): 200 GET http://10.180.1.21/compute/v2.1/servers 0.472s
2025-01-10 07:48:31.991 67691 INFO tempest.lib.common.rest_client [req-ff905461-04ff-4eed-b7bc-047d27a7ea18 req-ff905461-04ff-4eed-b7bc-047d27a7ea18 ] Request (ServerExternalEventsTest:tearDownClass): 200 GET http://10.180.1.21/compute/v2.1/servers/d06f3099-d05f-417f-a71a-7b368590624f 0.389s
2025-01-10 07:48:32.052 67687 INFO tempest.lib.common.rest_client [req-6aeb62e3-0eeb-4a41-adad-52f17e573870 req-6aeb62e3-0eeb-4a41-adad-52f17e573870 ] Request (ServerRescueNegativeTestJSON:setUpClass): 200 GET http://10.180.1.21/compute/v2.1/servers/ca3d1a73-6f3b-4278-8fe7-03b66f407ba6 0.365s
2025-01-10 07:48:32.058 67685 INFO tempest.lib.common.rest_client [req-9149528a-3369-461a-930c-da03c25906fb req-9149528a-3369-461a-930c-da03c25906fb ] Request (ServersAdmin275Test:tearDownClass): 200 GET http://10.180.1.21/compute/v2.1/servers/e2a9ab56-bde3-40b6-a214-19c77a9c6778 0.392s
2025-01-10 07:48:32.112 67732 INFO tempest.lib.common.rest_client [req-03876365-6ffb-4bf0-82b5-4f18bff81315 req-03876365-6ffb-4bf0-82b5-4f18bff81315 ] Request (ServersAdminTestJSON:test_inject_network_info): 200 GET http://10.180.1.21/compute/v2.1/servers/e3dd1bc0-f292-4ac7-a8db-324887a18411 0.381s
2025-01-10 07:48:32.117 67703 INFO tempest.lib.common.rest_client [req-5a4477e0-af74-4223-9025-9b9b32998ddd req-5a4477e0-af74-4223-9025-9b9b32998ddd ] Request (ServersV294TestFqdnHostnames:setUpClass): 200 GET http://10.180.1.21/compute/v2.1/servers/26303c0e-be87-41ff-a15c-e92f91f8a05f 0.397s
2025-01-10 07:48:32.162 67689 INFO tempest.lib.common.rest_client [req-fa068a92-99c4-47e1-ac63-f22be14ee21a req-fa068a92-99c4-47e1-ac63-f22be14ee21a ] Request (ServersNegativeTestMultiTenantJSON:setUpClass): 200 GET http://10.180.1.21/compute/v2.1/servers/b945f05d-ef1c-4469-9390-f7bbd4f435f0 0.396s
2025-01-10 07:48:32.171 67717 INFO tempest.lib.common.rest_client [req-0ebc3c08-9a6e-49b9-ae2d-771feeec4d0b req-0ebc3c08-9a6e-49b9-ae2d-771feeec4d0b ] Request (ServersAdminNegativeTestJSON:tearDownClass): 200 GET http://10.180.1.21/compute/v2.1/servers/fb7f38a0-bcfa-4d96-bde3-20d6f1d70112 0.334s
2025-01-10 07:48:32.205 67697 INFO tempest.lib.common.rest_client [req-a269ef77-1c5d-4855-b92e-657c936781c5 req-a269ef77-1c5d-4855-b92e-657c936781c5 ] Request (ServerMetadataNegativeTestJSON:setUpClass): 200 GET http://10.180.1.21/compute/v2.1/servers/50bc9674-d19c-40f1-a89f-1738a1e48307 0.277s
2025-01-10 07:48:32.217 67707 INFO tempest.lib.common.rest_client [req-3a722e44-36ce-491d-a005-91b81392f733 req-3a722e44-36ce-491d-a005-91b81392f733 ] Request (MultipleCreateTestJSON:test_multiple_create_with_reservation_return): 200 GET http://10.180.1.21/compute/v2.1/servers/df93c57e-716c-4c73-b551-9079a523ea0b 0.228s
2025-01-10 07:48:32.247 67726 INFO tempest.lib.common.rest_client [req-064cae5c-d20e-4ce8-ba7c-99f65dec58da req-064cae5c-d20e-4ce8-ba7c-99f65dec58da ] Request (MigrationsAdminTest:test_resize_server_revert_deleted_flavor): 200 GET http://10.180.1.21/compute/v2.1/servers/02dc8c41-5092-4f84-9722-37d4df3a459a 0.237s
2025-01-10 07:48:32.472 67705 INFO tempest.lib.common.rest_client [req-819751fd-7085-4750-818a-2cdae7276ed8 req-819751fd-7085-4750-818a-2cdae7276ed8 ] Request (ListImageFiltersTestJSON:tearDownClass): 200 GET http://10.180.1.21/compute/v2.1/servers/a9dfeb4d-a92e-41cf-9d2f-43086cc9e868 0.056s
2025-01-10 07:48:32.566 67721 WARNING tempest.lib.common.ssh [-] Failed to establish authenticated ssh connection to cirros@10.180.180.249 ([Errno None] Unable to connect to port 22 on 10.180.180.249). Number attempts: 3. Retry after 4 seconds.: paramiko.ssh_exception.NoValidConnectionsError: [Errno None] Unable to connect to port 22 on 10.180.180.249
2025-01-10 07:48:32.614 67728 INFO tempest.lib.common.rest_client [req-7ec7a1c3-ec75-431f-aee8-13af8d0fdb5f req-7ec7a1c3-ec75-431f-aee8-13af8d0fdb5f ] Request (VolumesAssistedSnapshotsTest:_run_cleanups): 200 GET http://10.180.1.21/volume/v3/volumes/42560db2-1a6f-4d32-878e-bb36627ec4d0 0.031s
2025-01-10 07:48:32.643 67677 INFO tempest.lib.common.rest_client [req-2c27d5d6-4fd9-4887-9447-095f6b3b609b req-2c27d5d6-4fd9-4887-9447-095f6b3b609b ] Request (ImagesTestJSON:test_create_server_from_snapshot): 200 GET http://10.180.1.21/compute/v2.1/servers/274d214a-4b92-4900-a66c-54baea2a68f8 0.056s
2025-01-10 07:48:32.843 67693 INFO tempest.lib.common.rest_client [req-0c3d6641-7953-4581-ae46-b0f6ba0295e5 req-0c3d6641-7953-4581-ae46-b0f6ba0295e5 ] Request (ServerShowV257Test:test_rebuild_server): 200 GET http://10.180.1.21/compute/v2.1/servers/8449f09b-4e7b-4511-bb3c-2ff6667addb2 0.073s
2025-01-10 07:48:32.867 67701 INFO tempest.lib.common.rest_client [req-44419331-bcdb-4284-a68c-4869f28a6735 req-44419331-bcdb-4284-a68c-4869f28a6735 ] Request (AttachVolumeTestJSON:test_attach_detach_volume): 200 GET http://10.180.1.21/compute/v2.1/servers/025dfe36-1f14-4bda-84a0-d424364b745b 0.152s
2025-01-10 07:48:32.934 67709 INFO tempest.lib.common.rest_client [req-c32a4645-1e01-4465-866b-a475ef8acfae req-c32a4645-1e01-4465-866b-a475ef8acfae ] Request (FloatingIPsAssociationTestJSON:tearDownClass): 200 GET http://10.180.1.21/compute/v2.1/servers/6b1f0e69-3915-40dc-b4ec-93ab174f12b6 0.105s
2025-01-10 07:48:33.187 67679 INFO tempest.lib.common.rest_client [req-ac97cec9-167a-452f-a8a6-b23389dd0d70 req-ac97cec9-167a-452f-a8a6-b23389dd0d70 ] Request (ServersWithSpecificFlavorTestJSON:test_verify_created_server_ephemeral_disk): 200 GET http://10.180.1.21/compute/v2.1/servers/feca8680-4baa-4b2c-9875-69a88b351dc0 0.348s
2025-01-10 07:48:33.204 67699 INFO tempest.lib.common.rest_client [req-35ab9a04-f9c9-4a97-89f3-ec4aaea4d743 req-35ab9a04-f9c9-4a97-89f3-ec4aaea4d743 ] Request (ListServersNegativeTestJSON:setUpClass): 200 GET http://10.180.1.21/compute/v2.1/servers/5237ffbf-9ec2-40d7-8ab7-fb66d856d6e7 0.416s
2025-01-10 07:48:33.211 67699 INFO tempest.common.waiters [-] State transition "BUILD/spawning" ==> "ACTIVE/None" after 84 second wait
2025-01-10 07:48:33.248 67681 INFO tempest.lib.common.rest_client [req-ddd185bc-ab38-452f-8188-bbb61a0ca940 req-ddd185bc-ab38-452f-8188-bbb61a0ca940 ] Request (ServersTestJSON:test_create_server_specify_multibyte_character_name): 200 GET http://10.180.1.21/compute/v2.1/servers/ffce9a72-e214-4bcc-bd9a-92abdb4a5ef1 0.320s
2025-01-10 07:48:33.273 67719 INFO tempest.lib.common.rest_client [req-f14bda1c-da81-43de-b36e-65f9085869ad req-f14bda1c-da81-43de-b36e-65f9085869ad ] Request (DeleteServersAdminTestJSON:test_delete_server_while_in_error_state): 200 GET http://10.180.1.21/compute/v2.1/servers/b788c51b-367b-4eef-93d2-faa8836469b6 0.333s
2025-01-10 07:48:33.327 67691 INFO tempest.lib.common.rest_client [req-4ef9474d-58a2-4d72-8d56-f346d5f5d75f req-4ef9474d-58a2-4d72-8d56-f346d5f5d75f ] Request (ServerExternalEventsTest:tearDownClass): 200 GET http://10.180.1.21/compute/v2.1/servers/d06f3099-d05f-417f-a71a-7b368590624f 0.328s
2025-01-10 07:48:33.338 67687 INFO tempest.lib.common.rest_client [req-ae546f56-bdae-4cb7-a45b-de8b442dc7cf req-ae546f56-bdae-4cb7-a45b-de8b442dc7cf ] Request (ServerRescueNegativeTestJSON:setUpClass): 200 GET http://10.180.1.21/compute/v2.1/servers/ca3d1a73-6f3b-4278-8fe7-03b66f407ba6 0.277s
2025-01-10 07:48:33.394 67732 INFO tempest.lib.common.rest_client [req-74c61676-5f22-4f59-b929-a8b5f5f590a4 req-74c61676-5f22-4f59-b929-a8b5f5f590a4 ] Request (ServersAdminTestJSON:test_inject_network_info): 200 GET http://10.180.1.21/compute/v2.1/servers/e3dd1bc0-f292-4ac7-a8db-324887a18411 0.276s
2025-01-10 07:48:33.407 67685 INFO tempest.lib.common.rest_client [req-e4c39d1e-81da-43d3-8912-6273a6d1a432 req-e4c39d1e-81da-43d3-8912-6273a6d1a432 ] Request (ServersAdmin275Test:tearDownClass): 200 GET http://10.180.1.21/compute/v2.1/servers/e2a9ab56-bde3-40b6-a214-19c77a9c6778 0.339s
2025-01-10 07:48:33.460 67703 INFO tempest.lib.common.rest_client [req-fdfd659c-5f2d-4594-ae1c-1bd5a950fc6e req-fdfd659c-5f2d-4594-ae1c-1bd5a950fc6e ] Request (ServersV294TestFqdnHostnames:setUpClass): 200 GET http://10.180.1.21/compute/v2.1/servers/26303c0e-be87-41ff-a15c-e92f91f8a05f 0.334s
2025-01-10 07:48:33.478 67689 INFO tempest.lib.common.rest_client [req-27b115fb-fdbe-41ad-85e9-d276535917ae req-27b115fb-fdbe-41ad-85e9-d276535917ae ] Request (ServersNegativeTestMultiTenantJSON:setUpClass): 200 GET http://10.180.1.21/compute/v2.1/servers/b945f05d-ef1c-4469-9390-f7bbd4f435f0 0.308s
2025-01-10 07:48:33.489 67689 INFO tempest.common.waiters [-] State transition "BUILD/None" ==> "BUILD/networking" after 81 second wait
2025-01-10 07:48:33.535 67717 INFO tempest.lib.common.rest_client [req-1f69970c-4192-493c-a565-33340addb70c req-1f69970c-4192-493c-a565-33340addb70c ] Request (ServersAdminNegativeTestJSON:tearDownClass): 200 GET http://10.180.1.21/compute/v2.1/servers/fb7f38a0-bcfa-4d96-bde3-20d6f1d70112 0.357s
2025-01-10 07:48:33.594 67697 INFO tempest.lib.common.rest_client [req-48a1e784-9355-4e42-913a-13b7fd044159 req-48a1e784-9355-4e42-913a-13b7fd044159 ] Request (ServerMetadataNegativeTestJSON:setUpClass): 200 GET http://10.180.1.21/compute/v2.1/servers/50bc9674-d19c-40f1-a89f-1738a1e48307 0.381s
2025-01-10 07:48:33.626 67699 INFO tempest.lib.common.rest_client [req-c973e03b-b878-4179-ad1f-c5bbfb248005 req-c973e03b-b878-4179-ad1f-c5bbfb248005 ] Request (ListServersNegativeTestJSON:setUpClass): 200 GET http://10.180.1.21/compute/v2.1/servers/c6dc5401-f59e-4c18-9553-1240e2f49bce 0.414s
2025-01-10 07:48:33.650 67707 INFO tempest.lib.common.rest_client [req-e9e156f2-2359-46b9-9de7-90bd6310af33 req-e9e156f2-2359-46b9-9de7-90bd6310af33 ] Request (MultipleCreateTestJSON:test_multiple_create_with_reservation_return): 200 GET http://10.180.1.21/compute/v2.1/servers/df93c57e-716c-4c73-b551-9079a523ea0b 0.422s
2025-01-10 07:48:33.658 67728 INFO tempest.lib.common.rest_client [req-d0903e85-3f2e-4221-bff7-85627e97ca0c req-d0903e85-3f2e-4221-bff7-85627e97ca0c ] Request (VolumesAssistedSnapshotsTest:_run_cleanups): 404 GET http://10.180.1.21/volume/v3/volumes/42560db2-1a6f-4d32-878e-bb36627ec4d0 0.035s
2025-01-10 07:48:33.681 67726 INFO tempest.lib.common.rest_client [req-89829e93-acde-4c4d-aa9e-7a07c3b1bef8 req-89829e93-acde-4c4d-aa9e-7a07c3b1bef8 ] Request (MigrationsAdminTest:test_resize_server_revert_deleted_flavor): 200 GET http://10.180.1.21/compute/v2.1/servers/02dc8c41-5092-4f84-9722-37d4df3a459a 0.427s
2025-01-10 07:48:33.724 67705 INFO tempest.lib.common.rest_client [req-02c513b1-f869-4853-958e-6bcd9a3bcf4b req-02c513b1-f869-4853-958e-6bcd9a3bcf4b ] Request (ListImageFiltersTestJSON:tearDownClass): 200 GET http://10.180.1.21/compute/v2.1/servers/a9dfeb4d-a92e-41cf-9d2f-43086cc9e868 0.245s
2025-01-10 07:48:33.780 67677 INFO tempest.lib.common.rest_client [req-484ad6c2-b5a8-4079-a0b8-4d73f45e3e95 req-484ad6c2-b5a8-4079-a0b8-4d73f45e3e95 ] Request (ImagesTestJSON:test_create_server_from_snapshot): 200 GET http://10.180.1.21/compute/v2.1/servers/274d214a-4b92-4900-a66c-54baea2a68f8 0.127s
2025-01-10 07:48:33.844 67699 INFO tempest.lib.common.rest_client [req-220c8119-4544-4126-95ff-84d379d09c73 req-220c8119-4544-4126-95ff-84d379d09c73 ] Request (ListServersNegativeTestJSON:setUpClass): 200 GET http://10.180.1.21/compute/v2.1/servers/cfe219da-adf9-44b9-9df3-752ccf72a68b 0.207s
2025-01-10 07:48:33.858 67728 INFO tempest.lib.common.rest_client [req-272e1511-ea93-49d8-bf6f-d53c8f6e3349 req-272e1511-ea93-49d8-bf6f-d53c8f6e3349 ] Request (VolumesAssistedSnapshotsTest:tearDownClass): 204 DELETE http://10.180.1.21/compute/v2.1/servers/d532b5fa-90a3-4f25-8684-4eabaa432c86 0.193s
2025-01-10 07:48:33.921 67693 INFO tempest.lib.common.rest_client [req-c8289193-a542-4900-91e1-5f92d9a2cd50 req-c8289193-a542-4900-91e1-5f92d9a2cd50 ] Request (ServerShowV257Test:test_rebuild_server): 200 GET http://10.180.1.21/compute/v2.1/servers/8449f09b-4e7b-4511-bb3c-2ff6667addb2 0.068s
2025-01-10 07:48:33.933 67699 INFO tempest.lib.common.rest_client [req-75edc3f3-b696-46f7-8090-95819be5fa8c req-75edc3f3-b696-46f7-8090-95819be5fa8c ] Request (ListServersNegativeTestJSON:setUpClass): 204 DELETE http://10.180.1.21/compute/v2.1/servers/cfe219da-adf9-44b9-9df3-752ccf72a68b 0.083s
2025-01-10 07:48:34.104 67701 INFO tempest.lib.common.rest_client [req-082155b4-74d8-4c17-8cb6-64a22a4cd7e0 req-082155b4-74d8-4c17-8cb6-64a22a4cd7e0 ] Request (AttachVolumeTestJSON:test_attach_detach_volume): 200 GET http://10.180.1.21/compute/v2.1/servers/025dfe36-1f14-4bda-84a0-d424364b745b 0.230s
2025-01-10 07:48:34.171 67728 INFO tempest.lib.common.rest_client [req-d36d4bc9-c0f3-4f5b-82d5-c74416a8892f req-d36d4bc9-c0f3-4f5b-82d5-c74416a8892f ] Request (VolumesAssistedSnapshotsTest:tearDownClass): 200 GET http://10.180.1.21/compute/v2.1/servers/d532b5fa-90a3-4f25-8684-4eabaa432c86 0.312s
2025-01-10 07:48:34.213 67699 INFO tempest.lib.common.rest_client [req-49fb5265-4ac5-4258-ba22-8e950806e2a0 req-49fb5265-4ac5-4258-ba22-8e950806e2a0 ] Request (ListServersNegativeTestJSON:setUpClass): 200 GET http://10.180.1.21/compute/v2.1/servers/cfe219da-adf9-44b9-9df3-752ccf72a68b 0.279s
2025-01-10 07:48:34.225 67709 INFO tempest.lib.common.rest_client [req-44febbc0-6606-4758-bc58-24523f210e97 req-44febbc0-6606-4758-bc58-24523f210e97 ] Request (FloatingIPsAssociationTestJSON:tearDownClass): 200 GET http://10.180.1.21/compute/v2.1/servers/6b1f0e69-3915-40dc-b4ec-93ab174f12b6 0.284s
2025-01-10 07:48:34.261 67679 INFO tempest.lib.common.rest_client [req-095292a8-7066-4dab-8133-6dfa34eefece req-095292a8-7066-4dab-8133-6dfa34eefece ] Request (ServersWithSpecificFlavorTestJSON:test_verify_created_server_ephemeral_disk): 200 GET http://10.180.1.21/compute/v2.1/servers/feca8680-4baa-4b2c-9875-69a88b351dc0 0.064s
2025-01-10 07:48:34.302 67681 INFO tempest.lib.common.rest_client [req-fbc5f4f2-163f-4061-8124-c32a39bfbcee req-fbc5f4f2-163f-4061-8124-c32a39bfbcee ] Request (ServersTestJSON:test_create_server_specify_multibyte_character_name): 200 GET http://10.180.1.21/compute/v2.1/servers/ffce9a72-e214-4bcc-bd9a-92abdb4a5ef1 0.046s
2025-01-10 07:48:34.336 67719 INFO tempest.lib.common.rest_client [req-3c8fbb59-ae93-450b-9472-c777c1c6efc0 req-3c8fbb59-ae93-450b-9472-c777c1c6efc0 ] Request (DeleteServersAdminTestJSON:test_delete_server_while_in_error_state): 200 GET http://10.180.1.21/compute/v2.1/servers/b788c51b-367b-4eef-93d2-faa8836469b6 0.054s
2025-01-10 07:48:34.400 67691 INFO tempest.lib.common.rest_client [req-e5444743-c754-4729-8ef9-356f18c5de75 req-e5444743-c754-4729-8ef9-356f18c5de75 ] Request (ServerExternalEventsTest:tearDownClass): 200 GET http://10.180.1.21/compute/v2.1/servers/d06f3099-d05f-417f-a71a-7b368590624f 0.060s
2025-01-10 07:48:34.401 67687 INFO tempest.lib.common.rest_client [req-34870604-82f5-4a44-9896-aa057d011dfe req-34870604-82f5-4a44-9896-aa057d011dfe ] Request (ServerRescueNegativeTestJSON:setUpClass): 200 GET http://10.180.1.21/compute/v2.1/servers/ca3d1a73-6f3b-4278-8fe7-03b66f407ba6 0.057s
2025-01-10 07:48:34.452 67732 INFO tempest.lib.common.rest_client [req-4098610f-0646-4187-a5e6-96e2856dbe25 req-4098610f-0646-4187-a5e6-96e2856dbe25 ] Request (ServersAdminTestJSON:test_inject_network_info): 200 GET http://10.180.1.21/compute/v2.1/servers/e3dd1bc0-f292-4ac7-a8db-324887a18411 0.050s
2025-01-10 07:48:34.478 67685 INFO tempest.lib.common.rest_client [req-ff95d678-6277-4828-a193-c345d2000529 req-ff95d678-6277-4828-a193-c345d2000529 ] Request (ServersAdmin275Test:tearDownClass): 200 GET http://10.180.1.21/compute/v2.1/servers/e2a9ab56-bde3-40b6-a214-19c77a9c6778 0.063s
2025-01-10 07:48:34.533 67703 INFO tempest.lib.common.rest_client [req-8924c207-275e-48c1-84ab-f447e719c14e req-8924c207-275e-48c1-84ab-f447e719c14e ] Request (ServersV294TestFqdnHostnames:setUpClass): 200 GET http://10.180.1.21/compute/v2.1/servers/26303c0e-be87-41ff-a15c-e92f91f8a05f 0.058s
2025-01-10 07:48:34.604 67717 INFO tempest.lib.common.rest_client [req-b857b239-195f-4185-984e-b8933e916c4a req-b857b239-195f-4185-984e-b8933e916c4a ] Request (ServersAdminNegativeTestJSON:tearDownClass): 200 GET http://10.180.1.21/compute/v2.1/servers/fb7f38a0-bcfa-4d96-bde3-20d6f1d70112 0.061s
2025-01-10 07:48:34.659 67697 INFO tempest.lib.common.rest_client [req-b77bba6c-9e3e-4af7-adbf-8a5178a566ef req-b77bba6c-9e3e-4af7-adbf-8a5178a566ef ] Request (ServerMetadataNegativeTestJSON:setUpClass): 200 GET http://10.180.1.21/compute/v2.1/servers/50bc9674-d19c-40f1-a89f-1738a1e48307 0.055s
2025-01-10 07:48:34.662 67689 INFO tempest.lib.common.rest_client [req-4d71a77a-82c4-4179-8c3f-ebbae4a10677 req-4d71a77a-82c4-4179-8c3f-ebbae4a10677 ] Request (ServersNegativeTestMultiTenantJSON:setUpClass): 200 GET http://10.180.1.21/compute/v2.1/servers/b945f05d-ef1c-4469-9390-f7bbd4f435f0 0.172s
2025-01-10 07:48:34.668 67689 INFO tempest.common.waiters [-] State transition "BUILD/networking" ==> "BUILD/spawning" after 82 second wait
2025-01-10 07:48:34.709 67707 INFO tempest.lib.common.rest_client [req-acb08c09-aa5b-4693-971f-b057e8a0943c req-acb08c09-aa5b-4693-971f-b057e8a0943c ] Request (MultipleCreateTestJSON:test_multiple_create_with_reservation_return): 200 GET http://10.180.1.21/compute/v2.1/servers/df93c57e-716c-4c73-b551-9079a523ea0b 0.050s
2025-01-10 07:48:34.744 67726 INFO tempest.lib.common.rest_client [req-ebc5423f-de78-4d75-83b2-b1f567105a64 req-ebc5423f-de78-4d75-83b2-b1f567105a64 ] Request (MigrationsAdminTest:test_resize_server_revert_deleted_flavor): 200 GET http://10.180.1.21/compute/v2.1/servers/02dc8c41-5092-4f84-9722-37d4df3a459a 0.053s
2025-01-10 07:48:34.790 67705 INFO tempest.lib.common.rest_client [req-8f11607c-b280-4240-9278-3484c38063e7 req-8f11607c-b280-4240-9278-3484c38063e7 ] Request (ListImageFiltersTestJSON:tearDownClass): 200 GET http://10.180.1.21/compute/v2.1/servers/a9dfeb4d-a92e-41cf-9d2f-43086cc9e868 0.060s
2025-01-10 07:48:34.842 67677 INFO tempest.lib.common.rest_client [req-5653bbd5-d845-4809-9b3b-c208521ca26f req-5653bbd5-d845-4809-9b3b-c208521ca26f ] Request (ImagesTestJSON:test_create_server_from_snapshot): 200 GET http://10.180.1.21/compute/v2.1/servers/274d214a-4b92-4900-a66c-54baea2a68f8 0.054s
2025-01-10 07:48:34.848 67677 INFO tempest.common.waiters [-] State transition "BUILD/scheduling" ==> "BUILD/None" after 16 second wait
2025-01-10 07:48:34.983 67693 INFO tempest.lib.common.rest_client [req-1f7da6bc-6ca1-4fb0-99b5-044235c3bfed req-1f7da6bc-6ca1-4fb0-99b5-044235c3bfed ] Request (ServerShowV257Test:test_rebuild_server): 200 GET http://10.180.1.21/compute/v2.1/servers/8449f09b-4e7b-4511-bb3c-2ff6667addb2 0.053s
2025-01-10 07:48:35.254 67701 INFO tempest.lib.common.rest_client [req-7483df98-577a-4609-9197-1603f786c582 req-7483df98-577a-4609-9197-1603f786c582 ] Request (AttachVolumeTestJSON:test_attach_detach_volume): 200 GET http://10.180.1.21/compute/v2.1/servers/025dfe36-1f14-4bda-84a0-d424364b745b 0.143s
2025-01-10 07:48:35.341 67728 INFO tempest.lib.common.rest_client [req-db2e8108-f85f-4548-9cb8-78fb9169c38c req-db2e8108-f85f-4548-9cb8-78fb9169c38c ] Request (VolumesAssistedSnapshotsTest:tearDownClass): 200 GET http://10.180.1.21/compute/v2.1/servers/d532b5fa-90a3-4f25-8684-4eabaa432c86 0.162s
