2025-01-10 07:45:55.278 67740 INFO tempest.lib.common.dynamic_creds [-] Acquired dynamic creds: credentials: Credentials: {'domain_id': 'default', 'domain_name': 'Default', 'username': 'tempest-QuotaClassesAdmin257Test-1822856075-project-admin', 'project_domain_id': 'default', 'project_domain_name': 'Default', 'project_id': '59d89be488cc41a193d1c1ba9bf4ede2', 'project_name': 'tempest-QuotaClassesAdmin257Test-1822856075', 'tenant_id': '59d89be488cc41a193d1c1ba9bf4ede2', 'tenant_name': 'tempest-QuotaClassesAdmin257Test-1822856075', 'user_domain_id': 'default', 'user_domain_name': 'Default', 'user_id': 'cc0b048c3ad34ed4ac3dd1b6fc5cab96', 'system': None}, Network: None, Subnet: None, Router: None
2025-01-10 07:45:55.278 67740 INFO tempest.lib.common.dynamic_creds [-] Created isolated network resources for: credentials: Credentials: {'domain_id': 'default', 'domain_name': 'Default', 'username': 'tempest-QuotaClassesAdmin257Test-1822856075-project-admin', 'project_domain_id': 'default', 'project_domain_name': 'Default', 'project_id': '59d89be488cc41a193d1c1ba9bf4ede2', 'project_name': 'tempest-QuotaClassesAdmin257Test-1822856075', 'tenant_id': '59d89be488cc41a193d1c1ba9bf4ede2', 'tenant_name': 'tempest-QuotaClassesAdmin257Test-1822856075', 'user_domain_id': 'default', 'user_domain_name': 'Default', 'user_id': 'cc0b048c3ad34ed4ac3dd1b6fc5cab96', 'system': None}, Network: None, Subnet: None, Router: None
2025-01-10 07:45:55.294 67705 INFO tempest.lib.common.rest_client [req-7085d7df-2d4a-469e-97a3-b292a517eb96 req-7085d7df-2d4a-469e-97a3-b292a517eb96 ] Request (NetworksTest:test_list_all_networks): 200 GET http://10.180.1.21/compute/v2.1/os-networks 2.318s
2025-01-10 07:45:55.297 67724 INFO tempest.lib.common.rest_client [req-d90d3d6b-042d-4565-9ce5-787297fd80c9 req-d90d3d6b-042d-4565-9ce5-787297fd80c9 ] Request (ServersTestBootFromVolume:setUpClass): 200 GET http://10.180.1.21/volume/v3/volumes/34523d13-ed90-416e-a19a-57c837136d21 0.035s
2025-01-10 07:45:55.319 67677 INFO tempest.lib.common.rest_client [req-db812c38-df1d-417f-9898-2494383918c9 req-db812c38-df1d-417f-9898-2494383918c9 ] Request (ImagesTestJSON:test_create_image_from_stopped_server): 200 GET http://10.180.1.21/compute/v2.1/servers/8d53d8c3-6db8-4ebe-a35f-0f64602fafcb 1.772s
2025-01-10 07:45:55.328 67717 INFO tempest.lib.common.rest_client [req-bb007bfd-a1d0-49fc-8d09-f0374f8d215e req-bb007bfd-a1d0-49fc-8d09-f0374f8d215e ] Request (ServersAdminNegativeTestJSON:setUpClass): 201 POST http://10.180.1.21/identity/v3/auth/tokens 0.056s
2025-01-10 07:45:55.331 67717 INFO tempest.lib.common.fixed_network [-] (ServersAdminNegativeTestJSON:setUpClass) Found network None available for tenant
2025-01-10 07:45:55.334 67711 INFO tempest.lib.common.rest_client [req-2a1d65b7-4460-4ff3-95f9-0ea36305a6bf req-2a1d65b7-4460-4ff3-95f9-0ea36305a6bf ] Request (KeyPairsV210TestJSON:setUpClass): 201 POST http://10.180.1.21/identity/v3/auth/tokens 0.121s
2025-01-10 07:45:55.347 67730 INFO tempest.lib.common.rest_client [req-37ca1916-3fff-4ac2-880a-f9db8d6bba7f req-37ca1916-3fff-4ac2-880a-f9db8d6bba7f ] Request (HypervisorAdminTestJSON:tearDownClass): 200 GET http://10.180.1.21:9696/networking/v2.0/security-groups?tenant_id=6865b1eefc9c4bd893ab12e936310ceb&name=default 0.183s
2025-01-10 07:45:55.370 67736 INFO tempest.lib.common.rest_client [req-a1c6c1c5-8f39-46f0-9ec1-ecefa44b2e45 req-a1c6c1c5-8f39-46f0-9ec1-ecefa44b2e45 ] Request (VolumesAdminNegativeTest:test_update_attached_volume_with_nonexistent_volume_in_body): 200 GET http://10.180.1.21/compute/v2.1/servers/effc673a-103f-413b-88ac-6907ad1ee852 1.748s
2025-01-10 07:45:55.390 67715 INFO tempest.lib.common.rest_client [req-a72c3d3d-8341-4fa2-8dd8-40016e6fe370 req-a72c3d3d-8341-4fa2-8dd8-40016e6fe370 ] Request (FlavorsAccessTestJSON:_run_cleanups): 202 DELETE http://10.180.1.21/compute/v2.1/flavors/744773503 1.489s
2025-01-10 07:45:55.404 67732 INFO tempest.lib.common.rest_client [req-de8f6675-403d-4976-9a19-7e009975d783 req-de8f6675-403d-4976-9a19-7e009975d783 ] Request (ServersAdminTestJSON:setUpClass): 201 POST http://10.180.1.21:9696/networking/v2.0/routers 2.022s
2025-01-10 07:45:55.404 67740 INFO tempest.lib.common.rest_client [req-36615a74-0656-4b3e-b793-efa46480263d req-36615a74-0656-4b3e-b793-efa46480263d ] Request (QuotaClassesAdmin257Test:setUpClass): 201 POST http://10.180.1.21/identity/v3/auth/tokens 0.123s
2025-01-10 07:45:55.411 67695 INFO tempest.lib.common.rest_client [req-742129cd-ab51-4901-aeba-86b4ea5c6504 req-742129cd-ab51-4901-aeba-86b4ea5c6504 ] Request (FlavorsExtraSpecsTestJSON:test_flavor_set_get_update_show_unset_keys): 200 POST http://10.180.1.21/compute/v2.1/flavors/1493201852/os-extra_specs 1.499s
2025-01-10 07:45:55.435 67697 INFO tempest.lib.common.rest_client [req-25a182c8-468a-4bc6-a0fd-db4b25d5f9ae req-25a182c8-468a-4bc6-a0fd-db4b25d5f9ae ] Request (HypervisorAdminNegativeUnderV252Test:test_show_servers_with_nonexistent_hypervisor): 404 GET http://10.180.1.21/compute/v2.1/os-hypervisors/091699fb-ef68-48d1-92b7-41cd35f10c59/servers 1.513s
2025-01-10 07:45:55.448 67705 INFO tempest.lib.common.rest_client [req-a5fd3c9d-77d2-4890-95dc-3071cde7f249 req-a5fd3c9d-77d2-4890-95dc-3071cde7f249 ] Request (NetworksTest:tearDownClass): 204 DELETE http://10.180.1.21/identity/v3/users/d355ad694282432a8f14ef3a2ba2959a 0.152s
2025-01-10 07:45:55.482 67681 INFO tempest.lib.common.rest_client [req-a57ae8e2-d946-4631-93a6-98f6d297041a req-a57ae8e2-d946-4631-93a6-98f6d297041a ] Request (AttachInterfacesV270Test:setUpClass): 201 POST http://10.180.1.21:9696/networking/v2.0/networks 1.045s
2025-01-10 07:45:55.514 67711 INFO tempest.lib.common.rest_client [req-0943633c-0344-4adf-baaf-5d20dc63eca2 req-0943633c-0344-4adf-baaf-5d20dc63eca2 ] Request (KeyPairsV210TestJSON:setUpClass): 201 POST http://10.180.1.21/identity/v3/projects 0.180s
2025-01-10 07:45:55.616 67697 INFO tempest.lib.common.rest_client [req-f106acfa-2bf7-48a0-aee7-198a78dde22c req-f106acfa-2bf7-48a0-aee7-198a78dde22c ] Request (HypervisorAdminNegativeUnderV252Test:tearDownClass): 204 DELETE http://10.180.1.21/identity/v3/users/50663ec50e2b4a9f96ee5e2260762c37 0.180s
2025-01-10 07:45:55.648 67721 INFO tempest.lib.common.rest_client [req-e938f0f4-c4ea-4038-a9fa-e74d9d8e43a6 req-e938f0f4-c4ea-4038-a9fa-e74d9d8e43a6 ] Request (QuotasAdminTestJSON:test_delete_quota): 200 PUT http://10.180.1.21/compute/v2.1/os-quota-sets/cda6e8a9a9a14f9aba1b229a8bfb99f4 1.785s
2025-01-10 07:45:55.654 67730 INFO tempest.lib.common.rest_client [req-dd21ba7a-4b88-4797-9b0b-3c07ac27eb81 req-dd21ba7a-4b88-4797-9b0b-3c07ac27eb81 ] Request (HypervisorAdminTestJSON:tearDownClass): 204 DELETE http://10.180.1.21:9696/networking/v2.0/security-groups/5fb2444f-97dc-4abe-816d-7316177e9579 0.306s
2025-01-10 07:45:55.657 67703 INFO tempest.lib.common.rest_client [req-03e6c74d-3dda-4891-bdf2-ceb5ce2bf76f req-03e6c74d-3dda-4891-bdf2-ceb5ce2bf76f ] Request (ImagesOneServerTestJSON:setUpClass): 200 GET http://10.180.1.21/compute/v2.1/servers/0f9a525c-09b9-483e-b418-fea6e6e5dc4a 1.389s
2025-01-10 07:45:55.683 67709 INFO tempest.lib.common.rest_client [req-87b31c92-80ad-4bdc-a05b-cd3c7e323674 req-87b31c92-80ad-4bdc-a05b-cd3c7e323674 ] Request (FloatingIPsAssociationTestJSON:setUpClass): 201 POST http://10.180.1.21:9696/networking/v2.0/subnets 0.509s
2025-01-10 07:45:55.699 67705 INFO tempest.lib.common.rest_client [req-fffd17d7-312f-440e-b5f8-ed3b561a9873 req-fffd17d7-312f-440e-b5f8-ed3b561a9873 ] Request (NetworksTest:tearDownClass): 204 DELETE http://10.180.1.21/identity/v3/users/1c10fc84d96f4697882cb3b03dfd00c4 0.251s
2025-01-10 07:45:55.700 67705 INFO tempest.lib.common.dynamic_creds [-] Deleting project and security group for project: 13143571f7114f37808ed76f6999cd08
2025-01-10 07:45:55.724 67711 INFO tempest.lib.common.rest_client [req-310f6310-0f57-4c4b-b81b-ab70691d19a0 req-310f6310-0f57-4c4b-b81b-ab70691d19a0 ] Request (KeyPairsV210TestJSON:setUpClass): 201 POST http://10.180.1.21/identity/v3/users 0.209s
2025-01-10 07:45:55.760 67726 INFO tempest.lib.common.rest_client [req-803b5e6b-83ea-4531-b65b-b22eedcdc0c8 req-803b5e6b-83ea-4531-b65b-b22eedcdc0c8 ] Request (MigrationsAdminTest:test_list_migrations_in_flavor_resize_situation): 200 GET http://10.180.1.21/compute/v2.1/servers/0676806b-c1f0-4c1a-a12d-add2edf1588f 1.416s
2025-01-10 07:45:55.810 67697 INFO tempest.lib.common.rest_client [req-a92610d1-bb7d-42d3-a565-ad0f22f27ac1 req-a92610d1-bb7d-42d3-a565-ad0f22f27ac1 ] Request (HypervisorAdminNegativeUnderV252Test:tearDownClass): 204 DELETE http://10.180.1.21/identity/v3/users/2187d1d8353642d7ba03178498d3b0c3 0.193s
2025-01-10 07:45:55.810 67697 INFO tempest.lib.common.dynamic_creds [-] Deleting project and security group for project: 21ce65aaf1ae4023a988bc7ddb7074c4
2025-01-10 07:45:55.819 67730 INFO tempest.lib.common.rest_client [req-38baf4e1-d262-4639-b6dd-7be7318fc275 req-38baf4e1-d262-4639-b6dd-7be7318fc275 ] Request (HypervisorAdminTestJSON:tearDownClass): 204 DELETE http://10.180.1.21/identity/v3/projects/6865b1eefc9c4bd893ab12e936310ceb 0.164s
2025-01-10 07:45:55.844 67701 INFO tempest.lib.common.rest_client [req-2a178362-3073-4c9c-a1dc-86d8d26c6735 req-2a178362-3073-4c9c-a1dc-86d8d26c6735 ] Request (ServerPasswordTestJSON:setUpClass): 200 GET http://10.180.1.21/compute/v2.1/servers/91869c00-edd0-40a8-84df-d8842d750558 1.481s
2025-01-10 07:45:55.870 67705 INFO tempest.lib.common.rest_client [req-859a6114-bb2a-4e14-87d9-66d038381eb1 req-859a6114-bb2a-4e14-87d9-66d038381eb1 ] Request (NetworksTest:tearDownClass): 201 POST http://10.180.1.21/identity/v3/auth/tokens 0.170s
2025-01-10 07:45:55.883 67681 INFO tempest.lib.common.rest_client [req-dc9f8b4f-8090-4739-b502-48d8cf9e11c0 req-dc9f8b4f-8090-4739-b502-48d8cf9e11c0 ] Request (AttachInterfacesV270Test:setUpClass): 201 POST http://10.180.1.21:9696/networking/v2.0/subnets 0.400s
2025-01-10 07:45:55.907 67711 INFO tempest.lib.common.rest_client [req-da31194f-eaa0-45ed-b6a8-a6a71252936b req-da31194f-eaa0-45ed-b6a8-a6a71252936b ] Request (KeyPairsV210TestJSON:setUpClass): 200 GET http://10.180.1.21/identity/v3/roles 0.183s
2025-01-10 07:45:55.937 67697 INFO tempest.lib.common.rest_client [req-719758e0-c289-4971-adf2-e3d89600eadf req-719758e0-c289-4971-adf2-e3d89600eadf ] Request (HypervisorAdminNegativeUnderV252Test:tearDownClass): 201 POST http://10.180.1.21/identity/v3/auth/tokens 0.126s
2025-01-10 07:45:55.958 67730 INFO tempest.lib.common.rest_client [req-49d3be91-ca7a-4acd-a310-89b62bbf193b req-49d3be91-ca7a-4acd-a310-89b62bbf193b ] Request (ServerGroupTestJSON:setUpClass): 201 POST http://10.180.1.21/identity/v3/auth/tokens 0.136s
2025-01-10 07:45:55.987 67711 INFO tempest.lib.common.rest_client [req-4ecb7c0b-afc2-45d1-80cc-585ddfc53ec0 req-4ecb7c0b-afc2-45d1-80cc-585ddfc53ec0 ] Request (KeyPairsV210TestJSON:setUpClass): 204 PUT http://10.180.1.21/identity/v3/projects/b43dbe3122c44bca99724181508cc282/users/45f4b1d9505d41eba0405fa1d59f8137/roles/75724dae235e4dd8ad639956c176069c 0.079s
2025-01-10 07:45:56.017 67707 INFO tempest.lib.common.rest_client [req-a47329b5-61f1-4583-b1ef-e97602b5c35f req-a47329b5-61f1-4583-b1ef-e97602b5c35f ] Request (QuotasAdminNegativeTest:test_create_server_when_instances_quota_is_full): 200 PUT http://10.180.1.21/compute/v2.1/os-quota-sets/5a0acbe154504d4ca47b9395279d00cf 1.676s
2025-01-10 07:45:56.038 67699 INFO tempest.lib.common.rest_client [req-81b745c0-1646-495f-8843-046ebb09ecd7 req-81b745c0-1646-495f-8843-046ebb09ecd7 ] Request (FlavorsAdminTestJSON:_run_cleanups): 202 DELETE http://10.180.1.21/compute/v2.1/flavors/1356857938 1.385s
2025-01-10 07:45:56.054 67687 INFO tempest.lib.common.rest_client [req-31d89440-399e-4734-89ca-a3c81718d46a req-31d89440-399e-4734-89ca-a3c81718d46a ] Request (HostsAdminNegativeTestJSON:test_shutdown_nonexistent_host): 404 GET http://10.180.1.21/compute/v2.1/os-hosts/nonexistent_hostname/shutdown 1.400s
2025-01-10 07:45:56.067 67738 INFO tempest.lib.common.rest_client [req-6028540c-0799-43ed-9469-a8cf876c9ec9 req-6028540c-0799-43ed-9469-a8cf876c9ec9 ] Request (FlavorsV255TestJSON:_run_cleanups): 202 DELETE http://10.180.1.21/compute/v2.1/flavors/534433305 1.385s
2025-01-10 07:45:56.087 67713 INFO tempest.lib.common.rest_client [req-e4f358ff-6d58-4898-bba8-5dd4a9194f75 req-e4f358ff-6d58-4898-bba8-5dd4a9194f75 ] Request (ServicesAdminNegativeTestJSON:test_get_service_with_valid_service_and_invalid_host): 200 GET http://10.180.1.21/compute/v2.1/os-services?host=xxx&binary=nova-scheduler 1.391s
2025-01-10 07:45:56.095 67730 INFO tempest.lib.common.rest_client [req-325d1119-21ca-4b68-b466-8cbe99d25253 req-325d1119-21ca-4b68-b466-8cbe99d25253 ] Request (ServerGroupTestJSON:setUpClass): 201 POST http://10.180.1.21/identity/v3/auth/tokens 0.133s
2025-01-10 07:45:56.097 67679 INFO tempest.lib.common.rest_client [req-69e3450e-0668-4cc0-b23d-99b0d74614c0 req-69e3450e-0668-4cc0-b23d-99b0d74614c0 ] Request (ServersWithSpecificFlavorTestJSON:test_verify_created_server_ephemeral_disk): 200 GET http://10.180.1.21/compute/v2.1/flavors/42/os-extra_specs 1.358s
2025-01-10 07:45:56.098 67711 INFO tempest.lib.common.rest_client [req-13555689-9c3f-4358-b8b6-d83e31d47d45 req-13555689-9c3f-4358-b8b6-d83e31d47d45 ] Request (KeyPairsV210TestJSON:setUpClass): 200 GET http://10.180.1.21/identity/v3/roles 0.111s
2025-01-10 07:45:56.120 67730 INFO tempest.lib.common.rest_client [req-9b4bc19a-8a8e-461a-b4ef-8a7fd602596e req-9b4bc19a-8a8e-461a-b4ef-8a7fd602596e ] Request (ServerGroupTestJSON:setUpClass): 200 GET http://10.180.1.21/identity/v3/domains?name=Default 0.025s
2025-01-10 07:45:56.137 67711 INFO tempest.lib.common.rest_client [req-01f45892-f5cc-4817-9f80-e4ff99c9fea4 req-01f45892-f5cc-4817-9f80-e4ff99c9fea4 ] Request (KeyPairsV210TestJSON:setUpClass): 204 PUT http://10.180.1.21/identity/v3/projects/b43dbe3122c44bca99724181508cc282/users/45f4b1d9505d41eba0405fa1d59f8137/roles/75724dae235e4dd8ad639956c176069c 0.039s
2025-01-10 07:45:56.138 67711 INFO tempest.lib.common.dynamic_creds [-] Dynamic test user 45f4b1d9505d41eba0405fa1d59f8137 is created with scope project and roles: ['admin']
2025-01-10 07:45:56.138 67711 INFO tempest.lib.common.dynamic_creds [-] Acquired dynamic creds: credentials: Credentials: {'domain_id': 'default', 'domain_name': 'Default', 'username': 'tempest-KeyPairsV210TestJSON-969688187-project-admin', 'project_domain_id': 'default', 'project_domain_name': 'Default', 'project_id': 'b43dbe3122c44bca99724181508cc282', 'project_name': 'tempest-KeyPairsV210TestJSON-969688187', 'tenant_id': 'b43dbe3122c44bca99724181508cc282', 'tenant_name': 'tempest-KeyPairsV210TestJSON-969688187', 'user_domain_id': 'default', 'user_domain_name': 'Default', 'user_id': '45f4b1d9505d41eba0405fa1d59f8137', 'system': None}, Network: None, Subnet: None, Router: None
2025-01-10 07:45:56.138 67711 INFO tempest.lib.common.dynamic_creds [-] Created isolated network resources for: credentials: Credentials: {'domain_id': 'default', 'domain_name': 'Default', 'username': 'tempest-KeyPairsV210TestJSON-969688187-project-admin', 'project_domain_id': 'default', 'project_domain_name': 'Default', 'project_id': 'b43dbe3122c44bca99724181508cc282', 'project_name': 'tempest-KeyPairsV210TestJSON-969688187', 'tenant_id': 'b43dbe3122c44bca99724181508cc282', 'tenant_name': 'tempest-KeyPairsV210TestJSON-969688187', 'user_domain_id': 'default', 'user_domain_name': 'Default', 'user_id': '45f4b1d9505d41eba0405fa1d59f8137', 'system': None}, Network: None, Subnet: None, Router: None
2025-01-10 07:45:56.145 67707 INFO tempest.lib.common.rest_client [req-d4c12b4b-555a-450c-adb0-5974f7afae17 req-d4c12b4b-555a-450c-adb0-5974f7afae17 ] Request (QuotasAdminNegativeTest:test_create_server_when_instances_quota_is_full): 201 POST http://10.180.1.21/identity/v3/auth/tokens 0.119s
2025-01-10 07:45:56.145 67707 INFO tempest.lib.common.fixed_network [-] (QuotasAdminNegativeTest:test_create_server_when_instances_quota_is_full) Found network None available for tenant
2025-01-10 07:45:56.193 67693 INFO tempest.lib.common.rest_client [req-8f7a25eb-c18e-43f1-9fbf-6a040ad654be req-8f7a25eb-c18e-43f1-9fbf-6a040ad654be ] Request (SecurityGroupsTestAdminJSON:test_list_security_groups_list_all_tenants_filter): 200 POST http://10.180.1.21/compute/v2.1/os-security-groups 1.772s
2025-01-10 07:45:56.211 67685 INFO tempest.lib.common.rest_client [req-92d5f53c-1062-4db8-8ed2-10f0531ede18 req-92d5f53c-1062-4db8-8ed2-10f0531ede18 ] Request (FlavorsAccessNegativeTestJSON:_run_cleanups): 200 GET http://10.180.1.21/compute/v2.1/flavors/detail 1.104s
2025-01-10 07:45:56.217 67711 INFO tempest.lib.common.rest_client [req-8fbc2e16-a136-47fe-9268-264977b83fba req-8fbc2e16-a136-47fe-9268-264977b83fba ] Request (KeyPairsV210TestJSON:setUpClass): 201 POST http://10.180.1.21/identity/v3/auth/tokens 0.071s
2025-01-10 07:45:56.243 67691 INFO tempest.lib.common.rest_client [req-3a371a76-347d-401d-8821-6b90fb39a42d req-3a371a76-347d-401d-8821-6b90fb39a42d ] Request (AggregatesAdminNegativeTestJSON:_run_cleanups): 200 POST http://10.180.1.21/compute/v2.1/os-aggregates/1/action 1.458s
2025-01-10 07:45:56.264 67730 INFO tempest.lib.common.rest_client [req-083e262a-b3cb-49c3-bdb5-fd33b974ca04 req-083e262a-b3cb-49c3-bdb5-fd33b974ca04 ] Request (ServerGroupTestJSON:setUpClass): 201 POST http://10.180.1.21/identity/v3/projects 0.142s
2025-01-10 07:45:56.309 67705 INFO tempest.lib.common.rest_client [req-62f43614-03a4-4f57-a047-d71ea48ce8fa req-62f43614-03a4-4f57-a047-d71ea48ce8fa ] Request (NetworksTest:tearDownClass): 200 GET http://10.180.1.21:9696/networking/v2.0/security-groups?tenant_id=13143571f7114f37808ed76f6999cd08&name=default 0.438s
2025-01-10 07:45:56.353 67724 INFO tempest.lib.common.rest_client [req-bfdc45d9-221e-4678-885a-10e8e2066c67 req-bfdc45d9-221e-4678-885a-10e8e2066c67 ] Request (ServersTestBootFromVolume:setUpClass): 200 GET http://10.180.1.21/volume/v3/volumes/34523d13-ed90-416e-a19a-57c837136d21 0.047s
2025-01-10 07:45:56.375 67730 INFO tempest.lib.common.rest_client [req-bddeda99-9b12-44d8-ab03-9a7fee8c47c1 req-bddeda99-9b12-44d8-ab03-9a7fee8c47c1 ] Request (ServerGroupTestJSON:setUpClass): 201 POST http://10.180.1.21/identity/v3/users 0.110s
2025-01-10 07:45:56.403 67730 INFO tempest.lib.common.rest_client [req-1d33801e-a194-496d-b4d7-925c22212ee0 req-1d33801e-a194-496d-b4d7-925c22212ee0 ] Request (ServerGroupTestJSON:setUpClass): 200 GET http://10.180.1.21/identity/v3/roles 0.028s
2025-01-10 07:45:56.440 67730 INFO tempest.lib.common.rest_client [req-664a0d0f-d137-4e2a-86e2-fe769d43f00a req-664a0d0f-d137-4e2a-86e2-fe769d43f00a ] Request (ServerGroupTestJSON:setUpClass): 204 PUT http://10.180.1.21/identity/v3/projects/53e7a6c764124be0993623bea3a56561/users/af91f968b03341a789b6f2cd03d2fb14/roles/302be925a5424a558353762a2b2bd209 0.037s
2025-01-10 07:45:56.441 67730 INFO tempest.lib.common.dynamic_creds [-] Dynamic test user af91f968b03341a789b6f2cd03d2fb14 is created with scope project and roles: ['member']
2025-01-10 07:45:56.441 67730 INFO tempest.lib.common.dynamic_creds [-] Acquired dynamic creds: credentials: Credentials: {'domain_id': 'default', 'domain_name': 'Default', 'username': 'tempest-ServerGroupTestJSON-974619422-project-member', 'project_domain_id': 'default', 'project_domain_name': 'Default', 'project_id': '53e7a6c764124be0993623bea3a56561', 'project_name': 'tempest-ServerGroupTestJSON-974619422', 'tenant_id': '53e7a6c764124be0993623bea3a56561', 'tenant_name': 'tempest-ServerGroupTestJSON-974619422', 'user_domain_id': 'default', 'user_domain_name': 'Default', 'user_id': 'af91f968b03341a789b6f2cd03d2fb14', 'system': None}, Network: None, Subnet: None, Router: None
2025-01-10 07:45:56.442 67728 INFO tempest.lib.common.rest_client [req-d25fe62f-0c01-4fcc-9812-e65f77dec491 req-d25fe62f-0c01-4fcc-9812-e65f77dec491 ] Request (VolumesAssistedSnapshotsTest:setUpClass): 200 PUT http://10.180.1.21:9696/networking/v2.0/routers/31b3ced3-9681-4e7c-8258-0ba9651968c6/add_router_interface 2.758s
2025-01-10 07:45:56.442 67728 INFO tempest.lib.common.dynamic_creds [-] Created isolated network resources for: credentials: Credentials: {'domain_id': 'default', 'domain_name': 'Default', 'username': 'tempest-VolumesAssistedSnapshotsTest-1514410754-project', 'project_domain_id': 'default', 'project_domain_name': 'Default', 'project_id': '975fcb51ed3d45508f4e8ef072688974', 'project_name': 'tempest-VolumesAssistedSnapshotsTest-1514410754', 'tenant_id': '975fcb51ed3d45508f4e8ef072688974', 'tenant_name': 'tempest-VolumesAssistedSnapshotsTest-1514410754', 'user_domain_id': 'default', 'user_domain_name': 'Default', 'user_id': 'bcfade3983a74a69b76ef4d4df472d55', 'system': None}, Network: {'id': 'f334173c-b761-43ee-a47f-033bec41ef44', 'name': 'tempest-VolumesAssistedSnapshotsTest-1673148795-network', 'tenant_id': '975fcb51ed3d45508f4e8ef072688974', 'admin_state_up': True, 'mtu': 8950, 'status': 'ACTIVE', 'subnets': [], 'shared': False, 'project_id': '975fcb51ed3d45508f4e8ef072688974', 'port_security_enabled': True, 'router:external': False, 'provider:network_type': 'vlan', 'provider:physical_network': 'default', 'provider:segmentation_id': 412, 'availability_zone_hints': [], 'availability_zones': [], 'ipv4_address_scope': None, 'ipv6_address_scope': None, 'description': '', 'tags': [], 'created_at': '2025-01-10T07:45:51Z', 'updated_at': '2025-01-10T07:45:51Z', 'revision_number': 1}, Subnet: {'id': '431df5ad-177c-4667-98fc-b76ca05c52da', 'name': 'tempest-VolumesAssistedSnapshotsTest-1673148795-subnet', 'tenant_id': '975fcb51ed3d45508f4e8ef072688974', 'network_id': 'f334173c-b761-43ee-a47f-033bec41ef44', 'ip_version': 4, 'subnetpool_id': None, 'enable_dhcp': True, 'ipv6_ra_mode': None, 'ipv6_address_mode': None, 'gateway_ip': '192.168.128.1', 'cidr': '192.168.128.0/28', 'allocation_pools': [{'start': '192.168.128.2', 'end': '192.168.128.14'}], 'host_routes': [], 'dns_nameservers': [], 'description': '', 'router:external': False, 'service_types': [], 'tags': [], 'created_at': '2025-01-10T07:45:51Z', 'updated_at': '2025-01-10T07:45:51Z', 'revision_number': 0, 'project_id': '975fcb51ed3d45508f4e8ef072688974'}, Router: {'id': '31b3ced3-9681-4e7c-8258-0ba9651968c6', 'name': 'tempest-VolumesAssistedSnapshotsTest-1673148795-router', 'tenant_id': '975fcb51ed3d45508f4e8ef072688974', 'admin_state_up': True, 'status': 'ACTIVE', 'external_gateway_info': {'network_id': '67633e74-9459-44cc-a124-11a2b0fddc5e', 'external_fixed_ips': [{'subnet_id': 'dbd3c992-fc8b-47c3-a1e0-83ad000ffba2', 'ip_address': '10.180.180.193'}], 'enable_snat': True}, 'description': '', 'availability_zones': [], 'distributed': False, 'ha': False, 'availability_zone_hints': [], 'routes': [], 'flavor_id': None, 'tags': [], 'created_at': '2025-01-10T07:45:51Z', 'updated_at': '2025-01-10T07:45:53Z', 'revision_number': 2, 'project_id': '975fcb51ed3d45508f4e8ef072688974'}
2025-01-10 07:45:56.455 67734 INFO tempest.lib.common.rest_client [req-3f13bfd2-a8aa-4326-9d06-ae80b2ad72d9 req-3f13bfd2-a8aa-4326-9d06-ae80b2ad72d9 ] Request (SecurityGroupsNegativeTestJSON:test_delete_the_default_security_group): 200 GET http://10.180.1.21/compute/v2.1/os-security-groups 1.245s
2025-01-10 07:45:56.474 67715 INFO tempest.lib.common.rest_client [req-de829bac-4907-465a-960d-19f13a3d053e req-de829bac-4907-465a-960d-19f13a3d053e ] Request (FlavorsAccessTestJSON:_run_cleanups): 200 GET http://10.180.1.21/compute/v2.1/flavors/detail 1.084s
2025-01-10 07:45:56.496 67695 INFO tempest.lib.common.rest_client [req-98001ed9-d0b4-4713-855f-3be0fbc0efc3 req-98001ed9-d0b4-4713-855f-3be0fbc0efc3 ] Request (FlavorsExtraSpecsTestJSON:test_flavor_set_get_update_show_unset_keys): 200 GET http://10.180.1.21/compute/v2.1/flavors/1493201852/os-extra_specs 1.084s
2025-01-10 07:45:56.515 67721 INFO tempest.lib.common.rest_client [req-3e20e27e-b31a-45e8-9712-dd37b013d644 req-3e20e27e-b31a-45e8-9712-dd37b013d644 ] Request (QuotasAdminTestJSON:test_delete_quota): 202 DELETE http://10.180.1.21/compute/v2.1/os-quota-sets/cda6e8a9a9a14f9aba1b229a8bfb99f4 0.864s
2025-01-10 07:45:56.528 67730 INFO tempest.lib.common.rest_client [req-0ab584ff-ebb7-4010-b4bd-f38dbca38372 req-0ab584ff-ebb7-4010-b4bd-f38dbca38372 ] Request (ServerGroupTestJSON:setUpClass): 201 POST http://10.180.1.21/identity/v3/auth/tokens 0.087s
2025-01-10 07:45:56.596 67705 INFO tempest.lib.common.rest_client [req-6e4556a8-fe85-480b-8161-b107b45bd3e5 req-6e4556a8-fe85-480b-8161-b107b45bd3e5 ] Request (NetworksTest:tearDownClass): 204 DELETE http://10.180.1.21:9696/networking/v2.0/security-groups/974418e3-f504-48a7-a2ad-b9fbf779f9ee 0.286s
2025-01-10 07:45:56.609 67728 INFO tempest.lib.common.rest_client [req-5f91aea7-256c-4967-b817-da74ccd4ade9 req-5f91aea7-256c-4967-b817-da74ccd4ade9 ] Request (VolumesAssistedSnapshotsTest:setUpClass): 201 POST http://10.180.1.21/identity/v3/auth/tokens 0.121s
2025-01-10 07:45:56.682 67705 INFO tempest.lib.common.rest_client [req-68e7421b-37a7-4b2a-9ea1-0751f5bc6087 req-68e7421b-37a7-4b2a-9ea1-0751f5bc6087 ] Request (NetworksTest:tearDownClass): 204 DELETE http://10.180.1.21/identity/v3/projects/13143571f7114f37808ed76f6999cd08 0.085s
2025-01-10 07:45:56.682 67705 INFO tempest.lib.common.dynamic_creds [-] Deleting project and security group for project: b0911614c400419fa6f8a78a8bb3e759
2025-01-10 07:45:56.713 67683 INFO tempest.lib.common.rest_client [req-13c7372e-ced9-492b-a388-58e9fe537b74 req-13c7372e-ced9-492b-a388-58e9fe537b74 ] Request (ServerDiagnosticsNegativeTest:test_get_server_diagnostics_by_non_admin): 200 GET http://10.180.1.21/compute/v2.1/servers/e4528a29-163d-4f5e-9497-6e6b90b290ba 0.679s
2025-01-10 07:45:56.734 67699 INFO tempest.lib.common.rest_client [req-73d0013f-d436-4649-b33f-4e9acd904b60 req-73d0013f-d436-4649-b33f-4e9acd904b60 ] Request (FlavorsAdminTestJSON:_run_cleanups): 200 GET http://10.180.1.21/compute/v2.1/flavors/detail 0.695s
2025-01-10 07:45:56.742 67687 INFO tempest.lib.common.rest_client [req-69322f11-ddb0-4c1f-97e9-385bbc0b63a4 req-69322f11-ddb0-4c1f-97e9-385bbc0b63a4 ] Request (HostsAdminNegativeTestJSON:test_startup_host_with_non_admin_user): 403 GET http://10.180.1.21/compute/v2.1/os-hosts/devstack/startup 0.687s
2025-01-10 07:45:56.761 67738 INFO tempest.lib.common.rest_client [req-058e7aa9-3b19-468c-969e-fc7ba98a5987 req-058e7aa9-3b19-468c-969e-fc7ba98a5987 ] Request (FlavorsV255TestJSON:_run_cleanups): 200 GET http://10.180.1.21/compute/v2.1/flavors/detail 0.694s
2025-01-10 07:45:56.873 67717 INFO tempest.lib.common.rest_client [req-2b5318e3-8d7f-4e93-8765-097f06b174a2 req-2b5318e3-8d7f-4e93-8765-097f06b174a2 ] Request (ServersAdminNegativeTestJSON:setUpClass): 202 POST http://10.180.1.21/compute/v2.1/servers 1.541s
2025-01-10 07:45:56.947 67713 INFO tempest.lib.common.rest_client [req-5358288a-318a-433e-943c-1f0c6b458f67 req-5358288a-318a-433e-943c-1f0c6b458f67 ] Request (ServicesAdminNegativeTestJSON:test_list_services_with_non_admin_user): 403 GET http://10.180.1.21/compute/v2.1/os-services 0.856s
2025-01-10 07:45:56.951 67738 INFO tempest.lib.common.rest_client [req-8d034b93-1312-409f-b181-47c85f97ca13 req-8d034b93-1312-409f-b181-47c85f97ca13 ] Request (FlavorsV255TestJSON:tearDownClass): 204 DELETE http://10.180.1.21/identity/v3/users/5632a283f2b0449aafa3e688318d80d5 0.130s
2025-01-10 07:45:56.994 67679 INFO tempest.lib.common.rest_client [req-b1351346-e856-467d-b6da-1ae6cfd32cbf req-b1351346-e856-467d-b6da-1ae6cfd32cbf ] Request (ServersWithSpecificFlavorTestJSON:test_verify_created_server_ephemeral_disk): 200 POST http://10.180.1.21/compute/v2.1/flavors/297537872/os-extra_specs 0.895s
2025-01-10 07:45:57.040 67730 INFO tempest.lib.common.rest_client [req-88d9610a-20ad-4012-bff5-b759342293a3 req-88d9610a-20ad-4012-bff5-b759342293a3 ] Request (ServerGroupTestJSON:setUpClass): 201 POST http://10.180.1.21:9696/networking/v2.0/networks 0.511s
2025-01-10 07:45:57.061 67697 INFO tempest.lib.common.rest_client [req-7543eb85-6e2a-43b0-88ed-cf37845f1f8e req-7543eb85-6e2a-43b0-88ed-cf37845f1f8e ] Request (HypervisorAdminNegativeUnderV252Test:tearDownClass): 200 GET http://10.180.1.21:9696/networking/v2.0/security-groups?tenant_id=21ce65aaf1ae4023a988bc7ddb7074c4&name=default 1.123s
2025-01-10 07:45:57.158 67738 INFO tempest.lib.common.rest_client [req-d3e03a04-1a57-4b00-916a-de88ed24fc09 req-d3e03a04-1a57-4b00-916a-de88ed24fc09 ] Request (FlavorsV255TestJSON:tearDownClass): 204 DELETE http://10.180.1.21/identity/v3/users/18423f186a9f4fa6b8d2045f584332fc 0.206s
2025-01-10 07:45:57.158 67738 INFO tempest.lib.common.dynamic_creds [-] Deleting project and security group for project: 4e50012f138c4d299ccd44d26924e172
2025-01-10 07:45:57.193 67713 INFO tempest.lib.common.rest_client [req-62283747-8134-4c94-a952-f1f8329b4e0a req-62283747-8134-4c94-a952-f1f8329b4e0a ] Request (ServicesAdminNegativeTestJSON:tearDownClass): 204 DELETE http://10.180.1.21/identity/v3/users/22a6b3e2b8df443d80d7895851bf00d9 0.245s
2025-01-10 07:45:57.223 67689 INFO tempest.lib.common.rest_client [req-c7ede3af-7f55-49cd-a4ac-a1bf2cd40aa1 req-c7ede3af-7f55-49cd-a4ac-a1bf2cd40aa1 ] Request (TenantUsagesTestJSON:setUpClass): 200 GET http://10.180.1.21/compute/v2.1/servers/c1580c72-9345-436e-b4f7-56d319248864 1.131s
2025-01-10 07:45:57.252 67728 INFO tempest.lib.common.rest_client [req-43324900-8be4-4c3c-bc5f-3bdbfc4ddfda req-43324900-8be4-4c3c-bc5f-3bdbfc4ddfda ] Request (VolumesAssistedSnapshotsTest:test_volume_assisted_snapshot_create_delete): 202 POST http://10.180.1.21/volume/v3/volumes 0.640s
2025-01-10 07:45:57.263 67738 INFO tempest.lib.common.rest_client [req-a7d681ac-315f-4598-9ff3-0f7c9a897914 req-a7d681ac-315f-4598-9ff3-0f7c9a897914 ] Request (FlavorsV255TestJSON:tearDownClass): 201 POST http://10.180.1.21/identity/v3/auth/tokens 0.104s
2025-01-10 07:45:57.312 67728 INFO tempest.lib.common.rest_client [req-906c387a-8c2d-464e-b5d0-cdd8df5dd195 req-906c387a-8c2d-464e-b5d0-cdd8df5dd195 ] Request (VolumesAssistedSnapshotsTest:test_volume_assisted_snapshot_create_delete): 200 GET http://10.180.1.21/volume/v3/volumes/42560db2-1a6f-4d32-878e-bb36627ec4d0 0.050s
2025-01-10 07:45:57.341 67713 INFO tempest.lib.common.rest_client [req-ee40d72b-9c4e-4697-b3de-0825ec312335 req-ee40d72b-9c4e-4697-b3de-0825ec312335 ] Request (ServicesAdminNegativeTestJSON:tearDownClass): 204 DELETE http://10.180.1.21/identity/v3/users/192565205e374fb18b494075dfe7b048 0.147s
2025-01-10 07:45:57.342 67713 INFO tempest.lib.common.dynamic_creds [-] Deleting project and security group for project: 90647cefd0194e27b689027c008cd52a
2025-01-10 07:45:57.345 67707 INFO tempest.lib.common.rest_client [req-53b8d497-9bec-4ed6-8e92-b08bede317e5 req-53b8d497-9bec-4ed6-8e92-b08bede317e5 ] Request (QuotasAdminNegativeTest:test_create_server_when_instances_quota_is_full): 403 POST http://10.180.1.21/compute/v2.1/servers 1.199s
2025-01-10 07:45:57.418 67724 INFO tempest.lib.common.rest_client [req-46aca8b7-3959-41e9-9468-7af1c4cfd79f req-46aca8b7-3959-41e9-9468-7af1c4cfd79f ] Request (ServersTestBootFromVolume:setUpClass): 200 GET http://10.180.1.21/volume/v3/volumes/34523d13-ed90-416e-a19a-57c837136d21 0.056s
2025-01-10 07:45:57.427 67713 INFO tempest.lib.common.rest_client [req-2cee71a3-611c-40d2-9cf7-e4596a13dd17 req-2cee71a3-611c-40d2-9cf7-e4596a13dd17 ] Request (ServicesAdminNegativeTestJSON:tearDownClass): 201 POST http://10.180.1.21/identity/v3/auth/tokens 0.085s
2025-01-10 07:45:57.455 67719 INFO tempest.lib.common.rest_client [req-82c51daf-30df-410a-9a74-4e75e44d7003 req-82c51daf-30df-410a-9a74-4e75e44d7003 ] Request (DeleteServersAdminTestJSON:test_admin_delete_servers_of_others): 200 GET http://10.180.1.21/compute/v2.1/servers/4cbcfa1a-c034-4de7-ad25-4ad22316067e 1.238s
2025-01-10 07:45:57.463 67719 INFO tempest.common.waiters [-] State transition "BUILD/networking" ==> "BUILD/spawning" after 8 second wait
2025-01-10 07:45:57.507 67705 INFO tempest.lib.common.rest_client [req-44b3d891-c52f-4e62-b20c-29e70bb7c8c3 req-44b3d891-c52f-4e62-b20c-29e70bb7c8c3 ] Request (NetworksTest:tearDownClass): 200 GET http://10.180.1.21:9696/networking/v2.0/security-groups?tenant_id=b0911614c400419fa6f8a78a8bb3e759&name=default 0.825s
2025-01-10 07:45:57.621 67711 INFO tempest.lib.common.rest_client [req-05859d27-15cc-4b70-b3d0-8a1fb5ff8f38 req-05859d27-15cc-4b70-b3d0-8a1fb5ff8f38 ] Request (KeyPairsV210TestJSON:test_admin_manage_keypairs_for_other_users): 201 POST http://10.180.1.21/compute/v2.1/os-keypairs 1.399s
2025-01-10 07:45:57.626 67730 INFO tempest.lib.common.rest_client [req-ad0ba861-5d0e-4187-be92-4f8946c8fa73 req-ad0ba861-5d0e-4187-be92-4f8946c8fa73 ] Request (ServerGroupTestJSON:setUpClass): 201 POST http://10.180.1.21:9696/networking/v2.0/subnets 0.585s
2025-01-10 07:45:57.641 67697 INFO tempest.lib.common.rest_client [req-53668958-f373-4e4a-85d2-d8cc5eb42634 req-53668958-f373-4e4a-85d2-d8cc5eb42634 ] Request (HypervisorAdminNegativeUnderV252Test:tearDownClass): 204 DELETE http://10.180.1.21:9696/networking/v2.0/security-groups/58f95637-9c39-499c-b3b5-aee217a7e554 0.580s
2025-01-10 07:45:57.642 67685 INFO tempest.lib.common.rest_client [req-b43e23b8-c8cf-46d6-89aa-ba45126f2168 req-b43e23b8-c8cf-46d6-89aa-ba45126f2168 ] Request (FlavorsAccessNegativeTestJSON:test_flavor_access_list_with_public_flavor): 200 POST http://10.180.1.21/compute/v2.1/flavors 1.413s
2025-01-10 07:45:57.675 67691 INFO tempest.lib.common.rest_client [req-ebac6a47-27a4-4c7d-92ae-f95b96962e4f req-ebac6a47-27a4-4c7d-92ae-f95b96962e4f ] Request (AggregatesAdminNegativeTestJSON:_run_cleanups): 200 DELETE http://10.180.1.21/compute/v2.1/os-aggregates/1 1.430s
2025-01-10 07:45:57.765 67697 INFO tempest.lib.common.rest_client [req-18379ad9-10ed-4473-bac2-31ab0153741e req-18379ad9-10ed-4473-bac2-31ab0153741e ] Request (HypervisorAdminNegativeUnderV252Test:tearDownClass): 204 DELETE http://10.180.1.21/identity/v3/projects/21ce65aaf1ae4023a988bc7ddb7074c4 0.124s
2025-01-10 07:45:57.766 67697 INFO tempest.lib.common.dynamic_creds [-] Deleting project and security group for project: edeaaa6ae2c1454b8fc64a2f19ecbce4
2025-01-10 07:45:57.825 67677 INFO tempest.lib.common.rest_client [req-ed259a8f-4cd8-4e78-a6ee-790d56288221 req-ed259a8f-4cd8-4e78-a6ee-790d56288221 ] Request (ImagesTestJSON:test_create_image_from_stopped_server): 200 GET http://10.180.1.21/compute/v2.1/servers/8d53d8c3-6db8-4ebe-a35f-0f64602fafcb 1.494s
2025-01-10 07:45:57.860 67738 INFO tempest.lib.common.rest_client [req-6a3cf9e7-1db2-4c93-8682-ef2ac55a724c req-6a3cf9e7-1db2-4c93-8682-ef2ac55a724c ] Request (FlavorsV255TestJSON:tearDownClass): 200 GET http://10.180.1.21:9696/networking/v2.0/security-groups?tenant_id=4e50012f138c4d299ccd44d26924e172&name=default 0.596s
2025-01-10 07:45:57.904 67705 INFO tempest.lib.common.rest_client [req-08c66e7b-f721-4844-9827-7c6e7318adef req-08c66e7b-f721-4844-9827-7c6e7318adef ] Request (NetworksTest:tearDownClass): 204 DELETE http://10.180.1.21:9696/networking/v2.0/security-groups/fb011f86-da74-4367-9c9e-aafc213485ed 0.396s
2025-01-10 07:45:57.959 67736 INFO tempest.lib.common.rest_client [req-a249761c-8077-44a2-b08b-b2b57ae91885 req-a249761c-8077-44a2-b08b-b2b57ae91885 ] Request (VolumesAdminNegativeTest:test_update_attached_volume_with_nonexistent_volume_in_body): 200 GET http://10.180.1.21/compute/v2.1/servers/effc673a-103f-413b-88ac-6907ad1ee852 1.580s
2025-01-10 07:45:57.968 67713 INFO tempest.lib.common.rest_client [req-18d8126d-696f-49e0-a441-f6d2a9f3d305 req-18d8126d-696f-49e0-a441-f6d2a9f3d305 ] Request (ServicesAdminNegativeTestJSON:tearDownClass): 200 GET http://10.180.1.21:9696/networking/v2.0/security-groups?tenant_id=90647cefd0194e27b689027c008cd52a&name=default 0.540s
2025-01-10 07:45:58.080 67705 INFO tempest.lib.common.rest_client [req-206a302b-f7bb-46c1-8978-e409ce6ac0e1 req-206a302b-f7bb-46c1-8978-e409ce6ac0e1 ] Request (NetworksTest:tearDownClass): 204 DELETE http://10.180.1.21/identity/v3/projects/b0911614c400419fa6f8a78a8bb3e759 0.175s
2025-01-10 07:45:58.148 67734 INFO tempest.lib.common.rest_client [req-4a318b3a-a782-4727-88c6-2289fce1d6da req-4a318b3a-a782-4727-88c6-2289fce1d6da ] Request (SecurityGroupsNegativeTestJSON:test_delete_the_default_security_group): 400 DELETE http://10.180.1.21/compute/v2.1/os-security-groups/eef8243a-e483-4892-9157-b957e8fdafc6 1.687s
2025-01-10 07:45:58.150 67705 INFO tempest.lib.common.rest_client [req-d4745de9-5453-4ab7-8b13-ad78984900b4 req-d4745de9-5453-4ab7-8b13-ad78984900b4 ] Request (FlavorsV2NegativeTest:setUpClass): 201 POST http://10.180.1.21/identity/v3/auth/tokens 0.069s
2025-01-10 07:45:58.181 67695 INFO tempest.lib.common.rest_client [req-b8cc2d2b-5112-4cdb-9684-506035d10922 req-b8cc2d2b-5112-4cdb-9684-506035d10922 ] Request (FlavorsExtraSpecsTestJSON:test_flavor_set_get_update_show_unset_keys): 200 PUT http://10.180.1.21/compute/v2.1/flavors/1493201852/os-extra_specs/hw:numa_nodes 1.684s
2025-01-10 07:45:58.192 67705 INFO tempest.lib.common.rest_client [req-cd90d267-0a2d-41a8-af56-06329719c3c9 req-cd90d267-0a2d-41a8-af56-06329719c3c9 ] Request (FlavorsV2NegativeTest:setUpClass): 201 POST http://10.180.1.21/identity/v3/auth/tokens 0.039s
2025-01-10 07:45:58.216 67697 INFO tempest.lib.common.rest_client [req-4e9c88d2-2d26-4b55-90cc-485b423445d3 req-4e9c88d2-2d26-4b55-90cc-485b423445d3 ] Request (HypervisorAdminNegativeUnderV252Test:tearDownClass): 200 GET http://10.180.1.21:9696/networking/v2.0/security-groups?tenant_id=edeaaa6ae2c1454b8fc64a2f19ecbce4&name=default 0.450s
2025-01-10 07:45:58.229 67705 INFO tempest.lib.common.rest_client [req-51ec07ea-a6ad-4128-b7d5-26ddfd1f6e65 req-51ec07ea-a6ad-4128-b7d5-26ddfd1f6e65 ] Request (FlavorsV2NegativeTest:setUpClass): 200 GET http://10.180.1.21/identity/v3/domains?name=Default 0.037s
2025-01-10 07:45:58.254 67738 INFO tempest.lib.common.rest_client [req-a9e63109-7e1d-43de-8e1f-0298d7df9cca req-a9e63109-7e1d-43de-8e1f-0298d7df9cca ] Request (FlavorsV255TestJSON:tearDownClass): 204 DELETE http://10.180.1.21:9696/networking/v2.0/security-groups/9574b048-bff0-4a3d-848e-bcf2566f8d9e 0.393s
2025-01-10 07:45:58.260 67705 INFO tempest.lib.common.rest_client [req-114fbe16-1584-46af-b65f-f85a86f6d781 req-114fbe16-1584-46af-b65f-f85a86f6d781 ] Request (FlavorsV2NegativeTest:setUpClass): 201 POST http://10.180.1.21/identity/v3/projects 0.030s
2025-01-10 07:45:58.347 67738 INFO tempest.lib.common.rest_client [req-eda1ff3c-bbc6-4037-a3a0-8db7a79b843b req-eda1ff3c-bbc6-4037-a3a0-8db7a79b843b ] Request (FlavorsV255TestJSON:tearDownClass): 204 DELETE http://10.180.1.21/identity/v3/projects/4e50012f138c4d299ccd44d26924e172 0.093s
2025-01-10 07:45:58.348 67738 INFO tempest.lib.common.dynamic_creds [-] Deleting project and security group for project: 7de233c22d7c46398464c7db2b590a7b
2025-01-10 07:45:58.348 67713 INFO tempest.lib.common.rest_client [req-150f0e86-3323-4846-a51e-0a5080dd960f req-150f0e86-3323-4846-a51e-0a5080dd960f ] Request (ServicesAdminNegativeTestJSON:tearDownClass): 204 DELETE http://10.180.1.21:9696/networking/v2.0/security-groups/08193fe5-97de-4343-9735-ad0e0d28c1e5 0.379s
2025-01-10 07:45:58.363 67721 INFO tempest.lib.common.rest_client [req-4d408acc-2d93-4692-947f-a10be3e8b57c req-4d408acc-2d93-4692-947f-a10be3e8b57c ] Request (QuotasAdminTestJSON:test_delete_quota): 200 GET http://10.180.1.21/compute/v2.1/os-quota-sets/cda6e8a9a9a14f9aba1b229a8bfb99f4 1.847s
2025-01-10 07:45:58.364 67728 INFO tempest.lib.common.rest_client [req-ec5eae6e-f029-40e4-aacc-5f217067f887 req-ec5eae6e-f029-40e4-aacc-5f217067f887 ] Request (VolumesAssistedSnapshotsTest:test_volume_assisted_snapshot_create_delete): 200 GET http://10.180.1.21/volume/v3/volumes/42560db2-1a6f-4d32-878e-bb36627ec4d0 0.044s
2025-01-10 07:45:58.367 67697 INFO tempest.lib.common.rest_client [req-ebd8106e-1c54-444e-8072-480fdcdc2585 req-ebd8106e-1c54-444e-8072-480fdcdc2585 ] Request (HypervisorAdminNegativeUnderV252Test:tearDownClass): 204 DELETE http://10.180.1.21:9696/networking/v2.0/security-groups/607818b7-441d-4f71-ab25-cc7153217981 0.150s
2025-01-10 07:45:58.372 67728 INFO tempest.common.waiters [-] volume 42560db2-1a6f-4d32-878e-bb36627ec4d0 reached available after waiting for 1.372690 seconds
2025-01-10 07:45:58.382 67715 INFO tempest.lib.common.rest_client [req-25da4122-6c28-4d1d-901a-654a095545bb req-25da4122-6c28-4d1d-901a-654a095545bb ] Request (FlavorsAccessTestJSON:test_flavor_access_list_with_private_flavor): 200 POST http://10.180.1.21/compute/v2.1/flavors 1.819s
2025-01-10 07:45:58.408 67705 INFO tempest.lib.common.rest_client [req-d462e9ad-ae3a-4afa-bf01-e740634ded4f req-d462e9ad-ae3a-4afa-bf01-e740634ded4f ] Request (FlavorsV2NegativeTest:setUpClass): 201 POST http://10.180.1.21/identity/v3/users 0.148s
2025-01-10 07:45:58.461 67724 INFO tempest.lib.common.rest_client [req-04f5154d-39db-4a9e-b47b-1f5825d55b18 req-04f5154d-39db-4a9e-b47b-1f5825d55b18 ] Request (ServersTestBootFromVolume:setUpClass): 200 GET http://10.180.1.21/volume/v3/volumes/34523d13-ed90-416e-a19a-57c837136d21 0.034s
2025-01-10 07:45:58.475 67697 INFO tempest.lib.common.rest_client [req-e336fa85-e300-46fe-aa9d-c290158076b9 req-e336fa85-e300-46fe-aa9d-c290158076b9 ] Request (HypervisorAdminNegativeUnderV252Test:tearDownClass): 204 DELETE http://10.180.1.21/identity/v3/projects/edeaaa6ae2c1454b8fc64a2f19ecbce4 0.107s
2025-01-10 07:45:58.482 67713 INFO tempest.lib.common.rest_client [req-3406ad7d-3767-4461-830a-59f7d506188d req-3406ad7d-3767-4461-830a-59f7d506188d ] Request (ServicesAdminNegativeTestJSON:tearDownClass): 204 DELETE http://10.180.1.21/identity/v3/projects/90647cefd0194e27b689027c008cd52a 0.133s
2025-01-10 07:45:58.482 67713 INFO tempest.lib.common.dynamic_creds [-] Deleting project and security group for project: 548dc798a3ed45d793ba392336787105
2025-01-10 07:45:58.534 67705 INFO tempest.lib.common.rest_client [req-a28a9c48-fe11-41eb-b07b-f06ebf8dac46 req-a28a9c48-fe11-41eb-b07b-f06ebf8dac46 ] Request (FlavorsV2NegativeTest:setUpClass): 200 GET http://10.180.1.21/identity/v3/roles 0.126s
2025-01-10 07:45:58.558 67697 INFO tempest.lib.common.rest_client [req-52cc72a9-d769-49de-8d67-8cf30ab8b992 req-52cc72a9-d769-49de-8d67-8cf30ab8b992 ] Request (ServerDiagnosticsV248Test:setUpClass): 201 POST http://10.180.1.21/identity/v3/auth/tokens 0.081s
2025-01-10 07:45:58.582 67705 INFO tempest.lib.common.rest_client [req-4eb8dbd7-ef80-42d6-a2eb-4238d7a357d1 req-4eb8dbd7-ef80-42d6-a2eb-4238d7a357d1 ] Request (FlavorsV2NegativeTest:setUpClass): 204 PUT http://10.180.1.21/identity/v3/projects/b3727670db8c44fd9f941e348e0dafac/users/b3cbaaa67ce94cc7afbdc54b45b0108f/roles/302be925a5424a558353762a2b2bd209 0.047s
2025-01-10 07:45:58.582 67705 INFO tempest.lib.common.dynamic_creds [-] Dynamic test user b3cbaaa67ce94cc7afbdc54b45b0108f is created with scope project and roles: ['member']
2025-01-10 07:45:58.583 67705 INFO tempest.lib.common.dynamic_creds [-] Acquired dynamic creds: credentials: Credentials: {'domain_id': 'default', 'domain_name': 'Default', 'username': 'tempest-FlavorsV2NegativeTest-1963299599-project-member', 'project_domain_id': 'default', 'project_domain_name': 'Default', 'project_id': 'b3727670db8c44fd9f941e348e0dafac', 'project_name': 'tempest-FlavorsV2NegativeTest-1963299599', 'tenant_id': 'b3727670db8c44fd9f941e348e0dafac', 'tenant_name': 'tempest-FlavorsV2NegativeTest-1963299599', 'user_domain_id': 'default', 'user_domain_name': 'Default', 'user_id': 'b3cbaaa67ce94cc7afbdc54b45b0108f', 'system': None}, Network: None, Subnet: None, Router: None
2025-01-10 07:45:58.583 67705 INFO tempest.lib.common.dynamic_creds [-] Created isolated network resources for: credentials: Credentials: {'domain_id': 'default', 'domain_name': 'Default', 'username': 'tempest-FlavorsV2NegativeTest-1963299599-project-member', 'project_domain_id': 'default', 'project_domain_name': 'Default', 'project_id': 'b3727670db8c44fd9f941e348e0dafac', 'project_name': 'tempest-FlavorsV2NegativeTest-1963299599', 'tenant_id': 'b3727670db8c44fd9f941e348e0dafac', 'tenant_name': 'tempest-FlavorsV2NegativeTest-1963299599', 'user_domain_id': 'default', 'user_domain_name': 'Default', 'user_id': 'b3cbaaa67ce94cc7afbdc54b45b0108f', 'system': None}, Network: None, Subnet: None, Router: None
2025-01-10 07:45:58.590 67721 INFO tempest.lib.common.rest_client [req-b20db016-4fc1-4171-aa92-27fac20184b6 req-b20db016-4fc1-4171-aa92-27fac20184b6 ] Request (QuotasAdminTestJSON:_run_cleanups): 204 DELETE http://10.180.1.21/identity/v3/projects/cda6e8a9a9a14f9aba1b229a8bfb99f4 0.221s
2025-01-10 07:45:58.633 67697 INFO tempest.lib.common.rest_client [req-a23648f9-a86c-42ed-a12a-a62c5f407a15 req-a23648f9-a86c-42ed-a12a-a62c5f407a15 ] Request (ServerDiagnosticsV248Test:setUpClass): 201 POST http://10.180.1.21/identity/v3/auth/tokens 0.072s
2025-01-10 07:45:58.644 67703 INFO tempest.lib.common.rest_client [req-e2420d55-657e-4af1-b326-45e271f1349b req-e2420d55-657e-4af1-b326-45e271f1349b ] Request (ImagesOneServerTestJSON:setUpClass): 200 GET http://10.180.1.21/compute/v2.1/servers/0f9a525c-09b9-483e-b418-fea6e6e5dc4a 1.978s
2025-01-10 07:45:58.656 67697 INFO tempest.lib.common.rest_client [req-b2761483-8dd0-4de5-b327-9c170d6672b4 req-b2761483-8dd0-4de5-b327-9c170d6672b4 ] Request (ServerDiagnosticsV248Test:setUpClass): 200 GET http://10.180.1.21/identity/v3/domains?name=Default 0.022s
2025-01-10 07:45:58.656 67705 INFO tempest.lib.common.rest_client [req-22a76f73-c04c-4706-a38f-aebedd4c54db req-22a76f73-c04c-4706-a38f-aebedd4c54db ] Request (FlavorsV2NegativeTest:setUpClass): 201 POST http://10.180.1.21/identity/v3/auth/tokens 0.069s
2025-01-10 07:45:58.658 67699 INFO tempest.lib.common.rest_client [req-2142b875-8a4e-4f71-9c42-45768958f9cf req-2142b875-8a4e-4f71-9c42-45768958f9cf ] Request (FlavorsAdminTestJSON:test_create_flavor_with_int_id): 200 POST http://10.180.1.21/compute/v2.1/flavors 1.917s
2025-01-10 07:45:58.673 67687 INFO tempest.lib.common.rest_client [req-1c3872a9-48c0-416a-abe1-7ec8047351e8 req-1c3872a9-48c0-416a-abe1-7ec8047351e8 ] Request (HostsAdminNegativeTestJSON:test_startup_nonexistent_host): 404 GET http://10.180.1.21/compute/v2.1/os-hosts/nonexistent_hostname/startup 1.929s
2025-01-10 07:45:58.685 67697 INFO tempest.lib.common.rest_client [req-f674d13c-3331-4986-9ee3-a0deb5fc02f3 req-f674d13c-3331-4986-9ee3-a0deb5fc02f3 ] Request (ServerDiagnosticsV248Test:setUpClass): 201 POST http://10.180.1.21/identity/v3/projects 0.028s
2025-01-10 07:45:58.702 67713 INFO tempest.lib.common.rest_client [req-af6c851b-c122-4537-bfe5-643bfdaf40b1 req-af6c851b-c122-4537-bfe5-643bfdaf40b1 ] Request (ServicesAdminNegativeTestJSON:tearDownClass): 200 GET http://10.180.1.21:9696/networking/v2.0/security-groups?tenant_id=548dc798a3ed45d793ba392336787105&name=default 0.220s
2025-01-10 07:45:58.757 67726 INFO tempest.lib.common.rest_client [req-27f01922-02f0-4292-9a0d-fc18a07c3fae req-27f01922-02f0-4292-9a0d-fc18a07c3fae ] Request (MigrationsAdminTest:test_list_migrations_in_flavor_resize_situation): 200 GET http://10.180.1.21/compute/v2.1/servers/0676806b-c1f0-4c1a-a12d-add2edf1588f 1.982s
2025-01-10 07:45:58.763 67697 INFO tempest.lib.common.rest_client [req-6d4aeb1f-b6da-43ca-ac8d-d5b009d5f532 req-6d4aeb1f-b6da-43ca-ac8d-d5b009d5f532 ] Request (ServerDiagnosticsV248Test:setUpClass): 201 POST http://10.180.1.21/identity/v3/users 0.078s
2025-01-10 07:45:58.788 67697 INFO tempest.lib.common.rest_client [req-ea5cb529-9c10-4db4-972f-00d301508d54 req-ea5cb529-9c10-4db4-972f-00d301508d54 ] Request (ServerDiagnosticsV248Test:setUpClass): 200 GET http://10.180.1.21/identity/v3/roles 0.024s
2025-01-10 07:45:58.824 67697 INFO tempest.lib.common.rest_client [req-a174bf73-2a43-4a46-bb33-8d21f6f79c0c req-a174bf73-2a43-4a46-bb33-8d21f6f79c0c ] Request (ServerDiagnosticsV248Test:setUpClass): 204 PUT http://10.180.1.21/identity/v3/projects/754714aa35f1458b8ab43d5d1510c711/users/9efd9e49dd44424a8b9bb68114618358/roles/302be925a5424a558353762a2b2bd209 0.035s
2025-01-10 07:45:58.824 67697 INFO tempest.lib.common.dynamic_creds [-] Dynamic test user 9efd9e49dd44424a8b9bb68114618358 is created with scope project and roles: ['member']
2025-01-10 07:45:58.824 67697 INFO tempest.lib.common.dynamic_creds [-] Acquired dynamic creds: credentials: Credentials: {'domain_id': 'default', 'domain_name': 'Default', 'username': 'tempest-ServerDiagnosticsV248Test-298832208-project-member', 'project_domain_id': 'default', 'project_domain_name': 'Default', 'project_id': '754714aa35f1458b8ab43d5d1510c711', 'project_name': 'tempest-ServerDiagnosticsV248Test-298832208', 'tenant_id': '754714aa35f1458b8ab43d5d1510c711', 'tenant_name': 'tempest-ServerDiagnosticsV248Test-298832208', 'user_domain_id': 'default', 'user_domain_name': 'Default', 'user_id': '9efd9e49dd44424a8b9bb68114618358', 'system': None}, Network: None, Subnet: None, Router: None
2025-01-10 07:45:58.824 67697 INFO tempest.lib.common.dynamic_creds [-] Created isolated network resources for: credentials: Credentials: {'domain_id': 'default', 'domain_name': 'Default', 'username': 'tempest-ServerDiagnosticsV248Test-298832208-project-member', 'project_domain_id': 'default', 'project_domain_name': 'Default', 'project_id': '754714aa35f1458b8ab43d5d1510c711', 'project_name': 'tempest-ServerDiagnosticsV248Test-298832208', 'tenant_id': '754714aa35f1458b8ab43d5d1510c711', 'tenant_name': 'tempest-ServerDiagnosticsV248Test-298832208', 'user_domain_id': 'default', 'user_domain_name': 'Default', 'user_id': '9efd9e49dd44424a8b9bb68114618358', 'system': None}, Network: None, Subnet: None, Router: None
2025-01-10 07:45:58.837 67701 INFO tempest.lib.common.rest_client [req-7c689aca-c62e-4c18-b2eb-fa9ce4fd3f4a req-7c689aca-c62e-4c18-b2eb-fa9ce4fd3f4a ] Request (ServerPasswordTestJSON:setUpClass): 200 GET http://10.180.1.21/compute/v2.1/servers/91869c00-edd0-40a8-84df-d8842d750558 1.981s
2025-01-10 07:45:58.879 67713 INFO tempest.lib.common.rest_client [req-a95757a4-6c53-4306-9a1f-b1962bbcf970 req-a95757a4-6c53-4306-9a1f-b1962bbcf970 ] Request (ServicesAdminNegativeTestJSON:tearDownClass): 204 DELETE http://10.180.1.21:9696/networking/v2.0/security-groups/6337de05-31c5-4ebb-9fb6-cbe04291f16c 0.176s
