2025-01-10 07:46:25.641 67738 INFO tempest.lib.common.rest_client [req-8b062ab2-3e49-4084-8911-fa8130f66511 req-8b062ab2-3e49-4084-8911-fa8130f66511 ] Request (QuotasAdminTestV257:test_get_updated_quotas): 200 GET http://10.180.1.21/identity/v3/domains?name=Default 0.023s
2025-01-10 07:46:25.696 67740 INFO tempest.lib.common.rest_client [req-927ed360-5014-4559-9196-8b556e7e84f6 req-927ed360-5014-4559-9196-8b556e7e84f6 ] Request (InstanceActionsTestJSON:setUpClass): 201 POST http://10.180.1.21:9696/networking/v2.0/networks 0.521s
2025-01-10 07:46:25.733 67707 INFO tempest.lib.common.rest_client [req-0da94f93-4dba-49ca-be90-7dc0e5e0166f req-0da94f93-4dba-49ca-be90-7dc0e5e0166f ] Request (ImagesDeleteNegativeTestJSON:setUpClass): 201 POST http://10.180.1.21/identity/v3/users 0.093s
2025-01-10 07:46:25.759 67726 INFO tempest.lib.common.rest_client [req-e2de3621-ad73-4673-9027-7ec93bad2efd req-e2de3621-ad73-4673-9027-7ec93bad2efd ] Request (MigrationsAdminTest:test_list_migrations_in_flavor_resize_situation): 200 GET http://10.180.1.21/compute/v2.1/servers/0676806b-c1f0-4c1a-a12d-add2edf1588f 1.533s
2025-01-10 07:46:25.764 67707 INFO tempest.lib.common.rest_client [req-14279ac0-aa95-4610-ac93-051c2f867636 req-14279ac0-aa95-4610-ac93-051c2f867636 ] Request (ImagesDeleteNegativeTestJSON:setUpClass): 200 GET http://10.180.1.21/identity/v3/roles 0.030s
2025-01-10 07:46:25.820 67707 INFO tempest.lib.common.rest_client [req-fb5dd0e5-50a6-434b-acc0-27e3a85a824e req-fb5dd0e5-50a6-434b-acc0-27e3a85a824e ] Request (ImagesDeleteNegativeTestJSON:setUpClass): 204 PUT http://10.180.1.21/identity/v3/projects/afe6275de87a4053acc0a5a2c659c87b/users/cf0b7148370b4c8092a3b9a9ca5ded5b/roles/302be925a5424a558353762a2b2bd209 0.055s
2025-01-10 07:46:25.820 67707 INFO tempest.lib.common.dynamic_creds [-] Dynamic test user cf0b7148370b4c8092a3b9a9ca5ded5b is created with scope project and roles: ['member']
2025-01-10 07:46:25.820 67707 INFO tempest.lib.common.dynamic_creds [-] Acquired dynamic creds: credentials: Credentials: {'domain_id': 'default', 'domain_name': 'Default', 'username': 'tempest-ImagesDeleteNegativeTestJSON-1042043578-project-member', 'project_domain_id': 'default', 'project_domain_name': 'Default', 'project_id': 'afe6275de87a4053acc0a5a2c659c87b', 'project_name': 'tempest-ImagesDeleteNegativeTestJSON-1042043578', 'tenant_id': 'afe6275de87a4053acc0a5a2c659c87b', 'tenant_name': 'tempest-ImagesDeleteNegativeTestJSON-1042043578', 'user_domain_id': 'default', 'user_domain_name': 'Default', 'user_id': 'cf0b7148370b4c8092a3b9a9ca5ded5b', 'system': None}, Network: None, Subnet: None, Router: None
2025-01-10 07:46:25.820 67707 INFO tempest.lib.common.dynamic_creds [-] Created isolated network resources for: credentials: Credentials: {'domain_id': 'default', 'domain_name': 'Default', 'username': 'tempest-ImagesDeleteNegativeTestJSON-1042043578-project-member', 'project_domain_id': 'default', 'project_domain_name': 'Default', 'project_id': 'afe6275de87a4053acc0a5a2c659c87b', 'project_name': 'tempest-ImagesDeleteNegativeTestJSON-1042043578', 'tenant_id': 'afe6275de87a4053acc0a5a2c659c87b', 'tenant_name': 'tempest-ImagesDeleteNegativeTestJSON-1042043578', 'user_domain_id': 'default', 'user_domain_name': 'Default', 'user_id': 'cf0b7148370b4c8092a3b9a9ca5ded5b', 'system': None}, Network: None, Subnet: None, Router: None
2025-01-10 07:46:25.887 67701 INFO tempest.lib.common.rest_client [req-fdf19c3d-92ef-4740-a93e-9039c68031cf req-fdf19c3d-92ef-4740-a93e-9039c68031cf ] Request (ServerPasswordTestJSON:tearDownClass): 200 GET http://10.180.1.21/compute/v2.1/servers/91869c00-edd0-40a8-84df-d8842d750558 1.291s
2025-01-10 07:46:25.893 67701 INFO tempest.common.waiters [-] State transition "ACTIVE/deleting" ==> "DELETED/None" after 2 second wait
2025-01-10 07:46:25.941 67707 INFO tempest.lib.common.rest_client [req-07bd15fe-ed25-4f9b-92ca-e6db7d08579b req-07bd15fe-ed25-4f9b-92ca-e6db7d08579b ] Request (ImagesDeleteNegativeTestJSON:setUpClass): 201 POST http://10.180.1.21/identity/v3/auth/tokens 0.118s
2025-01-10 07:46:25.972 67689 INFO tempest.lib.common.rest_client [req-1448a586-abf0-4576-b33a-a98488887e4a req-1448a586-abf0-4576-b33a-a98488887e4a ] Request (TenantUsagesTestJSON:tearDownClass): 200 GET http://10.180.1.21/compute/v2.1/servers/c1580c72-9345-436e-b4f7-56d319248864 1.336s
2025-01-10 07:46:25.988 67717 INFO tempest.lib.common.rest_client [req-861bcd50-a4b9-4907-abb8-8241bf69e089 req-861bcd50-a4b9-4907-abb8-8241bf69e089 ] Request (ServersAdminNegativeTestJSON:test_migrate_server_invalid_state): 202 POST http://10.180.1.21/compute/v2.1/servers 1.546s
2025-01-10 07:46:25.988 67689 INFO tempest.common.waiters [-] State transition "ACTIVE/deleting" ==> "DELETED/None" after 4 second wait
2025-01-10 07:46:25.992 67685 INFO tempest.lib.common.rest_client [req-d60c2f64-2d48-41dc-9c04-387b67510261 req-d60c2f64-2d48-41dc-9c04-387b67510261 ] Request (FlavorsAccessNegativeTestJSON:_run_cleanups): 200 GET http://10.180.1.21/compute/v2.1/flavors/detail 1.337s
2025-01-10 07:46:26.000 67715 INFO tempest.lib.common.rest_client [req-ec0c9b24-0e67-4b37-8340-e3e962d0d3af req-ec0c9b24-0e67-4b37-8340-e3e962d0d3af ] Request (HypervisorAdminNegativeTestJSON:test_get_nonexistent_hypervisor_uptime): 404 GET http://10.180.1.21/compute/v2.1/os-hypervisors/40c31df9-1a98-413b-a04d-605ca2340398/uptime 1.265s
2025-01-10 07:46:26.019 67699 INFO tempest.lib.common.rest_client [req-599c8367-2d58-4720-bdf5-191ead15d88f req-599c8367-2d58-4720-bdf5-191ead15d88f ] Request (FlavorsAdminTestJSON:_run_cleanups): 200 GET http://10.180.1.21/compute/v2.1/flavors/detail 1.268s
2025-01-10 07:46:26.101 67724 INFO tempest.lib.common.rest_client [req-f5748b74-c66e-4817-8947-0140d09bc969 req-f5748b74-c66e-4817-8947-0140d09bc969 ] Request (ServersTestBootFromVolume:setUpClass): 200 GET http://10.180.1.21/compute/v2.1/servers/5bc73032-45f9-4b5c-a4ea-e07c48e4f82b 1.031s
2025-01-10 07:46:26.126 67730 INFO tempest.lib.common.rest_client [req-c97135bb-6a1f-4902-88c9-21b7dc32281e req-c97135bb-6a1f-4902-88c9-21b7dc32281e ] Request (ServerGroupTestJSON:test_create_delete_server_group_with_anti_affinity_policy): 200 GET http://10.180.1.21/compute/v2.1/os-server-groups 0.942s
2025-01-10 07:46:26.181 67685 INFO tempest.lib.common.rest_client [req-cdc8ad2b-28c8-4de9-a48f-b987e1521861 req-cdc8ad2b-28c8-4de9-a48f-b987e1521861 ] Request (FlavorsAccessNegativeTestJSON:tearDownClass): 204 DELETE http://10.180.1.21/identity/v3/users/d46516aad010472c83400a22248ec55e 0.175s
2025-01-10 07:46:26.218 67730 INFO tempest.lib.common.rest_client [req-29e036ee-bec1-44d5-ae33-cbb2aa338abb req-29e036ee-bec1-44d5-ae33-cbb2aa338abb ] Request (ServerGroupTestJSON:test_create_server_with_scheduler_hint_group): 201 POST http://10.180.1.21/identity/v3/auth/tokens 0.077s
2025-01-10 07:46:26.218 67730 INFO tempest.lib.common.fixed_network [-] (ServerGroupTestJSON:test_create_server_with_scheduler_hint_group) Found network {'id': '69e30a6f-44ce-4db9-8a6c-6fe6a85d2f08', 'name': 'tempest-ServerGroupTestJSON-359372498-network', 'tenant_id': '53e7a6c764124be0993623bea3a56561', 'admin_state_up': True, 'mtu': 8950, 'status': 'ACTIVE', 'subnets': [], 'shared': False, 'project_id': '53e7a6c764124be0993623bea3a56561', 'port_security_enabled': True, 'router:external': False, 'provider:network_type': 'vlan', 'provider:physical_network': 'default', 'provider:segmentation_id': 672, 'availability_zone_hints': [], 'availability_zones': [], 'ipv4_address_scope': None, 'ipv6_address_scope': None, 'description': '', 'tags': [], 'created_at': '2025-01-10T07:45:56Z', 'updated_at': '2025-01-10T07:45:56Z', 'revision_number': 1} available for tenant
2025-01-10 07:46:26.221 67740 INFO tempest.lib.common.rest_client [req-c035711d-2cb8-4120-a5f6-913a4af4aa58 req-c035711d-2cb8-4120-a5f6-913a4af4aa58 ] Request (InstanceActionsTestJSON:setUpClass): 201 POST http://10.180.1.21:9696/networking/v2.0/subnets 0.523s
2025-01-10 07:46:26.224 67719 INFO tempest.lib.common.rest_client [req-f9f3facd-34ff-4e40-b1c7-4316e11cc111 req-f9f3facd-34ff-4e40-b1c7-4316e11cc111 ] Request (DeleteServersAdminTestJSON:test_admin_delete_servers_of_others): 200 GET http://10.180.1.21/compute/v2.1/servers/4cbcfa1a-c034-4de7-ad25-4ad22316067e 1.022s
2025-01-10 07:46:26.311 67709 INFO tempest.lib.common.rest_client [req-d9443b7b-222e-4f47-b736-c65eace74385 req-d9443b7b-222e-4f47-b736-c65eace74385 ] Request (FloatingIPsAssociationTestJSON:setUpClass): 200 GET http://10.180.1.21/compute/v2.1/servers/6b1f0e69-3915-40dc-b4ec-93ab174f12b6 1.633s
2025-01-10 07:46:26.323 67685 INFO tempest.lib.common.rest_client [req-b0a4af8e-9783-4a66-8e3e-82e83cadf440 req-b0a4af8e-9783-4a66-8e3e-82e83cadf440 ] Request (FlavorsAccessNegativeTestJSON:tearDownClass): 204 DELETE http://10.180.1.21/identity/v3/users/fb31460fd6374c6ebc1f72abe8c221be 0.142s
2025-01-10 07:46:26.323 67709 INFO tempest.common.waiters [-] State transition "BUILD/block_device_mapping" ==> "BUILD/spawning" after 17 second wait
2025-01-10 07:46:26.451 67728 INFO tempest.lib.common.rest_client [req-1dfb6b8e-157e-4f2a-b50a-2778add39fd3 req-1dfb6b8e-157e-4f2a-b50a-2778add39fd3 ] Request (VolumesAssistedSnapshotsTest:test_volume_assisted_snapshot_create_delete): 200 GET http://10.180.1.21/compute/v2.1/servers/d532b5fa-90a3-4f25-8684-4eabaa432c86 1.217s
2025-01-10 07:46:26.488 67685 INFO tempest.lib.common.rest_client [req-441ece50-4dd8-48d5-bb47-42c9460945f5 req-441ece50-4dd8-48d5-bb47-42c9460945f5 ] Request (FlavorsAccessNegativeTestJSON:tearDownClass): 204 DELETE http://10.180.1.21/identity/v3/users/396eb0569f1e442f89f44680b33fe7ce 0.164s
2025-01-10 07:46:26.489 67685 INFO tempest.lib.common.dynamic_creds [-] Deleting project and security group for project: 9fe95e890e944ced8f36ae3b68f6ad6f
2025-01-10 07:46:26.500 67703 INFO tempest.lib.common.rest_client [req-3546c7f9-7f30-439b-99ee-bfd6c0be6f72 req-3546c7f9-7f30-439b-99ee-bfd6c0be6f72 ] Request (ImagesOneServerTestJSON:test_create_delete_image): 200 GET http://10.180.1.21/compute/v2.1/images/a24e3d0e-c7d5-4604-9590-4de2389d27ca 1.230s
2025-01-10 07:46:26.580 67711 INFO tempest.lib.common.rest_client [req-bdb6ebfb-bf76-478d-8e1f-b0505bae487d req-bdb6ebfb-bf76-478d-8e1f-b0505bae487d ] Request (ImagesNegativeTestJSON:test_create_image_from_deleted_server): 200 GET http://10.180.1.21/compute/v2.1/servers/a4767855-0c1d-48c8-98cc-6532ff140b5c 1.204s
2025-01-10 07:46:26.581 67685 INFO tempest.lib.common.rest_client [req-1b0a82dd-bb35-4cdb-9147-840f82bcb25a req-1b0a82dd-bb35-4cdb-9147-840f82bcb25a ] Request (FlavorsAccessNegativeTestJSON:tearDownClass): 201 POST http://10.180.1.21/identity/v3/auth/tokens 0.091s
2025-01-10 07:46:26.596 67705 INFO tempest.lib.common.rest_client [req-bf46770a-b21d-4b06-b6f5-e0a39812542a req-bf46770a-b21d-4b06-b6f5-e0a39812542a ] Request (ListImageFiltersTestJSON:setUpClass): 202 POST http://10.180.1.21/compute/v2.1/servers 1.358s
2025-01-10 07:46:26.670 67695 INFO tempest.lib.common.rest_client [req-ec888772-52a2-4546-9af0-211338ade497 req-ec888772-52a2-4546-9af0-211338ade497 ] Request (ServersTestJSON:setUpClass): 200 PUT http://10.180.1.21:9696/networking/v2.0/routers/276ba62e-acb6-4329-b652-6c5f72f6237c/add_router_interface 2.453s
2025-01-10 07:46:26.670 67695 INFO tempest.lib.common.dynamic_creds [-] Created isolated network resources for: credentials: Credentials: {'domain_id': 'default', 'domain_name': 'Default', 'username': 'tempest-ServersTestJSON-1246500318-project-member', 'project_domain_id': 'default', 'project_domain_name': 'Default', 'project_id': '41ab694b1d944a9fb8206fa6e4461e78', 'project_name': 'tempest-ServersTestJSON-1246500318', 'tenant_id': '41ab694b1d944a9fb8206fa6e4461e78', 'tenant_name': 'tempest-ServersTestJSON-1246500318', 'user_domain_id': 'default', 'user_domain_name': 'Default', 'user_id': '216bd380a88d46debded7e1a6b59734c', 'system': None}, Network: {'id': '09056ab7-a8ec-4de0-bd66-9437b6d91612', 'name': 'tempest-ServersTestJSON-198717452-network', 'tenant_id': '41ab694b1d944a9fb8206fa6e4461e78', 'admin_state_up': True, 'mtu': 8950, 'status': 'ACTIVE', 'subnets': [], 'shared': False, 'project_id': '41ab694b1d944a9fb8206fa6e4461e78', 'port_security_enabled': True, 'router:external': False, 'provider:network_type': 'vlan', 'provider:physical_network': 'default', 'provider:segmentation_id': 16, 'availability_zone_hints': [], 'availability_zones': [], 'ipv4_address_scope': None, 'ipv6_address_scope': None, 'description': '', 'tags': [], 'created_at': '2025-01-10T07:46:19Z', 'updated_at': '2025-01-10T07:46:19Z', 'revision_number': 1}, Subnet: {'id': '7508ce21-5da7-4dc7-a835-a1b063c28d31', 'name': 'tempest-ServersTestJSON-198717452-subnet', 'tenant_id': '41ab694b1d944a9fb8206fa6e4461e78', 'network_id': '09056ab7-a8ec-4de0-bd66-9437b6d91612', 'ip_version': 4, 'subnetpool_id': None, 'enable_dhcp': True, 'ipv6_ra_mode': None, 'ipv6_address_mode': None, 'gateway_ip': '192.168.128.1', 'cidr': '192.168.128.0/28', 'allocation_pools': [{'start': '192.168.128.2', 'end': '192.168.128.14'}], 'host_routes': [], 'dns_nameservers': [], 'description': '', 'router:external': False, 'service_types': [], 'tags': [], 'created_at': '2025-01-10T07:46:20Z', 'updated_at': '2025-01-10T07:46:20Z', 'revision_number': 0, 'project_id': '41ab694b1d944a9fb8206fa6e4461e78'}, Router: {'id': '276ba62e-acb6-4329-b652-6c5f72f6237c', 'name': 'tempest-ServersTestJSON-198717452-router', 'tenant_id': '41ab694b1d944a9fb8206fa6e4461e78', 'admin_state_up': True, 'status': 'ACTIVE', 'external_gateway_info': {'network_id': '67633e74-9459-44cc-a124-11a2b0fddc5e', 'external_fixed_ips': [{'subnet_id': 'dbd3c992-fc8b-47c3-a1e0-83ad000ffba2', 'ip_address': '10.180.180.243'}], 'enable_snat': True}, 'description': '', 'availability_zones': [], 'distributed': False, 'ha': False, 'availability_zone_hints': [], 'routes': [], 'flavor_id': None, 'tags': [], 'created_at': '2025-01-10T07:46:20Z', 'updated_at': '2025-01-10T07:46:22Z', 'revision_number': 2, 'project_id': '41ab694b1d944a9fb8206fa6e4461e78'}
2025-01-10 07:46:26.745 67695 INFO tempest.lib.common.rest_client [req-ffbaecfb-d1ac-4126-b1d6-e05026e2e1f8 req-ffbaecfb-d1ac-4126-b1d6-e05026e2e1f8 ] Request (ServersTestJSON:setUpClass): 201 POST http://10.180.1.21/identity/v3/auth/tokens 0.071s
2025-01-10 07:46:26.840 67681 INFO tempest.lib.common.rest_client [req-a4da3412-9246-437c-af63-7458228b76e6 req-a4da3412-9246-437c-af63-7458228b76e6 ] Request (AttachInterfacesV270Test:test_create_get_list_interfaces): 200 GET http://10.180.1.21/compute/v2.1/servers/43d28811-26e4-4016-9f82-98349d4a05b7 1.353s
2025-01-10 07:46:26.856 67681 INFO tempest.common.waiters [-] State transition "BUILD/None" ==> "BUILD/spawning" after 15 second wait
2025-01-10 07:46:26.917 67679 INFO tempest.lib.common.rest_client [req-188345db-729b-4c70-ae60-8121eeb485c7 req-188345db-729b-4c70-ae60-8121eeb485c7 ] Request (ServersWithSpecificFlavorTestJSON:test_verify_created_server_ephemeral_disk): 200 GET http://10.180.1.21/compute/v2.1/servers/73f27fc0-ebae-41c7-b292-14396f79a5a2 1.426s
2025-01-10 07:46:26.925 67691 INFO tempest.lib.common.rest_client [req-f1c63a07-1cbd-4196-a0b5-afd0b6e4a1df req-f1c63a07-1cbd-4196-a0b5-afd0b6e4a1df ] Request (AggregatesAdminNegativeTestJSON:test_aggregate_get_details_as_user): 403 GET http://10.180.1.21/compute/v2.1/os-aggregates/6 1.382s
2025-01-10 07:46:26.962 67685 INFO tempest.lib.common.rest_client [req-457ecc63-70f0-4dee-9109-1f5786298bbb req-457ecc63-70f0-4dee-9109-1f5786298bbb ] Request (FlavorsAccessNegativeTestJSON:tearDownClass): 200 GET http://10.180.1.21:9696/networking/v2.0/security-groups?tenant_id=9fe95e890e944ced8f36ae3b68f6ad6f&name=default 0.381s
2025-01-10 07:46:27.097 67713 INFO tempest.lib.common.rest_client [req-4917d141-84bb-4ea9-8e61-302619c36323 req-4917d141-84bb-4ea9-8e61-302619c36323 ] Request (AttachInterfacesTestJSON:test_create_list_show_delete_interfaces_by_fixed_ip): 202 POST http://10.180.1.21/compute/v2.1/servers 1.649s
2025-01-10 07:46:27.162 67693 INFO tempest.lib.common.rest_client [req-88fc947b-9b93-4bdc-947e-3e34d00fbd3f req-88fc947b-9b93-4bdc-947e-3e34d00fbd3f ] Request (FloatingIPsAssociationNegativeTestJSON:setUpClass): 200 GET http://10.180.1.21/compute/v2.1/servers/17d30180-9770-4329-a6d8-757a93514a96 1.547s
2025-01-10 07:46:27.169 67685 INFO tempest.lib.common.rest_client [req-d23b58ef-af56-4358-a02d-b7e3c50f1b2c req-d23b58ef-af56-4358-a02d-b7e3c50f1b2c ] Request (FlavorsAccessNegativeTestJSON:tearDownClass): 204 DELETE http://10.180.1.21:9696/networking/v2.0/security-groups/ce5c0051-3ccd-486f-81a6-b1546d3f3520 0.207s
2025-01-10 07:46:27.217 67687 INFO tempest.lib.common.rest_client [req-3fcf464f-2213-4636-aa57-052576c0bb74 req-3fcf464f-2213-4636-aa57-052576c0bb74 ] Request (ServerDiagnosticsTest:test_get_server_diagnostics): 200 GET http://10.180.1.21/compute/v2.1/servers/aec16a15-5d75-4ea6-800b-1bf67f762d89 1.590s
2025-01-10 07:46:27.255 67685 INFO tempest.lib.common.rest_client [req-192dafc4-cea9-4b19-9020-afd2189c7dd8 req-192dafc4-cea9-4b19-9020-afd2189c7dd8 ] Request (FlavorsAccessNegativeTestJSON:tearDownClass): 204 DELETE http://10.180.1.21/identity/v3/projects/9fe95e890e944ced8f36ae3b68f6ad6f 0.085s
2025-01-10 07:46:27.255 67685 INFO tempest.lib.common.dynamic_creds [-] Deleting project and security group for project: aa0304484d314d7c8dd0710356bf8924
2025-01-10 07:46:27.454 67738 INFO tempest.lib.common.rest_client [req-8c680bb9-9b65-41be-a848-ebb5e8b741a7 req-8c680bb9-9b65-41be-a848-ebb5e8b741a7 ] Request (QuotasAdminTestV257:test_get_updated_quotas): 200 PUT http://10.180.1.21/compute/v2.1/os-quota-sets/d5dcf295e97d49158258f4ba82f09a09?user_id=5b45e8e6441e4e8e9a310362849bc71e 1.812s
2025-01-10 07:46:27.466 67685 INFO tempest.lib.common.rest_client [req-2d349169-0f18-4da6-a362-ef8d75155dcf req-2d349169-0f18-4da6-a362-ef8d75155dcf ] Request (FlavorsAccessNegativeTestJSON:tearDownClass): 200 GET http://10.180.1.21:9696/networking/v2.0/security-groups?tenant_id=aa0304484d314d7c8dd0710356bf8924&name=default 0.209s
2025-01-10 07:46:27.510 67732 INFO tempest.lib.common.rest_client [req-761d0690-5ca6-479e-9419-f20176b8499b req-761d0690-5ca6-479e-9419-f20176b8499b ] Request (ServersAdminTestJSON:setUpClass): 200 GET http://10.180.1.21/compute/v2.1/servers/06751c34-0724-44ba-a263-ad27fcf2920f 1.810s
2025-01-10 07:46:27.573 67734 INFO tempest.lib.common.rest_client [req-2917e224-54ed-4855-85d6-bc32bd2bec0a req-2917e224-54ed-4855-85d6-bc32bd2bec0a ] Request (AttachInterfacesUnderV243Test:test_add_remove_fixed_ip): 200 GET http://10.180.1.21/compute/v2.1/servers/0dbd52ac-c987-4728-974e-73e99465c5e7 1.839s
2025-01-10 07:46:27.600 67685 INFO tempest.lib.common.rest_client [req-5935a24f-34bc-498f-a169-0d6ddb1358fe req-5935a24f-34bc-498f-a169-0d6ddb1358fe ] Request (FlavorsAccessNegativeTestJSON:tearDownClass): 204 DELETE http://10.180.1.21:9696/networking/v2.0/security-groups/a02bdaf5-5d1a-4eeb-a119-cd65050253b7 0.133s
2025-01-10 07:46:27.654 67721 INFO tempest.lib.common.rest_client [req-966706f1-714f-40ed-8234-6ac1b439ea4a req-966706f1-714f-40ed-8234-6ac1b439ea4a ] Request (FloatingIPDetailsTestJSON:setUpClass): 200 POST http://10.180.1.21/compute/v2.1/os-floating-ips 2.087s
2025-01-10 07:46:27.654 67707 INFO tempest.lib.common.rest_client [req-95b882be-01f6-4cdb-8b82-28c2efcd5b61 req-95b882be-01f6-4cdb-8b82-28c2efcd5b61 ] Request (ImagesDeleteNegativeTestJSON:test_delete_image_blank_id): 404 DELETE http://10.180.1.21/compute/v2.1/images/ 1.711s
2025-01-10 07:46:27.668 67740 INFO tempest.lib.common.rest_client [req-31ee9a2d-911b-4a91-b4c8-0693994a68a7 req-31ee9a2d-911b-4a91-b4c8-0693994a68a7 ] Request (InstanceActionsTestJSON:setUpClass): 201 POST http://10.180.1.21:9696/networking/v2.0/routers 1.446s
2025-01-10 07:46:27.681 67715 INFO tempest.lib.common.rest_client [req-ca81da3a-f5c2-44bf-a818-18c635105250 req-ca81da3a-f5c2-44bf-a818-18c635105250 ] Request (HypervisorAdminNegativeTestJSON:test_show_hypervisor_with_non_admin_user): 200 GET http://10.180.1.21/compute/v2.1/os-hypervisors 1.680s
2025-01-10 07:46:27.711 67699 INFO tempest.lib.common.rest_client [req-7857692f-dfb0-4846-926d-fa3823e7d899 req-7857692f-dfb0-4846-926d-fa3823e7d899 ] Request (FlavorsAdminTestJSON:test_is_public_string_variations): 200 POST http://10.180.1.21/compute/v2.1/flavors 1.687s
2025-01-10 07:46:27.732 67717 INFO tempest.lib.common.rest_client [req-fe47b1d9-4319-4523-a0b1-74228a4c1efd req-fe47b1d9-4319-4523-a0b1-74228a4c1efd ] Request (ServersAdminNegativeTestJSON:test_migrate_server_invalid_state): 200 GET http://10.180.1.21/compute/v2.1/servers/ca22ca59-1b60-46f0-ae83-03ed4002fa0d 1.742s
2025-01-10 07:46:27.755 67685 INFO tempest.lib.common.rest_client [req-1e6b2919-9080-495b-bd85-21f237392fee req-1e6b2919-9080-495b-bd85-21f237392fee ] Request (FlavorsAccessNegativeTestJSON:tearDownClass): 204 DELETE http://10.180.1.21/identity/v3/projects/aa0304484d314d7c8dd0710356bf8924 0.154s
2025-01-10 07:46:27.755 67685 INFO tempest.lib.common.dynamic_creds [-] Deleting project and security group for project: b423bf11c00d432d8326b8507b65a94d
2025-01-10 07:46:27.833 67683 INFO tempest.lib.common.rest_client [req-074883bd-22b7-4878-b5d4-e30aa634d9e8 req-074883bd-22b7-4878-b5d4-e30aa634d9e8 ] Request (ServerDiagnosticsNegativeTest:tearDownClass): 200 GET http://10.180.1.21/compute/v2.1/servers/e4528a29-163d-4f5e-9497-6e6b90b290ba 1.470s
2025-01-10 07:46:27.880 67677 INFO tempest.lib.common.rest_client [req-76d4edf5-7fe3-4107-8caa-6b2c39caed42 req-76d4edf5-7fe3-4107-8caa-6b2c39caed42 ] Request (ImagesTestJSON:test_create_image_from_stopped_server): 200 GET http://10.180.1.21/compute/v2.1/images/cb72481b-e414-4c6f-a209-0ec1dbe35df0 1.377s
2025-01-10 07:46:27.912 67703 INFO tempest.lib.common.rest_client [req-10d54600-1425-475c-bd2c-c56af8e22082 req-10d54600-1425-475c-bd2c-c56af8e22082 ] Request (ImagesOneServerTestJSON:test_create_delete_image): 200 GET http://10.180.1.21/compute/v2.1/images/a24e3d0e-c7d5-4604-9590-4de2389d27ca 1.409s
2025-01-10 07:46:27.956 67685 INFO tempest.lib.common.rest_client [req-2a1088a4-1134-47a2-ac13-4154241bdb29 req-2a1088a4-1134-47a2-ac13-4154241bdb29 ] Request (FlavorsAccessNegativeTestJSON:tearDownClass): 200 GET http://10.180.1.21:9696/networking/v2.0/security-groups?tenant_id=b423bf11c00d432d8326b8507b65a94d&name=default 0.200s
2025-01-10 07:46:28.011 67705 INFO tempest.lib.common.rest_client [req-3286a052-b0d5-4f20-a30e-2380567fef06 req-3286a052-b0d5-4f20-a30e-2380567fef06 ] Request (ListImageFiltersTestJSON:setUpClass): 200 GET http://10.180.1.21/compute/v2.1/servers/a9dfeb4d-a92e-41cf-9d2f-43086cc9e868 1.411s
2025-01-10 07:46:28.122 67685 INFO tempest.lib.common.rest_client [req-7d3f3547-8b0a-47f0-ad5e-2f46fce26050 req-7d3f3547-8b0a-47f0-ad5e-2f46fce26050 ] Request (FlavorsAccessNegativeTestJSON:tearDownClass): 204 DELETE http://10.180.1.21:9696/networking/v2.0/security-groups/79d67e62-d0c6-4d84-84d4-735c0ed377da 0.166s
2025-01-10 07:46:28.233 67695 INFO tempest.lib.common.rest_client [req-d38d7f51-e0bc-4fac-9519-48763ba2a3e9 req-d38d7f51-e0bc-4fac-9519-48763ba2a3e9 ] Request (ServersTestJSON:setUpClass): 200 POST http://10.180.1.21/compute/v2.1/os-keypairs 1.485s
2025-01-10 07:46:28.272 67685 INFO tempest.lib.common.rest_client [req-8b7b1c48-fe55-44b7-80c3-823988e4f4aa req-8b7b1c48-fe55-44b7-80c3-823988e4f4aa ] Request (FlavorsAccessNegativeTestJSON:tearDownClass): 204 DELETE http://10.180.1.21/identity/v3/projects/b423bf11c00d432d8326b8507b65a94d 0.150s
2025-01-10 07:46:28.374 67685 INFO tempest.lib.common.rest_client [req-df6ac74f-e8b4-47c2-9296-2e68e4128874 req-df6ac74f-e8b4-47c2-9296-2e68e4128874 ] Request (FlavorsExtraSpecsNegativeTestJSON:setUpClass): 201 POST http://10.180.1.21/identity/v3/auth/tokens 0.100s
2025-01-10 07:46:28.429 67685 INFO tempest.lib.common.rest_client [req-0725d097-fde6-4696-aa30-d57851593c38 req-0725d097-fde6-4696-aa30-d57851593c38 ] Request (FlavorsExtraSpecsNegativeTestJSON:setUpClass): 201 POST http://10.180.1.21/identity/v3/auth/tokens 0.052s
2025-01-10 07:46:28.453 67730 INFO tempest.lib.common.rest_client [req-70350a80-bdc7-45b5-8bbc-7e37a6053a41 req-70350a80-bdc7-45b5-8bbc-7e37a6053a41 ] Request (ServerGroupTestJSON:test_create_server_with_scheduler_hint_group): 202 POST http://10.180.1.21/compute/v2.1/servers 2.234s
2025-01-10 07:46:28.466 67685 INFO tempest.lib.common.rest_client [req-ce8f3f89-fa45-4729-b2b4-afc84d0ebb51 req-ce8f3f89-fa45-4729-b2b4-afc84d0ebb51 ] Request (FlavorsExtraSpecsNegativeTestJSON:setUpClass): 200 GET http://10.180.1.21/identity/v3/domains?name=Default 0.036s
2025-01-10 07:46:28.518 67685 INFO tempest.lib.common.rest_client [req-950c37d3-632c-4318-ac56-f03af23f57cc req-950c37d3-632c-4318-ac56-f03af23f57cc ] Request (FlavorsExtraSpecsNegativeTestJSON:setUpClass): 201 POST http://10.180.1.21/identity/v3/projects 0.051s
2025-01-10 07:46:28.588 67736 WARNING tempest.lib.common.ssh [-] Failed to establish authenticated ssh connection to cirros@10.180.180.156 ([Errno None] Unable to connect to port 22 on 10.180.180.156). Number attempts: 1. Retry after 2 seconds.: paramiko.ssh_exception.NoValidConnectionsError: [Errno None] Unable to connect to port 22 on 10.180.180.156
2025-01-10 07:46:28.594 67695 INFO tempest.lib.common.rest_client [req-7e2313ba-1725-436b-a5a4-dade655d0e43 req-7e2313ba-1725-436b-a5a4-dade655d0e43 ] Request (ServersTestJSON:setUpClass): 201 POST http://10.180.1.21:9696/networking/v2.0/security-groups 0.360s
2025-01-10 07:46:28.597 67701 INFO tempest.lib.common.rest_client [req-e1d5bd1a-ccf3-4485-b3f8-f9cb1b46dbdf req-e1d5bd1a-ccf3-4485-b3f8-f9cb1b46dbdf ] Request (ServerPasswordTestJSON:tearDownClass): 200 GET http://10.180.1.21/compute/v2.1/servers/91869c00-edd0-40a8-84df-d8842d750558 1.702s
2025-01-10 07:46:28.601 67685 INFO tempest.lib.common.rest_client [req-dbc8e639-fdc3-412c-b18a-e3c887ffefe9 req-dbc8e639-fdc3-412c-b18a-e3c887ffefe9 ] Request (FlavorsExtraSpecsNegativeTestJSON:setUpClass): 201 POST http://10.180.1.21/identity/v3/users 0.082s
2025-01-10 07:46:28.622 67691 INFO tempest.lib.common.rest_client [req-c0c5acea-03f5-49f9-9e5c-6a5e98c429e5 req-c0c5acea-03f5-49f9-9e5c-6a5e98c429e5 ] Request (AggregatesAdminNegativeTestJSON:_run_cleanups): 200 DELETE http://10.180.1.21/compute/v2.1/os-aggregates/6 1.696s
2025-01-10 07:46:28.633 67685 INFO tempest.lib.common.rest_client [req-dc0de651-81a2-40dd-9e59-93446a4b837a req-dc0de651-81a2-40dd-9e59-93446a4b837a ] Request (FlavorsExtraSpecsNegativeTestJSON:setUpClass): 200 GET http://10.180.1.21/identity/v3/roles 0.031s
2025-01-10 07:46:28.670 67685 INFO tempest.lib.common.rest_client [req-9d1993c0-5565-4dd9-9f84-9700f8e6affb req-9d1993c0-5565-4dd9-9f84-9700f8e6affb ] Request (FlavorsExtraSpecsNegativeTestJSON:setUpClass): 204 PUT http://10.180.1.21/identity/v3/projects/82c05dd7781744879f9c6aa426d95250/users/e4b7f334199442a88d6990c094403986/roles/302be925a5424a558353762a2b2bd209 0.036s
2025-01-10 07:46:28.670 67685 INFO tempest.lib.common.dynamic_creds [-] Dynamic test user e4b7f334199442a88d6990c094403986 is created with scope project and roles: ['member']
2025-01-10 07:46:28.671 67685 INFO tempest.lib.common.dynamic_creds [-] Acquired dynamic creds: credentials: Credentials: {'domain_id': 'default', 'domain_name': 'Default', 'username': 'tempest-FlavorsExtraSpecsNegativeTestJSON-1685956430-project-member', 'project_domain_id': 'default', 'project_domain_name': 'Default', 'project_id': '82c05dd7781744879f9c6aa426d95250', 'project_name': 'tempest-FlavorsExtraSpecsNegativeTestJSON-1685956430', 'tenant_id': '82c05dd7781744879f9c6aa426d95250', 'tenant_name': 'tempest-FlavorsExtraSpecsNegativeTestJSON-1685956430', 'user_domain_id': 'default', 'user_domain_name': 'Default', 'user_id': 'e4b7f334199442a88d6990c094403986', 'system': None}, Network: None, Subnet: None, Router: None
2025-01-10 07:46:28.671 67685 INFO tempest.lib.common.dynamic_creds [-] Created isolated network resources for: credentials: Credentials: {'domain_id': 'default', 'domain_name': 'Default', 'username': 'tempest-FlavorsExtraSpecsNegativeTestJSON-1685956430-project-member', 'project_domain_id': 'default', 'project_domain_name': 'Default', 'project_id': '82c05dd7781744879f9c6aa426d95250', 'project_name': 'tempest-FlavorsExtraSpecsNegativeTestJSON-1685956430', 'tenant_id': '82c05dd7781744879f9c6aa426d95250', 'tenant_name': 'tempest-FlavorsExtraSpecsNegativeTestJSON-1685956430', 'user_domain_id': 'default', 'user_domain_name': 'Default', 'user_id': 'e4b7f334199442a88d6990c094403986', 'system': None}, Network: None, Subnet: None, Router: None
2025-01-10 07:46:28.719 67726 INFO tempest.lib.common.rest_client [req-ca275afc-330c-4e61-a1ce-ebae9cd5a9a8 req-ca275afc-330c-4e61-a1ce-ebae9cd5a9a8 ] Request (MigrationsAdminTest:test_list_migrations_in_flavor_resize_situation): 200 GET http://10.180.1.21/compute/v2.1/servers/0676806b-c1f0-4c1a-a12d-add2edf1588f 1.946s
2025-01-10 07:46:28.764 67689 INFO tempest.lib.common.rest_client [req-55838e53-c7b2-482d-a455-033b55eb2d7d req-55838e53-c7b2-482d-a455-033b55eb2d7d ] Request (TenantUsagesTestJSON:tearDownClass): 200 GET http://10.180.1.21/compute/v2.1/servers/c1580c72-9345-436e-b4f7-56d319248864 1.775s
2025-01-10 07:46:28.777 67685 INFO tempest.lib.common.rest_client [req-679b8a52-5f46-4a96-8d9d-c58a1b7d985c req-679b8a52-5f46-4a96-8d9d-c58a1b7d985c ] Request (FlavorsExtraSpecsNegativeTestJSON:setUpClass): 201 POST http://10.180.1.21/identity/v3/auth/tokens 0.099s
2025-01-10 07:46:28.827 67713 INFO tempest.lib.common.rest_client [req-4ed3ccb5-c201-4be1-b883-34c39438a0d5 req-4ed3ccb5-c201-4be1-b883-34c39438a0d5 ] Request (AttachInterfacesTestJSON:test_create_list_show_delete_interfaces_by_fixed_ip): 200 GET http://10.180.1.21/compute/v2.1/servers/4e5152b0-7bac-4dc2-b6c7-6590fa2d5978 1.724s
2025-01-10 07:46:28.856 67685 INFO tempest.lib.common.rest_client [req-923fafec-2dda-43c2-8ef3-9389400662d9 req-923fafec-2dda-43c2-8ef3-9389400662d9 ] Request (FlavorsExtraSpecsNegativeTestJSON:setUpClass): 201 POST http://10.180.1.21/identity/v3/projects 0.078s
2025-01-10 07:46:28.870 67724 INFO tempest.lib.common.rest_client [req-e76018a0-f05c-40a1-bec9-732e327ba349 req-e76018a0-f05c-40a1-bec9-732e327ba349 ] Request (ServersTestBootFromVolume:setUpClass): 200 GET http://10.180.1.21/compute/v2.1/servers/5bc73032-45f9-4b5c-a4ea-e07c48e4f82b 1.757s
2025-01-10 07:46:28.935 67685 INFO tempest.lib.common.rest_client [req-6fb78bd5-665b-47a6-8f04-aedac34bbc62 req-6fb78bd5-665b-47a6-8f04-aedac34bbc62 ] Request (FlavorsExtraSpecsNegativeTestJSON:setUpClass): 201 POST http://10.180.1.21/identity/v3/users 0.078s
2025-01-10 07:46:28.956 67685 INFO tempest.lib.common.rest_client [req-b1d6ed9f-ebb1-4941-9210-4e5f2602d778 req-b1d6ed9f-ebb1-4941-9210-4e5f2602d778 ] Request (FlavorsExtraSpecsNegativeTestJSON:setUpClass): 200 GET http://10.180.1.21/identity/v3/roles 0.021s
2025-01-10 07:46:28.961 67719 INFO tempest.lib.common.rest_client [req-fa2e4c38-bc82-4c18-8642-e925865ac757 req-fa2e4c38-bc82-4c18-8642-e925865ac757 ] Request (DeleteServersAdminTestJSON:test_admin_delete_servers_of_others): 200 GET http://10.180.1.21/compute/v2.1/servers/4cbcfa1a-c034-4de7-ad25-4ad22316067e 1.727s
2025-01-10 07:46:28.992 67685 INFO tempest.lib.common.rest_client [req-7640ce58-cf6c-4aa7-a904-0d04a4449f48 req-7640ce58-cf6c-4aa7-a904-0d04a4449f48 ] Request (FlavorsExtraSpecsNegativeTestJSON:setUpClass): 204 PUT http://10.180.1.21/identity/v3/projects/857a91c86cdf4d74ad9d89955d36839a/users/c393dfcc94664b88929de05b20abeba9/roles/75724dae235e4dd8ad639956c176069c 0.035s
2025-01-10 07:46:29.148 67685 INFO tempest.lib.common.rest_client [req-e218ef41-383b-4a41-9d9d-4bc16f664dfb req-e218ef41-383b-4a41-9d9d-4bc16f664dfb ] Request (FlavorsExtraSpecsNegativeTestJSON:setUpClass): 200 GET http://10.180.1.21/identity/v3/roles 0.155s
2025-01-10 07:46:29.177 67738 INFO tempest.lib.common.rest_client [req-31ce86da-62f1-4164-9bd3-2915b5d62513 req-31ce86da-62f1-4164-9bd3-2915b5d62513 ] Request (QuotasAdminTestV257:test_get_updated_quotas): 200 GET http://10.180.1.21/compute/v2.1/os-quota-sets/d5dcf295e97d49158258f4ba82f09a09?user_id=5b45e8e6441e4e8e9a310362849bc71e 1.722s
2025-01-10 07:46:29.183 67685 INFO tempest.lib.common.rest_client [req-a8c7ef41-b7b9-437a-83a6-12b8568adce7 req-a8c7ef41-b7b9-437a-83a6-12b8568adce7 ] Request (FlavorsExtraSpecsNegativeTestJSON:setUpClass): 204 PUT http://10.180.1.21/identity/v3/projects/857a91c86cdf4d74ad9d89955d36839a/users/c393dfcc94664b88929de05b20abeba9/roles/75724dae235e4dd8ad639956c176069c 0.034s
2025-01-10 07:46:29.183 67685 INFO tempest.lib.common.dynamic_creds [-] Dynamic test user c393dfcc94664b88929de05b20abeba9 is created with scope project and roles: ['admin']
2025-01-10 07:46:29.183 67685 INFO tempest.lib.common.dynamic_creds [-] Acquired dynamic creds: credentials: Credentials: {'domain_id': 'default', 'domain_name': 'Default', 'username': 'tempest-FlavorsExtraSpecsNegativeTestJSON-1168863059-project-admin', 'project_domain_id': 'default', 'project_domain_name': 'Default', 'project_id': '857a91c86cdf4d74ad9d89955d36839a', 'project_name': 'tempest-FlavorsExtraSpecsNegativeTestJSON-1168863059', 'tenant_id': '857a91c86cdf4d74ad9d89955d36839a', 'tenant_name': 'tempest-FlavorsExtraSpecsNegativeTestJSON-1168863059', 'user_domain_id': 'default', 'user_domain_name': 'Default', 'user_id': 'c393dfcc94664b88929de05b20abeba9', 'system': None}, Network: None, Subnet: None, Router: None
2025-01-10 07:46:29.183 67685 INFO tempest.lib.common.dynamic_creds [-] Created isolated network resources for: credentials: Credentials: {'domain_id': 'default', 'domain_name': 'Default', 'username': 'tempest-FlavorsExtraSpecsNegativeTestJSON-1168863059-project-admin', 'project_domain_id': 'default', 'project_domain_name': 'Default', 'project_id': '857a91c86cdf4d74ad9d89955d36839a', 'project_name': 'tempest-FlavorsExtraSpecsNegativeTestJSON-1168863059', 'tenant_id': '857a91c86cdf4d74ad9d89955d36839a', 'tenant_name': 'tempest-FlavorsExtraSpecsNegativeTestJSON-1168863059', 'user_domain_id': 'default', 'user_domain_name': 'Default', 'user_id': 'c393dfcc94664b88929de05b20abeba9', 'system': None}, Network: None, Subnet: None, Router: None
2025-01-10 07:46:29.279 67695 INFO tempest.lib.common.rest_client [req-95443f2d-9164-4f65-abce-4918f4a0d9f6 req-95443f2d-9164-4f65-abce-4918f4a0d9f6 ] Request (ServersTestJSON:setUpClass): 201 POST http://10.180.1.21:9696/networking/v2.0/security-group-rules 0.681s
2025-01-10 07:46:29.296 67738 INFO tempest.lib.common.rest_client [req-51135ec7-574c-4167-b128-75d17ff6b482 req-51135ec7-574c-4167-b128-75d17ff6b482 ] Request (QuotasAdminTestV257:_run_cleanups): 204 DELETE http://10.180.1.21/identity/v3/users/5b45e8e6441e4e8e9a310362849bc71e 0.117s
2025-01-10 07:46:29.304 67685 INFO tempest.lib.common.rest_client [req-2250d56d-b291-4705-a862-6a00da6ca92f req-2250d56d-b291-4705-a862-6a00da6ca92f ] Request (FlavorsExtraSpecsNegativeTestJSON:setUpClass): 201 POST http://10.180.1.21/identity/v3/auth/tokens 0.118s
2025-01-10 07:46:29.352 67709 INFO tempest.lib.common.rest_client [req-26d341f0-5415-4d0b-b2fb-163f99888527 req-26d341f0-5415-4d0b-b2fb-163f99888527 ] Request (FloatingIPsAssociationTestJSON:setUpClass): 200 GET http://10.180.1.21/compute/v2.1/servers/6b1f0e69-3915-40dc-b4ec-93ab174f12b6 2.027s
2025-01-10 07:46:29.409 67695 INFO tempest.lib.common.rest_client [req-86f89bfa-a8ac-4e2d-bb81-781f24d5d133 req-86f89bfa-a8ac-4e2d-bb81-781f24d5d133 ] Request (ServersTestJSON:setUpClass): 201 POST http://10.180.1.21:9696/networking/v2.0/security-group-rules 0.129s
2025-01-10 07:46:29.427 67738 INFO tempest.lib.common.rest_client [req-03d32748-5520-42e4-b608-db15a8537420 req-03d32748-5520-42e4-b608-db15a8537420 ] Request (QuotasAdminTestV257:_run_cleanups): 204 DELETE http://10.180.1.21/identity/v3/projects/d5dcf295e97d49158258f4ba82f09a09 0.130s
2025-01-10 07:46:29.450 67711 INFO tempest.lib.common.rest_client [req-c05f7ebb-2618-48b0-b685-a120daa19454 req-c05f7ebb-2618-48b0-b685-a120daa19454 ] Request (ImagesNegativeTestJSON:test_create_image_from_deleted_server): 200 GET http://10.180.1.21/compute/v2.1/servers/a4767855-0c1d-48c8-98cc-6532ff140b5c 1.857s
2025-01-10 07:46:29.481 67707 INFO tempest.lib.common.rest_client [req-3019a667-4993-438e-bf2b-532a0c89b353 req-3019a667-4993-438e-bf2b-532a0c89b353 ] Request (ImagesDeleteNegativeTestJSON:test_delete_image_negative_image_id): 404 DELETE http://10.180.1.21/compute/v2.1/images/-1 1.825s
2025-01-10 07:46:29.560 67728 INFO tempest.lib.common.rest_client [req-d3ac9080-00e8-4d5a-aec5-8cd437101060 req-d3ac9080-00e8-4d5a-aec5-8cd437101060 ] Request (VolumesAssistedSnapshotsTest:test_volume_assisted_snapshot_create_delete): 200 GET http://10.180.1.21/compute/v2.1/servers/d532b5fa-90a3-4f25-8684-4eabaa432c86 2.102s
2025-01-10 07:46:29.562 67738 INFO tempest.lib.common.rest_client [req-497f992d-8a58-4121-be8b-f4923ed45019 req-497f992d-8a58-4121-be8b-f4923ed45019 ] Request (QuotasAdminTestV257:tearDownClass): 204 DELETE http://10.180.1.21/identity/v3/users/aafb3c34066b438db9c1ba1939ab02ff 0.131s
2025-01-10 07:46:29.570 67715 INFO tempest.lib.common.rest_client [req-ed16ee8f-7942-4551-9fac-7739925b16f7 req-ed16ee8f-7942-4551-9fac-7739925b16f7 ] Request (HypervisorAdminNegativeTestJSON:test_show_hypervisor_with_non_admin_user): 403 GET http://10.180.1.21/compute/v2.1/os-hypervisors/1 1.887s
2025-01-10 07:46:29.595 67699 INFO tempest.lib.common.rest_client [req-f71fd840-9135-4118-bdcd-3bfdbe032dac req-f71fd840-9135-4118-bdcd-3bfdbe032dac ] Request (FlavorsAdminTestJSON:test_is_public_string_variations): 200 POST http://10.180.1.21/compute/v2.1/flavors 1.881s
2025-01-10 07:46:29.677 67738 INFO tempest.lib.common.rest_client [req-76faef89-3b3e-45da-920b-eddfe8c2dc44 req-76faef89-3b3e-45da-920b-eddfe8c2dc44 ] Request (QuotasAdminTestV257:tearDownClass): 204 DELETE http://10.180.1.21/identity/v3/users/8d20c6610d1d4b109fa32be0c0c0bfaf 0.114s
2025-01-10 07:46:29.678 67738 INFO tempest.lib.common.dynamic_creds [-] Deleting project and security group for project: 93a87a91aabb4ac7a4af4f5acb5228f1
2025-01-10 07:46:29.751 67738 INFO tempest.lib.common.rest_client [req-1175aad9-3807-40dd-aa8c-654232c4c78f req-1175aad9-3807-40dd-aa8c-654232c4c78f ] Request (QuotasAdminTestV257:tearDownClass): 201 POST http://10.180.1.21/identity/v3/auth/tokens 0.074s
2025-01-10 07:46:29.790 67681 INFO tempest.lib.common.rest_client [req-3e26a1f8-db72-44f7-b78f-50cc55791cd2 req-3e26a1f8-db72-44f7-b78f-50cc55791cd2 ] Request (AttachInterfacesV270Test:test_create_get_list_interfaces): 200 GET http://10.180.1.21/compute/v2.1/servers/43d28811-26e4-4016-9f82-98349d4a05b7 1.932s
2025-01-10 07:46:29.893 67695 INFO tempest.lib.common.rest_client [req-489ff0ae-5cbd-4e2f-b257-883ea2c2a55a req-489ff0ae-5cbd-4e2f-b257-883ea2c2a55a ] Request (ServersTestJSON:setUpClass): 201 POST http://10.180.1.21:9696/networking/v2.0/floatingips 0.484s
2025-01-10 07:46:29.952 67695 INFO tempest.lib.common.rest_client [req-333755ee-03c2-47fb-99db-78128cb9bfbc req-333755ee-03c2-47fb-99db-78128cb9bfbc ] Request (ServersTestJSON:setUpClass): 201 POST http://10.180.1.21/identity/v3/auth/tokens 0.054s
2025-01-10 07:46:29.952 67695 INFO tempest.lib.common.fixed_network [-] (ServersTestJSON:setUpClass) Found network {'id': '09056ab7-a8ec-4de0-bd66-9437b6d91612', 'name': 'tempest-ServersTestJSON-198717452-network', 'tenant_id': '41ab694b1d944a9fb8206fa6e4461e78', 'admin_state_up': True, 'mtu': 8950, 'status': 'ACTIVE', 'subnets': [], 'shared': False, 'project_id': '41ab694b1d944a9fb8206fa6e4461e78', 'port_security_enabled': True, 'router:external': False, 'provider:network_type': 'vlan', 'provider:physical_network': 'default', 'provider:segmentation_id': 16, 'availability_zone_hints': [], 'availability_zones': [], 'ipv4_address_scope': None, 'ipv6_address_scope': None, 'description': '', 'tags': [], 'created_at': '2025-01-10T07:46:19Z', 'updated_at': '2025-01-10T07:46:19Z', 'revision_number': 1} available for tenant
2025-01-10 07:46:30.201 67703 INFO tempest.lib.common.rest_client [req-a9c216bf-bfa3-4676-ba5b-d536f6ecf84c req-a9c216bf-bfa3-4676-ba5b-d536f6ecf84c ] Request (ImagesOneServerTestJSON:test_create_delete_image): 200 GET http://10.180.1.21/compute/v2.1/servers/0f9a525c-09b9-483e-b418-fea6e6e5dc4a 2.286s
2025-01-10 07:46:30.214 67738 INFO tempest.lib.common.rest_client [req-aa82a253-9599-4de0-92bc-aa93464c98e3 req-aa82a253-9599-4de0-92bc-aa93464c98e3 ] Request (QuotasAdminTestV257:tearDownClass): 200 GET http://10.180.1.21:9696/networking/v2.0/security-groups?tenant_id=93a87a91aabb4ac7a4af4f5acb5228f1&name=default 0.462s
2025-01-10 07:46:30.355 67738 INFO tempest.lib.common.rest_client [req-c69dc02d-ab5f-4183-8e96-473a09baf4f6 req-c69dc02d-ab5f-4183-8e96-473a09baf4f6 ] Request (QuotasAdminTestV257:tearDownClass): 204 DELETE http://10.180.1.21:9696/networking/v2.0/security-groups/6d407294-20bd-4944-b295-73a927c46f56 0.140s
2025-01-10 07:46:30.434 67738 INFO tempest.lib.common.rest_client [req-a18081d9-37b2-49b4-838f-512f89c6e0e1 req-a18081d9-37b2-49b4-838f-512f89c6e0e1 ] Request (QuotasAdminTestV257:tearDownClass): 204 DELETE http://10.180.1.21/identity/v3/projects/93a87a91aabb4ac7a4af4f5acb5228f1 0.078s
2025-01-10 07:46:30.434 67738 INFO tempest.lib.common.dynamic_creds [-] Deleting project and security group for project: d948692a8567413bbfedaa2294a23cb7
2025-01-10 07:46:30.541 67679 INFO tempest.lib.common.rest_client [req-421301eb-c4a2-460f-aa52-e092dbac97ff req-421301eb-c4a2-460f-aa52-e092dbac97ff ] Request (ServersWithSpecificFlavorTestJSON:test_verify_created_server_ephemeral_disk): 200 GET http://10.180.1.21/compute/v2.1/servers/73f27fc0-ebae-41c7-b292-14396f79a5a2 2.613s
2025-01-10 07:46:30.552 67679 INFO tempest.common.waiters [-] State transition "BUILD/None" ==> "BUILD/spawning" after 19 second wait
2025-01-10 07:46:30.618 67693 INFO tempest.lib.common.rest_client [req-c8557944-a95c-4095-9997-2eb13c7a799a req-c8557944-a95c-4095-9997-2eb13c7a799a ] Request (FloatingIPsAssociationNegativeTestJSON:setUpClass): 200 GET http://10.180.1.21/compute/v2.1/servers/17d30180-9770-4329-a6d8-757a93514a96 2.448s
2025-01-10 07:46:30.634 67740 INFO tempest.lib.common.rest_client [req-a164b09a-388a-415a-aa47-3b23815060d9 req-a164b09a-388a-415a-aa47-3b23815060d9 ] Request (InstanceActionsTestJSON:setUpClass): 200 PUT http://10.180.1.21:9696/networking/v2.0/routers/9bde6337-9e75-4107-bff3-1abd8df33b07/add_router_interface 2.966s
2025-01-10 07:46:30.634 67740 INFO tempest.lib.common.dynamic_creds [-] Created isolated network resources for: credentials: Credentials: {'domain_id': 'default', 'domain_name': 'Default', 'username': 'tempest-InstanceActionsTestJSON-1623571015-project-member', 'project_domain_id': 'default', 'project_domain_name': 'Default', 'project_id': '5513297908414207afa484e075bd26e8', 'project_name': 'tempest-InstanceActionsTestJSON-1623571015', 'tenant_id': '5513297908414207afa484e075bd26e8', 'tenant_name': 'tempest-InstanceActionsTestJSON-1623571015', 'user_domain_id': 'default', 'user_domain_name': 'Default', 'user_id': '20643b7ff50e4defac3ebb2176cc5cf2', 'system': None}, Network: {'id': 'afa57c36-637b-4edc-96e8-5e5ff2185258', 'name': 'tempest-InstanceActionsTestJSON-270820560-network', 'tenant_id': '5513297908414207afa484e075bd26e8', 'admin_state_up': True, 'mtu': 8950, 'status': 'ACTIVE', 'subnets': [], 'shared': False, 'project_id': '5513297908414207afa484e075bd26e8', 'port_security_enabled': True, 'router:external': False, 'provider:network_type': 'vlan', 'provider:physical_network': 'default', 'provider:segmentation_id': 396, 'availability_zone_hints': [], 'availability_zones': [], 'ipv4_address_scope': None, 'ipv6_address_scope': None, 'description': '', 'tags': [], 'created_at': '2025-01-10T07:46:25Z', 'updated_at': '2025-01-10T07:46:25Z', 'revision_number': 1}, Subnet: {'id': '0a4baa6f-abd5-4bd8-ba81-fbbf216afbc1', 'name': 'tempest-InstanceActionsTestJSON-270820560-subnet', 'tenant_id': '5513297908414207afa484e075bd26e8', 'network_id': 'afa57c36-637b-4edc-96e8-5e5ff2185258', 'ip_version': 4, 'subnetpool_id': None, 'enable_dhcp': True, 'ipv6_ra_mode': None, 'ipv6_address_mode': None, 'gateway_ip': '192.168.128.1', 'cidr': '192.168.128.0/28', 'allocation_pools': [{'start': '192.168.128.2', 'end': '192.168.128.14'}], 'host_routes': [], 'dns_nameservers': [], 'description': '', 'router:external': False, 'service_types': [], 'tags': [], 'created_at': '2025-01-10T07:46:25Z', 'updated_at': '2025-01-10T07:46:25Z', 'revision_number': 0, 'project_id': '5513297908414207afa484e075bd26e8'}, Router: {'id': '9bde6337-9e75-4107-bff3-1abd8df33b07', 'name': 'tempest-InstanceActionsTestJSON-270820560-router', 'tenant_id': '5513297908414207afa484e075bd26e8', 'admin_state_up': True, 'status': 'ACTIVE', 'external_gateway_info': {'network_id': '67633e74-9459-44cc-a124-11a2b0fddc5e', 'external_fixed_ips': [{'subnet_id': 'dbd3c992-fc8b-47c3-a1e0-83ad000ffba2', 'ip_address': '10.180.180.173'}], 'enable_snat': True}, 'description': '', 'availability_zones': [], 'distributed': False, 'ha': False, 'availability_zone_hints': [], 'routes': [], 'flavor_id': None, 'tags': [], 'created_at': '2025-01-10T07:46:26Z', 'updated_at': '2025-01-10T07:46:27Z', 'revision_number': 2, 'project_id': '5513297908414207afa484e075bd26e8'}
2025-01-10 07:46:30.687 67687 INFO tempest.lib.common.rest_client [req-c20ef9c6-0534-44b6-b132-3be344087637 req-c20ef9c6-0534-44b6-b132-3be344087637 ] Request (ServerDiagnosticsTest:test_get_server_diagnostics): 200 GET http://10.180.1.21/compute/v2.1/servers/aec16a15-5d75-4ea6-800b-1bf67f762d89 2.461s
2025-01-10 07:46:30.723 67738 INFO tempest.lib.common.rest_client [req-4f7272a3-78d5-4286-a949-67f5e458511f req-4f7272a3-78d5-4286-a949-67f5e458511f ] Request (QuotasAdminTestV257:tearDownClass): 200 GET http://10.180.1.21:9696/networking/v2.0/security-groups?tenant_id=d948692a8567413bbfedaa2294a23cb7&name=default 0.289s
2025-01-10 07:46:30.755 67730 INFO tempest.lib.common.rest_client [req-3d0884b8-ee0e-4f17-82d9-723d4d04604d req-3d0884b8-ee0e-4f17-82d9-723d4d04604d ] Request (ServerGroupTestJSON:test_create_server_with_scheduler_hint_group): 200 GET http://10.180.1.21/compute/v2.1/servers/8c046991-b294-4f33-9fce-a241984d66d7 2.298s
2025-01-10 07:46:30.756 67740 INFO tempest.lib.common.rest_client [req-11d878f8-0310-48d0-aace-6f8b1031b083 req-11d878f8-0310-48d0-aace-6f8b1031b083 ] Request (InstanceActionsTestJSON:setUpClass): 201 POST http://10.180.1.21/identity/v3/auth/tokens 0.118s
2025-01-10 07:46:30.797 67740 INFO tempest.lib.common.rest_client [req-7d0e1050-b131-4c49-9ca3-38fd35e014e2 req-7d0e1050-b131-4c49-9ca3-38fd35e014e2 ] Request (InstanceActionsTestJSON:setUpClass): 201 POST http://10.180.1.21/identity/v3/auth/tokens 0.037s
2025-01-10 07:46:30.798 67740 INFO tempest.lib.common.fixed_network [-] (InstanceActionsTestJSON:setUpClass) Found network {'id': 'afa57c36-637b-4edc-96e8-5e5ff2185258', 'name': 'tempest-InstanceActionsTestJSON-270820560-network', 'tenant_id': '5513297908414207afa484e075bd26e8', 'admin_state_up': True, 'mtu': 8950, 'status': 'ACTIVE', 'subnets': [], 'shared': False, 'project_id': '5513297908414207afa484e075bd26e8', 'port_security_enabled': True, 'router:external': False, 'provider:network_type': 'vlan', 'provider:physical_network': 'default', 'provider:segmentation_id': 396, 'availability_zone_hints': [], 'availability_zones': [], 'ipv4_address_scope': None, 'ipv6_address_scope': None, 'description': '', 'tags': [], 'created_at': '2025-01-10T07:46:25Z', 'updated_at': '2025-01-10T07:46:25Z', 'revision_number': 1} available for tenant
2025-01-10 07:46:30.811 67732 INFO tempest.lib.common.rest_client [req-132423cb-ae9f-42de-bf7e-68200b3bd16b req-132423cb-ae9f-42de-bf7e-68200b3bd16b ] Request (ServersAdminTestJSON:setUpClass): 200 GET http://10.180.1.21/compute/v2.1/servers/06751c34-0724-44ba-a263-ad27fcf2920f 2.289s
2025-01-10 07:46:30.850 67738 INFO tempest.lib.common.rest_client [req-261221f7-26fe-42bf-9392-21bdab89712f req-261221f7-26fe-42bf-9392-21bdab89712f ] Request (QuotasAdminTestV257:tearDownClass): 204 DELETE http://10.180.1.21:9696/networking/v2.0/security-groups/1481f95c-0cec-4e37-9ee8-f3fd069d4cf5 0.126s
2025-01-10 07:46:30.879 67734 INFO tempest.lib.common.rest_client [req-448dcac7-446e-4fe7-9552-5b6f9b87e608 req-448dcac7-446e-4fe7-9552-5b6f9b87e608 ] Request (AttachInterfacesUnderV243Test:test_add_remove_fixed_ip): 200 GET http://10.180.1.21/compute/v2.1/servers/0dbd52ac-c987-4728-974e-73e99465c5e7 2.296s
2025-01-10 07:46:30.893 67691 INFO tempest.lib.common.rest_client [req-e70d923e-d6db-49ec-be9b-b8b6b65ef45f req-e70d923e-d6db-49ec-be9b-b8b6b65ef45f ] Request (AggregatesAdminNegativeTestJSON:test_aggregate_get_details_with_invalid_id): 404 GET http://10.180.1.21/compute/v2.1/os-aggregates/-1 2.269s
2025-01-10 07:46:30.924 67721 INFO tempest.lib.common.rest_client [req-28dc6d7e-f5eb-42c0-81c9-56315304feb9 req-28dc6d7e-f5eb-42c0-81c9-56315304feb9 ] Request (FloatingIPDetailsTestJSON:setUpClass): 200 POST http://10.180.1.21/compute/v2.1/os-floating-ips 3.268s
2025-01-10 07:46:30.946 67683 INFO tempest.lib.common.rest_client [req-634507ee-f405-46e8-8a54-1398872f701c req-634507ee-f405-46e8-8a54-1398872f701c ] Request (ServerDiagnosticsNegativeTest:tearDownClass): 404 GET http://10.180.1.21/compute/v2.1/servers/e4528a29-163d-4f5e-9497-6e6b90b290ba 2.104s
2025-01-10 07:46:30.948 67717 INFO tempest.lib.common.rest_client [req-4f30b8b1-c3d0-4702-9c82-7f7affc8a18a req-4f30b8b1-c3d0-4702-9c82-7f7affc8a18a ] Request (ServersAdminNegativeTestJSON:test_migrate_server_invalid_state): 200 GET http://10.180.1.21/compute/v2.1/servers/ca22ca59-1b60-46f0-ae83-03ed4002fa0d 2.208s
2025-01-10 07:46:30.972 67738 INFO tempest.lib.common.rest_client [req-9354123b-59e2-4474-9493-b5ee8c22bcdd req-9354123b-59e2-4474-9493-b5ee8c22bcdd ] Request (QuotasAdminTestV257:tearDownClass): 204 DELETE http://10.180.1.21/identity/v3/projects/d948692a8567413bbfedaa2294a23cb7 0.122s
2025-01-10 07:46:30.973 67738 INFO tempest.test [-] raised in ServerStableDeviceRescueTest.setUpClass. Invoking tearDownClass.
