2025-01-10 07:46:36.363 67683 INFO tempest.lib.common.dynamic_creds [-] Created isolated network resources for: credentials: Credentials: {'domain_id': 'default', 'domain_name': 'Default', 'username': 'tempest-SecurityGroupRulesNegativeTestJSON-1472604071-project-member', 'project_domain_id': 'default', 'project_domain_name': 'Default', 'project_id': 'ed0fd17275414d9699027a18c6b04356', 'project_name': 'tempest-SecurityGroupRulesNegativeTestJSON-1472604071', 'tenant_id': 'ed0fd17275414d9699027a18c6b04356', 'tenant_name': 'tempest-SecurityGroupRulesNegativeTestJSON-1472604071', 'user_domain_id': 'default', 'user_domain_name': 'Default', 'user_id': 'e36ae1a19e8a4e88a8198344d53566e4', 'system': None}, Network: {'id': '1be79386-4009-4ae7-b108-396767e04ba0', 'name': 'tempest-SecurityGroupRulesNegativeTestJSON-936565-network', 'tenant_id': 'ed0fd17275414d9699027a18c6b04356', 'admin_state_up': True, 'mtu': 8950, 'status': 'ACTIVE', 'subnets': [], 'shared': False, 'project_id': 'ed0fd17275414d9699027a18c6b04356', 'port_security_enabled': True, 'router:external': False, 'provider:network_type': 'vlan', 'provider:physical_network': 'default', 'provider:segmentation_id': 8, 'availability_zone_hints': [], 'availability_zones': [], 'ipv4_address_scope': None, 'ipv6_address_scope': None, 'description': '', 'tags': [], 'created_at': '2025-01-10T07:46:32Z', 'updated_at': '2025-01-10T07:46:32Z', 'revision_number': 1}, Subnet: {'id': '63a33338-8120-40cc-8227-cd524d6f7832', 'name': 'tempest-SecurityGroupRulesNegativeTestJSON-936565-subnet', 'tenant_id': 'ed0fd17275414d9699027a18c6b04356', 'network_id': '1be79386-4009-4ae7-b108-396767e04ba0', 'ip_version': 4, 'subnetpool_id': None, 'enable_dhcp': True, 'ipv6_ra_mode': None, 'ipv6_address_mode': None, 'gateway_ip': '192.168.128.1', 'cidr': '192.168.128.0/28', 'allocation_pools': [{'start': '192.168.128.2', 'end': '192.168.128.14'}], 'host_routes': [], 'dns_nameservers': [], 'description': '', 'router:external': False, 'service_types': [], 'tags': [], 'created_at': '2025-01-10T07:46:33Z', 'updated_at': '2025-01-10T07:46:33Z', 'revision_number': 0, 'project_id': 'ed0fd17275414d9699027a18c6b04356'}, Router: {'id': 'ce5b75f6-f158-436f-ad5b-bbb7b30b280e', 'name': 'tempest-SecurityGroupRulesNegativeTestJSON-936565-router', 'tenant_id': 'ed0fd17275414d9699027a18c6b04356', 'admin_state_up': True, 'status': 'ACTIVE', 'external_gateway_info': {'network_id': '67633e74-9459-44cc-a124-11a2b0fddc5e', 'external_fixed_ips': [{'subnet_id': 'dbd3c992-fc8b-47c3-a1e0-83ad000ffba2', 'ip_address': '10.180.180.240'}], 'enable_snat': True}, 'description': '', 'availability_zones': [], 'distributed': False, 'ha': False, 'availability_zone_hints': [], 'routes': [], 'flavor_id': None, 'tags': [], 'created_at': '2025-01-10T07:46:33Z', 'updated_at': '2025-01-10T07:46:34Z', 'revision_number': 2, 'project_id': 'ed0fd17275414d9699027a18c6b04356'}
2025-01-10 07:46:36.440 67711 INFO tempest.lib.common.rest_client [req-074b3981-1164-4fdb-b32f-3027f6b01260 req-074b3981-1164-4fdb-b32f-3027f6b01260 ] Request (ImagesNegativeTestJSON:test_create_image_from_deleted_server): 200 GET http://10.180.1.21/compute/v2.1/servers/a4767855-0c1d-48c8-98cc-6532ff140b5c 1.346s
2025-01-10 07:46:36.471 67683 INFO tempest.lib.common.rest_client [req-b654d120-5330-4b5a-b13c-c19b74cd476c req-b654d120-5330-4b5a-b13c-c19b74cd476c ] Request (SecurityGroupRulesNegativeTestJSON:setUpClass): 201 POST http://10.180.1.21/identity/v3/auth/tokens 0.096s
2025-01-10 07:46:36.475 67709 INFO tempest.lib.common.rest_client [req-36b54485-5884-4ec7-9a5f-52ca06cef838 req-36b54485-5884-4ec7-9a5f-52ca06cef838 ] Request (FloatingIPsAssociationTestJSON:setUpClass): 200 GET http://10.180.1.21/compute/v2.1/servers/6b1f0e69-3915-40dc-b4ec-93ab174f12b6 1.398s
2025-01-10 07:46:36.481 67709 INFO tempest.common.waiters [-] State transition "BUILD/spawning" ==> "ACTIVE/None" after 27 second wait
2025-01-10 07:46:36.534 67707 INFO tempest.lib.common.rest_client [req-b1ef686a-aae9-43e5-ad37-a6f490ef484e req-b1ef686a-aae9-43e5-ad37-a6f490ef484e ] Request (MultipleCreateTestJSON:setUpClass): 201 POST http://10.180.1.21:9696/networking/v2.0/networks 0.422s
2025-01-10 07:46:36.653 67721 INFO tempest.lib.common.rest_client [req-27c2cb6f-3158-4201-b48b-4ab0ab5125ce req-27c2cb6f-3158-4201-b48b-4ab0ab5125ce ] Request (FloatingIPDetailsTestJSON:test_get_floating_ip_details): 200 GET http://10.180.1.21/compute/v2.1/os-floating-ips/7e78a02c-f206-429c-a997-bad4937b53b6 1.384s
2025-01-10 07:46:36.675 67715 INFO tempest.lib.common.rest_client [req-ed2195b3-0f6c-4c5b-9418-d20643154857 req-ed2195b3-0f6c-4c5b-9418-d20643154857 ] Request (ServicesAdminNegativeV253TestJSON:test_enable_service_with_invalid_service_id): 404 PUT http://10.180.1.21/compute/v2.1/os-services/8ebc13e6-b399-4332-ad21-f33a42b123c1 1.347s
2025-01-10 07:46:36.676 67728 INFO tempest.lib.common.rest_client [req-08a74618-ebc6-4176-a923-cdec8fd3e2b1 req-08a74618-ebc6-4176-a923-cdec8fd3e2b1 ] Request (VolumesAssistedSnapshotsTest:test_volume_assisted_snapshot_create_delete): 200 PUT http://10.180.1.21:9696/networking/v2.0/floatingips/a8fe6f33-c4fe-4a3e-a1a2-e6eafaf267d0 1.374s
2025-01-10 07:46:36.678 67728 INFO tempest.lib.common.ssh [-] Creating ssh connection to '10.180.180.231:22' as 'cirros' with public key authentication
2025-01-10 07:46:36.722 67707 INFO tempest.lib.common.rest_client [req-11f08063-1055-4195-8501-ed5ba5eff484 req-11f08063-1055-4195-8501-ed5ba5eff484 ] Request (MultipleCreateTestJSON:setUpClass): 201 POST http://10.180.1.21:9696/networking/v2.0/subnets 0.187s
2025-01-10 07:46:36.811 67681 INFO tempest.lib.common.rest_client [req-dc751d0c-f7d7-4e9a-ad10-4c4f94860b33 req-dc751d0c-f7d7-4e9a-ad10-4c4f94860b33 ] Request (AttachInterfacesV270Test:test_create_get_list_interfaces): 200 GET http://10.180.1.21/compute/v2.1/servers/43d28811-26e4-4016-9f82-98349d4a05b7 1.392s
2025-01-10 07:46:36.961 67703 INFO tempest.lib.common.rest_client [req-ee521fae-c6b7-4313-a767-ecf544b69d64 req-ee521fae-c6b7-4313-a767-ecf544b69d64 ] Request (ImagesOneServerTestJSON:test_create_image_specify_multibyte_character_image_name): 202 POST http://10.180.1.21/compute/v2.1/servers/0f9a525c-09b9-483e-b418-fea6e6e5dc4a/action 1.842s
2025-01-10 07:46:37.084 67691 INFO tempest.lib.common.rest_client [req-df2140d4-534b-44bd-9b4d-17e1cfd4b0e0 req-df2140d4-534b-44bd-9b4d-17e1cfd4b0e0 ] Request (AggregatesAdminNegativeTestJSON:_run_cleanups): 200 POST http://10.180.1.21/compute/v2.1/os-aggregates/7/action 1.551s
2025-01-10 07:46:37.306 67679 INFO tempest.lib.common.rest_client [req-f11e9641-a8cd-49bb-a15c-c4e042958558 req-f11e9641-a8cd-49bb-a15c-c4e042958558 ] Request (ServersWithSpecificFlavorTestJSON:test_verify_created_server_ephemeral_disk): 200 GET http://10.180.1.21/compute/v2.1/servers/73f27fc0-ebae-41c7-b292-14396f79a5a2 1.476s
2025-01-10 07:46:37.347 67697 INFO tempest.lib.common.rest_client [req-effcca01-c294-49f8-80ce-bfecd0a27f08 req-effcca01-c294-49f8-80ce-bfecd0a27f08 ] Request (ServerDiagnosticsV248Test:test_get_server_diagnostics): 200 GET http://10.180.1.21/compute/v2.1/servers/e1540aa6-12a4-4cff-a444-d47ee66c78d7/diagnostics 1.881s
2025-01-10 07:46:37.378 67693 INFO tempest.lib.common.rest_client [req-356ff72d-dc47-468f-85ea-4201aebf80e1 req-356ff72d-dc47-468f-85ea-4201aebf80e1 ] Request (FloatingIPsAssociationNegativeTestJSON:setUpClass): 200 GET http://10.180.1.21/compute/v2.1/servers/17d30180-9770-4329-a6d8-757a93514a96 1.445s
2025-01-10 07:46:37.400 67685 INFO tempest.lib.common.rest_client [req-710110db-f84d-496d-87a4-e39595a1a5f9 req-710110db-f84d-496d-87a4-e39595a1a5f9 ] Request (FlavorsExtraSpecsNegativeTestJSON:test_flavor_non_admin_update_specific_key): 200 POST http://10.180.1.21/compute/v2.1/flavors/1885085456/os-extra_specs 1.282s
2025-01-10 07:46:37.410 67687 INFO tempest.lib.common.rest_client [req-b78a4056-6c97-4c6f-b196-ce3a2cef07e9 req-b78a4056-6c97-4c6f-b196-ce3a2cef07e9 ] Request (ServerDiagnosticsTest:test_get_server_diagnostics): 200 GET http://10.180.1.21/compute/v2.1/servers/aec16a15-5d75-4ea6-800b-1bf67f762d89 1.369s
2025-01-10 07:46:37.428 67699 INFO tempest.lib.common.rest_client [req-a378e998-abf7-43ff-bd34-90bf7ce4929b req-a378e998-abf7-43ff-bd34-90bf7ce4929b ] Request (FlavorsAdminTestJSON:test_is_public_string_variations): 200 GET http://10.180.1.21/compute/v2.1/flavors/detail?is_public=true 1.193s
2025-01-10 07:46:37.458 67730 INFO tempest.lib.common.rest_client [req-1e022afa-603d-427d-afb1-2610551e2035 req-1e022afa-603d-427d-afb1-2610551e2035 ] Request (ServerGroupTestJSON:test_create_server_with_scheduler_hint_group): 200 GET http://10.180.1.21/compute/v2.1/servers/8c046991-b294-4f33-9fce-a241984d66d7 1.317s
2025-01-10 07:46:37.497 67732 INFO tempest.lib.common.rest_client [req-82313ec1-2401-4109-97fb-83ab4489a160 req-82313ec1-2401-4109-97fb-83ab4489a160 ] Request (ServersAdminTestJSON:setUpClass): 200 GET http://10.180.1.21/compute/v2.1/servers/06751c34-0724-44ba-a263-ad27fcf2920f 1.156s
2025-01-10 07:46:37.517 67734 INFO tempest.lib.common.rest_client [req-6c0eca02-bbe5-4690-8059-18ae4be261b1 req-6c0eca02-bbe5-4690-8059-18ae4be261b1 ] Request (AttachInterfacesUnderV243Test:test_add_remove_fixed_ip): 200 GET http://10.180.1.21/compute/v2.1/servers/0dbd52ac-c987-4728-974e-73e99465c5e7 1.109s
2025-01-10 07:46:37.553 67677 INFO tempest.lib.common.rest_client [req-f74e1d87-5e02-468e-aaaa-2040d0069230 req-f74e1d87-5e02-468e-aaaa-2040d0069230 ] Request (ImagesTestJSON:test_create_image_from_stopped_server): 200 GET http://10.180.1.21/compute/v2.1/images/cb72481b-e414-4c6f-a209-0ec1dbe35df0 1.096s
2025-01-10 07:46:37.558 67695 INFO tempest.lib.common.rest_client [req-f2b82946-fe95-4a3f-9744-7c2a0d93e9a7 req-f2b82946-fe95-4a3f-9744-7c2a0d93e9a7 ] Request (ServersTestJSON:setUpClass): 200 GET http://10.180.1.21/compute/v2.1/servers/f44b2e88-af6d-4252-b562-9d5fa7745b56 1.144s
2025-01-10 07:46:37.620 67717 INFO tempest.lib.common.rest_client [req-d190463f-09d9-43c4-9801-7023f3535b21 req-d190463f-09d9-43c4-9801-7023f3535b21 ] Request (ServersAdminNegativeTestJSON:test_migrate_server_invalid_state): 200 GET http://10.180.1.21/compute/v2.1/servers/ca22ca59-1b60-46f0-ae83-03ed4002fa0d 1.139s
2025-01-10 07:46:37.630 67707 INFO tempest.lib.common.rest_client [req-8416b270-225f-429f-96da-4b9d76df8635 req-8416b270-225f-429f-96da-4b9d76df8635 ] Request (MultipleCreateTestJSON:setUpClass): 201 POST http://10.180.1.21:9696/networking/v2.0/routers 0.907s
2025-01-10 07:46:37.933 67683 INFO tempest.lib.common.rest_client [req-13a9dbc6-fbc3-4ecc-a2d1-90776a6c4805 req-13a9dbc6-fbc3-4ecc-a2d1-90776a6c4805 ] Request (SecurityGroupRulesNegativeTestJSON:test_create_security_group_rule_duplicate): 200 POST http://10.180.1.21/compute/v2.1/os-security-groups 1.460s
2025-01-10 07:46:38.007 67705 INFO tempest.lib.common.rest_client [req-617766b7-cb8e-4a48-bfc0-4237d3ece0ec req-617766b7-cb8e-4a48-bfc0-4237d3ece0ec ] Request (ListImageFiltersTestJSON:setUpClass): 200 GET http://10.180.1.21/compute/v2.1/servers/a9dfeb4d-a92e-41cf-9d2f-43086cc9e868 1.475s
2025-01-10 07:46:38.096 67701 INFO tempest.lib.common.rest_client [req-0eca7696-1e34-4ca6-9e46-ec225bd96a14 req-0eca7696-1e34-4ca6-9e46-ec225bd96a14 ] Request (ServerPasswordTestJSON:tearDownClass): 200 GET http://10.180.1.21/compute/v2.1/servers/91869c00-edd0-40a8-84df-d8842d750558 1.509s
2025-01-10 07:46:39.216 67721 INFO tempest.lib.common.rest_client [req-d36acfa6-cc44-40cb-bda6-d70979f9e616 req-d36acfa6-cc44-40cb-bda6-d70979f9e616 ] Request (FloatingIPDetailsTestJSON:_run_cleanups): 202 DELETE http://10.180.1.21/compute/v2.1/os-floating-ips/7e78a02c-f206-429c-a997-bad4937b53b6 2.561s
2025-01-10 07:46:39.264 67715 INFO tempest.lib.common.rest_client [req-7da71267-2371-410e-a091-2dc4a53149bd req-7da71267-2371-410e-a091-2dc4a53149bd ] Request (ServicesAdminNegativeV253TestJSON:test_get_service_by_invalid_params): 200 GET http://10.180.1.21/compute/v2.1/os-services 2.586s
2025-01-10 07:46:39.329 67709 INFO tempest.lib.common.rest_client [req-e7c27271-69ab-4494-9dd4-27f081b1d94e req-e7c27271-69ab-4494-9dd4-27f081b1d94e ] Request (FloatingIPsAssociationTestJSON:setUpClass): 200 POST http://10.180.1.21/compute/v2.1/os-floating-ips 2.847s
2025-01-10 07:46:39.348 67689 INFO tempest.lib.common.rest_client [req-9ca3ef10-2489-4d2d-9f07-5118fb4a29ab req-9ca3ef10-2489-4d2d-9f07-5118fb4a29ab ] Request (TenantUsagesTestJSON:tearDownClass): 200 GET http://10.180.1.21/compute/v2.1/servers/c1580c72-9345-436e-b4f7-56d319248864 2.513s
2025-01-10 07:46:39.400 67703 INFO tempest.lib.common.rest_client [req-4d3ab288-06dc-4434-8bd7-f74763ea0cf8 req-4d3ab288-06dc-4434-8bd7-f74763ea0cf8 ] Request (ImagesOneServerTestJSON:test_create_image_specify_multibyte_character_image_name): 200 GET http://10.180.1.21/compute/v2.1/images/500c73cc-1525-4d2d-8617-14b9836332de 2.437s
2025-01-10 07:46:39.410 67713 INFO tempest.lib.common.rest_client [req-c2199f43-3c25-46b7-9c44-0d1d39a7b42f req-c2199f43-3c25-46b7-9c44-0d1d39a7b42f ] Request (AttachInterfacesTestJSON:test_create_list_show_delete_interfaces_by_fixed_ip): 200 GET http://10.180.1.21/compute/v2.1/servers/4e5152b0-7bac-4dc2-b6c7-6590fa2d5978 2.560s
2025-01-10 07:46:39.428 67691 INFO tempest.lib.common.rest_client [req-fa1a4031-08c3-498e-9504-d34f873ffc10 req-fa1a4031-08c3-498e-9504-d34f873ffc10 ] Request (AggregatesAdminNegativeTestJSON:_run_cleanups): 200 DELETE http://10.180.1.21/compute/v2.1/os-aggregates/7 2.342s
2025-01-10 07:46:39.435 67709 INFO tempest.lib.common.rest_client [req-549e0058-503a-45b6-8c71-364755954a9e req-549e0058-503a-45b6-8c71-364755954a9e ] Request (FloatingIPsAssociationTestJSON:test_associate_already_associated_floating_ip): 201 POST http://10.180.1.21/identity/v3/auth/tokens 0.101s
2025-01-10 07:46:39.435 67709 INFO tempest.lib.common.fixed_network [-] (FloatingIPsAssociationTestJSON:test_associate_already_associated_floating_ip) Found network {'id': 'c4f4fd23-e4d0-4e7a-861b-71eeb3008ae5', 'name': 'tempest-FloatingIPsAssociationTestJSON-1003879390-network', 'tenant_id': 'e169ffb4120143dca6d67108986e62f6', 'admin_state_up': True, 'mtu': 8950, 'status': 'ACTIVE', 'subnets': [], 'shared': False, 'project_id': 'e169ffb4120143dca6d67108986e62f6', 'port_security_enabled': True, 'router:external': False, 'provider:network_type': 'vlan', 'provider:physical_network': 'default', 'provider:segmentation_id': 195, 'availability_zone_hints': [], 'availability_zones': [], 'ipv4_address_scope': None, 'ipv6_address_scope': None, 'description': '', 'tags': [], 'created_at': '2025-01-10T07:45:54Z', 'updated_at': '2025-01-10T07:45:54Z', 'revision_number': 1} available for tenant
2025-01-10 07:46:39.600 67724 INFO tempest.lib.common.rest_client [req-6493ee07-5c3c-4957-b824-c49af9186d43 req-6493ee07-5c3c-4957-b824-c49af9186d43 ] Request (ServersTestBootFromVolume:setUpClass): 200 GET http://10.180.1.21/compute/v2.1/servers/5bc73032-45f9-4b5c-a4ea-e07c48e4f82b 2.396s
2025-01-10 07:46:39.638 67726 INFO tempest.lib.common.rest_client [req-a2abdc85-2290-40eb-8d12-54630d2686c5 req-a2abdc85-2290-40eb-8d12-54630d2686c5 ] Request (MigrationsAdminTest:test_list_migrations_in_flavor_resize_situation): 200 GET http://10.180.1.21/compute/v2.1/servers/0676806b-c1f0-4c1a-a12d-add2edf1588f 2.517s
2025-01-10 07:46:39.654 67724 INFO tempest.common.waiters [-] State transition "BUILD/block_device_mapping" ==> "BUILD/spawning" after 26 second wait
2025-01-10 07:46:39.687 67719 INFO tempest.lib.common.rest_client [req-a90f559b-03e7-4769-bbf6-1f00a26ddf27 req-a90f559b-03e7-4769-bbf6-1f00a26ddf27 ] Request (DeleteServersAdminTestJSON:test_admin_delete_servers_of_others): 200 GET http://10.180.1.21/compute/v2.1/servers/4cbcfa1a-c034-4de7-ad25-4ad22316067e 2.450s
2025-01-10 07:46:39.702 67740 INFO tempest.lib.common.rest_client [req-49303aec-cd73-47bc-bc1f-64613d079cf3 req-49303aec-cd73-47bc-bc1f-64613d079cf3 ] Request (InstanceActionsTestJSON:setUpClass): 200 GET http://10.180.1.21/compute/v2.1/servers/dfe40a8c-61d6-4c60-afd3-0defb61c4308 2.364s
2025-01-10 07:46:39.715 67685 INFO tempest.lib.common.rest_client [req-09bdc106-d8c4-4440-9f33-e22aac66326c req-09bdc106-d8c4-4440-9f33-e22aac66326c ] Request (FlavorsExtraSpecsNegativeTestJSON:test_flavor_non_admin_update_specific_key): 403 PUT http://10.180.1.21/compute/v2.1/flavors/1885085456/os-extra_specs/hw:numa_nodes 2.314s
2025-01-10 07:46:39.728 67699 INFO tempest.lib.common.rest_client [req-a69055d0-05f5-49b0-b24d-a249c65856df req-a69055d0-05f5-49b0-b24d-a249c65856df ] Request (FlavorsAdminTestJSON:test_is_public_string_variations): 200 GET http://10.180.1.21/compute/v2.1/flavors/detail?is_public=yes 2.294s
2025-01-10 07:46:39.787 67697 INFO tempest.lib.common.rest_client [req-05195ea6-e22f-4c68-86fd-f0dbbab0d69c req-05195ea6-e22f-4c68-86fd-f0dbbab0d69c ] Request (ServerDiagnosticsV248Test:tearDownClass): 204 DELETE http://10.180.1.21/compute/v2.1/servers/e1540aa6-12a4-4cff-a444-d47ee66c78d7 2.427s
2025-01-10 07:46:39.788 67711 INFO tempest.lib.common.rest_client [req-d43702e4-17c8-4125-a84e-9b8649ead45f req-d43702e4-17c8-4125-a84e-9b8649ead45f ] Request (ImagesNegativeTestJSON:test_create_image_from_deleted_server): 200 GET http://10.180.1.21/compute/v2.1/servers/a4767855-0c1d-48c8-98cc-6532ff140b5c 2.334s
2025-01-10 07:46:39.835 67677 INFO tempest.lib.common.rest_client [req-37c39d03-22e3-4bd0-864d-9e17bb8e0959 req-37c39d03-22e3-4bd0-864d-9e17bb8e0959 ] Request (ImagesTestJSON:test_create_image_from_stopped_server): 200 GET http://10.180.1.21/compute/v2.1/images/cb72481b-e414-4c6f-a209-0ec1dbe35df0 2.277s
2025-01-10 07:46:39.872 67677 INFO tempest.lib.common.rest_client [req-63e2a76c-f55f-4462-9379-98bc8eaa1201 req-63e2a76c-f55f-4462-9379-98bc8eaa1201 ] Request (ImagesTestJSON:test_create_image_from_stopped_server): 200 GET http://10.180.1.21/image/v2/images/cb72481b-e414-4c6f-a209-0ec1dbe35df0/tasks 0.030s
2025-01-10 07:46:40.141 67707 INFO tempest.lib.common.rest_client [req-6eb225f3-a76f-4f42-b803-1f70847a772f req-6eb225f3-a76f-4f42-b803-1f70847a772f ] Request (MultipleCreateTestJSON:setUpClass): 200 PUT http://10.180.1.21:9696/networking/v2.0/routers/a70f9504-158e-41ea-9629-4de215e9bf38/add_router_interface 2.511s
2025-01-10 07:46:40.142 67707 INFO tempest.lib.common.dynamic_creds [-] Created isolated network resources for: credentials: Credentials: {'domain_id': 'default', 'domain_name': 'Default', 'username': 'tempest-MultipleCreateTestJSON-2097349723-project-member', 'project_domain_id': 'default', 'project_domain_name': 'Default', 'project_id': '61c83953d09c4d1c97eee5a8679c30d4', 'project_name': 'tempest-MultipleCreateTestJSON-2097349723', 'tenant_id': '61c83953d09c4d1c97eee5a8679c30d4', 'tenant_name': 'tempest-MultipleCreateTestJSON-2097349723', 'user_domain_id': 'default', 'user_domain_name': 'Default', 'user_id': '5892ca114a9d4a6e95c0498c2fc7f2ba', 'system': None}, Network: {'id': '95ad5a29-9716-4b0c-937b-33a498c74ef7', 'name': 'tempest-MultipleCreateTestJSON-342262548-network', 'tenant_id': '61c83953d09c4d1c97eee5a8679c30d4', 'admin_state_up': True, 'mtu': 8950, 'status': 'ACTIVE', 'subnets': [], 'shared': False, 'project_id': '61c83953d09c4d1c97eee5a8679c30d4', 'port_security_enabled': True, 'router:external': False, 'provider:network_type': 'vlan', 'provider:physical_network': 'default', 'provider:segmentation_id': 696, 'availability_zone_hints': [], 'availability_zones': [], 'ipv4_address_scope': None, 'ipv6_address_scope': None, 'description': '', 'tags': [], 'created_at': '2025-01-10T07:46:36Z', 'updated_at': '2025-01-10T07:46:36Z', 'revision_number': 1}, Subnet: {'id': '4a787e8c-b5cd-4aaa-b80d-f2b9ecb4a279', 'name': 'tempest-MultipleCreateTestJSON-342262548-subnet', 'tenant_id': '61c83953d09c4d1c97eee5a8679c30d4', 'network_id': '95ad5a29-9716-4b0c-937b-33a498c74ef7', 'ip_version': 4, 'subnetpool_id': None, 'enable_dhcp': True, 'ipv6_ra_mode': None, 'ipv6_address_mode': None, 'gateway_ip': '192.168.128.1', 'cidr': '192.168.128.0/28', 'allocation_pools': [{'start': '192.168.128.2', 'end': '192.168.128.14'}], 'host_routes': [], 'dns_nameservers': [], 'description': '', 'router:external': False, 'service_types': [], 'tags': [], 'created_at': '2025-01-10T07:46:36Z', 'updated_at': '2025-01-10T07:46:36Z', 'revision_number': 0, 'project_id': '61c83953d09c4d1c97eee5a8679c30d4'}, Router: {'id': 'a70f9504-158e-41ea-9629-4de215e9bf38', 'name': 'tempest-MultipleCreateTestJSON-342262548-router', 'tenant_id': '61c83953d09c4d1c97eee5a8679c30d4', 'admin_state_up': True, 'status': 'ACTIVE', 'external_gateway_info': {'network_id': '67633e74-9459-44cc-a124-11a2b0fddc5e', 'external_fixed_ips': [{'subnet_id': 'dbd3c992-fc8b-47c3-a1e0-83ad000ffba2', 'ip_address': '10.180.180.129'}], 'enable_snat': True}, 'description': '', 'availability_zones': [], 'distributed': False, 'ha': False, 'availability_zone_hints': [], 'routes': [], 'flavor_id': None, 'tags': [], 'created_at': '2025-01-10T07:46:36Z', 'updated_at': '2025-01-10T07:46:37Z', 'revision_number': 2, 'project_id': '61c83953d09c4d1c97eee5a8679c30d4'}
2025-01-10 07:46:40.152 67681 INFO tempest.lib.common.rest_client [req-39299580-acaf-4832-8629-6a15b303b4b1 req-39299580-acaf-4832-8629-6a15b303b4b1 ] Request (AttachInterfacesV270Test:test_create_get_list_interfaces): 200 GET http://10.180.1.21/compute/v2.1/servers/43d28811-26e4-4016-9f82-98349d4a05b7 2.327s
2025-01-10 07:46:40.160 67681 INFO tempest.common.waiters [-] State transition "BUILD/spawning" ==> "ACTIVE/None" after 29 second wait
2025-01-10 07:46:40.171 67683 INFO tempest.lib.common.rest_client [req-b69013c7-3bc1-40d7-a3c8-17e8c113ff25 req-b69013c7-3bc1-40d7-a3c8-17e8c113ff25 ] Request (SecurityGroupRulesNegativeTestJSON:test_create_security_group_rule_duplicate): 200 POST http://10.180.1.21/compute/v2.1/os-security-group-rules 2.236s
2025-01-10 07:46:40.236 67693 INFO tempest.lib.common.rest_client [req-2c6c0fe1-a161-43ee-9bbd-675acdca441b req-2c6c0fe1-a161-43ee-9bbd-675acdca441b ] Request (FloatingIPsAssociationNegativeTestJSON:setUpClass): 200 GET http://10.180.1.21/compute/v2.1/servers/17d30180-9770-4329-a6d8-757a93514a96 1.850s
2025-01-10 07:46:40.253 67707 INFO tempest.lib.common.rest_client [req-49365aa4-e616-4944-975c-1270c0025978 req-49365aa4-e616-4944-975c-1270c0025978 ] Request (MultipleCreateTestJSON:setUpClass): 201 POST http://10.180.1.21/identity/v3/auth/tokens 0.102s
2025-01-10 07:46:40.295 67707 INFO tempest.lib.common.rest_client [req-42a63d39-d463-4a5f-b7d4-3707a550a078 req-42a63d39-d463-4a5f-b7d4-3707a550a078 ] Request (MultipleCreateTestJSON:test_multiple_create): 201 POST http://10.180.1.21/identity/v3/auth/tokens 0.038s
2025-01-10 07:46:40.296 67707 INFO tempest.lib.common.fixed_network [-] (MultipleCreateTestJSON:test_multiple_create) Found network {'id': '95ad5a29-9716-4b0c-937b-33a498c74ef7', 'name': 'tempest-MultipleCreateTestJSON-342262548-network', 'tenant_id': '61c83953d09c4d1c97eee5a8679c30d4', 'admin_state_up': True, 'mtu': 8950, 'status': 'ACTIVE', 'subnets': [], 'shared': False, 'project_id': '61c83953d09c4d1c97eee5a8679c30d4', 'port_security_enabled': True, 'router:external': False, 'provider:network_type': 'vlan', 'provider:physical_network': 'default', 'provider:segmentation_id': 696, 'availability_zone_hints': [], 'availability_zones': [], 'ipv4_address_scope': None, 'ipv6_address_scope': None, 'description': '', 'tags': [], 'created_at': '2025-01-10T07:46:36Z', 'updated_at': '2025-01-10T07:46:36Z', 'revision_number': 1} available for tenant
2025-01-10 07:46:40.368 67679 INFO tempest.lib.common.rest_client [req-509713c8-31e8-4284-ade7-8c27c9c34e42 req-509713c8-31e8-4284-ade7-8c27c9c34e42 ] Request (ServersWithSpecificFlavorTestJSON:test_verify_created_server_ephemeral_disk): 200 GET http://10.180.1.21/compute/v2.1/servers/73f27fc0-ebae-41c7-b292-14396f79a5a2 2.055s
2025-01-10 07:46:40.377 67679 INFO tempest.common.waiters [-] State transition "BUILD/spawning" ==> "ACTIVE/None" after 29 second wait
2025-01-10 07:46:40.410 67687 INFO tempest.lib.common.rest_client [req-8cf0e877-a00d-48d9-9726-ee31ee0bc0d7 req-8cf0e877-a00d-48d9-9726-ee31ee0bc0d7 ] Request (ServerDiagnosticsTest:test_get_server_diagnostics): 200 GET http://10.180.1.21/compute/v2.1/servers/aec16a15-5d75-4ea6-800b-1bf67f762d89 1.990s
2025-01-10 07:46:40.421 67687 INFO tempest.common.waiters [-] State transition "BUILD/None" ==> "BUILD/spawning" after 26 second wait
2025-01-10 07:46:40.442 67730 INFO tempest.lib.common.rest_client [req-3344f593-fa7c-46c9-80fe-5de4f8c63ec2 req-3344f593-fa7c-46c9-80fe-5de4f8c63ec2 ] Request (ServerGroupTestJSON:test_create_server_with_scheduler_hint_group): 200 GET http://10.180.1.21/compute/v2.1/servers/8c046991-b294-4f33-9fce-a241984d66d7 1.975s
2025-01-10 07:46:40.467 67732 INFO tempest.lib.common.rest_client [req-1d716264-063b-4d5a-8a0b-c662f6c1ddaf req-1d716264-063b-4d5a-8a0b-c662f6c1ddaf ] Request (ServersAdminTestJSON:setUpClass): 200 GET http://10.180.1.21/compute/v2.1/servers/06751c34-0724-44ba-a263-ad27fcf2920f 1.960s
2025-01-10 07:46:40.499 67734 INFO tempest.lib.common.rest_client [req-c9c71a1d-b6e0-4f80-bbe1-3e615eb03b4d req-c9c71a1d-b6e0-4f80-bbe1-3e615eb03b4d ] Request (AttachInterfacesUnderV243Test:test_add_remove_fixed_ip): 200 GET http://10.180.1.21/compute/v2.1/servers/0dbd52ac-c987-4728-974e-73e99465c5e7 1.975s
2025-01-10 07:46:40.522 67695 INFO tempest.lib.common.rest_client [req-a963d050-e20e-4a8f-8ac4-e806448c1fff req-a963d050-e20e-4a8f-8ac4-e806448c1fff ] Request (ServersTestJSON:setUpClass): 200 GET http://10.180.1.21/compute/v2.1/servers/f44b2e88-af6d-4252-b562-9d5fa7745b56 1.956s
2025-01-10 07:46:40.559 67717 INFO tempest.lib.common.rest_client [req-cc3fc47a-74b5-4ac7-bbd9-802f2b20b950 req-cc3fc47a-74b5-4ac7-bbd9-802f2b20b950 ] Request (ServersAdminNegativeTestJSON:test_migrate_server_invalid_state): 200 GET http://10.180.1.21/compute/v2.1/servers/ca22ca59-1b60-46f0-ae83-03ed4002fa0d 1.931s
2025-01-10 07:46:40.568 67717 INFO tempest.common.waiters [-] State transition "BUILD/scheduling" ==> "BUILD/None" after 13 second wait
2025-01-10 07:46:40.576 67705 INFO tempest.lib.common.rest_client [req-7f488e33-342b-4a48-9e0d-f599464a708a req-7f488e33-342b-4a48-9e0d-f599464a708a ] Request (ListImageFiltersTestJSON:setUpClass): 200 GET http://10.180.1.21/compute/v2.1/servers/a9dfeb4d-a92e-41cf-9d2f-43086cc9e868 1.560s
2025-01-10 07:46:40.635 67701 INFO tempest.lib.common.rest_client [req-979091ea-dec3-4f03-9496-877dea280332 req-979091ea-dec3-4f03-9496-877dea280332 ] Request (ServerPasswordTestJSON:tearDownClass): 200 GET http://10.180.1.21/compute/v2.1/servers/91869c00-edd0-40a8-84df-d8842d750558 1.530s
2025-01-10 07:46:40.660 67715 INFO tempest.lib.common.rest_client [req-86ce8324-aecd-49b9-96a1-d91451a27027 req-86ce8324-aecd-49b9-96a1-d91451a27027 ] Request (ServicesAdminNegativeV253TestJSON:test_get_service_by_invalid_params): 200 GET http://10.180.1.21/compute/v2.1/os-services?xxx=nova-compute 1.394s
2025-01-10 07:46:40.687 67721 INFO tempest.lib.common.rest_client [req-c0c7dd13-b86e-4d12-aaf5-8d91b2e035e1 req-c0c7dd13-b86e-4d12-aaf5-8d91b2e035e1 ] Request (FloatingIPDetailsTestJSON:test_list_floating_ips): 200 GET http://10.180.1.21/compute/v2.1/os-floating-ips 1.469s
2025-01-10 07:46:40.688 67691 INFO tempest.lib.common.rest_client [req-5f79a2bc-83ab-4814-973b-419d4db9e570 req-5f79a2bc-83ab-4814-973b-419d4db9e570 ] Request (AggregatesAdminNegativeTestJSON:test_aggregate_remove_nonexistent_host): 200 POST http://10.180.1.21/compute/v2.1/os-aggregates 1.258s
2025-01-10 07:46:40.722 67685 INFO tempest.lib.common.rest_client [req-40f3a2d8-afe1-495e-b6b2-34e59e225341 req-40f3a2d8-afe1-495e-b6b2-34e59e225341 ] Request (FlavorsExtraSpecsNegativeTestJSON:test_flavor_unset_nonexistent_key): 404 DELETE http://10.180.1.21/compute/v2.1/flavors/1885085456/os-extra_specs/hw:cpu_thread_policy 1.005s
2025-01-10 07:46:40.733 67736 WARNING tempest.lib.common.ssh [-] Failed to establish authenticated ssh connection to cirros@10.180.180.156 ([Errno None] Unable to connect to port 22 on 10.180.180.156). Number attempts: 3. Retry after 4 seconds.: paramiko.ssh_exception.NoValidConnectionsError: [Errno None] Unable to connect to port 22 on 10.180.180.156
2025-01-10 07:46:40.738 67699 INFO tempest.lib.common.rest_client [req-6aa74b77-3d2e-4063-bcad-3ee13b8b9c5e req-6aa74b77-3d2e-4063-bcad-3ee13b8b9c5e ] Request (FlavorsAdminTestJSON:test_is_public_string_variations): 200 GET http://10.180.1.21/compute/v2.1/flavors/detail?is_public=1 1.004s
2025-01-10 07:46:40.799 67728 WARNING tempest.lib.common.ssh [-] Failed to establish authenticated ssh connection to cirros@10.180.180.231 ([Errno None] Unable to connect to port 22 on 10.180.180.231). Number attempts: 1. Retry after 2 seconds.: paramiko.ssh_exception.NoValidConnectionsError: [Errno None] Unable to connect to port 22 on 10.180.180.231
2025-01-10 07:46:40.804 67697 INFO tempest.lib.common.rest_client [req-0b1f0c49-18b4-456f-879f-f21960e05550 req-0b1f0c49-18b4-456f-879f-f21960e05550 ] Request (ServerDiagnosticsV248Test:tearDownClass): 200 GET http://10.180.1.21/compute/v2.1/servers/e1540aa6-12a4-4cff-a444-d47ee66c78d7 1.017s
2025-01-10 07:46:40.914 67677 INFO tempest.lib.common.rest_client [req-2b1fd1c5-fa05-46d2-88a7-88f9a8e22ef2 req-2b1fd1c5-fa05-46d2-88a7-88f9a8e22ef2 ] Request (ImagesTestJSON:_run_cleanups): 204 DELETE http://10.180.1.21/compute/v2.1/images/cb72481b-e414-4c6f-a209-0ec1dbe35df0 1.042s
2025-01-10 07:46:41.052 67709 INFO tempest.lib.common.rest_client [req-856bbec3-9e29-4807-83b9-ad4ed9ff4e00 req-856bbec3-9e29-4807-83b9-ad4ed9ff4e00 ] Request (FloatingIPsAssociationTestJSON:test_associate_already_associated_floating_ip): 202 POST http://10.180.1.21/compute/v2.1/servers 1.616s
2025-01-10 07:46:41.089 67683 INFO tempest.lib.common.rest_client [req-97d0776a-8d4f-49a4-87da-2c2311c1af44 req-97d0776a-8d4f-49a4-87da-2c2311c1af44 ] Request (SecurityGroupRulesNegativeTestJSON:test_create_security_group_rule_duplicate): 400 POST http://10.180.1.21/compute/v2.1/os-security-group-rules 0.914s
2025-01-10 07:46:41.416 67707 INFO tempest.lib.common.rest_client [req-6d1955ef-ab8f-4fb4-bed7-64b45ac8de04 req-6d1955ef-ab8f-4fb4-bed7-64b45ac8de04 ] Request (MultipleCreateTestJSON:test_multiple_create): 202 POST http://10.180.1.21/compute/v2.1/servers 1.118s
2025-01-10 07:46:41.482 67689 INFO tempest.lib.common.rest_client [req-ed5d8d8f-60c8-4290-83c6-52ad45312919 req-ed5d8d8f-60c8-4290-83c6-52ad45312919 ] Request (TenantUsagesTestJSON:tearDownClass): 200 GET http://10.180.1.21/compute/v2.1/servers/c1580c72-9345-436e-b4f7-56d319248864 1.120s
2025-01-10 07:46:41.566 67679 INFO tempest.lib.common.rest_client [req-f43cde0f-d2be-43f1-b81c-39ed385f48ba req-f43cde0f-d2be-43f1-b81c-39ed385f48ba ] Request (ServersWithSpecificFlavorTestJSON:test_verify_created_server_ephemeral_disk): 200 GET http://10.180.1.21/compute/v2.1/servers/73f27fc0-ebae-41c7-b292-14396f79a5a2/os-interface 1.189s
2025-01-10 07:46:41.610 67703 INFO tempest.lib.common.rest_client [req-fa913894-1f98-4d25-b25f-a65ae8af3e85 req-fa913894-1f98-4d25-b25f-a65ae8af3e85 ] Request (ImagesOneServerTestJSON:test_create_image_specify_multibyte_character_image_name): 200 GET http://10.180.1.21/compute/v2.1/images/500c73cc-1525-4d2d-8617-14b9836332de 1.204s
2025-01-10 07:46:41.692 67713 INFO tempest.lib.common.rest_client [req-6ddc406f-4f85-4bae-9eef-d5c21f5cefb3 req-6ddc406f-4f85-4bae-9eef-d5c21f5cefb3 ] Request (AttachInterfacesTestJSON:test_create_list_show_delete_interfaces_by_fixed_ip): 200 GET http://10.180.1.21/compute/v2.1/servers/4e5152b0-7bac-4dc2-b6c7-6590fa2d5978 1.273s
2025-01-10 07:46:41.848 67726 INFO tempest.lib.common.rest_client [req-ae11df7c-775c-42ee-8a4e-2de0b2f9332e req-ae11df7c-775c-42ee-8a4e-2de0b2f9332e ] Request (MigrationsAdminTest:test_list_migrations_in_flavor_resize_situation): 200 GET http://10.180.1.21/compute/v2.1/servers/0676806b-c1f0-4c1a-a12d-add2edf1588f 1.197s
2025-01-10 07:46:42.028 67724 INFO tempest.lib.common.rest_client [req-5592ebe2-93b8-4c60-8942-5d2900a48bbe req-5592ebe2-93b8-4c60-8942-5d2900a48bbe ] Request (ServersTestBootFromVolume:setUpClass): 200 GET http://10.180.1.21/compute/v2.1/servers/5bc73032-45f9-4b5c-a4ea-e07c48e4f82b 1.373s
2025-01-10 07:46:42.065 67715 INFO tempest.lib.common.rest_client [req-0f080454-7185-480a-8de1-b735290d8c74 req-0f080454-7185-480a-8de1-b735290d8c74 ] Request (ServicesAdminNegativeV253TestJSON:test_get_service_by_invalid_service_and_valid_host): 200 GET http://10.180.1.21/compute/v2.1/os-services 1.399s
2025-01-10 07:46:42.104 67691 INFO tempest.lib.common.rest_client [req-65111707-0566-436e-8ff8-91bf4a64f856 req-65111707-0566-436e-8ff8-91bf4a64f856 ] Request (AggregatesAdminNegativeTestJSON:test_aggregate_remove_nonexistent_host): 404 POST http://10.180.1.21/compute/v2.1/os-aggregates/8/action 1.414s
2025-01-10 07:46:42.181 67719 INFO tempest.lib.common.rest_client [req-1d8861dc-e6be-485b-be93-698be98d30b8 req-1d8861dc-e6be-485b-be93-698be98d30b8 ] Request (DeleteServersAdminTestJSON:test_admin_delete_servers_of_others): 200 GET http://10.180.1.21/compute/v2.1/servers/4cbcfa1a-c034-4de7-ad25-4ad22316067e 1.485s
2025-01-10 07:46:42.572 67679 INFO tempest.lib.common.rest_client [req-b6b473a8-eaea-4a29-95ad-a529324ca6f3 req-b6b473a8-eaea-4a29-95ad-a529324ca6f3 ] Request (ServersWithSpecificFlavorTestJSON:test_verify_created_server_ephemeral_disk): 200 PUT http://10.180.1.21:9696/networking/v2.0/floatingips/76056343-27ef-4955-bd7c-2f12907b5762 1.002s
2025-01-10 07:46:42.826 67721 INFO tempest.lib.common.rest_client [req-da941239-803a-41d5-8b62-2e4a7fdbd6f2 req-da941239-803a-41d5-8b62-2e4a7fdbd6f2 ] Request (FloatingIPDetailsTestJSON:tearDownClass): 202 DELETE http://10.180.1.21/compute/v2.1/os-floating-ips/62b4b932-d2f1-4e44-a92d-cc6fbad6d617 2.129s
2025-01-10 07:46:42.888 67740 INFO tempest.lib.common.rest_client [req-d1d82b65-3d71-4997-8bbe-534e5e195cb9 req-d1d82b65-3d71-4997-8bbe-534e5e195cb9 ] Request (InstanceActionsTestJSON:setUpClass): 200 GET http://10.180.1.21/compute/v2.1/servers/dfe40a8c-61d6-4c60-afd3-0defb61c4308 2.170s
2025-01-10 07:46:42.895 67685 INFO tempest.lib.common.rest_client [req-393e7aaa-f940-4e3b-9413-52837565e9bf req-393e7aaa-f940-4e3b-9413-52837565e9bf ] Request (FlavorsExtraSpecsNegativeTestJSON:test_flavor_update_mismatch_key): 400 PUT http://10.180.1.21/compute/v2.1/flavors/1885085456/os-extra_specs/hw:numa_nodes 2.170s
2025-01-10 07:46:42.911 67699 INFO tempest.lib.common.rest_client [req-ed9b1a9a-04d2-46ed-88d4-4eff2d7fc8f1 req-ed9b1a9a-04d2-46ed-88d4-4eff2d7fc8f1 ] Request (FlavorsAdminTestJSON:_run_cleanups): 202 DELETE http://10.180.1.21/compute/v2.1/flavors/443859464 2.168s
2025-01-10 07:46:42.963 67711 INFO tempest.lib.common.rest_client [req-6a47f3b0-0de6-4684-b37d-ebf8abf46582 req-6a47f3b0-0de6-4684-b37d-ebf8abf46582 ] Request (ImagesNegativeTestJSON:test_create_image_from_deleted_server): 200 GET http://10.180.1.21/compute/v2.1/servers/a4767855-0c1d-48c8-98cc-6532ff140b5c 2.164s
2025-01-10 07:46:43.065 67677 INFO tempest.lib.common.rest_client [req-610ebd80-6d9b-40af-9d21-7178b1ec7cf4 req-610ebd80-6d9b-40af-9d21-7178b1ec7cf4 ] Request (ImagesTestJSON:_run_cleanups): 204 DELETE http://10.180.1.21/compute/v2.1/servers/8d53d8c3-6db8-4ebe-a35f-0f64602fafcb 2.150s
2025-01-10 07:46:43.132 67709 INFO tempest.lib.common.rest_client [req-5126db70-281b-4a0e-9ef6-67d5baf3546c req-5126db70-281b-4a0e-9ef6-67d5baf3546c ] Request (FloatingIPsAssociationTestJSON:test_associate_already_associated_floating_ip): 200 GET http://10.180.1.21/compute/v2.1/servers/3a172e9f-9f79-489e-9571-80bd74ad8609 2.078s
2025-01-10 07:46:43.219 67677 INFO tempest.lib.common.rest_client [req-c2cd4efe-40e9-46af-99aa-2c3ef48d2c11 req-c2cd4efe-40e9-46af-99aa-2c3ef48d2c11 ] Request (ImagesTestJSON:test_create_image_from_suspended_server): 201 POST http://10.180.1.21/identity/v3/auth/tokens 0.085s
2025-01-10 07:46:43.219 67677 INFO tempest.lib.common.fixed_network [-] (ImagesTestJSON:test_create_image_from_suspended_server) Found network {'id': '2fa98fa4-ff7c-44e6-add0-693f55fd4b03', 'name': 'tempest-ImagesTestJSON-2019954029-network', 'tenant_id': '7855def9d0aa49abb7003ee504b9ccaf', 'admin_state_up': True, 'mtu': 8950, 'status': 'ACTIVE', 'subnets': [], 'shared': False, 'project_id': '7855def9d0aa49abb7003ee504b9ccaf', 'port_security_enabled': True, 'router:external': False, 'provider:network_type': 'vlan', 'provider:physical_network': 'default', 'provider:segmentation_id': 809, 'availability_zone_hints': [], 'availability_zones': [], 'ipv4_address_scope': None, 'ipv6_address_scope': None, 'description': '', 'tags': [], 'created_at': '2025-01-10T07:45:38Z', 'updated_at': '2025-01-10T07:45:38Z', 'revision_number': 1} available for tenant
2025-01-10 07:46:43.322 67683 INFO tempest.lib.common.rest_client [req-f626386d-27b3-4df4-b729-0da8bb904594 req-f626386d-27b3-4df4-b729-0da8bb904594 ] Request (SecurityGroupRulesNegativeTestJSON:_run_cleanups): 202 DELETE http://10.180.1.21/compute/v2.1/os-security-group-rules/750ad308-b718-4675-b638-c679bf3b264b 2.233s
2025-01-10 07:46:43.376 67693 INFO tempest.lib.common.rest_client [req-05778769-ed49-40d6-805b-82ae0c855257 req-05778769-ed49-40d6-805b-82ae0c855257 ] Request (FloatingIPsAssociationNegativeTestJSON:setUpClass): 200 GET http://10.180.1.21/compute/v2.1/servers/17d30180-9770-4329-a6d8-757a93514a96 2.125s
2025-01-10 07:46:43.481 67687 INFO tempest.lib.common.rest_client [req-451de063-a425-4a7e-a18b-0bbecc2b2f19 req-451de063-a425-4a7e-a18b-0bbecc2b2f19 ] Request (ServerDiagnosticsTest:test_get_server_diagnostics): 200 GET http://10.180.1.21/compute/v2.1/servers/aec16a15-5d75-4ea6-800b-1bf67f762d89 2.059s
2025-01-10 07:46:43.588 67707 INFO tempest.lib.common.rest_client [req-3f0394fc-91d9-4836-9662-f417d47da963 req-3f0394fc-91d9-4836-9662-f417d47da963 ] Request (MultipleCreateTestJSON:test_multiple_create): 200 GET http://10.180.1.21/compute/v2.1/servers 2.171s
2025-01-10 07:46:43.644 67730 INFO tempest.lib.common.rest_client [req-346b3ba6-e9d7-447c-a650-09c27b9fb763 req-346b3ba6-e9d7-447c-a650-09c27b9fb763 ] Request (ServerGroupTestJSON:test_create_server_with_scheduler_hint_group): 200 GET http://10.180.1.21/compute/v2.1/servers/8c046991-b294-4f33-9fce-a241984d66d7 2.192s
2025-01-10 07:46:43.797 67732 INFO tempest.lib.common.rest_client [req-6b3f2546-afa2-4397-b012-3bea121432b6 req-6b3f2546-afa2-4397-b012-3bea121432b6 ] Request (ServersAdminTestJSON:setUpClass): 200 GET http://10.180.1.21/compute/v2.1/servers/06751c34-0724-44ba-a263-ad27fcf2920f 2.323s
2025-01-10 07:46:43.803 67732 INFO tempest.common.waiters [-] State transition "BUILD/None" ==> "BUILD/spawning" after 28 second wait
2025-01-10 07:46:43.857 67734 INFO tempest.lib.common.rest_client [req-59504e4e-56b1-45f4-bc26-86e9fa0f251e req-59504e4e-56b1-45f4-bc26-86e9fa0f251e ] Request (AttachInterfacesUnderV243Test:test_add_remove_fixed_ip): 200 GET http://10.180.1.21/compute/v2.1/servers/0dbd52ac-c987-4728-974e-73e99465c5e7 2.351s
2025-01-10 07:46:43.920 67695 INFO tempest.lib.common.rest_client [req-4b7f13a8-d578-4526-9256-e9e8231683bc req-4b7f13a8-d578-4526-9256-e9e8231683bc ] Request (ServersTestJSON:setUpClass): 200 GET http://10.180.1.21/compute/v2.1/servers/f44b2e88-af6d-4252-b562-9d5fa7745b56 2.384s
2025-01-10 07:46:43.967 67681 INFO tempest.lib.common.rest_client [req-9141eb81-bf12-4d64-a4e5-553fc8a3a4b3 req-9141eb81-bf12-4d64-a4e5-553fc8a3a4b3 ] Request (AttachInterfacesV270Test:test_create_get_list_interfaces): 400 POST http://10.180.1.21/compute/v2.1/servers/43d28811-26e4-4016-9f82-98349d4a05b7/os-interface 3.806s
2025-01-10 07:46:43.974 67717 INFO tempest.lib.common.rest_client [req-010f6c7f-3ea3-47a5-8a93-b2ea38927553 req-010f6c7f-3ea3-47a5-8a93-b2ea38927553 ] Request (ServersAdminNegativeTestJSON:test_migrate_server_invalid_state): 200 GET http://10.180.1.21/compute/v2.1/servers/ca22ca59-1b60-46f0-ae83-03ed4002fa0d 2.404s
2025-01-10 07:46:44.024 67705 INFO tempest.lib.common.rest_client [req-7c3aac43-c820-4c01-b5d2-03e9dfe8e6de req-7c3aac43-c820-4c01-b5d2-03e9dfe8e6de ] Request (ListImageFiltersTestJSON:setUpClass): 200 GET http://10.180.1.21/compute/v2.1/servers/a9dfeb4d-a92e-41cf-9d2f-43086cc9e868 2.438s
2025-01-10 07:46:44.031 67705 INFO tempest.common.waiters [-] State transition "BUILD/scheduling" ==> "BUILD/None" after 16 second wait
2025-01-10 07:46:44.039 67701 INFO tempest.lib.common.rest_client [req-2fc1f0b4-25e7-4222-9eee-feec81304907 req-2fc1f0b4-25e7-4222-9eee-feec81304907 ] Request (ServerPasswordTestJSON:tearDownClass): 200 GET http://10.180.1.21/compute/v2.1/servers/91869c00-edd0-40a8-84df-d8842d750558 2.396s
2025-01-10 07:46:44.070 67715 INFO tempest.lib.common.rest_client [req-becaad6d-2486-42a1-9d31-7b2d4007e732 req-becaad6d-2486-42a1-9d31-7b2d4007e732 ] Request (ServicesAdminNegativeV253TestJSON:test_get_service_by_invalid_service_and_valid_host): 200 GET http://10.180.1.21/compute/v2.1/os-services?host=devstack&binary=xxx 2.002s
2025-01-10 07:46:44.090 67691 INFO tempest.lib.common.rest_client [req-c4f37538-3045-4a46-a130-1bab5f60d8fc req-c4f37538-3045-4a46-a130-1bab5f60d8fc ] Request (AggregatesAdminNegativeTestJSON:_run_cleanups): 200 DELETE http://10.180.1.21/compute/v2.1/os-aggregates/8 1.985s
2025-01-10 07:46:44.101 67697 INFO tempest.lib.common.rest_client [req-51613c68-70df-4a6c-bff4-1804c2c74d72 req-51613c68-70df-4a6c-bff4-1804c2c74d72 ] Request (ServerDiagnosticsV248Test:tearDownClass): 200 GET http://10.180.1.21/compute/v2.1/servers/e1540aa6-12a4-4cff-a444-d47ee66c78d7 2.287s
2025-01-10 07:46:44.112 67697 INFO tempest.common.waiters [-] State transition "ACTIVE/deleting" ==> "DELETED/None" after 4 second wait
2025-01-10 07:46:44.166 67689 INFO tempest.lib.common.rest_client [req-82c3f328-4e26-4ea1-b12f-4a311120bd7a req-82c3f328-4e26-4ea1-b12f-4a311120bd7a ] Request (TenantUsagesTestJSON:tearDownClass): 200 GET http://10.180.1.21/compute/v2.1/servers/c1580c72-9345-436e-b4f7-56d319248864 1.678s
2025-01-10 07:46:44.193 67691 INFO tempest.lib.common.rest_client [req-2173c670-d467-4111-a43e-aa9f2f858b2d req-2173c670-d467-4111-a43e-aa9f2f858b2d ] Request (AggregatesAdminNegativeTestJSON:tearDownClass): 204 DELETE http://10.180.1.21/identity/v3/users/64a073aefbff46deb8a42b7532333098 0.101s
2025-01-10 07:46:44.197 67703 INFO tempest.lib.common.rest_client [req-6f8e673b-1836-42e1-9119-cc4d4a6c1c08 req-6f8e673b-1836-42e1-9119-cc4d4a6c1c08 ] Request (ImagesOneServerTestJSON:test_create_image_specify_multibyte_character_image_name): 200 GET http://10.180.1.21/compute/v2.1/images/500c73cc-1525-4d2d-8617-14b9836332de 1.583s
2025-01-10 07:46:44.258 67713 INFO tempest.lib.common.rest_client [req-73add81b-af50-4f94-85cd-90f5ca63dd06 req-73add81b-af50-4f94-85cd-90f5ca63dd06 ] Request (AttachInterfacesTestJSON:test_create_list_show_delete_interfaces_by_fixed_ip): 200 GET http://10.180.1.21/compute/v2.1/servers/4e5152b0-7bac-4dc2-b6c7-6590fa2d5978 1.555s
2025-01-10 07:46:44.277 67679 INFO tempest.lib.common.rest_client [req-244ae454-7ac5-4c2b-a28a-3db609a81ac1 req-244ae454-7ac5-4c2b-a28a-3db609a81ac1 ] Request (ServersWithSpecificFlavorTestJSON:test_verify_created_server_ephemeral_disk): 200 GET http://10.180.1.21/compute/v2.1/servers/73f27fc0-ebae-41c7-b292-14396f79a5a2 1.704s
2025-01-10 07:46:44.284 67679 INFO tempest.lib.common.ssh [-] Creating ssh connection to '10.180.180.194:22' as 'cirros' with public key authentication
2025-01-10 07:46:44.336 67691 INFO tempest.lib.common.rest_client [req-8fe8b164-3036-4f50-b102-8605e6aa8c02 req-8fe8b164-3036-4f50-b102-8605e6aa8c02 ] Request (AggregatesAdminNegativeTestJSON:tearDownClass): 204 DELETE http://10.180.1.21/identity/v3/users/091fe92967f54d5383318e27aad2a196 0.142s
2025-01-10 07:46:44.336 67691 INFO tempest.lib.common.dynamic_creds [-] Deleting project and security group for project: 7d45cafcaf344ee6b83ed14249505fb6
2025-01-10 07:46:44.414 67691 INFO tempest.lib.common.rest_client [req-8b86044e-3fa2-4b93-8a85-290801593657 req-8b86044e-3fa2-4b93-8a85-290801593657 ] Request (AggregatesAdminNegativeTestJSON:tearDownClass): 201 POST http://10.180.1.21/identity/v3/auth/tokens 0.077s
2025-01-10 07:46:44.462 67726 INFO tempest.lib.common.rest_client [req-2c420383-b6f9-40ce-b1dc-7dd3ffea33f9 req-2c420383-b6f9-40ce-b1dc-7dd3ffea33f9 ] Request (MigrationsAdminTest:test_list_migrations_in_flavor_resize_situation): 200 GET http://10.180.1.21/compute/v2.1/servers/0676806b-c1f0-4c1a-a12d-add2edf1588f 1.606s
2025-01-10 07:46:44.473 67685 INFO tempest.lib.common.rest_client [req-cf15de00-0c29-43e7-912e-1b21f951b783 req-cf15de00-0c29-43e7-912e-1b21f951b783 ] Request (FlavorsExtraSpecsNegativeTestJSON:test_flavor_update_more_key): 400 PUT http://10.180.1.21/compute/v2.1/flavors/1885085456/os-extra_specs/hw:numa_nodes 1.576s
2025-01-10 07:46:44.492 67699 INFO tempest.lib.common.rest_client [req-5b60a285-28d0-4e1b-a25c-df768cd97b4b req-5b60a285-28d0-4e1b-a25c-df768cd97b4b ] Request (FlavorsAdminTestJSON:_run_cleanups): 200 GET http://10.180.1.21/compute/v2.1/flavors/detail 1.580s
2025-01-10 07:46:44.608 67691 INFO tempest.lib.common.rest_client [req-cf94a3b7-b8de-4c31-959c-3aa33fcfd445 req-cf94a3b7-b8de-4c31-959c-3aa33fcfd445 ] Request (AggregatesAdminNegativeTestJSON:tearDownClass): 200 GET http://10.180.1.21:9696/networking/v2.0/security-groups?tenant_id=7d45cafcaf344ee6b83ed14249505fb6&name=default 0.193s
2025-01-10 07:46:44.625 67724 INFO tempest.lib.common.rest_client [req-cd0eebc0-82f8-45ab-ad88-32c3d93a62b5 req-cd0eebc0-82f8-45ab-ad88-32c3d93a62b5 ] Request (ServersTestBootFromVolume:setUpClass): 200 GET http://10.180.1.21/compute/v2.1/servers/5bc73032-45f9-4b5c-a4ea-e07c48e4f82b 1.588s
2025-01-10 07:46:44.644 67719 INFO tempest.lib.common.rest_client [req-4693aeef-21d1-4468-b32c-c784a3a92e75 req-4693aeef-21d1-4468-b32c-c784a3a92e75 ] Request (DeleteServersAdminTestJSON:test_admin_delete_servers_of_others): 404 GET http://10.180.1.21/compute/v2.1/servers/4cbcfa1a-c034-4de7-ad25-4ad22316067e 1.451s
2025-01-10 07:46:44.716 67719 INFO tempest.lib.common.rest_client [req-19c704b2-f616-43dc-b460-625368346bd6 req-19c704b2-f616-43dc-b460-625368346bd6 ] Request (DeleteServersAdminTestJSON:test_delete_server_while_in_error_state): 201 POST http://10.180.1.21/identity/v3/auth/tokens 0.058s
2025-01-10 07:46:44.716 67719 INFO tempest.lib.common.fixed_network [-] (DeleteServersAdminTestJSON:test_delete_server_while_in_error_state) Found network None available for tenant
2025-01-10 07:46:44.719 67691 INFO tempest.lib.common.rest_client [req-42d5d1d3-39f9-48d9-a6ea-27848a149b08 req-42d5d1d3-39f9-48d9-a6ea-27848a149b08 ] Request (AggregatesAdminNegativeTestJSON:tearDownClass): 204 DELETE http://10.180.1.21:9696/networking/v2.0/security-groups/f2aadb5a-7e02-4730-8ddc-3acf8c7b5fe3 0.111s
2025-01-10 07:46:44.785 67721 INFO tempest.lib.common.rest_client [req-431b1ecc-8956-462c-97ce-f7ba127054d1 req-431b1ecc-8956-462c-97ce-f7ba127054d1 ] Request (FloatingIPDetailsTestJSON:tearDownClass): 202 DELETE http://10.180.1.21/compute/v2.1/os-floating-ips/464a245c-0a04-47be-bd2f-b3f416499380 1.959s
2025-01-10 07:46:44.789 67691 INFO tempest.lib.common.rest_client [req-3f4e0549-4c43-4154-b06b-ccc1d5a3159a req-3f4e0549-4c43-4154-b06b-ccc1d5a3159a ] Request (AggregatesAdminNegativeTestJSON:tearDownClass): 204 DELETE http://10.180.1.21/identity/v3/projects/7d45cafcaf344ee6b83ed14249505fb6 0.069s
2025-01-10 07:46:44.789 67691 INFO tempest.lib.common.dynamic_creds [-] Deleting project and security group for project: a03ed75cc454486ea1946070a952cbcd
2025-01-10 07:46:45.027 67691 INFO tempest.lib.common.rest_client [req-d27b5ebd-242f-415d-9640-3bed2f38e718 req-d27b5ebd-242f-415d-9640-3bed2f38e718 ] Request (AggregatesAdminNegativeTestJSON:tearDownClass): 200 GET http://10.180.1.21:9696/networking/v2.0/security-groups?tenant_id=a03ed75cc454486ea1946070a952cbcd&name=default 0.238s
2025-01-10 07:46:45.071 67683 INFO tempest.lib.common.rest_client [req-a741b297-0ed8-4223-9937-22b5bfe87477 req-a741b297-0ed8-4223-9937-22b5bfe87477 ] Request (SecurityGroupRulesNegativeTestJSON:test_create_security_group_rule_with_invalid_from_port): 200 POST http://10.180.1.21/compute/v2.1/os-security-groups 1.748s
2025-01-10 07:46:45.155 67707 INFO tempest.lib.common.rest_client [req-bddcf3a3-1577-4f0e-9918-4d6913ef2e25 req-bddcf3a3-1577-4f0e-9918-4d6913ef2e25 ] Request (MultipleCreateTestJSON:test_multiple_create): 200 GET http://10.180.1.21/compute/v2.1/servers/52839b18-a68a-4ec7-a921-c42454955e82 1.564s
2025-01-10 07:46:45.223 67740 INFO tempest.lib.common.rest_client [req-8bb2ac61-9fe4-48de-a13b-f6d5b26aaa2c req-8bb2ac61-9fe4-48de-a13b-f6d5b26aaa2c ] Request (InstanceActionsTestJSON:setUpClass): 200 GET http://10.180.1.21/compute/v2.1/servers/dfe40a8c-61d6-4c60-afd3-0defb61c4308 1.326s
2025-01-10 07:46:45.246 67677 INFO tempest.lib.common.rest_client [req-65a1e230-d82e-4039-8831-966f9892f2b7 req-65a1e230-d82e-4039-8831-966f9892f2b7 ] Request (ImagesTestJSON:test_create_image_from_suspended_server): 202 POST http://10.180.1.21/compute/v2.1/servers 2.026s
2025-01-10 07:46:45.250 67691 INFO tempest.lib.common.rest_client [req-b25398a5-eea5-4cd6-b46c-b60eafe7beef req-b25398a5-eea5-4cd6-b46c-b60eafe7beef ] Request (AggregatesAdminNegativeTestJSON:tearDownClass): 204 DELETE http://10.180.1.21:9696/networking/v2.0/security-groups/987b8028-0bdf-4ca6-a62f-bd5715bde76d 0.222s
2025-01-10 07:46:45.305 67711 INFO tempest.lib.common.rest_client [req-624becec-c3d6-4a76-af17-39a2ccab7773 req-624becec-c3d6-4a76-af17-39a2ccab7773 ] Request (ImagesNegativeTestJSON:test_create_image_from_deleted_server): 200 GET http://10.180.1.21/compute/v2.1/servers/a4767855-0c1d-48c8-98cc-6532ff140b5c 1.333s
2025-01-10 07:46:45.326 67715 INFO tempest.lib.common.rest_client [req-62f462f9-fe5c-41bd-92bf-e60609d3f41c req-62f462f9-fe5c-41bd-92bf-e60609d3f41c ] Request (ServicesAdminNegativeV253TestJSON:test_get_service_with_valid_service_and_invalid_host): 200 GET http://10.180.1.21/compute/v2.1/os-services 1.253s
