2025-01-23 18:59:36.521 68463 INFO tempest.lib.common.rest_client [req-e44406ae-c7cb-4587-a72e-8b71933b95cc req-e44406ae-c7cb-4587-a72e-8b71933b95cc ] Request (ServerActionsV293TestJSON:setUpClass): 200 GET http://10.180.1.21/compute/v2.1/servers/67f4819e-fa4a-452d-baeb-d556727e1958 0.190s
2025-01-23 18:59:36.573 68453 INFO tempest.lib.common.rest_client [req-5e8d6419-ad25-4d2e-8df1-021cb6fd9131 req-5e8d6419-ad25-4d2e-8df1-021cb6fd9131 ] Request (InstanceActionsTestJSON:setUpClass): 200 GET http://10.180.1.21/compute/v2.1/servers/0ce8b90f-4ac2-4906-8abc-9e8d3e513022 0.175s
2025-01-23 18:59:36.582 68437 INFO tempest.lib.common.rest_client [req-52828c76-e530-4d8e-88a9-bd258ede5aae req-52828c76-e530-4d8e-88a9-bd258ede5aae ] Request (KeyPairsV22TestJSON:test_keypairsv22_create_list_show): 200 GET http://10.180.1.21/compute/v2.1/os-keypairs/tempest-keypair-1686955873 0.128s
2025-01-23 18:59:36.597 68415 INFO tempest.lib.common.rest_client [req-a7ea5ac7-320d-4b1d-96c7-e7df2cc716e1 req-a7ea5ac7-320d-4b1d-96c7-e7df2cc716e1 ] Request (ServerActionsTestOtherB:setUpClass): 200 GET http://10.180.1.21/compute/v2.1/servers/2f1ff826-3761-4c62-bb64-ac27244d747c/os-interface 0.176s
2025-01-23 18:59:36.646 68421 INFO tempest.lib.common.rest_client [req-d52fb1aa-5ea1-4824-b190-2a17ecd31ab1 req-d52fb1aa-5ea1-4824-b190-2a17ecd31ab1 ] Request (ImagesOneServerNegativeTestJSON:setUpClass): 200 GET http://10.180.1.21/compute/v2.1/servers/c79334fe-c71d-4c9d-b02e-f0ae6d8be83b 0.184s
2025-01-23 18:59:36.710 68429 INFO tempest.lib.common.rest_client [req-ebebdf24-1093-4c69-85d2-8af6f147b18c req-ebebdf24-1093-4c69-85d2-8af6f147b18c ] Request (ServerShowV247Test:test_update_rebuild_list_server): 200 GET http://10.180.1.21/compute/v2.1/servers/7689c66e-3558-4135-9651-52462305ee5d 0.176s
2025-01-23 18:59:36.717 68437 INFO tempest.lib.common.rest_client [req-e95f06b5-52e0-451d-8bb6-f9e250228798 req-e95f06b5-52e0-451d-8bb6-f9e250228798 ] Request (KeyPairsV22TestJSON:test_keypairsv22_create_list_show): 200 GET http://10.180.1.21/compute/v2.1/os-keypairs 0.133s
2025-01-23 18:59:36.794 68411 INFO tempest.lib.common.rest_client [req-7c8ea470-0b8d-4137-a074-a59cd219a5e7 req-7c8ea470-0b8d-4137-a074-a59cd219a5e7 ] Request (TenantUsagesTestJSON:setUpClass): 200 GET http://10.180.1.21/compute/v2.1/servers/25c07823-1b77-45e4-b1e1-f0f61f4c8cca 0.191s
2025-01-23 18:59:36.884 68457 INFO tempest.lib.common.rest_client [req-616d8007-f0c6-4e60-bc59-ab161fd938c2 req-616d8007-f0c6-4e60-bc59-ab161fd938c2 ] Request (DeleteServersTestJSON:test_delete_active_server): 200 GET http://10.180.1.21/compute/v2.1/servers/0796fe26-aedc-4656-99a8-2d15785c64a9 0.213s
2025-01-23 18:59:37.177 68445 INFO tempest.lib.common.rest_client [req-91267710-92e8-40a2-980d-defb272f1a48 req-91267710-92e8-40a2-980d-defb272f1a48 ] Request (ServersTestJSON:test_create_server_specify_multibyte_character_name): 200 GET http://10.180.1.21/compute/v2.1/servers/0e1873ce-fe9f-4314-b782-e2eedd718323 0.503s
2025-01-23 18:59:37.220 68437 INFO tempest.lib.common.rest_client [req-2290ab90-d08b-4a52-ac0a-010f5c113cdb req-2290ab90-d08b-4a52-ac0a-010f5c113cdb ] Request (KeyPairsV22TestJSON:_run_cleanups): 204 DELETE http://10.180.1.21/compute/v2.1/os-keypairs/tempest-keypair-1686955873 0.499s
2025-01-23 18:59:37.302 68413 INFO tempest.lib.common.rest_client [req-7ab40744-ea5a-4ae0-bb1c-ca2d9ec5440d req-7ab40744-ea5a-4ae0-bb1c-ca2d9ec5440d ] Request (VolumesAdminNegativeTest:test_update_attached_volume_with_nonexistent_volume_in_body): 200 GET http://10.180.1.21/compute/v2.1/servers/a347d37d-e47f-4c31-ac73-2d4c161b2c7a 0.572s
2025-01-23 18:59:37.310 68413 INFO tempest.common.waiters [-] State transition "BUILD/None" ==> "BUILD/block_device_mapping" after 84 second wait
2025-01-23 18:59:37.382 68472 INFO tempest.lib.common.rest_client [req-549b4ff6-58cc-494f-80ab-66fd5a0bda04 req-549b4ff6-58cc-494f-80ab-66fd5a0bda04 ] Request (ServerTagsTestJSON:setUpClass): 200 GET http://10.180.1.21/compute/v2.1/servers/df24a196-01dd-4ba4-a531-9ed258e8a1b7 0.627s
2025-01-23 18:59:37.384 68467 INFO tempest.lib.common.rest_client [req-4272197c-ccfc-421c-a00e-4af581e77096 req-4272197c-ccfc-421c-a00e-4af581e77096 ] Request (ImagesTestJSON:test_create_server_from_snapshot): 202 POST http://10.180.1.21/compute/v2.1/servers 0.891s
2025-01-23 18:59:37.466 68455 INFO tempest.lib.common.rest_client [req-7e6d570a-d6bb-4afb-83c8-b3c8005f749b req-7e6d570a-d6bb-4afb-83c8-b3c8005f749b ] Request (ServerDiskConfigTestJSON:test_rebuild_server_with_auto_disk_config): 200 GET http://10.180.1.21/compute/v2.1/servers/a9c2c6cb-0aec-4e44-9b22-5a9c863359dd 0.674s
2025-01-23 18:59:37.488 68435 INFO tempest.lib.common.rest_client [req-0e8a965a-319f-4f3e-85f8-7dd7fa2cf1c6 req-0e8a965a-319f-4f3e-85f8-7dd7fa2cf1c6 ] Request (ServerGroupTestJSON:_run_cleanups): 200 GET http://10.180.1.21/compute/v2.1/servers/42b4d041-f32d-467f-a5bc-756ca033e802 0.640s
2025-01-23 18:59:37.577 68439 INFO tempest.lib.common.rest_client [req-80535cdc-ed4c-45e1-b78c-8e2a774e2ca2 req-80535cdc-ed4c-45e1-b78c-8e2a774e2ca2 ] Request (ListImageFiltersTestJSON:setUpClass): 200 GET http://10.180.1.21/compute/v2.1/servers/5afb5c9e-ed98-481a-9354-4b475fc2ed94 0.593s
2025-01-23 18:59:37.585 68439 INFO tempest.common.waiters [-] State transition "BUILD/scheduling" ==> "BUILD/None" after 67 second wait
2025-01-23 18:59:37.658 68443 INFO tempest.lib.common.rest_client [req-26354fdc-a1d6-4d8e-9986-7f6ecc1cabff req-26354fdc-a1d6-4d8e-9986-7f6ecc1cabff ] Request (ServerMetadataTestJSON:setUpClass): 200 GET http://10.180.1.21/compute/v2.1/servers/d4e7eb6b-7e18-4492-9680-54d1cc0a75a1 0.662s
2025-01-23 18:59:37.717 68427 INFO tempest.lib.common.rest_client [req-3124bb5a-c193-4c64-8683-2d633e8d0cea req-3124bb5a-c193-4c64-8683-2d633e8d0cea ] Request (SecurityGroupsTestJSON:test_server_security_groups): 200 GET http://10.180.1.21/compute/v2.1/servers/c54f6eeb-a992-41a9-9c8b-ea865bad36c1 0.665s
2025-01-23 18:59:37.801 68433 INFO tempest.lib.common.rest_client [req-71e11ba2-6357-42b5-bb70-773ef50d1ea2 req-71e11ba2-6357-42b5-bb70-773ef50d1ea2 ] Request (ServersTestMultiNic:test_verify_duplicate_network_nics): 200 GET http://10.180.1.21/compute/v2.1/servers/c744175f-6b0e-4123-a23c-075208d7493e 0.864s
2025-01-23 18:59:37.802 68415 INFO tempest.lib.common.rest_client [req-282cb79f-ea8e-487c-9dc6-e1d7b10d92c9 req-282cb79f-ea8e-487c-9dc6-e1d7b10d92c9 ] Request (ServerActionsTestOtherB:setUpClass): 200 PUT http://10.180.1.21:9696/networking/v2.0/floatingips/312b4da4-35f3-48b7-af15-9e52c1e97589 1.204s
2025-01-23 18:59:37.804 68415 INFO tempest.lib.common.ssh [-] Creating ssh connection to '10.180.180.237:22' as 'cirros' with public key authentication
2025-01-23 18:59:37.873 68469 INFO tempest.lib.common.rest_client [req-bac6aab1-e56c-4ede-902b-973ed9b16ed7 req-bac6aab1-e56c-4ede-902b-973ed9b16ed7 ] Request (AttachInterfacesTestJSON:test_create_list_show_delete_interfaces_by_network_port): 200 GET http://10.180.1.21/compute/v2.1/servers/fc931275-dadd-4889-94d1-525025178b38 0.742s
2025-01-23 18:59:37.934 68449 INFO tempest.lib.common.rest_client [req-144d9c17-c2d5-4403-bada-40e491130c68 req-144d9c17-c2d5-4403-bada-40e491130c68 ] Request (ServerRescueTestJSON:setUpClass): 200 GET http://10.180.1.21/compute/v2.1/servers/0e8c5228-d6c0-4c2a-b350-1796066698b7 0.831s
2025-01-23 18:59:37.941 68431 INFO tempest.lib.common.rest_client [req-52efd6ce-df3d-4e82-b43f-2af6954753e0 req-52efd6ce-df3d-4e82-b43f-2af6954753e0 ] Request (ImagesOneServerTestJSON:test_create_image_specify_multibyte_character_image_name): 200 GET http://10.180.1.21/compute/v2.1/images/2005505c-ee11-4fb2-be10-33f3a574f659 0.782s
2025-01-23 18:59:38.052 68425 INFO tempest.lib.common.rest_client [req-f3515f01-afee-4e4a-a147-18708c1037e5 req-f3515f01-afee-4e4a-a147-18708c1037e5 ] Request (FloatingIPDetailsNegativeTestJSON:tearDownClass): 200 PUT http://10.180.1.21:9696/networking/v2.0/routers/748713ad-31e9-4090-876a-9f9836b443b0/remove_router_interface 1.559s
2025-01-23 18:59:38.088 68417 INFO tempest.lib.common.rest_client [req-0d78ecd6-a0f1-40fb-812f-ac09e5f27c03 req-0d78ecd6-a0f1-40fb-812f-ac09e5f27c03 ] Request (ImagesNegativeTestJSON:test_create_image_from_deleted_server): 200 GET http://10.180.1.21/compute/v2.1/servers/e5a22e01-321a-491c-842b-ec73393bf1e6 0.917s
2025-01-23 18:59:38.446 68437 INFO tempest.lib.common.rest_client [req-2cc0c784-568a-470b-be0a-8d056da0838e req-2cc0c784-568a-470b-be0a-8d056da0838e ] Request (KeyPairsV22TestJSON:test_keypairsv22_create_list_show_with_type): 201 POST http://10.180.1.21/compute/v2.1/os-keypairs 1.221s
2025-01-23 18:59:38.516 68467 INFO tempest.lib.common.rest_client [req-7cb5336f-48c1-401f-b896-c87594146d8c req-7cb5336f-48c1-401f-b896-c87594146d8c ] Request (ImagesTestJSON:test_create_server_from_snapshot): 200 GET http://10.180.1.21/compute/v2.1/servers/7600f5bf-6905-48eb-b2f4-84be432c2bee 1.131s
2025-01-23 18:59:38.532 68447 INFO tempest.lib.common.rest_client [req-c54c5eb8-0e5b-49c0-bc3f-e3099602a72b req-c54c5eb8-0e5b-49c0-bc3f-e3099602a72b ] Request (MigrationsAdminTest:test_resize_server_revert_deleted_flavor): 200 GET http://10.180.1.21/compute/v2.1/servers/fa4cba91-3e26-4f43-b24d-63960814b35c 1.184s
2025-01-23 18:59:38.581 68463 INFO tempest.lib.common.rest_client [req-7c713c67-c5a4-4f7f-8d31-cf9cbe4c76f6 req-7c713c67-c5a4-4f7f-8d31-cf9cbe4c76f6 ] Request (ServerActionsV293TestJSON:setUpClass): 200 GET http://10.180.1.21/compute/v2.1/servers/67f4819e-fa4a-452d-baeb-d556727e1958 1.043s
2025-01-23 18:59:38.616 68453 INFO tempest.lib.common.rest_client [req-73a5ee04-932a-4c3e-9268-0e8fdb239096 req-73a5ee04-932a-4c3e-9268-0e8fdb239096 ] Request (InstanceActionsTestJSON:setUpClass): 200 GET http://10.180.1.21/compute/v2.1/servers/0ce8b90f-4ac2-4906-8abc-9e8d3e513022 1.035s
2025-01-23 18:59:38.646 68421 INFO tempest.lib.common.rest_client [req-e32d70f4-5b27-488c-8210-908046a15e07 req-e32d70f4-5b27-488c-8210-908046a15e07 ] Request (ImagesOneServerNegativeTestJSON:setUpClass): 200 GET http://10.180.1.21/compute/v2.1/servers/c79334fe-c71d-4c9d-b02e-f0ae6d8be83b 0.982s
2025-01-23 18:59:38.702 68429 INFO tempest.lib.common.rest_client [req-0ce2a4c6-9883-4b10-86f4-e02bce9e5464 req-0ce2a4c6-9883-4b10-86f4-e02bce9e5464 ] Request (ServerShowV247Test:test_update_rebuild_list_server): 200 GET http://10.180.1.21/compute/v2.1/servers/7689c66e-3558-4135-9651-52462305ee5d 0.980s
2025-01-23 18:59:38.718 68411 INFO tempest.lib.common.rest_client [req-484e9366-067b-4468-92e2-4d212dd8967e req-484e9366-067b-4468-92e2-4d212dd8967e ] Request (TenantUsagesTestJSON:setUpClass): 200 GET http://10.180.1.21/compute/v2.1/servers/25c07823-1b77-45e4-b1e1-f0f61f4c8cca 0.914s
2025-01-23 18:59:38.776 68457 INFO tempest.lib.common.rest_client [req-839076be-026d-4ca7-9d29-69e436a10ac0 req-839076be-026d-4ca7-9d29-69e436a10ac0 ] Request (DeleteServersTestJSON:test_delete_active_server): 200 GET http://10.180.1.21/compute/v2.1/servers/0796fe26-aedc-4656-99a8-2d15785c64a9 0.873s
2025-01-23 18:59:38.852 68445 INFO tempest.lib.common.rest_client [req-9a20cfa4-a31b-4864-9580-db6cfefb45ac req-9a20cfa4-a31b-4864-9580-db6cfefb45ac ] Request (ServersTestJSON:test_create_server_specify_multibyte_character_name): 200 GET http://10.180.1.21/compute/v2.1/servers/0e1873ce-fe9f-4314-b782-e2eedd718323 0.663s
2025-01-23 18:59:38.920 68472 INFO tempest.lib.common.rest_client [req-913074b0-8033-40fd-a2e7-7bcc0dd5a8ce req-913074b0-8033-40fd-a2e7-7bcc0dd5a8ce ] Request (ServerTagsTestJSON:setUpClass): 200 GET http://10.180.1.21/compute/v2.1/servers/df24a196-01dd-4ba4-a531-9ed258e8a1b7 0.522s
2025-01-23 18:59:38.931 68437 INFO tempest.lib.common.rest_client [req-c1d38df6-db20-46b7-be7b-888b5438673a req-c1d38df6-db20-46b7-be7b-888b5438673a ] Request (KeyPairsV22TestJSON:test_keypairsv22_create_list_show_with_type): 200 GET http://10.180.1.21/compute/v2.1/os-keypairs/tempest-keypair-1376836745 0.483s
2025-01-23 18:59:38.988 68455 INFO tempest.lib.common.rest_client [req-5f5b802a-beb0-46c4-bf91-35168149d816 req-5f5b802a-beb0-46c4-bf91-35168149d816 ] Request (ServerDiskConfigTestJSON:test_rebuild_server_with_auto_disk_config): 200 GET http://10.180.1.21/compute/v2.1/servers/a9c2c6cb-0aec-4e44-9b22-5a9c863359dd 0.511s
2025-01-23 18:59:39.049 68435 INFO tempest.lib.common.rest_client [req-72ee26f4-0a5d-4660-9b06-42c2e5a6a2cb req-72ee26f4-0a5d-4660-9b06-42c2e5a6a2cb ] Request (ServerGroupTestJSON:_run_cleanups): 200 GET http://10.180.1.21/compute/v2.1/servers/42b4d041-f32d-467f-a5bc-756ca033e802 0.550s
2025-01-23 18:59:39.069 68413 INFO tempest.lib.common.rest_client [req-e456a433-6587-45ee-aa8a-b7b4c8b72820 req-e456a433-6587-45ee-aa8a-b7b4c8b72820 ] Request (VolumesAdminNegativeTest:test_update_attached_volume_with_nonexistent_volume_in_body): 200 GET http://10.180.1.21/compute/v2.1/servers/a347d37d-e47f-4c31-ac73-2d4c161b2c7a 0.758s
2025-01-23 18:59:39.078 68413 INFO tempest.common.waiters [-] State transition "BUILD/block_device_mapping" ==> "BUILD/spawning" after 86 second wait
2025-01-23 18:59:39.105 68439 INFO tempest.lib.common.rest_client [req-007f61a6-35ed-4e4e-9f15-008c3c6844b2 req-007f61a6-35ed-4e4e-9f15-008c3c6844b2 ] Request (ListImageFiltersTestJSON:setUpClass): 200 GET http://10.180.1.21/compute/v2.1/servers/5afb5c9e-ed98-481a-9354-4b475fc2ed94 0.519s
2025-01-23 18:59:39.146 68443 INFO tempest.lib.common.rest_client [req-9721a184-1dec-4b2b-a180-c982089a9d84 req-9721a184-1dec-4b2b-a180-c982089a9d84 ] Request (ServerMetadataTestJSON:setUpClass): 200 GET http://10.180.1.21/compute/v2.1/servers/d4e7eb6b-7e18-4492-9680-54d1cc0a75a1 0.475s
2025-01-23 18:59:39.164 68425 INFO tempest.lib.common.rest_client [req-b7545ea7-c26f-4d0a-94d2-34c11662feec req-b7545ea7-c26f-4d0a-94d2-34c11662feec ] Request (FloatingIPDetailsNegativeTestJSON:tearDownClass): 204 DELETE http://10.180.1.21:9696/networking/v2.0/routers/748713ad-31e9-4090-876a-9f9836b443b0 1.109s
2025-01-23 18:59:39.182 68427 INFO tempest.lib.common.rest_client [req-35d47eec-969c-4099-b00c-3857c4fc50dd req-35d47eec-969c-4099-b00c-3857c4fc50dd ] Request (SecurityGroupsTestJSON:test_server_security_groups): 200 GET http://10.180.1.21/compute/v2.1/servers/c54f6eeb-a992-41a9-9c8b-ea865bad36c1 0.454s
2025-01-23 18:59:39.239 68469 INFO tempest.lib.common.rest_client [req-d46f0fcd-c3ad-42c2-952c-79f4eb3f1733 req-d46f0fcd-c3ad-42c2-952c-79f4eb3f1733 ] Request (AttachInterfacesTestJSON:test_create_list_show_delete_interfaces_by_network_port): 200 GET http://10.180.1.21/compute/v2.1/servers/fc931275-dadd-4889-94d1-525025178b38 0.351s
2025-01-23 18:59:39.248 68437 INFO tempest.lib.common.rest_client [req-a7fe4ae6-eb2d-4258-9a46-1b57f29812d2 req-a7fe4ae6-eb2d-4258-9a46-1b57f29812d2 ] Request (KeyPairsV22TestJSON:test_keypairsv22_create_list_show_with_type): 200 GET http://10.180.1.21/compute/v2.1/os-keypairs 0.315s
2025-01-23 18:59:39.409 68449 INFO tempest.lib.common.rest_client [req-20fcd9d8-f313-4580-ad51-d8a089eebef3 req-20fcd9d8-f313-4580-ad51-d8a089eebef3 ] Request (ServerRescueTestJSON:setUpClass): 200 GET http://10.180.1.21/compute/v2.1/servers/0e8c5228-d6c0-4c2a-b350-1796066698b7 0.466s
2025-01-23 18:59:39.423 68425 INFO tempest.lib.common.rest_client [req-91ffbf15-a540-4830-a504-ed2a713784fa req-91ffbf15-a540-4830-a504-ed2a713784fa ] Request (FloatingIPDetailsNegativeTestJSON:tearDownClass): 204 DELETE http://10.180.1.21:9696/networking/v2.0/subnets/e14cffb7-701d-4af6-ab48-e15037939604 0.258s
2025-01-23 18:59:39.436 68433 INFO tempest.lib.common.rest_client [req-8cf8ce93-d89d-42e4-a399-5777040f9f27 req-8cf8ce93-d89d-42e4-a399-5777040f9f27 ] Request (ServersTestMultiNic:test_verify_duplicate_network_nics): 200 GET http://10.180.1.21/compute/v2.1/servers/c744175f-6b0e-4123-a23c-075208d7493e 0.626s
2025-01-23 18:59:39.455 68431 INFO tempest.lib.common.rest_client [req-83677cae-4b0b-4f57-9813-37fdebbb7140 req-83677cae-4b0b-4f57-9813-37fdebbb7140 ] Request (ImagesOneServerTestJSON:test_create_image_specify_multibyte_character_image_name): 200 GET http://10.180.1.21/compute/v2.1/images/2005505c-ee11-4fb2-be10-33f3a574f659 0.509s
2025-01-23 18:59:39.500 68437 INFO tempest.lib.common.rest_client [req-de09c84e-aadf-4d5d-b092-85406efe793f req-de09c84e-aadf-4d5d-b092-85406efe793f ] Request (KeyPairsV22TestJSON:_run_cleanups): 204 DELETE http://10.180.1.21/compute/v2.1/os-keypairs/tempest-keypair-1376836745 0.247s
2025-01-23 18:59:39.506 68417 INFO tempest.lib.common.rest_client [req-7391b1b3-70d8-4bfa-926b-3eb7fdaebfd5 req-7391b1b3-70d8-4bfa-926b-3eb7fdaebfd5 ] Request (ImagesNegativeTestJSON:test_create_image_from_deleted_server): 200 GET http://10.180.1.21/compute/v2.1/servers/e5a22e01-321a-491c-842b-ec73393bf1e6 0.409s
2025-01-23 18:59:39.620 68467 INFO tempest.lib.common.rest_client [req-ef0cc9e0-d4ca-442e-9ab4-bbcfdc21a588 req-ef0cc9e0-d4ca-442e-9ab4-bbcfdc21a588 ] Request (ImagesTestJSON:test_create_server_from_snapshot): 200 GET http://10.180.1.21/compute/v2.1/servers/7600f5bf-6905-48eb-b2f4-84be432c2bee 0.094s
2025-01-23 18:59:39.665 68437 INFO tempest.lib.common.rest_client [req-c7830991-a2bc-49cf-8a9e-d66a2aa11cb6 req-c7830991-a2bc-49cf-8a9e-d66a2aa11cb6 ] Request (KeyPairsV22TestJSON:tearDownClass): 204 DELETE http://10.180.1.21/identity/v3/users/47bb83c491534f7db583bbf596b734b1 0.163s
2025-01-23 18:59:39.665 68437 INFO tempest.lib.common.dynamic_creds [-] Deleting project and security group for project: 264a0d0a1f5a4089832ccb569edb377a
2025-01-23 18:59:39.702 68447 INFO tempest.lib.common.rest_client [req-a684d31b-8960-4442-b1cd-cf12dfea1986 req-a684d31b-8960-4442-b1cd-cf12dfea1986 ] Request (MigrationsAdminTest:test_resize_server_revert_deleted_flavor): 200 GET http://10.180.1.21/compute/v2.1/servers/fa4cba91-3e26-4f43-b24d-63960814b35c 0.155s
2025-01-23 18:59:39.716 68463 INFO tempest.lib.common.rest_client [req-effa42fd-5e60-4b24-9bf4-85ac2b84eaae req-effa42fd-5e60-4b24-9bf4-85ac2b84eaae ] Request (ServerActionsV293TestJSON:setUpClass): 200 GET http://10.180.1.21/compute/v2.1/servers/67f4819e-fa4a-452d-baeb-d556727e1958 0.124s
2025-01-23 18:59:39.755 68437 INFO tempest.lib.common.rest_client [req-02c4347f-5fb7-4417-ba06-7413014c024e req-02c4347f-5fb7-4417-ba06-7413014c024e ] Request (KeyPairsV22TestJSON:tearDownClass): 201 POST http://10.180.1.21/identity/v3/auth/tokens 0.089s
2025-01-23 18:59:39.772 68453 INFO tempest.lib.common.rest_client [req-16dc942b-4ec6-4723-8d67-fc831e4ad08f req-16dc942b-4ec6-4723-8d67-fc831e4ad08f ] Request (InstanceActionsTestJSON:setUpClass): 200 GET http://10.180.1.21/compute/v2.1/servers/0ce8b90f-4ac2-4906-8abc-9e8d3e513022 0.147s
2025-01-23 18:59:39.779 68421 INFO tempest.lib.common.rest_client [req-c6fba44f-4da6-4fc1-8b1c-d9dc732864d0 req-c6fba44f-4da6-4fc1-8b1c-d9dc732864d0 ] Request (ImagesOneServerNegativeTestJSON:setUpClass): 200 GET http://10.180.1.21/compute/v2.1/servers/c79334fe-c71d-4c9d-b02e-f0ae6d8be83b 0.122s
2025-01-23 18:59:39.805 68425 INFO tempest.lib.common.rest_client [req-d2119b00-57f7-4c47-a3a4-fc2210ab6ffb req-d2119b00-57f7-4c47-a3a4-fc2210ab6ffb ] Request (FloatingIPDetailsNegativeTestJSON:tearDownClass): 204 DELETE http://10.180.1.21:9696/networking/v2.0/networks/5d642267-e769-4c16-848a-cc8469601494 0.382s
2025-01-23 18:59:39.839 68411 INFO tempest.lib.common.rest_client [req-c497ce99-413c-4a36-b0f8-ff2374afd268 req-c497ce99-413c-4a36-b0f8-ff2374afd268 ] Request (TenantUsagesTestJSON:setUpClass): 200 GET http://10.180.1.21/compute/v2.1/servers/25c07823-1b77-45e4-b1e1-f0f61f4c8cca 0.109s
2025-01-23 18:59:39.841 68429 INFO tempest.lib.common.rest_client [req-410eeb0f-c9ec-4a08-9be7-1f631762bd1b req-410eeb0f-c9ec-4a08-9be7-1f631762bd1b ] Request (ServerShowV247Test:test_update_rebuild_list_server): 200 GET http://10.180.1.21/compute/v2.1/servers/7689c66e-3558-4135-9651-52462305ee5d 0.125s
2025-01-23 18:59:39.851 68411 INFO tempest.common.waiters [-] State transition "BUILD/None" ==> "BUILD/networking" after 85 second wait
2025-01-23 18:59:39.902 68425 INFO tempest.lib.common.rest_client [req-a4efcb2a-56cc-454e-be32-d8d99820b274 req-a4efcb2a-56cc-454e-be32-d8d99820b274 ] Request (FloatingIPDetailsNegativeTestJSON:tearDownClass): 204 DELETE http://10.180.1.21/identity/v3/users/47139dbcf5b74497a542751086785662 0.096s
2025-01-23 18:59:39.902 68425 INFO tempest.lib.common.dynamic_creds [-] Deleting project and security group for project: 4d359a748f3942e99c562f99b1ff1c29
2025-01-23 18:59:39.914 68457 INFO tempest.lib.common.rest_client [req-3f826f84-742c-49a9-91e1-f6a5a8b65e59 req-3f826f84-742c-49a9-91e1-f6a5a8b65e59 ] Request (DeleteServersTestJSON:test_delete_active_server): 200 GET http://10.180.1.21/compute/v2.1/servers/0796fe26-aedc-4656-99a8-2d15785c64a9 0.124s
2025-01-23 18:59:39.947 68425 INFO tempest.lib.common.rest_client [req-d1b17bb9-f3a2-41b6-9b5c-4cb2edb00bc1 req-d1b17bb9-f3a2-41b6-9b5c-4cb2edb00bc1 ] Request (FloatingIPDetailsNegativeTestJSON:tearDownClass): 200 GET http://10.180.1.21:9696/networking/v2.0/security-groups?tenant_id=4d359a748f3942e99c562f99b1ff1c29&name=default 0.045s
2025-01-23 18:59:39.966 68437 INFO tempest.lib.common.rest_client [req-8140a999-d074-4c42-a8d1-7323d0e875bf req-8140a999-d074-4c42-a8d1-7323d0e875bf ] Request (KeyPairsV22TestJSON:tearDownClass): 200 GET http://10.180.1.21:9696/networking/v2.0/security-groups?tenant_id=264a0d0a1f5a4089832ccb569edb377a&name=default 0.211s
2025-01-23 18:59:40.038 68472 INFO tempest.lib.common.rest_client [req-8f64db51-4511-480e-aa82-d7fe07108e83 req-8f64db51-4511-480e-aa82-d7fe07108e83 ] Request (ServerTagsTestJSON:setUpClass): 200 GET http://10.180.1.21/compute/v2.1/servers/df24a196-01dd-4ba4-a531-9ed258e8a1b7 0.106s
2025-01-23 18:59:40.055 68445 INFO tempest.lib.common.rest_client [req-2b7e58cd-7712-444b-b964-3248d38bc902 req-2b7e58cd-7712-444b-b964-3248d38bc902 ] Request (ServersTestJSON:test_create_server_specify_multibyte_character_name): 200 GET http://10.180.1.21/compute/v2.1/servers/0e1873ce-fe9f-4314-b782-e2eedd718323 0.194s
2025-01-23 18:59:40.068 68445 INFO tempest.common.waiters [-] State transition "BUILD/spawning" ==> "ACTIVE/None" after 94 second wait
2025-01-23 18:59:40.132 68455 INFO tempest.lib.common.rest_client [req-86024056-0016-4b9f-9032-400c6fc0aadd req-86024056-0016-4b9f-9032-400c6fc0aadd ] Request (ServerDiskConfigTestJSON:test_rebuild_server_with_auto_disk_config): 200 GET http://10.180.1.21/compute/v2.1/servers/a9c2c6cb-0aec-4e44-9b22-5a9c863359dd 0.133s
2025-01-23 18:59:40.156 68445 INFO tempest.lib.common.rest_client [req-cb196300-16a8-4803-a072-d5974e82a0f8 req-cb196300-16a8-4803-a072-d5974e82a0f8 ] Request (ServersTestJSON:test_create_server_with_admin_password): 201 POST http://10.180.1.21/identity/v3/auth/tokens 0.080s
2025-01-23 18:59:40.156 68445 INFO tempest.lib.common.fixed_network [-] (ServersTestJSON:test_create_server_with_admin_password) Found network {'id': '502a4e94-4aa4-4dc5-b0a8-b56512beff3d', 'name': 'tempest-ServersTestJSON-1578508597-network', 'tenant_id': 'b1513cdcd3b24014a37c22bd64a1a90e', 'admin_state_up': True, 'mtu': 8950, 'status': 'ACTIVE', 'subnets': [], 'shared': False, 'project_id': 'b1513cdcd3b24014a37c22bd64a1a90e', 'port_security_enabled': True, 'router:external': False, 'provider:network_type': 'vlan', 'provider:physical_network': 'default', 'provider:segmentation_id': 311, 'availability_zone_hints': [], 'availability_zones': [], 'ipv4_address_scope': None, 'ipv6_address_scope': None, 'description': '', 'tags': [], 'created_at': '2025-01-23T18:57:57Z', 'updated_at': '2025-01-23T18:57:57Z', 'revision_number': 1} available for tenant
2025-01-23 18:59:40.168 68435 INFO tempest.lib.common.rest_client [req-4fd2a04d-c5e6-4735-a377-a54ab346d80c req-4fd2a04d-c5e6-4735-a377-a54ab346d80c ] Request (ServerGroupTestJSON:_run_cleanups): 200 GET http://10.180.1.21/compute/v2.1/servers/42b4d041-f32d-467f-a5bc-756ca033e802 0.111s
2025-01-23 18:59:40.231 68439 INFO tempest.lib.common.rest_client [req-5ac2ac80-b635-4c17-95c7-a1e6e0dca183 req-5ac2ac80-b635-4c17-95c7-a1e6e0dca183 ] Request (ListImageFiltersTestJSON:setUpClass): 200 GET http://10.180.1.21/compute/v2.1/servers/5afb5c9e-ed98-481a-9354-4b475fc2ed94 0.117s
2025-01-23 18:59:40.302 68443 INFO tempest.lib.common.rest_client [req-fc3e67e6-efbf-42e3-86ad-6a8bc6da328a req-fc3e67e6-efbf-42e3-86ad-6a8bc6da328a ] Request (ServerMetadataTestJSON:setUpClass): 200 GET http://10.180.1.21/compute/v2.1/servers/d4e7eb6b-7e18-4492-9680-54d1cc0a75a1 0.146s
2025-01-23 18:59:40.430 68425 INFO tempest.lib.common.rest_client [req-0feaa499-7612-4225-96ba-e83b2e4a2b41 req-0feaa499-7612-4225-96ba-e83b2e4a2b41 ] Request (FloatingIPDetailsNegativeTestJSON:tearDownClass): 204 DELETE http://10.180.1.21:9696/networking/v2.0/security-groups/075a1ecc-c645-464e-9fc8-f9feeca1adcb 0.482s
2025-01-23 18:59:40.472 68437 INFO tempest.lib.common.rest_client [req-978fd21c-0df5-4fe7-926a-21c78832d837 req-978fd21c-0df5-4fe7-926a-21c78832d837 ] Request (KeyPairsV22TestJSON:tearDownClass): 204 DELETE http://10.180.1.21:9696/networking/v2.0/security-groups/652949c5-e89e-4140-97f7-73d62d06ee08 0.505s
2025-01-23 18:59:40.550 68425 INFO tempest.lib.common.rest_client [req-2376b1cd-3b7c-4b4a-a2da-d69bb1c34fe6 req-2376b1cd-3b7c-4b4a-a2da-d69bb1c34fe6 ] Request (FloatingIPDetailsNegativeTestJSON:tearDownClass): 204 DELETE http://10.180.1.21/identity/v3/projects/4d359a748f3942e99c562f99b1ff1c29 0.119s
2025-01-23 18:59:40.612 68437 INFO tempest.lib.common.rest_client [req-66568775-1521-496f-8aa7-63cce9ef8b88 req-66568775-1521-496f-8aa7-63cce9ef8b88 ] Request (KeyPairsV22TestJSON:tearDownClass): 204 DELETE http://10.180.1.21/identity/v3/projects/264a0d0a1f5a4089832ccb569edb377a 0.139s
2025-01-23 18:59:40.625 68413 INFO tempest.lib.common.rest_client [req-9c1e28e4-24ae-49a9-aeaf-c70156f4bd2c req-9c1e28e4-24ae-49a9-aeaf-c70156f4bd2c ] Request (VolumesAdminNegativeTest:test_update_attached_volume_with_nonexistent_volume_in_body): 200 GET http://10.180.1.21/compute/v2.1/servers/a347d37d-e47f-4c31-ac73-2d4c161b2c7a 0.545s
2025-01-23 18:59:40.659 68441 WARNING tempest.lib.common.ssh [-] Failed to establish authenticated ssh connection to cirros@10.180.180.187 ([Errno None] Unable to connect to port 22 on 10.180.180.187). Number attempts: 7. Retry after 8 seconds.: paramiko.ssh_exception.NoValidConnectionsError: [Errno None] Unable to connect to port 22 on 10.180.180.187
2025-01-23 18:59:40.675 68425 INFO tempest.lib.common.rest_client [req-51614f7f-80ae-4305-af42-dea762bbd01c req-51614f7f-80ae-4305-af42-dea762bbd01c ] Request (ListServerFiltersTestJSON:setUpClass): 201 POST http://10.180.1.21/identity/v3/auth/tokens 0.123s
2025-01-23 18:59:40.700 68427 INFO tempest.lib.common.rest_client [req-ce5c2444-5784-4108-afee-093955d28bb0 req-ce5c2444-5784-4108-afee-093955d28bb0 ] Request (SecurityGroupsTestJSON:test_server_security_groups): 200 GET http://10.180.1.21/compute/v2.1/servers/c54f6eeb-a992-41a9-9c8b-ea865bad36c1 0.508s
2025-01-23 18:59:40.704 68437 INFO tempest.lib.common.rest_client [req-7729b35f-44fb-4dca-bbf6-74293234934e req-7729b35f-44fb-4dca-bbf6-74293234934e ] Request (TestVersions:setUpClass): 201 POST http://10.180.1.21/identity/v3/auth/tokens 0.090s
2025-01-23 18:59:40.705 68425 INFO tempest.lib.common.rest_client [req-61510a71-18af-4428-b3d1-c32ee157b148 req-61510a71-18af-4428-b3d1-c32ee157b148 ] Request (ListServerFiltersTestJSON:setUpClass): 201 POST http://10.180.1.21/identity/v3/auth/tokens 0.027s
2025-01-23 18:59:40.733 68425 INFO tempest.lib.common.rest_client [req-ab084900-5b89-4651-97d2-54c8dc5acd2a req-ab084900-5b89-4651-97d2-54c8dc5acd2a ] Request (ListServerFiltersTestJSON:setUpClass): 200 GET http://10.180.1.21/identity/v3/domains?name=Default 0.028s
2025-01-23 18:59:40.738 68437 INFO tempest.lib.common.rest_client [req-93bc56c5-e13e-4c9c-9cbc-560c2a00deda req-93bc56c5-e13e-4c9c-9cbc-560c2a00deda ] Request (TestVersions:setUpClass): 201 POST http://10.180.1.21/identity/v3/auth/tokens 0.029s
2025-01-23 18:59:40.765 68437 INFO tempest.lib.common.rest_client [req-050220bf-0a86-4c7d-bd1c-968f0c5e79f9 req-050220bf-0a86-4c7d-bd1c-968f0c5e79f9 ] Request (TestVersions:setUpClass): 200 GET http://10.180.1.21/identity/v3/domains?name=Default 0.027s
2025-01-23 18:59:40.767 68425 INFO tempest.lib.common.rest_client [req-543a1784-947c-477c-98f7-39e5d8b081b1 req-543a1784-947c-477c-98f7-39e5d8b081b1 ] Request (ListServerFiltersTestJSON:setUpClass): 201 POST http://10.180.1.21/identity/v3/projects 0.033s
2025-01-23 18:59:40.783 68469 INFO tempest.lib.common.rest_client [req-49775361-dc4f-4d3c-93df-e889517290b6 req-49775361-dc4f-4d3c-93df-e889517290b6 ] Request (AttachInterfacesTestJSON:test_create_list_show_delete_interfaces_by_network_port): 200 GET http://10.180.1.21/compute/v2.1/servers/fc931275-dadd-4889-94d1-525025178b38 0.529s
2025-01-23 18:59:40.836 68425 INFO tempest.lib.common.rest_client [req-5e025489-a365-4ab2-b2e6-6a67bdb10322 req-5e025489-a365-4ab2-b2e6-6a67bdb10322 ] Request (ListServerFiltersTestJSON:setUpClass): 201 POST http://10.180.1.21/identity/v3/users 0.068s
2025-01-23 18:59:40.839 68437 INFO tempest.lib.common.rest_client [req-064aeea9-0edf-4595-b28b-a3612a84d440 req-064aeea9-0edf-4595-b28b-a3612a84d440 ] Request (TestVersions:setUpClass): 201 POST http://10.180.1.21/identity/v3/projects 0.073s
2025-01-23 18:59:40.845 68445 INFO tempest.lib.common.rest_client [req-6621b95d-9869-4bd6-87c3-b7d5cc11b409 req-6621b95d-9869-4bd6-87c3-b7d5cc11b409 ] Request (ServersTestJSON:test_create_server_with_admin_password): 202 POST http://10.180.1.21/compute/v2.1/servers 0.688s
2025-01-23 18:59:40.896 68425 INFO tempest.lib.common.rest_client [req-1e5a36ef-707a-4c42-b94a-758f6fdb8e80 req-1e5a36ef-707a-4c42-b94a-758f6fdb8e80 ] Request (ListServerFiltersTestJSON:setUpClass): 200 GET http://10.180.1.21/identity/v3/roles 0.059s
2025-01-23 18:59:40.910 68437 INFO tempest.lib.common.rest_client [req-1a608af6-26cf-46c2-8295-dd74143a99ed req-1a608af6-26cf-46c2-8295-dd74143a99ed ] Request (TestVersions:setUpClass): 201 POST http://10.180.1.21/identity/v3/users 0.071s
2025-01-23 18:59:40.933 68437 INFO tempest.lib.common.rest_client [req-d9a952bd-c637-4da0-85ad-18661e32bcdc req-d9a952bd-c637-4da0-85ad-18661e32bcdc ] Request (TestVersions:setUpClass): 200 GET http://10.180.1.21/identity/v3/roles 0.022s
2025-01-23 18:59:40.948 68425 INFO tempest.lib.common.rest_client [req-07059c4b-cf49-4bfc-9242-208b2aa6f63c req-07059c4b-cf49-4bfc-9242-208b2aa6f63c ] Request (ListServerFiltersTestJSON:setUpClass): 204 PUT http://10.180.1.21/identity/v3/projects/ca5185605c5148059230fdd9f496f677/users/e73bf784853e487698c57dc955850b08/roles/682dc508dfca402bb9da6b0b87d9b1d8 0.051s
2025-01-23 18:59:40.949 68425 INFO tempest.lib.common.dynamic_creds [-] Dynamic test user e73bf784853e487698c57dc955850b08 is created with scope project and roles: ['member']
2025-01-23 18:59:40.949 68425 INFO tempest.lib.common.dynamic_creds [-] Acquired dynamic creds: credentials: Credentials: {'domain_id': 'default', 'domain_name': 'Default', 'username': 'tempest-ListServerFiltersTestJSON-118180811-project-member', 'project_domain_id': 'default', 'project_domain_name': 'Default', 'project_id': 'ca5185605c5148059230fdd9f496f677', 'project_name': 'tempest-ListServerFiltersTestJSON-118180811', 'tenant_id': 'ca5185605c5148059230fdd9f496f677', 'tenant_name': 'tempest-ListServerFiltersTestJSON-118180811', 'user_domain_id': 'default', 'user_domain_name': 'Default', 'user_id': 'e73bf784853e487698c57dc955850b08', 'system': None}, Network: None, Subnet: None, Router: None
2025-01-23 18:59:40.988 68433 INFO tempest.lib.common.rest_client [req-81e5e59e-50f5-49d0-82ab-54b6f482f6aa req-81e5e59e-50f5-49d0-82ab-54b6f482f6aa ] Request (ServersTestMultiNic:test_verify_duplicate_network_nics): 200 GET http://10.180.1.21/compute/v2.1/servers/c744175f-6b0e-4123-a23c-075208d7493e 0.542s
2025-01-23 18:59:40.996 68437 INFO tempest.lib.common.rest_client [req-ce9bdbe3-0492-4854-8461-dda2261871a3 req-ce9bdbe3-0492-4854-8461-dda2261871a3 ] Request (TestVersions:setUpClass): 204 PUT http://10.180.1.21/identity/v3/projects/0a306db8c0754d6cb2145f3d1d52ad50/users/fe6b17ee1454483789992c7f6cd80df4/roles/682dc508dfca402bb9da6b0b87d9b1d8 0.062s
2025-01-23 18:59:40.996 68437 INFO tempest.lib.common.dynamic_creds [-] Dynamic test user fe6b17ee1454483789992c7f6cd80df4 is created with scope project and roles: ['member']
2025-01-23 18:59:40.997 68437 INFO tempest.lib.common.dynamic_creds [-] Acquired dynamic creds: credentials: Credentials: {'domain_id': 'default', 'domain_name': 'Default', 'username': 'tempest-TestVersions-1889536146-project-member', 'project_domain_id': 'default', 'project_domain_name': 'Default', 'project_id': '0a306db8c0754d6cb2145f3d1d52ad50', 'project_name': 'tempest-TestVersions-1889536146', 'tenant_id': '0a306db8c0754d6cb2145f3d1d52ad50', 'tenant_name': 'tempest-TestVersions-1889536146', 'user_domain_id': 'default', 'user_domain_name': 'Default', 'user_id': 'fe6b17ee1454483789992c7f6cd80df4', 'system': None}, Network: None, Subnet: None, Router: None
2025-01-23 18:59:40.997 68437 INFO tempest.lib.common.dynamic_creds [-] Created isolated network resources for: credentials: Credentials: {'domain_id': 'default', 'domain_name': 'Default', 'username': 'tempest-TestVersions-1889536146-project-member', 'project_domain_id': 'default', 'project_domain_name': 'Default', 'project_id': '0a306db8c0754d6cb2145f3d1d52ad50', 'project_name': 'tempest-TestVersions-1889536146', 'tenant_id': '0a306db8c0754d6cb2145f3d1d52ad50', 'tenant_name': 'tempest-TestVersions-1889536146', 'user_domain_id': 'default', 'user_domain_name': 'Default', 'user_id': 'fe6b17ee1454483789992c7f6cd80df4', 'system': None}, Network: None, Subnet: None, Router: None
2025-01-23 18:59:41.012 68449 INFO tempest.lib.common.rest_client [req-0ab08ca4-1d01-4bae-9c65-1d4ab2d09891 req-0ab08ca4-1d01-4bae-9c65-1d4ab2d09891 ] Request (ServerRescueTestJSON:setUpClass): 200 GET http://10.180.1.21/compute/v2.1/servers/0e8c5228-d6c0-4c2a-b350-1796066698b7 0.586s
2025-01-23 18:59:41.015 68425 INFO tempest.lib.common.rest_client [req-86298426-0b83-4ac7-8304-e5ff5cb2db15 req-86298426-0b83-4ac7-8304-e5ff5cb2db15 ] Request (ListServerFiltersTestJSON:setUpClass): 201 POST http://10.180.1.21/identity/v3/auth/tokens 0.065s
2025-01-23 18:59:41.038 68431 INFO tempest.lib.common.rest_client [req-65893fc0-5f96-4ffb-90a8-041891cead80 req-65893fc0-5f96-4ffb-90a8-041891cead80 ] Request (ImagesOneServerTestJSON:test_create_image_specify_multibyte_character_image_name): 200 GET http://10.180.1.21/compute/v2.1/images/2005505c-ee11-4fb2-be10-33f3a574f659 0.579s
2025-01-23 18:59:41.081 68437 INFO tempest.lib.common.rest_client [req-7f80e42d-8775-4856-93e2-c5a67b617960 req-7f80e42d-8775-4856-93e2-c5a67b617960 ] Request (TestVersions:setUpClass): 201 POST http://10.180.1.21/identity/v3/auth/tokens 0.078s
2025-01-23 18:59:41.104 68467 INFO tempest.lib.common.rest_client [req-2828a16a-7e15-4550-b534-1e5c563457f4 req-2828a16a-7e15-4550-b534-1e5c563457f4 ] Request (ImagesTestJSON:test_create_server_from_snapshot): 200 GET http://10.180.1.21/compute/v2.1/servers/7600f5bf-6905-48eb-b2f4-84be432c2bee 0.472s
2025-01-23 18:59:41.113 68417 INFO tempest.lib.common.rest_client [req-ac28911c-8c9c-4179-80dc-2632b3d768ba req-ac28911c-8c9c-4179-80dc-2632b3d768ba ] Request (ImagesNegativeTestJSON:test_create_image_from_deleted_server): 200 GET http://10.180.1.21/compute/v2.1/servers/e5a22e01-321a-491c-842b-ec73393bf1e6 0.596s
2025-01-23 18:59:41.191 68463 INFO tempest.lib.common.rest_client [req-fa6d6ed3-52c6-404c-833e-a1f6517cb0ee req-fa6d6ed3-52c6-404c-833e-a1f6517cb0ee ] Request (ServerActionsV293TestJSON:setUpClass): 200 GET http://10.180.1.21/compute/v2.1/servers/67f4819e-fa4a-452d-baeb-d556727e1958 0.462s
2025-01-23 18:59:41.244 68453 INFO tempest.lib.common.rest_client [req-67e23ff3-3698-475a-b25a-3c7eb6eac893 req-67e23ff3-3698-475a-b25a-3c7eb6eac893 ] Request (InstanceActionsTestJSON:setUpClass): 200 GET http://10.180.1.21/compute/v2.1/servers/0ce8b90f-4ac2-4906-8abc-9e8d3e513022 0.463s
2025-01-23 18:59:41.250 68447 INFO tempest.lib.common.rest_client [req-2c81c5c1-c8af-4504-95d4-caff10bc5645 req-2c81c5c1-c8af-4504-95d4-caff10bc5645 ] Request (MigrationsAdminTest:test_resize_server_revert_deleted_flavor): 200 GET http://10.180.1.21/compute/v2.1/servers/fa4cba91-3e26-4f43-b24d-63960814b35c 0.541s
2025-01-23 18:59:41.253 68453 INFO tempest.common.waiters [-] State transition "BUILD/scheduling" ==> "BUILD/None" after 52 second wait
2025-01-23 18:59:41.314 68421 INFO tempest.lib.common.rest_client [req-01773e25-422d-4f27-b796-162f23227c48 req-01773e25-422d-4f27-b796-162f23227c48 ] Request (ImagesOneServerNegativeTestJSON:setUpClass): 200 GET http://10.180.1.21/compute/v2.1/servers/c79334fe-c71d-4c9d-b02e-f0ae6d8be83b 0.520s
2025-01-23 18:59:41.378 68445 INFO tempest.lib.common.rest_client [req-55e309d3-2d5b-4c2a-b922-09833f572669 req-55e309d3-2d5b-4c2a-b922-09833f572669 ] Request (ServersTestJSON:_run_cleanups): 204 DELETE http://10.180.1.21/compute/v2.1/servers/ec74b464-dc59-4f76-9671-c5e10a9046d8 0.532s
2025-01-23 18:59:41.393 68425 INFO tempest.lib.common.rest_client [req-b5025c20-afb8-48a3-b587-9860d4daa5f3 req-b5025c20-afb8-48a3-b587-9860d4daa5f3 ] Request (ListServerFiltersTestJSON:setUpClass): 201 POST http://10.180.1.21:9696/networking/v2.0/networks 0.378s
2025-01-23 18:59:41.443 68429 INFO tempest.lib.common.rest_client [req-1807bba6-6152-4df2-81c7-ac1c653f88fb req-1807bba6-6152-4df2-81c7-ac1c653f88fb ] Request (ServerShowV247Test:test_update_rebuild_list_server): 200 GET http://10.180.1.21/compute/v2.1/servers/7689c66e-3558-4135-9651-52462305ee5d 0.586s
2025-01-23 18:59:41.500 68411 INFO tempest.lib.common.rest_client [req-b1355e99-e9b0-4f2c-bdde-1fb25585381b req-b1355e99-e9b0-4f2c-bdde-1fb25585381b ] Request (TenantUsagesTestJSON:setUpClass): 200 GET http://10.180.1.21/compute/v2.1/servers/25c07823-1b77-45e4-b1e1-f0f61f4c8cca 0.648s
2025-01-23 18:59:41.503 68457 INFO tempest.lib.common.rest_client [req-4fbbc578-2b29-40b7-a96d-d651a636a690 req-4fbbc578-2b29-40b7-a96d-d651a636a690 ] Request (DeleteServersTestJSON:test_delete_active_server): 200 GET http://10.180.1.21/compute/v2.1/servers/0796fe26-aedc-4656-99a8-2d15785c64a9 0.576s
2025-01-23 18:59:41.509 68411 INFO tempest.common.waiters [-] State transition "BUILD/networking" ==> "BUILD/spawning" after 87 second wait
2025-01-23 18:59:41.510 68437 INFO tempest.lib.common.rest_client [-] Request (TestVersions:test_get_version_details): 200 GET http://10.180.1.21/compute/ 0.428s
2025-01-23 18:59:41.571 68472 INFO tempest.lib.common.rest_client [req-51235129-a16a-458a-9cdf-7dd1543911b7 req-51235129-a16a-458a-9cdf-7dd1543911b7 ] Request (ServerTagsTestJSON:setUpClass): 200 GET http://10.180.1.21/compute/v2.1/servers/df24a196-01dd-4ba4-a531-9ed258e8a1b7 0.521s
2025-01-23 18:59:41.577 68455 INFO tempest.lib.common.rest_client [req-ed3e3cf1-af36-4c4c-a061-c606ee1a782b req-ed3e3cf1-af36-4c4c-a061-c606ee1a782b ] Request (ServerDiskConfigTestJSON:test_rebuild_server_with_auto_disk_config): 200 GET http://10.180.1.21/compute/v2.1/servers/a9c2c6cb-0aec-4e44-9b22-5a9c863359dd 0.433s
2025-01-23 18:59:41.627 68425 INFO tempest.lib.common.rest_client [req-22bf92c3-201f-44ec-b77c-f2a732d41872 req-22bf92c3-201f-44ec-b77c-f2a732d41872 ] Request (ListServerFiltersTestJSON:setUpClass): 201 POST http://10.180.1.21:9696/networking/v2.0/subnets 0.232s
2025-01-23 18:59:41.627 68425 INFO tempest.lib.common.dynamic_creds [-] Created isolated network resources for: credentials: Credentials: {'domain_id': 'default', 'domain_name': 'Default', 'username': 'tempest-ListServerFiltersTestJSON-118180811-project-member', 'project_domain_id': 'default', 'project_domain_name': 'Default', 'project_id': 'ca5185605c5148059230fdd9f496f677', 'project_name': 'tempest-ListServerFiltersTestJSON-118180811', 'tenant_id': 'ca5185605c5148059230fdd9f496f677', 'tenant_name': 'tempest-ListServerFiltersTestJSON-118180811', 'user_domain_id': 'default', 'user_domain_name': 'Default', 'user_id': 'e73bf784853e487698c57dc955850b08', 'system': None}, Network: {'id': '64395fd3-da41-48d3-ac8c-a5738402894a', 'name': 'tempest-ListServerFiltersTestJSON-1149460567-network', 'tenant_id': 'ca5185605c5148059230fdd9f496f677', 'admin_state_up': True, 'mtu': 8950, 'status': 'ACTIVE', 'subnets': [], 'shared': False, 'project_id': 'ca5185605c5148059230fdd9f496f677', 'port_security_enabled': True, 'router:external': False, 'provider:network_type': 'vlan', 'provider:physical_network': 'default', 'provider:segmentation_id': 70, 'availability_zone_hints': [], 'availability_zones': [], 'ipv4_address_scope': None, 'ipv6_address_scope': None, 'description': '', 'tags': [], 'created_at': '2025-01-23T18:59:41Z', 'updated_at': '2025-01-23T18:59:41Z', 'revision_number': 1}, Subnet: {'id': '387c48a4-9fd1-4466-86f6-9a9c84148aa1', 'name': 'tempest-ListServerFiltersTestJSON-1149460567-subnet', 'tenant_id': 'ca5185605c5148059230fdd9f496f677', 'network_id': '64395fd3-da41-48d3-ac8c-a5738402894a', 'ip_version': 4, 'subnetpool_id': None, 'enable_dhcp': True, 'ipv6_ra_mode': None, 'ipv6_address_mode': None, 'gateway_ip': '192.168.128.1', 'cidr': '192.168.128.0/28', 'allocation_pools': [{'start': '192.168.128.2', 'end': '192.168.128.14'}], 'host_routes': [], 'dns_nameservers': [], 'description': '', 'router:external': False, 'service_types': [], 'tags': [], 'created_at': '2025-01-23T18:59:41Z', 'updated_at': '2025-01-23T18:59:41Z', 'revision_number': 0, 'project_id': 'ca5185605c5148059230fdd9f496f677'}, Router: None
2025-01-23 18:59:41.631 68439 INFO tempest.lib.common.rest_client [req-a74fc129-ad95-493e-8401-f761e94be801 req-a74fc129-ad95-493e-8401-f761e94be801 ] Request (ListImageFiltersTestJSON:setUpClass): 200 GET http://10.180.1.21/compute/v2.1/servers/5afb5c9e-ed98-481a-9354-4b475fc2ed94 0.386s
2025-01-23 18:59:41.656 68435 INFO tempest.lib.common.rest_client [req-83c09b71-3dba-4edf-89e5-492f0cf0bdcf req-83c09b71-3dba-4edf-89e5-492f0cf0bdcf ] Request (ServerGroupTestJSON:_run_cleanups): 200 GET http://10.180.1.21/compute/v2.1/servers/42b4d041-f32d-467f-a5bc-756ca033e802 0.480s
2025-01-23 18:59:41.666 68445 INFO tempest.lib.common.rest_client [req-c7d02a31-2ff6-48ae-9290-50fa910687cd req-c7d02a31-2ff6-48ae-9290-50fa910687cd ] Request (ServersTestJSON:_run_cleanups): 404 GET http://10.180.1.21/compute/v2.1/servers/ec74b464-dc59-4f76-9671-c5e10a9046d8 0.287s
2025-01-23 18:59:41.691 68443 INFO tempest.lib.common.rest_client [req-38547d2a-21e8-4556-8017-8194dd55655d req-38547d2a-21e8-4556-8017-8194dd55655d ] Request (ServerMetadataTestJSON:setUpClass): 200 GET http://10.180.1.21/compute/v2.1/servers/d4e7eb6b-7e18-4492-9680-54d1cc0a75a1 0.377s
2025-01-23 18:59:41.693 68437 INFO tempest.lib.common.rest_client [req-0bdb7ca2-fbbf-4abe-823d-edf27f78b295 req-0bdb7ca2-fbbf-4abe-823d-edf27f78b295 ] Request (TestVersions:test_get_version_details): 200 GET http://10.180.1.21/compute/v2/ 0.180s
2025-01-23 18:59:41.704 68437 INFO tempest.lib.common.rest_client [req-48f9c46f-af0d-4d90-a620-d7679235c965 req-48f9c46f-af0d-4d90-a620-d7679235c965 ] Request (TestVersions:test_get_version_details): 200 GET http://10.180.1.21/compute/v2.1/ 0.007s
2025-01-23 18:59:41.712 68425 INFO tempest.lib.common.rest_client [req-f4a5a5d3-2f70-4489-9e16-256422102a17 req-f4a5a5d3-2f70-4489-9e16-256422102a17 ] Request (ListServerFiltersTestJSON:setUpClass): 201 POST http://10.180.1.21/identity/v3/auth/tokens 0.081s
2025-01-23 18:59:41.715 68437 INFO tempest.lib.common.rest_client [-] Request (TestVersions:test_list_api_versions): 200 GET http://10.180.1.21/compute/ 0.007s
2025-01-23 18:59:41.730 68445 INFO tempest.lib.common.rest_client [req-51339adb-0cd5-4460-a31d-36b82613cfbc req-51339adb-0cd5-4460-a31d-36b82613cfbc ] Request (ServersTestJSON:test_create_server_with_ipv6_addr_only): 201 POST http://10.180.1.21/identity/v3/auth/tokens 0.060s
2025-01-23 18:59:41.731 68445 INFO tempest.lib.common.fixed_network [-] (ServersTestJSON:test_create_server_with_ipv6_addr_only) Found network {'id': '502a4e94-4aa4-4dc5-b0a8-b56512beff3d', 'name': 'tempest-ServersTestJSON-1578508597-network', 'tenant_id': 'b1513cdcd3b24014a37c22bd64a1a90e', 'admin_state_up': True, 'mtu': 8950, 'status': 'ACTIVE', 'subnets': [], 'shared': False, 'project_id': 'b1513cdcd3b24014a37c22bd64a1a90e', 'port_security_enabled': True, 'router:external': False, 'provider:network_type': 'vlan', 'provider:physical_network': 'default', 'provider:segmentation_id': 311, 'availability_zone_hints': [], 'availability_zones': [], 'ipv4_address_scope': None, 'ipv6_address_scope': None, 'description': '', 'tags': [], 'created_at': '2025-01-23T18:57:57Z', 'updated_at': '2025-01-23T18:57:57Z', 'revision_number': 1} available for tenant
2025-01-23 18:59:41.742 68425 INFO tempest.lib.common.rest_client [req-00c69390-da9a-4956-afa1-7d346c937c74 req-00c69390-da9a-4956-afa1-7d346c937c74 ] Request (ListServerFiltersTestJSON:setUpClass): 201 POST http://10.180.1.21/identity/v3/auth/tokens 0.025s
2025-01-23 18:59:41.743 68425 INFO tempest.lib.common.fixed_network [-] (ListServerFiltersTestJSON:setUpClass) Found network {'id': '64395fd3-da41-48d3-ac8c-a5738402894a', 'name': 'tempest-ListServerFiltersTestJSON-1149460567-network', 'tenant_id': 'ca5185605c5148059230fdd9f496f677', 'admin_state_up': True, 'mtu': 8950, 'status': 'ACTIVE', 'subnets': [], 'shared': False, 'project_id': 'ca5185605c5148059230fdd9f496f677', 'port_security_enabled': True, 'router:external': False, 'provider:network_type': 'vlan', 'provider:physical_network': 'default', 'provider:segmentation_id': 70, 'availability_zone_hints': [], 'availability_zones': [], 'ipv4_address_scope': None, 'ipv6_address_scope': None, 'description': '', 'tags': [], 'created_at': '2025-01-23T18:59:41Z', 'updated_at': '2025-01-23T18:59:41Z', 'revision_number': 1} available for tenant
2025-01-23 18:59:41.769 68427 INFO tempest.lib.common.rest_client [req-c6a7a447-2f59-4d96-af67-0fa295b041d9 req-c6a7a447-2f59-4d96-af67-0fa295b041d9 ] Request (SecurityGroupsTestJSON:test_server_security_groups): 200 GET http://10.180.1.21/compute/v2.1/servers/c54f6eeb-a992-41a9-9c8b-ea865bad36c1 0.059s
2025-01-23 18:59:41.796 68437 INFO tempest.lib.common.rest_client [req-22577133-1de5-4403-8e22-adc73b8b55c0 req-22577133-1de5-4403-8e22-adc73b8b55c0 ] Request (TestVersions:tearDownClass): 204 DELETE http://10.180.1.21/identity/v3/users/fe6b17ee1454483789992c7f6cd80df4 0.073s
2025-01-23 18:59:41.796 68437 INFO tempest.lib.common.dynamic_creds [-] Deleting project and security group for project: 0a306db8c0754d6cb2145f3d1d52ad50
2025-01-23 18:59:41.803 68425 INFO tempest.lib.common.rest_client [req-e0a8dcab-f192-4528-aeef-667a541b4fb1 req-e0a8dcab-f192-4528-aeef-667a541b4fb1 ] Request (ListServerFiltersTestJSON:setUpClass): 201 POST http://10.180.1.21/identity/v3/auth/tokens 0.057s
2025-01-23 18:59:41.803 68425 INFO tempest.lib.common.fixed_network [-] (ListServerFiltersTestJSON:setUpClass) Found network {'id': '64395fd3-da41-48d3-ac8c-a5738402894a', 'name': 'tempest-ListServerFiltersTestJSON-1149460567-network', 'tenant_id': 'ca5185605c5148059230fdd9f496f677', 'admin_state_up': True, 'mtu': 8950, 'status': 'ACTIVE', 'subnets': [], 'shared': False, 'project_id': 'ca5185605c5148059230fdd9f496f677', 'port_security_enabled': True, 'router:external': False, 'provider:network_type': 'vlan', 'provider:physical_network': 'default', 'provider:segmentation_id': 70, 'availability_zone_hints': [], 'availability_zones': [], 'ipv4_address_scope': None, 'ipv6_address_scope': None, 'description': '', 'tags': [], 'created_at': '2025-01-23T18:59:41Z', 'updated_at': '2025-01-23T18:59:41Z', 'revision_number': 1} available for tenant
2025-01-23 18:59:41.855 68437 INFO tempest.lib.common.rest_client [req-4bb76dba-e7aa-4ec3-892a-64ef498aaefb req-4bb76dba-e7aa-4ec3-892a-64ef498aaefb ] Request (TestVersions:tearDownClass): 201 POST http://10.180.1.21/identity/v3/auth/tokens 0.058s
2025-01-23 18:59:41.857 68413 INFO tempest.lib.common.rest_client [req-be05ecb3-9bf8-4c6c-928a-d1b28b504ded req-be05ecb3-9bf8-4c6c-928a-d1b28b504ded ] Request (VolumesAdminNegativeTest:test_update_attached_volume_with_nonexistent_volume_in_body): 200 GET http://10.180.1.21/compute/v2.1/servers/a347d37d-e47f-4c31-ac73-2d4c161b2c7a 0.219s
2025-01-23 18:59:41.934 68469 INFO tempest.lib.common.rest_client [req-5a2fc974-fb58-46f5-9449-f972aeb90efd req-5a2fc974-fb58-46f5-9449-f972aeb90efd ] Request (AttachInterfacesTestJSON:test_create_list_show_delete_interfaces_by_network_port): 200 GET http://10.180.1.21/compute/v2.1/servers/fc931275-dadd-4889-94d1-525025178b38 0.138s
2025-01-23 18:59:41.939 68415 WARNING tempest.lib.common.ssh [-] Failed to establish authenticated ssh connection to cirros@10.180.180.237 ([Errno None] Unable to connect to port 22 on 10.180.180.237). Number attempts: 1. Retry after 2 seconds.: paramiko.ssh_exception.NoValidConnectionsError: [Errno None] Unable to connect to port 22 on 10.180.180.237
2025-01-23 18:59:42.168 68437 INFO tempest.lib.common.rest_client [req-c635de71-ec0a-4b0c-911f-8aae4f54a555 req-c635de71-ec0a-4b0c-911f-8aae4f54a555 ] Request (TestVersions:tearDownClass): 200 GET http://10.180.1.21:9696/networking/v2.0/security-groups?tenant_id=0a306db8c0754d6cb2145f3d1d52ad50&name=default 0.313s
2025-01-23 18:59:42.257 68437 INFO tempest.lib.common.rest_client [req-b8caf3bb-c0fd-4bb1-886c-3605de1ab221 req-b8caf3bb-c0fd-4bb1-886c-3605de1ab221 ] Request (TestVersions:tearDownClass): 204 DELETE http://10.180.1.21:9696/networking/v2.0/security-groups/8a594c9e-c470-4834-ac6e-4e26763eb2cf 0.088s
2025-01-23 18:59:42.265 68445 INFO tempest.lib.common.rest_client [req-ebfa6596-d548-4c3f-8b13-bf624c30c6fe req-ebfa6596-d548-4c3f-8b13-bf624c30c6fe ] Request (ServersTestJSON:test_create_server_with_ipv6_addr_only): 202 POST http://10.180.1.21/compute/v2.1/servers 0.534s
2025-01-23 18:59:42.368 68437 INFO tempest.lib.common.rest_client [req-f6d224a2-86b1-4f8a-8891-1f7ba100ccd2 req-f6d224a2-86b1-4f8a-8891-1f7ba100ccd2 ] Request (TestVersions:tearDownClass): 204 DELETE http://10.180.1.21/identity/v3/projects/0a306db8c0754d6cb2145f3d1d52ad50 0.111s
