2025-01-23 18:57:30.700 68437 INFO tempest.lib.common.rest_client [req-07f8bcb6-b75a-43da-b351-c2dd8264272e req-07f8bcb6-b75a-43da-b351-c2dd8264272e ] Request (FlavorsAccessNegativeTestJSON:_run_cleanups): 200 GET http://10.180.1.21/compute/v2.1/flavors/detail 0.807s
2025-01-23 18:57:30.701 68427 INFO tempest.lib.common.rest_client [req-7345bf76-5307-4a77-bf71-28b885a2b30e req-7345bf76-5307-4a77-bf71-28b885a2b30e ] Request (HostsAdminNegativeTestJSON:test_update_nonexistent_host): 404 PUT http://10.180.1.21/compute/v2.1/os-hosts/nonexistent_hostname 0.795s
2025-01-23 18:57:30.708 68409 INFO tempest.lib.common.rest_client [req-2f000617-f7a1-494c-b9f2-9ca7c1b5dc8b req-2f000617-f7a1-494c-b9f2-9ca7c1b5dc8b ] Request (HypervisorAdminNegativeTestJSON:test_show_nonexistent_hypervisor): 404 GET http://10.180.1.21/compute/v2.1/os-hypervisors/7a07e200-906c-4268-9f9b-04f03f1cb333 0.797s
2025-01-23 18:57:30.750 68460 INFO tempest.lib.common.rest_client [req-1bfe6149-b2f1-4b26-b488-f7171642dcd1 req-1bfe6149-b2f1-4b26-b488-f7171642dcd1 ] Request (ServerDiagnosticsNegativeTest:setUpClass): 200 GET http://10.180.1.21/identity/v3/roles 0.165s
2025-01-23 18:57:30.754 68451 INFO tempest.lib.common.rest_client [req-88ee17d4-701d-413b-960f-fb3b0f39f053 req-88ee17d4-701d-413b-960f-fb3b0f39f053 ] Request (HypervisorAdminNegativeUnderV252Test:setUpClass): 200 GET http://10.180.1.21/identity/v3/roles 0.230s
2025-01-23 18:57:30.767 68441 INFO tempest.lib.common.rest_client [req-2b493a55-9b93-4eb6-94a2-2b7142058405 req-2b493a55-9b93-4eb6-94a2-2b7142058405 ] Request (ServerActionsTestJSON:setUpClass): 201 POST http://10.180.1.21:9696/networking/v2.0/networks 1.102s
2025-01-23 18:57:30.778 68433 INFO tempest.lib.common.rest_client [req-d48bbf0d-6d38-4cf7-8876-60f44d66ef56 req-d48bbf0d-6d38-4cf7-8876-60f44d66ef56 ] Request (FloatingIPDetailsTestJSON:setUpClass): 201 POST http://10.180.1.21:9696/networking/v2.0/subnets 0.994s
2025-01-23 18:57:30.780 68449 INFO tempest.lib.common.rest_client [req-8b9bd8f7-5b86-4383-9d05-d8ebe3241a43 req-8b9bd8f7-5b86-4383-9d05-d8ebe3241a43 ] Request (InstanceActionsV221TestJSON:test_get_list_deleted_instance_actions): 200 GET http://10.180.1.21/compute/v2.1/servers/a18efe53-294f-4308-8c11-e95f7c183ff4 0.692s
2025-01-23 18:57:30.782 68469 INFO tempest.lib.common.rest_client [req-b35d60b2-2004-4fc3-8495-e5e6eae977b7 req-b35d60b2-2004-4fc3-8495-e5e6eae977b7 ] Request (AttachInterfacesTestJSON:setUpClass): 200 GET http://10.180.1.21/identity/v3/roles 0.111s
2025-01-23 18:57:30.858 68445 INFO tempest.lib.common.rest_client [req-4bce6bec-6a1e-41ed-8c1d-e767c2130359 req-4bce6bec-6a1e-41ed-8c1d-e767c2130359 ] Request (FlavorsExtraSpecsTestJSON:tearDownClass): 204 DELETE http://10.180.1.21/identity/v3/users/f4e9736b79584a16bd40e17a067d0bed 0.174s
2025-01-23 18:57:30.859 68445 INFO tempest.lib.common.dynamic_creds [-] Deleting project and security group for project: 5032d60005634167b23e5bb17fb21184
2025-01-23 18:57:30.860 68435 INFO tempest.lib.common.rest_client [req-4b9ef5db-36b5-46c9-a1e5-03c09c451d37 req-4b9ef5db-36b5-46c9-a1e5-03c09c451d37 ] Request (QuotasAdminTestV236:_run_cleanups): 204 DELETE http://10.180.1.21/identity/v3/projects/be99f31a9a314323b2a0643c07708c2e 0.255s
2025-01-23 18:57:30.944 68427 INFO tempest.lib.common.rest_client [req-5574c10e-c091-4751-9a48-b1f55eb58040 req-5574c10e-c091-4751-9a48-b1f55eb58040 ] Request (HostsAdminNegativeTestJSON:tearDownClass): 204 DELETE http://10.180.1.21/identity/v3/users/5c42de18816a4f2d9b4b10e846d214d2 0.241s
2025-01-23 18:57:30.952 68409 INFO tempest.lib.common.rest_client [req-84501e06-f3ea-44ca-8179-5bc0cee4eb12 req-84501e06-f3ea-44ca-8179-5bc0cee4eb12 ] Request (HypervisorAdminNegativeTestJSON:tearDownClass): 204 DELETE http://10.180.1.21/identity/v3/users/7962174076c449f29064af65e6f6e8cc 0.242s
2025-01-23 18:57:31.005 68460 INFO tempest.lib.common.rest_client [req-c3c70069-bf4d-433d-8822-8c4b094d7676 req-c3c70069-bf4d-433d-8822-8c4b094d7676 ] Request (ServerDiagnosticsNegativeTest:setUpClass): 204 PUT http://10.180.1.21/identity/v3/projects/1c796890e46a491f8cbd6c00ab215602/users/7309279e28c0469ebc18fe850854f5f3/roles/682dc508dfca402bb9da6b0b87d9b1d8 0.255s
2025-01-23 18:57:31.005 68460 INFO tempest.lib.common.dynamic_creds [-] Dynamic test user 7309279e28c0469ebc18fe850854f5f3 is created with scope project and roles: ['member']
2025-01-23 18:57:31.006 68460 INFO tempest.lib.common.dynamic_creds [-] Acquired dynamic creds: credentials: Credentials: {'domain_id': 'default', 'domain_name': 'Default', 'username': 'tempest-ServerDiagnosticsNegativeTest-515005487-project-member', 'project_domain_id': 'default', 'project_domain_name': 'Default', 'project_id': '1c796890e46a491f8cbd6c00ab215602', 'project_name': 'tempest-ServerDiagnosticsNegativeTest-515005487', 'tenant_id': '1c796890e46a491f8cbd6c00ab215602', 'tenant_name': 'tempest-ServerDiagnosticsNegativeTest-515005487', 'user_domain_id': 'default', 'user_domain_name': 'Default', 'user_id': '7309279e28c0469ebc18fe850854f5f3', 'system': None}, Network: None, Subnet: None, Router: None
2025-01-23 18:57:31.006 68460 INFO tempest.lib.common.dynamic_creds [-] Created isolated network resources for: credentials: Credentials: {'domain_id': 'default', 'domain_name': 'Default', 'username': 'tempest-ServerDiagnosticsNegativeTest-515005487-project-member', 'project_domain_id': 'default', 'project_domain_name': 'Default', 'project_id': '1c796890e46a491f8cbd6c00ab215602', 'project_name': 'tempest-ServerDiagnosticsNegativeTest-515005487', 'tenant_id': '1c796890e46a491f8cbd6c00ab215602', 'tenant_name': 'tempest-ServerDiagnosticsNegativeTest-515005487', 'user_domain_id': 'default', 'user_domain_name': 'Default', 'user_id': '7309279e28c0469ebc18fe850854f5f3', 'system': None}, Network: None, Subnet: None, Router: None
2025-01-23 18:57:31.011 68451 INFO tempest.lib.common.rest_client [req-1434bd3c-9538-46b6-8b10-96f3f4a77e55 req-1434bd3c-9538-46b6-8b10-96f3f4a77e55 ] Request (HypervisorAdminNegativeUnderV252Test:setUpClass): 204 PUT http://10.180.1.21/identity/v3/projects/1df593ce4f91495abae1937c83af470a/users/1c848966be9946b695347ddfb55c5728/roles/682dc508dfca402bb9da6b0b87d9b1d8 0.256s
2025-01-23 18:57:31.011 68451 INFO tempest.lib.common.dynamic_creds [-] Dynamic test user 1c848966be9946b695347ddfb55c5728 is created with scope project and roles: ['member']
2025-01-23 18:57:31.011 68451 INFO tempest.lib.common.dynamic_creds [-] Acquired dynamic creds: credentials: Credentials: {'domain_id': 'default', 'domain_name': 'Default', 'username': 'tempest-HypervisorAdminNegativeUnderV252Test-961213000-project-member', 'project_domain_id': 'default', 'project_domain_name': 'Default', 'project_id': '1df593ce4f91495abae1937c83af470a', 'project_name': 'tempest-HypervisorAdminNegativeUnderV252Test-961213000', 'tenant_id': '1df593ce4f91495abae1937c83af470a', 'tenant_name': 'tempest-HypervisorAdminNegativeUnderV252Test-961213000', 'user_domain_id': 'default', 'user_domain_name': 'Default', 'user_id': '1c848966be9946b695347ddfb55c5728', 'system': None}, Network: None, Subnet: None, Router: None
2025-01-23 18:57:31.011 68451 INFO tempest.lib.common.dynamic_creds [-] Created isolated network resources for: credentials: Credentials: {'domain_id': 'default', 'domain_name': 'Default', 'username': 'tempest-HypervisorAdminNegativeUnderV252Test-961213000-project-member', 'project_domain_id': 'default', 'project_domain_name': 'Default', 'project_id': '1df593ce4f91495abae1937c83af470a', 'project_name': 'tempest-HypervisorAdminNegativeUnderV252Test-961213000', 'tenant_id': '1df593ce4f91495abae1937c83af470a', 'tenant_name': 'tempest-HypervisorAdminNegativeUnderV252Test-961213000', 'user_domain_id': 'default', 'user_domain_name': 'Default', 'user_id': '1c848966be9946b695347ddfb55c5728', 'system': None}, Network: None, Subnet: None, Router: None
2025-01-23 18:57:31.069 68469 INFO tempest.lib.common.rest_client [req-ca7455f0-2383-40ef-bd08-b826200b795b req-ca7455f0-2383-40ef-bd08-b826200b795b ] Request (AttachInterfacesTestJSON:setUpClass): 204 PUT http://10.180.1.21/identity/v3/projects/aa3dc0cf49934bf4903c9163e301e565/users/37786addbd974b809dda40defaa93ad7/roles/682dc508dfca402bb9da6b0b87d9b1d8 0.286s
2025-01-23 18:57:31.069 68469 INFO tempest.lib.common.dynamic_creds [-] Dynamic test user 37786addbd974b809dda40defaa93ad7 is created with scope project and roles: ['member']
2025-01-23 18:57:31.069 68469 INFO tempest.lib.common.dynamic_creds [-] Acquired dynamic creds: credentials: Credentials: {'domain_id': 'default', 'domain_name': 'Default', 'username': 'tempest-AttachInterfacesTestJSON-58905672-project-member', 'project_domain_id': 'default', 'project_domain_name': 'Default', 'project_id': 'aa3dc0cf49934bf4903c9163e301e565', 'project_name': 'tempest-AttachInterfacesTestJSON-58905672', 'tenant_id': 'aa3dc0cf49934bf4903c9163e301e565', 'tenant_name': 'tempest-AttachInterfacesTestJSON-58905672', 'user_domain_id': 'default', 'user_domain_name': 'Default', 'user_id': '37786addbd974b809dda40defaa93ad7', 'system': None}, Network: None, Subnet: None, Router: None
2025-01-23 18:57:31.118 68445 INFO tempest.lib.common.rest_client [req-c7d4d83b-0841-4f36-ab22-2c07745d0ab5 req-c7d4d83b-0841-4f36-ab22-2c07745d0ab5 ] Request (FlavorsExtraSpecsTestJSON:tearDownClass): 201 POST http://10.180.1.21/identity/v3/auth/tokens 0.259s
2025-01-23 18:57:31.181 68435 INFO tempest.lib.common.rest_client [req-dc234cc5-de61-4d51-8729-0fedb5fc6cd3 req-dc234cc5-de61-4d51-8729-0fedb5fc6cd3 ] Request (QuotasAdminTestV236:tearDownClass): 204 DELETE http://10.180.1.21/identity/v3/users/897728425c1142279e948e0449286234 0.318s
2025-01-23 18:57:31.191 68427 INFO tempest.lib.common.rest_client [req-0d26ffea-145d-43c1-94c0-33547ba594e6 req-0d26ffea-145d-43c1-94c0-33547ba594e6 ] Request (HostsAdminNegativeTestJSON:tearDownClass): 204 DELETE http://10.180.1.21/identity/v3/users/7927094d6cdd4b95a93d93334739c0f4 0.246s
2025-01-23 18:57:31.191 68427 INFO tempest.lib.common.dynamic_creds [-] Deleting project and security group for project: ad8747af32f944038fbfa97a117c7510
2025-01-23 18:57:31.261 68460 INFO tempest.lib.common.rest_client [req-89c85aa3-4fdc-4d67-958c-878a246a839d req-89c85aa3-4fdc-4d67-958c-878a246a839d ] Request (ServerDiagnosticsNegativeTest:setUpClass): 201 POST http://10.180.1.21/identity/v3/auth/tokens 0.252s
2025-01-23 18:57:31.305 68409 INFO tempest.lib.common.rest_client [req-0923ebbe-0595-4da2-bbdb-b9bcaab54cae req-0923ebbe-0595-4da2-bbdb-b9bcaab54cae ] Request (HypervisorAdminNegativeTestJSON:tearDownClass): 204 DELETE http://10.180.1.21/identity/v3/users/2d9b108456bb465b84397c91c12bded5 0.353s
2025-01-23 18:57:31.306 68409 INFO tempest.lib.common.dynamic_creds [-] Deleting project and security group for project: ba707189416c4b649111738a566e18d7
2025-01-23 18:57:31.327 68451 INFO tempest.lib.common.rest_client [req-02f4604a-7eae-4933-a514-6cdaf0d1a963 req-02f4604a-7eae-4933-a514-6cdaf0d1a963 ] Request (HypervisorAdminNegativeUnderV252Test:setUpClass): 201 POST http://10.180.1.21/identity/v3/auth/tokens 0.312s
2025-01-23 18:57:31.340 68441 INFO tempest.lib.common.rest_client [req-91b09557-3168-4f02-9696-50b9d4fa1bbf req-91b09557-3168-4f02-9696-50b9d4fa1bbf ] Request (ServerActionsTestJSON:setUpClass): 201 POST http://10.180.1.21:9696/networking/v2.0/subnets 0.572s
2025-01-23 18:57:31.358 68469 INFO tempest.lib.common.rest_client [req-354f2f63-ec93-4aaf-aabd-81183cdb2627 req-354f2f63-ec93-4aaf-aabd-81183cdb2627 ] Request (AttachInterfacesTestJSON:setUpClass): 201 POST http://10.180.1.21/identity/v3/auth/tokens 0.288s
2025-01-23 18:57:31.418 68435 INFO tempest.lib.common.rest_client [req-684c58d3-81af-4a19-a942-6591c8f1d072 req-684c58d3-81af-4a19-a942-6591c8f1d072 ] Request (QuotasAdminTestV236:tearDownClass): 204 DELETE http://10.180.1.21/identity/v3/users/39586469649a42709efbc31f95cc83c9 0.237s
2025-01-23 18:57:31.419 68435 INFO tempest.lib.common.dynamic_creds [-] Deleting project and security group for project: 943415bf0fe041cea8790db84f981ff9
2025-01-23 18:57:31.451 68429 INFO tempest.lib.common.rest_client [req-2da67134-8653-4ba4-abd8-0e823da3520f req-2da67134-8653-4ba4-abd8-0e823da3520f ] Request (ServerDiagnosticsTest:test_get_server_diagnostics): 202 POST http://10.180.1.21/compute/v2.1/servers 1.124s
2025-01-23 18:57:31.473 68427 INFO tempest.lib.common.rest_client [req-78db755a-c3ea-450d-8484-7cad8ea6dd6d req-78db755a-c3ea-450d-8484-7cad8ea6dd6d ] Request (HostsAdminNegativeTestJSON:tearDownClass): 201 POST http://10.180.1.21/identity/v3/auth/tokens 0.281s
2025-01-23 18:57:31.501 68409 INFO tempest.lib.common.rest_client [req-ef08c366-2380-43c4-b8e8-1a693c189be1 req-ef08c366-2380-43c4-b8e8-1a693c189be1 ] Request (HypervisorAdminNegativeTestJSON:tearDownClass): 201 POST http://10.180.1.21/identity/v3/auth/tokens 0.195s
2025-01-23 18:57:31.505 68443 INFO tempest.lib.common.rest_client [req-461b3bce-5dda-4ade-ae79-9dbdc9717088 req-461b3bce-5dda-4ade-ae79-9dbdc9717088 ] Request (AttachInterfacesUnderV243Test:test_add_remove_fixed_ip): 202 POST http://10.180.1.21/compute/v2.1/servers 1.248s
2025-01-23 18:57:31.516 68460 INFO tempest.lib.common.rest_client [req-92a3eee7-74b6-4105-9cf5-cefb326c98a5 req-92a3eee7-74b6-4105-9cf5-cefb326c98a5 ] Request (ServerDiagnosticsNegativeTest:setUpClass): 201 POST http://10.180.1.21/identity/v3/projects 0.254s
2025-01-23 18:57:31.583 68451 INFO tempest.lib.common.rest_client [req-b72a8344-5283-4ba5-aa8d-26aaae15c4e9 req-b72a8344-5283-4ba5-aa8d-26aaae15c4e9 ] Request (HypervisorAdminNegativeUnderV252Test:setUpClass): 201 POST http://10.180.1.21/identity/v3/projects 0.255s
2025-01-23 18:57:31.616 68421 INFO tempest.lib.common.rest_client [req-ef71ff93-04e8-442b-ab0d-9c7ed2fe1c54 req-ef71ff93-04e8-442b-ab0d-9c7ed2fe1c54 ] Request (ServersAdmin275Test:test_rebuild_update_server_275): 200 GET http://10.180.1.21/compute/v2.1/servers/64872a8b-3b8f-4b38-a20f-b83e8e249888 1.288s
2025-01-23 18:57:31.644 68435 INFO tempest.lib.common.rest_client [req-3653d540-0a68-4db1-81ba-de9c4c1421d2 req-3653d540-0a68-4db1-81ba-de9c4c1421d2 ] Request (QuotasAdminTestV236:tearDownClass): 201 POST http://10.180.1.21/identity/v3/auth/tokens 0.225s
2025-01-23 18:57:31.696 68451 INFO tempest.lib.common.rest_client [req-a3011516-c3dc-4194-baf2-50c297d2f0be req-a3011516-c3dc-4194-baf2-50c297d2f0be ] Request (HypervisorAdminNegativeUnderV252Test:setUpClass): 201 POST http://10.180.1.21/identity/v3/users 0.113s
2025-01-23 18:57:31.701 68460 INFO tempest.lib.common.rest_client [req-6d7d8ca3-e6de-43b6-b9e1-1268a447d96c req-6d7d8ca3-e6de-43b6-b9e1-1268a447d96c ] Request (ServerDiagnosticsNegativeTest:setUpClass): 201 POST http://10.180.1.21/identity/v3/users 0.184s
2025-01-23 18:57:31.724 68451 INFO tempest.lib.common.rest_client [req-93e1505f-c754-487f-a43c-dbf29f07f101 req-93e1505f-c754-487f-a43c-dbf29f07f101 ] Request (HypervisorAdminNegativeUnderV252Test:setUpClass): 200 GET http://10.180.1.21/identity/v3/roles 0.027s
2025-01-23 18:57:31.744 68460 INFO tempest.lib.common.rest_client [req-a0665902-05a7-4666-ab92-eededf60c119 req-a0665902-05a7-4666-ab92-eededf60c119 ] Request (ServerDiagnosticsNegativeTest:setUpClass): 200 GET http://10.180.1.21/identity/v3/roles 0.043s
2025-01-23 18:57:31.756 68451 INFO tempest.lib.common.rest_client [req-a96be9ce-c73b-4eb5-8f36-520a90d5d20e req-a96be9ce-c73b-4eb5-8f36-520a90d5d20e ] Request (HypervisorAdminNegativeUnderV252Test:setUpClass): 204 PUT http://10.180.1.21/identity/v3/projects/dd4433b2bd64475c92e10a1a71bc29fe/users/cb4803d2e01641dfa3294467e0000092/roles/36a3c780154241618317e5c5ec1eb85f 0.031s
2025-01-23 18:57:31.776 68460 INFO tempest.lib.common.rest_client [req-522c60f8-08db-4add-8bbe-f9829c289038 req-522c60f8-08db-4add-8bbe-f9829c289038 ] Request (ServerDiagnosticsNegativeTest:setUpClass): 204 PUT http://10.180.1.21/identity/v3/projects/2138f2b41f564cee9430dd061fe14d5d/users/ab922362689942f39e545acb548faeb3/roles/36a3c780154241618317e5c5ec1eb85f 0.032s
2025-01-23 18:57:31.807 68472 INFO tempest.lib.common.rest_client [req-80305154-11de-48e9-bc44-aaa79f4bcc71 req-80305154-11de-48e9-bc44-aaa79f4bcc71 ] Request (ServerRescueTestJSONUnderV235:setUpClass): 200 PUT http://10.180.1.21:9696/networking/v2.0/routers/975fed05-808a-4ac6-8e90-7dd05b437452/add_router_interface 3.244s
2025-01-23 18:57:31.808 68472 INFO tempest.lib.common.dynamic_creds [-] Created isolated network resources for: credentials: Credentials: {'domain_id': 'default', 'domain_name': 'Default', 'username': 'tempest-ServerRescueTestJSONUnderV235-1985850938-project-member', 'project_domain_id': 'default', 'project_domain_name': 'Default', 'project_id': '264940a4fd83413692b7e40c7022d730', 'project_name': 'tempest-ServerRescueTestJSONUnderV235-1985850938', 'tenant_id': '264940a4fd83413692b7e40c7022d730', 'tenant_name': 'tempest-ServerRescueTestJSONUnderV235-1985850938', 'user_domain_id': 'default', 'user_domain_name': 'Default', 'user_id': '945146e46d524e83bab47f5d7b27c1e7', 'system': None}, Network: {'id': 'b4ed8d76-732d-4e2c-b0e2-9f08c5971956', 'name': 'tempest-ServerRescueTestJSONUnderV235-975232780-network', 'tenant_id': '264940a4fd83413692b7e40c7022d730', 'admin_state_up': True, 'mtu': 8950, 'status': 'ACTIVE', 'subnets': [], 'shared': False, 'project_id': '264940a4fd83413692b7e40c7022d730', 'port_security_enabled': True, 'router:external': False, 'provider:network_type': 'vlan', 'provider:physical_network': 'default', 'provider:segmentation_id': 632, 'availability_zone_hints': [], 'availability_zones': [], 'ipv4_address_scope': None, 'ipv6_address_scope': None, 'description': '', 'tags': [], 'created_at': '2025-01-23T18:57:26Z', 'updated_at': '2025-01-23T18:57:26Z', 'revision_number': 1}, Subnet: {'id': '8c329155-32d7-4203-8dea-034777c8fc94', 'name': 'tempest-ServerRescueTestJSONUnderV235-975232780-subnet', 'tenant_id': '264940a4fd83413692b7e40c7022d730', 'network_id': 'b4ed8d76-732d-4e2c-b0e2-9f08c5971956', 'ip_version': 4, 'subnetpool_id': None, 'enable_dhcp': False, 'ipv6_ra_mode': None, 'ipv6_address_mode': None, 'gateway_ip': '192.168.128.1', 'cidr': '192.168.128.0/28', 'allocation_pools': [{'start': '192.168.128.2', 'end': '192.168.128.14'}], 'host_routes': [], 'dns_nameservers': [], 'description': '', 'router:external': False, 'service_types': [], 'tags': [], 'created_at': '2025-01-23T18:57:27Z', 'updated_at': '2025-01-23T18:57:27Z', 'revision_number': 0, 'project_id': '264940a4fd83413692b7e40c7022d730'}, Router: {'id': '975fed05-808a-4ac6-8e90-7dd05b437452', 'name': 'tempest-ServerRescueTestJSONUnderV235-975232780-router', 'tenant_id': '264940a4fd83413692b7e40c7022d730', 'admin_state_up': True, 'status': 'ACTIVE', 'external_gateway_info': {'network_id': '24b664c4-de91-44bd-94cd-db1f800b9cd5', 'external_fixed_ips': [{'subnet_id': 'ce805d78-88ec-4bde-9488-94fd684794d6', 'ip_address': '10.180.180.183'}], 'enable_snat': True}, 'description': '', 'availability_zones': [], 'distributed': False, 'ha': False, 'availability_zone_hints': [], 'routes': [], 'flavor_id': None, 'tags': [], 'created_at': '2025-01-23T18:57:27Z', 'updated_at': '2025-01-23T18:57:27Z', 'revision_number': 2, 'project_id': '264940a4fd83413692b7e40c7022d730'}
2025-01-23 18:57:31.835 68460 INFO tempest.lib.common.rest_client [req-b0be59d6-b737-45c9-ba76-9bd6930524c1 req-b0be59d6-b737-45c9-ba76-9bd6930524c1 ] Request (ServerDiagnosticsNegativeTest:setUpClass): 200 GET http://10.180.1.21/identity/v3/roles 0.058s
2025-01-23 18:57:31.858 68451 INFO tempest.lib.common.rest_client [req-7d6b0c24-7da8-4ba7-a4aa-9cbfc2714ac9 req-7d6b0c24-7da8-4ba7-a4aa-9cbfc2714ac9 ] Request (HypervisorAdminNegativeUnderV252Test:setUpClass): 200 GET http://10.180.1.21/identity/v3/roles 0.101s
2025-01-23 18:57:31.875 68460 INFO tempest.lib.common.rest_client [req-523e28c9-8c34-423f-aac5-0b07f35f63cf req-523e28c9-8c34-423f-aac5-0b07f35f63cf ] Request (ServerDiagnosticsNegativeTest:setUpClass): 204 PUT http://10.180.1.21/identity/v3/projects/2138f2b41f564cee9430dd061fe14d5d/users/ab922362689942f39e545acb548faeb3/roles/36a3c780154241618317e5c5ec1eb85f 0.039s
2025-01-23 18:57:31.875 68460 INFO tempest.lib.common.dynamic_creds [-] Dynamic test user ab922362689942f39e545acb548faeb3 is created with scope project and roles: ['admin']
2025-01-23 18:57:31.876 68460 INFO tempest.lib.common.dynamic_creds [-] Acquired dynamic creds: credentials: Credentials: {'domain_id': 'default', 'domain_name': 'Default', 'username': 'tempest-ServerDiagnosticsNegativeTest-1390661522-project-admin', 'project_domain_id': 'default', 'project_domain_name': 'Default', 'project_id': '2138f2b41f564cee9430dd061fe14d5d', 'project_name': 'tempest-ServerDiagnosticsNegativeTest-1390661522', 'tenant_id': '2138f2b41f564cee9430dd061fe14d5d', 'tenant_name': 'tempest-ServerDiagnosticsNegativeTest-1390661522', 'user_domain_id': 'default', 'user_domain_name': 'Default', 'user_id': 'ab922362689942f39e545acb548faeb3', 'system': None}, Network: None, Subnet: None, Router: None
2025-01-23 18:57:31.876 68460 INFO tempest.lib.common.dynamic_creds [-] Created isolated network resources for: credentials: Credentials: {'domain_id': 'default', 'domain_name': 'Default', 'username': 'tempest-ServerDiagnosticsNegativeTest-1390661522-project-admin', 'project_domain_id': 'default', 'project_domain_name': 'Default', 'project_id': '2138f2b41f564cee9430dd061fe14d5d', 'project_name': 'tempest-ServerDiagnosticsNegativeTest-1390661522', 'tenant_id': '2138f2b41f564cee9430dd061fe14d5d', 'tenant_name': 'tempest-ServerDiagnosticsNegativeTest-1390661522', 'user_domain_id': 'default', 'user_domain_name': 'Default', 'user_id': 'ab922362689942f39e545acb548faeb3', 'system': None}, Network: None, Subnet: None, Router: None
2025-01-23 18:57:31.905 68472 INFO tempest.lib.common.rest_client [req-802bf8b7-1bc3-4c5f-9d0c-7f3c3bcbf4e0 req-802bf8b7-1bc3-4c5f-9d0c-7f3c3bcbf4e0 ] Request (ServerRescueTestJSONUnderV235:setUpClass): 201 POST http://10.180.1.21/identity/v3/auth/tokens 0.093s
2025-01-23 18:57:31.942 68451 INFO tempest.lib.common.rest_client [req-24d2d5c5-c09f-43f5-a000-3dbda7fc264f req-24d2d5c5-c09f-43f5-a000-3dbda7fc264f ] Request (HypervisorAdminNegativeUnderV252Test:setUpClass): 204 PUT http://10.180.1.21/identity/v3/projects/dd4433b2bd64475c92e10a1a71bc29fe/users/cb4803d2e01641dfa3294467e0000092/roles/36a3c780154241618317e5c5ec1eb85f 0.083s
2025-01-23 18:57:31.942 68451 INFO tempest.lib.common.dynamic_creds [-] Dynamic test user cb4803d2e01641dfa3294467e0000092 is created with scope project and roles: ['admin']
2025-01-23 18:57:31.942 68451 INFO tempest.lib.common.dynamic_creds [-] Acquired dynamic creds: credentials: Credentials: {'domain_id': 'default', 'domain_name': 'Default', 'username': 'tempest-HypervisorAdminNegativeUnderV252Test-2004574800-project-admin', 'project_domain_id': 'default', 'project_domain_name': 'Default', 'project_id': 'dd4433b2bd64475c92e10a1a71bc29fe', 'project_name': 'tempest-HypervisorAdminNegativeUnderV252Test-2004574800', 'tenant_id': 'dd4433b2bd64475c92e10a1a71bc29fe', 'tenant_name': 'tempest-HypervisorAdminNegativeUnderV252Test-2004574800', 'user_domain_id': 'default', 'user_domain_name': 'Default', 'user_id': 'cb4803d2e01641dfa3294467e0000092', 'system': None}, Network: None, Subnet: None, Router: None
2025-01-23 18:57:31.942 68451 INFO tempest.lib.common.dynamic_creds [-] Created isolated network resources for: credentials: Credentials: {'domain_id': 'default', 'domain_name': 'Default', 'username': 'tempest-HypervisorAdminNegativeUnderV252Test-2004574800-project-admin', 'project_domain_id': 'default', 'project_domain_name': 'Default', 'project_id': 'dd4433b2bd64475c92e10a1a71bc29fe', 'project_name': 'tempest-HypervisorAdminNegativeUnderV252Test-2004574800', 'tenant_id': 'dd4433b2bd64475c92e10a1a71bc29fe', 'tenant_name': 'tempest-HypervisorAdminNegativeUnderV252Test-2004574800', 'user_domain_id': 'default', 'user_domain_name': 'Default', 'user_id': 'cb4803d2e01641dfa3294467e0000092', 'system': None}, Network: None, Subnet: None, Router: None
2025-01-23 18:57:31.978 68460 INFO tempest.lib.common.rest_client [req-e042d681-8173-4cc8-b190-68a028e922d0 req-e042d681-8173-4cc8-b190-68a028e922d0 ] Request (ServerDiagnosticsNegativeTest:setUpClass): 201 POST http://10.180.1.21/identity/v3/auth/tokens 0.094s
2025-01-23 18:57:31.990 68467 INFO tempest.lib.common.rest_client [req-a7df1f28-bbbe-4795-b377-b9be347dce3c req-a7df1f28-bbbe-4795-b377-b9be347dce3c ] Request (ImagesTestJSON:test_create_image_from_stopped_server): 200 GET http://10.180.1.21/compute/v2.1/servers/611671a3-4fbc-4dfd-86e4-b6100f6e934f 1.583s
2025-01-23 18:57:31.990 68472 INFO tempest.lib.common.rest_client [req-094b57d3-cbb8-4b55-a8d6-53860e029b6d req-094b57d3-cbb8-4b55-a8d6-53860e029b6d ] Request (ServerRescueTestJSONUnderV235:setUpClass): 201 POST http://10.180.1.21/identity/v3/auth/tokens 0.075s
2025-01-23 18:57:31.990 68472 INFO tempest.lib.common.fixed_network [-] (ServerRescueTestJSONUnderV235:setUpClass) Found network {'id': 'b4ed8d76-732d-4e2c-b0e2-9f08c5971956', 'name': 'tempest-ServerRescueTestJSONUnderV235-975232780-network', 'tenant_id': '264940a4fd83413692b7e40c7022d730', 'admin_state_up': True, 'mtu': 8950, 'status': 'ACTIVE', 'subnets': [], 'shared': False, 'project_id': '264940a4fd83413692b7e40c7022d730', 'port_security_enabled': True, 'router:external': False, 'provider:network_type': 'vlan', 'provider:physical_network': 'default', 'provider:segmentation_id': 632, 'availability_zone_hints': [], 'availability_zones': [], 'ipv4_address_scope': None, 'ipv6_address_scope': None, 'description': '', 'tags': [], 'created_at': '2025-01-23T18:57:26Z', 'updated_at': '2025-01-23T18:57:26Z', 'revision_number': 1} available for tenant
2025-01-23 18:57:32.000 68467 INFO tempest.common.waiters [-] State transition "BUILD/networking" ==> "BUILD/spawning" after 17 second wait
2025-01-23 18:57:32.044 68460 INFO tempest.lib.common.rest_client [req-a8c04d1a-760f-4813-9c47-f21da937eb23 req-a8c04d1a-760f-4813-9c47-f21da937eb23 ] Request (ServerDiagnosticsNegativeTest:test_get_server_diagnostics_by_non_admin): 201 POST http://10.180.1.21/identity/v3/auth/tokens 0.058s
2025-01-23 18:57:32.045 68460 INFO tempest.lib.common.fixed_network [-] (ServerDiagnosticsNegativeTest:test_get_server_diagnostics_by_non_admin) Found network None available for tenant
2025-01-23 18:57:32.057 68451 INFO tempest.lib.common.rest_client [req-a9b4a8d2-72e0-4091-9659-393690cd8f6d req-a9b4a8d2-72e0-4091-9659-393690cd8f6d ] Request (HypervisorAdminNegativeUnderV252Test:setUpClass): 201 POST http://10.180.1.21/identity/v3/auth/tokens 0.112s
2025-01-23 18:57:32.125 68445 INFO tempest.lib.common.rest_client [req-04d24afe-6f5b-41fd-bf95-236147899475 req-04d24afe-6f5b-41fd-bf95-236147899475 ] Request (FlavorsExtraSpecsTestJSON:tearDownClass): 200 GET http://10.180.1.21:9696/networking/v2.0/security-groups?tenant_id=5032d60005634167b23e5bb17fb21184&name=default 1.006s
2025-01-23 18:57:32.128 68427 INFO tempest.lib.common.rest_client [req-5a17bef1-f361-4423-9d68-abc86b2c41c1 req-5a17bef1-f361-4423-9d68-abc86b2c41c1 ] Request (HostsAdminNegativeTestJSON:tearDownClass): 200 GET http://10.180.1.21:9696/networking/v2.0/security-groups?tenant_id=ad8747af32f944038fbfa97a117c7510&name=default 0.654s
2025-01-23 18:57:32.164 68409 INFO tempest.lib.common.rest_client [req-0d3d8b80-313f-485b-b001-dba3ec2a4a53 req-0d3d8b80-313f-485b-b001-dba3ec2a4a53 ] Request (HypervisorAdminNegativeTestJSON:tearDownClass): 200 GET http://10.180.1.21:9696/networking/v2.0/security-groups?tenant_id=ba707189416c4b649111738a566e18d7&name=default 0.662s
2025-01-23 18:57:32.191 68435 INFO tempest.lib.common.rest_client [req-eb43d497-e543-44f1-a553-80c1eaa95288 req-eb43d497-e543-44f1-a553-80c1eaa95288 ] Request (QuotasAdminTestV236:tearDownClass): 200 GET http://10.180.1.21:9696/networking/v2.0/security-groups?tenant_id=943415bf0fe041cea8790db84f981ff9&name=default 0.546s
2025-01-23 18:57:32.209 68463 INFO tempest.lib.common.rest_client [req-d3e9db26-7d16-4ec5-91fe-fa93fc862825 req-d3e9db26-7d16-4ec5-91fe-fa93fc862825 ] Request (SecurityGroupRulesNegativeTestJSON:_run_cleanups): 202 DELETE http://10.180.1.21/compute/v2.1/os-security-group-rules/52c01f15-eb3c-4caf-9e17-8bda7b4e46ae 1.802s
2025-01-23 18:57:32.235 68423 INFO tempest.lib.common.rest_client [req-36e8a93f-5dc0-4343-b60e-7903f0c3dd36 req-36e8a93f-5dc0-4343-b60e-7903f0c3dd36 ] Request (ServersWithSpecificFlavorTestJSON:test_verify_created_server_ephemeral_disk): 200 POST http://10.180.1.21/compute/v2.1/flavors/81278830/os-extra_specs 1.774s
2025-01-23 18:57:32.239 68413 INFO tempest.lib.common.rest_client [req-864cbd46-3a5a-493f-a8fd-68b89f3f6fe0 req-864cbd46-3a5a-493f-a8fd-68b89f3f6fe0 ] Request (AggregatesAdminNegativeTestJSON:test_aggregate_create_as_user): 403 POST http://10.180.1.21/compute/v2.1/os-aggregates 1.770s
2025-01-23 18:57:32.255 68411 INFO tempest.lib.common.rest_client [req-300267c2-d2eb-4007-80e9-33a8e34579e9 req-300267c2-d2eb-4007-80e9-33a8e34579e9 ] Request (FlavorsAdminTestJSON:test_is_public_string_variations): 200 GET http://10.180.1.21/compute/v2.1/flavors/detail?is_public=false 1.763s
2025-01-23 18:57:32.330 68419 INFO tempest.lib.common.rest_client [req-126e1848-37b2-4966-80dd-c7fe8ebb54a5 req-126e1848-37b2-4966-80dd-c7fe8ebb54a5 ] Request (SecurityGroupRulesTestJSON:setUpClass): 201 POST http://10.180.1.21:9696/networking/v2.0/routers 2.546s
2025-01-23 18:57:32.384 68469 INFO tempest.lib.common.rest_client [req-50eb9e90-5d53-4346-b7ce-66e3f77d7b0e req-50eb9e90-5d53-4346-b7ce-66e3f77d7b0e ] Request (AttachInterfacesTestJSON:setUpClass): 201 POST http://10.180.1.21:9696/networking/v2.0/networks 1.025s
2025-01-23 18:57:32.395 68417 INFO tempest.lib.common.rest_client [req-b7c1e4aa-51eb-43b2-8ce9-3ee02bbbcdf0 req-b7c1e4aa-51eb-43b2-8ce9-3ee02bbbcdf0 ] Request (ImagesMetadataTestJSON:setUp): 200 PUT http://10.180.1.21/compute/v2.1/images/4e879c03-312d-4236-ae0c-ecd3d228a204/metadata 1.702s
2025-01-23 18:57:32.415 68437 INFO tempest.lib.common.rest_client [req-0f9fc4f9-caa1-4833-b12c-a5ced6809dab req-0f9fc4f9-caa1-4833-b12c-a5ced6809dab ] Request (FlavorsAccessNegativeTestJSON:test_flavor_non_admin_remove): 200 POST http://10.180.1.21/compute/v2.1/flavors 1.707s
2025-01-23 18:57:32.450 68427 INFO tempest.lib.common.rest_client [req-103fd06e-0f76-4544-b63e-dd2c5483033a req-103fd06e-0f76-4544-b63e-dd2c5483033a ] Request (HostsAdminNegativeTestJSON:tearDownClass): 204 DELETE http://10.180.1.21:9696/networking/v2.0/security-groups/852a4563-6ec6-4c6b-8e3d-7f80c3881802 0.321s
2025-01-23 18:57:32.482 68445 INFO tempest.lib.common.rest_client [req-f374990f-ca7c-477d-862b-e9fee88f8bf4 req-f374990f-ca7c-477d-862b-e9fee88f8bf4 ] Request (FlavorsExtraSpecsTestJSON:tearDownClass): 204 DELETE http://10.180.1.21:9696/networking/v2.0/security-groups/9eeca12c-0e71-4a8e-b6ec-dda355288b8c 0.356s
2025-01-23 18:57:32.515 68457 INFO tempest.lib.common.rest_client [req-60409a95-0c9e-4995-90f9-94b7df88c165 req-60409a95-0c9e-4995-90f9-94b7df88c165 ] Request (ServersAdminTestJSON:setUpClass): 200 GET http://10.180.1.21/compute/v2.1/servers/614b37a2-7811-44f4-ac9a-7361581788d6 1.557s
2025-01-23 18:57:32.529 68431 INFO tempest.lib.common.rest_client [req-a4874946-5133-4b04-bded-e6a7f7822b6a req-a4874946-5133-4b04-bded-e6a7f7822b6a ] Request (QuotasAdminNegativeTest:test_create_server_when_cpu_quota_is_full): 403 POST http://10.180.1.21/compute/v2.1/servers 2.090s
2025-01-23 18:57:32.579 68427 INFO tempest.lib.common.rest_client [req-e4ff4b5b-e857-4591-a5d2-02b9ffa14446 req-e4ff4b5b-e857-4591-a5d2-02b9ffa14446 ] Request (HostsAdminNegativeTestJSON:tearDownClass): 204 DELETE http://10.180.1.21/identity/v3/projects/ad8747af32f944038fbfa97a117c7510 0.129s
2025-01-23 18:57:32.580 68427 INFO tempest.lib.common.dynamic_creds [-] Deleting project and security group for project: 5323762280684083839d0b6905fbb33c
2025-01-23 18:57:32.619 68453 INFO tempest.lib.common.rest_client [req-f5c5d205-06ad-487c-b52b-11aa05708d5d req-f5c5d205-06ad-487c-b52b-11aa05708d5d ] Request (VolumesAssistedSnapshotsTest:test_volume_assisted_snapshot_create_delete): 200 GET http://10.180.1.21/compute/v2.1/servers/e4c7eaca-1645-4a20-b038-c1c3538ff51e 1.550s
2025-01-23 18:57:32.644 68445 INFO tempest.lib.common.rest_client [req-c535d340-ec1e-4284-a024-c472c2d167ab req-c535d340-ec1e-4284-a024-c472c2d167ab ] Request (FlavorsExtraSpecsTestJSON:tearDownClass): 204 DELETE http://10.180.1.21/identity/v3/projects/5032d60005634167b23e5bb17fb21184 0.161s
2025-01-23 18:57:32.644 68445 INFO tempest.lib.common.dynamic_creds [-] Deleting project and security group for project: ebcf5568bef442cabd513ed6629ef1eb
2025-01-23 18:57:32.653 68409 INFO tempest.lib.common.rest_client [req-af850bb3-5820-4656-aab5-7ff3bf470739 req-af850bb3-5820-4656-aab5-7ff3bf470739 ] Request (HypervisorAdminNegativeTestJSON:tearDownClass): 204 DELETE http://10.180.1.21:9696/networking/v2.0/security-groups/65bffae8-7f25-4502-bd37-d4d8a0825e9c 0.488s
2025-01-23 18:57:32.666 68435 INFO tempest.lib.common.rest_client [req-993ddcf9-95e0-4fa6-b931-5a7c0ae37828 req-993ddcf9-95e0-4fa6-b931-5a7c0ae37828 ] Request (QuotasAdminTestV236:tearDownClass): 204 DELETE http://10.180.1.21:9696/networking/v2.0/security-groups/0168b929-1079-44b0-b769-afd24b807f67 0.475s
2025-01-23 18:57:32.682 68461 INFO tempest.lib.common.rest_client [req-aa431610-1f48-4cec-8931-9c1b0823b138 req-aa431610-1f48-4cec-8931-9c1b0823b138 ] Request (FloatingIPsAssociationNegativeTestJSON:setUpClass): 200 GET http://10.180.1.21/compute/v2.1/servers/af4d2339-5711-424c-befb-e52bd81a32ec 1.527s
2025-01-23 18:57:32.726 68425 INFO tempest.lib.common.rest_client [req-3d537b17-7c4c-4903-8be0-47f67deb6a8c req-3d537b17-7c4c-4903-8be0-47f67deb6a8c ] Request (DeleteServersAdminTestJSON:test_admin_delete_servers_of_others): 200 GET http://10.180.1.21/compute/v2.1/servers/1f94463a-2e46-4cb4-bbce-00e5c8301df2 1.360s
2025-01-23 18:57:32.775 68429 INFO tempest.lib.common.rest_client [req-6301d427-dcf6-415f-bccf-35f54086c07c req-6301d427-dcf6-415f-bccf-35f54086c07c ] Request (ServerDiagnosticsTest:test_get_server_diagnostics): 200 GET http://10.180.1.21/compute/v2.1/servers/3e10a5e1-1080-41ce-9221-f2c91d5a6bb6 1.322s
2025-01-23 18:57:32.802 68409 INFO tempest.lib.common.rest_client [req-e6ac0a76-530d-4828-8f53-df44571b3536 req-e6ac0a76-530d-4828-8f53-df44571b3536 ] Request (HypervisorAdminNegativeTestJSON:tearDownClass): 204 DELETE http://10.180.1.21/identity/v3/projects/ba707189416c4b649111738a566e18d7 0.149s
2025-01-23 18:57:32.803 68409 INFO tempest.lib.common.dynamic_creds [-] Deleting project and security group for project: 9399de65f7754e1ab79d34861e2dc9ad
2025-01-23 18:57:32.814 68435 INFO tempest.lib.common.rest_client [req-0d3b33d5-abb2-4f3d-b31f-41a7da2a89a6 req-0d3b33d5-abb2-4f3d-b31f-41a7da2a89a6 ] Request (QuotasAdminTestV236:tearDownClass): 204 DELETE http://10.180.1.21/identity/v3/projects/943415bf0fe041cea8790db84f981ff9 0.147s
2025-01-23 18:57:32.814 68435 INFO tempest.lib.common.dynamic_creds [-] Deleting project and security group for project: fb5e0882ce284339900d55a75b3a515c
2025-01-23 18:57:32.850 68415 INFO tempest.lib.common.rest_client [req-036e5dc6-d2d6-44b7-8c92-3465a2b50a67 req-036e5dc6-d2d6-44b7-8c92-3465a2b50a67 ] Request (ServersAdminNegativeTestJSON:setUpClass): 200 GET http://10.180.1.21/compute/v2.1/servers/533d47fe-14a9-4021-81a2-4fa6f047cc84 1.369s
2025-01-23 18:57:32.851 68443 INFO tempest.lib.common.rest_client [req-1ad0ecae-a50a-4b41-b192-32ce280c173d req-1ad0ecae-a50a-4b41-b192-32ce280c173d ] Request (AttachInterfacesUnderV243Test:test_add_remove_fixed_ip): 200 GET http://10.180.1.21/compute/v2.1/servers/e5cc910d-1e52-4f3f-8c99-808a79ea1e71 1.343s
2025-01-23 18:57:32.935 68455 INFO tempest.lib.common.rest_client [req-86ddca9d-c4a3-415c-898b-5df99e3607a8 req-86ddca9d-c4a3-415c-898b-5df99e3607a8 ] Request (ServersV294TestFqdnHostnames:setUpClass): 200 GET http://10.180.1.21/compute/v2.1/servers/285196c8-299e-4270-88d2-9cb2cd64d54d 1.331s
2025-01-23 18:57:32.942 68469 INFO tempest.lib.common.rest_client [req-f730cd72-c40d-45f0-ae3f-6695c513cc92 req-f730cd72-c40d-45f0-ae3f-6695c513cc92 ] Request (AttachInterfacesTestJSON:setUpClass): 201 POST http://10.180.1.21:9696/networking/v2.0/subnets 0.558s
2025-01-23 18:57:32.944 68455 INFO tempest.common.waiters [-] State transition "BUILD/None" ==> "BUILD/spawning" after 16 second wait
2025-01-23 18:57:32.992 68409 INFO tempest.lib.common.rest_client [req-0d95fcd1-54d3-4032-8cf1-297b80be7719 req-0d95fcd1-54d3-4032-8cf1-297b80be7719 ] Request (HypervisorAdminNegativeTestJSON:tearDownClass): 200 GET http://10.180.1.21:9696/networking/v2.0/security-groups?tenant_id=9399de65f7754e1ab79d34861e2dc9ad&name=default 0.189s
2025-01-23 18:57:32.997 68447 INFO tempest.lib.common.rest_client [req-97e1e8cd-eca6-4a52-bbdd-150ccb3101df req-97e1e8cd-eca6-4a52-bbdd-150ccb3101df ] Request (MigrationsAdminTest:test_list_migrations_in_flavor_resize_situation): 200 GET http://10.180.1.21/compute/v2.1/servers/dd8b83e9-bf81-4d6a-b65e-410788839afd 1.412s
2025-01-23 18:57:32.998 68439 INFO tempest.lib.common.rest_client [req-c032ecd8-d619-465d-b896-4d940747bb1f req-c032ecd8-d619-465d-b896-4d940747bb1f ] Request (ServerDiagnosticsV248Test:test_get_server_diagnostics): 200 GET http://10.180.1.21/compute/v2.1/servers/41d4c2df-95e7-4f1e-9e93-72bbcfd0187b 1.334s
2025-01-23 18:57:33.075 68449 INFO tempest.lib.common.rest_client [req-8fe7738b-d0e8-4e08-be4b-70d9b24b4756 req-8fe7738b-d0e8-4e08-be4b-70d9b24b4756 ] Request (InstanceActionsV221TestJSON:test_get_list_deleted_instance_actions): 200 GET http://10.180.1.21/compute/v2.1/servers/a18efe53-294f-4308-8c11-e95f7c183ff4 1.282s
2025-01-23 18:57:33.113 68465 INFO tempest.lib.common.rest_client [req-f4bae157-e09e-4450-9aa8-ce9b98df00bd req-f4bae157-e09e-4450-9aa8-ce9b98df00bd ] Request (ServersAaction247Test:test_create_backup): 200 GET http://10.180.1.21/compute/v2.1/servers/b4b70d41-f8f1-4ee6-89d1-e09e1405b0a8 1.427s
2025-01-23 18:57:33.199 68409 INFO tempest.lib.common.rest_client [req-ef3b763e-cdac-4676-9f53-3f0bc5f43fd4 req-ef3b763e-cdac-4676-9f53-3f0bc5f43fd4 ] Request (HypervisorAdminNegativeTestJSON:tearDownClass): 204 DELETE http://10.180.1.21:9696/networking/v2.0/security-groups/81125d65-1e5b-44c4-92da-7120468c5182 0.207s
2025-01-23 18:57:33.274 68427 INFO tempest.lib.common.rest_client [req-b75195e5-9c42-4f7a-829d-fbffcd24cd47 req-b75195e5-9c42-4f7a-829d-fbffcd24cd47 ] Request (HostsAdminNegativeTestJSON:tearDownClass): 200 GET http://10.180.1.21:9696/networking/v2.0/security-groups?tenant_id=5323762280684083839d0b6905fbb33c&name=default 0.694s
2025-01-23 18:57:33.307 68445 INFO tempest.lib.common.rest_client [req-2c9b6933-8ddf-43e1-b422-9f3ade78ad8b req-2c9b6933-8ddf-43e1-b422-9f3ade78ad8b ] Request (FlavorsExtraSpecsTestJSON:tearDownClass): 200 GET http://10.180.1.21:9696/networking/v2.0/security-groups?tenant_id=ebcf5568bef442cabd513ed6629ef1eb&name=default 0.662s
2025-01-23 18:57:33.315 68409 INFO tempest.lib.common.rest_client [req-7b24edc9-cda3-46ff-aa1a-0411bb6deb0b req-7b24edc9-cda3-46ff-aa1a-0411bb6deb0b ] Request (HypervisorAdminNegativeTestJSON:tearDownClass): 204 DELETE http://10.180.1.21/identity/v3/projects/9399de65f7754e1ab79d34861e2dc9ad 0.116s
2025-01-23 18:57:33.316 68409 INFO tempest.test [-] raised in LiveMigrationTest.setUpClass. Invoking tearDownClass.
2025-01-23 18:57:33.398 68409 INFO tempest.lib.common.rest_client [req-b24d48c6-e3c4-4a99-9ed9-8109f8d92973 req-b24d48c6-e3c4-4a99-9ed9-8109f8d92973 ] Request (QuotasAdminTestV257:setUpClass): 201 POST http://10.180.1.21/identity/v3/auth/tokens 0.080s
2025-01-23 18:57:33.440 68409 INFO tempest.lib.common.rest_client [req-1b6645f9-292e-429d-a44f-926e6c5bcc45 req-1b6645f9-292e-429d-a44f-926e6c5bcc45 ] Request (QuotasAdminTestV257:setUpClass): 201 POST http://10.180.1.21/identity/v3/auth/tokens 0.039s
2025-01-23 18:57:33.450 68433 INFO tempest.lib.common.rest_client [req-cd803d1e-3288-4de3-8b85-3bd4312b0650 req-cd803d1e-3288-4de3-8b85-3bd4312b0650 ] Request (FloatingIPDetailsTestJSON:setUpClass): 201 POST http://10.180.1.21:9696/networking/v2.0/routers 2.671s
2025-01-23 18:57:33.474 68409 INFO tempest.lib.common.rest_client [req-a3d8f3b2-b07c-4861-93cf-a31c3b396ef9 req-a3d8f3b2-b07c-4861-93cf-a31c3b396ef9 ] Request (QuotasAdminTestV257:setUpClass): 200 GET http://10.180.1.21/identity/v3/domains?name=Default 0.034s
2025-01-23 18:57:33.497 68427 INFO tempest.lib.common.rest_client [req-1683225c-f838-4579-acbb-c395339c8e79 req-1683225c-f838-4579-acbb-c395339c8e79 ] Request (HostsAdminNegativeTestJSON:tearDownClass): 204 DELETE http://10.180.1.21:9696/networking/v2.0/security-groups/e26bfb65-3e10-4881-9a58-4b760a8a8583 0.222s
2025-01-23 18:57:33.498 68435 INFO tempest.lib.common.rest_client [req-53a53a68-c137-4c3d-9413-ad0ed0dd294a req-53a53a68-c137-4c3d-9413-ad0ed0dd294a ] Request (QuotasAdminTestV236:tearDownClass): 200 GET http://10.180.1.21:9696/networking/v2.0/security-groups?tenant_id=fb5e0882ce284339900d55a75b3a515c&name=default 0.683s
2025-01-23 18:57:33.511 68409 INFO tempest.lib.common.rest_client [req-9d12407d-981d-4d46-bf5b-43e31577ea31 req-9d12407d-981d-4d46-bf5b-43e31577ea31 ] Request (QuotasAdminTestV257:setUpClass): 201 POST http://10.180.1.21/identity/v3/projects 0.036s
2025-01-23 18:57:33.582 68409 INFO tempest.lib.common.rest_client [req-fcee2c09-758c-46f3-86be-b1f33d8960ed req-fcee2c09-758c-46f3-86be-b1f33d8960ed ] Request (QuotasAdminTestV257:setUpClass): 201 POST http://10.180.1.21/identity/v3/users 0.070s
2025-01-23 18:57:33.604 68427 INFO tempest.lib.common.rest_client [req-194a4a30-45a3-4994-be1f-4b1e164a1c68 req-194a4a30-45a3-4994-be1f-4b1e164a1c68 ] Request (HostsAdminNegativeTestJSON:tearDownClass): 204 DELETE http://10.180.1.21/identity/v3/projects/5323762280684083839d0b6905fbb33c 0.106s
2025-01-23 18:57:33.636 68427 INFO tempest.lib.common.rest_client [req-d9e06b06-fafd-4b6e-aa84-5c46a22a7553 req-d9e06b06-fafd-4b6e-aa84-5c46a22a7553 ] Request (QuotaClassesAdmin257Test:setUpClass): 201 POST http://10.180.1.21/identity/v3/auth/tokens 0.030s
2025-01-23 18:57:33.645 68409 INFO tempest.lib.common.rest_client [req-f0abe142-2c01-43fb-9585-96cd11d006b2 req-f0abe142-2c01-43fb-9585-96cd11d006b2 ] Request (QuotasAdminTestV257:setUpClass): 200 GET http://10.180.1.21/identity/v3/roles 0.063s
2025-01-23 18:57:33.663 68427 INFO tempest.lib.common.rest_client [req-4708f965-1603-4ede-af75-9d151e0cdbd9 req-4708f965-1603-4ede-af75-9d151e0cdbd9 ] Request (QuotaClassesAdmin257Test:setUpClass): 201 POST http://10.180.1.21/identity/v3/auth/tokens 0.025s
2025-01-23 18:57:33.678 68409 INFO tempest.lib.common.rest_client [req-59465d7c-ffbf-413d-883d-3a6deda464ef req-59465d7c-ffbf-413d-883d-3a6deda464ef ] Request (QuotasAdminTestV257:setUpClass): 204 PUT http://10.180.1.21/identity/v3/projects/b1b8536d3aad44e5a2c856d03e581aff/users/23eda4eb7b724976a4b6e4332334c0f5/roles/682dc508dfca402bb9da6b0b87d9b1d8 0.033s
2025-01-23 18:57:33.679 68409 INFO tempest.lib.common.dynamic_creds [-] Dynamic test user 23eda4eb7b724976a4b6e4332334c0f5 is created with scope project and roles: ['member']
2025-01-23 18:57:33.679 68409 INFO tempest.lib.common.dynamic_creds [-] Acquired dynamic creds: credentials: Credentials: {'domain_id': 'default', 'domain_name': 'Default', 'username': 'tempest-QuotasAdminTestV257-893207577-project-member', 'project_domain_id': 'default', 'project_domain_name': 'Default', 'project_id': 'b1b8536d3aad44e5a2c856d03e581aff', 'project_name': 'tempest-QuotasAdminTestV257-893207577', 'tenant_id': 'b1b8536d3aad44e5a2c856d03e581aff', 'tenant_name': 'tempest-QuotasAdminTestV257-893207577', 'user_domain_id': 'default', 'user_domain_name': 'Default', 'user_id': '23eda4eb7b724976a4b6e4332334c0f5', 'system': None}, Network: None, Subnet: None, Router: None
2025-01-23 18:57:33.679 68409 INFO tempest.lib.common.dynamic_creds [-] Created isolated network resources for: credentials: Credentials: {'domain_id': 'default', 'domain_name': 'Default', 'username': 'tempest-QuotasAdminTestV257-893207577-project-member', 'project_domain_id': 'default', 'project_domain_name': 'Default', 'project_id': 'b1b8536d3aad44e5a2c856d03e581aff', 'project_name': 'tempest-QuotasAdminTestV257-893207577', 'tenant_id': 'b1b8536d3aad44e5a2c856d03e581aff', 'tenant_name': 'tempest-QuotasAdminTestV257-893207577', 'user_domain_id': 'default', 'user_domain_name': 'Default', 'user_id': '23eda4eb7b724976a4b6e4332334c0f5', 'system': None}, Network: None, Subnet: None, Router: None
2025-01-23 18:57:33.685 68427 INFO tempest.lib.common.rest_client [req-308e8489-c8b9-468a-9f43-27868263780f req-308e8489-c8b9-468a-9f43-27868263780f ] Request (QuotaClassesAdmin257Test:setUpClass): 200 GET http://10.180.1.21/identity/v3/domains?name=Default 0.022s
2025-01-23 18:57:33.767 68409 INFO tempest.lib.common.rest_client [req-d88bef3a-64c9-4672-b5a1-ca7bea068bd1 req-d88bef3a-64c9-4672-b5a1-ca7bea068bd1 ] Request (QuotasAdminTestV257:setUpClass): 201 POST http://10.180.1.21/identity/v3/auth/tokens 0.084s
2025-01-23 18:57:33.776 68427 INFO tempest.lib.common.rest_client [req-85901947-20c4-4161-bdcd-0d637afb3cb5 req-85901947-20c4-4161-bdcd-0d637afb3cb5 ] Request (QuotaClassesAdmin257Test:setUpClass): 201 POST http://10.180.1.21/identity/v3/projects 0.090s
2025-01-23 18:57:33.820 68435 INFO tempest.lib.common.rest_client [req-ab3a1ce1-806c-4840-b304-668ef5fbf5f8 req-ab3a1ce1-806c-4840-b304-668ef5fbf5f8 ] Request (QuotasAdminTestV236:tearDownClass): 204 DELETE http://10.180.1.21:9696/networking/v2.0/security-groups/f996f801-439d-470b-9bf1-b106b2c96014 0.322s
2025-01-23 18:57:33.857 68409 INFO tempest.lib.common.rest_client [req-c4b411fa-a214-4670-88ea-7851a54c1d03 req-c4b411fa-a214-4670-88ea-7851a54c1d03 ] Request (QuotasAdminTestV257:setUpClass): 201 POST http://10.180.1.21/identity/v3/projects 0.087s
2025-01-23 18:57:33.862 68427 INFO tempest.lib.common.rest_client [req-d32d0142-0d20-4ba8-b9ad-8355971d165f req-d32d0142-0d20-4ba8-b9ad-8355971d165f ] Request (QuotaClassesAdmin257Test:setUpClass): 201 POST http://10.180.1.21/identity/v3/users 0.085s
2025-01-23 18:57:33.913 68460 INFO tempest.lib.common.rest_client [req-2aca82c6-42fc-4d2d-89e0-41a808eed6b9 req-2aca82c6-42fc-4d2d-89e0-41a808eed6b9 ] Request (ServerDiagnosticsNegativeTest:test_get_server_diagnostics_by_non_admin): 202 POST http://10.180.1.21/compute/v2.1/servers 1.868s
2025-01-23 18:57:33.957 68445 INFO tempest.lib.common.rest_client [req-b078f6fe-c5a6-4563-8239-4513b31cc2e1 req-b078f6fe-c5a6-4563-8239-4513b31cc2e1 ] Request (FlavorsExtraSpecsTestJSON:tearDownClass): 204 DELETE http://10.180.1.21:9696/networking/v2.0/security-groups/51ba6ed4-4112-4aaf-ad14-d146d5457569 0.650s
2025-01-23 18:57:33.966 68472 INFO tempest.lib.common.rest_client [req-c2ce7365-f23f-481a-807c-4dc88c3c27ca req-c2ce7365-f23f-481a-807c-4dc88c3c27ca ] Request (ServerRescueTestJSONUnderV235:setUpClass): 202 POST http://10.180.1.21/compute/v2.1/servers 1.975s
2025-01-23 18:57:33.982 68409 INFO tempest.lib.common.rest_client [req-9eb112a5-471f-419f-8c43-08436119f721 req-9eb112a5-471f-419f-8c43-08436119f721 ] Request (QuotasAdminTestV257:setUpClass): 201 POST http://10.180.1.21/identity/v3/users 0.124s
2025-01-23 18:57:33.997 68435 INFO tempest.lib.common.rest_client [req-0a16403d-cf6b-485e-8794-3f1cfba81981 req-0a16403d-cf6b-485e-8794-3f1cfba81981 ] Request (QuotasAdminTestV236:tearDownClass): 204 DELETE http://10.180.1.21/identity/v3/projects/fb5e0882ce284339900d55a75b3a515c 0.177s
2025-01-23 18:57:34.066 68427 INFO tempest.lib.common.rest_client [req-08191e2e-2296-4630-b516-a99b27c1baec req-08191e2e-2296-4630-b516-a99b27c1baec ] Request (QuotaClassesAdmin257Test:setUpClass): 200 GET http://10.180.1.21/identity/v3/roles 0.203s
2025-01-23 18:57:34.120 68409 INFO tempest.lib.common.rest_client [req-a55d73bf-d3ab-4a74-b740-9666034f9671 req-a55d73bf-d3ab-4a74-b740-9666034f9671 ] Request (QuotasAdminTestV257:setUpClass): 200 GET http://10.180.1.21/identity/v3/roles 0.137s
2025-01-23 18:57:34.123 68451 INFO tempest.lib.common.rest_client [req-03abf9b9-0cbc-4dd0-8a4f-411861105440 req-03abf9b9-0cbc-4dd0-8a4f-411861105440 ] Request (HypervisorAdminNegativeUnderV252Test:test_search_hypervisor_with_non_admin_user): 200 GET http://10.180.1.21/compute/v2.1/os-hypervisors 2.064s
2025-01-23 18:57:34.147 68423 INFO tempest.lib.common.rest_client [req-2d888c7b-a2e3-4cb3-83f2-36f6994cd13b req-2d888c7b-a2e3-4cb3-83f2-36f6994cd13b ] Request (ServersWithSpecificFlavorTestJSON:test_verify_created_server_ephemeral_disk): 200 POST http://10.180.1.21/compute/v2.1/flavors 1.911s
2025-01-23 18:57:34.148 68445 INFO tempest.lib.common.rest_client [req-362a0e64-fe79-47aa-ab17-0ff460d714e3 req-362a0e64-fe79-47aa-ab17-0ff460d714e3 ] Request (FlavorsExtraSpecsTestJSON:tearDownClass): 204 DELETE http://10.180.1.21/identity/v3/projects/ebcf5568bef442cabd513ed6629ef1eb 0.191s
2025-01-23 18:57:34.169 68413 INFO tempest.lib.common.rest_client [req-8ee873da-d065-491d-9491-47af8ff6275b req-8ee873da-d065-491d-9491-47af8ff6275b ] Request (AggregatesAdminNegativeTestJSON:test_aggregate_create_with_existent_aggregate_name): 200 POST http://10.180.1.21/compute/v2.1/os-aggregates 1.929s
2025-01-23 18:57:34.183 68435 INFO tempest.lib.common.rest_client [req-027ae26c-ed02-4031-9ad1-743cd701c530 req-027ae26c-ed02-4031-9ad1-743cd701c530 ] Request (ServerGroupTestJSON:setUpClass): 201 POST http://10.180.1.21/identity/v3/auth/tokens 0.184s
2025-01-23 18:57:34.188 68411 INFO tempest.lib.common.rest_client [req-f76e6853-ad65-42a7-99a6-f8f6c86856f8 req-f76e6853-ad65-42a7-99a6-f8f6c86856f8 ] Request (FlavorsAdminTestJSON:test_is_public_string_variations): 200 GET http://10.180.1.21/compute/v2.1/flavors/detail?is_public=no 1.930s
2025-01-23 18:57:34.209 68463 INFO tempest.lib.common.rest_client [req-91947c82-3eec-42c7-935a-8bf98e88adef req-91947c82-3eec-42c7-935a-8bf98e88adef ] Request (SecurityGroupRulesNegativeTestJSON:test_create_security_group_rule_with_invalid_from_port): 200 POST http://10.180.1.21/compute/v2.1/os-security-groups 1.998s
