2025-01-23 18:57:15.344 68453 INFO tempest.lib.common.rest_client [req-4b34f977-7994-4caa-bc87-3f73bc1735d0 req-4b34f977-7994-4caa-bc87-3f73bc1735d0 ] Request (VolumesAssistedSnapshotsTest:setUpClass): 201 POST http://10.180.1.21/identity/v3/projects 0.182s
2025-01-23 18:57:15.466 68423 INFO tempest.lib.common.rest_client [req-1a3574ac-aeb6-4a2b-a314-2cc738934070 req-1a3574ac-aeb6-4a2b-a314-2cc738934070 ] Request (ServersWithSpecificFlavorTestJSON:setUpClass): 201 POST http://10.180.1.21:9696/networking/v2.0/subnets 0.175s
2025-01-23 18:57:15.489 68441 INFO tempest.lib.common.rest_client [req-c4e92759-3e0a-421b-8f6f-9b98501268d5 req-c4e92759-3e0a-421b-8f6f-9b98501268d5 ] Request (InstanceUsageAuditLogNegativeTestJSON:test_get_instance_usage_audit_logs_with_invalid_time): 400 GET http://10.180.1.21/compute/v2.1/os-instance_usage_audit_log/invalid_time 1.607s
2025-01-23 18:57:15.531 68409 INFO tempest.lib.common.rest_client [req-aab1063b-af59-4b74-a203-edc1c41a23a2 req-aab1063b-af59-4b74-a203-edc1c41a23a2 ] Request (HypervisorAdminUnderV252Test:tearDownClass): 204 DELETE http://10.180.1.21/identity/v3/users/25cb8a37e11a486d9863cf566a55a02c 0.276s
2025-01-23 18:57:15.532 68409 INFO tempest.lib.common.dynamic_creds [-] Deleting project and security group for project: 3853e0bf32634438a632f521bd393b4a
2025-01-23 18:57:15.536 68457 INFO tempest.lib.common.rest_client [req-cd307dc5-95ba-4eb3-b9cb-49ab269e6644 req-cd307dc5-95ba-4eb3-b9cb-49ab269e6644 ] Request (ServersAdminTestJSON:setUpClass): 201 POST http://10.180.1.21/identity/v3/auth/tokens 0.268s
2025-01-23 18:57:15.537 68457 INFO tempest.lib.common.fixed_network [-] (ServersAdminTestJSON:setUpClass) Found network {'id': '3c04c091-89dc-42ad-87d9-faffc7a2e186', 'name': 'tempest-ServersAdminTestJSON-112391096-network', 'tenant_id': 'e7a56db8905c412f8406839c852c0f79', 'admin_state_up': True, 'mtu': 8950, 'status': 'ACTIVE', 'subnets': [], 'shared': False, 'project_id': 'e7a56db8905c412f8406839c852c0f79', 'port_security_enabled': True, 'router:external': False, 'provider:network_type': 'vlan', 'provider:physical_network': 'default', 'provider:segmentation_id': 329, 'availability_zone_hints': [], 'availability_zones': [], 'ipv4_address_scope': None, 'ipv6_address_scope': None, 'description': '', 'tags': [], 'created_at': '2025-01-23T18:57:05Z', 'updated_at': '2025-01-23T18:57:05Z', 'revision_number': 1} available for tenant
2025-01-23 18:57:15.592 68461 INFO tempest.lib.common.rest_client [req-644ed804-6412-47be-adcc-271412e3a89d req-644ed804-6412-47be-adcc-271412e3a89d ] Request (FloatingIPsAssociationNegativeTestJSON:setUpClass): 200 GET http://10.180.1.21/compute/v2.1/servers/af4d2339-5711-424c-befb-e52bd81a32ec 1.698s
2025-01-23 18:57:15.597 68472 INFO tempest.lib.common.rest_client [req-5df2d2be-bcc2-40f2-a2e0-550bc46858da req-5df2d2be-bcc2-40f2-a2e0-550bc46858da ] Request (HypervisorAdminV228Test:tearDownClass): 200 GET http://10.180.1.21:9696/networking/v2.0/security-groups?tenant_id=6b347135ee4c4778953e73cc9bb934f0&name=default 0.399s
2025-01-23 18:57:15.606 68461 INFO tempest.common.waiters [-] State transition "BUILD/None" ==> "BUILD/block_device_mapping" after 3 second wait
2025-01-23 18:57:15.670 68453 INFO tempest.lib.common.rest_client [req-2f545ad5-8feb-418a-84e0-741224b071b9 req-2f545ad5-8feb-418a-84e0-741224b071b9 ] Request (VolumesAssistedSnapshotsTest:setUpClass): 201 POST http://10.180.1.21/identity/v3/users 0.325s
2025-01-23 18:57:15.702 68409 INFO tempest.lib.common.rest_client [req-f121f9eb-4e26-4008-bfa4-694f322ac23a req-f121f9eb-4e26-4008-bfa4-694f322ac23a ] Request (HypervisorAdminUnderV252Test:tearDownClass): 201 POST http://10.180.1.21/identity/v3/auth/tokens 0.168s
2025-01-23 18:57:15.727 68453 INFO tempest.lib.common.rest_client [req-79608d08-b404-45a0-967f-0518b512f127 req-79608d08-b404-45a0-967f-0518b512f127 ] Request (VolumesAssistedSnapshotsTest:setUpClass): 200 GET http://10.180.1.21/identity/v3/roles 0.057s
2025-01-23 18:57:15.767 68413 INFO tempest.lib.common.rest_client [req-3b56c7c4-18ba-4d8e-bc25-192f27c57df3 req-3b56c7c4-18ba-4d8e-bc25-192f27c57df3 ] Request (AggregatesAdminNegativeTestJSON:test_aggregate_add_existent_host): 200 POST http://10.180.1.21/compute/v2.1/os-aggregates/1/action 2.618s
2025-01-23 18:57:15.790 68453 INFO tempest.lib.common.rest_client [req-217ef876-62d2-4791-b47f-9531922a1db7 req-217ef876-62d2-4791-b47f-9531922a1db7 ] Request (VolumesAssistedSnapshotsTest:setUpClass): 204 PUT http://10.180.1.21/identity/v3/projects/9f46e620fa0244f8b8326a60b926940a/users/1a44463b2c164206916c04bf8fccdb0c/roles/36a3c780154241618317e5c5ec1eb85f 0.062s
2025-01-23 18:57:15.810 68472 INFO tempest.lib.common.rest_client [req-c54aea55-be6d-47ff-bd60-cc9fafe31b19 req-c54aea55-be6d-47ff-bd60-cc9fafe31b19 ] Request (HypervisorAdminV228Test:tearDownClass): 204 DELETE http://10.180.1.21:9696/networking/v2.0/security-groups/42167623-2e84-405f-bef1-c1865aa91e78 0.213s
2025-01-23 18:57:15.855 68453 INFO tempest.lib.common.rest_client [req-2a3522a3-f949-4957-a14c-62a1be0a9a9a req-2a3522a3-f949-4957-a14c-62a1be0a9a9a ] Request (VolumesAssistedSnapshotsTest:setUpClass): 200 GET http://10.180.1.21/identity/v3/roles 0.065s
2025-01-23 18:57:15.869 68425 INFO tempest.lib.common.rest_client [req-4f5bd24a-79e9-47fb-a15c-7d22523f460d req-4f5bd24a-79e9-47fb-a15c-7d22523f460d ] Request (DeleteServersAdminTestJSON:test_admin_delete_servers_of_others): 200 GET http://10.180.1.21/compute/v2.1/servers/1f94463a-2e46-4cb4-bbce-00e5c8301df2 1.896s
2025-01-23 18:57:15.877 68453 INFO tempest.lib.common.rest_client [req-3aca2a88-44a8-4158-a200-06f7948eb277 req-3aca2a88-44a8-4158-a200-06f7948eb277 ] Request (VolumesAssistedSnapshotsTest:setUpClass): 204 PUT http://10.180.1.21/identity/v3/projects/9f46e620fa0244f8b8326a60b926940a/users/1a44463b2c164206916c04bf8fccdb0c/roles/556cd98d60cb4be6bead28dc46fcda10 0.021s
2025-01-23 18:57:15.877 68453 INFO tempest.lib.common.dynamic_creds [-] Dynamic test user 1a44463b2c164206916c04bf8fccdb0c is created with scope project and roles: ['admin', 'service']
2025-01-23 18:57:15.877 68453 INFO tempest.lib.common.dynamic_creds [-] Acquired dynamic creds: credentials: Credentials: {'domain_id': 'default', 'domain_name': 'Default', 'username': 'tempest-VolumesAssistedSnapshotsTest-1274303636-project', 'project_domain_id': 'default', 'project_domain_name': 'Default', 'project_id': '9f46e620fa0244f8b8326a60b926940a', 'project_name': 'tempest-VolumesAssistedSnapshotsTest-1274303636', 'tenant_id': '9f46e620fa0244f8b8326a60b926940a', 'tenant_name': 'tempest-VolumesAssistedSnapshotsTest-1274303636', 'user_domain_id': 'default', 'user_domain_name': 'Default', 'user_id': '1a44463b2c164206916c04bf8fccdb0c', 'system': None}, Network: None, Subnet: None, Router: None
2025-01-23 18:57:15.895 68469 INFO tempest.lib.common.rest_client [req-19763704-784e-4177-9b7b-b9d83ed1ca9c req-19763704-784e-4177-9b7b-b9d83ed1ca9c ] Request (ImagesMetadataNegativeTestJSON:test_get_nonexistent_image_metadata_item): 404 GET http://10.180.1.21/compute/v2.1/images/02ad9a68-1d37-4ac2-a526-25ac4a9f7564/metadata/os_version 1.677s
2025-01-23 18:57:15.932 68472 INFO tempest.lib.common.rest_client [req-fc9ac680-0311-4943-b16f-6057bad4ed0b req-fc9ac680-0311-4943-b16f-6057bad4ed0b ] Request (HypervisorAdminV228Test:tearDownClass): 204 DELETE http://10.180.1.21/identity/v3/projects/6b347135ee4c4778953e73cc9bb934f0 0.121s
2025-01-23 18:57:15.932 68472 INFO tempest.lib.common.dynamic_creds [-] Deleting project and security group for project: a642c794e33c4ee9aa72aebb850c8bab
2025-01-23 18:57:15.932 68465 INFO tempest.lib.common.rest_client [req-3f3e0e21-2c81-4c31-876e-414e5bbfaacf req-3f3e0e21-2c81-4c31-876e-414e5bbfaacf ] Request (HypervisorAdminV253TestBase:tearDownClass): 200 GET http://10.180.1.21:9696/networking/v2.0/security-groups?tenant_id=3027ada1b2cb4028975e6dd03d54e74c&name=default 0.626s
2025-01-23 18:57:16.063 68463 INFO tempest.lib.common.rest_client [req-05cbf62c-fa45-46f4-ac24-52d615eace4e req-05cbf62c-fa45-46f4-ac24-52d615eace4e ] Request (TenantUsagesNegativeTestJSON:test_list_usage_all_tenants_with_non_admin_user): 403 GET http://10.180.1.21/compute/v2.1/os-simple-tenant-usage?start=2025-01-22T18%3A57%3A09.388034&end=2025-01-24T18%3A57%3A09.388034&detailed=1 1.830s
2025-01-23 18:57:16.172 68415 INFO tempest.lib.common.rest_client [req-7ab08468-2fa2-403f-a356-a135a605ba93 req-7ab08468-2fa2-403f-a356-a135a605ba93 ] Request (ServersAdminNegativeTestJSON:setUpClass): 200 GET http://10.180.1.21/compute/v2.1/servers/533d47fe-14a9-4021-81a2-4fa6f047cc84 1.885s
2025-01-23 18:57:16.186 68463 INFO tempest.lib.common.rest_client [req-4a5a4b52-1888-4e9c-9a86-f1646be88942 req-4a5a4b52-1888-4e9c-9a86-f1646be88942 ] Request (TenantUsagesNegativeTestJSON:tearDownClass): 204 DELETE http://10.180.1.21/identity/v3/users/4da458767b6644de8842eeeddf3d480e 0.121s
2025-01-23 18:57:16.194 68409 INFO tempest.lib.common.rest_client [req-b8e160c7-41d3-4c6b-9c5b-d4ef9dfdc282 req-b8e160c7-41d3-4c6b-9c5b-d4ef9dfdc282 ] Request (HypervisorAdminUnderV252Test:tearDownClass): 200 GET http://10.180.1.21:9696/networking/v2.0/security-groups?tenant_id=3853e0bf32634438a632f521bd393b4a&name=default 0.490s
2025-01-23 18:57:16.278 68465 INFO tempest.lib.common.rest_client [req-c2fea4b9-0b7d-49c3-8b15-c144d1a57c90 req-c2fea4b9-0b7d-49c3-8b15-c144d1a57c90 ] Request (HypervisorAdminV253TestBase:tearDownClass): 204 DELETE http://10.180.1.21:9696/networking/v2.0/security-groups/2977c4fc-d5ee-4f86-92d3-6e17911b1c3c 0.345s
2025-01-23 18:57:16.281 68460 INFO tempest.lib.common.rest_client [req-502127bd-415e-4870-bb62-e08a912c6b7a req-502127bd-415e-4870-bb62-e08a912c6b7a ] Request (SecurityGroupsTestAdminJSON:test_list_security_groups_list_all_tenants_filter): 200 POST http://10.180.1.21/compute/v2.1/os-security-groups 2.321s
2025-01-23 18:57:16.283 68455 INFO tempest.lib.common.rest_client [req-f36e3e05-236b-4f72-986b-f1e7de374534 req-f36e3e05-236b-4f72-986b-f1e7de374534 ] Request (ServersV294TestFqdnHostnames:setUpClass): 200 GET http://10.180.1.21/compute/v2.1/servers/285196c8-299e-4270-88d2-9cb2cd64d54d 1.928s
2025-01-23 18:57:16.295 68472 INFO tempest.lib.common.rest_client [req-9675ca04-81dd-4c2a-aa28-3a0828d43de7 req-9675ca04-81dd-4c2a-aa28-3a0828d43de7 ] Request (HypervisorAdminV228Test:tearDownClass): 200 GET http://10.180.1.21:9696/networking/v2.0/security-groups?tenant_id=a642c794e33c4ee9aa72aebb850c8bab&name=default 0.363s
2025-01-23 18:57:16.304 68463 INFO tempest.lib.common.rest_client [req-baa3d823-97f7-4fba-90f3-9d22f589ed95 req-baa3d823-97f7-4fba-90f3-9d22f589ed95 ] Request (TenantUsagesNegativeTestJSON:tearDownClass): 204 DELETE http://10.180.1.21/identity/v3/users/578bf22f37e74901ae06318a3029cf85 0.117s
2025-01-23 18:57:16.304 68463 INFO tempest.lib.common.dynamic_creds [-] Deleting project and security group for project: 0d23bb09730e4fa9bcc50937eec5957b
2025-01-23 18:57:16.305 68417 INFO tempest.lib.common.rest_client [req-b3a58e95-a089-49a5-8be7-64c073b3694a req-b3a58e95-a089-49a5-8be7-64c073b3694a ] Request (FlavorMetadataValidation:_run_cleanups): 202 DELETE http://10.180.1.21/compute/v2.1/flavors/997811246 1.858s
2025-01-23 18:57:16.399 68465 INFO tempest.lib.common.rest_client [req-02c3ee35-e550-4c08-9795-dccc89047867 req-02c3ee35-e550-4c08-9795-dccc89047867 ] Request (HypervisorAdminV253TestBase:tearDownClass): 204 DELETE http://10.180.1.21/identity/v3/projects/3027ada1b2cb4028975e6dd03d54e74c 0.121s
2025-01-23 18:57:16.399 68465 INFO tempest.lib.common.dynamic_creds [-] Deleting project and security group for project: 0230c4bd84a64dc089ef867361df6151
2025-01-23 18:57:16.419 68453 INFO tempest.lib.common.rest_client [req-06974532-4b36-44da-915e-38fe4acaaf5d req-06974532-4b36-44da-915e-38fe4acaaf5d ] Request (VolumesAssistedSnapshotsTest:setUpClass): 201 POST http://10.180.1.21:9696/networking/v2.0/networks 0.540s
2025-01-23 18:57:16.426 68472 INFO tempest.lib.common.rest_client [req-5179822c-2591-45b1-a4f8-6e33efe09bb5 req-5179822c-2591-45b1-a4f8-6e33efe09bb5 ] Request (HypervisorAdminV228Test:tearDownClass): 204 DELETE http://10.180.1.21:9696/networking/v2.0/security-groups/afb8a798-ccae-416a-95a3-16e2a8c1951d 0.130s
2025-01-23 18:57:16.433 68409 INFO tempest.lib.common.rest_client [req-5bfc2306-04bc-432b-ab4f-2e1b48297f77 req-5bfc2306-04bc-432b-ab4f-2e1b48297f77 ] Request (HypervisorAdminUnderV252Test:tearDownClass): 204 DELETE http://10.180.1.21:9696/networking/v2.0/security-groups/fcd50052-a5fb-48a9-b9d9-4d5a9b547955 0.239s
2025-01-23 18:57:16.464 68451 INFO tempest.lib.common.rest_client [req-792fc82a-e6c7-4cd2-95ab-8b0bcbf08628 req-792fc82a-e6c7-4cd2-95ab-8b0bcbf08628 ] Request (FlavorsAccessTestJSON:test_flavor_access_add_remove): 200 GET http://10.180.1.21/compute/v2.1/flavors/detail 2.001s
2025-01-23 18:57:16.474 68463 INFO tempest.lib.common.rest_client [req-edf15357-4a1f-47fd-b9a2-780b1aa84012 req-edf15357-4a1f-47fd-b9a2-780b1aa84012 ] Request (TenantUsagesNegativeTestJSON:tearDownClass): 201 POST http://10.180.1.21/identity/v3/auth/tokens 0.170s
2025-01-23 18:57:16.484 68435 INFO tempest.lib.common.rest_client [req-dd46747c-bab3-437b-8d12-548b5db3d0cf req-dd46747c-bab3-437b-8d12-548b5db3d0cf ] Request (HypervisorAdminTestJSON:test_get_hypervisor_show_details): 200 GET http://10.180.1.21/compute/v2.1/os-hypervisors 1.945s
2025-01-23 18:57:16.503 68443 INFO tempest.lib.common.rest_client [req-1f5f8e29-1ab4-428f-87f9-8eb3ca006b74 req-1f5f8e29-1ab4-428f-87f9-8eb3ca006b74 ] Request (ImagesDeleteNegativeTestJSON:test_delete_non_existent_image): 404 DELETE http://10.180.1.21/compute/v2.1/images/e07c0960-1b81-49cc-8bac-718cd609af05 1.953s
2025-01-23 18:57:16.520 68411 INFO tempest.lib.common.rest_client [req-dcc1144a-ca53-4b0d-a13d-748232a885b3 req-dcc1144a-ca53-4b0d-a13d-748232a885b3 ] Request (FlavorsAdminTestJSON:test_create_list_flavor_without_extra_data): 200 POST http://10.180.1.21/compute/v2.1/flavors 1.941s
2025-01-23 18:57:16.561 68472 INFO tempest.lib.common.rest_client [req-49ab0b4b-204c-42ca-a6b2-a69b6cc10c67 req-49ab0b4b-204c-42ca-a6b2-a69b6cc10c67 ] Request (HypervisorAdminV228Test:tearDownClass): 204 DELETE http://10.180.1.21/identity/v3/projects/a642c794e33c4ee9aa72aebb850c8bab 0.135s
2025-01-23 18:57:16.576 68445 INFO tempest.lib.common.rest_client [req-11a3bc19-b617-4205-90e5-0e598fbf7b15 req-11a3bc19-b617-4205-90e5-0e598fbf7b15 ] Request (FlavorsExtraSpecsTestJSON:test_flavor_non_admin_get_all_keys): 200 GET http://10.180.1.21/compute/v2.1/flavors/944815240/os-extra_specs 2.094s
2025-01-23 18:57:16.661 68409 INFO tempest.lib.common.rest_client [req-bb8f7197-c192-4b26-accc-3b8b4223b12f req-bb8f7197-c192-4b26-accc-3b8b4223b12f ] Request (HypervisorAdminUnderV252Test:tearDownClass): 204 DELETE http://10.180.1.21/identity/v3/projects/3853e0bf32634438a632f521bd393b4a 0.226s
2025-01-23 18:57:16.661 68409 INFO tempest.lib.common.dynamic_creds [-] Deleting project and security group for project: 459f44057493426db4fcf759c38adf4f
2025-01-23 18:57:16.692 68447 INFO tempest.lib.common.rest_client [req-53fde9e5-960e-4bc9-a44f-19c8b7a13f80 req-53fde9e5-960e-4bc9-a44f-19c8b7a13f80 ] Request (MigrationsAdminTest:test_list_migrations_in_flavor_resize_situation): 200 GET http://10.180.1.21/compute/v2.1/servers/dd8b83e9-bf81-4d6a-b65e-410788839afd 1.791s
2025-01-23 18:57:16.700 68443 INFO tempest.lib.common.rest_client [req-7fc433a0-1aa2-416c-ba30-20864f3c1046 req-7fc433a0-1aa2-416c-ba30-20864f3c1046 ] Request (ImagesDeleteNegativeTestJSON:tearDownClass): 204 DELETE http://10.180.1.21/identity/v3/users/d519823ea58948a98199e3a57ebc3b51 0.195s
2025-01-23 18:57:16.700 68443 INFO tempest.lib.common.dynamic_creds [-] Deleting project and security group for project: 5c6ab5394bd94b719367a395235bc1c6
2025-01-23 18:57:16.711 68465 INFO tempest.lib.common.rest_client [req-d9da8257-ffa4-4832-8dde-2b7a8001ba14 req-d9da8257-ffa4-4832-8dde-2b7a8001ba14 ] Request (HypervisorAdminV253TestBase:tearDownClass): 200 GET http://10.180.1.21:9696/networking/v2.0/security-groups?tenant_id=0230c4bd84a64dc089ef867361df6151&name=default 0.312s
2025-01-23 18:57:16.740 68472 INFO tempest.lib.common.rest_client [req-b24d7b6a-98d6-494b-be5e-9eb1896b4af5 req-b24d7b6a-98d6-494b-be5e-9eb1896b4af5 ] Request (InstanceUsageAuditLogTestJSON:setUpClass): 201 POST http://10.180.1.21/identity/v3/auth/tokens 0.177s
2025-01-23 18:57:16.833 68439 INFO tempest.lib.common.rest_client [req-47d1f6e7-70ac-46ff-9fcb-7d19a3c42c5b req-47d1f6e7-70ac-46ff-9fcb-7d19a3c42c5b ] Request (ServerDiagnosticsV248Test:test_get_server_diagnostics): 200 GET http://10.180.1.21/compute/v2.1/servers/41d4c2df-95e7-4f1e-9e93-72bbcfd0187b 1.730s
2025-01-23 18:57:16.841 68443 INFO tempest.lib.common.rest_client [req-065f203a-fd10-40a1-acea-fe85e718bc7b req-065f203a-fd10-40a1-acea-fe85e718bc7b ] Request (ImagesDeleteNegativeTestJSON:tearDownClass): 201 POST http://10.180.1.21/identity/v3/auth/tokens 0.140s
2025-01-23 18:57:16.861 68437 INFO tempest.lib.common.rest_client [req-04837006-abb3-4dff-b60c-b3ae8d5cf6a1 req-04837006-abb3-4dff-b60c-b3ae8d5cf6a1 ] Request (FlavorsAccessNegativeTestJSON:test_add_flavor_access_duplicate): 409 POST http://10.180.1.21/compute/v2.1/flavors/231279688/action 1.910s
2025-01-23 18:57:16.866 68453 INFO tempest.lib.common.rest_client [req-efbf39ef-9341-469f-a530-080ce6eb043f req-efbf39ef-9341-469f-a530-080ce6eb043f ] Request (VolumesAssistedSnapshotsTest:setUpClass): 201 POST http://10.180.1.21:9696/networking/v2.0/subnets 0.446s
2025-01-23 18:57:16.867 68431 INFO tempest.lib.common.rest_client [req-c5e6cc2e-0ceb-4765-82f5-215a61db027f req-c5e6cc2e-0ceb-4765-82f5-215a61db027f ] Request (FlavorsV255TestJSON:test_crud_flavor): 200 GET http://10.180.1.21/compute/v2.1/flavors/detail 1.748s
2025-01-23 18:57:16.872 68463 INFO tempest.lib.common.rest_client [req-9f03f6c7-fd10-45b4-8b1b-d6f1ca0cefde req-9f03f6c7-fd10-45b4-8b1b-d6f1ca0cefde ] Request (TenantUsagesNegativeTestJSON:tearDownClass): 200 GET http://10.180.1.21:9696/networking/v2.0/security-groups?tenant_id=0d23bb09730e4fa9bcc50937eec5957b&name=default 0.397s
2025-01-23 18:57:16.873 68465 INFO tempest.lib.common.rest_client [req-ba952cf7-4f35-4d02-a912-e2374b04aeb9 req-ba952cf7-4f35-4d02-a912-e2374b04aeb9 ] Request (HypervisorAdminV253TestBase:tearDownClass): 204 DELETE http://10.180.1.21:9696/networking/v2.0/security-groups/504a213f-4de2-4959-add5-f4853023c393 0.161s
2025-01-23 18:57:16.879 68472 INFO tempest.lib.common.rest_client [req-807ece49-5302-4195-96a7-24270f99ebed req-807ece49-5302-4195-96a7-24270f99ebed ] Request (InstanceUsageAuditLogTestJSON:setUpClass): 201 POST http://10.180.1.21/identity/v3/auth/tokens 0.137s
2025-01-23 18:57:16.893 68427 INFO tempest.lib.common.rest_client [req-ca2838ef-57c5-4d09-86f4-804f8f3169f5 req-ca2838ef-57c5-4d09-86f4-804f8f3169f5 ] Request (HostsAdminNegativeTestJSON:test_reboot_nonexistent_host): 404 GET http://10.180.1.21/compute/v2.1/os-hosts/nonexistent_hostname/reboot 1.769s
2025-01-23 18:57:16.899 68429 INFO tempest.lib.common.rest_client [req-86ce9b41-9234-4b2f-9b61-97c1515868e5 req-86ce9b41-9234-4b2f-9b61-97c1515868e5 ] Request (FlavorsExtraSpecsNegativeTestJSON:test_flavor_non_admin_unset_keys): 403 DELETE http://10.180.1.21/compute/v2.1/flavors/783806535/os-extra_specs/hw:numa_nodes 1.675s
2025-01-23 18:57:16.899 68409 INFO tempest.lib.common.rest_client [req-7df1c53c-c3b2-4f53-9575-debc751f5062 req-7df1c53c-c3b2-4f53-9575-debc751f5062 ] Request (HypervisorAdminUnderV252Test:tearDownClass): 200 GET http://10.180.1.21:9696/networking/v2.0/security-groups?tenant_id=459f44057493426db4fcf759c38adf4f&name=default 0.237s
2025-01-23 18:57:16.927 68419 INFO tempest.lib.common.rest_client [req-e5485dda-ac4b-4d90-8e66-8d0aea800b15 req-e5485dda-ac4b-4d90-8e66-8d0aea800b15 ] Request (QuotaClassesAdminTestJSON:_run_cleanups): 200 PUT http://10.180.1.21/compute/v2.1/os-quota-class-sets/default 1.721s
2025-01-23 18:57:16.948 68472 INFO tempest.lib.common.rest_client [req-9357ecac-6633-4eb7-a5cc-06079ca17a8d req-9357ecac-6633-4eb7-a5cc-06079ca17a8d ] Request (InstanceUsageAuditLogTestJSON:setUpClass): 200 GET http://10.180.1.21/identity/v3/domains?name=Default 0.068s
2025-01-23 18:57:16.987 68465 INFO tempest.lib.common.rest_client [req-e91abb88-b145-47a9-b3c7-bdb345d9947f req-e91abb88-b145-47a9-b3c7-bdb345d9947f ] Request (HypervisorAdminV253TestBase:tearDownClass): 204 DELETE http://10.180.1.21/identity/v3/projects/0230c4bd84a64dc089ef867361df6151 0.111s
2025-01-23 18:57:16.988 68465 INFO tempest.test [-] raised in ServersOnMultiNodesTest.setUpClass. Invoking tearDownClass.
2025-01-23 18:57:16.991 68449 INFO tempest.lib.common.rest_client [req-2d6c0037-80b3-4486-b6fb-ac5e47556266 req-2d6c0037-80b3-4486-b6fb-ac5e47556266 ] Request (InstanceActionsV221TestJSON:test_get_list_deleted_instance_actions): 200 GET http://10.180.1.21/compute/v2.1/servers/a18efe53-294f-4308-8c11-e95f7c183ff4 1.656s
2025-01-23 18:57:17.042 68441 INFO tempest.lib.common.rest_client [req-d7eb194e-c75f-4514-94c7-a711398db23d req-d7eb194e-c75f-4514-94c7-a711398db23d ] Request (InstanceUsageAuditLogNegativeTestJSON:test_instance_usage_audit_logs_with_nonadmin_user): 403 GET http://10.180.1.21/compute/v2.1/os-instance_usage_audit_log 1.552s
2025-01-23 18:57:17.058 68463 INFO tempest.lib.common.rest_client [req-41f93b9d-9031-45d8-8561-a710c637f6cd req-41f93b9d-9031-45d8-8561-a710c637f6cd ] Request (TenantUsagesNegativeTestJSON:tearDownClass): 204 DELETE http://10.180.1.21:9696/networking/v2.0/security-groups/d452866c-2eba-49ea-969d-275999b88eba 0.185s
2025-01-23 18:57:17.077 68472 INFO tempest.lib.common.rest_client [req-54194671-e167-4049-bde1-4f1b23f603e4 req-54194671-e167-4049-bde1-4f1b23f603e4 ] Request (InstanceUsageAuditLogTestJSON:setUpClass): 201 POST http://10.180.1.21/identity/v3/projects 0.125s
2025-01-23 18:57:17.092 68413 INFO tempest.lib.common.rest_client [req-2992c47d-a9fc-4daf-8f68-9e5c4547d6fb req-2992c47d-a9fc-4daf-8f68-9e5c4547d6fb ] Request (AggregatesAdminNegativeTestJSON:test_aggregate_add_existent_host): 409 POST http://10.180.1.21/compute/v2.1/os-aggregates/1/action 1.322s
2025-01-23 18:57:17.095 68409 INFO tempest.lib.common.rest_client [req-284b8a6c-6ea6-44c0-a8cd-cb16675d156a req-284b8a6c-6ea6-44c0-a8cd-cb16675d156a ] Request (HypervisorAdminUnderV252Test:tearDownClass): 204 DELETE http://10.180.1.21:9696/networking/v2.0/security-groups/0065799e-d513-4c12-921b-d73f431538ac 0.195s
2025-01-23 18:57:17.097 68419 INFO tempest.lib.common.rest_client [req-f917d0df-c4c5-4e88-8c77-975ecc5d31da req-f917d0df-c4c5-4e88-8c77-975ecc5d31da ] Request (QuotaClassesAdminTestJSON:tearDownClass): 204 DELETE http://10.180.1.21/identity/v3/users/f09a579f84ce49aea3603eaedc3ea086 0.164s
2025-01-23 18:57:17.100 68423 INFO tempest.lib.common.rest_client [req-b622299f-b0b1-4b1a-824f-e4768d71ca6f req-b622299f-b0b1-4b1a-824f-e4768d71ca6f ] Request (ServersWithSpecificFlavorTestJSON:setUpClass): 201 POST http://10.180.1.21:9696/networking/v2.0/routers 1.632s
2025-01-23 18:57:17.118 68469 INFO tempest.lib.common.rest_client [req-b9f3e736-73a8-4e9f-ab7c-574436e40462 req-b9f3e736-73a8-4e9f-ab7c-574436e40462 ] Request (ImagesMetadataNegativeTestJSON:test_list_nonexistent_image_metadata): 404 GET http://10.180.1.21/compute/v2.1/images/0b519ec7-d5c1-4732-964a-c1ae6faf6fae/metadata 1.222s
2025-01-23 18:57:17.125 68443 INFO tempest.lib.common.rest_client [req-dd690650-6763-427f-a591-df9d1927c235 req-dd690650-6763-427f-a591-df9d1927c235 ] Request (ImagesDeleteNegativeTestJSON:tearDownClass): 200 GET http://10.180.1.21:9696/networking/v2.0/security-groups?tenant_id=5c6ab5394bd94b719367a395235bc1c6&name=default 0.283s
2025-01-23 18:57:17.142 68465 INFO tempest.lib.common.rest_client [req-3b9d02d1-86e9-4d19-842a-edc2b47dc660 req-3b9d02d1-86e9-4d19-842a-edc2b47dc660 ] Request (ServicesAdminTestJSON:setUpClass): 201 POST http://10.180.1.21/identity/v3/auth/tokens 0.152s
2025-01-23 18:57:17.187 68421 INFO tempest.lib.common.rest_client [req-23a94d47-1e9b-4ce9-8e56-219c687f227c req-23a94d47-1e9b-4ce9-8e56-219c687f227c ] Request (ServersAdmin275Test:test_rebuild_update_server_275): 200 GET http://10.180.1.21/compute/v2.1/servers/64872a8b-3b8f-4b38-a20f-b83e8e249888 1.091s
2025-01-23 18:57:17.204 68463 INFO tempest.lib.common.rest_client [req-62b4475f-82bd-41aa-ae92-90bae97ddb1b req-62b4475f-82bd-41aa-ae92-90bae97ddb1b ] Request (TenantUsagesNegativeTestJSON:tearDownClass): 204 DELETE http://10.180.1.21/identity/v3/projects/0d23bb09730e4fa9bcc50937eec5957b 0.146s
2025-01-23 18:57:17.205 68463 INFO tempest.lib.common.dynamic_creds [-] Deleting project and security group for project: 1133af66fa1c4b82901304b8ad1f8167
2025-01-23 18:57:17.268 68472 INFO tempest.lib.common.rest_client [req-a939daa4-2dd4-4da6-afc4-e1ab835c23bf req-a939daa4-2dd4-4da6-afc4-e1ab835c23bf ] Request (InstanceUsageAuditLogTestJSON:setUpClass): 201 POST http://10.180.1.21/identity/v3/users 0.191s
2025-01-23 18:57:17.280 68467 INFO tempest.lib.common.rest_client [req-dd4de195-14ef-4753-81ac-8ae6b3084586 req-dd4de195-14ef-4753-81ac-8ae6b3084586 ] Request (ImagesTestJSON:test_create_image_from_stopped_server): 200 GET http://10.180.1.21/compute/v2.1/servers/611671a3-4fbc-4dfd-86e4-b6100f6e934f 1.084s
2025-01-23 18:57:17.312 68409 INFO tempest.lib.common.rest_client [req-abd10665-90dc-446c-abb6-b962d2c7a1a4 req-abd10665-90dc-446c-abb6-b962d2c7a1a4 ] Request (HypervisorAdminUnderV252Test:tearDownClass): 204 DELETE http://10.180.1.21/identity/v3/projects/459f44057493426db4fcf759c38adf4f 0.216s
2025-01-23 18:57:17.333 68419 INFO tempest.lib.common.rest_client [req-31bbbc66-2d26-46bc-92ca-e322f9892a3d req-31bbbc66-2d26-46bc-92ca-e322f9892a3d ] Request (QuotaClassesAdminTestJSON:tearDownClass): 204 DELETE http://10.180.1.21/identity/v3/users/b24f937d2a5e411cb71a2fe42ee45ae8 0.235s
2025-01-23 18:57:17.333 68419 INFO tempest.lib.common.dynamic_creds [-] Deleting project and security group for project: aac2218c639e40658fcb855e3359a876
2025-01-23 18:57:17.378 68443 INFO tempest.lib.common.rest_client [req-584b3468-2c9c-4607-9b48-83923df32ad8 req-584b3468-2c9c-4607-9b48-83923df32ad8 ] Request (ImagesDeleteNegativeTestJSON:tearDownClass): 204 DELETE http://10.180.1.21:9696/networking/v2.0/security-groups/4e6264d3-a6bc-4208-b2c3-326aec0eea64 0.253s
2025-01-23 18:57:17.382 68465 INFO tempest.lib.common.rest_client [req-775c8163-275d-4add-b202-59bf0749e784 req-775c8163-275d-4add-b202-59bf0749e784 ] Request (ServicesAdminTestJSON:setUpClass): 201 POST http://10.180.1.21/identity/v3/auth/tokens 0.238s
2025-01-23 18:57:17.392 68472 INFO tempest.lib.common.rest_client [req-defe4195-02aa-4082-8cfe-f3fc41ff3790 req-defe4195-02aa-4082-8cfe-f3fc41ff3790 ] Request (InstanceUsageAuditLogTestJSON:setUpClass): 200 GET http://10.180.1.21/identity/v3/roles 0.122s
2025-01-23 18:57:17.404 68409 INFO tempest.lib.common.rest_client [req-eba976e0-1087-414c-b114-95830ee28330 req-eba976e0-1087-414c-b114-95830ee28330 ] Request (HypervisorAdminNegativeTestJSON:setUpClass): 201 POST http://10.180.1.21/identity/v3/auth/tokens 0.090s
2025-01-23 18:57:17.420 68419 INFO tempest.lib.common.rest_client [req-e77ce541-b6d1-49c3-9f84-adb93a026e48 req-e77ce541-b6d1-49c3-9f84-adb93a026e48 ] Request (QuotaClassesAdminTestJSON:tearDownClass): 201 POST http://10.180.1.21/identity/v3/auth/tokens 0.085s
2025-01-23 18:57:17.437 68465 INFO tempest.lib.common.rest_client [req-adae80b9-5cfa-49b4-8206-45bac996cc9d req-adae80b9-5cfa-49b4-8206-45bac996cc9d ] Request (ServicesAdminTestJSON:setUpClass): 200 GET http://10.180.1.21/identity/v3/domains?name=Default 0.055s
2025-01-23 18:57:17.460 68443 INFO tempest.lib.common.rest_client [req-e4988bc0-bfea-47da-a334-81e9c1d71816 req-e4988bc0-bfea-47da-a334-81e9c1d71816 ] Request (ImagesDeleteNegativeTestJSON:tearDownClass): 204 DELETE http://10.180.1.21/identity/v3/projects/5c6ab5394bd94b719367a395235bc1c6 0.081s
2025-01-23 18:57:17.481 68409 INFO tempest.lib.common.rest_client [req-08fff091-133d-42c8-ac70-7525bf9b311e req-08fff091-133d-42c8-ac70-7525bf9b311e ] Request (HypervisorAdminNegativeTestJSON:setUpClass): 201 POST http://10.180.1.21/identity/v3/auth/tokens 0.072s
2025-01-23 18:57:17.489 68472 INFO tempest.lib.common.rest_client [req-6e6185b4-f23a-4dad-9e3e-657c9ce5a0d1 req-6e6185b4-f23a-4dad-9e3e-657c9ce5a0d1 ] Request (InstanceUsageAuditLogTestJSON:setUpClass): 204 PUT http://10.180.1.21/identity/v3/projects/1bf76c092a22479b860be004366d31f4/users/33e6593ef9a8404892d0ed5364d73fdd/roles/682dc508dfca402bb9da6b0b87d9b1d8 0.097s
2025-01-23 18:57:17.489 68472 INFO tempest.lib.common.dynamic_creds [-] Dynamic test user 33e6593ef9a8404892d0ed5364d73fdd is created with scope project and roles: ['member']
2025-01-23 18:57:17.489 68472 INFO tempest.lib.common.dynamic_creds [-] Acquired dynamic creds: credentials: Credentials: {'domain_id': 'default', 'domain_name': 'Default', 'username': 'tempest-InstanceUsageAuditLogTestJSON-443431140-project-member', 'project_domain_id': 'default', 'project_domain_name': 'Default', 'project_id': '1bf76c092a22479b860be004366d31f4', 'project_name': 'tempest-InstanceUsageAuditLogTestJSON-443431140', 'tenant_id': '1bf76c092a22479b860be004366d31f4', 'tenant_name': 'tempest-InstanceUsageAuditLogTestJSON-443431140', 'user_domain_id': 'default', 'user_domain_name': 'Default', 'user_id': '33e6593ef9a8404892d0ed5364d73fdd', 'system': None}, Network: None, Subnet: None, Router: None
2025-01-23 18:57:17.489 68472 INFO tempest.lib.common.dynamic_creds [-] Created isolated network resources for: credentials: Credentials: {'domain_id': 'default', 'domain_name': 'Default', 'username': 'tempest-InstanceUsageAuditLogTestJSON-443431140-project-member', 'project_domain_id': 'default', 'project_domain_name': 'Default', 'project_id': '1bf76c092a22479b860be004366d31f4', 'project_name': 'tempest-InstanceUsageAuditLogTestJSON-443431140', 'tenant_id': '1bf76c092a22479b860be004366d31f4', 'tenant_name': 'tempest-InstanceUsageAuditLogTestJSON-443431140', 'user_domain_id': 'default', 'user_domain_name': 'Default', 'user_id': '33e6593ef9a8404892d0ed5364d73fdd', 'system': None}, Network: None, Subnet: None, Router: None
2025-01-23 18:57:17.536 68460 INFO tempest.lib.common.rest_client [req-3c7134ba-c366-4b11-bb14-66bf740e13f0 req-3c7134ba-c366-4b11-bb14-66bf740e13f0 ] Request (SecurityGroupsTestAdminJSON:test_list_security_groups_list_all_tenants_filter): 200 POST http://10.180.1.21/compute/v2.1/os-security-groups 1.250s
2025-01-23 18:57:17.555 68465 INFO tempest.lib.common.rest_client [req-0b733320-ea8c-48de-b1cf-6e9c3a8cd598 req-0b733320-ea8c-48de-b1cf-6e9c3a8cd598 ] Request (ServicesAdminTestJSON:setUpClass): 201 POST http://10.180.1.21/identity/v3/projects 0.116s
2025-01-23 18:57:17.566 68417 INFO tempest.lib.common.rest_client [req-8a35e131-4cf1-45cd-a00b-93cb738aaf25 req-8a35e131-4cf1-45cd-a00b-93cb738aaf25 ] Request (FlavorMetadataValidation:_run_cleanups): 200 GET http://10.180.1.21/compute/v2.1/flavors/detail 1.261s
2025-01-23 18:57:17.613 68443 INFO tempest.lib.common.rest_client [req-ad029071-35e1-4a3a-87ab-6fe4d0517280 req-ad029071-35e1-4a3a-87ab-6fe4d0517280 ] Request (AttachInterfacesUnderV243Test:setUpClass): 201 POST http://10.180.1.21/identity/v3/auth/tokens 0.152s
2025-01-23 18:57:17.623 68409 INFO tempest.lib.common.rest_client [req-1155364f-c918-4849-98b9-907dca1c872c req-1155364f-c918-4849-98b9-907dca1c872c ] Request (HypervisorAdminNegativeTestJSON:setUpClass): 200 GET http://10.180.1.21/identity/v3/domains?name=Default 0.142s
2025-01-23 18:57:17.646 68465 INFO tempest.lib.common.rest_client [req-8401a5d2-6c88-4794-96f9-f6d9a3d1b7c1 req-8401a5d2-6c88-4794-96f9-f6d9a3d1b7c1 ] Request (ServicesAdminTestJSON:setUpClass): 201 POST http://10.180.1.21/identity/v3/users 0.090s
2025-01-23 18:57:17.661 68463 INFO tempest.lib.common.rest_client [req-604a10cb-297d-451d-b5dd-65a9b830e6c4 req-604a10cb-297d-451d-b5dd-65a9b830e6c4 ] Request (TenantUsagesNegativeTestJSON:tearDownClass): 200 GET http://10.180.1.21:9696/networking/v2.0/security-groups?tenant_id=1133af66fa1c4b82901304b8ad1f8167&name=default 0.456s
2025-01-23 18:57:17.688 68472 INFO tempest.lib.common.rest_client [req-6b091d1a-c5ec-40eb-bd5f-cc2cd556445f req-6b091d1a-c5ec-40eb-bd5f-cc2cd556445f ] Request (InstanceUsageAuditLogTestJSON:setUpClass): 201 POST http://10.180.1.21/identity/v3/auth/tokens 0.196s
2025-01-23 18:57:17.747 68417 INFO tempest.lib.common.rest_client [req-c3db1ee2-9a12-49f0-b9cb-14c8c10b37df req-c3db1ee2-9a12-49f0-b9cb-14c8c10b37df ] Request (FlavorMetadataValidation:tearDownClass): 204 DELETE http://10.180.1.21/identity/v3/users/24e9a4064e414511ac9325ac88ff9e77 0.170s
2025-01-23 18:57:17.792 68409 INFO tempest.lib.common.rest_client [req-5b6e0a7c-6578-421a-9f83-23fe3e715142 req-5b6e0a7c-6578-421a-9f83-23fe3e715142 ] Request (HypervisorAdminNegativeTestJSON:setUpClass): 201 POST http://10.180.1.21/identity/v3/projects 0.167s
2025-01-23 18:57:17.921 68465 INFO tempest.lib.common.rest_client [req-f0c5c11b-face-4a17-832e-0a3ba32b08ef req-f0c5c11b-face-4a17-832e-0a3ba32b08ef ] Request (ServicesAdminTestJSON:setUpClass): 200 GET http://10.180.1.21/identity/v3/roles 0.274s
2025-01-23 18:57:17.951 68463 INFO tempest.lib.common.rest_client [req-34a28e92-79f2-45f3-9252-a6b75801f7d4 req-34a28e92-79f2-45f3-9252-a6b75801f7d4 ] Request (TenantUsagesNegativeTestJSON:tearDownClass): 204 DELETE http://10.180.1.21:9696/networking/v2.0/security-groups/020f2282-40c3-48eb-ac15-6058e4e40d23 0.290s
2025-01-23 18:57:17.965 68443 INFO tempest.lib.common.rest_client [req-b9a94cda-b554-4fb7-93ca-37efbebf5f25 req-b9a94cda-b554-4fb7-93ca-37efbebf5f25 ] Request (AttachInterfacesUnderV243Test:setUpClass): 201 POST http://10.180.1.21/identity/v3/auth/tokens 0.293s
2025-01-23 18:57:17.965 68451 INFO tempest.lib.common.rest_client [req-0e75776e-8615-4cbb-b9b7-53ec17ff8ecf req-0e75776e-8615-4cbb-b9b7-53ec17ff8ecf ] Request (FlavorsAccessTestJSON:test_flavor_access_add_remove): 200 POST http://10.180.1.21/compute/v2.1/flavors/1679224976/action 1.495s
2025-01-23 18:57:17.980 68472 INFO tempest.lib.common.rest_client [req-36080c8e-6d58-4c28-a442-97039739d1a8 req-36080c8e-6d58-4c28-a442-97039739d1a8 ] Request (InstanceUsageAuditLogTestJSON:setUpClass): 201 POST http://10.180.1.21/identity/v3/projects 0.289s
2025-01-23 18:57:17.985 68419 INFO tempest.lib.common.rest_client [req-e63efe7d-8dad-4446-8b8f-af18e796c6e3 req-e63efe7d-8dad-4446-8b8f-af18e796c6e3 ] Request (QuotaClassesAdminTestJSON:tearDownClass): 200 GET http://10.180.1.21:9696/networking/v2.0/security-groups?tenant_id=aac2218c639e40658fcb855e3359a876&name=default 0.565s
2025-01-23 18:57:17.990 68435 INFO tempest.lib.common.rest_client [req-68fdaf1a-264c-4eff-95a8-6a02144921f4 req-68fdaf1a-264c-4eff-95a8-6a02144921f4 ] Request (HypervisorAdminTestJSON:test_get_hypervisor_show_details): 200 GET http://10.180.1.21/compute/v2.1/os-hypervisors/1 1.500s
2025-01-23 18:57:17.999 68411 INFO tempest.lib.common.rest_client [req-0e414408-9423-4c4f-9785-384b77d1aeac req-0e414408-9423-4c4f-9785-384b77d1aeac ] Request (FlavorsAdminTestJSON:test_create_list_flavor_without_extra_data): 200 GET http://10.180.1.21/compute/v2.1/flavors/158980988 1.475s
2025-01-23 18:57:18.023 68445 INFO tempest.lib.common.rest_client [req-3254eec8-e0b7-406e-a24f-db11203e9805 req-3254eec8-e0b7-406e-a24f-db11203e9805 ] Request (FlavorsExtraSpecsTestJSON:test_flavor_non_admin_get_specific_key): 200 POST http://10.180.1.21/compute/v2.1/flavors/944815240/os-extra_specs 1.441s
2025-01-23 18:57:18.047 68409 INFO tempest.lib.common.rest_client [req-73890198-a6f5-46be-86b0-0a0f86ec90eb req-73890198-a6f5-46be-86b0-0a0f86ec90eb ] Request (HypervisorAdminNegativeTestJSON:setUpClass): 201 POST http://10.180.1.21/identity/v3/users 0.254s
2025-01-23 18:57:18.080 68417 INFO tempest.lib.common.rest_client [req-f484a669-f951-49ef-a083-b608bece4a45 req-f484a669-f951-49ef-a083-b608bece4a45 ] Request (FlavorMetadataValidation:tearDownClass): 204 DELETE http://10.180.1.21/identity/v3/users/6b83284452a449bda19a9599108acbf9 0.333s
2025-01-23 18:57:18.080 68417 INFO tempest.lib.common.dynamic_creds [-] Deleting project and security group for project: 5b2db90d013340e38a436afc7b08d069
2025-01-23 18:57:18.100 68465 INFO tempest.lib.common.rest_client [req-4b7ac838-4e83-4538-9139-e35baa83d584 req-4b7ac838-4e83-4538-9139-e35baa83d584 ] Request (ServicesAdminTestJSON:setUpClass): 204 PUT http://10.180.1.21/identity/v3/projects/2ace193578f24279b0b48aaa1cd3594e/users/4c39d2fd9e664c098963a15b9e91de4a/roles/682dc508dfca402bb9da6b0b87d9b1d8 0.179s
2025-01-23 18:57:18.100 68465 INFO tempest.lib.common.dynamic_creds [-] Dynamic test user 4c39d2fd9e664c098963a15b9e91de4a is created with scope project and roles: ['member']
2025-01-23 18:57:18.100 68465 INFO tempest.lib.common.dynamic_creds [-] Acquired dynamic creds: credentials: Credentials: {'domain_id': 'default', 'domain_name': 'Default', 'username': 'tempest-ServicesAdminTestJSON-1695914694-project-member', 'project_domain_id': 'default', 'project_domain_name': 'Default', 'project_id': '2ace193578f24279b0b48aaa1cd3594e', 'project_name': 'tempest-ServicesAdminTestJSON-1695914694', 'tenant_id': '2ace193578f24279b0b48aaa1cd3594e', 'tenant_name': 'tempest-ServicesAdminTestJSON-1695914694', 'user_domain_id': 'default', 'user_domain_name': 'Default', 'user_id': '4c39d2fd9e664c098963a15b9e91de4a', 'system': None}, Network: None, Subnet: None, Router: None
2025-01-23 18:57:18.101 68465 INFO tempest.lib.common.dynamic_creds [-] Created isolated network resources for: credentials: Credentials: {'domain_id': 'default', 'domain_name': 'Default', 'username': 'tempest-ServicesAdminTestJSON-1695914694-project-member', 'project_domain_id': 'default', 'project_domain_name': 'Default', 'project_id': '2ace193578f24279b0b48aaa1cd3594e', 'project_name': 'tempest-ServicesAdminTestJSON-1695914694', 'tenant_id': '2ace193578f24279b0b48aaa1cd3594e', 'tenant_name': 'tempest-ServicesAdminTestJSON-1695914694', 'user_domain_id': 'default', 'user_domain_name': 'Default', 'user_id': '4c39d2fd9e664c098963a15b9e91de4a', 'system': None}, Network: None, Subnet: None, Router: None
2025-01-23 18:57:18.151 68443 INFO tempest.lib.common.rest_client [req-377b84b4-2951-4258-99c1-37f8bb804811 req-377b84b4-2951-4258-99c1-37f8bb804811 ] Request (AttachInterfacesUnderV243Test:setUpClass): 200 GET http://10.180.1.21/identity/v3/domains?name=Default 0.186s
2025-01-23 18:57:18.185 68472 INFO tempest.lib.common.rest_client [req-2ef585b8-ba09-4823-9eec-ced089d41ab3 req-2ef585b8-ba09-4823-9eec-ced089d41ab3 ] Request (InstanceUsageAuditLogTestJSON:setUpClass): 201 POST http://10.180.1.21/identity/v3/users 0.204s
2025-01-23 18:57:18.209 68463 INFO tempest.lib.common.rest_client [req-b524e993-f3ca-4fda-bb25-8bc414f5960c req-b524e993-f3ca-4fda-bb25-8bc414f5960c ] Request (TenantUsagesNegativeTestJSON:tearDownClass): 204 DELETE http://10.180.1.21/identity/v3/projects/1133af66fa1c4b82901304b8ad1f8167 0.257s
2025-01-23 18:57:18.229 68457 INFO tempest.lib.common.rest_client [req-9098205f-0440-4496-91bd-c52549b50cfc req-9098205f-0440-4496-91bd-c52549b50cfc ] Request (ServersAdminTestJSON:setUpClass): 202 POST http://10.180.1.21/compute/v2.1/servers 2.689s
2025-01-23 18:57:18.237 68417 INFO tempest.lib.common.rest_client [req-f339bb50-f620-4196-871d-7815458ef048 req-f339bb50-f620-4196-871d-7815458ef048 ] Request (FlavorMetadataValidation:tearDownClass): 201 POST http://10.180.1.21/identity/v3/auth/tokens 0.157s
2025-01-23 18:57:18.246 68409 INFO tempest.lib.common.rest_client [req-e2a6a400-bda7-4994-9104-f98fbfef4449 req-e2a6a400-bda7-4994-9104-f98fbfef4449 ] Request (HypervisorAdminNegativeTestJSON:setUpClass): 200 GET http://10.180.1.21/identity/v3/roles 0.198s
2025-01-23 18:57:18.273 68419 INFO tempest.lib.common.rest_client [req-586c0c6c-7e7b-4c69-954f-6f5c71afffb0 req-586c0c6c-7e7b-4c69-954f-6f5c71afffb0 ] Request (QuotaClassesAdminTestJSON:tearDownClass): 204 DELETE http://10.180.1.21:9696/networking/v2.0/security-groups/996bde96-252c-4a4c-8a8c-f227089743ba 0.288s
2025-01-23 18:57:18.282 68443 INFO tempest.lib.common.rest_client [req-1f4ebf05-381b-4f1b-8428-56a8a3496e56 req-1f4ebf05-381b-4f1b-8428-56a8a3496e56 ] Request (AttachInterfacesUnderV243Test:setUpClass): 201 POST http://10.180.1.21/identity/v3/projects 0.127s
2025-01-23 18:57:18.312 68465 INFO tempest.lib.common.rest_client [req-7ef3c831-adf7-40ae-bc70-f0d4754db2a4 req-7ef3c831-adf7-40ae-bc70-f0d4754db2a4 ] Request (ServicesAdminTestJSON:setUpClass): 201 POST http://10.180.1.21/identity/v3/auth/tokens 0.205s
2025-01-23 18:57:18.324 68461 INFO tempest.lib.common.rest_client [req-47e35c72-d20f-4c4a-b299-1085ad582096 req-47e35c72-d20f-4c4a-b299-1085ad582096 ] Request (FloatingIPsAssociationNegativeTestJSON:setUpClass): 200 GET http://10.180.1.21/compute/v2.1/servers/af4d2339-5711-424c-befb-e52bd81a32ec 1.717s
2025-01-23 18:57:18.335 68472 INFO tempest.lib.common.rest_client [req-bf205b8e-7882-4f58-a9dd-c601383f7eef req-bf205b8e-7882-4f58-a9dd-c601383f7eef ] Request (InstanceUsageAuditLogTestJSON:setUpClass): 200 GET http://10.180.1.21/identity/v3/roles 0.149s
2025-01-23 18:57:18.337 68461 INFO tempest.common.waiters [-] State transition "BUILD/block_device_mapping" ==> "BUILD/spawning" after 6 second wait
2025-01-23 18:57:18.353 68463 INFO tempest.lib.common.rest_client [req-8313f37f-05d4-4a0d-921c-2e20fb2e8a78 req-8313f37f-05d4-4a0d-921c-2e20fb2e8a78 ] Request (SecurityGroupRulesNegativeTestJSON:setUpClass): 201 POST http://10.180.1.21/identity/v3/auth/tokens 0.143s
2025-01-23 18:57:18.353 68431 INFO tempest.lib.common.rest_client [req-9899e3cd-dff4-4466-a90f-812681de739b req-9899e3cd-dff4-4466-a90f-812681de739b ] Request (FlavorsV255TestJSON:test_crud_flavor): 200 GET http://10.180.1.21/compute/v2.1/flavors 1.478s
2025-01-23 18:57:18.386 68409 INFO tempest.lib.common.rest_client [req-ef27eae1-07ae-45dd-a2c8-77d8b74bfdb1 req-ef27eae1-07ae-45dd-a2c8-77d8b74bfdb1 ] Request (HypervisorAdminNegativeTestJSON:setUpClass): 204 PUT http://10.180.1.21/identity/v3/projects/9399de65f7754e1ab79d34861e2dc9ad/users/7962174076c449f29064af65e6f6e8cc/roles/682dc508dfca402bb9da6b0b87d9b1d8 0.139s
2025-01-23 18:57:18.387 68409 INFO tempest.lib.common.dynamic_creds [-] Dynamic test user 7962174076c449f29064af65e6f6e8cc is created with scope project and roles: ['member']
2025-01-23 18:57:18.388 68409 INFO tempest.lib.common.dynamic_creds [-] Acquired dynamic creds: credentials: Credentials: {'domain_id': 'default', 'domain_name': 'Default', 'username': 'tempest-HypervisorAdminNegativeTestJSON-1637819799-project-member', 'project_domain_id': 'default', 'project_domain_name': 'Default', 'project_id': '9399de65f7754e1ab79d34861e2dc9ad', 'project_name': 'tempest-HypervisorAdminNegativeTestJSON-1637819799', 'tenant_id': '9399de65f7754e1ab79d34861e2dc9ad', 'tenant_name': 'tempest-HypervisorAdminNegativeTestJSON-1637819799', 'user_domain_id': 'default', 'user_domain_name': 'Default', 'user_id': '7962174076c449f29064af65e6f6e8cc', 'system': None}, Network: None, Subnet: None, Router: None
2025-01-23 18:57:18.388 68409 INFO tempest.lib.common.dynamic_creds [-] Created isolated network resources for: credentials: Credentials: {'domain_id': 'default', 'domain_name': 'Default', 'username': 'tempest-HypervisorAdminNegativeTestJSON-1637819799-project-member', 'project_domain_id': 'default', 'project_domain_name': 'Default', 'project_id': '9399de65f7754e1ab79d34861e2dc9ad', 'project_name': 'tempest-HypervisorAdminNegativeTestJSON-1637819799', 'tenant_id': '9399de65f7754e1ab79d34861e2dc9ad', 'tenant_name': 'tempest-HypervisorAdminNegativeTestJSON-1637819799', 'user_domain_id': 'default', 'user_domain_name': 'Default', 'user_id': '7962174076c449f29064af65e6f6e8cc', 'system': None}, Network: None, Subnet: None, Router: None
2025-01-23 18:57:18.389 68457 INFO tempest.lib.common.rest_client [req-160f5f5f-b95b-47f8-bfb0-dacfa80f050c req-160f5f5f-b95b-47f8-bfb0-dacfa80f050c ] Request (ServersAdminTestJSON:setUpClass): 201 POST http://10.180.1.21/identity/v3/auth/tokens 0.151s
2025-01-23 18:57:18.390 68457 INFO tempest.lib.common.fixed_network [-] (ServersAdminTestJSON:setUpClass) Found network {'id': '3c04c091-89dc-42ad-87d9-faffc7a2e186', 'name': 'tempest-ServersAdminTestJSON-112391096-network', 'tenant_id': 'e7a56db8905c412f8406839c852c0f79', 'admin_state_up': True, 'mtu': 8950, 'status': 'ACTIVE', 'subnets': [], 'shared': False, 'project_id': 'e7a56db8905c412f8406839c852c0f79', 'port_security_enabled': True, 'router:external': False, 'provider:network_type': 'vlan', 'provider:physical_network': 'default', 'provider:segmentation_id': 329, 'availability_zone_hints': [], 'availability_zones': [], 'ipv4_address_scope': None, 'ipv6_address_scope': None, 'description': '', 'tags': [], 'created_at': '2025-01-23T18:57:05Z', 'updated_at': '2025-01-23T18:57:05Z', 'revision_number': 1} available for tenant
2025-01-23 18:57:18.463 68443 INFO tempest.lib.common.rest_client [req-9e6e4c8a-8cfc-4dd4-88e3-b1f4d7235e9d req-9e6e4c8a-8cfc-4dd4-88e3-b1f4d7235e9d ] Request (AttachInterfacesUnderV243Test:setUpClass): 201 POST http://10.180.1.21/identity/v3/users 0.180s
2025-01-23 18:57:18.481 68419 INFO tempest.lib.common.rest_client [req-62a59d2f-a8af-4d2a-8445-4da77f85161a req-62a59d2f-a8af-4d2a-8445-4da77f85161a ] Request (QuotaClassesAdminTestJSON:tearDownClass): 204 DELETE http://10.180.1.21/identity/v3/projects/aac2218c639e40658fcb855e3359a876 0.207s
2025-01-23 18:57:18.481 68419 INFO tempest.lib.common.dynamic_creds [-] Deleting project and security group for project: fe4b6d85ef6d4fcaab86149804a63764
2025-01-23 18:57:18.522 68465 INFO tempest.lib.common.rest_client [req-c3fd0507-1de2-47e9-8a15-c248978f96cb req-c3fd0507-1de2-47e9-8a15-c248978f96cb ] Request (ServicesAdminTestJSON:setUpClass): 201 POST http://10.180.1.21/identity/v3/projects 0.210s
2025-01-23 18:57:18.545 68472 INFO tempest.lib.common.rest_client [req-5ec4df83-ef7f-45bd-b3c3-1274e0530ff4 req-5ec4df83-ef7f-45bd-b3c3-1274e0530ff4 ] Request (InstanceUsageAuditLogTestJSON:setUpClass): 204 PUT http://10.180.1.21/identity/v3/projects/c282c294474c40bebf2f3b2efbaee29f/users/dfe2b7f7094544ee91a71726886c1733/roles/36a3c780154241618317e5c5ec1eb85f 0.209s
2025-01-23 18:57:18.562 68453 INFO tempest.lib.common.rest_client [req-fc91da28-d530-4a18-a55a-17cc3604a2be req-fc91da28-d530-4a18-a55a-17cc3604a2be ] Request (VolumesAssistedSnapshotsTest:setUpClass): 201 POST http://10.180.1.21:9696/networking/v2.0/routers 1.695s
2025-01-23 18:57:18.605 68463 INFO tempest.lib.common.rest_client [req-abf0c176-64ca-45db-bd36-713e780917eb req-abf0c176-64ca-45db-bd36-713e780917eb ] Request (SecurityGroupRulesNegativeTestJSON:setUpClass): 201 POST http://10.180.1.21/identity/v3/auth/tokens 0.249s
2025-01-23 18:57:18.664 68443 INFO tempest.lib.common.rest_client [req-db01eb8f-78d9-4916-a84f-d837ae4ae09f req-db01eb8f-78d9-4916-a84f-d837ae4ae09f ] Request (AttachInterfacesUnderV243Test:setUpClass): 200 GET http://10.180.1.21/identity/v3/roles 0.200s
2025-01-23 18:57:18.665 68437 INFO tempest.lib.common.rest_client [req-7e182c50-0895-4292-9e9e-5727d5ec3cc1 req-7e182c50-0895-4292-9e9e-5727d5ec3cc1 ] Request (FlavorsAccessNegativeTestJSON:_run_cleanups): 200 POST http://10.180.1.21/compute/v2.1/flavors/231279688/action 1.804s
2025-01-23 18:57:18.666 68409 INFO tempest.lib.common.rest_client [req-19f0e771-e544-4d12-b06d-401954fedb5b req-19f0e771-e544-4d12-b06d-401954fedb5b ] Request (HypervisorAdminNegativeTestJSON:setUpClass): 201 POST http://10.180.1.21/identity/v3/auth/tokens 0.275s
2025-01-23 18:57:18.673 68427 INFO tempest.lib.common.rest_client [req-326aa0a7-08b4-465b-929a-4fe29bfbbce1 req-326aa0a7-08b4-465b-929a-4fe29bfbbce1 ] Request (HostsAdminNegativeTestJSON:test_show_host_detail_with_non_admin_user): 403 GET http://10.180.1.21/compute/v2.1/os-hosts/devstack 1.777s
2025-01-23 18:57:18.686 68472 INFO tempest.lib.common.rest_client [req-5a04be77-7872-4755-9ef0-ba8a97859b12 req-5a04be77-7872-4755-9ef0-ba8a97859b12 ] Request (InstanceUsageAuditLogTestJSON:setUpClass): 200 GET http://10.180.1.21/identity/v3/roles 0.140s
2025-01-23 18:57:18.700 68429 INFO tempest.lib.common.rest_client [req-d14305d4-6175-41cd-be97-ad38459afdb1 req-d14305d4-6175-41cd-be97-ad38459afdb1 ] Request (FlavorsExtraSpecsNegativeTestJSON:test_flavor_non_admin_update_specific_key): 200 POST http://10.180.1.21/compute/v2.1/flavors/783806535/os-extra_specs 1.799s
2025-01-23 18:57:18.708 68441 INFO tempest.lib.common.rest_client [req-630de5d6-a024-4418-a205-acadfc29a685 req-630de5d6-a024-4418-a205-acadfc29a685 ] Request (InstanceUsageAuditLogNegativeTestJSON:test_instance_usage_audit_logs_with_nonadmin_user): 403 GET http://10.180.1.21/compute/v2.1/os-instance_usage_audit_log/2025-01-23%2018%3A57%3A17 1.665s
2025-01-23 18:57:18.710 68465 INFO tempest.lib.common.rest_client [req-2f1c23db-97cd-44b6-b7dc-80b275883f6d req-2f1c23db-97cd-44b6-b7dc-80b275883f6d ] Request (ServicesAdminTestJSON:setUpClass): 201 POST http://10.180.1.21/identity/v3/users 0.187s
2025-01-23 18:57:18.719 68463 INFO tempest.lib.common.rest_client [req-12b0fc4d-f4a6-4424-afdc-b881fee76f4e req-12b0fc4d-f4a6-4424-afdc-b881fee76f4e ] Request (SecurityGroupRulesNegativeTestJSON:setUpClass): 200 GET http://10.180.1.21/identity/v3/domains?name=Default 0.113s
2025-01-23 18:57:18.731 68419 INFO tempest.lib.common.rest_client [req-4e7ece0a-85d3-4327-80b1-aec226c486d5 req-4e7ece0a-85d3-4327-80b1-aec226c486d5 ] Request (QuotaClassesAdminTestJSON:tearDownClass): 200 GET http://10.180.1.21:9696/networking/v2.0/security-groups?tenant_id=fe4b6d85ef6d4fcaab86149804a63764&name=default 0.249s
2025-01-23 18:57:18.747 68443 INFO tempest.lib.common.rest_client [req-7c75300f-86dc-4731-8521-11dc85efdcf2 req-7c75300f-86dc-4731-8521-11dc85efdcf2 ] Request (AttachInterfacesUnderV243Test:setUpClass): 204 PUT http://10.180.1.21/identity/v3/projects/1f86e9ed31784755ad470146506aed1b/users/f56f635efd024865bc873849a54a6e94/roles/682dc508dfca402bb9da6b0b87d9b1d8 0.082s
