2025-01-23 18:58:09.079 68467 INFO tempest.lib.common.rest_client [req-6ac7028a-572b-4c37-8a22-bb28fd559001 req-6ac7028a-572b-4c37-8a22-bb28fd559001 ] Request (ImagesTestJSON:test_create_image_from_suspended_server): 200 GET http://10.180.1.21/compute/v2.1/servers/e8f7c266-4402-4a50-b9ca-f403fb7358b5 1.515s
2025-01-23 18:58:09.157 68415 INFO tempest.lib.common.rest_client [req-bef59c2a-25d2-429a-9a64-15fbc3519063 req-bef59c2a-25d2-429a-9a64-15fbc3519063 ] Request (ServerActionsTestOtherB:setUpClass): 200 GET http://10.180.1.21/compute/v2.1/servers/2f1ff826-3761-4c62-bb64-ac27244d747c 1.526s
2025-01-23 18:58:09.228 68449 INFO tempest.lib.common.rest_client [req-8c4d328f-7eb3-496d-97c0-9250090c9a21 req-8c4d328f-7eb3-496d-97c0-9250090c9a21 ] Request (ServerRescueTestJSON:setUpClass): 202 POST http://10.180.1.21/compute/v2.1/servers 1.751s
2025-01-23 18:58:09.238 68463 INFO tempest.lib.common.rest_client [req-1e8f7ea4-84aa-4b5a-bcb5-8d7841a6050e req-1e8f7ea4-84aa-4b5a-bcb5-8d7841a6050e ] Request (ServerActionsV293TestJSON:setUpClass): 201 POST http://10.180.1.21:9696/networking/v2.0/floatingips 1.127s
2025-01-23 18:58:09.239 68435 INFO tempest.lib.common.rest_client [req-43249641-db94-4394-911a-d7b20b96ed25 req-43249641-db94-4394-911a-d7b20b96ed25 ] Request (ServerGroupTestJSON:test_create_server_with_scheduler_hint_group): 200 GET http://10.180.1.21/compute/v2.1/servers/42b4d041-f32d-467f-a5bc-756ca033e802 1.593s
2025-01-23 18:58:09.301 68417 INFO tempest.lib.common.rest_client [req-a5f1923f-67c3-4afc-a292-da5a74017555 req-a5f1923f-67c3-4afc-a292-da5a74017555 ] Request (ImagesNegativeTestJSON:test_create_image_from_deleted_server): 200 GET http://10.180.1.21/compute/v2.1/servers/e5a22e01-321a-491c-842b-ec73393bf1e6 1.610s
2025-01-23 18:58:09.324 68463 INFO tempest.lib.common.rest_client [req-fa4e7837-3598-4cd9-9ca4-9876a4f1c7da req-fa4e7837-3598-4cd9-9ca4-9876a4f1c7da ] Request (ServerActionsV293TestJSON:setUpClass): 201 POST http://10.180.1.21/identity/v3/auth/tokens 0.081s
2025-01-23 18:58:09.325 68463 INFO tempest.lib.common.fixed_network [-] (ServerActionsV293TestJSON:setUpClass) Found network {'id': '02bec10d-9c71-4ef7-bd3a-e03969d7cf09', 'name': 'tempest-ServerActionsV293TestJSON-92511110-network', 'tenant_id': '5782a6f415dd4c4b9df434fe685b9330', 'admin_state_up': True, 'mtu': 8950, 'status': 'ACTIVE', 'subnets': [], 'shared': False, 'project_id': '5782a6f415dd4c4b9df434fe685b9330', 'port_security_enabled': True, 'router:external': False, 'provider:network_type': 'vlan', 'provider:physical_network': 'default', 'provider:segmentation_id': 456, 'availability_zone_hints': [], 'availability_zones': [], 'ipv4_address_scope': None, 'ipv6_address_scope': None, 'description': '', 'tags': [], 'created_at': '2025-01-23T18:57:59Z', 'updated_at': '2025-01-23T18:57:59Z', 'revision_number': 1} available for tenant
2025-01-23 18:58:09.327 68423 INFO tempest.lib.common.rest_client [req-8ea925b0-3a5f-4e0e-affb-07226a644120 req-8ea925b0-3a5f-4e0e-affb-07226a644120 ] Request (ServersWithSpecificFlavorTestJSON:test_verify_created_server_ephemeral_disk): 200 GET http://10.180.1.21/compute/v2.1/servers/5201282c-5bfd-4344-9355-dd2f4de30aa3 1.580s
2025-01-23 18:58:09.400 68425 INFO tempest.lib.common.rest_client [req-1255fe17-beac-4a0a-aec7-7f5842a2a81c req-1255fe17-beac-4a0a-aec7-7f5842a2a81c ] Request (DeleteServersAdminTestJSON:test_delete_server_while_in_error_state): 200 GET http://10.180.1.21/compute/v2.1/servers/5c3560be-c1da-4f75-b924-835ddc266a25 1.612s
2025-01-23 18:58:09.413 68425 INFO tempest.common.waiters [-] State transition "BUILD/scheduling" ==> "BUILD/None" after 22 second wait
2025-01-23 18:58:09.418 68445 INFO tempest.lib.common.rest_client [req-270f9da2-d4e8-4ce6-b630-35817a8895be req-270f9da2-d4e8-4ce6-b630-35817a8895be ] Request (ServersTestJSON:test_create_server_specify_multibyte_character_name): 200 GET http://10.180.1.21/compute/v2.1/servers/0e1873ce-fe9f-4314-b782-e2eedd718323 1.598s
2025-01-23 18:58:09.492 68465 INFO tempest.lib.common.rest_client [req-cf791990-be41-45c2-9a58-a77793584632 req-cf791990-be41-45c2-9a58-a77793584632 ] Request (ServersAaction247Test:tearDownClass): 204 DELETE http://10.180.1.21/compute/v2.1/servers/b4b70d41-f8f1-4ee6-89d1-e09e1405b0a8 1.509s
2025-01-23 18:58:09.506 68457 INFO tempest.lib.common.rest_client [req-8bfac1c4-0344-48b7-b835-38687d7b7edc req-8bfac1c4-0344-48b7-b835-38687d7b7edc ] Request (ServersAdminTestJSON:setUpClass): 200 GET http://10.180.1.21/compute/v2.1/servers/614b37a2-7811-44f4-ac9a-7361581788d6 1.485s
2025-01-23 18:58:09.512 68455 INFO tempest.lib.common.rest_client [req-5a000f80-f2b0-4e89-a907-ac81152f3cff req-5a000f80-f2b0-4e89-a907-ac81152f3cff ] Request (ServerDiskConfigTestJSON:setUpClass): 201 POST http://10.180.1.21:9696/networking/v2.0/subnets 0.556s
2025-01-23 18:58:09.577 68453 INFO tempest.lib.common.rest_client [req-5a6c7d2e-1c93-4c28-84fb-36aadd34bb0b req-5a6c7d2e-1c93-4c28-84fb-36aadd34bb0b ] Request (VolumesAssistedSnapshotsTest:test_volume_assisted_snapshot_create_delete): 200 GET http://10.180.1.21/compute/v2.1/servers/e4c7eaca-1645-4a20-b038-c1c3538ff51e 1.500s
2025-01-23 18:58:09.591 68441 INFO tempest.lib.common.rest_client [req-2e470212-b582-47b0-8f29-e829b5c4a61b req-2e470212-b582-47b0-8f29-e829b5c4a61b ] Request (ServerActionsTestJSON:setUpClass): 200 GET http://10.180.1.21/compute/v2.1/servers/ca73c947-8af4-41e4-8133-783c93b1ee32 1.465s
2025-01-23 18:58:09.637 68431 INFO tempest.lib.common.rest_client [req-4c2260b1-c25f-44b3-ab9d-6dbc42e60812 req-4c2260b1-c25f-44b3-ab9d-6dbc42e60812 ] Request (ImagesOneServerTestJSON:setUpClass): 200 GET http://10.180.1.21/compute/v2.1/servers/7b5d744f-ebb9-4963-be4f-3e41b3ea3752 1.460s
2025-01-23 18:58:09.674 68460 INFO tempest.lib.common.rest_client [req-e5c47432-2955-466d-8537-8b9a71de9ddb req-e5c47432-2955-466d-8537-8b9a71de9ddb ] Request (ServerDiagnosticsNegativeTest:test_get_server_diagnostics_by_non_admin): 200 GET http://10.180.1.21/compute/v2.1/servers/8b016eb7-005e-4169-bb74-3caddef2748b 1.431s
2025-01-23 18:58:09.684 68460 INFO tempest.common.waiters [-] State transition "BUILD/None" ==> "BUILD/networking" after 34 second wait
2025-01-23 18:58:09.687 68433 INFO tempest.lib.common.rest_client [req-bb86ef67-4f54-4660-ac1b-50703c729fe7 req-bb86ef67-4f54-4660-ac1b-50703c729fe7 ] Request (ServersTestMultiNic:test_verify_duplicate_network_nics): 200 GET http://10.180.1.21/compute/v2.1/servers/c744175f-6b0e-4123-a23c-075208d7493e 1.405s
2025-01-23 18:58:09.770 68427 INFO tempest.lib.common.rest_client [req-bd49d911-c91d-409f-a83c-a70a104f72a8 req-bd49d911-c91d-409f-a83c-a70a104f72a8 ] Request (SecurityGroupsTestJSON:test_list_security_groups_by_server): 200 GET http://10.180.1.21/compute/v2.1/servers/4eae6ac7-0580-4bd6-958a-7869cc4d8a18 1.341s
2025-01-23 18:58:09.802 68419 INFO tempest.lib.common.rest_client [req-a81e0a77-3bc6-4a76-ac8f-90a95c5898e5 req-a81e0a77-3bc6-4a76-ac8f-90a95c5898e5 ] Request (SecurityGroupRulesTestJSON:tearDownClass): 200 PUT http://10.180.1.21:9696/networking/v2.0/routers/b7be9063-9cd1-4640-819e-6d261735a41f/remove_router_interface 1.005s
2025-01-23 18:58:09.839 68463 INFO tempest.lib.common.rest_client [req-4cc25103-1040-4e34-9947-48b6483db03c req-4cc25103-1040-4e34-9947-48b6483db03c ] Request (ServerActionsV293TestJSON:setUpClass): 202 POST http://10.180.1.21/volume/v3/volumes 0.513s
2025-01-23 18:58:09.897 68463 INFO tempest.lib.common.rest_client [req-64023873-08f2-4fa0-935f-734cb3c698ef req-64023873-08f2-4fa0-935f-734cb3c698ef ] Request (ServerActionsV293TestJSON:setUpClass): 200 GET http://10.180.1.21/volume/v3/volumes/d2f861f9-861c-4653-a81f-feabfb27177a 0.049s
2025-01-23 18:58:09.935 68429 INFO tempest.lib.common.rest_client [req-01e1257a-c234-4f4e-8df2-d400b0564f6e req-01e1257a-c234-4f4e-8df2-d400b0564f6e ] Request (ServerDiagnosticsTest:test_get_server_diagnostics): 200 GET http://10.180.1.21/compute/v2.1/servers/3e10a5e1-1080-41ce-9221-f2c91d5a6bb6 1.418s
2025-01-23 18:58:09.965 68413 INFO tempest.lib.common.rest_client [req-7a001998-6828-4ca2-b1b8-7d237096149d req-7a001998-6828-4ca2-b1b8-7d237096149d ] Request (VolumesAdminNegativeTest:setUpClass): 200 PUT http://10.180.1.21:9696/networking/v2.0/routers/b5475d1f-9f74-4f57-b20f-2aff4ee86dc1/add_router_interface 2.634s
2025-01-23 18:58:09.966 68413 INFO tempest.lib.common.dynamic_creds [-] Created isolated network resources for: credentials: Credentials: {'domain_id': 'default', 'domain_name': 'Default', 'username': 'tempest-VolumesAdminNegativeTest-705487474-project-admin', 'project_domain_id': 'default', 'project_domain_name': 'Default', 'project_id': '2e69859107a04b2e94fb3cf1b8463359', 'project_name': 'tempest-VolumesAdminNegativeTest-705487474', 'tenant_id': '2e69859107a04b2e94fb3cf1b8463359', 'tenant_name': 'tempest-VolumesAdminNegativeTest-705487474', 'user_domain_id': 'default', 'user_domain_name': 'Default', 'user_id': '8986708734484340bd40ccca5f3a5275', 'system': None}, Network: {'id': '6291f0ea-93d6-4ae5-9039-c0c4841fec14', 'name': 'tempest-VolumesAdminNegativeTest-514046048-network', 'tenant_id': '2e69859107a04b2e94fb3cf1b8463359', 'admin_state_up': True, 'mtu': 8950, 'status': 'ACTIVE', 'subnets': [], 'shared': False, 'project_id': '2e69859107a04b2e94fb3cf1b8463359', 'port_security_enabled': True, 'router:external': False, 'provider:network_type': 'vlan', 'provider:physical_network': 'default', 'provider:segmentation_id': 107, 'availability_zone_hints': [], 'availability_zones': [], 'ipv4_address_scope': None, 'ipv6_address_scope': None, 'description': '', 'tags': [], 'created_at': '2025-01-23T18:58:05Z', 'updated_at': '2025-01-23T18:58:05Z', 'revision_number': 1}, Subnet: {'id': '9bfdbf62-1125-4c07-95bd-f5ad12c981c1', 'name': 'tempest-VolumesAdminNegativeTest-514046048-subnet', 'tenant_id': '2e69859107a04b2e94fb3cf1b8463359', 'network_id': '6291f0ea-93d6-4ae5-9039-c0c4841fec14', 'ip_version': 4, 'subnetpool_id': None, 'enable_dhcp': True, 'ipv6_ra_mode': None, 'ipv6_address_mode': None, 'gateway_ip': '192.168.128.1', 'cidr': '192.168.128.0/28', 'allocation_pools': [{'start': '192.168.128.2', 'end': '192.168.128.14'}], 'host_routes': [], 'dns_nameservers': [], 'description': '', 'router:external': False, 'service_types': [], 'tags': [], 'created_at': '2025-01-23T18:58:05Z', 'updated_at': '2025-01-23T18:58:05Z', 'revision_number': 0, 'project_id': '2e69859107a04b2e94fb3cf1b8463359'}, Router: {'id': 'b5475d1f-9f74-4f57-b20f-2aff4ee86dc1', 'name': 'tempest-VolumesAdminNegativeTest-514046048-router', 'tenant_id': '2e69859107a04b2e94fb3cf1b8463359', 'admin_state_up': True, 'status': 'ACTIVE', 'external_gateway_info': {'network_id': '24b664c4-de91-44bd-94cd-db1f800b9cd5', 'external_fixed_ips': [{'subnet_id': 'ce805d78-88ec-4bde-9488-94fd684794d6', 'ip_address': '10.180.180.248'}], 'enable_snat': True}, 'description': '', 'availability_zones': [], 'distributed': False, 'ha': False, 'availability_zone_hints': [], 'routes': [], 'flavor_id': None, 'tags': [], 'created_at': '2025-01-23T18:58:06Z', 'updated_at': '2025-01-23T18:58:06Z', 'revision_number': 2, 'project_id': '2e69859107a04b2e94fb3cf1b8463359'}
2025-01-23 18:58:09.973 68411 INFO tempest.lib.common.rest_client [req-d42d6b32-bf52-405d-8311-59e07ea808c2 req-d42d6b32-bf52-405d-8311-59e07ea808c2 ] Request (QuotasAdminTestJSON:test_update_all_quota_resources_for_tenant): 200 GET http://10.180.1.21/compute/v2.1/os-quota-sets/be36a267475c4739b539962c8c2a8d8d/defaults 1.279s
2025-01-23 18:58:10.075 68472 INFO tempest.lib.common.rest_client [req-982aef41-45e0-4ed8-b4f1-77dd8dc6fb85 req-982aef41-45e0-4ed8-b4f1-77dd8dc6fb85 ] Request (ServerRescueTestJSONUnderV235:setUpClass): 200 GET http://10.180.1.21/compute/v2.1/servers/8dcf8069-9faf-46ea-8582-e9c704a7133e 0.974s
2025-01-23 18:58:10.084 68437 INFO tempest.lib.common.rest_client [req-708d7bdd-c44b-45be-a0ae-37861d19bdaa req-708d7bdd-c44b-45be-a0ae-37861d19bdaa ] Request (ServerExternalEventsTest:test_create_server_external_events): 200 GET http://10.180.1.21/compute/v2.1/servers/2389fbc4-fb58-43d0-b17d-2ec7e462d5ca 0.901s
2025-01-23 18:58:10.118 68413 INFO tempest.lib.common.rest_client [req-66a2be7e-5d5b-4a4a-a3ff-0e062fa6499b req-66a2be7e-5d5b-4a4a-a3ff-0e062fa6499b ] Request (VolumesAdminNegativeTest:setUpClass): 201 POST http://10.180.1.21/identity/v3/auth/tokens 0.147s
2025-01-23 18:58:10.172 68449 INFO tempest.lib.common.rest_client [req-2d9e0f7e-4070-44e8-90a8-c984554ed0f2 req-2d9e0f7e-4070-44e8-90a8-c984554ed0f2 ] Request (ServerRescueTestJSON:setUpClass): 200 GET http://10.180.1.21/compute/v2.1/servers/0e8c5228-d6c0-4c2a-b350-1796066698b7 0.939s
2025-01-23 18:58:10.187 68461 INFO tempest.lib.common.rest_client [req-a067738f-6aa9-4e03-a433-5f2544b47939 req-a067738f-6aa9-4e03-a433-5f2544b47939 ] Request (ServersTestJSON:setUpClass): 200 GET http://10.180.1.21/compute/v2.1/servers/776c3994-777a-42a2-8c39-f97488c4938d 0.812s
2025-01-23 18:58:10.255 68465 INFO tempest.lib.common.rest_client [req-05fca668-f88d-4a83-90c5-7546c31f6f15 req-05fca668-f88d-4a83-90c5-7546c31f6f15 ] Request (ServersAaction247Test:tearDownClass): 200 GET http://10.180.1.21/compute/v2.1/servers/b4b70d41-f8f1-4ee6-89d1-e09e1405b0a8 0.762s
2025-01-23 18:58:10.270 68439 INFO tempest.lib.common.rest_client [req-26f9b2f8-0e37-454b-9c1f-95e0c194f034 req-26f9b2f8-0e37-454b-9c1f-95e0c194f034 ] Request (ServerDiagnosticsV248Test:tearDownClass): 200 GET http://10.180.1.21/compute/v2.1/servers/41d4c2df-95e7-4f1e-9e93-72bbcfd0187b 0.794s
2025-01-23 18:58:10.320 68447 INFO tempest.lib.common.rest_client [req-a8e89aeb-0f4f-4e68-8385-0b31b9fd74c8 req-a8e89aeb-0f4f-4e68-8385-0b31b9fd74c8 ] Request (MigrationsAdminTest:test_resize_server_revert_deleted_flavor): 200 GET http://10.180.1.21/compute/v2.1/servers/fa4cba91-3e26-4f43-b24d-63960814b35c 0.772s
2025-01-23 18:58:10.323 68443 INFO tempest.lib.common.rest_client [req-12a25f0f-a5c8-4cfb-ad23-eb9f4d354d92 req-12a25f0f-a5c8-4cfb-ad23-eb9f4d354d92 ] Request (AttachInterfacesUnderV243Test:test_add_remove_fixed_ip): 200 GET http://10.180.1.21/compute/v2.1/servers/e5cc910d-1e52-4f3f-8c99-808a79ea1e71 0.715s
2025-01-23 18:58:10.448 68421 INFO tempest.lib.common.rest_client [req-4ba68de2-4b6f-4fd9-9136-ee247af9318c req-4ba68de2-4b6f-4fd9-9136-ee247af9318c ] Request (ServersAdmin275Test:tearDownClass): 200 GET http://10.180.1.21/compute/v2.1/servers/64872a8b-3b8f-4b38-a20f-b83e8e249888 0.510s
2025-01-23 18:58:10.568 68469 INFO tempest.lib.common.rest_client [req-dd1afe8a-8fb7-49eb-b350-ea41c7a778ab req-dd1afe8a-8fb7-49eb-b350-ea41c7a778ab ] Request (AttachInterfacesTestJSON:test_create_list_show_delete_interfaces_by_fixed_ip): 200 GET http://10.180.1.21/compute/v2.1/servers/5cae11bf-cb27-4693-8ccb-4216a1c4ea62 0.558s
2025-01-23 18:58:10.568 68411 INFO tempest.lib.common.rest_client [req-69136f71-b7b7-4faa-9558-85d19e951dca req-69136f71-b7b7-4faa-9558-85d19e951dca ] Request (QuotasAdminTestJSON:test_update_all_quota_resources_for_tenant): 200 PUT http://10.180.1.21/compute/v2.1/os-quota-sets/be36a267475c4739b539962c8c2a8d8d 0.594s
2025-01-23 18:58:10.633 68467 INFO tempest.lib.common.rest_client [req-7a4c8ba4-9b0e-4152-bbc8-b16c945769fe req-7a4c8ba4-9b0e-4152-bbc8-b16c945769fe ] Request (ImagesTestJSON:test_create_image_from_suspended_server): 200 GET http://10.180.1.21/compute/v2.1/servers/e8f7c266-4402-4a50-b9ca-f403fb7358b5 0.537s
2025-01-23 18:58:10.684 68413 INFO tempest.lib.common.rest_client [req-8726aed5-8f9b-4201-90d4-6ae24948bdb7 req-8726aed5-8f9b-4201-90d4-6ae24948bdb7 ] Request (VolumesAdminNegativeTest:test_update_attached_volume_with_nonexistent_volume_in_body): 200 POST http://10.180.1.21/compute/v2.1/os-keypairs 0.563s
2025-01-23 18:58:10.719 68415 INFO tempest.lib.common.rest_client [req-83a0cf78-db41-4067-ae15-f655f0401d25 req-83a0cf78-db41-4067-ae15-f655f0401d25 ] Request (ServerActionsTestOtherB:setUpClass): 200 GET http://10.180.1.21/compute/v2.1/servers/2f1ff826-3761-4c62-bb64-ac27244d747c 0.544s
2025-01-23 18:58:10.744 68419 INFO tempest.lib.common.rest_client [req-f614fff6-4247-43ce-9bdf-cb123d18084c req-f614fff6-4247-43ce-9bdf-cb123d18084c ] Request (SecurityGroupRulesTestJSON:tearDownClass): 204 DELETE http://10.180.1.21:9696/networking/v2.0/routers/b7be9063-9cd1-4640-819e-6d261735a41f 0.942s
2025-01-23 18:58:10.760 68435 INFO tempest.lib.common.rest_client [req-2cc5b81f-25ac-4ddf-8a68-05bb610c7ad9 req-2cc5b81f-25ac-4ddf-8a68-05bb610c7ad9 ] Request (ServerGroupTestJSON:test_create_server_with_scheduler_hint_group): 200 GET http://10.180.1.21/compute/v2.1/servers/42b4d041-f32d-467f-a5bc-756ca033e802 0.507s
2025-01-23 18:58:10.831 68417 INFO tempest.lib.common.rest_client [req-2720736e-95d1-4613-ae8f-b3bac120f107 req-2720736e-95d1-4613-ae8f-b3bac120f107 ] Request (ImagesNegativeTestJSON:test_create_image_from_deleted_server): 200 GET http://10.180.1.21/compute/v2.1/servers/e5a22e01-321a-491c-842b-ec73393bf1e6 0.520s
2025-01-23 18:58:10.841 68423 INFO tempest.lib.common.rest_client [req-6432f978-df8b-4c43-8671-40d9e3ec9ef8 req-6432f978-df8b-4c43-8671-40d9e3ec9ef8 ] Request (ServersWithSpecificFlavorTestJSON:test_verify_created_server_ephemeral_disk): 200 GET http://10.180.1.21/compute/v2.1/servers/5201282c-5bfd-4344-9355-dd2f4de30aa3 0.501s
2025-01-23 18:58:10.902 68425 INFO tempest.lib.common.rest_client [req-d0af262b-32df-4ba4-8259-b353c7934f44 req-d0af262b-32df-4ba4-8259-b353c7934f44 ] Request (DeleteServersAdminTestJSON:test_delete_server_while_in_error_state): 200 GET http://10.180.1.21/compute/v2.1/servers/5c3560be-c1da-4f75-b924-835ddc266a25 0.488s
2025-01-23 18:58:10.907 68445 INFO tempest.lib.common.rest_client [req-ce723428-6d60-4750-bd4a-71e6d010d02d req-ce723428-6d60-4750-bd4a-71e6d010d02d ] Request (ServersTestJSON:test_create_server_specify_multibyte_character_name): 200 GET http://10.180.1.21/compute/v2.1/servers/0e1873ce-fe9f-4314-b782-e2eedd718323 0.476s
2025-01-23 18:58:10.943 68413 INFO tempest.lib.common.rest_client [req-c04ad025-b133-4e06-bbd4-c0d09da4eb87 req-c04ad025-b133-4e06-bbd4-c0d09da4eb87 ] Request (VolumesAdminNegativeTest:test_update_attached_volume_with_nonexistent_volume_in_body): 201 POST http://10.180.1.21:9696/networking/v2.0/security-groups 0.257s
2025-01-23 18:58:10.955 68463 INFO tempest.lib.common.rest_client [req-083b1c20-7b9e-4105-9ee4-7bb64acd14c0 req-083b1c20-7b9e-4105-9ee4-7bb64acd14c0 ] Request (ServerActionsV293TestJSON:setUpClass): 200 GET http://10.180.1.21/volume/v3/volumes/d2f861f9-861c-4653-a81f-feabfb27177a 0.041s
2025-01-23 18:58:11.031 68419 INFO tempest.lib.common.rest_client [req-2ade55a8-db1f-40a1-9863-d6edd4174a38 req-2ade55a8-db1f-40a1-9863-d6edd4174a38 ] Request (SecurityGroupRulesTestJSON:tearDownClass): 204 DELETE http://10.180.1.21:9696/networking/v2.0/subnets/cd75407b-9a0f-431f-9209-4185aaac3e28 0.287s
2025-01-23 18:58:11.091 68413 INFO tempest.lib.common.rest_client [req-a45fcc37-0099-4ab2-aab2-fc9e090cb750 req-a45fcc37-0099-4ab2-aab2-fc9e090cb750 ] Request (VolumesAdminNegativeTest:test_update_attached_volume_with_nonexistent_volume_in_body): 201 POST http://10.180.1.21:9696/networking/v2.0/security-group-rules 0.148s
2025-01-23 18:58:11.094 68411 INFO tempest.lib.common.rest_client [req-9c9347b6-32ce-43ce-b0c7-f5da36dac569 req-9c9347b6-32ce-43ce-b0c7-f5da36dac569 ] Request (QuotasAdminTestJSON:_run_cleanups): 200 PUT http://10.180.1.21/compute/v2.1/os-quota-sets/be36a267475c4739b539962c8c2a8d8d 0.524s
2025-01-23 18:58:11.130 68457 INFO tempest.lib.common.rest_client [req-9637350a-cc89-4784-9c26-008c946ffe17 req-9637350a-cc89-4784-9c26-008c946ffe17 ] Request (ServersAdminTestJSON:setUpClass): 200 GET http://10.180.1.21/compute/v2.1/servers/614b37a2-7811-44f4-ac9a-7361581788d6 0.605s
2025-01-23 18:58:11.139 68457 INFO tempest.common.waiters [-] State transition "BUILD/spawning" ==> "ERROR/None" after 49 second wait
2025-01-23 18:58:11.167 68453 INFO tempest.lib.common.rest_client [req-7366fbad-606a-4195-a08f-4f89c6a82185 req-7366fbad-606a-4195-a08f-4f89c6a82185 ] Request (VolumesAssistedSnapshotsTest:test_volume_assisted_snapshot_create_delete): 200 GET http://10.180.1.21/compute/v2.1/servers/e4c7eaca-1645-4a20-b038-c1c3538ff51e 0.579s
2025-01-23 18:58:11.192 68441 INFO tempest.lib.common.rest_client [req-3cc77804-8ede-4348-9152-a25302474e1a req-3cc77804-8ede-4348-9152-a25302474e1a ] Request (ServerActionsTestJSON:setUpClass): 200 GET http://10.180.1.21/compute/v2.1/servers/ca73c947-8af4-41e4-8133-783c93b1ee32 0.592s
2025-01-23 18:58:11.222 68411 INFO tempest.lib.common.rest_client [req-c2dec19f-f5b3-4d08-82da-7cead5108223 req-c2dec19f-f5b3-4d08-82da-7cead5108223 ] Request (QuotasAdminTestJSON:tearDownClass): 204 DELETE http://10.180.1.21/identity/v3/users/d64761d052c345b6a9ceb2006e681220 0.125s
2025-01-23 18:58:11.233 68431 INFO tempest.lib.common.rest_client [req-04942c1a-68d6-444c-8837-7351975cc275 req-04942c1a-68d6-444c-8837-7351975cc275 ] Request (ImagesOneServerTestJSON:setUpClass): 200 GET http://10.180.1.21/compute/v2.1/servers/7b5d744f-ebb9-4963-be4f-3e41b3ea3752 0.586s
2025-01-23 18:58:11.295 68413 INFO tempest.lib.common.rest_client [req-42d66bca-9cd9-4570-a81b-406a98ab6661 req-42d66bca-9cd9-4570-a81b-406a98ab6661 ] Request (VolumesAdminNegativeTest:test_update_attached_volume_with_nonexistent_volume_in_body): 201 POST http://10.180.1.21:9696/networking/v2.0/security-group-rules 0.203s
2025-01-23 18:58:11.297 68433 INFO tempest.lib.common.rest_client [req-7fb57d62-2d2e-460d-b8d7-fc3435c863fc req-7fb57d62-2d2e-460d-b8d7-fc3435c863fc ] Request (ServersTestMultiNic:test_verify_duplicate_network_nics): 200 GET http://10.180.1.21/compute/v2.1/servers/c744175f-6b0e-4123-a23c-075208d7493e 0.600s
2025-01-23 18:58:11.327 68411 INFO tempest.lib.common.rest_client [req-6c8e690f-47c5-4bf7-9237-70cae6bccd7b req-6c8e690f-47c5-4bf7-9237-70cae6bccd7b ] Request (QuotasAdminTestJSON:tearDownClass): 204 DELETE http://10.180.1.21/identity/v3/users/ceea110f9710491fb5f27edc6ee7dabf 0.105s
2025-01-23 18:58:11.328 68411 INFO tempest.lib.common.dynamic_creds [-] Deleting project and security group for project: ec094436f6ae40668e571d878a9243a0
2025-01-23 18:58:11.358 68427 INFO tempest.lib.common.rest_client [req-e62a2829-380b-4bf5-b98f-aaee6afff91b req-e62a2829-380b-4bf5-b98f-aaee6afff91b ] Request (SecurityGroupsTestJSON:test_list_security_groups_by_server): 200 GET http://10.180.1.21/compute/v2.1/servers/4eae6ac7-0580-4bd6-958a-7869cc4d8a18 0.578s
2025-01-23 18:58:11.365 68460 INFO tempest.lib.common.rest_client [req-21e227ae-b6a2-4743-b6da-72554df04b2c req-21e227ae-b6a2-4743-b6da-72554df04b2c ] Request (ServerDiagnosticsNegativeTest:test_get_server_diagnostics_by_non_admin): 200 GET http://10.180.1.21/compute/v2.1/servers/8b016eb7-005e-4169-bb74-3caddef2748b 0.679s
2025-01-23 18:58:11.380 68460 INFO tempest.common.waiters [-] State transition "BUILD/networking" ==> "BUILD/spawning" after 36 second wait
2025-01-23 18:58:11.383 68411 INFO tempest.lib.common.rest_client [req-ca1d6469-9225-4767-abee-4d087ec86fda req-ca1d6469-9225-4767-abee-4d087ec86fda ] Request (QuotasAdminTestJSON:tearDownClass): 201 POST http://10.180.1.21/identity/v3/auth/tokens 0.055s
2025-01-23 18:58:11.426 68429 INFO tempest.lib.common.rest_client [req-3aa21cc8-1581-4160-ae0a-b570f42377e6 req-3aa21cc8-1581-4160-ae0a-b570f42377e6 ] Request (ServerDiagnosticsTest:test_get_server_diagnostics): 200 GET http://10.180.1.21/compute/v2.1/servers/3e10a5e1-1080-41ce-9221-f2c91d5a6bb6 0.481s
2025-01-23 18:58:11.436 68472 INFO tempest.lib.common.rest_client [req-7adb61b1-7505-4f74-8853-56189456112d req-7adb61b1-7505-4f74-8853-56189456112d ] Request (ServerRescueTestJSONUnderV235:setUpClass): 200 GET http://10.180.1.21/compute/v2.1/servers/8dcf8069-9faf-46ea-8582-e9c704a7133e 0.345s
2025-01-23 18:58:11.469 68455 INFO tempest.lib.common.rest_client [req-9310cd6f-a15d-45e5-9884-daa2bf108cc2 req-9310cd6f-a15d-45e5-9884-daa2bf108cc2 ] Request (ServerDiskConfigTestJSON:setUpClass): 201 POST http://10.180.1.21:9696/networking/v2.0/routers 1.956s
2025-01-23 18:58:11.494 68437 INFO tempest.lib.common.rest_client [req-b991253b-7ba0-4c30-a78b-b0766aa92341 req-b991253b-7ba0-4c30-a78b-b0766aa92341 ] Request (ServerExternalEventsTest:test_create_server_external_events): 200 GET http://10.180.1.21/compute/v2.1/servers/2389fbc4-fb58-43d0-b17d-2ec7e462d5ca 0.396s
2025-01-23 18:58:11.559 68449 INFO tempest.lib.common.rest_client [req-99ce0b9c-3743-4fa9-8896-5f9b5d6e60e9 req-99ce0b9c-3743-4fa9-8896-5f9b5d6e60e9 ] Request (ServerRescueTestJSON:setUpClass): 200 GET http://10.180.1.21/compute/v2.1/servers/0e8c5228-d6c0-4c2a-b350-1796066698b7 0.374s
2025-01-23 18:58:11.594 68419 INFO tempest.lib.common.rest_client [req-e294cf3b-6a2d-4ad3-973e-82b392ff7a3f req-e294cf3b-6a2d-4ad3-973e-82b392ff7a3f ] Request (SecurityGroupRulesTestJSON:tearDownClass): 204 DELETE http://10.180.1.21:9696/networking/v2.0/networks/9b733752-03a6-4ba6-90d9-7dbd4a8bb3a4 0.562s
2025-01-23 18:58:11.633 68461 INFO tempest.lib.common.rest_client [req-76e5f0a5-1593-4760-93a9-a5b265075278 req-76e5f0a5-1593-4760-93a9-a5b265075278 ] Request (ServersTestJSON:setUpClass): 200 GET http://10.180.1.21/compute/v2.1/servers/776c3994-777a-42a2-8c39-f97488c4938d 0.435s
2025-01-23 18:58:11.665 68457 INFO tempest.lib.common.rest_client [req-88018fe5-6b10-4716-9e98-c0deb4caa6a8 req-88018fe5-6b10-4716-9e98-c0deb4caa6a8 ] Request (ServersAdminTestJSON:setUpClass): 204 DELETE http://10.180.1.21/compute/v2.1/servers/614b37a2-7811-44f4-ac9a-7361581788d6 0.525s
2025-01-23 18:58:11.691 68411 INFO tempest.lib.common.rest_client [req-70c5cbbd-93ca-407a-9d8a-7afbafa042fb req-70c5cbbd-93ca-407a-9d8a-7afbafa042fb ] Request (QuotasAdminTestJSON:tearDownClass): 200 GET http://10.180.1.21:9696/networking/v2.0/security-groups?tenant_id=ec094436f6ae40668e571d878a9243a0&name=default 0.307s
2025-01-23 18:58:11.707 68465 INFO tempest.lib.common.rest_client [req-6e47d996-045a-4405-a88a-555bcbeadeca req-6e47d996-045a-4405-a88a-555bcbeadeca ] Request (ServersAaction247Test:tearDownClass): 200 GET http://10.180.1.21/compute/v2.1/servers/b4b70d41-f8f1-4ee6-89d1-e09e1405b0a8 0.436s
2025-01-23 18:58:11.724 68419 INFO tempest.lib.common.rest_client [req-965f0ccf-9540-4fb8-99e5-0b6bc36f8400 req-965f0ccf-9540-4fb8-99e5-0b6bc36f8400 ] Request (SecurityGroupRulesTestJSON:tearDownClass): 204 DELETE http://10.180.1.21/identity/v3/users/afdf90cec0a9439db7a256718a6a3bf6 0.130s
2025-01-23 18:58:11.724 68419 INFO tempest.lib.common.dynamic_creds [-] Deleting project and security group for project: 59c40ded242f4eb29fe8ce8d8ecfc82f
2025-01-23 18:58:11.766 68439 INFO tempest.lib.common.rest_client [req-e2605cc1-6a15-4822-96df-4796f7cad960 req-e2605cc1-6a15-4822-96df-4796f7cad960 ] Request (ServerDiagnosticsV248Test:tearDownClass): 200 GET http://10.180.1.21/compute/v2.1/servers/41d4c2df-95e7-4f1e-9e93-72bbcfd0187b 0.484s
2025-01-23 18:58:11.777 68447 INFO tempest.lib.common.rest_client [req-a4c29d0b-c46e-4bdc-9d3d-b881c77937f7 req-a4c29d0b-c46e-4bdc-9d3d-b881c77937f7 ] Request (MigrationsAdminTest:test_resize_server_revert_deleted_flavor): 200 GET http://10.180.1.21/compute/v2.1/servers/fa4cba91-3e26-4f43-b24d-63960814b35c 0.442s
2025-01-23 18:58:11.784 68419 INFO tempest.lib.common.rest_client [req-e5138634-6100-493c-8878-53e66bfc98b0 req-e5138634-6100-493c-8878-53e66bfc98b0 ] Request (SecurityGroupRulesTestJSON:tearDownClass): 200 GET http://10.180.1.21:9696/networking/v2.0/security-groups?tenant_id=59c40ded242f4eb29fe8ce8d8ecfc82f&name=default 0.059s
2025-01-23 18:58:11.870 68443 INFO tempest.lib.common.rest_client [req-c3e93ad3-798e-47f6-97b3-b7d14db5e65e req-c3e93ad3-798e-47f6-97b3-b7d14db5e65e ] Request (AttachInterfacesUnderV243Test:test_add_remove_fixed_ip): 200 GET http://10.180.1.21/compute/v2.1/servers/e5cc910d-1e52-4f3f-8c99-808a79ea1e71 0.533s
2025-01-23 18:58:11.886 68421 INFO tempest.lib.common.rest_client [req-f864399e-bc07-451f-aad5-4bd31c7cc57b req-f864399e-bc07-451f-aad5-4bd31c7cc57b ] Request (ServersAdmin275Test:tearDownClass): 200 GET http://10.180.1.21/compute/v2.1/servers/64872a8b-3b8f-4b38-a20f-b83e8e249888 0.420s
2025-01-23 18:58:11.942 68411 INFO tempest.lib.common.rest_client [req-8891962f-9501-4751-aa67-980423bc221e req-8891962f-9501-4751-aa67-980423bc221e ] Request (QuotasAdminTestJSON:tearDownClass): 204 DELETE http://10.180.1.21:9696/networking/v2.0/security-groups/c974b81b-25a9-43d8-a9f2-01cbaf510126 0.251s
2025-01-23 18:58:11.943 68469 INFO tempest.lib.common.rest_client [req-0f34f271-08c2-46b5-b0d2-3fe603c1508c req-0f34f271-08c2-46b5-b0d2-3fe603c1508c ] Request (AttachInterfacesTestJSON:test_create_list_show_delete_interfaces_by_fixed_ip): 200 GET http://10.180.1.21/compute/v2.1/servers/5cae11bf-cb27-4693-8ccb-4216a1c4ea62 0.363s
2025-01-23 18:58:11.963 68467 INFO tempest.lib.common.rest_client [req-e547f6bd-5969-4aad-aff5-c89e4cad5cfe req-e547f6bd-5969-4aad-aff5-c89e4cad5cfe ] Request (ImagesTestJSON:test_create_image_from_suspended_server): 200 GET http://10.180.1.21/compute/v2.1/servers/e8f7c266-4402-4a50-b9ca-f403fb7358b5 0.316s
2025-01-23 18:58:11.974 68457 INFO tempest.lib.common.rest_client [req-f72bcd58-4099-43ba-a1dd-d7c15902653b req-f72bcd58-4099-43ba-a1dd-d7c15902653b ] Request (ServersAdminTestJSON:setUpClass): 404 GET http://10.180.1.21/compute/v2.1/servers/614b37a2-7811-44f4-ac9a-7361581788d6 0.309s
2025-01-23 18:58:11.975 68457 INFO tempest.test [-] raised in ServersAdminTestJSON.setUpClass. Invoking tearDownClass.
2025-01-23 18:58:12.008 68463 INFO tempest.lib.common.rest_client [req-d5118690-f6a0-446c-9189-d6d1e5bba430 req-d5118690-f6a0-446c-9189-d6d1e5bba430 ] Request (ServerActionsV293TestJSON:setUpClass): 200 GET http://10.180.1.21/volume/v3/volumes/d2f861f9-861c-4653-a81f-feabfb27177a 0.042s
2025-01-23 18:58:12.044 68435 INFO tempest.lib.common.rest_client [req-1cf74d74-2dec-49ba-8387-4a409776e6a2 req-1cf74d74-2dec-49ba-8387-4a409776e6a2 ] Request (ServerGroupTestJSON:test_create_server_with_scheduler_hint_group): 200 GET http://10.180.1.21/compute/v2.1/servers/42b4d041-f32d-467f-a5bc-756ca033e802 0.272s
2025-01-23 18:58:12.079 68419 INFO tempest.lib.common.rest_client [req-9c8fc315-87bb-4504-b984-9195ad09317f req-9c8fc315-87bb-4504-b984-9195ad09317f ] Request (SecurityGroupRulesTestJSON:tearDownClass): 204 DELETE http://10.180.1.21:9696/networking/v2.0/security-groups/ad9f8761-5673-4307-b358-b55444789453 0.295s
2025-01-23 18:58:12.081 68415 INFO tempest.lib.common.rest_client [req-6216f2b5-bcd5-44a8-9de5-bf939ca1ca73 req-6216f2b5-bcd5-44a8-9de5-bf939ca1ca73 ] Request (ServerActionsTestOtherB:setUpClass): 200 GET http://10.180.1.21/compute/v2.1/servers/2f1ff826-3761-4c62-bb64-ac27244d747c 0.349s
2025-01-23 18:58:12.097 68413 INFO tempest.lib.common.rest_client [req-2a1b088b-6ac8-4a1b-9f8b-5709ee0b70ff req-2a1b088b-6ac8-4a1b-9f8b-5709ee0b70ff ] Request (VolumesAdminNegativeTest:test_update_attached_volume_with_nonexistent_volume_in_body): 201 POST http://10.180.1.21:9696/networking/v2.0/floatingips 0.801s
2025-01-23 18:58:12.111 68411 INFO tempest.lib.common.rest_client [req-f6a4bd35-d7bb-4444-a9d4-0c1314b7cf47 req-f6a4bd35-d7bb-4444-a9d4-0c1314b7cf47 ] Request (QuotasAdminTestJSON:tearDownClass): 204 DELETE http://10.180.1.21/identity/v3/projects/ec094436f6ae40668e571d878a9243a0 0.168s
2025-01-23 18:58:12.111 68411 INFO tempest.lib.common.dynamic_creds [-] Deleting project and security group for project: be36a267475c4739b539962c8c2a8d8d
2025-01-23 18:58:12.120 68417 INFO tempest.lib.common.rest_client [req-b0c9df42-eae5-46bf-b4e4-740bf9e0e989 req-b0c9df42-eae5-46bf-b4e4-740bf9e0e989 ] Request (ImagesNegativeTestJSON:test_create_image_from_deleted_server): 200 GET http://10.180.1.21/compute/v2.1/servers/e5a22e01-321a-491c-842b-ec73393bf1e6 0.281s
2025-01-23 18:58:12.174 68413 INFO tempest.lib.common.rest_client [req-1524a421-36c1-48ba-a6a0-ba56b4c3303a req-1524a421-36c1-48ba-a6a0-ba56b4c3303a ] Request (VolumesAdminNegativeTest:test_update_attached_volume_with_nonexistent_volume_in_body): 201 POST http://10.180.1.21/identity/v3/auth/tokens 0.074s
2025-01-23 18:58:12.175 68413 INFO tempest.lib.common.fixed_network [-] (VolumesAdminNegativeTest:test_update_attached_volume_with_nonexistent_volume_in_body) Found network {'id': '9ac73a20-da48-4a64-a205-817cb22d9935', 'name': 'tempest-VolumesAdminNegativeTest-92952980-network', 'tenant_id': '939758d0276e4fc0bd0e1c59f3f54283', 'admin_state_up': True, 'mtu': 8950, 'status': 'ACTIVE', 'subnets': [], 'shared': False, 'project_id': '939758d0276e4fc0bd0e1c59f3f54283', 'port_security_enabled': True, 'router:external': False, 'provider:network_type': 'vlan', 'provider:physical_network': 'default', 'provider:segmentation_id': 200, 'availability_zone_hints': [], 'availability_zones': [], 'ipv4_address_scope': None, 'ipv6_address_scope': None, 'description': '', 'tags': [], 'created_at': '2025-01-23T18:57:59Z', 'updated_at': '2025-01-23T18:57:59Z', 'revision_number': 1} available for tenant
2025-01-23 18:58:12.184 68423 INFO tempest.lib.common.rest_client [req-1fc88a0c-9710-47f7-a760-7782432535d3 req-1fc88a0c-9710-47f7-a760-7782432535d3 ] Request (ServersWithSpecificFlavorTestJSON:test_verify_created_server_ephemeral_disk): 200 GET http://10.180.1.21/compute/v2.1/servers/5201282c-5bfd-4344-9355-dd2f4de30aa3 0.325s
2025-01-23 18:58:12.194 68425 INFO tempest.lib.common.rest_client [req-df9e5d06-cca5-4abe-bfe1-26f25b25717a req-df9e5d06-cca5-4abe-bfe1-26f25b25717a ] Request (DeleteServersAdminTestJSON:test_delete_server_while_in_error_state): 200 GET http://10.180.1.21/compute/v2.1/servers/5c3560be-c1da-4f75-b924-835ddc266a25 0.282s
2025-01-23 18:58:12.201 68419 INFO tempest.lib.common.rest_client [req-49d464a3-d044-45c5-9c31-fcec3a36b21c req-49d464a3-d044-45c5-9c31-fcec3a36b21c ] Request (SecurityGroupRulesTestJSON:tearDownClass): 204 DELETE http://10.180.1.21/identity/v3/projects/59c40ded242f4eb29fe8ce8d8ecfc82f 0.121s
2025-01-23 18:58:12.202 68419 INFO tempest.test [-] raised in ServerStableDeviceRescueTestIDE.setUpClass. Invoking tearDownClass.
2025-01-23 18:58:12.252 68445 INFO tempest.lib.common.rest_client [req-34d8a8aa-588e-4984-852a-ea6fed895012 req-34d8a8aa-588e-4984-852a-ea6fed895012 ] Request (ServersTestJSON:test_create_server_specify_multibyte_character_name): 200 GET http://10.180.1.21/compute/v2.1/servers/0e1873ce-fe9f-4314-b782-e2eedd718323 0.331s
2025-01-23 18:58:12.313 68411 INFO tempest.lib.common.rest_client [req-3fea2f75-4446-462a-a545-1c9207c6c5b8 req-3fea2f75-4446-462a-a545-1c9207c6c5b8 ] Request (QuotasAdminTestJSON:tearDownClass): 200 GET http://10.180.1.21:9696/networking/v2.0/security-groups?tenant_id=be36a267475c4739b539962c8c2a8d8d&name=default 0.201s
2025-01-23 18:58:12.411 68457 INFO tempest.lib.common.rest_client [req-ff7c2ffe-5151-4ba5-b94f-613fcf06cea7 req-ff7c2ffe-5151-4ba5-b94f-613fcf06cea7 ] Request (ServersAdminTestJSON:tearDownClass): 204 DELETE http://10.180.1.21/compute/v2.1/servers/f1c1cf57-9f4e-4ab6-a5d9-c96dc80ea0c0 0.436s
2025-01-23 18:58:12.458 68411 INFO tempest.lib.common.rest_client [req-805a11c9-e17c-4581-b974-31cdd3715fb9 req-805a11c9-e17c-4581-b974-31cdd3715fb9 ] Request (QuotasAdminTestJSON:tearDownClass): 204 DELETE http://10.180.1.21:9696/networking/v2.0/security-groups/86ba0ba2-9c5d-4eed-95e9-feb5ce5ecc82 0.145s
2025-01-23 18:58:12.482 68453 INFO tempest.lib.common.rest_client [req-83b446ba-810a-488f-a947-73b2a5d1a2ee req-83b446ba-810a-488f-a947-73b2a5d1a2ee ] Request (VolumesAssistedSnapshotsTest:test_volume_assisted_snapshot_create_delete): 200 GET http://10.180.1.21/compute/v2.1/servers/e4c7eaca-1645-4a20-b038-c1c3538ff51e 0.304s
2025-01-23 18:58:12.549 68441 INFO tempest.lib.common.rest_client [req-e25b90f6-45a1-43cb-8ea5-6e280eee5498 req-e25b90f6-45a1-43cb-8ea5-6e280eee5498 ] Request (ServerActionsTestJSON:setUpClass): 200 GET http://10.180.1.21/compute/v2.1/servers/ca73c947-8af4-41e4-8133-783c93b1ee32 0.347s
2025-01-23 18:58:12.587 68411 INFO tempest.lib.common.rest_client [req-880c80b3-476b-4c54-8d9d-c7c89008a1aa req-880c80b3-476b-4c54-8d9d-c7c89008a1aa ] Request (QuotasAdminTestJSON:tearDownClass): 204 DELETE http://10.180.1.21/identity/v3/projects/be36a267475c4739b539962c8c2a8d8d 0.128s
2025-01-23 18:58:12.617 68431 INFO tempest.lib.common.rest_client [req-4bdeb874-397d-4611-8fc4-3f7e34f455e5 req-4bdeb874-397d-4611-8fc4-3f7e34f455e5 ] Request (ImagesOneServerTestJSON:setUpClass): 200 GET http://10.180.1.21/compute/v2.1/servers/7b5d744f-ebb9-4963-be4f-3e41b3ea3752 0.375s
2025-01-23 18:58:12.670 68411 INFO tempest.lib.common.rest_client [req-471e3f70-7f7c-4102-a6c1-a99d044cc5bb req-471e3f70-7f7c-4102-a6c1-a99d044cc5bb ] Request (TenantUsagesTestJSON:setUpClass): 201 POST http://10.180.1.21/identity/v3/auth/tokens 0.082s
2025-01-23 18:58:12.691 68433 INFO tempest.lib.common.rest_client [req-b7710009-8577-4b58-89de-845564a523a6 req-b7710009-8577-4b58-89de-845564a523a6 ] Request (ServersTestMultiNic:test_verify_duplicate_network_nics): 200 GET http://10.180.1.21/compute/v2.1/servers/c744175f-6b0e-4123-a23c-075208d7493e 0.381s
2025-01-23 18:58:12.700 68411 INFO tempest.lib.common.rest_client [req-cce619b7-029d-4cea-81c3-212838b55fae req-cce619b7-029d-4cea-81c3-212838b55fae ] Request (TenantUsagesTestJSON:setUpClass): 201 POST http://10.180.1.21/identity/v3/auth/tokens 0.027s
2025-01-23 18:58:12.732 68411 INFO tempest.lib.common.rest_client [req-a87a9724-ffde-4dbb-9d35-b7d061f2c691 req-a87a9724-ffde-4dbb-9d35-b7d061f2c691 ] Request (TenantUsagesTestJSON:setUpClass): 200 GET http://10.180.1.21/identity/v3/domains?name=Default 0.032s
2025-01-23 18:58:12.753 68413 INFO tempest.lib.common.rest_client [req-95e1cc00-3eae-4327-9d4a-ca256e956aa2 req-95e1cc00-3eae-4327-9d4a-ca256e956aa2 ] Request (VolumesAdminNegativeTest:test_update_attached_volume_with_nonexistent_volume_in_body): 202 POST http://10.180.1.21/compute/v2.1/servers 0.577s
2025-01-23 18:58:12.791 68427 INFO tempest.lib.common.rest_client [req-7e27a1be-40dc-4376-8289-6d7ae7f9f4e4 req-7e27a1be-40dc-4376-8289-6d7ae7f9f4e4 ] Request (SecurityGroupsTestJSON:test_list_security_groups_by_server): 200 GET http://10.180.1.21/compute/v2.1/servers/4eae6ac7-0580-4bd6-958a-7869cc4d8a18 0.424s
2025-01-23 18:58:12.795 68411 INFO tempest.lib.common.rest_client [req-91d1c262-1769-4dbf-94b4-003a82271e6e req-91d1c262-1769-4dbf-94b4-003a82271e6e ] Request (TenantUsagesTestJSON:setUpClass): 201 POST http://10.180.1.21/identity/v3/projects 0.062s
2025-01-23 18:58:12.826 68457 INFO tempest.lib.common.rest_client [req-d4361cea-ff3a-43b3-b562-1f11ad4d3270 req-d4361cea-ff3a-43b3-b562-1f11ad4d3270 ] Request (ServersAdminTestJSON:tearDownClass): 404 GET http://10.180.1.21/compute/v2.1/servers/f1c1cf57-9f4e-4ab6-a5d9-c96dc80ea0c0 0.414s
2025-01-23 18:58:12.908 68411 INFO tempest.lib.common.rest_client [req-c0a5bdf7-287d-47db-9186-f28eaf79ed4b req-c0a5bdf7-287d-47db-9186-f28eaf79ed4b ] Request (TenantUsagesTestJSON:setUpClass): 201 POST http://10.180.1.21/identity/v3/users 0.112s
2025-01-23 18:58:12.917 68460 INFO tempest.lib.common.rest_client [req-41fb1cf0-6f49-405c-987f-06ce76432678 req-41fb1cf0-6f49-405c-987f-06ce76432678 ] Request (ServerDiagnosticsNegativeTest:test_get_server_diagnostics_by_non_admin): 200 GET http://10.180.1.21/compute/v2.1/servers/8b016eb7-005e-4169-bb74-3caddef2748b 0.536s
2025-01-23 18:58:12.933 68429 INFO tempest.lib.common.rest_client [req-7d85b012-3ab7-4dbc-8d98-2c2d802ddd3a req-7d85b012-3ab7-4dbc-8d98-2c2d802ddd3a ] Request (ServerDiagnosticsTest:test_get_server_diagnostics): 200 GET http://10.180.1.21/compute/v2.1/servers/3e10a5e1-1080-41ce-9221-f2c91d5a6bb6 0.497s
2025-01-23 18:58:12.948 68411 INFO tempest.lib.common.rest_client [req-49e27d0d-afc1-495b-9f65-f5205be91a87 req-49e27d0d-afc1-495b-9f65-f5205be91a87 ] Request (TenantUsagesTestJSON:setUpClass): 200 GET http://10.180.1.21/identity/v3/roles 0.039s
2025-01-23 18:58:12.988 68411 INFO tempest.lib.common.rest_client [req-965e333e-a5f3-47f2-b876-4e338677c565 req-965e333e-a5f3-47f2-b876-4e338677c565 ] Request (TenantUsagesTestJSON:setUpClass): 204 PUT http://10.180.1.21/identity/v3/projects/808b07d059c94c2088fb160429f5897b/users/b3f4a6466db54a13a23f2242bc622478/roles/682dc508dfca402bb9da6b0b87d9b1d8 0.039s
2025-01-23 18:58:12.988 68411 INFO tempest.lib.common.dynamic_creds [-] Dynamic test user b3f4a6466db54a13a23f2242bc622478 is created with scope project and roles: ['member']
2025-01-23 18:58:12.988 68411 INFO tempest.lib.common.dynamic_creds [-] Acquired dynamic creds: credentials: Credentials: {'domain_id': 'default', 'domain_name': 'Default', 'username': 'tempest-TenantUsagesTestJSON-1924252513-project-member', 'project_domain_id': 'default', 'project_domain_name': 'Default', 'project_id': '808b07d059c94c2088fb160429f5897b', 'project_name': 'tempest-TenantUsagesTestJSON-1924252513', 'tenant_id': '808b07d059c94c2088fb160429f5897b', 'tenant_name': 'tempest-TenantUsagesTestJSON-1924252513', 'user_domain_id': 'default', 'user_domain_name': 'Default', 'user_id': 'b3f4a6466db54a13a23f2242bc622478', 'system': None}, Network: None, Subnet: None, Router: None
2025-01-23 18:58:12.989 68411 INFO tempest.lib.common.dynamic_creds [-] Created isolated network resources for: credentials: Credentials: {'domain_id': 'default', 'domain_name': 'Default', 'username': 'tempest-TenantUsagesTestJSON-1924252513-project-member', 'project_domain_id': 'default', 'project_domain_name': 'Default', 'project_id': '808b07d059c94c2088fb160429f5897b', 'project_name': 'tempest-TenantUsagesTestJSON-1924252513', 'tenant_id': '808b07d059c94c2088fb160429f5897b', 'tenant_name': 'tempest-TenantUsagesTestJSON-1924252513', 'user_domain_id': 'default', 'user_domain_name': 'Default', 'user_id': 'b3f4a6466db54a13a23f2242bc622478', 'system': None}, Network: None, Subnet: None, Router: None
2025-01-23 18:58:12.993 68472 INFO tempest.lib.common.rest_client [req-612a5254-0800-42e4-8544-d4e602bb18e4 req-612a5254-0800-42e4-8544-d4e602bb18e4 ] Request (ServerRescueTestJSONUnderV235:setUpClass): 200 GET http://10.180.1.21/compute/v2.1/servers/8dcf8069-9faf-46ea-8582-e9c704a7133e 0.540s
2025-01-23 18:58:13.021 68437 INFO tempest.lib.common.rest_client [req-ebbd40f7-376a-4fa8-b361-ea01925742da req-ebbd40f7-376a-4fa8-b361-ea01925742da ] Request (ServerExternalEventsTest:test_create_server_external_events): 200 GET http://10.180.1.21/compute/v2.1/servers/2389fbc4-fb58-43d0-b17d-2ec7e462d5ca 0.510s
2025-01-23 18:58:13.032 68437 INFO tempest.common.waiters [-] State transition "BUILD/scheduling" ==> "BUILD/None" after 23 second wait
2025-01-23 18:58:13.047 68449 INFO tempest.lib.common.rest_client [req-0a261bb9-9cee-4e29-b5d1-ec2b46b022e3 req-0a261bb9-9cee-4e29-b5d1-ec2b46b022e3 ] Request (ServerRescueTestJSON:setUpClass): 200 GET http://10.180.1.21/compute/v2.1/servers/0e8c5228-d6c0-4c2a-b350-1796066698b7 0.473s
2025-01-23 18:58:13.062 68463 INFO tempest.lib.common.rest_client [req-78ad9635-21b5-4492-a90c-2f1eb697622d req-78ad9635-21b5-4492-a90c-2f1eb697622d ] Request (ServerActionsV293TestJSON:setUpClass): 200 GET http://10.180.1.21/volume/v3/volumes/d2f861f9-861c-4653-a81f-feabfb27177a 0.042s
2025-01-23 18:58:13.093 68411 INFO tempest.lib.common.rest_client [req-ffe1af06-4829-4b8b-981f-4e02cf3ba071 req-ffe1af06-4829-4b8b-981f-4e02cf3ba071 ] Request (TenantUsagesTestJSON:setUpClass): 201 POST http://10.180.1.21/identity/v3/auth/tokens 0.098s
2025-01-23 18:58:13.096 68461 INFO tempest.lib.common.rest_client [req-d75b2d39-ac7f-4d07-9e8d-a4a36edc1139 req-d75b2d39-ac7f-4d07-9e8d-a4a36edc1139 ] Request (ServersTestJSON:setUpClass): 200 GET http://10.180.1.21/compute/v2.1/servers/776c3994-777a-42a2-8c39-f97488c4938d 0.443s
2025-01-23 18:58:13.100 68465 INFO tempest.lib.common.rest_client [req-0a885e0e-f418-41de-b2bd-fbefa7c800a0 req-0a885e0e-f418-41de-b2bd-fbefa7c800a0 ] Request (ServersAaction247Test:tearDownClass): 200 GET http://10.180.1.21/compute/v2.1/servers/b4b70d41-f8f1-4ee6-89d1-e09e1405b0a8 0.376s
2025-01-23 18:58:13.118 68439 INFO tempest.lib.common.rest_client [req-a5ced7a7-1880-4bac-989a-b54cc255e5d9 req-a5ced7a7-1880-4bac-989a-b54cc255e5d9 ] Request (ServerDiagnosticsV248Test:tearDownClass): 404 GET http://10.180.1.21/compute/v2.1/servers/41d4c2df-95e7-4f1e-9e93-72bbcfd0187b 0.335s
2025-01-23 18:58:13.159 68413 INFO tempest.lib.common.rest_client [req-e5c3b274-8bc1-443f-bb92-b3f67eb33484 req-e5c3b274-8bc1-443f-bb92-b3f67eb33484 ] Request (VolumesAdminNegativeTest:test_update_attached_volume_with_nonexistent_volume_in_body): 200 GET http://10.180.1.21/compute/v2.1/servers/a347d37d-e47f-4c31-ac73-2d4c161b2c7a 0.404s
2025-01-23 18:58:13.161 68411 INFO tempest.lib.common.rest_client [req-68ffa933-f79f-419b-b41e-5907082a2a42 req-68ffa933-f79f-419b-b41e-5907082a2a42 ] Request (TenantUsagesTestJSON:setUpClass): 201 POST http://10.180.1.21/identity/v3/projects 0.067s
2025-01-23 18:58:13.167 68447 INFO tempest.lib.common.rest_client [req-a149c79e-94f6-4485-a757-8ccf849a5563 req-a149c79e-94f6-4485-a757-8ccf849a5563 ] Request (MigrationsAdminTest:test_resize_server_revert_deleted_flavor): 200 GET http://10.180.1.21/compute/v2.1/servers/fa4cba91-3e26-4f43-b24d-63960814b35c 0.376s
2025-01-23 18:58:13.231 68411 INFO tempest.lib.common.rest_client [req-a541f6cc-3d95-4d8b-ac0c-9b0d5b8b912b req-a541f6cc-3d95-4d8b-ac0c-9b0d5b8b912b ] Request (TenantUsagesTestJSON:setUpClass): 201 POST http://10.180.1.21/identity/v3/users 0.069s
2025-01-23 18:58:13.235 68421 INFO tempest.lib.common.rest_client [req-b27e0f05-8a4d-4820-aa5c-a602dbc9b488 req-b27e0f05-8a4d-4820-aa5c-a602dbc9b488 ] Request (ServersAdmin275Test:tearDownClass): 200 GET http://10.180.1.21/compute/v2.1/servers/64872a8b-3b8f-4b38-a20f-b83e8e249888 0.335s
2025-01-23 18:58:13.249 68443 INFO tempest.lib.common.rest_client [req-d0ed2039-c6fe-4cc2-b467-67f94d1f269f req-d0ed2039-c6fe-4cc2-b467-67f94d1f269f ] Request (AttachInterfacesUnderV243Test:test_add_remove_fixed_ip): 200 GET http://10.180.1.21/compute/v2.1/servers/e5cc910d-1e52-4f3f-8c99-808a79ea1e71 0.366s
2025-01-23 18:58:13.271 68439 INFO tempest.lib.common.rest_client [req-54e74194-f5ce-41c1-8d85-1c802b04fbb2 req-54e74194-f5ce-41c1-8d85-1c802b04fbb2 ] Request (ServerDiagnosticsV248Test:tearDownClass): 204 DELETE http://10.180.1.21/identity/v3/users/17171993b9394e51bd0ccdc478af483d 0.153s
2025-01-23 18:58:13.295 68469 INFO tempest.lib.common.rest_client [req-9068e5e6-eb24-4579-a691-2102676fa793 req-9068e5e6-eb24-4579-a691-2102676fa793 ] Request (AttachInterfacesTestJSON:test_create_list_show_delete_interfaces_by_fixed_ip): 200 GET http://10.180.1.21/compute/v2.1/servers/5cae11bf-cb27-4693-8ccb-4216a1c4ea62 0.343s
2025-01-23 18:58:13.323 68411 INFO tempest.lib.common.rest_client [req-53fa959b-a615-49f9-aa51-759ee4b004e0 req-53fa959b-a615-49f9-aa51-759ee4b004e0 ] Request (TenantUsagesTestJSON:setUpClass): 200 GET http://10.180.1.21/identity/v3/roles 0.090s
2025-01-23 18:58:13.331 68467 INFO tempest.lib.common.rest_client [req-5ffbdb42-0d6a-4d80-8809-147a3ec9a3bd req-5ffbdb42-0d6a-4d80-8809-147a3ec9a3bd ] Request (ImagesTestJSON:test_create_image_from_suspended_server): 200 GET http://10.180.1.21/compute/v2.1/servers/e8f7c266-4402-4a50-b9ca-f403fb7358b5 0.341s
2025-01-23 18:58:13.352 68435 INFO tempest.lib.common.rest_client [req-5cf0a02a-6fae-4484-9314-d1e67d6aafea req-5cf0a02a-6fae-4484-9314-d1e67d6aafea ] Request (ServerGroupTestJSON:test_create_server_with_scheduler_hint_group): 200 GET http://10.180.1.21/compute/v2.1/servers/42b4d041-f32d-467f-a5bc-756ca033e802 0.298s
2025-01-23 18:58:13.366 68411 INFO tempest.lib.common.rest_client [req-5a89520a-1c0f-4c72-a810-9017dfa8628f req-5a89520a-1c0f-4c72-a810-9017dfa8628f ] Request (TenantUsagesTestJSON:setUpClass): 204 PUT http://10.180.1.21/identity/v3/projects/32e480f57c7b43dd95f196540efae214/users/5c64b47ac0be49c7827f234c0d30f00a/roles/36a3c780154241618317e5c5ec1eb85f 0.042s
2025-01-23 18:58:13.398 68439 INFO tempest.lib.common.rest_client [req-d0cbd6e2-93de-4fab-a4df-4cf95e850d87 req-d0cbd6e2-93de-4fab-a4df-4cf95e850d87 ] Request (ServerDiagnosticsV248Test:tearDownClass): 204 DELETE http://10.180.1.21/identity/v3/users/0fd1eb52e2174b0dbd5b04976d9bb256 0.126s
2025-01-23 18:58:13.399 68439 INFO tempest.lib.common.dynamic_creds [-] Deleting project and security group for project: 9143028b165546fda7dc126aa505bf98
2025-01-23 18:58:13.401 68415 INFO tempest.lib.common.rest_client [req-3a953b5f-8809-4550-92f5-2f4d38fbfd97 req-3a953b5f-8809-4550-92f5-2f4d38fbfd97 ] Request (ServerActionsTestOtherB:setUpClass): 200 GET http://10.180.1.21/compute/v2.1/servers/2f1ff826-3761-4c62-bb64-ac27244d747c 0.310s
2025-01-23 18:58:13.409 68417 INFO tempest.lib.common.rest_client [req-d894fc4d-bc6b-457e-82bc-20320f77b1bd req-d894fc4d-bc6b-457e-82bc-20320f77b1bd ] Request (ImagesNegativeTestJSON:test_create_image_from_deleted_server): 200 GET http://10.180.1.21/compute/v2.1/servers/e5a22e01-321a-491c-842b-ec73393bf1e6 0.275s
2025-01-23 18:58:13.457 68411 INFO tempest.lib.common.rest_client [req-a8aff536-bf2b-4725-abd4-81ea77148d9f req-a8aff536-bf2b-4725-abd4-81ea77148d9f ] Request (TenantUsagesTestJSON:setUpClass): 200 GET http://10.180.1.21/identity/v3/roles 0.091s
2025-01-23 18:58:13.457 68425 INFO tempest.lib.common.rest_client [req-c236dceb-4d2d-4e00-9a38-c2781ada7d28 req-c236dceb-4d2d-4e00-9a38-c2781ada7d28 ] Request (DeleteServersAdminTestJSON:test_delete_server_while_in_error_state): 200 GET http://10.180.1.21/compute/v2.1/servers/5c3560be-c1da-4f75-b924-835ddc266a25 0.252s
2025-01-23 18:58:13.458 68439 INFO tempest.lib.common.rest_client [req-3c5df5d7-30ce-4b2f-9e04-67d7e51860b9 req-3c5df5d7-30ce-4b2f-9e04-67d7e51860b9 ] Request (ServerDiagnosticsV248Test:tearDownClass): 201 POST http://10.180.1.21/identity/v3/auth/tokens 0.059s
2025-01-23 18:58:13.473 68423 INFO tempest.lib.common.rest_client [req-c0a6ec30-b7cb-46d7-95f7-3f414d5a32d2 req-c0a6ec30-b7cb-46d7-95f7-3f414d5a32d2 ] Request (ServersWithSpecificFlavorTestJSON:test_verify_created_server_ephemeral_disk): 200 GET http://10.180.1.21/compute/v2.1/servers/5201282c-5bfd-4344-9355-dd2f4de30aa3 0.278s
