2025-01-23 18:57:55.309 68472 INFO tempest.lib.common.rest_client [req-33e5de63-bc16-4ab8-a309-01cd4f0e5cbf req-33e5de63-bc16-4ab8-a309-01cd4f0e5cbf ] Request (ServerRescueTestJSONUnderV235:setUpClass): 200 GET http://10.180.1.21/compute/v2.1/servers/8dcf8069-9faf-46ea-8582-e9c704a7133e 1.038s
2025-01-23 18:57:55.324 68472 INFO tempest.common.waiters [-] State transition "BUILD/scheduling" ==> "BUILD/None" after 20 second wait
2025-01-23 18:57:55.378 68467 INFO tempest.lib.common.rest_client [req-3da8f14d-9f81-4813-9a97-e444bd14b669 req-3da8f14d-9f81-4813-9a97-e444bd14b669 ] Request (ImagesTestJSON:test_create_image_from_stopped_server): 204 DELETE http://10.180.1.21/compute/v2.1/servers/611671a3-4fbc-4dfd-86e4-b6100f6e934f 1.148s
2025-01-23 18:57:55.391 68437 INFO tempest.lib.common.rest_client [req-df445c88-1874-4b92-bc81-7f23d3489382 req-df445c88-1874-4b92-bc81-7f23d3489382 ] Request (ServerExternalEventsTest:test_create_server_external_events): 200 GET http://10.180.1.21/compute/v2.1/servers/2389fbc4-fb58-43d0-b17d-2ec7e462d5ca 1.016s
2025-01-23 18:57:55.449 68415 INFO tempest.lib.common.rest_client [req-b3ca9c98-e4e9-4a63-bc45-9eda4fcf5b80 req-b3ca9c98-e4e9-4a63-bc45-9eda4fcf5b80 ] Request (ServerActionsTestOtherB:setUpClass): 201 POST http://10.180.1.21:9696/networking/v2.0/routers 2.075s
2025-01-23 18:57:55.458 68439 INFO tempest.lib.common.rest_client [req-7cc6a381-bed4-483c-8864-90535b544d34 req-7cc6a381-bed4-483c-8864-90535b544d34 ] Request (ServerDiagnosticsV248Test:tearDownClass): 200 GET http://10.180.1.21/compute/v2.1/servers/41d4c2df-95e7-4f1e-9e93-72bbcfd0187b 1.010s
2025-01-23 18:57:55.470 68439 INFO tempest.common.waiters [-] State transition "ACTIVE/deleting" ==> "DELETED/None" after 4 second wait
2025-01-23 18:57:55.477 68421 INFO tempest.lib.common.rest_client [req-6199e479-8ba9-4deb-81ef-e4ede9b7958d req-6199e479-8ba9-4deb-81ef-e4ede9b7958d ] Request (ServersAdmin275Test:_run_cleanups): 200 GET http://10.180.1.21/compute/v2.1/servers/64872a8b-3b8f-4b38-a20f-b83e8e249888 0.960s
2025-01-23 18:57:55.540 68455 INFO tempest.lib.common.rest_client [req-57552982-1fb6-41ca-9ef7-9702c49eb6cc req-57552982-1fb6-41ca-9ef7-9702c49eb6cc ] Request (ServersV294TestFqdnHostnames:setUpClass): 200 GET http://10.180.1.21/compute/v2.1/servers/285196c8-299e-4270-88d2-9cb2cd64d54d 0.961s
2025-01-23 18:57:55.548 68469 INFO tempest.lib.common.rest_client [req-32fc58b9-534c-44a5-b23e-08f890f43a4c req-32fc58b9-534c-44a5-b23e-08f890f43a4c ] Request (AttachInterfacesTestJSON:test_create_list_show_delete_interfaces_by_fixed_ip): 200 GET http://10.180.1.21/compute/v2.1/servers/5cae11bf-cb27-4693-8ccb-4216a1c4ea62 0.919s
2025-01-23 18:57:55.555 68455 INFO tempest.common.waiters [-] State transition "BUILD/spawning" ==> "BUILD/scheduling" after 39 second wait
2025-01-23 18:57:55.609 68417 INFO tempest.lib.common.rest_client [req-172e6bb0-194c-43f9-b3ed-5e32f7407f92 req-172e6bb0-194c-43f9-b3ed-5e32f7407f92 ] Request (ImagesNegativeTestJSON:test_create_image_from_deleted_server): 200 GET http://10.180.1.21/compute/v2.1/servers/e5a22e01-321a-491c-842b-ec73393bf1e6 0.914s
2025-01-23 18:57:55.643 68451 INFO tempest.lib.common.rest_client [req-4d327cec-1fc4-4182-89f9-9ec06b7ff9eb req-4d327cec-1fc4-4182-89f9-9ec06b7ff9eb ] Request (VolumesTestJSON:test_volume_list_with_detail_param_offset_and_limit): 200 GET http://10.180.1.21/compute/v2.1/os-volumes/detail 0.754s
2025-01-23 18:57:55.716 68445 INFO tempest.lib.common.rest_client [req-aec63de7-b61b-4a96-a6fb-6ee2f40f6458 req-aec63de7-b61b-4a96-a6fb-6ee2f40f6458 ] Request (KeyPairsV210TestJSON:tearDownClass): 200 GET http://10.180.1.21:9696/networking/v2.0/security-groups?tenant_id=412850254883434980a52e6e5af78470&name=default 0.449s
2025-01-23 18:57:55.730 68411 INFO tempest.lib.common.rest_client [req-07e36541-a0fa-47e9-886e-a7025edc2b1e req-07e36541-a0fa-47e9-886e-a7025edc2b1e ] Request (FlavorsAdminTestJSON:tearDownClass): 200 GET http://10.180.1.21:9696/networking/v2.0/security-groups?tenant_id=bee6a7bc224243a495e67a8f85b83726&name=default 0.456s
2025-01-23 18:57:55.819 68461 INFO tempest.lib.common.rest_client [req-6bc632ad-11c4-45fe-88f8-b9301fb1b6e1 req-6bc632ad-11c4-45fe-88f8-b9301fb1b6e1 ] Request (ServersTestJSON:setUpClass): 200 POST http://10.180.1.21/compute/v2.1/os-keypairs 0.908s
2025-01-23 18:57:55.844 68413 INFO tempest.lib.common.rest_client [req-26359457-d5da-4860-9d7f-dca6be72f6a2 req-26359457-d5da-4860-9d7f-dca6be72f6a2 ] Request (AggregatesAdminNegativeTestJSON:_run_cleanups): 200 DELETE http://10.180.1.21/compute/v2.1/os-aggregates/8 0.932s
2025-01-23 18:57:55.946 68413 INFO tempest.lib.common.rest_client [req-333b0337-25ae-4e4c-ad4c-0c2648082244 req-333b0337-25ae-4e4c-ad4c-0c2648082244 ] Request (AggregatesAdminNegativeTestJSON:tearDownClass): 204 DELETE http://10.180.1.21/identity/v3/users/ef0571b5616446549f371a5097aba8f6 0.100s
2025-01-23 18:57:55.996 68427 INFO tempest.lib.common.rest_client [req-973eae35-d133-48b8-953e-552454a571ad req-973eae35-d133-48b8-953e-552454a571ad ] Request (SecurityGroupsTestJSON:test_list_security_groups_by_server): 200 POST http://10.180.1.21/compute/v2.1/os-security-groups 1.122s
2025-01-23 18:57:56.058 68433 INFO tempest.lib.common.rest_client [req-2ff4e0a8-4285-4737-a222-db21e036bc56 req-2ff4e0a8-4285-4737-a222-db21e036bc56 ] Request (FloatingIPDetailsTestJSON:tearDownClass): 204 DELETE http://10.180.1.21:9696/networking/v2.0/networks/ab4398ca-b84d-4ba3-a6dc-dc2972adffef 0.812s
2025-01-23 18:57:56.064 68445 INFO tempest.lib.common.rest_client [req-24a41d6c-20bb-4000-b875-2976ba85223f req-24a41d6c-20bb-4000-b875-2976ba85223f ] Request (KeyPairsV210TestJSON:tearDownClass): 204 DELETE http://10.180.1.21:9696/networking/v2.0/security-groups/dc3845f3-ff54-476d-9748-2e72b753c8cd 0.347s
2025-01-23 18:57:56.068 68411 INFO tempest.lib.common.rest_client [req-bc6546a0-3e25-4528-8051-166374352a3e req-bc6546a0-3e25-4528-8051-166374352a3e ] Request (FlavorsAdminTestJSON:tearDownClass): 204 DELETE http://10.180.1.21:9696/networking/v2.0/security-groups/4c9319a6-4d35-441f-aeb9-7495f2bb24f7 0.337s
2025-01-23 18:57:56.070 68465 INFO tempest.lib.common.rest_client [req-bef87be4-0d58-47c7-ad93-979de9c25379 req-bef87be4-0d58-47c7-ad93-979de9c25379 ] Request (ServersAaction247Test:test_create_backup): 200 GET http://10.180.1.21/compute/v2.1/servers/b4b70d41-f8f1-4ee6-89d1-e09e1405b0a8 1.158s
2025-01-23 18:57:56.077 68463 INFO tempest.lib.common.rest_client [req-ae3967c0-e3d2-4213-aa3c-bb936beea3ae req-ae3967c0-e3d2-4213-aa3c-bb936beea3ae ] Request (SecurityGroupRulesNegativeTestJSON:tearDownClass): 204 DELETE http://10.180.1.21:9696/networking/v2.0/routers/f9928f4d-33f1-4e39-baa5-16f823589499 1.293s
2025-01-23 18:57:56.084 68427 INFO tempest.lib.common.rest_client [req-85cc6897-b5b8-41db-9f0e-5228ee3c7dc0 req-85cc6897-b5b8-41db-9f0e-5228ee3c7dc0 ] Request (SecurityGroupsTestJSON:test_list_security_groups_by_server): 201 POST http://10.180.1.21/identity/v3/auth/tokens 0.082s
2025-01-23 18:57:56.085 68427 INFO tempest.lib.common.fixed_network [-] (SecurityGroupsTestJSON:test_list_security_groups_by_server) Found network {'id': '845e7485-bb50-4266-8358-7b519f2a5450', 'name': 'tempest-SecurityGroupsTestJSON-1084558554-network', 'tenant_id': '3016378328f444bd83913dd057e6f09a', 'admin_state_up': True, 'mtu': 8950, 'status': 'ACTIVE', 'subnets': [], 'shared': False, 'project_id': '3016378328f444bd83913dd057e6f09a', 'port_security_enabled': True, 'router:external': False, 'provider:network_type': 'vlan', 'provider:physical_network': 'default', 'provider:segmentation_id': 26, 'availability_zone_hints': [], 'availability_zones': [], 'ipv4_address_scope': None, 'ipv6_address_scope': None, 'description': '', 'tags': [], 'created_at': '2025-01-23T18:57:47Z', 'updated_at': '2025-01-23T18:57:47Z', 'revision_number': 1} available for tenant
2025-01-23 18:57:56.101 68413 INFO tempest.lib.common.rest_client [req-bac77f6e-e4bf-4443-9f57-22ea92428da1 req-bac77f6e-e4bf-4443-9f57-22ea92428da1 ] Request (AggregatesAdminNegativeTestJSON:tearDownClass): 204 DELETE http://10.180.1.21/identity/v3/users/bbdb8482f2e545518a0d22f370cae9e0 0.155s
2025-01-23 18:57:56.101 68413 INFO tempest.lib.common.dynamic_creds [-] Deleting project and security group for project: 914c99fafe5e4610b784956e386d80eb
2025-01-23 18:57:56.129 68461 INFO tempest.lib.common.rest_client [req-7d6b22e6-523c-400d-86c5-42ff186fec45 req-7d6b22e6-523c-400d-86c5-42ff186fec45 ] Request (ServersTestJSON:setUpClass): 201 POST http://10.180.1.21:9696/networking/v2.0/security-groups 0.308s
2025-01-23 18:57:56.137 68447 INFO tempest.lib.common.rest_client [req-35c4e80d-d309-461c-9140-0250548fd719 req-35c4e80d-d309-461c-9140-0250548fd719 ] Request (MigrationsAdminTest:test_list_migrations_in_flavor_resize_situation): 200 GET http://10.180.1.21/compute/v2.1/servers/dd8b83e9-bf81-4d6a-b65e-410788839afd 0.988s
2025-01-23 18:57:56.211 68445 INFO tempest.lib.common.rest_client [req-1ad0f6f4-eb1a-445b-bb70-f5669abbe7a0 req-1ad0f6f4-eb1a-445b-bb70-f5669abbe7a0 ] Request (KeyPairsV210TestJSON:tearDownClass): 204 DELETE http://10.180.1.21/identity/v3/projects/412850254883434980a52e6e5af78470 0.147s
2025-01-23 18:57:56.211 68445 INFO tempest.lib.common.dynamic_creds [-] Deleting project and security group for project: 77c376a5a5de41fcab5b59ee724b27f5
2025-01-23 18:57:56.219 68433 INFO tempest.lib.common.rest_client [req-1707a226-e655-4f8c-8dfb-e405dc0f3076 req-1707a226-e655-4f8c-8dfb-e405dc0f3076 ] Request (FloatingIPDetailsTestJSON:tearDownClass): 204 DELETE http://10.180.1.21/identity/v3/users/25f52d7d9c644c5b8608d21242fbea17 0.160s
2025-01-23 18:57:56.219 68433 INFO tempest.lib.common.dynamic_creds [-] Deleting project and security group for project: 8a02aab035884d45a0eda8f7ce82411c
2025-01-23 18:57:56.227 68423 INFO tempest.lib.common.rest_client [req-57951154-99e5-4697-80f7-75e97241723a req-57951154-99e5-4697-80f7-75e97241723a ] Request (ServersWithSpecificFlavorTestJSON:test_verify_created_server_ephemeral_disk): 200 GET http://10.180.1.21/compute/v2.1/servers/5201282c-5bfd-4344-9355-dd2f4de30aa3 1.051s
2025-01-23 18:57:56.269 68413 INFO tempest.lib.common.rest_client [req-40549722-6e3a-4421-9d8e-6ff16bfc8b88 req-40549722-6e3a-4421-9d8e-6ff16bfc8b88 ] Request (AggregatesAdminNegativeTestJSON:tearDownClass): 201 POST http://10.180.1.21/identity/v3/auth/tokens 0.167s
2025-01-23 18:57:56.289 68433 INFO tempest.lib.common.rest_client [req-213934d5-322b-4ba1-bcc8-d5ad14485a43 req-213934d5-322b-4ba1-bcc8-d5ad14485a43 ] Request (FloatingIPDetailsTestJSON:tearDownClass): 200 GET http://10.180.1.21:9696/networking/v2.0/security-groups?tenant_id=8a02aab035884d45a0eda8f7ce82411c&name=default 0.069s
2025-01-23 18:57:56.351 68411 INFO tempest.lib.common.rest_client [req-9914465c-b8c3-46b7-8d6a-0e9c5d719a03 req-9914465c-b8c3-46b7-8d6a-0e9c5d719a03 ] Request (FlavorsAdminTestJSON:tearDownClass): 204 DELETE http://10.180.1.21/identity/v3/projects/bee6a7bc224243a495e67a8f85b83726 0.283s
2025-01-23 18:57:56.352 68411 INFO tempest.lib.common.dynamic_creds [-] Deleting project and security group for project: 1de63795d382433faa6b31216880d08b
2025-01-23 18:57:56.448 68445 INFO tempest.lib.common.rest_client [req-4ae655d4-bd01-4966-b235-4043bf92205c req-4ae655d4-bd01-4966-b235-4043bf92205c ] Request (KeyPairsV210TestJSON:tearDownClass): 200 GET http://10.180.1.21:9696/networking/v2.0/security-groups?tenant_id=77c376a5a5de41fcab5b59ee724b27f5&name=default 0.236s
2025-01-23 18:57:56.476 68433 INFO tempest.lib.common.rest_client [req-a1b2f06d-3871-4e14-be60-bcef846745a1 req-a1b2f06d-3871-4e14-be60-bcef846745a1 ] Request (FloatingIPDetailsTestJSON:tearDownClass): 204 DELETE http://10.180.1.21:9696/networking/v2.0/security-groups/66966c2c-2036-4f66-b254-50da3e90a945 0.187s
2025-01-23 18:57:56.531 68461 INFO tempest.lib.common.rest_client [req-b9c24a9d-2489-4979-abc1-02941f09f1c0 req-b9c24a9d-2489-4979-abc1-02941f09f1c0 ] Request (ServersTestJSON:setUpClass): 201 POST http://10.180.1.21:9696/networking/v2.0/security-group-rules 0.402s
2025-01-23 18:57:56.552 68445 INFO tempest.lib.common.rest_client [req-370776bb-15e2-478d-bee5-533230995840 req-370776bb-15e2-478d-bee5-533230995840 ] Request (KeyPairsV210TestJSON:tearDownClass): 204 DELETE http://10.180.1.21:9696/networking/v2.0/security-groups/54baf364-dc03-43d7-a01c-05ef36db3bf5 0.104s
2025-01-23 18:57:56.563 68433 INFO tempest.lib.common.rest_client [req-5a761c68-6d0c-438b-b7cf-0ccbee42af7f req-5a761c68-6d0c-438b-b7cf-0ccbee42af7f ] Request (FloatingIPDetailsTestJSON:tearDownClass): 204 DELETE http://10.180.1.21/identity/v3/projects/8a02aab035884d45a0eda8f7ce82411c 0.085s
2025-01-23 18:57:56.585 68463 INFO tempest.lib.common.rest_client [req-445ea060-c9a4-4af8-9d3c-8ec86e365281 req-445ea060-c9a4-4af8-9d3c-8ec86e365281 ] Request (SecurityGroupRulesNegativeTestJSON:tearDownClass): 204 DELETE http://10.180.1.21:9696/networking/v2.0/subnets/4ef4e72c-3842-46b1-b584-abbdf6e77777 0.507s
2025-01-23 18:57:56.623 68435 INFO tempest.lib.common.rest_client [req-920a6311-1f73-4b18-961b-d799c3523d48 req-920a6311-1f73-4b18-961b-d799c3523d48 ] Request (ServerGroupTestJSON:test_create_server_with_scheduler_hint_group): 202 POST http://10.180.1.21/compute/v2.1/servers 1.697s
2025-01-23 18:57:56.643 68467 INFO tempest.lib.common.rest_client [req-8d61fbdf-68a0-463b-b628-a34b6439bcbf req-8d61fbdf-68a0-463b-b628-a34b6439bcbf ] Request (ImagesTestJSON:test_create_image_from_stopped_server): 404 GET http://10.180.1.21/compute/v2.1/servers/611671a3-4fbc-4dfd-86e4-b6100f6e934f 1.264s
2025-01-23 18:57:56.649 68433 INFO tempest.lib.common.rest_client [req-8418a71c-45e7-464a-af9f-2ee072d62355 req-8418a71c-45e7-464a-af9f-2ee072d62355 ] Request (ServersTestMultiNic:setUpClass): 201 POST http://10.180.1.21/identity/v3/auth/tokens 0.084s
2025-01-23 18:57:56.717 68425 INFO tempest.lib.common.rest_client [req-a88f8501-4abf-47c1-b71c-0776cf2ad815 req-a88f8501-4abf-47c1-b71c-0776cf2ad815 ] Request (DeleteServersAdminTestJSON:test_delete_server_while_in_error_state): 200 GET http://10.180.1.21/compute/v2.1/servers/5c3560be-c1da-4f75-b924-835ddc266a25 1.263s
2025-01-23 18:57:56.719 68461 INFO tempest.lib.common.rest_client [req-d7a4ce8a-6418-44ca-9e8d-07bd00a6e271 req-d7a4ce8a-6418-44ca-9e8d-07bd00a6e271 ] Request (ServersTestJSON:setUpClass): 201 POST http://10.180.1.21:9696/networking/v2.0/security-group-rules 0.187s
2025-01-23 18:57:56.734 68445 INFO tempest.lib.common.rest_client [req-088f6170-8417-4b50-865d-a65e2a2133e8 req-088f6170-8417-4b50-865d-a65e2a2133e8 ] Request (KeyPairsV210TestJSON:tearDownClass): 204 DELETE http://10.180.1.21/identity/v3/projects/77c376a5a5de41fcab5b59ee724b27f5 0.182s
2025-01-23 18:57:56.764 68433 INFO tempest.lib.common.rest_client [req-b86d3f8b-306d-4a40-955e-3ea0a57e6983 req-b86d3f8b-306d-4a40-955e-3ea0a57e6983 ] Request (ServersTestMultiNic:setUpClass): 201 POST http://10.180.1.21/identity/v3/auth/tokens 0.111s
2025-01-23 18:57:56.791 68445 INFO tempest.lib.common.rest_client [req-9ce5eac4-0c51-4f51-9d51-177b91b35b29 req-9ce5eac4-0c51-4f51-9d51-177b91b35b29 ] Request (ServersTestJSON:setUpClass): 201 POST http://10.180.1.21/identity/v3/auth/tokens 0.054s
2025-01-23 18:57:56.796 68453 INFO tempest.lib.common.rest_client [req-a016f383-6515-4186-b4cb-78cdd0de2cdb req-a016f383-6515-4186-b4cb-78cdd0de2cdb ] Request (VolumesAssistedSnapshotsTest:test_volume_assisted_snapshot_create_delete): 200 GET http://10.180.1.21/compute/v2.1/servers/e4c7eaca-1645-4a20-b038-c1c3538ff51e 1.277s
2025-01-23 18:57:56.797 68419 INFO tempest.lib.common.rest_client [req-e7f73c3a-f54a-4f1a-90ec-74be36a511be req-e7f73c3a-f54a-4f1a-90ec-74be36a511be ] Request (SecurityGroupRulesTestJSON:test_security_group_rules_list): 200 POST http://10.180.1.21/compute/v2.1/os-security-group-rules 1.568s
2025-01-23 18:57:56.821 68433 INFO tempest.lib.common.rest_client [req-d9b2dbd0-411e-4e3a-b185-d0e2304d1dd0 req-d9b2dbd0-411e-4e3a-b185-d0e2304d1dd0 ] Request (ServersTestMultiNic:setUpClass): 200 GET http://10.180.1.21/identity/v3/domains?name=Default 0.056s
2025-01-23 18:57:56.832 68467 INFO tempest.lib.common.rest_client [req-025e2e94-5fcf-4a75-9b4e-943f51bbced4 req-025e2e94-5fcf-4a75-9b4e-943f51bbced4 ] Request (ImagesTestJSON:test_create_image_from_suspended_server): 201 POST http://10.180.1.21/identity/v3/auth/tokens 0.176s
2025-01-23 18:57:56.833 68467 INFO tempest.lib.common.fixed_network [-] (ImagesTestJSON:test_create_image_from_suspended_server) Found network {'id': 'ddbfcf3c-4649-4d6e-aeb3-821a379906d7', 'name': 'tempest-ImagesTestJSON-1441451302-network', 'tenant_id': '26d47d50e5c644bfa1cafac41a5dd296', 'admin_state_up': True, 'mtu': 8950, 'status': 'ACTIVE', 'subnets': [], 'shared': False, 'project_id': '26d47d50e5c644bfa1cafac41a5dd296', 'port_security_enabled': True, 'router:external': False, 'provider:network_type': 'vlan', 'provider:physical_network': 'default', 'provider:segmentation_id': 45, 'availability_zone_hints': [], 'availability_zones': [], 'ipv4_address_scope': None, 'ipv6_address_scope': None, 'description': '', 'tags': [], 'created_at': '2025-01-23T18:57:06Z', 'updated_at': '2025-01-23T18:57:06Z', 'revision_number': 1} available for tenant
2025-01-23 18:57:56.835 68411 INFO tempest.lib.common.rest_client [req-5eaa719a-d382-4931-8ac3-ad5cb0fdb160 req-5eaa719a-d382-4931-8ac3-ad5cb0fdb160 ] Request (FlavorsAdminTestJSON:tearDownClass): 200 GET http://10.180.1.21:9696/networking/v2.0/security-groups?tenant_id=1de63795d382433faa6b31216880d08b&name=default 0.482s
2025-01-23 18:57:56.862 68445 INFO tempest.lib.common.rest_client [req-9f75288a-0d6c-45eb-88ef-620f6c3ab994 req-9f75288a-0d6c-45eb-88ef-620f6c3ab994 ] Request (ServersTestJSON:setUpClass): 201 POST http://10.180.1.21/identity/v3/auth/tokens 0.068s
2025-01-23 18:57:56.870 68433 INFO tempest.lib.common.rest_client [req-da69cb3a-e24d-431b-ae00-a67d56dca994 req-da69cb3a-e24d-431b-ae00-a67d56dca994 ] Request (ServersTestMultiNic:setUpClass): 201 POST http://10.180.1.21/identity/v3/projects 0.048s
2025-01-23 18:57:56.874 68457 INFO tempest.lib.common.rest_client [req-352c7820-1440-4b76-8807-4de3027b306a req-352c7820-1440-4b76-8807-4de3027b306a ] Request (ServersAdminTestJSON:setUpClass): 200 GET http://10.180.1.21/compute/v2.1/servers/614b37a2-7811-44f4-ac9a-7361581788d6 1.301s
2025-01-23 18:57:56.875 68413 INFO tempest.lib.common.rest_client [req-70a6866f-e36e-48fe-b511-39bca6b12cbf req-70a6866f-e36e-48fe-b511-39bca6b12cbf ] Request (AggregatesAdminNegativeTestJSON:tearDownClass): 200 GET http://10.180.1.21:9696/networking/v2.0/security-groups?tenant_id=914c99fafe5e4610b784956e386d80eb&name=default 0.605s
2025-01-23 18:57:56.893 68441 INFO tempest.lib.common.rest_client [req-571ea40f-9d16-4d1f-8734-4121aff64085 req-571ea40f-9d16-4d1f-8734-4121aff64085 ] Request (ServerActionsTestJSON:setUpClass): 200 GET http://10.180.1.21/compute/v2.1/servers/ca73c947-8af4-41e4-8133-783c93b1ee32 1.255s
2025-01-23 18:57:56.894 68449 INFO tempest.lib.common.rest_client [req-b9ff40a0-f93b-40fe-8a4d-c5f77df91139 req-b9ff40a0-f93b-40fe-8a4d-c5f77df91139 ] Request (InstanceActionsV221TestJSON:tearDownClass): 200 PUT http://10.180.1.21:9696/networking/v2.0/routers/7d516694-3f4c-48c6-b2ee-3e842d2bc114/remove_router_interface 2.921s
2025-01-23 18:57:56.917 68451 INFO tempest.lib.common.rest_client [req-b0a69cea-3d17-40a8-ac95-5c4d833a0651 req-b0a69cea-3d17-40a8-ac95-5c4d833a0651 ] Request (VolumesTestJSON:test_volume_list_with_detail_param_offset_and_limit): 200 GET http://10.180.1.21/compute/v2.1/os-volumes/detail?offset=1&limit=1 1.270s
2025-01-23 18:57:56.932 68445 INFO tempest.lib.common.rest_client [req-5e2dcaf2-5f89-4bf6-b5d5-8c393c15bf39 req-5e2dcaf2-5f89-4bf6-b5d5-8c393c15bf39 ] Request (ServersTestJSON:setUpClass): 200 GET http://10.180.1.21/identity/v3/domains?name=Default 0.070s
2025-01-23 18:57:56.955 68433 INFO tempest.lib.common.rest_client [req-ded2f35f-35fc-464e-a11d-9622911f01bd req-ded2f35f-35fc-464e-a11d-9622911f01bd ] Request (ServersTestMultiNic:setUpClass): 201 POST http://10.180.1.21/identity/v3/users 0.084s
2025-01-23 18:57:56.977 68445 INFO tempest.lib.common.rest_client [req-dcca8583-3440-46bf-aa97-48ce9ff0307e req-dcca8583-3440-46bf-aa97-48ce9ff0307e ] Request (ServersTestJSON:setUpClass): 201 POST http://10.180.1.21/identity/v3/projects 0.044s
2025-01-23 18:57:56.983 68433 INFO tempest.lib.common.rest_client [req-aa17d893-efd1-459a-b513-972b9958adc1 req-aa17d893-efd1-459a-b513-972b9958adc1 ] Request (ServersTestMultiNic:setUpClass): 200 GET http://10.180.1.21/identity/v3/roles 0.028s
2025-01-23 18:57:56.995 68431 INFO tempest.lib.common.rest_client [req-4bf0653e-66a7-4234-95c5-d4b4513ed0c7 req-4bf0653e-66a7-4234-95c5-d4b4513ed0c7 ] Request (ImagesOneServerTestJSON:setUpClass): 200 GET http://10.180.1.21/compute/v2.1/servers/7b5d744f-ebb9-4963-be4f-3e41b3ea3752 1.307s
2025-01-23 18:57:57.010 68429 INFO tempest.lib.common.rest_client [req-c5327e42-1ccc-49be-b496-f8874d99e907 req-c5327e42-1ccc-49be-b496-f8874d99e907 ] Request (ServerDiagnosticsTest:test_get_server_diagnostics): 200 GET http://10.180.1.21/compute/v2.1/servers/3e10a5e1-1080-41ce-9221-f2c91d5a6bb6 1.255s
2025-01-23 18:57:57.084 68445 INFO tempest.lib.common.rest_client [req-b73f2212-6a19-4963-bcd6-ef53cb68ddf9 req-b73f2212-6a19-4963-bcd6-ef53cb68ddf9 ] Request (ServersTestJSON:setUpClass): 201 POST http://10.180.1.21/identity/v3/users 0.106s
2025-01-23 18:57:57.088 68433 INFO tempest.lib.common.rest_client [req-92a8150e-e0ce-4de3-a3a7-204b72012d94 req-92a8150e-e0ce-4de3-a3a7-204b72012d94 ] Request (ServersTestMultiNic:setUpClass): 204 PUT http://10.180.1.21/identity/v3/projects/77c8acfdf44947668ef7b0f09b8f14ba/users/bc51fc99daff4a97a9634bab866806f4/roles/682dc508dfca402bb9da6b0b87d9b1d8 0.103s
2025-01-23 18:57:57.088 68433 INFO tempest.lib.common.dynamic_creds [-] Dynamic test user bc51fc99daff4a97a9634bab866806f4 is created with scope project and roles: ['member']
2025-01-23 18:57:57.088 68433 INFO tempest.lib.common.dynamic_creds [-] Acquired dynamic creds: credentials: Credentials: {'domain_id': 'default', 'domain_name': 'Default', 'username': 'tempest-ServersTestMultiNic-802267247-project-member', 'project_domain_id': 'default', 'project_domain_name': 'Default', 'project_id': '77c8acfdf44947668ef7b0f09b8f14ba', 'project_name': 'tempest-ServersTestMultiNic-802267247', 'tenant_id': '77c8acfdf44947668ef7b0f09b8f14ba', 'tenant_name': 'tempest-ServersTestMultiNic-802267247', 'user_domain_id': 'default', 'user_domain_name': 'Default', 'user_id': 'bc51fc99daff4a97a9634bab866806f4', 'system': None}, Network: None, Subnet: None, Router: None
2025-01-23 18:57:57.091 68460 INFO tempest.lib.common.rest_client [req-8ecbed20-bd79-4e12-81d8-6b341311d7f6 req-8ecbed20-bd79-4e12-81d8-6b341311d7f6 ] Request (ServerDiagnosticsNegativeTest:test_get_server_diagnostics_by_non_admin): 200 GET http://10.180.1.21/compute/v2.1/servers/8b016eb7-005e-4169-bb74-3caddef2748b 1.264s
2025-01-23 18:57:57.121 68411 INFO tempest.lib.common.rest_client [req-c68f6b12-5c2f-4448-b62d-fed71db6aab5 req-c68f6b12-5c2f-4448-b62d-fed71db6aab5 ] Request (FlavorsAdminTestJSON:tearDownClass): 204 DELETE http://10.180.1.21:9696/networking/v2.0/security-groups/c8bdbf40-60f6-436a-bd67-cbc494b75208 0.286s
2025-01-23 18:57:57.150 68445 INFO tempest.lib.common.rest_client [req-12859af9-e7f3-4342-8bc3-f68d4c6e4ee4 req-12859af9-e7f3-4342-8bc3-f68d4c6e4ee4 ] Request (ServersTestJSON:setUpClass): 200 GET http://10.180.1.21/identity/v3/roles 0.066s
2025-01-23 18:57:57.167 68413 INFO tempest.lib.common.rest_client [req-91e52bf3-b3c8-4ba9-960a-d384d920eab0 req-91e52bf3-b3c8-4ba9-960a-d384d920eab0 ] Request (AggregatesAdminNegativeTestJSON:tearDownClass): 204 DELETE http://10.180.1.21:9696/networking/v2.0/security-groups/efd059d3-b1ba-4361-bcbc-f1ef551b2493 0.291s
2025-01-23 18:57:57.177 68433 INFO tempest.lib.common.rest_client [req-a30a4e4e-0839-41ef-ab3d-435abe55ca6e req-a30a4e4e-0839-41ef-ab3d-435abe55ca6e ] Request (ServersTestMultiNic:setUpClass): 201 POST http://10.180.1.21/identity/v3/auth/tokens 0.089s
2025-01-23 18:57:57.200 68445 INFO tempest.lib.common.rest_client [req-fe84577a-b4fc-4626-8cb0-20a1cc154bcd req-fe84577a-b4fc-4626-8cb0-20a1cc154bcd ] Request (ServersTestJSON:setUpClass): 204 PUT http://10.180.1.21/identity/v3/projects/b1513cdcd3b24014a37c22bd64a1a90e/users/dfb59729dbfb4787bdd7f04b32ae8ba3/roles/682dc508dfca402bb9da6b0b87d9b1d8 0.049s
2025-01-23 18:57:57.201 68445 INFO tempest.lib.common.dynamic_creds [-] Dynamic test user dfb59729dbfb4787bdd7f04b32ae8ba3 is created with scope project and roles: ['member']
2025-01-23 18:57:57.201 68445 INFO tempest.lib.common.dynamic_creds [-] Acquired dynamic creds: credentials: Credentials: {'domain_id': 'default', 'domain_name': 'Default', 'username': 'tempest-ServersTestJSON-676197898-project-member', 'project_domain_id': 'default', 'project_domain_name': 'Default', 'project_id': 'b1513cdcd3b24014a37c22bd64a1a90e', 'project_name': 'tempest-ServersTestJSON-676197898', 'tenant_id': 'b1513cdcd3b24014a37c22bd64a1a90e', 'tenant_name': 'tempest-ServersTestJSON-676197898', 'user_domain_id': 'default', 'user_domain_name': 'Default', 'user_id': 'dfb59729dbfb4787bdd7f04b32ae8ba3', 'system': None}, Network: None, Subnet: None, Router: None
2025-01-23 18:57:57.202 68443 INFO tempest.lib.common.rest_client [req-89fb1926-b701-40d3-b8ca-41e3f045eb44 req-89fb1926-b701-40d3-b8ca-41e3f045eb44 ] Request (AttachInterfacesUnderV243Test:test_add_remove_fixed_ip): 200 GET http://10.180.1.21/compute/v2.1/servers/e5cc910d-1e52-4f3f-8c99-808a79ea1e71 1.112s
2025-01-23 18:57:57.246 68411 INFO tempest.lib.common.rest_client [req-827682b3-8ab6-44e4-b635-0fca320fdfe5 req-827682b3-8ab6-44e4-b635-0fca320fdfe5 ] Request (FlavorsAdminTestJSON:tearDownClass): 204 DELETE http://10.180.1.21/identity/v3/projects/1de63795d382433faa6b31216880d08b 0.124s
2025-01-23 18:57:57.297 68472 INFO tempest.lib.common.rest_client [req-123f3def-89a5-4ea0-8afc-4c41e4223db8 req-123f3def-89a5-4ea0-8afc-4c41e4223db8 ] Request (ServerRescueTestJSONUnderV235:setUpClass): 200 GET http://10.180.1.21/compute/v2.1/servers/8dcf8069-9faf-46ea-8582-e9c704a7133e 0.972s
2025-01-23 18:57:57.326 68413 INFO tempest.lib.common.rest_client [req-57b98b1c-377f-4457-ace9-c28b0ad0ff18 req-57b98b1c-377f-4457-ace9-c28b0ad0ff18 ] Request (AggregatesAdminNegativeTestJSON:tearDownClass): 204 DELETE http://10.180.1.21/identity/v3/projects/914c99fafe5e4610b784956e386d80eb 0.159s
2025-01-23 18:57:57.327 68413 INFO tempest.lib.common.dynamic_creds [-] Deleting project and security group for project: fe7f740531de404f8a1a5a6a1de22409
2025-01-23 18:57:57.358 68437 INFO tempest.lib.common.rest_client [req-84d44248-c548-4318-b11a-54458068de55 req-84d44248-c548-4318-b11a-54458068de55 ] Request (ServerExternalEventsTest:test_create_server_external_events): 200 GET http://10.180.1.21/compute/v2.1/servers/2389fbc4-fb58-43d0-b17d-2ec7e462d5ca 0.958s
2025-01-23 18:57:57.371 68445 INFO tempest.lib.common.rest_client [req-16a2f41c-5741-4f4c-8bb1-0d3cc421bb3a req-16a2f41c-5741-4f4c-8bb1-0d3cc421bb3a ] Request (ServersTestJSON:setUpClass): 201 POST http://10.180.1.21/identity/v3/auth/tokens 0.169s
2025-01-23 18:57:57.382 68411 INFO tempest.lib.common.rest_client [req-3edf1ef2-7a3f-46c9-83cd-2d5a680cdad1 req-3edf1ef2-7a3f-46c9-83cd-2d5a680cdad1 ] Request (QuotasAdminTestJSON:setUpClass): 201 POST http://10.180.1.21/identity/v3/auth/tokens 0.135s
2025-01-23 18:57:57.409 68411 INFO tempest.lib.common.rest_client [req-c26de23b-3bb4-4d9f-a812-84770762a33f req-c26de23b-3bb4-4d9f-a812-84770762a33f ] Request (QuotasAdminTestJSON:setUpClass): 201 POST http://10.180.1.21/identity/v3/auth/tokens 0.024s
2025-01-23 18:57:57.438 68439 INFO tempest.lib.common.rest_client [req-a90ce203-7154-48ca-a4ca-40264a35d94b req-a90ce203-7154-48ca-a4ca-40264a35d94b ] Request (ServerDiagnosticsV248Test:tearDownClass): 200 GET http://10.180.1.21/compute/v2.1/servers/41d4c2df-95e7-4f1e-9e93-72bbcfd0187b 0.967s
2025-01-23 18:57:57.449 68411 INFO tempest.lib.common.rest_client [req-3af224c0-7a24-47c9-afeb-5bd1d0c1fda7 req-3af224c0-7a24-47c9-afeb-5bd1d0c1fda7 ] Request (QuotasAdminTestJSON:setUpClass): 200 GET http://10.180.1.21/identity/v3/domains?name=Default 0.039s
2025-01-23 18:57:57.485 68411 INFO tempest.lib.common.rest_client [req-e357d197-3cd4-4de3-982f-a2e80df2c698 req-e357d197-3cd4-4de3-982f-a2e80df2c698 ] Request (QuotasAdminTestJSON:setUpClass): 201 POST http://10.180.1.21/identity/v3/projects 0.035s
2025-01-23 18:57:57.529 68421 INFO tempest.lib.common.rest_client [req-bc0ceb3e-1d8d-4ede-ad5a-5f6b48b4ad60 req-bc0ceb3e-1d8d-4ede-ad5a-5f6b48b4ad60 ] Request (ServersAdmin275Test:_run_cleanups): 200 GET http://10.180.1.21/compute/v2.1/servers/64872a8b-3b8f-4b38-a20f-b83e8e249888 1.038s
2025-01-23 18:57:57.539 68421 INFO tempest.common.waiters [-] State transition "REBUILD/rebuild_spawning" ==> "ACTIVE/None" after 9 second wait
2025-01-23 18:57:57.556 68463 INFO tempest.lib.common.rest_client [req-7ee81924-f443-48e9-8eb9-b2f9beea8a3d req-7ee81924-f443-48e9-8eb9-b2f9beea8a3d ] Request (SecurityGroupRulesNegativeTestJSON:tearDownClass): 204 DELETE http://10.180.1.21:9696/networking/v2.0/networks/3c355d7a-1fd5-4904-b4d5-87bb2957abc9 0.971s
2025-01-23 18:57:57.560 68411 INFO tempest.lib.common.rest_client [req-c6cc1567-a56e-4e35-9a65-476b8a4c9a1a req-c6cc1567-a56e-4e35-9a65-476b8a4c9a1a ] Request (QuotasAdminTestJSON:setUpClass): 201 POST http://10.180.1.21/identity/v3/users 0.075s
2025-01-23 18:57:57.589 68411 INFO tempest.lib.common.rest_client [req-cedebcfd-0d37-4a8b-b897-a648aab29662 req-cedebcfd-0d37-4a8b-b897-a648aab29662 ] Request (QuotasAdminTestJSON:setUpClass): 200 GET http://10.180.1.21/identity/v3/roles 0.029s
2025-01-23 18:57:57.624 68411 INFO tempest.lib.common.rest_client [req-2e62334f-0408-4d35-8146-5655d0376874 req-2e62334f-0408-4d35-8146-5655d0376874 ] Request (QuotasAdminTestJSON:setUpClass): 204 PUT http://10.180.1.21/identity/v3/projects/be36a267475c4739b539962c8c2a8d8d/users/d64761d052c345b6a9ceb2006e681220/roles/682dc508dfca402bb9da6b0b87d9b1d8 0.034s
2025-01-23 18:57:57.624 68411 INFO tempest.lib.common.dynamic_creds [-] Dynamic test user d64761d052c345b6a9ceb2006e681220 is created with scope project and roles: ['member']
2025-01-23 18:57:57.624 68411 INFO tempest.lib.common.dynamic_creds [-] Acquired dynamic creds: credentials: Credentials: {'domain_id': 'default', 'domain_name': 'Default', 'username': 'tempest-QuotasAdminTestJSON-1135267344-project-member', 'project_domain_id': 'default', 'project_domain_name': 'Default', 'project_id': 'be36a267475c4739b539962c8c2a8d8d', 'project_name': 'tempest-QuotasAdminTestJSON-1135267344', 'tenant_id': 'be36a267475c4739b539962c8c2a8d8d', 'tenant_name': 'tempest-QuotasAdminTestJSON-1135267344', 'user_domain_id': 'default', 'user_domain_name': 'Default', 'user_id': 'd64761d052c345b6a9ceb2006e681220', 'system': None}, Network: None, Subnet: None, Router: None
2025-01-23 18:57:57.624 68411 INFO tempest.lib.common.dynamic_creds [-] Created isolated network resources for: credentials: Credentials: {'domain_id': 'default', 'domain_name': 'Default', 'username': 'tempest-QuotasAdminTestJSON-1135267344-project-member', 'project_domain_id': 'default', 'project_domain_name': 'Default', 'project_id': 'be36a267475c4739b539962c8c2a8d8d', 'project_name': 'tempest-QuotasAdminTestJSON-1135267344', 'tenant_id': 'be36a267475c4739b539962c8c2a8d8d', 'tenant_name': 'tempest-QuotasAdminTestJSON-1135267344', 'user_domain_id': 'default', 'user_domain_name': 'Default', 'user_id': 'd64761d052c345b6a9ceb2006e681220', 'system': None}, Network: None, Subnet: None, Router: None
2025-01-23 18:57:57.631 68455 INFO tempest.lib.common.rest_client [req-07205e47-cb81-4dbb-996d-6d6e9ebeeaae req-07205e47-cb81-4dbb-996d-6d6e9ebeeaae ] Request (ServersV294TestFqdnHostnames:setUpClass): 200 GET http://10.180.1.21/compute/v2.1/servers/285196c8-299e-4270-88d2-9cb2cd64d54d 1.073s
2025-01-23 18:57:57.647 68455 INFO tempest.common.waiters [-] State transition "BUILD/scheduling" ==> "ERROR/None" after 41 second wait
2025-01-23 18:57:57.664 68463 INFO tempest.lib.common.rest_client [req-1138f942-76eb-4649-9c31-23fc9cd87af2 req-1138f942-76eb-4649-9c31-23fc9cd87af2 ] Request (SecurityGroupRulesNegativeTestJSON:tearDownClass): 204 DELETE http://10.180.1.21/identity/v3/users/011ce259da6a47639acae0bb8ec13ba5 0.107s
2025-01-23 18:57:57.664 68463 INFO tempest.lib.common.dynamic_creds [-] Deleting project and security group for project: e8a7e9f77ce54c5b8b2f554896ea23e4
2025-01-23 18:57:57.698 68411 INFO tempest.lib.common.rest_client [req-e40ca139-d8b3-4e8c-a799-1af068ce7163 req-e40ca139-d8b3-4e8c-a799-1af068ce7163 ] Request (QuotasAdminTestJSON:setUpClass): 201 POST http://10.180.1.21/identity/v3/auth/tokens 0.068s
2025-01-23 18:57:57.731 68469 INFO tempest.lib.common.rest_client [req-b847959e-8068-4cb1-adfc-c752bf88c462 req-b847959e-8068-4cb1-adfc-c752bf88c462 ] Request (AttachInterfacesTestJSON:test_create_list_show_delete_interfaces_by_fixed_ip): 200 GET http://10.180.1.21/compute/v2.1/servers/5cae11bf-cb27-4693-8ccb-4216a1c4ea62 1.170s
2025-01-23 18:57:57.740 68469 INFO tempest.common.waiters [-] State transition "BUILD/scheduling" ==> "BUILD/None" after 14 second wait
2025-01-23 18:57:57.772 68413 INFO tempest.lib.common.rest_client [req-8c30d791-558b-4d73-9dd5-56b7f71520bf req-8c30d791-558b-4d73-9dd5-56b7f71520bf ] Request (AggregatesAdminNegativeTestJSON:tearDownClass): 200 GET http://10.180.1.21:9696/networking/v2.0/security-groups?tenant_id=fe7f740531de404f8a1a5a6a1de22409&name=default 0.445s
2025-01-23 18:57:57.775 68463 INFO tempest.lib.common.rest_client [req-fef23347-9e9e-448c-9db2-d19c1e2e5552 req-fef23347-9e9e-448c-9db2-d19c1e2e5552 ] Request (SecurityGroupRulesNegativeTestJSON:tearDownClass): 200 GET http://10.180.1.21:9696/networking/v2.0/security-groups?tenant_id=e8a7e9f77ce54c5b8b2f554896ea23e4&name=default 0.111s
2025-01-23 18:57:57.814 68433 INFO tempest.lib.common.rest_client [req-edbe1bb2-65b0-4462-aa75-9b98e2fdb546 req-edbe1bb2-65b0-4462-aa75-9b98e2fdb546 ] Request (ServersTestMultiNic:setUpClass): 201 POST http://10.180.1.21:9696/networking/v2.0/networks 0.635s
2025-01-23 18:57:57.825 68411 INFO tempest.lib.common.rest_client [req-bfe2054a-9100-4f17-b58e-aca070036906 req-bfe2054a-9100-4f17-b58e-aca070036906 ] Request (QuotasAdminTestJSON:setUpClass): 201 POST http://10.180.1.21/identity/v3/projects 0.125s
2025-01-23 18:57:57.832 68417 INFO tempest.lib.common.rest_client [req-e53d2386-8160-4096-ab0f-36ce4d2b5863 req-e53d2386-8160-4096-ab0f-36ce4d2b5863 ] Request (ImagesNegativeTestJSON:test_create_image_from_deleted_server): 200 GET http://10.180.1.21/compute/v2.1/servers/e5a22e01-321a-491c-842b-ec73393bf1e6 1.215s
2025-01-23 18:57:57.928 68435 INFO tempest.lib.common.rest_client [req-5aa671af-3209-4885-9b66-1736da63edc8 req-5aa671af-3209-4885-9b66-1736da63edc8 ] Request (ServerGroupTestJSON:test_create_server_with_scheduler_hint_group): 200 GET http://10.180.1.21/compute/v2.1/servers/42b4d041-f32d-467f-a5bc-756ca033e802 1.303s
2025-01-23 18:57:57.940 68411 INFO tempest.lib.common.rest_client [req-6d22cbe9-80d2-430e-a005-b1bd7ddcd6a1 req-6d22cbe9-80d2-430e-a005-b1bd7ddcd6a1 ] Request (QuotasAdminTestJSON:setUpClass): 201 POST http://10.180.1.21/identity/v3/users 0.115s
2025-01-23 18:57:57.965 68411 INFO tempest.lib.common.rest_client [req-5458505c-afd1-4132-be62-8b6418e130c5 req-5458505c-afd1-4132-be62-8b6418e130c5 ] Request (QuotasAdminTestJSON:setUpClass): 200 GET http://10.180.1.21/identity/v3/roles 0.025s
2025-01-23 18:57:58.015 68411 INFO tempest.lib.common.rest_client [req-58bea23b-c86f-4de5-bd63-79664678c167 req-58bea23b-c86f-4de5-bd63-79664678c167 ] Request (QuotasAdminTestJSON:setUpClass): 204 PUT http://10.180.1.21/identity/v3/projects/ec094436f6ae40668e571d878a9243a0/users/ceea110f9710491fb5f27edc6ee7dabf/roles/36a3c780154241618317e5c5ec1eb85f 0.049s
2025-01-23 18:57:58.024 68419 INFO tempest.lib.common.rest_client [req-f3c4c88d-2afc-4fe9-bb17-2e023bfa376f req-f3c4c88d-2afc-4fe9-bb17-2e023bfa376f ] Request (SecurityGroupRulesTestJSON:test_security_group_rules_list): 200 GET http://10.180.1.21/compute/v2.1/os-security-groups/644106e7-269c-40e3-be43-f65af505e836 1.223s
2025-01-23 18:57:58.039 68445 INFO tempest.lib.common.rest_client [req-826666f2-dcb0-45f9-8ca6-a60c3110c016 req-826666f2-dcb0-45f9-8ca6-a60c3110c016 ] Request (ServersTestJSON:setUpClass): 201 POST http://10.180.1.21:9696/networking/v2.0/networks 0.668s
2025-01-23 18:57:58.045 68413 INFO tempest.lib.common.rest_client [req-9a369726-8f22-4d5e-b5ff-61cb58b07098 req-9a369726-8f22-4d5e-b5ff-61cb58b07098 ] Request (AggregatesAdminNegativeTestJSON:tearDownClass): 204 DELETE http://10.180.1.21:9696/networking/v2.0/security-groups/e4aaaca9-a87f-49b5-a47d-96e2fe32f001 0.272s
2025-01-23 18:57:58.068 68427 INFO tempest.lib.common.rest_client [req-6e521354-4307-4df1-873b-5509cc5764ed req-6e521354-4307-4df1-873b-5509cc5764ed ] Request (SecurityGroupsTestJSON:test_list_security_groups_by_server): 202 POST http://10.180.1.21/compute/v2.1/servers 1.983s
2025-01-23 18:57:58.100 68411 INFO tempest.lib.common.rest_client [req-e7a3f2b9-e947-4288-9fe9-61a837d1507d req-e7a3f2b9-e947-4288-9fe9-61a837d1507d ] Request (QuotasAdminTestJSON:setUpClass): 200 GET http://10.180.1.21/identity/v3/roles 0.085s
2025-01-23 18:57:58.119 68451 INFO tempest.lib.common.rest_client [req-e5f0b0b9-1e1d-40d1-9cee-8d2bf7584a2a req-e5f0b0b9-1e1d-40d1-9cee-8d2bf7584a2a ] Request (VolumesTestJSON:test_volume_list_with_details): 200 GET http://10.180.1.21/compute/v2.1/os-volumes/detail 1.199s
2025-01-23 18:57:58.120 68411 INFO tempest.lib.common.rest_client [req-f1d64a06-852b-4bde-a1df-0db6a5e91187 req-f1d64a06-852b-4bde-a1df-0db6a5e91187 ] Request (QuotasAdminTestJSON:setUpClass): 204 PUT http://10.180.1.21/identity/v3/projects/ec094436f6ae40668e571d878a9243a0/users/ceea110f9710491fb5f27edc6ee7dabf/roles/36a3c780154241618317e5c5ec1eb85f 0.019s
2025-01-23 18:57:58.120 68411 INFO tempest.lib.common.dynamic_creds [-] Dynamic test user ceea110f9710491fb5f27edc6ee7dabf is created with scope project and roles: ['admin']
2025-01-23 18:57:58.121 68411 INFO tempest.lib.common.dynamic_creds [-] Acquired dynamic creds: credentials: Credentials: {'domain_id': 'default', 'domain_name': 'Default', 'username': 'tempest-QuotasAdminTestJSON-472169963-project-admin', 'project_domain_id': 'default', 'project_domain_name': 'Default', 'project_id': 'ec094436f6ae40668e571d878a9243a0', 'project_name': 'tempest-QuotasAdminTestJSON-472169963', 'tenant_id': 'ec094436f6ae40668e571d878a9243a0', 'tenant_name': 'tempest-QuotasAdminTestJSON-472169963', 'user_domain_id': 'default', 'user_domain_name': 'Default', 'user_id': 'ceea110f9710491fb5f27edc6ee7dabf', 'system': None}, Network: None, Subnet: None, Router: None
2025-01-23 18:57:58.121 68411 INFO tempest.lib.common.dynamic_creds [-] Created isolated network resources for: credentials: Credentials: {'domain_id': 'default', 'domain_name': 'Default', 'username': 'tempest-QuotasAdminTestJSON-472169963-project-admin', 'project_domain_id': 'default', 'project_domain_name': 'Default', 'project_id': 'ec094436f6ae40668e571d878a9243a0', 'project_name': 'tempest-QuotasAdminTestJSON-472169963', 'tenant_id': 'ec094436f6ae40668e571d878a9243a0', 'tenant_name': 'tempest-QuotasAdminTestJSON-472169963', 'user_domain_id': 'default', 'user_domain_name': 'Default', 'user_id': 'ceea110f9710491fb5f27edc6ee7dabf', 'system': None}, Network: None, Subnet: None, Router: None
2025-01-23 18:57:58.132 68463 INFO tempest.lib.common.rest_client [req-c92b9701-6d0a-4cc4-8254-723c677df478 req-c92b9701-6d0a-4cc4-8254-723c677df478 ] Request (SecurityGroupRulesNegativeTestJSON:tearDownClass): 204 DELETE http://10.180.1.21:9696/networking/v2.0/security-groups/8648db16-882c-46e3-8453-3baea28ae0b1 0.356s
2025-01-23 18:57:58.183 68451 INFO tempest.lib.common.rest_client [req-6d4b643a-eb25-42be-9a47-4b2343305270 req-6d4b643a-eb25-42be-9a47-4b2343305270 ] Request (VolumesTestJSON:tearDownClass): 202 DELETE http://10.180.1.21/volume/v3/volumes/68c96189-385e-464d-bf53-219d55f3cefc 0.053s
2025-01-23 18:57:58.200 68449 INFO tempest.lib.common.rest_client [req-4e7d6df4-b41d-4e8c-8ecc-d6ae50ab9fdb req-4e7d6df4-b41d-4e8c-8ecc-d6ae50ab9fdb ] Request (InstanceActionsV221TestJSON:tearDownClass): 204 DELETE http://10.180.1.21:9696/networking/v2.0/routers/7d516694-3f4c-48c6-b2ee-3e842d2bc114 1.305s
2025-01-23 18:57:58.208 68411 INFO tempest.lib.common.rest_client [req-2d6ac2bb-57b1-42b6-8d86-db832f73aee8 req-2d6ac2bb-57b1-42b6-8d86-db832f73aee8 ] Request (QuotasAdminTestJSON:setUpClass): 201 POST http://10.180.1.21/identity/v3/auth/tokens 0.085s
2025-01-23 18:57:58.209 68411 WARNING tempest.lib.common.rest_client [-] Deprecated: "tenant_id" property is deprecated for removal, use "project_id" instead
2025-01-23 18:57:58.219 68451 INFO tempest.lib.common.rest_client [req-2fc5c7c0-218c-4067-af1d-e57c7979345e req-2fc5c7c0-218c-4067-af1d-e57c7979345e ] Request (VolumesTestJSON:tearDownClass): 200 GET http://10.180.1.21/volume/v3/volumes/68c96189-385e-464d-bf53-219d55f3cefc 0.035s
2025-01-23 18:57:58.223 68465 INFO tempest.lib.common.rest_client [req-375514bb-31e2-46c3-a2a6-662671835489 req-375514bb-31e2-46c3-a2a6-662671835489 ] Request (ServersAaction247Test:test_create_backup): 200 GET http://10.180.1.21/compute/v2.1/servers/b4b70d41-f8f1-4ee6-89d1-e09e1405b0a8 1.139s
2025-01-23 18:57:58.245 68415 INFO tempest.lib.common.rest_client [req-e52e1a76-d7c1-4741-a601-eeb9a89e7f98 req-e52e1a76-d7c1-4741-a601-eeb9a89e7f98 ] Request (ServerActionsTestOtherB:setUpClass): 200 PUT http://10.180.1.21:9696/networking/v2.0/routers/8bc34d3a-9ff1-42c1-85af-75f9e5d9974d/add_router_interface 2.794s
2025-01-23 18:57:58.245 68415 INFO tempest.lib.common.dynamic_creds [-] Created isolated network resources for: credentials: Credentials: {'domain_id': 'default', 'domain_name': 'Default', 'username': 'tempest-ServerActionsTestOtherB-895989830-project-member', 'project_domain_id': 'default', 'project_domain_name': 'Default', 'project_id': 'ca9f775f992042c8980c4715efc891df', 'project_name': 'tempest-ServerActionsTestOtherB-895989830', 'tenant_id': 'ca9f775f992042c8980c4715efc891df', 'tenant_name': 'tempest-ServerActionsTestOtherB-895989830', 'user_domain_id': 'default', 'user_domain_name': 'Default', 'user_id': 'd58d947fcd4242e9a061d5c4dedd18d7', 'system': None}, Network: {'id': 'fdc485d7-8c4f-44c9-8ae1-6d4c1579797c', 'name': 'tempest-ServerActionsTestOtherB-1549944718-network', 'tenant_id': 'ca9f775f992042c8980c4715efc891df', 'admin_state_up': True, 'mtu': 8950, 'status': 'ACTIVE', 'subnets': [], 'shared': False, 'project_id': 'ca9f775f992042c8980c4715efc891df', 'port_security_enabled': True, 'router:external': False, 'provider:network_type': 'vlan', 'provider:physical_network': 'default', 'provider:segmentation_id': 782, 'availability_zone_hints': [], 'availability_zones': [], 'ipv4_address_scope': None, 'ipv6_address_scope': None, 'description': '', 'tags': [], 'created_at': '2025-01-23T18:57:52Z', 'updated_at': '2025-01-23T18:57:52Z', 'revision_number': 1}, Subnet: {'id': '500a3de9-c4b4-4705-a030-37f6ce9cb5e4', 'name': 'tempest-ServerActionsTestOtherB-1549944718-subnet', 'tenant_id': 'ca9f775f992042c8980c4715efc891df', 'network_id': 'fdc485d7-8c4f-44c9-8ae1-6d4c1579797c', 'ip_version': 4, 'subnetpool_id': None, 'enable_dhcp': True, 'ipv6_ra_mode': None, 'ipv6_address_mode': None, 'gateway_ip': '192.168.128.1', 'cidr': '192.168.128.0/28', 'allocation_pools': [{'start': '192.168.128.2', 'end': '192.168.128.14'}], 'host_routes': [], 'dns_nameservers': [], 'description': '', 'router:external': False, 'service_types': [], 'tags': [], 'created_at': '2025-01-23T18:57:52Z', 'updated_at': '2025-01-23T18:57:52Z', 'revision_number': 0, 'project_id': 'ca9f775f992042c8980c4715efc891df'}, Router: {'id': '8bc34d3a-9ff1-42c1-85af-75f9e5d9974d', 'name': 'tempest-ServerActionsTestOtherB-1549944718-router', 'tenant_id': 'ca9f775f992042c8980c4715efc891df', 'admin_state_up': True, 'status': 'ACTIVE', 'external_gateway_info': {'network_id': '24b664c4-de91-44bd-94cd-db1f800b9cd5', 'external_fixed_ips': [{'subnet_id': 'ce805d78-88ec-4bde-9488-94fd684794d6', 'ip_address': '10.180.180.182'}], 'enable_snat': True}, 'description': '', 'availability_zones': [], 'distributed': False, 'ha': False, 'availability_zone_hints': [], 'routes': [], 'flavor_id': None, 'tags': [], 'created_at': '2025-01-23T18:57:53Z', 'updated_at': '2025-01-23T18:57:54Z', 'revision_number': 2, 'project_id': 'ca9f775f992042c8980c4715efc891df'}
2025-01-23 18:57:58.259 68413 INFO tempest.lib.common.rest_client [req-e1901d7c-85f9-4714-babb-b6cd1be45926 req-e1901d7c-85f9-4714-babb-b6cd1be45926 ] Request (AggregatesAdminNegativeTestJSON:tearDownClass): 204 DELETE http://10.180.1.21/identity/v3/projects/fe7f740531de404f8a1a5a6a1de22409 0.213s
2025-01-23 18:57:58.260 68413 INFO tempest.test [-] raised in UnshelveToHostMultiNodesTest.setUpClass. Invoking tearDownClass.
2025-01-23 18:57:58.261 68413 INFO tempest.test [-] raised in TestVolumeSwap.setUpClass. Invoking tearDownClass.
2025-01-23 18:57:58.276 68461 INFO tempest.lib.common.rest_client [req-f2fff0a0-47b0-4ee0-8c23-8c07e0f985c7 req-f2fff0a0-47b0-4ee0-8c23-8c07e0f985c7 ] Request (ServersTestJSON:setUpClass): 201 POST http://10.180.1.21:9696/networking/v2.0/floatingips 1.556s
2025-01-23 18:57:58.323 68447 INFO tempest.lib.common.rest_client [req-88d60bdf-f322-492f-94bc-2a4ca84ce3b3 req-88d60bdf-f322-492f-94bc-2a4ca84ce3b3 ] Request (MigrationsAdminTest:test_list_migrations_in_flavor_resize_situation): 200 GET http://10.180.1.21/compute/v2.1/servers/dd8b83e9-bf81-4d6a-b65e-410788839afd 1.169s
2025-01-23 18:57:58.334 68447 INFO tempest.common.waiters [-] State transition "BUILD/spawning" ==> "ERROR/None" after 42 second wait
2025-01-23 18:57:58.346 68463 INFO tempest.lib.common.rest_client [req-99a4ebc8-9fac-4408-ac3a-566fdf017b89 req-99a4ebc8-9fac-4408-ac3a-566fdf017b89 ] Request (SecurityGroupRulesNegativeTestJSON:tearDownClass): 204 DELETE http://10.180.1.21/identity/v3/projects/e8a7e9f77ce54c5b8b2f554896ea23e4 0.213s
2025-01-23 18:57:58.389 68411 INFO tempest.lib.common.rest_client [req-c8726a40-d9ee-4bc5-b4fb-ccdf6e925a0c req-c8726a40-d9ee-4bc5-b4fb-ccdf6e925a0c ] Request (QuotasAdminTestJSON:test_delete_quota): 200 GET http://10.180.1.21/identity/v3/domains?name=Default 0.178s
2025-01-23 18:57:58.404 68423 INFO tempest.lib.common.rest_client [req-08548818-7ec6-4a4c-af5b-994f680e51b6 req-08548818-7ec6-4a4c-af5b-994f680e51b6 ] Request (ServersWithSpecificFlavorTestJSON:test_verify_created_server_ephemeral_disk): 200 GET http://10.180.1.21/compute/v2.1/servers/5201282c-5bfd-4344-9355-dd2f4de30aa3 1.164s
2025-01-23 18:57:58.427 68433 INFO tempest.lib.common.rest_client [req-24a27b13-8833-4473-a84f-bc8e7b32fb26 req-24a27b13-8833-4473-a84f-bc8e7b32fb26 ] Request (ServersTestMultiNic:setUpClass): 201 POST http://10.180.1.21:9696/networking/v2.0/subnets 0.613s
2025-01-23 18:57:58.441 68415 INFO tempest.lib.common.rest_client [req-14eb7806-ea6e-487f-bf7b-d8c96ac14c58 req-14eb7806-ea6e-487f-bf7b-d8c96ac14c58 ] Request (ServerActionsTestOtherB:setUpClass): 201 POST http://10.180.1.21/identity/v3/auth/tokens 0.183s
2025-01-23 18:57:58.451 68413 INFO tempest.lib.common.rest_client [req-6443a930-1f3a-47cf-ae5a-e5a640cf6f99 req-6443a930-1f3a-47cf-ae5a-e5a640cf6f99 ] Request (VolumesAdminNegativeTest:setUpClass): 201 POST http://10.180.1.21/identity/v3/auth/tokens 0.184s
2025-01-23 18:57:58.466 68449 INFO tempest.lib.common.rest_client [req-7a9aeb76-fdcd-4377-9c60-526a8e375004 req-7a9aeb76-fdcd-4377-9c60-526a8e375004 ] Request (InstanceActionsV221TestJSON:tearDownClass): 204 DELETE http://10.180.1.21:9696/networking/v2.0/subnets/953f89ee-07e7-4403-8793-25260d548b3b 0.265s
2025-01-23 18:57:58.476 68463 INFO tempest.lib.common.rest_client [req-10e935e4-bdc9-4ff8-a2e5-bf53361db882 req-10e935e4-bdc9-4ff8-a2e5-bf53361db882 ] Request (ServerActionsV293TestJSON:setUpClass): 201 POST http://10.180.1.21/identity/v3/auth/tokens 0.125s
2025-01-23 18:57:58.489 68421 INFO tempest.lib.common.rest_client [req-80d86776-abdb-46e8-b391-74f778e67e45 req-80d86776-abdb-46e8-b391-74f778e67e45 ] Request (ServersAdmin275Test:tearDownClass): 204 DELETE http://10.180.1.21/compute/v2.1/servers/64872a8b-3b8f-4b38-a20f-b83e8e249888 0.945s
2025-01-23 18:57:58.506 68461 INFO tempest.lib.common.rest_client [req-764e329b-d5d0-4885-8d3d-4605a9831cf8 req-764e329b-d5d0-4885-8d3d-4605a9831cf8 ] Request (ServersTestJSON:setUpClass): 201 POST http://10.180.1.21/identity/v3/auth/tokens 0.222s
2025-01-23 18:57:58.506 68461 INFO tempest.lib.common.fixed_network [-] (ServersTestJSON:setUpClass) Found network {'id': '111bb1c5-e482-4ee4-ad31-31308ab23e3b', 'name': 'tempest-ServersTestJSON-1775290694-network', 'tenant_id': 'a730e5c0feef409195d126816400ed9f', 'admin_state_up': True, 'mtu': 8950, 'status': 'ACTIVE', 'subnets': [], 'shared': False, 'project_id': 'a730e5c0feef409195d126816400ed9f', 'port_security_enabled': True, 'router:external': False, 'provider:network_type': 'vlan', 'provider:physical_network': 'default', 'provider:segmentation_id': 625, 'availability_zone_hints': [], 'availability_zones': [], 'ipv4_address_scope': None, 'ipv6_address_scope': None, 'description': '', 'tags': [], 'created_at': '2025-01-23T18:57:49Z', 'updated_at': '2025-01-23T18:57:49Z', 'revision_number': 1} available for tenant
2025-01-23 18:57:58.511 68411 INFO tempest.lib.common.rest_client [req-71baa25f-beac-47e9-bf08-52bc02302285 req-71baa25f-beac-47e9-bf08-52bc02302285 ] Request (QuotasAdminTestJSON:test_delete_quota): 201 POST http://10.180.1.21/identity/v3/projects 0.122s
2025-01-23 18:57:58.512 68445 INFO tempest.lib.common.rest_client [req-6fa92bd3-2f20-4d5f-a2b7-c91a08840030 req-6fa92bd3-2f20-4d5f-a2b7-c91a08840030 ] Request (ServersTestJSON:setUpClass): 201 POST http://10.180.1.21:9696/networking/v2.0/subnets 0.472s
