2025-01-23 18:59:15.034 68445 INFO tempest.lib.common.rest_client [req-2ee59ff2-e3ba-4fa8-9cf3-64ac92389523 req-2ee59ff2-e3ba-4fa8-9cf3-64ac92389523 ] Request (ServersTestJSON:test_create_server_specify_multibyte_character_name): 200 GET http://10.180.1.21/compute/v2.1/servers/0e1873ce-fe9f-4314-b782-e2eedd718323 0.052s
2025-01-23 18:59:15.041 68417 INFO tempest.common.waiters [-] State transition "ACTIVE/deleting" ==> "DELETED/None" after 5 second wait
2025-01-23 18:59:15.179 68469 INFO tempest.lib.common.rest_client [req-4df3f049-876b-4727-8c50-4a4b82cea641 req-4df3f049-876b-4727-8c50-4a4b82cea641 ] Request (AttachInterfacesTestJSON:test_create_list_show_delete_interfaces_by_network_port): 200 GET http://10.180.1.21/compute/v2.1/servers/fc931275-dadd-4889-94d1-525025178b38 0.045s
2025-01-23 18:59:15.338 68467 INFO tempest.lib.common.rest_client [req-23bdafb4-7e8a-40bc-a910-7ab60630f475 req-23bdafb4-7e8a-40bc-a910-7ab60630f475 ] Request (ImagesTestJSON:test_create_image_from_suspended_server): 200 GET http://10.180.1.21/compute/v2.1/servers/e8f7c266-4402-4a50-b9ca-f403fb7358b5 0.128s
2025-01-23 18:59:15.386 68463 INFO tempest.lib.common.rest_client [req-a9436c45-a29f-4af5-818d-cd9945b2ab75 req-a9436c45-a29f-4af5-818d-cd9945b2ab75 ] Request (ServerActionsV293TestJSON:setUpClass): 200 GET http://10.180.1.21/compute/v2.1/servers/67f4819e-fa4a-452d-baeb-d556727e1958 0.148s
2025-01-23 18:59:15.414 68437 INFO tempest.lib.common.rest_client [req-8be56122-21ca-4aff-be84-8ae4c7bd5b79 req-8be56122-21ca-4aff-be84-8ae4c7bd5b79 ] Request (ServerExternalEventsTest:tearDownClass): 200 GET http://10.180.1.21/compute/v2.1/servers/2389fbc4-fb58-43d0-b17d-2ec7e462d5ca 0.230s
2025-01-23 18:59:15.433 68453 INFO tempest.lib.common.rest_client [req-cbcbad9f-253b-43d8-8b37-873e937ccddf req-cbcbad9f-253b-43d8-8b37-873e937ccddf ] Request (InstanceActionsTestJSON:setUpClass): 200 GET http://10.180.1.21/compute/v2.1/servers/0ce8b90f-4ac2-4906-8abc-9e8d3e513022 0.153s
2025-01-23 18:59:15.451 68431 INFO tempest.lib.common.rest_client [req-6be33502-8291-48ac-a3ca-62f80a6cc2c6 req-6be33502-8291-48ac-a3ca-62f80a6cc2c6 ] Request (ImagesOneServerTestJSON:test_create_delete_image): 200 GET http://10.180.1.21/compute/v2.1/images/372db0dd-a219-4e0f-8c84-037093924668 0.164s
2025-01-23 18:59:15.485 68433 INFO tempest.lib.common.rest_client [req-a76383f2-cdd1-435c-8fd6-de2d96f571e7 req-a76383f2-cdd1-435c-8fd6-de2d96f571e7 ] Request (ServersTestMultiNic:test_verify_duplicate_network_nics): 200 GET http://10.180.1.21/compute/v2.1/servers/c744175f-6b0e-4123-a23c-075208d7493e 0.149s
2025-01-23 18:59:15.500 68421 INFO tempest.lib.common.rest_client [req-8b0b94ea-49b8-4eab-8ea8-a38b0ededac6 req-8b0b94ea-49b8-4eab-8ea8-a38b0ededac6 ] Request (ImagesOneServerNegativeTestJSON:setUpClass): 200 GET http://10.180.1.21/compute/v2.1/servers/c79334fe-c71d-4c9d-b02e-f0ae6d8be83b 0.146s
2025-01-23 18:59:15.539 68411 INFO tempest.lib.common.rest_client [req-8687ebdb-e210-4daf-9763-3946d26f61f6 req-8687ebdb-e210-4daf-9763-3946d26f61f6 ] Request (TenantUsagesTestJSON:setUpClass): 200 GET http://10.180.1.21/compute/v2.1/servers/25c07823-1b77-45e4-b1e1-f0f61f4c8cca 0.139s
2025-01-23 18:59:15.557 68429 INFO tempest.lib.common.rest_client [req-3a0d1642-425f-431a-8f49-a4759263c50c req-3a0d1642-425f-431a-8f49-a4759263c50c ] Request (ServerShowV247Test:test_update_rebuild_list_server): 200 GET http://10.180.1.21/compute/v2.1/servers/7689c66e-3558-4135-9651-52462305ee5d 0.139s
2025-01-23 18:59:15.588 68457 INFO tempest.lib.common.rest_client [req-64596403-8ea7-4640-9e53-5cec7a7c1da0 req-64596403-8ea7-4640-9e53-5cec7a7c1da0 ] Request (DeleteServersTestJSON:test_delete_active_server): 200 GET http://10.180.1.21/compute/v2.1/servers/0796fe26-aedc-4656-99a8-2d15785c64a9 0.050s
2025-01-23 18:59:15.645 68413 INFO tempest.lib.common.rest_client [req-2f3998db-30f6-403d-a55e-d6dcc01c342e req-2f3998db-30f6-403d-a55e-d6dcc01c342e ] Request (VolumesAdminNegativeTest:test_update_attached_volume_with_nonexistent_volume_in_body): 200 GET http://10.180.1.21/compute/v2.1/servers/a347d37d-e47f-4c31-ac73-2d4c161b2c7a 0.056s
2025-01-23 18:59:15.670 68427 INFO tempest.lib.common.rest_client [req-d825dd53-2407-479f-9579-95f349b713de req-d825dd53-2407-479f-9579-95f349b713de ] Request (SecurityGroupsTestJSON:test_list_security_groups_by_server): 200 GET http://10.180.1.21/compute/v2.1/servers/4eae6ac7-0580-4bd6-958a-7869cc4d8a18 0.115s
2025-01-23 18:59:15.682 68427 INFO tempest.common.waiters [-] State transition "BUILD/spawning" ==> "ACTIVE/None" after 76 second wait
2025-01-23 18:59:15.694 68472 INFO tempest.lib.common.rest_client [req-6f02de58-a5b3-42a6-b043-fb6ab8d50d87 req-6f02de58-a5b3-42a6-b043-fb6ab8d50d87 ] Request (ServerTagsTestJSON:setUpClass): 200 GET http://10.180.1.21/compute/v2.1/servers/df24a196-01dd-4ba4-a531-9ed258e8a1b7 0.085s
2025-01-23 18:59:15.788 68435 INFO tempest.lib.common.rest_client [req-cac42021-6bd9-4a72-b7d7-fdf082f7bf4c req-cac42021-6bd9-4a72-b7d7-fdf082f7bf4c ] Request (ServerGroupTestJSON:_run_cleanups): 200 GET http://10.180.1.21/compute/v2.1/servers/42b4d041-f32d-467f-a5bc-756ca033e802 0.101s
2025-01-23 18:59:15.939 68461 INFO tempest.lib.common.rest_client [req-051b48db-82ec-4ee6-a944-00f3209db305 req-051b48db-82ec-4ee6-a944-00f3209db305 ] Request (ServersTestJSON:setUpClass): 200 GET http://10.180.1.21/compute/v2.1/servers/776c3994-777a-42a2-8c39-f97488c4938d 0.213s
2025-01-23 18:59:15.993 68455 INFO tempest.lib.common.rest_client [req-312d6252-6109-4a3c-b838-26239e74902e req-312d6252-6109-4a3c-b838-26239e74902e ] Request (ServerDiskConfigTestJSON:test_rebuild_server_with_auto_disk_config): 200 GET http://10.180.1.21/compute/v2.1/servers/a9c2c6cb-0aec-4e44-9b22-5a9c863359dd 0.255s
2025-01-23 18:59:16.043 68443 INFO tempest.lib.common.rest_client [req-eea19116-8232-4a21-9f3e-ac120cba2090 req-eea19116-8232-4a21-9f3e-ac120cba2090 ] Request (ServerMetadataTestJSON:setUpClass): 200 GET http://10.180.1.21/compute/v2.1/servers/d4e7eb6b-7e18-4492-9680-54d1cc0a75a1 0.268s
2025-01-23 18:59:16.095 68427 INFO tempest.lib.common.rest_client [req-88cdbf17-b811-4f5d-a515-3a99ff53a020 req-88cdbf17-b811-4f5d-a515-3a99ff53a020 ] Request (SecurityGroupsTestJSON:test_list_security_groups_by_server): 202 POST http://10.180.1.21/compute/v2.1/servers/4eae6ac7-0580-4bd6-958a-7869cc4d8a18/action 0.413s
2025-01-23 18:59:16.101 68449 INFO tempest.lib.common.rest_client [req-2b810bdd-3fe7-416e-8807-8861974ab248 req-2b810bdd-3fe7-416e-8807-8861974ab248 ] Request (ServerRescueTestJSON:setUpClass): 200 GET http://10.180.1.21/compute/v2.1/servers/0e8c5228-d6c0-4c2a-b350-1796066698b7 0.316s
2025-01-23 18:59:16.151 68439 INFO tempest.lib.common.rest_client [req-fc6301d9-27f3-4c27-92f3-0d30cee72afb req-fc6301d9-27f3-4c27-92f3-0d30cee72afb ] Request (ListImageFiltersTestJSON:setUpClass): 200 GET http://10.180.1.21/compute/v2.1/servers/5afb5c9e-ed98-481a-9354-4b475fc2ed94 0.325s
2025-01-23 18:59:16.153 68415 INFO tempest.lib.common.rest_client [req-94665c7f-a010-4dcf-82da-863f4c4d9844 req-94665c7f-a010-4dcf-82da-863f4c4d9844 ] Request (ServerActionsTestOtherB:setUpClass): 200 GET http://10.180.1.21/compute/v2.1/servers/2f1ff826-3761-4c62-bb64-ac27244d747c 0.316s
2025-01-23 18:59:16.225 68425 INFO tempest.lib.common.rest_client [req-6f9b7467-0d3f-4dd3-a1a7-8cad539e01e5 req-6f9b7467-0d3f-4dd3-a1a7-8cad539e01e5 ] Request (DeleteServersAdminTestJSON:test_delete_server_while_in_error_state): 200 GET http://10.180.1.21/compute/v2.1/servers/5c3560be-c1da-4f75-b924-835ddc266a25 0.296s
2025-01-23 18:59:16.255 68447 INFO tempest.lib.common.rest_client [req-1f9ee072-2675-47f8-9da0-793a4c085d25 req-1f9ee072-2675-47f8-9da0-793a4c085d25 ] Request (MigrationsAdminTest:test_resize_server_revert_deleted_flavor): 200 GET http://10.180.1.21/compute/v2.1/servers/fa4cba91-3e26-4f43-b24d-63960814b35c 0.272s
2025-01-23 18:59:16.277 68445 INFO tempest.lib.common.rest_client [req-d05ba28c-dd1b-4de0-8c7f-8de6d37a5e1d req-d05ba28c-dd1b-4de0-8c7f-8de6d37a5e1d ] Request (ServersTestJSON:test_create_server_specify_multibyte_character_name): 200 GET http://10.180.1.21/compute/v2.1/servers/0e1873ce-fe9f-4314-b782-e2eedd718323 0.236s
2025-01-23 18:59:16.314 68417 INFO tempest.lib.common.rest_client [req-5c8f37e7-bfb2-48d9-ad42-94307b0f8dac req-5c8f37e7-bfb2-48d9-ad42-94307b0f8dac ] Request (ImagesNegativeTestJSON:test_create_image_from_deleted_server): 200 GET http://10.180.1.21/compute/v2.1/servers/e5a22e01-321a-491c-842b-ec73393bf1e6 0.270s
2025-01-23 18:59:16.363 68469 INFO tempest.lib.common.rest_client [req-9b317c95-21a7-4708-ba2d-88101a832730 req-9b317c95-21a7-4708-ba2d-88101a832730 ] Request (AttachInterfacesTestJSON:test_create_list_show_delete_interfaces_by_network_port): 200 GET http://10.180.1.21/compute/v2.1/servers/fc931275-dadd-4889-94d1-525025178b38 0.175s
2025-01-23 18:59:16.458 68467 INFO tempest.lib.common.rest_client [req-e4a62136-8fbb-4bba-9144-a61993f5afcc req-e4a62136-8fbb-4bba-9144-a61993f5afcc ] Request (ImagesTestJSON:test_create_image_from_suspended_server): 200 GET http://10.180.1.21/compute/v2.1/servers/e8f7c266-4402-4a50-b9ca-f403fb7358b5 0.112s
2025-01-23 18:59:16.465 68467 INFO tempest.common.waiters [-] State transition "BUILD/spawning" ==> "ACTIVE/None" after 76 second wait
2025-01-23 18:59:16.517 68463 INFO tempest.lib.common.rest_client [req-df639d31-aca1-46a7-a051-3096efee93c6 req-df639d31-aca1-46a7-a051-3096efee93c6 ] Request (ServerActionsV293TestJSON:setUpClass): 200 GET http://10.180.1.21/compute/v2.1/servers/67f4819e-fa4a-452d-baeb-d556727e1958 0.121s
2025-01-23 18:59:16.583 68437 INFO tempest.lib.common.rest_client [req-1ae302db-da9b-414b-b7de-ed4413f3cce3 req-1ae302db-da9b-414b-b7de-ed4413f3cce3 ] Request (ServerExternalEventsTest:tearDownClass): 200 GET http://10.180.1.21/compute/v2.1/servers/2389fbc4-fb58-43d0-b17d-2ec7e462d5ca 0.161s
2025-01-23 18:59:16.640 68453 INFO tempest.lib.common.rest_client [req-3f29ba4f-9d05-4420-8a92-7406cc312927 req-3f29ba4f-9d05-4420-8a92-7406cc312927 ] Request (InstanceActionsTestJSON:setUpClass): 200 GET http://10.180.1.21/compute/v2.1/servers/0ce8b90f-4ac2-4906-8abc-9e8d3e513022 0.196s
2025-01-23 18:59:16.676 68431 INFO tempest.lib.common.rest_client [req-765252ba-1fe4-40f9-9b47-b5f5c26887db req-765252ba-1fe4-40f9-9b47-b5f5c26887db ] Request (ImagesOneServerTestJSON:test_create_delete_image): 200 GET http://10.180.1.21/compute/v2.1/images/372db0dd-a219-4e0f-8c84-037093924668 0.221s
2025-01-23 18:59:16.693 68427 INFO tempest.lib.common.rest_client [req-da629527-5a89-4cd4-95bc-2704cf541e16 req-da629527-5a89-4cd4-95bc-2704cf541e16 ] Request (SecurityGroupsTestJSON:test_list_security_groups_by_server): 202 POST http://10.180.1.21/compute/v2.1/servers/4eae6ac7-0580-4bd6-958a-7869cc4d8a18/action 0.597s
2025-01-23 18:59:16.745 68433 INFO tempest.lib.common.rest_client [req-4ca21356-127d-4e98-a13c-6f65f534372d req-4ca21356-127d-4e98-a13c-6f65f534372d ] Request (ServersTestMultiNic:test_verify_duplicate_network_nics): 200 GET http://10.180.1.21/compute/v2.1/servers/c744175f-6b0e-4123-a23c-075208d7493e 0.248s
2025-01-23 18:59:16.762 68467 INFO tempest.lib.common.rest_client [req-70f6cd37-3f4e-4285-a840-6536be7abfbf req-70f6cd37-3f4e-4285-a840-6536be7abfbf ] Request (ImagesTestJSON:test_create_image_from_suspended_server): 202 POST http://10.180.1.21/compute/v2.1/servers/e8f7c266-4402-4a50-b9ca-f403fb7358b5/action 0.296s
2025-01-23 18:59:16.797 68421 INFO tempest.lib.common.rest_client [req-9b44c819-d193-43b1-ac85-78a926bf4cd7 req-9b44c819-d193-43b1-ac85-78a926bf4cd7 ] Request (ImagesOneServerNegativeTestJSON:setUpClass): 200 GET http://10.180.1.21/compute/v2.1/servers/c79334fe-c71d-4c9d-b02e-f0ae6d8be83b 0.289s
2025-01-23 18:59:16.814 68411 INFO tempest.lib.common.rest_client [req-5d4445fa-22c2-42f6-b751-37e54a0e6b8c req-5d4445fa-22c2-42f6-b751-37e54a0e6b8c ] Request (TenantUsagesTestJSON:setUpClass): 200 GET http://10.180.1.21/compute/v2.1/servers/25c07823-1b77-45e4-b1e1-f0f61f4c8cca 0.267s
2025-01-23 18:59:16.872 68429 INFO tempest.lib.common.rest_client [req-584b3b2b-aca3-43ae-a8f9-a1a8e42e3109 req-584b3b2b-aca3-43ae-a8f9-a1a8e42e3109 ] Request (ServerShowV247Test:test_update_rebuild_list_server): 200 GET http://10.180.1.21/compute/v2.1/servers/7689c66e-3558-4135-9651-52462305ee5d 0.306s
2025-01-23 18:59:16.874 68457 INFO tempest.lib.common.rest_client [req-58ea37e8-fecf-4ebe-a2e6-55bf801c29b6 req-58ea37e8-fecf-4ebe-a2e6-55bf801c29b6 ] Request (DeleteServersTestJSON:test_delete_active_server): 200 GET http://10.180.1.21/compute/v2.1/servers/0796fe26-aedc-4656-99a8-2d15785c64a9 0.274s
2025-01-23 18:59:16.931 68413 INFO tempest.lib.common.rest_client [req-40247ad1-5454-4558-a0fa-818c68149477 req-40247ad1-5454-4558-a0fa-818c68149477 ] Request (VolumesAdminNegativeTest:test_update_attached_volume_with_nonexistent_volume_in_body): 200 GET http://10.180.1.21/compute/v2.1/servers/a347d37d-e47f-4c31-ac73-2d4c161b2c7a 0.277s
2025-01-23 18:59:16.996 68472 INFO tempest.lib.common.rest_client [req-b1c5814a-5aa5-4b5c-8e91-328361b8c49c req-b1c5814a-5aa5-4b5c-8e91-328361b8c49c ] Request (ServerTagsTestJSON:setUpClass): 200 GET http://10.180.1.21/compute/v2.1/servers/df24a196-01dd-4ba4-a531-9ed258e8a1b7 0.292s
2025-01-23 18:59:17.012 68427 INFO tempest.lib.common.rest_client [req-f945074a-31f4-45bf-9779-84990fb258e8 req-f945074a-31f4-45bf-9779-84990fb258e8 ] Request (SecurityGroupsTestJSON:test_list_security_groups_by_server): 200 GET http://10.180.1.21/compute/v2.1/servers/4eae6ac7-0580-4bd6-958a-7869cc4d8a18/os-security-groups 0.318s
2025-01-23 18:59:17.071 68435 INFO tempest.lib.common.rest_client [req-9d7d2a10-b848-48c4-ba24-a3d445362642 req-9d7d2a10-b848-48c4-ba24-a3d445362642 ] Request (ServerGroupTestJSON:_run_cleanups): 200 GET http://10.180.1.21/compute/v2.1/servers/42b4d041-f32d-467f-a5bc-756ca033e802 0.274s
2025-01-23 18:59:17.156 68467 INFO tempest.lib.common.rest_client [req-29af8f96-33b9-44fa-a0db-d92857a30394 req-29af8f96-33b9-44fa-a0db-d92857a30394 ] Request (ImagesTestJSON:test_create_image_from_suspended_server): 200 GET http://10.180.1.21/compute/v2.1/servers/e8f7c266-4402-4a50-b9ca-f403fb7358b5 0.393s
2025-01-23 18:59:17.174 68461 INFO tempest.lib.common.rest_client [req-95481938-1f3f-4b83-befe-d4b24497da0b req-95481938-1f3f-4b83-befe-d4b24497da0b ] Request (ServersTestJSON:setUpClass): 200 GET http://10.180.1.21/compute/v2.1/servers/776c3994-777a-42a2-8c39-f97488c4938d 0.227s
2025-01-23 18:59:17.208 68455 INFO tempest.lib.common.rest_client [req-16207839-a2d0-408a-bb21-b143071c8e7e req-16207839-a2d0-408a-bb21-b143071c8e7e ] Request (ServerDiskConfigTestJSON:test_rebuild_server_with_auto_disk_config): 200 GET http://10.180.1.21/compute/v2.1/servers/a9c2c6cb-0aec-4e44-9b22-5a9c863359dd 0.208s
2025-01-23 18:59:17.216 68455 INFO tempest.common.waiters [-] State transition "BUILD/scheduling" ==> "BUILD/None" after 63 second wait
2025-01-23 18:59:17.255 68443 INFO tempest.lib.common.rest_client [req-3896a8bc-e63e-46b4-b388-8162a3c043ef req-3896a8bc-e63e-46b4-b388-8162a3c043ef ] Request (ServerMetadataTestJSON:setUpClass): 200 GET http://10.180.1.21/compute/v2.1/servers/d4e7eb6b-7e18-4492-9680-54d1cc0a75a1 0.200s
2025-01-23 18:59:17.287 68427 INFO tempest.lib.common.rest_client [req-b21b83fc-0c81-4c23-80ad-49889901fbec req-b21b83fc-0c81-4c23-80ad-49889901fbec ] Request (SecurityGroupsTestJSON:test_security_group_create_get_delete): 200 POST http://10.180.1.21/compute/v2.1/os-security-groups 0.269s
2025-01-23 18:59:17.306 68449 INFO tempest.lib.common.rest_client [req-629793ba-67dc-452a-be1d-a9ed12ff7dd0 req-629793ba-67dc-452a-be1d-a9ed12ff7dd0 ] Request (ServerRescueTestJSON:setUpClass): 200 GET http://10.180.1.21/compute/v2.1/servers/0e8c5228-d6c0-4c2a-b350-1796066698b7 0.196s
2025-01-23 18:59:17.342 68439 INFO tempest.lib.common.rest_client [req-9ff5d25d-67e7-4772-95e4-ec2a4717aaae req-9ff5d25d-67e7-4772-95e4-ec2a4717aaae ] Request (ListImageFiltersTestJSON:setUpClass): 200 GET http://10.180.1.21/compute/v2.1/servers/5afb5c9e-ed98-481a-9354-4b475fc2ed94 0.183s
2025-01-23 18:59:17.358 68415 INFO tempest.lib.common.rest_client [req-a03d32d8-ccf2-4951-be7b-667778fd9501 req-a03d32d8-ccf2-4951-be7b-667778fd9501 ] Request (ServerActionsTestOtherB:setUpClass): 200 GET http://10.180.1.21/compute/v2.1/servers/2f1ff826-3761-4c62-bb64-ac27244d747c 0.195s
2025-01-23 18:59:17.401 68425 INFO tempest.lib.common.rest_client [req-70010384-1e26-4f66-89c0-3498ff4ab621 req-70010384-1e26-4f66-89c0-3498ff4ab621 ] Request (DeleteServersAdminTestJSON:test_delete_server_while_in_error_state): 200 GET http://10.180.1.21/compute/v2.1/servers/5c3560be-c1da-4f75-b924-835ddc266a25 0.166s
2025-01-23 18:59:17.457 68445 INFO tempest.lib.common.rest_client [req-e7e48d53-e8bf-42c9-ac67-38cb69b4c652 req-e7e48d53-e8bf-42c9-ac67-38cb69b4c652 ] Request (ServersTestJSON:test_create_server_specify_multibyte_character_name): 200 GET http://10.180.1.21/compute/v2.1/servers/0e1873ce-fe9f-4314-b782-e2eedd718323 0.170s
2025-01-23 18:59:17.488 68427 INFO tempest.lib.common.rest_client [req-b52003f6-2bd5-42f4-a5d5-fa8fc38cc43e req-b52003f6-2bd5-42f4-a5d5-fa8fc38cc43e ] Request (SecurityGroupsTestJSON:test_security_group_create_get_delete): 200 GET http://10.180.1.21/compute/v2.1/os-security-groups/5a8a15cc-43bf-4681-8212-5b8655f0566d 0.198s
2025-01-23 18:59:17.512 68447 INFO tempest.lib.common.rest_client [req-695146a7-23f0-4cf0-9285-de0fb4363426 req-695146a7-23f0-4cf0-9285-de0fb4363426 ] Request (MigrationsAdminTest:test_resize_server_revert_deleted_flavor): 200 GET http://10.180.1.21/compute/v2.1/servers/fa4cba91-3e26-4f43-b24d-63960814b35c 0.246s
2025-01-23 18:59:17.556 68417 INFO tempest.lib.common.rest_client [req-59615256-b0f6-4a92-a7dd-4a4d6c104bd0 req-59615256-b0f6-4a92-a7dd-4a4d6c104bd0 ] Request (ImagesNegativeTestJSON:test_create_image_from_deleted_server): 200 GET http://10.180.1.21/compute/v2.1/servers/e5a22e01-321a-491c-842b-ec73393bf1e6 0.234s
2025-01-23 18:59:17.569 68469 INFO tempest.lib.common.rest_client [req-91929dce-0771-4c01-92c7-0027277eb415 req-91929dce-0771-4c01-92c7-0027277eb415 ] Request (AttachInterfacesTestJSON:test_create_list_show_delete_interfaces_by_network_port): 200 GET http://10.180.1.21/compute/v2.1/servers/fc931275-dadd-4889-94d1-525025178b38 0.196s
2025-01-23 18:59:17.631 68463 INFO tempest.lib.common.rest_client [req-d1cbc777-034c-4b8a-8a6a-9e0b1ac59446 req-d1cbc777-034c-4b8a-8a6a-9e0b1ac59446 ] Request (ServerActionsV293TestJSON:setUpClass): 200 GET http://10.180.1.21/compute/v2.1/servers/67f4819e-fa4a-452d-baeb-d556727e1958 0.102s
2025-01-23 18:59:17.674 68427 INFO tempest.lib.common.rest_client [req-0411ef57-09a9-4889-ab4f-c1acb705a9f4 req-0411ef57-09a9-4889-ab4f-c1acb705a9f4 ] Request (SecurityGroupsTestJSON:test_security_group_create_get_delete): 202 DELETE http://10.180.1.21/compute/v2.1/os-security-groups/5a8a15cc-43bf-4681-8212-5b8655f0566d 0.183s
2025-01-23 18:59:17.701 68437 INFO tempest.lib.common.rest_client [req-a6f41e2e-0718-494a-8191-670aa30d3650 req-a6f41e2e-0718-494a-8191-670aa30d3650 ] Request (ServerExternalEventsTest:tearDownClass): 200 GET http://10.180.1.21/compute/v2.1/servers/2389fbc4-fb58-43d0-b17d-2ec7e462d5ca 0.108s
2025-01-23 18:59:17.722 68427 INFO tempest.lib.common.rest_client [req-ccf40862-2109-4fd5-b796-a49ba7a7b285 req-ccf40862-2109-4fd5-b796-a49ba7a7b285 ] Request (SecurityGroupsTestJSON:test_security_group_create_get_delete): 404 GET http://10.180.1.21/compute/v2.1/os-security-groups/5a8a15cc-43bf-4681-8212-5b8655f0566d 0.047s
2025-01-23 18:59:17.728 68453 INFO tempest.lib.common.rest_client [req-336faa71-2f2e-41e3-9f95-c6288b3780c0 req-336faa71-2f2e-41e3-9f95-c6288b3780c0 ] Request (InstanceActionsTestJSON:setUpClass): 200 GET http://10.180.1.21/compute/v2.1/servers/0ce8b90f-4ac2-4906-8abc-9e8d3e513022 0.078s
2025-01-23 18:59:17.755 68431 INFO tempest.lib.common.rest_client [req-b00487e3-0bfe-405e-a8ca-c6db3239bd47 req-b00487e3-0bfe-405e-a8ca-c6db3239bd47 ] Request (ImagesOneServerTestJSON:test_create_delete_image): 200 GET http://10.180.1.21/compute/v2.1/images/372db0dd-a219-4e0f-8c84-037093924668 0.074s
2025-01-23 18:59:17.807 68433 INFO tempest.lib.common.rest_client [req-c5c7ac69-64d0-4bb5-8fb4-b23da264576c req-c5c7ac69-64d0-4bb5-8fb4-b23da264576c ] Request (ServersTestMultiNic:test_verify_duplicate_network_nics): 200 GET http://10.180.1.21/compute/v2.1/servers/c744175f-6b0e-4123-a23c-075208d7493e 0.052s
2025-01-23 18:59:17.834 68427 INFO tempest.lib.common.rest_client [req-0c713707-7536-4fe4-9366-4159c2e5d1cd req-0c713707-7536-4fe4-9366-4159c2e5d1cd ] Request (SecurityGroupsTestJSON:test_security_groups_create_list_delete): 200 POST http://10.180.1.21/compute/v2.1/os-security-groups 0.111s
2025-01-23 18:59:17.867 68421 INFO tempest.lib.common.rest_client [req-ad236789-85b1-44d1-9677-3ce8fe189438 req-ad236789-85b1-44d1-9677-3ce8fe189438 ] Request (ImagesOneServerNegativeTestJSON:setUpClass): 200 GET http://10.180.1.21/compute/v2.1/servers/c79334fe-c71d-4c9d-b02e-f0ae6d8be83b 0.061s
2025-01-23 18:59:17.938 68423 WARNING tempest.lib.common.ssh [-] Failed to establish authenticated ssh connection to cirros@10.180.180.244 ([Errno None] Unable to connect to port 22 on 10.180.180.244). Number attempts: 5. Retry after 6 seconds.: paramiko.ssh_exception.NoValidConnectionsError: [Errno None] Unable to connect to port 22 on 10.180.180.244
2025-01-23 18:59:17.968 68427 INFO tempest.lib.common.rest_client [req-3adbb7fe-ead4-4398-876e-eeaa28e259ce req-3adbb7fe-ead4-4398-876e-eeaa28e259ce ] Request (SecurityGroupsTestJSON:test_security_groups_create_list_delete): 200 POST http://10.180.1.21/compute/v2.1/os-security-groups 0.129s
2025-01-23 18:59:18.040 68429 INFO tempest.lib.common.rest_client [req-14b15630-8cf7-4fdb-a9b0-f701b8576791 req-14b15630-8cf7-4fdb-a9b0-f701b8576791 ] Request (ServerShowV247Test:test_update_rebuild_list_server): 200 GET http://10.180.1.21/compute/v2.1/servers/7689c66e-3558-4135-9651-52462305ee5d 0.159s
2025-01-23 18:59:18.072 68411 INFO tempest.lib.common.rest_client [req-aadc80f7-5de8-44fe-a277-02faf0532865 req-aadc80f7-5de8-44fe-a277-02faf0532865 ] Request (TenantUsagesTestJSON:setUpClass): 200 GET http://10.180.1.21/compute/v2.1/servers/25c07823-1b77-45e4-b1e1-f0f61f4c8cca 0.247s
2025-01-23 18:59:18.096 68457 INFO tempest.lib.common.rest_client [req-81e034ef-cc7d-4067-a28c-f9d7ab06a8b5 req-81e034ef-cc7d-4067-a28c-f9d7ab06a8b5 ] Request (DeleteServersTestJSON:test_delete_active_server): 200 GET http://10.180.1.21/compute/v2.1/servers/0796fe26-aedc-4656-99a8-2d15785c64a9 0.214s
2025-01-23 18:59:18.103 68457 INFO tempest.common.waiters [-] State transition "BUILD/scheduling" ==> "BUILD/None" after 54 second wait
2025-01-23 18:59:18.121 68413 INFO tempest.lib.common.rest_client [req-841750c4-377d-43b1-b07f-a639c9941c2f req-841750c4-377d-43b1-b07f-a639c9941c2f ] Request (VolumesAdminNegativeTest:test_update_attached_volume_with_nonexistent_volume_in_body): 200 GET http://10.180.1.21/compute/v2.1/servers/a347d37d-e47f-4c31-ac73-2d4c161b2c7a 0.177s
2025-01-23 18:59:18.172 68472 INFO tempest.lib.common.rest_client [req-5a9b7ec3-2e34-4cf1-9566-5b7f607afe9b req-5a9b7ec3-2e34-4cf1-9566-5b7f607afe9b ] Request (ServerTagsTestJSON:setUpClass): 200 GET http://10.180.1.21/compute/v2.1/servers/df24a196-01dd-4ba4-a531-9ed258e8a1b7 0.167s
2025-01-23 18:59:18.197 68427 INFO tempest.lib.common.rest_client [req-888d55e6-eb4d-40b2-bed4-09d721a05a49 req-888d55e6-eb4d-40b2-bed4-09d721a05a49 ] Request (SecurityGroupsTestJSON:test_security_groups_create_list_delete): 200 POST http://10.180.1.21/compute/v2.1/os-security-groups 0.227s
2025-01-23 18:59:18.234 68435 INFO tempest.lib.common.rest_client [req-381983de-aba6-47db-85c7-4847d794e9f2 req-381983de-aba6-47db-85c7-4847d794e9f2 ] Request (ServerGroupTestJSON:_run_cleanups): 200 GET http://10.180.1.21/compute/v2.1/servers/42b4d041-f32d-467f-a5bc-756ca033e802 0.152s
2025-01-23 18:59:18.242 68435 INFO tempest.common.waiters [-] State transition "ACTIVE/deleting" ==> "DELETED/None" after 5 second wait
2025-01-23 18:59:18.306 68467 INFO tempest.lib.common.rest_client [req-a1444079-5bba-4b40-90b8-c4620f55af33 req-a1444079-5bba-4b40-90b8-c4620f55af33 ] Request (ImagesTestJSON:test_create_image_from_suspended_server): 200 GET http://10.180.1.21/compute/v2.1/servers/e8f7c266-4402-4a50-b9ca-f403fb7358b5 0.141s
2025-01-23 18:59:18.333 68461 INFO tempest.lib.common.rest_client [req-5f2ce1ed-b3f6-4cb3-ba7c-940dda043868 req-5f2ce1ed-b3f6-4cb3-ba7c-940dda043868 ] Request (ServersTestJSON:setUpClass): 200 GET http://10.180.1.21/compute/v2.1/servers/776c3994-777a-42a2-8c39-f97488c4938d 0.151s
2025-01-23 18:59:18.380 68455 INFO tempest.lib.common.rest_client [req-1f8f8f28-c78d-4053-a871-6e48caa4f82e req-1f8f8f28-c78d-4053-a871-6e48caa4f82e ] Request (ServerDiskConfigTestJSON:test_rebuild_server_with_auto_disk_config): 200 GET http://10.180.1.21/compute/v2.1/servers/a9c2c6cb-0aec-4e44-9b22-5a9c863359dd 0.163s
2025-01-23 18:59:18.403 68427 INFO tempest.lib.common.rest_client [req-35cd055c-808b-4db9-b103-2f1139be1c05 req-35cd055c-808b-4db9-b103-2f1139be1c05 ] Request (SecurityGroupsTestJSON:test_security_groups_create_list_delete): 200 GET http://10.180.1.21/compute/v2.1/os-security-groups 0.203s
2025-01-23 18:59:18.432 68443 INFO tempest.lib.common.rest_client [req-7315a022-deb6-4379-bc2b-3ea33b91df67 req-7315a022-deb6-4379-bc2b-3ea33b91df67 ] Request (ServerMetadataTestJSON:setUpClass): 200 GET http://10.180.1.21/compute/v2.1/servers/d4e7eb6b-7e18-4492-9680-54d1cc0a75a1 0.167s
2025-01-23 18:59:18.480 68449 INFO tempest.lib.common.rest_client [req-49406404-bea6-4bbf-9e72-da77d669e385 req-49406404-bea6-4bbf-9e72-da77d669e385 ] Request (ServerRescueTestJSON:setUpClass): 200 GET http://10.180.1.21/compute/v2.1/servers/0e8c5228-d6c0-4c2a-b350-1796066698b7 0.166s
2025-01-23 18:59:18.484 68439 INFO tempest.lib.common.rest_client [req-ec7262e1-01d1-439b-82d4-a1ad772fee2b req-ec7262e1-01d1-439b-82d4-a1ad772fee2b ] Request (ListImageFiltersTestJSON:setUpClass): 200 GET http://10.180.1.21/compute/v2.1/servers/5afb5c9e-ed98-481a-9354-4b475fc2ed94 0.133s
2025-01-23 18:59:18.528 68415 INFO tempest.lib.common.rest_client [req-1a738049-89c9-4414-917c-5153c3322d52 req-1a738049-89c9-4414-917c-5153c3322d52 ] Request (ServerActionsTestOtherB:setUpClass): 200 GET http://10.180.1.21/compute/v2.1/servers/2f1ff826-3761-4c62-bb64-ac27244d747c 0.159s
2025-01-23 18:59:18.591 68427 INFO tempest.lib.common.rest_client [req-b4d1c6ae-d8d0-4666-bb60-b134deb2739a req-b4d1c6ae-d8d0-4666-bb60-b134deb2739a ] Request (SecurityGroupsTestJSON:test_security_groups_create_list_delete): 202 DELETE http://10.180.1.21/compute/v2.1/os-security-groups/1c8b9839-68e7-4ef1-9a9f-004bc8765eae 0.184s
2025-01-23 18:59:18.599 68425 INFO tempest.lib.common.rest_client [req-25aa12ce-4e33-492a-a42e-189218ada3d8 req-25aa12ce-4e33-492a-a42e-189218ada3d8 ] Request (DeleteServersAdminTestJSON:test_delete_server_while_in_error_state): 200 GET http://10.180.1.21/compute/v2.1/servers/5c3560be-c1da-4f75-b924-835ddc266a25 0.190s
2025-01-23 18:59:18.639 68445 INFO tempest.lib.common.rest_client [req-3d24d22b-660f-4cf4-b0bc-361ad8730861 req-3d24d22b-660f-4cf4-b0bc-361ad8730861 ] Request (ServersTestJSON:test_create_server_specify_multibyte_character_name): 200 GET http://10.180.1.21/compute/v2.1/servers/0e1873ce-fe9f-4314-b782-e2eedd718323 0.168s
2025-01-23 18:59:18.700 68447 INFO tempest.lib.common.rest_client [req-3bebc48e-15c2-45bb-b240-b8742850c38f req-3bebc48e-15c2-45bb-b240-b8742850c38f ] Request (MigrationsAdminTest:test_resize_server_revert_deleted_flavor): 200 GET http://10.180.1.21/compute/v2.1/servers/fa4cba91-3e26-4f43-b24d-63960814b35c 0.181s
2025-01-23 18:59:18.700 68417 INFO tempest.lib.common.rest_client [req-8e4d1d3c-d954-42ee-9b41-c7a208db9845 req-8e4d1d3c-d954-42ee-9b41-c7a208db9845 ] Request (ImagesNegativeTestJSON:test_create_image_from_deleted_server): 200 GET http://10.180.1.21/compute/v2.1/servers/e5a22e01-321a-491c-842b-ec73393bf1e6 0.136s
2025-01-23 18:59:18.719 68427 INFO tempest.lib.common.rest_client [req-0286faf8-93e7-4972-8f81-dc189e6e80dd req-0286faf8-93e7-4972-8f81-dc189e6e80dd ] Request (SecurityGroupsTestJSON:test_security_groups_create_list_delete): 404 GET http://10.180.1.21/compute/v2.1/os-security-groups/1c8b9839-68e7-4ef1-9a9f-004bc8765eae 0.128s
2025-01-23 18:59:18.750 68469 INFO tempest.lib.common.rest_client [req-eacfff08-8507-4edc-9cdf-dc964004f68d req-eacfff08-8507-4edc-9cdf-dc964004f68d ] Request (AttachInterfacesTestJSON:test_create_list_show_delete_interfaces_by_network_port): 200 GET http://10.180.1.21/compute/v2.1/servers/fc931275-dadd-4889-94d1-525025178b38 0.169s
2025-01-23 18:59:18.769 68463 INFO tempest.lib.common.rest_client [req-28286f9f-364e-4f75-93dd-bfdfb2c2e14a req-28286f9f-364e-4f75-93dd-bfdfb2c2e14a ] Request (ServerActionsV293TestJSON:setUpClass): 200 GET http://10.180.1.21/compute/v2.1/servers/67f4819e-fa4a-452d-baeb-d556727e1958 0.126s
2025-01-23 18:59:18.812 68437 INFO tempest.lib.common.rest_client [req-2845d52e-119c-4713-a444-b5c4125c776b req-2845d52e-119c-4713-a444-b5c4125c776b ] Request (ServerExternalEventsTest:tearDownClass): 200 GET http://10.180.1.21/compute/v2.1/servers/2389fbc4-fb58-43d0-b17d-2ec7e462d5ca 0.103s
2025-01-23 18:59:18.868 68453 INFO tempest.lib.common.rest_client [req-5c155de7-a96a-48f8-a021-d364583ca127 req-5c155de7-a96a-48f8-a021-d364583ca127 ] Request (InstanceActionsTestJSON:setUpClass): 200 GET http://10.180.1.21/compute/v2.1/servers/0ce8b90f-4ac2-4906-8abc-9e8d3e513022 0.131s
2025-01-23 18:59:18.881 68427 INFO tempest.lib.common.rest_client [req-a55cebcf-6118-4118-bb84-e88850eb0c7c req-a55cebcf-6118-4118-bb84-e88850eb0c7c ] Request (SecurityGroupsTestJSON:test_security_groups_create_list_delete): 202 DELETE http://10.180.1.21/compute/v2.1/os-security-groups/e578f87d-9eb0-4bb8-b7c1-ed5659e86ee3 0.162s
2025-01-23 18:59:18.903 68431 INFO tempest.lib.common.rest_client [req-c8c64e62-e88c-4be0-bb25-164be3fbbe2a req-c8c64e62-e88c-4be0-bb25-164be3fbbe2a ] Request (ImagesOneServerTestJSON:test_create_delete_image): 200 GET http://10.180.1.21/compute/v2.1/images/372db0dd-a219-4e0f-8c84-037093924668 0.144s
2025-01-23 18:59:18.931 68433 INFO tempest.lib.common.rest_client [req-b6cc228a-6a98-4a16-9229-00cc301fa4a2 req-b6cc228a-6a98-4a16-9229-00cc301fa4a2 ] Request (ServersTestMultiNic:test_verify_duplicate_network_nics): 200 GET http://10.180.1.21/compute/v2.1/servers/c744175f-6b0e-4123-a23c-075208d7493e 0.114s
2025-01-23 18:59:18.949 68427 INFO tempest.lib.common.rest_client [req-7006de4d-c48e-472d-a8fe-a3dcf95bf1fc req-7006de4d-c48e-472d-a8fe-a3dcf95bf1fc ] Request (SecurityGroupsTestJSON:test_security_groups_create_list_delete): 404 GET http://10.180.1.21/compute/v2.1/os-security-groups/e578f87d-9eb0-4bb8-b7c1-ed5659e86ee3 0.067s
2025-01-23 18:59:18.959 68421 INFO tempest.lib.common.rest_client [req-086122c3-32bc-4a90-8f97-8c680dab503d req-086122c3-32bc-4a90-8f97-8c680dab503d ] Request (ImagesOneServerNegativeTestJSON:setUpClass): 200 GET http://10.180.1.21/compute/v2.1/servers/c79334fe-c71d-4c9d-b02e-f0ae6d8be83b 0.084s
2025-01-23 18:59:19.077 68427 INFO tempest.lib.common.rest_client [req-d3dcc4bc-9f5b-45c0-bacd-abd92a602ac1 req-d3dcc4bc-9f5b-45c0-bacd-abd92a602ac1 ] Request (SecurityGroupsTestJSON:test_security_groups_create_list_delete): 202 DELETE http://10.180.1.21/compute/v2.1/os-security-groups/5526dbab-df09-474e-b827-51010556685f 0.127s
2025-01-23 18:59:19.101 68427 INFO tempest.lib.common.rest_client [req-9d40eadf-3f17-4193-b3bf-8e8361b803c1 req-9d40eadf-3f17-4193-b3bf-8e8361b803c1 ] Request (SecurityGroupsTestJSON:test_security_groups_create_list_delete): 404 GET http://10.180.1.21/compute/v2.1/os-security-groups/5526dbab-df09-474e-b827-51010556685f 0.024s
2025-01-23 18:59:19.124 68429 INFO tempest.lib.common.rest_client [req-5fd62c78-d241-466a-8154-19444e1d3274 req-5fd62c78-d241-466a-8154-19444e1d3274 ] Request (ServerShowV247Test:test_update_rebuild_list_server): 200 GET http://10.180.1.21/compute/v2.1/servers/7689c66e-3558-4135-9651-52462305ee5d 0.066s
2025-01-23 18:59:19.157 68411 INFO tempest.lib.common.rest_client [req-ce33e036-e9aa-4b68-986f-99e8ea33e587 req-ce33e036-e9aa-4b68-986f-99e8ea33e587 ] Request (TenantUsagesTestJSON:setUpClass): 200 GET http://10.180.1.21/compute/v2.1/servers/25c07823-1b77-45e4-b1e1-f0f61f4c8cca 0.077s
2025-01-23 18:59:19.213 68457 INFO tempest.lib.common.rest_client [req-3f428835-af7d-4a15-b3b6-c2a1fa3fafcb req-3f428835-af7d-4a15-b3b6-c2a1fa3fafcb ] Request (DeleteServersTestJSON:test_delete_active_server): 200 GET http://10.180.1.21/compute/v2.1/servers/0796fe26-aedc-4656-99a8-2d15785c64a9 0.109s
2025-01-23 18:59:19.265 68413 INFO tempest.lib.common.rest_client [req-31d1d329-3c9e-464d-8d16-269d83d54e80 req-31d1d329-3c9e-464d-8d16-269d83d54e80 ] Request (VolumesAdminNegativeTest:test_update_attached_volume_with_nonexistent_volume_in_body): 200 GET http://10.180.1.21/compute/v2.1/servers/a347d37d-e47f-4c31-ac73-2d4c161b2c7a 0.136s
2025-01-23 18:59:19.279 68427 INFO tempest.lib.common.rest_client [req-cc3aeba4-43fb-4f4b-9f10-a5263671b708 req-cc3aeba4-43fb-4f4b-9f10-a5263671b708 ] Request (SecurityGroupsTestJSON:test_security_groups_create_list_delete): 200 GET http://10.180.1.21/compute/v2.1/os-security-groups 0.177s
2025-01-23 18:59:19.316 68472 INFO tempest.lib.common.rest_client [req-c56c04f5-9dc2-48be-adcd-fab247b06ce5 req-c56c04f5-9dc2-48be-adcd-fab247b06ce5 ] Request (ServerTagsTestJSON:setUpClass): 200 GET http://10.180.1.21/compute/v2.1/servers/df24a196-01dd-4ba4-a531-9ed258e8a1b7 0.135s
2025-01-23 18:59:19.345 68435 INFO tempest.lib.common.rest_client [req-9c4be9b2-b520-436e-8c18-4808251c1887 req-9c4be9b2-b520-436e-8c18-4808251c1887 ] Request (ServerGroupTestJSON:_run_cleanups): 200 GET http://10.180.1.21/compute/v2.1/servers/42b4d041-f32d-467f-a5bc-756ca033e802 0.101s
2025-01-23 18:59:19.421 68427 INFO tempest.lib.common.rest_client [req-56e94877-ac8f-4223-86ae-811fb25dda49 req-56e94877-ac8f-4223-86ae-811fb25dda49 ] Request (SecurityGroupsTestJSON:test_server_security_groups): 200 POST http://10.180.1.21/compute/v2.1/os-security-groups 0.138s
2025-01-23 18:59:19.445 68467 INFO tempest.lib.common.rest_client [req-fe076c05-571d-485e-8976-918478061929 req-fe076c05-571d-485e-8976-918478061929 ] Request (ImagesTestJSON:test_create_image_from_suspended_server): 200 GET http://10.180.1.21/compute/v2.1/servers/e8f7c266-4402-4a50-b9ca-f403fb7358b5 0.131s
2025-01-23 18:59:19.456 68467 INFO tempest.common.waiters [-] State transition "ACTIVE/suspending" ==> "SUSPENDED/None" after 2 second wait
2025-01-23 18:59:19.494 68455 INFO tempest.lib.common.rest_client [req-53ad0dbb-a976-4605-b2c7-a9f9aec1740e req-53ad0dbb-a976-4605-b2c7-a9f9aec1740e ] Request (ServerDiskConfigTestJSON:test_rebuild_server_with_auto_disk_config): 200 GET http://10.180.1.21/compute/v2.1/servers/a9c2c6cb-0aec-4e44-9b22-5a9c863359dd 0.105s
2025-01-23 18:59:19.521 68461 INFO tempest.lib.common.rest_client [req-e541724a-d016-4a13-9592-245a90edbbd0 req-e541724a-d016-4a13-9592-245a90edbbd0 ] Request (ServersTestJSON:setUpClass): 200 GET http://10.180.1.21/compute/v2.1/servers/776c3994-777a-42a2-8c39-f97488c4938d 0.180s
2025-01-23 18:59:19.529 68461 INFO tempest.common.waiters [-] State transition "BUILD/spawning" ==> "ACTIVE/None" after 78 second wait
2025-01-23 18:59:19.567 68443 INFO tempest.lib.common.rest_client [req-38934eb9-b17c-4c0b-bf52-71a229080daf req-38934eb9-b17c-4c0b-bf52-71a229080daf ] Request (ServerMetadataTestJSON:setUpClass): 200 GET http://10.180.1.21/compute/v2.1/servers/d4e7eb6b-7e18-4492-9680-54d1cc0a75a1 0.127s
2025-01-23 18:59:19.604 68427 INFO tempest.lib.common.rest_client [req-0b6c79a7-72f7-427b-a7d9-3d9da9ab781e req-0b6c79a7-72f7-427b-a7d9-3d9da9ab781e ] Request (SecurityGroupsTestJSON:test_server_security_groups): 200 POST http://10.180.1.21/compute/v2.1/os-security-groups 0.179s
2025-01-23 18:59:19.657 68449 INFO tempest.lib.common.rest_client [req-5ae7a175-7e81-4e04-836d-7c06e7b0b699 req-5ae7a175-7e81-4e04-836d-7c06e7b0b699 ] Request (ServerRescueTestJSON:setUpClass): 200 GET http://10.180.1.21/compute/v2.1/servers/0e8c5228-d6c0-4c2a-b350-1796066698b7 0.168s
2025-01-23 18:59:19.671 68427 INFO tempest.lib.common.rest_client [req-c139873c-755e-4257-98d0-dace7393674d req-c139873c-755e-4257-98d0-dace7393674d ] Request (SecurityGroupsTestJSON:test_server_security_groups): 201 POST http://10.180.1.21/identity/v3/auth/tokens 0.061s
2025-01-23 18:59:19.671 68427 INFO tempest.lib.common.fixed_network [-] (SecurityGroupsTestJSON:test_server_security_groups) Found network {'id': '845e7485-bb50-4266-8358-7b519f2a5450', 'name': 'tempest-SecurityGroupsTestJSON-1084558554-network', 'tenant_id': '3016378328f444bd83913dd057e6f09a', 'admin_state_up': True, 'mtu': 8950, 'status': 'ACTIVE', 'subnets': [], 'shared': False, 'project_id': '3016378328f444bd83913dd057e6f09a', 'port_security_enabled': True, 'router:external': False, 'provider:network_type': 'vlan', 'provider:physical_network': 'default', 'provider:segmentation_id': 26, 'availability_zone_hints': [], 'availability_zones': [], 'ipv4_address_scope': None, 'ipv6_address_scope': None, 'description': '', 'tags': [], 'created_at': '2025-01-23T18:57:47Z', 'updated_at': '2025-01-23T18:57:47Z', 'revision_number': 1} available for tenant
2025-01-23 18:59:19.708 68439 INFO tempest.lib.common.rest_client [req-018fce9d-5c9b-43f0-b4bd-9a151c7954a7 req-018fce9d-5c9b-43f0-b4bd-9a151c7954a7 ] Request (ListImageFiltersTestJSON:setUpClass): 200 GET http://10.180.1.21/compute/v2.1/servers/5afb5c9e-ed98-481a-9354-4b475fc2ed94 0.213s
2025-01-23 18:59:19.800 68461 INFO tempest.lib.common.rest_client [req-eeabb189-3502-4e1f-ac22-b0320c87d6d3 req-eeabb189-3502-4e1f-ac22-b0320c87d6d3 ] Request (ServersTestJSON:setUpClass): 200 GET http://10.180.1.21/compute/v2.1/servers/776c3994-777a-42a2-8c39-f97488c4938d/os-interface 0.270s
2025-01-23 18:59:19.864 68415 INFO tempest.lib.common.rest_client [req-407dcedf-bdcc-403c-8114-d7ce74c499d5 req-407dcedf-bdcc-403c-8114-d7ce74c499d5 ] Request (ServerActionsTestOtherB:setUpClass): 200 GET http://10.180.1.21/compute/v2.1/servers/2f1ff826-3761-4c62-bb64-ac27244d747c 0.321s
2025-01-23 18:59:19.947 68425 INFO tempest.lib.common.rest_client [req-cf29cca8-4321-4410-a88d-d949ea36f492 req-cf29cca8-4321-4410-a88d-d949ea36f492 ] Request (DeleteServersAdminTestJSON:test_delete_server_while_in_error_state): 200 GET http://10.180.1.21/compute/v2.1/servers/5c3560be-c1da-4f75-b924-835ddc266a25 0.341s
2025-01-23 18:59:20.007 68445 INFO tempest.lib.common.rest_client [req-b3ef315a-8329-41a1-8f19-6a84fc3a7be7 req-b3ef315a-8329-41a1-8f19-6a84fc3a7be7 ] Request (ServersTestJSON:test_create_server_specify_multibyte_character_name): 200 GET http://10.180.1.21/compute/v2.1/servers/0e1873ce-fe9f-4314-b782-e2eedd718323 0.360s
2025-01-23 18:59:20.023 68467 INFO tempest.lib.common.rest_client [req-2bc2f04e-4d6c-4bda-81f6-b95cad5da22c req-2bc2f04e-4d6c-4bda-81f6-b95cad5da22c ] Request (ImagesTestJSON:test_create_image_from_suspended_server): 202 POST http://10.180.1.21/compute/v2.1/servers/e8f7c266-4402-4a50-b9ca-f403fb7358b5/action 0.566s
2025-01-23 18:59:20.092 68417 INFO tempest.lib.common.rest_client [req-63e4f85b-f464-4280-bede-8d804cd2a478 req-63e4f85b-f464-4280-bede-8d804cd2a478 ] Request (ImagesNegativeTestJSON:test_create_image_from_deleted_server): 200 GET http://10.180.1.21/compute/v2.1/servers/e5a22e01-321a-491c-842b-ec73393bf1e6 0.382s
2025-01-23 18:59:20.232 68447 INFO tempest.lib.common.rest_client [req-4a2d4a86-b74e-4e51-bff4-4cbcd9974411 req-4a2d4a86-b74e-4e51-bff4-4cbcd9974411 ] Request (MigrationsAdminTest:test_resize_server_revert_deleted_flavor): 200 GET http://10.180.1.21/compute/v2.1/servers/fa4cba91-3e26-4f43-b24d-63960814b35c 0.521s
2025-01-23 18:59:20.285 68469 INFO tempest.lib.common.rest_client [req-e6a7c013-bbec-4b07-aa68-220860a079eb req-e6a7c013-bbec-4b07-aa68-220860a079eb ] Request (AttachInterfacesTestJSON:test_create_list_show_delete_interfaces_by_network_port): 200 GET http://10.180.1.21/compute/v2.1/servers/fc931275-dadd-4889-94d1-525025178b38 0.528s
2025-01-23 18:59:20.343 68463 INFO tempest.lib.common.rest_client [req-a3b905d1-d5bb-4861-ae15-1bdb43fb43b3 req-a3b905d1-d5bb-4861-ae15-1bdb43fb43b3 ] Request (ServerActionsV293TestJSON:setUpClass): 200 GET http://10.180.1.21/compute/v2.1/servers/67f4819e-fa4a-452d-baeb-d556727e1958 0.559s
2025-01-23 18:59:20.399 68437 INFO tempest.lib.common.rest_client [req-30c21a63-00d2-4947-aae9-0c3fe50e2017 req-30c21a63-00d2-4947-aae9-0c3fe50e2017 ] Request (ServerExternalEventsTest:tearDownClass): 200 GET http://10.180.1.21/compute/v2.1/servers/2389fbc4-fb58-43d0-b17d-2ec7e462d5ca 0.579s
2025-01-23 18:59:20.450 68453 INFO tempest.lib.common.rest_client [req-e77fdb6b-cb07-4edf-a522-b3b9bdb9ddeb req-e77fdb6b-cb07-4edf-a522-b3b9bdb9ddeb ] Request (InstanceActionsTestJSON:setUpClass): 200 GET http://10.180.1.21/compute/v2.1/servers/0ce8b90f-4ac2-4906-8abc-9e8d3e513022 0.575s
2025-01-23 18:59:20.484 68461 INFO tempest.lib.common.rest_client [req-bdd76d48-40c6-4812-b523-a89b9bbb06ef req-bdd76d48-40c6-4812-b523-a89b9bbb06ef ] Request (ServersTestJSON:setUpClass): 200 PUT http://10.180.1.21:9696/networking/v2.0/floatingips/454ca1d2-4cc7-43fb-8b0a-aca40e570f8f 0.682s
2025-01-23 18:59:20.499 68431 INFO tempest.lib.common.rest_client [req-93dd586f-78e5-437a-90b4-59d7f52c3576 req-93dd586f-78e5-437a-90b4-59d7f52c3576 ] Request (ImagesOneServerTestJSON:test_create_delete_image): 200 GET http://10.180.1.21/compute/v2.1/images/372db0dd-a219-4e0f-8c84-037093924668 0.592s
2025-01-23 18:59:20.499 68441 WARNING tempest.lib.common.ssh [-] Failed to establish authenticated ssh connection to cirros@10.180.180.187 ([Errno None] Unable to connect to port 22 on 10.180.180.187). Number attempts: 5. Retry after 6 seconds.: paramiko.ssh_exception.NoValidConnectionsError: [Errno None] Unable to connect to port 22 on 10.180.180.187
2025-01-23 18:59:20.531 68427 INFO tempest.lib.common.rest_client [req-d1a1b64f-29a2-4612-9ad0-e9b68ec8f03f req-d1a1b64f-29a2-4612-9ad0-e9b68ec8f03f ] Request (SecurityGroupsTestJSON:test_server_security_groups): 202 POST http://10.180.1.21/compute/v2.1/servers 0.858s
2025-01-23 18:59:20.554 68433 INFO tempest.lib.common.rest_client [req-3a1bd083-2f7b-4d50-8bcd-df31e9aeac43 req-3a1bd083-2f7b-4d50-8bcd-df31e9aeac43 ] Request (ServersTestMultiNic:test_verify_duplicate_network_nics): 200 GET http://10.180.1.21/compute/v2.1/servers/c744175f-6b0e-4123-a23c-075208d7493e 0.613s
2025-01-23 18:59:20.580 68421 INFO tempest.lib.common.rest_client [req-756eb88b-dd7c-4191-bd9c-58fe29ea7a77 req-756eb88b-dd7c-4191-bd9c-58fe29ea7a77 ] Request (ImagesOneServerNegativeTestJSON:setUpClass): 200 GET http://10.180.1.21/compute/v2.1/servers/c79334fe-c71d-4c9d-b02e-f0ae6d8be83b 0.611s
2025-01-23 18:59:20.590 68467 INFO tempest.lib.common.rest_client [req-5274f5f1-cd1c-4927-b3d5-aa00df44e60e req-5274f5f1-cd1c-4927-b3d5-aa00df44e60e ] Request (ImagesTestJSON:test_create_image_from_suspended_server): 200 GET http://10.180.1.21/compute/v2.1/images/d183c28b-6662-4a44-8aae-b68a6ab25981 0.566s
2025-01-23 18:59:20.634 68429 INFO tempest.lib.common.rest_client [req-b2bcd372-91a5-48bc-9932-2c7c319f03fa req-b2bcd372-91a5-48bc-9932-2c7c319f03fa ] Request (ServerShowV247Test:test_update_rebuild_list_server): 200 GET http://10.180.1.21/compute/v2.1/servers/7689c66e-3558-4135-9651-52462305ee5d 0.497s
2025-01-23 18:59:20.646 68411 INFO tempest.lib.common.rest_client [req-fca09286-15b6-463c-b135-9d1e0b5b159a req-fca09286-15b6-463c-b135-9d1e0b5b159a ] Request (TenantUsagesTestJSON:setUpClass): 200 GET http://10.180.1.21/compute/v2.1/servers/25c07823-1b77-45e4-b1e1-f0f61f4c8cca 0.478s
2025-01-23 18:59:20.688 68457 INFO tempest.lib.common.rest_client [req-d74d48f2-e099-489b-b1e9-79656ba75eef req-d74d48f2-e099-489b-b1e9-79656ba75eef ] Request (DeleteServersTestJSON:test_delete_active_server): 200 GET http://10.180.1.21/compute/v2.1/servers/0796fe26-aedc-4656-99a8-2d15785c64a9 0.461s
2025-01-23 18:59:20.706 68413 INFO tempest.lib.common.rest_client [req-a6cea343-f4a3-47cf-8377-bf5816ccb36a req-a6cea343-f4a3-47cf-8377-bf5816ccb36a ] Request (VolumesAdminNegativeTest:test_update_attached_volume_with_nonexistent_volume_in_body): 200 GET http://10.180.1.21/compute/v2.1/servers/a347d37d-e47f-4c31-ac73-2d4c161b2c7a 0.432s
2025-01-23 18:59:20.750 68472 INFO tempest.lib.common.rest_client [req-64465061-87c6-4f6c-923f-02321892c8a2 req-64465061-87c6-4f6c-923f-02321892c8a2 ] Request (ServerTagsTestJSON:setUpClass): 200 GET http://10.180.1.21/compute/v2.1/servers/df24a196-01dd-4ba4-a531-9ed258e8a1b7 0.424s
2025-01-23 18:59:20.765 68435 INFO tempest.lib.common.rest_client [req-f5a8bad6-5e3d-4fb1-9c38-595cd1067af0 req-f5a8bad6-5e3d-4fb1-9c38-595cd1067af0 ] Request (ServerGroupTestJSON:_run_cleanups): 200 GET http://10.180.1.21/compute/v2.1/servers/42b4d041-f32d-467f-a5bc-756ca033e802 0.413s
2025-01-23 18:59:20.845 68455 INFO tempest.lib.common.rest_client [req-7d2dc8e4-ef78-4d4f-a59e-767d70ec15d7 req-7d2dc8e4-ef78-4d4f-a59e-767d70ec15d7 ] Request (ServerDiskConfigTestJSON:test_rebuild_server_with_auto_disk_config): 200 GET http://10.180.1.21/compute/v2.1/servers/a9c2c6cb-0aec-4e44-9b22-5a9c863359dd 0.342s
2025-01-23 18:59:20.869 68461 INFO tempest.lib.common.rest_client [req-2cd6f44d-c2e4-48f5-9141-9d6302f871c0 req-2cd6f44d-c2e4-48f5-9141-9d6302f871c0 ] Request (ServersTestJSON:setUpClass): 200 GET http://10.180.1.21/compute/v2.1/servers/776c3994-777a-42a2-8c39-f97488c4938d 0.385s
2025-01-23 18:59:20.881 68461 INFO tempest.lib.common.ssh [-] Creating ssh connection to '10.180.180.213:22' as 'cirros' with public key authentication
2025-01-23 18:59:20.883 68427 INFO tempest.lib.common.rest_client [req-76514562-2258-42f3-af36-144ba8652c3c req-76514562-2258-42f3-af36-144ba8652c3c ] Request (SecurityGroupsTestJSON:test_server_security_groups): 200 GET http://10.180.1.21/compute/v2.1/servers/c54f6eeb-a992-41a9-9c8b-ea865bad36c1 0.350s
2025-01-23 18:59:20.925 68443 INFO tempest.lib.common.rest_client [req-7d0f9b9e-4047-4fc2-a063-26bd9b3a765d req-7d0f9b9e-4047-4fc2-a063-26bd9b3a765d ] Request (ServerMetadataTestJSON:setUpClass): 200 GET http://10.180.1.21/compute/v2.1/servers/d4e7eb6b-7e18-4492-9680-54d1cc0a75a1 0.350s
2025-01-23 18:59:20.930 68449 INFO tempest.lib.common.rest_client [req-b96f0e04-a4f7-4a1b-a909-cfd2c1692311 req-b96f0e04-a4f7-4a1b-a909-cfd2c1692311 ] Request (ServerRescueTestJSON:setUpClass): 200 GET http://10.180.1.21/compute/v2.1/servers/0e8c5228-d6c0-4c2a-b350-1796066698b7 0.265s
2025-01-23 18:59:20.974 68439 INFO tempest.lib.common.rest_client [req-7940d137-9c81-46e1-ba67-2638c91f0f51 req-7940d137-9c81-46e1-ba67-2638c91f0f51 ] Request (ListImageFiltersTestJSON:setUpClass): 200 GET http://10.180.1.21/compute/v2.1/servers/5afb5c9e-ed98-481a-9354-4b475fc2ed94 0.255s
2025-01-23 18:59:20.984 68415 INFO tempest.lib.common.rest_client [req-aa3d5112-059b-44c3-b3b3-f3d2c685aef2 req-aa3d5112-059b-44c3-b3b3-f3d2c685aef2 ] Request (ServerActionsTestOtherB:setUpClass): 200 GET http://10.180.1.21/compute/v2.1/servers/2f1ff826-3761-4c62-bb64-ac27244d747c 0.111s
2025-01-23 18:59:21.029 68425 INFO tempest.lib.common.rest_client [req-3ea5a2b8-c823-4bfc-9bc8-fdadb64f45b9 req-3ea5a2b8-c823-4bfc-9bc8-fdadb64f45b9 ] Request (DeleteServersAdminTestJSON:test_delete_server_while_in_error_state): 200 GET http://10.180.1.21/compute/v2.1/servers/5c3560be-c1da-4f75-b924-835ddc266a25 0.073s
2025-01-23 18:59:21.071 68445 INFO tempest.lib.common.rest_client [req-39d42a03-e9a0-422f-b717-6c368d0975d1 req-39d42a03-e9a0-422f-b717-6c368d0975d1 ] Request (ServersTestJSON:test_create_server_specify_multibyte_character_name): 200 GET http://10.180.1.21/compute/v2.1/servers/0e1873ce-fe9f-4314-b782-e2eedd718323 0.054s
2025-01-23 18:59:21.162 68417 INFO tempest.lib.common.rest_client [req-f68f18e7-662d-4934-9660-2bea9b780aae req-f68f18e7-662d-4934-9660-2bea9b780aae ] Request (ImagesNegativeTestJSON:test_create_image_from_deleted_server): 200 GET http://10.180.1.21/compute/v2.1/servers/e5a22e01-321a-491c-842b-ec73393bf1e6 0.060s
2025-01-23 18:59:21.336 68447 INFO tempest.lib.common.rest_client [req-b52c7938-97ea-4e60-aee9-8c95e03a0a0b req-b52c7938-97ea-4e60-aee9-8c95e03a0a0b ] Request (MigrationsAdminTest:test_resize_server_revert_deleted_flavor): 200 GET http://10.180.1.21/compute/v2.1/servers/fa4cba91-3e26-4f43-b24d-63960814b35c 0.094s
2025-01-23 18:59:21.355 68469 INFO tempest.lib.common.rest_client [req-9084753f-a0c3-474b-8d10-95515ea9fe77 req-9084753f-a0c3-474b-8d10-95515ea9fe77 ] Request (AttachInterfacesTestJSON:test_create_list_show_delete_interfaces_by_network_port): 200 GET http://10.180.1.21/compute/v2.1/servers/fc931275-dadd-4889-94d1-525025178b38 0.062s
2025-01-23 18:59:21.411 68463 INFO tempest.lib.common.rest_client [req-aa6a27b6-e98c-47bf-afb8-6bf4b5d57964 req-aa6a27b6-e98c-47bf-afb8-6bf4b5d57964 ] Request (ServerActionsV293TestJSON:setUpClass): 200 GET http://10.180.1.21/compute/v2.1/servers/67f4819e-fa4a-452d-baeb-d556727e1958 0.057s
2025-01-23 18:59:21.422 68463 INFO tempest.common.waiters [-] State transition "BUILD/scheduling" ==> "BUILD/None" after 52 second wait
2025-01-23 18:59:21.482 68437 INFO tempest.lib.common.rest_client [req-16986793-29ce-4c36-8c08-607f1f5218c9 req-16986793-29ce-4c36-8c08-607f1f5218c9 ] Request (ServerExternalEventsTest:tearDownClass): 200 GET http://10.180.1.21/compute/v2.1/servers/2389fbc4-fb58-43d0-b17d-2ec7e462d5ca 0.076s
2025-01-23 18:59:21.518 68453 INFO tempest.lib.common.rest_client [req-f83896ba-28b3-4155-ae73-0114ad751cfc req-f83896ba-28b3-4155-ae73-0114ad751cfc ] Request (InstanceActionsTestJSON:setUpClass): 200 GET http://10.180.1.21/compute/v2.1/servers/0ce8b90f-4ac2-4906-8abc-9e8d3e513022 0.058s
2025-01-23 18:59:21.539 68431 INFO tempest.lib.common.rest_client [req-5cde5d65-605c-4b80-aec5-aacb801585a6 req-5cde5d65-605c-4b80-aec5-aacb801585a6 ] Request (ImagesOneServerTestJSON:test_create_delete_image): 200 GET http://10.180.1.21/compute/v2.1/images/372db0dd-a219-4e0f-8c84-037093924668 0.036s
