2025-01-23 18:57:18.748 68443 INFO tempest.lib.common.dynamic_creds [-] Dynamic test user f56f635efd024865bc873849a54a6e94 is created with scope project and roles: ['member']
2025-01-23 18:57:18.748 68443 INFO tempest.lib.common.dynamic_creds [-] Acquired dynamic creds: credentials: Credentials: {'domain_id': 'default', 'domain_name': 'Default', 'username': 'tempest-AttachInterfacesUnderV243Test-512866222-project-member', 'project_domain_id': 'default', 'project_domain_name': 'Default', 'project_id': '1f86e9ed31784755ad470146506aed1b', 'project_name': 'tempest-AttachInterfacesUnderV243Test-512866222', 'tenant_id': '1f86e9ed31784755ad470146506aed1b', 'tenant_name': 'tempest-AttachInterfacesUnderV243Test-512866222', 'user_domain_id': 'default', 'user_domain_name': 'Default', 'user_id': 'f56f635efd024865bc873849a54a6e94', 'system': None}, Network: None, Subnet: None, Router: None
2025-01-23 18:57:18.763 68409 INFO tempest.lib.common.rest_client [req-f0579df4-ecf9-4225-bde4-1ec30a5d57b0 req-f0579df4-ecf9-4225-bde4-1ec30a5d57b0 ] Request (HypervisorAdminNegativeTestJSON:setUpClass): 201 POST http://10.180.1.21/identity/v3/projects 0.097s
2025-01-23 18:57:18.767 68425 INFO tempest.lib.common.rest_client [req-6c19f724-922a-4227-8b74-6758212261c6 req-6c19f724-922a-4227-8b74-6758212261c6 ] Request (DeleteServersAdminTestJSON:test_admin_delete_servers_of_others): 200 GET http://10.180.1.21/compute/v2.1/servers/1f94463a-2e46-4cb4-bbce-00e5c8301df2 1.883s
2025-01-23 18:57:18.779 68425 INFO tempest.common.waiters [-] State transition "BUILD/None" ==> "BUILD/spawning" after 6 second wait
2025-01-23 18:57:18.791 68469 INFO tempest.lib.common.rest_client [req-3d97fb92-425d-45c8-956d-8a9cbc3f7196 req-3d97fb92-425d-45c8-956d-8a9cbc3f7196 ] Request (ImagesMetadataNegativeTestJSON:test_set_nonexistent_image_metadata): 404 PUT http://10.180.1.21/compute/v2.1/images/b7567f23-b3e7-44d5-bfd7-9779bc2a14ac/metadata 1.671s
2025-01-23 18:57:18.828 68465 INFO tempest.lib.common.rest_client [req-2e6d0585-fd65-479a-a53c-6f562cac6bb8 req-2e6d0585-fd65-479a-a53c-6f562cac6bb8 ] Request (ServicesAdminTestJSON:setUpClass): 200 GET http://10.180.1.21/identity/v3/roles 0.118s
2025-01-23 18:57:18.841 68472 INFO tempest.lib.common.rest_client [req-b1ce24a3-0530-4219-a97e-bfa95f02d474 req-b1ce24a3-0530-4219-a97e-bfa95f02d474 ] Request (InstanceUsageAuditLogTestJSON:setUpClass): 204 PUT http://10.180.1.21/identity/v3/projects/c282c294474c40bebf2f3b2efbaee29f/users/dfe2b7f7094544ee91a71726886c1733/roles/36a3c780154241618317e5c5ec1eb85f 0.154s
2025-01-23 18:57:18.841 68472 INFO tempest.lib.common.dynamic_creds [-] Dynamic test user dfe2b7f7094544ee91a71726886c1733 is created with scope project and roles: ['admin']
2025-01-23 18:57:18.841 68472 INFO tempest.lib.common.dynamic_creds [-] Acquired dynamic creds: credentials: Credentials: {'domain_id': 'default', 'domain_name': 'Default', 'username': 'tempest-InstanceUsageAuditLogTestJSON-1215872085-project-admin', 'project_domain_id': 'default', 'project_domain_name': 'Default', 'project_id': 'c282c294474c40bebf2f3b2efbaee29f', 'project_name': 'tempest-InstanceUsageAuditLogTestJSON-1215872085', 'tenant_id': 'c282c294474c40bebf2f3b2efbaee29f', 'tenant_name': 'tempest-InstanceUsageAuditLogTestJSON-1215872085', 'user_domain_id': 'default', 'user_domain_name': 'Default', 'user_id': 'dfe2b7f7094544ee91a71726886c1733', 'system': None}, Network: None, Subnet: None, Router: None
2025-01-23 18:57:18.841 68472 INFO tempest.lib.common.dynamic_creds [-] Created isolated network resources for: credentials: Credentials: {'domain_id': 'default', 'domain_name': 'Default', 'username': 'tempest-InstanceUsageAuditLogTestJSON-1215872085-project-admin', 'project_domain_id': 'default', 'project_domain_name': 'Default', 'project_id': 'c282c294474c40bebf2f3b2efbaee29f', 'project_name': 'tempest-InstanceUsageAuditLogTestJSON-1215872085', 'tenant_id': 'c282c294474c40bebf2f3b2efbaee29f', 'tenant_name': 'tempest-InstanceUsageAuditLogTestJSON-1215872085', 'user_domain_id': 'default', 'user_domain_name': 'Default', 'user_id': 'dfe2b7f7094544ee91a71726886c1733', 'system': None}, Network: None, Subnet: None, Router: None
2025-01-23 18:57:18.891 68417 INFO tempest.lib.common.rest_client [req-7c44865e-33f7-4dcc-95f2-8aeb2337e94d req-7c44865e-33f7-4dcc-95f2-8aeb2337e94d ] Request (FlavorMetadataValidation:tearDownClass): 200 GET http://10.180.1.21:9696/networking/v2.0/security-groups?tenant_id=5b2db90d013340e38a436afc7b08d069&name=default 0.654s
2025-01-23 18:57:18.910 68415 INFO tempest.lib.common.rest_client [req-918980c3-b70d-444f-907f-2f3285105c17 req-918980c3-b70d-444f-907f-2f3285105c17 ] Request (ServersAdminNegativeTestJSON:setUpClass): 200 GET http://10.180.1.21/compute/v2.1/servers/533d47fe-14a9-4021-81a2-4fa6f047cc84 1.728s
2025-01-23 18:57:18.917 68463 INFO tempest.lib.common.rest_client [req-6d412419-3722-49bd-809a-70acfcf68d2a req-6d412419-3722-49bd-809a-70acfcf68d2a ] Request (SecurityGroupRulesNegativeTestJSON:setUpClass): 201 POST http://10.180.1.21/identity/v3/projects 0.197s
2025-01-23 18:57:18.945 68441 INFO tempest.lib.common.rest_client [req-59178f7f-f3a6-48b6-8b02-a9ff38ba092c req-59178f7f-f3a6-48b6-8b02-a9ff38ba092c ] Request (InstanceUsageAuditLogNegativeTestJSON:tearDownClass): 204 DELETE http://10.180.1.21/identity/v3/users/6e75d89fcd2d4cf3a1e88c91b1485b44 0.234s
2025-01-23 18:57:18.964 68419 INFO tempest.lib.common.rest_client [req-41847b23-04d2-4cbf-b2e6-44148009b629 req-41847b23-04d2-4cbf-b2e6-44148009b629 ] Request (QuotaClassesAdminTestJSON:tearDownClass): 204 DELETE http://10.180.1.21:9696/networking/v2.0/security-groups/eda460f6-1050-4e56-b747-b3d9087b94aa 0.233s
2025-01-23 18:57:19.005 68455 INFO tempest.lib.common.rest_client [req-53f394c9-fdf6-482a-8cde-cfed20d5dc38 req-53f394c9-fdf6-482a-8cde-cfed20d5dc38 ] Request (ServersV294TestFqdnHostnames:setUpClass): 200 GET http://10.180.1.21/compute/v2.1/servers/285196c8-299e-4270-88d2-9cb2cd64d54d 1.707s
2025-01-23 18:57:19.013 68409 INFO tempest.lib.common.rest_client [req-11654b3c-c59f-4d11-bc41-03b57adedd40 req-11654b3c-c59f-4d11-bc41-03b57adedd40 ] Request (HypervisorAdminNegativeTestJSON:setUpClass): 201 POST http://10.180.1.21/identity/v3/users 0.249s
2025-01-23 18:57:19.020 68443 INFO tempest.lib.common.rest_client [req-157918d2-b571-4f33-9aef-ce9ebcdf27e8 req-157918d2-b571-4f33-9aef-ce9ebcdf27e8 ] Request (AttachInterfacesUnderV243Test:setUpClass): 201 POST http://10.180.1.21/identity/v3/auth/tokens 0.272s
2025-01-23 18:57:19.044 68465 INFO tempest.lib.common.rest_client [req-2218fdd0-98ed-4dc3-bbb0-b13a66f32160 req-2218fdd0-98ed-4dc3-bbb0-b13a66f32160 ] Request (ServicesAdminTestJSON:setUpClass): 204 PUT http://10.180.1.21/identity/v3/projects/1258aee2ba394e0ebc8dc63d5a30b36d/users/4e6b797db57a48538bfbbd6c3e69e1fa/roles/36a3c780154241618317e5c5ec1eb85f 0.212s
2025-01-23 18:57:19.093 68417 INFO tempest.lib.common.rest_client [req-165de2a0-1579-4f71-8448-c01cf545ac13 req-165de2a0-1579-4f71-8448-c01cf545ac13 ] Request (FlavorMetadataValidation:tearDownClass): 204 DELETE http://10.180.1.21:9696/networking/v2.0/security-groups/1ea0d477-f2c0-4c37-abce-c403cc579896 0.201s
2025-01-23 18:57:19.105 68463 INFO tempest.lib.common.rest_client [req-7f6cca6c-6ed8-4bb9-a8ef-5488a0fd9028 req-7f6cca6c-6ed8-4bb9-a8ef-5488a0fd9028 ] Request (SecurityGroupRulesNegativeTestJSON:setUpClass): 201 POST http://10.180.1.21/identity/v3/users 0.187s
2025-01-23 18:57:19.105 68472 INFO tempest.lib.common.rest_client [req-e1e49531-9c21-4679-a62e-5ba652df501e req-e1e49531-9c21-4679-a62e-5ba652df501e ] Request (InstanceUsageAuditLogTestJSON:setUpClass): 201 POST http://10.180.1.21/identity/v3/auth/tokens 0.259s
2025-01-23 18:57:19.169 68441 INFO tempest.lib.common.rest_client [req-f5580875-2389-4b85-bfef-005e22ab594c req-f5580875-2389-4b85-bfef-005e22ab594c ] Request (InstanceUsageAuditLogNegativeTestJSON:tearDownClass): 204 DELETE http://10.180.1.21/identity/v3/users/7eba15b74bed4d77bb4f39b5f33fdc5f 0.223s
2025-01-23 18:57:19.169 68441 INFO tempest.lib.common.dynamic_creds [-] Deleting project and security group for project: 4b1c6a0beb0e441693923bf7f0a77912
2025-01-23 18:57:19.175 68419 INFO tempest.lib.common.rest_client [req-a72df71d-f27f-4f2e-bead-b635db061f9e req-a72df71d-f27f-4f2e-bead-b635db061f9e ] Request (QuotaClassesAdminTestJSON:tearDownClass): 204 DELETE http://10.180.1.21/identity/v3/projects/fe4b6d85ef6d4fcaab86149804a63764 0.210s
2025-01-23 18:57:19.237 68409 INFO tempest.lib.common.rest_client [req-286742b6-333b-4473-b736-6ed790587894 req-286742b6-333b-4473-b736-6ed790587894 ] Request (HypervisorAdminNegativeTestJSON:setUpClass): 200 GET http://10.180.1.21/identity/v3/roles 0.224s
2025-01-23 18:57:19.283 68465 INFO tempest.lib.common.rest_client [req-4b730f8e-4b3e-459c-8113-e2cd052cc404 req-4b730f8e-4b3e-459c-8113-e2cd052cc404 ] Request (ServicesAdminTestJSON:setUpClass): 200 GET http://10.180.1.21/identity/v3/roles 0.238s
2025-01-23 18:57:19.314 68463 INFO tempest.lib.common.rest_client [req-eb510ada-74a9-43ca-8522-6f97e4570e04 req-eb510ada-74a9-43ca-8522-6f97e4570e04 ] Request (SecurityGroupRulesNegativeTestJSON:setUpClass): 200 GET http://10.180.1.21/identity/v3/roles 0.208s
2025-01-23 18:57:19.340 68417 INFO tempest.lib.common.rest_client [req-638abc7f-f7ae-4967-86b0-13c6d797360e req-638abc7f-f7ae-4967-86b0-13c6d797360e ] Request (FlavorMetadataValidation:tearDownClass): 204 DELETE http://10.180.1.21/identity/v3/projects/5b2db90d013340e38a436afc7b08d069 0.247s
2025-01-23 18:57:19.341 68417 INFO tempest.lib.common.dynamic_creds [-] Deleting project and security group for project: d1c0e6ce661044d0be51389654ce7498
2025-01-23 18:57:19.366 68441 INFO tempest.lib.common.rest_client [req-35608731-07fa-478d-8edd-edd7d7ef6546 req-35608731-07fa-478d-8edd-edd7d7ef6546 ] Request (InstanceUsageAuditLogNegativeTestJSON:tearDownClass): 201 POST http://10.180.1.21/identity/v3/auth/tokens 0.196s
2025-01-23 18:57:19.395 68419 INFO tempest.lib.common.rest_client [req-ecdabadc-62c8-4600-b3ce-51d9cc0b12bf req-ecdabadc-62c8-4600-b3ce-51d9cc0b12bf ] Request (FlavorsV2NegativeTest:setUpClass): 201 POST http://10.180.1.21/identity/v3/auth/tokens 0.218s
2025-01-23 18:57:19.405 68409 INFO tempest.lib.common.rest_client [req-837dd100-47be-42f1-a350-33b3dc16e49c req-837dd100-47be-42f1-a350-33b3dc16e49c ] Request (HypervisorAdminNegativeTestJSON:setUpClass): 204 PUT http://10.180.1.21/identity/v3/projects/ba707189416c4b649111738a566e18d7/users/2d9b108456bb465b84397c91c12bded5/roles/36a3c780154241618317e5c5ec1eb85f 0.168s
2025-01-23 18:57:19.453 68465 INFO tempest.lib.common.rest_client [req-27789c68-43ed-4895-84d4-4bf4d95e9ddf req-27789c68-43ed-4895-84d4-4bf4d95e9ddf ] Request (ServicesAdminTestJSON:setUpClass): 204 PUT http://10.180.1.21/identity/v3/projects/1258aee2ba394e0ebc8dc63d5a30b36d/users/4e6b797db57a48538bfbbd6c3e69e1fa/roles/36a3c780154241618317e5c5ec1eb85f 0.169s
2025-01-23 18:57:19.453 68465 INFO tempest.lib.common.dynamic_creds [-] Dynamic test user 4e6b797db57a48538bfbbd6c3e69e1fa is created with scope project and roles: ['admin']
2025-01-23 18:57:19.453 68465 INFO tempest.lib.common.dynamic_creds [-] Acquired dynamic creds: credentials: Credentials: {'domain_id': 'default', 'domain_name': 'Default', 'username': 'tempest-ServicesAdminTestJSON-1699413171-project-admin', 'project_domain_id': 'default', 'project_domain_name': 'Default', 'project_id': '1258aee2ba394e0ebc8dc63d5a30b36d', 'project_name': 'tempest-ServicesAdminTestJSON-1699413171', 'tenant_id': '1258aee2ba394e0ebc8dc63d5a30b36d', 'tenant_name': 'tempest-ServicesAdminTestJSON-1699413171', 'user_domain_id': 'default', 'user_domain_name': 'Default', 'user_id': '4e6b797db57a48538bfbbd6c3e69e1fa', 'system': None}, Network: None, Subnet: None, Router: None
2025-01-23 18:57:19.454 68465 INFO tempest.lib.common.dynamic_creds [-] Created isolated network resources for: credentials: Credentials: {'domain_id': 'default', 'domain_name': 'Default', 'username': 'tempest-ServicesAdminTestJSON-1699413171-project-admin', 'project_domain_id': 'default', 'project_domain_name': 'Default', 'project_id': '1258aee2ba394e0ebc8dc63d5a30b36d', 'project_name': 'tempest-ServicesAdminTestJSON-1699413171', 'tenant_id': '1258aee2ba394e0ebc8dc63d5a30b36d', 'tenant_name': 'tempest-ServicesAdminTestJSON-1699413171', 'user_domain_id': 'default', 'user_domain_name': 'Default', 'user_id': '4e6b797db57a48538bfbbd6c3e69e1fa', 'system': None}, Network: None, Subnet: None, Router: None
2025-01-23 18:57:19.474 68463 INFO tempest.lib.common.rest_client [req-45a6b09a-5132-4902-89b8-26e0bcc08191 req-45a6b09a-5132-4902-89b8-26e0bcc08191 ] Request (SecurityGroupRulesNegativeTestJSON:setUpClass): 204 PUT http://10.180.1.21/identity/v3/projects/e8a7e9f77ce54c5b8b2f554896ea23e4/users/011ce259da6a47639acae0bb8ec13ba5/roles/682dc508dfca402bb9da6b0b87d9b1d8 0.159s
2025-01-23 18:57:19.474 68463 INFO tempest.lib.common.dynamic_creds [-] Dynamic test user 011ce259da6a47639acae0bb8ec13ba5 is created with scope project and roles: ['member']
2025-01-23 18:57:19.475 68463 INFO tempest.lib.common.dynamic_creds [-] Acquired dynamic creds: credentials: Credentials: {'domain_id': 'default', 'domain_name': 'Default', 'username': 'tempest-SecurityGroupRulesNegativeTestJSON-801775387-project-member', 'project_domain_id': 'default', 'project_domain_name': 'Default', 'project_id': 'e8a7e9f77ce54c5b8b2f554896ea23e4', 'project_name': 'tempest-SecurityGroupRulesNegativeTestJSON-801775387', 'tenant_id': 'e8a7e9f77ce54c5b8b2f554896ea23e4', 'tenant_name': 'tempest-SecurityGroupRulesNegativeTestJSON-801775387', 'user_domain_id': 'default', 'user_domain_name': 'Default', 'user_id': '011ce259da6a47639acae0bb8ec13ba5', 'system': None}, Network: None, Subnet: None, Router: None
2025-01-23 18:57:19.475 68423 INFO tempest.lib.common.rest_client [req-07287184-0308-49cd-883d-ad75bec77704 req-07287184-0308-49cd-883d-ad75bec77704 ] Request (ServersWithSpecificFlavorTestJSON:setUpClass): 200 PUT http://10.180.1.21:9696/networking/v2.0/routers/004f2472-7211-4f07-aeae-64589c99f9b6/add_router_interface 2.375s
2025-01-23 18:57:19.476 68423 INFO tempest.lib.common.dynamic_creds [-] Created isolated network resources for: credentials: Credentials: {'domain_id': 'default', 'domain_name': 'Default', 'username': 'tempest-ServersWithSpecificFlavorTestJSON-380268331-project-member', 'project_domain_id': 'default', 'project_domain_name': 'Default', 'project_id': '0a2da81bf6ec4783a89444ff2926d362', 'project_name': 'tempest-ServersWithSpecificFlavorTestJSON-380268331', 'tenant_id': '0a2da81bf6ec4783a89444ff2926d362', 'tenant_name': 'tempest-ServersWithSpecificFlavorTestJSON-380268331', 'user_domain_id': 'default', 'user_domain_name': 'Default', 'user_id': '0a290055ecc2465eba396f75874ec799', 'system': None}, Network: {'id': '1156076c-054e-4f05-86b7-053eedeac2b3', 'name': 'tempest-ServersWithSpecificFlavorTestJSON-2106327997-network', 'tenant_id': '0a2da81bf6ec4783a89444ff2926d362', 'admin_state_up': True, 'mtu': 8950, 'status': 'ACTIVE', 'subnets': [], 'shared': False, 'project_id': '0a2da81bf6ec4783a89444ff2926d362', 'port_security_enabled': True, 'router:external': False, 'provider:network_type': 'vlan', 'provider:physical_network': 'default', 'provider:segmentation_id': 198, 'availability_zone_hints': [], 'availability_zones': [], 'ipv4_address_scope': None, 'ipv6_address_scope': None, 'description': '', 'tags': [], 'created_at': '2025-01-23T18:57:15Z', 'updated_at': '2025-01-23T18:57:15Z', 'revision_number': 1}, Subnet: {'id': 'f6642ace-0aed-4acf-beaa-0cb86dfffaa0', 'name': 'tempest-ServersWithSpecificFlavorTestJSON-2106327997-subnet', 'tenant_id': '0a2da81bf6ec4783a89444ff2926d362', 'network_id': '1156076c-054e-4f05-86b7-053eedeac2b3', 'ip_version': 4, 'subnetpool_id': None, 'enable_dhcp': True, 'ipv6_ra_mode': None, 'ipv6_address_mode': None, 'gateway_ip': '192.168.128.1', 'cidr': '192.168.128.0/28', 'allocation_pools': [{'start': '192.168.128.2', 'end': '192.168.128.14'}], 'host_routes': [], 'dns_nameservers': [], 'description': '', 'router:external': False, 'service_types': [], 'tags': [], 'created_at': '2025-01-23T18:57:15Z', 'updated_at': '2025-01-23T18:57:15Z', 'revision_number': 0, 'project_id': '0a2da81bf6ec4783a89444ff2926d362'}, Router: {'id': '004f2472-7211-4f07-aeae-64589c99f9b6', 'name': 'tempest-ServersWithSpecificFlavorTestJSON-2106327997-router', 'tenant_id': '0a2da81bf6ec4783a89444ff2926d362', 'admin_state_up': True, 'status': 'ACTIVE', 'external_gateway_info': {'network_id': '24b664c4-de91-44bd-94cd-db1f800b9cd5', 'external_fixed_ips': [{'subnet_id': 'ce805d78-88ec-4bde-9488-94fd684794d6', 'ip_address': '10.180.180.177'}], 'enable_snat': True}, 'description': '', 'availability_zones': [], 'distributed': False, 'ha': False, 'availability_zone_hints': [], 'routes': [], 'flavor_id': None, 'tags': [], 'created_at': '2025-01-23T18:57:15Z', 'updated_at': '2025-01-23T18:57:16Z', 'revision_number': 2, 'project_id': '0a2da81bf6ec4783a89444ff2926d362'}
2025-01-23 18:57:19.533 68419 INFO tempest.lib.common.rest_client [req-63812a0c-dc88-4ca5-8fc3-bc0eb3f20b4c req-63812a0c-dc88-4ca5-8fc3-bc0eb3f20b4c ] Request (FlavorsV2NegativeTest:setUpClass): 201 POST http://10.180.1.21/identity/v3/auth/tokens 0.134s
2025-01-23 18:57:19.619 68409 INFO tempest.lib.common.rest_client [req-4ad4c209-21f9-4366-aad4-be5c71a818db req-4ad4c209-21f9-4366-aad4-be5c71a818db ] Request (HypervisorAdminNegativeTestJSON:setUpClass): 200 GET http://10.180.1.21/identity/v3/roles 0.213s
2025-01-23 18:57:19.644 68463 INFO tempest.lib.common.rest_client [req-17446950-65a2-40d2-8868-04f163b93536 req-17446950-65a2-40d2-8868-04f163b93536 ] Request (SecurityGroupRulesNegativeTestJSON:setUpClass): 201 POST http://10.180.1.21/identity/v3/auth/tokens 0.167s
2025-01-23 18:57:19.683 68465 INFO tempest.lib.common.rest_client [req-be3db94f-7a70-43bb-9be3-c41001864cd8 req-be3db94f-7a70-43bb-9be3-c41001864cd8 ] Request (ServicesAdminTestJSON:setUpClass): 201 POST http://10.180.1.21/identity/v3/auth/tokens 0.225s
2025-01-23 18:57:19.708 68419 INFO tempest.lib.common.rest_client [req-e259f66d-40d8-46b7-8304-7a4be876fc67 req-e259f66d-40d8-46b7-8304-7a4be876fc67 ] Request (FlavorsV2NegativeTest:setUpClass): 200 GET http://10.180.1.21/identity/v3/domains?name=Default 0.175s
2025-01-23 18:57:19.716 68423 INFO tempest.lib.common.rest_client [req-e5e9612d-8071-410a-b5a9-3fb15aa30849 req-e5e9612d-8071-410a-b5a9-3fb15aa30849 ] Request (ServersWithSpecificFlavorTestJSON:setUpClass): 201 POST http://10.180.1.21/identity/v3/auth/tokens 0.237s
2025-01-23 18:57:19.718 68417 INFO tempest.lib.common.rest_client [req-2a3d367c-0e31-46c5-a80f-8d84d9084b6a req-2a3d367c-0e31-46c5-a80f-8d84d9084b6a ] Request (FlavorMetadataValidation:tearDownClass): 200 GET http://10.180.1.21:9696/networking/v2.0/security-groups?tenant_id=d1c0e6ce661044d0be51389654ce7498&name=default 0.377s
2025-01-23 18:57:19.733 68409 INFO tempest.lib.common.rest_client [req-a0ee79ba-6382-4a26-a8e9-122f67110751 req-a0ee79ba-6382-4a26-a8e9-122f67110751 ] Request (HypervisorAdminNegativeTestJSON:setUpClass): 204 PUT http://10.180.1.21/identity/v3/projects/ba707189416c4b649111738a566e18d7/users/2d9b108456bb465b84397c91c12bded5/roles/36a3c780154241618317e5c5ec1eb85f 0.113s
2025-01-23 18:57:19.733 68409 INFO tempest.lib.common.dynamic_creds [-] Dynamic test user 2d9b108456bb465b84397c91c12bded5 is created with scope project and roles: ['admin']
2025-01-23 18:57:19.733 68409 INFO tempest.lib.common.dynamic_creds [-] Acquired dynamic creds: credentials: Credentials: {'domain_id': 'default', 'domain_name': 'Default', 'username': 'tempest-HypervisorAdminNegativeTestJSON-1741661356-project-admin', 'project_domain_id': 'default', 'project_domain_name': 'Default', 'project_id': 'ba707189416c4b649111738a566e18d7', 'project_name': 'tempest-HypervisorAdminNegativeTestJSON-1741661356', 'tenant_id': 'ba707189416c4b649111738a566e18d7', 'tenant_name': 'tempest-HypervisorAdminNegativeTestJSON-1741661356', 'user_domain_id': 'default', 'user_domain_name': 'Default', 'user_id': '2d9b108456bb465b84397c91c12bded5', 'system': None}, Network: None, Subnet: None, Router: None
2025-01-23 18:57:19.733 68409 INFO tempest.lib.common.dynamic_creds [-] Created isolated network resources for: credentials: Credentials: {'domain_id': 'default', 'domain_name': 'Default', 'username': 'tempest-HypervisorAdminNegativeTestJSON-1741661356-project-admin', 'project_domain_id': 'default', 'project_domain_name': 'Default', 'project_id': 'ba707189416c4b649111738a566e18d7', 'project_name': 'tempest-HypervisorAdminNegativeTestJSON-1741661356', 'tenant_id': 'ba707189416c4b649111738a566e18d7', 'tenant_name': 'tempest-HypervisorAdminNegativeTestJSON-1741661356', 'user_domain_id': 'default', 'user_domain_name': 'Default', 'user_id': '2d9b108456bb465b84397c91c12bded5', 'system': None}, Network: None, Subnet: None, Router: None
2025-01-23 18:57:19.803 68419 INFO tempest.lib.common.rest_client [req-3899dd7e-f9b5-4d59-93fa-e8e724cc9f38 req-3899dd7e-f9b5-4d59-93fa-e8e724cc9f38 ] Request (FlavorsV2NegativeTest:setUpClass): 201 POST http://10.180.1.21/identity/v3/projects 0.094s
2025-01-23 18:57:19.818 68413 INFO tempest.lib.common.rest_client [req-5809ff32-81df-458a-b6e7-ad8dae84ca01 req-5809ff32-81df-458a-b6e7-ad8dae84ca01 ] Request (AggregatesAdminNegativeTestJSON:_run_cleanups): 200 POST http://10.180.1.21/compute/v2.1/os-aggregates/1/action 2.725s
2025-01-23 18:57:19.821 68423 INFO tempest.lib.common.rest_client [req-c745e0d1-4e9a-4cca-a0a5-aae1c19bdbd0 req-c745e0d1-4e9a-4cca-a0a5-aae1c19bdbd0 ] Request (ServersWithSpecificFlavorTestJSON:setUpClass): 201 POST http://10.180.1.21/identity/v3/projects 0.104s
2025-01-23 18:57:19.880 68419 INFO tempest.lib.common.rest_client [req-519d157f-1fb3-4ff6-b688-fc70cedf9b0f req-519d157f-1fb3-4ff6-b688-fc70cedf9b0f ] Request (FlavorsV2NegativeTest:setUpClass): 201 POST http://10.180.1.21/identity/v3/users 0.075s
2025-01-23 18:57:19.880 68409 INFO tempest.lib.common.rest_client [req-6c5b8fcb-7dab-444b-834b-c8467ae7519e req-6c5b8fcb-7dab-444b-834b-c8467ae7519e ] Request (HypervisorAdminNegativeTestJSON:setUpClass): 201 POST http://10.180.1.21/identity/v3/auth/tokens 0.144s
2025-01-23 18:57:19.904 68419 INFO tempest.lib.common.rest_client [req-132150ce-7f0a-4961-bda9-f1159c810d15 req-132150ce-7f0a-4961-bda9-f1159c810d15 ] Request (FlavorsV2NegativeTest:setUpClass): 200 GET http://10.180.1.21/identity/v3/roles 0.024s
2025-01-23 18:57:19.905 68423 INFO tempest.lib.common.rest_client [req-38b8c3d8-23c3-451c-97af-82a805d69ad0 req-38b8c3d8-23c3-451c-97af-82a805d69ad0 ] Request (ServersWithSpecificFlavorTestJSON:setUpClass): 201 POST http://10.180.1.21/identity/v3/users 0.083s
2025-01-23 18:57:19.921 68447 INFO tempest.lib.common.rest_client [req-410a1ac6-f62d-421a-bfa1-6280f7b069c4 req-410a1ac6-f62d-421a-bfa1-6280f7b069c4 ] Request (MigrationsAdminTest:test_list_migrations_in_flavor_resize_situation): 200 GET http://10.180.1.21/compute/v2.1/servers/dd8b83e9-bf81-4d6a-b65e-410788839afd 2.204s
2025-01-23 18:57:19.930 68423 INFO tempest.lib.common.rest_client [req-9253683d-f343-4a50-8e39-16f6d1d2c849 req-9253683d-f343-4a50-8e39-16f6d1d2c849 ] Request (ServersWithSpecificFlavorTestJSON:setUpClass): 200 GET http://10.180.1.21/identity/v3/roles 0.025s
2025-01-23 18:57:19.934 68419 INFO tempest.lib.common.rest_client [req-1c153510-34d5-4f55-b8c9-492b1e6ab44b req-1c153510-34d5-4f55-b8c9-492b1e6ab44b ] Request (FlavorsV2NegativeTest:setUpClass): 204 PUT http://10.180.1.21/identity/v3/projects/1f70b340e2364588b47f0a96d9547b09/users/448e9b7580474abcb561e902556e81db/roles/682dc508dfca402bb9da6b0b87d9b1d8 0.029s
2025-01-23 18:57:19.934 68419 INFO tempest.lib.common.dynamic_creds [-] Dynamic test user 448e9b7580474abcb561e902556e81db is created with scope project and roles: ['member']
2025-01-23 18:57:19.934 68419 INFO tempest.lib.common.dynamic_creds [-] Acquired dynamic creds: credentials: Credentials: {'domain_id': 'default', 'domain_name': 'Default', 'username': 'tempest-FlavorsV2NegativeTest-113645608-project-member', 'project_domain_id': 'default', 'project_domain_name': 'Default', 'project_id': '1f70b340e2364588b47f0a96d9547b09', 'project_name': 'tempest-FlavorsV2NegativeTest-113645608', 'tenant_id': '1f70b340e2364588b47f0a96d9547b09', 'tenant_name': 'tempest-FlavorsV2NegativeTest-113645608', 'user_domain_id': 'default', 'user_domain_name': 'Default', 'user_id': '448e9b7580474abcb561e902556e81db', 'system': None}, Network: None, Subnet: None, Router: None
2025-01-23 18:57:19.934 68419 INFO tempest.lib.common.dynamic_creds [-] Created isolated network resources for: credentials: Credentials: {'domain_id': 'default', 'domain_name': 'Default', 'username': 'tempest-FlavorsV2NegativeTest-113645608-project-member', 'project_domain_id': 'default', 'project_domain_name': 'Default', 'project_id': '1f70b340e2364588b47f0a96d9547b09', 'project_name': 'tempest-FlavorsV2NegativeTest-113645608', 'tenant_id': '1f70b340e2364588b47f0a96d9547b09', 'tenant_name': 'tempest-FlavorsV2NegativeTest-113645608', 'user_domain_id': 'default', 'user_domain_name': 'Default', 'user_id': '448e9b7580474abcb561e902556e81db', 'system': None}, Network: None, Subnet: None, Router: None
2025-01-23 18:57:19.942 68443 INFO tempest.lib.common.rest_client [req-c7b01937-c01a-4887-8c38-4183c0af90fd req-c7b01937-c01a-4887-8c38-4183c0af90fd ] Request (AttachInterfacesUnderV243Test:setUpClass): 201 POST http://10.180.1.21:9696/networking/v2.0/networks 0.921s
2025-01-23 18:57:20.177 68439 INFO tempest.lib.common.rest_client [req-181da0e2-d180-4e89-bf94-f2219731fcfe req-181da0e2-d180-4e89-bf94-f2219731fcfe ] Request (ServerDiagnosticsV248Test:test_get_server_diagnostics): 200 GET http://10.180.1.21/compute/v2.1/servers/41d4c2df-95e7-4f1e-9e93-72bbcfd0187b 2.326s
2025-01-23 18:57:20.189 68441 INFO tempest.lib.common.rest_client [req-bd4cb469-f2bb-4e44-a3d0-b8466fe72d69 req-bd4cb469-f2bb-4e44-a3d0-b8466fe72d69 ] Request (InstanceUsageAuditLogNegativeTestJSON:tearDownClass): 200 GET http://10.180.1.21:9696/networking/v2.0/security-groups?tenant_id=4b1c6a0beb0e441693923bf7f0a77912&name=default 0.822s
2025-01-23 18:57:20.199 68423 INFO tempest.lib.common.rest_client [req-2235283f-92f5-4abf-bf24-142598fd71da req-2235283f-92f5-4abf-bf24-142598fd71da ] Request (ServersWithSpecificFlavorTestJSON:setUpClass): 204 PUT http://10.180.1.21/identity/v3/projects/b02b1fd99ef34a87930109156bb2ed0e/users/7b50a4f891254cdaa8f857794558acbd/roles/36a3c780154241618317e5c5ec1eb85f 0.268s
2025-01-23 18:57:20.201 68451 INFO tempest.lib.common.rest_client [req-70e50040-7e24-4f04-bc39-6aad80658c0b req-70e50040-7e24-4f04-bc39-6aad80658c0b ] Request (FlavorsAccessTestJSON:test_flavor_access_add_remove): 200 GET http://10.180.1.21/compute/v2.1/flavors/detail 2.234s
2025-01-23 18:57:20.224 68435 INFO tempest.lib.common.rest_client [req-75f1ab09-b5d7-4a78-b467-90253d204046 req-75f1ab09-b5d7-4a78-b467-90253d204046 ] Request (HypervisorAdminTestJSON:test_get_hypervisor_stats): 200 GET http://10.180.1.21/compute/v2.1/os-hypervisors/statistics 2.225s
2025-01-23 18:57:20.247 68419 INFO tempest.lib.common.rest_client [req-9637ea95-d816-430c-a36b-d07b65337a3f req-9637ea95-d816-430c-a36b-d07b65337a3f ] Request (FlavorsV2NegativeTest:setUpClass): 201 POST http://10.180.1.21/identity/v3/auth/tokens 0.310s
2025-01-23 18:57:20.277 68423 INFO tempest.lib.common.rest_client [req-d3abfea3-b4c1-4da2-bd55-d651de297478 req-d3abfea3-b4c1-4da2-bd55-d651de297478 ] Request (ServersWithSpecificFlavorTestJSON:setUpClass): 200 GET http://10.180.1.21/identity/v3/roles 0.078s
2025-01-23 18:57:20.340 68417 INFO tempest.lib.common.rest_client [req-f239d1f8-99ef-461a-bc4e-646c362b886b req-f239d1f8-99ef-461a-bc4e-646c362b886b ] Request (FlavorMetadataValidation:tearDownClass): 204 DELETE http://10.180.1.21:9696/networking/v2.0/security-groups/94e3387b-af5f-4da9-8ce9-45de205d1516 0.622s
2025-01-23 18:57:20.358 68435 INFO tempest.lib.common.rest_client [req-0eacd74b-61a6-4d77-823a-74236c2e0dd9 req-0eacd74b-61a6-4d77-823a-74236c2e0dd9 ] Request (HypervisorAdminTestJSON:tearDownClass): 204 DELETE http://10.180.1.21/identity/v3/users/6e61ec30004e43bb96896d1070bbcad9 0.130s
2025-01-23 18:57:20.366 68463 INFO tempest.lib.common.rest_client [req-260f7be4-79a2-476b-b76c-e078f6cfbb27 req-260f7be4-79a2-476b-b76c-e078f6cfbb27 ] Request (SecurityGroupRulesNegativeTestJSON:setUpClass): 201 POST http://10.180.1.21:9696/networking/v2.0/networks 0.721s
2025-01-23 18:57:20.386 68411 INFO tempest.lib.common.rest_client [req-7060ebd7-b986-452c-8537-33f39d0414da req-7060ebd7-b986-452c-8537-33f39d0414da ] Request (FlavorsAdminTestJSON:test_create_list_flavor_without_extra_data): 200 GET http://10.180.1.21/compute/v2.1/flavors/detail 2.384s
2025-01-23 18:57:20.408 68423 INFO tempest.lib.common.rest_client [req-7951d17d-bfa0-468f-8019-ad0a0297122f req-7951d17d-bfa0-468f-8019-ad0a0297122f ] Request (ServersWithSpecificFlavorTestJSON:setUpClass): 204 PUT http://10.180.1.21/identity/v3/projects/b02b1fd99ef34a87930109156bb2ed0e/users/7b50a4f891254cdaa8f857794558acbd/roles/36a3c780154241618317e5c5ec1eb85f 0.130s
2025-01-23 18:57:20.408 68423 INFO tempest.lib.common.dynamic_creds [-] Dynamic test user 7b50a4f891254cdaa8f857794558acbd is created with scope project and roles: ['admin']
2025-01-23 18:57:20.409 68423 INFO tempest.lib.common.dynamic_creds [-] Acquired dynamic creds: credentials: Credentials: {'domain_id': 'default', 'domain_name': 'Default', 'username': 'tempest-ServersWithSpecificFlavorTestJSON-191228961-project-admin', 'project_domain_id': 'default', 'project_domain_name': 'Default', 'project_id': 'b02b1fd99ef34a87930109156bb2ed0e', 'project_name': 'tempest-ServersWithSpecificFlavorTestJSON-191228961', 'tenant_id': 'b02b1fd99ef34a87930109156bb2ed0e', 'tenant_name': 'tempest-ServersWithSpecificFlavorTestJSON-191228961', 'user_domain_id': 'default', 'user_domain_name': 'Default', 'user_id': '7b50a4f891254cdaa8f857794558acbd', 'system': None}, Network: None, Subnet: None, Router: None
2025-01-23 18:57:20.460 68417 INFO tempest.lib.common.rest_client [req-4d6a850b-3159-4cb3-ae9e-cbf0891b098f req-4d6a850b-3159-4cb3-ae9e-cbf0891b098f ] Request (FlavorMetadataValidation:tearDownClass): 204 DELETE http://10.180.1.21/identity/v3/projects/d1c0e6ce661044d0be51389654ce7498 0.119s
2025-01-23 18:57:20.463 68449 INFO tempest.lib.common.rest_client [req-6d9062d5-b875-4c03-b7cc-84257e49b2e1 req-6d9062d5-b875-4c03-b7cc-84257e49b2e1 ] Request (InstanceActionsV221TestJSON:test_get_list_deleted_instance_actions): 200 GET http://10.180.1.21/compute/v2.1/servers/a18efe53-294f-4308-8c11-e95f7c183ff4 2.459s
2025-01-23 18:57:20.484 68445 INFO tempest.lib.common.rest_client [req-093a9f76-75d2-4d39-988c-6db6d9a28433 req-093a9f76-75d2-4d39-988c-6db6d9a28433 ] Request (FlavorsExtraSpecsTestJSON:test_flavor_non_admin_get_specific_key): 200 GET http://10.180.1.21/compute/v2.1/flavors/944815240/os-extra_specs/hw:numa_nodes 2.461s
2025-01-23 18:57:20.506 68417 INFO tempest.lib.common.rest_client [req-e3f7a47d-f641-4c00-8c1d-c4a13bddf506 req-e3f7a47d-f641-4c00-8c1d-c4a13bddf506 ] Request (ImagesMetadataTestJSON:setUpClass): 201 POST http://10.180.1.21/identity/v3/auth/tokens 0.044s
2025-01-23 18:57:20.534 68435 INFO tempest.lib.common.rest_client [req-8bd9df36-0d2c-48e5-9277-db1e26133152 req-8bd9df36-0d2c-48e5-9277-db1e26133152 ] Request (HypervisorAdminTestJSON:tearDownClass): 204 DELETE http://10.180.1.21/identity/v3/users/19b57190e056432dbe5c6329249d967f 0.175s
2025-01-23 18:57:20.534 68435 INFO tempest.lib.common.dynamic_creds [-] Deleting project and security group for project: 32a844a8c7c149579b705e3fd263e269
2025-01-23 18:57:20.578 68421 INFO tempest.lib.common.rest_client [req-3883f272-fc9e-484f-af10-8e7a45bd80c8 req-3883f272-fc9e-484f-af10-8e7a45bd80c8 ] Request (ServersAdmin275Test:test_rebuild_update_server_275): 200 GET http://10.180.1.21/compute/v2.1/servers/64872a8b-3b8f-4b38-a20f-b83e8e249888 2.376s
2025-01-23 18:57:20.594 68435 INFO tempest.lib.common.rest_client [req-c54b6641-a3f4-41cc-b552-ac1f6c7f34fb req-c54b6641-a3f4-41cc-b552-ac1f6c7f34fb ] Request (HypervisorAdminTestJSON:tearDownClass): 201 POST http://10.180.1.21/identity/v3/auth/tokens 0.059s
2025-01-23 18:57:20.594 68417 INFO tempest.lib.common.rest_client [req-fa5db798-7b3e-4108-aad0-8fa14ce88995 req-fa5db798-7b3e-4108-aad0-8fa14ce88995 ] Request (ImagesMetadataTestJSON:setUpClass): 201 POST http://10.180.1.21/identity/v3/auth/tokens 0.085s
2025-01-23 18:57:20.619 68417 INFO tempest.lib.common.rest_client [req-a001a91a-19ea-4202-80d0-1327b2bc0bf0 req-a001a91a-19ea-4202-80d0-1327b2bc0bf0 ] Request (ImagesMetadataTestJSON:setUpClass): 200 GET http://10.180.1.21/identity/v3/domains?name=Default 0.024s
2025-01-23 18:57:20.651 68417 INFO tempest.lib.common.rest_client [req-3a4f9895-cdec-412f-b1d1-aaf847bbcdff req-3a4f9895-cdec-412f-b1d1-aaf847bbcdff ] Request (ImagesMetadataTestJSON:setUpClass): 201 POST http://10.180.1.21/identity/v3/projects 0.030s
2025-01-23 18:57:20.655 68467 INFO tempest.lib.common.rest_client [req-f33aacc7-d339-4735-865e-12cd1977a7e7 req-f33aacc7-d339-4735-865e-12cd1977a7e7 ] Request (ImagesTestJSON:test_create_image_from_stopped_server): 200 GET http://10.180.1.21/compute/v2.1/servers/611671a3-4fbc-4dfd-86e4-b6100f6e934f 2.364s
2025-01-23 18:57:20.659 68441 INFO tempest.lib.common.rest_client [req-9e9eb3dd-2194-42b3-9a26-c3a66925af9f req-9e9eb3dd-2194-42b3-9a26-c3a66925af9f ] Request (InstanceUsageAuditLogNegativeTestJSON:tearDownClass): 204 DELETE http://10.180.1.21:9696/networking/v2.0/security-groups/198e23db-34f5-4fa9-a59f-56995cfaae40 0.470s
2025-01-23 18:57:20.683 68431 INFO tempest.lib.common.rest_client [req-98eb6233-3d04-4995-a725-5098dc29cd82 req-98eb6233-3d04-4995-a725-5098dc29cd82 ] Request (FlavorsV255TestJSON:_run_cleanups): 202 DELETE http://10.180.1.21/compute/v2.1/flavors/1241489364 2.322s
2025-01-23 18:57:20.717 68417 INFO tempest.lib.common.rest_client [req-63f3dc77-841a-4e87-8ee4-059ce3477c92 req-63f3dc77-841a-4e87-8ee4-059ce3477c92 ] Request (ImagesMetadataTestJSON:setUpClass): 201 POST http://10.180.1.21/identity/v3/users 0.065s
2025-01-23 18:57:20.754 68417 INFO tempest.lib.common.rest_client [req-7ca26ad3-b8b2-43f9-b9dc-f83d18bcb7be req-7ca26ad3-b8b2-43f9-b9dc-f83d18bcb7be ] Request (ImagesMetadataTestJSON:setUpClass): 200 GET http://10.180.1.21/identity/v3/roles 0.036s
2025-01-23 18:57:20.790 68417 INFO tempest.lib.common.rest_client [req-f18d9716-ae93-472c-8a51-1c1ca889dd81 req-f18d9716-ae93-472c-8a51-1c1ca889dd81 ] Request (ImagesMetadataTestJSON:setUpClass): 204 PUT http://10.180.1.21/identity/v3/projects/834f56a0c70a4b9e9ef9dec6124f6c18/users/7771d7418e294197927b89c4a1c914a6/roles/682dc508dfca402bb9da6b0b87d9b1d8 0.035s
2025-01-23 18:57:20.790 68417 INFO tempest.lib.common.dynamic_creds [-] Dynamic test user 7771d7418e294197927b89c4a1c914a6 is created with scope project and roles: ['member']
2025-01-23 18:57:20.790 68417 INFO tempest.lib.common.dynamic_creds [-] Acquired dynamic creds: credentials: Credentials: {'domain_id': 'default', 'domain_name': 'Default', 'username': 'tempest-ImagesMetadataTestJSON-1858517771-project-member', 'project_domain_id': 'default', 'project_domain_name': 'Default', 'project_id': '834f56a0c70a4b9e9ef9dec6124f6c18', 'project_name': 'tempest-ImagesMetadataTestJSON-1858517771', 'tenant_id': '834f56a0c70a4b9e9ef9dec6124f6c18', 'tenant_name': 'tempest-ImagesMetadataTestJSON-1858517771', 'user_domain_id': 'default', 'user_domain_name': 'Default', 'user_id': '7771d7418e294197927b89c4a1c914a6', 'system': None}, Network: None, Subnet: None, Router: None
2025-01-23 18:57:20.790 68417 INFO tempest.lib.common.dynamic_creds [-] Created isolated network resources for: credentials: Credentials: {'domain_id': 'default', 'domain_name': 'Default', 'username': 'tempest-ImagesMetadataTestJSON-1858517771-project-member', 'project_domain_id': 'default', 'project_domain_name': 'Default', 'project_id': '834f56a0c70a4b9e9ef9dec6124f6c18', 'project_name': 'tempest-ImagesMetadataTestJSON-1858517771', 'tenant_id': '834f56a0c70a4b9e9ef9dec6124f6c18', 'tenant_name': 'tempest-ImagesMetadataTestJSON-1858517771', 'user_domain_id': 'default', 'user_domain_name': 'Default', 'user_id': '7771d7418e294197927b89c4a1c914a6', 'system': None}, Network: None, Subnet: None, Router: None
2025-01-23 18:57:20.813 68441 INFO tempest.lib.common.rest_client [req-5d36c820-9a5d-4856-8152-7d6486498002 req-5d36c820-9a5d-4856-8152-7d6486498002 ] Request (InstanceUsageAuditLogNegativeTestJSON:tearDownClass): 204 DELETE http://10.180.1.21/identity/v3/projects/4b1c6a0beb0e441693923bf7f0a77912 0.152s
2025-01-23 18:57:20.813 68441 INFO tempest.lib.common.dynamic_creds [-] Deleting project and security group for project: 3664bc34a0b643699e92ecbec3681cc1
2025-01-23 18:57:20.868 68417 INFO tempest.lib.common.rest_client [req-931e27e6-7731-4d33-accc-234eb9c0a127 req-931e27e6-7731-4d33-accc-234eb9c0a127 ] Request (ImagesMetadataTestJSON:setUpClass): 201 POST http://10.180.1.21/identity/v3/auth/tokens 0.072s
2025-01-23 18:57:20.897 68453 INFO tempest.lib.common.rest_client [req-cf4d3ef2-9628-478c-96a2-b57c26a7ee4c req-cf4d3ef2-9628-478c-96a2-b57c26a7ee4c ] Request (VolumesAssistedSnapshotsTest:setUpClass): 200 PUT http://10.180.1.21:9696/networking/v2.0/routers/d324fcc8-270e-4423-aaad-4f31a2c8bf0d/add_router_interface 2.335s
2025-01-23 18:57:20.898 68453 INFO tempest.lib.common.dynamic_creds [-] Created isolated network resources for: credentials: Credentials: {'domain_id': 'default', 'domain_name': 'Default', 'username': 'tempest-VolumesAssistedSnapshotsTest-1274303636-project', 'project_domain_id': 'default', 'project_domain_name': 'Default', 'project_id': '9f46e620fa0244f8b8326a60b926940a', 'project_name': 'tempest-VolumesAssistedSnapshotsTest-1274303636', 'tenant_id': '9f46e620fa0244f8b8326a60b926940a', 'tenant_name': 'tempest-VolumesAssistedSnapshotsTest-1274303636', 'user_domain_id': 'default', 'user_domain_name': 'Default', 'user_id': '1a44463b2c164206916c04bf8fccdb0c', 'system': None}, Network: {'id': 'a838b71e-1d32-4d97-adb4-01dc9cd1ec23', 'name': 'tempest-VolumesAssistedSnapshotsTest-376001485-network', 'tenant_id': '9f46e620fa0244f8b8326a60b926940a', 'admin_state_up': True, 'mtu': 8950, 'status': 'ACTIVE', 'subnets': [], 'shared': False, 'project_id': '9f46e620fa0244f8b8326a60b926940a', 'port_security_enabled': True, 'router:external': False, 'provider:network_type': 'vlan', 'provider:physical_network': 'default', 'provider:segmentation_id': 357, 'availability_zone_hints': [], 'availability_zones': [], 'ipv4_address_scope': None, 'ipv6_address_scope': None, 'description': '', 'tags': [], 'created_at': '2025-01-23T18:57:16Z', 'updated_at': '2025-01-23T18:57:16Z', 'revision_number': 1}, Subnet: {'id': 'b8cc1e54-a4a1-4312-8545-cab0281c890f', 'name': 'tempest-VolumesAssistedSnapshotsTest-376001485-subnet', 'tenant_id': '9f46e620fa0244f8b8326a60b926940a', 'network_id': 'a838b71e-1d32-4d97-adb4-01dc9cd1ec23', 'ip_version': 4, 'subnetpool_id': None, 'enable_dhcp': True, 'ipv6_ra_mode': None, 'ipv6_address_mode': None, 'gateway_ip': '192.168.128.1', 'cidr': '192.168.128.0/28', 'allocation_pools': [{'start': '192.168.128.2', 'end': '192.168.128.14'}], 'host_routes': [], 'dns_nameservers': [], 'description': '', 'router:external': False, 'service_types': [], 'tags': [], 'created_at': '2025-01-23T18:57:16Z', 'updated_at': '2025-01-23T18:57:16Z', 'revision_number': 0, 'project_id': '9f46e620fa0244f8b8326a60b926940a'}, Router: {'id': 'd324fcc8-270e-4423-aaad-4f31a2c8bf0d', 'name': 'tempest-VolumesAssistedSnapshotsTest-376001485-router', 'tenant_id': '9f46e620fa0244f8b8326a60b926940a', 'admin_state_up': True, 'status': 'ACTIVE', 'external_gateway_info': {'network_id': '24b664c4-de91-44bd-94cd-db1f800b9cd5', 'external_fixed_ips': [{'subnet_id': 'ce805d78-88ec-4bde-9488-94fd684794d6', 'ip_address': '10.180.180.222'}], 'enable_snat': True}, 'description': '', 'availability_zones': [], 'distributed': False, 'ha': False, 'availability_zone_hints': [], 'routes': [], 'flavor_id': None, 'tags': [], 'created_at': '2025-01-23T18:57:16Z', 'updated_at': '2025-01-23T18:57:18Z', 'revision_number': 2, 'project_id': '9f46e620fa0244f8b8326a60b926940a'}
2025-01-23 18:57:20.973 68463 INFO tempest.lib.common.rest_client [req-a48a3dfd-a534-4130-9a39-a545b46cf261 req-a48a3dfd-a534-4130-9a39-a545b46cf261 ] Request (SecurityGroupRulesNegativeTestJSON:setUpClass): 201 POST http://10.180.1.21:9696/networking/v2.0/subnets 0.606s
2025-01-23 18:57:20.984 68453 INFO tempest.lib.common.rest_client [req-a2d3647c-3222-43c7-93b7-baa2f2c581a9 req-a2d3647c-3222-43c7-93b7-baa2f2c581a9 ] Request (VolumesAssistedSnapshotsTest:setUpClass): 201 POST http://10.180.1.21/identity/v3/auth/tokens 0.084s
2025-01-23 18:57:21.034 68423 INFO tempest.lib.common.rest_client [req-e6f17da1-4b72-4893-a802-e43251666f40 req-e6f17da1-4b72-4893-a802-e43251666f40 ] Request (ServersWithSpecificFlavorTestJSON:setUpClass): 201 POST http://10.180.1.21:9696/networking/v2.0/networks 0.625s
2025-01-23 18:57:21.079 68435 INFO tempest.lib.common.rest_client [req-aad9b3fa-f140-4b4b-bfbc-3ecba2a11cd8 req-aad9b3fa-f140-4b4b-bfbc-3ecba2a11cd8 ] Request (HypervisorAdminTestJSON:tearDownClass): 200 GET http://10.180.1.21:9696/networking/v2.0/security-groups?tenant_id=32a844a8c7c149579b705e3fd263e269&name=default 0.485s
2025-01-23 18:57:21.124 68443 INFO tempest.lib.common.rest_client [req-b4e3df78-0430-479d-93de-fed3aee9e48a req-b4e3df78-0430-479d-93de-fed3aee9e48a ] Request (AttachInterfacesUnderV243Test:setUpClass): 201 POST http://10.180.1.21:9696/networking/v2.0/subnets 1.181s
2025-01-23 18:57:21.303 68441 INFO tempest.lib.common.rest_client [req-3b1bd91a-d1e5-4e77-8650-8ad0e853e5f8 req-3b1bd91a-d1e5-4e77-8650-8ad0e853e5f8 ] Request (InstanceUsageAuditLogNegativeTestJSON:tearDownClass): 200 GET http://10.180.1.21:9696/networking/v2.0/security-groups?tenant_id=3664bc34a0b643699e92ecbec3681cc1&name=default 0.489s
2025-01-23 18:57:21.342 68417 INFO tempest.lib.common.rest_client [req-15b0f4e4-f996-4e7e-9011-b0dc574c82bb req-15b0f4e4-f996-4e7e-9011-b0dc574c82bb ] Request (ImagesMetadataTestJSON:setUpClass): 201 POST http://10.180.1.21/image/v2/images 0.473s
2025-01-23 18:57:21.416 68435 INFO tempest.lib.common.rest_client [req-e2b893d6-baa4-4ed0-b9cf-c04785369102 req-e2b893d6-baa4-4ed0-b9cf-c04785369102 ] Request (HypervisorAdminTestJSON:tearDownClass): 204 DELETE http://10.180.1.21:9696/networking/v2.0/security-groups/2f8ca51f-e732-46ac-808f-f7591955cdc3 0.336s
2025-01-23 18:57:21.492 68453 INFO tempest.lib.common.rest_client [req-2ac7f53f-08e1-4c4f-80d7-a1484159268d req-2ac7f53f-08e1-4c4f-80d7-a1484159268d ] Request (VolumesAssistedSnapshotsTest:test_volume_assisted_snapshot_create_delete): 202 POST http://10.180.1.21/volume/v3/volumes 0.506s
2025-01-23 18:57:21.550 68435 INFO tempest.lib.common.rest_client [req-061fd3be-5b0c-4769-8ee2-6ed8fab0cd71 req-061fd3be-5b0c-4769-8ee2-6ed8fab0cd71 ] Request (HypervisorAdminTestJSON:tearDownClass): 204 DELETE http://10.180.1.21/identity/v3/projects/32a844a8c7c149579b705e3fd263e269 0.132s
2025-01-23 18:57:21.550 68435 INFO tempest.lib.common.dynamic_creds [-] Deleting project and security group for project: 90f95e9653fb41408e5d8198e349c65a
2025-01-23 18:57:21.566 68453 INFO tempest.lib.common.rest_client [req-36524493-b392-48e5-be82-eca37fa873b4 req-36524493-b392-48e5-be82-eca37fa873b4 ] Request (VolumesAssistedSnapshotsTest:test_volume_assisted_snapshot_create_delete): 200 GET http://10.180.1.21/volume/v3/volumes/51f00864-ba53-4713-ac43-9482cec24292 0.067s
2025-01-23 18:57:21.607 68457 INFO tempest.lib.common.rest_client [req-a9c235bd-c676-45c1-9d22-099078c7ae32 req-a9c235bd-c676-45c1-9d22-099078c7ae32 ] Request (ServersAdminTestJSON:setUpClass): 202 POST http://10.180.1.21/compute/v2.1/servers 3.217s
2025-01-23 18:57:21.635 68437 INFO tempest.lib.common.rest_client [req-aca6b8de-054b-46d5-a2ce-5b6cfdae9620 req-aca6b8de-054b-46d5-a2ce-5b6cfdae9620 ] Request (FlavorsAccessNegativeTestJSON:_run_cleanups): 202 DELETE http://10.180.1.21/compute/v2.1/flavors/231279688 2.969s
2025-01-23 18:57:21.642 68441 INFO tempest.lib.common.rest_client [req-a8d7f544-3adc-4b2a-a2c6-ba9a9f0b2565 req-a8d7f544-3adc-4b2a-a2c6-ba9a9f0b2565 ] Request (InstanceUsageAuditLogNegativeTestJSON:tearDownClass): 204 DELETE http://10.180.1.21:9696/networking/v2.0/security-groups/be3621ae-2f31-4014-b7ee-399a8fe52e6b 0.339s
2025-01-23 18:57:21.657 68427 INFO tempest.lib.common.rest_client [req-f6b932b7-1e22-450e-bea8-f17dbef1b88a req-f6b932b7-1e22-450e-bea8-f17dbef1b88a ] Request (HostsAdminNegativeTestJSON:test_show_host_detail_with_nonexistent_hostname): 404 GET http://10.180.1.21/compute/v2.1/os-hosts/nonexistent_hostname 2.982s
2025-01-23 18:57:21.665 68429 INFO tempest.lib.common.rest_client [req-7d6735fd-334d-4129-83d8-e02bdfb9679d req-7d6735fd-334d-4129-83d8-e02bdfb9679d ] Request (FlavorsExtraSpecsNegativeTestJSON:test_flavor_non_admin_update_specific_key): 403 PUT http://10.180.1.21/compute/v2.1/flavors/783806535/os-extra_specs/hw:numa_nodes 2.961s
2025-01-23 18:57:21.691 68469 INFO tempest.lib.common.rest_client [req-4b136098-5e10-4e4a-a61c-0f143050fc27 req-4b136098-5e10-4e4a-a61c-0f143050fc27 ] Request (ImagesMetadataNegativeTestJSON:test_set_nonexistent_image_metadata_item): 404 PUT http://10.180.1.21/compute/v2.1/images/f3dfcd92-dfc5-4f9d-8e86-62ebf04eacf0/metadata/os_distro 2.896s
2025-01-23 18:57:21.801 68423 INFO tempest.lib.common.rest_client [req-3d2530d0-32bb-498e-8ca4-868d55456d75 req-3d2530d0-32bb-498e-8ca4-868d55456d75 ] Request (ServersWithSpecificFlavorTestJSON:setUpClass): 201 POST http://10.180.1.21:9696/networking/v2.0/subnets 0.766s
2025-01-23 18:57:21.813 68441 INFO tempest.lib.common.rest_client [req-853c715e-8a48-4ef8-b4c7-a374a63a1a83 req-853c715e-8a48-4ef8-b4c7-a374a63a1a83 ] Request (InstanceUsageAuditLogNegativeTestJSON:tearDownClass): 204 DELETE http://10.180.1.21/identity/v3/projects/3664bc34a0b643699e92ecbec3681cc1 0.171s
2025-01-23 18:57:21.889 68472 INFO tempest.lib.common.rest_client [req-bfa31714-1393-469e-9b5d-cae203e00247 req-bfa31714-1393-469e-9b5d-cae203e00247 ] Request (InstanceUsageAuditLogTestJSON:test_get_instance_usage_audit_log): 200 GET http://10.180.1.21/compute/v2.1/os-instance_usage_audit_log/2025-01-23%2018%3A57%3A19 2.782s
2025-01-23 18:57:21.912 68441 INFO tempest.lib.common.rest_client [req-7a588616-2d2e-4ed9-817f-4882a8d40775 req-7a588616-2d2e-4ed9-817f-4882a8d40775 ] Request (MultipleCreateNegativeTestJSON:setUpClass): 201 POST http://10.180.1.21/identity/v3/auth/tokens 0.097s
2025-01-23 18:57:21.915 68435 INFO tempest.lib.common.rest_client [req-bd0eb814-5066-423e-95b9-8f6ca15d5278 req-bd0eb814-5066-423e-95b9-8f6ca15d5278 ] Request (HypervisorAdminTestJSON:tearDownClass): 200 GET http://10.180.1.21:9696/networking/v2.0/security-groups?tenant_id=90f95e9653fb41408e5d8198e349c65a&name=default 0.365s
2025-01-23 18:57:21.950 68441 INFO tempest.lib.common.rest_client [req-16a87eaa-b739-41d7-9049-05240027049d req-16a87eaa-b739-41d7-9049-05240027049d ] Request (MultipleCreateNegativeTestJSON:setUpClass): 201 POST http://10.180.1.21/identity/v3/auth/tokens 0.036s
2025-01-23 18:57:21.980 68441 INFO tempest.lib.common.rest_client [req-b7d0b424-6ee4-4844-8a7f-e859520b696d req-b7d0b424-6ee4-4844-8a7f-e859520b696d ] Request (MultipleCreateNegativeTestJSON:setUpClass): 200 GET http://10.180.1.21/identity/v3/domains?name=Default 0.029s
2025-01-23 18:57:21.982 68461 INFO tempest.lib.common.rest_client [req-245e1079-ebba-4d30-b594-3c17ccaf66c0 req-245e1079-ebba-4d30-b594-3c17ccaf66c0 ] Request (FloatingIPsAssociationNegativeTestJSON:setUpClass): 200 GET http://10.180.1.21/compute/v2.1/servers/af4d2339-5711-424c-befb-e52bd81a32ec 2.644s
2025-01-23 18:57:22.013 68441 INFO tempest.lib.common.rest_client [req-44601645-0ee3-49da-b23b-e418890d7846 req-44601645-0ee3-49da-b23b-e418890d7846 ] Request (MultipleCreateNegativeTestJSON:setUpClass): 201 POST http://10.180.1.21/identity/v3/projects 0.032s
2025-01-23 18:57:22.103 68441 INFO tempest.lib.common.rest_client [req-3afd8d91-2ec7-44d0-9acc-b1013d5000d6 req-3afd8d91-2ec7-44d0-9acc-b1013d5000d6 ] Request (MultipleCreateNegativeTestJSON:setUpClass): 201 POST http://10.180.1.21/identity/v3/users 0.090s
2025-01-23 18:57:22.109 68460 INFO tempest.lib.common.rest_client [req-4e62294b-8f60-4f71-9674-fd470bd6bb4c req-4e62294b-8f60-4f71-9674-fd470bd6bb4c ] Request (SecurityGroupsTestAdminJSON:test_list_security_groups_list_all_tenants_filter): 200 GET http://10.180.1.21/compute/v2.1/os-security-groups?all_tenants=true 4.570s
2025-01-23 18:57:22.131 68441 INFO tempest.lib.common.rest_client [req-0bb2278f-302c-439a-9166-b8328f8c0087 req-0bb2278f-302c-439a-9166-b8328f8c0087 ] Request (MultipleCreateNegativeTestJSON:setUpClass): 200 GET http://10.180.1.21/identity/v3/roles 0.028s
2025-01-23 18:57:22.161 68441 INFO tempest.lib.common.rest_client [req-87d40fcb-b4d5-4247-af44-965758a1de6b req-87d40fcb-b4d5-4247-af44-965758a1de6b ] Request (MultipleCreateNegativeTestJSON:setUpClass): 204 PUT http://10.180.1.21/identity/v3/projects/80b54ca5c5094b7e972df9dc69d0e94a/users/b5bee607285649bf9f65f8af739fde55/roles/682dc508dfca402bb9da6b0b87d9b1d8 0.028s
2025-01-23 18:57:22.161 68441 INFO tempest.lib.common.dynamic_creds [-] Dynamic test user b5bee607285649bf9f65f8af739fde55 is created with scope project and roles: ['member']
