2025-01-23 18:57:22.161 68441 INFO tempest.lib.common.dynamic_creds [-] Acquired dynamic creds: credentials: Credentials: {'domain_id': 'default', 'domain_name': 'Default', 'username': 'tempest-MultipleCreateNegativeTestJSON-273005560-project-member', 'project_domain_id': 'default', 'project_domain_name': 'Default', 'project_id': '80b54ca5c5094b7e972df9dc69d0e94a', 'project_name': 'tempest-MultipleCreateNegativeTestJSON-273005560', 'tenant_id': '80b54ca5c5094b7e972df9dc69d0e94a', 'tenant_name': 'tempest-MultipleCreateNegativeTestJSON-273005560', 'user_domain_id': 'default', 'user_domain_name': 'Default', 'user_id': 'b5bee607285649bf9f65f8af739fde55', 'system': None}, Network: None, Subnet: None, Router: None
2025-01-23 18:57:22.161 68441 INFO tempest.lib.common.dynamic_creds [-] Created isolated network resources for: credentials: Credentials: {'domain_id': 'default', 'domain_name': 'Default', 'username': 'tempest-MultipleCreateNegativeTestJSON-273005560-project-member', 'project_domain_id': 'default', 'project_domain_name': 'Default', 'project_id': '80b54ca5c5094b7e972df9dc69d0e94a', 'project_name': 'tempest-MultipleCreateNegativeTestJSON-273005560', 'tenant_id': '80b54ca5c5094b7e972df9dc69d0e94a', 'tenant_name': 'tempest-MultipleCreateNegativeTestJSON-273005560', 'user_domain_id': 'default', 'user_domain_name': 'Default', 'user_id': 'b5bee607285649bf9f65f8af739fde55', 'system': None}, Network: None, Subnet: None, Router: None
2025-01-23 18:57:22.189 68417 INFO tempest.lib.common.rest_client [req-2a14bd75-950a-43e5-8255-afe5982de20d req-2a14bd75-950a-43e5-8255-afe5982de20d ] Request (ImagesMetadataTestJSON:setUpClass): 204 PUT http://10.180.1.21/image/v2/images/4e879c03-312d-4236-ae0c-ecd3d228a204/file 0.846s
2025-01-23 18:57:22.213 68425 INFO tempest.lib.common.rest_client [req-aef7d941-be89-440a-a2c8-8f439373aba9 req-aef7d941-be89-440a-a2c8-8f439373aba9 ] Request (DeleteServersAdminTestJSON:test_admin_delete_servers_of_others): 200 GET http://10.180.1.21/compute/v2.1/servers/1f94463a-2e46-4cb4-bbce-00e5c8301df2 2.432s
2025-01-23 18:57:22.214 68465 INFO tempest.lib.common.rest_client [req-11ba9f37-29aa-4b02-983e-18853718903e req-11ba9f37-29aa-4b02-983e-18853718903e ] Request (ServicesAdminTestJSON:test_get_service_by_host_name): 200 GET http://10.180.1.21/compute/v2.1/os-services 2.530s
2025-01-23 18:57:22.232 68413 INFO tempest.lib.common.rest_client [req-93663ecc-e159-4e2c-a405-acf433b251d6 req-93663ecc-e159-4e2c-a405-acf433b251d6 ] Request (AggregatesAdminNegativeTestJSON:_run_cleanups): 200 DELETE http://10.180.1.21/compute/v2.1/os-aggregates/1 2.412s
2025-01-23 18:57:22.255 68441 INFO tempest.lib.common.rest_client [req-e1669d0e-8268-477f-aa2a-78292713b577 req-e1669d0e-8268-477f-aa2a-78292713b577 ] Request (MultipleCreateNegativeTestJSON:setUpClass): 201 POST http://10.180.1.21/identity/v3/auth/tokens 0.090s
2025-01-23 18:57:22.266 68435 INFO tempest.lib.common.rest_client [req-4fb67c90-eaaf-4f68-812e-ccb60bd7796f req-4fb67c90-eaaf-4f68-812e-ccb60bd7796f ] Request (HypervisorAdminTestJSON:tearDownClass): 204 DELETE http://10.180.1.21:9696/networking/v2.0/security-groups/5e705255-1bfb-4bc3-b6cd-7ea2039a7ed8 0.350s
2025-01-23 18:57:22.288 68441 INFO tempest.lib.common.rest_client [req-26c6b86e-fc9c-4eba-8e96-9c28f18f08b0 req-26c6b86e-fc9c-4eba-8e96-9c28f18f08b0 ] Request (MultipleCreateNegativeTestJSON:test_max_count_less_than_min_count): 201 POST http://10.180.1.21/identity/v3/auth/tokens 0.026s
2025-01-23 18:57:22.289 68441 INFO tempest.lib.common.fixed_network [-] (MultipleCreateNegativeTestJSON:test_max_count_less_than_min_count) Found network None available for tenant
2025-01-23 18:57:22.312 68409 INFO tempest.lib.common.rest_client [req-2ca54e22-8f77-400e-a2ec-ec8d769ba379 req-2ca54e22-8f77-400e-a2ec-ec8d769ba379 ] Request (HypervisorAdminNegativeTestJSON:test_get_hypervisor_list_details_with_non_admin_user): 403 GET http://10.180.1.21/compute/v2.1/os-hypervisors/detail 2.430s
2025-01-23 18:57:22.386 68435 INFO tempest.lib.common.rest_client [req-f1314c08-aa2c-4574-a10b-48ec762ffac0 req-f1314c08-aa2c-4574-a10b-48ec762ffac0 ] Request (HypervisorAdminTestJSON:tearDownClass): 204 DELETE http://10.180.1.21/identity/v3/projects/90f95e9653fb41408e5d8198e349c65a 0.119s
2025-01-23 18:57:22.387 68455 INFO tempest.lib.common.rest_client [req-098055dd-a8d2-4a2f-b3d7-9591279d9124 req-098055dd-a8d2-4a2f-b3d7-9591279d9124 ] Request (ServersV294TestFqdnHostnames:setUpClass): 200 GET http://10.180.1.21/compute/v2.1/servers/285196c8-299e-4270-88d2-9cb2cd64d54d 2.367s
2025-01-23 18:57:22.404 68451 INFO tempest.lib.common.rest_client [req-2138fb0d-6c37-4f3d-86b4-70e6fcdca21d req-2138fb0d-6c37-4f3d-86b4-70e6fcdca21d ] Request (FlavorsAccessTestJSON:_run_cleanups): 202 DELETE http://10.180.1.21/compute/v2.1/flavors/1679224976 2.198s
2025-01-23 18:57:22.412 68415 INFO tempest.lib.common.rest_client [req-fc6b4ca7-7aca-471a-9da5-82f7c06e3f69 req-fc6b4ca7-7aca-471a-9da5-82f7c06e3f69 ] Request (ServersAdminNegativeTestJSON:setUpClass): 200 GET http://10.180.1.21/compute/v2.1/servers/533d47fe-14a9-4021-81a2-4fa6f047cc84 2.494s
2025-01-23 18:57:22.421 68415 INFO tempest.common.waiters [-] State transition "BUILD/None" ==> "BUILD/spawning" after 9 second wait
2025-01-23 18:57:22.427 68411 INFO tempest.lib.common.rest_client [req-d64c6944-986e-44a9-81f2-8f6b9bf22c91 req-d64c6944-986e-44a9-81f2-8f6b9bf22c91 ] Request (FlavorsAdminTestJSON:_run_cleanups): 202 DELETE http://10.180.1.21/compute/v2.1/flavors/158980988 2.033s
2025-01-23 18:57:22.454 68445 INFO tempest.lib.common.rest_client [req-443b2c13-f782-454c-a41a-5029d592a3fc req-443b2c13-f782-454c-a41a-5029d592a3fc ] Request (FlavorsExtraSpecsTestJSON:test_flavor_set_get_update_show_unset_keys): 200 POST http://10.180.1.21/compute/v2.1/flavors/944815240/os-extra_specs 1.965s
2025-01-23 18:57:22.468 68435 INFO tempest.lib.common.rest_client [req-cde4d595-b120-4325-ab19-109532450549 req-cde4d595-b120-4325-ab19-109532450549 ] Request (QuotasAdminTestV236:setUpClass): 201 POST http://10.180.1.21/identity/v3/auth/tokens 0.079s
2025-01-23 18:57:22.479 68431 INFO tempest.lib.common.rest_client [req-eb6cd551-e437-457d-8ecb-01e8569c6d37 req-eb6cd551-e437-457d-8ecb-01e8569c6d37 ] Request (FlavorsV255TestJSON:_run_cleanups): 200 GET http://10.180.1.21/compute/v2.1/flavors/detail 1.795s
2025-01-23 18:57:22.510 68435 INFO tempest.lib.common.rest_client [req-425be595-d689-47a5-b1da-2acd972abd26 req-425be595-d689-47a5-b1da-2acd972abd26 ] Request (QuotasAdminTestV236:setUpClass): 201 POST http://10.180.1.21/identity/v3/auth/tokens 0.038s
2025-01-23 18:57:22.523 68419 INFO tempest.lib.common.rest_client [req-2bedd171-d0f9-4bf6-a264-c68605be457f req-2bedd171-d0f9-4bf6-a264-c68605be457f ] Request (FlavorsV2NegativeTest:test_boot_with_low_ram): 200 GET http://10.180.1.21/compute/v2.1/flavors/42 2.274s
2025-01-23 18:57:22.568 68435 INFO tempest.lib.common.rest_client [req-dc72f511-019d-4003-9a23-e13dd32d3f94 req-dc72f511-019d-4003-9a23-e13dd32d3f94 ] Request (QuotasAdminTestV236:setUpClass): 200 GET http://10.180.1.21/identity/v3/domains?name=Default 0.057s
2025-01-23 18:57:22.599 68447 INFO tempest.lib.common.rest_client [req-9f46a622-631e-4d19-b99e-f9f4bb132f65 req-9f46a622-631e-4d19-b99e-f9f4bb132f65 ] Request (MigrationsAdminTest:test_list_migrations_in_flavor_resize_situation): 200 GET http://10.180.1.21/compute/v2.1/servers/dd8b83e9-bf81-4d6a-b65e-410788839afd 1.662s
2025-01-23 18:57:22.611 68431 INFO tempest.lib.common.rest_client [req-3939911d-cde0-465e-b1ab-edd3f0220ef9 req-3939911d-cde0-465e-b1ab-edd3f0220ef9 ] Request (FlavorsV255TestJSON:tearDownClass): 204 DELETE http://10.180.1.21/identity/v3/users/c532c78d031c46d481d2bf10fe8fede8 0.118s
2025-01-23 18:57:22.630 68453 INFO tempest.lib.common.rest_client [req-9eb60bd1-c139-4347-920e-21dbb26ebd46 req-9eb60bd1-c139-4347-920e-21dbb26ebd46 ] Request (VolumesAssistedSnapshotsTest:test_volume_assisted_snapshot_create_delete): 200 GET http://10.180.1.21/volume/v3/volumes/51f00864-ba53-4713-ac43-9482cec24292 0.051s
2025-01-23 18:57:22.640 68453 INFO tempest.common.waiters [-] volume 51f00864-ba53-4713-ac43-9482cec24292 reached available after waiting for 1.640912 seconds
2025-01-23 18:57:22.675 68435 INFO tempest.lib.common.rest_client [req-af47f4ba-b9d9-4a4e-b67b-ded6b237c987 req-af47f4ba-b9d9-4a4e-b67b-ded6b237c987 ] Request (QuotasAdminTestV236:setUpClass): 201 POST http://10.180.1.21/identity/v3/projects 0.107s
2025-01-23 18:57:22.682 68439 INFO tempest.lib.common.rest_client [req-5594c59b-cc17-4ee9-b667-32e895edaba0 req-5594c59b-cc17-4ee9-b667-32e895edaba0 ] Request (ServerDiagnosticsV248Test:test_get_server_diagnostics): 200 GET http://10.180.1.21/compute/v2.1/servers/41d4c2df-95e7-4f1e-9e93-72bbcfd0187b 1.492s
2025-01-23 18:57:22.726 68449 INFO tempest.lib.common.rest_client [req-2748dc08-1564-4efb-b740-65a7c7e74b06 req-2748dc08-1564-4efb-b740-65a7c7e74b06 ] Request (InstanceActionsV221TestJSON:test_get_list_deleted_instance_actions): 200 GET http://10.180.1.21/compute/v2.1/servers/a18efe53-294f-4308-8c11-e95f7c183ff4 1.247s
2025-01-23 18:57:22.763 68421 INFO tempest.lib.common.rest_client [req-a57cc173-eb17-46a8-bf4d-1779136dfd32 req-a57cc173-eb17-46a8-bf4d-1779136dfd32 ] Request (ServersAdmin275Test:test_rebuild_update_server_275): 200 GET http://10.180.1.21/compute/v2.1/servers/64872a8b-3b8f-4b38-a20f-b83e8e249888 1.171s
2025-01-23 18:57:22.774 68421 INFO tempest.common.waiters [-] State transition "BUILD/None" ==> "BUILD/block_device_mapping" after 7 second wait
2025-01-23 18:57:22.774 68431 INFO tempest.lib.common.rest_client [req-dfa71957-c3c2-43f3-a503-1b5606e09077 req-dfa71957-c3c2-43f3-a503-1b5606e09077 ] Request (FlavorsV255TestJSON:tearDownClass): 204 DELETE http://10.180.1.21/identity/v3/users/1f7eff6c35544fc183dc3626392a97fd 0.163s
2025-01-23 18:57:22.775 68431 INFO tempest.lib.common.dynamic_creds [-] Deleting project and security group for project: 94d5e84312c24227a4ad114988d9e75d
2025-01-23 18:57:22.791 68437 INFO tempest.lib.common.rest_client [req-530d9c34-1a9f-46fd-bf92-c4a184d72106 req-530d9c34-1a9f-46fd-bf92-c4a184d72106 ] Request (FlavorsAccessNegativeTestJSON:_run_cleanups): 200 GET http://10.180.1.21/compute/v2.1/flavors/detail 1.155s
2025-01-23 18:57:22.797 68427 INFO tempest.lib.common.rest_client [req-ac0ec0b5-6c9c-47ec-b0c9-ba3c0ef0daa9 req-ac0ec0b5-6c9c-47ec-b0c9-ba3c0ef0daa9 ] Request (HostsAdminNegativeTestJSON:test_shutdown_host_with_non_admin_user): 403 GET http://10.180.1.21/compute/v2.1/os-hosts/devstack/shutdown 1.139s
2025-01-23 18:57:22.809 68429 INFO tempest.lib.common.rest_client [req-80ffa0dc-c7e0-43b7-ab73-d82c5be0996e req-80ffa0dc-c7e0-43b7-ab73-d82c5be0996e ] Request (FlavorsExtraSpecsNegativeTestJSON:test_flavor_unset_nonexistent_key): 404 DELETE http://10.180.1.21/compute/v2.1/flavors/783806535/os-extra_specs/hw:cpu_thread_policy 1.143s
2025-01-23 18:57:22.840 68463 INFO tempest.lib.common.rest_client [req-7453d2bc-3ab9-4302-8eb8-b931ca83d32f req-7453d2bc-3ab9-4302-8eb8-b931ca83d32f ] Request (SecurityGroupRulesNegativeTestJSON:setUpClass): 201 POST http://10.180.1.21:9696/networking/v2.0/routers 1.867s
2025-01-23 18:57:22.852 68435 INFO tempest.lib.common.rest_client [req-6ce0ce24-4084-4fa5-a48a-4bdf927f553f req-6ce0ce24-4084-4fa5-a48a-4bdf927f553f ] Request (QuotasAdminTestV236:setUpClass): 201 POST http://10.180.1.21/identity/v3/users 0.175s
2025-01-23 18:57:22.872 68431 INFO tempest.lib.common.rest_client [req-f7b862ac-35a9-4c17-ae51-dfc358980eb0 req-f7b862ac-35a9-4c17-ae51-dfc358980eb0 ] Request (FlavorsV255TestJSON:tearDownClass): 201 POST http://10.180.1.21/identity/v3/auth/tokens 0.097s
2025-01-23 18:57:22.881 68467 INFO tempest.lib.common.rest_client [req-c9a88db2-ddc3-44af-a6ff-c0e4d624fdf4 req-c9a88db2-ddc3-44af-a6ff-c0e4d624fdf4 ] Request (ImagesTestJSON:test_create_image_from_stopped_server): 200 GET http://10.180.1.21/compute/v2.1/servers/611671a3-4fbc-4dfd-86e4-b6100f6e934f 1.211s
2025-01-23 18:57:22.902 68469 INFO tempest.lib.common.rest_client [req-90c713e3-452a-4326-81f2-f28ddc66cad6 req-90c713e3-452a-4326-81f2-f28ddc66cad6 ] Request (ImagesMetadataNegativeTestJSON:test_update_nonexistent_image_metadata): 404 POST http://10.180.1.21/compute/v2.1/images/ca003f8f-e80a-49c5-bd04-ce3c2d043870/metadata 1.206s
2025-01-23 18:57:22.903 68435 INFO tempest.lib.common.rest_client [req-387874cd-bd98-4496-bf64-2df702fe743e req-387874cd-bd98-4496-bf64-2df702fe743e ] Request (QuotasAdminTestV236:setUpClass): 200 GET http://10.180.1.21/identity/v3/roles 0.051s
2025-01-23 18:57:22.922 68472 INFO tempest.lib.common.rest_client [req-de732d20-d172-4db8-8c6f-71f70be94143 req-de732d20-d172-4db8-8c6f-71f70be94143 ] Request (InstanceUsageAuditLogTestJSON:test_list_instance_usage_audit_logs): 200 GET http://10.180.1.21/compute/v2.1/os-instance_usage_audit_log 1.029s
2025-01-23 18:57:22.924 68443 INFO tempest.lib.common.rest_client [req-669ba573-f3f0-43b7-a414-8753445a657d req-669ba573-f3f0-43b7-a414-8753445a657d ] Request (AttachInterfacesUnderV243Test:setUpClass): 201 POST http://10.180.1.21:9696/networking/v2.0/routers 1.799s
2025-01-23 18:57:22.939 68457 INFO tempest.lib.common.rest_client [req-984797f7-2333-4691-bbb2-760d08578489 req-984797f7-2333-4691-bbb2-760d08578489 ] Request (ServersAdminTestJSON:setUpClass): 200 GET http://10.180.1.21/compute/v2.1/servers/614b37a2-7811-44f4-ac9a-7361581788d6 1.330s
2025-01-23 18:57:22.945 68419 INFO tempest.lib.common.rest_client [req-9c54a05f-ed7d-44d5-8333-0f0f51510288 req-9c54a05f-ed7d-44d5-8333-0f0f51510288 ] Request (FlavorsV2NegativeTest:test_boot_with_low_ram): 201 POST http://10.180.1.21/image/v2/images 0.418s
2025-01-23 18:57:22.976 68417 INFO tempest.lib.common.rest_client [req-354801b0-beff-4934-ae70-650541a0a18c req-354801b0-beff-4934-ae70-650541a0a18c ] Request (ImagesMetadataTestJSON:setUpClass): 200 GET http://10.180.1.21/compute/v2.1/images/4e879c03-312d-4236-ae0c-ecd3d228a204 0.787s
2025-01-23 18:57:22.987 68469 INFO tempest.lib.common.rest_client [req-fdc20c08-e913-4b53-9d0d-bca307f8b8f5 req-fdc20c08-e913-4b53-9d0d-bca307f8b8f5 ] Request (ImagesMetadataNegativeTestJSON:tearDownClass): 204 DELETE http://10.180.1.21/identity/v3/users/22dd39a459164f548c14128579abab26 0.084s
2025-01-23 18:57:22.987 68469 INFO tempest.lib.common.dynamic_creds [-] Deleting project and security group for project: d7b5a84edf1c4d64bbae1d787b7025ab
2025-01-23 18:57:23.001 68465 INFO tempest.lib.common.rest_client [req-7c27e03d-a0d3-432e-b74e-aa0d7f6780f6 req-7c27e03d-a0d3-432e-b74e-aa0d7f6780f6 ] Request (ServicesAdminTestJSON:test_get_service_by_host_name): 200 GET http://10.180.1.21/compute/v2.1/os-services?host=devstack 0.782s
2025-01-23 18:57:23.018 68435 INFO tempest.lib.common.rest_client [req-57c61c85-0bf2-476c-a8c0-1f0b658785ba req-57c61c85-0bf2-476c-a8c0-1f0b658785ba ] Request (QuotasAdminTestV236:setUpClass): 204 PUT http://10.180.1.21/identity/v3/projects/943415bf0fe041cea8790db84f981ff9/users/897728425c1142279e948e0449286234/roles/682dc508dfca402bb9da6b0b87d9b1d8 0.114s
2025-01-23 18:57:23.018 68435 INFO tempest.lib.common.dynamic_creds [-] Dynamic test user 897728425c1142279e948e0449286234 is created with scope project and roles: ['member']
2025-01-23 18:57:23.018 68435 INFO tempest.lib.common.dynamic_creds [-] Acquired dynamic creds: credentials: Credentials: {'domain_id': 'default', 'domain_name': 'Default', 'username': 'tempest-QuotasAdminTestV236-1580812541-project-member', 'project_domain_id': 'default', 'project_domain_name': 'Default', 'project_id': '943415bf0fe041cea8790db84f981ff9', 'project_name': 'tempest-QuotasAdminTestV236-1580812541', 'tenant_id': '943415bf0fe041cea8790db84f981ff9', 'tenant_name': 'tempest-QuotasAdminTestV236-1580812541', 'user_domain_id': 'default', 'user_domain_name': 'Default', 'user_id': '897728425c1142279e948e0449286234', 'system': None}, Network: None, Subnet: None, Router: None
2025-01-23 18:57:23.018 68435 INFO tempest.lib.common.dynamic_creds [-] Created isolated network resources for: credentials: Credentials: {'domain_id': 'default', 'domain_name': 'Default', 'username': 'tempest-QuotasAdminTestV236-1580812541-project-member', 'project_domain_id': 'default', 'project_domain_name': 'Default', 'project_id': '943415bf0fe041cea8790db84f981ff9', 'project_name': 'tempest-QuotasAdminTestV236-1580812541', 'tenant_id': '943415bf0fe041cea8790db84f981ff9', 'tenant_name': 'tempest-QuotasAdminTestV236-1580812541', 'user_domain_id': 'default', 'user_domain_name': 'Default', 'user_id': '897728425c1142279e948e0449286234', 'system': None}, Network: None, Subnet: None, Router: None
2025-01-23 18:57:23.030 68413 INFO tempest.lib.common.rest_client [req-58114fc1-43e0-488b-a344-d111bc670ee6 req-58114fc1-43e0-488b-a344-d111bc670ee6 ] Request (AggregatesAdminNegativeTestJSON:test_aggregate_add_host_as_user): 200 POST http://10.180.1.21/compute/v2.1/os-aggregates 0.789s
2025-01-23 18:57:23.045 68433 INFO tempest.lib.common.rest_client [req-43b65071-1cc4-4bee-902e-f657c5313dca req-43b65071-1cc4-4bee-902e-f657c5313dca ] Request (HostsAdminTestJSON:test_list_hosts_with_zone): 200 GET http://10.180.1.21/compute/v2.1/os-hosts 0.759s
2025-01-23 18:57:23.133 68472 INFO tempest.lib.common.rest_client [req-d68b5314-1759-4717-964e-724e6b6fe001 req-d68b5314-1759-4717-964e-724e6b6fe001 ] Request (InstanceUsageAuditLogTestJSON:tearDownClass): 204 DELETE http://10.180.1.21/identity/v3/users/33e6593ef9a8404892d0ed5364d73fdd 0.203s
2025-01-23 18:57:23.197 68469 INFO tempest.lib.common.rest_client [req-0407b7eb-9f25-4e8b-bcd8-cb0471f030f0 req-0407b7eb-9f25-4e8b-bcd8-cb0471f030f0 ] Request (ImagesMetadataNegativeTestJSON:tearDownClass): 201 POST http://10.180.1.21/identity/v3/auth/tokens 0.210s
2025-01-23 18:57:23.217 68435 INFO tempest.lib.common.rest_client [req-a4c88759-b471-42dd-aa0d-0246df17fb40 req-a4c88759-b471-42dd-aa0d-0246df17fb40 ] Request (QuotasAdminTestV236:setUpClass): 201 POST http://10.180.1.21/identity/v3/auth/tokens 0.194s
2025-01-23 18:57:23.325 68423 INFO tempest.lib.common.rest_client [req-60dca63d-5774-4ade-a34a-a2c172ff96cd req-60dca63d-5774-4ade-a34a-a2c172ff96cd ] Request (ServersWithSpecificFlavorTestJSON:setUpClass): 201 POST http://10.180.1.21:9696/networking/v2.0/routers 1.523s
2025-01-23 18:57:23.338 68441 INFO tempest.lib.common.rest_client [req-dbd24b56-1f5f-418a-b4d3-e7bb803f97b4 req-dbd24b56-1f5f-418a-b4d3-e7bb803f97b4 ] Request (MultipleCreateNegativeTestJSON:test_max_count_less_than_min_count): 400 POST http://10.180.1.21/compute/v2.1/servers 1.048s
2025-01-23 18:57:23.344 68409 INFO tempest.lib.common.rest_client [req-2ce7fa3d-9a85-4fbd-a44d-9b34af1b47b9 req-2ce7fa3d-9a85-4fbd-a44d-9b34af1b47b9 ] Request (HypervisorAdminNegativeTestJSON:test_get_hypervisor_list_with_non_admin_user): 403 GET http://10.180.1.21/compute/v2.1/os-hypervisors 1.031s
2025-01-23 18:57:23.374 68451 INFO tempest.lib.common.rest_client [req-a5959b7b-745b-4b7f-916c-d0be5decee65 req-a5959b7b-745b-4b7f-916c-d0be5decee65 ] Request (FlavorsAccessTestJSON:_run_cleanups): 200 GET http://10.180.1.21/compute/v2.1/flavors/detail 0.970s
2025-01-23 18:57:23.400 68460 INFO tempest.lib.common.rest_client [req-9d3e30e7-e218-4f4d-a0e9-cb3b67bd2d11 req-9d3e30e7-e218-4f4d-a0e9-cb3b67bd2d11 ] Request (SecurityGroupsTestAdminJSON:test_list_security_groups_list_all_tenants_filter): 200 GET http://10.180.1.21/compute/v2.1/os-security-groups?all_tenants=true 1.280s
2025-01-23 18:57:23.406 68472 INFO tempest.lib.common.rest_client [req-fc2310e2-bdeb-4d00-b64f-3588c82af44e req-fc2310e2-bdeb-4d00-b64f-3588c82af44e ] Request (InstanceUsageAuditLogTestJSON:tearDownClass): 204 DELETE http://10.180.1.21/identity/v3/users/dfe2b7f7094544ee91a71726886c1733 0.272s
2025-01-23 18:57:23.406 68472 INFO tempest.lib.common.dynamic_creds [-] Deleting project and security group for project: 1bf76c092a22479b860be004366d31f4
2025-01-23 18:57:23.408 68411 INFO tempest.lib.common.rest_client [req-f9218df8-c173-44c7-83b8-65d0bd101757 req-f9218df8-c173-44c7-83b8-65d0bd101757 ] Request (FlavorsAdminTestJSON:_run_cleanups): 200 GET http://10.180.1.21/compute/v2.1/flavors/detail 0.978s
2025-01-23 18:57:23.422 68445 INFO tempest.lib.common.rest_client [req-d92bd93e-29eb-4644-8659-324367fb140c req-d92bd93e-29eb-4644-8659-324367fb140c ] Request (FlavorsExtraSpecsTestJSON:test_flavor_set_get_update_show_unset_keys): 200 GET http://10.180.1.21/compute/v2.1/flavors/944815240/os-extra_specs 0.967s
2025-01-23 18:57:23.442 68437 INFO tempest.lib.common.rest_client [req-e1740ea1-8ac0-4be0-8ae9-b28c1b824679 req-e1740ea1-8ac0-4be0-8ae9-b28c1b824679 ] Request (FlavorsAccessNegativeTestJSON:test_flavor_access_list_with_public_flavor): 200 POST http://10.180.1.21/compute/v2.1/flavors 0.641s
2025-01-23 18:57:23.455 68427 INFO tempest.lib.common.rest_client [req-425caa4b-4619-4efc-982b-1792ba028a34 req-425caa4b-4619-4efc-982b-1792ba028a34 ] Request (HostsAdminNegativeTestJSON:test_shutdown_nonexistent_host): 404 GET http://10.180.1.21/compute/v2.1/os-hosts/nonexistent_hostname/shutdown 0.657s
2025-01-23 18:57:23.463 68429 INFO tempest.lib.common.rest_client [req-66f3e8a0-f939-453b-a456-ef09b9342edd req-66f3e8a0-f939-453b-a456-ef09b9342edd ] Request (FlavorsExtraSpecsNegativeTestJSON:test_flavor_update_mismatch_key): 400 PUT http://10.180.1.21/compute/v2.1/flavors/783806535/os-extra_specs/hw:numa_nodes 0.652s
2025-01-23 18:57:23.492 68431 INFO tempest.lib.common.rest_client [req-8462c467-4a62-48fd-a967-6a749381bb92 req-8462c467-4a62-48fd-a967-6a749381bb92 ] Request (FlavorsV255TestJSON:tearDownClass): 200 GET http://10.180.1.21:9696/networking/v2.0/security-groups?tenant_id=94d5e84312c24227a4ad114988d9e75d&name=default 0.620s
2025-01-23 18:57:23.498 68435 INFO tempest.lib.common.rest_client [req-a676b352-c478-43f8-a39f-a018a4e7a7f6 req-a676b352-c478-43f8-a39f-a018a4e7a7f6 ] Request (QuotasAdminTestV236:setUpClass): 201 POST http://10.180.1.21/identity/v3/projects 0.281s
2025-01-23 18:57:23.579 68441 INFO tempest.lib.common.rest_client [req-a3fd3782-26c3-45c6-ace6-23797ea5e062 req-a3fd3782-26c3-45c6-ace6-23797ea5e062 ] Request (MultipleCreateNegativeTestJSON:test_max_count_less_than_one): 201 POST http://10.180.1.21/identity/v3/auth/tokens 0.235s
2025-01-23 18:57:23.579 68441 INFO tempest.lib.common.fixed_network [-] (MultipleCreateNegativeTestJSON:test_max_count_less_than_one) Found network None available for tenant
2025-01-23 18:57:23.684 68472 INFO tempest.lib.common.rest_client [req-326b94b8-0525-44b9-a646-765fd77f3af6 req-326b94b8-0525-44b9-a646-765fd77f3af6 ] Request (InstanceUsageAuditLogTestJSON:tearDownClass): 201 POST http://10.180.1.21/identity/v3/auth/tokens 0.277s
2025-01-23 18:57:23.703 68431 INFO tempest.lib.common.rest_client [req-19e53812-b0a2-405e-a095-3e0bdd2c1878 req-19e53812-b0a2-405e-a095-3e0bdd2c1878 ] Request (FlavorsV255TestJSON:tearDownClass): 204 DELETE http://10.180.1.21:9696/networking/v2.0/security-groups/4d51bb34-c0e3-442f-b5a8-68d48f5aa817 0.211s
2025-01-23 18:57:23.710 68435 INFO tempest.lib.common.rest_client [req-672d4af7-1ef4-417e-aeca-8ae590236e89 req-672d4af7-1ef4-417e-aeca-8ae590236e89 ] Request (QuotasAdminTestV236:setUpClass): 201 POST http://10.180.1.21/identity/v3/users 0.211s
2025-01-23 18:57:23.734 68469 INFO tempest.lib.common.rest_client [req-f0a404b9-7cfc-4ced-be5d-dd4430c8f25d req-f0a404b9-7cfc-4ced-be5d-dd4430c8f25d ] Request (ImagesMetadataNegativeTestJSON:tearDownClass): 200 GET http://10.180.1.21:9696/networking/v2.0/security-groups?tenant_id=d7b5a84edf1c4d64bbae1d787b7025ab&name=default 0.537s
2025-01-23 18:57:23.765 68453 INFO tempest.lib.common.rest_client [req-8e94deb2-240a-440e-9b03-41b1fda615a5 req-8e94deb2-240a-440e-9b03-41b1fda615a5 ] Request (VolumesAssistedSnapshotsTest:test_volume_assisted_snapshot_create_delete): 200 POST http://10.180.1.21/compute/v2.1/os-keypairs 1.123s
2025-01-23 18:57:23.788 68417 INFO tempest.lib.common.rest_client [req-37b2335b-9e4b-4e73-b9c2-e326013923cd req-37b2335b-9e4b-4e73-b9c2-e326013923cd ] Request (ImagesMetadataTestJSON:setUp): 200 PUT http://10.180.1.21/compute/v2.1/images/4e879c03-312d-4236-ae0c-ecd3d228a204/metadata 0.803s
2025-01-23 18:57:23.834 68435 INFO tempest.lib.common.rest_client [req-f7e5ab7d-7b38-4138-a753-9fe3b106e669 req-f7e5ab7d-7b38-4138-a753-9fe3b106e669 ] Request (QuotasAdminTestV236:setUpClass): 200 GET http://10.180.1.21/identity/v3/roles 0.124s
2025-01-23 18:57:23.835 68465 INFO tempest.lib.common.rest_client [req-2f8b1362-7078-4dab-8eae-a592241a6398 req-2f8b1362-7078-4dab-8eae-a592241a6398 ] Request (ServicesAdminTestJSON:test_get_service_by_service_binary_name): 200 GET http://10.180.1.21/compute/v2.1/os-services?binary=nova-compute 0.829s
2025-01-23 18:57:23.871 68431 INFO tempest.lib.common.rest_client [req-d43a2008-5afb-4133-a3a7-54c836297a7b req-d43a2008-5afb-4133-a3a7-54c836297a7b ] Request (FlavorsV255TestJSON:tearDownClass): 204 DELETE http://10.180.1.21/identity/v3/projects/94d5e84312c24227a4ad114988d9e75d 0.167s
2025-01-23 18:57:23.871 68431 INFO tempest.lib.common.dynamic_creds [-] Deleting project and security group for project: de2186c16e9c4be3acbbd83792835c37
2025-01-23 18:57:23.881 68461 INFO tempest.lib.common.rest_client [req-4c2b1179-69cf-4f5a-8cfa-74ef8d17a5b7 req-4c2b1179-69cf-4f5a-8cfa-74ef8d17a5b7 ] Request (FloatingIPsAssociationNegativeTestJSON:setUpClass): 200 GET http://10.180.1.21/compute/v2.1/servers/af4d2339-5711-424c-befb-e52bd81a32ec 0.890s
2025-01-23 18:57:23.907 68433 INFO tempest.lib.common.rest_client [req-18bd68e1-0660-496c-8a62-43452748cbd6 req-18bd68e1-0660-496c-8a62-43452748cbd6 ] Request (HostsAdminTestJSON:test_list_hosts_with_zone): 200 GET http://10.180.1.21/compute/v2.1/os-hosts?zone=internal 0.860s
2025-01-23 18:57:23.927 68435 INFO tempest.lib.common.rest_client [req-e7a0cd29-2df9-4219-af7c-9877f2e644aa req-e7a0cd29-2df9-4219-af7c-9877f2e644aa ] Request (QuotasAdminTestV236:setUpClass): 204 PUT http://10.180.1.21/identity/v3/projects/fb5e0882ce284339900d55a75b3a515c/users/39586469649a42709efbc31f95cc83c9/roles/36a3c780154241618317e5c5ec1eb85f 0.093s
2025-01-23 18:57:23.964 68413 INFO tempest.lib.common.rest_client [req-f69cb66e-1e98-4ba5-98e0-779d121c5d96 req-f69cb66e-1e98-4ba5-98e0-779d121c5d96 ] Request (AggregatesAdminNegativeTestJSON:test_aggregate_add_host_as_user): 403 POST http://10.180.1.21/compute/v2.1/os-aggregates/2/action 0.932s
2025-01-23 18:57:23.969 68409 INFO tempest.lib.common.rest_client [req-2c413f73-d3e2-470c-99e0-4b55312b5f94 req-2c413f73-d3e2-470c-99e0-4b55312b5f94 ] Request (HypervisorAdminNegativeTestJSON:test_get_hypervisor_stats_with_non_admin_user): 403 GET http://10.180.1.21/compute/v2.1/os-hypervisors/statistics 0.622s
2025-01-23 18:57:23.987 68425 INFO tempest.lib.common.rest_client [req-2ef30835-a63d-476c-87d7-0d3958179690 req-2ef30835-a63d-476c-87d7-0d3958179690 ] Request (DeleteServersAdminTestJSON:test_admin_delete_servers_of_others): 200 GET http://10.180.1.21/compute/v2.1/servers/1f94463a-2e46-4cb4-bbce-00e5c8301df2 0.760s
2025-01-23 18:57:23.989 68451 INFO tempest.lib.common.rest_client [req-6d38f6ac-3934-4f0b-b9b6-bdcf401ef4ee req-6d38f6ac-3934-4f0b-b9b6-bdcf401ef4ee ] Request (FlavorsAccessTestJSON:test_flavor_access_list_with_private_flavor): 200 POST http://10.180.1.21/compute/v2.1/flavors 0.599s
2025-01-23 18:57:24.027 68469 INFO tempest.lib.common.rest_client [req-8cec8637-3183-49be-8726-b71e0e61aa4e req-8cec8637-3183-49be-8726-b71e0e61aa4e ] Request (ImagesMetadataNegativeTestJSON:tearDownClass): 204 DELETE http://10.180.1.21:9696/networking/v2.0/security-groups/c7d026ce-ed79-46eb-98bc-031efc857345 0.292s
2025-01-23 18:57:24.033 68435 INFO tempest.lib.common.rest_client [req-285749fe-4b7e-4728-81a3-d633a86c3385 req-285749fe-4b7e-4728-81a3-d633a86c3385 ] Request (QuotasAdminTestV236:setUpClass): 200 GET http://10.180.1.21/identity/v3/roles 0.105s
2025-01-23 18:57:24.060 68455 INFO tempest.lib.common.rest_client [req-e7c3e09d-fdd9-4810-9e06-7aa2a9aab341 req-e7c3e09d-fdd9-4810-9e06-7aa2a9aab341 ] Request (ServersV294TestFqdnHostnames:setUpClass): 200 GET http://10.180.1.21/compute/v2.1/servers/285196c8-299e-4270-88d2-9cb2cd64d54d 0.659s
2025-01-23 18:57:24.076 68435 INFO tempest.lib.common.rest_client [req-0ba2a288-6c13-4fa4-bcb1-2999f70f8f2a req-0ba2a288-6c13-4fa4-bcb1-2999f70f8f2a ] Request (QuotasAdminTestV236:setUpClass): 204 PUT http://10.180.1.21/identity/v3/projects/fb5e0882ce284339900d55a75b3a515c/users/39586469649a42709efbc31f95cc83c9/roles/36a3c780154241618317e5c5ec1eb85f 0.042s
2025-01-23 18:57:24.076 68435 INFO tempest.lib.common.dynamic_creds [-] Dynamic test user 39586469649a42709efbc31f95cc83c9 is created with scope project and roles: ['admin']
2025-01-23 18:57:24.076 68435 INFO tempest.lib.common.dynamic_creds [-] Acquired dynamic creds: credentials: Credentials: {'domain_id': 'default', 'domain_name': 'Default', 'username': 'tempest-QuotasAdminTestV236-480813960-project-admin', 'project_domain_id': 'default', 'project_domain_name': 'Default', 'project_id': 'fb5e0882ce284339900d55a75b3a515c', 'project_name': 'tempest-QuotasAdminTestV236-480813960', 'tenant_id': 'fb5e0882ce284339900d55a75b3a515c', 'tenant_name': 'tempest-QuotasAdminTestV236-480813960', 'user_domain_id': 'default', 'user_domain_name': 'Default', 'user_id': '39586469649a42709efbc31f95cc83c9', 'system': None}, Network: None, Subnet: None, Router: None
2025-01-23 18:57:24.076 68435 INFO tempest.lib.common.dynamic_creds [-] Created isolated network resources for: credentials: Credentials: {'domain_id': 'default', 'domain_name': 'Default', 'username': 'tempest-QuotasAdminTestV236-480813960-project-admin', 'project_domain_id': 'default', 'project_domain_name': 'Default', 'project_id': 'fb5e0882ce284339900d55a75b3a515c', 'project_name': 'tempest-QuotasAdminTestV236-480813960', 'tenant_id': 'fb5e0882ce284339900d55a75b3a515c', 'tenant_name': 'tempest-QuotasAdminTestV236-480813960', 'user_domain_id': 'default', 'user_domain_name': 'Default', 'user_id': '39586469649a42709efbc31f95cc83c9', 'system': None}, Network: None, Subnet: None, Router: None
2025-01-23 18:57:24.079 68411 INFO tempest.lib.common.rest_client [req-31e75003-2cc7-4d33-b5f9-84c3e02e0224 req-31e75003-2cc7-4d33-b5f9-84c3e02e0224 ] Request (FlavorsAdminTestJSON:test_create_server_with_non_public_flavor): 200 POST http://10.180.1.21/compute/v2.1/flavors 0.665s
2025-01-23 18:57:24.089 68453 INFO tempest.lib.common.rest_client [req-442acbd3-640a-4e6d-b6a2-8a097b7c6267 req-442acbd3-640a-4e6d-b6a2-8a097b7c6267 ] Request (VolumesAssistedSnapshotsTest:test_volume_assisted_snapshot_create_delete): 201 POST http://10.180.1.21:9696/networking/v2.0/security-groups 0.322s
2025-01-23 18:57:24.097 68469 INFO tempest.lib.common.rest_client [req-10d49c01-eba8-427c-b628-99c54190eab4 req-10d49c01-eba8-427c-b628-99c54190eab4 ] Request (ImagesMetadataNegativeTestJSON:tearDownClass): 204 DELETE http://10.180.1.21/identity/v3/projects/d7b5a84edf1c4d64bbae1d787b7025ab 0.070s
2025-01-23 18:57:24.143 68415 INFO tempest.lib.common.rest_client [req-6b38a180-de8c-4d2a-83cb-fa54e7e26a6d req-6b38a180-de8c-4d2a-83cb-fa54e7e26a6d ] Request (ServersAdminNegativeTestJSON:setUpClass): 200 GET http://10.180.1.21/compute/v2.1/servers/533d47fe-14a9-4021-81a2-4fa6f047cc84 0.721s
2025-01-23 18:57:24.163 68435 INFO tempest.lib.common.rest_client [req-7078048c-af97-45f9-94f6-883e042d7de9 req-7078048c-af97-45f9-94f6-883e042d7de9 ] Request (QuotasAdminTestV236:setUpClass): 201 POST http://10.180.1.21/identity/v3/auth/tokens 0.083s
2025-01-23 18:57:24.164 68435 WARNING tempest.lib.common.rest_client [-] Deprecated: "tenant_id" property is deprecated for removal, use "project_id" instead
2025-01-23 18:57:24.169 68445 INFO tempest.lib.common.rest_client [req-d3fad699-a255-44a9-a560-c617924e2e15 req-d3fad699-a255-44a9-a560-c617924e2e15 ] Request (FlavorsExtraSpecsTestJSON:test_flavor_set_get_update_show_unset_keys): 200 PUT http://10.180.1.21/compute/v2.1/flavors/944815240/os-extra_specs/hw:numa_nodes 0.746s
2025-01-23 18:57:24.181 68437 INFO tempest.lib.common.rest_client [req-975fb700-4f97-4254-9a32-aa907f8dbc34 req-975fb700-4f97-4254-9a32-aa907f8dbc34 ] Request (FlavorsAccessNegativeTestJSON:test_flavor_access_list_with_public_flavor): 404 GET http://10.180.1.21/compute/v2.1/flavors/612575592/os-flavor-access 0.736s
2025-01-23 18:57:24.185 68427 INFO tempest.lib.common.rest_client [req-95ebf173-5e62-43e8-b67a-f4f6c25246d8 req-95ebf173-5e62-43e8-b67a-f4f6c25246d8 ] Request (HostsAdminNegativeTestJSON:test_startup_host_with_non_admin_user): 403 GET http://10.180.1.21/compute/v2.1/os-hosts/devstack/startup 0.725s
2025-01-23 18:57:24.190 68429 INFO tempest.lib.common.rest_client [req-8a48474a-04f6-4ba5-9e7b-7c10109d78f8 req-8a48474a-04f6-4ba5-9e7b-7c10109d78f8 ] Request (FlavorsExtraSpecsNegativeTestJSON:test_flavor_update_more_key): 400 PUT http://10.180.1.21/compute/v2.1/flavors/783806535/os-extra_specs/hw:numa_nodes 0.725s
2025-01-23 18:57:24.194 68469 INFO tempest.lib.common.rest_client [req-342ef7c5-155c-4caf-840d-81a7bae88259 req-342ef7c5-155c-4caf-840d-81a7bae88259 ] Request (ListImagesTestJSON:setUpClass): 201 POST http://10.180.1.21/identity/v3/auth/tokens 0.095s
2025-01-23 18:57:24.195 68441 INFO tempest.lib.common.rest_client [req-1c75a01d-4974-44fb-8c45-0487d381326b req-1c75a01d-4974-44fb-8c45-0487d381326b ] Request (MultipleCreateNegativeTestJSON:test_max_count_less_than_one): 400 POST http://10.180.1.21/compute/v2.1/servers 0.616s
2025-01-23 18:57:24.196 68453 INFO tempest.lib.common.rest_client [req-76623ca8-49cf-4aa5-ae14-91c44d415275 req-76623ca8-49cf-4aa5-ae14-91c44d415275 ] Request (VolumesAssistedSnapshotsTest:test_volume_assisted_snapshot_create_delete): 201 POST http://10.180.1.21:9696/networking/v2.0/security-group-rules 0.106s
2025-01-23 18:57:24.220 68435 INFO tempest.lib.common.rest_client [req-9eb9b050-1235-49a7-a4e3-eb8bc802864e req-9eb9b050-1235-49a7-a4e3-eb8bc802864e ] Request (QuotasAdminTestV236:test_get_updated_quotas): 200 GET http://10.180.1.21/identity/v3/domains?name=Default 0.055s
2025-01-23 18:57:24.252 68469 INFO tempest.lib.common.rest_client [req-04c70604-a645-4d11-baa9-080486bd5763 req-04c70604-a645-4d11-baa9-080486bd5763 ] Request (ListImagesTestJSON:setUpClass): 201 POST http://10.180.1.21/identity/v3/auth/tokens 0.052s
2025-01-23 18:57:24.256 68447 INFO tempest.lib.common.rest_client [req-cf6df48c-41ec-4dd6-a828-ef3258eef780 req-cf6df48c-41ec-4dd6-a828-ef3258eef780 ] Request (MigrationsAdminTest:test_list_migrations_in_flavor_resize_situation): 200 GET http://10.180.1.21/compute/v2.1/servers/dd8b83e9-bf81-4d6a-b65e-410788839afd 0.646s
2025-01-23 18:57:24.293 68441 INFO tempest.lib.common.rest_client [req-30c954c4-31f0-43fe-8d60-03838807ab19 req-30c954c4-31f0-43fe-8d60-03838807ab19 ] Request (MultipleCreateNegativeTestJSON:test_max_count_non_integer): 201 POST http://10.180.1.21/identity/v3/auth/tokens 0.093s
2025-01-23 18:57:24.294 68441 INFO tempest.lib.common.fixed_network [-] (MultipleCreateNegativeTestJSON:test_max_count_non_integer) Found network None available for tenant
2025-01-23 18:57:24.295 68435 INFO tempest.lib.common.rest_client [req-c2973faf-a7f3-491c-8a28-4d09953197b6 req-c2973faf-a7f3-491c-8a28-4d09953197b6 ] Request (QuotasAdminTestV236:test_get_updated_quotas): 201 POST http://10.180.1.21/identity/v3/projects 0.074s
2025-01-23 18:57:24.303 68453 INFO tempest.lib.common.rest_client [req-743def0c-c6d0-4668-a2ae-967427409dff req-743def0c-c6d0-4668-a2ae-967427409dff ] Request (VolumesAssistedSnapshotsTest:test_volume_assisted_snapshot_create_delete): 201 POST http://10.180.1.21:9696/networking/v2.0/security-group-rules 0.107s
2025-01-23 18:57:24.331 68439 INFO tempest.lib.common.rest_client [req-133a0826-cc24-48aa-b1c4-cf708350b415 req-133a0826-cc24-48aa-b1c4-cf708350b415 ] Request (ServerDiagnosticsV248Test:test_get_server_diagnostics): 200 GET http://10.180.1.21/compute/v2.1/servers/41d4c2df-95e7-4f1e-9e93-72bbcfd0187b 0.636s
2025-01-23 18:57:24.345 68439 INFO tempest.common.waiters [-] State transition "BUILD/None" ==> "BUILD/networking" after 10 second wait
2025-01-23 18:57:24.353 68435 INFO tempest.lib.common.rest_client [req-ea663b4c-3d6a-437d-a1fe-2e9fa211271c req-ea663b4c-3d6a-437d-a1fe-2e9fa211271c ] Request (QuotasAdminTestV236:test_get_updated_quotas): 200 GET http://10.180.1.21/identity/v3/domains?name=Default 0.057s
2025-01-23 18:57:24.358 68469 INFO tempest.lib.common.rest_client [req-34e96bbf-1c03-4a52-a5e2-d3b8183c8c96 req-34e96bbf-1c03-4a52-a5e2-d3b8183c8c96 ] Request (ListImagesTestJSON:setUpClass): 200 GET http://10.180.1.21/identity/v3/domains?name=Default 0.105s
2025-01-23 18:57:24.361 68472 INFO tempest.lib.common.rest_client [req-9001cb8e-d201-454b-a1d6-7078e25a8a63 req-9001cb8e-d201-454b-a1d6-7078e25a8a63 ] Request (InstanceUsageAuditLogTestJSON:tearDownClass): 200 GET http://10.180.1.21:9696/networking/v2.0/security-groups?tenant_id=1bf76c092a22479b860be004366d31f4&name=default 0.676s
2025-01-23 18:57:24.392 68469 INFO tempest.lib.common.rest_client [req-53ea93b6-b5a9-40ee-a990-aa1c128437b6 req-53ea93b6-b5a9-40ee-a990-aa1c128437b6 ] Request (ListImagesTestJSON:setUpClass): 201 POST http://10.180.1.21/identity/v3/projects 0.033s
2025-01-23 18:57:24.395 68431 INFO tempest.lib.common.rest_client [req-f1d158ea-fab6-4549-bc03-6ce150587e6a req-f1d158ea-fab6-4549-bc03-6ce150587e6a ] Request (FlavorsV255TestJSON:tearDownClass): 200 GET http://10.180.1.21:9696/networking/v2.0/security-groups?tenant_id=de2186c16e9c4be3acbbd83792835c37&name=default 0.524s
2025-01-23 18:57:24.398 68449 INFO tempest.lib.common.rest_client [req-b821e326-3ba1-4d5e-8fcb-d906b6caa9c9 req-b821e326-3ba1-4d5e-8fcb-d906b6caa9c9 ] Request (InstanceActionsV221TestJSON:test_get_list_deleted_instance_actions): 200 GET http://10.180.1.21/compute/v2.1/servers/a18efe53-294f-4308-8c11-e95f7c183ff4 0.662s
2025-01-23 18:57:24.431 68460 INFO tempest.lib.common.rest_client [req-8859bbb5-5a35-4c4f-935c-a243e82d2d31 req-8859bbb5-5a35-4c4f-935c-a243e82d2d31 ] Request (SecurityGroupsTestAdminJSON:_run_cleanups): 202 DELETE http://10.180.1.21/compute/v2.1/os-security-groups/60f44100-6299-4d3f-81e8-386b80ee5d9c 1.018s
2025-01-23 18:57:24.444 68419 INFO tempest.lib.common.rest_client [req-93872fa1-c40e-4450-8698-31e0b0d2212e req-93872fa1-c40e-4450-8698-31e0b0d2212e ] Request (FlavorsV2NegativeTest:test_boot_with_low_ram): 204 PUT http://10.180.1.21/image/v2/images/10e4a471-780f-4822-8975-16fa2a6f70b3/file 1.498s
2025-01-23 18:57:24.487 68469 INFO tempest.lib.common.rest_client [req-940810b3-6f54-4d0e-96d9-a1a532d5b961 req-940810b3-6f54-4d0e-96d9-a1a532d5b961 ] Request (ListImagesTestJSON:setUpClass): 201 POST http://10.180.1.21/identity/v3/users 0.094s
2025-01-23 18:57:24.501 68421 INFO tempest.lib.common.rest_client [req-f0c4dd82-4854-41ea-a3b7-44d569b4ca68 req-f0c4dd82-4854-41ea-a3b7-44d569b4ca68 ] Request (ServersAdmin275Test:test_rebuild_update_server_275): 200 GET http://10.180.1.21/compute/v2.1/servers/64872a8b-3b8f-4b38-a20f-b83e8e249888 0.724s
2025-01-23 18:57:24.516 68472 INFO tempest.lib.common.rest_client [req-f2cc7a5d-caa6-46dd-9a09-0e124b46c039 req-f2cc7a5d-caa6-46dd-9a09-0e124b46c039 ] Request (InstanceUsageAuditLogTestJSON:tearDownClass): 204 DELETE http://10.180.1.21:9696/networking/v2.0/security-groups/837ff3c3-d48e-4c17-a5d2-4f85ee226de4 0.155s
2025-01-23 18:57:24.518 68469 INFO tempest.lib.common.rest_client [req-6ed67d24-b5b5-4d1c-8d01-2790a062046d req-6ed67d24-b5b5-4d1c-8d01-2790a062046d ] Request (ListImagesTestJSON:setUpClass): 200 GET http://10.180.1.21/identity/v3/roles 0.031s
2025-01-23 18:57:24.519 68421 INFO tempest.common.waiters [-] State transition "BUILD/block_device_mapping" ==> "BUILD/spawning" after 9 second wait
2025-01-23 18:57:24.527 68465 INFO tempest.lib.common.rest_client [req-c4f39584-3bff-4efb-a8b4-5cb5cb70b293 req-c4f39584-3bff-4efb-a8b4-5cb5cb70b293 ] Request (ServicesAdminTestJSON:test_list_services): 200 GET http://10.180.1.21/compute/v2.1/os-services 0.689s
2025-01-23 18:57:24.533 68419 INFO tempest.lib.common.rest_client [req-20b2959b-c4d2-411b-94fa-c11fff233f3d req-20b2959b-c4d2-411b-94fa-c11fff233f3d ] Request (FlavorsV2NegativeTest:test_boot_with_low_ram): 201 POST http://10.180.1.21/identity/v3/auth/tokens 0.085s
2025-01-23 18:57:24.534 68419 INFO tempest.lib.common.fixed_network [-] (FlavorsV2NegativeTest:test_boot_with_low_ram) Found network None available for tenant
2025-01-23 18:57:24.561 68469 INFO tempest.lib.common.rest_client [req-5d086889-4ea7-4d45-af32-22cad0bf08e2 req-5d086889-4ea7-4d45-af32-22cad0bf08e2 ] Request (ListImagesTestJSON:setUpClass): 204 PUT http://10.180.1.21/identity/v3/projects/b528fa6387604ac5baa76273b369a979/users/3ed76c2dbcc749ee8735085eb810d4ad/roles/682dc508dfca402bb9da6b0b87d9b1d8 0.042s
2025-01-23 18:57:24.562 68469 INFO tempest.lib.common.dynamic_creds [-] Dynamic test user 3ed76c2dbcc749ee8735085eb810d4ad is created with scope project and roles: ['member']
2025-01-23 18:57:24.562 68469 INFO tempest.lib.common.dynamic_creds [-] Acquired dynamic creds: credentials: Credentials: {'domain_id': 'default', 'domain_name': 'Default', 'username': 'tempest-ListImagesTestJSON-2034786101-project-member', 'project_domain_id': 'default', 'project_domain_name': 'Default', 'project_id': 'b528fa6387604ac5baa76273b369a979', 'project_name': 'tempest-ListImagesTestJSON-2034786101', 'tenant_id': 'b528fa6387604ac5baa76273b369a979', 'tenant_name': 'tempest-ListImagesTestJSON-2034786101', 'user_domain_id': 'default', 'user_domain_name': 'Default', 'user_id': '3ed76c2dbcc749ee8735085eb810d4ad', 'system': None}, Network: None, Subnet: None, Router: None
2025-01-23 18:57:24.562 68469 INFO tempest.lib.common.dynamic_creds [-] Created isolated network resources for: credentials: Credentials: {'domain_id': 'default', 'domain_name': 'Default', 'username': 'tempest-ListImagesTestJSON-2034786101-project-member', 'project_domain_id': 'default', 'project_domain_name': 'Default', 'project_id': 'b528fa6387604ac5baa76273b369a979', 'project_name': 'tempest-ListImagesTestJSON-2034786101', 'tenant_id': 'b528fa6387604ac5baa76273b369a979', 'tenant_name': 'tempest-ListImagesTestJSON-2034786101', 'user_domain_id': 'default', 'user_domain_name': 'Default', 'user_id': '3ed76c2dbcc749ee8735085eb810d4ad', 'system': None}, Network: None, Subnet: None, Router: None
2025-01-23 18:57:24.610 68467 INFO tempest.lib.common.rest_client [req-10f2929f-b466-4664-870e-0fc8d39cef70 req-10f2929f-b466-4664-870e-0fc8d39cef70 ] Request (ImagesTestJSON:test_create_image_from_stopped_server): 200 GET http://10.180.1.21/compute/v2.1/servers/611671a3-4fbc-4dfd-86e4-b6100f6e934f 0.720s
2025-01-23 18:57:24.614 68472 INFO tempest.lib.common.rest_client [req-516d7000-d124-4cef-9725-b3951c705cbb req-516d7000-d124-4cef-9725-b3951c705cbb ] Request (InstanceUsageAuditLogTestJSON:tearDownClass): 204 DELETE http://10.180.1.21/identity/v3/projects/1bf76c092a22479b860be004366d31f4 0.097s
2025-01-23 18:57:24.614 68472 INFO tempest.lib.common.dynamic_creds [-] Deleting project and security group for project: c282c294474c40bebf2f3b2efbaee29f
2025-01-23 18:57:24.637 68433 INFO tempest.lib.common.rest_client [req-26ae814f-d607-4647-b940-4e8e7335749f req-26ae814f-d607-4647-b940-4e8e7335749f ] Request (HostsAdminTestJSON:test_show_host_detail): 200 GET http://10.180.1.21/compute/v2.1/os-hosts 0.728s
2025-01-23 18:57:24.669 68417 INFO tempest.lib.common.rest_client [req-10337c83-b790-4f6f-9017-ab33ea710f9c req-10337c83-b790-4f6f-9017-ab33ea710f9c ] Request (ImagesMetadataTestJSON:test_delete_image_metadata_item): 204 DELETE http://10.180.1.21/compute/v2.1/images/4e879c03-312d-4236-ae0c-ecd3d228a204/metadata/os_version 0.879s
2025-01-23 18:57:24.676 68431 INFO tempest.lib.common.rest_client [req-18e35d12-a634-48a8-9045-5e9ef09be066 req-18e35d12-a634-48a8-9045-5e9ef09be066 ] Request (FlavorsV255TestJSON:tearDownClass): 204 DELETE http://10.180.1.21:9696/networking/v2.0/security-groups/dee4c80e-13f9-4cca-b67a-7a9a8aa4f799 0.280s
2025-01-23 18:57:24.703 68413 INFO tempest.lib.common.rest_client [req-949db1b3-7c24-4b59-8a61-4044bdbb0fcf req-949db1b3-7c24-4b59-8a61-4044bdbb0fcf ] Request (AggregatesAdminNegativeTestJSON:_run_cleanups): 200 DELETE http://10.180.1.21/compute/v2.1/os-aggregates/2 0.738s
2025-01-23 18:57:24.716 68469 INFO tempest.lib.common.rest_client [req-fad4f690-3968-4813-a1ed-7e945ef78312 req-fad4f690-3968-4813-a1ed-7e945ef78312 ] Request (ListImagesTestJSON:setUpClass): 201 POST http://10.180.1.21/identity/v3/auth/tokens 0.147s
2025-01-23 18:57:24.732 68457 INFO tempest.lib.common.rest_client [req-3640255a-9562-4b7a-a93b-e27c84db0186 req-3640255a-9562-4b7a-a93b-e27c84db0186 ] Request (ServersAdminTestJSON:setUpClass): 200 GET http://10.180.1.21/compute/v2.1/servers/614b37a2-7811-44f4-ac9a-7361581788d6 0.777s
2025-01-23 18:57:24.759 68451 INFO tempest.lib.common.rest_client [req-95acc0fe-fb75-4367-86fe-b3c88c00e2ad req-95acc0fe-fb75-4367-86fe-b3c88c00e2ad ] Request (FlavorsAccessTestJSON:test_flavor_access_list_with_private_flavor): 200 GET http://10.180.1.21/compute/v2.1/flavors/36915564/os-flavor-access 0.767s
2025-01-23 18:57:24.780 68411 INFO tempest.lib.common.rest_client [req-39f3a888-d24a-4a42-8c3a-fcfd9067d3bc req-39f3a888-d24a-4a42-8c3a-fcfd9067d3bc ] Request (FlavorsAdminTestJSON:test_create_server_with_non_public_flavor): 400 POST http://10.180.1.21/compute/v2.1/servers 0.696s
2025-01-23 18:57:24.807 68465 INFO tempest.lib.common.rest_client [req-5be6814d-5b16-4dc8-a23b-1a7011e18d60 req-5be6814d-5b16-4dc8-a23b-1a7011e18d60 ] Request (ServicesAdminTestJSON:tearDownClass): 204 DELETE http://10.180.1.21/identity/v3/users/4c39d2fd9e664c098963a15b9e91de4a 0.272s
2025-01-23 18:57:24.843 68445 INFO tempest.lib.common.rest_client [req-d99a8e98-42d1-4925-917b-194daf622e7d req-d99a8e98-42d1-4925-917b-194daf622e7d ] Request (FlavorsExtraSpecsTestJSON:test_flavor_set_get_update_show_unset_keys): 200 GET http://10.180.1.21/compute/v2.1/flavors/944815240/os-extra_specs 0.672s
2025-01-23 18:57:24.851 68472 INFO tempest.lib.common.rest_client [req-daa77bb7-c9ae-4004-98a0-5e9664c0569a req-daa77bb7-c9ae-4004-98a0-5e9664c0569a ] Request (InstanceUsageAuditLogTestJSON:tearDownClass): 200 GET http://10.180.1.21:9696/networking/v2.0/security-groups?tenant_id=c282c294474c40bebf2f3b2efbaee29f&name=default 0.237s
2025-01-23 18:57:24.864 68437 INFO tempest.lib.common.rest_client [req-14d771a5-7099-4d89-afb4-faaa5aabb3dc req-14d771a5-7099-4d89-afb4-faaa5aabb3dc ] Request (FlavorsAccessNegativeTestJSON:_run_cleanups): 202 DELETE http://10.180.1.21/compute/v2.1/flavors/612575592 0.683s
2025-01-23 18:57:24.882 68427 INFO tempest.lib.common.rest_client [req-2a9f90f9-c6e4-452c-8279-099886f767af req-2a9f90f9-c6e4-452c-8279-099886f767af ] Request (HostsAdminNegativeTestJSON:test_startup_nonexistent_host): 404 GET http://10.180.1.21/compute/v2.1/os-hosts/nonexistent_hostname/startup 0.694s
2025-01-23 18:57:24.906 68429 INFO tempest.lib.common.rest_client [req-d19727c7-2b03-449f-8862-1d21c2e76444 req-d19727c7-2b03-449f-8862-1d21c2e76444 ] Request (FlavorsExtraSpecsNegativeTestJSON:tearDownClass): 202 DELETE http://10.180.1.21/compute/v2.1/flavors/783806535 0.714s
2025-01-23 18:57:24.910 68441 INFO tempest.lib.common.rest_client [req-a7d9082f-551e-4a01-b92c-163b76933b5e req-a7d9082f-551e-4a01-b92c-163b76933b5e ] Request (MultipleCreateNegativeTestJSON:test_max_count_non_integer): 400 POST http://10.180.1.21/compute/v2.1/servers 0.616s
2025-01-23 18:57:24.910 68431 INFO tempest.lib.common.rest_client [req-cd9669a7-cc70-498b-bce7-cb9cdb01b62d req-cd9669a7-cc70-498b-bce7-cb9cdb01b62d ] Request (FlavorsV255TestJSON:tearDownClass): 204 DELETE http://10.180.1.21/identity/v3/projects/de2186c16e9c4be3acbbd83792835c37 0.234s
2025-01-23 18:57:25.018 68472 INFO tempest.lib.common.rest_client [req-0f5be61c-b95a-490e-b827-a2df6a8dec64 req-0f5be61c-b95a-490e-b827-a2df6a8dec64 ] Request (InstanceUsageAuditLogTestJSON:tearDownClass): 204 DELETE http://10.180.1.21:9696/networking/v2.0/security-groups/666ef490-d152-4c1d-8b43-80c04cebebcc 0.167s
2025-01-23 18:57:25.035 68409 INFO tempest.lib.common.rest_client [req-3316a0b7-ed00-4237-bd3c-c745916ca229 req-3316a0b7-ed00-4237-bd3c-c745916ca229 ] Request (HypervisorAdminNegativeTestJSON:test_get_hypervisor_uptime_with_non_admin_user): 200 GET http://10.180.1.21/compute/v2.1/os-hypervisors 1.065s
2025-01-23 18:57:25.046 68453 INFO tempest.lib.common.rest_client [req-23a5a93e-7ae2-4eef-8d9f-643e986c04cb req-23a5a93e-7ae2-4eef-8d9f-643e986c04cb ] Request (VolumesAssistedSnapshotsTest:test_volume_assisted_snapshot_create_delete): 201 POST http://10.180.1.21:9696/networking/v2.0/floatingips 0.742s
2025-01-23 18:57:25.057 68465 INFO tempest.lib.common.rest_client [req-88511123-ce95-4fca-a8f8-7e3c5d3d3c9e req-88511123-ce95-4fca-a8f8-7e3c5d3d3c9e ] Request (ServicesAdminTestJSON:tearDownClass): 204 DELETE http://10.180.1.21/identity/v3/users/4e6b797db57a48538bfbbd6c3e69e1fa 0.249s
2025-01-23 18:57:25.057 68465 INFO tempest.lib.common.dynamic_creds [-] Deleting project and security group for project: 2ace193578f24279b0b48aaa1cd3594e
2025-01-23 18:57:25.160 68431 INFO tempest.lib.common.rest_client [req-78b69475-3100-44ef-b28d-98ef3f55690e req-78b69475-3100-44ef-b28d-98ef3f55690e ] Request (QuotasAdminNegativeTest:setUpClass): 201 POST http://10.180.1.21/identity/v3/auth/tokens 0.247s
2025-01-23 18:57:25.198 68441 INFO tempest.lib.common.rest_client [req-a6d2cab4-8c15-4b4e-8ae1-6fe9e2843ece req-a6d2cab4-8c15-4b4e-8ae1-6fe9e2843ece ] Request (MultipleCreateNegativeTestJSON:test_min_count_less_than_one): 201 POST http://10.180.1.21/identity/v3/auth/tokens 0.277s
2025-01-23 18:57:25.198 68441 INFO tempest.lib.common.fixed_network [-] (MultipleCreateNegativeTestJSON:test_min_count_less_than_one) Found network None available for tenant
