2025-03-10 20:53:14.226 68558 INFO tempest.lib.common.rest_client [req-26f6fe49-0ce3-40b4-9e31-0035a03773f7 req-26f6fe49-0ce3-40b4-9e31-0035a03773f7 ] Request (QuotasAdminNegativeTest:tearDownClass): 204 DELETE http://10.180.1.21/identity/v3/users/25cd7b2342f94093828661b8ffa23c79 0.086s
2025-03-10 20:53:14.234 68588 INFO tempest.lib.common.rest_client [req-e077d0a7-7d46-44f6-8b49-da0036fe17df req-e077d0a7-7d46-44f6-8b49-da0036fe17df ] Request (FloatingIPDetailsTestJSON:tearDownClass): 200 PUT http://10.180.1.21:9696/networking/v2.0/routers/269e32d8-40ed-439b-9cc0-9618cb14ea00/remove_router_interface 1.486s
2025-03-10 20:53:14.281 68587 INFO tempest.lib.common.rest_client [req-640ced80-ae6a-47bf-9535-e77d8d46b3c7 req-640ced80-ae6a-47bf-9535-e77d8d46b3c7 ] Request (ServerDiagnosticsV248Test:test_get_server_diagnostics): 200 GET http://10.180.1.21/compute/v2.1/servers/b3f53fc9-d041-4c75-80fd-a2f5ee6c7283 1.451s
2025-03-10 20:53:14.293 68584 INFO tempest.lib.common.rest_client [req-0bde292b-c09e-4c21-a1a9-257d21a02103 req-0bde292b-c09e-4c21-a1a9-257d21a02103 ] Request (QuotasAdminTestJSON:tearDownClass): 200 GET http://10.180.1.21:9696/networking/v2.0/security-groups?tenant_id=0c32c74664eb46e9b87dd99613749506&name=default 0.364s
2025-03-10 20:53:14.342 68566 INFO tempest.lib.common.rest_client [req-061f7345-5d0a-4aeb-88c5-45c65546f7fd req-061f7345-5d0a-4aeb-88c5-45c65546f7fd ] Request (HypervisorAdminNegativeTestJSON:tearDownClass): 204 DELETE http://10.180.1.21/identity/v3/users/bf4c9077b8ce416c96a5c09e4eef9a77 0.116s
2025-03-10 20:53:14.342 68566 INFO tempest.lib.common.dynamic_creds [-] Deleting project and security group for project: f181aee610874721a8b523e3c79c98c5
2025-03-10 20:53:14.349 68558 INFO tempest.lib.common.rest_client [req-0affee4a-52a9-44aa-a1d8-f3721b4c58fb req-0affee4a-52a9-44aa-a1d8-f3721b4c58fb ] Request (QuotasAdminNegativeTest:tearDownClass): 204 DELETE http://10.180.1.21/identity/v3/users/12b55545cbe2479082f7e618fedb3176 0.122s
2025-03-10 20:53:14.349 68558 INFO tempest.lib.common.dynamic_creds [-] Deleting project and security group for project: ddce33867c8c432aa51bafdeb6e0f20c
2025-03-10 20:53:14.410 68566 INFO tempest.lib.common.rest_client [req-a07ed913-ac61-415e-833e-577785171fea req-a07ed913-ac61-415e-833e-577785171fea ] Request (HypervisorAdminNegativeTestJSON:tearDownClass): 201 POST http://10.180.1.21/identity/v3/auth/tokens 0.067s
2025-03-10 20:53:14.418 68558 INFO tempest.lib.common.rest_client [req-9621b317-f4d8-4e70-b3a0-3cf82b2b2abf req-9621b317-f4d8-4e70-b3a0-3cf82b2b2abf ] Request (QuotasAdminNegativeTest:tearDownClass): 201 POST http://10.180.1.21/identity/v3/auth/tokens 0.068s
2025-03-10 20:53:14.433 68546 INFO tempest.lib.common.rest_client [req-8a89a932-d7ad-4bff-b386-4c16f3139b78 req-8a89a932-d7ad-4bff-b386-4c16f3139b78 ] Request (ImagesNegativeTestJSON:test_create_image_from_deleted_server): 202 POST http://10.180.1.21/compute/v2.1/servers 2.976s
2025-03-10 20:53:14.440 68528 INFO tempest.lib.common.rest_client [req-accb621e-86c3-4835-baa9-bf810fd837d6 req-accb621e-86c3-4835-baa9-bf810fd837d6 ] Request (AggregatesAdminNegativeTestJSON:test_aggregate_create_aggregate_name_length_less_than_1): 400 POST http://10.180.1.21/compute/v2.1/os-aggregates 1.466s
2025-03-10 20:53:14.631 68542 INFO tempest.lib.common.rest_client [req-a5112815-73c7-4bac-934d-72e5ab2ac937 req-a5112815-73c7-4bac-934d-72e5ab2ac937 ] Request (SecurityGroupsTestAdminJSON:_run_cleanups): 202 DELETE http://10.180.1.21/compute/v2.1/os-security-groups/5c206b21-2584-4270-88a1-90c03816acbc 1.677s
2025-03-10 20:53:14.637 68573 INFO tempest.lib.common.rest_client [req-364e7d1e-6ef3-458d-a52b-67e7861d4b11 req-364e7d1e-6ef3-458d-a52b-67e7861d4b11 ] Request (ImagesOneServerNegativeTestJSON:test_create_image_specify_invalid_metadata): 400 POST http://10.180.1.21/compute/v2.1/servers/3aef2e11-5b1a-477a-8587-732aef4eaead/action 1.313s
2025-03-10 20:53:14.644 68584 INFO tempest.lib.common.rest_client [req-b54712ec-7d7f-4894-b575-e64f46670062 req-b54712ec-7d7f-4894-b575-e64f46670062 ] Request (QuotasAdminTestJSON:tearDownClass): 204 DELETE http://10.180.1.21:9696/networking/v2.0/security-groups/f4d74225-c0b8-4996-8162-f44ccf433eab 0.350s
2025-03-10 20:53:14.731 68584 INFO tempest.lib.common.rest_client [req-9a9c8a88-8d44-4484-a707-612e1efc5308 req-9a9c8a88-8d44-4484-a707-612e1efc5308 ] Request (QuotasAdminTestJSON:tearDownClass): 204 DELETE http://10.180.1.21/identity/v3/projects/0c32c74664eb46e9b87dd99613749506 0.086s
2025-03-10 20:53:14.731 68584 INFO tempest.lib.common.dynamic_creds [-] Deleting project and security group for project: 0cfa220b38d04d0b8e1b4d7b731f54d1
2025-03-10 20:53:14.892 68580 INFO tempest.lib.common.rest_client [req-2fae5d32-ef76-41a0-bcb8-48580af1cb1a req-2fae5d32-ef76-41a0-bcb8-48580af1cb1a ] Request (ImagesMetadataTestJSON:test_set_image_metadata_item): 200 PUT http://10.180.1.21/compute/v2.1/images/a04d0c3e-c9ff-46fe-b10d-32139bb3f7f1/metadata/os_version 1.482s
2025-03-10 20:53:14.897 68566 INFO tempest.lib.common.rest_client [req-daa769a2-bf64-4233-aa5d-8d6724f5a50d req-daa769a2-bf64-4233-aa5d-8d6724f5a50d ] Request (HypervisorAdminNegativeTestJSON:tearDownClass): 200 GET http://10.180.1.21:9696/networking/v2.0/security-groups?tenant_id=f181aee610874721a8b523e3c79c98c5&name=default 0.487s
2025-03-10 20:53:15.035 68558 INFO tempest.lib.common.rest_client [req-fe854e30-36df-4c85-89c8-303cc990206a req-fe854e30-36df-4c85-89c8-303cc990206a ] Request (QuotasAdminNegativeTest:tearDownClass): 200 GET http://10.180.1.21:9696/networking/v2.0/security-groups?tenant_id=ddce33867c8c432aa51bafdeb6e0f20c&name=default 0.617s
2025-03-10 20:53:15.082 68526 INFO tempest.lib.common.rest_client [req-e1822685-5727-4389-91ef-90de552e8efd req-e1822685-5727-4389-91ef-90de552e8efd ] Request (ImagesTestJSON:test_create_image_from_stopped_server): 200 GET http://10.180.1.21/compute/v2.1/servers/42282b6b-6f06-4f86-ac0a-2a1c5229786a 1.547s
2025-03-10 20:53:15.123 68540 INFO tempest.lib.common.rest_client [req-20a70aa8-531b-4ba6-be28-52ea3d823a84 req-20a70aa8-531b-4ba6-be28-52ea3d823a84 ] Request (ServersTestMultiNic:test_verify_duplicate_network_nics): 200 GET http://10.180.1.21/compute/v2.1/servers/5ffc47b4-c8f3-4df1-a64f-44854b07bc68 1.822s
2025-03-10 20:53:15.130 68568 INFO tempest.lib.common.rest_client [req-2d9fa39d-fade-4786-b79f-19df3311b9f3 req-2d9fa39d-fade-4786-b79f-19df3311b9f3 ] Request (TenantUsagesTestJSON:test_list_usage_all_tenants): 200 GET http://10.180.1.21/compute/v2.1/os-simple-tenant-usage?start=2025-03-09T20%3A53%3A09.660308&end=2025-03-11T20%3A53%3A09.660308&detailed=1 1.189s
2025-03-10 20:53:15.243 68530 INFO tempest.lib.common.rest_client [req-11bd9764-1d4c-47d6-b002-97541ebc6aaf req-11bd9764-1d4c-47d6-b002-97541ebc6aaf ] Request (ServerDiagnosticsNegativeTest:tearDownClass): 204 DELETE http://10.180.1.21/compute/v2.1/servers/c6cbf03e-7419-49ae-8edf-2d46e8416e2b 1.245s
2025-03-10 20:53:15.322 68584 INFO tempest.lib.common.rest_client [req-05b9d81f-2365-44bd-8488-219d18dee6dd req-05b9d81f-2365-44bd-8488-219d18dee6dd ] Request (QuotasAdminTestJSON:tearDownClass): 200 GET http://10.180.1.21:9696/networking/v2.0/security-groups?tenant_id=0cfa220b38d04d0b8e1b4d7b731f54d1&name=default 0.591s
2025-03-10 20:53:15.337 68558 INFO tempest.lib.common.rest_client [req-fba242d6-e015-4a49-b6d3-c683397db233 req-fba242d6-e015-4a49-b6d3-c683397db233 ] Request (QuotasAdminNegativeTest:tearDownClass): 204 DELETE http://10.180.1.21:9696/networking/v2.0/security-groups/1daedab5-41d9-421b-b42c-486024557c65 0.301s
2025-03-10 20:53:15.440 68558 INFO tempest.lib.common.rest_client [req-9810c372-954e-4a10-9865-f1877003ff51 req-9810c372-954e-4a10-9865-f1877003ff51 ] Request (QuotasAdminNegativeTest:tearDownClass): 204 DELETE http://10.180.1.21/identity/v3/projects/ddce33867c8c432aa51bafdeb6e0f20c 0.102s
2025-03-10 20:53:15.440 68558 INFO tempest.lib.common.dynamic_creds [-] Deleting project and security group for project: 23da073eb89b4b1b99153d932202b40a
2025-03-10 20:53:15.447 68566 INFO tempest.lib.common.rest_client [req-46a36042-86a1-40fe-9916-bf83b7c6cc20 req-46a36042-86a1-40fe-9916-bf83b7c6cc20 ] Request (HypervisorAdminNegativeTestJSON:tearDownClass): 204 DELETE http://10.180.1.21:9696/networking/v2.0/security-groups/b19ae87c-6948-41d5-9795-24258253aa2b 0.549s
2025-03-10 20:53:15.495 68557 INFO tempest.lib.common.rest_client [req-ebe61b31-341b-413b-931e-1b54b3436571 req-ebe61b31-341b-413b-931e-1b54b3436571 ] Request (InstanceActionsV221TestJSON:test_get_list_deleted_instance_actions): 200 GET http://10.180.1.21/compute/v2.1/servers/e81ca24d-3bbd-47bf-b88f-d526a5e2ddef 1.518s
2025-03-10 20:53:15.510 68562 INFO tempest.lib.common.rest_client [req-1cc9a1a5-b193-4819-bfc0-c732008ec329 req-1cc9a1a5-b193-4819-bfc0-c732008ec329 ] Request (HostsAdminNegativeTestJSON:test_update_nonexistent_host): 404 PUT http://10.180.1.21/compute/v2.1/os-hosts/nonexistent_hostname 1.506s
2025-03-10 20:53:15.538 68561 INFO tempest.lib.common.rest_client [req-c6580ba2-a7c0-439e-a112-f62e806e91c7 req-c6580ba2-a7c0-439e-a112-f62e806e91c7 ] Request (FlavorsAdminTestJSON:_run_cleanups): 202 DELETE http://10.180.1.21/compute/v2.1/flavors/d93dde47-56bf-4b3d-80be-32f4f9018d27 1.510s
2025-03-10 20:53:15.561 68566 INFO tempest.lib.common.rest_client [req-c6cfb0fe-e086-4816-953e-f86b37d3c90a req-c6cfb0fe-e086-4816-953e-f86b37d3c90a ] Request (HypervisorAdminNegativeTestJSON:tearDownClass): 204 DELETE http://10.180.1.21/identity/v3/projects/f181aee610874721a8b523e3c79c98c5 0.114s
2025-03-10 20:53:15.561 68566 INFO tempest.lib.common.dynamic_creds [-] Deleting project and security group for project: 6d3e49f7b78d411fb2953f3cc639e5b3
2025-03-10 20:53:15.581 68532 INFO tempest.lib.common.rest_client [req-931dae14-28e1-4667-9896-3902cd268862 req-931dae14-28e1-4667-9896-3902cd268862 ] Request (QuotasAdminTestV236:test_get_updated_quotas): 200 PUT http://10.180.1.21/compute/v2.1/os-quota-sets/e3eff633b8834120b0f0ce49df23f0d8 1.580s
2025-03-10 20:53:15.624 68570 INFO tempest.lib.common.rest_client [req-4a5bc12e-c8e5-4997-a609-4a4ba7c96aab req-4a5bc12e-c8e5-4997-a609-4a4ba7c96aab ] Request (ServersWithSpecificFlavorTestJSON:test_verify_created_server_ephemeral_disk): 200 GET http://10.180.1.21/compute/v2.1/servers/130f933a-da56-4cef-9732-07ca4d5b43fe 1.554s
2025-03-10 20:53:15.645 68558 INFO tempest.lib.common.rest_client [req-de380260-dfa4-4426-9e68-d992f844201d req-de380260-dfa4-4426-9e68-d992f844201d ] Request (QuotasAdminNegativeTest:tearDownClass): 200 GET http://10.180.1.21:9696/networking/v2.0/security-groups?tenant_id=23da073eb89b4b1b99153d932202b40a&name=default 0.204s
2025-03-10 20:53:15.651 68548 INFO tempest.lib.common.rest_client [req-e107e473-ead8-47f0-8215-5bc9a54aa2eb req-e107e473-ead8-47f0-8215-5bc9a54aa2eb ] Request (FlavorsAccessNegativeTestJSON:_run_cleanups): 200 GET http://10.180.1.21/compute/v2.1/flavors/detail 1.526s
2025-03-10 20:53:15.654 68562 INFO tempest.lib.common.rest_client [req-e9ab0f00-819f-47f6-9969-001dd4d24fe5 req-e9ab0f00-819f-47f6-9969-001dd4d24fe5 ] Request (HostsAdminNegativeTestJSON:tearDownClass): 204 DELETE http://10.180.1.21/identity/v3/users/8d00f7ad44f444aab8894e28a397fce7 0.143s
2025-03-10 20:53:15.695 68588 INFO tempest.lib.common.rest_client [req-65d2a468-8802-4b2a-874c-1ffdc8eb3e7c req-65d2a468-8802-4b2a-874c-1ffdc8eb3e7c ] Request (FloatingIPDetailsTestJSON:tearDownClass): 204 DELETE http://10.180.1.21:9696/networking/v2.0/routers/269e32d8-40ed-439b-9cc0-9618cb14ea00 1.460s
2025-03-10 20:53:15.702 68584 INFO tempest.lib.common.rest_client [req-caf61529-db25-4758-99a4-60b31d2f980f req-caf61529-db25-4758-99a4-60b31d2f980f ] Request (QuotasAdminTestJSON:tearDownClass): 204 DELETE http://10.180.1.21:9696/networking/v2.0/security-groups/c7e0540a-f604-4c5e-9773-518e4baa8c4d 0.379s
2025-03-10 20:53:15.775 68562 INFO tempest.lib.common.rest_client [req-5a733dfa-64c3-4508-ad40-1fa583e8b120 req-5a733dfa-64c3-4508-ad40-1fa583e8b120 ] Request (HostsAdminNegativeTestJSON:tearDownClass): 204 DELETE http://10.180.1.21/identity/v3/users/e144e4b13f1e45e08d15a7955c360c8f 0.121s
2025-03-10 20:53:15.776 68562 INFO tempest.lib.common.dynamic_creds [-] Deleting project and security group for project: 8ee77f20a89641e4ae8f237ba659c0bb
2025-03-10 20:53:15.816 68534 INFO tempest.lib.common.rest_client [req-f7daa0d3-b117-4ce5-a0a9-088ed177b25d req-f7daa0d3-b117-4ce5-a0a9-088ed177b25d ] Request (FlavorsV2TestJSON:test_list_flavors_filter_by_min_disk): 200 GET http://10.180.1.21/compute/v2.1/flavors?minDisk=2 1.702s
2025-03-10 20:53:15.851 68562 INFO tempest.lib.common.rest_client [req-8d372aa7-7652-4811-8b26-52fd0a37f932 req-8d372aa7-7652-4811-8b26-52fd0a37f932 ] Request (HostsAdminNegativeTestJSON:tearDownClass): 201 POST http://10.180.1.21/identity/v3/auth/tokens 0.075s
2025-03-10 20:53:15.861 68566 INFO tempest.lib.common.rest_client [req-13b57ec2-ed32-4c53-989a-607a96e90b81 req-13b57ec2-ed32-4c53-989a-607a96e90b81 ] Request (HypervisorAdminNegativeTestJSON:tearDownClass): 200 GET http://10.180.1.21:9696/networking/v2.0/security-groups?tenant_id=6d3e49f7b78d411fb2953f3cc639e5b3&name=default 0.299s
2025-03-10 20:53:15.875 68584 INFO tempest.lib.common.rest_client [req-9c18cefb-c745-41c1-a498-cd4fae476844 req-9c18cefb-c745-41c1-a498-cd4fae476844 ] Request (QuotasAdminTestJSON:tearDownClass): 204 DELETE http://10.180.1.21/identity/v3/projects/0cfa220b38d04d0b8e1b4d7b731f54d1 0.172s
2025-03-10 20:53:15.876 68584 INFO tempest.test [-] raised in UpdateMultiattachVolumeNegativeTest.setUpClass. Invoking tearDownClass.
2025-03-10 20:53:15.889 68558 INFO tempest.lib.common.rest_client [req-8614d161-d07b-4852-9ad7-b322a1028035 req-8614d161-d07b-4852-9ad7-b322a1028035 ] Request (QuotasAdminNegativeTest:tearDownClass): 204 DELETE http://10.180.1.21:9696/networking/v2.0/security-groups/6b8a8668-126a-4b5d-814c-629c19e6807e 0.244s
2025-03-10 20:53:15.910 68564 INFO tempest.lib.common.rest_client [req-f13eadbf-f15e-4f26-a20b-f301830b19c6 req-f13eadbf-f15e-4f26-a20b-f301830b19c6 ] Request (DeleteServersAdminTestJSON:test_admin_delete_servers_of_others): 200 GET http://10.180.1.21/compute/v2.1/servers/f15108d3-114f-4a33-8ffc-133ce917179e 1.762s
2025-03-10 20:53:15.919 68564 INFO tempest.common.waiters [-] State transition "ACTIVE/deleting" ==> "DELETED/None" after 2 second wait
2025-03-10 20:53:15.930 68536 INFO tempest.lib.common.rest_client [req-6b1ffff0-02a9-4da5-b0d3-f2e07ca4fc72 req-6b1ffff0-02a9-4da5-b0d3-f2e07ca4fc72 ] Request (ServerMetadataNegativeTestJSON:setUpClass): 201 POST http://10.180.1.21:9696/networking/v2.0/routers 2.336s
2025-03-10 20:53:15.933 68544 INFO tempest.lib.common.rest_client [req-f1d9148a-745e-460b-b70f-e65b46ffee8f req-f1d9148a-745e-460b-b70f-e65b46ffee8f ] Request (SecurityGroupRulesNegativeTestJSON:test_create_security_group_rule_with_invalid_ip_protocol): 200 POST http://10.180.1.21/compute/v2.1/os-security-groups 1.786s
2025-03-10 20:53:15.977 68574 INFO tempest.lib.common.rest_client [req-9b8ce2e9-5af7-4ccb-9d0c-ff1e7980ed8f req-9b8ce2e9-5af7-4ccb-9d0c-ff1e7980ed8f ] Request (ServicesAdminNegativeV253TestJSON:test_get_service_by_invalid_params): 200 GET http://10.180.1.21/compute/v2.1/os-services 1.811s
2025-03-10 20:53:15.996 68584 INFO tempest.lib.common.rest_client [req-97863989-4d54-4744-8348-a39a914e2f18 req-97863989-4d54-4744-8348-a39a914e2f18 ] Request (InstanceActionsNegativeTestJSON:setUpClass): 201 POST http://10.180.1.21/identity/v3/auth/tokens 0.118s
2025-03-10 20:53:16.041 68554 INFO tempest.lib.common.rest_client [req-625537e9-529e-4f55-8eaa-8453e4e61eda req-625537e9-529e-4f55-8eaa-8453e4e61eda ] Request (KeyPairsV210TestJSON:test_admin_manage_keypairs_for_other_users): 201 POST http://10.180.1.21/compute/v2.1/os-keypairs 1.860s
2025-03-10 20:53:16.042 68584 INFO tempest.lib.common.rest_client [req-3c6bce2a-8951-4758-897c-273c0799cf21 req-3c6bce2a-8951-4758-897c-273c0799cf21 ] Request (InstanceActionsNegativeTestJSON:setUpClass): 201 POST http://10.180.1.21/identity/v3/auth/tokens 0.044s
2025-03-10 20:53:16.088 68558 INFO tempest.lib.common.rest_client [req-35b68e95-b252-4291-97d1-4f10b1c6e152 req-35b68e95-b252-4291-97d1-4f10b1c6e152 ] Request (QuotasAdminNegativeTest:tearDownClass): 204 DELETE http://10.180.1.21/identity/v3/projects/23da073eb89b4b1b99153d932202b40a 0.198s
2025-03-10 20:53:16.119 68584 INFO tempest.lib.common.rest_client [req-390ae418-587e-4f48-a633-34f60a0d9148 req-390ae418-587e-4f48-a633-34f60a0d9148 ] Request (InstanceActionsNegativeTestJSON:setUpClass): 200 GET http://10.180.1.21/identity/v3/domains?name=Default 0.076s
2025-03-10 20:53:16.120 68558 INFO tempest.lib.common.rest_client [req-4c542286-2398-4713-ad09-ce3654c3fa40 req-4c542286-2398-4713-ad09-ce3654c3fa40 ] Request (ServersAdmin275Test:setUpClass): 201 POST http://10.180.1.21/identity/v3/auth/tokens 0.030s
2025-03-10 20:53:16.124 68552 INFO tempest.lib.common.rest_client [req-b3e9250a-5dc6-453d-a72d-eb9cbd9d93cd req-b3e9250a-5dc6-453d-a72d-eb9cbd9d93cd ] Request (VolumesAssistedSnapshotsTest:test_volume_assisted_snapshot_create_delete): 200 GET http://10.180.1.21/compute/v2.1/servers/5f04afba-a327-42e4-99f6-16ac25d1256d 1.730s
2025-03-10 20:53:16.160 68558 INFO tempest.lib.common.rest_client [req-b2e75baf-0840-409a-97ce-6ab300e6cf18 req-b2e75baf-0840-409a-97ce-6ab300e6cf18 ] Request (ServersAdmin275Test:setUpClass): 201 POST http://10.180.1.21/identity/v3/auth/tokens 0.037s
2025-03-10 20:53:16.170 68584 INFO tempest.lib.common.rest_client [req-38b29fcc-879b-4ac0-aa23-ffe73f0b19c4 req-38b29fcc-879b-4ac0-aa23-ffe73f0b19c4 ] Request (InstanceActionsNegativeTestJSON:setUpClass): 201 POST http://10.180.1.21/identity/v3/projects 0.051s
2025-03-10 20:53:16.207 68588 INFO tempest.lib.common.rest_client [req-5d5d184f-8a45-41a0-a138-19a6e3c794e9 req-5d5d184f-8a45-41a0-a138-19a6e3c794e9 ] Request (FloatingIPDetailsTestJSON:tearDownClass): 204 DELETE http://10.180.1.21:9696/networking/v2.0/subnets/df9e56d3-969d-422b-8b1d-beaea7a03805 0.511s
2025-03-10 20:53:16.218 68546 INFO tempest.lib.common.rest_client [req-aea438c2-a02a-41d7-9b93-d5c3ddc89442 req-aea438c2-a02a-41d7-9b93-d5c3ddc89442 ] Request (ImagesNegativeTestJSON:test_create_image_from_deleted_server): 200 GET http://10.180.1.21/compute/v2.1/servers/7c479f08-16a0-4573-8cae-3a6f4b1c0c33 1.783s
2025-03-10 20:53:16.220 68558 INFO tempest.lib.common.rest_client [req-26f1046f-5755-4c4b-a3b5-d0d3b13ab726 req-26f1046f-5755-4c4b-a3b5-d0d3b13ab726 ] Request (ServersAdmin275Test:setUpClass): 200 GET http://10.180.1.21/identity/v3/domains?name=Default 0.059s
2025-03-10 20:53:16.221 68562 INFO tempest.lib.common.rest_client [req-5ba9c296-7865-4f30-a782-85e3eac1f792 req-5ba9c296-7865-4f30-a782-85e3eac1f792 ] Request (HostsAdminNegativeTestJSON:tearDownClass): 200 GET http://10.180.1.21:9696/networking/v2.0/security-groups?tenant_id=8ee77f20a89641e4ae8f237ba659c0bb&name=default 0.370s
2025-03-10 20:53:16.223 68566 INFO tempest.lib.common.rest_client [req-a9f5962e-a142-4936-ab01-243c7e034357 req-a9f5962e-a142-4936-ab01-243c7e034357 ] Request (HypervisorAdminNegativeTestJSON:tearDownClass): 204 DELETE http://10.180.1.21:9696/networking/v2.0/security-groups/0a1fee9f-40df-48c6-909b-b227b6d4a37b 0.362s
2025-03-10 20:53:16.229 68528 INFO tempest.lib.common.rest_client [req-77617119-d16c-4fde-84b7-31b908810709 req-77617119-d16c-4fde-84b7-31b908810709 ] Request (AggregatesAdminNegativeTestJSON:test_aggregate_create_as_user): 403 POST http://10.180.1.21/compute/v2.1/os-aggregates 1.787s
2025-03-10 20:53:16.237 68584 INFO tempest.lib.common.rest_client [req-638257fc-8df2-4ded-8cbd-95bc424c0907 req-638257fc-8df2-4ded-8cbd-95bc424c0907 ] Request (InstanceActionsNegativeTestJSON:setUpClass): 201 POST http://10.180.1.21/identity/v3/users 0.066s
2025-03-10 20:53:16.245 68558 INFO tempest.lib.common.rest_client [req-4656ceff-1af1-46f9-b541-7b36a09c94fb req-4656ceff-1af1-46f9-b541-7b36a09c94fb ] Request (ServersAdmin275Test:setUpClass): 201 POST http://10.180.1.21/identity/v3/projects 0.025s
2025-03-10 20:53:16.292 68538 INFO tempest.lib.common.rest_client [req-388273e4-9b27-476e-b317-a60a90b69be6 req-388273e4-9b27-476e-b317-a60a90b69be6 ] Request (SecurityGroupsTestJSON:test_list_security_groups_by_server): 200 GET http://10.180.1.21/compute/v2.1/servers/15002715-43e8-416a-8a96-a6ebf22b3c2e 2.143s
2025-03-10 20:53:16.301 68538 INFO tempest.common.waiters [-] State transition "BUILD/None" ==> "BUILD/spawning" after 15 second wait
2025-03-10 20:53:16.301 68584 INFO tempest.lib.common.rest_client [req-cb03ab50-a3d5-439b-9c61-e754fecbbc3c req-cb03ab50-a3d5-439b-9c61-e754fecbbc3c ] Request (InstanceActionsNegativeTestJSON:setUpClass): 200 GET http://10.180.1.21/identity/v3/roles 0.063s
2025-03-10 20:53:16.330 68558 INFO tempest.lib.common.rest_client [req-a8146ad9-4184-473d-a00d-b94bf972d091 req-a8146ad9-4184-473d-a00d-b94bf972d091 ] Request (ServersAdmin275Test:setUpClass): 201 POST http://10.180.1.21/identity/v3/users 0.084s
2025-03-10 20:53:16.350 68566 INFO tempest.lib.common.rest_client [req-0361c7e4-1bec-406e-8801-75ad31acaf6f req-0361c7e4-1bec-406e-8801-75ad31acaf6f ] Request (HypervisorAdminNegativeTestJSON:tearDownClass): 204 DELETE http://10.180.1.21/identity/v3/projects/6d3e49f7b78d411fb2953f3cc639e5b3 0.126s
2025-03-10 20:53:16.385 68584 INFO tempest.lib.common.rest_client [req-2b36760c-1118-4920-9469-fb30edba9120 req-2b36760c-1118-4920-9469-fb30edba9120 ] Request (InstanceActionsNegativeTestJSON:setUpClass): 204 PUT http://10.180.1.21/identity/v3/projects/d784dc4877f34b79a1b791f508b93062/users/331bf584884d42cfa2760b74b6ff6433/roles/fe2ed9b66fb6475fa348602656043da9 0.084s
2025-03-10 20:53:16.385 68584 INFO tempest.lib.common.dynamic_creds [-] Dynamic test user 331bf584884d42cfa2760b74b6ff6433 is created with scope project and roles: ['member']
2025-03-10 20:53:16.386 68584 INFO tempest.lib.common.dynamic_creds [-] Acquired dynamic creds: credentials: Credentials: {'domain_id': 'default', 'domain_name': 'Default', 'username': 'tempest-InstanceActionsNegativeTestJSON-1501859823-project-member', 'project_domain_id': 'default', 'project_domain_name': 'Default', 'project_id': 'd784dc4877f34b79a1b791f508b93062', 'project_name': 'tempest-InstanceActionsNegativeTestJSON-1501859823', 'tenant_id': 'd784dc4877f34b79a1b791f508b93062', 'tenant_name': 'tempest-InstanceActionsNegativeTestJSON-1501859823', 'user_domain_id': 'default', 'user_domain_name': 'Default', 'user_id': '331bf584884d42cfa2760b74b6ff6433', 'system': None}, Network: None, Subnet: None, Router: None
2025-03-10 20:53:16.435 68562 INFO tempest.lib.common.rest_client [req-21fa453b-4df2-44ec-a004-c4251ae541fc req-21fa453b-4df2-44ec-a004-c4251ae541fc ] Request (HostsAdminNegativeTestJSON:tearDownClass): 204 DELETE http://10.180.1.21:9696/networking/v2.0/security-groups/fdfdbb37-f718-4b99-9ef4-9022fed86b2d 0.213s
2025-03-10 20:53:16.437 68558 INFO tempest.lib.common.rest_client [req-b8e285c0-1a86-4db5-a8e0-7fd6e6589147 req-b8e285c0-1a86-4db5-a8e0-7fd6e6589147 ] Request (ServersAdmin275Test:setUpClass): 200 GET http://10.180.1.21/identity/v3/roles 0.107s
2025-03-10 20:53:16.445 68566 INFO tempest.lib.common.rest_client [req-e6971fe1-b03d-44fa-ae88-efdd4cd8f728 req-e6971fe1-b03d-44fa-ae88-efdd4cd8f728 ] Request (MultipleCreateNegativeTestJSON:setUpClass): 201 POST http://10.180.1.21/identity/v3/auth/tokens 0.094s
2025-03-10 20:53:16.470 68584 INFO tempest.lib.common.rest_client [req-160d60c3-d8f2-4294-bab5-bbc1eea16fa5 req-160d60c3-d8f2-4294-bab5-bbc1eea16fa5 ] Request (InstanceActionsNegativeTestJSON:setUpClass): 201 POST http://10.180.1.21/identity/v3/auth/tokens 0.084s
2025-03-10 20:53:16.498 68542 INFO tempest.lib.common.rest_client [req-7232ae4a-22b2-4f17-9c8f-5daee30ed5e1 req-7232ae4a-22b2-4f17-9c8f-5daee30ed5e1 ] Request (SecurityGroupsTestAdminJSON:_run_cleanups): 202 DELETE http://10.180.1.21/compute/v2.1/os-security-groups/c4262882-dcf1-4672-b78c-4368f953cfd5 1.866s
2025-03-10 20:53:16.501 68558 INFO tempest.lib.common.rest_client [req-d1b6717a-1325-41f8-a0f3-89a9aa7f6165 req-d1b6717a-1325-41f8-a0f3-89a9aa7f6165 ] Request (ServersAdmin275Test:setUpClass): 204 PUT http://10.180.1.21/identity/v3/projects/9318498e72fc46679333ee04c5580fa4/users/08aa8e6efcf94b9394bb3e55fc00e9be/roles/fe2ed9b66fb6475fa348602656043da9 0.063s
2025-03-10 20:53:16.501 68558 INFO tempest.lib.common.dynamic_creds [-] Dynamic test user 08aa8e6efcf94b9394bb3e55fc00e9be is created with scope project and roles: ['member']
2025-03-10 20:53:16.501 68558 INFO tempest.lib.common.dynamic_creds [-] Acquired dynamic creds: credentials: Credentials: {'domain_id': 'default', 'domain_name': 'Default', 'username': 'tempest-ServersAdmin275Test-1989815918-project-member', 'project_domain_id': 'default', 'project_domain_name': 'Default', 'project_id': '9318498e72fc46679333ee04c5580fa4', 'project_name': 'tempest-ServersAdmin275Test-1989815918', 'tenant_id': '9318498e72fc46679333ee04c5580fa4', 'tenant_name': 'tempest-ServersAdmin275Test-1989815918', 'user_domain_id': 'default', 'user_domain_name': 'Default', 'user_id': '08aa8e6efcf94b9394bb3e55fc00e9be', 'system': None}, Network: None, Subnet: None, Router: None
2025-03-10 20:53:16.501 68558 INFO tempest.lib.common.dynamic_creds [-] Created isolated network resources for: credentials: Credentials: {'domain_id': 'default', 'domain_name': 'Default', 'username': 'tempest-ServersAdmin275Test-1989815918-project-member', 'project_domain_id': 'default', 'project_domain_name': 'Default', 'project_id': '9318498e72fc46679333ee04c5580fa4', 'project_name': 'tempest-ServersAdmin275Test-1989815918', 'tenant_id': '9318498e72fc46679333ee04c5580fa4', 'tenant_name': 'tempest-ServersAdmin275Test-1989815918', 'user_domain_id': 'default', 'user_domain_name': 'Default', 'user_id': '08aa8e6efcf94b9394bb3e55fc00e9be', 'system': None}, Network: None, Subnet: None, Router: None
2025-03-10 20:53:16.508 68562 INFO tempest.lib.common.rest_client [req-829135d2-d96d-402e-9cec-f951b8fe0758 req-829135d2-d96d-402e-9cec-f951b8fe0758 ] Request (HostsAdminNegativeTestJSON:tearDownClass): 204 DELETE http://10.180.1.21/identity/v3/projects/8ee77f20a89641e4ae8f237ba659c0bb 0.072s
2025-03-10 20:53:16.508 68562 INFO tempest.lib.common.dynamic_creds [-] Deleting project and security group for project: b60d509c2e2a4bf58ff6fd7ce03d4539
2025-03-10 20:53:16.555 68566 INFO tempest.lib.common.rest_client [req-f99537ca-70b7-47c9-99e0-83018a022dea req-f99537ca-70b7-47c9-99e0-83018a022dea ] Request (MultipleCreateNegativeTestJSON:setUpClass): 201 POST http://10.180.1.21/identity/v3/auth/tokens 0.105s
2025-03-10 20:53:16.595 68573 INFO tempest.lib.common.rest_client [req-fd90f6e9-34ca-4216-ad27-7b79f9cc2720 req-fd90f6e9-34ca-4216-ad27-7b79f9cc2720 ] Request (ImagesOneServerNegativeTestJSON:tearDown): 200 GET http://10.180.1.21/compute/v2.1/servers/3aef2e11-5b1a-477a-8587-732aef4eaead 1.956s
2025-03-10 20:53:16.610 68566 INFO tempest.lib.common.rest_client [req-ca87dbb6-0480-4b8d-a936-3e3f2a51b8ef req-ca87dbb6-0480-4b8d-a936-3e3f2a51b8ef ] Request (MultipleCreateNegativeTestJSON:setUpClass): 200 GET http://10.180.1.21/identity/v3/domains?name=Default 0.053s
2025-03-10 20:53:16.636 68558 INFO tempest.lib.common.rest_client [req-1c81428f-c664-4e7d-9807-b7d92aa95a00 req-1c81428f-c664-4e7d-9807-b7d92aa95a00 ] Request (ServersAdmin275Test:setUpClass): 201 POST http://10.180.1.21/identity/v3/auth/tokens 0.130s
2025-03-10 20:53:16.636 68580 INFO tempest.lib.common.rest_client [req-ccb0c6dc-0cb3-4bcc-bf5b-4cb2c15fb62e req-ccb0c6dc-0cb3-4bcc-bf5b-4cb2c15fb62e ] Request (ImagesMetadataTestJSON:test_set_image_metadata_item): 200 GET http://10.180.1.21/compute/v2.1/images/a04d0c3e-c9ff-46fe-b10d-32139bb3f7f1/metadata 1.742s
2025-03-10 20:53:16.647 68566 INFO tempest.lib.common.rest_client [req-885cb12f-d0d7-4785-99c9-2e1d4fbfd65b req-885cb12f-d0d7-4785-99c9-2e1d4fbfd65b ] Request (MultipleCreateNegativeTestJSON:setUpClass): 201 POST http://10.180.1.21/identity/v3/projects 0.037s
2025-03-10 20:53:16.709 68566 INFO tempest.lib.common.rest_client [req-1e7583d8-9517-436b-bcee-68bbc546cb06 req-1e7583d8-9517-436b-bcee-68bbc546cb06 ] Request (MultipleCreateNegativeTestJSON:setUpClass): 201 POST http://10.180.1.21/identity/v3/users 0.061s
2025-03-10 20:53:16.710 68558 INFO tempest.lib.common.rest_client [req-4d35d545-a310-45cf-b739-ce5ec9a534f3 req-4d35d545-a310-45cf-b739-ce5ec9a534f3 ] Request (ServersAdmin275Test:setUpClass): 201 POST http://10.180.1.21/identity/v3/projects 0.073s
2025-03-10 20:53:16.764 68566 INFO tempest.lib.common.rest_client [req-4d975382-2678-4850-93af-52dd63313a37 req-4d975382-2678-4850-93af-52dd63313a37 ] Request (MultipleCreateNegativeTestJSON:setUpClass): 200 GET http://10.180.1.21/identity/v3/roles 0.053s
2025-03-10 20:53:16.777 68558 INFO tempest.lib.common.rest_client [req-ca0f4c5d-297d-4fae-b0b8-4a9efe0e5605 req-ca0f4c5d-297d-4fae-b0b8-4a9efe0e5605 ] Request (ServersAdmin275Test:setUpClass): 201 POST http://10.180.1.21/identity/v3/users 0.066s
2025-03-10 20:53:16.790 68566 INFO tempest.lib.common.rest_client [req-29e064f6-fc6b-4ffc-b4f0-67d026bbd36b req-29e064f6-fc6b-4ffc-b4f0-67d026bbd36b ] Request (MultipleCreateNegativeTestJSON:setUpClass): 204 PUT http://10.180.1.21/identity/v3/projects/20170df20a8d4d5db68dc50e9287112a/users/963ce2e055064400b7a270445ce18309/roles/fe2ed9b66fb6475fa348602656043da9 0.026s
2025-03-10 20:53:16.791 68566 INFO tempest.lib.common.dynamic_creds [-] Dynamic test user 963ce2e055064400b7a270445ce18309 is created with scope project and roles: ['member']
2025-03-10 20:53:16.791 68566 INFO tempest.lib.common.dynamic_creds [-] Acquired dynamic creds: credentials: Credentials: {'domain_id': 'default', 'domain_name': 'Default', 'username': 'tempest-MultipleCreateNegativeTestJSON-823129726-project-member', 'project_domain_id': 'default', 'project_domain_name': 'Default', 'project_id': '20170df20a8d4d5db68dc50e9287112a', 'project_name': 'tempest-MultipleCreateNegativeTestJSON-823129726', 'tenant_id': '20170df20a8d4d5db68dc50e9287112a', 'tenant_name': 'tempest-MultipleCreateNegativeTestJSON-823129726', 'user_domain_id': 'default', 'user_domain_name': 'Default', 'user_id': '963ce2e055064400b7a270445ce18309', 'system': None}, Network: None, Subnet: None, Router: None
2025-03-10 20:53:16.791 68566 INFO tempest.lib.common.dynamic_creds [-] Created isolated network resources for: credentials: Credentials: {'domain_id': 'default', 'domain_name': 'Default', 'username': 'tempest-MultipleCreateNegativeTestJSON-823129726-project-member', 'project_domain_id': 'default', 'project_domain_name': 'Default', 'project_id': '20170df20a8d4d5db68dc50e9287112a', 'project_name': 'tempest-MultipleCreateNegativeTestJSON-823129726', 'tenant_id': '20170df20a8d4d5db68dc50e9287112a', 'tenant_name': 'tempest-MultipleCreateNegativeTestJSON-823129726', 'user_domain_id': 'default', 'user_domain_name': 'Default', 'user_id': '963ce2e055064400b7a270445ce18309', 'system': None}, Network: None, Subnet: None, Router: None
2025-03-10 20:53:16.799 68558 INFO tempest.lib.common.rest_client [req-2bb750d8-8de1-456b-ae5c-194996320407 req-2bb750d8-8de1-456b-ae5c-194996320407 ] Request (ServersAdmin275Test:setUpClass): 200 GET http://10.180.1.21/identity/v3/roles 0.022s
2025-03-10 20:53:16.856 68562 INFO tempest.lib.common.rest_client [req-36d21ee1-7c3b-46c2-b8e4-990a0358fb9c req-36d21ee1-7c3b-46c2-b8e4-990a0358fb9c ] Request (HostsAdminNegativeTestJSON:tearDownClass): 200 GET http://10.180.1.21:9696/networking/v2.0/security-groups?tenant_id=b60d509c2e2a4bf58ff6fd7ce03d4539&name=default 0.348s
2025-03-10 20:53:16.862 68582 INFO tempest.lib.common.rest_client [req-46766901-9072-4f70-a133-93acccbf704d req-46766901-9072-4f70-a133-93acccbf704d ] Request (MigrationsAdminTest:test_list_migrations_in_flavor_resize_situation): 200 GET http://10.180.1.21/compute/v2.1/servers/9e810eb2-b946-420e-91ce-13286fe3b51e 2.203s
2025-03-10 20:53:16.868 68566 INFO tempest.lib.common.rest_client [req-fc1055f3-9d3e-4004-92ef-178237d89753 req-fc1055f3-9d3e-4004-92ef-178237d89753 ] Request (MultipleCreateNegativeTestJSON:setUpClass): 201 POST http://10.180.1.21/identity/v3/auth/tokens 0.074s
2025-03-10 20:53:16.869 68558 INFO tempest.lib.common.rest_client [req-b9f3a520-71e3-4efa-a00e-d239488958aa req-b9f3a520-71e3-4efa-a00e-d239488958aa ] Request (ServersAdmin275Test:setUpClass): 204 PUT http://10.180.1.21/identity/v3/projects/0539d3079fe6437c9600cadd00996ac7/users/ad11e8b5ff1e4c55bd313aaeebd5908b/roles/561dff99527e4da88061f330289086db 0.069s
2025-03-10 20:53:16.947 68576 INFO tempest.lib.common.rest_client [req-2827312e-5fc0-4776-bc81-abc2fbf87df2 req-2827312e-5fc0-4776-bc81-abc2fbf87df2 ] Request (ServersNegativeTestJSON:setUpClass): 200 GET http://10.180.1.21/compute/v2.1/servers/6980d130-8086-4b37-a596-961f8852bacd 1.843s
2025-03-10 20:53:16.949 68558 INFO tempest.lib.common.rest_client [req-03197022-4fe6-45f6-8903-ff9c383f7b41 req-03197022-4fe6-45f6-8903-ff9c383f7b41 ] Request (ServersAdmin275Test:setUpClass): 200 GET http://10.180.1.21/identity/v3/roles 0.080s
2025-03-10 20:53:16.969 68566 INFO tempest.lib.common.rest_client [req-5fd6aef6-6a3b-4b03-8c07-b0cf24aac00c req-5fd6aef6-6a3b-4b03-8c07-b0cf24aac00c ] Request (MultipleCreateNegativeTestJSON:test_max_count_less_than_min_count): 201 POST http://10.180.1.21/identity/v3/auth/tokens 0.096s
2025-03-10 20:53:16.969 68566 INFO tempest.lib.common.fixed_network [-] (MultipleCreateNegativeTestJSON:test_max_count_less_than_min_count) Found network None available for tenant
2025-03-10 20:53:16.977 68558 INFO tempest.lib.common.rest_client [req-a1842f79-44e6-410c-a1df-2b77fc25631a req-a1842f79-44e6-410c-a1df-2b77fc25631a ] Request (ServersAdmin275Test:setUpClass): 204 PUT http://10.180.1.21/identity/v3/projects/0539d3079fe6437c9600cadd00996ac7/users/ad11e8b5ff1e4c55bd313aaeebd5908b/roles/561dff99527e4da88061f330289086db 0.028s
2025-03-10 20:53:16.978 68558 INFO tempest.lib.common.dynamic_creds [-] Dynamic test user ad11e8b5ff1e4c55bd313aaeebd5908b is created with scope project and roles: ['admin']
2025-03-10 20:53:16.978 68558 INFO tempest.lib.common.dynamic_creds [-] Acquired dynamic creds: credentials: Credentials: {'domain_id': 'default', 'domain_name': 'Default', 'username': 'tempest-ServersAdmin275Test-1313182461-project-admin', 'project_domain_id': 'default', 'project_domain_name': 'Default', 'project_id': '0539d3079fe6437c9600cadd00996ac7', 'project_name': 'tempest-ServersAdmin275Test-1313182461', 'tenant_id': '0539d3079fe6437c9600cadd00996ac7', 'tenant_name': 'tempest-ServersAdmin275Test-1313182461', 'user_domain_id': 'default', 'user_domain_name': 'Default', 'user_id': 'ad11e8b5ff1e4c55bd313aaeebd5908b', 'system': None}, Network: None, Subnet: None, Router: None
2025-03-10 20:53:16.978 68558 INFO tempest.lib.common.dynamic_creds [-] Created isolated network resources for: credentials: Credentials: {'domain_id': 'default', 'domain_name': 'Default', 'username': 'tempest-ServersAdmin275Test-1313182461-project-admin', 'project_domain_id': 'default', 'project_domain_name': 'Default', 'project_id': '0539d3079fe6437c9600cadd00996ac7', 'project_name': 'tempest-ServersAdmin275Test-1313182461', 'tenant_id': '0539d3079fe6437c9600cadd00996ac7', 'tenant_name': 'tempest-ServersAdmin275Test-1313182461', 'user_domain_id': 'default', 'user_domain_name': 'Default', 'user_id': 'ad11e8b5ff1e4c55bd313aaeebd5908b', 'system': None}, Network: None, Subnet: None, Router: None
2025-03-10 20:53:17.030 68578 INFO tempest.lib.common.rest_client [req-874990f4-65e2-4abd-9743-b70f62e39b6d req-874990f4-65e2-4abd-9743-b70f62e39b6d ] Request (AttachInterfacesV270Test:test_create_get_list_interfaces): 200 GET http://10.180.1.21/compute/v2.1/servers/4f242541-d0d9-404f-b663-389fd58b4fb4 2.116s
2025-03-10 20:53:17.100 68558 INFO tempest.lib.common.rest_client [req-c03f4462-b00e-4918-a117-1679b1045818 req-c03f4462-b00e-4918-a117-1679b1045818 ] Request (ServersAdmin275Test:setUpClass): 201 POST http://10.180.1.21/identity/v3/auth/tokens 0.119s
2025-03-10 20:53:17.142 68568 INFO tempest.lib.common.rest_client [req-9cafa6a5-df84-4fe3-9b74-692fb289f853 req-9cafa6a5-df84-4fe3-9b74-692fb289f853 ] Request (TenantUsagesTestJSON:tearDownClass): 204 DELETE http://10.180.1.21/compute/v2.1/servers/265fd430-7f5d-4c12-99bf-f662b22b195a 2.004s
2025-03-10 20:53:17.168 68588 INFO tempest.lib.common.rest_client [req-b0d721b9-fba2-4235-ae90-9e223d07e49e req-b0d721b9-fba2-4235-ae90-9e223d07e49e ] Request (FloatingIPDetailsTestJSON:tearDownClass): 204 DELETE http://10.180.1.21:9696/networking/v2.0/networks/339a657a-3976-4530-be7f-ffff566d4bc3 0.960s
2025-03-10 20:53:17.191 68558 INFO tempest.lib.common.rest_client [req-17870740-7ba4-498d-afdf-c40c4c38cdc0 req-17870740-7ba4-498d-afdf-c40c4c38cdc0 ] Request (ServersAdmin275Test:test_rebuild_update_server_275): 201 POST http://10.180.1.21/identity/v3/auth/tokens 0.078s
2025-03-10 20:53:17.192 68558 INFO tempest.lib.common.fixed_network [-] (ServersAdmin275Test:test_rebuild_update_server_275) Found network None available for tenant
2025-03-10 20:53:17.212 68562 INFO tempest.lib.common.rest_client [req-226202ac-9b50-408e-9e17-ab20a86bac4d req-226202ac-9b50-408e-9e17-ab20a86bac4d ] Request (HostsAdminNegativeTestJSON:tearDownClass): 204 DELETE http://10.180.1.21:9696/networking/v2.0/security-groups/3df1f791-3a51-4f1d-84ef-4eca537d80dd 0.355s
2025-03-10 20:53:17.246 68587 INFO tempest.lib.common.rest_client [req-9efa804d-57d2-4235-b78c-86909db570f3 req-9efa804d-57d2-4235-b78c-86909db570f3 ] Request (ServerDiagnosticsV248Test:test_get_server_diagnostics): 200 GET http://10.180.1.21/compute/v2.1/servers/b3f53fc9-d041-4c75-80fd-a2f5ee6c7283 1.948s
2025-03-10 20:53:17.296 68562 INFO tempest.lib.common.rest_client [req-2da9d391-e6d8-4604-bced-36e598d8a6d2 req-2da9d391-e6d8-4604-bced-36e598d8a6d2 ] Request (HostsAdminNegativeTestJSON:tearDownClass): 204 DELETE http://10.180.1.21/identity/v3/projects/b60d509c2e2a4bf58ff6fd7ce03d4539 0.083s
2025-03-10 20:53:17.319 68588 INFO tempest.lib.common.rest_client [req-9284bed4-c82f-4da6-9ae9-d020cd0b2a75 req-9284bed4-c82f-4da6-9ae9-d020cd0b2a75 ] Request (FloatingIPDetailsTestJSON:tearDownClass): 204 DELETE http://10.180.1.21/identity/v3/users/f92c3d7646584191807e03086d964772 0.151s
2025-03-10 20:53:17.319 68588 INFO tempest.lib.common.dynamic_creds [-] Deleting project and security group for project: 5f3351f1f1164eeca8029ff2943e3882
2025-03-10 20:53:17.324 68584 INFO tempest.lib.common.rest_client [req-93b87630-2025-46b2-a1c3-2650c96a65cb req-93b87630-2025-46b2-a1c3-2650c96a65cb ] Request (InstanceActionsNegativeTestJSON:setUpClass): 201 POST http://10.180.1.21:9696/networking/v2.0/networks 0.853s
2025-03-10 20:53:17.325 68550 INFO tempest.lib.common.rest_client [req-4b781148-b8f5-4896-b6c7-1b34dacc211d req-4b781148-b8f5-4896-b6c7-1b34dacc211d ] Request (VolumesAdminNegativeTest:setUpClass): 200 PUT http://10.180.1.21:9696/networking/v2.0/routers/191c850c-675f-4325-8adf-34a119b8c226/add_router_interface 3.127s
2025-03-10 20:53:17.325 68550 INFO tempest.lib.common.dynamic_creds [-] Created isolated network resources for: credentials: Credentials: {'domain_id': 'default', 'domain_name': 'Default', 'username': 'tempest-VolumesAdminNegativeTest-1572671100-project-member', 'project_domain_id': 'default', 'project_domain_name': 'Default', 'project_id': '5d4c157a34db4a2e967b6e92688a5e43', 'project_name': 'tempest-VolumesAdminNegativeTest-1572671100', 'tenant_id': '5d4c157a34db4a2e967b6e92688a5e43', 'tenant_name': 'tempest-VolumesAdminNegativeTest-1572671100', 'user_domain_id': 'default', 'user_domain_name': 'Default', 'user_id': '41c488155465428da654d30b94898f69', 'system': None}, Network: {'id': '35633fff-aa6b-47d6-bc87-0ca552791ac5', 'name': 'tempest-VolumesAdminNegativeTest-556151829-network', 'tenant_id': '5d4c157a34db4a2e967b6e92688a5e43', 'admin_state_up': True, 'mtu': 8950, 'status': 'ACTIVE', 'subnets': [], 'shared': False, 'project_id': '5d4c157a34db4a2e967b6e92688a5e43', 'port_security_enabled': True, 'router:external': False, 'provider:network_type': 'vlan', 'provider:physical_network': 'default', 'provider:segmentation_id': 331, 'availability_zone_hints': [], 'availability_zones': [], 'ipv4_address_scope': None, 'ipv6_address_scope': None, 'description': '', 'tags': [], 'created_at': '2025-03-10T20:53:12Z', 'updated_at': '2025-03-10T20:53:12Z', 'revision_number': 1}, Subnet: {'id': 'cd8416e9-154e-468e-a6c1-71831d393d84', 'name': 'tempest-VolumesAdminNegativeTest-556151829-subnet', 'tenant_id': '5d4c157a34db4a2e967b6e92688a5e43', 'network_id': '35633fff-aa6b-47d6-bc87-0ca552791ac5', 'ip_version': 4, 'subnetpool_id': None, 'enable_dhcp': True, 'ipv6_ra_mode': None, 'ipv6_address_mode': None, 'gateway_ip': '192.168.128.1', 'cidr': '192.168.128.0/28', 'allocation_pools': [{'start': '192.168.128.2', 'end': '192.168.128.14'}], 'host_routes': [], 'dns_nameservers': [], 'description': '', 'router:external': False, 'service_types': [], 'tags': [], 'created_at': '2025-03-10T20:53:12Z', 'updated_at': '2025-03-10T20:53:12Z', 'revision_number': 0, 'project_id': '5d4c157a34db4a2e967b6e92688a5e43'}, Router: {'id': '191c850c-675f-4325-8adf-34a119b8c226', 'name': 'tempest-VolumesAdminNegativeTest-556151829-router', 'tenant_id': '5d4c157a34db4a2e967b6e92688a5e43', 'admin_state_up': True, 'status': 'ACTIVE', 'external_gateway_info': {'network_id': '6f790bc3-a1ff-4276-8bb0-e6b106e45ffc', 'external_fixed_ips': [{'subnet_id': '27eaef13-c3e3-4a5c-bea8-3140baa38d91', 'ip_address': '10.180.180.132'}], 'enable_snat': True}, 'description': '', 'availability_zones': [], 'distributed': False, 'ha': False, 'availability_zone_hints': [], 'routes': [], 'flavor_id': None, 'tags': [], 'created_at': '2025-03-10T20:53:12Z', 'updated_at': '2025-03-10T20:53:13Z', 'revision_number': 2, 'project_id': '5d4c157a34db4a2e967b6e92688a5e43'}
2025-03-10 20:53:17.392 68588 INFO tempest.lib.common.rest_client [req-b087ecb6-2d5d-4390-b6b5-aedf87dffbbb req-b087ecb6-2d5d-4390-b6b5-aedf87dffbbb ] Request (FloatingIPDetailsTestJSON:tearDownClass): 200 GET http://10.180.1.21:9696/networking/v2.0/security-groups?tenant_id=5f3351f1f1164eeca8029ff2943e3882&name=default 0.073s
2025-03-10 20:53:17.397 68530 INFO tempest.lib.common.rest_client [req-a713d5e3-cafa-48b4-bdc6-e026d4486419 req-a713d5e3-cafa-48b4-bdc6-e026d4486419 ] Request (ServerDiagnosticsNegativeTest:tearDownClass): 200 GET http://10.180.1.21/compute/v2.1/servers/c6cbf03e-7419-49ae-8edf-2d46e8416e2b 2.154s
2025-03-10 20:53:17.399 68562 INFO tempest.lib.common.rest_client [req-d258854e-702c-4041-9ef7-8d381db7ccc2 req-d258854e-702c-4041-9ef7-8d381db7ccc2 ] Request (QuotaClassesAdmin257Test:setUpClass): 201 POST http://10.180.1.21/identity/v3/auth/tokens 0.101s
2025-03-10 20:53:17.424 68550 INFO tempest.lib.common.rest_client [req-4c459a0b-7bc0-47d6-82fc-f87252d6b044 req-4c459a0b-7bc0-47d6-82fc-f87252d6b044 ] Request (VolumesAdminNegativeTest:setUpClass): 201 POST http://10.180.1.21/identity/v3/auth/tokens 0.095s
2025-03-10 20:53:17.439 68562 INFO tempest.lib.common.rest_client [req-555316ee-5cc1-4d1d-8ad3-b1f58322753c req-555316ee-5cc1-4d1d-8ad3-b1f58322753c ] Request (QuotaClassesAdmin257Test:setUpClass): 201 POST http://10.180.1.21/identity/v3/auth/tokens 0.035s
2025-03-10 20:53:17.460 68561 INFO tempest.lib.common.rest_client [req-58956230-87a5-4846-ab8c-2a27ef896d21 req-58956230-87a5-4846-ab8c-2a27ef896d21 ] Request (FlavorsAdminTestJSON:_run_cleanups): 200 GET http://10.180.1.21/compute/v2.1/flavors/detail 1.921s
2025-03-10 20:53:17.477 68550 INFO tempest.lib.common.rest_client [req-b1aa7b4f-abb9-44c4-83f1-c9f13300cb68 req-b1aa7b4f-abb9-44c4-83f1-c9f13300cb68 ] Request (VolumesAdminNegativeTest:setUpClass): 201 POST http://10.180.1.21/identity/v3/projects 0.053s
2025-03-10 20:53:17.482 68548 INFO tempest.lib.common.rest_client [req-064d7f04-5b56-4ef3-b33a-419e1c0b1ac3 req-064d7f04-5b56-4ef3-b33a-419e1c0b1ac3 ] Request (FlavorsAccessNegativeTestJSON:test_flavor_non_admin_remove): 200 POST http://10.180.1.21/compute/v2.1/flavors 1.823s
2025-03-10 20:53:17.523 68534 INFO tempest.lib.common.rest_client [req-4c12419b-3e29-4f8c-91bb-77c17e9bb9d8 req-4c12419b-3e29-4f8c-91bb-77c17e9bb9d8 ] Request (FlavorsV2TestJSON:test_list_flavors_filter_by_min_ram): 200 GET http://10.180.1.21/compute/v2.1/flavors/42 1.704s
2025-03-10 20:53:17.561 68562 INFO tempest.lib.common.rest_client [req-35d79cd1-ac74-47d6-aee5-08d504fbcb08 req-35d79cd1-ac74-47d6-aee5-08d504fbcb08 ] Request (QuotaClassesAdmin257Test:setUpClass): 200 GET http://10.180.1.21/identity/v3/domains?name=Default 0.120s
2025-03-10 20:53:17.588 68550 INFO tempest.lib.common.rest_client [req-8fa7144c-ad66-499f-a385-9ea5942f9842 req-8fa7144c-ad66-499f-a385-9ea5942f9842 ] Request (VolumesAdminNegativeTest:setUpClass): 201 POST http://10.180.1.21/identity/v3/users 0.110s
2025-03-10 20:53:17.612 68544 INFO tempest.lib.common.rest_client [req-0ac13f22-90df-4a18-80e5-bf0002e2082e req-0ac13f22-90df-4a18-80e5-bf0002e2082e ] Request (SecurityGroupRulesNegativeTestJSON:test_create_security_group_rule_with_invalid_ip_protocol): 400 POST http://10.180.1.21/compute/v2.1/os-security-group-rules 1.676s
2025-03-10 20:53:17.622 68562 INFO tempest.lib.common.rest_client [req-b55c593d-dc6e-44e3-95b2-5c42d6ec4681 req-b55c593d-dc6e-44e3-95b2-5c42d6ec4681 ] Request (QuotaClassesAdmin257Test:setUpClass): 201 POST http://10.180.1.21/identity/v3/projects 0.060s
2025-03-10 20:53:17.646 68574 INFO tempest.lib.common.rest_client [req-6016671d-e7be-4c10-8261-d95b630d00ab req-6016671d-e7be-4c10-8261-d95b630d00ab ] Request (ServicesAdminNegativeV253TestJSON:test_get_service_by_invalid_params): 200 GET http://10.180.1.21/compute/v2.1/os-services?xxx=nova-compute 1.663s
2025-03-10 20:53:17.646 68588 INFO tempest.lib.common.rest_client [req-6baaa2f7-de62-428d-9b48-7c336399017f req-6baaa2f7-de62-428d-9b48-7c336399017f ] Request (FloatingIPDetailsTestJSON:tearDownClass): 204 DELETE http://10.180.1.21:9696/networking/v2.0/security-groups/c2028dfd-f45e-465d-913c-3b63a717957e 0.254s
2025-03-10 20:53:17.665 68554 INFO tempest.lib.common.rest_client [req-4193b227-5997-4dd0-a0ee-38e05320abf0 req-4193b227-5997-4dd0-a0ee-38e05320abf0 ] Request (KeyPairsV210TestJSON:test_admin_manage_keypairs_for_other_users): 200 GET http://10.180.1.21/compute/v2.1/os-keypairs?user_id=274f17e1434a48e8ab0c70152da92e5d 1.622s
2025-03-10 20:53:17.674 68550 INFO tempest.lib.common.rest_client [req-b07e7b8b-c67c-4056-9e07-1f3320b21cab req-b07e7b8b-c67c-4056-9e07-1f3320b21cab ] Request (VolumesAdminNegativeTest:setUpClass): 200 GET http://10.180.1.21/identity/v3/roles 0.085s
2025-03-10 20:53:17.694 68562 INFO tempest.lib.common.rest_client [req-86cef51e-146d-443e-8a0f-58d657d7c1a2 req-86cef51e-146d-443e-8a0f-58d657d7c1a2 ] Request (QuotaClassesAdmin257Test:setUpClass): 201 POST http://10.180.1.21/identity/v3/users 0.072s
2025-03-10 20:53:17.702 68532 INFO tempest.lib.common.rest_client [req-93d95b8a-339b-4015-a5aa-23da062c85fc req-93d95b8a-339b-4015-a5aa-23da062c85fc ] Request (QuotasAdminTestV236:test_get_updated_quotas): 200 GET http://10.180.1.21/compute/v2.1/os-quota-sets/e3eff633b8834120b0f0ce49df23f0d8/detail 2.117s
2025-03-10 20:53:17.733 68550 INFO tempest.lib.common.rest_client [req-7c891235-82ad-4578-be4f-966d749a9f66 req-7c891235-82ad-4578-be4f-966d749a9f66 ] Request (VolumesAdminNegativeTest:setUpClass): 204 PUT http://10.180.1.21/identity/v3/projects/16dcbcda5a9b4e91ba910e0a49a81049/users/627eee42127446678a8a9ae90125ddbb/roles/561dff99527e4da88061f330289086db 0.058s
2025-03-10 20:53:17.761 68588 INFO tempest.lib.common.rest_client [req-b4f7d71a-fcd5-4dfc-956f-ab146600a734 req-b4f7d71a-fcd5-4dfc-956f-ab146600a734 ] Request (FloatingIPDetailsTestJSON:tearDownClass): 204 DELETE http://10.180.1.21/identity/v3/projects/5f3351f1f1164eeca8029ff2943e3882 0.114s
2025-03-10 20:53:17.814 68562 INFO tempest.lib.common.rest_client [req-ac7216a3-ecc4-4af8-9e8f-de388ee2ab80 req-ac7216a3-ecc4-4af8-9e8f-de388ee2ab80 ] Request (QuotaClassesAdmin257Test:setUpClass): 200 GET http://10.180.1.21/identity/v3/roles 0.120s
2025-03-10 20:53:17.817 68532 INFO tempest.lib.common.rest_client [req-247dc2b2-ae4d-4383-853a-2dade752eeea req-247dc2b2-ae4d-4383-853a-2dade752eeea ] Request (QuotasAdminTestV236:test_get_updated_quotas): 200 GET http://10.180.1.21/identity/v3/domains?name=Default 0.107s
2025-03-10 20:53:17.843 68588 INFO tempest.lib.common.rest_client [req-3d70133e-92bf-4983-af78-a341b40117e2 req-3d70133e-92bf-4983-af78-a341b40117e2 ] Request (ServersTestFqdnHostnames:setUpClass): 201 POST http://10.180.1.21/identity/v3/auth/tokens 0.080s
2025-03-10 20:53:17.850 68550 INFO tempest.lib.common.rest_client [req-6f4b5fba-363b-4f1c-ac39-fb571520ee05 req-6f4b5fba-363b-4f1c-ac39-fb571520ee05 ] Request (VolumesAdminNegativeTest:setUpClass): 200 GET http://10.180.1.21/identity/v3/roles 0.117s
2025-03-10 20:53:17.870 68562 INFO tempest.lib.common.rest_client [req-07939925-c54f-4f79-b5b9-014bc19be713 req-07939925-c54f-4f79-b5b9-014bc19be713 ] Request (QuotaClassesAdmin257Test:setUpClass): 204 PUT http://10.180.1.21/identity/v3/projects/5751fe75869a4e369848b0b6bb4d6c87/users/1c3af818489c4f929fe78a6e42996923/roles/fe2ed9b66fb6475fa348602656043da9 0.055s
2025-03-10 20:53:17.870 68562 INFO tempest.lib.common.dynamic_creds [-] Dynamic test user 1c3af818489c4f929fe78a6e42996923 is created with scope project and roles: ['member']
