2025-03-10 20:52:58.529 68584 INFO tempest.lib.common.rest_client [req-0b7fa215-a6f1-491c-9324-f49bf570463d req-0b7fa215-a6f1-491c-9324-f49bf570463d ] Request (QuotasAdminTestJSON:test_get_updated_quotas): 201 POST http://10.180.1.21/identity/v3/projects 0.038s
2025-03-10 20:52:58.542 68526 INFO tempest.lib.common.rest_client [req-f2f1c445-14ba-45fd-ab4f-c7974e6848de req-f2f1c445-14ba-45fd-ab4f-c7974e6848de ] Request (ImagesTestJSON:setUpClass): 201 POST http://10.180.1.21/identity/v3/auth/tokens 0.085s
2025-03-10 20:52:58.616 68526 INFO tempest.lib.common.rest_client [req-1eb1e1f1-b2cc-4dce-9c9e-2e7b93d5eb26 req-1eb1e1f1-b2cc-4dce-9c9e-2e7b93d5eb26 ] Request (ImagesTestJSON:test_create_image_from_stopped_server): 201 POST http://10.180.1.21/identity/v3/auth/tokens 0.070s
2025-03-10 20:52:58.617 68526 INFO tempest.lib.common.fixed_network [-] (ImagesTestJSON:test_create_image_from_stopped_server) Found network {'id': 'd4251704-90d9-4e40-9468-45d5b22b89bf', 'name': 'tempest-ImagesTestJSON-1607885378-network', 'tenant_id': '13ea1b7c153d435086e3c71d94d666dc', 'admin_state_up': True, 'mtu': 8950, 'status': 'ACTIVE', 'subnets': [], 'shared': False, 'project_id': '13ea1b7c153d435086e3c71d94d666dc', 'port_security_enabled': True, 'router:external': False, 'provider:network_type': 'vlan', 'provider:physical_network': 'default', 'provider:segmentation_id': 583, 'availability_zone_hints': [], 'availability_zones': [], 'ipv4_address_scope': None, 'ipv6_address_scope': None, 'description': '', 'tags': [], 'created_at': '2025-03-10T20:52:54Z', 'updated_at': '2025-03-10T20:52:54Z', 'revision_number': 1} available for tenant
2025-03-10 20:52:58.627 68584 INFO tempest.lib.common.rest_client [req-f8c556b4-4794-4783-847d-016ecf8aa6b1 req-f8c556b4-4794-4783-847d-016ecf8aa6b1 ] Request (QuotasAdminTestJSON:test_get_updated_quotas): 200 GET http://10.180.1.21/identity/v3/domains?name=Default 0.097s
2025-03-10 20:52:58.732 68580 INFO tempest.lib.common.rest_client [req-6065b5ad-72e2-4443-9344-5cce42d4b7f7 req-6065b5ad-72e2-4443-9344-5cce42d4b7f7 ] Request (ImagesMetadataTestJSON:setUp): 200 PUT http://10.180.1.21/compute/v2.1/images/a04d0c3e-c9ff-46fe-b10d-32139bb3f7f1/metadata 2.893s
2025-03-10 20:52:58.756 68587 INFO tempest.lib.common.rest_client [req-641fa15f-118b-4460-bd49-33c537211047 req-641fa15f-118b-4460-bd49-33c537211047 ] Request (FlavorsV261TestJSON:_run_cleanups): 202 DELETE http://10.180.1.21/compute/v2.1/flavors/2097319123 2.895s
2025-03-10 20:52:58.777 68528 INFO tempest.lib.common.rest_client [req-67bdbd8d-d6b4-41f7-935f-48f9e002e209 req-67bdbd8d-d6b4-41f7-935f-48f9e002e209 ] Request (AggregatesAdminNegativeTestJSON:_run_cleanups): 200 DELETE http://10.180.1.21/compute/v2.1/os-aggregates/1 2.846s
2025-03-10 20:52:58.842 68544 INFO tempest.lib.common.rest_client [req-94b62f88-2bcb-43bd-a8b6-08fa297ce643 req-94b62f88-2bcb-43bd-a8b6-08fa297ce643 ] Request (SecurityGroupRulesNegativeTestJSON:setUpClass): 201 POST http://10.180.1.21:9696/networking/v2.0/routers 1.290s
2025-03-10 20:52:58.929 68552 INFO tempest.lib.common.rest_client [req-cb1fb375-3be5-4bd2-bee5-6f79c9d1ba68 req-cb1fb375-3be5-4bd2-bee5-6f79c9d1ba68 ] Request (VolumesAssistedSnapshotsTest:test_volume_assisted_snapshot_create_delete): 200 POST http://10.180.1.21/compute/v2.1/os-keypairs 2.919s
2025-03-10 20:52:58.935 68588 INFO tempest.lib.common.rest_client [req-a91dcb86-91f5-47df-9e06-f48612966b5e req-a91dcb86-91f5-47df-9e06-f48612966b5e ] Request (FloatingIPDetailsTestJSON:test_get_floating_ip_details): 200 POST http://10.180.1.21/compute/v2.1/os-floating-ips 3.868s
2025-03-10 20:52:59.128 68573 INFO tempest.lib.common.rest_client [req-0ccff614-c581-4cc0-8b89-ecf986e654c4 req-0ccff614-c581-4cc0-8b89-ecf986e654c4 ] Request (ImagesOneServerNegativeTestJSON:setUpClass): 200 GET http://10.180.1.21/compute/v2.1/servers/3aef2e11-5b1a-477a-8587-732aef4eaead 2.779s
2025-03-10 20:52:59.142 68573 INFO tempest.common.waiters [-] State transition "BUILD/None" ==> "BUILD/spawning" after 8 second wait
2025-03-10 20:52:59.153 68552 INFO tempest.lib.common.rest_client [req-16a86b09-9309-41be-af8e-8619eb996a9c req-16a86b09-9309-41be-af8e-8619eb996a9c ] Request (VolumesAssistedSnapshotsTest:test_volume_assisted_snapshot_create_delete): 201 POST http://10.180.1.21:9696/networking/v2.0/security-groups 0.222s
2025-03-10 20:52:59.228 68542 INFO tempest.lib.common.rest_client [req-05893302-b622-4da8-9942-5ad0755987d3 req-05893302-b622-4da8-9942-5ad0755987d3 ] Request (SecurityGroupsTestAdminJSON:test_list_security_groups_list_all_tenants_filter): 200 POST http://10.180.1.21/compute/v2.1/os-security-groups 2.803s
2025-03-10 20:52:59.251 68578 INFO tempest.lib.common.rest_client [req-0422dc81-e4bf-4463-b1d4-b936bb9c6dcd req-0422dc81-e4bf-4463-b1d4-b936bb9c6dcd ] Request (AttachInterfacesV270Test:test_create_get_list_interfaces): 200 GET http://10.180.1.21/compute/v2.1/servers/4f242541-d0d9-404f-b663-389fd58b4fb4 2.614s
2025-03-10 20:52:59.296 68552 INFO tempest.lib.common.rest_client [req-602e5de4-5383-472d-96bf-e9a18ade7325 req-602e5de4-5383-472d-96bf-e9a18ade7325 ] Request (VolumesAssistedSnapshotsTest:test_volume_assisted_snapshot_create_delete): 201 POST http://10.180.1.21:9696/networking/v2.0/security-group-rules 0.143s
2025-03-10 20:52:59.324 68576 INFO tempest.lib.common.rest_client [req-e4adf8c8-b637-422b-b977-295eec1a3b42 req-e4adf8c8-b637-422b-b977-295eec1a3b42 ] Request (InstanceUsageAuditLogTestJSON:test_get_instance_usage_audit_log): 200 GET http://10.180.1.21/compute/v2.1/os-instance_usage_audit_log/2025-03-10%2020%3A52%3A56 2.653s
2025-03-10 20:52:59.385 68530 INFO tempest.lib.common.rest_client [req-90a3bc73-597c-4d1f-aa6c-3ff2e1cb84e5 req-90a3bc73-597c-4d1f-aa6c-3ff2e1cb84e5 ] Request (ServerDiagnosticsNegativeTest:test_get_server_diagnostics_by_non_admin): 200 GET http://10.180.1.21/compute/v2.1/servers/c6cbf03e-7419-49ae-8edf-2d46e8416e2b 2.325s
2025-03-10 20:52:59.393 68530 INFO tempest.common.waiters [-] State transition "BUILD/None" ==> "BUILD/networking" after 7 second wait
2025-03-10 20:52:59.538 68564 INFO tempest.lib.common.rest_client [req-a212d76d-f448-4ed2-ad77-f7d4b2bace07 req-a212d76d-f448-4ed2-ad77-f7d4b2bace07 ] Request (DeleteServersAdminTestJSON:test_admin_delete_servers_of_others): 200 GET http://10.180.1.21/compute/v2.1/servers/f15108d3-114f-4a33-8ffc-133ce917179e 2.298s
2025-03-10 20:52:59.585 68540 INFO tempest.lib.common.rest_client [req-bb4cc896-fb78-4957-8e37-6241dde2b807 req-bb4cc896-fb78-4957-8e37-6241dde2b807 ] Request (ServersTestMultiNic:test_verify_duplicate_network_nics): 200 GET http://10.180.1.21/compute/v2.1/servers/5ffc47b4-c8f3-4df1-a64f-44854b07bc68 2.316s
2025-03-10 20:52:59.625 68552 INFO tempest.lib.common.rest_client [req-45b88d30-a9e0-4eac-a191-4e0b8a748f5c req-45b88d30-a9e0-4eac-a191-4e0b8a748f5c ] Request (VolumesAssistedSnapshotsTest:test_volume_assisted_snapshot_create_delete): 201 POST http://10.180.1.21:9696/networking/v2.0/security-group-rules 0.328s
2025-03-10 20:52:59.745 68582 INFO tempest.lib.common.rest_client [req-65d1e902-4437-430f-9579-ece6ce8d346c req-65d1e902-4437-430f-9579-ece6ce8d346c ] Request (MigrationsAdminTest:test_list_migrations_in_flavor_resize_situation): 200 GET http://10.180.1.21/compute/v2.1/servers/9e810eb2-b946-420e-91ce-13286fe3b51e 2.379s
2025-03-10 20:52:59.865 68558 INFO tempest.lib.common.rest_client [req-20213604-6375-4512-8a42-0c691845db71 req-20213604-6375-4512-8a42-0c691845db71 ] Request (QuotasAdminNegativeTest:test_create_server_when_instances_quota_is_full): 200 PUT http://10.180.1.21/compute/v2.1/os-quota-sets/23da073eb89b4b1b99153d932202b40a 2.316s
2025-03-10 20:52:59.929 68558 INFO tempest.lib.common.rest_client [req-d447b416-94cc-44b6-b909-ac5857aa0529 req-d447b416-94cc-44b6-b909-ac5857aa0529 ] Request (QuotasAdminNegativeTest:test_create_server_when_instances_quota_is_full): 201 POST http://10.180.1.21/identity/v3/auth/tokens 0.059s
2025-03-10 20:52:59.930 68558 INFO tempest.lib.common.fixed_network [-] (QuotasAdminNegativeTest:test_create_server_when_instances_quota_is_full) Found network None available for tenant
2025-03-10 20:52:59.967 68538 INFO tempest.lib.common.rest_client [req-5024e68f-1513-4d56-aebb-7f4c319e4fbd req-5024e68f-1513-4d56-aebb-7f4c319e4fbd ] Request (SecurityGroupsTestJSON:test_list_security_groups_by_server): 202 POST http://10.180.1.21/compute/v2.1/servers 2.996s
2025-03-10 20:52:59.999 68554 INFO tempest.lib.common.rest_client [req-cb922c2b-5d7f-4088-b0fb-3514a259013a req-cb922c2b-5d7f-4088-b0fb-3514a259013a ] Request (FlavorsAccessTestJSON:_run_cleanups): 200 GET http://10.180.1.21/compute/v2.1/flavors/detail 2.426s
2025-03-10 20:53:00.021 68570 INFO tempest.lib.common.rest_client [req-dc7066ad-596e-4b61-9145-47d813480890 req-dc7066ad-596e-4b61-9145-47d813480890 ] Request (ServersWithSpecificFlavorTestJSON:test_verify_created_server_ephemeral_disk): 200 POST http://10.180.1.21/compute/v2.1/flavors/1013278649/os-extra_specs 2.328s
2025-03-10 20:53:00.048 68550 INFO tempest.lib.common.rest_client [req-eaf50bab-0303-4b38-8e76-09925ec949f9 req-eaf50bab-0303-4b38-8e76-09925ec949f9 ] Request (ServicesAdminNegativeTestJSON:test_get_service_by_invalid_params): 200 GET http://10.180.1.21/compute/v2.1/os-services?xxx=nova-compute 2.241s
2025-03-10 20:53:00.049 68568 INFO tempest.lib.common.rest_client [req-127e69db-77b9-49ba-a949-aac3b8150675 req-127e69db-77b9-49ba-a949-aac3b8150675 ] Request (TenantUsagesTestJSON:setUpClass): 200 GET http://10.180.1.21/compute/v2.1/servers/265fd430-7f5d-4c12-99bf-f662b22b195a 2.497s
2025-03-10 20:53:00.077 68561 INFO tempest.lib.common.rest_client [req-1e084dbd-e62e-4f35-b35b-66ebef00c471 req-1e084dbd-e62e-4f35-b35b-66ebef00c471 ] Request (FlavorsAdminTestJSON:_run_cleanups): 200 GET http://10.180.1.21/compute/v2.1/flavors/detail 2.255s
2025-03-10 20:53:00.310 68546 INFO tempest.lib.common.rest_client [req-859201b4-e8c2-43fb-b3f0-272d3c064a34 req-859201b4-e8c2-43fb-b3f0-272d3c064a34 ] Request (NetworksTest:test_get_network): 200 GET http://10.180.1.21/compute/v2.1/os-networks 2.477s
2025-03-10 20:53:00.318 68562 INFO tempest.lib.common.rest_client [req-a867bc7c-29d7-4d6a-9bc4-f5997be79e45 req-a867bc7c-29d7-4d6a-9bc4-f5997be79e45 ] Request (HostsAdminNegativeTestJSON:test_shutdown_host_with_non_admin_user): 403 GET http://10.180.1.21/compute/v2.1/os-hosts/devstack/shutdown 2.093s
2025-03-10 20:53:00.335 68534 INFO tempest.lib.common.rest_client [req-72fd045e-97b2-4def-b159-b5f9cabf3da2 req-72fd045e-97b2-4def-b159-b5f9cabf3da2 ] Request (FlavorsV2TestJSON:test_list_flavors_detailed_filter_by_min_disk): 200 GET http://10.180.1.21/compute/v2.1/flavors/42 2.092s
2025-03-10 20:53:00.403 68557 INFO tempest.lib.common.rest_client [req-70c39b7e-c9e3-448a-821d-8a396ec53196 req-70c39b7e-c9e3-448a-821d-8a396ec53196 ] Request (InstanceActionsV221TestJSON:test_get_list_deleted_instance_actions): 200 GET http://10.180.1.21/compute/v2.1/servers/e81ca24d-3bbd-47bf-b88f-d526a5e2ddef 2.030s
2025-03-10 20:53:00.410 68566 INFO tempest.lib.common.rest_client [req-da865145-6ec5-4f22-91fb-f69c652e3af8 req-da865145-6ec5-4f22-91fb-f69c652e3af8 ] Request (HypervisorAdminNegativeTestJSON:test_get_hypervisor_list_with_non_admin_user): 403 GET http://10.180.1.21/compute/v2.1/os-hypervisors 2.023s
2025-03-10 20:53:00.435 68548 INFO tempest.lib.common.rest_client [req-bfac2cb2-b8c5-4cf3-be1d-1047f42186db req-bfac2cb2-b8c5-4cf3-be1d-1047f42186db ] Request (FlavorsAccessNegativeTestJSON:_run_cleanups): 200 GET http://10.180.1.21/compute/v2.1/flavors/detail 1.956s
2025-03-10 20:53:00.489 68544 INFO tempest.lib.common.rest_client [req-3dd4d71b-4546-43b1-8419-362da6c8019b req-3dd4d71b-4546-43b1-8419-362da6c8019b ] Request (SecurityGroupRulesNegativeTestJSON:setUpClass): 200 PUT http://10.180.1.21:9696/networking/v2.0/routers/f9ef37b2-d760-4d1f-84cd-1a404bfbe735/add_router_interface 1.647s
2025-03-10 20:53:00.492 68544 INFO tempest.lib.common.dynamic_creds [-] Created isolated network resources for: credentials: Credentials: {'domain_id': 'default', 'domain_name': 'Default', 'username': 'tempest-SecurityGroupRulesNegativeTestJSON-1623575913-project-member', 'project_domain_id': 'default', 'project_domain_name': 'Default', 'project_id': 'bc4546a5fa844366906c67f36479fd06', 'project_name': 'tempest-SecurityGroupRulesNegativeTestJSON-1623575913', 'tenant_id': 'bc4546a5fa844366906c67f36479fd06', 'tenant_name': 'tempest-SecurityGroupRulesNegativeTestJSON-1623575913', 'user_domain_id': 'default', 'user_domain_name': 'Default', 'user_id': '61850cd5abc34a3e8dde9d8df8ad7be2', 'system': None}, Network: {'id': 'fc2f0f39-753b-4043-a682-cd8a5c42ee87', 'name': 'tempest-SecurityGroupRulesNegativeTestJSON-1168757169-network', 'tenant_id': 'bc4546a5fa844366906c67f36479fd06', 'admin_state_up': True, 'mtu': 8950, 'status': 'ACTIVE', 'subnets': [], 'shared': False, 'project_id': 'bc4546a5fa844366906c67f36479fd06', 'port_security_enabled': True, 'router:external': False, 'provider:network_type': 'vlan', 'provider:physical_network': 'default', 'provider:segmentation_id': 124, 'availability_zone_hints': [], 'availability_zones': [], 'ipv4_address_scope': None, 'ipv6_address_scope': None, 'description': '', 'tags': [], 'created_at': '2025-03-10T20:52:56Z', 'updated_at': '2025-03-10T20:52:56Z', 'revision_number': 1}, Subnet: {'id': 'e63afe34-fa94-40b4-b739-6ab3c6fff90c', 'name': 'tempest-SecurityGroupRulesNegativeTestJSON-1168757169-subnet', 'tenant_id': 'bc4546a5fa844366906c67f36479fd06', 'network_id': 'fc2f0f39-753b-4043-a682-cd8a5c42ee87', 'ip_version': 4, 'subnetpool_id': None, 'enable_dhcp': True, 'ipv6_ra_mode': None, 'ipv6_address_mode': None, 'gateway_ip': '192.168.128.1', 'cidr': '192.168.128.0/28', 'allocation_pools': [{'start': '192.168.128.2', 'end': '192.168.128.14'}], 'host_routes': [], 'dns_nameservers': [], 'description': '', 'router:external': False, 'service_types': [], 'tags': [], 'created_at': '2025-03-10T20:52:57Z', 'updated_at': '2025-03-10T20:52:57Z', 'revision_number': 0, 'project_id': 'bc4546a5fa844366906c67f36479fd06'}, Router: {'id': 'f9ef37b2-d760-4d1f-84cd-1a404bfbe735', 'name': 'tempest-SecurityGroupRulesNegativeTestJSON-1168757169-router', 'tenant_id': 'bc4546a5fa844366906c67f36479fd06', 'admin_state_up': True, 'status': 'ACTIVE', 'external_gateway_info': {'network_id': '6f790bc3-a1ff-4276-8bb0-e6b106e45ffc', 'external_fixed_ips': [{'subnet_id': '27eaef13-c3e3-4a5c-bea8-3140baa38d91', 'ip_address': '10.180.180.252'}], 'enable_snat': True}, 'description': '', 'availability_zones': [], 'distributed': False, 'ha': False, 'availability_zone_hints': [], 'routes': [], 'flavor_id': None, 'tags': [], 'created_at': '2025-03-10T20:52:57Z', 'updated_at': '2025-03-10T20:52:58Z', 'revision_number': 2, 'project_id': 'bc4546a5fa844366906c67f36479fd06'}
2025-03-10 20:53:00.586 68544 INFO tempest.lib.common.rest_client [req-f53adbae-1843-4e84-8907-b5c620a1d95c req-f53adbae-1843-4e84-8907-b5c620a1d95c ] Request (SecurityGroupRulesNegativeTestJSON:setUpClass): 201 POST http://10.180.1.21/identity/v3/auth/tokens 0.090s
2025-03-10 20:53:00.593 68552 INFO tempest.lib.common.rest_client [req-6b5e79c1-decf-4a40-8964-0ecc54eb2de4 req-6b5e79c1-decf-4a40-8964-0ecc54eb2de4 ] Request (VolumesAssistedSnapshotsTest:test_volume_assisted_snapshot_create_delete): 201 POST http://10.180.1.21:9696/networking/v2.0/floatingips 0.967s
2025-03-10 20:53:00.626 68552 INFO tempest.lib.common.rest_client [req-121fd2db-f420-4445-8ccc-ea1bd83777c5 req-121fd2db-f420-4445-8ccc-ea1bd83777c5 ] Request (VolumesAssistedSnapshotsTest:test_volume_assisted_snapshot_create_delete): 201 POST http://10.180.1.21/identity/v3/auth/tokens 0.028s
2025-03-10 20:53:00.626 68552 INFO tempest.lib.common.fixed_network [-] (VolumesAssistedSnapshotsTest:test_volume_assisted_snapshot_create_delete) Found network {'id': '2899efb0-f08a-4c82-b568-685a4653b328', 'name': 'tempest-VolumesAssistedSnapshotsTest-1754143676-network', 'tenant_id': '4f4f7f86ccb74cd69d6e5a242d6df90c', 'admin_state_up': True, 'mtu': 8950, 'status': 'ACTIVE', 'subnets': [], 'shared': False, 'project_id': '4f4f7f86ccb74cd69d6e5a242d6df90c', 'port_security_enabled': True, 'router:external': False, 'provider:network_type': 'vlan', 'provider:physical_network': 'default', 'provider:segmentation_id': 706, 'availability_zone_hints': [], 'availability_zones': [], 'ipv4_address_scope': None, 'ipv6_address_scope': None, 'description': '', 'tags': [], 'created_at': '2025-03-10T20:52:37Z', 'updated_at': '2025-03-10T20:52:37Z', 'revision_number': 1} available for tenant
2025-03-10 20:53:00.742 68536 INFO tempest.lib.common.rest_client [req-07b5c812-397c-4c22-89ba-96e1300df4a7 req-07b5c812-397c-4c22-89ba-96e1300df4a7 ] Request (FloatingIPsTestJSON:test_delete_floating_ip): 202 DELETE http://10.180.1.21/compute/v2.1/os-floating-ips/9d7821c9-7ef8-471f-a1cf-a9bfd710ef64 2.537s
2025-03-10 20:53:00.772 68526 INFO tempest.lib.common.rest_client [req-03935140-1285-4b60-ba4a-bd2b0c7ebf29 req-03935140-1285-4b60-ba4a-bd2b0c7ebf29 ] Request (ImagesTestJSON:test_create_image_from_stopped_server): 202 POST http://10.180.1.21/compute/v2.1/servers 2.154s
2025-03-10 20:53:00.810 68580 INFO tempest.lib.common.rest_client [req-83ac548b-d2c8-4e17-8ee7-2cf9b5165047 req-83ac548b-d2c8-4e17-8ee7-2cf9b5165047 ] Request (ImagesMetadataTestJSON:test_get_image_metadata_item): 200 GET http://10.180.1.21/compute/v2.1/images/a04d0c3e-c9ff-46fe-b10d-32139bb3f7f1/metadata/os_distro 2.077s
2025-03-10 20:53:00.835 68584 INFO tempest.lib.common.rest_client [req-a8e85429-6d59-4dd5-92e8-0594e75305a8 req-a8e85429-6d59-4dd5-92e8-0594e75305a8 ] Request (QuotasAdminTestJSON:test_get_updated_quotas): 200 PUT http://10.180.1.21/compute/v2.1/os-quota-sets/dfe0c850e08146f9960d462a3f09c41f 2.208s
2025-03-10 20:53:00.838 68587 INFO tempest.lib.common.rest_client [req-ddfc507d-346a-4576-9d02-b2d3c85473ef req-ddfc507d-346a-4576-9d02-b2d3c85473ef ] Request (FlavorsV261TestJSON:_run_cleanups): 200 GET http://10.180.1.21/compute/v2.1/flavors/detail 2.081s
2025-03-10 20:53:00.865 68574 INFO tempest.lib.common.rest_client [req-a56458b2-3257-4218-a9e4-dcbba2879ca1 req-a56458b2-3257-4218-a9e4-dcbba2879ca1 ] Request (HostsAdminTestJSON:test_list_hosts_with_zone): 200 GET http://10.180.1.21/compute/v2.1/os-hosts 2.010s
2025-03-10 20:53:00.871 68528 INFO tempest.lib.common.rest_client [req-abc27249-b30b-49c3-812d-d6138ac79193 req-abc27249-b30b-49c3-812d-d6138ac79193 ] Request (AggregatesAdminNegativeTestJSON:test_aggregate_add_host_as_user): 200 POST http://10.180.1.21/compute/v2.1/os-aggregates 2.087s
2025-03-10 20:53:00.971 68588 INFO tempest.lib.common.rest_client [req-164f9886-2824-4dcb-9150-236bea8004e6 req-164f9886-2824-4dcb-9150-236bea8004e6 ] Request (FloatingIPDetailsTestJSON:test_get_floating_ip_details): 200 GET http://10.180.1.21/compute/v2.1/os-floating-ips/c2f41d7a-6625-47a5-80da-5de43734adb8 2.033s
2025-03-10 20:53:00.990 68576 INFO tempest.lib.common.rest_client [req-0c37c92b-3ba9-4316-a8b3-213fc0abecf4 req-0c37c92b-3ba9-4316-a8b3-213fc0abecf4 ] Request (InstanceUsageAuditLogTestJSON:test_list_instance_usage_audit_logs): 200 GET http://10.180.1.21/compute/v2.1/os-instance_usage_audit_log 1.661s
2025-03-10 20:53:01.061 68542 INFO tempest.lib.common.rest_client [req-8d01b3de-7bfd-4c52-8b2e-0211c62b4b9d req-8d01b3de-7bfd-4c52-8b2e-0211c62b4b9d ] Request (SecurityGroupsTestAdminJSON:test_list_security_groups_list_all_tenants_filter): 200 POST http://10.180.1.21/compute/v2.1/os-security-groups 1.830s
2025-03-10 20:53:01.100 68587 INFO tempest.lib.common.rest_client [req-45203620-f6d6-4664-b156-c15eda340d47 req-45203620-f6d6-4664-b156-c15eda340d47 ] Request (FlavorsV261TestJSON:tearDownClass): 204 DELETE http://10.180.1.21/identity/v3/users/78763fa09a434610bffe8fe82641b2c2 0.243s
2025-03-10 20:53:01.143 68538 INFO tempest.lib.common.rest_client [req-49b2a7d4-dd7a-4bd9-aa44-706414746f2c req-49b2a7d4-dd7a-4bd9-aa44-706414746f2c ] Request (SecurityGroupsTestJSON:test_list_security_groups_by_server): 200 GET http://10.180.1.21/compute/v2.1/servers/15002715-43e8-416a-8a96-a6ebf22b3c2e 1.172s
2025-03-10 20:53:01.217 68554 INFO tempest.lib.common.rest_client [req-0b50b331-3cb0-4621-8c67-86eb53f700c9 req-0b50b331-3cb0-4621-8c67-86eb53f700c9 ] Request (FlavorsAccessTestJSON:test_flavor_access_list_with_private_flavor): 200 POST http://10.180.1.21/compute/v2.1/flavors 1.200s
2025-03-10 20:53:01.267 68558 INFO tempest.lib.common.rest_client [req-1c91b0b3-bfc7-4a77-9e14-50c6fd84d61d req-1c91b0b3-bfc7-4a77-9e14-50c6fd84d61d ] Request (QuotasAdminNegativeTest:test_create_server_when_instances_quota_is_full): 403 POST http://10.180.1.21/compute/v2.1/servers 1.336s
2025-03-10 20:53:01.286 68570 INFO tempest.lib.common.rest_client [req-3aed9ba2-9bae-4d94-bf69-3a6f197c6ab2 req-3aed9ba2-9bae-4d94-bf69-3a6f197c6ab2 ] Request (ServersWithSpecificFlavorTestJSON:test_verify_created_server_ephemeral_disk): 200 POST http://10.180.1.21/compute/v2.1/flavors 1.263s
2025-03-10 20:53:01.286 68587 INFO tempest.lib.common.rest_client [req-99726caa-1f9b-4bba-8bff-d28d179d605c req-99726caa-1f9b-4bba-8bff-d28d179d605c ] Request (FlavorsV261TestJSON:tearDownClass): 204 DELETE http://10.180.1.21/identity/v3/users/4a1287d6a25d4453bf26c0a4a636fdbe 0.185s
2025-03-10 20:53:01.286 68587 INFO tempest.lib.common.dynamic_creds [-] Deleting project and security group for project: 41961d0bceae4f43b669e3070ad0c10a
2025-03-10 20:53:01.290 68576 INFO tempest.lib.common.rest_client [req-06edc2c1-0cab-4675-b41c-0b7298c36dfb req-06edc2c1-0cab-4675-b41c-0b7298c36dfb ] Request (InstanceUsageAuditLogTestJSON:tearDownClass): 204 DELETE http://10.180.1.21/identity/v3/users/acccc48a6bb049239443742c88f1f4f7 0.293s
2025-03-10 20:53:01.313 68550 INFO tempest.lib.common.rest_client [req-cab7b846-9e4c-429c-9f18-00a254d0dc02 req-cab7b846-9e4c-429c-9f18-00a254d0dc02 ] Request (ServicesAdminNegativeTestJSON:test_get_service_by_invalid_service_and_valid_host): 200 GET http://10.180.1.21/compute/v2.1/os-services 1.259s
2025-03-10 20:53:01.349 68587 INFO tempest.lib.common.rest_client [req-78528a12-4614-4d89-b718-8158ec98f814 req-78528a12-4614-4d89-b718-8158ec98f814 ] Request (FlavorsV261TestJSON:tearDownClass): 201 POST http://10.180.1.21/identity/v3/auth/tokens 0.062s
2025-03-10 20:53:01.353 68561 INFO tempest.lib.common.rest_client [req-1f135cf1-7473-49d6-8bdd-a186a89e303c req-1f135cf1-7473-49d6-8bdd-a186a89e303c ] Request (FlavorsAdminTestJSON:test_create_flavor_with_int_id): 200 POST http://10.180.1.21/compute/v2.1/flavors 1.266s
2025-03-10 20:53:01.522 68576 INFO tempest.lib.common.rest_client [req-535d0a65-8f8c-4317-94c0-19b1c86ebd6d req-535d0a65-8f8c-4317-94c0-19b1c86ebd6d ] Request (InstanceUsageAuditLogTestJSON:tearDownClass): 204 DELETE http://10.180.1.21/identity/v3/users/15d1c02d2af44049b24c0b3cec349a8c 0.231s
2025-03-10 20:53:01.522 68576 INFO tempest.lib.common.dynamic_creds [-] Deleting project and security group for project: b6fb8c3468d64c94924f4aedfb4e8fba
2025-03-10 20:53:01.525 68573 INFO tempest.lib.common.rest_client [req-de4d63eb-0fdd-437d-9b57-663f094ac419 req-de4d63eb-0fdd-437d-9b57-663f094ac419 ] Request (ImagesOneServerNegativeTestJSON:setUpClass): 200 GET http://10.180.1.21/compute/v2.1/servers/3aef2e11-5b1a-477a-8587-732aef4eaead 1.383s
2025-03-10 20:53:01.558 68578 INFO tempest.lib.common.rest_client [req-1848e1be-e0e0-4d42-ab84-0793e04bc8a7 req-1848e1be-e0e0-4d42-ab84-0793e04bc8a7 ] Request (AttachInterfacesV270Test:test_create_get_list_interfaces): 200 GET http://10.180.1.21/compute/v2.1/servers/4f242541-d0d9-404f-b663-389fd58b4fb4 1.291s
2025-03-10 20:53:01.572 68562 INFO tempest.lib.common.rest_client [req-b6a9d5f0-04c2-4bc3-af2e-320d40e7b9aa req-b6a9d5f0-04c2-4bc3-af2e-320d40e7b9aa ] Request (HostsAdminNegativeTestJSON:test_shutdown_nonexistent_host): 404 GET http://10.180.1.21/compute/v2.1/os-hosts/nonexistent_hostname/shutdown 1.252s
2025-03-10 20:53:01.575 68546 INFO tempest.lib.common.rest_client [req-5c63f341-88ec-4f0a-8f45-1c70ff71716d req-5c63f341-88ec-4f0a-8f45-1c70ff71716d ] Request (NetworksTest:test_get_network): 200 GET http://10.180.1.21/compute/v2.1/os-networks/6f790bc3-a1ff-4276-8bb0-e6b106e45ffc 1.264s
2025-03-10 20:53:01.589 68576 INFO tempest.lib.common.rest_client [req-466ed4bd-1031-4ead-b10f-6cea4af53d82 req-466ed4bd-1031-4ead-b10f-6cea4af53d82 ] Request (InstanceUsageAuditLogTestJSON:tearDownClass): 201 POST http://10.180.1.21/identity/v3/auth/tokens 0.067s
2025-03-10 20:53:01.600 68534 INFO tempest.lib.common.rest_client [req-d8b9caf7-5031-485d-befe-2439df1d97ba req-d8b9caf7-5031-485d-befe-2439df1d97ba ] Request (FlavorsV2TestJSON:test_list_flavors_detailed_filter_by_min_disk): 200 GET http://10.180.1.21/compute/v2.1/flavors/detail?minDisk=2 1.261s
2025-03-10 20:53:01.605 68566 INFO tempest.lib.common.rest_client [req-92dfaa85-0786-4e49-aec0-679536f7f682 req-92dfaa85-0786-4e49-aec0-679536f7f682 ] Request (HypervisorAdminNegativeTestJSON:test_get_hypervisor_stats_with_non_admin_user): 403 GET http://10.180.1.21/compute/v2.1/os-hypervisors/statistics 1.194s
2025-03-10 20:53:01.630 68548 INFO tempest.lib.common.rest_client [req-ac37c911-d484-4c2f-94e9-3ad68c7a7fba req-ac37c911-d484-4c2f-94e9-3ad68c7a7fba ] Request (FlavorsAccessNegativeTestJSON:test_flavor_access_list_with_public_flavor): 200 POST http://10.180.1.21/compute/v2.1/flavors 1.178s
2025-03-10 20:53:01.707 68530 INFO tempest.lib.common.rest_client [req-ec833851-c530-4bc5-a85d-c0c27d571eaa req-ec833851-c530-4bc5-a85d-c0c27d571eaa ] Request (ServerDiagnosticsNegativeTest:test_get_server_diagnostics_by_non_admin): 200 GET http://10.180.1.21/compute/v2.1/servers/c6cbf03e-7419-49ae-8edf-2d46e8416e2b 1.313s
2025-03-10 20:53:01.708 68587 INFO tempest.lib.common.rest_client [req-5a6088ea-44ba-4ce7-8237-f8ea39d271ae req-5a6088ea-44ba-4ce7-8237-f8ea39d271ae ] Request (FlavorsV261TestJSON:tearDownClass): 200 GET http://10.180.1.21:9696/networking/v2.0/security-groups?tenant_id=41961d0bceae4f43b669e3070ad0c10a&name=default 0.356s
2025-03-10 20:53:01.717 68530 INFO tempest.common.waiters [-] State transition "BUILD/networking" ==> "BUILD/spawning" after 9 second wait
2025-03-10 20:53:01.785 68587 INFO tempest.lib.common.rest_client [req-da069d71-2085-42e1-ab06-f196e2d52903 req-da069d71-2085-42e1-ab06-f196e2d52903 ] Request (FlavorsV261TestJSON:tearDownClass): 204 DELETE http://10.180.1.21:9696/networking/v2.0/security-groups/564194d6-82f2-416b-9393-2cb65a09336a 0.076s
2025-03-10 20:53:01.856 68587 INFO tempest.lib.common.rest_client [req-305630a4-59b7-4d59-b457-4cbc29d76ec5 req-305630a4-59b7-4d59-b457-4cbc29d76ec5 ] Request (FlavorsV261TestJSON:tearDownClass): 204 DELETE http://10.180.1.21/identity/v3/projects/41961d0bceae4f43b669e3070ad0c10a 0.071s
2025-03-10 20:53:01.856 68587 INFO tempest.lib.common.dynamic_creds [-] Deleting project and security group for project: 53df78aa1a284e64909921d56f6c843f
2025-03-10 20:53:01.859 68564 INFO tempest.lib.common.rest_client [req-36703446-e17a-455e-9661-cee5e0ee335e req-36703446-e17a-455e-9661-cee5e0ee335e ] Request (DeleteServersAdminTestJSON:test_admin_delete_servers_of_others): 200 GET http://10.180.1.21/compute/v2.1/servers/f15108d3-114f-4a33-8ffc-133ce917179e 1.310s
2025-03-10 20:53:01.860 68576 INFO tempest.lib.common.rest_client [req-6870d434-5a53-43a4-ac01-b765f1bf7b88 req-6870d434-5a53-43a4-ac01-b765f1bf7b88 ] Request (InstanceUsageAuditLogTestJSON:tearDownClass): 200 GET http://10.180.1.21:9696/networking/v2.0/security-groups?tenant_id=b6fb8c3468d64c94924f4aedfb4e8fba&name=default 0.270s
2025-03-10 20:53:01.924 68540 INFO tempest.lib.common.rest_client [req-9eaf1125-b285-43bf-8bce-d734c2d748f0 req-9eaf1125-b285-43bf-8bce-d734c2d748f0 ] Request (ServersTestMultiNic:test_verify_duplicate_network_nics): 200 GET http://10.180.1.21/compute/v2.1/servers/5ffc47b4-c8f3-4df1-a64f-44854b07bc68 1.329s
2025-03-10 20:53:02.001 68576 INFO tempest.lib.common.rest_client [req-ca501f8f-8ca8-4062-950d-51eed549ad33 req-ca501f8f-8ca8-4062-950d-51eed549ad33 ] Request (InstanceUsageAuditLogTestJSON:tearDownClass): 204 DELETE http://10.180.1.21:9696/networking/v2.0/security-groups/a130c235-5d51-4825-a590-1451f730ea10 0.141s
2025-03-10 20:53:02.049 68544 INFO tempest.lib.common.rest_client [req-0c6d555f-0eb1-46c3-a403-27e50b5ee596 req-0c6d555f-0eb1-46c3-a403-27e50b5ee596 ] Request (SecurityGroupRulesNegativeTestJSON:test_create_security_group_rule_duplicate): 200 POST http://10.180.1.21/compute/v2.1/os-security-groups 1.461s
2025-03-10 20:53:02.096 68536 INFO tempest.lib.common.rest_client [req-e979451c-980f-49a0-bad1-3350e17b40bd req-e979451c-980f-49a0-bad1-3350e17b40bd ] Request (FloatingIPsTestJSON:test_delete_floating_ip): 404 GET http://10.180.1.21/compute/v2.1/os-floating-ips/9d7821c9-7ef8-471f-a1cf-a9bfd710ef64 1.353s
2025-03-10 20:53:02.120 68576 INFO tempest.lib.common.rest_client [req-7ed19ff3-5688-446e-a692-73e90494873c req-7ed19ff3-5688-446e-a692-73e90494873c ] Request (InstanceUsageAuditLogTestJSON:tearDownClass): 204 DELETE http://10.180.1.21/identity/v3/projects/b6fb8c3468d64c94924f4aedfb4e8fba 0.118s
2025-03-10 20:53:02.120 68576 INFO tempest.lib.common.dynamic_creds [-] Deleting project and security group for project: 41b30b58f5074784a46fea5d2bca5b63
2025-03-10 20:53:02.123 68587 INFO tempest.lib.common.rest_client [req-5eaf26c7-bdb5-4ae6-83b1-5162346bcbdc req-5eaf26c7-bdb5-4ae6-83b1-5162346bcbdc ] Request (FlavorsV261TestJSON:tearDownClass): 200 GET http://10.180.1.21:9696/networking/v2.0/security-groups?tenant_id=53df78aa1a284e64909921d56f6c843f&name=default 0.267s
2025-03-10 20:53:02.274 68576 INFO tempest.lib.common.rest_client [req-982e9d2b-5772-4200-bdec-441f71c8db41 req-982e9d2b-5772-4200-bdec-441f71c8db41 ] Request (InstanceUsageAuditLogTestJSON:tearDownClass): 200 GET http://10.180.1.21:9696/networking/v2.0/security-groups?tenant_id=41b30b58f5074784a46fea5d2bca5b63&name=default 0.153s
2025-03-10 20:53:02.312 68582 INFO tempest.lib.common.rest_client [req-5c6defb8-6844-4dba-bb83-60a0bdefd728 req-5c6defb8-6844-4dba-bb83-60a0bdefd728 ] Request (MigrationsAdminTest:test_list_migrations_in_flavor_resize_situation): 200 GET http://10.180.1.21/compute/v2.1/servers/9e810eb2-b946-420e-91ce-13286fe3b51e 1.549s
2025-03-10 20:53:02.354 68587 INFO tempest.lib.common.rest_client [req-4f72db1b-89b5-41cd-a7e0-1e07b1b0839c req-4f72db1b-89b5-41cd-a7e0-1e07b1b0839c ] Request (FlavorsV261TestJSON:tearDownClass): 204 DELETE http://10.180.1.21:9696/networking/v2.0/security-groups/2e4affe3-a632-4891-a5af-3f854f9d9351 0.230s
2025-03-10 20:53:02.359 68576 INFO tempest.lib.common.rest_client [req-ae313007-d312-4f1b-9142-96c693dc30ba req-ae313007-d312-4f1b-9142-96c693dc30ba ] Request (InstanceUsageAuditLogTestJSON:tearDownClass): 204 DELETE http://10.180.1.21:9696/networking/v2.0/security-groups/5d6ca7fc-7078-40e4-ad1f-48e951702ffe 0.084s
2025-03-10 20:53:02.391 68552 INFO tempest.lib.common.rest_client [req-3edd0d8a-a5b1-43fd-9d44-398c8f01d2dd req-3edd0d8a-a5b1-43fd-9d44-398c8f01d2dd ] Request (VolumesAssistedSnapshotsTest:test_volume_assisted_snapshot_create_delete): 202 POST http://10.180.1.21/compute/v2.1/servers 1.764s
2025-03-10 20:53:02.401 68526 INFO tempest.lib.common.rest_client [req-8a395e1b-68cf-4209-bd5e-7947f6bdb9b3 req-8a395e1b-68cf-4209-bd5e-7947f6bdb9b3 ] Request (ImagesTestJSON:test_create_image_from_stopped_server): 200 GET http://10.180.1.21/compute/v2.1/servers/42282b6b-6f06-4f86-ac0a-2a1c5229786a 1.626s
2025-03-10 20:53:02.470 68587 INFO tempest.lib.common.rest_client [req-3207a86d-501f-4461-b570-cbeb6b6203aa req-3207a86d-501f-4461-b570-cbeb6b6203aa ] Request (FlavorsV261TestJSON:tearDownClass): 204 DELETE http://10.180.1.21/identity/v3/projects/53df78aa1a284e64909921d56f6c843f 0.115s
2025-03-10 20:53:02.487 68576 INFO tempest.lib.common.rest_client [req-efcbc845-e2a1-4375-8147-e1e0af9bc264 req-efcbc845-e2a1-4375-8147-e1e0af9bc264 ] Request (InstanceUsageAuditLogTestJSON:tearDownClass): 204 DELETE http://10.180.1.21/identity/v3/projects/41b30b58f5074784a46fea5d2bca5b63 0.128s
2025-03-10 20:53:02.561 68587 INFO tempest.lib.common.rest_client [req-e785b23b-757c-4133-b9b7-a63e2487927b req-e785b23b-757c-4133-b9b7-a63e2487927b ] Request (ServerDiagnosticsV248Test:setUpClass): 201 POST http://10.180.1.21/identity/v3/auth/tokens 0.088s
2025-03-10 20:53:02.592 68580 INFO tempest.lib.common.rest_client [req-0f3bc4b0-3a2f-423c-b49b-98a4724521ae req-0f3bc4b0-3a2f-423c-b49b-98a4724521ae ] Request (ImagesMetadataTestJSON:setUp): 200 PUT http://10.180.1.21/compute/v2.1/images/a04d0c3e-c9ff-46fe-b10d-32139bb3f7f1/metadata 1.780s
2025-03-10 20:53:02.609 68576 INFO tempest.lib.common.rest_client [req-260b08f2-62da-481d-a069-1b6853a4f760 req-260b08f2-62da-481d-a069-1b6853a4f760 ] Request (ServersNegativeTestJSON:setUpClass): 201 POST http://10.180.1.21/identity/v3/auth/tokens 0.119s
2025-03-10 20:53:02.614 68574 INFO tempest.lib.common.rest_client [req-5b618ae0-7b41-44b1-ab1a-dca01b59a2e0 req-5b618ae0-7b41-44b1-ab1a-dca01b59a2e0 ] Request (HostsAdminTestJSON:test_list_hosts_with_zone): 200 GET http://10.180.1.21/compute/v2.1/os-hosts?zone=internal 1.748s
2025-03-10 20:53:02.621 68587 INFO tempest.lib.common.rest_client [req-f4166186-b7c1-4b4c-af47-e4bf5f3241c9 req-f4166186-b7c1-4b4c-af47-e4bf5f3241c9 ] Request (ServerDiagnosticsV248Test:setUpClass): 201 POST http://10.180.1.21/identity/v3/auth/tokens 0.058s
2025-03-10 20:53:02.624 68584 INFO tempest.lib.common.rest_client [req-ddb83f80-d15a-4904-80c4-4bed26d6525a req-ddb83f80-d15a-4904-80c4-4bed26d6525a ] Request (QuotasAdminTestJSON:test_get_updated_quotas): 200 GET http://10.180.1.21/compute/v2.1/os-quota-sets/dfe0c850e08146f9960d462a3f09c41f/detail 1.786s
2025-03-10 20:53:02.649 68576 INFO tempest.lib.common.rest_client [req-21a27de4-ea05-4ef7-8f15-cba32e209fb4 req-21a27de4-ea05-4ef7-8f15-cba32e209fb4 ] Request (ServersNegativeTestJSON:setUpClass): 201 POST http://10.180.1.21/identity/v3/auth/tokens 0.036s
2025-03-10 20:53:02.673 68587 INFO tempest.lib.common.rest_client [req-bab5d729-5e51-4d40-b994-6465d77c0390 req-bab5d729-5e51-4d40-b994-6465d77c0390 ] Request (ServerDiagnosticsV248Test:setUpClass): 200 GET http://10.180.1.21/identity/v3/domains?name=Default 0.052s
2025-03-10 20:53:02.687 68528 INFO tempest.lib.common.rest_client [req-6d0365ad-5e66-486d-9689-c1b001ceee22 req-6d0365ad-5e66-486d-9689-c1b001ceee22 ] Request (AggregatesAdminNegativeTestJSON:test_aggregate_add_host_as_user): 403 POST http://10.180.1.21/compute/v2.1/os-aggregates/2/action 1.812s
2025-03-10 20:53:02.700 68576 INFO tempest.lib.common.rest_client [req-36975ddd-97ae-49a4-a21e-381e503d2025 req-36975ddd-97ae-49a4-a21e-381e503d2025 ] Request (ServersNegativeTestJSON:setUpClass): 200 GET http://10.180.1.21/identity/v3/domains?name=Default 0.050s
2025-03-10 20:53:02.704 68584 INFO tempest.lib.common.rest_client [req-7d7248e5-cbe3-478e-ba18-c16925ebf004 req-7d7248e5-cbe3-478e-ba18-c16925ebf004 ] Request (QuotasAdminTestJSON:test_get_updated_quotas): 200 GET http://10.180.1.21/identity/v3/domains?name=Default 0.073s
2025-03-10 20:53:02.730 68587 INFO tempest.lib.common.rest_client [req-88025c40-acb1-40d9-8093-ec42f47841b9 req-88025c40-acb1-40d9-8093-ec42f47841b9 ] Request (ServerDiagnosticsV248Test:setUpClass): 201 POST http://10.180.1.21/identity/v3/projects 0.055s
2025-03-10 20:53:02.743 68576 INFO tempest.lib.common.rest_client [req-46ed975d-0375-44e0-ba5c-7f99a933077a req-46ed975d-0375-44e0-ba5c-7f99a933077a ] Request (ServersNegativeTestJSON:setUpClass): 201 POST http://10.180.1.21/identity/v3/projects 0.043s
2025-03-10 20:53:02.808 68587 INFO tempest.lib.common.rest_client [req-471f9918-01ab-45e2-915e-6193d2bb54ab req-471f9918-01ab-45e2-915e-6193d2bb54ab ] Request (ServerDiagnosticsV248Test:setUpClass): 201 POST http://10.180.1.21/identity/v3/users 0.077s
2025-03-10 20:53:02.811 68568 INFO tempest.lib.common.rest_client [req-94d4bb27-036a-4dd9-aa85-7d78ff5e4ae5 req-94d4bb27-036a-4dd9-aa85-7d78ff5e4ae5 ] Request (TenantUsagesTestJSON:setUpClass): 200 GET http://10.180.1.21/compute/v2.1/servers/265fd430-7f5d-4c12-99bf-f662b22b195a 1.751s
2025-03-10 20:53:02.824 68584 INFO tempest.lib.common.rest_client [req-392ce510-dae6-4bab-a83b-434fca0fadd1 req-392ce510-dae6-4bab-a83b-434fca0fadd1 ] Request (QuotasAdminTestJSON:test_get_updated_quotas): 201 POST http://10.180.1.21/identity/v3/users 0.119s
2025-03-10 20:53:02.840 68576 INFO tempest.lib.common.rest_client [req-932e6ef2-7df5-4639-8897-788e08898460 req-932e6ef2-7df5-4639-8897-788e08898460 ] Request (ServersNegativeTestJSON:setUpClass): 201 POST http://10.180.1.21/identity/v3/users 0.096s
2025-03-10 20:53:02.846 68587 INFO tempest.lib.common.rest_client [req-4b511fe2-fc91-45bc-94d5-16baa5033a8b req-4b511fe2-fc91-45bc-94d5-16baa5033a8b ] Request (ServerDiagnosticsV248Test:setUpClass): 200 GET http://10.180.1.21/identity/v3/roles 0.038s
2025-03-10 20:53:02.870 68584 INFO tempest.lib.common.rest_client [req-85f093e3-c960-4872-8df0-c3765a9b667e req-85f093e3-c960-4872-8df0-c3765a9b667e ] Request (QuotasAdminTestJSON:test_get_updated_quotas): 200 GET http://10.180.1.21/identity/v3/domains?name=Default 0.045s
2025-03-10 20:53:02.892 68576 INFO tempest.lib.common.rest_client [req-84cd83dc-ca83-4f4b-807c-76401f4b019c req-84cd83dc-ca83-4f4b-807c-76401f4b019c ] Request (ServersNegativeTestJSON:setUpClass): 200 GET http://10.180.1.21/identity/v3/roles 0.051s
2025-03-10 20:53:02.932 68587 INFO tempest.lib.common.rest_client [req-083155bc-0211-4ce8-98c7-a6e8b16f4899 req-083155bc-0211-4ce8-98c7-a6e8b16f4899 ] Request (ServerDiagnosticsV248Test:setUpClass): 204 PUT http://10.180.1.21/identity/v3/projects/c36be6ddbe8e4b9886fc1351eed72cfd/users/73e66ba2a77f4f7bb33bfca95ea7014a/roles/fe2ed9b66fb6475fa348602656043da9 0.085s
2025-03-10 20:53:02.932 68587 INFO tempest.lib.common.dynamic_creds [-] Dynamic test user 73e66ba2a77f4f7bb33bfca95ea7014a is created with scope project and roles: ['member']
2025-03-10 20:53:02.933 68587 INFO tempest.lib.common.dynamic_creds [-] Acquired dynamic creds: credentials: Credentials: {'domain_id': 'default', 'domain_name': 'Default', 'username': 'tempest-ServerDiagnosticsV248Test-393691330-project-member', 'project_domain_id': 'default', 'project_domain_name': 'Default', 'project_id': 'c36be6ddbe8e4b9886fc1351eed72cfd', 'project_name': 'tempest-ServerDiagnosticsV248Test-393691330', 'tenant_id': 'c36be6ddbe8e4b9886fc1351eed72cfd', 'tenant_name': 'tempest-ServerDiagnosticsV248Test-393691330', 'user_domain_id': 'default', 'user_domain_name': 'Default', 'user_id': '73e66ba2a77f4f7bb33bfca95ea7014a', 'system': None}, Network: None, Subnet: None, Router: None
2025-03-10 20:53:02.933 68587 INFO tempest.lib.common.dynamic_creds [-] Created isolated network resources for: credentials: Credentials: {'domain_id': 'default', 'domain_name': 'Default', 'username': 'tempest-ServerDiagnosticsV248Test-393691330-project-member', 'project_domain_id': 'default', 'project_domain_name': 'Default', 'project_id': 'c36be6ddbe8e4b9886fc1351eed72cfd', 'project_name': 'tempest-ServerDiagnosticsV248Test-393691330', 'tenant_id': 'c36be6ddbe8e4b9886fc1351eed72cfd', 'tenant_name': 'tempest-ServerDiagnosticsV248Test-393691330', 'user_domain_id': 'default', 'user_domain_name': 'Default', 'user_id': '73e66ba2a77f4f7bb33bfca95ea7014a', 'system': None}, Network: None, Subnet: None, Router: None
2025-03-10 20:53:03.009 68576 INFO tempest.lib.common.rest_client [req-8f7edbb3-1fa7-4f0a-9f83-29c3138bedad req-8f7edbb3-1fa7-4f0a-9f83-29c3138bedad ] Request (ServersNegativeTestJSON:setUpClass): 204 PUT http://10.180.1.21/identity/v3/projects/3ed766027e0a49659be6942347b14a54/users/7d7ba2a1631b4d178c6cc5c0f59c5ab3/roles/fe2ed9b66fb6475fa348602656043da9 0.116s
2025-03-10 20:53:03.009 68576 INFO tempest.lib.common.dynamic_creds [-] Dynamic test user 7d7ba2a1631b4d178c6cc5c0f59c5ab3 is created with scope project and roles: ['member']
2025-03-10 20:53:03.009 68576 INFO tempest.lib.common.dynamic_creds [-] Acquired dynamic creds: credentials: Credentials: {'domain_id': 'default', 'domain_name': 'Default', 'username': 'tempest-ServersNegativeTestJSON-1889283018-project-member', 'project_domain_id': 'default', 'project_domain_name': 'Default', 'project_id': '3ed766027e0a49659be6942347b14a54', 'project_name': 'tempest-ServersNegativeTestJSON-1889283018', 'tenant_id': '3ed766027e0a49659be6942347b14a54', 'tenant_name': 'tempest-ServersNegativeTestJSON-1889283018', 'user_domain_id': 'default', 'user_domain_name': 'Default', 'user_id': '7d7ba2a1631b4d178c6cc5c0f59c5ab3', 'system': None}, Network: None, Subnet: None, Router: None
2025-03-10 20:53:03.049 68587 INFO tempest.lib.common.rest_client [req-96c14147-832e-41f7-9097-58fe161272c6 req-96c14147-832e-41f7-9097-58fe161272c6 ] Request (ServerDiagnosticsV248Test:setUpClass): 201 POST http://10.180.1.21/identity/v3/auth/tokens 0.105s
2025-03-10 20:53:03.080 68576 INFO tempest.lib.common.rest_client [req-357930cb-2ed6-445e-8ccb-6befe8f94678 req-357930cb-2ed6-445e-8ccb-6befe8f94678 ] Request (ServersNegativeTestJSON:setUpClass): 201 POST http://10.180.1.21/identity/v3/auth/tokens 0.070s
2025-03-10 20:53:03.155 68587 INFO tempest.lib.common.rest_client [req-d0ee2adc-21de-4808-95ce-ed20df0c3f15 req-d0ee2adc-21de-4808-95ce-ed20df0c3f15 ] Request (ServerDiagnosticsV248Test:setUpClass): 201 POST http://10.180.1.21/identity/v3/projects 0.105s
2025-03-10 20:53:03.209 68542 INFO tempest.lib.common.rest_client [req-83d70b24-9e87-4fd6-9307-88d21b3cae72 req-83d70b24-9e87-4fd6-9307-88d21b3cae72 ] Request (SecurityGroupsTestAdminJSON:test_list_security_groups_list_all_tenants_filter): 200 POST http://10.180.1.21/compute/v2.1/os-security-groups 2.143s
2025-03-10 20:53:03.226 68587 INFO tempest.lib.common.rest_client [req-1d60f92f-6a42-453a-bd9d-7c3c73b589e8 req-1d60f92f-6a42-453a-bd9d-7c3c73b589e8 ] Request (ServerDiagnosticsV248Test:setUpClass): 201 POST http://10.180.1.21/identity/v3/users 0.070s
2025-03-10 20:53:03.228 68554 INFO tempest.lib.common.rest_client [req-d41670c5-5d6b-47e3-bb6e-6f3a688f3592 req-d41670c5-5d6b-47e3-bb6e-6f3a688f3592 ] Request (FlavorsAccessTestJSON:test_flavor_access_list_with_private_flavor): 200 GET http://10.180.1.21/compute/v2.1/flavors/505923506/os-flavor-access 2.007s
2025-03-10 20:53:03.257 68587 INFO tempest.lib.common.rest_client [req-f4c4a0eb-9f85-472a-88c1-71be78f71b21 req-f4c4a0eb-9f85-472a-88c1-71be78f71b21 ] Request (ServerDiagnosticsV248Test:setUpClass): 200 GET http://10.180.1.21/identity/v3/roles 0.031s
2025-03-10 20:53:03.290 68587 INFO tempest.lib.common.rest_client [req-60028729-68a3-4dd0-a7c6-b2524dc15755 req-60028729-68a3-4dd0-a7c6-b2524dc15755 ] Request (ServerDiagnosticsV248Test:setUpClass): 204 PUT http://10.180.1.21/identity/v3/projects/29f5b111b1b24c868dfc25a1609bf1e8/users/692986bb9ee54159afc3c3a1ca2a0022/roles/561dff99527e4da88061f330289086db 0.032s
2025-03-10 20:53:03.291 68588 INFO tempest.lib.common.rest_client [req-a0b6cb5a-2eea-4f55-8fa6-d656cd7995a8 req-a0b6cb5a-2eea-4f55-8fa6-d656cd7995a8 ] Request (FloatingIPDetailsTestJSON:_run_cleanups): 202 DELETE http://10.180.1.21/compute/v2.1/os-floating-ips/c2f41d7a-6625-47a5-80da-5de43734adb8 2.316s
2025-03-10 20:53:03.306 68570 INFO tempest.lib.common.rest_client [req-1972b303-7a9b-4b0e-b34f-4081c28389b4 req-1972b303-7a9b-4b0e-b34f-4081c28389b4 ] Request (ServersWithSpecificFlavorTestJSON:test_verify_created_server_ephemeral_disk): 200 GET http://10.180.1.21/compute/v2.1/flavors/42/os-extra_specs 2.017s
2025-03-10 20:53:03.328 68550 INFO tempest.lib.common.rest_client [req-701a0d85-1148-472f-9b8a-2093b10c435d req-701a0d85-1148-472f-9b8a-2093b10c435d ] Request (ServicesAdminNegativeTestJSON:test_get_service_by_invalid_service_and_valid_host): 200 GET http://10.180.1.21/compute/v2.1/os-services?host=devstack&binary=xxx 2.012s
2025-03-10 20:53:03.347 68561 INFO tempest.lib.common.rest_client [req-4e06077e-082f-4706-a4ff-8449c45ccafc req-4e06077e-082f-4706-a4ff-8449c45ccafc ] Request (FlavorsAdminTestJSON:_run_cleanups): 202 DELETE http://10.180.1.21/compute/v2.1/flavors/1504732591 1.991s
2025-03-10 20:53:03.349 68587 INFO tempest.lib.common.rest_client [req-95997917-d8af-476f-be74-1bc0e1775ffb req-95997917-d8af-476f-be74-1bc0e1775ffb ] Request (ServerDiagnosticsV248Test:setUpClass): 200 GET http://10.180.1.21/identity/v3/roles 0.059s
2025-03-10 20:53:03.366 68587 INFO tempest.lib.common.rest_client [req-7ca09570-0201-4046-8f99-d2e729a9d451 req-7ca09570-0201-4046-8f99-d2e729a9d451 ] Request (ServerDiagnosticsV248Test:setUpClass): 204 PUT http://10.180.1.21/identity/v3/projects/29f5b111b1b24c868dfc25a1609bf1e8/users/692986bb9ee54159afc3c3a1ca2a0022/roles/561dff99527e4da88061f330289086db 0.016s
2025-03-10 20:53:03.366 68587 INFO tempest.lib.common.dynamic_creds [-] Dynamic test user 692986bb9ee54159afc3c3a1ca2a0022 is created with scope project and roles: ['admin']
2025-03-10 20:53:03.366 68587 INFO tempest.lib.common.dynamic_creds [-] Acquired dynamic creds: credentials: Credentials: {'domain_id': 'default', 'domain_name': 'Default', 'username': 'tempest-ServerDiagnosticsV248Test-275013664-project-admin', 'project_domain_id': 'default', 'project_domain_name': 'Default', 'project_id': '29f5b111b1b24c868dfc25a1609bf1e8', 'project_name': 'tempest-ServerDiagnosticsV248Test-275013664', 'tenant_id': '29f5b111b1b24c868dfc25a1609bf1e8', 'tenant_name': 'tempest-ServerDiagnosticsV248Test-275013664', 'user_domain_id': 'default', 'user_domain_name': 'Default', 'user_id': '692986bb9ee54159afc3c3a1ca2a0022', 'system': None}, Network: None, Subnet: None, Router: None
2025-03-10 20:53:03.367 68587 INFO tempest.lib.common.dynamic_creds [-] Created isolated network resources for: credentials: Credentials: {'domain_id': 'default', 'domain_name': 'Default', 'username': 'tempest-ServerDiagnosticsV248Test-275013664-project-admin', 'project_domain_id': 'default', 'project_domain_name': 'Default', 'project_id': '29f5b111b1b24c868dfc25a1609bf1e8', 'project_name': 'tempest-ServerDiagnosticsV248Test-275013664', 'tenant_id': '29f5b111b1b24c868dfc25a1609bf1e8', 'tenant_name': 'tempest-ServerDiagnosticsV248Test-275013664', 'user_domain_id': 'default', 'user_domain_name': 'Default', 'user_id': '692986bb9ee54159afc3c3a1ca2a0022', 'system': None}, Network: None, Subnet: None, Router: None
2025-03-10 20:53:03.440 68558 INFO tempest.lib.common.rest_client [req-03166e12-6b02-4a92-a008-0a97294b78ae req-03166e12-6b02-4a92-a008-0a97294b78ae ] Request (QuotasAdminNegativeTest:_run_cleanups): 200 PUT http://10.180.1.21/compute/v2.1/os-quota-sets/23da073eb89b4b1b99153d932202b40a 2.173s
2025-03-10 20:53:03.447 68562 INFO tempest.lib.common.rest_client [req-a4b51e70-26d6-44c5-bb10-6d4e6a9ed121 req-a4b51e70-26d6-44c5-bb10-6d4e6a9ed121 ] Request (HostsAdminNegativeTestJSON:test_startup_host_with_non_admin_user): 403 GET http://10.180.1.21/compute/v2.1/os-hosts/devstack/startup 1.874s
2025-03-10 20:53:03.448 68587 INFO tempest.lib.common.rest_client [req-7efd4edd-f0e2-49aa-94f4-c0f3c7c1c0f7 req-7efd4edd-f0e2-49aa-94f4-c0f3c7c1c0f7 ] Request (ServerDiagnosticsV248Test:setUpClass): 201 POST http://10.180.1.21/identity/v3/auth/tokens 0.078s
2025-03-10 20:53:03.511 68587 INFO tempest.lib.common.rest_client [req-00d72f64-c18b-4ef9-8824-14fd63009dce req-00d72f64-c18b-4ef9-8824-14fd63009dce ] Request (ServerDiagnosticsV248Test:test_get_server_diagnostics): 201 POST http://10.180.1.21/identity/v3/auth/tokens 0.059s
2025-03-10 20:53:03.512 68587 INFO tempest.lib.common.fixed_network [-] (ServerDiagnosticsV248Test:test_get_server_diagnostics) Found network None available for tenant
2025-03-10 20:53:03.525 68557 INFO tempest.lib.common.rest_client [req-423943fd-8713-46a7-8970-bbdecf5493e5 req-423943fd-8713-46a7-8970-bbdecf5493e5 ] Request (InstanceActionsV221TestJSON:test_get_list_deleted_instance_actions): 200 GET http://10.180.1.21/compute/v2.1/servers/e81ca24d-3bbd-47bf-b88f-d526a5e2ddef 2.112s
2025-03-10 20:53:03.538 68557 INFO tempest.common.waiters [-] State transition "BUILD/None" ==> "BUILD/spawning" after 6 second wait
2025-03-10 20:53:03.543 68534 INFO tempest.lib.common.rest_client [req-106ceeb2-9247-4af0-99a0-8f2ea6e72f3e req-106ceeb2-9247-4af0-99a0-8f2ea6e72f3e ] Request (FlavorsV2TestJSON:test_list_flavors_detailed_filter_by_min_ram): 200 GET http://10.180.1.21/compute/v2.1/flavors/42 1.937s
2025-03-10 20:53:03.571 68546 INFO tempest.lib.common.rest_client [req-fe579af2-2c29-4dd5-969c-48e3e205ef55 req-fe579af2-2c29-4dd5-969c-48e3e205ef55 ] Request (NetworksTest:test_list_all_networks): 200 GET http://10.180.1.21/compute/v2.1/os-networks 1.992s
2025-03-10 20:53:03.584 68548 INFO tempest.lib.common.rest_client [req-3572599e-567b-4458-8eed-0a9e2c224c5f req-3572599e-567b-4458-8eed-0a9e2c224c5f ] Request (FlavorsAccessNegativeTestJSON:test_flavor_access_list_with_public_flavor): 404 GET http://10.180.1.21/compute/v2.1/flavors/1173401342/os-flavor-access 1.951s
2025-03-10 20:53:03.684 68566 INFO tempest.lib.common.rest_client [req-787de2cc-d118-4f6f-bdbf-0afc62ef9c89 req-787de2cc-d118-4f6f-bdbf-0afc62ef9c89 ] Request (HypervisorAdminNegativeTestJSON:test_get_hypervisor_uptime_with_non_admin_user): 200 GET http://10.180.1.21/compute/v2.1/os-hypervisors 2.077s
2025-03-10 20:53:03.707 68546 INFO tempest.lib.common.rest_client [req-e3dcdfb1-7346-45b2-b4e0-23e2125ad334 req-e3dcdfb1-7346-45b2-b4e0-23e2125ad334 ] Request (NetworksTest:tearDownClass): 204 DELETE http://10.180.1.21/identity/v3/users/d55dc23730ab4355a361c671bf8073d0 0.134s
2025-03-10 20:53:03.708 68544 INFO tempest.lib.common.rest_client [req-56ecd0e5-bd38-405e-a12d-19f5402af7ff req-56ecd0e5-bd38-405e-a12d-19f5402af7ff ] Request (SecurityGroupRulesNegativeTestJSON:test_create_security_group_rule_duplicate): 200 POST http://10.180.1.21/compute/v2.1/os-security-group-rules 1.656s
2025-03-10 20:53:03.752 68536 INFO tempest.lib.common.rest_client [req-dec90194-a30b-4dd6-9100-3eb128833fd2 req-dec90194-a30b-4dd6-9100-3eb128833fd2 ] Request (FloatingIPsTestJSON:_run_cleanups): 404 DELETE http://10.180.1.21/compute/v2.1/os-floating-ips/9d7821c9-7ef8-471f-a1cf-a9bfd710ef64 1.656s
