2025-03-10 20:55:09.391 68564 INFO tempest.lib.common.dynamic_creds [-] Dynamic test user a961d8f9d45a45e09e9255afd25a2fdd is created with scope project and roles: ['admin']
2025-03-10 20:55:09.391 68564 INFO tempest.lib.common.dynamic_creds [-] Acquired dynamic creds: credentials: Credentials: {'domain_id': 'default', 'domain_name': 'Default', 'username': 'tempest-FlavorsExtraSpecsNegativeTestJSON-373222728-project-admin', 'project_domain_id': 'default', 'project_domain_name': 'Default', 'project_id': '59badf034a4d4f8699524be5b0147074', 'project_name': 'tempest-FlavorsExtraSpecsNegativeTestJSON-373222728', 'tenant_id': '59badf034a4d4f8699524be5b0147074', 'tenant_name': 'tempest-FlavorsExtraSpecsNegativeTestJSON-373222728', 'user_domain_id': 'default', 'user_domain_name': 'Default', 'user_id': 'a961d8f9d45a45e09e9255afd25a2fdd', 'system': None}, Network: None, Subnet: None, Router: None
2025-03-10 20:55:09.392 68564 INFO tempest.lib.common.dynamic_creds [-] Created isolated network resources for: credentials: Credentials: {'domain_id': 'default', 'domain_name': 'Default', 'username': 'tempest-FlavorsExtraSpecsNegativeTestJSON-373222728-project-admin', 'project_domain_id': 'default', 'project_domain_name': 'Default', 'project_id': '59badf034a4d4f8699524be5b0147074', 'project_name': 'tempest-FlavorsExtraSpecsNegativeTestJSON-373222728', 'tenant_id': '59badf034a4d4f8699524be5b0147074', 'tenant_name': 'tempest-FlavorsExtraSpecsNegativeTestJSON-373222728', 'user_domain_id': 'default', 'user_domain_name': 'Default', 'user_id': 'a961d8f9d45a45e09e9255afd25a2fdd', 'system': None}, Network: None, Subnet: None, Router: None
2025-03-10 20:55:09.461 68564 INFO tempest.lib.common.rest_client [req-1a91c3ee-0381-4c75-96a4-7c1b9011b4d9 req-1a91c3ee-0381-4c75-96a4-7c1b9011b4d9 ] Request (FlavorsExtraSpecsNegativeTestJSON:setUpClass): 201 POST http://10.180.1.21/identity/v3/auth/tokens 0.066s
2025-03-10 20:55:09.510 68587 INFO tempest.lib.common.rest_client [req-3df10056-1017-4bf8-9b6e-de1605d38fb9 req-3df10056-1017-4bf8-9b6e-de1605d38fb9 ] Request (ServersListShow2100Test:test_list_show_rebuild_update_server_2100): 200 GET http://10.180.1.21/compute/v2.1/servers/68dbd909-bd4a-4de6-86d1-942261f816c4 0.064s
2025-03-10 20:55:09.542 68564 INFO tempest.lib.common.rest_client [req-7e67cb94-94a4-424a-8b3d-2b7aa462594c req-7e67cb94-94a4-424a-8b3d-2b7aa462594c ] Request (FlavorsExtraSpecsNegativeTestJSON:setUpClass): 200 POST http://10.180.1.21/compute/v2.1/flavors 0.081s
2025-03-10 20:55:09.595 68546 INFO tempest.lib.common.rest_client [req-e453170c-990e-4ba6-b111-160c97f3ca1f req-e453170c-990e-4ba6-b111-160c97f3ca1f ] Request (ServersV294TestFqdnHostnames:setUpClass): 200 GET http://10.180.1.21/compute/v2.1/servers/15528757-b487-4c16-ba3e-254c3599e3b6 0.086s
2025-03-10 20:55:09.616 68562 INFO tempest.lib.common.rest_client [req-23d66c4e-2b33-4bf6-bd44-b960077c6cd3 req-23d66c4e-2b33-4bf6-bd44-b960077c6cd3 ] Request (AttachInterfacesUnderV243Test:test_add_remove_fixed_ip): 200 GET http://10.180.1.21/compute/v2.1/servers/aa631f83-2087-46a6-82f6-add91abce8ce 0.127s
2025-03-10 20:55:09.653 68564 INFO tempest.lib.common.rest_client [req-838da56b-df86-4c6a-b8af-b833e35ed82a req-838da56b-df86-4c6a-b8af-b833e35ed82a ] Request (FlavorsExtraSpecsNegativeTestJSON:test_flavor_get_nonexistent_key): 404 GET http://10.180.1.21/compute/v2.1/flavors/341911274/os-extra_specs/hw:cpu_thread_policy 0.107s
2025-03-10 20:55:09.668 68561 INFO tempest.lib.common.rest_client [req-a0ef6c68-354c-4415-89e7-aba780fe7bc4 req-a0ef6c68-354c-4415-89e7-aba780fe7bc4 ] Request (ServerDiagnosticsTest:test_get_server_diagnostics): 200 GET http://10.180.1.21/compute/v2.1/servers/20eb57e4-d4cd-4b2b-ba64-e47288e661f3 0.119s
2025-03-10 20:55:09.674 68564 INFO tempest.lib.common.rest_client [req-881b4d71-9d58-414f-b79b-8d5bd7ffa780 req-881b4d71-9d58-414f-b79b-8d5bd7ffa780 ] Request (FlavorsExtraSpecsNegativeTestJSON:test_flavor_non_admin_set_keys): 403 POST http://10.180.1.21/compute/v2.1/flavors/341911274/os-extra_specs 0.019s
2025-03-10 20:55:09.686 68534 INFO tempest.lib.common.rest_client [req-08f91b29-5b57-4f73-8345-ea6d339bc96a req-08f91b29-5b57-4f73-8345-ea6d339bc96a ] Request (ListImageFiltersTestJSON:setUpClass): 200 GET http://10.180.1.21/compute/v2.1/images/8e9ce01f-9e28-41b2-99c4-2f726dd9b019 0.068s
2025-03-10 20:55:09.702 68564 INFO tempest.lib.common.rest_client [req-a04f0b03-10e7-4d20-b5cd-63486d912d98 req-a04f0b03-10e7-4d20-b5cd-63486d912d98 ] Request (FlavorsExtraSpecsNegativeTestJSON:test_flavor_non_admin_unset_keys): 200 POST http://10.180.1.21/compute/v2.1/flavors/341911274/os-extra_specs 0.026s
2025-03-10 20:55:09.713 68564 INFO tempest.lib.common.rest_client [req-834d2225-5dda-428a-b5d7-85468e2a413f req-834d2225-5dda-428a-b5d7-85468e2a413f ] Request (FlavorsExtraSpecsNegativeTestJSON:test_flavor_non_admin_unset_keys): 403 DELETE http://10.180.1.21/compute/v2.1/flavors/341911274/os-extra_specs/hw:numa_nodes 0.010s
2025-03-10 20:55:09.743 68564 INFO tempest.lib.common.rest_client [req-32b47d9d-c0ea-4571-b0fe-ae3e317edf67 req-32b47d9d-c0ea-4571-b0fe-ae3e317edf67 ] Request (FlavorsExtraSpecsNegativeTestJSON:test_flavor_non_admin_update_specific_key): 200 POST http://10.180.1.21/compute/v2.1/flavors/341911274/os-extra_specs 0.029s
2025-03-10 20:55:09.752 68564 INFO tempest.lib.common.rest_client [req-66eab073-aaef-41e1-8945-50d3af73d427 req-66eab073-aaef-41e1-8945-50d3af73d427 ] Request (FlavorsExtraSpecsNegativeTestJSON:test_flavor_non_admin_update_specific_key): 403 PUT http://10.180.1.21/compute/v2.1/flavors/341911274/os-extra_specs/hw:numa_nodes 0.008s
2025-03-10 20:55:09.765 68564 INFO tempest.lib.common.rest_client [req-c3d809e8-3270-4c74-bb11-b79fa0f632ea req-c3d809e8-3270-4c74-bb11-b79fa0f632ea ] Request (FlavorsExtraSpecsNegativeTestJSON:test_flavor_unset_nonexistent_key): 404 DELETE http://10.180.1.21/compute/v2.1/flavors/341911274/os-extra_specs/hw:cpu_thread_policy 0.011s
2025-03-10 20:55:09.774 68564 INFO tempest.lib.common.rest_client [req-e0e53cdb-6cf2-43a5-ba5f-1e969a521003 req-e0e53cdb-6cf2-43a5-ba5f-1e969a521003 ] Request (FlavorsExtraSpecsNegativeTestJSON:test_flavor_update_mismatch_key): 400 PUT http://10.180.1.21/compute/v2.1/flavors/341911274/os-extra_specs/hw:numa_nodes 0.008s
2025-03-10 20:55:09.781 68540 INFO tempest.lib.common.rest_client [req-37104931-232a-493b-a254-713c5aee14b5 req-37104931-232a-493b-a254-713c5aee14b5 ] Request (ServersTestMultiNic:test_verify_multiple_nics_order): 200 GET http://10.180.1.21/compute/v2.1/servers/e408a39d-0c7f-4aa4-a5cf-cd3a60ba7929 0.058s
2025-03-10 20:55:09.784 68564 INFO tempest.lib.common.rest_client [req-37f402b5-9ccf-4d1b-971d-2b30b7c1d558 req-37f402b5-9ccf-4d1b-971d-2b30b7c1d558 ] Request (FlavorsExtraSpecsNegativeTestJSON:test_flavor_update_more_key): 400 PUT http://10.180.1.21/compute/v2.1/flavors/341911274/os-extra_specs/hw:numa_nodes 0.008s
2025-03-10 20:55:09.803 68564 INFO tempest.lib.common.rest_client [req-7129d0e3-12f4-4aaa-85c2-159d168d33a7 req-7129d0e3-12f4-4aaa-85c2-159d168d33a7 ] Request (FlavorsExtraSpecsNegativeTestJSON:tearDownClass): 202 DELETE http://10.180.1.21/compute/v2.1/flavors/341911274 0.017s
2025-03-10 20:55:09.832 68564 INFO tempest.lib.common.rest_client [req-ac5f48a2-b4c2-446a-a074-19d352b42f54 req-ac5f48a2-b4c2-446a-a074-19d352b42f54 ] Request (FlavorsExtraSpecsNegativeTestJSON:tearDownClass): 200 GET http://10.180.1.21/compute/v2.1/flavors/detail 0.029s
2025-03-10 20:55:09.855 68574 INFO tempest.lib.common.rest_client [req-441be24a-98be-41b0-a056-8db7c37b374c req-441be24a-98be-41b0-a056-8db7c37b374c ] Request (ServerTagsTestJSON:tearDownClass): 404 GET http://10.180.1.21/compute/v2.1/servers/c367ad63-09fd-4f68-8a19-c05ce587db20 0.036s
2025-03-10 20:55:09.929 68564 INFO tempest.lib.common.rest_client [req-e22dd4ce-c59a-4d29-8934-ce0d5bf3be70 req-e22dd4ce-c59a-4d29-8934-ce0d5bf3be70 ] Request (FlavorsExtraSpecsNegativeTestJSON:tearDownClass): 204 DELETE http://10.180.1.21/identity/v3/users/3c437a04b86a497bab3c31b735221f15 0.090s
2025-03-10 20:55:09.930 68528 INFO tempest.lib.common.rest_client [req-82b44b94-f8ef-4be0-a9a2-692b00d91ce6 req-82b44b94-f8ef-4be0-a9a2-692b00d91ce6 ] Request (ServerActionsTestOtherB:setUpClass): 200 GET http://10.180.1.21/compute/v2.1/servers/d0671ddd-2c1d-4804-bada-5580fe3a7292 0.061s
2025-03-10 20:55:09.948 68548 INFO tempest.lib.common.rest_client [req-18422387-568f-435a-9bcf-f2fd1fc7a5cf req-18422387-568f-435a-9bcf-f2fd1fc7a5cf ] Request (InstanceActionsTestJSON:setUpClass): 200 GET http://10.180.1.21/compute/v2.1/servers/4e1092eb-b9a9-4997-95d6-ba88f4e907f6 0.131s
2025-03-10 20:55:09.984 68526 INFO tempest.lib.common.rest_client [req-139debd5-5dbe-422b-a3bc-c82e31430863 req-139debd5-5dbe-422b-a3bc-c82e31430863 ] Request (ImagesTestJSON:test_create_image_from_suspended_server): 200 GET http://10.180.1.21/compute/v2.1/servers/cf724785-3f69-4e75-93ca-4425ea703689 0.102s
2025-03-10 20:55:10.023 68564 INFO tempest.lib.common.rest_client [req-9357899e-9c06-4ea3-9ab4-a32c1b2ba219 req-9357899e-9c06-4ea3-9ab4-a32c1b2ba219 ] Request (FlavorsExtraSpecsNegativeTestJSON:tearDownClass): 204 DELETE http://10.180.1.21/identity/v3/users/a961d8f9d45a45e09e9255afd25a2fdd 0.093s
2025-03-10 20:55:10.023 68564 INFO tempest.lib.common.dynamic_creds [-] Deleting project and security group for project: 59badf034a4d4f8699524be5b0147074
2025-03-10 20:55:10.033 68580 INFO tempest.lib.common.rest_client [req-29f567d3-8eff-4a6a-b46e-9963064b8a4d req-29f567d3-8eff-4a6a-b46e-9963064b8a4d ] Request (DeleteServersTestJSON:test_delete_active_server): 200 GET http://10.180.1.21/compute/v2.1/servers/908894e7-1157-4d04-9bd5-d894adac82c9 0.072s
2025-03-10 20:55:10.083 68564 INFO tempest.lib.common.rest_client [req-7f3a9fda-d2cc-45d9-850e-c10bd7a5174a req-7f3a9fda-d2cc-45d9-850e-c10bd7a5174a ] Request (FlavorsExtraSpecsNegativeTestJSON:tearDownClass): 201 POST http://10.180.1.21/identity/v3/auth/tokens 0.060s
2025-03-10 20:55:10.099 68554 INFO tempest.lib.common.rest_client [req-30413ead-0562-4f0f-a2e5-ff3ccb099f8c req-30413ead-0562-4f0f-a2e5-ff3ccb099f8c ] Request (ServersAdminTestJSON:test_create_server_with_scheduling_hint): 200 GET http://10.180.1.21/compute/v2.1/servers/08e3a0b1-37f3-4fdd-bdca-0decb326d849 0.082s
2025-03-10 20:55:10.127 68568 INFO tempest.lib.common.rest_client [req-3906f434-4629-4858-a74b-f77f00e79613 req-3906f434-4629-4858-a74b-f77f00e79613 ] Request (MultipleCreateTestJSON:test_multiple_create): 200 GET http://10.180.1.21/compute/v2.1/servers/ffc1e545-a64e-4c24-8d82-c2e74d953a0f 0.119s
2025-03-10 20:55:10.165 68584 INFO tempest.lib.common.rest_client [req-2b10dc0f-299d-42bf-b1be-0c10d6be53a4 req-2b10dc0f-299d-42bf-b1be-0c10d6be53a4 ] Request (ServerRescueNegativeTestJSON:setUpClass): 200 GET http://10.180.1.21/compute/v2.1/servers/c4137e26-8a6c-4a46-879a-b0903b29b436 0.100s
2025-03-10 20:55:10.195 68576 INFO tempest.lib.common.rest_client [req-861ca032-ce38-4bd9-8cd5-5279517a2cdc req-861ca032-ce38-4bd9-8cd5-5279517a2cdc ] Request (ServersNegativeTestJSON:setUpClass): 200 GET http://10.180.1.21/compute/v2.1/servers/9d5dee15-72e7-45c9-8862-7ee24b056e71 0.106s
2025-03-10 20:55:10.224 68542 INFO tempest.lib.common.rest_client [req-827e29d3-7f8d-4a71-a47c-079b242f39e9 req-827e29d3-7f8d-4a71-a47c-079b242f39e9 ] Request (FloatingIPsAssociationTestJSON:test_associate_already_associated_floating_ip): 200 GET http://10.180.1.21/compute/v2.1/servers/facc3342-97e6-4209-ae31-a20e9ed70a18 0.107s
2025-03-10 20:55:10.285 68582 INFO tempest.lib.common.rest_client [req-e6a9a267-6113-4019-a1f3-7740d81597b5 req-e6a9a267-6113-4019-a1f3-7740d81597b5 ] Request (MigrationsAdminTest:test_resize_server_revert_deleted_flavor): 200 GET http://10.180.1.21/compute/v2.1/servers/aa17c44d-b31b-4d48-bd02-cd2b38b13452 0.140s
2025-03-10 20:55:10.289 68564 INFO tempest.lib.common.rest_client [req-9f758945-fd3d-4a51-84d3-663c064ecd90 req-9f758945-fd3d-4a51-84d3-663c064ecd90 ] Request (FlavorsExtraSpecsNegativeTestJSON:tearDownClass): 200 GET http://10.180.1.21:9696/networking/v2.0/security-groups?tenant_id=59badf034a4d4f8699524be5b0147074&name=default 0.205s
2025-03-10 20:55:10.294 68538 INFO tempest.lib.common.rest_client [req-ea343672-49e7-4759-8877-81ff5e1f5994 req-ea343672-49e7-4759-8877-81ff5e1f5994 ] Request (SecurityGroupsTestJSON:test_server_security_groups): 200 GET http://10.180.1.21/compute/v2.1/servers/6a7f56a0-251a-4461-a882-9019cb2d31ea 0.124s
2025-03-10 20:55:10.336 68558 INFO tempest.lib.common.rest_client [req-118096c6-862c-4918-89d9-2ab8d2c0c535 req-118096c6-862c-4918-89d9-2ab8d2c0c535 ] Request (ServersAdminNegativeTestJSON:setUpClass): 200 GET http://10.180.1.21/compute/v2.1/servers/eff0b99f-6d73-4a17-b678-830a08c31a29 0.136s
2025-03-10 20:55:10.359 68573 INFO tempest.lib.common.rest_client [req-7c59e7c6-d402-4d82-8988-a0dbd30772c2 req-7c59e7c6-d402-4d82-8988-a0dbd30772c2 ] Request (ImagesOneServerNegativeTestJSON:_run_cleanups): 200 GET http://10.180.1.21/compute/v2.1/servers/1a7265df-0cae-411c-a4fe-72870826d0e6 0.132s
2025-03-10 20:55:10.394 68578 INFO tempest.lib.common.rest_client [req-61c3aaba-1e90-4af4-a673-bb1335dada68 req-61c3aaba-1e90-4af4-a673-bb1335dada68 ] Request (ServerDiskConfigTestJSON:test_rebuild_server_with_auto_disk_config): 200 GET http://10.180.1.21/compute/v2.1/servers/5d907468-7208-420e-9ca7-5885ab1205f6 0.136s
2025-03-10 20:55:10.399 68564 INFO tempest.lib.common.rest_client [req-b0a2fdf7-0dee-499f-821d-7730d000c382 req-b0a2fdf7-0dee-499f-821d-7730d000c382 ] Request (FlavorsExtraSpecsNegativeTestJSON:tearDownClass): 204 DELETE http://10.180.1.21:9696/networking/v2.0/security-groups/aeae3af6-c1be-4626-9672-762ac9df1418 0.110s
2025-03-10 20:55:10.424 68557 INFO tempest.lib.common.rest_client [req-6d0662d7-bb36-4108-bfc4-85dba0320553 req-6d0662d7-bb36-4108-bfc4-85dba0320553 ] Request (ListServersNegativeTestJSON:setUpClass): 200 GET http://10.180.1.21/compute/v2.1/servers/312b10df-28a7-496d-88c8-ddc0b17e8c9b 0.121s
2025-03-10 20:55:10.446 68544 INFO tempest.lib.common.rest_client [req-0768ed53-6983-423e-9ce1-eb052ad3b33f req-0768ed53-6983-423e-9ce1-eb052ad3b33f ] Request (ServerActionsTestJSON:setUpClass): 200 GET http://10.180.1.21/compute/v2.1/servers/2b4fccd8-06c9-4089-a812-a843181b79e3 0.097s
2025-03-10 20:55:10.469 68564 INFO tempest.lib.common.rest_client [req-03f1199f-d637-4860-8784-aa3235dd11ad req-03f1199f-d637-4860-8784-aa3235dd11ad ] Request (FlavorsExtraSpecsNegativeTestJSON:tearDownClass): 204 DELETE http://10.180.1.21/identity/v3/projects/59badf034a4d4f8699524be5b0147074 0.069s
2025-03-10 20:55:10.469 68564 INFO tempest.lib.common.dynamic_creds [-] Deleting project and security group for project: 806fa9c854514f749cdb70d993c79e5e
2025-03-10 20:55:10.607 68587 INFO tempest.lib.common.rest_client [req-a825d175-fff6-40c4-a92f-732f45282f3a req-a825d175-fff6-40c4-a92f-732f45282f3a ] Request (ServersListShow2100Test:test_list_show_rebuild_update_server_2100): 200 GET http://10.180.1.21/compute/v2.1/servers/68dbd909-bd4a-4de6-86d1-942261f816c4 0.085s
2025-03-10 20:55:10.664 68546 INFO tempest.lib.common.rest_client [req-88ec4d1a-d382-4430-ac0d-42717319f39c req-88ec4d1a-d382-4430-ac0d-42717319f39c ] Request (ServersV294TestFqdnHostnames:setUpClass): 200 GET http://10.180.1.21/compute/v2.1/servers/15528757-b487-4c16-ba3e-254c3599e3b6 0.058s
2025-03-10 20:55:10.728 68561 INFO tempest.lib.common.rest_client [req-b405395a-c6c6-4024-bddb-c380afaed7aa req-b405395a-c6c6-4024-bddb-c380afaed7aa ] Request (ServerDiagnosticsTest:test_get_server_diagnostics): 200 GET http://10.180.1.21/compute/v2.1/servers/20eb57e4-d4cd-4b2b-ba64-e47288e661f3 0.052s
2025-03-10 20:55:10.772 68534 INFO tempest.lib.common.rest_client [req-5f97b012-9204-4f0c-8869-0006b73d528c req-5f97b012-9204-4f0c-8869-0006b73d528c ] Request (ListImageFiltersTestJSON:setUpClass): 200 GET http://10.180.1.21/compute/v2.1/images/8e9ce01f-9e28-41b2-99c4-2f726dd9b019 0.082s
2025-03-10 20:55:10.855 68540 INFO tempest.lib.common.rest_client [req-35cb4cfe-8765-467a-932d-69c093e088c7 req-35cb4cfe-8765-467a-932d-69c093e088c7 ] Request (ServersTestMultiNic:test_verify_multiple_nics_order): 200 GET http://10.180.1.21/compute/v2.1/servers/e408a39d-0c7f-4aa4-a5cf-cd3a60ba7929 0.062s
2025-03-10 20:55:10.896 68564 INFO tempest.lib.common.rest_client [req-78b1f8f7-6f29-4e67-80a3-110f45c4522f req-78b1f8f7-6f29-4e67-80a3-110f45c4522f ] Request (FlavorsExtraSpecsNegativeTestJSON:tearDownClass): 200 GET http://10.180.1.21:9696/networking/v2.0/security-groups?tenant_id=806fa9c854514f749cdb70d993c79e5e&name=default 0.426s
2025-03-10 20:55:10.934 68562 INFO tempest.lib.common.rest_client [req-30e78205-e6aa-4206-bbef-4e228d26dc6b req-30e78205-e6aa-4206-bbef-4e228d26dc6b ] Request (AttachInterfacesUnderV243Test:test_add_remove_fixed_ip): 200 GET http://10.180.1.21/compute/v2.1/servers/aa631f83-2087-46a6-82f6-add91abce8ce 0.309s
2025-03-10 20:55:10.981 68564 INFO tempest.lib.common.rest_client [req-d0017719-c794-4c45-9862-d535798e1baa req-d0017719-c794-4c45-9862-d535798e1baa ] Request (FlavorsExtraSpecsNegativeTestJSON:tearDownClass): 204 DELETE http://10.180.1.21:9696/networking/v2.0/security-groups/d3b3adc7-39c8-41e4-8ed5-d76f063b461c 0.085s
2025-03-10 20:55:10.990 68574 INFO tempest.lib.common.rest_client [req-c0f4ce3d-8b23-4dc5-8859-6e6655e3c8ed req-c0f4ce3d-8b23-4dc5-8859-6e6655e3c8ed ] Request (ServerTagsTestJSON:tearDownClass): 200 PUT http://10.180.1.21:9696/networking/v2.0/routers/4a7e08b5-5cbe-4ba6-a0b5-640d3bd05c5f/remove_router_interface 1.134s
2025-03-10 20:55:10.995 68528 INFO tempest.lib.common.rest_client [req-a188b633-cd4f-471d-94d8-93dc93f637b0 req-a188b633-cd4f-471d-94d8-93dc93f637b0 ] Request (ServerActionsTestOtherB:setUpClass): 200 GET http://10.180.1.21/compute/v2.1/servers/d0671ddd-2c1d-4804-bada-5580fe3a7292 0.056s
2025-03-10 20:55:11.053 68526 INFO tempest.lib.common.rest_client [req-e9f51d26-107c-4a14-89af-3abeb24086a7 req-e9f51d26-107c-4a14-89af-3abeb24086a7 ] Request (ImagesTestJSON:test_create_image_from_suspended_server): 200 GET http://10.180.1.21/compute/v2.1/servers/cf724785-3f69-4e75-93ca-4425ea703689 0.061s
2025-03-10 20:55:11.065 68548 INFO tempest.lib.common.rest_client [req-15133071-0b1e-4736-abc0-2215a6eab45b req-15133071-0b1e-4736-abc0-2215a6eab45b ] Request (InstanceActionsTestJSON:setUpClass): 200 GET http://10.180.1.21/compute/v2.1/servers/4e1092eb-b9a9-4997-95d6-ba88f4e907f6 0.109s
2025-03-10 20:55:11.091 68564 INFO tempest.lib.common.rest_client [req-25e4fbe7-0122-482a-a5cf-64c84882574c req-25e4fbe7-0122-482a-a5cf-64c84882574c ] Request (FlavorsExtraSpecsNegativeTestJSON:tearDownClass): 204 DELETE http://10.180.1.21/identity/v3/projects/806fa9c854514f749cdb70d993c79e5e 0.109s
2025-03-10 20:55:11.134 68580 INFO tempest.lib.common.rest_client [req-14847a78-ca10-4fc4-ade9-43f12bc424d6 req-14847a78-ca10-4fc4-ade9-43f12bc424d6 ] Request (DeleteServersTestJSON:test_delete_active_server): 200 GET http://10.180.1.21/compute/v2.1/servers/908894e7-1157-4d04-9bd5-d894adac82c9 0.091s
2025-03-10 20:55:11.161 68564 INFO tempest.lib.common.rest_client [req-5bb3c9d3-ff29-4c37-a33d-08764cd9cd38 req-5bb3c9d3-ff29-4c37-a33d-08764cd9cd38 ] Request (ServerExternalEventsTest:setUpClass): 201 POST http://10.180.1.21/identity/v3/auth/tokens 0.069s
2025-03-10 20:55:11.171 68554 INFO tempest.lib.common.rest_client [req-f2dcd00a-d991-42a9-be4b-f01005003910 req-f2dcd00a-d991-42a9-be4b-f01005003910 ] Request (ServersAdminTestJSON:test_create_server_with_scheduling_hint): 200 GET http://10.180.1.21/compute/v2.1/servers/08e3a0b1-37f3-4fdd-bdca-0decb326d849 0.065s
2025-03-10 20:55:11.201 68564 INFO tempest.lib.common.rest_client [req-75734961-bbd4-4cf7-93f1-98f9ae057257 req-75734961-bbd4-4cf7-93f1-98f9ae057257 ] Request (ServerExternalEventsTest:setUpClass): 201 POST http://10.180.1.21/identity/v3/auth/tokens 0.035s
2025-03-10 20:55:11.233 68564 INFO tempest.lib.common.rest_client [req-0713b08c-a378-4355-8476-66b9cfeb7859 req-0713b08c-a378-4355-8476-66b9cfeb7859 ] Request (ServerExternalEventsTest:setUpClass): 200 GET http://10.180.1.21/identity/v3/domains?name=Default 0.031s
2025-03-10 20:55:11.235 68584 INFO tempest.lib.common.rest_client [req-a640b22a-1b91-43f8-ae0b-8ae50d8ead50 req-a640b22a-1b91-43f8-ae0b-8ae50d8ead50 ] Request (ServerRescueNegativeTestJSON:setUpClass): 200 GET http://10.180.1.21/compute/v2.1/servers/c4137e26-8a6c-4a46-879a-b0903b29b436 0.059s
2025-03-10 20:55:11.269 68564 INFO tempest.lib.common.rest_client [req-1671e4fd-7433-4642-84d2-dc8539b62ed2 req-1671e4fd-7433-4642-84d2-dc8539b62ed2 ] Request (ServerExternalEventsTest:setUpClass): 201 POST http://10.180.1.21/identity/v3/projects 0.036s
2025-03-10 20:55:11.286 68576 INFO tempest.lib.common.rest_client [req-9455011a-a446-472b-8944-99a20c56ed72 req-9455011a-a446-472b-8944-99a20c56ed72 ] Request (ServersNegativeTestJSON:setUpClass): 200 GET http://10.180.1.21/compute/v2.1/servers/9d5dee15-72e7-45c9-8862-7ee24b056e71 0.078s
2025-03-10 20:55:11.309 68568 INFO tempest.lib.common.rest_client [req-5412e81d-7ba2-43af-b94e-5a533f9db628 req-5412e81d-7ba2-43af-b94e-5a533f9db628 ] Request (MultipleCreateTestJSON:test_multiple_create): 200 GET http://10.180.1.21/compute/v2.1/servers/ffc1e545-a64e-4c24-8d82-c2e74d953a0f 0.172s
2025-03-10 20:55:11.335 68564 INFO tempest.lib.common.rest_client [req-1668f543-f8c4-450f-8930-2d352ba2a0a0 req-1668f543-f8c4-450f-8930-2d352ba2a0a0 ] Request (ServerExternalEventsTest:setUpClass): 201 POST http://10.180.1.21/identity/v3/users 0.065s
2025-03-10 20:55:11.335 68542 INFO tempest.lib.common.rest_client [req-e85b4fa4-00e7-426c-9a2a-9a75458916f2 req-e85b4fa4-00e7-426c-9a2a-9a75458916f2 ] Request (FloatingIPsAssociationTestJSON:test_associate_already_associated_floating_ip): 200 GET http://10.180.1.21/compute/v2.1/servers/facc3342-97e6-4209-ae31-a20e9ed70a18 0.102s
2025-03-10 20:55:11.356 68582 INFO tempest.lib.common.rest_client [req-28009c2e-6881-4b99-af80-efc0be2f9d68 req-28009c2e-6881-4b99-af80-efc0be2f9d68 ] Request (MigrationsAdminTest:test_resize_server_revert_deleted_flavor): 200 GET http://10.180.1.21/compute/v2.1/servers/aa17c44d-b31b-4d48-bd02-cd2b38b13452 0.062s
2025-03-10 20:55:11.365 68564 INFO tempest.lib.common.rest_client [req-8f15f43b-1220-485f-b69f-488038724c80 req-8f15f43b-1220-485f-b69f-488038724c80 ] Request (ServerExternalEventsTest:setUpClass): 200 GET http://10.180.1.21/identity/v3/roles 0.029s
2025-03-10 20:55:11.381 68538 INFO tempest.lib.common.rest_client [req-6036223a-fb22-4535-8b48-d422c4d22029 req-6036223a-fb22-4535-8b48-d422c4d22029 ] Request (SecurityGroupsTestJSON:test_server_security_groups): 200 GET http://10.180.1.21/compute/v2.1/servers/6a7f56a0-251a-4461-a882-9019cb2d31ea 0.076s
2025-03-10 20:55:11.396 68564 INFO tempest.lib.common.rest_client [req-23b8e538-26cf-42e5-9ec2-97355f545a2b req-23b8e538-26cf-42e5-9ec2-97355f545a2b ] Request (ServerExternalEventsTest:setUpClass): 204 PUT http://10.180.1.21/identity/v3/projects/4cc147c4cfbc417bbd68575e3a350675/users/bedc2ff42c2b458ea8500dc3b994c119/roles/fe2ed9b66fb6475fa348602656043da9 0.030s
2025-03-10 20:55:11.396 68564 INFO tempest.lib.common.dynamic_creds [-] Dynamic test user bedc2ff42c2b458ea8500dc3b994c119 is created with scope project and roles: ['member']
2025-03-10 20:55:11.396 68564 INFO tempest.lib.common.dynamic_creds [-] Acquired dynamic creds: credentials: Credentials: {'domain_id': 'default', 'domain_name': 'Default', 'username': 'tempest-ServerExternalEventsTest-237090617-project-member', 'project_domain_id': 'default', 'project_domain_name': 'Default', 'project_id': '4cc147c4cfbc417bbd68575e3a350675', 'project_name': 'tempest-ServerExternalEventsTest-237090617', 'tenant_id': '4cc147c4cfbc417bbd68575e3a350675', 'tenant_name': 'tempest-ServerExternalEventsTest-237090617', 'user_domain_id': 'default', 'user_domain_name': 'Default', 'user_id': 'bedc2ff42c2b458ea8500dc3b994c119', 'system': None}, Network: None, Subnet: None, Router: None
2025-03-10 20:55:11.396 68564 INFO tempest.lib.common.dynamic_creds [-] Created isolated network resources for: credentials: Credentials: {'domain_id': 'default', 'domain_name': 'Default', 'username': 'tempest-ServerExternalEventsTest-237090617-project-member', 'project_domain_id': 'default', 'project_domain_name': 'Default', 'project_id': '4cc147c4cfbc417bbd68575e3a350675', 'project_name': 'tempest-ServerExternalEventsTest-237090617', 'tenant_id': '4cc147c4cfbc417bbd68575e3a350675', 'tenant_name': 'tempest-ServerExternalEventsTest-237090617', 'user_domain_id': 'default', 'user_domain_name': 'Default', 'user_id': 'bedc2ff42c2b458ea8500dc3b994c119', 'system': None}, Network: None, Subnet: None, Router: None
2025-03-10 20:55:11.416 68558 INFO tempest.lib.common.rest_client [req-dbf111fa-9d0d-4ae5-9fbd-a0b0fa872752 req-dbf111fa-9d0d-4ae5-9fbd-a0b0fa872752 ] Request (ServersAdminNegativeTestJSON:setUpClass): 200 GET http://10.180.1.21/compute/v2.1/servers/eff0b99f-6d73-4a17-b678-830a08c31a29 0.068s
2025-03-10 20:55:11.432 68573 INFO tempest.lib.common.rest_client [req-5c22f062-d8d1-4df6-8df9-2fd63542f210 req-5c22f062-d8d1-4df6-8df9-2fd63542f210 ] Request (ImagesOneServerNegativeTestJSON:_run_cleanups): 200 GET http://10.180.1.21/compute/v2.1/servers/1a7265df-0cae-411c-a4fe-72870826d0e6 0.059s
2025-03-10 20:55:11.488 68557 INFO tempest.lib.common.rest_client [req-97e189fd-7218-425b-8a8b-977ca9b85895 req-97e189fd-7218-425b-8a8b-977ca9b85895 ] Request (ListServersNegativeTestJSON:setUpClass): 200 GET http://10.180.1.21/compute/v2.1/servers/312b10df-28a7-496d-88c8-ddc0b17e8c9b 0.054s
2025-03-10 20:55:11.490 68578 INFO tempest.lib.common.rest_client [req-b26abdec-740f-4d99-9cc9-5265c0345de8 req-b26abdec-740f-4d99-9cc9-5265c0345de8 ] Request (ServerDiskConfigTestJSON:test_rebuild_server_with_auto_disk_config): 200 GET http://10.180.1.21/compute/v2.1/servers/5d907468-7208-420e-9ca7-5885ab1205f6 0.082s
2025-03-10 20:55:11.494 68564 INFO tempest.lib.common.rest_client [req-8ab7f168-7868-488c-94c1-a05cea589fb2 req-8ab7f168-7868-488c-94c1-a05cea589fb2 ] Request (ServerExternalEventsTest:setUpClass): 201 POST http://10.180.1.21/identity/v3/auth/tokens 0.092s
2025-03-10 20:55:11.517 68574 INFO tempest.lib.common.rest_client [req-12ed5b9d-5150-43bb-944a-a73b36f20433 req-12ed5b9d-5150-43bb-944a-a73b36f20433 ] Request (ServerTagsTestJSON:tearDownClass): 204 DELETE http://10.180.1.21:9696/networking/v2.0/routers/4a7e08b5-5cbe-4ba6-a0b5-640d3bd05c5f 0.526s
2025-03-10 20:55:11.545 68544 INFO tempest.lib.common.rest_client [req-602e8041-6ba8-4ee1-ac16-25e21e509c58 req-602e8041-6ba8-4ee1-ac16-25e21e509c58 ] Request (ServerActionsTestJSON:setUpClass): 200 GET http://10.180.1.21/compute/v2.1/servers/2b4fccd8-06c9-4089-a812-a843181b79e3 0.090s
2025-03-10 20:55:11.576 68564 INFO tempest.lib.common.rest_client [req-82be6689-5e4a-466f-bf24-0d45342794d3 req-82be6689-5e4a-466f-bf24-0d45342794d3 ] Request (ServerExternalEventsTest:setUpClass): 201 POST http://10.180.1.21/identity/v3/projects 0.081s
2025-03-10 20:55:11.653 68574 INFO tempest.lib.common.rest_client [req-b6ed5b27-6064-4934-a617-97f15392be35 req-b6ed5b27-6064-4934-a617-97f15392be35 ] Request (ServerTagsTestJSON:tearDownClass): 204 DELETE http://10.180.1.21:9696/networking/v2.0/subnets/332f7e84-4531-42ec-90bb-02ebf1334d15 0.136s
2025-03-10 20:55:11.672 68564 INFO tempest.lib.common.rest_client [req-3e713ca1-99be-46ec-807c-40231e135504 req-3e713ca1-99be-46ec-807c-40231e135504 ] Request (ServerExternalEventsTest:setUpClass): 201 POST http://10.180.1.21/identity/v3/users 0.095s
2025-03-10 20:55:11.695 68564 INFO tempest.lib.common.rest_client [req-041dc720-c452-4559-90ac-3086f1574fa2 req-041dc720-c452-4559-90ac-3086f1574fa2 ] Request (ServerExternalEventsTest:setUpClass): 200 GET http://10.180.1.21/identity/v3/roles 0.022s
2025-03-10 20:55:11.724 68564 INFO tempest.lib.common.rest_client [req-bade2d43-6fb7-46a7-bb06-e65368829086 req-bade2d43-6fb7-46a7-bb06-e65368829086 ] Request (ServerExternalEventsTest:setUpClass): 204 PUT http://10.180.1.21/identity/v3/projects/5f6fba523404492d8a79bf45dd8d445f/users/ce3c6d29b677481485334fe84c2e4913/roles/561dff99527e4da88061f330289086db 0.029s
2025-03-10 20:55:11.725 68587 INFO tempest.lib.common.rest_client [req-ac4cc820-6d4b-4f10-86c3-543904fcdcb1 req-ac4cc820-6d4b-4f10-86c3-543904fcdcb1 ] Request (ServersListShow2100Test:test_list_show_rebuild_update_server_2100): 200 GET http://10.180.1.21/compute/v2.1/servers/68dbd909-bd4a-4de6-86d1-942261f816c4 0.101s
2025-03-10 20:55:11.738 68546 INFO tempest.lib.common.rest_client [req-ba8bb2a9-f609-4962-a869-3f8429cb5270 req-ba8bb2a9-f609-4962-a869-3f8429cb5270 ] Request (ServersV294TestFqdnHostnames:setUpClass): 200 GET http://10.180.1.21/compute/v2.1/servers/15528757-b487-4c16-ba3e-254c3599e3b6 0.062s
2025-03-10 20:55:11.795 68564 INFO tempest.lib.common.rest_client [req-c7523c5b-ec22-4a23-9ebb-71f5dfaa4e32 req-c7523c5b-ec22-4a23-9ebb-71f5dfaa4e32 ] Request (ServerExternalEventsTest:setUpClass): 200 GET http://10.180.1.21/identity/v3/roles 0.070s
2025-03-10 20:55:11.805 68561 INFO tempest.lib.common.rest_client [req-b7902f6f-e06e-4968-b6da-320709bc9395 req-b7902f6f-e06e-4968-b6da-320709bc9395 ] Request (ServerDiagnosticsTest:test_get_server_diagnostics): 200 GET http://10.180.1.21/compute/v2.1/servers/20eb57e4-d4cd-4b2b-ba64-e47288e661f3 0.064s
2025-03-10 20:55:11.820 68534 INFO tempest.lib.common.rest_client [req-155009b7-85eb-4486-b5b5-7e03b8a5707f req-155009b7-85eb-4486-b5b5-7e03b8a5707f ] Request (ListImageFiltersTestJSON:setUpClass): 200 GET http://10.180.1.21/compute/v2.1/images/8e9ce01f-9e28-41b2-99c4-2f726dd9b019 0.043s
2025-03-10 20:55:11.828 68564 INFO tempest.lib.common.rest_client [req-8253dffb-8479-4b9f-a9c8-383474bd7dbd req-8253dffb-8479-4b9f-a9c8-383474bd7dbd ] Request (ServerExternalEventsTest:setUpClass): 204 PUT http://10.180.1.21/identity/v3/projects/5f6fba523404492d8a79bf45dd8d445f/users/ce3c6d29b677481485334fe84c2e4913/roles/561dff99527e4da88061f330289086db 0.032s
2025-03-10 20:55:11.828 68564 INFO tempest.lib.common.dynamic_creds [-] Dynamic test user ce3c6d29b677481485334fe84c2e4913 is created with scope project and roles: ['admin']
2025-03-10 20:55:11.828 68564 INFO tempest.lib.common.dynamic_creds [-] Acquired dynamic creds: credentials: Credentials: {'domain_id': 'default', 'domain_name': 'Default', 'username': 'tempest-ServerExternalEventsTest-367564442-project-admin', 'project_domain_id': 'default', 'project_domain_name': 'Default', 'project_id': '5f6fba523404492d8a79bf45dd8d445f', 'project_name': 'tempest-ServerExternalEventsTest-367564442', 'tenant_id': '5f6fba523404492d8a79bf45dd8d445f', 'tenant_name': 'tempest-ServerExternalEventsTest-367564442', 'user_domain_id': 'default', 'user_domain_name': 'Default', 'user_id': 'ce3c6d29b677481485334fe84c2e4913', 'system': None}, Network: None, Subnet: None, Router: None
2025-03-10 20:55:11.829 68564 INFO tempest.lib.common.dynamic_creds [-] Created isolated network resources for: credentials: Credentials: {'domain_id': 'default', 'domain_name': 'Default', 'username': 'tempest-ServerExternalEventsTest-367564442-project-admin', 'project_domain_id': 'default', 'project_domain_name': 'Default', 'project_id': '5f6fba523404492d8a79bf45dd8d445f', 'project_name': 'tempest-ServerExternalEventsTest-367564442', 'tenant_id': '5f6fba523404492d8a79bf45dd8d445f', 'tenant_name': 'tempest-ServerExternalEventsTest-367564442', 'user_domain_id': 'default', 'user_domain_name': 'Default', 'user_id': 'ce3c6d29b677481485334fe84c2e4913', 'system': None}, Network: None, Subnet: None, Router: None
2025-03-10 20:55:11.917 68564 INFO tempest.lib.common.rest_client [req-acec31ca-3308-4a01-84f0-5e20fa8260e8 req-acec31ca-3308-4a01-84f0-5e20fa8260e8 ] Request (ServerExternalEventsTest:setUpClass): 201 POST http://10.180.1.21/identity/v3/auth/tokens 0.085s
2025-03-10 20:55:11.925 68540 INFO tempest.lib.common.rest_client [req-0a183a7c-5281-4f2d-8275-2fb13d3f2eeb req-0a183a7c-5281-4f2d-8275-2fb13d3f2eeb ] Request (ServersTestMultiNic:test_verify_multiple_nics_order): 200 GET http://10.180.1.21/compute/v2.1/servers/e408a39d-0c7f-4aa4-a5cf-cd3a60ba7929 0.062s
2025-03-10 20:55:11.931 68574 INFO tempest.lib.common.rest_client [req-16e08af9-8a9a-44a5-a66e-00217016ca90 req-16e08af9-8a9a-44a5-a66e-00217016ca90 ] Request (ServerTagsTestJSON:tearDownClass): 204 DELETE http://10.180.1.21:9696/networking/v2.0/networks/f9dd836e-16e5-4d5a-931c-3530edbbd0f1 0.277s
2025-03-10 20:55:11.997 68564 INFO tempest.lib.common.rest_client [req-93b079fe-1180-46df-af90-ffc6a34f850f req-93b079fe-1180-46df-af90-ffc6a34f850f ] Request (ServerExternalEventsTest:setUpClass): 201 POST http://10.180.1.21/identity/v3/projects 0.080s
2025-03-10 20:55:12.056 68562 INFO tempest.lib.common.rest_client [req-b18595fe-5a54-434e-99a4-3dd2531e03ec req-b18595fe-5a54-434e-99a4-3dd2531e03ec ] Request (AttachInterfacesUnderV243Test:test_add_remove_fixed_ip): 200 GET http://10.180.1.21/compute/v2.1/servers/aa631f83-2087-46a6-82f6-add91abce8ce 0.114s
2025-03-10 20:55:12.067 68528 INFO tempest.lib.common.rest_client [req-2a3950b1-8e68-4716-9f22-94c2d55244a3 req-2a3950b1-8e68-4716-9f22-94c2d55244a3 ] Request (ServerActionsTestOtherB:setUpClass): 200 GET http://10.180.1.21/compute/v2.1/servers/d0671ddd-2c1d-4804-bada-5580fe3a7292 0.064s
2025-03-10 20:55:12.067 68574 INFO tempest.lib.common.rest_client [req-6734e349-4e6a-468a-92e8-537a82c60fd6 req-6734e349-4e6a-468a-92e8-537a82c60fd6 ] Request (ServerTagsTestJSON:tearDownClass): 204 DELETE http://10.180.1.21/identity/v3/users/78d627eb546f441fa4d170485dcd1cc8 0.136s
2025-03-10 20:55:12.068 68574 INFO tempest.lib.common.dynamic_creds [-] Deleting project and security group for project: ae9cbf493bf04d029e20747b69f77909
2025-03-10 20:55:12.098 68574 INFO tempest.lib.common.rest_client [req-e03e3fe1-63e4-4d74-88ec-e831420a9a10 req-e03e3fe1-63e4-4d74-88ec-e831420a9a10 ] Request (ServerTagsTestJSON:tearDownClass): 200 GET http://10.180.1.21:9696/networking/v2.0/security-groups?tenant_id=ae9cbf493bf04d029e20747b69f77909&name=default 0.030s
2025-03-10 20:55:12.143 68564 INFO tempest.lib.common.rest_client [req-0c93913c-4106-4b3e-ae96-b34eeca81e34 req-0c93913c-4106-4b3e-ae96-b34eeca81e34 ] Request (ServerExternalEventsTest:setUpClass): 201 POST http://10.180.1.21/identity/v3/users 0.146s
2025-03-10 20:55:12.154 68526 INFO tempest.lib.common.rest_client [req-091da567-f642-49b7-816a-0cecdac052bc req-091da567-f642-49b7-816a-0cecdac052bc ] Request (ImagesTestJSON:test_create_image_from_suspended_server): 200 GET http://10.180.1.21/compute/v2.1/servers/cf724785-3f69-4e75-93ca-4425ea703689 0.092s
2025-03-10 20:55:12.204 68548 INFO tempest.lib.common.rest_client [req-da2ea2e0-7efd-4472-96be-dd08be18c6d1 req-da2ea2e0-7efd-4472-96be-dd08be18c6d1 ] Request (InstanceActionsTestJSON:setUpClass): 200 GET http://10.180.1.21/compute/v2.1/servers/4e1092eb-b9a9-4997-95d6-ba88f4e907f6 0.126s
2025-03-10 20:55:12.208 68564 INFO tempest.lib.common.rest_client [req-21b2829b-9643-48f9-90bc-96bd29cedaa9 req-21b2829b-9643-48f9-90bc-96bd29cedaa9 ] Request (ServerExternalEventsTest:setUpClass): 200 GET http://10.180.1.21/identity/v3/roles 0.064s
2025-03-10 20:55:12.225 68574 INFO tempest.lib.common.rest_client [req-7bd2a9f8-4f58-4ace-8963-5e6106d7de71 req-7bd2a9f8-4f58-4ace-8963-5e6106d7de71 ] Request (ServerTagsTestJSON:tearDownClass): 204 DELETE http://10.180.1.21:9696/networking/v2.0/security-groups/4b834491-2014-49b8-98cd-2e87ad71b79f 0.126s
2025-03-10 20:55:12.226 68580 INFO tempest.lib.common.rest_client [req-ff01e37e-0648-4c35-b16b-8b243fcff896 req-ff01e37e-0648-4c35-b16b-8b243fcff896 ] Request (DeleteServersTestJSON:test_delete_active_server): 200 GET http://10.180.1.21/compute/v2.1/servers/908894e7-1157-4d04-9bd5-d894adac82c9 0.082s
2025-03-10 20:55:12.240 68564 INFO tempest.lib.common.rest_client [req-8a3aa563-2753-42c1-b6c3-c54964bb6677 req-8a3aa563-2753-42c1-b6c3-c54964bb6677 ] Request (ServerExternalEventsTest:setUpClass): 204 PUT http://10.180.1.21/identity/v3/projects/d23222653c134a5f94f43099e4b14f41/users/6da8594ccb6d4077a2f6c10aecea285d/roles/561dff99527e4da88061f330289086db 0.031s
2025-03-10 20:55:12.264 68554 INFO tempest.lib.common.rest_client [req-eafd9604-1a33-4706-b690-fe3f918c9b26 req-eafd9604-1a33-4706-b690-fe3f918c9b26 ] Request (ServersAdminTestJSON:test_create_server_with_scheduling_hint): 200 GET http://10.180.1.21/compute/v2.1/servers/08e3a0b1-37f3-4fdd-bdca-0decb326d849 0.083s
2025-03-10 20:55:12.295 68584 INFO tempest.lib.common.rest_client [req-c1335cc2-6c7e-414d-abc0-74afa6e04d61 req-c1335cc2-6c7e-414d-abc0-74afa6e04d61 ] Request (ServerRescueNegativeTestJSON:setUpClass): 200 GET http://10.180.1.21/compute/v2.1/servers/c4137e26-8a6c-4a46-879a-b0903b29b436 0.051s
2025-03-10 20:55:12.296 68564 INFO tempest.lib.common.rest_client [req-c125b57e-1607-493c-b173-e53aa9f27bb8 req-c125b57e-1607-493c-b173-e53aa9f27bb8 ] Request (ServerExternalEventsTest:setUpClass): 200 GET http://10.180.1.21/identity/v3/roles 0.055s
2025-03-10 20:55:12.319 68574 INFO tempest.lib.common.rest_client [req-561fdcbe-1992-4ed7-aadb-e798525d3b66 req-561fdcbe-1992-4ed7-aadb-e798525d3b66 ] Request (ServerTagsTestJSON:tearDownClass): 204 DELETE http://10.180.1.21/identity/v3/projects/ae9cbf493bf04d029e20747b69f77909 0.094s
2025-03-10 20:55:12.348 68564 INFO tempest.lib.common.rest_client [req-d056d02c-1bda-45c9-93de-2e68f3ff8df7 req-d056d02c-1bda-45c9-93de-2e68f3ff8df7 ] Request (ServerExternalEventsTest:setUpClass): 204 PUT http://10.180.1.21/identity/v3/projects/d23222653c134a5f94f43099e4b14f41/users/6da8594ccb6d4077a2f6c10aecea285d/roles/82dd1e84585843d7aa76633e1cd3d04d 0.051s
2025-03-10 20:55:12.348 68564 INFO tempest.lib.common.dynamic_creds [-] Dynamic test user 6da8594ccb6d4077a2f6c10aecea285d is created with scope project and roles: ['admin', 'service']
2025-03-10 20:55:12.348 68564 INFO tempest.lib.common.dynamic_creds [-] Acquired dynamic creds: credentials: Credentials: {'domain_id': 'default', 'domain_name': 'Default', 'username': 'tempest-ServerExternalEventsTest-816328147-project', 'project_domain_id': 'default', 'project_domain_name': 'Default', 'project_id': 'd23222653c134a5f94f43099e4b14f41', 'project_name': 'tempest-ServerExternalEventsTest-816328147', 'tenant_id': 'd23222653c134a5f94f43099e4b14f41', 'tenant_name': 'tempest-ServerExternalEventsTest-816328147', 'user_domain_id': 'default', 'user_domain_name': 'Default', 'user_id': '6da8594ccb6d4077a2f6c10aecea285d', 'system': None}, Network: None, Subnet: None, Router: None
2025-03-10 20:55:12.348 68564 INFO tempest.lib.common.dynamic_creds [-] Created isolated network resources for: credentials: Credentials: {'domain_id': 'default', 'domain_name': 'Default', 'username': 'tempest-ServerExternalEventsTest-816328147-project', 'project_domain_id': 'default', 'project_domain_name': 'Default', 'project_id': 'd23222653c134a5f94f43099e4b14f41', 'project_name': 'tempest-ServerExternalEventsTest-816328147', 'tenant_id': 'd23222653c134a5f94f43099e4b14f41', 'tenant_name': 'tempest-ServerExternalEventsTest-816328147', 'user_domain_id': 'default', 'user_domain_name': 'Default', 'user_id': '6da8594ccb6d4077a2f6c10aecea285d', 'system': None}, Network: None, Subnet: None, Router: None
2025-03-10 20:55:12.353 68576 INFO tempest.lib.common.rest_client [req-8262d4b5-dae8-4a4d-8d50-e43ed73b82c2 req-8262d4b5-dae8-4a4d-8d50-e43ed73b82c2 ] Request (ServersNegativeTestJSON:setUpClass): 200 GET http://10.180.1.21/compute/v2.1/servers/9d5dee15-72e7-45c9-8862-7ee24b056e71 0.059s
2025-03-10 20:55:12.376 68574 INFO tempest.lib.common.rest_client [req-cf06b6bf-0b66-4d76-adbd-d4765ecd30e1 req-cf06b6bf-0b66-4d76-adbd-d4765ecd30e1 ] Request (VolumesSnapshotsTestJSON:setUpClass): 201 POST http://10.180.1.21/identity/v3/auth/tokens 0.055s
2025-03-10 20:55:12.401 68542 INFO tempest.lib.common.rest_client [req-14de3072-d54e-43f5-be1e-c3d58e20fc07 req-14de3072-d54e-43f5-be1e-c3d58e20fc07 ] Request (FloatingIPsAssociationTestJSON:test_associate_already_associated_floating_ip): 200 GET http://10.180.1.21/compute/v2.1/servers/facc3342-97e6-4209-ae31-a20e9ed70a18 0.058s
2025-03-10 20:55:12.406 68574 INFO tempest.lib.common.rest_client [req-233d95b8-278e-431b-9397-654794233a7b req-233d95b8-278e-431b-9397-654794233a7b ] Request (VolumesSnapshotsTestJSON:setUpClass): 201 POST http://10.180.1.21/identity/v3/auth/tokens 0.028s
2025-03-10 20:55:12.424 68564 INFO tempest.lib.common.rest_client [req-03895223-f869-4bdb-80a3-865a228c261d req-03895223-f869-4bdb-80a3-865a228c261d ] Request (ServerExternalEventsTest:setUpClass): 201 POST http://10.180.1.21/identity/v3/auth/tokens 0.072s
2025-03-10 20:55:12.433 68574 INFO tempest.lib.common.rest_client [req-aafdda89-18c2-4e5d-afed-5957ca5380bd req-aafdda89-18c2-4e5d-afed-5957ca5380bd ] Request (VolumesSnapshotsTestJSON:setUpClass): 200 GET http://10.180.1.21/identity/v3/domains?name=Default 0.026s
2025-03-10 20:55:12.459 68582 INFO tempest.lib.common.rest_client [req-3ba3ff35-6dfa-4c86-b8ac-73863f9dbd78 req-3ba3ff35-6dfa-4c86-b8ac-73863f9dbd78 ] Request (MigrationsAdminTest:test_resize_server_revert_deleted_flavor): 200 GET http://10.180.1.21/compute/v2.1/servers/aa17c44d-b31b-4d48-bd02-cd2b38b13452 0.094s
2025-03-10 20:55:12.459 68568 INFO tempest.lib.common.rest_client [req-0dc05a89-3bc7-427d-8205-3f5a6174b2d8 req-0dc05a89-3bc7-427d-8205-3f5a6174b2d8 ] Request (MultipleCreateTestJSON:test_multiple_create): 200 GET http://10.180.1.21/compute/v2.1/servers/ffc1e545-a64e-4c24-8d82-c2e74d953a0f 0.142s
2025-03-10 20:55:12.474 68574 INFO tempest.lib.common.rest_client [req-c28a9c8e-73cd-4264-882e-62891f03574c req-c28a9c8e-73cd-4264-882e-62891f03574c ] Request (VolumesSnapshotsTestJSON:setUpClass): 201 POST http://10.180.1.21/identity/v3/projects 0.041s
2025-03-10 20:55:12.494 68564 INFO tempest.lib.common.rest_client [req-4e7c7e9c-14de-4fb5-91e3-62e95a32eacd req-4e7c7e9c-14de-4fb5-91e3-62e95a32eacd ] Request (ServerExternalEventsTest:test_create_server_external_events): 201 POST http://10.180.1.21/identity/v3/auth/tokens 0.065s
2025-03-10 20:55:12.494 68564 INFO tempest.lib.common.fixed_network [-] (ServerExternalEventsTest:test_create_server_external_events) Found network None available for tenant
2025-03-10 20:55:12.517 68538 INFO tempest.lib.common.rest_client [req-a7fc7a6c-cac7-4efe-9650-a6d6e858d9cb req-a7fc7a6c-cac7-4efe-9650-a6d6e858d9cb ] Request (SecurityGroupsTestJSON:test_server_security_groups): 200 GET http://10.180.1.21/compute/v2.1/servers/6a7f56a0-251a-4461-a882-9019cb2d31ea 0.127s
2025-03-10 20:55:12.522 68558 INFO tempest.lib.common.rest_client [req-f5c3fa7a-740f-41b6-b7f8-a5ad44366815 req-f5c3fa7a-740f-41b6-b7f8-a5ad44366815 ] Request (ServersAdminNegativeTestJSON:setUpClass): 200 GET http://10.180.1.21/compute/v2.1/servers/eff0b99f-6d73-4a17-b678-830a08c31a29 0.098s
2025-03-10 20:55:12.524 68538 INFO tempest.common.waiters [-] State transition "BUILD/None" ==> "BUILD/networking" after 74 second wait
2025-03-10 20:55:12.556 68574 INFO tempest.lib.common.rest_client [req-785ba078-9377-4f7a-9b83-d4f1b4507087 req-785ba078-9377-4f7a-9b83-d4f1b4507087 ] Request (VolumesSnapshotsTestJSON:setUpClass): 201 POST http://10.180.1.21/identity/v3/users 0.081s
2025-03-10 20:55:12.572 68573 INFO tempest.lib.common.rest_client [req-cd921cc4-876a-49ea-ab13-9ba68dc63ac5 req-cd921cc4-876a-49ea-ab13-9ba68dc63ac5 ] Request (ImagesOneServerNegativeTestJSON:_run_cleanups): 200 GET http://10.180.1.21/compute/v2.1/servers/1a7265df-0cae-411c-a4fe-72870826d0e6 0.129s
2025-03-10 20:55:12.581 68574 INFO tempest.lib.common.rest_client [req-882b9a9e-3103-4c2d-9b17-670e103b5cef req-882b9a9e-3103-4c2d-9b17-670e103b5cef ] Request (VolumesSnapshotsTestJSON:setUpClass): 200 GET http://10.180.1.21/identity/v3/roles 0.025s
2025-03-10 20:55:12.607 68574 INFO tempest.lib.common.rest_client [req-55b608f8-b777-4494-a1c6-c25d8ec96a4f req-55b608f8-b777-4494-a1c6-c25d8ec96a4f ] Request (VolumesSnapshotsTestJSON:setUpClass): 204 PUT http://10.180.1.21/identity/v3/projects/4381e7a3df104cfca75242790c18ae3b/users/2dec5dde790a46b3bad2510ea0dc333f/roles/fe2ed9b66fb6475fa348602656043da9 0.026s
2025-03-10 20:55:12.607 68574 INFO tempest.lib.common.dynamic_creds [-] Dynamic test user 2dec5dde790a46b3bad2510ea0dc333f is created with scope project and roles: ['member']
2025-03-10 20:55:12.608 68574 INFO tempest.lib.common.dynamic_creds [-] Acquired dynamic creds: credentials: Credentials: {'domain_id': 'default', 'domain_name': 'Default', 'username': 'tempest-VolumesSnapshotsTestJSON-808525229-project-member', 'project_domain_id': 'default', 'project_domain_name': 'Default', 'project_id': '4381e7a3df104cfca75242790c18ae3b', 'project_name': 'tempest-VolumesSnapshotsTestJSON-808525229', 'tenant_id': '4381e7a3df104cfca75242790c18ae3b', 'tenant_name': 'tempest-VolumesSnapshotsTestJSON-808525229', 'user_domain_id': 'default', 'user_domain_name': 'Default', 'user_id': '2dec5dde790a46b3bad2510ea0dc333f', 'system': None}, Network: None, Subnet: None, Router: None
2025-03-10 20:55:12.608 68574 INFO tempest.lib.common.dynamic_creds [-] Created isolated network resources for: credentials: Credentials: {'domain_id': 'default', 'domain_name': 'Default', 'username': 'tempest-VolumesSnapshotsTestJSON-808525229-project-member', 'project_domain_id': 'default', 'project_domain_name': 'Default', 'project_id': '4381e7a3df104cfca75242790c18ae3b', 'project_name': 'tempest-VolumesSnapshotsTestJSON-808525229', 'tenant_id': '4381e7a3df104cfca75242790c18ae3b', 'tenant_name': 'tempest-VolumesSnapshotsTestJSON-808525229', 'user_domain_id': 'default', 'user_domain_name': 'Default', 'user_id': '2dec5dde790a46b3bad2510ea0dc333f', 'system': None}, Network: None, Subnet: None, Router: None
2025-03-10 20:55:12.623 68557 INFO tempest.lib.common.rest_client [req-91847cf2-b959-499d-bb1c-0473c3c7021e req-91847cf2-b959-499d-bb1c-0473c3c7021e ] Request (ListServersNegativeTestJSON:setUpClass): 200 GET http://10.180.1.21/compute/v2.1/servers/312b10df-28a7-496d-88c8-ddc0b17e8c9b 0.127s
2025-03-10 20:55:12.668 68578 INFO tempest.lib.common.rest_client [req-769f0af5-da7a-486f-a78c-84fae6dd1eca req-769f0af5-da7a-486f-a78c-84fae6dd1eca ] Request (ServerDiskConfigTestJSON:test_rebuild_server_with_auto_disk_config): 200 GET http://10.180.1.21/compute/v2.1/servers/5d907468-7208-420e-9ca7-5885ab1205f6 0.169s
2025-03-10 20:55:12.679 68574 INFO tempest.lib.common.rest_client [req-434ff7e2-8ee2-49ef-a15d-477d6f061f87 req-434ff7e2-8ee2-49ef-a15d-477d6f061f87 ] Request (VolumesSnapshotsTestJSON:setUpClass): 201 POST http://10.180.1.21/identity/v3/auth/tokens 0.068s
2025-03-10 20:55:12.718 68544 INFO tempest.lib.common.rest_client [req-b09095d9-937d-47d4-9775-29683e36ce7d req-b09095d9-937d-47d4-9775-29683e36ce7d ] Request (ServerActionsTestJSON:setUpClass): 200 GET http://10.180.1.21/compute/v2.1/servers/2b4fccd8-06c9-4089-a812-a843181b79e3 0.165s
2025-03-10 20:55:12.768 68570 WARNING tempest.lib.common.ssh [-] Failed to establish authenticated ssh connection to cirros@10.180.180.146 ([Errno None] Unable to connect to port 22 on 10.180.180.146). Number attempts: 10. Retry after 11 seconds.: paramiko.ssh_exception.NoValidConnectionsError: [Errno None] Unable to connect to port 22 on 10.180.180.146
2025-03-10 20:55:12.877 68564 INFO tempest.lib.common.rest_client [req-a57cff3a-b8b5-4a32-93c9-6d0ac4b77b38 req-a57cff3a-b8b5-4a32-93c9-6d0ac4b77b38 ] Request (ServerExternalEventsTest:test_create_server_external_events): 202 POST http://10.180.1.21/compute/v2.1/servers 0.382s
2025-03-10 20:55:12.950 68587 INFO tempest.lib.common.rest_client [req-56189cdf-340a-47f9-8c71-676e7e9cf739 req-56189cdf-340a-47f9-8c71-676e7e9cf739 ] Request (ServersListShow2100Test:test_list_show_rebuild_update_server_2100): 200 GET http://10.180.1.21/compute/v2.1/servers/68dbd909-bd4a-4de6-86d1-942261f816c4 0.211s
2025-03-10 20:55:13.013 68546 INFO tempest.lib.common.rest_client [req-c4081519-8658-45d2-ab1f-4e638da10016 req-c4081519-8658-45d2-ab1f-4e638da10016 ] Request (ServersV294TestFqdnHostnames:setUpClass): 200 GET http://10.180.1.21/compute/v2.1/servers/15528757-b487-4c16-ba3e-254c3599e3b6 0.265s
2025-03-10 20:55:13.066 68561 INFO tempest.lib.common.rest_client [req-fefc27be-2520-4694-b4f6-81e7d24b874f req-fefc27be-2520-4694-b4f6-81e7d24b874f ] Request (ServerDiagnosticsTest:test_get_server_diagnostics): 200 GET http://10.180.1.21/compute/v2.1/servers/20eb57e4-d4cd-4b2b-ba64-e47288e661f3 0.246s
2025-03-10 20:55:13.103 68534 INFO tempest.lib.common.rest_client [req-b0385ec4-fee2-4633-809c-4ec1c863bff8 req-b0385ec4-fee2-4633-809c-4ec1c863bff8 ] Request (ListImageFiltersTestJSON:setUpClass): 200 GET http://10.180.1.21/compute/v2.1/images/8e9ce01f-9e28-41b2-99c4-2f726dd9b019 0.278s
2025-03-10 20:55:13.146 68564 INFO tempest.lib.common.rest_client [req-8649807f-cbdb-492a-9a4c-70e63719afd9 req-8649807f-cbdb-492a-9a4c-70e63719afd9 ] Request (ServerExternalEventsTest:test_create_server_external_events): 200 GET http://10.180.1.21/compute/v2.1/servers/a182f1ee-24df-4daf-a3bc-888802cba4bc 0.267s
2025-03-10 20:55:13.206 68540 INFO tempest.lib.common.rest_client [req-a314bb27-c8db-48a9-9f89-353010c5a45b req-a314bb27-c8db-48a9-9f89-353010c5a45b ] Request (ServersTestMultiNic:test_verify_multiple_nics_order): 200 GET http://10.180.1.21/compute/v2.1/servers/e408a39d-0c7f-4aa4-a5cf-cd3a60ba7929 0.270s
2025-03-10 20:55:13.300 68574 INFO tempest.lib.common.rest_client [req-5f9f0c14-a1b8-4247-aa99-72273fb319e0 req-5f9f0c14-a1b8-4247-aa99-72273fb319e0 ] Request (VolumesSnapshotsTestJSON:test_volume_snapshot_create_get_list_delete): 200 POST http://10.180.1.21/compute/v2.1/os-volumes 0.620s
2025-03-10 20:55:13.348 68528 INFO tempest.lib.common.rest_client [req-571526db-008f-4996-b648-5b5d6654bd73 req-571526db-008f-4996-b648-5b5d6654bd73 ] Request (ServerActionsTestOtherB:setUpClass): 200 GET http://10.180.1.21/compute/v2.1/servers/d0671ddd-2c1d-4804-bada-5580fe3a7292 0.271s
