2025-03-10 20:54:07.170 68578 INFO tempest.lib.common.rest_client [req-14a28ad7-ee89-44ca-942e-a4d5fcf0b5a4 req-14a28ad7-ee89-44ca-942e-a4d5fcf0b5a4 ] Request (ServerDiskConfigTestJSON:test_rebuild_server_with_auto_disk_config): 202 POST http://10.180.1.21/compute/v2.1/servers 1.145s
2025-03-10 20:54:07.189 68530 INFO tempest.lib.common.rest_client [req-968c1f46-6efa-485a-b8e0-509eec40830e req-968c1f46-6efa-485a-b8e0-509eec40830e ] Request (SecurityGroupsNegativeTestJSON:setUpClass): 201 POST http://10.180.1.21/identity/v3/auth/tokens 0.036s
2025-03-10 20:54:07.219 68530 INFO tempest.lib.common.rest_client [req-1bffb967-f335-4c53-8882-1648d272d36c req-1bffb967-f335-4c53-8882-1648d272d36c ] Request (SecurityGroupsNegativeTestJSON:setUpClass): 200 GET http://10.180.1.21/identity/v3/domains?name=Default 0.030s
2025-03-10 20:54:07.232 68558 INFO tempest.lib.common.rest_client [req-550346f9-e6b5-4e05-93a2-78ec595ac1a1 req-550346f9-e6b5-4e05-93a2-78ec595ac1a1 ] Request (ServersAdmin275Test:_run_cleanups): 200 GET http://10.180.1.21/compute/v2.1/servers/01a827ba-ed4d-4d82-81d2-0ecee7af2c57 0.954s
2025-03-10 20:54:07.246 68558 INFO tempest.common.waiters [-] State transition "REBUILD/rebuilding" ==> "REBUILD/rebuild_block_device_mapping" after 2 second wait
2025-03-10 20:54:07.252 68584 INFO tempest.lib.common.rest_client [req-1c3bb602-a895-4f44-bdeb-fff6f118d647 req-1c3bb602-a895-4f44-bdeb-fff6f118d647 ] Request (InstanceActionsNegativeTestJSON:tearDownClass): 204 DELETE http://10.180.1.21/compute/v2.1/servers/dea10c6f-225d-40dc-a364-8cd319223bc2 0.934s
2025-03-10 20:54:07.257 68530 INFO tempest.lib.common.rest_client [req-5d5f13b7-d01f-4542-a68d-456024c92606 req-5d5f13b7-d01f-4542-a68d-456024c92606 ] Request (SecurityGroupsNegativeTestJSON:setUpClass): 201 POST http://10.180.1.21/identity/v3/projects 0.038s
2025-03-10 20:54:07.298 68546 INFO tempest.lib.common.rest_client [req-9a260450-3032-4b62-9ba1-fab3c6df1aa6 req-9a260450-3032-4b62-9ba1-fab3c6df1aa6 ] Request (ImagesNegativeTestJSON:test_create_image_from_deleted_server): 200 GET http://10.180.1.21/compute/v2.1/servers/7c479f08-16a0-4573-8cae-3a6f4b1c0c33 0.974s
2025-03-10 20:54:07.308 68536 INFO tempest.lib.common.rest_client [req-b94cfa57-32a3-441b-8eea-441f385ecafd req-b94cfa57-32a3-441b-8eea-441f385ecafd ] Request (ServerMetadataNegativeTestJSON:test_server_create_metadata_key_too_long): 400 POST http://10.180.1.21/compute/v2.1/servers 0.830s
2025-03-10 20:54:07.309 68557 INFO tempest.lib.common.rest_client [req-ce28c70d-f977-46ae-897a-2b04ab0cb61a req-ce28c70d-f977-46ae-897a-2b04ab0cb61a ] Request (ListServersNegativeTestJSON:setUpClass): 200 GET http://10.180.1.21/compute/v2.1/servers/312b10df-28a7-496d-88c8-ddc0b17e8c9b 0.918s
2025-03-10 20:54:07.326 68530 INFO tempest.lib.common.rest_client [req-c529b508-46a6-41a3-8531-0d3b7346af95 req-c529b508-46a6-41a3-8531-0d3b7346af95 ] Request (SecurityGroupsNegativeTestJSON:setUpClass): 201 POST http://10.180.1.21/identity/v3/users 0.068s
2025-03-10 20:54:07.353 68530 INFO tempest.lib.common.rest_client [req-4f3e9d7c-9267-4bf7-9ea7-8c8334eb4de3 req-4f3e9d7c-9267-4bf7-9ea7-8c8334eb4de3 ] Request (SecurityGroupsNegativeTestJSON:setUpClass): 200 GET http://10.180.1.21/identity/v3/roles 0.027s
2025-03-10 20:54:07.390 68536 INFO tempest.lib.common.rest_client [req-f1aa131b-8d3a-48f8-b4e8-2d621e54d57f req-f1aa131b-8d3a-48f8-b4e8-2d621e54d57f ] Request (ServerMetadataNegativeTestJSON:test_server_create_metadata_key_too_long): 201 POST http://10.180.1.21/identity/v3/auth/tokens 0.079s
2025-03-10 20:54:07.390 68536 INFO tempest.lib.common.fixed_network [-] (ServerMetadataNegativeTestJSON:test_server_create_metadata_key_too_long) Found network {'id': '581ac254-f0c4-4be2-a8ef-7ec895ad9029', 'name': 'tempest-ServerMetadataNegativeTestJSON-1477109396-network', 'tenant_id': 'f6b27c833c3e4205b71507193702e407', 'admin_state_up': True, 'mtu': 8950, 'status': 'ACTIVE', 'subnets': [], 'shared': False, 'project_id': 'f6b27c833c3e4205b71507193702e407', 'port_security_enabled': True, 'router:external': False, 'provider:network_type': 'vlan', 'provider:physical_network': 'default', 'provider:segmentation_id': 185, 'availability_zone_hints': [], 'availability_zones': [], 'ipv4_address_scope': None, 'ipv6_address_scope': None, 'description': '', 'tags': [], 'created_at': '2025-03-10T20:53:12Z', 'updated_at': '2025-03-10T20:53:12Z', 'revision_number': 1} available for tenant
2025-03-10 20:54:07.395 68530 INFO tempest.lib.common.rest_client [req-513e3530-d965-4d5a-8ccf-6158441af2a1 req-513e3530-d965-4d5a-8ccf-6158441af2a1 ] Request (SecurityGroupsNegativeTestJSON:setUpClass): 204 PUT http://10.180.1.21/identity/v3/projects/1839da799224482dbea155ba4a48bb00/users/cd30e98bee3443f781f29f4beefa4a7e/roles/fe2ed9b66fb6475fa348602656043da9 0.039s
2025-03-10 20:54:07.395 68530 INFO tempest.lib.common.dynamic_creds [-] Dynamic test user cd30e98bee3443f781f29f4beefa4a7e is created with scope project and roles: ['member']
2025-03-10 20:54:07.397 68530 INFO tempest.lib.common.dynamic_creds [-] Acquired dynamic creds: credentials: Credentials: {'domain_id': 'default', 'domain_name': 'Default', 'username': 'tempest-SecurityGroupsNegativeTestJSON-1115740267-project-member', 'project_domain_id': 'default', 'project_domain_name': 'Default', 'project_id': '1839da799224482dbea155ba4a48bb00', 'project_name': 'tempest-SecurityGroupsNegativeTestJSON-1115740267', 'tenant_id': '1839da799224482dbea155ba4a48bb00', 'tenant_name': 'tempest-SecurityGroupsNegativeTestJSON-1115740267', 'user_domain_id': 'default', 'user_domain_name': 'Default', 'user_id': 'cd30e98bee3443f781f29f4beefa4a7e', 'system': None}, Network: None, Subnet: None, Router: None
2025-03-10 20:54:07.474 68582 INFO tempest.lib.common.rest_client [req-6d784dd6-233a-4035-87a2-b6fa034bc017 req-6d784dd6-233a-4035-87a2-b6fa034bc017 ] Request (MigrationsAdminTest:test_list_migrations_in_flavor_resize_situation): 200 GET http://10.180.1.21/compute/v2.1/servers/9e810eb2-b946-420e-91ce-13286fe3b51e 0.913s
2025-03-10 20:54:07.487 68530 INFO tempest.lib.common.rest_client [req-dfc90091-b38b-4b14-b862-2a6182560c4c req-dfc90091-b38b-4b14-b862-2a6182560c4c ] Request (SecurityGroupsNegativeTestJSON:setUpClass): 201 POST http://10.180.1.21/identity/v3/auth/tokens 0.090s
2025-03-10 20:54:07.507 68528 INFO tempest.lib.common.rest_client [req-8722659a-e7f6-42da-b8b7-87784367caa1 req-8722659a-e7f6-42da-b8b7-87784367caa1 ] Request (SecurityGroupRulesTestJSON:test_security_group_rules_create_with_optional_group_id): 200 POST http://10.180.1.21/compute/v2.1/os-security-groups 0.990s
2025-03-10 20:54:07.551 68532 INFO tempest.lib.common.rest_client [req-cbc6aab9-adf2-4e6d-83f5-a101055d9f14 req-cbc6aab9-adf2-4e6d-83f5-a101055d9f14 ] Request (ServersTestManualDisk:setUpClass): 200 GET http://10.180.1.21/compute/v2.1/servers/16698e0a-de14-49dd-b833-9a9d5a7c801d 0.977s
2025-03-10 20:54:07.577 68564 INFO tempest.lib.common.rest_client [req-18cea6b7-67bd-4320-a660-12970a7ae168 req-18cea6b7-67bd-4320-a660-12970a7ae168 ] Request (DeleteServersAdminTestJSON:test_delete_server_while_in_error_state): 200 GET http://10.180.1.21/compute/v2.1/servers/9828400d-1968-474b-aa3f-0d23176f4ee2 0.887s
2025-03-10 20:54:07.617 68562 INFO tempest.lib.common.rest_client [req-2c5ae691-890b-415a-b1c5-bc0e7d7624b0 req-2c5ae691-890b-415a-b1c5-bc0e7d7624b0 ] Request (AttachInterfacesUnderV243Test:test_add_remove_fixed_ip): 200 GET http://10.180.1.21/compute/v2.1/servers/aa631f83-2087-46a6-82f6-add91abce8ce 0.843s
2025-03-10 20:54:07.635 68548 INFO tempest.lib.common.rest_client [req-729f01c5-6957-4b47-94aa-50cfb34d6b51 req-729f01c5-6957-4b47-94aa-50cfb34d6b51 ] Request (InstanceActionsTestJSON:setUpClass): 200 GET http://10.180.1.21/compute/v2.1/servers/4e1092eb-b9a9-4997-95d6-ba88f4e907f6 0.806s
2025-03-10 20:54:07.671 68561 INFO tempest.lib.common.rest_client [req-a754bfeb-1e3e-463e-877b-5a62f52a8f4d req-a754bfeb-1e3e-463e-877b-5a62f52a8f4d ] Request (ServerDiagnosticsTest:test_get_server_diagnostics): 200 GET http://10.180.1.21/compute/v2.1/servers/20eb57e4-d4cd-4b2b-ba64-e47288e661f3 0.798s
2025-03-10 20:54:07.696 68526 INFO tempest.lib.common.rest_client [req-74f60372-b9a4-4b8d-b29b-58647d484365 req-74f60372-b9a4-4b8d-b29b-58647d484365 ] Request (ImagesTestJSON:test_create_image_from_suspended_server): 200 GET http://10.180.1.21/compute/v2.1/servers/cf724785-3f69-4e75-93ca-4425ea703689 0.818s
2025-03-10 20:54:07.741 68554 INFO tempest.lib.common.rest_client [req-9f28a416-fd58-4f6a-8509-c02636b42960 req-9f28a416-fd58-4f6a-8509-c02636b42960 ] Request (ServersAdminTestJSON:setUpClass): 200 GET http://10.180.1.21/compute/v2.1/servers/22ffafac-b489-45f0-8055-ed87dad6ebe8 0.794s
2025-03-10 20:54:07.809 68542 INFO tempest.lib.common.rest_client [req-1ad9b31e-e00f-4195-bb8a-9aaed3dbf101 req-1ad9b31e-e00f-4195-bb8a-9aaed3dbf101 ] Request (FloatingIPsAssociationTestJSON:setUpClass): 200 GET http://10.180.1.21/compute/v2.1/servers/21153c58-215c-4985-a5c0-1df0cbc0b15c 0.838s
2025-03-10 20:54:07.816 68542 INFO tempest.common.waiters [-] State transition "BUILD/spawning" ==> "ACTIVE/None" after 37 second wait
2025-03-10 20:54:07.826 68530 INFO tempest.lib.common.rest_client [req-0ad46c85-99dd-4bcc-9aac-2869fd4a4d4d req-0ad46c85-99dd-4bcc-9aac-2869fd4a4d4d ] Request (SecurityGroupsNegativeTestJSON:setUpClass): 201 POST http://10.180.1.21:9696/networking/v2.0/networks 0.338s
2025-03-10 20:54:07.826 68574 INFO tempest.lib.common.rest_client [req-cca2d06e-9953-407a-acac-f6049c107cee req-cca2d06e-9953-407a-acac-f6049c107cee ] Request (ServerTagsTestJSON:setUpClass): 200 GET http://10.180.1.21/compute/v2.1/servers/c367ad63-09fd-4f68-8a19-c05ce587db20 0.796s
2025-03-10 20:54:07.858 68534 INFO tempest.lib.common.rest_client [req-4f332e8b-f6e4-418c-ae48-43e041560e20 req-4f332e8b-f6e4-418c-ae48-43e041560e20 ] Request (ListImageFiltersTestJSON:setUpClass): 200 GET http://10.180.1.21/compute/v2.1/servers/691aa08e-a397-41e6-ac56-e089fa9a4132 0.772s
2025-03-10 20:54:07.880 68538 INFO tempest.lib.common.rest_client [req-f1a7604d-2d39-4411-8ec1-1b722ee3b17f req-f1a7604d-2d39-4411-8ec1-1b722ee3b17f ] Request (SecurityGroupsTestJSON:test_server_security_groups): 200 GET http://10.180.1.21/compute/v2.1/servers/6a7f56a0-251a-4461-a882-9019cb2d31ea 0.728s
2025-03-10 20:54:07.909 68578 INFO tempest.lib.common.rest_client [req-a03fbc0c-8a36-4ded-afdb-62ed6a5abf80 req-a03fbc0c-8a36-4ded-afdb-62ed6a5abf80 ] Request (ServerDiskConfigTestJSON:test_rebuild_server_with_auto_disk_config): 200 GET http://10.180.1.21/compute/v2.1/servers/5d907468-7208-420e-9ca7-5885ab1205f6 0.735s
2025-03-10 20:54:07.985 68584 INFO tempest.lib.common.rest_client [req-0b216185-b6d2-49e9-a306-b5626caea65b req-0b216185-b6d2-49e9-a306-b5626caea65b ] Request (InstanceActionsNegativeTestJSON:tearDownClass): 200 GET http://10.180.1.21/compute/v2.1/servers/dea10c6f-225d-40dc-a364-8cd319223bc2 0.733s
2025-03-10 20:54:08.005 68566 INFO tempest.lib.common.rest_client [req-72917fc0-45e4-4623-b3f6-03bd62f424fb req-72917fc0-45e4-4623-b3f6-03bd62f424fb ] Request (ServerAddressesNegativeTestJSON:setUpClass): 200 GET http://10.180.1.21/compute/v2.1/servers/fbae466a-1f02-457c-b5bc-820a5c4e7a22 0.690s
2025-03-10 20:54:08.072 68568 INFO tempest.lib.common.rest_client [req-4d5bc8ee-a1b9-4dda-97dd-8cda33f3e426 req-4d5bc8ee-a1b9-4dda-97dd-8cda33f3e426 ] Request (MultipleCreateTestJSON:test_multiple_create): 200 GET http://10.180.1.21/compute/v2.1/servers/a20032d7-90d1-47fe-9b7d-64e0ad250897 0.693s
2025-03-10 20:54:08.079 68536 INFO tempest.lib.common.rest_client [req-19f63a2a-3151-4a6f-9aeb-94d4bb642b35 req-19f63a2a-3151-4a6f-9aeb-94d4bb642b35 ] Request (ServerMetadataNegativeTestJSON:test_server_create_metadata_key_too_long): 400 POST http://10.180.1.21/compute/v2.1/servers 0.688s
2025-03-10 20:54:08.097 68530 INFO tempest.lib.common.rest_client [req-a9cee1ba-745c-4ce9-b643-be3b6ba992f9 req-a9cee1ba-745c-4ce9-b643-be3b6ba992f9 ] Request (SecurityGroupsNegativeTestJSON:setUpClass): 201 POST http://10.180.1.21:9696/networking/v2.0/subnets 0.270s
2025-03-10 20:54:08.119 68588 INFO tempest.lib.common.rest_client [req-151fa9af-79f9-456e-9aba-72a04a8e15a9 req-151fa9af-79f9-456e-9aba-72a04a8e15a9 ] Request (ServersTestFqdnHostnames:test_create_server_with_fqdn_name): 200 GET http://10.180.1.21/compute/v2.1/servers/24cc0530-19cf-49dc-9502-8c91cac5e7f2 0.776s
2025-03-10 20:54:08.157 68536 INFO tempest.lib.common.rest_client [req-97704a79-475b-43e3-a0d6-5d8f2e894cbc req-97704a79-475b-43e3-a0d6-5d8f2e894cbc ] Request (ServerMetadataNegativeTestJSON:test_server_create_metadata_key_too_long): 201 POST http://10.180.1.21/identity/v3/auth/tokens 0.074s
2025-03-10 20:54:08.157 68536 INFO tempest.lib.common.fixed_network [-] (ServerMetadataNegativeTestJSON:test_server_create_metadata_key_too_long) Found network {'id': '581ac254-f0c4-4be2-a8ef-7ec895ad9029', 'name': 'tempest-ServerMetadataNegativeTestJSON-1477109396-network', 'tenant_id': 'f6b27c833c3e4205b71507193702e407', 'admin_state_up': True, 'mtu': 8950, 'status': 'ACTIVE', 'subnets': [], 'shared': False, 'project_id': 'f6b27c833c3e4205b71507193702e407', 'port_security_enabled': True, 'router:external': False, 'provider:network_type': 'vlan', 'provider:physical_network': 'default', 'provider:segmentation_id': 185, 'availability_zone_hints': [], 'availability_zones': [], 'ipv4_address_scope': None, 'ipv6_address_scope': None, 'description': '', 'tags': [], 'created_at': '2025-03-10T20:53:12Z', 'updated_at': '2025-03-10T20:53:12Z', 'revision_number': 1} available for tenant
2025-03-10 20:54:08.179 68573 INFO tempest.lib.common.rest_client [req-90d61ce3-bfff-4d5d-a2ea-095a886f75fc req-90d61ce3-bfff-4d5d-a2ea-095a886f75fc ] Request (ImagesOneServerNegativeTestJSON:_run_cleanups): 200 GET http://10.180.1.21/compute/v2.1/servers/3aef2e11-5b1a-477a-8587-732aef4eaead 0.703s
2025-03-10 20:54:08.311 68550 INFO tempest.lib.common.rest_client [req-7469c60b-a68e-41c6-866d-137a7c3ca5c2 req-7469c60b-a68e-41c6-866d-137a7c3ca5c2 ] Request (VolumesAdminNegativeTest:test_update_attached_volume_with_nonexistent_volume_in_body): 200 GET http://10.180.1.21/compute/v2.1/servers/cddd9f44-3672-42a5-88f7-59c42cf153f1 0.651s
2025-03-10 20:54:08.320 68552 WARNING tempest.lib.common.ssh [-] Failed to establish authenticated ssh connection to cirros@10.180.180.185 ([Errno None] Unable to connect to port 22 on 10.180.180.185). Number attempts: 5. Retry after 6 seconds.: paramiko.ssh_exception.NoValidConnectionsError: [Errno None] Unable to connect to port 22 on 10.180.180.185
2025-03-10 20:54:08.374 68544 INFO tempest.lib.common.rest_client [req-d0cc6810-40ce-4ecc-82f1-8603bb18bc95 req-d0cc6810-40ce-4ecc-82f1-8603bb18bc95 ] Request (ServerActionsTestJSON:setUpClass): 200 GET http://10.180.1.21/compute/v2.1/servers/2b4fccd8-06c9-4089-a812-a843181b79e3 0.649s
2025-03-10 20:54:08.382 68528 INFO tempest.lib.common.rest_client [req-90f2967d-e4cd-41ca-b15f-f2064b707dd5 req-90f2967d-e4cd-41ca-b15f-f2064b707dd5 ] Request (SecurityGroupRulesTestJSON:test_security_group_rules_create_with_optional_group_id): 200 POST http://10.180.1.21/compute/v2.1/os-security-group-rules 0.872s
2025-03-10 20:54:08.384 68528 WARNING tempest.lib.common.rest_client [-] Deprecated: "tenant_id" property is deprecated for removal, use "project_id" instead
2025-03-10 20:54:08.445 68576 INFO tempest.lib.common.rest_client [req-10347205-69a4-48c2-8e37-d96641cdb29a req-10347205-69a4-48c2-8e37-d96641cdb29a ] Request (ServersNegativeTestJSON:setUpClass): 200 GET http://10.180.1.21/compute/v2.1/servers/9d5dee15-72e7-45c9-8862-7ee24b056e71 0.500s
2025-03-10 20:54:08.468 68540 INFO tempest.lib.common.rest_client [req-0ee32665-bdc3-4f18-bb30-e7d78ec8757a req-0ee32665-bdc3-4f18-bb30-e7d78ec8757a ] Request (ServersTestMultiNic:_run_cleanups): 404 GET http://10.180.1.21/compute/v2.1/servers/5ffc47b4-c8f3-4df1-a64f-44854b07bc68 0.443s
2025-03-10 20:54:08.529 68580 INFO tempest.lib.common.rest_client [req-f523ac64-1599-4c6e-853d-c01e85d74426 req-f523ac64-1599-4c6e-853d-c01e85d74426 ] Request (DeleteServersTestJSON:test_delete_active_server): 200 GET http://10.180.1.21/compute/v2.1/servers/908894e7-1157-4d04-9bd5-d894adac82c9 0.445s
2025-03-10 20:54:08.604 68587 INFO tempest.lib.common.rest_client [req-91cd0102-33ab-406b-8005-b6ca8578ac35 req-91cd0102-33ab-406b-8005-b6ca8578ac35 ] Request (ServerDiagnosticsV248Test:tearDownClass): 200 GET http://10.180.1.21/compute/v2.1/servers/b3f53fc9-d041-4c75-80fd-a2f5ee6c7283 0.449s
2025-03-10 20:54:08.610 68536 INFO tempest.lib.common.rest_client [req-23489d4b-bba1-4a09-9f1b-016e75546eee req-23489d4b-bba1-4a09-9f1b-016e75546eee ] Request (ServerMetadataNegativeTestJSON:test_server_create_metadata_key_too_long): 400 POST http://10.180.1.21/compute/v2.1/servers 0.452s
2025-03-10 20:54:08.641 68536 INFO tempest.lib.common.rest_client [req-00b76e9c-c4a8-49a6-a7d8-6f61e0f79461 req-00b76e9c-c4a8-49a6-a7d8-6f61e0f79461 ] Request (ServerMetadataNegativeTestJSON:test_server_create_metadata_key_too_long): 201 POST http://10.180.1.21/identity/v3/auth/tokens 0.028s
2025-03-10 20:54:08.642 68536 INFO tempest.lib.common.fixed_network [-] (ServerMetadataNegativeTestJSON:test_server_create_metadata_key_too_long) Found network {'id': '581ac254-f0c4-4be2-a8ef-7ec895ad9029', 'name': 'tempest-ServerMetadataNegativeTestJSON-1477109396-network', 'tenant_id': 'f6b27c833c3e4205b71507193702e407', 'admin_state_up': True, 'mtu': 8950, 'status': 'ACTIVE', 'subnets': [], 'shared': False, 'project_id': 'f6b27c833c3e4205b71507193702e407', 'port_security_enabled': True, 'router:external': False, 'provider:network_type': 'vlan', 'provider:physical_network': 'default', 'provider:segmentation_id': 185, 'availability_zone_hints': [], 'availability_zones': [], 'ipv4_address_scope': None, 'ipv6_address_scope': None, 'description': '', 'tags': [], 'created_at': '2025-03-10T20:53:12Z', 'updated_at': '2025-03-10T20:53:12Z', 'revision_number': 1} available for tenant
2025-03-10 20:54:08.685 68558 INFO tempest.lib.common.rest_client [req-d5daba89-cf09-4a50-b865-193a5a965422 req-d5daba89-cf09-4a50-b865-193a5a965422 ] Request (ServersAdmin275Test:_run_cleanups): 200 GET http://10.180.1.21/compute/v2.1/servers/01a827ba-ed4d-4d82-81d2-0ecee7af2c57 0.438s
2025-03-10 20:54:08.701 68558 INFO tempest.common.waiters [-] State transition "REBUILD/rebuild_block_device_mapping" ==> "REBUILD/rebuild_spawning" after 3 second wait
2025-03-10 20:54:08.703 68540 INFO tempest.lib.common.rest_client [req-14ef2fa4-e171-4389-a0f0-5528cd2a65bd req-14ef2fa4-e171-4389-a0f0-5528cd2a65bd ] Request (ServersTestMultiNic:_run_cleanups): 204 DELETE http://10.180.1.21:9696/networking/v2.0/subnets/bdb4c25b-20dd-4058-9678-d858a583ff50 0.235s
2025-03-10 20:54:08.748 68546 INFO tempest.lib.common.rest_client [req-21c32e39-c37d-4f72-9355-db0457ff3c1d req-21c32e39-c37d-4f72-9355-db0457ff3c1d ] Request (ImagesNegativeTestJSON:test_create_image_from_deleted_server): 200 GET http://10.180.1.21/compute/v2.1/servers/7c479f08-16a0-4573-8cae-3a6f4b1c0c33 0.438s
2025-03-10 20:54:08.801 68557 INFO tempest.lib.common.rest_client [req-1000ef80-7c4c-44dd-83fa-5bc2704c2553 req-1000ef80-7c4c-44dd-83fa-5bc2704c2553 ] Request (ListServersNegativeTestJSON:setUpClass): 200 GET http://10.180.1.21/compute/v2.1/servers/312b10df-28a7-496d-88c8-ddc0b17e8c9b 0.485s
2025-03-10 20:54:09.186 68528 INFO tempest.lib.common.rest_client [req-00863393-bc84-4165-8c00-f9f7d64be24d req-00863393-bc84-4165-8c00-f9f7d64be24d ] Request (SecurityGroupRulesTestJSON:test_security_group_rules_delete_when_peer_group_deleted): 200 POST http://10.180.1.21/compute/v2.1/os-security-groups 0.799s
2025-03-10 20:54:09.300 68530 INFO tempest.lib.common.rest_client [req-2f751a76-7f59-4b12-86a1-446c262b0fc9 req-2f751a76-7f59-4b12-86a1-446c262b0fc9 ] Request (SecurityGroupsNegativeTestJSON:setUpClass): 201 POST http://10.180.1.21:9696/networking/v2.0/routers 1.203s
2025-03-10 20:54:09.309 68540 INFO tempest.lib.common.rest_client [req-9102e9f2-b662-4793-830d-b068d8c85c6c req-9102e9f2-b662-4793-830d-b068d8c85c6c ] Request (ServersTestMultiNic:_run_cleanups): 204 DELETE http://10.180.1.21:9696/networking/v2.0/networks/127a3d5c-62a0-4acc-93a1-d00b61e9a785 0.605s
2025-03-10 20:54:09.335 68582 INFO tempest.lib.common.rest_client [req-28017e5d-31f7-4959-827a-5e98612b45af req-28017e5d-31f7-4959-827a-5e98612b45af ] Request (MigrationsAdminTest:test_list_migrations_in_flavor_resize_situation): 200 GET http://10.180.1.21/compute/v2.1/servers/9e810eb2-b946-420e-91ce-13286fe3b51e 0.851s
2025-03-10 20:54:09.335 68542 INFO tempest.lib.common.rest_client [req-1d83e3a7-430d-47ee-aac8-21c67ad6820a req-1d83e3a7-430d-47ee-aac8-21c67ad6820a ] Request (FloatingIPsAssociationTestJSON:setUpClass): 200 POST http://10.180.1.21/compute/v2.1/os-floating-ips 1.519s
2025-03-10 20:54:09.401 68564 INFO tempest.lib.common.rest_client [req-2a40049c-6b2a-45cf-a634-867e2e6483df req-2a40049c-6b2a-45cf-a634-867e2e6483df ] Request (DeleteServersAdminTestJSON:test_delete_server_while_in_error_state): 200 GET http://10.180.1.21/compute/v2.1/servers/9828400d-1968-474b-aa3f-0d23176f4ee2 0.814s
2025-03-10 20:54:09.418 68532 INFO tempest.lib.common.rest_client [req-1c553559-83e9-4e05-899c-cd4c4fbccdd5 req-1c553559-83e9-4e05-899c-cd4c4fbccdd5 ] Request (ServersTestManualDisk:setUpClass): 200 GET http://10.180.1.21/compute/v2.1/servers/16698e0a-de14-49dd-b833-9a9d5a7c801d 0.857s
2025-03-10 20:54:09.442 68542 INFO tempest.lib.common.rest_client [req-f9f8cd61-1054-45af-8cf1-baad812121c3 req-f9f8cd61-1054-45af-8cf1-baad812121c3 ] Request (FloatingIPsAssociationTestJSON:test_associate_already_associated_floating_ip): 201 POST http://10.180.1.21/identity/v3/auth/tokens 0.090s
2025-03-10 20:54:09.443 68542 INFO tempest.lib.common.fixed_network [-] (FloatingIPsAssociationTestJSON:test_associate_already_associated_floating_ip) Found network {'id': 'bf5cfc07-2a28-4412-ba77-851df9166db0', 'name': 'tempest-FloatingIPsAssociationTestJSON-1810662557-network', 'tenant_id': 'ad0a3d92d5de47a1929b70b945e84ee9', 'admin_state_up': True, 'mtu': 8950, 'status': 'ACTIVE', 'subnets': [], 'shared': False, 'project_id': 'ad0a3d92d5de47a1929b70b945e84ee9', 'port_security_enabled': True, 'router:external': False, 'provider:network_type': 'vlan', 'provider:physical_network': 'default', 'provider:segmentation_id': 243, 'availability_zone_hints': [], 'availability_zones': [], 'ipv4_address_scope': None, 'ipv6_address_scope': None, 'description': '', 'tags': [], 'created_at': '2025-03-10T20:53:20Z', 'updated_at': '2025-03-10T20:53:20Z', 'revision_number': 1} available for tenant
2025-03-10 20:54:09.466 68562 INFO tempest.lib.common.rest_client [req-fc4c43e4-79b9-407f-84ac-96b83af1b7cc req-fc4c43e4-79b9-407f-84ac-96b83af1b7cc ] Request (AttachInterfacesUnderV243Test:test_add_remove_fixed_ip): 200 GET http://10.180.1.21/compute/v2.1/servers/aa631f83-2087-46a6-82f6-add91abce8ce 0.841s
2025-03-10 20:54:09.470 68540 INFO tempest.lib.common.rest_client [req-af555fc2-6f34-4ed9-990b-fc7366433430 req-af555fc2-6f34-4ed9-990b-fc7366433430 ] Request (ServersTestMultiNic:_run_cleanups): 204 DELETE http://10.180.1.21:9696/networking/v2.0/subnets/159582f4-e9a2-46f5-bbff-ea97cca68729 0.161s
2025-03-10 20:54:09.477 68548 INFO tempest.lib.common.rest_client [req-6155e0ae-7a2d-49ed-b488-18468dffe2ff req-6155e0ae-7a2d-49ed-b488-18468dffe2ff ] Request (InstanceActionsTestJSON:setUpClass): 200 GET http://10.180.1.21/compute/v2.1/servers/4e1092eb-b9a9-4997-95d6-ba88f4e907f6 0.834s
2025-03-10 20:54:09.478 68536 INFO tempest.lib.common.rest_client [req-7e70c1a2-830e-491d-b149-66e0fa891e05 req-7e70c1a2-830e-491d-b149-66e0fa891e05 ] Request (ServerMetadataNegativeTestJSON:test_server_create_metadata_key_too_long): 400 POST http://10.180.1.21/compute/v2.1/servers 0.835s
2025-03-10 20:54:09.535 68526 INFO tempest.lib.common.rest_client [req-aca46abc-d82f-4ab1-928e-43f04e362c48 req-aca46abc-d82f-4ab1-928e-43f04e362c48 ] Request (ImagesTestJSON:test_create_image_from_suspended_server): 200 GET http://10.180.1.21/compute/v2.1/servers/cf724785-3f69-4e75-93ca-4425ea703689 0.828s
2025-03-10 20:54:09.541 68561 INFO tempest.lib.common.rest_client [req-61f018ea-5725-4899-b317-99981fd6b750 req-61f018ea-5725-4899-b317-99981fd6b750 ] Request (ServerDiagnosticsTest:test_get_server_diagnostics): 200 GET http://10.180.1.21/compute/v2.1/servers/20eb57e4-d4cd-4b2b-ba64-e47288e661f3 0.857s
2025-03-10 20:54:09.591 68554 INFO tempest.lib.common.rest_client [req-5a45347e-e525-4f8e-868e-66a66e188b21 req-5a45347e-e525-4f8e-868e-66a66e188b21 ] Request (ServersAdminTestJSON:setUpClass): 200 GET http://10.180.1.21/compute/v2.1/servers/22ffafac-b489-45f0-8055-ed87dad6ebe8 0.840s
2025-03-10 20:54:09.593 68574 INFO tempest.lib.common.rest_client [req-0bfa8ea8-1861-428c-bc47-b54dafbe182d req-0bfa8ea8-1861-428c-bc47-b54dafbe182d ] Request (ServerTagsTestJSON:setUpClass): 200 GET http://10.180.1.21/compute/v2.1/servers/c367ad63-09fd-4f68-8a19-c05ce587db20 0.756s
2025-03-10 20:54:09.642 68534 INFO tempest.lib.common.rest_client [req-cee2fa5e-2fff-421a-9593-d776a19a45fc req-cee2fa5e-2fff-421a-9593-d776a19a45fc ] Request (ListImageFiltersTestJSON:setUpClass): 200 GET http://10.180.1.21/compute/v2.1/servers/691aa08e-a397-41e6-ac56-e089fa9a4132 0.777s
2025-03-10 20:54:09.647 68538 INFO tempest.lib.common.rest_client [req-f5d476da-8d26-4def-9481-115655455337 req-f5d476da-8d26-4def-9481-115655455337 ] Request (SecurityGroupsTestJSON:test_server_security_groups): 200 GET http://10.180.1.21/compute/v2.1/servers/6a7f56a0-251a-4461-a882-9019cb2d31ea 0.756s
2025-03-10 20:54:09.700 68578 INFO tempest.lib.common.rest_client [req-1acc1c15-143e-4742-a5c1-248db768fb6e req-1acc1c15-143e-4742-a5c1-248db768fb6e ] Request (ServerDiskConfigTestJSON:test_rebuild_server_with_auto_disk_config): 200 GET http://10.180.1.21/compute/v2.1/servers/5d907468-7208-420e-9ca7-5885ab1205f6 0.784s
2025-03-10 20:54:09.784 68540 INFO tempest.lib.common.rest_client [req-636d6997-d905-43d5-bee6-c8f982fe055b req-636d6997-d905-43d5-bee6-c8f982fe055b ] Request (ServersTestMultiNic:_run_cleanups): 204 DELETE http://10.180.1.21:9696/networking/v2.0/networks/0f3afb2d-43cb-44e3-ac7c-b93a62d9f12c 0.312s
2025-03-10 20:54:09.803 68584 INFO tempest.lib.common.rest_client [req-256e765f-54d9-411c-9784-1a775ce17460 req-256e765f-54d9-411c-9784-1a775ce17460 ] Request (InstanceActionsNegativeTestJSON:tearDownClass): 200 GET http://10.180.1.21/compute/v2.1/servers/dea10c6f-225d-40dc-a364-8cd319223bc2 0.810s
2025-03-10 20:54:09.817 68566 INFO tempest.lib.common.rest_client [req-024a6e6c-f45c-43d7-82cb-b94882cc1695 req-024a6e6c-f45c-43d7-82cb-b94882cc1695 ] Request (ServerAddressesNegativeTestJSON:setUpClass): 200 GET http://10.180.1.21/compute/v2.1/servers/fbae466a-1f02-457c-b5bc-820a5c4e7a22 0.801s
2025-03-10 20:54:09.855 68568 INFO tempest.lib.common.rest_client [req-a92612f4-cf8f-403e-87d6-4ba6aff8469c req-a92612f4-cf8f-403e-87d6-4ba6aff8469c ] Request (MultipleCreateTestJSON:test_multiple_create): 200 GET http://10.180.1.21/compute/v2.1/servers/a20032d7-90d1-47fe-9b7d-64e0ad250897 0.772s
2025-03-10 20:54:10.043 68540 INFO tempest.lib.common.rest_client [req-b4f899d3-5531-459d-b4c4-6b6a9ce92440 req-b4f899d3-5531-459d-b4c4-6b6a9ce92440 ] Request (ServersTestMultiNic:test_verify_multiple_nics_order): 201 POST http://10.180.1.21:9696/networking/v2.0/networks 0.258s
2025-03-10 20:54:10.049 68528 INFO tempest.lib.common.rest_client [req-0d1759b7-feb5-4a02-bc42-80724d4a28aa req-0d1759b7-feb5-4a02-bc42-80724d4a28aa ] Request (SecurityGroupRulesTestJSON:test_security_group_rules_delete_when_peer_group_deleted): 200 POST http://10.180.1.21/compute/v2.1/os-security-groups 0.859s
2025-03-10 20:54:10.070 68588 INFO tempest.lib.common.rest_client [req-f5291a34-cf2f-4321-b7be-8703121a3c43 req-f5291a34-cf2f-4321-b7be-8703121a3c43 ] Request (ServersTestFqdnHostnames:test_create_server_with_fqdn_name): 200 GET http://10.180.1.21/compute/v2.1/servers/24cc0530-19cf-49dc-9502-8c91cac5e7f2 0.942s
2025-03-10 20:54:10.144 68573 INFO tempest.lib.common.rest_client [req-7153b5c1-d32a-4127-929a-3ab9f0e25a8a req-7153b5c1-d32a-4127-929a-3ab9f0e25a8a ] Request (ImagesOneServerNegativeTestJSON:_run_cleanups): 200 GET http://10.180.1.21/compute/v2.1/servers/3aef2e11-5b1a-477a-8587-732aef4eaead 0.949s
2025-03-10 20:54:10.223 68544 INFO tempest.lib.common.rest_client [req-645da57b-d902-44a8-b871-5698a61b19d8 req-645da57b-d902-44a8-b871-5698a61b19d8 ] Request (ServerActionsTestJSON:setUpClass): 200 GET http://10.180.1.21/compute/v2.1/servers/2b4fccd8-06c9-4089-a812-a843181b79e3 0.840s
2025-03-10 20:54:10.247 68550 INFO tempest.lib.common.rest_client [req-2790d937-dd13-4b4c-9f06-cb145a3392a5 req-2790d937-dd13-4b4c-9f06-cb145a3392a5 ] Request (VolumesAdminNegativeTest:test_update_attached_volume_with_nonexistent_volume_in_body): 200 GET http://10.180.1.21/compute/v2.1/servers/cddd9f44-3672-42a5-88f7-59c42cf153f1 0.923s
2025-03-10 20:54:10.259 68550 INFO tempest.common.waiters [-] State transition "BUILD/spawning" ==> "ACTIVE/None" after 38 second wait
2025-03-10 20:54:10.323 68576 INFO tempest.lib.common.rest_client [req-27dae819-97c7-4053-a93d-175ba43019ee req-27dae819-97c7-4053-a93d-175ba43019ee ] Request (ServersNegativeTestJSON:setUpClass): 200 GET http://10.180.1.21/compute/v2.1/servers/9d5dee15-72e7-45c9-8862-7ee24b056e71 0.869s
2025-03-10 20:54:10.337 68536 INFO tempest.lib.common.rest_client [req-62b43667-d4be-4e00-b3ae-26d8ad0e6f55 req-62b43667-d4be-4e00-b3ae-26d8ad0e6f55 ] Request (ServerMetadataNegativeTestJSON:test_server_metadata_non_existent_server): 404 GET http://10.180.1.21/compute/v2.1/servers/9c410e09-e8ce-447f-905f-ca6f69363d03/metadata/test2 0.858s
2025-03-10 20:54:10.421 68580 INFO tempest.lib.common.rest_client [req-d1e48b0b-126b-4932-a032-46384fb8e1d1 req-d1e48b0b-126b-4932-a032-46384fb8e1d1 ] Request (DeleteServersTestJSON:test_delete_active_server): 200 GET http://10.180.1.21/compute/v2.1/servers/908894e7-1157-4d04-9bd5-d894adac82c9 0.884s
2025-03-10 20:54:10.434 68580 INFO tempest.common.waiters [-] State transition "BUILD/scheduling" ==> "BUILD/None" after 27 second wait
2025-03-10 20:54:10.498 68540 INFO tempest.lib.common.rest_client [req-5c8cb110-4b90-4fcf-8c1a-94c7c06c9f6e req-5c8cb110-4b90-4fcf-8c1a-94c7c06c9f6e ] Request (ServersTestMultiNic:test_verify_multiple_nics_order): 201 POST http://10.180.1.21:9696/networking/v2.0/subnets 0.454s
2025-03-10 20:54:10.514 68587 INFO tempest.lib.common.rest_client [req-ba9a840a-4b20-4c40-b192-e7ac68fe946b req-ba9a840a-4b20-4c40-b192-e7ac68fe946b ] Request (ServerDiagnosticsV248Test:tearDownClass): 200 GET http://10.180.1.21/compute/v2.1/servers/b3f53fc9-d041-4c75-80fd-a2f5ee6c7283 0.895s
2025-03-10 20:54:10.584 68558 INFO tempest.lib.common.rest_client [req-c987d241-ffcf-40bd-b480-98453933ca3c req-c987d241-ffcf-40bd-b480-98453933ca3c ] Request (ServersAdmin275Test:_run_cleanups): 200 GET http://10.180.1.21/compute/v2.1/servers/01a827ba-ed4d-4d82-81d2-0ecee7af2c57 0.881s
2025-03-10 20:54:10.647 68530 INFO tempest.lib.common.rest_client [req-aa7dd814-2b0b-4eef-99d7-b2dcd4c8ce60 req-aa7dd814-2b0b-4eef-99d7-b2dcd4c8ce60 ] Request (SecurityGroupsNegativeTestJSON:setUpClass): 200 PUT http://10.180.1.21:9696/networking/v2.0/routers/c8022888-1c12-4fbe-8288-195673b68f82/add_router_interface 1.346s
2025-03-10 20:54:10.648 68530 INFO tempest.lib.common.dynamic_creds [-] Created isolated network resources for: credentials: Credentials: {'domain_id': 'default', 'domain_name': 'Default', 'username': 'tempest-SecurityGroupsNegativeTestJSON-1115740267-project-member', 'project_domain_id': 'default', 'project_domain_name': 'Default', 'project_id': '1839da799224482dbea155ba4a48bb00', 'project_name': 'tempest-SecurityGroupsNegativeTestJSON-1115740267', 'tenant_id': '1839da799224482dbea155ba4a48bb00', 'tenant_name': 'tempest-SecurityGroupsNegativeTestJSON-1115740267', 'user_domain_id': 'default', 'user_domain_name': 'Default', 'user_id': 'cd30e98bee3443f781f29f4beefa4a7e', 'system': None}, Network: {'id': '1c535341-7809-402e-8724-b346de6e3325', 'name': 'tempest-SecurityGroupsNegativeTestJSON-1780230326-network', 'tenant_id': '1839da799224482dbea155ba4a48bb00', 'admin_state_up': True, 'mtu': 8950, 'status': 'ACTIVE', 'subnets': [], 'shared': False, 'project_id': '1839da799224482dbea155ba4a48bb00', 'port_security_enabled': True, 'router:external': False, 'provider:network_type': 'vlan', 'provider:physical_network': 'default', 'provider:segmentation_id': 862, 'availability_zone_hints': [], 'availability_zones': [], 'ipv4_address_scope': None, 'ipv6_address_scope': None, 'description': '', 'tags': [], 'created_at': '2025-03-10T20:54:07Z', 'updated_at': '2025-03-10T20:54:07Z', 'revision_number': 1}, Subnet: {'id': 'f25a573e-4d22-4a61-9176-55e72f8000a9', 'name': 'tempest-SecurityGroupsNegativeTestJSON-1780230326-subnet', 'tenant_id': '1839da799224482dbea155ba4a48bb00', 'network_id': '1c535341-7809-402e-8724-b346de6e3325', 'ip_version': 4, 'subnetpool_id': None, 'enable_dhcp': True, 'ipv6_ra_mode': None, 'ipv6_address_mode': None, 'gateway_ip': '192.168.128.1', 'cidr': '192.168.128.0/28', 'allocation_pools': [{'start': '192.168.128.2', 'end': '192.168.128.14'}], 'host_routes': [], 'dns_nameservers': [], 'description': '', 'router:external': False, 'service_types': [], 'tags': [], 'created_at': '2025-03-10T20:54:07Z', 'updated_at': '2025-03-10T20:54:07Z', 'revision_number': 0, 'project_id': '1839da799224482dbea155ba4a48bb00'}, Router: {'id': 'c8022888-1c12-4fbe-8288-195673b68f82', 'name': 'tempest-SecurityGroupsNegativeTestJSON-1780230326-router', 'tenant_id': '1839da799224482dbea155ba4a48bb00', 'admin_state_up': True, 'status': 'ACTIVE', 'external_gateway_info': {'network_id': '6f790bc3-a1ff-4276-8bb0-e6b106e45ffc', 'external_fixed_ips': [{'subnet_id': '27eaef13-c3e3-4a5c-bea8-3140baa38d91', 'ip_address': '10.180.180.238'}], 'enable_snat': True}, 'description': '', 'availability_zones': [], 'distributed': False, 'ha': False, 'availability_zone_hints': [], 'routes': [], 'flavor_id': None, 'tags': [], 'created_at': '2025-03-10T20:54:08Z', 'updated_at': '2025-03-10T20:54:08Z', 'revision_number': 2, 'project_id': '1839da799224482dbea155ba4a48bb00'}
2025-03-10 20:54:10.664 68546 INFO tempest.lib.common.rest_client [req-cd5954fa-dcce-43f9-9c73-96a3ca579bc7 req-cd5954fa-dcce-43f9-9c73-96a3ca579bc7 ] Request (ImagesNegativeTestJSON:test_create_image_from_deleted_server): 200 GET http://10.180.1.21/compute/v2.1/servers/7c479f08-16a0-4573-8cae-3a6f4b1c0c33 0.909s
2025-03-10 20:54:10.702 68542 INFO tempest.lib.common.rest_client [req-bc74b7bf-0bf1-4868-abc5-6ac3a897066a req-bc74b7bf-0bf1-4868-abc5-6ac3a897066a ] Request (FloatingIPsAssociationTestJSON:test_associate_already_associated_floating_ip): 202 POST http://10.180.1.21/compute/v2.1/servers 1.259s
2025-03-10 20:54:10.737 68557 INFO tempest.lib.common.rest_client [req-18ac25e0-8ac2-4421-9de4-26176551cf9c req-18ac25e0-8ac2-4421-9de4-26176551cf9c ] Request (ListServersNegativeTestJSON:setUpClass): 200 GET http://10.180.1.21/compute/v2.1/servers/312b10df-28a7-496d-88c8-ddc0b17e8c9b 0.924s
2025-03-10 20:54:10.748 68540 INFO tempest.lib.common.rest_client [req-9a35c2df-f409-4a1c-937f-4b3425c35914 req-9a35c2df-f409-4a1c-937f-4b3425c35914 ] Request (ServersTestMultiNic:test_verify_multiple_nics_order): 201 POST http://10.180.1.21:9696/networking/v2.0/networks 0.250s
2025-03-10 20:54:10.760 68530 INFO tempest.lib.common.rest_client [req-5ee162e2-80d5-4a2d-83f5-5df1b9a95599 req-5ee162e2-80d5-4a2d-83f5-5df1b9a95599 ] Request (SecurityGroupsNegativeTestJSON:setUpClass): 201 POST http://10.180.1.21/identity/v3/auth/tokens 0.107s
2025-03-10 20:54:10.869 68550 INFO tempest.lib.common.rest_client [req-4b273af3-7831-489c-acbc-bc307b47ccce req-4b273af3-7831-489c-acbc-bc307b47ccce ] Request (VolumesAdminNegativeTest:test_update_attached_volume_with_nonexistent_volume_in_body): 200 GET http://10.180.1.21/compute/v2.1/servers/cddd9f44-3672-42a5-88f7-59c42cf153f1/os-interface 0.610s
2025-03-10 20:54:10.905 68536 INFO tempest.lib.common.rest_client [req-19d70513-aea9-4666-9ec7-254f06ec0f84 req-19d70513-aea9-4666-9ec7-254f06ec0f84 ] Request (ServerMetadataNegativeTestJSON:test_set_metadata_invalid_key): 400 PUT http://10.180.1.21/compute/v2.1/servers/324ecfd5-13ca-4536-97b2-a84e09cb6495/metadata/key 0.565s
2025-03-10 20:54:10.953 68528 INFO tempest.lib.common.rest_client [req-ee2d947e-bc9c-40b5-91fc-20a7c3d16516 req-ee2d947e-bc9c-40b5-91fc-20a7c3d16516 ] Request (SecurityGroupRulesTestJSON:test_security_group_rules_delete_when_peer_group_deleted): 200 POST http://10.180.1.21/compute/v2.1/os-security-group-rules 0.900s
2025-03-10 20:54:11.064 68564 INFO tempest.lib.common.rest_client [req-e2001d9b-ee1a-4bdb-ab08-7ad372b0b233 req-e2001d9b-ee1a-4bdb-ab08-7ad372b0b233 ] Request (DeleteServersAdminTestJSON:test_delete_server_while_in_error_state): 200 GET http://10.180.1.21/compute/v2.1/servers/9828400d-1968-474b-aa3f-0d23176f4ee2 0.652s
2025-03-10 20:54:11.128 68582 INFO tempest.lib.common.rest_client [req-f5f9d92d-f6ed-42ac-b7fe-4c44eb574206 req-f5f9d92d-f6ed-42ac-b7fe-4c44eb574206 ] Request (MigrationsAdminTest:test_list_migrations_in_flavor_resize_situation): 200 GET http://10.180.1.21/compute/v2.1/servers/9e810eb2-b946-420e-91ce-13286fe3b51e 0.772s
2025-03-10 20:54:11.198 68562 INFO tempest.lib.common.rest_client [req-80a4d4f9-d0d3-43d5-af87-958e6b099504 req-80a4d4f9-d0d3-43d5-af87-958e6b099504 ] Request (AttachInterfacesUnderV243Test:test_add_remove_fixed_ip): 200 GET http://10.180.1.21/compute/v2.1/servers/aa631f83-2087-46a6-82f6-add91abce8ce 0.724s
2025-03-10 20:54:11.207 68532 INFO tempest.lib.common.rest_client [req-7993bcfc-5cb8-460d-8db7-604c12631608 req-7993bcfc-5cb8-460d-8db7-604c12631608 ] Request (ServersTestManualDisk:setUpClass): 200 GET http://10.180.1.21/compute/v2.1/servers/16698e0a-de14-49dd-b833-9a9d5a7c801d 0.778s
2025-03-10 20:54:11.214 68532 INFO tempest.common.waiters [-] State transition "BUILD/None" ==> "BUILD/block_device_mapping" after 32 second wait
2025-03-10 20:54:11.222 68540 INFO tempest.lib.common.rest_client [req-a4dbda01-0804-4eaa-9767-961b78720de5 req-a4dbda01-0804-4eaa-9767-961b78720de5 ] Request (ServersTestMultiNic:test_verify_multiple_nics_order): 201 POST http://10.180.1.21:9696/networking/v2.0/subnets 0.474s
2025-03-10 20:54:11.267 68548 INFO tempest.lib.common.rest_client [req-7740facc-9df5-4325-a5e5-fd429a812a29 req-7740facc-9df5-4325-a5e5-fd429a812a29 ] Request (InstanceActionsTestJSON:setUpClass): 200 GET http://10.180.1.21/compute/v2.1/servers/4e1092eb-b9a9-4997-95d6-ba88f4e907f6 0.778s
2025-03-10 20:54:11.289 68526 INFO tempest.lib.common.rest_client [req-f0031444-b3a8-4aad-b94d-47ad66b38e10 req-f0031444-b3a8-4aad-b94d-47ad66b38e10 ] Request (ImagesTestJSON:test_create_image_from_suspended_server): 200 GET http://10.180.1.21/compute/v2.1/servers/cf724785-3f69-4e75-93ca-4425ea703689 0.743s
2025-03-10 20:54:11.337 68540 INFO tempest.lib.common.rest_client [req-97f10060-ac88-4707-b634-05940e70a5c3 req-97f10060-ac88-4707-b634-05940e70a5c3 ] Request (ServersTestMultiNic:test_verify_multiple_nics_order): 201 POST http://10.180.1.21/identity/v3/auth/tokens 0.108s
2025-03-10 20:54:11.337 68540 INFO tempest.lib.common.fixed_network [-] (ServersTestMultiNic:test_verify_multiple_nics_order) Found network {'id': '070ef861-5bdc-4a11-b6b1-aaae1d59416c', 'name': 'tempest-ServersTestMultiNic-1130314447-network', 'tenant_id': 'ffdb617207c24359bcadb255b9075d70', 'admin_state_up': True, 'mtu': 8950, 'status': 'ACTIVE', 'subnets': [], 'shared': False, 'project_id': 'ffdb617207c24359bcadb255b9075d70', 'port_security_enabled': True, 'router:external': False, 'provider:network_type': 'vlan', 'provider:physical_network': 'default', 'provider:segmentation_id': 700, 'availability_zone_hints': [], 'availability_zones': [], 'ipv4_address_scope': None, 'ipv6_address_scope': None, 'description': '', 'tags': [], 'created_at': '2025-03-10T20:52:45Z', 'updated_at': '2025-03-10T20:52:45Z', 'revision_number': 1} available for tenant
2025-03-10 20:54:11.343 68561 INFO tempest.lib.common.rest_client [req-678ad65f-97df-4175-b2bd-4ea688a01486 req-678ad65f-97df-4175-b2bd-4ea688a01486 ] Request (ServerDiagnosticsTest:test_get_server_diagnostics): 200 GET http://10.180.1.21/compute/v2.1/servers/20eb57e4-d4cd-4b2b-ba64-e47288e661f3 0.791s
2025-03-10 20:54:11.387 68554 INFO tempest.lib.common.rest_client [req-8106f352-e6f0-4373-a08e-dd5e34e2a0f8 req-8106f352-e6f0-4373-a08e-dd5e34e2a0f8 ] Request (ServersAdminTestJSON:setUpClass): 200 GET http://10.180.1.21/compute/v2.1/servers/22ffafac-b489-45f0-8055-ed87dad6ebe8 0.788s
2025-03-10 20:54:11.420 68574 INFO tempest.lib.common.rest_client [req-0a03ee40-aa9a-4106-8d81-34a74bb99bf6 req-0a03ee40-aa9a-4106-8d81-34a74bb99bf6 ] Request (ServerTagsTestJSON:setUpClass): 200 GET http://10.180.1.21/compute/v2.1/servers/c367ad63-09fd-4f68-8a19-c05ce587db20 0.814s
2025-03-10 20:54:11.481 68534 INFO tempest.lib.common.rest_client [req-3b7a6013-8955-4daa-a03f-744fae27e977 req-3b7a6013-8955-4daa-a03f-744fae27e977 ] Request (ListImageFiltersTestJSON:setUpClass): 200 GET http://10.180.1.21/compute/v2.1/servers/691aa08e-a397-41e6-ac56-e089fa9a4132 0.830s
2025-03-10 20:54:11.502 68538 INFO tempest.lib.common.rest_client [req-95bdcad0-e72e-452e-94bd-4befd636ec6b req-95bdcad0-e72e-452e-94bd-4befd636ec6b ] Request (SecurityGroupsTestJSON:test_server_security_groups): 200 GET http://10.180.1.21/compute/v2.1/servers/6a7f56a0-251a-4461-a882-9019cb2d31ea 0.842s
2025-03-10 20:54:11.552 68542 INFO tempest.lib.common.rest_client [req-77012cb2-4866-402f-90fe-581ee1832b04 req-77012cb2-4866-402f-90fe-581ee1832b04 ] Request (FloatingIPsAssociationTestJSON:test_associate_already_associated_floating_ip): 200 GET http://10.180.1.21/compute/v2.1/servers/facc3342-97e6-4209-ae31-a20e9ed70a18 0.848s
2025-03-10 20:54:11.554 68578 INFO tempest.lib.common.rest_client [req-98171524-3ebb-47e5-a705-ae082d0b8378 req-98171524-3ebb-47e5-a705-ae082d0b8378 ] Request (ServerDiskConfigTestJSON:test_rebuild_server_with_auto_disk_config): 200 GET http://10.180.1.21/compute/v2.1/servers/5d907468-7208-420e-9ca7-5885ab1205f6 0.845s
2025-03-10 20:54:11.625 68584 INFO tempest.lib.common.rest_client [req-fc2a4fe5-8666-4181-be7e-e9e21870404e req-fc2a4fe5-8666-4181-be7e-e9e21870404e ] Request (InstanceActionsNegativeTestJSON:tearDownClass): 200 GET http://10.180.1.21/compute/v2.1/servers/dea10c6f-225d-40dc-a364-8cd319223bc2 0.814s
2025-03-10 20:54:11.633 68584 INFO tempest.common.waiters [-] State transition "ACTIVE/deleting" ==> "DELETED/None" after 4 second wait
2025-03-10 20:54:11.655 68530 INFO tempest.lib.common.rest_client [req-e2b6e2ad-0be0-46fa-8c68-474b09b15165 req-e2b6e2ad-0be0-46fa-8c68-474b09b15165 ] Request (SecurityGroupsNegativeTestJSON:test_delete_nonexistent_security_group): 404 DELETE http://10.180.1.21/compute/v2.1/os-security-groups/c65aaa26-36bc-43be-90cc-c002597b8757 0.893s
2025-03-10 20:54:11.686 68550 INFO tempest.lib.common.rest_client [req-eabc5f78-6ffa-472b-938d-6168390ad0cb req-eabc5f78-6ffa-472b-938d-6168390ad0cb ] Request (VolumesAdminNegativeTest:test_update_attached_volume_with_nonexistent_volume_in_body): 200 PUT http://10.180.1.21:9696/networking/v2.0/floatingips/f6aa2426-5634-446c-837c-6652a09136bf 0.814s
2025-03-10 20:54:11.687 68550 INFO tempest.lib.common.ssh [-] Creating ssh connection to '10.180.180.152:22' as 'cirros' with public key authentication
2025-03-10 20:54:11.719 68568 INFO tempest.lib.common.rest_client [req-2ff2cad2-59ed-4a18-bec6-8ea99e8d1223 req-2ff2cad2-59ed-4a18-bec6-8ea99e8d1223 ] Request (MultipleCreateTestJSON:test_multiple_create): 200 GET http://10.180.1.21/compute/v2.1/servers/a20032d7-90d1-47fe-9b7d-64e0ad250897 0.852s
2025-03-10 20:54:11.728 68536 INFO tempest.lib.common.rest_client [req-884a3e58-510e-4c48-b3eb-4c14cd526696 req-884a3e58-510e-4c48-b3eb-4c14cd526696 ] Request (ServerMetadataNegativeTestJSON:test_set_metadata_non_existent_server): 404 PUT http://10.180.1.21/compute/v2.1/servers/26e086cf-a4c9-4a11-93cb-609bf99cecde/metadata 0.822s
2025-03-10 20:54:11.763 68566 INFO tempest.lib.common.rest_client [req-f916c3ce-d436-4d84-a4b1-2f7e846114e1 req-f916c3ce-d436-4d84-a4b1-2f7e846114e1 ] Request (ServerAddressesNegativeTestJSON:setUpClass): 200 GET http://10.180.1.21/compute/v2.1/servers/fbae466a-1f02-457c-b5bc-820a5c4e7a22 0.937s
2025-03-10 20:54:11.853 68528 INFO tempest.lib.common.rest_client [req-09f008cd-54ab-4df6-a073-62083bddd98f req-09f008cd-54ab-4df6-a073-62083bddd98f ] Request (SecurityGroupRulesTestJSON:test_security_group_rules_delete_when_peer_group_deleted): 202 DELETE http://10.180.1.21/compute/v2.1/os-security-groups/379d57a6-47cf-4a31-bc77-10e87f1a996f 0.895s
2025-03-10 20:54:11.867 68588 INFO tempest.lib.common.rest_client [req-404372eb-de86-4600-8d9d-1c009ae40ae4 req-404372eb-de86-4600-8d9d-1c009ae40ae4 ] Request (ServersTestFqdnHostnames:test_create_server_with_fqdn_name): 200 GET http://10.180.1.21/compute/v2.1/servers/24cc0530-19cf-49dc-9502-8c91cac5e7f2 0.789s
2025-03-10 20:54:11.930 68544 INFO tempest.lib.common.rest_client [req-5bc1e9b7-c32c-461a-a631-b44b559f1323 req-5bc1e9b7-c32c-461a-a631-b44b559f1323 ] Request (ServerActionsTestJSON:setUpClass): 200 GET http://10.180.1.21/compute/v2.1/servers/2b4fccd8-06c9-4089-a812-a843181b79e3 0.697s
2025-03-10 20:54:11.932 68573 INFO tempest.lib.common.rest_client [req-8db28690-0497-4ce4-8678-68f584896776 req-8db28690-0497-4ce4-8678-68f584896776 ] Request (ImagesOneServerNegativeTestJSON:_run_cleanups): 200 GET http://10.180.1.21/compute/v2.1/servers/3aef2e11-5b1a-477a-8587-732aef4eaead 0.778s
2025-03-10 20:54:11.990 68576 INFO tempest.lib.common.rest_client [req-613edd22-d972-45b3-81eb-7b27a14ca07f req-613edd22-d972-45b3-81eb-7b27a14ca07f ] Request (ServersNegativeTestJSON:setUpClass): 200 GET http://10.180.1.21/compute/v2.1/servers/9d5dee15-72e7-45c9-8862-7ee24b056e71 0.657s
2025-03-10 20:54:12.063 68580 INFO tempest.lib.common.rest_client [req-4ec68450-e967-41ab-9e0e-2eed2573ba86 req-4ec68450-e967-41ab-9e0e-2eed2573ba86 ] Request (DeleteServersTestJSON:test_delete_active_server): 200 GET http://10.180.1.21/compute/v2.1/servers/908894e7-1157-4d04-9bd5-d894adac82c9 0.628s
2025-03-10 20:54:12.154 68587 INFO tempest.lib.common.rest_client [req-d7631a1d-5c35-426e-abb9-b5a7615662ca req-d7631a1d-5c35-426e-abb9-b5a7615662ca ] Request (ServerDiagnosticsV248Test:tearDownClass): 200 GET http://10.180.1.21/compute/v2.1/servers/b3f53fc9-d041-4c75-80fd-a2f5ee6c7283 0.629s
2025-03-10 20:54:12.224 68558 INFO tempest.lib.common.rest_client [req-d2cf0886-3d89-4a95-b884-4f22062aaefb req-d2cf0886-3d89-4a95-b884-4f22062aaefb ] Request (ServersAdmin275Test:_run_cleanups): 200 GET http://10.180.1.21/compute/v2.1/servers/01a827ba-ed4d-4d82-81d2-0ecee7af2c57 0.622s
2025-03-10 20:54:12.225 68530 INFO tempest.lib.common.rest_client [req-ea7a8832-cd5e-48d0-a5dc-20492dc2210d req-ea7a8832-cd5e-48d0-a5dc-20492dc2210d ] Request (SecurityGroupsNegativeTestJSON:test_delete_security_group_without_passing_id): 404 DELETE http://10.180.1.21/compute/v2.1/os-security-groups/ 0.569s
2025-03-10 20:54:12.293 68546 INFO tempest.lib.common.rest_client [req-5019b94d-7e4f-4838-abf6-44ee5f251ac8 req-5019b94d-7e4f-4838-abf6-44ee5f251ac8 ] Request (ImagesNegativeTestJSON:test_create_image_from_deleted_server): 200 GET http://10.180.1.21/compute/v2.1/servers/7c479f08-16a0-4573-8cae-3a6f4b1c0c33 0.617s
2025-03-10 20:54:12.324 68536 INFO tempest.lib.common.rest_client [req-027d0152-d785-441b-a47b-b30bf14f036e req-027d0152-d785-441b-a47b-b30bf14f036e ] Request (ServerMetadataNegativeTestJSON:test_set_server_metadata_blank_key): 400 PUT http://10.180.1.21/compute/v2.1/servers/324ecfd5-13ca-4536-97b2-a84e09cb6495/metadata 0.595s
2025-03-10 20:54:12.379 68557 INFO tempest.lib.common.rest_client [req-4708c52a-8d71-45d9-a760-77f75f4c760d req-4708c52a-8d71-45d9-a760-77f75f4c760d ] Request (ListServersNegativeTestJSON:setUpClass): 200 GET http://10.180.1.21/compute/v2.1/servers/312b10df-28a7-496d-88c8-ddc0b17e8c9b 0.632s
2025-03-10 20:54:12.384 68540 INFO tempest.lib.common.rest_client [req-3af590d0-6eea-405f-b177-8b94452b04e2 req-3af590d0-6eea-405f-b177-8b94452b04e2 ] Request (ServersTestMultiNic:test_verify_multiple_nics_order): 202 POST http://10.180.1.21/compute/v2.1/servers 1.046s
2025-03-10 20:54:12.407 68528 INFO tempest.lib.common.rest_client [req-0a2c8421-3d0e-4a56-8eed-6c9bfb142174 req-0a2c8421-3d0e-4a56-8eed-6c9bfb142174 ] Request (SecurityGroupRulesTestJSON:test_security_group_rules_delete_when_peer_group_deleted): 200 GET http://10.180.1.21/compute/v2.1/os-security-groups/ec8d729b-6580-4722-a302-8eb0e84ed8cc 0.554s
2025-03-10 20:54:12.434 68564 INFO tempest.lib.common.rest_client [req-33540d77-e84c-4025-9aff-e7e0f0e79011 req-33540d77-e84c-4025-9aff-e7e0f0e79011 ] Request (DeleteServersAdminTestJSON:test_delete_server_while_in_error_state): 200 GET http://10.180.1.21/compute/v2.1/servers/9828400d-1968-474b-aa3f-0d23176f4ee2 0.358s
2025-03-10 20:54:12.483 68562 INFO tempest.lib.common.rest_client [req-abc0e3b5-53c2-469e-8002-abf25e28bf2b req-abc0e3b5-53c2-469e-8002-abf25e28bf2b ] Request (AttachInterfacesUnderV243Test:test_add_remove_fixed_ip): 200 GET http://10.180.1.21/compute/v2.1/servers/aa631f83-2087-46a6-82f6-add91abce8ce 0.275s
2025-03-10 20:54:12.542 68582 INFO tempest.lib.common.rest_client [req-4c932a36-72db-4aab-96e9-cb6572466dfb req-4c932a36-72db-4aab-96e9-cb6572466dfb ] Request (MigrationsAdminTest:test_list_migrations_in_flavor_resize_situation): 200 GET http://10.180.1.21/compute/v2.1/servers/9e810eb2-b946-420e-91ce-13286fe3b51e 0.402s
2025-03-10 20:54:12.604 68532 INFO tempest.lib.common.rest_client [req-df22a4d3-c247-47c9-8f8a-a13f103cb6a6 req-df22a4d3-c247-47c9-8f8a-a13f103cb6a6 ] Request (ServersTestManualDisk:setUpClass): 200 GET http://10.180.1.21/compute/v2.1/servers/16698e0a-de14-49dd-b833-9a9d5a7c801d 0.387s
