2025-06-20 13:48:42.860 60445 INFO tempest.lib.common.dynamic_creds [-] Created isolated network resources for: credentials: Credentials: {'domain_id': 'default', 'domain_name': 'Default', 'username': 'tempest-VolumesAssistedSnapshotsTest-339693796-project-admin', 'project_domain_id': 'default', 'project_domain_name': 'Default', 'project_id': '0c768651ffb840489a216c987bd590a3', 'project_name': 'tempest-VolumesAssistedSnapshotsTest-339693796', 'tenant_id': '0c768651ffb840489a216c987bd590a3', 'tenant_name': 'tempest-VolumesAssistedSnapshotsTest-339693796', 'user_domain_id': 'default', 'user_domain_name': 'Default', 'user_id': '4e2ad09a13c74d90b59df30393bc4da6', 'system': None}, Network: {'id': '6f06cae4-a0f3-4495-9171-4a04ef6e743c', 'name': 'tempest-VolumesAssistedSnapshotsTest-1945947481-network', 'tenant_id': '0c768651ffb840489a216c987bd590a3', 'admin_state_up': True, 'mtu': 8950, 'status': 'ACTIVE', 'subnets': [], 'shared': False, 'project_id': '0c768651ffb840489a216c987bd590a3', 'port_security_enabled': True, 'router:external': False, 'provider:network_type': 'vlan', 'provider:physical_network': 'default', 'provider:segmentation_id': 902, 'is_default': False, 'availability_zone_hints': [], 'availability_zones': [], 'ipv4_address_scope': None, 'ipv6_address_scope': None, 'description': '', 'tags': [], 'created_at': '2025-06-20T13:48:40Z', 'updated_at': '2025-06-20T13:48:40Z', 'revision_number': 1}, Subnet: {'id': 'ea3c1eb1-57af-47e4-b646-1aa7292fdaad', 'name': 'tempest-VolumesAssistedSnapshotsTest-1945947481-subnet', 'tenant_id': '0c768651ffb840489a216c987bd590a3', 'network_id': '6f06cae4-a0f3-4495-9171-4a04ef6e743c', 'ip_version': 4, 'subnetpool_id': None, 'enable_dhcp': True, 'ipv6_ra_mode': None, 'ipv6_address_mode': None, 'gateway_ip': '192.168.128.1', 'cidr': '192.168.128.0/28', 'allocation_pools': [{'start': '192.168.128.2', 'end': '192.168.128.14'}], 'host_routes': [], 'dns_nameservers': [], 'description': '', 'service_types': [], 'tags': [], 'created_at': '2025-06-20T13:48:40Z', 'updated_at': '2025-06-20T13:48:40Z', 'revision_number': 0, 'project_id': '0c768651ffb840489a216c987bd590a3'}, Router: {'id': 'edc02fbb-d93a-4640-aeec-e728295baa12', 'name': 'tempest-VolumesAssistedSnapshotsTest-1945947481-router', 'tenant_id': '0c768651ffb840489a216c987bd590a3', 'admin_state_up': True, 'status': 'ACTIVE', 'external_gateway_info': {'network_id': 'af234c28-9985-461c-8f4c-964ce76e935a', 'external_fixed_ips': [{'subnet_id': '027c8fcf-d5b4-4826-8653-f2a6abbe5b6c', 'ip_address': '10.180.180.251'}], 'enable_snat': True}, 'description': '', 'availability_zones': [], 'distributed': False, 'ha': False, 'availability_zone_hints': [], 'routes': [], 'flavor_id': None, 'tags': [], 'created_at': '2025-06-20T13:48:40Z', 'updated_at': '2025-06-20T13:48:41Z', 'revision_number': 2, 'project_id': '0c768651ffb840489a216c987bd590a3'}
2025-06-20 13:48:42.914 60411 INFO tempest.lib.common.rest_client [req-db70b45a-6a6e-4c98-9d0f-1e52ed4a9078 req-db70b45a-6a6e-4c98-9d0f-1e52ed4a9078 ] Request (ServerDiagnosticsNegativeTest:test_get_server_diagnostics_by_non_admin): 202 POST http://10.180.1.21/compute/v2.1/servers 3.621s
2025-06-20 13:48:42.995 60445 INFO tempest.lib.common.rest_client [req-a9029205-a4aa-41f1-bb58-30b7999e8edc req-a9029205-a4aa-41f1-bb58-30b7999e8edc ] Request (VolumesAssistedSnapshotsTest:setUpClass): 201 POST http://10.180.1.21/identity/v3/auth/tokens 0.126s
2025-06-20 13:48:43.027 60445 INFO tempest.lib.common.rest_client [req-8cf0fb2c-2c12-4f58-aff5-8fa43077f9b9 req-8cf0fb2c-2c12-4f58-aff5-8fa43077f9b9 ] Request (VolumesAssistedSnapshotsTest:setUpClass): 201 POST http://10.180.1.21/identity/v3/projects 0.031s
2025-06-20 13:48:43.051 60457 INFO tempest.lib.common.rest_client [req-50ff925e-b22a-4128-bc1c-a43b06b5cbcf req-50ff925e-b22a-4128-bc1c-a43b06b5cbcf ] Request (FlavorsAccessTestJSON:test_flavor_access_add_remove): 200 POST http://10.180.1.21/compute/v2.1/flavors/1702449880/action 3.339s
2025-06-20 13:48:43.134 60445 INFO tempest.lib.common.rest_client [req-d9f17703-fc8b-4c55-99c7-8c24ca73afbc req-d9f17703-fc8b-4c55-99c7-8c24ca73afbc ] Request (VolumesAssistedSnapshotsTest:setUpClass): 201 POST http://10.180.1.21/identity/v3/users 0.107s
2025-06-20 13:48:43.161 60445 INFO tempest.lib.common.rest_client [req-4d0e5a6d-7d20-48ad-b651-2cca48e88889 req-4d0e5a6d-7d20-48ad-b651-2cca48e88889 ] Request (VolumesAssistedSnapshotsTest:setUpClass): 200 GET http://10.180.1.21/identity/v3/roles 0.026s
2025-06-20 13:48:43.189 60445 INFO tempest.lib.common.rest_client [req-901d60fe-dffb-4412-8cd2-378b37f1d77b req-901d60fe-dffb-4412-8cd2-378b37f1d77b ] Request (VolumesAssistedSnapshotsTest:setUpClass): 204 PUT http://10.180.1.21/identity/v3/projects/d4a4594fa2ae4fd9a3277ff3a6a4a918/users/bc7969fc442e4986b2e67bdf5ebe9f4a/roles/a22e9ae18bb145f5984b71bbaf9a95bf 0.027s
2025-06-20 13:48:43.245 60445 INFO tempest.lib.common.rest_client [req-896a3dea-63dc-4b40-aeb9-9fc060d02fac req-896a3dea-63dc-4b40-aeb9-9fc060d02fac ] Request (VolumesAssistedSnapshotsTest:setUpClass): 200 GET http://10.180.1.21/identity/v3/roles 0.056s
2025-06-20 13:48:43.247 60453 INFO tempest.lib.common.rest_client [req-cabb35ff-0f58-4cf6-a0e6-600cedbf09c8 req-cabb35ff-0f58-4cf6-a0e6-600cedbf09c8 ] Request (ServersTestJSON:setUpClass): 200 POST http://10.180.1.21/compute/v2.1/os-keypairs 3.458s
2025-06-20 13:48:43.279 60445 INFO tempest.lib.common.rest_client [req-2f0b1974-e5cb-4d3f-a5ae-aadde8b2f662 req-2f0b1974-e5cb-4d3f-a5ae-aadde8b2f662 ] Request (VolumesAssistedSnapshotsTest:setUpClass): 204 PUT http://10.180.1.21/identity/v3/projects/d4a4594fa2ae4fd9a3277ff3a6a4a918/users/bc7969fc442e4986b2e67bdf5ebe9f4a/roles/dada220f33af41c190c6a74403b3714f 0.033s
2025-06-20 13:48:43.282 60445 INFO tempest.lib.common.dynamic_creds [-] Dynamic test user bc7969fc442e4986b2e67bdf5ebe9f4a is created with scope project and roles: ['service', 'admin']
2025-06-20 13:48:43.282 60445 INFO tempest.lib.common.dynamic_creds [-] Acquired dynamic creds: credentials: Credentials: {'domain_id': 'default', 'domain_name': 'Default', 'username': 'tempest-VolumesAssistedSnapshotsTest-1229156085-project', 'project_domain_id': 'default', 'project_domain_name': 'Default', 'project_id': 'd4a4594fa2ae4fd9a3277ff3a6a4a918', 'project_name': 'tempest-VolumesAssistedSnapshotsTest-1229156085', 'tenant_id': 'd4a4594fa2ae4fd9a3277ff3a6a4a918', 'tenant_name': 'tempest-VolumesAssistedSnapshotsTest-1229156085', 'user_domain_id': 'default', 'user_domain_name': 'Default', 'user_id': 'bc7969fc442e4986b2e67bdf5ebe9f4a', 'system': None}, Network: None, Subnet: None, Router: None
2025-06-20 13:48:43.485 60425 INFO tempest.lib.common.rest_client [req-1dfcb0f1-b60b-4fb7-94ba-1f2151d5dc10 req-1dfcb0f1-b60b-4fb7-94ba-1f2151d5dc10 ] Request (QuotasAdminNegativeTest:test_create_server_when_cpu_quota_is_full): 200 PUT http://10.180.1.21/compute/v2.1/os-quota-sets/252b0ab43c114abea88a0db72b8c2f4c 3.403s
2025-06-20 13:48:43.504 60417 INFO tempest.lib.common.rest_client [req-82865562-770f-4c72-86ed-ff3f4754ae1e req-82865562-770f-4c72-86ed-ff3f4754ae1e ] Request (HypervisorAdminUnderV252Test:test_search_hypervisor): 200 GET http://10.180.1.21/compute/v2.1/os-hypervisors 3.361s
2025-06-20 13:48:43.513 60453 INFO tempest.lib.common.rest_client [req-bdc6b523-08d5-4998-8afa-904a7711a60a req-bdc6b523-08d5-4998-8afa-904a7711a60a ] Request (ServersTestJSON:setUpClass): 201 POST http://10.180.1.21:9696/networking/v2.0/security-groups 0.261s
2025-06-20 13:48:43.565 60425 INFO tempest.lib.common.rest_client [req-bbd2d880-e207-4e95-88f8-ed8c48ced0cd req-bbd2d880-e207-4e95-88f8-ed8c48ced0cd ] Request (QuotasAdminNegativeTest:test_create_server_when_cpu_quota_is_full): 201 POST http://10.180.1.21/identity/v3/auth/tokens 0.069s
2025-06-20 13:48:43.567 60425 INFO tempest.lib.common.fixed_network [-] (QuotasAdminNegativeTest:test_create_server_when_cpu_quota_is_full) Found network None available for tenant
2025-06-20 13:48:43.888 60445 INFO tempest.lib.common.rest_client [req-1bccd65c-dc5b-48be-863a-8bf55b558796 req-1bccd65c-dc5b-48be-863a-8bf55b558796 ] Request (VolumesAssistedSnapshotsTest:setUpClass): 201 POST http://10.180.1.21:9696/networking/v2.0/networks 0.606s
2025-06-20 13:48:43.952 60429 INFO tempest.lib.common.rest_client [req-97fa8f9c-6a8e-48d7-851d-30910ee97655 req-97fa8f9c-6a8e-48d7-851d-30910ee97655 ] Request (SecurityGroupsTestAdminJSON:test_list_security_groups_list_all_tenants_filter): 200 POST http://10.180.1.21/compute/v2.1/os-security-groups 3.713s
2025-06-20 13:48:43.958 60453 INFO tempest.lib.common.rest_client [req-b340cf8e-8d34-4b99-ada3-cbb2d68827c8 req-b340cf8e-8d34-4b99-ada3-cbb2d68827c8 ] Request (ServersTestJSON:setUpClass): 201 POST http://10.180.1.21:9696/networking/v2.0/security-group-rules 0.444s
2025-06-20 13:48:43.978 60421 INFO tempest.lib.common.rest_client [req-a06ffb13-88a5-4557-8993-7365ce5333ce req-a06ffb13-88a5-4557-8993-7365ce5333ce ] Request (AggregatesAdminNegativeTestJSON:test_aggregate_add_existent_host): 200 POST http://10.180.1.21/compute/v2.1/os-aggregates 3.584s
2025-06-20 13:48:44.028 60441 INFO tempest.lib.common.rest_client [req-68ff1a30-ac0f-43d9-9d78-0f218d8105a0 req-68ff1a30-ac0f-43d9-9d78-0f218d8105a0 ] Request (ImagesNegativeTestJSON:test_create_image_from_deleted_server): 202 POST http://10.180.1.21/compute/v2.1/servers 4.462s
2025-06-20 13:48:44.140 60419 INFO tempest.lib.common.rest_client [req-bca0881d-023d-4045-bca8-fe800419d6fa req-bca0881d-023d-4045-bca8-fe800419d6fa ] Request (InstanceUsageAuditLogNegativeTestJSON:test_instance_usage_audit_logs_with_nonadmin_user): 403 GET http://10.180.1.21/compute/v2.1/os-instance_usage_audit_log 3.721s
2025-06-20 13:48:44.195 60433 INFO tempest.lib.common.rest_client [req-f373e3e8-d5ad-4aca-8b5e-315f5a17e618 req-f373e3e8-d5ad-4aca-8b5e-315f5a17e618 ] Request (ValidationResourcesFixture:setUp): 200 POST http://10.180.1.21/compute/v2.1/os-keypairs 3.693s
2025-06-20 13:48:44.217 60463 INFO tempest.lib.common.rest_client [req-4d7d08bb-f0a8-4896-8eba-86e062de8de4 req-4d7d08bb-f0a8-4896-8eba-86e062de8de4 ] Request (HostsAdminTestJSON:test_list_hosts_with_a_blank_zone): 200 GET http://10.180.1.21/compute/v2.1/os-hosts?zone= 3.630s
2025-06-20 13:48:44.224 60415 INFO tempest.lib.common.rest_client [req-b7629478-37c7-45cf-ae1d-c6356f0378a4 req-b7629478-37c7-45cf-ae1d-c6356f0378a4 ] Request (SecurityGroupsNegativeTestJSON:test_security_group_get_nonexistent_group): 404 GET http://10.180.1.21/compute/v2.1/os-security-groups/e03fc4bc-cf29-4ab5-b401-c23fccace754 3.685s
2025-06-20 13:48:44.310 60459 INFO tempest.lib.common.rest_client [req-f7efe816-55a0-4956-904a-8f92d78cf55a req-f7efe816-55a0-4956-904a-8f92d78cf55a ] Request (FlavorMetadataValidation:test_flavor_update_with_custom_namespace): 200 POST http://10.180.1.21/compute/v2.1/flavors/1716740447/os-extra_specs 3.599s
2025-06-20 13:48:44.343 60407 INFO tempest.lib.common.rest_client [req-4a031295-f0cf-470b-9038-4d0aeaa8a640 req-4a031295-f0cf-470b-9038-4d0aeaa8a640 ] Request (KeyPairsV22TestJSON:test_get_keypair_detail): 201 POST http://10.180.1.21/compute/v2.1/os-keypairs 3.591s
2025-06-20 13:48:44.471 60405 INFO tempest.lib.common.rest_client [req-13bf588f-c5f7-4cbe-8a98-2f72f9744c3c req-13bf588f-c5f7-4cbe-8a98-2f72f9744c3c ] Request (ServerDiagnosticsV248Test:test_get_server_diagnostics): 200 GET http://10.180.1.21/compute/v2.1/servers/dedec08e-95d1-4467-96a4-cdec5f170e01 3.479s
2025-06-20 13:48:44.554 60453 INFO tempest.lib.common.rest_client [req-66f54b17-8596-4610-bd7f-137ac1e32d27 req-66f54b17-8596-4610-bd7f-137ac1e32d27 ] Request (ServersTestJSON:setUpClass): 201 POST http://10.180.1.21:9696/networking/v2.0/security-group-rules 0.595s
2025-06-20 13:48:44.593 60445 INFO tempest.lib.common.rest_client [req-12e766a9-93fd-422e-a796-a4d33ff63093 req-12e766a9-93fd-422e-a796-a4d33ff63093 ] Request (VolumesAssistedSnapshotsTest:setUpClass): 201 POST http://10.180.1.21:9696/networking/v2.0/subnets 0.704s
2025-06-20 13:48:44.612 60409 INFO tempest.lib.common.rest_client [req-77da369c-2a1c-46ed-acb5-120f07248dd5 req-77da369c-2a1c-46ed-acb5-120f07248dd5 ] Request (ServersWithSpecificFlavorTestJSON:setUpClass): 201 POST http://10.180.1.21:9696/networking/v2.0/routers 2.438s
2025-06-20 13:48:44.658 60433 INFO tempest.lib.common.rest_client [req-79f61212-1367-488a-aee3-e6511f6aa4c8 req-79f61212-1367-488a-aee3-e6511f6aa4c8 ] Request (ValidationResourcesFixture:setUp): 201 POST http://10.180.1.21:9696/networking/v2.0/security-groups 0.460s
2025-06-20 13:48:44.900 60413 INFO tempest.lib.common.rest_client [req-3cbdcf20-700b-43da-9087-65b43091872e req-3cbdcf20-700b-43da-9087-65b43091872e ] Request (FlavorsV2NegativeTest:test_boot_with_low_ram): 400 POST http://10.180.1.21/compute/v2.1/servers 3.671s
2025-06-20 13:48:44.969 60413 INFO tempest.lib.common.rest_client [req-97b69fd2-250e-491f-9a41-5ad5556d1139 req-97b69fd2-250e-491f-9a41-5ad5556d1139 ] Request (FlavorsV2NegativeTest:_run_cleanups): 204 DELETE http://10.180.1.21/image/v2/images/083a00f8-8806-4591-8f2c-ff2a6f77e4f4 0.068s
2025-06-20 13:48:45.095 60413 INFO tempest.lib.common.rest_client [req-ba03806c-5762-4a52-b521-943adae4f542 req-ba03806c-5762-4a52-b521-943adae4f542 ] Request (FlavorsV2NegativeTest:tearDownClass): 204 DELETE http://10.180.1.21/identity/v3/users/6ff759a881834fa68220a78d989888b4 0.125s
2025-06-20 13:48:45.095 60413 INFO tempest.lib.common.dynamic_creds [-] Deleting project and security group for project: 2c3c6e4162694926a7526f062e098c3e
2025-06-20 13:48:45.160 60413 INFO tempest.lib.common.rest_client [req-1d7bb979-b53d-4027-823d-cde70a81d616 req-1d7bb979-b53d-4027-823d-cde70a81d616 ] Request (FlavorsV2NegativeTest:tearDownClass): 201 POST http://10.180.1.21/identity/v3/auth/tokens 0.065s
2025-06-20 13:48:45.470 60433 INFO tempest.lib.common.rest_client [req-90230e2e-25e0-40df-97cf-f4c376fda1ce req-90230e2e-25e0-40df-97cf-f4c376fda1ce ] Request (ValidationResourcesFixture:setUp): 201 POST http://10.180.1.21:9696/networking/v2.0/security-group-rules 0.811s
2025-06-20 13:48:45.765 60427 INFO tempest.lib.common.rest_client [req-69c7cad9-719b-4e5a-aac5-4f72e495ca67 req-69c7cad9-719b-4e5a-aac5-4f72e495ca67 ] Request (ServerExternalEventsTest:test_create_server_external_events): 200 GET http://10.180.1.21/compute/v2.1/servers/a0755f79-7df4-4660-92e6-5dd80af94aaa 4.229s
2025-06-20 13:48:45.978 60413 INFO tempest.lib.common.rest_client [req-511eddb7-a11d-4f41-b545-22501674754c req-511eddb7-a11d-4f41-b545-22501674754c ] Request (FlavorsV2NegativeTest:tearDownClass): 200 GET http://10.180.1.21:9696/networking/v2.0/security-groups?tenant_id=2c3c6e4162694926a7526f062e098c3e&name=default 0.817s
2025-06-20 13:48:46.086 60433 INFO tempest.lib.common.rest_client [req-3ded232e-0eea-4542-9582-ef20c4536701 req-3ded232e-0eea-4542-9582-ef20c4536701 ] Request (ValidationResourcesFixture:setUp): 201 POST http://10.180.1.21:9696/networking/v2.0/security-group-rules 0.616s
2025-06-20 13:48:46.144 60431 INFO tempest.lib.common.rest_client [req-c35db301-f5b1-4ccf-9637-09f5b1aad685 req-c35db301-f5b1-4ccf-9637-09f5b1aad685 ] Request (ServersAdminNegativeTestJSON:setUpClass): 200 GET http://10.180.1.21/compute/v2.1/servers/b5636e10-af08-49d3-a9b2-8122521a9e2c 4.212s
2025-06-20 13:48:46.500 60403 INFO tempest.lib.common.rest_client [req-4d3669c3-d60a-4400-9cfb-468916bee288 req-4d3669c3-d60a-4400-9cfb-468916bee288 ] Request (DeleteServersAdminTestJSON:test_admin_delete_servers_of_others): 200 GET http://10.180.1.21/compute/v2.1/servers/99d97004-9f23-48ee-a88b-75fdb6acc4b8 4.534s
2025-06-20 13:48:46.528 60455 INFO tempest.lib.common.rest_client [req-65a0ade4-7712-46d0-a046-b4d02feca801 req-65a0ade4-7712-46d0-a046-b4d02feca801 ] Request (FlavorsAdminTestJSON:_run_cleanups): 202 DELETE http://10.180.1.21/compute/v2.1/flavors/863407413 4.493s
2025-06-20 13:48:46.631 60423 INFO tempest.lib.common.rest_client [req-48c5851e-cf50-4769-8f1c-fc5c3ee18ee0 req-48c5851e-cf50-4769-8f1c-fc5c3ee18ee0 ] Request (HostsAdminNegativeTestJSON:test_list_hosts_with_non_admin_user): 403 GET http://10.180.1.21/compute/v2.1/os-hosts 4.562s
2025-06-20 13:48:46.635 60413 INFO tempest.lib.common.rest_client [req-11e3a995-e6e3-472f-af6d-3a69f677d7a3 req-11e3a995-e6e3-472f-af6d-3a69f677d7a3 ] Request (FlavorsV2NegativeTest:tearDownClass): 204 DELETE http://10.180.1.21:9696/networking/v2.0/security-groups/e50634f0-4440-44c6-879e-764f97dc1401 0.657s
2025-06-20 13:48:46.721 60413 INFO tempest.lib.common.rest_client [req-6280a2a6-9123-44bd-9f1d-fb2aaa1a426e req-6280a2a6-9123-44bd-9f1d-fb2aaa1a426e ] Request (FlavorsV2NegativeTest:tearDownClass): 204 DELETE http://10.180.1.21/identity/v3/projects/2c3c6e4162694926a7526f062e098c3e 0.085s
2025-06-20 13:48:46.728 60447 INFO tempest.lib.common.rest_client [req-ac33fbea-d4f4-4842-bd5e-34774456b821 req-ac33fbea-d4f4-4842-bd5e-34774456b821 ] Request (FlavorsV255TestJSON:test_crud_flavor): 200 GET http://10.180.1.21/compute/v2.1/flavors/1801569172 4.571s
2025-06-20 13:48:46.745 60443 INFO tempest.lib.common.rest_client [req-e88f55b1-bf2b-46c2-954c-353fcc027e1c req-e88f55b1-bf2b-46c2-954c-353fcc027e1c ] Request (HypervisorAdminTestJSON:test_get_hypervisor_show_details): 200 GET http://10.180.1.21/compute/v2.1/os-hypervisors 4.557s
2025-06-20 13:48:46.767 60439 INFO tempest.lib.common.rest_client [req-ab076444-76a7-4cac-a99e-ab7df5109d25 req-ab076444-76a7-4cac-a99e-ab7df5109d25 ] Request (ServicesAdminNegativeTestJSON:test_get_service_by_invalid_params): 200 GET http://10.180.1.21/compute/v2.1/os-services?xxx=nova-compute 4.567s
2025-06-20 13:48:46.785 60451 INFO tempest.lib.common.rest_client [req-04afedda-f99b-4181-a5d5-8cd9036c0488 req-04afedda-f99b-4181-a5d5-8cd9036c0488 ] Request (AZAdminV2TestJSON:test_get_availability_zone_list_detail): 200 GET http://10.180.1.21/compute/v2.1/os-availability-zone/detail 4.464s
2025-06-20 13:48:46.794 60413 INFO tempest.lib.common.rest_client [req-3bfa37ec-f91d-40af-9728-498f6c1dd276 req-3bfa37ec-f91d-40af-9728-498f6c1dd276 ] Request (FloatingIPsAssociationTestJSON:setUpClass): 201 POST http://10.180.1.21/identity/v3/auth/tokens 0.071s
2025-06-20 13:48:46.855 60451 INFO tempest.lib.common.rest_client [req-4cc24c14-58db-488e-b530-ca197584fa7e req-4cc24c14-58db-488e-b530-ca197584fa7e ] Request (AZAdminV2TestJSON:tearDownClass): 204 DELETE http://10.180.1.21/identity/v3/users/1ec351eb27e34ee98d31fb86ad6c1e8c 0.066s
2025-06-20 13:48:46.875 60413 INFO tempest.lib.common.rest_client [req-d54fae3a-d7fc-4eda-bb4f-4a4dc882af74 req-d54fae3a-d7fc-4eda-bb4f-4a4dc882af74 ] Request (FloatingIPsAssociationTestJSON:setUpClass): 201 POST http://10.180.1.21/identity/v3/auth/tokens 0.079s
2025-06-20 13:48:46.878 60437 INFO tempest.lib.common.rest_client [req-8c3dcbe2-984a-4fd4-b278-c0a71184052e req-8c3dcbe2-984a-4fd4-b278-c0a71184052e ] Request (QuotaClassesAdmin257Test:test_update_default_quotas): 200 PUT http://10.180.1.21/compute/v2.1/os-quota-class-sets/default 4.518s
2025-06-20 13:48:46.929 60413 INFO tempest.lib.common.rest_client [req-96a585f7-bbd6-48a0-9606-cd1a5dddce9b req-96a585f7-bbd6-48a0-9606-cd1a5dddce9b ] Request (FloatingIPsAssociationTestJSON:setUpClass): 200 GET http://10.180.1.21/identity/v3/domains?name=Default 0.053s
2025-06-20 13:48:46.951 60451 INFO tempest.lib.common.rest_client [req-c5c01e0c-313b-4863-baff-7569cb287898 req-c5c01e0c-313b-4863-baff-7569cb287898 ] Request (AZAdminV2TestJSON:tearDownClass): 204 DELETE http://10.180.1.21/identity/v3/users/9b00be750539428f8b33c3df231a3f63 0.096s
2025-06-20 13:48:46.952 60451 INFO tempest.lib.common.dynamic_creds [-] Deleting project and security group for project: c93cd6e384f347f08ba82c6fafd76cab
2025-06-20 13:48:47.004 60453 INFO tempest.lib.common.rest_client [req-9f87b09f-ecc0-4677-acc5-503ab42dfa03 req-9f87b09f-ecc0-4677-acc5-503ab42dfa03 ] Request (ServersTestJSON:setUpClass): 201 POST http://10.180.1.21:9696/networking/v2.0/floatingips 2.449s
2025-06-20 13:48:47.030 60413 INFO tempest.lib.common.rest_client [req-5c1e4e35-985e-41f8-83eb-844f7f41d252 req-5c1e4e35-985e-41f8-83eb-844f7f41d252 ] Request (FloatingIPsAssociationTestJSON:setUpClass): 201 POST http://10.180.1.21/identity/v3/projects 0.101s
2025-06-20 13:48:47.092 60451 INFO tempest.lib.common.rest_client [req-bbe28b6c-3b7d-4497-b853-c196ea52f6c5 req-bbe28b6c-3b7d-4497-b853-c196ea52f6c5 ] Request (AZAdminV2TestJSON:tearDownClass): 201 POST http://10.180.1.21/identity/v3/auth/tokens 0.140s
2025-06-20 13:48:47.100 60449 INFO tempest.lib.common.rest_client [req-b04c3064-d868-43dc-9e05-7817bd8fa36c req-b04c3064-d868-43dc-9e05-7817bd8fa36c ] Request (FlavorsAccessNegativeTestJSON:test_add_flavor_access_duplicate): 409 POST http://10.180.1.21/compute/v2.1/flavors/667521516/action 4.528s
2025-06-20 13:48:47.127 60413 INFO tempest.lib.common.rest_client [req-4fc5dd2a-0ea8-4620-a09e-4b7f4202f3af req-4fc5dd2a-0ea8-4620-a09e-4b7f4202f3af ] Request (FloatingIPsAssociationTestJSON:setUpClass): 201 POST http://10.180.1.21/identity/v3/users 0.096s
2025-06-20 13:48:47.167 60453 INFO tempest.lib.common.rest_client [req-4ca774b9-7626-4cf3-b854-18a00ef60853 req-4ca774b9-7626-4cf3-b854-18a00ef60853 ] Request (ServersTestJSON:setUpClass): 201 POST http://10.180.1.21/identity/v3/auth/tokens 0.155s
2025-06-20 13:48:47.167 60453 INFO tempest.lib.common.fixed_network [-] (ServersTestJSON:setUpClass) Found network {'id': '40c36353-2cdb-4f60-a41c-ff342ffb24c4', 'name': 'tempest-ServersTestJSON-861103854-network', 'tenant_id': 'c984e18184364cb6a11bd2014bc377b3', 'admin_state_up': True, 'mtu': 8950, 'status': 'ACTIVE', 'subnets': [], 'shared': False, 'project_id': 'c984e18184364cb6a11bd2014bc377b3', 'port_security_enabled': True, 'router:external': False, 'provider:network_type': 'vlan', 'provider:physical_network': 'default', 'provider:segmentation_id': 931, 'is_default': False, 'availability_zone_hints': [], 'availability_zones': [], 'ipv4_address_scope': None, 'ipv6_address_scope': None, 'description': '', 'tags': [], 'created_at': '2025-06-20T13:48:34Z', 'updated_at': '2025-06-20T13:48:34Z', 'revision_number': 1} available for tenant
2025-06-20 13:48:47.235 60413 INFO tempest.lib.common.rest_client [req-7c52a806-94e8-4d2f-8bdc-b5d4b78938ca req-7c52a806-94e8-4d2f-8bdc-b5d4b78938ca ] Request (FloatingIPsAssociationTestJSON:setUpClass): 200 GET http://10.180.1.21/identity/v3/roles 0.107s
2025-06-20 13:48:47.268 60413 INFO tempest.lib.common.rest_client [req-4f24bca2-d87a-4332-90aa-f48e87eddbb9 req-4f24bca2-d87a-4332-90aa-f48e87eddbb9 ] Request (FloatingIPsAssociationTestJSON:setUpClass): 204 PUT http://10.180.1.21/identity/v3/projects/911ada63d0ee4b5f965cb5d251ab5a78/users/8ec9debbb6274965b14fd444ab31e352/roles/f4211bb095254950a227531b11ce815b 0.032s
2025-06-20 13:48:47.268 60413 INFO tempest.lib.common.dynamic_creds [-] Dynamic test user 8ec9debbb6274965b14fd444ab31e352 is created with scope project and roles: ['member']
2025-06-20 13:48:47.268 60413 INFO tempest.lib.common.dynamic_creds [-] Acquired dynamic creds: credentials: Credentials: {'domain_id': 'default', 'domain_name': 'Default', 'username': 'tempest-FloatingIPsAssociationTestJSON-1720060526-project-member', 'project_domain_id': 'default', 'project_domain_name': 'Default', 'project_id': '911ada63d0ee4b5f965cb5d251ab5a78', 'project_name': 'tempest-FloatingIPsAssociationTestJSON-1720060526', 'tenant_id': '911ada63d0ee4b5f965cb5d251ab5a78', 'tenant_name': 'tempest-FloatingIPsAssociationTestJSON-1720060526', 'user_domain_id': 'default', 'user_domain_name': 'Default', 'user_id': '8ec9debbb6274965b14fd444ab31e352', 'system': None}, Network: None, Subnet: None, Router: None
2025-06-20 13:48:47.347 60413 INFO tempest.lib.common.rest_client [req-a9ef7b48-99c1-49e4-9edf-bc528b5447c9 req-a9ef7b48-99c1-49e4-9edf-bc528b5447c9 ] Request (FloatingIPsAssociationTestJSON:setUpClass): 201 POST http://10.180.1.21/identity/v3/auth/tokens 0.079s
2025-06-20 13:48:47.492 60445 INFO tempest.lib.common.rest_client [req-db99c645-5957-4fa0-a4a4-991ca749b3dc req-db99c645-5957-4fa0-a4a4-991ca749b3dc ] Request (VolumesAssistedSnapshotsTest:setUpClass): 201 POST http://10.180.1.21:9696/networking/v2.0/routers 2.898s
2025-06-20 13:48:47.583 60435 INFO tempest.lib.common.rest_client [req-d3e7d48d-98d0-41f4-a423-3a1488ac32a7 req-d3e7d48d-98d0-41f4-a423-3a1488ac32a7 ] Request (FloatingIPDetailsTestJSON:setUpClass): 200 POST http://10.180.1.21/compute/v2.1/os-floating-ips 6.176s
2025-06-20 13:48:47.724 60465 INFO tempest.lib.common.rest_client [req-a54d284d-fd1b-4d30-a01a-724c3a3d446c req-a54d284d-fd1b-4d30-a01a-724c3a3d446c ] Request (MigrationsAdminTest:test_list_migrations_in_flavor_resize_situation): 202 POST http://10.180.1.21/compute/v2.1/servers 5.150s
2025-06-20 13:48:47.840 60457 INFO tempest.lib.common.rest_client [req-4eaa5886-4179-4604-ae9a-a0d563740b93 req-4eaa5886-4179-4604-ae9a-a0d563740b93 ] Request (FlavorsAccessTestJSON:test_flavor_access_add_remove): 200 GET http://10.180.1.21/compute/v2.1/flavors/detail 4.787s
2025-06-20 13:48:47.845 60451 INFO tempest.lib.common.rest_client [req-3bdde42c-aaa6-4e9c-95c1-8c51f1a95a94 req-3bdde42c-aaa6-4e9c-95c1-8c51f1a95a94 ] Request (AZAdminV2TestJSON:tearDownClass): 200 GET http://10.180.1.21:9696/networking/v2.0/security-groups?tenant_id=c93cd6e384f347f08ba82c6fafd76cab&name=default 0.753s
2025-06-20 13:48:47.866 60417 INFO tempest.lib.common.rest_client [req-0f0794b3-29bd-49c0-9ac9-9e4070ef77c1 req-0f0794b3-29bd-49c0-9ac9-9e4070ef77c1 ] Request (HypervisorAdminUnderV252Test:test_search_hypervisor): 200 GET http://10.180.1.21/compute/v2.1/os-hypervisors/domain-c8.fc996f14-c53b-4953-92e3-bdfa48f5cc28/search 4.360s
2025-06-20 13:48:47.945 60417 INFO tempest.lib.common.rest_client [req-591ba77d-1764-4d7e-890c-893ca62f6ae8 req-591ba77d-1764-4d7e-890c-893ca62f6ae8 ] Request (HypervisorAdminUnderV252Test:tearDownClass): 204 DELETE http://10.180.1.21/identity/v3/users/01714d03442c44b7937ea306c07558ed 0.077s
2025-06-20 13:48:48.031 60417 INFO tempest.lib.common.rest_client [req-ef627436-1026-4dc1-9377-801e28c05bcb req-ef627436-1026-4dc1-9377-801e28c05bcb ] Request (HypervisorAdminUnderV252Test:tearDownClass): 204 DELETE http://10.180.1.21/identity/v3/users/42d9d3aece2842ceb4aa7fd0ffe6eaad 0.086s
2025-06-20 13:48:48.032 60417 INFO tempest.lib.common.dynamic_creds [-] Deleting project and security group for project: b3de7f7a8036409fbf4d80cab163ac64
2025-06-20 13:48:48.113 60417 INFO tempest.lib.common.rest_client [req-357ad388-26b5-4ef3-b5d1-d3e0f5319687 req-357ad388-26b5-4ef3-b5d1-d3e0f5319687 ] Request (HypervisorAdminUnderV252Test:tearDownClass): 201 POST http://10.180.1.21/identity/v3/auth/tokens 0.081s
2025-06-20 13:48:48.133 60411 INFO tempest.lib.common.rest_client [req-b238f06b-36de-4717-a6cb-209db12d55b0 req-b238f06b-36de-4717-a6cb-209db12d55b0 ] Request (ServerDiagnosticsNegativeTest:test_get_server_diagnostics_by_non_admin): 200 GET http://10.180.1.21/compute/v2.1/servers/3107f9c0-9a35-424c-9fa3-d60057b9ceec 5.213s
2025-06-20 13:48:48.303 60433 INFO tempest.lib.common.rest_client [req-39043ca8-8f32-42bf-a10e-5636e1eac1ae req-39043ca8-8f32-42bf-a10e-5636e1eac1ae ] Request (ValidationResourcesFixture:setUp): 201 POST http://10.180.1.21:9696/networking/v2.0/floatingips 2.216s
2025-06-20 13:48:48.384 60433 INFO tempest.lib.common.rest_client [req-ae162e94-79c5-4c21-848c-dfccf782d59d req-ae162e94-79c5-4c21-848c-dfccf782d59d ] Request (AttachInterfacesTestJSON:test_create_list_show_delete_interfaces_by_fixed_ip): 201 POST http://10.180.1.21/identity/v3/auth/tokens 0.076s
2025-06-20 13:48:48.384 60433 INFO tempest.lib.common.fixed_network [-] (AttachInterfacesTestJSON:test_create_list_show_delete_interfaces_by_fixed_ip) Found network {'id': '23363b1d-446a-4887-9bbc-9e005797e022', 'name': 'tempest-AttachInterfacesTestJSON-529867696-network', 'tenant_id': '0f9d7fe46ca145d3983ce03907f5842c', 'admin_state_up': True, 'mtu': 8950, 'status': 'ACTIVE', 'subnets': [], 'shared': False, 'project_id': '0f9d7fe46ca145d3983ce03907f5842c', 'port_security_enabled': True, 'router:external': False, 'provider:network_type': 'vlan', 'provider:physical_network': 'default', 'provider:segmentation_id': 832, 'is_default': False, 'availability_zone_hints': [], 'availability_zones': [], 'ipv4_address_scope': None, 'ipv6_address_scope': None, 'description': '', 'tags': [], 'created_at': '2025-06-20T13:48:35Z', 'updated_at': '2025-06-20T13:48:35Z', 'revision_number': 1} available for tenant
2025-06-20 13:48:48.464 60413 INFO tempest.lib.common.rest_client [req-b1d4d921-0e8b-49cf-9a65-dcf517137c1b req-b1d4d921-0e8b-49cf-9a65-dcf517137c1b ] Request (FloatingIPsAssociationTestJSON:setUpClass): 201 POST http://10.180.1.21:9696/networking/v2.0/networks 1.117s
2025-06-20 13:48:48.525 60417 INFO tempest.lib.common.rest_client [req-068b8505-ce44-476f-87e0-3098958075b5 req-068b8505-ce44-476f-87e0-3098958075b5 ] Request (HypervisorAdminUnderV252Test:tearDownClass): 200 GET http://10.180.1.21:9696/networking/v2.0/security-groups?tenant_id=b3de7f7a8036409fbf4d80cab163ac64&name=default 0.411s
2025-06-20 13:48:48.665 60451 INFO tempest.lib.common.rest_client [req-c311dec3-eff3-46c7-9891-a97494a467eb req-c311dec3-eff3-46c7-9891-a97494a467eb ] Request (AZAdminV2TestJSON:tearDownClass): 204 DELETE http://10.180.1.21:9696/networking/v2.0/security-groups/37541d0f-6b14-47c0-a5ea-1c12ccc70209 0.819s
2025-06-20 13:48:48.685 60425 INFO tempest.lib.common.rest_client [req-c9abc9e9-ecfe-4d7e-be0d-531aa37fbf04 req-c9abc9e9-ecfe-4d7e-be0d-531aa37fbf04 ] Request (QuotasAdminNegativeTest:test_create_server_when_cpu_quota_is_full): 403 POST http://10.180.1.21/compute/v2.1/servers 5.117s
2025-06-20 13:48:48.751 60451 INFO tempest.lib.common.rest_client [req-47ed80fa-7056-4691-a170-97cc00e33a81 req-47ed80fa-7056-4691-a170-97cc00e33a81 ] Request (AZAdminV2TestJSON:tearDownClass): 204 DELETE http://10.180.1.21/identity/v3/projects/c93cd6e384f347f08ba82c6fafd76cab 0.086s
2025-06-20 13:48:48.753 60451 INFO tempest.lib.common.dynamic_creds [-] Deleting project and security group for project: f9995c8ad7d240979baa16d53483ddde
2025-06-20 13:48:48.915 60421 INFO tempest.lib.common.rest_client [req-3f77edb6-0643-4ead-9397-9c63fcee38bd req-3f77edb6-0643-4ead-9397-9c63fcee38bd ] Request (AggregatesAdminNegativeTestJSON:test_aggregate_add_existent_host): 200 POST http://10.180.1.21/compute/v2.1/os-aggregates/1/action 4.935s
2025-06-20 13:48:48.999 60417 INFO tempest.lib.common.rest_client [req-a7763a73-1d60-451a-8eaa-6bf74ed6d8c1 req-a7763a73-1d60-451a-8eaa-6bf74ed6d8c1 ] Request (HypervisorAdminUnderV252Test:tearDownClass): 204 DELETE http://10.180.1.21:9696/networking/v2.0/security-groups/d6fabefd-655e-4ebd-85fd-4eec8ba7e156 0.473s
2025-06-20 13:48:49.086 60429 INFO tempest.lib.common.rest_client [req-2cdeb54a-b188-4e66-b1e9-d63abd0860ec req-2cdeb54a-b188-4e66-b1e9-d63abd0860ec ] Request (SecurityGroupsTestAdminJSON:test_list_security_groups_list_all_tenants_filter): 200 POST http://10.180.1.21/compute/v2.1/os-security-groups 5.130s
2025-06-20 13:48:49.097 60419 INFO tempest.lib.common.rest_client [req-f86aaa2a-f914-4723-ad79-e2383cb94763 req-f86aaa2a-f914-4723-ad79-e2383cb94763 ] Request (InstanceUsageAuditLogNegativeTestJSON:test_instance_usage_audit_logs_with_nonadmin_user): 403 GET http://10.180.1.21/compute/v2.1/os-instance_usage_audit_log/2025-06-20%2013%3A48%3A44 4.956s
2025-06-20 13:48:49.122 60417 INFO tempest.lib.common.rest_client [req-9d253d59-a34e-4a59-9a41-0c68e269a483 req-9d253d59-a34e-4a59-9a41-0c68e269a483 ] Request (HypervisorAdminUnderV252Test:tearDownClass): 204 DELETE http://10.180.1.21/identity/v3/projects/b3de7f7a8036409fbf4d80cab163ac64 0.123s
2025-06-20 13:48:49.122 60417 INFO tempest.lib.common.dynamic_creds [-] Deleting project and security group for project: 0b15304c9a5b4df594b8e9672cdd6558
2025-06-20 13:48:49.127 60463 INFO tempest.lib.common.rest_client [req-3ba557b7-6d91-4c0b-8018-c89a65ff6382 req-3ba557b7-6d91-4c0b-8018-c89a65ff6382 ] Request (HostsAdminTestJSON:test_list_hosts_with_nonexistent_zone): 200 GET http://10.180.1.21/compute/v2.1/os-hosts?zone=xxx 4.908s
2025-06-20 13:48:49.207 60419 INFO tempest.lib.common.rest_client [req-c0a531ee-e5e8-445c-9cbe-e54b8c85337d req-c0a531ee-e5e8-445c-9cbe-e54b8c85337d ] Request (InstanceUsageAuditLogNegativeTestJSON:tearDownClass): 204 DELETE http://10.180.1.21/identity/v3/users/36cd2d9385c144609cb77b2b46caa076 0.108s
2025-06-20 13:48:49.239 60415 INFO tempest.lib.common.rest_client [req-afbc0515-232b-4128-a59c-4ac362f6869f req-afbc0515-232b-4128-a59c-4ac362f6869f ] Request (SecurityGroupsNegativeTestJSON:test_update_non_existent_security_group): 404 PUT http://10.180.1.21/compute/v2.1/os-security-groups/5be12e29-9bcb-4478-8e76-433c2f395931 5.013s
2025-06-20 13:48:49.258 60459 INFO tempest.lib.common.rest_client [req-7455e9cc-02d1-402e-ac24-02ca6608fc87 req-7455e9cc-02d1-402e-ac24-02ca6608fc87 ] Request (FlavorMetadataValidation:_run_cleanups): 202 DELETE http://10.180.1.21/compute/v2.1/flavors/1716740447 4.946s
2025-06-20 13:48:49.269 60451 INFO tempest.lib.common.rest_client [req-4d6dafb4-ad95-43dc-8b3d-a2c3167f57d9 req-4d6dafb4-ad95-43dc-8b3d-a2c3167f57d9 ] Request (AZAdminV2TestJSON:tearDownClass): 200 GET http://10.180.1.21:9696/networking/v2.0/security-groups?tenant_id=f9995c8ad7d240979baa16d53483ddde&name=default 0.516s
2025-06-20 13:48:49.269 60407 INFO tempest.lib.common.rest_client [req-d84d17a7-5d4f-4cd7-b1db-80dfdb14ca13 req-d84d17a7-5d4f-4cd7-b1db-80dfdb14ca13 ] Request (KeyPairsV22TestJSON:test_get_keypair_detail): 200 GET http://10.180.1.21/compute/v2.1/os-keypairs/tempest-keypair-925480387 4.923s
2025-06-20 13:48:49.326 60419 INFO tempest.lib.common.rest_client [req-839157c0-d43c-48b0-9992-238b544c217a req-839157c0-d43c-48b0-9992-238b544c217a ] Request (InstanceUsageAuditLogNegativeTestJSON:tearDownClass): 204 DELETE http://10.180.1.21/identity/v3/users/d0d6f626d0ff48bca15ca61c750760b3 0.118s
2025-06-20 13:48:49.326 60419 INFO tempest.lib.common.dynamic_creds [-] Deleting project and security group for project: d784cf8f3bba4f37a67ca0b0822a3042
2025-06-20 13:48:49.393 60419 INFO tempest.lib.common.rest_client [req-88d2c5ab-1154-4b1f-8b65-6d49ec091267 req-88d2c5ab-1154-4b1f-8b65-6d49ec091267 ] Request (InstanceUsageAuditLogNegativeTestJSON:tearDownClass): 201 POST http://10.180.1.21/identity/v3/auth/tokens 0.067s
2025-06-20 13:48:49.467 60413 INFO tempest.lib.common.rest_client [req-76e75db4-c2ab-4527-9c17-89a2c39fff3a req-76e75db4-c2ab-4527-9c17-89a2c39fff3a ] Request (FloatingIPsAssociationTestJSON:setUpClass): 201 POST http://10.180.1.21:9696/networking/v2.0/subnets 1.002s
2025-06-20 13:48:49.508 60417 INFO tempest.lib.common.rest_client [req-2d90a363-2416-4f85-bba4-3db0975c09e7 req-2d90a363-2416-4f85-bba4-3db0975c09e7 ] Request (HypervisorAdminUnderV252Test:tearDownClass): 200 GET http://10.180.1.21:9696/networking/v2.0/security-groups?tenant_id=0b15304c9a5b4df594b8e9672cdd6558&name=default 0.385s
2025-06-20 13:48:49.581 60405 INFO tempest.lib.common.rest_client [req-04b53f7f-b7e7-485d-93a1-60a689b4f625 req-04b53f7f-b7e7-485d-93a1-60a689b4f625 ] Request (ServerDiagnosticsV248Test:test_get_server_diagnostics): 200 GET http://10.180.1.21/compute/v2.1/servers/dedec08e-95d1-4467-96a4-cdec5f170e01 4.099s
2025-06-20 13:48:49.598 60455 INFO tempest.lib.common.rest_client [req-f31c1177-929d-4039-be67-ba360f4cabdd req-f31c1177-929d-4039-be67-ba360f4cabdd ] Request (FlavorsAdminTestJSON:_run_cleanups): 200 GET http://10.180.1.21/compute/v2.1/flavors/detail 3.069s
2025-06-20 13:48:49.604 60423 INFO tempest.lib.common.rest_client [req-06a20ae1-53fa-41ee-aa37-dff6e14c2101 req-06a20ae1-53fa-41ee-aa37-dff6e14c2101 ] Request (HostsAdminNegativeTestJSON:test_reboot_host_with_non_admin_user): 403 GET http://10.180.1.21/compute/v2.1/os-hosts/devstack/reboot 2.972s
2025-06-20 13:48:49.629 60447 INFO tempest.lib.common.rest_client [req-d9cdeab6-a598-48b1-bcdb-c55b59ffc123 req-d9cdeab6-a598-48b1-bcdb-c55b59ffc123 ] Request (FlavorsV255TestJSON:test_crud_flavor): 200 PUT http://10.180.1.21/compute/v2.1/flavors/1801569172 2.899s
2025-06-20 13:48:49.659 60443 INFO tempest.lib.common.rest_client [req-6061a9e5-1f6e-423f-ada8-8bbdbb670baa req-6061a9e5-1f6e-423f-ada8-8bbdbb670baa ] Request (HypervisorAdminTestJSON:test_get_hypervisor_show_details): 200 GET http://10.180.1.21/compute/v2.1/os-hypervisors/1 2.912s
2025-06-20 13:48:49.686 60439 INFO tempest.lib.common.rest_client [req-2cc2815a-4220-4baf-868c-1b1e063a8335 req-2cc2815a-4220-4baf-868c-1b1e063a8335 ] Request (ServicesAdminNegativeTestJSON:test_get_service_by_invalid_service_and_valid_host): 200 GET http://10.180.1.21/compute/v2.1/os-services 2.916s
2025-06-20 13:48:49.698 60441 INFO tempest.lib.common.rest_client [req-c60dea9a-e2a3-4acf-b898-9e0d799327dc req-c60dea9a-e2a3-4acf-b898-9e0d799327dc ] Request (ImagesNegativeTestJSON:test_create_image_from_deleted_server): 200 GET http://10.180.1.21/compute/v2.1/servers/72caf1e5-e894-4581-a95d-21dda85e11b0 5.668s
2025-06-20 13:48:49.854 60451 INFO tempest.lib.common.rest_client [req-ebcdbf5c-6e19-4a3c-b5ab-80da29ed7f81 req-ebcdbf5c-6e19-4a3c-b5ab-80da29ed7f81 ] Request (AZAdminV2TestJSON:tearDownClass): 204 DELETE http://10.180.1.21:9696/networking/v2.0/security-groups/695ed1ed-762e-42cf-8d6c-6deecc9cc0c8 0.584s
2025-06-20 13:48:49.863 60437 INFO tempest.lib.common.rest_client [req-e112c513-6a67-43f3-b8d6-36c255807aac req-e112c513-6a67-43f3-b8d6-36c255807aac ] Request (QuotaClassesAdmin257Test:test_update_default_quotas): 200 GET http://10.180.1.21/compute/v2.1/os-quota-class-sets/default 2.982s
2025-06-20 13:48:49.881 60409 INFO tempest.lib.common.rest_client [req-f535c07b-3d39-4917-82b5-95da8a7cdd68 req-f535c07b-3d39-4917-82b5-95da8a7cdd68 ] Request (ServersWithSpecificFlavorTestJSON:setUpClass): 200 PUT http://10.180.1.21:9696/networking/v2.0/routers/0a9a1954-2fcf-4769-a9a3-ff913eb907bb/add_router_interface 5.269s
2025-06-20 13:48:49.882 60409 INFO tempest.lib.common.dynamic_creds [-] Created isolated network resources for: credentials: Credentials: {'domain_id': 'default', 'domain_name': 'Default', 'username': 'tempest-ServersWithSpecificFlavorTestJSON-1868219997-project-member', 'project_domain_id': 'default', 'project_domain_name': 'Default', 'project_id': '6905380e6e454e31b25718de3723ba6b', 'project_name': 'tempest-ServersWithSpecificFlavorTestJSON-1868219997', 'tenant_id': '6905380e6e454e31b25718de3723ba6b', 'tenant_name': 'tempest-ServersWithSpecificFlavorTestJSON-1868219997', 'user_domain_id': 'default', 'user_domain_name': 'Default', 'user_id': '669df880583043cb9789d1d2d457c0c4', 'system': None}, Network: {'id': '82dadd5b-40c8-441f-a9e0-9825605f6c2f', 'name': 'tempest-ServersWithSpecificFlavorTestJSON-35597275-network', 'tenant_id': '6905380e6e454e31b25718de3723ba6b', 'admin_state_up': True, 'mtu': 8950, 'status': 'ACTIVE', 'subnets': [], 'shared': False, 'project_id': '6905380e6e454e31b25718de3723ba6b', 'port_security_enabled': True, 'router:external': False, 'provider:network_type': 'vlan', 'provider:physical_network': 'default', 'provider:segmentation_id': 578, 'is_default': False, 'availability_zone_hints': [], 'availability_zones': [], 'ipv4_address_scope': None, 'ipv6_address_scope': None, 'description': '', 'tags': [], 'created_at': '2025-06-20T13:48:41Z', 'updated_at': '2025-06-20T13:48:41Z', 'revision_number': 1}, Subnet: {'id': '5a4ca61b-1f57-4e2f-af8f-96fa9754fc29', 'name': 'tempest-ServersWithSpecificFlavorTestJSON-35597275-subnet', 'tenant_id': '6905380e6e454e31b25718de3723ba6b', 'network_id': '82dadd5b-40c8-441f-a9e0-9825605f6c2f', 'ip_version': 4, 'subnetpool_id': None, 'enable_dhcp': True, 'ipv6_ra_mode': None, 'ipv6_address_mode': None, 'gateway_ip': '192.168.128.1', 'cidr': '192.168.128.0/28', 'allocation_pools': [{'start': '192.168.128.2', 'end': '192.168.128.14'}], 'host_routes': [], 'dns_nameservers': [], 'description': '', 'service_types': [], 'tags': [], 'created_at': '2025-06-20T13:48:41Z', 'updated_at': '2025-06-20T13:48:41Z', 'revision_number': 0, 'project_id': '6905380e6e454e31b25718de3723ba6b'}, Router: {'id': '0a9a1954-2fcf-4769-a9a3-ff913eb907bb', 'name': 'tempest-ServersWithSpecificFlavorTestJSON-35597275-router', 'tenant_id': '6905380e6e454e31b25718de3723ba6b', 'admin_state_up': True, 'status': 'ACTIVE', 'external_gateway_info': {'network_id': 'af234c28-9985-461c-8f4c-964ce76e935a', 'external_fixed_ips': [{'subnet_id': '027c8fcf-d5b4-4826-8653-f2a6abbe5b6c', 'ip_address': '10.180.180.143'}], 'enable_snat': True}, 'description': '', 'availability_zones': [], 'distributed': False, 'ha': False, 'availability_zone_hints': [], 'routes': [], 'flavor_id': None, 'tags': [], 'created_at': '2025-06-20T13:48:42Z', 'updated_at': '2025-06-20T13:48:43Z', 'revision_number': 2, 'project_id': '6905380e6e454e31b25718de3723ba6b'}
2025-06-20 13:48:49.929 60451 INFO tempest.lib.common.rest_client [req-a422b6cc-62eb-4ae5-8bdb-c94093ec96e6 req-a422b6cc-62eb-4ae5-8bdb-c94093ec96e6 ] Request (AZAdminV2TestJSON:tearDownClass): 204 DELETE http://10.180.1.21/identity/v3/projects/f9995c8ad7d240979baa16d53483ddde 0.074s
2025-06-20 13:48:49.930 60451 INFO tempest.test [-] raised in LiveMigrationRemoteConsolesV26Test.setUpClass. Invoking tearDownClass.
2025-06-20 13:48:49.933 60417 INFO tempest.lib.common.rest_client [req-4ade44a4-9aa3-4198-a7c9-d6eae02c7e3f req-4ade44a4-9aa3-4198-a7c9-d6eae02c7e3f ] Request (HypervisorAdminUnderV252Test:tearDownClass): 204 DELETE http://10.180.1.21:9696/networking/v2.0/security-groups/b3ab8d1a-8ebb-4600-9609-c3a120fe0559 0.424s
2025-06-20 13:48:49.960 60427 INFO tempest.lib.common.rest_client [req-af37eaab-4298-43c6-b995-8289c8cf130d req-af37eaab-4298-43c6-b995-8289c8cf130d ] Request (ServerExternalEventsTest:test_create_server_external_events): 200 GET http://10.180.1.21/compute/v2.1/servers/a0755f79-7df4-4660-92e6-5dd80af94aaa 3.185s
2025-06-20 13:48:49.997 60409 INFO tempest.lib.common.rest_client [req-1a1bdee2-fd63-473c-8c53-ac61e103bffc req-1a1bdee2-fd63-473c-8c53-ac61e103bffc ] Request (ServersWithSpecificFlavorTestJSON:setUpClass): 201 POST http://10.180.1.21/identity/v3/auth/tokens 0.108s
2025-06-20 13:48:50.024 60449 INFO tempest.lib.common.rest_client [req-3c7000ba-a7ea-4ec1-9068-7636ce7671fc req-3c7000ba-a7ea-4ec1-9068-7636ce7671fc ] Request (FlavorsAccessNegativeTestJSON:_run_cleanups): 200 POST http://10.180.1.21/compute/v2.1/flavors/667521516/action 2.923s
2025-06-20 13:48:50.032 60419 INFO tempest.lib.common.rest_client [req-cf4c00d2-13ea-459f-a0df-ad1790fca4df req-cf4c00d2-13ea-459f-a0df-ad1790fca4df ] Request (InstanceUsageAuditLogNegativeTestJSON:tearDownClass): 200 GET http://10.180.1.21:9696/networking/v2.0/security-groups?tenant_id=d784cf8f3bba4f37a67ca0b0822a3042&name=default 0.638s
2025-06-20 13:48:50.056 60451 INFO tempest.lib.common.rest_client [req-3284e8ad-caf0-4c54-800c-20009503afad req-3284e8ad-caf0-4c54-800c-20009503afad ] Request (QuotasAdminTestV257:setUpClass): 201 POST http://10.180.1.21/identity/v3/auth/tokens 0.123s
2025-06-20 13:48:50.096 60417 INFO tempest.lib.common.rest_client [req-ab25004f-2cbc-4ad8-b35c-a2f5c0961b4f req-ab25004f-2cbc-4ad8-b35c-a2f5c0961b4f ] Request (HypervisorAdminUnderV252Test:tearDownClass): 204 DELETE http://10.180.1.21/identity/v3/projects/0b15304c9a5b4df594b8e9672cdd6558 0.163s
2025-06-20 13:48:50.097 60409 INFO tempest.lib.common.rest_client [req-ba58753d-e9e8-4dc5-af07-a24bc9d0f233 req-ba58753d-e9e8-4dc5-af07-a24bc9d0f233 ] Request (ServersWithSpecificFlavorTestJSON:setUpClass): 201 POST http://10.180.1.21/identity/v3/projects 0.100s
2025-06-20 13:48:50.167 60451 INFO tempest.lib.common.rest_client [req-2cd969f2-f174-409a-a331-1a28a59bff76 req-2cd969f2-f174-409a-a331-1a28a59bff76 ] Request (QuotasAdminTestV257:setUpClass): 201 POST http://10.180.1.21/identity/v3/auth/tokens 0.108s
2025-06-20 13:48:50.178 60431 INFO tempest.lib.common.rest_client [req-9487cd96-fa3f-46a8-a2dc-2a6def63379e req-9487cd96-fa3f-46a8-a2dc-2a6def63379e ] Request (ServersAdminNegativeTestJSON:setUpClass): 200 GET http://10.180.1.21/compute/v2.1/servers/b5636e10-af08-49d3-a9b2-8122521a9e2c 3.024s
2025-06-20 13:48:50.201 60417 INFO tempest.lib.common.rest_client [req-7263d22c-c339-45c5-b350-b16949a0e4ef req-7263d22c-c339-45c5-b350-b16949a0e4ef ] Request (HypervisorAdminV228Test:setUpClass): 201 POST http://10.180.1.21/identity/v3/auth/tokens 0.103s
2025-06-20 13:48:50.202 60409 INFO tempest.lib.common.rest_client [req-bcaca3c5-1f53-42cb-9046-47d50aba8b94 req-bcaca3c5-1f53-42cb-9046-47d50aba8b94 ] Request (ServersWithSpecificFlavorTestJSON:setUpClass): 201 POST http://10.180.1.21/identity/v3/users 0.105s
2025-06-20 13:48:50.234 60451 INFO tempest.lib.common.rest_client [req-1ab35658-9ce4-4cea-bca4-0aebc4bb86de req-1ab35658-9ce4-4cea-bca4-0aebc4bb86de ] Request (QuotasAdminTestV257:setUpClass): 200 GET http://10.180.1.21/identity/v3/domains?name=Default 0.065s
2025-06-20 13:48:50.261 60409 INFO tempest.lib.common.rest_client [req-c4718319-1025-4fbb-b4d5-a36f298b46dd req-c4718319-1025-4fbb-b4d5-a36f298b46dd ] Request (ServersWithSpecificFlavorTestJSON:setUpClass): 200 GET http://10.180.1.21/identity/v3/roles 0.058s
2025-06-20 13:48:50.292 60419 INFO tempest.lib.common.rest_client [req-afecf313-17df-4462-b562-cea050f433e9 req-afecf313-17df-4462-b562-cea050f433e9 ] Request (InstanceUsageAuditLogNegativeTestJSON:tearDownClass): 204 DELETE http://10.180.1.21:9696/networking/v2.0/security-groups/f9b71055-e51e-4486-a7b8-0c2c0502359f 0.259s
2025-06-20 13:48:50.294 60417 INFO tempest.lib.common.rest_client [req-1e935b29-8869-4499-a58d-049aca47da1c req-1e935b29-8869-4499-a58d-049aca47da1c ] Request (HypervisorAdminV228Test:setUpClass): 201 POST http://10.180.1.21/identity/v3/auth/tokens 0.091s
2025-06-20 13:48:50.305 60451 INFO tempest.lib.common.rest_client [req-528eb533-aa5b-4377-8e17-7d5f143ed455 req-528eb533-aa5b-4377-8e17-7d5f143ed455 ] Request (QuotasAdminTestV257:setUpClass): 201 POST http://10.180.1.21/identity/v3/projects 0.070s
2025-06-20 13:48:50.329 60409 INFO tempest.lib.common.rest_client [req-5ad24baf-b0ab-4648-b94b-d9b784679b86 req-5ad24baf-b0ab-4648-b94b-d9b784679b86 ] Request (ServersWithSpecificFlavorTestJSON:setUpClass): 204 PUT http://10.180.1.21/identity/v3/projects/a7987f8e083b4cfca3c742a03fef14c4/users/a9f7305be2f8434e8e44a56489b18d34/roles/dada220f33af41c190c6a74403b3714f 0.068s
2025-06-20 13:48:50.389 60417 INFO tempest.lib.common.rest_client [req-aef24ca2-cb23-4ac8-ae93-11dc12c2bc57 req-aef24ca2-cb23-4ac8-ae93-11dc12c2bc57 ] Request (HypervisorAdminV228Test:setUpClass): 200 GET http://10.180.1.21/identity/v3/domains?name=Default 0.094s
2025-06-20 13:48:50.416 60451 INFO tempest.lib.common.rest_client [req-4496a209-f961-493a-b4ee-9e9323c2f1b8 req-4496a209-f961-493a-b4ee-9e9323c2f1b8 ] Request (QuotasAdminTestV257:setUpClass): 201 POST http://10.180.1.21/identity/v3/users 0.110s
2025-06-20 13:48:50.450 60419 INFO tempest.lib.common.rest_client [req-f209fe7a-cb4a-4b8e-86be-099eac6152c6 req-f209fe7a-cb4a-4b8e-86be-099eac6152c6 ] Request (InstanceUsageAuditLogNegativeTestJSON:tearDownClass): 204 DELETE http://10.180.1.21/identity/v3/projects/d784cf8f3bba4f37a67ca0b0822a3042 0.157s
2025-06-20 13:48:50.450 60419 INFO tempest.lib.common.dynamic_creds [-] Deleting project and security group for project: be88ce0d22d54bb798e8ab734181619e
2025-06-20 13:48:50.476 60409 INFO tempest.lib.common.rest_client [req-f386717d-e030-49d8-9bce-49d4ce312bb9 req-f386717d-e030-49d8-9bce-49d4ce312bb9 ] Request (ServersWithSpecificFlavorTestJSON:setUpClass): 200 GET http://10.180.1.21/identity/v3/roles 0.146s
2025-06-20 13:48:50.507 60451 INFO tempest.lib.common.rest_client [req-fe00d582-2f9c-43e8-88b8-0b9ee37e44b4 req-fe00d582-2f9c-43e8-88b8-0b9ee37e44b4 ] Request (QuotasAdminTestV257:setUpClass): 200 GET http://10.180.1.21/identity/v3/roles 0.088s
2025-06-20 13:48:50.542 60417 INFO tempest.lib.common.rest_client [req-112bccda-de1e-4620-8cce-6307d1259dbc req-112bccda-de1e-4620-8cce-6307d1259dbc ] Request (HypervisorAdminV228Test:setUpClass): 201 POST http://10.180.1.21/identity/v3/projects 0.152s
2025-06-20 13:48:50.599 60419 INFO tempest.lib.common.rest_client [req-953dc2ee-89c6-4a01-87f2-9467f36ae6aa req-953dc2ee-89c6-4a01-87f2-9467f36ae6aa ] Request (InstanceUsageAuditLogNegativeTestJSON:tearDownClass): 200 GET http://10.180.1.21:9696/networking/v2.0/security-groups?tenant_id=be88ce0d22d54bb798e8ab734181619e&name=default 0.148s
2025-06-20 13:48:50.615 60409 INFO tempest.lib.common.rest_client [req-16ab2584-2619-4067-b44b-07989c5a3fd8 req-16ab2584-2619-4067-b44b-07989c5a3fd8 ] Request (ServersWithSpecificFlavorTestJSON:setUpClass): 204 PUT http://10.180.1.21/identity/v3/projects/a7987f8e083b4cfca3c742a03fef14c4/users/a9f7305be2f8434e8e44a56489b18d34/roles/dada220f33af41c190c6a74403b3714f 0.139s
2025-06-20 13:48:50.616 60409 INFO tempest.lib.common.dynamic_creds [-] Dynamic test user a9f7305be2f8434e8e44a56489b18d34 is created with scope project and roles: ['admin']
2025-06-20 13:48:50.616 60409 INFO tempest.lib.common.dynamic_creds [-] Acquired dynamic creds: credentials: Credentials: {'domain_id': 'default', 'domain_name': 'Default', 'username': 'tempest-ServersWithSpecificFlavorTestJSON-1301882789-project-admin', 'project_domain_id': 'default', 'project_domain_name': 'Default', 'project_id': 'a7987f8e083b4cfca3c742a03fef14c4', 'project_name': 'tempest-ServersWithSpecificFlavorTestJSON-1301882789', 'tenant_id': 'a7987f8e083b4cfca3c742a03fef14c4', 'tenant_name': 'tempest-ServersWithSpecificFlavorTestJSON-1301882789', 'user_domain_id': 'default', 'user_domain_name': 'Default', 'user_id': 'a9f7305be2f8434e8e44a56489b18d34', 'system': None}, Network: None, Subnet: None, Router: None
2025-06-20 13:48:50.656 60403 INFO tempest.lib.common.rest_client [req-2828772d-74fa-4c9f-aa0c-8c1003838b32 req-2828772d-74fa-4c9f-aa0c-8c1003838b32 ] Request (DeleteServersAdminTestJSON:test_admin_delete_servers_of_others): 200 GET http://10.180.1.21/compute/v2.1/servers/99d97004-9f23-48ee-a88b-75fdb6acc4b8 3.149s
