2025-06-20 13:51:31.831 60429 INFO tempest.lib.common.rest_client [req-09bb667c-df93-4569-8ebf-4f1f7dbb0c81 req-09bb667c-df93-4569-8ebf-4f1f7dbb0c81 ] Request (ServerShowV254Test:test_rebuild_server): 200 GET http://10.180.1.21/compute/v2.1/servers/57a5dcae-6861-418a-a041-9cd5b7a43982 0.083s
2025-06-20 13:51:31.885 60407 INFO tempest.lib.common.rest_client [req-40bbff10-65a0-4e54-bcd3-b3891409d7a7 req-40bbff10-65a0-4e54-bcd3-b3891409d7a7 ] Request (ServerMetadataNegativeTestJSON:setUpClass): 200 GET http://10.180.1.21/compute/v2.1/servers/6c94c59c-44ab-4cb9-8480-18e8a424993b 0.094s
2025-06-20 13:51:31.886 60463 INFO tempest.lib.common.rest_client [req-b763976c-ec65-49fc-ad63-56387a73400e req-b763976c-ec65-49fc-ad63-56387a73400e ] Request (SecurityGroupsTestJSON:test_server_security_groups): 200 GET http://10.180.1.21/compute/v2.1/servers/71244679-78d6-4d49-b4b5-ef96fd313ae8 0.123s
2025-06-20 13:51:31.901 60403 INFO tempest.lib.common.rest_client [req-c435c393-bd28-428f-85b2-12d2cc3b3b79 req-c435c393-bd28-428f-85b2-12d2cc3b3b79 ] Request (InstanceActionsNegativeTestJSON:tearDownClass): 200 PUT http://10.180.1.21:9696/networking/v2.0/routers/630c6bd0-5e1d-467a-ab54-1b01f464b232/remove_router_interface 0.802s
2025-06-20 13:51:32.051 60447 INFO tempest.lib.common.rest_client [req-0b73dc11-3da0-433f-874e-9c9301a7d8f0 req-0b73dc11-3da0-433f-874e-9c9301a7d8f0 ] Request (AttachVolumeNegativeTest:test_attach_attached_volume_to_same_server): 200 GET http://10.180.1.21/compute/v2.1/servers/029d2099-2e55-4632-81b6-b59d6a20faab 0.115s
2025-06-20 13:51:32.122 60405 INFO tempest.lib.common.rest_client [req-daba0c45-2b6d-4509-ab8f-7ca0cd6276f2 req-daba0c45-2b6d-4509-ab8f-7ca0cd6276f2 ] Request (ServersTestMultiNic:test_verify_duplicate_network_nics): 200 GET http://10.180.1.21/compute/v2.1/servers/070d142d-6a47-49bc-a061-3101da79447a 0.070s
2025-06-20 13:51:32.186 60423 INFO tempest.lib.common.rest_client [req-2c5fd0c9-ac0b-4361-b5a1-e1a3ceb59e6b req-2c5fd0c9-ac0b-4361-b5a1-e1a3ceb59e6b ] Request (ServerGroupTestJSON:test_create_server_with_scheduler_hint_group): 200 GET http://10.180.1.21/compute/v2.1/servers/63823a4b-97e0-48f9-9fb9-7c4fe3858343 0.095s
2025-06-20 13:51:32.203 60465 INFO tempest.lib.common.rest_client [req-cac0c5f7-b055-475d-9e4e-a40c06b94590 req-cac0c5f7-b055-475d-9e4e-a40c06b94590 ] Request (MigrationsAdminTest:test_list_migrations_in_flavor_resize_situation): 200 GET http://10.180.1.21/compute/v2.1/servers/7082a2a5-377a-47d2-bfbb-c7eb8b1c8658 0.138s
2025-06-20 13:51:32.324 60431 INFO tempest.lib.common.rest_client [req-a7a1d30b-214e-4f85-b27b-5a699a986746 req-a7a1d30b-214e-4f85-b27b-5a699a986746 ] Request (ServersAdminNegativeTestJSON:setUpClass): 200 GET http://10.180.1.21/compute/v2.1/servers/b5636e10-af08-49d3-a9b2-8122521a9e2c 0.166s
2025-06-20 13:51:32.612 60433 INFO tempest.lib.common.rest_client [req-55ce7cca-95df-413b-876d-d9f495a60c27 req-55ce7cca-95df-413b-876d-d9f495a60c27 ] Request (AttachInterfacesTestJSON:test_create_list_show_delete_interfaces_by_fixed_ip): 200 GET http://10.180.1.21/compute/v2.1/servers/8bc7299c-35d4-4e9f-a243-2834fbadd987 0.356s
2025-06-20 13:51:32.632 60403 INFO tempest.lib.common.rest_client [req-f1744c52-57ed-498f-92a0-7d015c83a888 req-f1744c52-57ed-498f-92a0-7d015c83a888 ] Request (InstanceActionsNegativeTestJSON:tearDownClass): 204 DELETE http://10.180.1.21:9696/networking/v2.0/routers/630c6bd0-5e1d-467a-ab54-1b01f464b232 0.730s
2025-06-20 13:51:32.638 60441 INFO tempest.lib.common.rest_client [req-ace05a08-f939-4998-a5c4-4754875496aa req-ace05a08-f939-4998-a5c4-4754875496aa ] Request (ImagesNegativeTestJSON:test_create_image_from_deleted_server): 200 GET http://10.180.1.21/compute/v2.1/servers/72caf1e5-e894-4581-a95d-21dda85e11b0 0.370s
2025-06-20 13:51:32.680 60435 INFO tempest.lib.common.rest_client [req-4a9cbf6b-f1cd-404c-9629-281a4da295ff req-4a9cbf6b-f1cd-404c-9629-281a4da295ff ] Request (ServerActionsV293TestJSON:setUpClass): 200 GET http://10.180.1.21/compute/v2.1/servers/39a2035c-bb7b-4837-b556-e8bb38ffb514 0.357s
2025-06-20 13:51:32.749 60425 INFO tempest.lib.common.rest_client [req-3980cd92-918f-44ec-8f4a-7d8b7deb4f4d req-3980cd92-918f-44ec-8f4a-7d8b7deb4f4d ] Request (ServerRescueTestJSON:setUpClass): 200 GET http://10.180.1.21/compute/v2.1/servers/53eeb8f0-f7c6-41bf-8d7e-2e15fc22d42a 0.384s
2025-06-20 13:51:32.855 60417 INFO tempest.lib.common.rest_client [req-6a4b60ee-8ec3-47ca-936f-3c8e627b4a74 req-6a4b60ee-8ec3-47ca-936f-3c8e627b4a74 ] Request (ServersTestJSON:test_create_specify_keypair): 200 GET http://10.180.1.21/compute/v2.1/servers/068814dd-328c-48d1-b514-34eb43b0f2b1 0.507s
2025-06-20 13:51:32.879 60403 INFO tempest.lib.common.rest_client [req-e08ba578-36c2-4bff-9383-5951f31db909 req-e08ba578-36c2-4bff-9383-5951f31db909 ] Request (InstanceActionsNegativeTestJSON:tearDownClass): 204 DELETE http://10.180.1.21:9696/networking/v2.0/subnets/d5edb8ed-6c5e-4c5a-b454-739076748398 0.247s
2025-06-20 13:51:32.892 60411 INFO tempest.lib.common.rest_client [req-753deec7-d9b6-45d2-a50e-47809590a7a0 req-753deec7-d9b6-45d2-a50e-47809590a7a0 ] Request (ServerDiagnosticsNegativeTest:test_get_server_diagnostics_by_non_admin): 200 GET http://10.180.1.21/compute/v2.1/servers/3107f9c0-9a35-424c-9fa3-d60057b9ceec 0.447s
2025-06-20 13:51:32.959 60445 INFO tempest.lib.common.rest_client [req-6cfb039c-327e-4ae3-ba5b-d7942ddf7d04 req-6cfb039c-327e-4ae3-ba5b-d7942ddf7d04 ] Request (VolumesAssistedSnapshotsTest:test_volume_assisted_snapshot_create_delete): 200 GET http://10.180.1.21/compute/v2.1/servers/81af879b-3bc3-4aff-a99d-98d3aba73512 0.492s
2025-06-20 13:51:32.993 60413 INFO tempest.lib.common.rest_client [req-b3b53a40-76cb-4b70-8d10-38cfb4de05d7 req-b3b53a40-76cb-4b70-8d10-38cfb4de05d7 ] Request (FloatingIPsAssociationTestJSON:setUpClass): 200 GET http://10.180.1.21/compute/v2.1/servers/843d4db6-c1fb-4b74-ad3c-779e309a170e 0.348s
2025-06-20 13:51:33.002 60427 INFO tempest.lib.common.rest_client [req-44604d45-fc52-4a9e-a941-c32ff3fe355c req-44604d45-fc52-4a9e-a941-c32ff3fe355c ] Request (DeleteServersTestJSON:test_delete_active_server): 200 GET http://10.180.1.21/compute/v2.1/servers/c76409ad-b0aa-4da6-ac83-58f617ec2588 0.269s
2025-06-20 13:51:33.058 60421 INFO tempest.lib.common.rest_client [req-928aa5e3-17f9-4852-bdfb-db612c5dd77d req-928aa5e3-17f9-4852-bdfb-db612c5dd77d ] Request (InstanceActionsTestJSON:setUpClass): 200 GET http://10.180.1.21/compute/v2.1/servers/fb825c5f-bd66-40aa-8027-cb425f3b9b96 0.278s
2025-06-20 13:51:33.090 60453 INFO tempest.lib.common.rest_client [req-12de75bb-5e15-4960-9453-754a73295024 req-12de75bb-5e15-4960-9453-754a73295024 ] Request (ServersTestJSON:setUpClass): 200 GET http://10.180.1.21/compute/v2.1/servers/da3eaeea-ce26-40eb-af8b-8857f927e431 0.314s
2025-06-20 13:51:33.101 60443 INFO tempest.lib.common.rest_client [req-e972e83a-8643-4a37-bbc3-dec3eeca866a req-e972e83a-8643-4a37-bbc3-dec3eeca866a ] Request (ServerDiskConfigTestJSON:test_rebuild_server_with_manual_disk_config): 200 GET http://10.180.1.21/compute/v2.1/servers/500d78f9-ee0c-4620-9936-1a9b4f4fc09a 0.269s
2025-06-20 13:51:33.145 60429 INFO tempest.lib.common.rest_client [req-6a4b71b1-2181-4d0c-8474-816cb1c9f0d8 req-6a4b71b1-2181-4d0c-8474-816cb1c9f0d8 ] Request (ServerShowV254Test:test_rebuild_server): 200 GET http://10.180.1.21/compute/v2.1/servers/57a5dcae-6861-418a-a041-9cd5b7a43982 0.305s
2025-06-20 13:51:33.153 60403 INFO tempest.lib.common.rest_client [req-21956312-3289-4fef-8500-480b678557fa req-21956312-3289-4fef-8500-480b678557fa ] Request (InstanceActionsNegativeTestJSON:tearDownClass): 204 DELETE http://10.180.1.21:9696/networking/v2.0/networks/2a049701-3ef4-4af8-b11b-50a7a1d3ea13 0.274s
2025-06-20 13:51:33.154 60463 INFO tempest.lib.common.rest_client [req-9899908b-38ed-4856-9f39-5ef6dbce8cf2 req-9899908b-38ed-4856-9f39-5ef6dbce8cf2 ] Request (SecurityGroupsTestJSON:test_server_security_groups): 200 GET http://10.180.1.21/compute/v2.1/servers/71244679-78d6-4d49-b4b5-ef96fd313ae8 0.262s
2025-06-20 13:51:33.210 60407 INFO tempest.lib.common.rest_client [req-97a41157-1519-4428-b691-5562742033fa req-97a41157-1519-4428-b691-5562742033fa ] Request (ServerMetadataNegativeTestJSON:setUpClass): 200 GET http://10.180.1.21/compute/v2.1/servers/6c94c59c-44ab-4cb9-8480-18e8a424993b 0.316s
2025-06-20 13:51:33.212 60403 INFO tempest.lib.common.rest_client [req-d40086a9-839c-4ae5-baf7-83abf4445a4c req-d40086a9-839c-4ae5-baf7-83abf4445a4c ] Request (InstanceActionsNegativeTestJSON:tearDownClass): 204 DELETE http://10.180.1.21/identity/v3/users/5ca83ceea8ea4a0f9bf0f02b9324cc8c 0.058s
2025-06-20 13:51:33.212 60403 INFO tempest.lib.common.dynamic_creds [-] Deleting project and security group for project: 8184aab171ad4bbab5fd85bec7dfff4d
2025-06-20 13:51:33.238 60403 INFO tempest.lib.common.rest_client [req-7160e530-e46b-45e2-99ff-3ef39dbf4ce9 req-7160e530-e46b-45e2-99ff-3ef39dbf4ce9 ] Request (InstanceActionsNegativeTestJSON:tearDownClass): 200 GET http://10.180.1.21:9696/networking/v2.0/security-groups?tenant_id=8184aab171ad4bbab5fd85bec7dfff4d&name=default 0.025s
2025-06-20 13:51:33.254 60405 INFO tempest.lib.common.rest_client [req-aa5b071d-80e7-486a-b4c3-5349e0adb5fc req-aa5b071d-80e7-486a-b4c3-5349e0adb5fc ] Request (ServersTestMultiNic:test_verify_duplicate_network_nics): 200 GET http://10.180.1.21/compute/v2.1/servers/070d142d-6a47-49bc-a061-3101da79447a 0.125s
2025-06-20 13:51:33.260 60447 INFO tempest.lib.common.rest_client [req-7de6e9b9-734b-430a-94fa-134b31deb62c req-7de6e9b9-734b-430a-94fa-134b31deb62c ] Request (AttachVolumeNegativeTest:test_attach_attached_volume_to_same_server): 200 GET http://10.180.1.21/compute/v2.1/servers/029d2099-2e55-4632-81b6-b59d6a20faab 0.196s
2025-06-20 13:51:33.295 60403 INFO tempest.lib.common.rest_client [req-32c5a343-86de-4aa4-bd39-2dba6a9d9f9f req-32c5a343-86de-4aa4-bd39-2dba6a9d9f9f ] Request (InstanceActionsNegativeTestJSON:tearDownClass): 204 DELETE http://10.180.1.21:9696/networking/v2.0/security-groups/af45990c-e1f0-4c58-bbc5-4aa92c71eb05 0.057s
2025-06-20 13:51:33.313 60423 INFO tempest.lib.common.rest_client [req-8df73b9e-7473-4b08-9334-c079ae09e32b req-8df73b9e-7473-4b08-9334-c079ae09e32b ] Request (ServerGroupTestJSON:test_create_server_with_scheduler_hint_group): 200 GET http://10.180.1.21/compute/v2.1/servers/63823a4b-97e0-48f9-9fb9-7c4fe3858343 0.120s
2025-06-20 13:51:33.353 60465 INFO tempest.lib.common.rest_client [req-c1376671-4189-40ea-adab-2d369052d2db req-c1376671-4189-40ea-adab-2d369052d2db ] Request (MigrationsAdminTest:test_list_migrations_in_flavor_resize_situation): 200 GET http://10.180.1.21/compute/v2.1/servers/7082a2a5-377a-47d2-bfbb-c7eb8b1c8658 0.144s
2025-06-20 13:51:33.372 60403 INFO tempest.lib.common.rest_client [req-c75fa5d8-3cc3-40d6-afd1-ce575d324a91 req-c75fa5d8-3cc3-40d6-afd1-ce575d324a91 ] Request (InstanceActionsNegativeTestJSON:tearDownClass): 204 DELETE http://10.180.1.21/identity/v3/projects/8184aab171ad4bbab5fd85bec7dfff4d 0.077s
2025-06-20 13:51:33.375 60403 INFO tempest.test [-] raised in NoVNCConsoleTestJSON.setUpClass. Invoking tearDownClass.
2025-06-20 13:51:33.420 60431 INFO tempest.lib.common.rest_client [req-6a3522ac-6f04-4fad-bd04-b6f6c6fc01ea req-6a3522ac-6f04-4fad-bd04-b6f6c6fc01ea ] Request (ServersAdminNegativeTestJSON:setUpClass): 200 GET http://10.180.1.21/compute/v2.1/servers/b5636e10-af08-49d3-a9b2-8122521a9e2c 0.082s
2025-06-20 13:51:33.425 60403 INFO tempest.lib.common.rest_client [req-37f180dc-b7ff-40fd-a0c9-08d83e5faef2 req-37f180dc-b7ff-40fd-a0c9-08d83e5faef2 ] Request (AttachVolumeTestJSON:setUpClass): 201 POST http://10.180.1.21/identity/v3/auth/tokens 0.049s
2025-06-20 13:51:33.452 60403 INFO tempest.lib.common.rest_client [req-94064243-1778-427f-91c0-bba8d5772d91 req-94064243-1778-427f-91c0-bba8d5772d91 ] Request (AttachVolumeTestJSON:setUpClass): 201 POST http://10.180.1.21/identity/v3/auth/tokens 0.023s
2025-06-20 13:51:33.468 60403 INFO tempest.lib.common.rest_client [req-74c3dcf3-20ff-4463-bc5b-d6403e4688f6 req-74c3dcf3-20ff-4463-bc5b-d6403e4688f6 ] Request (AttachVolumeTestJSON:setUpClass): 200 GET http://10.180.1.21/identity/v3/domains?name=Default 0.016s
2025-06-20 13:51:33.493 60403 INFO tempest.lib.common.rest_client [req-d3de0e0b-4910-46e0-a39d-b9f0f9addb7a req-d3de0e0b-4910-46e0-a39d-b9f0f9addb7a ] Request (AttachVolumeTestJSON:setUpClass): 201 POST http://10.180.1.21/identity/v3/projects 0.024s
2025-06-20 13:51:33.538 60403 INFO tempest.lib.common.rest_client [req-4dd96225-89a1-4833-9d72-fc1301c4b9e8 req-4dd96225-89a1-4833-9d72-fc1301c4b9e8 ] Request (AttachVolumeTestJSON:setUpClass): 201 POST http://10.180.1.21/identity/v3/users 0.045s
2025-06-20 13:51:33.554 60403 INFO tempest.lib.common.rest_client [req-b988590f-daa7-4db5-8ec8-ac1ba8c2cc69 req-b988590f-daa7-4db5-8ec8-ac1ba8c2cc69 ] Request (AttachVolumeTestJSON:setUpClass): 200 GET http://10.180.1.21/identity/v3/roles 0.015s
2025-06-20 13:51:33.576 60403 INFO tempest.lib.common.rest_client [req-74f682d6-a016-4ebb-af79-a11033decea7 req-74f682d6-a016-4ebb-af79-a11033decea7 ] Request (AttachVolumeTestJSON:setUpClass): 204 PUT http://10.180.1.21/identity/v3/projects/3e891632e1784cf496b6d69e8966ec21/users/23db6e3142e54f8f940433ec42ec85a5/roles/f4211bb095254950a227531b11ce815b 0.022s
2025-06-20 13:51:33.577 60403 INFO tempest.lib.common.dynamic_creds [-] Dynamic test user 23db6e3142e54f8f940433ec42ec85a5 is created with scope project and roles: ['member']
2025-06-20 13:51:33.577 60403 INFO tempest.lib.common.dynamic_creds [-] Acquired dynamic creds: credentials: Credentials: {'domain_id': 'default', 'domain_name': 'Default', 'username': 'tempest-AttachVolumeTestJSON-243494140-project-member', 'project_domain_id': 'default', 'project_domain_name': 'Default', 'project_id': '3e891632e1784cf496b6d69e8966ec21', 'project_name': 'tempest-AttachVolumeTestJSON-243494140', 'tenant_id': '3e891632e1784cf496b6d69e8966ec21', 'tenant_name': 'tempest-AttachVolumeTestJSON-243494140', 'user_domain_id': 'default', 'user_domain_name': 'Default', 'user_id': '23db6e3142e54f8f940433ec42ec85a5', 'system': None}, Network: None, Subnet: None, Router: None
2025-06-20 13:51:33.621 60403 INFO tempest.lib.common.rest_client [req-77776892-264e-44b8-b770-6bce85a31fe1 req-77776892-264e-44b8-b770-6bce85a31fe1 ] Request (AttachVolumeTestJSON:setUpClass): 201 POST http://10.180.1.21/identity/v3/auth/tokens 0.044s
2025-06-20 13:51:33.741 60433 INFO tempest.lib.common.rest_client [req-f160cb82-cdc6-4bf1-b338-3a915a2d915a req-f160cb82-cdc6-4bf1-b338-3a915a2d915a ] Request (AttachInterfacesTestJSON:test_create_list_show_delete_interfaces_by_fixed_ip): 200 GET http://10.180.1.21/compute/v2.1/servers/8bc7299c-35d4-4e9f-a243-2834fbadd987 0.123s
2025-06-20 13:51:33.769 60441 INFO tempest.lib.common.rest_client [req-aa46b7ae-29c4-4b35-a98e-0b1c68331c95 req-aa46b7ae-29c4-4b35-a98e-0b1c68331c95 ] Request (ImagesNegativeTestJSON:test_create_image_from_deleted_server): 200 GET http://10.180.1.21/compute/v2.1/servers/72caf1e5-e894-4581-a95d-21dda85e11b0 0.121s
2025-06-20 13:51:33.792 60435 INFO tempest.lib.common.rest_client [req-3eed16a5-c165-4d89-b4c1-d6a73d1439b1 req-3eed16a5-c165-4d89-b4c1-d6a73d1439b1 ] Request (ServerActionsV293TestJSON:setUpClass): 200 GET http://10.180.1.21/compute/v2.1/servers/39a2035c-bb7b-4837-b556-e8bb38ffb514 0.102s
2025-06-20 13:51:33.816 60425 INFO tempest.lib.common.rest_client [req-6677273f-8993-49a6-8ea3-60dd08e8b500 req-6677273f-8993-49a6-8ea3-60dd08e8b500 ] Request (ServerRescueTestJSON:setUpClass): 200 GET http://10.180.1.21/compute/v2.1/servers/53eeb8f0-f7c6-41bf-8d7e-2e15fc22d42a 0.054s
2025-06-20 13:51:33.877 60403 INFO tempest.lib.common.rest_client [req-a38347dd-3dac-4434-b7af-5a93cb10186a req-a38347dd-3dac-4434-b7af-5a93cb10186a ] Request (AttachVolumeTestJSON:setUpClass): 201 POST http://10.180.1.21:9696/networking/v2.0/networks 0.255s
2025-06-20 13:51:34.020 60417 INFO tempest.lib.common.rest_client [req-4bccebc7-fb54-4b12-bc01-ba344f40d38f req-4bccebc7-fb54-4b12-bc01-ba344f40d38f ] Request (ServersTestJSON:test_create_specify_keypair): 200 GET http://10.180.1.21/compute/v2.1/servers/068814dd-328c-48d1-b514-34eb43b0f2b1 0.157s
2025-06-20 13:51:34.041 60411 INFO tempest.lib.common.rest_client [req-cd60ce31-f60d-4770-b667-5e9e54908464 req-cd60ce31-f60d-4770-b667-5e9e54908464 ] Request (ServerDiagnosticsNegativeTest:test_get_server_diagnostics_by_non_admin): 200 GET http://10.180.1.21/compute/v2.1/servers/3107f9c0-9a35-424c-9fa3-d60057b9ceec 0.143s
2025-06-20 13:51:34.180 60445 INFO tempest.lib.common.rest_client [req-f63c33d0-7e8b-48aa-9a80-41b9170b1dff req-f63c33d0-7e8b-48aa-9a80-41b9170b1dff ] Request (VolumesAssistedSnapshotsTest:test_volume_assisted_snapshot_create_delete): 200 GET http://10.180.1.21/compute/v2.1/servers/81af879b-3bc3-4aff-a99d-98d3aba73512 0.214s
2025-06-20 13:51:34.191 60413 INFO tempest.lib.common.rest_client [req-7407add1-e947-4141-8f7b-cac867e84819 req-7407add1-e947-4141-8f7b-cac867e84819 ] Request (FloatingIPsAssociationTestJSON:setUpClass): 200 GET http://10.180.1.21/compute/v2.1/servers/843d4db6-c1fb-4b74-ad3c-779e309a170e 0.192s
2025-06-20 13:51:34.205 60403 INFO tempest.lib.common.rest_client [req-c659247c-ee29-49f6-942c-33008eccfcec req-c659247c-ee29-49f6-942c-33008eccfcec ] Request (AttachVolumeTestJSON:setUpClass): 201 POST http://10.180.1.21:9696/networking/v2.0/subnets 0.328s
2025-06-20 13:51:34.229 60427 INFO tempest.lib.common.rest_client [req-d8945201-839b-4375-948c-255dafb4e494 req-d8945201-839b-4375-948c-255dafb4e494 ] Request (DeleteServersTestJSON:test_delete_active_server): 200 GET http://10.180.1.21/compute/v2.1/servers/c76409ad-b0aa-4da6-ac83-58f617ec2588 0.222s
2025-06-20 13:51:34.240 60421 INFO tempest.lib.common.rest_client [req-4d4f7a61-807d-4945-8346-039473414a0c req-4d4f7a61-807d-4945-8346-039473414a0c ] Request (InstanceActionsTestJSON:setUpClass): 200 GET http://10.180.1.21/compute/v2.1/servers/fb825c5f-bd66-40aa-8027-cb425f3b9b96 0.176s
2025-06-20 13:51:34.292 60443 INFO tempest.lib.common.rest_client [req-01380723-897e-4acf-9280-479b5fecb69c req-01380723-897e-4acf-9280-479b5fecb69c ] Request (ServerDiskConfigTestJSON:test_rebuild_server_with_manual_disk_config): 200 GET http://10.180.1.21/compute/v2.1/servers/500d78f9-ee0c-4620-9936-1a9b4f4fc09a 0.182s
2025-06-20 13:51:34.341 60453 INFO tempest.lib.common.rest_client [req-415d2391-2d16-4d9f-a22d-ca3c8d433016 req-415d2391-2d16-4d9f-a22d-ca3c8d433016 ] Request (ServersTestJSON:setUpClass): 200 GET http://10.180.1.21/compute/v2.1/servers/da3eaeea-ce26-40eb-af8b-8857f927e431 0.244s
2025-06-20 13:51:34.345 60429 INFO tempest.lib.common.rest_client [req-cdd76513-dfa5-491e-86f9-a9b8ee612d3c req-cdd76513-dfa5-491e-86f9-a9b8ee612d3c ] Request (ServerShowV254Test:test_rebuild_server): 200 GET http://10.180.1.21/compute/v2.1/servers/57a5dcae-6861-418a-a041-9cd5b7a43982 0.184s
2025-06-20 13:51:34.387 60407 INFO tempest.lib.common.rest_client [req-b4505867-b778-422f-a6df-6b4841bf6d4c req-b4505867-b778-422f-a6df-6b4841bf6d4c ] Request (ServerMetadataNegativeTestJSON:setUpClass): 200 GET http://10.180.1.21/compute/v2.1/servers/6c94c59c-44ab-4cb9-8480-18e8a424993b 0.170s
2025-06-20 13:51:34.402 60463 INFO tempest.lib.common.rest_client [req-8e98980e-0bee-4136-8e4e-84d7bf9d44fc req-8e98980e-0bee-4136-8e4e-84d7bf9d44fc ] Request (SecurityGroupsTestJSON:test_server_security_groups): 200 GET http://10.180.1.21/compute/v2.1/servers/71244679-78d6-4d49-b4b5-ef96fd313ae8 0.238s
2025-06-20 13:51:34.440 60405 INFO tempest.lib.common.rest_client [req-b190e2bd-ce94-4713-beba-2ce1db1623e6 req-b190e2bd-ce94-4713-beba-2ce1db1623e6 ] Request (ServersTestMultiNic:test_verify_duplicate_network_nics): 200 GET http://10.180.1.21/compute/v2.1/servers/070d142d-6a47-49bc-a061-3101da79447a 0.178s
2025-06-20 13:51:34.501 60423 INFO tempest.lib.common.rest_client [req-5eb60a9b-4edf-4301-8957-8c71f9dfce85 req-5eb60a9b-4edf-4301-8957-8c71f9dfce85 ] Request (ServerGroupTestJSON:test_create_server_with_scheduler_hint_group): 200 GET http://10.180.1.21/compute/v2.1/servers/63823a4b-97e0-48f9-9fb9-7c4fe3858343 0.183s
2025-06-20 13:51:34.550 60447 INFO tempest.lib.common.rest_client [req-23d2ca50-2e55-4b63-9a03-b9cd6ee450ce req-23d2ca50-2e55-4b63-9a03-b9cd6ee450ce ] Request (AttachVolumeNegativeTest:test_attach_attached_volume_to_same_server): 200 GET http://10.180.1.21/compute/v2.1/servers/029d2099-2e55-4632-81b6-b59d6a20faab 0.282s
2025-06-20 13:51:34.626 60465 INFO tempest.lib.common.rest_client [req-c4f2e11e-595e-48e8-992f-92d7d7d6eac7 req-c4f2e11e-595e-48e8-992f-92d7d7d6eac7 ] Request (MigrationsAdminTest:test_list_migrations_in_flavor_resize_situation): 200 GET http://10.180.1.21/compute/v2.1/servers/7082a2a5-377a-47d2-bfbb-c7eb8b1c8658 0.264s
2025-06-20 13:51:34.647 60431 INFO tempest.lib.common.rest_client [req-0b9a98d3-1b04-49f9-b062-dfd8ba808eed req-0b9a98d3-1b04-49f9-b062-dfd8ba808eed ] Request (ServersAdminNegativeTestJSON:setUpClass): 200 GET http://10.180.1.21/compute/v2.1/servers/b5636e10-af08-49d3-a9b2-8122521a9e2c 0.220s
2025-06-20 13:51:34.875 60433 INFO tempest.lib.common.rest_client [req-e951c5dd-c1d9-4bd0-a7ee-3827780411f9 req-e951c5dd-c1d9-4bd0-a7ee-3827780411f9 ] Request (AttachInterfacesTestJSON:test_create_list_show_delete_interfaces_by_fixed_ip): 200 GET http://10.180.1.21/compute/v2.1/servers/8bc7299c-35d4-4e9f-a243-2834fbadd987 0.126s
2025-06-20 13:51:34.908 60403 INFO tempest.lib.common.rest_client [req-22c6c1b5-a038-467d-99cb-d07ff46f8d89 req-22c6c1b5-a038-467d-99cb-d07ff46f8d89 ] Request (AttachVolumeTestJSON:setUpClass): 201 POST http://10.180.1.21:9696/networking/v2.0/routers 0.702s
2025-06-20 13:51:34.962 60435 INFO tempest.lib.common.rest_client [req-527c0d5a-1286-45c5-a693-a829ef00e1e4 req-527c0d5a-1286-45c5-a693-a829ef00e1e4 ] Request (ServerActionsV293TestJSON:setUpClass): 200 GET http://10.180.1.21/compute/v2.1/servers/39a2035c-bb7b-4837-b556-e8bb38ffb514 0.161s
2025-06-20 13:51:34.993 60441 INFO tempest.lib.common.rest_client [req-e114022a-f6ea-4430-baea-f7779176125f req-e114022a-f6ea-4430-baea-f7779176125f ] Request (ImagesNegativeTestJSON:test_create_image_from_deleted_server): 200 GET http://10.180.1.21/compute/v2.1/servers/72caf1e5-e894-4581-a95d-21dda85e11b0 0.216s
2025-06-20 13:51:35.011 60425 INFO tempest.lib.common.rest_client [req-15a2d2dd-96ef-4514-8c7b-227fead181a6 req-15a2d2dd-96ef-4514-8c7b-227fead181a6 ] Request (ServerRescueTestJSON:setUpClass): 200 GET http://10.180.1.21/compute/v2.1/servers/53eeb8f0-f7c6-41bf-8d7e-2e15fc22d42a 0.189s
2025-06-20 13:51:35.216 60417 INFO tempest.lib.common.rest_client [req-222c0b87-26b7-4ad9-a17c-253fadbfa92f req-222c0b87-26b7-4ad9-a17c-253fadbfa92f ] Request (ServersTestJSON:test_create_specify_keypair): 200 GET http://10.180.1.21/compute/v2.1/servers/068814dd-328c-48d1-b514-34eb43b0f2b1 0.188s
2025-06-20 13:51:35.223 60411 INFO tempest.lib.common.rest_client [req-f9bb4a9d-e4a7-46e6-974e-de9d7d9f0b6a req-f9bb4a9d-e4a7-46e6-974e-de9d7d9f0b6a ] Request (ServerDiagnosticsNegativeTest:test_get_server_diagnostics_by_non_admin): 200 GET http://10.180.1.21/compute/v2.1/servers/3107f9c0-9a35-424c-9fa3-d60057b9ceec 0.175s
2025-06-20 13:51:35.397 60413 INFO tempest.lib.common.rest_client [req-e6b7e098-059d-416c-b4d1-bb429b9932a4 req-e6b7e098-059d-416c-b4d1-bb429b9932a4 ] Request (FloatingIPsAssociationTestJSON:setUpClass): 200 GET http://10.180.1.21/compute/v2.1/servers/843d4db6-c1fb-4b74-ad3c-779e309a170e 0.198s
2025-06-20 13:51:35.456 60427 INFO tempest.lib.common.rest_client [req-02e039f3-4065-496f-97c0-5ec5ca6dbc40 req-02e039f3-4065-496f-97c0-5ec5ca6dbc40 ] Request (DeleteServersTestJSON:test_delete_active_server): 200 GET http://10.180.1.21/compute/v2.1/servers/c76409ad-b0aa-4da6-ac83-58f617ec2588 0.218s
2025-06-20 13:51:35.466 60445 INFO tempest.lib.common.rest_client [req-c99bfa7f-b90c-42e5-8f80-07afadb88673 req-c99bfa7f-b90c-42e5-8f80-07afadb88673 ] Request (VolumesAssistedSnapshotsTest:test_volume_assisted_snapshot_create_delete): 200 GET http://10.180.1.21/compute/v2.1/servers/81af879b-3bc3-4aff-a99d-98d3aba73512 0.280s
2025-06-20 13:51:35.518 60421 INFO tempest.lib.common.rest_client [req-e99b39ed-fd07-4702-893e-6fd00db2e76c req-e99b39ed-fd07-4702-893e-6fd00db2e76c ] Request (InstanceActionsTestJSON:setUpClass): 200 GET http://10.180.1.21/compute/v2.1/servers/fb825c5f-bd66-40aa-8027-cb425f3b9b96 0.271s
2025-06-20 13:51:35.535 60443 INFO tempest.lib.common.rest_client [req-b766531d-3e43-48a3-8dda-973ed2cc3f25 req-b766531d-3e43-48a3-8dda-973ed2cc3f25 ] Request (ServerDiskConfigTestJSON:test_rebuild_server_with_manual_disk_config): 200 GET http://10.180.1.21/compute/v2.1/servers/500d78f9-ee0c-4620-9936-1a9b4f4fc09a 0.236s
2025-06-20 13:51:35.600 60429 INFO tempest.lib.common.rest_client [req-2f7ac847-51bd-4d5d-9fd5-ef7686eb4fdd req-2f7ac847-51bd-4d5d-9fd5-ef7686eb4fdd ] Request (ServerShowV254Test:test_rebuild_server): 200 GET http://10.180.1.21/compute/v2.1/servers/57a5dcae-6861-418a-a041-9cd5b7a43982 0.243s
2025-06-20 13:51:35.678 60407 INFO tempest.lib.common.rest_client [req-8ca2cf5c-f4b5-4348-bef9-b4ead991ef91 req-8ca2cf5c-f4b5-4348-bef9-b4ead991ef91 ] Request (ServerMetadataNegativeTestJSON:setUpClass): 200 GET http://10.180.1.21/compute/v2.1/servers/6c94c59c-44ab-4cb9-8480-18e8a424993b 0.281s
2025-06-20 13:51:35.738 60463 INFO tempest.lib.common.rest_client [req-01e6c6a8-3d12-4eea-90a5-988fb10fa63a req-01e6c6a8-3d12-4eea-90a5-988fb10fa63a ] Request (SecurityGroupsTestJSON:test_server_security_groups): 200 GET http://10.180.1.21/compute/v2.1/servers/71244679-78d6-4d49-b4b5-ef96fd313ae8 0.328s
2025-06-20 13:51:35.979 60453 INFO tempest.lib.common.rest_client [req-0e1dafdf-bf9f-48cc-9e73-cec54eafa793 req-0e1dafdf-bf9f-48cc-9e73-cec54eafa793 ] Request (ServersTestJSON:setUpClass): 200 GET http://10.180.1.21/compute/v2.1/servers/da3eaeea-ce26-40eb-af8b-8857f927e431 0.631s
2025-06-20 13:51:35.985 60405 INFO tempest.lib.common.rest_client [req-2b2dccba-f673-4512-bea5-07cf20d7755b req-2b2dccba-f673-4512-bea5-07cf20d7755b ] Request (ServersTestMultiNic:test_verify_duplicate_network_nics): 200 GET http://10.180.1.21/compute/v2.1/servers/070d142d-6a47-49bc-a061-3101da79447a 0.538s
2025-06-20 13:51:36.043 60423 INFO tempest.lib.common.rest_client [req-45875d28-f167-4a1e-9324-c910b1715046 req-45875d28-f167-4a1e-9324-c910b1715046 ] Request (ServerGroupTestJSON:test_create_server_with_scheduler_hint_group): 200 GET http://10.180.1.21/compute/v2.1/servers/63823a4b-97e0-48f9-9fb9-7c4fe3858343 0.533s
2025-06-20 13:51:36.129 60447 INFO tempest.lib.common.rest_client [req-8875b45c-0e62-4182-be9a-bf7ec7e705ea req-8875b45c-0e62-4182-be9a-bf7ec7e705ea ] Request (AttachVolumeNegativeTest:test_attach_attached_volume_to_same_server): 200 GET http://10.180.1.21/compute/v2.1/servers/029d2099-2e55-4632-81b6-b59d6a20faab 0.571s
2025-06-20 13:51:36.323 60465 INFO tempest.lib.common.rest_client [req-f26b7d17-8098-4d22-8643-80780905a2f8 req-f26b7d17-8098-4d22-8643-80780905a2f8 ] Request (MigrationsAdminTest:test_list_migrations_in_flavor_resize_situation): 200 GET http://10.180.1.21/compute/v2.1/servers/7082a2a5-377a-47d2-bfbb-c7eb8b1c8658 0.689s
2025-06-20 13:51:36.357 60431 INFO tempest.lib.common.rest_client [req-cc1ec625-d5bf-472b-a5de-47f0d45f2e1b req-cc1ec625-d5bf-472b-a5de-47f0d45f2e1b ] Request (ServersAdminNegativeTestJSON:setUpClass): 200 GET http://10.180.1.21/compute/v2.1/servers/b5636e10-af08-49d3-a9b2-8122521a9e2c 0.703s
2025-06-20 13:51:36.443 60435 INFO tempest.lib.common.rest_client [req-8c882ab1-86d9-4de4-896f-077750e1627c req-8c882ab1-86d9-4de4-896f-077750e1627c ] Request (ServerActionsV293TestJSON:setUpClass): 200 GET http://10.180.1.21/compute/v2.1/servers/39a2035c-bb7b-4837-b556-e8bb38ffb514 0.470s
2025-06-20 13:51:36.574 60433 INFO tempest.lib.common.rest_client [req-21fef138-a64c-4fb2-88a2-bd2436400b0c req-21fef138-a64c-4fb2-88a2-bd2436400b0c ] Request (AttachInterfacesTestJSON:test_create_list_show_delete_interfaces_by_fixed_ip): 200 GET http://10.180.1.21/compute/v2.1/servers/8bc7299c-35d4-4e9f-a243-2834fbadd987 0.691s
2025-06-20 13:51:36.584 60441 INFO tempest.lib.common.rest_client [req-feb8a78d-4fb0-40b8-a685-8ff0f754090c req-feb8a78d-4fb0-40b8-a685-8ff0f754090c ] Request (ImagesNegativeTestJSON:test_create_image_from_deleted_server): 200 GET http://10.180.1.21/compute/v2.1/servers/72caf1e5-e894-4581-a95d-21dda85e11b0 0.584s
2025-06-20 13:51:36.646 60425 INFO tempest.lib.common.rest_client [req-62ad5024-9f6b-462b-87e4-2c1cc250b9eb req-62ad5024-9f6b-462b-87e4-2c1cc250b9eb ] Request (ServerRescueTestJSON:setUpClass): 200 GET http://10.180.1.21/compute/v2.1/servers/53eeb8f0-f7c6-41bf-8d7e-2e15fc22d42a 0.628s
2025-06-20 13:51:36.713 60417 INFO tempest.lib.common.rest_client [req-53ca00c2-0cae-4b8b-958a-3a6b9350629d req-53ca00c2-0cae-4b8b-958a-3a6b9350629d ] Request (ServersTestJSON:test_create_specify_keypair): 200 GET http://10.180.1.21/compute/v2.1/servers/068814dd-328c-48d1-b514-34eb43b0f2b1 0.491s
2025-06-20 13:51:36.817 60403 INFO tempest.lib.common.rest_client [req-59daf03e-2512-477e-966c-698eec14154c req-59daf03e-2512-477e-966c-698eec14154c ] Request (AttachVolumeTestJSON:setUpClass): 200 PUT http://10.180.1.21:9696/networking/v2.0/routers/bef268c1-4b79-46f2-a4d2-00afdc9ed6d4/add_router_interface 1.908s
2025-06-20 13:51:36.817 60403 INFO tempest.lib.common.dynamic_creds [-] Created isolated network resources for: credentials: Credentials: {'domain_id': 'default', 'domain_name': 'Default', 'username': 'tempest-AttachVolumeTestJSON-243494140-project-member', 'project_domain_id': 'default', 'project_domain_name': 'Default', 'project_id': '3e891632e1784cf496b6d69e8966ec21', 'project_name': 'tempest-AttachVolumeTestJSON-243494140', 'tenant_id': '3e891632e1784cf496b6d69e8966ec21', 'tenant_name': 'tempest-AttachVolumeTestJSON-243494140', 'user_domain_id': 'default', 'user_domain_name': 'Default', 'user_id': '23db6e3142e54f8f940433ec42ec85a5', 'system': None}, Network: {'id': 'ad005f6e-0e1c-49be-be6b-f2e153d26f69', 'name': 'tempest-AttachVolumeTestJSON-2132166519-network', 'tenant_id': '3e891632e1784cf496b6d69e8966ec21', 'admin_state_up': True, 'mtu': 8950, 'status': 'ACTIVE', 'subnets': [], 'shared': False, 'project_id': '3e891632e1784cf496b6d69e8966ec21', 'port_security_enabled': True, 'router:external': False, 'provider:network_type': 'vlan', 'provider:physical_network': 'default', 'provider:segmentation_id': 676, 'is_default': False, 'availability_zone_hints': [], 'availability_zones': [], 'ipv4_address_scope': None, 'ipv6_address_scope': None, 'description': '', 'tags': [], 'created_at': '2025-06-20T13:51:33Z', 'updated_at': '2025-06-20T13:51:33Z', 'revision_number': 1}, Subnet: {'id': 'd6f8e859-02a2-4d6a-9974-5887fd8ec483', 'name': 'tempest-AttachVolumeTestJSON-2132166519-subnet', 'tenant_id': '3e891632e1784cf496b6d69e8966ec21', 'network_id': 'ad005f6e-0e1c-49be-be6b-f2e153d26f69', 'ip_version': 4, 'subnetpool_id': None, 'enable_dhcp': True, 'ipv6_ra_mode': None, 'ipv6_address_mode': None, 'gateway_ip': '192.168.128.1', 'cidr': '192.168.128.0/28', 'allocation_pools': [{'start': '192.168.128.2', 'end': '192.168.128.14'}], 'host_routes': [], 'dns_nameservers': [], 'description': '', 'service_types': [], 'tags': [], 'created_at': '2025-06-20T13:51:33Z', 'updated_at': '2025-06-20T13:51:33Z', 'revision_number': 0, 'project_id': '3e891632e1784cf496b6d69e8966ec21'}, Router: {'id': 'bef268c1-4b79-46f2-a4d2-00afdc9ed6d4', 'name': 'tempest-AttachVolumeTestJSON-2132166519-router', 'tenant_id': '3e891632e1784cf496b6d69e8966ec21', 'admin_state_up': True, 'status': 'ACTIVE', 'external_gateway_info': {'network_id': 'af234c28-9985-461c-8f4c-964ce76e935a', 'external_fixed_ips': [{'subnet_id': '027c8fcf-d5b4-4826-8653-f2a6abbe5b6c', 'ip_address': '10.180.180.170'}], 'enable_snat': True}, 'description': '', 'availability_zones': [], 'distributed': False, 'ha': False, 'availability_zone_hints': [], 'routes': [], 'flavor_id': None, 'tags': [], 'created_at': '2025-06-20T13:51:34Z', 'updated_at': '2025-06-20T13:51:34Z', 'revision_number': 2, 'project_id': '3e891632e1784cf496b6d69e8966ec21'}
2025-06-20 13:51:36.824 60411 INFO tempest.lib.common.rest_client [req-8771bb69-bc54-48ea-b75e-5da3898b2501 req-8771bb69-bc54-48ea-b75e-5da3898b2501 ] Request (ServerDiagnosticsNegativeTest:test_get_server_diagnostics_by_non_admin): 200 GET http://10.180.1.21/compute/v2.1/servers/3107f9c0-9a35-424c-9fa3-d60057b9ceec 0.592s
2025-06-20 13:51:36.892 60427 INFO tempest.lib.common.rest_client [req-ca91427e-ca7f-4b64-b2e4-4f597d25ac92 req-ca91427e-ca7f-4b64-b2e4-4f597d25ac92 ] Request (DeleteServersTestJSON:test_delete_active_server): 200 GET http://10.180.1.21/compute/v2.1/servers/c76409ad-b0aa-4da6-ac83-58f617ec2588 0.430s
2025-06-20 13:51:36.897 60413 INFO tempest.lib.common.rest_client [req-261cdc36-6dda-476b-8875-883d23e91e44 req-261cdc36-6dda-476b-8875-883d23e91e44 ] Request (FloatingIPsAssociationTestJSON:setUpClass): 200 GET http://10.180.1.21/compute/v2.1/servers/843d4db6-c1fb-4b74-ad3c-779e309a170e 0.493s
2025-06-20 13:51:36.905 60403 INFO tempest.lib.common.rest_client [req-b5a3ca95-a9e8-4c27-85db-b68b0ce9b94f req-b5a3ca95-a9e8-4c27-85db-b68b0ce9b94f ] Request (AttachVolumeTestJSON:setUpClass): 201 POST http://10.180.1.21/identity/v3/auth/tokens 0.084s
2025-06-20 13:51:36.951 60421 INFO tempest.lib.common.rest_client [req-7a299938-44cd-4ad7-8f86-0e6bc87612b7 req-7a299938-44cd-4ad7-8f86-0e6bc87612b7 ] Request (InstanceActionsTestJSON:setUpClass): 200 GET http://10.180.1.21/compute/v2.1/servers/fb825c5f-bd66-40aa-8027-cb425f3b9b96 0.426s
2025-06-20 13:51:36.994 60445 INFO tempest.lib.common.rest_client [req-bfc83008-6b73-4d0c-92ef-ff67a9246020 req-bfc83008-6b73-4d0c-92ef-ff67a9246020 ] Request (VolumesAssistedSnapshotsTest:test_volume_assisted_snapshot_create_delete): 200 GET http://10.180.1.21/compute/v2.1/servers/81af879b-3bc3-4aff-a99d-98d3aba73512 0.519s
2025-06-20 13:51:37.000 60443 INFO tempest.lib.common.rest_client [req-b38c1f10-1f9d-4315-90c9-5081ccef9333 req-b38c1f10-1f9d-4315-90c9-5081ccef9333 ] Request (ServerDiskConfigTestJSON:test_rebuild_server_with_manual_disk_config): 200 GET http://10.180.1.21/compute/v2.1/servers/500d78f9-ee0c-4620-9936-1a9b4f4fc09a 0.454s
2025-06-20 13:51:37.046 60429 INFO tempest.lib.common.rest_client [req-49de042f-551a-4abc-baa6-fbd86c633e50 req-49de042f-551a-4abc-baa6-fbd86c633e50 ] Request (ServerShowV254Test:test_rebuild_server): 200 GET http://10.180.1.21/compute/v2.1/servers/57a5dcae-6861-418a-a041-9cd5b7a43982 0.437s
2025-06-20 13:51:37.050 60407 INFO tempest.lib.common.rest_client [req-b6ed3924-8191-47a6-b257-6ec82702e6d9 req-b6ed3924-8191-47a6-b257-6ec82702e6d9 ] Request (ServerMetadataNegativeTestJSON:setUpClass): 200 GET http://10.180.1.21/compute/v2.1/servers/6c94c59c-44ab-4cb9-8480-18e8a424993b 0.363s
2025-06-20 13:51:37.089 60463 INFO tempest.lib.common.rest_client [req-13f73ede-d6f1-483b-b6c0-887271e704cc req-13f73ede-d6f1-483b-b6c0-887271e704cc ] Request (SecurityGroupsTestJSON:test_server_security_groups): 200 GET http://10.180.1.21/compute/v2.1/servers/71244679-78d6-4d49-b4b5-ef96fd313ae8 0.344s
2025-06-20 13:51:37.137 60403 INFO tempest.lib.common.rest_client [req-140860a8-ce5d-4dec-91f9-e54038fbaa9a req-140860a8-ce5d-4dec-91f9-e54038fbaa9a ] Request (ValidationResourcesFixture:setUp): 200 POST http://10.180.1.21/compute/v2.1/os-keypairs 0.223s
2025-06-20 13:51:37.185 60405 INFO tempest.lib.common.rest_client [req-96ed8b12-4583-4f80-961b-cfc5a93a849d req-96ed8b12-4583-4f80-961b-cfc5a93a849d ] Request (ServersTestMultiNic:test_verify_duplicate_network_nics): 200 GET http://10.180.1.21/compute/v2.1/servers/070d142d-6a47-49bc-a061-3101da79447a 0.193s
2025-06-20 13:51:37.200 60453 INFO tempest.lib.common.rest_client [req-96a6dc9f-031e-4840-80bc-9bf62db778cb req-96a6dc9f-031e-4840-80bc-9bf62db778cb ] Request (ServersTestJSON:setUpClass): 200 GET http://10.180.1.21/compute/v2.1/servers/da3eaeea-ce26-40eb-af8b-8857f927e431 0.213s
2025-06-20 13:51:37.228 60423 INFO tempest.lib.common.rest_client [req-56fd8ace-6128-45c3-8b3e-19b2432f14d0 req-56fd8ace-6128-45c3-8b3e-19b2432f14d0 ] Request (ServerGroupTestJSON:test_create_server_with_scheduler_hint_group): 200 GET http://10.180.1.21/compute/v2.1/servers/63823a4b-97e0-48f9-9fb9-7c4fe3858343 0.176s
2025-06-20 13:51:37.280 60403 INFO tempest.lib.common.rest_client [req-17bb2c4e-3da5-49b3-a322-c308ee5f8f65 req-17bb2c4e-3da5-49b3-a322-c308ee5f8f65 ] Request (ValidationResourcesFixture:setUp): 201 POST http://10.180.1.21:9696/networking/v2.0/security-groups 0.141s
2025-06-20 13:51:37.310 60447 INFO tempest.lib.common.rest_client [req-69412a65-d85c-461a-9693-f219b0d3c66a req-69412a65-d85c-461a-9693-f219b0d3c66a ] Request (AttachVolumeNegativeTest:test_attach_attached_volume_to_same_server): 200 GET http://10.180.1.21/compute/v2.1/servers/029d2099-2e55-4632-81b6-b59d6a20faab 0.173s
2025-06-20 13:51:37.348 60403 INFO tempest.lib.common.rest_client [req-93cc66a7-09e8-4dcc-938e-39dfb4326c2d req-93cc66a7-09e8-4dcc-938e-39dfb4326c2d ] Request (ValidationResourcesFixture:setUp): 201 POST http://10.180.1.21:9696/networking/v2.0/security-group-rules 0.067s
2025-06-20 13:51:37.477 60465 INFO tempest.lib.common.rest_client [req-8851e62c-a9ef-4302-a0e7-ac0301f77bf1 req-8851e62c-a9ef-4302-a0e7-ac0301f77bf1 ] Request (MigrationsAdminTest:test_list_migrations_in_flavor_resize_situation): 200 GET http://10.180.1.21/compute/v2.1/servers/7082a2a5-377a-47d2-bfbb-c7eb8b1c8658 0.147s
2025-06-20 13:51:37.499 60403 INFO tempest.lib.common.rest_client [req-d83687c8-d791-432f-be3f-11b1d466e711 req-d83687c8-d791-432f-be3f-11b1d466e711 ] Request (ValidationResourcesFixture:setUp): 201 POST http://10.180.1.21:9696/networking/v2.0/security-group-rules 0.151s
2025-06-20 13:51:37.503 60431 INFO tempest.lib.common.rest_client [req-648d1715-78e7-4826-9b97-94e39875a9dd req-648d1715-78e7-4826-9b97-94e39875a9dd ] Request (ServersAdminNegativeTestJSON:setUpClass): 200 GET http://10.180.1.21/compute/v2.1/servers/b5636e10-af08-49d3-a9b2-8122521a9e2c 0.139s
2025-06-20 13:51:37.529 60435 INFO tempest.lib.common.rest_client [req-64313668-a3da-41de-b6b0-cbdfe83346be req-64313668-a3da-41de-b6b0-cbdfe83346be ] Request (ServerActionsV293TestJSON:setUpClass): 200 GET http://10.180.1.21/compute/v2.1/servers/39a2035c-bb7b-4837-b556-e8bb38ffb514 0.069s
2025-06-20 13:51:37.715 60433 INFO tempest.lib.common.rest_client [req-cd49f1af-8fe0-485b-a9e4-28bf8c7a50a7 req-cd49f1af-8fe0-485b-a9e4-28bf8c7a50a7 ] Request (AttachInterfacesTestJSON:test_create_list_show_delete_interfaces_by_fixed_ip): 200 GET http://10.180.1.21/compute/v2.1/servers/8bc7299c-35d4-4e9f-a243-2834fbadd987 0.134s
2025-06-20 13:51:37.721 60441 INFO tempest.lib.common.rest_client [req-1327b373-89c2-45c5-85c9-a955cffc8753 req-1327b373-89c2-45c5-85c9-a955cffc8753 ] Request (ImagesNegativeTestJSON:test_create_image_from_deleted_server): 200 GET http://10.180.1.21/compute/v2.1/servers/72caf1e5-e894-4581-a95d-21dda85e11b0 0.128s
2025-06-20 13:51:37.771 60425 INFO tempest.lib.common.rest_client [req-a4d3e6cb-9da9-4a78-aa6e-a661ec042deb req-a4d3e6cb-9da9-4a78-aa6e-a661ec042deb ] Request (ServerRescueTestJSON:setUpClass): 200 GET http://10.180.1.21/compute/v2.1/servers/53eeb8f0-f7c6-41bf-8d7e-2e15fc22d42a 0.119s
2025-06-20 13:51:37.857 60417 INFO tempest.lib.common.rest_client [req-1cfbc09a-9712-42cc-8c5f-88a03fdba15c req-1cfbc09a-9712-42cc-8c5f-88a03fdba15c ] Request (ServersTestJSON:test_create_specify_keypair): 200 GET http://10.180.1.21/compute/v2.1/servers/068814dd-328c-48d1-b514-34eb43b0f2b1 0.137s
2025-06-20 13:51:37.895 60403 INFO tempest.lib.common.rest_client [req-67070db3-e478-4b7c-a2e1-709cb74d5d39 req-67070db3-e478-4b7c-a2e1-709cb74d5d39 ] Request (ValidationResourcesFixture:setUp): 201 POST http://10.180.1.21:9696/networking/v2.0/floatingips 0.395s
2025-06-20 13:51:37.923 60403 INFO tempest.lib.common.rest_client [req-304a0575-5102-4da7-9464-fd07444aaa3c req-304a0575-5102-4da7-9464-fd07444aaa3c ] Request (AttachVolumeTestJSON:test_attach_detach_volume): 201 POST http://10.180.1.21/identity/v3/auth/tokens 0.024s
2025-06-20 13:51:37.924 60403 INFO tempest.lib.common.fixed_network [-] (AttachVolumeTestJSON:test_attach_detach_volume) Found network {'id': 'ad005f6e-0e1c-49be-be6b-f2e153d26f69', 'name': 'tempest-AttachVolumeTestJSON-2132166519-network', 'tenant_id': '3e891632e1784cf496b6d69e8966ec21', 'admin_state_up': True, 'mtu': 8950, 'status': 'ACTIVE', 'subnets': [], 'shared': False, 'project_id': '3e891632e1784cf496b6d69e8966ec21', 'port_security_enabled': True, 'router:external': False, 'provider:network_type': 'vlan', 'provider:physical_network': 'default', 'provider:segmentation_id': 676, 'is_default': False, 'availability_zone_hints': [], 'availability_zones': [], 'ipv4_address_scope': None, 'ipv6_address_scope': None, 'description': '', 'tags': [], 'created_at': '2025-06-20T13:51:33Z', 'updated_at': '2025-06-20T13:51:33Z', 'revision_number': 1} available for tenant
2025-06-20 13:51:37.934 60411 INFO tempest.lib.common.rest_client [req-a9a906dc-781f-4950-a961-2d5e652377ec req-a9a906dc-781f-4950-a961-2d5e652377ec ] Request (ServerDiagnosticsNegativeTest:test_get_server_diagnostics_by_non_admin): 200 GET http://10.180.1.21/compute/v2.1/servers/3107f9c0-9a35-424c-9fa3-d60057b9ceec 0.100s
2025-06-20 13:51:37.948 60427 INFO tempest.lib.common.rest_client [req-cc3b4775-5aae-4a33-a699-224346748760 req-cc3b4775-5aae-4a33-a699-224346748760 ] Request (DeleteServersTestJSON:test_delete_active_server): 200 GET http://10.180.1.21/compute/v2.1/servers/c76409ad-b0aa-4da6-ac83-58f617ec2588 0.050s
2025-06-20 13:51:38.035 60413 INFO tempest.lib.common.rest_client [req-316f43e6-7bf9-4cd2-b3c1-5759ededd4de req-316f43e6-7bf9-4cd2-b3c1-5759ededd4de ] Request (FloatingIPsAssociationTestJSON:setUpClass): 200 GET http://10.180.1.21/compute/v2.1/servers/843d4db6-c1fb-4b74-ad3c-779e309a170e 0.132s
2025-06-20 13:51:38.082 60421 INFO tempest.lib.common.rest_client [req-843155e7-09da-4257-8be0-2dd93370cfc5 req-843155e7-09da-4257-8be0-2dd93370cfc5 ] Request (InstanceActionsTestJSON:setUpClass): 200 GET http://10.180.1.21/compute/v2.1/servers/fb825c5f-bd66-40aa-8027-cb425f3b9b96 0.123s
2025-06-20 13:51:38.368 60445 INFO tempest.lib.common.rest_client [req-aadac68f-2c38-4f26-b521-cbd1a2394ef2 req-aadac68f-2c38-4f26-b521-cbd1a2394ef2 ] Request (VolumesAssistedSnapshotsTest:test_volume_assisted_snapshot_create_delete): 200 GET http://10.180.1.21/compute/v2.1/servers/81af879b-3bc3-4aff-a99d-98d3aba73512 0.366s
2025-06-20 13:51:38.414 60443 INFO tempest.lib.common.rest_client [req-923e4e23-cd24-459a-942d-0b33e5af7244 req-923e4e23-cd24-459a-942d-0b33e5af7244 ] Request (ServerDiskConfigTestJSON:test_rebuild_server_with_manual_disk_config): 200 GET http://10.180.1.21/compute/v2.1/servers/500d78f9-ee0c-4620-9936-1a9b4f4fc09a 0.408s
2025-06-20 13:51:38.464 60429 INFO tempest.lib.common.rest_client [req-0715facf-3308-440b-a0f5-3acad1e3b629 req-0715facf-3308-440b-a0f5-3acad1e3b629 ] Request (ServerShowV254Test:test_rebuild_server): 200 GET http://10.180.1.21/compute/v2.1/servers/57a5dcae-6861-418a-a041-9cd5b7a43982 0.412s
2025-06-20 13:51:38.505 60407 INFO tempest.lib.common.rest_client [req-242fcab7-9fc7-4699-9110-f8203208808f req-242fcab7-9fc7-4699-9110-f8203208808f ] Request (ServerMetadataNegativeTestJSON:setUpClass): 200 GET http://10.180.1.21/compute/v2.1/servers/6c94c59c-44ab-4cb9-8480-18e8a424993b 0.446s
2025-06-20 13:51:38.532 60403 INFO tempest.lib.common.rest_client [req-8862a932-8261-41c3-be79-a01a074693e1 req-8862a932-8261-41c3-be79-a01a074693e1 ] Request (AttachVolumeTestJSON:test_attach_detach_volume): 202 POST http://10.180.1.21/compute/v2.1/servers 0.607s
2025-06-20 13:51:38.548 60463 INFO tempest.lib.common.rest_client [req-55ff0b9f-1808-4e91-b0ad-b2b0d1356666 req-55ff0b9f-1808-4e91-b0ad-b2b0d1356666 ] Request (SecurityGroupsTestJSON:test_server_security_groups): 200 GET http://10.180.1.21/compute/v2.1/servers/71244679-78d6-4d49-b4b5-ef96fd313ae8 0.450s
2025-06-20 13:51:38.574 60405 INFO tempest.lib.common.rest_client [req-2a14f955-44cd-4913-897b-62677b6e713f req-2a14f955-44cd-4913-897b-62677b6e713f ] Request (ServersTestMultiNic:test_verify_duplicate_network_nics): 200 GET http://10.180.1.21/compute/v2.1/servers/070d142d-6a47-49bc-a061-3101da79447a 0.382s
2025-06-20 13:51:38.622 60423 INFO tempest.lib.common.rest_client [req-865f0613-29bc-4733-bc6a-adfb1650f13a req-865f0613-29bc-4733-bc6a-adfb1650f13a ] Request (ServerGroupTestJSON:test_create_server_with_scheduler_hint_group): 200 GET http://10.180.1.21/compute/v2.1/servers/63823a4b-97e0-48f9-9fb9-7c4fe3858343 0.387s
2025-06-20 13:51:38.638 60453 INFO tempest.lib.common.rest_client [req-b4d32342-5216-44ec-ba84-ea701a093ccd req-b4d32342-5216-44ec-ba84-ea701a093ccd ] Request (ServersTestJSON:setUpClass): 200 GET http://10.180.1.21/compute/v2.1/servers/da3eaeea-ce26-40eb-af8b-8857f927e431 0.431s
2025-06-20 13:51:38.738 60465 INFO tempest.lib.common.rest_client [req-f8831f0f-d451-40ec-88ce-21a949595be7 req-f8831f0f-d451-40ec-88ce-21a949595be7 ] Request (MigrationsAdminTest:test_list_migrations_in_flavor_resize_situation): 200 GET http://10.180.1.21/compute/v2.1/servers/7082a2a5-377a-47d2-bfbb-c7eb8b1c8658 0.254s
2025-06-20 13:51:38.740 60447 INFO tempest.lib.common.rest_client [req-0f5a93fa-7d1b-48e0-b765-13711b816ee7 req-0f5a93fa-7d1b-48e0-b765-13711b816ee7 ] Request (AttachVolumeNegativeTest:test_attach_attached_volume_to_same_server): 200 GET http://10.180.1.21/compute/v2.1/servers/029d2099-2e55-4632-81b6-b59d6a20faab 0.423s
2025-06-20 13:51:38.796 60403 INFO tempest.lib.common.rest_client [req-7ba62aed-f7ba-4b80-b29d-4ae65e1b5c16 req-7ba62aed-f7ba-4b80-b29d-4ae65e1b5c16 ] Request (AttachVolumeTestJSON:test_attach_detach_volume): 200 GET http://10.180.1.21/compute/v2.1/servers/33c907fa-7fb6-48b6-8601-099ffcbbec28 0.262s
2025-06-20 13:51:38.846 60431 INFO tempest.lib.common.rest_client [req-960b20e0-fa5d-4da3-a85b-9768047e5801 req-960b20e0-fa5d-4da3-a85b-9768047e5801 ] Request (ServersAdminNegativeTestJSON:setUpClass): 200 GET http://10.180.1.21/compute/v2.1/servers/b5636e10-af08-49d3-a9b2-8122521a9e2c 0.336s
2025-06-20 13:51:38.846 60435 INFO tempest.lib.common.rest_client [req-e0e2ee6f-3cae-4de1-8c7d-ee2914ee2e98 req-e0e2ee6f-3cae-4de1-8c7d-ee2914ee2e98 ] Request (ServerActionsV293TestJSON:setUpClass): 200 GET http://10.180.1.21/compute/v2.1/servers/39a2035c-bb7b-4837-b556-e8bb38ffb514 0.309s
2025-06-20 13:51:38.961 60441 INFO tempest.lib.common.rest_client [req-2a714564-1bf8-4d47-825d-f08dbe934ede req-2a714564-1bf8-4d47-825d-f08dbe934ede ] Request (ImagesNegativeTestJSON:test_create_image_from_deleted_server): 200 GET http://10.180.1.21/compute/v2.1/servers/72caf1e5-e894-4581-a95d-21dda85e11b0 0.234s
2025-06-20 13:51:38.964 60433 INFO tempest.lib.common.rest_client [req-1715e1fe-8c34-4048-b021-aab00ee98a30 req-1715e1fe-8c34-4048-b021-aab00ee98a30 ] Request (AttachInterfacesTestJSON:test_create_list_show_delete_interfaces_by_fixed_ip): 200 GET http://10.180.1.21/compute/v2.1/servers/8bc7299c-35d4-4e9f-a243-2834fbadd987 0.242s
2025-06-20 13:51:39.010 60425 INFO tempest.lib.common.rest_client [req-28936799-603c-4f87-a344-68427dfcd38a req-28936799-603c-4f87-a344-68427dfcd38a ] Request (ServerRescueTestJSON:setUpClass): 200 GET http://10.180.1.21/compute/v2.1/servers/53eeb8f0-f7c6-41bf-8d7e-2e15fc22d42a 0.231s
2025-06-20 13:51:39.073 60417 INFO tempest.lib.common.rest_client [req-9ee0864e-c256-4f6b-b5c9-11853d8fb002 req-9ee0864e-c256-4f6b-b5c9-11853d8fb002 ] Request (ServersTestJSON:test_create_specify_keypair): 200 GET http://10.180.1.21/compute/v2.1/servers/068814dd-328c-48d1-b514-34eb43b0f2b1 0.207s
2025-06-20 13:51:39.103 60411 INFO tempest.lib.common.rest_client [req-891e94bc-7baf-4e94-9224-1e3a8827f287 req-891e94bc-7baf-4e94-9224-1e3a8827f287 ] Request (ServerDiagnosticsNegativeTest:test_get_server_diagnostics_by_non_admin): 200 GET http://10.180.1.21/compute/v2.1/servers/3107f9c0-9a35-424c-9fa3-d60057b9ceec 0.162s
2025-06-20 13:51:39.114 60427 INFO tempest.lib.common.rest_client [req-5a053f35-4096-4d82-af63-35dcecf38d9d req-5a053f35-4096-4d82-af63-35dcecf38d9d ] Request (DeleteServersTestJSON:test_delete_active_server): 200 GET http://10.180.1.21/compute/v2.1/servers/c76409ad-b0aa-4da6-ac83-58f617ec2588 0.159s
2025-06-20 13:51:39.164 60421 INFO tempest.lib.common.rest_client [req-ff9c560d-ff46-416c-a7e1-8b1d2e3d1174 req-ff9c560d-ff46-416c-a7e1-8b1d2e3d1174 ] Request (InstanceActionsTestJSON:setUpClass): 200 GET http://10.180.1.21/compute/v2.1/servers/fb825c5f-bd66-40aa-8027-cb425f3b9b96 0.075s
2025-06-20 13:51:39.193 60413 INFO tempest.lib.common.rest_client [req-220f3542-6af6-43a1-b872-c1d0c15cb284 req-220f3542-6af6-43a1-b872-c1d0c15cb284 ] Request (FloatingIPsAssociationTestJSON:setUpClass): 200 GET http://10.180.1.21/compute/v2.1/servers/843d4db6-c1fb-4b74-ad3c-779e309a170e 0.151s
2025-06-20 13:51:39.470 60443 INFO tempest.lib.common.rest_client [req-a6e3f9e0-42ca-4f7e-851c-ce153b808095 req-a6e3f9e0-42ca-4f7e-851c-ce153b808095 ] Request (ServerDiskConfigTestJSON:test_rebuild_server_with_manual_disk_config): 200 GET http://10.180.1.21/compute/v2.1/servers/500d78f9-ee0c-4620-9936-1a9b4f4fc09a 0.049s
2025-06-20 13:51:39.473 60445 INFO tempest.lib.common.rest_client [req-77c9dcb7-49a9-4ff4-9f60-7a8dc52b817b req-77c9dcb7-49a9-4ff4-9f60-7a8dc52b817b ] Request (VolumesAssistedSnapshotsTest:test_volume_assisted_snapshot_create_delete): 200 GET http://10.180.1.21/compute/v2.1/servers/81af879b-3bc3-4aff-a99d-98d3aba73512 0.098s
2025-06-20 13:51:39.518 60429 INFO tempest.lib.common.rest_client [req-aadb6ac3-2b2b-4bba-8b31-c6884d995fb7 req-aadb6ac3-2b2b-4bba-8b31-c6884d995fb7 ] Request (ServerShowV254Test:test_rebuild_server): 200 GET http://10.180.1.21/compute/v2.1/servers/57a5dcae-6861-418a-a041-9cd5b7a43982 0.046s
