2025-06-20 13:51:24.924 60429 INFO tempest.lib.common.rest_client [req-ca83c5cf-2dbd-44d7-bc02-3500af7914be req-ca83c5cf-2dbd-44d7-bc02-3500af7914be ] Request (ServerShowV254Test:test_rebuild_server): 200 GET http://10.180.1.21/compute/v2.1/servers/57a5dcae-6861-418a-a041-9cd5b7a43982 0.149s
2025-06-20 13:51:24.943 60443 INFO tempest.lib.common.rest_client [req-0599423b-bc26-4450-85e3-54f13c213fd9 req-0599423b-bc26-4450-85e3-54f13c213fd9 ] Request (ServerDiskConfigTestJSON:test_rebuild_server_with_manual_disk_config): 200 GET http://10.180.1.21/compute/v2.1/servers/500d78f9-ee0c-4620-9936-1a9b4f4fc09a 0.158s
2025-06-20 13:51:24.970 60463 INFO tempest.lib.common.rest_client [req-57284d11-5e19-4b01-8a9a-0af4a14ebece req-57284d11-5e19-4b01-8a9a-0af4a14ebece ] Request (SecurityGroupsTestJSON:test_server_security_groups): 200 GET http://10.180.1.21/compute/v2.1/servers/71244679-78d6-4d49-b4b5-ef96fd313ae8 0.152s
2025-06-20 13:51:25.066 60447 INFO tempest.lib.common.rest_client [req-146cdb5b-14ff-437c-944f-4727e3d7ba73 req-146cdb5b-14ff-437c-944f-4727e3d7ba73 ] Request (AttachVolumeNegativeTest:test_attach_attached_volume_to_same_server): 200 GET http://10.180.1.21/compute/v2.1/servers/029d2099-2e55-4632-81b6-b59d6a20faab 0.185s
2025-06-20 13:51:25.066 60465 INFO tempest.lib.common.rest_client [req-5307953b-d3c3-4a2d-80e2-6b5d9d270e72 req-5307953b-d3c3-4a2d-80e2-6b5d9d270e72 ] Request (MigrationsAdminTest:test_list_migrations_in_flavor_resize_situation): 200 GET http://10.180.1.21/compute/v2.1/servers/7082a2a5-377a-47d2-bfbb-c7eb8b1c8658 0.156s
2025-06-20 13:51:25.188 60431 INFO tempest.lib.common.rest_client [req-a5059f15-bd57-4e36-a06f-759dc8a6797a req-a5059f15-bd57-4e36-a06f-759dc8a6797a ] Request (ServersAdminNegativeTestJSON:setUpClass): 200 GET http://10.180.1.21/compute/v2.1/servers/b5636e10-af08-49d3-a9b2-8122521a9e2c 0.214s
2025-06-20 13:51:25.235 60433 INFO tempest.lib.common.rest_client [req-e71ca266-2f06-430f-860e-a011958c6904 req-e71ca266-2f06-430f-860e-a011958c6904 ] Request (AttachInterfacesTestJSON:test_create_list_show_delete_interfaces_by_fixed_ip): 200 GET http://10.180.1.21/compute/v2.1/servers/8bc7299c-35d4-4e9f-a243-2834fbadd987 0.233s
2025-06-20 13:51:25.238 60407 INFO tempest.lib.common.rest_client [req-daa12036-0c53-4eab-b0fc-1f26e622d1e8 req-daa12036-0c53-4eab-b0fc-1f26e622d1e8 ] Request (ServerMetadataNegativeTestJSON:setUpClass): 200 GET http://10.180.1.21/compute/v2.1/servers/6c94c59c-44ab-4cb9-8480-18e8a424993b 0.194s
2025-06-20 13:51:25.296 60405 INFO tempest.lib.common.rest_client [req-619ea613-fbd2-42b0-8209-ba80e00e8f2a req-619ea613-fbd2-42b0-8209-ba80e00e8f2a ] Request (ServersTestMultiNic:test_verify_duplicate_network_nics): 200 GET http://10.180.1.21/compute/v2.1/servers/070d142d-6a47-49bc-a061-3101da79447a 0.205s
2025-06-20 13:51:25.344 60423 INFO tempest.lib.common.rest_client [req-06e8cdab-2d43-4021-b0c6-5aa38e67d19a req-06e8cdab-2d43-4021-b0c6-5aa38e67d19a ] Request (ServerGroupTestJSON:test_create_server_with_scheduler_hint_group): 200 GET http://10.180.1.21/compute/v2.1/servers/63823a4b-97e0-48f9-9fb9-7c4fe3858343 0.205s
2025-06-20 13:51:25.349 60417 INFO tempest.lib.common.rest_client [req-79f1f34b-0098-4fca-b2b3-a3aa04f0ebbd req-79f1f34b-0098-4fca-b2b3-a3aa04f0ebbd ] Request (ServersTestJSON:test_create_specify_keypair): 200 GET http://10.180.1.21/compute/v2.1/servers/068814dd-328c-48d1-b514-34eb43b0f2b1 0.289s
2025-06-20 13:51:25.471 60441 INFO tempest.lib.common.rest_client [req-97487288-4ca5-407c-884e-421888655987 req-97487288-4ca5-407c-884e-421888655987 ] Request (ImagesNegativeTestJSON:test_create_image_from_deleted_server): 200 GET http://10.180.1.21/compute/v2.1/servers/72caf1e5-e894-4581-a95d-21dda85e11b0 0.154s
2025-06-20 13:51:25.483 60403 INFO tempest.lib.common.rest_client [req-86047502-659f-4995-962e-b323ab0bd9f7 req-86047502-659f-4995-962e-b323ab0bd9f7 ] Request (ServersTestFqdnHostnames:tearDownClass): 200 PUT http://10.180.1.21:9696/networking/v2.0/routers/11d16012-9ea3-4a5d-b1a9-e2527f518aff/remove_router_interface 0.640s
2025-06-20 13:51:25.545 60411 INFO tempest.lib.common.rest_client [req-d444a28e-7bcf-4cef-8411-432416d60aba req-d444a28e-7bcf-4cef-8411-432416d60aba ] Request (ServerDiagnosticsNegativeTest:test_get_server_diagnostics_by_non_admin): 200 GET http://10.180.1.21/compute/v2.1/servers/3107f9c0-9a35-424c-9fa3-d60057b9ceec 0.301s
2025-06-20 13:51:25.617 60435 INFO tempest.lib.common.rest_client [req-ff2a92b0-290f-460a-884e-2c128cff80ee req-ff2a92b0-290f-460a-884e-2c128cff80ee ] Request (ServerActionsV293TestJSON:setUpClass): 200 GET http://10.180.1.21/compute/v2.1/servers/39a2035c-bb7b-4837-b556-e8bb38ffb514 0.067s
2025-06-20 13:51:25.646 60445 INFO tempest.lib.common.rest_client [req-2ff737aa-6bfc-4f68-a5d7-015c73a7377a req-2ff737aa-6bfc-4f68-a5d7-015c73a7377a ] Request (VolumesAssistedSnapshotsTest:test_volume_assisted_snapshot_create_delete): 200 GET http://10.180.1.21/compute/v2.1/servers/81af879b-3bc3-4aff-a99d-98d3aba73512 0.143s
2025-06-20 13:51:25.663 60425 INFO tempest.lib.common.rest_client [req-949aec36-6e16-4174-91d1-eed8d5c093fb req-949aec36-6e16-4174-91d1-eed8d5c093fb ] Request (ServerRescueTestJSON:setUpClass): 200 GET http://10.180.1.21/compute/v2.1/servers/53eeb8f0-f7c6-41bf-8d7e-2e15fc22d42a 0.113s
2025-06-20 13:51:25.940 60403 INFO tempest.lib.common.rest_client [req-7a617611-77bb-408e-9b16-7372ab91a1e6 req-7a617611-77bb-408e-9b16-7372ab91a1e6 ] Request (ServersTestFqdnHostnames:tearDownClass): 204 DELETE http://10.180.1.21:9696/networking/v2.0/routers/11d16012-9ea3-4a5d-b1a9-e2527f518aff 0.457s
2025-06-20 13:51:25.981 60453 INFO tempest.lib.common.rest_client [req-53b7e196-250f-41cd-973d-5d71fc3b9a2a req-53b7e196-250f-41cd-973d-5d71fc3b9a2a ] Request (ServersTestJSON:setUpClass): 200 GET http://10.180.1.21/compute/v2.1/servers/da3eaeea-ce26-40eb-af8b-8857f927e431 0.145s
2025-06-20 13:51:25.993 60413 INFO tempest.lib.common.rest_client [req-5e24879d-2019-4c08-a075-1dd20c1a089e req-5e24879d-2019-4c08-a075-1dd20c1a089e ] Request (FloatingIPsAssociationTestJSON:setUpClass): 200 GET http://10.180.1.21/compute/v2.1/servers/843d4db6-c1fb-4b74-ad3c-779e309a170e 0.127s
2025-06-20 13:51:26.032 60427 INFO tempest.lib.common.rest_client [req-a58773bb-7353-43ae-8f5f-626c6dcb6368 req-a58773bb-7353-43ae-8f5f-626c6dcb6368 ] Request (DeleteServersTestJSON:test_delete_active_server): 200 GET http://10.180.1.21/compute/v2.1/servers/c76409ad-b0aa-4da6-ac83-58f617ec2588 0.146s
2025-06-20 13:51:26.041 60421 INFO tempest.lib.common.rest_client [req-a22ec764-732c-4b51-8f2b-2e6815051c26 req-a22ec764-732c-4b51-8f2b-2e6815051c26 ] Request (InstanceActionsTestJSON:setUpClass): 200 GET http://10.180.1.21/compute/v2.1/servers/fb825c5f-bd66-40aa-8027-cb425f3b9b96 0.132s
2025-06-20 13:51:26.077 60403 INFO tempest.lib.common.rest_client [req-2e5fd759-9341-4fd0-864c-ad5b1a6d3e21 req-2e5fd759-9341-4fd0-864c-ad5b1a6d3e21 ] Request (ServersTestFqdnHostnames:tearDownClass): 204 DELETE http://10.180.1.21:9696/networking/v2.0/subnets/9254488a-cc77-4832-8713-9c9948e42ccb 0.136s
2025-06-20 13:51:26.085 60429 INFO tempest.lib.common.rest_client [req-c813a589-6a52-42aa-a0ed-6339cd28d2b4 req-c813a589-6a52-42aa-a0ed-6339cd28d2b4 ] Request (ServerShowV254Test:test_rebuild_server): 200 GET http://10.180.1.21/compute/v2.1/servers/57a5dcae-6861-418a-a041-9cd5b7a43982 0.153s
2025-06-20 13:51:26.092 60443 INFO tempest.lib.common.rest_client [req-76694f97-3104-4e41-95b9-09de0b9004f0 req-76694f97-3104-4e41-95b9-09de0b9004f0 ] Request (ServerDiskConfigTestJSON:test_rebuild_server_with_manual_disk_config): 200 GET http://10.180.1.21/compute/v2.1/servers/500d78f9-ee0c-4620-9936-1a9b4f4fc09a 0.139s
2025-06-20 13:51:26.133 60463 INFO tempest.lib.common.rest_client [req-24a5e92d-a575-4a9f-80b8-ebc645086414 req-24a5e92d-a575-4a9f-80b8-ebc645086414 ] Request (SecurityGroupsTestJSON:test_server_security_groups): 200 GET http://10.180.1.21/compute/v2.1/servers/71244679-78d6-4d49-b4b5-ef96fd313ae8 0.156s
2025-06-20 13:51:26.216 60447 INFO tempest.lib.common.rest_client [req-070c569f-5f55-4b76-ba21-f52c1c400bb4 req-070c569f-5f55-4b76-ba21-f52c1c400bb4 ] Request (AttachVolumeNegativeTest:test_attach_attached_volume_to_same_server): 200 GET http://10.180.1.21/compute/v2.1/servers/029d2099-2e55-4632-81b6-b59d6a20faab 0.144s
2025-06-20 13:51:26.230 60465 INFO tempest.lib.common.rest_client [req-8ee5dc43-7b13-4b9e-93ab-ecd4328ed644 req-8ee5dc43-7b13-4b9e-93ab-ecd4328ed644 ] Request (MigrationsAdminTest:test_list_migrations_in_flavor_resize_situation): 200 GET http://10.180.1.21/compute/v2.1/servers/7082a2a5-377a-47d2-bfbb-c7eb8b1c8658 0.157s
2025-06-20 13:51:26.299 60407 INFO tempest.lib.common.rest_client [req-3c1478a3-102f-4e4f-ae16-18e940bb7766 req-3c1478a3-102f-4e4f-ae16-18e940bb7766 ] Request (ServerMetadataNegativeTestJSON:setUpClass): 200 GET http://10.180.1.21/compute/v2.1/servers/6c94c59c-44ab-4cb9-8480-18e8a424993b 0.054s
2025-06-20 13:51:26.319 60431 INFO tempest.lib.common.rest_client [req-9866348f-e706-4acd-83b3-ba43e71db7b9 req-9866348f-e706-4acd-83b3-ba43e71db7b9 ] Request (ServersAdminNegativeTestJSON:setUpClass): 200 GET http://10.180.1.21/compute/v2.1/servers/b5636e10-af08-49d3-a9b2-8122521a9e2c 0.124s
2025-06-20 13:51:26.376 60405 INFO tempest.lib.common.rest_client [req-40a879da-dbcd-4be7-b29b-6468a43acd7e req-40a879da-dbcd-4be7-b29b-6468a43acd7e ] Request (ServersTestMultiNic:test_verify_duplicate_network_nics): 200 GET http://10.180.1.21/compute/v2.1/servers/070d142d-6a47-49bc-a061-3101da79447a 0.072s
2025-06-20 13:51:26.401 60433 INFO tempest.lib.common.rest_client [req-e91150e0-11e1-4191-9923-7684833b5624 req-e91150e0-11e1-4191-9923-7684833b5624 ] Request (AttachInterfacesTestJSON:test_create_list_show_delete_interfaces_by_fixed_ip): 200 GET http://10.180.1.21/compute/v2.1/servers/8bc7299c-35d4-4e9f-a243-2834fbadd987 0.155s
2025-06-20 13:51:26.420 60423 INFO tempest.lib.common.rest_client [req-9fc00f56-0421-48db-8739-1c7eb41ab8f2 req-9fc00f56-0421-48db-8739-1c7eb41ab8f2 ] Request (ServerGroupTestJSON:test_create_server_with_scheduler_hint_group): 200 GET http://10.180.1.21/compute/v2.1/servers/63823a4b-97e0-48f9-9fb9-7c4fe3858343 0.068s
2025-06-20 13:51:26.473 60403 INFO tempest.lib.common.rest_client [req-928d5c9c-3c83-4248-aae3-f75debc645a0 req-928d5c9c-3c83-4248-aae3-f75debc645a0 ] Request (ServersTestFqdnHostnames:tearDownClass): 204 DELETE http://10.180.1.21:9696/networking/v2.0/networks/47de6852-6a8d-423b-b3d4-b9d8760f37af 0.395s
2025-06-20 13:51:26.480 60417 INFO tempest.lib.common.rest_client [req-7ce0b5c0-b932-4e39-89ee-fc27d67b2dcc req-7ce0b5c0-b932-4e39-89ee-fc27d67b2dcc ] Request (ServersTestJSON:test_create_specify_keypair): 200 GET http://10.180.1.21/compute/v2.1/servers/068814dd-328c-48d1-b514-34eb43b0f2b1 0.122s
2025-06-20 13:51:26.524 60403 INFO tempest.lib.common.rest_client [req-3ab50d0b-fd58-486b-b8a6-14d2f46a3c4b req-3ab50d0b-fd58-486b-b8a6-14d2f46a3c4b ] Request (ServersTestFqdnHostnames:tearDownClass): 204 DELETE http://10.180.1.21/identity/v3/users/a8812648ec324d3fb0b4a3e6d87bba3f 0.050s
2025-06-20 13:51:26.524 60403 INFO tempest.lib.common.dynamic_creds [-] Deleting project and security group for project: 02207dace4b14b22a67e5f4d0bef0808
2025-06-20 13:51:26.552 60403 INFO tempest.lib.common.rest_client [req-1626858f-8ea5-4c50-a1a4-1c0c240be07b req-1626858f-8ea5-4c50-a1a4-1c0c240be07b ] Request (ServersTestFqdnHostnames:tearDownClass): 200 GET http://10.180.1.21:9696/networking/v2.0/security-groups?tenant_id=02207dace4b14b22a67e5f4d0bef0808&name=default 0.027s
2025-06-20 13:51:26.560 60441 INFO tempest.lib.common.rest_client [req-0bb7fa67-2ce3-4cdc-85f3-449dd0e1ca38 req-0bb7fa67-2ce3-4cdc-85f3-449dd0e1ca38 ] Request (ImagesNegativeTestJSON:test_create_image_from_deleted_server): 200 GET http://10.180.1.21/compute/v2.1/servers/72caf1e5-e894-4581-a95d-21dda85e11b0 0.083s
2025-06-20 13:51:26.647 60411 INFO tempest.lib.common.rest_client [req-a55e7ef5-ed2c-4bf4-96a7-f832ef658550 req-a55e7ef5-ed2c-4bf4-96a7-f832ef658550 ] Request (ServerDiagnosticsNegativeTest:test_get_server_diagnostics_by_non_admin): 200 GET http://10.180.1.21/compute/v2.1/servers/3107f9c0-9a35-424c-9fa3-d60057b9ceec 0.095s
2025-06-20 13:51:26.649 60403 INFO tempest.lib.common.rest_client [req-449e26d2-a4e8-475d-820a-34c76ef5587e req-449e26d2-a4e8-475d-820a-34c76ef5587e ] Request (ServersTestFqdnHostnames:tearDownClass): 204 DELETE http://10.180.1.21:9696/networking/v2.0/security-groups/7cbe5734-80ae-4b7a-90e7-267bdef464d5 0.097s
2025-06-20 13:51:26.678 60435 INFO tempest.lib.common.rest_client [req-c8291d7b-1ec7-4703-8b78-ef5220c107c2 req-c8291d7b-1ec7-4703-8b78-ef5220c107c2 ] Request (ServerActionsV293TestJSON:setUpClass): 200 GET http://10.180.1.21/compute/v2.1/servers/39a2035c-bb7b-4837-b556-e8bb38ffb514 0.052s
2025-06-20 13:51:26.724 60425 INFO tempest.lib.common.rest_client [req-20f78bb2-4505-4809-8d90-2fba357fb7bb req-20f78bb2-4505-4809-8d90-2fba357fb7bb ] Request (ServerRescueTestJSON:setUpClass): 200 GET http://10.180.1.21/compute/v2.1/servers/53eeb8f0-f7c6-41bf-8d7e-2e15fc22d42a 0.056s
2025-06-20 13:51:26.730 60403 INFO tempest.lib.common.rest_client [req-ea00e65a-8730-481f-80b3-0b78a30168eb req-ea00e65a-8730-481f-80b3-0b78a30168eb ] Request (ServersTestFqdnHostnames:tearDownClass): 204 DELETE http://10.180.1.21/identity/v3/projects/02207dace4b14b22a67e5f4d0bef0808 0.080s
2025-06-20 13:51:26.746 60445 INFO tempest.lib.common.rest_client [req-25bfb3b4-e85a-40d6-af9d-67eeccc8fc6f req-25bfb3b4-e85a-40d6-af9d-67eeccc8fc6f ] Request (VolumesAssistedSnapshotsTest:test_volume_assisted_snapshot_create_delete): 200 GET http://10.180.1.21/compute/v2.1/servers/81af879b-3bc3-4aff-a99d-98d3aba73512 0.092s
2025-06-20 13:51:26.778 60403 INFO tempest.lib.common.rest_client [req-dd7a3978-f538-4b61-b61c-105b54b78fc5 req-dd7a3978-f538-4b61-b61c-105b54b78fc5 ] Request (InstanceActionsNegativeTestJSON:setUpClass): 201 POST http://10.180.1.21/identity/v3/auth/tokens 0.047s
2025-06-20 13:51:26.804 60403 INFO tempest.lib.common.rest_client [req-bfc62f82-dc26-4965-8739-f17675fd1cbe req-bfc62f82-dc26-4965-8739-f17675fd1cbe ] Request (InstanceActionsNegativeTestJSON:setUpClass): 201 POST http://10.180.1.21/identity/v3/auth/tokens 0.023s
2025-06-20 13:51:26.821 60403 INFO tempest.lib.common.rest_client [req-02df9ff3-db51-40a1-87db-1d2a535d14b6 req-02df9ff3-db51-40a1-87db-1d2a535d14b6 ] Request (InstanceActionsNegativeTestJSON:setUpClass): 200 GET http://10.180.1.21/identity/v3/domains?name=Default 0.017s
2025-06-20 13:51:26.845 60403 INFO tempest.lib.common.rest_client [req-9f2d14be-e4fa-4b24-bade-2e1469df4a44 req-9f2d14be-e4fa-4b24-bade-2e1469df4a44 ] Request (InstanceActionsNegativeTestJSON:setUpClass): 201 POST http://10.180.1.21/identity/v3/projects 0.023s
2025-06-20 13:51:26.895 60403 INFO tempest.lib.common.rest_client [req-ec291cdd-b803-4ade-8c06-ea07e1d7e516 req-ec291cdd-b803-4ade-8c06-ea07e1d7e516 ] Request (InstanceActionsNegativeTestJSON:setUpClass): 201 POST http://10.180.1.21/identity/v3/users 0.049s
2025-06-20 13:51:26.913 60403 INFO tempest.lib.common.rest_client [req-35bcace1-db54-43a8-bfb3-0e271d27f2a4 req-35bcace1-db54-43a8-bfb3-0e271d27f2a4 ] Request (InstanceActionsNegativeTestJSON:setUpClass): 200 GET http://10.180.1.21/identity/v3/roles 0.018s
2025-06-20 13:51:26.935 60403 INFO tempest.lib.common.rest_client [req-31b7f1ac-310f-40b2-abeb-53051f37b7df req-31b7f1ac-310f-40b2-abeb-53051f37b7df ] Request (InstanceActionsNegativeTestJSON:setUpClass): 204 PUT http://10.180.1.21/identity/v3/projects/8184aab171ad4bbab5fd85bec7dfff4d/users/5ca83ceea8ea4a0f9bf0f02b9324cc8c/roles/f4211bb095254950a227531b11ce815b 0.022s
2025-06-20 13:51:26.935 60403 INFO tempest.lib.common.dynamic_creds [-] Dynamic test user 5ca83ceea8ea4a0f9bf0f02b9324cc8c is created with scope project and roles: ['member']
2025-06-20 13:51:26.935 60403 INFO tempest.lib.common.dynamic_creds [-] Acquired dynamic creds: credentials: Credentials: {'domain_id': 'default', 'domain_name': 'Default', 'username': 'tempest-InstanceActionsNegativeTestJSON-771215476-project-member', 'project_domain_id': 'default', 'project_domain_name': 'Default', 'project_id': '8184aab171ad4bbab5fd85bec7dfff4d', 'project_name': 'tempest-InstanceActionsNegativeTestJSON-771215476', 'tenant_id': '8184aab171ad4bbab5fd85bec7dfff4d', 'tenant_name': 'tempest-InstanceActionsNegativeTestJSON-771215476', 'user_domain_id': 'default', 'user_domain_name': 'Default', 'user_id': '5ca83ceea8ea4a0f9bf0f02b9324cc8c', 'system': None}, Network: None, Subnet: None, Router: None
2025-06-20 13:51:26.980 60403 INFO tempest.lib.common.rest_client [req-a566c61d-bd40-48f4-a385-620b56024684 req-a566c61d-bd40-48f4-a385-620b56024684 ] Request (InstanceActionsNegativeTestJSON:setUpClass): 201 POST http://10.180.1.21/identity/v3/auth/tokens 0.045s
2025-06-20 13:51:27.132 60413 INFO tempest.lib.common.rest_client [req-8fe3c959-ad30-45e7-8214-338c0b314c75 req-8fe3c959-ad30-45e7-8214-338c0b314c75 ] Request (FloatingIPsAssociationTestJSON:setUpClass): 200 GET http://10.180.1.21/compute/v2.1/servers/843d4db6-c1fb-4b74-ad3c-779e309a170e 0.131s
2025-06-20 13:51:27.136 60453 INFO tempest.lib.common.rest_client [req-798910f1-1b0b-4ccd-949c-40fbef40bf34 req-798910f1-1b0b-4ccd-949c-40fbef40bf34 ] Request (ServersTestJSON:setUpClass): 200 GET http://10.180.1.21/compute/v2.1/servers/da3eaeea-ce26-40eb-af8b-8857f927e431 0.148s
2025-06-20 13:51:27.196 60427 INFO tempest.lib.common.rest_client [req-868bc184-db56-4115-8672-5d8780f54f9c req-868bc184-db56-4115-8672-5d8780f54f9c ] Request (DeleteServersTestJSON:test_delete_active_server): 200 GET http://10.180.1.21/compute/v2.1/servers/c76409ad-b0aa-4da6-ac83-58f617ec2588 0.154s
2025-06-20 13:51:27.203 60421 INFO tempest.lib.common.rest_client [req-b91b852b-a413-471c-bc66-24c0477aeb85 req-b91b852b-a413-471c-bc66-24c0477aeb85 ] Request (InstanceActionsTestJSON:setUpClass): 200 GET http://10.180.1.21/compute/v2.1/servers/fb825c5f-bd66-40aa-8027-cb425f3b9b96 0.156s
2025-06-20 13:51:27.256 60429 INFO tempest.lib.common.rest_client [req-967043cc-1f24-4bca-bf90-37217c80447b req-967043cc-1f24-4bca-bf90-37217c80447b ] Request (ServerShowV254Test:test_rebuild_server): 200 GET http://10.180.1.21/compute/v2.1/servers/57a5dcae-6861-418a-a041-9cd5b7a43982 0.163s
2025-06-20 13:51:27.260 60443 INFO tempest.lib.common.rest_client [req-65bf53b4-6caf-4c07-abe0-0d4a648c86ce req-65bf53b4-6caf-4c07-abe0-0d4a648c86ce ] Request (ServerDiskConfigTestJSON:test_rebuild_server_with_manual_disk_config): 200 GET http://10.180.1.21/compute/v2.1/servers/500d78f9-ee0c-4620-9936-1a9b4f4fc09a 0.163s
2025-06-20 13:51:27.274 60403 INFO tempest.lib.common.rest_client [req-342fed75-2759-465d-a451-785e44f19622 req-342fed75-2759-465d-a451-785e44f19622 ] Request (InstanceActionsNegativeTestJSON:setUpClass): 201 POST http://10.180.1.21:9696/networking/v2.0/networks 0.294s
2025-06-20 13:51:27.315 60463 INFO tempest.lib.common.rest_client [req-c7bcb9b2-df26-47af-b79b-847b748338ed req-c7bcb9b2-df26-47af-b79b-847b748338ed ] Request (SecurityGroupsTestJSON:test_server_security_groups): 200 GET http://10.180.1.21/compute/v2.1/servers/71244679-78d6-4d49-b4b5-ef96fd313ae8 0.172s
2025-06-20 13:51:27.355 60447 INFO tempest.lib.common.rest_client [req-edde6967-4f33-4fdd-9c25-a68b65b7ec0f req-edde6967-4f33-4fdd-9c25-a68b65b7ec0f ] Request (AttachVolumeNegativeTest:test_attach_attached_volume_to_same_server): 200 GET http://10.180.1.21/compute/v2.1/servers/029d2099-2e55-4632-81b6-b59d6a20faab 0.131s
2025-06-20 13:51:27.406 60407 INFO tempest.lib.common.rest_client [req-097b1068-1480-4152-a83b-5d4560b96907 req-097b1068-1480-4152-a83b-5d4560b96907 ] Request (ServerMetadataNegativeTestJSON:setUpClass): 200 GET http://10.180.1.21/compute/v2.1/servers/6c94c59c-44ab-4cb9-8480-18e8a424993b 0.098s
2025-06-20 13:51:27.410 60465 INFO tempest.lib.common.rest_client [req-f9693b3e-abcf-4b18-9d90-df447d5ca124 req-f9693b3e-abcf-4b18-9d90-df447d5ca124 ] Request (MigrationsAdminTest:test_list_migrations_in_flavor_resize_situation): 200 GET http://10.180.1.21/compute/v2.1/servers/7082a2a5-377a-47d2-bfbb-c7eb8b1c8658 0.168s
2025-06-20 13:51:27.442 60403 INFO tempest.lib.common.rest_client [req-f3b3f27f-5b67-4e00-b43c-99ee0f76c689 req-f3b3f27f-5b67-4e00-b43c-99ee0f76c689 ] Request (InstanceActionsNegativeTestJSON:setUpClass): 201 POST http://10.180.1.21:9696/networking/v2.0/subnets 0.167s
2025-06-20 13:51:27.463 60405 INFO tempest.lib.common.rest_client [req-ff310fa3-44bf-4262-a0fc-e340b0a60b07 req-ff310fa3-44bf-4262-a0fc-e340b0a60b07 ] Request (ServersTestMultiNic:test_verify_duplicate_network_nics): 200 GET http://10.180.1.21/compute/v2.1/servers/070d142d-6a47-49bc-a061-3101da79447a 0.080s
2025-06-20 13:51:27.506 60431 INFO tempest.lib.common.rest_client [req-651afaf7-d39c-4b96-ac6c-f9043f7407a3 req-651afaf7-d39c-4b96-ac6c-f9043f7407a3 ] Request (ServersAdminNegativeTestJSON:setUpClass): 200 GET http://10.180.1.21/compute/v2.1/servers/b5636e10-af08-49d3-a9b2-8122521a9e2c 0.181s
2025-06-20 13:51:27.551 60423 INFO tempest.lib.common.rest_client [req-6ca97d67-6f9c-46a1-9861-a327946e5b65 req-6ca97d67-6f9c-46a1-9861-a327946e5b65 ] Request (ServerGroupTestJSON:test_create_server_with_scheduler_hint_group): 200 GET http://10.180.1.21/compute/v2.1/servers/63823a4b-97e0-48f9-9fb9-7c4fe3858343 0.125s
2025-06-20 13:51:27.565 60433 INFO tempest.lib.common.rest_client [req-e3f0bc1e-8539-48ce-b44c-4f532ffbbf4b req-e3f0bc1e-8539-48ce-b44c-4f532ffbbf4b ] Request (AttachInterfacesTestJSON:test_create_list_show_delete_interfaces_by_fixed_ip): 200 GET http://10.180.1.21/compute/v2.1/servers/8bc7299c-35d4-4e9f-a243-2834fbadd987 0.157s
2025-06-20 13:51:27.682 60441 INFO tempest.lib.common.rest_client [req-81f84f4a-b8ad-426f-a89a-ad0df190bc8d req-81f84f4a-b8ad-426f-a89a-ad0df190bc8d ] Request (ImagesNegativeTestJSON:test_create_image_from_deleted_server): 200 GET http://10.180.1.21/compute/v2.1/servers/72caf1e5-e894-4581-a95d-21dda85e11b0 0.115s
2025-06-20 13:51:27.708 60417 INFO tempest.lib.common.rest_client [req-771b95c2-e297-4c20-8ae3-7ca9240530da req-771b95c2-e297-4c20-8ae3-7ca9240530da ] Request (ServersTestJSON:test_create_specify_keypair): 200 GET http://10.180.1.21/compute/v2.1/servers/068814dd-328c-48d1-b514-34eb43b0f2b1 0.220s
2025-06-20 13:51:27.760 60435 INFO tempest.lib.common.rest_client [req-8c448213-a0c3-4d36-baa1-fa382eabd211 req-8c448213-a0c3-4d36-baa1-fa382eabd211 ] Request (ServerActionsV293TestJSON:setUpClass): 200 GET http://10.180.1.21/compute/v2.1/servers/39a2035c-bb7b-4837-b556-e8bb38ffb514 0.074s
2025-06-20 13:51:27.777 60411 INFO tempest.lib.common.rest_client [req-b8e20e0a-a553-4bb2-8ae6-2cedeb3d0607 req-b8e20e0a-a553-4bb2-8ae6-2cedeb3d0607 ] Request (ServerDiagnosticsNegativeTest:test_get_server_diagnostics_by_non_admin): 200 GET http://10.180.1.21/compute/v2.1/servers/3107f9c0-9a35-424c-9fa3-d60057b9ceec 0.122s
2025-06-20 13:51:27.806 60425 INFO tempest.lib.common.rest_client [req-8b4c84fb-0630-4c49-b657-b9753230dcd7 req-8b4c84fb-0630-4c49-b657-b9753230dcd7 ] Request (ServerRescueTestJSON:setUpClass): 200 GET http://10.180.1.21/compute/v2.1/servers/53eeb8f0-f7c6-41bf-8d7e-2e15fc22d42a 0.076s
2025-06-20 13:51:28.054 60445 INFO tempest.lib.common.rest_client [req-0b909ba3-09fc-46b8-825e-c44dc38ae170 req-0b909ba3-09fc-46b8-825e-c44dc38ae170 ] Request (VolumesAssistedSnapshotsTest:test_volume_assisted_snapshot_create_delete): 200 GET http://10.180.1.21/compute/v2.1/servers/81af879b-3bc3-4aff-a99d-98d3aba73512 0.302s
2025-06-20 13:51:28.131 60403 INFO tempest.lib.common.rest_client [req-2f63b7dd-409b-456a-ae12-92e18ae45d6e req-2f63b7dd-409b-456a-ae12-92e18ae45d6e ] Request (InstanceActionsNegativeTestJSON:setUpClass): 201 POST http://10.180.1.21:9696/networking/v2.0/routers 0.689s
2025-06-20 13:51:28.265 60413 INFO tempest.lib.common.rest_client [req-41563cbe-8212-420d-8462-cf92ac2bf5b5 req-41563cbe-8212-420d-8462-cf92ac2bf5b5 ] Request (FloatingIPsAssociationTestJSON:setUpClass): 200 GET http://10.180.1.21/compute/v2.1/servers/843d4db6-c1fb-4b74-ad3c-779e309a170e 0.123s
2025-06-20 13:51:28.286 60453 INFO tempest.lib.common.rest_client [req-85686f63-f253-40d6-b7c2-174288b40e32 req-85686f63-f253-40d6-b7c2-174288b40e32 ] Request (ServersTestJSON:setUpClass): 200 GET http://10.180.1.21/compute/v2.1/servers/da3eaeea-ce26-40eb-af8b-8857f927e431 0.141s
2025-06-20 13:51:28.312 60427 INFO tempest.lib.common.rest_client [req-745f062a-e3e1-4937-a4cf-4a2dda633983 req-745f062a-e3e1-4937-a4cf-4a2dda633983 ] Request (DeleteServersTestJSON:test_delete_active_server): 200 GET http://10.180.1.21/compute/v2.1/servers/c76409ad-b0aa-4da6-ac83-58f617ec2588 0.109s
2025-06-20 13:51:28.329 60421 INFO tempest.lib.common.rest_client [req-3b7070d0-0665-4107-9830-160d1105d17d req-3b7070d0-0665-4107-9830-160d1105d17d ] Request (InstanceActionsTestJSON:setUpClass): 200 GET http://10.180.1.21/compute/v2.1/servers/fb825c5f-bd66-40aa-8027-cb425f3b9b96 0.119s
2025-06-20 13:51:28.355 60443 INFO tempest.lib.common.rest_client [req-50eee4be-aee3-4d5d-b943-413ffc565b94 req-50eee4be-aee3-4d5d-b943-413ffc565b94 ] Request (ServerDiskConfigTestJSON:test_rebuild_server_with_manual_disk_config): 200 GET http://10.180.1.21/compute/v2.1/servers/500d78f9-ee0c-4620-9936-1a9b4f4fc09a 0.087s
2025-06-20 13:51:28.391 60429 INFO tempest.lib.common.rest_client [req-f86e5918-7fff-45a2-8c49-975a8868e6db req-f86e5918-7fff-45a2-8c49-975a8868e6db ] Request (ServerShowV254Test:test_rebuild_server): 200 GET http://10.180.1.21/compute/v2.1/servers/57a5dcae-6861-418a-a041-9cd5b7a43982 0.120s
2025-06-20 13:51:28.398 60463 INFO tempest.lib.common.rest_client [req-0932b2c5-70d3-442e-a313-5f06e3fe9488 req-0932b2c5-70d3-442e-a313-5f06e3fe9488 ] Request (SecurityGroupsTestJSON:test_server_security_groups): 200 GET http://10.180.1.21/compute/v2.1/servers/71244679-78d6-4d49-b4b5-ef96fd313ae8 0.077s
2025-06-20 13:51:28.460 60407 INFO tempest.lib.common.rest_client [req-5f16f747-3004-4478-a80a-e21f2bf9a170 req-5f16f747-3004-4478-a80a-e21f2bf9a170 ] Request (ServerMetadataNegativeTestJSON:setUpClass): 200 GET http://10.180.1.21/compute/v2.1/servers/6c94c59c-44ab-4cb9-8480-18e8a424993b 0.048s
2025-06-20 13:51:28.575 60447 INFO tempest.lib.common.rest_client [req-334f0c43-5cf7-414c-8c22-89e47aef734f req-334f0c43-5cf7-414c-8c22-89e47aef734f ] Request (AttachVolumeNegativeTest:test_attach_attached_volume_to_same_server): 200 GET http://10.180.1.21/compute/v2.1/servers/029d2099-2e55-4632-81b6-b59d6a20faab 0.212s
2025-06-20 13:51:28.584 60465 INFO tempest.lib.common.rest_client [req-ec8eb8c4-8bcf-4e30-8294-95299fec1ca6 req-ec8eb8c4-8bcf-4e30-8294-95299fec1ca6 ] Request (MigrationsAdminTest:test_list_migrations_in_flavor_resize_situation): 200 GET http://10.180.1.21/compute/v2.1/servers/7082a2a5-377a-47d2-bfbb-c7eb8b1c8658 0.168s
2025-06-20 13:51:28.631 60405 INFO tempest.lib.common.rest_client [req-8d7ac3a2-040d-4013-abc7-51aacf903f47 req-8d7ac3a2-040d-4013-abc7-51aacf903f47 ] Request (ServersTestMultiNic:test_verify_duplicate_network_nics): 200 GET http://10.180.1.21/compute/v2.1/servers/070d142d-6a47-49bc-a061-3101da79447a 0.163s
2025-06-20 13:51:28.685 60423 INFO tempest.lib.common.rest_client [req-f53b8b59-0139-4017-9a84-9bdd3e81524a req-f53b8b59-0139-4017-9a84-9bdd3e81524a ] Request (ServerGroupTestJSON:test_create_server_with_scheduler_hint_group): 200 GET http://10.180.1.21/compute/v2.1/servers/63823a4b-97e0-48f9-9fb9-7c4fe3858343 0.127s
2025-06-20 13:51:28.692 60431 INFO tempest.lib.common.rest_client [req-436a1e78-c44e-4593-b979-d9f737d4edf6 req-436a1e78-c44e-4593-b979-d9f737d4edf6 ] Request (ServersAdminNegativeTestJSON:setUpClass): 200 GET http://10.180.1.21/compute/v2.1/servers/b5636e10-af08-49d3-a9b2-8122521a9e2c 0.179s
2025-06-20 13:51:28.817 60433 INFO tempest.lib.common.rest_client [req-d5456fc8-24e4-4649-a30f-7be98ff5c484 req-d5456fc8-24e4-4649-a30f-7be98ff5c484 ] Request (AttachInterfacesTestJSON:test_create_list_show_delete_interfaces_by_fixed_ip): 200 GET http://10.180.1.21/compute/v2.1/servers/8bc7299c-35d4-4e9f-a243-2834fbadd987 0.246s
2025-06-20 13:51:28.888 60441 INFO tempest.lib.common.rest_client [req-30652d8a-b5eb-4c0c-8a35-85083aa1321c req-30652d8a-b5eb-4c0c-8a35-85083aa1321c ] Request (ImagesNegativeTestJSON:test_create_image_from_deleted_server): 200 GET http://10.180.1.21/compute/v2.1/servers/72caf1e5-e894-4581-a95d-21dda85e11b0 0.198s
2025-06-20 13:51:28.918 60417 INFO tempest.lib.common.rest_client [req-917a79af-40e6-414f-9625-2c917c987d2c req-917a79af-40e6-414f-9625-2c917c987d2c ] Request (ServersTestJSON:test_create_specify_keypair): 200 GET http://10.180.1.21/compute/v2.1/servers/068814dd-328c-48d1-b514-34eb43b0f2b1 0.202s
2025-06-20 13:51:28.946 60435 INFO tempest.lib.common.rest_client [req-f2a4d7cd-239b-416d-8a89-2e4aff191a2f req-f2a4d7cd-239b-416d-8a89-2e4aff191a2f ] Request (ServerActionsV293TestJSON:setUpClass): 200 GET http://10.180.1.21/compute/v2.1/servers/39a2035c-bb7b-4837-b556-e8bb38ffb514 0.176s
2025-06-20 13:51:28.980 60403 INFO tempest.lib.common.rest_client [req-592c8f56-4cce-4a42-9448-674603ffc5f5 req-592c8f56-4cce-4a42-9448-674603ffc5f5 ] Request (InstanceActionsNegativeTestJSON:setUpClass): 200 PUT http://10.180.1.21:9696/networking/v2.0/routers/630c6bd0-5e1d-467a-ab54-1b01f464b232/add_router_interface 0.849s
2025-06-20 13:51:28.981 60403 INFO tempest.lib.common.dynamic_creds [-] Created isolated network resources for: credentials: Credentials: {'domain_id': 'default', 'domain_name': 'Default', 'username': 'tempest-InstanceActionsNegativeTestJSON-771215476-project-member', 'project_domain_id': 'default', 'project_domain_name': 'Default', 'project_id': '8184aab171ad4bbab5fd85bec7dfff4d', 'project_name': 'tempest-InstanceActionsNegativeTestJSON-771215476', 'tenant_id': '8184aab171ad4bbab5fd85bec7dfff4d', 'tenant_name': 'tempest-InstanceActionsNegativeTestJSON-771215476', 'user_domain_id': 'default', 'user_domain_name': 'Default', 'user_id': '5ca83ceea8ea4a0f9bf0f02b9324cc8c', 'system': None}, Network: {'id': '2a049701-3ef4-4af8-b11b-50a7a1d3ea13', 'name': 'tempest-InstanceActionsNegativeTestJSON-1122666868-network', 'tenant_id': '8184aab171ad4bbab5fd85bec7dfff4d', 'admin_state_up': True, 'mtu': 8950, 'status': 'ACTIVE', 'subnets': [], 'shared': False, 'project_id': '8184aab171ad4bbab5fd85bec7dfff4d', 'port_security_enabled': True, 'router:external': False, 'provider:network_type': 'vlan', 'provider:physical_network': 'default', 'provider:segmentation_id': 871, 'is_default': False, 'availability_zone_hints': [], 'availability_zones': [], 'ipv4_address_scope': None, 'ipv6_address_scope': None, 'description': '', 'tags': [], 'created_at': '2025-06-20T13:51:27Z', 'updated_at': '2025-06-20T13:51:27Z', 'revision_number': 1}, Subnet: {'id': 'd5edb8ed-6c5e-4c5a-b454-739076748398', 'name': 'tempest-InstanceActionsNegativeTestJSON-1122666868-subnet', 'tenant_id': '8184aab171ad4bbab5fd85bec7dfff4d', 'network_id': '2a049701-3ef4-4af8-b11b-50a7a1d3ea13', 'ip_version': 4, 'subnetpool_id': None, 'enable_dhcp': True, 'ipv6_ra_mode': None, 'ipv6_address_mode': None, 'gateway_ip': '192.168.128.1', 'cidr': '192.168.128.0/28', 'allocation_pools': [{'start': '192.168.128.2', 'end': '192.168.128.14'}], 'host_routes': [], 'dns_nameservers': [], 'description': '', 'service_types': [], 'tags': [], 'created_at': '2025-06-20T13:51:27Z', 'updated_at': '2025-06-20T13:51:27Z', 'revision_number': 0, 'project_id': '8184aab171ad4bbab5fd85bec7dfff4d'}, Router: {'id': '630c6bd0-5e1d-467a-ab54-1b01f464b232', 'name': 'tempest-InstanceActionsNegativeTestJSON-1122666868-router', 'tenant_id': '8184aab171ad4bbab5fd85bec7dfff4d', 'admin_state_up': True, 'status': 'ACTIVE', 'external_gateway_info': {'network_id': 'af234c28-9985-461c-8f4c-964ce76e935a', 'external_fixed_ips': [{'subnet_id': '027c8fcf-d5b4-4826-8653-f2a6abbe5b6c', 'ip_address': '10.180.180.223'}], 'enable_snat': True}, 'description': '', 'availability_zones': [], 'distributed': False, 'ha': False, 'availability_zone_hints': [], 'routes': [], 'flavor_id': None, 'tags': [], 'created_at': '2025-06-20T13:51:27Z', 'updated_at': '2025-06-20T13:51:27Z', 'revision_number': 2, 'project_id': '8184aab171ad4bbab5fd85bec7dfff4d'}
2025-06-20 13:51:29.005 60425 INFO tempest.lib.common.rest_client [req-db8e5c73-9f91-4482-8220-07024111356e req-db8e5c73-9f91-4482-8220-07024111356e ] Request (ServerRescueTestJSON:setUpClass): 200 GET http://10.180.1.21/compute/v2.1/servers/53eeb8f0-f7c6-41bf-8d7e-2e15fc22d42a 0.192s
2025-06-20 13:51:29.028 60411 INFO tempest.lib.common.rest_client [req-235ddfc9-7baf-45f4-8230-bbed5350f6d7 req-235ddfc9-7baf-45f4-8230-bbed5350f6d7 ] Request (ServerDiagnosticsNegativeTest:test_get_server_diagnostics_by_non_admin): 200 GET http://10.180.1.21/compute/v2.1/servers/3107f9c0-9a35-424c-9fa3-d60057b9ceec 0.245s
2025-06-20 13:51:29.068 60403 INFO tempest.lib.common.rest_client [req-1dfa39b5-5ecf-4dc2-ba89-3ad6c1003661 req-1dfa39b5-5ecf-4dc2-ba89-3ad6c1003661 ] Request (InstanceActionsNegativeTestJSON:setUpClass): 201 POST http://10.180.1.21/identity/v3/auth/tokens 0.083s
2025-06-20 13:51:29.098 60403 INFO tempest.lib.common.rest_client [req-97ab9aa8-223a-4df5-a99e-c765a63f8901 req-97ab9aa8-223a-4df5-a99e-c765a63f8901 ] Request (InstanceActionsNegativeTestJSON:setUpClass): 201 POST http://10.180.1.21/identity/v3/auth/tokens 0.027s
2025-06-20 13:51:29.098 60403 INFO tempest.lib.common.fixed_network [-] (InstanceActionsNegativeTestJSON:setUpClass) Found network {'id': '2a049701-3ef4-4af8-b11b-50a7a1d3ea13', 'name': 'tempest-InstanceActionsNegativeTestJSON-1122666868-network', 'tenant_id': '8184aab171ad4bbab5fd85bec7dfff4d', 'admin_state_up': True, 'mtu': 8950, 'status': 'ACTIVE', 'subnets': [], 'shared': False, 'project_id': '8184aab171ad4bbab5fd85bec7dfff4d', 'port_security_enabled': True, 'router:external': False, 'provider:network_type': 'vlan', 'provider:physical_network': 'default', 'provider:segmentation_id': 871, 'is_default': False, 'availability_zone_hints': [], 'availability_zones': [], 'ipv4_address_scope': None, 'ipv6_address_scope': None, 'description': '', 'tags': [], 'created_at': '2025-06-20T13:51:27Z', 'updated_at': '2025-06-20T13:51:27Z', 'revision_number': 1} available for tenant
2025-06-20 13:51:29.164 60445 INFO tempest.lib.common.rest_client [req-40c40f28-726b-4d81-91c3-b55c5c956a51 req-40c40f28-726b-4d81-91c3-b55c5c956a51 ] Request (VolumesAssistedSnapshotsTest:test_volume_assisted_snapshot_create_delete): 200 GET http://10.180.1.21/compute/v2.1/servers/81af879b-3bc3-4aff-a99d-98d3aba73512 0.102s
2025-06-20 13:51:29.405 60413 INFO tempest.lib.common.rest_client [req-bc51934f-71e9-4e43-b32f-e6e16de3dc3e req-bc51934f-71e9-4e43-b32f-e6e16de3dc3e ] Request (FloatingIPsAssociationTestJSON:setUpClass): 200 GET http://10.180.1.21/compute/v2.1/servers/843d4db6-c1fb-4b74-ad3c-779e309a170e 0.132s
2025-06-20 13:51:29.558 60403 INFO tempest.lib.common.rest_client [req-9f5d36c2-446c-4a98-b988-a0a34edf8da0 req-9f5d36c2-446c-4a98-b988-a0a34edf8da0 ] Request (InstanceActionsNegativeTestJSON:setUpClass): 202 POST http://10.180.1.21/compute/v2.1/servers 0.459s
2025-06-20 13:51:29.560 60453 INFO tempest.lib.common.rest_client [req-cc27f66b-80f2-4dce-9c06-a65a3b7997ac req-cc27f66b-80f2-4dce-9c06-a65a3b7997ac ] Request (ServersTestJSON:setUpClass): 200 GET http://10.180.1.21/compute/v2.1/servers/da3eaeea-ce26-40eb-af8b-8857f927e431 0.265s
2025-06-20 13:51:29.608 60427 INFO tempest.lib.common.rest_client [req-0672c115-e226-4c99-b9b7-dd468ecd8e59 req-0672c115-e226-4c99-b9b7-dd468ecd8e59 ] Request (DeleteServersTestJSON:test_delete_active_server): 200 GET http://10.180.1.21/compute/v2.1/servers/c76409ad-b0aa-4da6-ac83-58f617ec2588 0.291s
2025-06-20 13:51:29.616 60421 INFO tempest.lib.common.rest_client [req-dc763885-5da0-439a-aec6-43f971f73627 req-dc763885-5da0-439a-aec6-43f971f73627 ] Request (InstanceActionsTestJSON:setUpClass): 200 GET http://10.180.1.21/compute/v2.1/servers/fb825c5f-bd66-40aa-8027-cb425f3b9b96 0.281s
2025-06-20 13:51:29.657 60443 INFO tempest.lib.common.rest_client [req-2823b90e-9ddf-40b0-9b58-ead5a8b51cff req-2823b90e-9ddf-40b0-9b58-ead5a8b51cff ] Request (ServerDiskConfigTestJSON:test_rebuild_server_with_manual_disk_config): 200 GET http://10.180.1.21/compute/v2.1/servers/500d78f9-ee0c-4620-9936-1a9b4f4fc09a 0.295s
2025-06-20 13:51:29.665 60429 INFO tempest.lib.common.rest_client [req-b50f65ed-5eec-415c-92ab-9cc7c0c6815a req-b50f65ed-5eec-415c-92ab-9cc7c0c6815a ] Request (ServerShowV254Test:test_rebuild_server): 200 GET http://10.180.1.21/compute/v2.1/servers/57a5dcae-6861-418a-a041-9cd5b7a43982 0.266s
2025-06-20 13:51:29.705 60463 INFO tempest.lib.common.rest_client [req-879b76d9-f7a2-460d-a072-768daa1cea67 req-879b76d9-f7a2-460d-a072-768daa1cea67 ] Request (SecurityGroupsTestJSON:test_server_security_groups): 200 GET http://10.180.1.21/compute/v2.1/servers/71244679-78d6-4d49-b4b5-ef96fd313ae8 0.300s
2025-06-20 13:51:29.714 60407 INFO tempest.lib.common.rest_client [req-e69b56df-7de6-4b19-9caa-f6f0482270dd req-e69b56df-7de6-4b19-9caa-f6f0482270dd ] Request (ServerMetadataNegativeTestJSON:setUpClass): 200 GET http://10.180.1.21/compute/v2.1/servers/6c94c59c-44ab-4cb9-8480-18e8a424993b 0.246s
2025-06-20 13:51:29.768 60403 INFO tempest.lib.common.rest_client [req-2cf71bb1-3552-4965-b44c-32f3f8ed63d3 req-2cf71bb1-3552-4965-b44c-32f3f8ed63d3 ] Request (InstanceActionsNegativeTestJSON:setUpClass): 200 GET http://10.180.1.21/compute/v2.1/servers/7fa2dad0-ce34-41af-9c65-d084a503be37 0.208s
2025-06-20 13:51:29.823 60447 INFO tempest.lib.common.rest_client [req-bfe324df-e329-4e77-a787-827b8e023df2 req-bfe324df-e329-4e77-a787-827b8e023df2 ] Request (AttachVolumeNegativeTest:test_attach_attached_volume_to_same_server): 200 GET http://10.180.1.21/compute/v2.1/servers/029d2099-2e55-4632-81b6-b59d6a20faab 0.241s
2025-06-20 13:51:29.862 60465 INFO tempest.lib.common.rest_client [req-31bce2b8-53d1-4b20-9d44-3da5b10b4240 req-31bce2b8-53d1-4b20-9d44-3da5b10b4240 ] Request (MigrationsAdminTest:test_list_migrations_in_flavor_resize_situation): 200 GET http://10.180.1.21/compute/v2.1/servers/7082a2a5-377a-47d2-bfbb-c7eb8b1c8658 0.269s
2025-06-20 13:51:29.871 60405 INFO tempest.lib.common.rest_client [req-2e8a8a36-963a-4c1f-bf06-721263f7d4b3 req-2e8a8a36-963a-4c1f-bf06-721263f7d4b3 ] Request (ServersTestMultiNic:test_verify_duplicate_network_nics): 200 GET http://10.180.1.21/compute/v2.1/servers/070d142d-6a47-49bc-a061-3101da79447a 0.232s
2025-06-20 13:51:29.915 60423 INFO tempest.lib.common.rest_client [req-6a6b01af-19ca-4875-a7ad-aae0cc7a836f req-6a6b01af-19ca-4875-a7ad-aae0cc7a836f ] Request (ServerGroupTestJSON:test_create_server_with_scheduler_hint_group): 200 GET http://10.180.1.21/compute/v2.1/servers/63823a4b-97e0-48f9-9fb9-7c4fe3858343 0.224s
2025-06-20 13:51:29.980 60431 INFO tempest.lib.common.rest_client [req-376a8997-491f-4d0b-8c17-65b3ef110a54 req-376a8997-491f-4d0b-8c17-65b3ef110a54 ] Request (ServersAdminNegativeTestJSON:setUpClass): 200 GET http://10.180.1.21/compute/v2.1/servers/b5636e10-af08-49d3-a9b2-8122521a9e2c 0.275s
2025-06-20 13:51:30.012 60433 INFO tempest.lib.common.rest_client [req-d30b09ad-a435-4264-9103-74f38379463c req-d30b09ad-a435-4264-9103-74f38379463c ] Request (AttachInterfacesTestJSON:test_create_list_show_delete_interfaces_by_fixed_ip): 200 GET http://10.180.1.21/compute/v2.1/servers/8bc7299c-35d4-4e9f-a243-2834fbadd987 0.188s
2025-06-20 13:51:30.082 60441 INFO tempest.lib.common.rest_client [req-52fef26e-90a5-4ae7-b5a5-e39b61135222 req-52fef26e-90a5-4ae7-b5a5-e39b61135222 ] Request (ImagesNegativeTestJSON:test_create_image_from_deleted_server): 200 GET http://10.180.1.21/compute/v2.1/servers/72caf1e5-e894-4581-a95d-21dda85e11b0 0.187s
2025-06-20 13:51:30.104 60417 INFO tempest.lib.common.rest_client [req-312b78bd-5525-4c62-81d8-b8c155dda423 req-312b78bd-5525-4c62-81d8-b8c155dda423 ] Request (ServersTestJSON:test_create_specify_keypair): 200 GET http://10.180.1.21/compute/v2.1/servers/068814dd-328c-48d1-b514-34eb43b0f2b1 0.178s
2025-06-20 13:51:30.131 60435 INFO tempest.lib.common.rest_client [req-944b9c26-4ebf-4eaa-8085-12c7c0fdef8f req-944b9c26-4ebf-4eaa-8085-12c7c0fdef8f ] Request (ServerActionsV293TestJSON:setUpClass): 200 GET http://10.180.1.21/compute/v2.1/servers/39a2035c-bb7b-4837-b556-e8bb38ffb514 0.172s
2025-06-20 13:51:30.145 60425 INFO tempest.lib.common.rest_client [req-200f077d-d33c-40d9-a6df-fef24f6b3dad req-200f077d-d33c-40d9-a6df-fef24f6b3dad ] Request (ServerRescueTestJSON:setUpClass): 200 GET http://10.180.1.21/compute/v2.1/servers/53eeb8f0-f7c6-41bf-8d7e-2e15fc22d42a 0.133s
2025-06-20 13:51:30.241 60411 INFO tempest.lib.common.rest_client [req-a005127a-47de-442c-88bd-7aeeab02a2d1 req-a005127a-47de-442c-88bd-7aeeab02a2d1 ] Request (ServerDiagnosticsNegativeTest:test_get_server_diagnostics_by_non_admin): 200 GET http://10.180.1.21/compute/v2.1/servers/3107f9c0-9a35-424c-9fa3-d60057b9ceec 0.207s
2025-06-20 13:51:30.303 60445 INFO tempest.lib.common.rest_client [req-46df66af-7673-4742-a562-a9267854c1f5 req-46df66af-7673-4742-a562-a9267854c1f5 ] Request (VolumesAssistedSnapshotsTest:test_volume_assisted_snapshot_create_delete): 200 GET http://10.180.1.21/compute/v2.1/servers/81af879b-3bc3-4aff-a99d-98d3aba73512 0.132s
2025-06-20 13:51:30.547 60413 INFO tempest.lib.common.rest_client [req-a3ad41ab-ad0a-4d00-b036-868f3c644069 req-a3ad41ab-ad0a-4d00-b036-868f3c644069 ] Request (FloatingIPsAssociationTestJSON:setUpClass): 200 GET http://10.180.1.21/compute/v2.1/servers/843d4db6-c1fb-4b74-ad3c-779e309a170e 0.135s
2025-06-20 13:51:30.649 60453 INFO tempest.lib.common.rest_client [req-01110138-7291-441d-8efb-76fb98fbd084 req-01110138-7291-441d-8efb-76fb98fbd084 ] Request (ServersTestJSON:setUpClass): 200 GET http://10.180.1.21/compute/v2.1/servers/da3eaeea-ce26-40eb-af8b-8857f927e431 0.083s
2025-06-20 13:51:30.663 60427 INFO tempest.lib.common.rest_client [req-baf886b2-76b7-4649-820d-0b9dd83e4506 req-baf886b2-76b7-4649-820d-0b9dd83e4506 ] Request (DeleteServersTestJSON:test_delete_active_server): 200 GET http://10.180.1.21/compute/v2.1/servers/c76409ad-b0aa-4da6-ac83-58f617ec2588 0.047s
2025-06-20 13:51:30.694 60421 INFO tempest.lib.common.rest_client [req-e6bd814a-6a12-418d-b8d6-6095b89db55d req-e6bd814a-6a12-418d-b8d6-6095b89db55d ] Request (InstanceActionsTestJSON:setUpClass): 200 GET http://10.180.1.21/compute/v2.1/servers/fb825c5f-bd66-40aa-8027-cb425f3b9b96 0.072s
2025-06-20 13:51:30.706 60443 INFO tempest.lib.common.rest_client [req-e479a076-a764-4c7a-873b-24830876ff3c req-e479a076-a764-4c7a-873b-24830876ff3c ] Request (ServerDiskConfigTestJSON:test_rebuild_server_with_manual_disk_config): 200 GET http://10.180.1.21/compute/v2.1/servers/500d78f9-ee0c-4620-9936-1a9b4f4fc09a 0.044s
2025-06-20 13:51:30.739 60429 INFO tempest.lib.common.rest_client [req-61317c56-34c8-40aa-be91-94664ac78450 req-61317c56-34c8-40aa-be91-94664ac78450 ] Request (ServerShowV254Test:test_rebuild_server): 200 GET http://10.180.1.21/compute/v2.1/servers/57a5dcae-6861-418a-a041-9cd5b7a43982 0.068s
2025-06-20 13:51:30.755 60463 INFO tempest.lib.common.rest_client [req-44589833-6582-41f8-a300-dfc008b08205 req-44589833-6582-41f8-a300-dfc008b08205 ] Request (SecurityGroupsTestJSON:test_server_security_groups): 200 GET http://10.180.1.21/compute/v2.1/servers/71244679-78d6-4d49-b4b5-ef96fd313ae8 0.045s
2025-06-20 13:51:30.784 60407 INFO tempest.lib.common.rest_client [req-40533992-6bc7-44fa-86d0-6afbf91b6b48 req-40533992-6bc7-44fa-86d0-6afbf91b6b48 ] Request (ServerMetadataNegativeTestJSON:setUpClass): 200 GET http://10.180.1.21/compute/v2.1/servers/6c94c59c-44ab-4cb9-8480-18e8a424993b 0.063s
2025-06-20 13:51:30.831 60403 INFO tempest.lib.common.rest_client [req-b468f03d-208e-4b33-8f5b-4d2a844d8967 req-b468f03d-208e-4b33-8f5b-4d2a844d8967 ] Request (InstanceActionsNegativeTestJSON:setUpClass): 200 GET http://10.180.1.21/compute/v2.1/servers/7fa2dad0-ce34-41af-9c65-d084a503be37 0.057s
2025-06-20 13:51:30.930 60447 INFO tempest.lib.common.rest_client [req-35d8db6a-7643-482d-a217-49d5975a29da req-35d8db6a-7643-482d-a217-49d5975a29da ] Request (AttachVolumeNegativeTest:test_attach_attached_volume_to_same_server): 200 GET http://10.180.1.21/compute/v2.1/servers/029d2099-2e55-4632-81b6-b59d6a20faab 0.100s
2025-06-20 13:51:30.998 60403 INFO tempest.lib.common.rest_client [req-ec5ea88e-745d-401b-8ffa-d6bc466a36c9 req-ec5ea88e-745d-401b-8ffa-d6bc466a36c9 ] Request (InstanceActionsNegativeTestJSON:setUpClass): 204 DELETE http://10.180.1.21/compute/v2.1/servers/7fa2dad0-ce34-41af-9c65-d084a503be37 0.161s
2025-06-20 13:51:31.045 60405 INFO tempest.lib.common.rest_client [req-a99d02d3-537b-427e-8b3a-19e78d678b71 req-a99d02d3-537b-427e-8b3a-19e78d678b71 ] Request (ServersTestMultiNic:test_verify_duplicate_network_nics): 200 GET http://10.180.1.21/compute/v2.1/servers/070d142d-6a47-49bc-a061-3101da79447a 0.167s
2025-06-20 13:51:31.059 60465 INFO tempest.lib.common.rest_client [req-1ec4cd95-c94a-4de6-8f45-742fdd098249 req-1ec4cd95-c94a-4de6-8f45-742fdd098249 ] Request (MigrationsAdminTest:test_list_migrations_in_flavor_resize_situation): 200 GET http://10.180.1.21/compute/v2.1/servers/7082a2a5-377a-47d2-bfbb-c7eb8b1c8658 0.190s
2025-06-20 13:51:31.084 60423 INFO tempest.lib.common.rest_client [req-e719f077-0904-4e66-9426-4a6978ee4efe req-e719f077-0904-4e66-9426-4a6978ee4efe ] Request (ServerGroupTestJSON:test_create_server_with_scheduler_hint_group): 200 GET http://10.180.1.21/compute/v2.1/servers/63823a4b-97e0-48f9-9fb9-7c4fe3858343 0.163s
2025-06-20 13:51:31.099 60403 INFO tempest.lib.common.rest_client [req-8d2c76a2-b472-497d-a978-289d9711cb2f req-8d2c76a2-b472-497d-a978-289d9711cb2f ] Request (InstanceActionsNegativeTestJSON:setUpClass): 404 GET http://10.180.1.21/compute/v2.1/servers/7fa2dad0-ce34-41af-9c65-d084a503be37 0.100s
2025-06-20 13:51:31.099 60403 INFO tempest.test [-] raised in InstanceActionsNegativeTestJSON.setUpClass. Invoking tearDownClass.
2025-06-20 13:51:31.149 60431 INFO tempest.lib.common.rest_client [req-cc6c4dce-6840-4a14-b877-c8e2ea3d8e4a req-cc6c4dce-6840-4a14-b877-c8e2ea3d8e4a ] Request (ServersAdminNegativeTestJSON:setUpClass): 200 GET http://10.180.1.21/compute/v2.1/servers/b5636e10-af08-49d3-a9b2-8122521a9e2c 0.163s
2025-06-20 13:51:31.248 60433 INFO tempest.lib.common.rest_client [req-f156437a-bd9b-40f4-8bbb-49065c6089df req-f156437a-bd9b-40f4-8bbb-49065c6089df ] Request (AttachInterfacesTestJSON:test_create_list_show_delete_interfaces_by_fixed_ip): 200 GET http://10.180.1.21/compute/v2.1/servers/8bc7299c-35d4-4e9f-a243-2834fbadd987 0.230s
2025-06-20 13:51:31.262 60441 INFO tempest.lib.common.rest_client [req-3d48043e-deb1-4a3c-80ce-84ca61f129f7 req-3d48043e-deb1-4a3c-80ce-84ca61f129f7 ] Request (ImagesNegativeTestJSON:test_create_image_from_deleted_server): 200 GET http://10.180.1.21/compute/v2.1/servers/72caf1e5-e894-4581-a95d-21dda85e11b0 0.173s
2025-06-20 13:51:31.316 60435 INFO tempest.lib.common.rest_client [req-67ed9626-ed72-4a3c-be4f-17ddf5e3d508 req-67ed9626-ed72-4a3c-be4f-17ddf5e3d508 ] Request (ServerActionsV293TestJSON:setUpClass): 200 GET http://10.180.1.21/compute/v2.1/servers/39a2035c-bb7b-4837-b556-e8bb38ffb514 0.175s
2025-06-20 13:51:31.341 60417 INFO tempest.lib.common.rest_client [req-8b3ebb6e-7484-4761-abee-4f22d964993e req-8b3ebb6e-7484-4761-abee-4f22d964993e ] Request (ServersTestJSON:test_create_specify_keypair): 200 GET http://10.180.1.21/compute/v2.1/servers/068814dd-328c-48d1-b514-34eb43b0f2b1 0.230s
2025-06-20 13:51:31.358 60425 INFO tempest.lib.common.rest_client [req-9d69043f-14b2-4a4f-8dd4-915e7ae1279d req-9d69043f-14b2-4a4f-8dd4-915e7ae1279d ] Request (ServerRescueTestJSON:setUpClass): 200 GET http://10.180.1.21/compute/v2.1/servers/53eeb8f0-f7c6-41bf-8d7e-2e15fc22d42a 0.207s
2025-06-20 13:51:31.438 60411 INFO tempest.lib.common.rest_client [req-cf5478db-55a4-4197-abf9-b094de4f98a0 req-cf5478db-55a4-4197-abf9-b094de4f98a0 ] Request (ServerDiagnosticsNegativeTest:test_get_server_diagnostics_by_non_admin): 200 GET http://10.180.1.21/compute/v2.1/servers/3107f9c0-9a35-424c-9fa3-d60057b9ceec 0.192s
2025-06-20 13:51:31.460 60445 INFO tempest.lib.common.rest_client [req-34f7c44f-dd65-4701-9beb-551a761219ea req-34f7c44f-dd65-4701-9beb-551a761219ea ] Request (VolumesAssistedSnapshotsTest:test_volume_assisted_snapshot_create_delete): 200 GET http://10.180.1.21/compute/v2.1/servers/81af879b-3bc3-4aff-a99d-98d3aba73512 0.150s
2025-06-20 13:51:31.639 60413 INFO tempest.lib.common.rest_client [req-0b9c0719-96a0-4ce3-8a5a-72929ffea8e4 req-0b9c0719-96a0-4ce3-8a5a-72929ffea8e4 ] Request (FloatingIPsAssociationTestJSON:setUpClass): 200 GET http://10.180.1.21/compute/v2.1/servers/843d4db6-c1fb-4b74-ad3c-779e309a170e 0.085s
2025-06-20 13:51:31.727 60427 INFO tempest.lib.common.rest_client [req-4fab8a4b-8851-4ae1-a84b-f9cb72016afa req-4fab8a4b-8851-4ae1-a84b-f9cb72016afa ] Request (DeleteServersTestJSON:test_delete_active_server): 200 GET http://10.180.1.21/compute/v2.1/servers/c76409ad-b0aa-4da6-ac83-58f617ec2588 0.058s
2025-06-20 13:51:31.770 60453 INFO tempest.lib.common.rest_client [req-2f73685c-4fdd-4313-81b7-a7a63ce781e5 req-2f73685c-4fdd-4313-81b7-a7a63ce781e5 ] Request (ServersTestJSON:setUpClass): 200 GET http://10.180.1.21/compute/v2.1/servers/da3eaeea-ce26-40eb-af8b-8857f927e431 0.115s
2025-06-20 13:51:31.774 60421 INFO tempest.lib.common.rest_client [req-201da529-b7bb-4776-9ef9-3de0e07484dc req-201da529-b7bb-4776-9ef9-3de0e07484dc ] Request (InstanceActionsTestJSON:setUpClass): 200 GET http://10.180.1.21/compute/v2.1/servers/fb825c5f-bd66-40aa-8027-cb425f3b9b96 0.073s
2025-06-20 13:51:31.827 60443 INFO tempest.lib.common.rest_client [req-a170c470-7d0b-4e39-ab5e-aa4af45d0e9c req-a170c470-7d0b-4e39-ab5e-aa4af45d0e9c ] Request (ServerDiskConfigTestJSON:test_rebuild_server_with_manual_disk_config): 200 GET http://10.180.1.21/compute/v2.1/servers/500d78f9-ee0c-4620-9936-1a9b4f4fc09a 0.112s
