2025-04-17 04:23:30.964 66850 INFO tempest.lib.common.rest_client [req-01fec8d4-9e7f-44e7-abe7-d6a6257870b4 req-01fec8d4-9e7f-44e7-abe7-d6a6257870b4 ] Request (FlavorMetadataValidation:test_flavor_update_with_custom_namespace): 200 POST http://10.180.1.21/compute/v2.1/flavors 2.772s
2025-04-17 04:23:31.051 66868 INFO tempest.lib.common.rest_client [req-41c38414-799d-44bc-bc20-ccfccf0315e9 req-41c38414-799d-44bc-bc20-ccfccf0315e9 ] Request (HostsAdminTestJSON:test_list_hosts): 200 GET http://10.180.1.21/compute/v2.1/os-hosts 2.709s
2025-04-17 04:23:31.183 66830 INFO tempest.lib.common.rest_client [req-84ae58a0-8c3f-4484-8155-f05a56c4be14 req-84ae58a0-8c3f-4484-8155-f05a56c4be14 ] Request (ServersTestFqdnHostnames:setUpClass): 201 POST http://10.180.1.21:9696/networking/v2.0/subnets 0.447s
2025-04-17 04:23:31.247 66844 INFO tempest.lib.common.rest_client [req-9202f9c4-8c98-4333-b147-3def5742b0da req-9202f9c4-8c98-4333-b147-3def5742b0da ] Request (VolumesAdminNegativeTest:setUpClass): 201 POST http://10.180.1.21:9696/networking/v2.0/networks 0.782s
2025-04-17 04:23:31.274 66828 INFO tempest.lib.common.rest_client [req-6f186b76-159c-4a51-9181-368efc1bc404 req-6f186b76-159c-4a51-9181-368efc1bc404 ] Request (NetworksTest:test_get_network): 200 GET http://10.180.1.21/compute/v2.1/os-networks/4757b1c1-c21c-4f97-96a2-3e7c089f2bfc 2.919s
2025-04-17 04:23:31.339 66856 INFO tempest.lib.common.rest_client [req-431fa164-f8a2-4cdb-9dd9-8be6222bf1ae req-431fa164-f8a2-4cdb-9dd9-8be6222bf1ae ] Request (AZAdminNegativeTestJSON:test_get_availability_zone_list_detail_with_non_admin_user): 403 GET http://10.180.1.21/compute/v2.1/os-availability-zone/detail 2.954s
2025-04-17 04:23:31.361 66872 INFO tempest.lib.common.rest_client [req-ef8cdd62-c5a8-4943-ae2b-ac8bb6bf10dc req-ef8cdd62-c5a8-4943-ae2b-ac8bb6bf10dc ] Request (HypervisorAdminV228Test:test_get_list_hypervisor_details): 200 GET http://10.180.1.21/compute/v2.1/os-hypervisors/1 2.523s
2025-04-17 04:23:31.405 66866 INFO tempest.lib.common.rest_client [req-e74395ab-1798-4f5b-8c2e-e80aabb36bc0 req-e74395ab-1798-4f5b-8c2e-e80aabb36bc0 ] Request (VolumesAssistedSnapshotsTest:setUpClass): 201 POST http://10.180.1.21:9696/networking/v2.0/subnets 0.813s
2025-04-17 04:23:31.407 66856 INFO tempest.lib.common.rest_client [req-78b1a8aa-41f5-4555-85a8-6be34ec3480e req-78b1a8aa-41f5-4555-85a8-6be34ec3480e ] Request (AZAdminNegativeTestJSON:tearDownClass): 204 DELETE http://10.180.1.21/identity/v3/users/270d52d6287c4abb859506f5ac8821dd 0.065s
2025-04-17 04:23:31.489 66872 INFO tempest.lib.common.rest_client [req-d38423e0-48b0-4e46-bdc1-7ee389ed5326 req-d38423e0-48b0-4e46-bdc1-7ee389ed5326 ] Request (HypervisorAdminV228Test:tearDownClass): 204 DELETE http://10.180.1.21/identity/v3/users/b6c484466a5d40bea897ec4b7244243d 0.124s
2025-04-17 04:23:31.508 66856 INFO tempest.lib.common.rest_client [req-ddfefd41-82e9-4fdc-bca3-fc278bc1fc5f req-ddfefd41-82e9-4fdc-bca3-fc278bc1fc5f ] Request (AZAdminNegativeTestJSON:tearDownClass): 204 DELETE http://10.180.1.21/identity/v3/users/3a2c2f3e6a1844988a8b82211d04db45 0.100s
2025-04-17 04:23:31.508 66856 INFO tempest.lib.common.dynamic_creds [-] Deleting project and security group for project: 0be13802543e4b33bcd0ee9440b94a33
2025-04-17 04:23:31.539 66870 INFO tempest.lib.common.rest_client [req-2f3a08b6-e655-4612-80c3-9a6442ea713b req-2f3a08b6-e655-4612-80c3-9a6442ea713b ] Request (ImagesNegativeTestJSON:test_create_image_from_deleted_server): 202 POST http://10.180.1.21/compute/v2.1/servers 3.846s
2025-04-17 04:23:31.614 66872 INFO tempest.lib.common.rest_client [req-3efe773d-95ee-4e2a-93ef-03291b79dbcd req-3efe773d-95ee-4e2a-93ef-03291b79dbcd ] Request (HypervisorAdminV228Test:tearDownClass): 204 DELETE http://10.180.1.21/identity/v3/users/c3be909c237549bdb2f5cf2a3c468596 0.125s
2025-04-17 04:23:31.615 66872 INFO tempest.lib.common.dynamic_creds [-] Deleting project and security group for project: 4dce0cb404ee4a3a971cd05e1d28ef9d
2025-04-17 04:23:31.663 66856 INFO tempest.lib.common.rest_client [req-eb334c47-3142-45bd-be43-352282bb16d2 req-eb334c47-3142-45bd-be43-352282bb16d2 ] Request (AZAdminNegativeTestJSON:tearDownClass): 201 POST http://10.180.1.21/identity/v3/auth/tokens 0.155s
2025-04-17 04:23:31.688 66872 INFO tempest.lib.common.rest_client [req-68072bdd-3443-4922-8b92-433b07e4ae6d req-68072bdd-3443-4922-8b92-433b07e4ae6d ] Request (HypervisorAdminV228Test:tearDownClass): 201 POST http://10.180.1.21/identity/v3/auth/tokens 0.073s
2025-04-17 04:23:31.734 66848 INFO tempest.lib.common.rest_client [req-6b531f8c-cc38-47d4-8cdd-34363021ad57 req-6b531f8c-cc38-47d4-8cdd-34363021ad57 ] Request (FlavorsAccessNegativeTestJSON:test_add_flavor_access_duplicate): 200 POST http://10.180.1.21/compute/v2.1/flavors 2.130s
2025-04-17 04:23:31.771 66812 INFO tempest.lib.common.rest_client [req-781ccf52-97ed-468a-b267-55c9f700c5c1 req-781ccf52-97ed-468a-b267-55c9f700c5c1 ] Request (ImagesMetadataTestJSON:setUpClass): 200 GET http://10.180.1.21/compute/v2.1/images/8363f0af-12a5-43a7-b553-7d3c213db5f7 2.121s
2025-04-17 04:23:31.799 66840 INFO tempest.lib.common.rest_client [req-fd2d593d-7cfd-4fc0-bcac-d24c90a64099 req-fd2d593d-7cfd-4fc0-bcac-d24c90a64099 ] Request (QuotasAdminTestV236:test_get_updated_quotas): 200 PUT http://10.180.1.21/compute/v2.1/os-quota-sets/b756594a81c9495e9d58818c72d09585 2.629s
2025-04-17 04:23:31.910 66836 INFO tempest.lib.common.rest_client [req-73c4ed90-0134-45e2-ac5b-0169d84d9dbf req-73c4ed90-0134-45e2-ac5b-0169d84d9dbf ] Request (ServersAdmin275Test:test_rebuild_update_server_275): 200 PUT http://10.180.1.21/compute/v2.1/servers/f5415bfe-3f3a-4f4b-985d-59655791bb2b 2.156s
2025-04-17 04:23:31.933 66834 INFO tempest.lib.common.rest_client [req-e75aeca6-63c4-4208-b3ec-d293b14962bb req-e75aeca6-63c4-4208-b3ec-d293b14962bb ] Request (HypervisorAdminV253TestBase:test_list_show_detail_hypervisors): 200 GET http://10.180.1.21/compute/v2.1/os-hypervisors/19ca8ba5-bd08-4664-b5ea-7bb8423a24bc 1.948s
2025-04-17 04:23:31.936 66862 INFO tempest.lib.common.rest_client [req-7cab4bd5-c142-4190-b9ff-18d94c095641 req-7cab4bd5-c142-4190-b9ff-18d94c095641 ] Request (ServerDiagnosticsTest:test_get_server_diagnostics): 200 GET http://10.180.1.21/compute/v2.1/servers/a0bd3693-ed3f-4573-8250-85ae19a08869 2.010s
2025-04-17 04:23:31.942 66839 INFO tempest.lib.common.rest_client [req-63d287d9-95f1-4a55-8194-5f5701cec783 req-63d287d9-95f1-4a55-8194-5f5701cec783 ] Request (HypervisorAdminNegativeTestJSON:test_show_nonexistent_hypervisor): 404 GET http://10.180.1.21/compute/v2.1/os-hypervisors/375e6489-36b7-42ba-a7d2-37518072a41e 1.955s
2025-04-17 04:23:31.958 66858 INFO tempest.lib.common.rest_client [req-a296703a-5314-46da-b01d-5ece46591fd5 req-a296703a-5314-46da-b01d-5ece46591fd5 ] Request (FlavorsAdminTestJSON:_run_cleanups): 202 DELETE http://10.180.1.21/compute/v2.1/flavors/1953078984 1.919s
2025-04-17 04:23:31.975 66854 INFO tempest.lib.common.rest_client [req-1b065452-3ff4-4e68-b2e2-b1ffc78eb88f req-1b065452-3ff4-4e68-b2e2-b1ffc78eb88f ] Request (ListImageFiltersTestJSON:setUpClass): 200 GET http://10.180.1.21/compute/v2.1/images/8a6ebcc6-4dc5-450c-8b04-7fe5b69ad02c 1.790s
2025-04-17 04:23:32.010 66834 INFO tempest.lib.common.rest_client [req-0e70cabd-c0fe-4c3b-8845-2e4b2530b818 req-0e70cabd-c0fe-4c3b-8845-2e4b2530b818 ] Request (HypervisorAdminV253TestBase:tearDownClass): 204 DELETE http://10.180.1.21/identity/v3/users/8563ae4f1b8c44938374d0c9863e70da 0.069s
2025-04-17 04:23:32.015 66839 INFO tempest.lib.common.rest_client [req-677257f4-6efd-414b-b759-8ce5c6a29d84 req-677257f4-6efd-414b-b759-8ce5c6a29d84 ] Request (HypervisorAdminNegativeTestJSON:tearDownClass): 204 DELETE http://10.180.1.21/identity/v3/users/66d3f512f48949829bf80257182cc47a 0.071s
2025-04-17 04:23:32.112 66834 INFO tempest.lib.common.rest_client [req-bb924bd2-ed07-41ca-b7da-cdb37a478e01 req-bb924bd2-ed07-41ca-b7da-cdb37a478e01 ] Request (HypervisorAdminV253TestBase:tearDownClass): 204 DELETE http://10.180.1.21/identity/v3/users/46fa675282ca4ed998ea30b0eb364fef 0.101s
2025-04-17 04:23:32.112 66834 INFO tempest.lib.common.dynamic_creds [-] Deleting project and security group for project: 88cc31b9c3ca48fe8dd3fd716bfea4c4
2025-04-17 04:23:32.139 66844 INFO tempest.lib.common.rest_client [req-9f8eb958-3f67-49fe-ad62-77ad12296405 req-9f8eb958-3f67-49fe-ad62-77ad12296405 ] Request (VolumesAdminNegativeTest:setUpClass): 201 POST http://10.180.1.21:9696/networking/v2.0/subnets 0.892s
2025-04-17 04:23:32.140 66865 INFO tempest.lib.common.rest_client [req-b7e65c42-0037-4a38-8a86-466b8fb26aeb req-b7e65c42-0037-4a38-8a86-466b8fb26aeb ] Request (InstanceUsageAuditLogNegativeTestJSON:test_get_instance_usage_audit_logs_with_invalid_time): 400 GET http://10.180.1.21/compute/v2.1/os-instance_usage_audit_log/invalid_time 1.945s
2025-04-17 04:23:32.158 66842 INFO tempest.lib.common.rest_client [req-fd4af42a-6c00-49b5-a331-a4c8cc4ef326 req-fd4af42a-6c00-49b5-a331-a4c8cc4ef326 ] Request (ServicesAdminNegativeV253TestJSON:test_disable_service_with_invalid_service_id): 404 PUT http://10.180.1.21/compute/v2.1/os-services/6e49233d-4e14-4639-a6c3-0ee1b3a72009 1.795s
2025-04-17 04:23:32.193 66872 INFO tempest.lib.common.rest_client [req-33a45008-61c6-421d-a6e1-b9d4070ce0c2 req-33a45008-61c6-421d-a6e1-b9d4070ce0c2 ] Request (HypervisorAdminV228Test:tearDownClass): 200 GET http://10.180.1.21:9696/networking/v2.0/security-groups?tenant_id=4dce0cb404ee4a3a971cd05e1d28ef9d&name=default 0.504s
2025-04-17 04:23:32.198 66820 INFO tempest.lib.common.rest_client [req-b28fefeb-384c-4aab-a727-1bf01c4ce2c1 req-b28fefeb-384c-4aab-a727-1bf01c4ce2c1 ] Request (AggregatesAdminNegativeTestJSON:test_aggregate_add_existent_host): 200 POST http://10.180.1.21/compute/v2.1/os-aggregates 1.761s
2025-04-17 04:23:32.211 66839 INFO tempest.lib.common.rest_client [req-50061336-0b39-48fd-be81-74057dfea57c req-50061336-0b39-48fd-be81-74057dfea57c ] Request (HypervisorAdminNegativeTestJSON:tearDownClass): 204 DELETE http://10.180.1.21/identity/v3/users/1c9516b5575e42b4aeccb85501f61fce 0.196s
2025-04-17 04:23:32.211 66839 INFO tempest.lib.common.dynamic_creds [-] Deleting project and security group for project: d48aa49b6e8c4a8c93c7ef183b2eb610
2025-04-17 04:23:32.226 66816 INFO tempest.lib.common.rest_client [req-0b8280ea-b5cc-48ac-af05-6d779a23e657 req-0b8280ea-b5cc-48ac-af05-6d779a23e657 ] Request (FlavorsExtraSpecsTestJSON:test_flavor_non_admin_get_all_keys): 200 POST http://10.180.1.21/compute/v2.1/flavors/483487178/os-extra_specs 1.686s
2025-04-17 04:23:32.252 66814 INFO tempest.lib.common.rest_client [req-2b67c0c5-808b-4bd6-80ad-7a4cd9bcb346 req-2b67c0c5-808b-4bd6-80ad-7a4cd9bcb346 ] Request (ServicesAdminNegativeTestJSON:test_get_service_by_invalid_params): 200 GET http://10.180.1.21/compute/v2.1/os-services?xxx=nova-compute 1.618s
2025-04-17 04:23:32.261 66824 INFO tempest.lib.common.rest_client [req-a52a3485-961b-49d7-ad8f-25a118f09311 req-a52a3485-961b-49d7-ad8f-25a118f09311 ] Request (FlavorsAccessTestJSON:test_flavor_access_add_remove): 200 POST http://10.180.1.21/compute/v2.1/flavors/36218543/action 1.912s
2025-04-17 04:23:32.267 66834 INFO tempest.lib.common.rest_client [req-2efdb8e1-baf9-4b06-83fb-0512620d8d09 req-2efdb8e1-baf9-4b06-83fb-0512620d8d09 ] Request (HypervisorAdminV253TestBase:tearDownClass): 201 POST http://10.180.1.21/identity/v3/auth/tokens 0.154s
2025-04-17 04:23:32.297 66856 INFO tempest.lib.common.rest_client [req-99d529c2-8d67-4678-b471-83ac5910d9f7 req-99d529c2-8d67-4678-b471-83ac5910d9f7 ] Request (AZAdminNegativeTestJSON:tearDownClass): 200 GET http://10.180.1.21:9696/networking/v2.0/security-groups?tenant_id=0be13802543e4b33bcd0ee9440b94a33&name=default 0.633s
2025-04-17 04:23:32.308 66839 INFO tempest.lib.common.rest_client [req-c9a1e008-7bee-424b-b990-35ef7ea7ac03 req-c9a1e008-7bee-424b-b990-35ef7ea7ac03 ] Request (HypervisorAdminNegativeTestJSON:tearDownClass): 201 POST http://10.180.1.21/identity/v3/auth/tokens 0.097s
2025-04-17 04:23:32.331 66852 INFO tempest.lib.common.rest_client [req-cc152d7b-92ba-4c75-9f67-9589ff296bab req-cc152d7b-92ba-4c75-9f67-9589ff296bab ] Request (HypervisorAdminUnderV252Test:test_get_hypervisor_show_servers): 200 GET http://10.180.1.21/compute/v2.1/os-hypervisors/domain-c8.fc996f14-c53b-4953-92e3-bdfa48f5cc28/servers 1.523s
2025-04-17 04:23:32.370 66860 INFO tempest.lib.common.rest_client [req-c833280a-2eb5-4ffd-9113-e1bb0985af7e req-c833280a-2eb5-4ffd-9113-e1bb0985af7e ] Request (FlavorsV255TestJSON:test_crud_flavor): 200 PUT http://10.180.1.21/compute/v2.1/flavors/1791929856 1.479s
2025-04-17 04:23:32.465 66850 INFO tempest.lib.common.rest_client [req-246448bb-f1fd-48b9-b6ee-25400fd23eef req-246448bb-f1fd-48b9-b6ee-25400fd23eef ] Request (FlavorMetadataValidation:test_flavor_update_with_custom_namespace): 200 POST http://10.180.1.21/compute/v2.1/flavors/521254788/os-extra_specs 1.495s
2025-04-17 04:23:32.465 66846 INFO tempest.lib.common.rest_client [req-145b8e06-325f-484b-a90b-c082d4a5544c req-145b8e06-325f-484b-a90b-c082d4a5544c ] Request (KeyPairsV210TestJSON:test_admin_manage_keypairs_for_other_users): 201 POST http://10.180.1.21/compute/v2.1/os-keypairs 1.735s
2025-04-17 04:23:32.484 66868 INFO tempest.lib.common.rest_client [req-be817045-4a55-47dd-b0b5-1a569b31eadf req-be817045-4a55-47dd-b0b5-1a569b31eadf ] Request (HostsAdminTestJSON:test_list_hosts_with_a_blank_zone): 200 GET http://10.180.1.21/compute/v2.1/os-hosts?zone= 1.429s
2025-04-17 04:23:32.511 66872 INFO tempest.lib.common.rest_client [req-0e1f562a-d9fd-4bb3-bc96-03c5db06254a req-0e1f562a-d9fd-4bb3-bc96-03c5db06254a ] Request (HypervisorAdminV228Test:tearDownClass): 204 DELETE http://10.180.1.21:9696/networking/v2.0/security-groups/222c4b5a-27e6-418f-b7b5-fcc498d08700 0.318s
2025-04-17 04:23:32.574 66872 INFO tempest.lib.common.rest_client [req-43faad64-a8fb-4d8e-bd96-83cb27736499 req-43faad64-a8fb-4d8e-bd96-83cb27736499 ] Request (HypervisorAdminV228Test:tearDownClass): 204 DELETE http://10.180.1.21/identity/v3/projects/4dce0cb404ee4a3a971cd05e1d28ef9d 0.063s
2025-04-17 04:23:32.574 66872 INFO tempest.lib.common.dynamic_creds [-] Deleting project and security group for project: 84c5e966bc34491b93d6a13a15289a9e
2025-04-17 04:23:32.726 66839 INFO tempest.lib.common.rest_client [req-bad824e3-6e84-433e-a7e2-a0953dbdb11c req-bad824e3-6e84-433e-a7e2-a0953dbdb11c ] Request (HypervisorAdminNegativeTestJSON:tearDownClass): 200 GET http://10.180.1.21:9696/networking/v2.0/security-groups?tenant_id=d48aa49b6e8c4a8c93c7ef183b2eb610&name=default 0.416s
2025-04-17 04:23:33.062 66856 INFO tempest.lib.common.rest_client [req-95efb07b-25c0-46b1-a8eb-d2a760e2f67f req-95efb07b-25c0-46b1-a8eb-d2a760e2f67f ] Request (AZAdminNegativeTestJSON:tearDownClass): 204 DELETE http://10.180.1.21:9696/networking/v2.0/security-groups/71cd9724-8446-4ed9-b14b-5b6db6479474 0.764s
2025-04-17 04:23:33.064 66872 INFO tempest.lib.common.rest_client [req-06cd2472-da7e-4cd2-bb68-37cb8fa9b938 req-06cd2472-da7e-4cd2-bb68-37cb8fa9b938 ] Request (HypervisorAdminV228Test:tearDownClass): 200 GET http://10.180.1.21:9696/networking/v2.0/security-groups?tenant_id=84c5e966bc34491b93d6a13a15289a9e&name=default 0.489s
2025-04-17 04:23:33.108 66834 INFO tempest.lib.common.rest_client [req-10971dcb-4d75-4d76-b2d9-eef5b413a0f0 req-10971dcb-4d75-4d76-b2d9-eef5b413a0f0 ] Request (HypervisorAdminV253TestBase:tearDownClass): 200 GET http://10.180.1.21:9696/networking/v2.0/security-groups?tenant_id=88cc31b9c3ca48fe8dd3fd716bfea4c4&name=default 0.841s
2025-04-17 04:23:33.163 66839 INFO tempest.lib.common.rest_client [req-aea74ad4-776e-4cae-9fda-ec2c5cfaadc3 req-aea74ad4-776e-4cae-9fda-ec2c5cfaadc3 ] Request (HypervisorAdminNegativeTestJSON:tearDownClass): 204 DELETE http://10.180.1.21:9696/networking/v2.0/security-groups/63fdc894-c3c4-4f0a-9d1d-25542ed399cb 0.436s
2025-04-17 04:23:33.185 66856 INFO tempest.lib.common.rest_client [req-ce94e2f8-ab33-4450-9903-1c54a063fc9d req-ce94e2f8-ab33-4450-9903-1c54a063fc9d ] Request (AZAdminNegativeTestJSON:tearDownClass): 204 DELETE http://10.180.1.21/identity/v3/projects/0be13802543e4b33bcd0ee9440b94a33 0.122s
2025-04-17 04:23:33.185 66856 INFO tempest.lib.common.dynamic_creds [-] Deleting project and security group for project: 20652e9177b547faa4f3a85f216036b2
2025-04-17 04:23:33.225 66822 INFO tempest.lib.common.rest_client [req-1eec7f4e-0a7f-41c2-b3e3-ba5bd790a57a req-1eec7f4e-0a7f-41c2-b3e3-ba5bd790a57a ] Request (SecurityGroupsTestJSON:setUpClass): 201 POST http://10.180.1.21:9696/networking/v2.0/routers 2.426s
2025-04-17 04:23:33.268 66839 INFO tempest.lib.common.rest_client [req-67fa7b71-feac-4e64-820c-cc2078fbedc1 req-67fa7b71-feac-4e64-820c-cc2078fbedc1 ] Request (HypervisorAdminNegativeTestJSON:tearDownClass): 204 DELETE http://10.180.1.21/identity/v3/projects/d48aa49b6e8c4a8c93c7ef183b2eb610 0.105s
2025-04-17 04:23:33.269 66839 INFO tempest.lib.common.dynamic_creds [-] Deleting project and security group for project: dea17112d1ed43ef9da7763e2197071b
2025-04-17 04:23:33.297 66826 INFO tempest.lib.common.rest_client [req-5c0e9cbf-0247-44c9-9dc4-5486b7af0a4b req-5c0e9cbf-0247-44c9-9dc4-5486b7af0a4b ] Request (DeleteServersAdminTestJSON:test_admin_delete_servers_of_others): 200 GET http://10.180.1.21/compute/v2.1/servers/fac7d6a8-d74e-4130-8068-236289d5d616 2.121s
2025-04-17 04:23:33.399 66818 INFO tempest.lib.common.rest_client [req-6b72b0c4-3beb-4a1d-98f4-e200b8e05446 req-6b72b0c4-3beb-4a1d-98f4-e200b8e05446 ] Request (ServerExternalEventsTest:test_create_server_external_events): 200 GET http://10.180.1.21/compute/v2.1/servers/5e2ed48b-9cc5-4f62-b5a7-9f161b5a6a4e 2.216s
2025-04-17 04:23:33.513 66856 INFO tempest.lib.common.rest_client [req-2ccdc0c6-7e2b-43bd-941d-72b4026c8084 req-2ccdc0c6-7e2b-43bd-941d-72b4026c8084 ] Request (AZAdminNegativeTestJSON:tearDownClass): 200 GET http://10.180.1.21:9696/networking/v2.0/security-groups?tenant_id=20652e9177b547faa4f3a85f216036b2&name=default 0.327s
2025-04-17 04:23:33.538 66870 INFO tempest.lib.common.rest_client [req-9600a41a-0f99-47e7-8e3b-0750edf068fd req-9600a41a-0f99-47e7-8e3b-0750edf068fd ] Request (ImagesNegativeTestJSON:test_create_image_from_deleted_server): 200 GET http://10.180.1.21/compute/v2.1/servers/da4dff27-123e-44ac-83b5-1b2b3d731e0a 1.994s
2025-04-17 04:23:33.637 66828 INFO tempest.lib.common.rest_client [req-a3763ca9-54fa-4f80-b018-83c6232b7a25 req-a3763ca9-54fa-4f80-b018-83c6232b7a25 ] Request (NetworksTest:test_list_all_networks): 200 GET http://10.180.1.21/compute/v2.1/os-networks 2.360s
2025-04-17 04:23:33.641 66839 INFO tempest.lib.common.rest_client [req-a756c0a6-ed8f-4b9e-86d9-509d4f777b5e req-a756c0a6-ed8f-4b9e-86d9-509d4f777b5e ] Request (HypervisorAdminNegativeTestJSON:tearDownClass): 200 GET http://10.180.1.21:9696/networking/v2.0/security-groups?tenant_id=dea17112d1ed43ef9da7763e2197071b&name=default 0.372s
2025-04-17 04:23:33.665 66848 INFO tempest.lib.common.rest_client [req-aa8cca16-b0bb-4c4a-832d-200796005b2b req-aa8cca16-b0bb-4c4a-832d-200796005b2b ] Request (FlavorsAccessNegativeTestJSON:test_add_flavor_access_duplicate): 200 POST http://10.180.1.21/compute/v2.1/flavors/534916873/action 1.928s
2025-04-17 04:23:33.713 66872 INFO tempest.lib.common.rest_client [req-e11c4f6e-4d7c-4d10-9c69-3c1f7c8f77d5 req-e11c4f6e-4d7c-4d10-9c69-3c1f7c8f77d5 ] Request (HypervisorAdminV228Test:tearDownClass): 204 DELETE http://10.180.1.21:9696/networking/v2.0/security-groups/5651d183-6ac1-4344-a610-3ca0b33b5dac 0.649s
2025-04-17 04:23:33.764 66834 INFO tempest.lib.common.rest_client [req-cb2e3550-e1eb-478f-ac9d-5ff119ff5dd1 req-cb2e3550-e1eb-478f-ac9d-5ff119ff5dd1 ] Request (HypervisorAdminV253TestBase:tearDownClass): 204 DELETE http://10.180.1.21:9696/networking/v2.0/security-groups/7a6f951b-f443-40e3-b9e3-9b14acc71c12 0.655s
2025-04-17 04:23:33.766 66840 INFO tempest.lib.common.rest_client [req-400f957e-a014-4cc9-8a85-f0a207ac62c1 req-400f957e-a014-4cc9-8a85-f0a207ac62c1 ] Request (QuotasAdminTestV236:test_get_updated_quotas): 200 GET http://10.180.1.21/compute/v2.1/os-quota-sets/b756594a81c9495e9d58818c72d09585/detail 1.964s
2025-04-17 04:23:33.812 66828 INFO tempest.lib.common.rest_client [req-7389df14-3f46-4998-9a93-f44d2f22dfcc req-7389df14-3f46-4998-9a93-f44d2f22dfcc ] Request (NetworksTest:tearDownClass): 204 DELETE http://10.180.1.21/identity/v3/users/2139453e238342ec8ba10433d3f50f36 0.172s
2025-04-17 04:23:33.847 66872 INFO tempest.lib.common.rest_client [req-1513b269-a084-4eee-98da-b9a05c833943 req-1513b269-a084-4eee-98da-b9a05c833943 ] Request (HypervisorAdminV228Test:tearDownClass): 204 DELETE http://10.180.1.21/identity/v3/projects/84c5e966bc34491b93d6a13a15289a9e 0.134s
2025-04-17 04:23:33.870 66810 INFO tempest.lib.common.rest_client [req-309288c2-f77f-4a9e-9efd-2a885ce99773 req-309288c2-f77f-4a9e-9efd-2a885ce99773 ] Request (ServersWithSpecificFlavorTestJSON:setUpClass): 201 POST http://10.180.1.21:9696/networking/v2.0/routers 2.954s
2025-04-17 04:23:33.888 66812 INFO tempest.lib.common.rest_client [req-f5cff793-ca85-4d05-9372-162b477386c5 req-f5cff793-ca85-4d05-9372-162b477386c5 ] Request (ImagesMetadataTestJSON:setUp): 200 PUT http://10.180.1.21/compute/v2.1/images/8363f0af-12a5-43a7-b553-7d3c213db5f7/metadata 2.112s
2025-04-17 04:23:33.916 66858 INFO tempest.lib.common.rest_client [req-eac746fc-3b34-47aa-8a7b-d8407b4db83e req-eac746fc-3b34-47aa-8a7b-d8407b4db83e ] Request (FlavorsAdminTestJSON:_run_cleanups): 200 GET http://10.180.1.21/compute/v2.1/flavors/detail 1.957s
2025-04-17 04:23:33.947 66840 INFO tempest.lib.common.rest_client [req-0a73f02a-f30e-4abd-b158-5601526186be req-0a73f02a-f30e-4abd-b158-5601526186be ] Request (QuotasAdminTestV236:test_get_updated_quotas): 200 GET http://10.180.1.21/identity/v3/domains?name=Default 0.176s
2025-04-17 04:23:33.961 66854 INFO tempest.lib.common.rest_client [req-4169a3e7-7277-4421-9250-3a7f1278b116 req-4169a3e7-7277-4421-9250-3a7f1278b116 ] Request (ListImageFiltersTestJSON:setUpClass): 200 GET http://10.180.1.21/compute/v2.1/images/8a6ebcc6-4dc5-450c-8b04-7fe5b69ad02c 1.982s
2025-04-17 04:23:33.969 66834 INFO tempest.lib.common.rest_client [req-6f0841f0-8eaa-48f6-9669-ba16cac4e78d req-6f0841f0-8eaa-48f6-9669-ba16cac4e78d ] Request (HypervisorAdminV253TestBase:tearDownClass): 204 DELETE http://10.180.1.21/identity/v3/projects/88cc31b9c3ca48fe8dd3fd716bfea4c4 0.204s
2025-04-17 04:23:33.969 66834 INFO tempest.lib.common.dynamic_creds [-] Deleting project and security group for project: f900de97900547cdacb96a9c3bb28c03
2025-04-17 04:23:33.999 66830 INFO tempest.lib.common.rest_client [req-828703d4-c482-4686-88cc-525391923d66 req-828703d4-c482-4686-88cc-525391923d66 ] Request (ServersTestFqdnHostnames:setUpClass): 201 POST http://10.180.1.21:9696/networking/v2.0/routers 2.816s
2025-04-17 04:23:34.014 66856 INFO tempest.lib.common.rest_client [req-5ea456c4-0366-4cb2-8bc3-4b783c9ccd91 req-5ea456c4-0366-4cb2-8bc3-4b783c9ccd91 ] Request (AZAdminNegativeTestJSON:tearDownClass): 204 DELETE http://10.180.1.21:9696/networking/v2.0/security-groups/33f49d5e-e023-4891-8886-7b83008a5fbe 0.500s
2025-04-17 04:23:34.038 66872 INFO tempest.lib.common.rest_client [req-7269a74a-2a25-4ecf-b9de-e6919e14b434 req-7269a74a-2a25-4ecf-b9de-e6919e14b434 ] Request (ServerDiagnosticsNegativeTest:setUpClass): 201 POST http://10.180.1.21/identity/v3/auth/tokens 0.189s
2025-04-17 04:23:34.056 66828 INFO tempest.lib.common.rest_client [req-f3be135f-3e59-466b-a356-7bee05da06a4 req-f3be135f-3e59-466b-a356-7bee05da06a4 ] Request (NetworksTest:tearDownClass): 204 DELETE http://10.180.1.21/identity/v3/users/568d7e0b5ef447d98fe582b0a1a52cbb 0.244s
2025-04-17 04:23:34.056 66828 INFO tempest.lib.common.dynamic_creds [-] Deleting project and security group for project: bd9f183028d94666871d01ce81d66d22
2025-04-17 04:23:34.144 66840 INFO tempest.lib.common.rest_client [req-de9d371e-6206-40e9-a03b-7a6e129238d0 req-de9d371e-6206-40e9-a03b-7a6e129238d0 ] Request (QuotasAdminTestV236:test_get_updated_quotas): 201 POST http://10.180.1.21/identity/v3/users 0.195s
2025-04-17 04:23:34.173 66865 INFO tempest.lib.common.rest_client [req-1bbc1f2b-a9b1-4d57-a343-bd1216350687 req-1bbc1f2b-a9b1-4d57-a343-bd1216350687 ] Request (InstanceUsageAuditLogNegativeTestJSON:test_instance_usage_audit_logs_with_nonadmin_user): 403 GET http://10.180.1.21/compute/v2.1/os-instance_usage_audit_log 2.032s
2025-04-17 04:23:34.192 66836 INFO tempest.lib.common.rest_client [req-2a90008e-79af-43a6-a1ca-a55f78fa5440 req-2a90008e-79af-43a6-a1ca-a55f78fa5440 ] Request (ServersAdmin275Test:test_rebuild_update_server_275): 200 GET http://10.180.1.21/compute/v2.1/servers/f5415bfe-3f3a-4f4b-985d-59655791bb2b 2.275s
2025-04-17 04:23:34.193 66842 INFO tempest.lib.common.rest_client [req-db76be5d-1be8-49ac-a5a4-8b4ae5b9f860 req-db76be5d-1be8-49ac-a5a4-8b4ae5b9f860 ] Request (ServicesAdminNegativeV253TestJSON:test_enable_service_with_invalid_service_id): 404 PUT http://10.180.1.21/compute/v2.1/os-services/6e49233d-4e14-4639-a6c3-0ee1b3a72009 2.030s
2025-04-17 04:23:34.257 66839 INFO tempest.lib.common.rest_client [req-dadc32b0-0aab-4bed-83fd-5682b7a37174 req-dadc32b0-0aab-4bed-83fd-5682b7a37174 ] Request (HypervisorAdminNegativeTestJSON:tearDownClass): 204 DELETE http://10.180.1.21:9696/networking/v2.0/security-groups/aed318a4-6db5-494b-88fb-14230a1c91ca 0.615s
2025-04-17 04:23:34.297 66856 INFO tempest.lib.common.rest_client [req-26fa2019-6505-462e-b157-3aa6ecbb3f4e req-26fa2019-6505-462e-b157-3aa6ecbb3f4e ] Request (AZAdminNegativeTestJSON:tearDownClass): 204 DELETE http://10.180.1.21/identity/v3/projects/20652e9177b547faa4f3a85f216036b2 0.282s
2025-04-17 04:23:34.324 66872 INFO tempest.lib.common.rest_client [req-1dda0c20-d746-4bc3-b4e4-5ff8f16f903d req-1dda0c20-d746-4bc3-b4e4-5ff8f16f903d ] Request (ServerDiagnosticsNegativeTest:setUpClass): 201 POST http://10.180.1.21/identity/v3/auth/tokens 0.283s
2025-04-17 04:23:34.326 66828 INFO tempest.lib.common.rest_client [req-aa7ac91f-8ccb-439e-b5cc-64f8b59656c7 req-aa7ac91f-8ccb-439e-b5cc-64f8b59656c7 ] Request (NetworksTest:tearDownClass): 201 POST http://10.180.1.21/identity/v3/auth/tokens 0.269s
2025-04-17 04:23:34.373 66840 INFO tempest.lib.common.rest_client [req-039f6e38-80ba-4bad-9a58-523327e194e9 req-039f6e38-80ba-4bad-9a58-523327e194e9 ] Request (QuotasAdminTestV236:test_get_updated_quotas): 200 GET http://10.180.1.21/identity/v3/domains?name=Default 0.227s
2025-04-17 04:23:34.425 66816 INFO tempest.lib.common.rest_client [req-55fdad51-b55b-4563-9a81-16c4c4d999d6 req-55fdad51-b55b-4563-9a81-16c4c4d999d6 ] Request (FlavorsExtraSpecsTestJSON:test_flavor_non_admin_get_all_keys): 200 GET http://10.180.1.21/compute/v2.1/flavors/483487178/os-extra_specs 2.197s
2025-04-17 04:23:34.440 66839 INFO tempest.lib.common.rest_client [req-b50cca9a-ccdc-4a6a-9dd0-cad91bd1dc3c req-b50cca9a-ccdc-4a6a-9dd0-cad91bd1dc3c ] Request (HypervisorAdminNegativeTestJSON:tearDownClass): 204 DELETE http://10.180.1.21/identity/v3/projects/dea17112d1ed43ef9da7763e2197071b 0.182s
2025-04-17 04:23:34.455 66814 INFO tempest.lib.common.rest_client [req-d2e195bb-3739-4caf-a5d4-7162c089d0c5 req-d2e195bb-3739-4caf-a5d4-7162c089d0c5 ] Request (ServicesAdminNegativeTestJSON:test_get_service_by_invalid_service_and_valid_host): 200 GET http://10.180.1.21/compute/v2.1/os-services 2.196s
2025-04-17 04:23:34.491 66856 INFO tempest.lib.common.rest_client [req-fc900285-2012-41e1-aa65-e95620af9500 req-fc900285-2012-41e1-aa65-e95620af9500 ] Request (ImagesDeleteNegativeTestJSON:setUpClass): 201 POST http://10.180.1.21/identity/v3/auth/tokens 0.193s
2025-04-17 04:23:34.513 66872 INFO tempest.lib.common.rest_client [req-6ee38cf4-479e-48f4-a4e4-fbfefa36694f req-6ee38cf4-479e-48f4-a4e4-fbfefa36694f ] Request (ServerDiagnosticsNegativeTest:setUpClass): 200 GET http://10.180.1.21/identity/v3/domains?name=Default 0.188s
2025-04-17 04:23:34.572 66839 INFO tempest.lib.common.rest_client [req-47089936-f8f3-4702-b6ae-6976d76dc0e8 req-47089936-f8f3-4702-b6ae-6976d76dc0e8 ] Request (QuotasAdminTestJSON:setUpClass): 201 POST http://10.180.1.21/identity/v3/auth/tokens 0.130s
2025-04-17 04:23:34.605 66856 INFO tempest.lib.common.rest_client [req-370c03a0-91c6-49ee-b4a0-36c94252c7c2 req-370c03a0-91c6-49ee-b4a0-36c94252c7c2 ] Request (ImagesDeleteNegativeTestJSON:setUpClass): 201 POST http://10.180.1.21/identity/v3/auth/tokens 0.111s
2025-04-17 04:23:34.706 66834 INFO tempest.lib.common.rest_client [req-8a353c5b-e5e2-4de7-9049-357f713715ab req-8a353c5b-e5e2-4de7-9049-357f713715ab ] Request (HypervisorAdminV253TestBase:tearDownClass): 200 GET http://10.180.1.21:9696/networking/v2.0/security-groups?tenant_id=f900de97900547cdacb96a9c3bb28c03&name=default 0.737s
2025-04-17 04:23:34.709 66872 INFO tempest.lib.common.rest_client [req-6563ffc7-fcd8-428f-ae51-31d54c743142 req-6563ffc7-fcd8-428f-ae51-31d54c743142 ] Request (ServerDiagnosticsNegativeTest:setUpClass): 201 POST http://10.180.1.21/identity/v3/projects 0.196s
2025-04-17 04:23:34.752 66824 INFO tempest.lib.common.rest_client [req-e0e94d68-f406-417a-80d0-3c0f71d25efe req-e0e94d68-f406-417a-80d0-3c0f71d25efe ] Request (FlavorsAccessTestJSON:test_flavor_access_add_remove): 200 GET http://10.180.1.21/compute/v2.1/flavors/detail 2.490s
2025-04-17 04:23:34.768 66839 INFO tempest.lib.common.rest_client [req-048ae2de-7979-4ecf-b867-fec6015ab753 req-048ae2de-7979-4ecf-b867-fec6015ab753 ] Request (QuotasAdminTestJSON:setUpClass): 201 POST http://10.180.1.21/identity/v3/auth/tokens 0.190s
2025-04-17 04:23:34.774 66852 INFO tempest.lib.common.rest_client [req-2bf69cf0-533b-4af6-81dc-f09b1819ffba req-2bf69cf0-533b-4af6-81dc-f09b1819ffba ] Request (HypervisorAdminUnderV252Test:test_search_hypervisor): 200 GET http://10.180.1.21/compute/v2.1/os-hypervisors 2.440s
2025-04-17 04:23:34.790 66860 INFO tempest.lib.common.rest_client [req-75c1ee92-65c9-407c-98d4-975e97baf9a1 req-75c1ee92-65c9-407c-98d4-975e97baf9a1 ] Request (FlavorsV255TestJSON:test_crud_flavor): 200 GET http://10.180.1.21/compute/v2.1/flavors/detail 2.417s
2025-04-17 04:23:34.804 66856 INFO tempest.lib.common.rest_client [req-5c026558-2070-45df-a798-26a2ad5da25f req-5c026558-2070-45df-a798-26a2ad5da25f ] Request (ImagesDeleteNegativeTestJSON:setUpClass): 200 GET http://10.180.1.21/identity/v3/domains?name=Default 0.198s
2025-04-17 04:23:34.810 66850 INFO tempest.lib.common.rest_client [req-ccd004d9-f837-40e4-93f9-605b488679a6 req-ccd004d9-f837-40e4-93f9-605b488679a6 ] Request (FlavorMetadataValidation:_run_cleanups): 202 DELETE http://10.180.1.21/compute/v2.1/flavors/521254788 2.344s
2025-04-17 04:23:34.827 66846 INFO tempest.lib.common.rest_client [req-0105aa49-dbcc-4c37-bf14-5c67e170bc5a req-0105aa49-dbcc-4c37-bf14-5c67e170bc5a ] Request (KeyPairsV210TestJSON:test_admin_manage_keypairs_for_other_users): 200 GET http://10.180.1.21/compute/v2.1/os-keypairs/tempest-keypair-1408282594?user_id=ea6fe84ff46b4f4ca9056b7427f2b232 2.361s
2025-04-17 04:23:34.837 66872 INFO tempest.lib.common.rest_client [req-9af5eb0c-abaa-47f5-ae85-15cfc5c90531 req-9af5eb0c-abaa-47f5-ae85-15cfc5c90531 ] Request (ServerDiagnosticsNegativeTest:setUpClass): 201 POST http://10.180.1.21/identity/v3/users 0.128s
2025-04-17 04:23:34.866 66854 INFO tempest.lib.common.rest_client [req-bded579c-1f77-470b-b0a4-e75c79b09e75 req-bded579c-1f77-470b-b0a4-e75c79b09e75 ] Request (ListImageFiltersTestJSON:setUpClass): 201 POST http://10.180.1.21/image/v2/images 0.899s
2025-04-17 04:23:34.866 66868 INFO tempest.lib.common.rest_client [req-c5a18cd2-fd15-4752-b843-80c9d1638589 req-c5a18cd2-fd15-4752-b843-80c9d1638589 ] Request (HostsAdminTestJSON:test_list_hosts_with_nonexistent_zone): 200 GET http://10.180.1.21/compute/v2.1/os-hosts?zone=xxx 2.380s
2025-04-17 04:23:34.879 66839 INFO tempest.lib.common.rest_client [req-3407bbe9-8d6d-4219-a4e0-0b0a452d1376 req-3407bbe9-8d6d-4219-a4e0-0b0a452d1376 ] Request (QuotasAdminTestJSON:setUpClass): 200 GET http://10.180.1.21/identity/v3/domains?name=Default 0.110s
2025-04-17 04:23:34.898 66872 INFO tempest.lib.common.rest_client [req-9a1b4cf3-65b2-43cc-bb99-ed7bc1d4b81e req-9a1b4cf3-65b2-43cc-bb99-ed7bc1d4b81e ] Request (ServerDiagnosticsNegativeTest:setUpClass): 200 GET http://10.180.1.21/identity/v3/roles 0.060s
2025-04-17 04:23:34.927 66856 INFO tempest.lib.common.rest_client [req-89a59594-12b6-47e4-855e-f4109fcf762f req-89a59594-12b6-47e4-855e-f4109fcf762f ] Request (ImagesDeleteNegativeTestJSON:setUpClass): 201 POST http://10.180.1.21/identity/v3/projects 0.122s
2025-04-17 04:23:34.929 66866 INFO tempest.lib.common.rest_client [req-818fa4c1-297e-4ee1-8b26-f81f3640039c req-818fa4c1-297e-4ee1-8b26-f81f3640039c ] Request (VolumesAssistedSnapshotsTest:setUpClass): 201 POST http://10.180.1.21:9696/networking/v2.0/routers 3.524s
2025-04-17 04:23:34.935 66839 INFO tempest.lib.common.rest_client [req-ad2951ca-ac60-4f0e-86b1-f6568d951876 req-ad2951ca-ac60-4f0e-86b1-f6568d951876 ] Request (QuotasAdminTestJSON:setUpClass): 201 POST http://10.180.1.21/identity/v3/projects 0.054s
2025-04-17 04:23:35.026 66828 INFO tempest.lib.common.rest_client [req-3068e7f5-ccfa-491d-a377-69864dbf7025 req-3068e7f5-ccfa-491d-a377-69864dbf7025 ] Request (NetworksTest:tearDownClass): 200 GET http://10.180.1.21:9696/networking/v2.0/security-groups?tenant_id=bd9f183028d94666871d01ce81d66d22&name=default 0.700s
2025-04-17 04:23:35.027 66872 INFO tempest.lib.common.rest_client [req-16dda72e-238c-4664-8e01-0f066baff0a7 req-16dda72e-238c-4664-8e01-0f066baff0a7 ] Request (ServerDiagnosticsNegativeTest:setUpClass): 204 PUT http://10.180.1.21/identity/v3/projects/e3facfa4c0524c0daa5b43a40dfb1950/users/8354785d0fc24568a880c1278ed54774/roles/99af61b335434d2aa8d70b75b2b21bf4 0.127s
2025-04-17 04:23:35.027 66872 INFO tempest.lib.common.dynamic_creds [-] Dynamic test user 8354785d0fc24568a880c1278ed54774 is created with scope project and roles: ['member']
2025-04-17 04:23:35.027 66872 INFO tempest.lib.common.dynamic_creds [-] Acquired dynamic creds: credentials: Credentials: {'domain_id': 'default', 'domain_name': 'Default', 'username': 'tempest-ServerDiagnosticsNegativeTest-698352656-project-member', 'project_domain_id': 'default', 'project_domain_name': 'Default', 'project_id': 'e3facfa4c0524c0daa5b43a40dfb1950', 'project_name': 'tempest-ServerDiagnosticsNegativeTest-698352656', 'tenant_id': 'e3facfa4c0524c0daa5b43a40dfb1950', 'tenant_name': 'tempest-ServerDiagnosticsNegativeTest-698352656', 'user_domain_id': 'default', 'user_domain_name': 'Default', 'user_id': '8354785d0fc24568a880c1278ed54774', 'system': None}, Network: None, Subnet: None, Router: None
2025-04-17 04:23:35.027 66872 INFO tempest.lib.common.dynamic_creds [-] Created isolated network resources for: credentials: Credentials: {'domain_id': 'default', 'domain_name': 'Default', 'username': 'tempest-ServerDiagnosticsNegativeTest-698352656-project-member', 'project_domain_id': 'default', 'project_domain_name': 'Default', 'project_id': 'e3facfa4c0524c0daa5b43a40dfb1950', 'project_name': 'tempest-ServerDiagnosticsNegativeTest-698352656', 'tenant_id': 'e3facfa4c0524c0daa5b43a40dfb1950', 'tenant_name': 'tempest-ServerDiagnosticsNegativeTest-698352656', 'user_domain_id': 'default', 'user_domain_name': 'Default', 'user_id': '8354785d0fc24568a880c1278ed54774', 'system': None}, Network: None, Subnet: None, Router: None
2025-04-17 04:23:35.089 66820 INFO tempest.lib.common.rest_client [req-f1378d4c-cb7d-4bd8-9481-91ba802817da req-f1378d4c-cb7d-4bd8-9481-91ba802817da ] Request (AggregatesAdminNegativeTestJSON:test_aggregate_add_existent_host): 200 POST http://10.180.1.21/compute/v2.1/os-aggregates/1/action 2.889s
2025-04-17 04:23:35.103 66856 INFO tempest.lib.common.rest_client [req-34913c56-9224-4b03-8b91-7fd37fbe8fa6 req-34913c56-9224-4b03-8b91-7fd37fbe8fa6 ] Request (ImagesDeleteNegativeTestJSON:setUpClass): 201 POST http://10.180.1.21/identity/v3/users 0.176s
2025-04-17 04:23:35.107 66839 INFO tempest.lib.common.rest_client [req-39e2ffb2-50f6-49df-b38a-945c2789c0f6 req-39e2ffb2-50f6-49df-b38a-945c2789c0f6 ] Request (QuotasAdminTestJSON:setUpClass): 201 POST http://10.180.1.21/identity/v3/users 0.171s
2025-04-17 04:23:35.133 66856 INFO tempest.lib.common.rest_client [req-cf04fe17-1f26-4a2b-a8e3-d18423716f70 req-cf04fe17-1f26-4a2b-a8e3-d18423716f70 ] Request (ImagesDeleteNegativeTestJSON:setUpClass): 200 GET http://10.180.1.21/identity/v3/roles 0.029s
2025-04-17 04:23:35.155 66839 INFO tempest.lib.common.rest_client [req-253a63c3-44e9-4238-b9bd-da7ad098ee0b req-253a63c3-44e9-4238-b9bd-da7ad098ee0b ] Request (QuotasAdminTestJSON:setUpClass): 200 GET http://10.180.1.21/identity/v3/roles 0.048s
2025-04-17 04:23:35.186 66856 INFO tempest.lib.common.rest_client [req-8a22b07c-d3eb-47e6-9264-a54bdd220680 req-8a22b07c-d3eb-47e6-9264-a54bdd220680 ] Request (ImagesDeleteNegativeTestJSON:setUpClass): 204 PUT http://10.180.1.21/identity/v3/projects/f62630521a404ea4aae90a5319e04c6b/users/ba69ddcf02c54800a03e5a4a3171a997/roles/99af61b335434d2aa8d70b75b2b21bf4 0.052s
2025-04-17 04:23:35.186 66856 INFO tempest.lib.common.dynamic_creds [-] Dynamic test user ba69ddcf02c54800a03e5a4a3171a997 is created with scope project and roles: ['member']
2025-04-17 04:23:35.186 66856 INFO tempest.lib.common.dynamic_creds [-] Acquired dynamic creds: credentials: Credentials: {'domain_id': 'default', 'domain_name': 'Default', 'username': 'tempest-ImagesDeleteNegativeTestJSON-1985852039-project-member', 'project_domain_id': 'default', 'project_domain_name': 'Default', 'project_id': 'f62630521a404ea4aae90a5319e04c6b', 'project_name': 'tempest-ImagesDeleteNegativeTestJSON-1985852039', 'tenant_id': 'f62630521a404ea4aae90a5319e04c6b', 'tenant_name': 'tempest-ImagesDeleteNegativeTestJSON-1985852039', 'user_domain_id': 'default', 'user_domain_name': 'Default', 'user_id': 'ba69ddcf02c54800a03e5a4a3171a997', 'system': None}, Network: None, Subnet: None, Router: None
2025-04-17 04:23:35.186 66856 INFO tempest.lib.common.dynamic_creds [-] Created isolated network resources for: credentials: Credentials: {'domain_id': 'default', 'domain_name': 'Default', 'username': 'tempest-ImagesDeleteNegativeTestJSON-1985852039-project-member', 'project_domain_id': 'default', 'project_domain_name': 'Default', 'project_id': 'f62630521a404ea4aae90a5319e04c6b', 'project_name': 'tempest-ImagesDeleteNegativeTestJSON-1985852039', 'tenant_id': 'f62630521a404ea4aae90a5319e04c6b', 'tenant_name': 'tempest-ImagesDeleteNegativeTestJSON-1985852039', 'user_domain_id': 'default', 'user_domain_name': 'Default', 'user_id': 'ba69ddcf02c54800a03e5a4a3171a997', 'system': None}, Network: None, Subnet: None, Router: None
2025-04-17 04:23:35.189 66862 INFO tempest.lib.common.rest_client [req-1e530ddf-7784-41d2-8cbd-ae014433c9cd req-1e530ddf-7784-41d2-8cbd-ae014433c9cd ] Request (ServerDiagnosticsTest:test_get_server_diagnostics): 200 GET http://10.180.1.21/compute/v2.1/servers/a0bd3693-ed3f-4573-8250-85ae19a08869 2.244s
2025-04-17 04:23:35.205 66872 INFO tempest.lib.common.rest_client [req-7857f613-078b-44ff-86cc-611b9971a414 req-7857f613-078b-44ff-86cc-611b9971a414 ] Request (ServerDiagnosticsNegativeTest:setUpClass): 201 POST http://10.180.1.21/identity/v3/auth/tokens 0.173s
2025-04-17 04:23:35.209 66834 INFO tempest.lib.common.rest_client [req-b52aaef0-caa8-43c1-bd77-adf904385248 req-b52aaef0-caa8-43c1-bd77-adf904385248 ] Request (HypervisorAdminV253TestBase:tearDownClass): 204 DELETE http://10.180.1.21:9696/networking/v2.0/security-groups/ededbe9f-527c-48b2-8c79-be83ff3493a1 0.502s
2025-04-17 04:23:35.265 66839 INFO tempest.lib.common.rest_client [req-b50be104-3d72-40e8-8089-04c753b0acf4 req-b50be104-3d72-40e8-8089-04c753b0acf4 ] Request (QuotasAdminTestJSON:setUpClass): 204 PUT http://10.180.1.21/identity/v3/projects/1a2b97ddfcaa431caa02fd86d4756202/users/5018f1035d824b60a371b71f4c34b3d9/roles/99af61b335434d2aa8d70b75b2b21bf4 0.109s
2025-04-17 04:23:35.265 66839 INFO tempest.lib.common.dynamic_creds [-] Dynamic test user 5018f1035d824b60a371b71f4c34b3d9 is created with scope project and roles: ['member']
2025-04-17 04:23:35.265 66839 INFO tempest.lib.common.dynamic_creds [-] Acquired dynamic creds: credentials: Credentials: {'domain_id': 'default', 'domain_name': 'Default', 'username': 'tempest-QuotasAdminTestJSON-542467893-project-member', 'project_domain_id': 'default', 'project_domain_name': 'Default', 'project_id': '1a2b97ddfcaa431caa02fd86d4756202', 'project_name': 'tempest-QuotasAdminTestJSON-542467893', 'tenant_id': '1a2b97ddfcaa431caa02fd86d4756202', 'tenant_name': 'tempest-QuotasAdminTestJSON-542467893', 'user_domain_id': 'default', 'user_domain_name': 'Default', 'user_id': '5018f1035d824b60a371b71f4c34b3d9', 'system': None}, Network: None, Subnet: None, Router: None
2025-04-17 04:23:35.265 66839 INFO tempest.lib.common.dynamic_creds [-] Created isolated network resources for: credentials: Credentials: {'domain_id': 'default', 'domain_name': 'Default', 'username': 'tempest-QuotasAdminTestJSON-542467893-project-member', 'project_domain_id': 'default', 'project_domain_name': 'Default', 'project_id': '1a2b97ddfcaa431caa02fd86d4756202', 'project_name': 'tempest-QuotasAdminTestJSON-542467893', 'tenant_id': '1a2b97ddfcaa431caa02fd86d4756202', 'tenant_name': 'tempest-QuotasAdminTestJSON-542467893', 'user_domain_id': 'default', 'user_domain_name': 'Default', 'user_id': '5018f1035d824b60a371b71f4c34b3d9', 'system': None}, Network: None, Subnet: None, Router: None
2025-04-17 04:23:35.276 66856 INFO tempest.lib.common.rest_client [req-0636d0c2-ed64-461e-8d93-2a17a400a98a req-0636d0c2-ed64-461e-8d93-2a17a400a98a ] Request (ImagesDeleteNegativeTestJSON:setUpClass): 201 POST http://10.180.1.21/identity/v3/auth/tokens 0.084s
2025-04-17 04:23:35.344 66872 INFO tempest.lib.common.rest_client [req-c4385b1d-dc37-44d6-af12-10a0020537f8 req-c4385b1d-dc37-44d6-af12-10a0020537f8 ] Request (ServerDiagnosticsNegativeTest:setUpClass): 201 POST http://10.180.1.21/identity/v3/projects 0.138s
2025-04-17 04:23:35.357 66834 INFO tempest.lib.common.rest_client [req-86d7f7ae-726b-44b1-bd9e-7dc92f36a462 req-86d7f7ae-726b-44b1-bd9e-7dc92f36a462 ] Request (HypervisorAdminV253TestBase:tearDownClass): 204 DELETE http://10.180.1.21/identity/v3/projects/f900de97900547cdacb96a9c3bb28c03 0.147s
2025-04-17 04:23:35.420 66812 INFO tempest.lib.common.rest_client [req-960aa730-0a2b-4f6a-9d21-46896f9e9086 req-960aa730-0a2b-4f6a-9d21-46896f9e9086 ] Request (ImagesMetadataTestJSON:test_delete_image_metadata_item): 204 DELETE http://10.180.1.21/compute/v2.1/images/8363f0af-12a5-43a7-b553-7d3c213db5f7/metadata/os_version 1.530s
2025-04-17 04:23:35.422 66839 INFO tempest.lib.common.rest_client [req-f085a517-3995-412f-9c59-57b0efa20427 req-f085a517-3995-412f-9c59-57b0efa20427 ] Request (QuotasAdminTestJSON:setUpClass): 201 POST http://10.180.1.21/identity/v3/auth/tokens 0.152s
2025-04-17 04:23:35.458 66858 INFO tempest.lib.common.rest_client [req-91cc5da5-17b2-4306-89a8-b57fdb97e7a8 req-91cc5da5-17b2-4306-89a8-b57fdb97e7a8 ] Request (FlavorsAdminTestJSON:test_create_flavor_verify_entry_in_list_details): 200 POST http://10.180.1.21/compute/v2.1/flavors 1.532s
2025-04-17 04:23:35.462 66848 INFO tempest.lib.common.rest_client [req-91a116f9-f8a7-46cd-b64d-40481a6977c6 req-91a116f9-f8a7-46cd-b64d-40481a6977c6 ] Request (FlavorsAccessNegativeTestJSON:test_add_flavor_access_duplicate): 409 POST http://10.180.1.21/compute/v2.1/flavors/534916873/action 1.795s
2025-04-17 04:23:35.464 66865 INFO tempest.lib.common.rest_client [req-e8705b1f-9c92-4910-aff2-00da26507954 req-e8705b1f-9c92-4910-aff2-00da26507954 ] Request (InstanceUsageAuditLogNegativeTestJSON:test_instance_usage_audit_logs_with_nonadmin_user): 403 GET http://10.180.1.21/compute/v2.1/os-instance_usage_audit_log/2025-04-17%2004%3A23%3A34 1.290s
2025-04-17 04:23:35.475 66834 INFO tempest.lib.common.rest_client [req-bf1475eb-6fa1-470c-9271-846b7ea6e537 req-bf1475eb-6fa1-470c-9271-846b7ea6e537 ] Request (QuotasAdminNegativeTest:setUpClass): 201 POST http://10.180.1.21/identity/v3/auth/tokens 0.117s
2025-04-17 04:23:35.485 66872 INFO tempest.lib.common.rest_client [req-33cf7d21-e95b-4b7e-8330-e4e1ce5002d3 req-33cf7d21-e95b-4b7e-8330-e4e1ce5002d3 ] Request (ServerDiagnosticsNegativeTest:setUpClass): 201 POST http://10.180.1.21/identity/v3/users 0.140s
2025-04-17 04:23:35.488 66842 INFO tempest.lib.common.rest_client [req-e8790c5a-e908-44ed-aaf1-e1701a5897fd req-e8790c5a-e908-44ed-aaf1-e1701a5897fd ] Request (ServicesAdminNegativeV253TestJSON:test_get_service_by_invalid_params): 200 GET http://10.180.1.21/compute/v2.1/os-services 1.294s
2025-04-17 04:23:35.524 66839 INFO tempest.lib.common.rest_client [req-caa686be-0ec1-42eb-8bf1-707a7023432b req-caa686be-0ec1-42eb-8bf1-707a7023432b ] Request (QuotasAdminTestJSON:setUpClass): 201 POST http://10.180.1.21/identity/v3/projects 0.101s
2025-04-17 04:23:35.558 66865 INFO tempest.lib.common.rest_client [req-aedff624-47b5-4d7f-96fe-293e60150ec9 req-aedff624-47b5-4d7f-96fe-293e60150ec9 ] Request (InstanceUsageAuditLogNegativeTestJSON:tearDownClass): 204 DELETE http://10.180.1.21/identity/v3/users/c8f5d7c2f8774854bf0bc887157052ee 0.093s
2025-04-17 04:23:35.589 66834 INFO tempest.lib.common.rest_client [req-64bd3397-14f5-414a-9a4a-aa557a7d08f5 req-64bd3397-14f5-414a-9a4a-aa557a7d08f5 ] Request (QuotasAdminNegativeTest:setUpClass): 201 POST http://10.180.1.21/identity/v3/auth/tokens 0.111s
2025-04-17 04:23:35.608 66872 INFO tempest.lib.common.rest_client [req-9ec217da-8170-4054-ac4b-ff5229e43ee4 req-9ec217da-8170-4054-ac4b-ff5229e43ee4 ] Request (ServerDiagnosticsNegativeTest:setUpClass): 200 GET http://10.180.1.21/identity/v3/roles 0.123s
2025-04-17 04:23:35.617 66839 INFO tempest.lib.common.rest_client [req-d8f10068-5d32-4cd9-8e3e-b0ccfffb2683 req-d8f10068-5d32-4cd9-8e3e-b0ccfffb2683 ] Request (QuotasAdminTestJSON:setUpClass): 201 POST http://10.180.1.21/identity/v3/users 0.092s
2025-04-17 04:23:35.633 66834 INFO tempest.lib.common.rest_client [req-4822791b-9d41-4ba7-85bd-a2daa5883fdd req-4822791b-9d41-4ba7-85bd-a2daa5883fdd ] Request (QuotasAdminNegativeTest:setUpClass): 200 GET http://10.180.1.21/identity/v3/domains?name=Default 0.044s
2025-04-17 04:23:35.681 66865 INFO tempest.lib.common.rest_client [req-3fa9ea0e-699d-4c82-8aba-23535fb77611 req-3fa9ea0e-699d-4c82-8aba-23535fb77611 ] Request (InstanceUsageAuditLogNegativeTestJSON:tearDownClass): 204 DELETE http://10.180.1.21/identity/v3/users/97a476c85ea24596b86339312eb5329e 0.122s
2025-04-17 04:23:35.682 66865 INFO tempest.lib.common.dynamic_creds [-] Deleting project and security group for project: 05e1128e10744ec3a27b4b9a414b746c
2025-04-17 04:23:35.763 66828 INFO tempest.lib.common.rest_client [req-91e54a28-dbca-494a-a24f-bdd8fe98095b req-91e54a28-dbca-494a-a24f-bdd8fe98095b ] Request (NetworksTest:tearDownClass): 204 DELETE http://10.180.1.21:9696/networking/v2.0/security-groups/a051f61f-1a87-4e0c-9ee9-5d554ed26543 0.736s
2025-04-17 04:23:35.766 66872 INFO tempest.lib.common.rest_client [req-cb529589-0ead-4565-9c7b-8e35d7d4c8d2 req-cb529589-0ead-4565-9c7b-8e35d7d4c8d2 ] Request (ServerDiagnosticsNegativeTest:setUpClass): 204 PUT http://10.180.1.21/identity/v3/projects/4360069201124391bc13b53528871e01/users/f78be057729e4248b01952ddfd66021d/roles/ea7a289ed09b4b7d968ea032d4b6e06e 0.158s
2025-04-17 04:23:35.816 66839 INFO tempest.lib.common.rest_client [req-3d9cfa1b-db8d-47dc-b9e2-ea67f3a4ef44 req-3d9cfa1b-db8d-47dc-b9e2-ea67f3a4ef44 ] Request (QuotasAdminTestJSON:setUpClass): 200 GET http://10.180.1.21/identity/v3/roles 0.199s
2025-04-17 04:23:35.844 66840 INFO tempest.lib.common.rest_client [req-80e2e64e-fe27-4496-9376-1afa432eecf3 req-80e2e64e-fe27-4496-9376-1afa432eecf3 ] Request (QuotasAdminTestV236:test_get_updated_quotas): 200 PUT http://10.180.1.21/compute/v2.1/os-quota-sets/b756594a81c9495e9d58818c72d09585?user_id=e21a872d791b4295b7dacef604b55126 1.471s
2025-04-17 04:23:35.847 66865 INFO tempest.lib.common.rest_client [req-b135df39-bac5-41e7-a48a-6ee4bddc8c18 req-b135df39-bac5-41e7-a48a-6ee4bddc8c18 ] Request (InstanceUsageAuditLogNegativeTestJSON:tearDownClass): 201 POST http://10.180.1.21/identity/v3/auth/tokens 0.165s
2025-04-17 04:23:35.858 66834 INFO tempest.lib.common.rest_client [req-431ef54b-d102-416a-9131-99a05acee26a req-431ef54b-d102-416a-9131-99a05acee26a ] Request (QuotasAdminNegativeTest:setUpClass): 201 POST http://10.180.1.21/identity/v3/projects 0.223s
2025-04-17 04:23:35.918 66872 INFO tempest.lib.common.rest_client [req-a2881cea-a25a-4015-9379-452b2047c2e2 req-a2881cea-a25a-4015-9379-452b2047c2e2 ] Request (ServerDiagnosticsNegativeTest:setUpClass): 200 GET http://10.180.1.21/identity/v3/roles 0.151s
2025-04-17 04:23:35.938 66828 INFO tempest.lib.common.rest_client [req-864bcefd-8ed5-4ae5-bb88-c3108dbdc969 req-864bcefd-8ed5-4ae5-bb88-c3108dbdc969 ] Request (NetworksTest:tearDownClass): 204 DELETE http://10.180.1.21/identity/v3/projects/bd9f183028d94666871d01ce81d66d22 0.172s
2025-04-17 04:23:35.938 66828 INFO tempest.lib.common.dynamic_creds [-] Deleting project and security group for project: ef6f2f32b0cc44cc92730b9379a133f9
2025-04-17 04:23:35.970 66826 INFO tempest.lib.common.rest_client [req-2c32b7b4-d31c-43b3-9286-d39812d91c64 req-2c32b7b4-d31c-43b3-9286-d39812d91c64 ] Request (DeleteServersAdminTestJSON:test_admin_delete_servers_of_others): 200 GET http://10.180.1.21/compute/v2.1/servers/fac7d6a8-d74e-4130-8068-236289d5d616 1.664s
2025-04-17 04:23:35.990 66834 INFO tempest.lib.common.rest_client [req-80507f6b-0126-434d-8cc4-8c5a6f7f0614 req-80507f6b-0126-434d-8cc4-8c5a6f7f0614 ] Request (QuotasAdminNegativeTest:setUpClass): 201 POST http://10.180.1.21/identity/v3/users 0.132s
2025-04-17 04:23:36.001 66816 INFO tempest.lib.common.rest_client [req-cb31fff8-9982-4e88-b942-e01954094eb4 req-cb31fff8-9982-4e88-b942-e01954094eb4 ] Request (FlavorsExtraSpecsTestJSON:test_flavor_non_admin_get_specific_key): 200 POST http://10.180.1.21/compute/v2.1/flavors/483487178/os-extra_specs 1.571s
