2025-04-17 04:23:55.933 66866 INFO tempest.lib.common.rest_client [req-14da4a0c-be3b-4c86-8d2c-4c5cb511f7dc req-14da4a0c-be3b-4c86-8d2c-4c5cb511f7dc ] Request (VolumesAssistedSnapshotsTest:test_volume_assisted_snapshot_create_delete): 201 POST http://10.180.1.21/identity/v3/auth/tokens 0.154s
2025-04-17 04:23:55.935 66866 INFO tempest.lib.common.fixed_network [-] (VolumesAssistedSnapshotsTest:test_volume_assisted_snapshot_create_delete) Found network {'id': 'd187a622-50d1-4897-9906-b6a975964fd5', 'name': 'tempest-VolumesAssistedSnapshotsTest-2088136139-network', 'tenant_id': '5e3a4d4405ba4fdbbefcb58ce6be5179', 'admin_state_up': True, 'mtu': 8950, 'status': 'ACTIVE', 'subnets': [], 'shared': False, 'project_id': '5e3a4d4405ba4fdbbefcb58ce6be5179', 'port_security_enabled': True, 'router:external': False, 'provider:network_type': 'vlan', 'provider:physical_network': 'default', 'provider:segmentation_id': 289, 'is_default': False, 'availability_zone_hints': [], 'availability_zones': [], 'ipv4_address_scope': None, 'ipv6_address_scope': None, 'description': '', 'tags': [], 'created_at': '2025-04-17T04:23:23Z', 'updated_at': '2025-04-17T04:23:23Z', 'revision_number': 1} available for tenant
2025-04-17 04:23:55.939 66839 INFO tempest.lib.common.rest_client [req-e10a6781-908a-4fac-b155-f7f4ece9ffc4 req-e10a6781-908a-4fac-b155-f7f4ece9ffc4 ] Request (QuotasAdminTestJSON:test_get_updated_quotas): 200 PUT http://10.180.1.21/compute/v2.1/os-quota-sets/1ba4b62d431543c0b4d7025b94176044?user_id=aff35e2e300a42cf89a9b1f8f1e8f3f9 2.928s
2025-04-17 04:23:55.945 66816 INFO tempest.lib.common.rest_client [req-b6eeef46-0547-4641-9ada-d20cd0871f0a req-b6eeef46-0547-4641-9ada-d20cd0871f0a ] Request (FlavorsExtraSpecsTestJSON:tearDownClass): 200 GET http://10.180.1.21:9696/networking/v2.0/security-groups?tenant_id=f0d2c3f9bf474b60ac5cf366b2a6aa82&name=default 0.092s
2025-04-17 04:23:55.962 66840 INFO tempest.lib.common.rest_client [req-5619d1f7-333e-45c2-ad70-63e280bebdd4 req-5619d1f7-333e-45c2-ad70-63e280bebdd4 ] Request (ServerActionsTestOtherA:setUpClass): 200 GET http://10.180.1.21/identity/v3/domains?name=Default 0.046s
2025-04-17 04:23:55.970 66844 INFO tempest.lib.common.rest_client [req-acbec6d2-8dfb-4199-871d-af13878b8a57 req-acbec6d2-8dfb-4199-871d-af13878b8a57 ] Request (VolumesAdminNegativeTest:test_update_attached_volume_with_nonexistent_volume_in_body): 201 POST http://10.180.1.21/identity/v3/auth/tokens 0.100s
2025-04-17 04:23:55.971 66844 INFO tempest.lib.common.fixed_network [-] (VolumesAdminNegativeTest:test_update_attached_volume_with_nonexistent_volume_in_body) Found network {'id': '2149f17f-cf1d-4c76-b897-e5af3057bd06', 'name': 'tempest-VolumesAdminNegativeTest-1274272036-network', 'tenant_id': 'bde93af91cb848398a42cb84655433ce', 'admin_state_up': True, 'mtu': 8950, 'status': 'ACTIVE', 'subnets': [], 'shared': False, 'project_id': 'bde93af91cb848398a42cb84655433ce', 'port_security_enabled': True, 'router:external': False, 'provider:network_type': 'vlan', 'provider:physical_network': 'default', 'provider:segmentation_id': 711, 'is_default': False, 'availability_zone_hints': [], 'availability_zones': [], 'ipv4_address_scope': None, 'ipv6_address_scope': None, 'description': '', 'tags': [], 'created_at': '2025-04-17T04:23:30Z', 'updated_at': '2025-04-17T04:23:31Z', 'revision_number': 1} available for tenant
2025-04-17 04:23:56.005 66840 INFO tempest.lib.common.rest_client [req-a6d95d02-c5ed-4ade-b129-32f71c1744ea req-a6d95d02-c5ed-4ade-b129-32f71c1744ea ] Request (ServerActionsTestOtherA:setUpClass): 201 POST http://10.180.1.21/identity/v3/projects 0.043s
2025-04-17 04:23:56.032 66816 INFO tempest.lib.common.rest_client [req-983688ad-54af-422b-ab3e-df94fc77cea7 req-983688ad-54af-422b-ab3e-df94fc77cea7 ] Request (FlavorsExtraSpecsTestJSON:tearDownClass): 204 DELETE http://10.180.1.21:9696/networking/v2.0/security-groups/d3bbc80b-5009-4954-a80a-c1134c8e86f4 0.086s
2025-04-17 04:23:56.088 66840 INFO tempest.lib.common.rest_client [req-651bea2d-20f6-4f7c-9ae8-8e09f2771fbe req-651bea2d-20f6-4f7c-9ae8-8e09f2771fbe ] Request (ServerActionsTestOtherA:setUpClass): 201 POST http://10.180.1.21/identity/v3/users 0.082s
2025-04-17 04:23:56.118 66840 INFO tempest.lib.common.rest_client [req-95de4d60-1d49-4f68-9c17-21a3c5442445 req-95de4d60-1d49-4f68-9c17-21a3c5442445 ] Request (ServerActionsTestOtherA:setUpClass): 200 GET http://10.180.1.21/identity/v3/roles 0.029s
2025-04-17 04:23:56.145 66834 INFO tempest.lib.common.rest_client [req-f1547723-131c-4e52-bc1a-25d91830e667 req-f1547723-131c-4e52-bc1a-25d91830e667 ] Request (QuotasAdminNegativeTest:_run_cleanups): 200 PUT http://10.180.1.21/compute/v2.1/os-quota-sets/e0ea0e484d5a43298af9d8d1c35f2269 3.067s
2025-04-17 04:23:56.152 66860 INFO tempest.lib.common.rest_client [req-0032ecec-3387-47db-a5cd-c823269053f3 req-0032ecec-3387-47db-a5cd-c823269053f3 ] Request (HostsAdminNegativeTestJSON:test_show_host_detail_with_nonexistent_hostname): 404 GET http://10.180.1.21/compute/v2.1/os-hosts/nonexistent_hostname 2.748s
2025-04-17 04:23:56.153 66816 INFO tempest.lib.common.rest_client [req-88ef308e-adb3-4348-85f1-77747c1d8026 req-88ef308e-adb3-4348-85f1-77747c1d8026 ] Request (FlavorsExtraSpecsTestJSON:tearDownClass): 204 DELETE http://10.180.1.21/identity/v3/projects/f0d2c3f9bf474b60ac5cf366b2a6aa82 0.120s
2025-04-17 04:23:56.183 66840 INFO tempest.lib.common.rest_client [req-cde67ac3-f7c6-492d-902a-fbe438542f6a req-cde67ac3-f7c6-492d-902a-fbe438542f6a ] Request (ServerActionsTestOtherA:setUpClass): 204 PUT http://10.180.1.21/identity/v3/projects/0d284a7310c248d7963393e8d38dd1d8/users/c03f4ad8e001403992d3b28ca656b93f/roles/99af61b335434d2aa8d70b75b2b21bf4 0.065s
2025-04-17 04:23:56.183 66840 INFO tempest.lib.common.dynamic_creds [-] Dynamic test user c03f4ad8e001403992d3b28ca656b93f is created with scope project and roles: ['member']
2025-04-17 04:23:56.185 66840 INFO tempest.lib.common.dynamic_creds [-] Acquired dynamic creds: credentials: Credentials: {'domain_id': 'default', 'domain_name': 'Default', 'username': 'tempest-ServerActionsTestOtherA-755860816-project-member', 'project_domain_id': 'default', 'project_domain_name': 'Default', 'project_id': '0d284a7310c248d7963393e8d38dd1d8', 'project_name': 'tempest-ServerActionsTestOtherA-755860816', 'tenant_id': '0d284a7310c248d7963393e8d38dd1d8', 'tenant_name': 'tempest-ServerActionsTestOtherA-755860816', 'user_domain_id': 'default', 'user_domain_name': 'Default', 'user_id': 'c03f4ad8e001403992d3b28ca656b93f', 'system': None}, Network: None, Subnet: None, Router: None
2025-04-17 04:23:56.216 66816 INFO tempest.lib.common.rest_client [req-fc1c9c9b-d36a-4cb3-aba1-8187e93e2f92 req-fc1c9c9b-d36a-4cb3-aba1-8187e93e2f92 ] Request (TenantUsagesTestJSON:setUpClass): 201 POST http://10.180.1.21/identity/v3/auth/tokens 0.061s
2025-04-17 04:23:56.238 66840 INFO tempest.lib.common.rest_client [req-05027007-b564-401b-a9db-bcfc2d4efe55 req-05027007-b564-401b-a9db-bcfc2d4efe55 ] Request (ServerActionsTestOtherA:setUpClass): 201 POST http://10.180.1.21/identity/v3/auth/tokens 0.053s
2025-04-17 04:23:56.243 66816 INFO tempest.lib.common.rest_client [req-c275f87f-8a8b-41ad-9e91-4faf01e1cb4c req-c275f87f-8a8b-41ad-9e91-4faf01e1cb4c ] Request (TenantUsagesTestJSON:setUpClass): 201 POST http://10.180.1.21/identity/v3/auth/tokens 0.024s
2025-04-17 04:23:56.248 66824 INFO tempest.lib.common.rest_client [req-8e266c12-45e3-4e23-a4a4-f2a241b178ab req-8e266c12-45e3-4e23-a4a4-f2a241b178ab ] Request (ServerDiagnosticsV248Test:test_get_server_diagnostics): 200 GET http://10.180.1.21/compute/v2.1/servers/fd5d2ce8-12c0-4f76-bc8d-39c52989db55 2.705s
2025-04-17 04:23:56.260 66816 INFO tempest.lib.common.rest_client [req-cb0b2325-6dbe-49d0-babf-0303664458fb req-cb0b2325-6dbe-49d0-babf-0303664458fb ] Request (TenantUsagesTestJSON:setUpClass): 200 GET http://10.180.1.21/identity/v3/domains?name=Default 0.017s
2025-04-17 04:23:56.279 66810 INFO tempest.lib.common.rest_client [req-02d578b1-6ad4-46bf-bcd6-a51fb2b5f813 req-02d578b1-6ad4-46bf-bcd6-a51fb2b5f813 ] Request (ValidationResourcesFixture:setUp): 200 POST http://10.180.1.21/compute/v2.1/os-keypairs 2.714s
2025-04-17 04:23:56.292 66816 INFO tempest.lib.common.rest_client [req-f639e4e1-3cd1-4545-9798-c61235d0d14d req-f639e4e1-3cd1-4545-9798-c61235d0d14d ] Request (TenantUsagesTestJSON:setUpClass): 201 POST http://10.180.1.21/identity/v3/projects 0.031s
2025-04-17 04:23:56.344 66816 INFO tempest.lib.common.rest_client [req-bd3cec42-0d28-4282-88ac-821db9c5b69d req-bd3cec42-0d28-4282-88ac-821db9c5b69d ] Request (TenantUsagesTestJSON:setUpClass): 201 POST http://10.180.1.21/identity/v3/users 0.052s
2025-04-17 04:23:56.367 66816 INFO tempest.lib.common.rest_client [req-90624a18-0299-4dcb-8e53-59633f06cd4a req-90624a18-0299-4dcb-8e53-59633f06cd4a ] Request (TenantUsagesTestJSON:setUpClass): 200 GET http://10.180.1.21/identity/v3/roles 0.022s
2025-04-17 04:23:56.368 66810 INFO tempest.lib.common.rest_client [req-fbde4913-d79e-422d-902e-3f6a7ddec9c9 req-fbde4913-d79e-422d-902e-3f6a7ddec9c9 ] Request (ValidationResourcesFixture:setUp): 201 POST http://10.180.1.21:9696/networking/v2.0/security-groups 0.087s
2025-04-17 04:23:56.402 66816 INFO tempest.lib.common.rest_client [req-b8db0d15-b67b-4b42-9480-78a1544a0202 req-b8db0d15-b67b-4b42-9480-78a1544a0202 ] Request (TenantUsagesTestJSON:setUpClass): 204 PUT http://10.180.1.21/identity/v3/projects/aa17dde829a54e96ad14793ce577b7a7/users/273cbc096d16486386e3914790761977/roles/99af61b335434d2aa8d70b75b2b21bf4 0.035s
2025-04-17 04:23:56.403 66816 INFO tempest.lib.common.dynamic_creds [-] Dynamic test user 273cbc096d16486386e3914790761977 is created with scope project and roles: ['member']
2025-04-17 04:23:56.403 66816 INFO tempest.lib.common.dynamic_creds [-] Acquired dynamic creds: credentials: Credentials: {'domain_id': 'default', 'domain_name': 'Default', 'username': 'tempest-TenantUsagesTestJSON-825716312-project-member', 'project_domain_id': 'default', 'project_domain_name': 'Default', 'project_id': 'aa17dde829a54e96ad14793ce577b7a7', 'project_name': 'tempest-TenantUsagesTestJSON-825716312', 'tenant_id': 'aa17dde829a54e96ad14793ce577b7a7', 'tenant_name': 'tempest-TenantUsagesTestJSON-825716312', 'user_domain_id': 'default', 'user_domain_name': 'Default', 'user_id': '273cbc096d16486386e3914790761977', 'system': None}, Network: None, Subnet: None, Router: None
2025-04-17 04:23:56.403 66816 INFO tempest.lib.common.dynamic_creds [-] Created isolated network resources for: credentials: Credentials: {'domain_id': 'default', 'domain_name': 'Default', 'username': 'tempest-TenantUsagesTestJSON-825716312-project-member', 'project_domain_id': 'default', 'project_domain_name': 'Default', 'project_id': 'aa17dde829a54e96ad14793ce577b7a7', 'project_name': 'tempest-TenantUsagesTestJSON-825716312', 'tenant_id': 'aa17dde829a54e96ad14793ce577b7a7', 'tenant_name': 'tempest-TenantUsagesTestJSON-825716312', 'user_domain_id': 'default', 'user_domain_name': 'Default', 'user_id': '273cbc096d16486386e3914790761977', 'system': None}, Network: None, Subnet: None, Router: None
2025-04-17 04:23:56.431 66818 INFO tempest.lib.common.rest_client [req-0779ecc9-05f4-4c13-80ba-30cae680d719 req-0779ecc9-05f4-4c13-80ba-30cae680d719 ] Request (ServerExternalEventsTest:test_create_server_external_events): 200 GET http://10.180.1.21/compute/v2.1/servers/5e2ed48b-9cc5-4f62-b5a7-9f161b5a6a4e 2.605s
2025-04-17 04:23:56.435 66810 INFO tempest.lib.common.rest_client [req-9aed3e4b-43de-44bb-8cfc-1f66eed7b601 req-9aed3e4b-43de-44bb-8cfc-1f66eed7b601 ] Request (ValidationResourcesFixture:setUp): 201 POST http://10.180.1.21:9696/networking/v2.0/security-group-rules 0.066s
2025-04-17 04:23:56.484 66816 INFO tempest.lib.common.rest_client [req-83aeeed8-c272-4e81-94ca-bfb12aba6858 req-83aeeed8-c272-4e81-94ca-bfb12aba6858 ] Request (TenantUsagesTestJSON:setUpClass): 201 POST http://10.180.1.21/identity/v3/auth/tokens 0.076s
2025-04-17 04:23:56.508 66810 INFO tempest.lib.common.rest_client [req-c73cd844-bad1-49da-8d68-754e44fb3bda req-c73cd844-bad1-49da-8d68-754e44fb3bda ] Request (ValidationResourcesFixture:setUp): 201 POST http://10.180.1.21:9696/networking/v2.0/security-group-rules 0.072s
2025-04-17 04:23:56.541 66816 INFO tempest.lib.common.rest_client [req-997d9331-5722-42df-86fa-e0da8d2a6f6c req-997d9331-5722-42df-86fa-e0da8d2a6f6c ] Request (TenantUsagesTestJSON:setUpClass): 201 POST http://10.180.1.21/identity/v3/projects 0.057s
2025-04-17 04:23:56.593 66816 INFO tempest.lib.common.rest_client [req-05e62ed2-70f6-4d5d-9a03-ff0d649cb2c7 req-05e62ed2-70f6-4d5d-9a03-ff0d649cb2c7 ] Request (TenantUsagesTestJSON:setUpClass): 201 POST http://10.180.1.21/identity/v3/users 0.052s
2025-04-17 04:23:56.610 66816 INFO tempest.lib.common.rest_client [req-fbd73e80-94cb-4164-8c05-0bad04daf4cf req-fbd73e80-94cb-4164-8c05-0bad04daf4cf ] Request (TenantUsagesTestJSON:setUpClass): 200 GET http://10.180.1.21/identity/v3/roles 0.016s
2025-04-17 04:23:56.636 66816 INFO tempest.lib.common.rest_client [req-21888ee3-eb3e-4630-b480-bbcaf66980a6 req-21888ee3-eb3e-4630-b480-bbcaf66980a6 ] Request (TenantUsagesTestJSON:setUpClass): 204 PUT http://10.180.1.21/identity/v3/projects/49b87540c93a4678829323d28336541c/users/1dee6fc179754707b94bc46cecd1f591/roles/ea7a289ed09b4b7d968ea032d4b6e06e 0.025s
2025-04-17 04:23:56.685 66814 INFO tempest.lib.common.rest_client [req-2d306a1f-b5dd-416b-9ba2-56d1c2a69a93 req-2d306a1f-b5dd-416b-9ba2-56d1c2a69a93 ] Request (ImagesTestJSON:test_create_image_from_stopped_server): 200 GET http://10.180.1.21/compute/v2.1/servers/0dde4206-5a56-43f2-a5a1-ca0b5fd91f72 2.585s
2025-04-17 04:23:56.688 66816 INFO tempest.lib.common.rest_client [req-3a02f4d1-62f4-4137-930b-afbfd589123b req-3a02f4d1-62f4-4137-930b-afbfd589123b ] Request (TenantUsagesTestJSON:setUpClass): 200 GET http://10.180.1.21/identity/v3/roles 0.052s
2025-04-17 04:23:56.713 66816 INFO tempest.lib.common.rest_client [req-c28e7459-1ee8-420e-9159-05d77de07a00 req-c28e7459-1ee8-420e-9159-05d77de07a00 ] Request (TenantUsagesTestJSON:setUpClass): 204 PUT http://10.180.1.21/identity/v3/projects/49b87540c93a4678829323d28336541c/users/1dee6fc179754707b94bc46cecd1f591/roles/ea7a289ed09b4b7d968ea032d4b6e06e 0.024s
2025-04-17 04:23:56.713 66816 INFO tempest.lib.common.dynamic_creds [-] Dynamic test user 1dee6fc179754707b94bc46cecd1f591 is created with scope project and roles: ['admin']
2025-04-17 04:23:56.713 66816 INFO tempest.lib.common.dynamic_creds [-] Acquired dynamic creds: credentials: Credentials: {'domain_id': 'default', 'domain_name': 'Default', 'username': 'tempest-TenantUsagesTestJSON-1992402184-project-admin', 'project_domain_id': 'default', 'project_domain_name': 'Default', 'project_id': '49b87540c93a4678829323d28336541c', 'project_name': 'tempest-TenantUsagesTestJSON-1992402184', 'tenant_id': '49b87540c93a4678829323d28336541c', 'tenant_name': 'tempest-TenantUsagesTestJSON-1992402184', 'user_domain_id': 'default', 'user_domain_name': 'Default', 'user_id': '1dee6fc179754707b94bc46cecd1f591', 'system': None}, Network: None, Subnet: None, Router: None
2025-04-17 04:23:56.713 66816 INFO tempest.lib.common.dynamic_creds [-] Created isolated network resources for: credentials: Credentials: {'domain_id': 'default', 'domain_name': 'Default', 'username': 'tempest-TenantUsagesTestJSON-1992402184-project-admin', 'project_domain_id': 'default', 'project_domain_name': 'Default', 'project_id': '49b87540c93a4678829323d28336541c', 'project_name': 'tempest-TenantUsagesTestJSON-1992402184', 'tenant_id': '49b87540c93a4678829323d28336541c', 'tenant_name': 'tempest-TenantUsagesTestJSON-1992402184', 'user_domain_id': 'default', 'user_domain_name': 'Default', 'user_id': '1dee6fc179754707b94bc46cecd1f591', 'system': None}, Network: None, Subnet: None, Router: None
2025-04-17 04:23:56.784 66840 INFO tempest.lib.common.rest_client [req-1eedd2af-8e98-4bb9-a96c-e16cea0c5e7c req-1eedd2af-8e98-4bb9-a96c-e16cea0c5e7c ] Request (ServerActionsTestOtherA:setUpClass): 201 POST http://10.180.1.21:9696/networking/v2.0/networks 0.545s
2025-04-17 04:23:56.797 66816 INFO tempest.lib.common.rest_client [req-ca42fd69-8825-4b82-95be-5d9cbdd35ca9 req-ca42fd69-8825-4b82-95be-5d9cbdd35ca9 ] Request (TenantUsagesTestJSON:setUpClass): 201 POST http://10.180.1.21/identity/v3/auth/tokens 0.081s
2025-04-17 04:23:56.798 66816 WARNING tempest.lib.common.rest_client [-] Deprecated: "tenant_id" property is deprecated for removal, use "project_id" instead
2025-04-17 04:23:56.803 66842 INFO tempest.lib.common.rest_client [req-579a6bcc-870b-4cb3-9cbb-0886a662d1a8 req-579a6bcc-870b-4cb3-9cbb-0886a662d1a8 ] Request (FloatingIPsTestJSON:test_allocate_floating_ip): 200 POST http://10.180.1.21/compute/v2.1/os-floating-ips 3.913s
2025-04-17 04:23:56.826 66858 INFO tempest.lib.common.rest_client [req-8975ac41-a6f0-4c05-9733-e8c22e7c6e99 req-8975ac41-a6f0-4c05-9733-e8c22e7c6e99 ] Request (FlavorsAdminTestJSON:_run_cleanups): 202 DELETE http://10.180.1.21/compute/v2.1/flavors/130ba9a9-952c-4c19-9116-d3274f7ac48f 2.566s
2025-04-17 04:23:56.828 66868 INFO tempest.lib.common.rest_client [req-1125cfcb-1aab-4bad-bfa4-bcad7a9cf5b6 req-1125cfcb-1aab-4bad-bfa4-bcad7a9cf5b6 ] Request (TenantUsagesNegativeTestJSON:test_list_usage_all_tenants_with_non_admin_user): 403 GET http://10.180.1.21/compute/v2.1/os-simple-tenant-usage?start=2025-04-16T04%3A23%3A48.373312&end=2025-04-18T04%3A23%3A48.373312&detailed=1 2.672s
2025-04-17 04:23:56.863 66812 INFO tempest.lib.common.rest_client [req-6949b3f3-04c0-4230-a465-f1d29c3a44da req-6949b3f3-04c0-4230-a465-f1d29c3a44da ] Request (ImagesMetadataTestJSON:test_set_image_metadata_item): 200 GET http://10.180.1.21/compute/v2.1/images/8363f0af-12a5-43a7-b553-7d3c213db5f7/metadata 2.394s
2025-04-17 04:23:56.866 66816 INFO tempest.lib.common.rest_client [req-168bfbd8-781b-4928-80f8-237e7e10da4d req-168bfbd8-781b-4928-80f8-237e7e10da4d ] Request (TenantUsagesTestJSON:setUpClass): 201 POST http://10.180.1.21/identity/v3/auth/tokens 0.064s
2025-04-17 04:23:56.867 66816 INFO tempest.lib.common.fixed_network [-] (TenantUsagesTestJSON:setUpClass) Found network None available for tenant
2025-04-17 04:23:56.926 66868 INFO tempest.lib.common.rest_client [req-a4a0b9f2-ec79-401e-9e0f-8c36b165de66 req-a4a0b9f2-ec79-401e-9e0f-8c36b165de66 ] Request (TenantUsagesNegativeTestJSON:tearDownClass): 204 DELETE http://10.180.1.21/identity/v3/users/6d7630d8187941e489aca426d59081bb 0.093s
2025-04-17 04:23:56.960 66810 INFO tempest.lib.common.rest_client [req-95520000-7b5c-41a3-8790-bbf46776a8b7 req-95520000-7b5c-41a3-8790-bbf46776a8b7 ] Request (ValidationResourcesFixture:setUp): 201 POST http://10.180.1.21:9696/networking/v2.0/floatingips 0.451s
2025-04-17 04:23:57.002 66872 INFO tempest.lib.common.rest_client [req-65957cbe-283f-427b-bc55-04879024db38 req-65957cbe-283f-427b-bc55-04879024db38 ] Request (ServerDiagnosticsNegativeTest:test_get_server_diagnostics_by_non_admin): 200 GET http://10.180.1.21/compute/v2.1/servers/3816b87a-030d-4362-9596-bd0899455e52 2.183s
2025-04-17 04:23:57.016 66870 INFO tempest.lib.common.rest_client [req-bc793253-466a-4d14-bcad-008d53785868 req-bc793253-466a-4d14-bcad-008d53785868 ] Request (ImagesNegativeTestJSON:test_create_image_from_deleted_server): 200 GET http://10.180.1.21/compute/v2.1/servers/da4dff27-123e-44ac-83b5-1b2b3d731e0a 2.611s
2025-04-17 04:23:57.018 66848 INFO tempest.lib.common.rest_client [req-46fad0fa-7118-4f68-be37-5d010ea06441 req-46fad0fa-7118-4f68-be37-5d010ea06441 ] Request (FlavorsAccessNegativeTestJSON:_run_cleanups): 200 GET http://10.180.1.21/compute/v2.1/flavors/detail 2.184s
2025-04-17 04:23:57.024 66810 INFO tempest.lib.common.rest_client [req-4be62bab-68b2-45b1-8b14-24974505d6cf req-4be62bab-68b2-45b1-8b14-24974505d6cf ] Request (ServersWithSpecificFlavorTestJSON:test_verify_created_server_ephemeral_disk): 201 POST http://10.180.1.21/identity/v3/auth/tokens 0.061s
2025-04-17 04:23:57.024 66810 INFO tempest.lib.common.fixed_network [-] (ServersWithSpecificFlavorTestJSON:test_verify_created_server_ephemeral_disk) Found network {'id': '7aeac3e1-dc7a-41c5-af15-07ff0b7af7b3', 'name': 'tempest-ServersWithSpecificFlavorTestJSON-1144628065-network', 'tenant_id': '041fb065260e4d75881eac431d88ada8', 'admin_state_up': True, 'mtu': 8950, 'status': 'ACTIVE', 'subnets': [], 'shared': False, 'project_id': '041fb065260e4d75881eac431d88ada8', 'port_security_enabled': True, 'router:external': False, 'provider:network_type': 'vlan', 'provider:physical_network': 'default', 'provider:segmentation_id': 407, 'is_default': False, 'availability_zone_hints': [], 'availability_zones': [], 'ipv4_address_scope': None, 'ipv6_address_scope': None, 'description': '', 'tags': [], 'created_at': '2025-04-17T04:23:24Z', 'updated_at': '2025-04-17T04:23:24Z', 'revision_number': 1} available for tenant
2025-04-17 04:23:57.026 66868 INFO tempest.lib.common.rest_client [req-22d94b50-f982-4d02-ad3e-9defd740e826 req-22d94b50-f982-4d02-ad3e-9defd740e826 ] Request (TenantUsagesNegativeTestJSON:tearDownClass): 204 DELETE http://10.180.1.21/identity/v3/users/69ff776e84d649e891456c9c9bb3a1c5 0.099s
2025-04-17 04:23:57.026 66868 INFO tempest.lib.common.dynamic_creds [-] Deleting project and security group for project: 790d9b1266d94bfbb5183b14fd6b1553
2025-04-17 04:23:57.031 66840 INFO tempest.lib.common.rest_client [req-16852797-e46d-4b42-b6b0-2c05c368f6f0 req-16852797-e46d-4b42-b6b0-2c05c368f6f0 ] Request (ServerActionsTestOtherA:setUpClass): 201 POST http://10.180.1.21:9696/networking/v2.0/subnets 0.247s
2025-04-17 04:23:57.079 66868 INFO tempest.lib.common.rest_client [req-154c2b83-e335-4b7f-a6a2-7a0c9a28a8eb req-154c2b83-e335-4b7f-a6a2-7a0c9a28a8eb ] Request (TenantUsagesNegativeTestJSON:tearDownClass): 201 POST http://10.180.1.21/identity/v3/auth/tokens 0.053s
2025-04-17 04:23:57.115 66862 INFO tempest.lib.common.rest_client [req-41183b4c-6185-4a2e-b07b-75f45ec5e3b7 req-41183b4c-6185-4a2e-b07b-75f45ec5e3b7 ] Request (ServerDiagnosticsTest:test_get_server_diagnostics): 200 GET http://10.180.1.21/compute/v2.1/servers/a0bd3693-ed3f-4573-8250-85ae19a08869 1.962s
2025-04-17 04:23:57.257 66830 INFO tempest.lib.common.rest_client [req-5f510cc7-420f-4684-aa8a-f4263286cd00 req-5f510cc7-420f-4684-aa8a-f4263286cd00 ] Request (ServersTestFqdnHostnames:test_create_server_with_fqdn_name): 200 GET http://10.180.1.21/compute/v2.1/servers/89e32d26-aa13-4b13-9aec-9e35513946e8 1.728s
2025-04-17 04:23:57.268 66820 INFO tempest.lib.common.rest_client [req-9e52050f-82c0-4cc7-810c-644e68e39376 req-9e52050f-82c0-4cc7-810c-644e68e39376 ] Request (AggregatesAdminNegativeTestJSON:test_aggregate_create_as_user): 403 POST http://10.180.1.21/compute/v2.1/os-aggregates 1.728s
2025-04-17 04:23:57.278 66850 INFO tempest.lib.common.rest_client [req-8c901f35-ccb6-4eb5-9020-cb4704594727 req-8c901f35-ccb6-4eb5-9020-cb4704594727 ] Request (FlavorsExtraSpecsNegativeTestJSON:test_flavor_non_admin_update_specific_key): 403 PUT http://10.180.1.21/compute/v2.1/flavors/262189008/os-extra_specs/hw:numa_nodes 1.719s
2025-04-17 04:23:57.341 66868 INFO tempest.lib.common.rest_client [req-2897eebb-3c04-4dd7-b9ee-220182e869a9 req-2897eebb-3c04-4dd7-b9ee-220182e869a9 ] Request (TenantUsagesNegativeTestJSON:tearDownClass): 200 GET http://10.180.1.21:9696/networking/v2.0/security-groups?tenant_id=790d9b1266d94bfbb5183b14fd6b1553&name=default 0.261s
2025-04-17 04:23:57.396 66856 INFO tempest.lib.common.rest_client [req-edb2de05-e404-4133-9575-bac2752ffa54 req-edb2de05-e404-4133-9575-bac2752ffa54 ] Request (MultipleCreateTestJSON:test_multiple_create): 200 GET http://10.180.1.21/compute/v2.1/servers 1.762s
2025-04-17 04:23:57.469 66852 INFO tempest.lib.common.rest_client [req-615684f3-b8b9-4dca-9bea-5b34a23a4aed req-615684f3-b8b9-4dca-9bea-5b34a23a4aed ] Request (FloatingIPsAssociationTestJSON:setUpClass): 200 GET http://10.180.1.21/compute/v2.1/servers/a7e25e40-1039-4271-ba02-0cb74179dfbf 1.695s
2025-04-17 04:23:57.485 66868 INFO tempest.lib.common.rest_client [req-7a0bbdce-e546-4ee0-a334-908ef62f8403 req-7a0bbdce-e546-4ee0-a334-908ef62f8403 ] Request (TenantUsagesNegativeTestJSON:tearDownClass): 204 DELETE http://10.180.1.21:9696/networking/v2.0/security-groups/6ced8c8b-a72d-4fbd-abd7-b24845a5f799 0.143s
2025-04-17 04:23:57.541 66868 INFO tempest.lib.common.rest_client [req-91ee80e4-c4ba-40fc-993d-ced8dd651f79 req-91ee80e4-c4ba-40fc-993d-ced8dd651f79 ] Request (TenantUsagesNegativeTestJSON:tearDownClass): 204 DELETE http://10.180.1.21/identity/v3/projects/790d9b1266d94bfbb5183b14fd6b1553 0.056s
2025-04-17 04:23:57.542 66868 INFO tempest.lib.common.dynamic_creds [-] Deleting project and security group for project: 59dd0303e27643d4abc766a56639999d
2025-04-17 04:23:57.631 66822 INFO tempest.lib.common.rest_client [req-36b435cd-30f1-486c-bb6c-1131799e7e41 req-36b435cd-30f1-486c-bb6c-1131799e7e41 ] Request (SecurityGroupsTestJSON:test_list_security_groups_by_server): 200 GET http://10.180.1.21/compute/v2.1/servers/fce1b601-0363-4447-b802-3ea5d3aa97a0 1.807s
2025-04-17 04:23:57.643 66865 INFO tempest.lib.common.rest_client [req-d02cf7f0-331d-46ac-8a35-6a3c0d39bb4e req-d02cf7f0-331d-46ac-8a35-6a3c0d39bb4e ] Request (ServersAdminTestJSON:setUpClass): 202 POST http://10.180.1.21/compute/v2.1/servers 2.590s
2025-04-17 04:23:57.670 66868 INFO tempest.lib.common.rest_client [req-77831895-b5f8-4965-8802-44bc84184a71 req-77831895-b5f8-4965-8802-44bc84184a71 ] Request (TenantUsagesNegativeTestJSON:tearDownClass): 200 GET http://10.180.1.21:9696/networking/v2.0/security-groups?tenant_id=59dd0303e27643d4abc766a56639999d&name=default 0.128s
2025-04-17 04:23:57.714 66865 INFO tempest.lib.common.rest_client [req-c42b46d4-051e-48ad-9c7f-484774206e09 req-c42b46d4-051e-48ad-9c7f-484774206e09 ] Request (ServersAdminTestJSON:setUpClass): 201 POST http://10.180.1.21/identity/v3/auth/tokens 0.065s
2025-04-17 04:23:57.715 66865 INFO tempest.lib.common.fixed_network [-] (ServersAdminTestJSON:setUpClass) Found network {'id': 'd42bdc1e-da5b-4afb-9185-f5602593b367', 'name': 'tempest-ServersAdminTestJSON-1292004902-network', 'tenant_id': '9ab51edff1d44a5d9ac4385debdd231f', 'admin_state_up': True, 'mtu': 8950, 'status': 'ACTIVE', 'subnets': [], 'shared': False, 'project_id': '9ab51edff1d44a5d9ac4385debdd231f', 'port_security_enabled': True, 'router:external': False, 'provider:network_type': 'vlan', 'provider:physical_network': 'default', 'provider:segmentation_id': 327, 'is_default': False, 'availability_zone_hints': [], 'availability_zones': [], 'ipv4_address_scope': None, 'ipv6_address_scope': None, 'description': '', 'tags': [], 'created_at': '2025-04-17T04:23:39Z', 'updated_at': '2025-04-17T04:23:39Z', 'revision_number': 1} available for tenant
2025-04-17 04:23:57.763 66839 INFO tempest.lib.common.rest_client [req-c07c5f5e-aec7-484d-83c7-9a91649d07e4 req-c07c5f5e-aec7-484d-83c7-9a91649d07e4 ] Request (QuotasAdminTestJSON:test_get_updated_quotas): 200 GET http://10.180.1.21/compute/v2.1/os-quota-sets/1ba4b62d431543c0b4d7025b94176044?user_id=aff35e2e300a42cf89a9b1f8f1e8f3f9 1.820s
2025-04-17 04:23:57.819 66868 INFO tempest.lib.common.rest_client [req-cd68f457-ba1a-4391-862b-e93bd5084ea2 req-cd68f457-ba1a-4391-862b-e93bd5084ea2 ] Request (TenantUsagesNegativeTestJSON:tearDownClass): 204 DELETE http://10.180.1.21:9696/networking/v2.0/security-groups/94766cc8-359f-4f22-a79f-fa0364aae0d6 0.148s
2025-04-17 04:23:57.842 66839 INFO tempest.lib.common.rest_client [req-868c0907-6d41-4272-88af-afda056220b8 req-868c0907-6d41-4272-88af-afda056220b8 ] Request (QuotasAdminTestJSON:_run_cleanups): 204 DELETE http://10.180.1.21/identity/v3/users/aff35e2e300a42cf89a9b1f8f1e8f3f9 0.076s
2025-04-17 04:23:57.929 66839 INFO tempest.lib.common.rest_client [req-fdb09677-e96e-4274-9abc-8066b467319e req-fdb09677-e96e-4274-9abc-8066b467319e ] Request (QuotasAdminTestJSON:_run_cleanups): 204 DELETE http://10.180.1.21/identity/v3/projects/1ba4b62d431543c0b4d7025b94176044 0.087s
2025-04-17 04:23:57.943 66840 INFO tempest.lib.common.rest_client [req-bd556b1a-386d-4303-bd56-3944dba578d4 req-bd556b1a-386d-4303-bd56-3944dba578d4 ] Request (ServerActionsTestOtherA:setUpClass): 201 POST http://10.180.1.21:9696/networking/v2.0/routers 0.911s
2025-04-17 04:23:58.095 66868 INFO tempest.lib.common.rest_client [req-6d89e724-cdde-4ee6-8968-738ac275fe70 req-6d89e724-cdde-4ee6-8968-738ac275fe70 ] Request (TenantUsagesNegativeTestJSON:tearDownClass): 204 DELETE http://10.180.1.21/identity/v3/projects/59dd0303e27643d4abc766a56639999d 0.275s
2025-04-17 04:23:58.135 66866 INFO tempest.lib.common.rest_client [req-96b84287-e677-4a54-be70-6d9fd9be30fd req-96b84287-e677-4a54-be70-6d9fd9be30fd ] Request (VolumesAssistedSnapshotsTest:test_volume_assisted_snapshot_create_delete): 202 POST http://10.180.1.21/compute/v2.1/servers 2.199s
2025-04-17 04:23:58.155 66868 INFO tempest.lib.common.rest_client [req-6979d432-1817-4fba-8179-a2cf2fa9687e req-6979d432-1817-4fba-8179-a2cf2fa9687e ] Request (ServerMetadataNegativeTestJSON:setUpClass): 201 POST http://10.180.1.21/identity/v3/auth/tokens 0.059s
2025-04-17 04:23:58.183 66868 INFO tempest.lib.common.rest_client [req-47a046b7-5f00-40ae-af58-e8aae59ee423 req-47a046b7-5f00-40ae-af58-e8aae59ee423 ] Request (ServerMetadataNegativeTestJSON:setUpClass): 201 POST http://10.180.1.21/identity/v3/auth/tokens 0.026s
2025-04-17 04:23:58.207 66868 INFO tempest.lib.common.rest_client [req-0c2bddf0-139b-44a6-9003-427d49fcfdda req-0c2bddf0-139b-44a6-9003-427d49fcfdda ] Request (ServerMetadataNegativeTestJSON:setUpClass): 200 GET http://10.180.1.21/identity/v3/domains?name=Default 0.023s
2025-04-17 04:23:58.248 66868 INFO tempest.lib.common.rest_client [req-287ff54c-3e5c-4656-9713-0faebb843ccf req-287ff54c-3e5c-4656-9713-0faebb843ccf ] Request (ServerMetadataNegativeTestJSON:setUpClass): 201 POST http://10.180.1.21/identity/v3/projects 0.041s
2025-04-17 04:23:58.256 66844 INFO tempest.lib.common.rest_client [req-d73e3eb5-1ac2-4ebd-813e-4d6aeec360b2 req-d73e3eb5-1ac2-4ebd-813e-4d6aeec360b2 ] Request (VolumesAdminNegativeTest:test_update_attached_volume_with_nonexistent_volume_in_body): 202 POST http://10.180.1.21/compute/v2.1/servers 2.284s
2025-04-17 04:23:58.261 66860 INFO tempest.lib.common.rest_client [req-485b2a2c-b567-476d-b12c-a0df4e8926f2 req-485b2a2c-b567-476d-b12c-a0df4e8926f2 ] Request (HostsAdminNegativeTestJSON:test_shutdown_host_with_non_admin_user): 403 GET http://10.180.1.21/compute/v2.1/os-hosts/devstack/shutdown 2.108s
2025-04-17 04:23:58.316 66834 INFO tempest.lib.common.rest_client [req-dc86c6ff-c4e0-474a-909d-f842124c518c req-dc86c6ff-c4e0-474a-909d-f842124c518c ] Request (QuotasAdminNegativeTest:test_create_server_when_memory_quota_is_full): 200 GET http://10.180.1.21/compute/v2.1/os-quota-sets/e0ea0e484d5a43298af9d8d1c35f2269 2.169s
2025-04-17 04:23:58.327 66868 INFO tempest.lib.common.rest_client [req-184d0e4b-ba3d-4c7b-8540-50454f9b84ef req-184d0e4b-ba3d-4c7b-8540-50454f9b84ef ] Request (ServerMetadataNegativeTestJSON:setUpClass): 201 POST http://10.180.1.21/identity/v3/users 0.079s
2025-04-17 04:23:58.346 66868 INFO tempest.lib.common.rest_client [req-11da4f1d-3aa1-4bea-a222-b77888b95bb0 req-11da4f1d-3aa1-4bea-a222-b77888b95bb0 ] Request (ServerMetadataNegativeTestJSON:setUpClass): 200 GET http://10.180.1.21/identity/v3/roles 0.018s
2025-04-17 04:23:58.374 66868 INFO tempest.lib.common.rest_client [req-86df978e-1c30-4ef4-86c4-c187e06f8dd8 req-86df978e-1c30-4ef4-86c4-c187e06f8dd8 ] Request (ServerMetadataNegativeTestJSON:setUpClass): 204 PUT http://10.180.1.21/identity/v3/projects/d40680c180674e579855f81356a66d25/users/135d852ecdb246cb8890c9d1b8b6fc7e/roles/99af61b335434d2aa8d70b75b2b21bf4 0.027s
2025-04-17 04:23:58.376 66868 INFO tempest.lib.common.dynamic_creds [-] Dynamic test user 135d852ecdb246cb8890c9d1b8b6fc7e is created with scope project and roles: ['member']
2025-04-17 04:23:58.376 66868 INFO tempest.lib.common.dynamic_creds [-] Acquired dynamic creds: credentials: Credentials: {'domain_id': 'default', 'domain_name': 'Default', 'username': 'tempest-ServerMetadataNegativeTestJSON-2097983492-project-member', 'project_domain_id': 'default', 'project_domain_name': 'Default', 'project_id': 'd40680c180674e579855f81356a66d25', 'project_name': 'tempest-ServerMetadataNegativeTestJSON-2097983492', 'tenant_id': 'd40680c180674e579855f81356a66d25', 'tenant_name': 'tempest-ServerMetadataNegativeTestJSON-2097983492', 'user_domain_id': 'default', 'user_domain_name': 'Default', 'user_id': '135d852ecdb246cb8890c9d1b8b6fc7e', 'system': None}, Network: None, Subnet: None, Router: None
2025-04-17 04:23:58.399 66836 INFO tempest.lib.common.rest_client [req-adf2176d-24ea-425d-8102-dfd998d33901 req-adf2176d-24ea-425d-8102-dfd998d33901 ] Request (ServersAdmin275Test:test_rebuild_update_server_275): 200 GET http://10.180.1.21/compute/v2.1/servers/f5415bfe-3f3a-4f4b-985d-59655791bb2b 1.982s
2025-04-17 04:23:58.436 66868 INFO tempest.lib.common.rest_client [req-908d94c6-1f85-4f0a-ba98-66c6d15b52c8 req-908d94c6-1f85-4f0a-ba98-66c6d15b52c8 ] Request (ServerMetadataNegativeTestJSON:setUpClass): 201 POST http://10.180.1.21/identity/v3/auth/tokens 0.060s
2025-04-17 04:23:58.465 66826 INFO tempest.lib.common.rest_client [req-f526aa1b-65df-4b2e-884c-b30f84ae47ce req-f526aa1b-65df-4b2e-884c-b30f84ae47ce ] Request (DeleteServersAdminTestJSON:test_admin_delete_servers_of_others): 200 GET http://10.180.1.21/compute/v2.1/servers/fac7d6a8-d74e-4130-8068-236289d5d616 2.120s
2025-04-17 04:23:58.468 66846 INFO tempest.lib.common.rest_client [req-d9c692b7-f469-44ee-b938-42e69338a157 req-d9c692b7-f469-44ee-b938-42e69338a157 ] Request (MigrationsAdminTest:test_list_migrations_in_flavor_resize_situation): 200 GET http://10.180.1.21/compute/v2.1/servers/fb0a8c5f-e245-42f9-be68-5f8256d73afc 1.927s
2025-04-17 04:23:58.540 66854 INFO tempest.lib.common.rest_client [req-52be7c3a-cda2-41c6-b941-29ed28b33d3f req-52be7c3a-cda2-41c6-b941-29ed28b33d3f ] Request (ListImageFiltersTestJSON:setUpClass): 200 GET http://10.180.1.21/compute/v2.1/servers/fc54f5d5-47fb-4d62-837b-784237ffe5cd 1.895s
2025-04-17 04:23:58.562 66858 INFO tempest.lib.common.rest_client [req-7177d2a8-fcc8-4284-b799-e8dd300e4c59 req-7177d2a8-fcc8-4284-b799-e8dd300e4c59 ] Request (FlavorsAdminTestJSON:_run_cleanups): 200 GET http://10.180.1.21/compute/v2.1/flavors/detail 1.733s
2025-04-17 04:23:58.645 66842 INFO tempest.lib.common.rest_client [req-f1352d1b-5609-4e57-bb6e-2e9e7787d27c req-f1352d1b-5609-4e57-bb6e-2e9e7787d27c ] Request (FloatingIPsTestJSON:test_allocate_floating_ip): 200 GET http://10.180.1.21/compute/v2.1/os-floating-ips/1be5b74d-b357-4e34-87e8-ae4ff4df491c 1.840s
2025-04-17 04:23:58.749 66812 INFO tempest.lib.common.rest_client [req-c6d91b59-08eb-4832-97b2-51b88ea94ed1 req-c6d91b59-08eb-4832-97b2-51b88ea94ed1 ] Request (ImagesMetadataTestJSON:setUp): 200 PUT http://10.180.1.21/compute/v2.1/images/8363f0af-12a5-43a7-b553-7d3c213db5f7/metadata 1.884s
2025-04-17 04:23:58.771 66848 INFO tempest.lib.common.rest_client [req-c7d0061e-01a6-4550-ba33-865dbec5f2d0 req-c7d0061e-01a6-4550-ba33-865dbec5f2d0 ] Request (FlavorsAccessNegativeTestJSON:test_flavor_non_admin_remove): 200 POST http://10.180.1.21/compute/v2.1/flavors 1.743s
2025-04-17 04:23:58.808 66868 INFO tempest.lib.common.rest_client [req-00e35daa-04d3-4151-83eb-d644b0a434fa req-00e35daa-04d3-4151-83eb-d644b0a434fa ] Request (ServerMetadataNegativeTestJSON:setUpClass): 201 POST http://10.180.1.21:9696/networking/v2.0/networks 0.372s
2025-04-17 04:23:59.051 66840 INFO tempest.lib.common.rest_client [req-9bad810b-1bc6-469f-9387-f42e64c59604 req-9bad810b-1bc6-469f-9387-f42e64c59604 ] Request (ServerActionsTestOtherA:setUpClass): 200 PUT http://10.180.1.21:9696/networking/v2.0/routers/3f2838f8-ce4f-460c-a013-05ac1b9f4748/add_router_interface 1.107s
2025-04-17 04:23:59.051 66840 INFO tempest.lib.common.dynamic_creds [-] Created isolated network resources for: credentials: Credentials: {'domain_id': 'default', 'domain_name': 'Default', 'username': 'tempest-ServerActionsTestOtherA-755860816-project-member', 'project_domain_id': 'default', 'project_domain_name': 'Default', 'project_id': '0d284a7310c248d7963393e8d38dd1d8', 'project_name': 'tempest-ServerActionsTestOtherA-755860816', 'tenant_id': '0d284a7310c248d7963393e8d38dd1d8', 'tenant_name': 'tempest-ServerActionsTestOtherA-755860816', 'user_domain_id': 'default', 'user_domain_name': 'Default', 'user_id': 'c03f4ad8e001403992d3b28ca656b93f', 'system': None}, Network: {'id': '9312e42b-a4d7-4829-a8ce-9aeea0284930', 'name': 'tempest-ServerActionsTestOtherA-500414185-network', 'tenant_id': '0d284a7310c248d7963393e8d38dd1d8', 'admin_state_up': True, 'mtu': 8950, 'status': 'ACTIVE', 'subnets': [], 'shared': False, 'project_id': '0d284a7310c248d7963393e8d38dd1d8', 'port_security_enabled': True, 'router:external': False, 'provider:network_type': 'vlan', 'provider:physical_network': 'default', 'provider:segmentation_id': 926, 'is_default': False, 'availability_zone_hints': [], 'availability_zones': [], 'ipv4_address_scope': None, 'ipv6_address_scope': None, 'description': '', 'tags': [], 'created_at': '2025-04-17T04:23:56Z', 'updated_at': '2025-04-17T04:23:56Z', 'revision_number': 1}, Subnet: {'id': '7f408be7-f7d0-4e65-979b-4f6f43cb0f23', 'name': 'tempest-ServerActionsTestOtherA-500414185-subnet', 'tenant_id': '0d284a7310c248d7963393e8d38dd1d8', 'network_id': '9312e42b-a4d7-4829-a8ce-9aeea0284930', 'ip_version': 4, 'subnetpool_id': None, 'enable_dhcp': True, 'ipv6_ra_mode': None, 'ipv6_address_mode': None, 'gateway_ip': '192.168.128.1', 'cidr': '192.168.128.0/28', 'allocation_pools': [{'start': '192.168.128.2', 'end': '192.168.128.14'}], 'host_routes': [], 'dns_nameservers': [], 'description': '', 'service_types': [], 'tags': [], 'created_at': '2025-04-17T04:23:56Z', 'updated_at': '2025-04-17T04:23:56Z', 'revision_number': 0, 'project_id': '0d284a7310c248d7963393e8d38dd1d8'}, Router: {'id': '3f2838f8-ce4f-460c-a013-05ac1b9f4748', 'name': 'tempest-ServerActionsTestOtherA-500414185-router', 'tenant_id': '0d284a7310c248d7963393e8d38dd1d8', 'admin_state_up': True, 'status': 'ACTIVE', 'external_gateway_info': {'network_id': '4757b1c1-c21c-4f97-96a2-3e7c089f2bfc', 'external_fixed_ips': [{'subnet_id': '5ad1d645-45f5-437d-a62a-9047bcf6af17', 'ip_address': '10.180.180.203'}], 'enable_snat': True}, 'description': '', 'availability_zones': [], 'distributed': False, 'ha': False, 'availability_zone_hints': [], 'routes': [], 'flavor_id': None, 'tags': [], 'created_at': '2025-04-17T04:23:57Z', 'updated_at': '2025-04-17T04:23:57Z', 'revision_number': 2, 'project_id': '0d284a7310c248d7963393e8d38dd1d8'}
2025-04-17 04:23:59.102 66868 INFO tempest.lib.common.rest_client [req-b5ef6f84-6fb2-41f0-9e60-24c4e6258644 req-b5ef6f84-6fb2-41f0-9e60-24c4e6258644 ] Request (ServerMetadataNegativeTestJSON:setUpClass): 201 POST http://10.180.1.21:9696/networking/v2.0/subnets 0.293s
2025-04-17 04:23:59.127 66840 INFO tempest.lib.common.rest_client [req-dda9e636-845f-4342-82a7-9703ac5540de req-dda9e636-845f-4342-82a7-9703ac5540de ] Request (ServerActionsTestOtherA:setUpClass): 201 POST http://10.180.1.21/identity/v3/auth/tokens 0.071s
2025-04-17 04:23:59.247 66816 INFO tempest.lib.common.rest_client [req-e1d88ae2-1980-4acb-bae4-d73624550f38 req-e1d88ae2-1980-4acb-bae4-d73624550f38 ] Request (TenantUsagesTestJSON:setUpClass): 202 POST http://10.180.1.21/compute/v2.1/servers 2.380s
2025-04-17 04:23:59.345 66824 INFO tempest.lib.common.rest_client [req-38e861ce-da8d-40c1-ae4a-96ef1800714d req-38e861ce-da8d-40c1-ae4a-96ef1800714d ] Request (ServerDiagnosticsV248Test:test_get_server_diagnostics): 200 GET http://10.180.1.21/compute/v2.1/servers/fd5d2ce8-12c0-4f76-bc8d-39c52989db55 2.085s
2025-04-17 04:23:59.369 66820 INFO tempest.lib.common.rest_client [req-dcb7827a-4436-4b78-800b-7a5320ecdbc5 req-dcb7827a-4436-4b78-800b-7a5320ecdbc5 ] Request (AggregatesAdminNegativeTestJSON:test_aggregate_create_with_existent_aggregate_name): 200 POST http://10.180.1.21/compute/v2.1/os-aggregates 2.099s
2025-04-17 04:23:59.383 66850 INFO tempest.lib.common.rest_client [req-20f48824-2dd5-49c3-9ef1-72d1b27dc15f req-20f48824-2dd5-49c3-9ef1-72d1b27dc15f ] Request (FlavorsExtraSpecsNegativeTestJSON:test_flavor_unset_nonexistent_key): 404 DELETE http://10.180.1.21/compute/v2.1/flavors/262189008/os-extra_specs/hw:cpu_thread_policy 2.104s
2025-04-17 04:23:59.451 66856 INFO tempest.lib.common.rest_client [req-1a1b58ca-ed7b-4665-b6d1-30582380e9d0 req-1a1b58ca-ed7b-4665-b6d1-30582380e9d0 ] Request (MultipleCreateTestJSON:test_multiple_create): 200 GET http://10.180.1.21/compute/v2.1/servers/25d886dc-1994-4c6a-abe8-01e2f49bc5fd 2.053s
2025-04-17 04:23:59.623 66818 INFO tempest.lib.common.rest_client [req-4e280198-067b-40f7-bf88-3296c1698239 req-4e280198-067b-40f7-bf88-3296c1698239 ] Request (ServerExternalEventsTest:test_create_server_external_events): 200 GET http://10.180.1.21/compute/v2.1/servers/5e2ed48b-9cc5-4f62-b5a7-9f161b5a6a4e 2.180s
2025-04-17 04:23:59.695 66810 INFO tempest.lib.common.rest_client [req-dd513682-cf78-4c84-8353-321d6e2a08a4 req-dd513682-cf78-4c84-8353-321d6e2a08a4 ] Request (ServersWithSpecificFlavorTestJSON:test_verify_created_server_ephemeral_disk): 202 POST http://10.180.1.21/compute/v2.1/servers 2.668s
2025-04-17 04:23:59.760 66814 INFO tempest.lib.common.rest_client [req-0eed9ce9-610a-482c-a69d-ad29638be059 req-0eed9ce9-610a-482c-a69d-ad29638be059 ] Request (ImagesTestJSON:test_create_image_from_stopped_server): 200 GET http://10.180.1.21/compute/v2.1/servers/0dde4206-5a56-43f2-a5a1-ca0b5fd91f72 2.065s
2025-04-17 04:23:59.874 66852 INFO tempest.lib.common.rest_client [req-05305a1c-91e7-45c7-8d9f-5272b4a2bac9 req-05305a1c-91e7-45c7-8d9f-5272b4a2bac9 ] Request (FloatingIPsAssociationTestJSON:setUpClass): 204 DELETE http://10.180.1.21/compute/v2.1/servers/a7e25e40-1039-4271-ba02-0cb74179dfbf 2.397s
2025-04-17 04:23:59.962 66839 INFO tempest.lib.common.rest_client [req-4433dd29-c1eb-4847-af6e-a0349fd18816 req-4433dd29-c1eb-4847-af6e-a0349fd18816 ] Request (QuotasAdminTestJSON:test_update_all_quota_resources_for_tenant): 200 GET http://10.180.1.21/compute/v2.1/os-quota-sets/1a2b97ddfcaa431caa02fd86d4756202/defaults 2.032s
2025-04-17 04:24:00.049 66868 INFO tempest.lib.common.rest_client [req-6969ac6b-46df-4f5d-9d0e-2b7ad70a23d5 req-6969ac6b-46df-4f5d-9d0e-2b7ad70a23d5 ] Request (ServerMetadataNegativeTestJSON:setUpClass): 201 POST http://10.180.1.21:9696/networking/v2.0/routers 0.947s
2025-04-17 04:24:00.083 66872 INFO tempest.lib.common.rest_client [req-2bfa63bd-7bd9-452d-8cd8-2b317235738c req-2bfa63bd-7bd9-452d-8cd8-2b317235738c ] Request (ServerDiagnosticsNegativeTest:test_get_server_diagnostics_by_non_admin): 200 GET http://10.180.1.21/compute/v2.1/servers/3816b87a-030d-4362-9596-bd0899455e52 2.075s
2025-04-17 04:24:00.120 66865 INFO tempest.lib.common.rest_client [req-0ef07851-0da2-43e7-b833-8efc07a2b437 req-0ef07851-0da2-43e7-b833-8efc07a2b437 ] Request (ServersAdminTestJSON:setUpClass): 202 POST http://10.180.1.21/compute/v2.1/servers 2.405s
2025-04-17 04:24:00.208 66870 INFO tempest.lib.common.rest_client [req-77ccc91c-4001-48a3-abc9-700b20bc07b2 req-77ccc91c-4001-48a3-abc9-700b20bc07b2 ] Request (ImagesNegativeTestJSON:test_create_image_from_deleted_server): 200 GET http://10.180.1.21/compute/v2.1/servers/da4dff27-123e-44ac-83b5-1b2b3d731e0a 2.185s
2025-04-17 04:24:00.225 66862 INFO tempest.lib.common.rest_client [req-44ca0917-ac5d-4d7c-8ea6-f2410a33556f req-44ca0917-ac5d-4d7c-8ea6-f2410a33556f ] Request (ServerDiagnosticsTest:test_get_server_diagnostics): 200 GET http://10.180.1.21/compute/v2.1/servers/a0bd3693-ed3f-4573-8250-85ae19a08869 2.103s
2025-04-17 04:24:00.282 66866 INFO tempest.lib.common.rest_client [req-15a7d797-89e5-4f2d-b12c-3620a25f7f4d req-15a7d797-89e5-4f2d-b12c-3620a25f7f4d ] Request (VolumesAssistedSnapshotsTest:test_volume_assisted_snapshot_create_delete): 200 GET http://10.180.1.21/compute/v2.1/servers/7448f3ec-cd97-49a3-b043-d4eb67132ac9 2.144s
2025-04-17 04:24:00.296 66860 INFO tempest.lib.common.rest_client [req-f90daee1-f07b-4ec9-8c1a-136ddd4ac5f4 req-f90daee1-f07b-4ec9-8c1a-136ddd4ac5f4 ] Request (HostsAdminNegativeTestJSON:test_shutdown_nonexistent_host): 404 GET http://10.180.1.21/compute/v2.1/os-hosts/nonexistent_hostname/shutdown 2.034s
2025-04-17 04:24:00.298 66844 INFO tempest.lib.common.rest_client [req-b3670327-e9f7-4c66-90ef-94e4e85ce103 req-b3670327-e9f7-4c66-90ef-94e4e85ce103 ] Request (VolumesAdminNegativeTest:test_update_attached_volume_with_nonexistent_volume_in_body): 200 GET http://10.180.1.21/compute/v2.1/servers/fdc5a1d4-4954-472b-973a-a8c78b582440 2.040s
2025-04-17 04:24:00.404 66834 INFO tempest.lib.common.rest_client [req-c9b51bf2-d6c1-4c73-abf3-3900b2f043c8 req-c9b51bf2-d6c1-4c73-abf3-3900b2f043c8 ] Request (QuotasAdminNegativeTest:test_create_server_when_memory_quota_is_full): 200 PUT http://10.180.1.21/compute/v2.1/os-quota-sets/e0ea0e484d5a43298af9d8d1c35f2269 2.083s
2025-04-17 04:24:00.439 66830 INFO tempest.lib.common.rest_client [req-e8484c14-00b0-407e-9c5f-c0946425efba req-e8484c14-00b0-407e-9c5f-c0946425efba ] Request (ServersTestFqdnHostnames:test_create_server_with_fqdn_name): 200 GET http://10.180.1.21/compute/v2.1/servers/89e32d26-aa13-4b13-9aec-9e35513946e8 2.171s
2025-04-17 04:24:00.474 66834 INFO tempest.lib.common.rest_client [req-99294ec0-a092-437f-bed2-ed8bcc380732 req-99294ec0-a092-437f-bed2-ed8bcc380732 ] Request (QuotasAdminNegativeTest:test_create_server_when_memory_quota_is_full): 201 POST http://10.180.1.21/identity/v3/auth/tokens 0.061s
2025-04-17 04:24:00.474 66834 INFO tempest.lib.common.fixed_network [-] (QuotasAdminNegativeTest:test_create_server_when_memory_quota_is_full) Found network None available for tenant
2025-04-17 04:24:00.620 66854 INFO tempest.lib.common.rest_client [req-62f74f8a-cdb8-4dd8-af86-ac7591168e7e req-62f74f8a-cdb8-4dd8-af86-ac7591168e7e ] Request (ListImageFiltersTestJSON:setUpClass): 204 DELETE http://10.180.1.21/compute/v2.1/servers/fc54f5d5-47fb-4d62-837b-784237ffe5cd 2.074s
2025-04-17 04:24:00.640 66858 INFO tempest.lib.common.rest_client [req-8cd243a9-ca79-4efd-9dd0-a9b44f9ddb7f req-8cd243a9-ca79-4efd-9dd0-a9b44f9ddb7f ] Request (FlavorsAdminTestJSON:test_create_list_flavor_without_extra_data): 200 POST http://10.180.1.21/compute/v2.1/flavors 2.071s
2025-04-17 04:24:00.728 66846 INFO tempest.lib.common.rest_client [req-c92ad733-9f5c-4349-9345-6ca252fbc397 req-c92ad733-9f5c-4349-9345-6ca252fbc397 ] Request (MigrationsAdminTest:test_list_migrations_in_flavor_resize_situation): 204 DELETE http://10.180.1.21/compute/v2.1/servers/fb0a8c5f-e245-42f9-be68-5f8256d73afc 2.252s
2025-04-17 04:24:00.736 66822 INFO tempest.lib.common.rest_client [req-61873c5e-b55b-4021-90ae-31474a907531 req-61873c5e-b55b-4021-90ae-31474a907531 ] Request (SecurityGroupsTestJSON:test_list_security_groups_by_server): 200 GET http://10.180.1.21/compute/v2.1/servers/fce1b601-0363-4447-b802-3ea5d3aa97a0 2.099s
2025-04-17 04:24:00.849 66842 INFO tempest.lib.common.rest_client [req-a3125440-954a-40ea-8ea4-3e3015d5db29 req-a3125440-954a-40ea-8ea4-3e3015d5db29 ] Request (FloatingIPsTestJSON:test_allocate_floating_ip): 200 GET http://10.180.1.21/compute/v2.1/os-floating-ips 2.201s
2025-04-17 04:24:00.895 66868 INFO tempest.lib.common.rest_client [req-7e3f2dff-4d8c-4905-9a44-345b33822672 req-7e3f2dff-4d8c-4905-9a44-345b33822672 ] Request (ServerMetadataNegativeTestJSON:setUpClass): 200 PUT http://10.180.1.21:9696/networking/v2.0/routers/8de5848a-b101-42b7-8dc6-30257b2af9ac/add_router_interface 0.846s
