2025-04-17 04:24:58.526 66826 INFO tempest.lib.common.rest_client [req-ec2d9cd7-cb72-4cbf-9963-d2d6ac023e44 req-ec2d9cd7-cb72-4cbf-9963-d2d6ac023e44 ] Request (DeleteServersAdminTestJSON:test_admin_delete_servers_of_others): 200 GET http://10.180.1.21/compute/v2.1/servers/fac7d6a8-d74e-4130-8068-236289d5d616 2.794s
2025-04-17 04:24:58.537 66832 INFO tempest.lib.common.rest_client [req-10f4b2d2-7780-49bb-a753-ef9e2cd58d4f req-10f4b2d2-7780-49bb-a753-ef9e2cd58d4f ] Request (KeyPairsV22TestJSON:test_keypairsv22_create_list_show): 200 GET http://10.180.1.21/compute/v2.1/os-keypairs 1.940s
2025-04-17 04:24:58.555 66850 INFO tempest.lib.common.rest_client [req-56f0192b-08f6-486f-a777-c4b61e0973b1 req-56f0192b-08f6-486f-a777-c4b61e0973b1 ] Request (KeyPairsV2TestJSON:_run_cleanups): 202 DELETE http://10.180.1.21/compute/v2.1/os-keypairs/tempest-KeyPairsV2TestJSON-keypair-1589563927 1.945s
2025-04-17 04:24:58.589 66814 INFO tempest.lib.common.rest_client [req-836659e1-4e0f-4f19-9273-b5d62e282a51 req-836659e1-4e0f-4f19-9273-b5d62e282a51 ] Request (SecurityGroupsNegativeTestJSON:setUpClass): 201 POST http://10.180.1.21:9696/networking/v2.0/routers 2.783s
2025-04-17 04:24:58.837 66848 INFO tempest.lib.common.rest_client [req-89caa9bb-1ec3-499d-b981-b0dc5ec2c0c7 req-89caa9bb-1ec3-499d-b981-b0dc5ec2c0c7 ] Request (FloatingIPsNegativeTestJSON:setUpClass): 200 PUT http://10.180.1.21:9696/networking/v2.0/routers/48ae75df-b795-4866-8484-96e8aecee19f/add_router_interface 3.316s
2025-04-17 04:24:58.838 66848 INFO tempest.lib.common.dynamic_creds [-] Created isolated network resources for: credentials: Credentials: {'domain_id': 'default', 'domain_name': 'Default', 'username': 'tempest-FloatingIPsNegativeTestJSON-1775883672-project-member', 'project_domain_id': 'default', 'project_domain_name': 'Default', 'project_id': 'b6e33453e98544f18bc23f3d7f615597', 'project_name': 'tempest-FloatingIPsNegativeTestJSON-1775883672', 'tenant_id': 'b6e33453e98544f18bc23f3d7f615597', 'tenant_name': 'tempest-FloatingIPsNegativeTestJSON-1775883672', 'user_domain_id': 'default', 'user_domain_name': 'Default', 'user_id': 'e088f52348aa49a7a712447620add15f', 'system': None}, Network: {'id': 'dc0e1750-0d72-4158-8afe-26216a9aa869', 'name': 'tempest-FloatingIPsNegativeTestJSON-606179690-network', 'tenant_id': 'b6e33453e98544f18bc23f3d7f615597', 'admin_state_up': True, 'mtu': 8950, 'status': 'ACTIVE', 'subnets': [], 'shared': False, 'project_id': 'b6e33453e98544f18bc23f3d7f615597', 'port_security_enabled': True, 'router:external': False, 'provider:network_type': 'vlan', 'provider:physical_network': 'default', 'provider:segmentation_id': 235, 'is_default': False, 'availability_zone_hints': [], 'availability_zones': [], 'ipv4_address_scope': None, 'ipv6_address_scope': None, 'description': '', 'tags': [], 'created_at': '2025-04-17T04:24:53Z', 'updated_at': '2025-04-17T04:24:53Z', 'revision_number': 1}, Subnet: {'id': 'f8f37c7a-6796-48d4-91d7-003fa820d1f6', 'name': 'tempest-FloatingIPsNegativeTestJSON-606179690-subnet', 'tenant_id': 'b6e33453e98544f18bc23f3d7f615597', 'network_id': 'dc0e1750-0d72-4158-8afe-26216a9aa869', 'ip_version': 4, 'subnetpool_id': None, 'enable_dhcp': True, 'ipv6_ra_mode': None, 'ipv6_address_mode': None, 'gateway_ip': '192.168.128.1', 'cidr': '192.168.128.0/28', 'allocation_pools': [{'start': '192.168.128.2', 'end': '192.168.128.14'}], 'host_routes': [], 'dns_nameservers': [], 'description': '', 'service_types': [], 'tags': [], 'created_at': '2025-04-17T04:24:53Z', 'updated_at': '2025-04-17T04:24:53Z', 'revision_number': 0, 'project_id': 'b6e33453e98544f18bc23f3d7f615597'}, Router: {'id': '48ae75df-b795-4866-8484-96e8aecee19f', 'name': 'tempest-FloatingIPsNegativeTestJSON-606179690-router', 'tenant_id': 'b6e33453e98544f18bc23f3d7f615597', 'admin_state_up': True, 'status': 'ACTIVE', 'external_gateway_info': {'network_id': '4757b1c1-c21c-4f97-96a2-3e7c089f2bfc', 'external_fixed_ips': [{'subnet_id': '5ad1d645-45f5-437d-a62a-9047bcf6af17', 'ip_address': '10.180.180.230'}], 'enable_snat': True}, 'description': '', 'availability_zones': [], 'distributed': False, 'ha': False, 'availability_zone_hints': [], 'routes': [], 'flavor_id': None, 'tags': [], 'created_at': '2025-04-17T04:24:54Z', 'updated_at': '2025-04-17T04:24:54Z', 'revision_number': 2, 'project_id': 'b6e33453e98544f18bc23f3d7f615597'}
2025-04-17 04:24:58.945 66848 INFO tempest.lib.common.rest_client [req-804db7fd-494b-4924-8168-521040903858 req-804db7fd-494b-4924-8168-521040903858 ] Request (FloatingIPsNegativeTestJSON:setUpClass): 201 POST http://10.180.1.21/identity/v3/auth/tokens 0.104s
2025-04-17 04:24:58.959 66840 INFO tempest.lib.common.rest_client [req-6ef8dec2-c980-419c-870e-89a5b5777165 req-6ef8dec2-c980-419c-870e-89a5b5777165 ] Request (ServerActionsV293TestJSON:setUpClass): 200 GET http://10.180.1.21/volume/v3/723d64146c864441b408b12188438004/volumes/d7fea663-747f-4be9-83d3-8b31cc2fc950 0.036s
2025-04-17 04:24:59.170 66870 INFO tempest.lib.common.rest_client [req-335d0dcd-4ac7-4012-bb0d-54f2bbfe2681 req-335d0dcd-4ac7-4012-bb0d-54f2bbfe2681 ] Request (ImagesNegativeTestJSON:test_create_image_from_deleted_server): 200 GET http://10.180.1.21/compute/v2.1/servers/da4dff27-123e-44ac-83b5-1b2b3d731e0a 3.161s
2025-04-17 04:24:59.190 66858 INFO tempest.lib.common.rest_client [req-6bf0e2a3-a7fd-4cdd-a261-79e52b3bcef4 req-6bf0e2a3-a7fd-4cdd-a261-79e52b3bcef4 ] Request (FlavorsAdminTestJSON:_run_cleanups): 202 DELETE http://10.180.1.21/compute/v2.1/flavors/617787393 2.559s
2025-04-17 04:24:59.262 66812 INFO tempest.lib.common.rest_client [req-2788c870-f7fb-4db9-ab68-ac32254bf663 req-2788c870-f7fb-4db9-ab68-ac32254bf663 ] Request (ServersTestJSON:tearDownClass): 200 PUT http://10.180.1.21:9696/networking/v2.0/routers/4cba2abe-ca2b-447d-8528-417b57713d92/remove_router_interface 2.229s
2025-04-17 04:24:59.289 66834 INFO tempest.lib.common.rest_client [req-d6dd0eec-1c34-43b4-9b9e-02d610725c87 req-d6dd0eec-1c34-43b4-9b9e-02d610725c87 ] Request (AttachVolumeNegativeTest:test_attach_attached_volume_to_same_server): 200 GET http://10.180.1.21/compute/v2.1/servers/6deed686-ceca-45a1-b8e4-2461b2e3f039 2.123s
2025-04-17 04:24:59.294 66828 INFO tempest.lib.common.rest_client [req-1c685319-d2d8-426c-920f-04fed64f8bfa req-1c685319-d2d8-426c-920f-04fed64f8bfa ] Request (ServerDiskConfigTestJSON:test_rebuild_server_with_auto_disk_config): 200 GET http://10.180.1.21/compute/v2.1/servers/a14dfb60-e62a-4a74-9f5b-f031814c609e 2.682s
2025-04-17 04:24:59.332 66846 INFO tempest.lib.common.rest_client [req-c86f7317-39bc-42ef-9bc5-60af5aebf401 req-c86f7317-39bc-42ef-9bc5-60af5aebf401 ] Request (ServersV294TestFqdnHostnames:setUpClass): 404 GET http://10.180.1.21/compute/v2.1/servers/2fa0541e-f05b-4df5-af50-9f7b6881a290 1.915s
2025-04-17 04:24:59.332 66846 INFO tempest.test [-] raised in ServersV294TestFqdnHostnames.setUpClass. Invoking tearDownClass.
2025-04-17 04:24:59.466 66818 INFO tempest.lib.common.rest_client [req-203e1fa2-cf18-437f-93a2-78c32e7fa69a req-203e1fa2-cf18-437f-93a2-78c32e7fa69a ] Request (ServersTestBootFromVolume:setUpClass): 200 GET http://10.180.1.21/volume/v3/162bfafaeed04ce794725ef2665c2d8d/volumes/140fa4fd-bcb4-4035-90f6-451f9934ba56 0.031s
2025-04-17 04:24:59.607 66830 INFO tempest.lib.common.rest_client [req-b7dd965f-16bd-4a3c-8ed9-d9ca772a02cb req-b7dd965f-16bd-4a3c-8ed9-d9ca772a02cb ] Request (ServersTestFqdnHostnames:test_create_server_with_fqdn_name): 200 GET http://10.180.1.21/compute/v2.1/servers/89e32d26-aa13-4b13-9aec-9e35513946e8 2.125s
2025-04-17 04:24:59.647 66812 INFO tempest.lib.common.rest_client [req-14730180-e30c-4282-803c-1f543612e9ca req-14730180-e30c-4282-803c-1f543612e9ca ] Request (ServersTestJSON:tearDownClass): 204 DELETE http://10.180.1.21:9696/networking/v2.0/routers/4cba2abe-ca2b-447d-8528-417b57713d92 0.385s
2025-04-17 04:24:59.692 66844 INFO tempest.lib.common.rest_client [req-21141405-b138-4ff5-9a40-f5b97ac5f4f2 req-21141405-b138-4ff5-9a40-f5b97ac5f4f2 ] Request (ServerRescueNegativeTestJSON:setUpClass): 200 GET http://10.180.1.21/compute/v2.1/servers/4fde404c-9011-4e1a-8b3c-8c89e5e45c00 2.105s
2025-04-17 04:24:59.789 66812 INFO tempest.lib.common.rest_client [req-5f52e5ec-bb65-4946-8248-249ecca6939a req-5f52e5ec-bb65-4946-8248-249ecca6939a ] Request (ServersTestJSON:tearDownClass): 204 DELETE http://10.180.1.21:9696/networking/v2.0/subnets/25e1db6b-edcb-4fd8-a2e4-99e9aeae001f 0.141s
2025-04-17 04:24:59.928 66810 INFO tempest.lib.common.rest_client [req-896e8c57-d71d-4aee-b8c0-06c9eab5f9c8 req-896e8c57-d71d-4aee-b8c0-06c9eab5f9c8 ] Request (ListServersNegativeTestJSON:setUpClass): 204 DELETE http://10.180.1.21/compute/v2.1/servers/923b51c0-02c9-46eb-8b80-bad6dd82986d 2.315s
2025-04-17 04:24:59.996 66840 INFO tempest.lib.common.rest_client [req-75d11be7-3f89-4631-a12a-a7b5ef811624 req-75d11be7-3f89-4631-a12a-a7b5ef811624 ] Request (ServerActionsV293TestJSON:setUpClass): 200 GET http://10.180.1.21/volume/v3/723d64146c864441b408b12188438004/volumes/d7fea663-747f-4be9-83d3-8b31cc2fc950 0.029s
2025-04-17 04:25:00.001 66840 INFO tempest.common.waiters [-] volume d7fea663-747f-4be9-83d3-8b31cc2fc950 reached available after waiting for 21.001851 seconds
2025-04-17 04:25:00.025 66854 INFO tempest.lib.common.rest_client [req-f0ed4209-6e6c-434e-8d8d-26ed2646bb0d req-f0ed4209-6e6c-434e-8d8d-26ed2646bb0d ] Request (AttachInterfacesTestJSON:test_create_list_show_delete_interfaces_by_network_port): 200 GET http://10.180.1.21/compute/v2.1/servers/12bc9e29-ecea-40e9-af34-a067f3d2301f 2.282s
2025-04-17 04:25:00.501 66818 INFO tempest.lib.common.rest_client [req-710b8bbe-7c91-408f-a821-f0ebcd78f93d req-710b8bbe-7c91-408f-a821-f0ebcd78f93d ] Request (ServersTestBootFromVolume:setUpClass): 200 GET http://10.180.1.21/volume/v3/162bfafaeed04ce794725ef2665c2d8d/volumes/140fa4fd-bcb4-4035-90f6-451f9934ba56 0.029s
2025-04-17 04:25:00.543 66842 INFO tempest.lib.common.rest_client [req-060ceef9-9c1c-4659-94dd-127971d0d402 req-060ceef9-9c1c-4659-94dd-127971d0d402 ] Request (ImagesOneServerNegativeTestJSON:setUpClass): 202 POST http://10.180.1.21/compute/v2.1/servers 3.333s
2025-04-17 04:25:00.679 66816 INFO tempest.lib.common.rest_client [req-f100e1dc-d369-4b19-890c-43726b555405 req-f100e1dc-d369-4b19-890c-43726b555405 ] Request (SecurityGroupRulesNegativeTestJSON:tearDownClass): 202 DELETE http://10.180.1.21/compute/v2.1/os-security-groups/9bfbcdee-e0d3-4617-bbf5-505194cd47ca 2.895s
2025-04-17 04:25:00.767 66836 INFO tempest.lib.common.rest_client [req-58984dcf-a96b-4de3-bbc5-e37670c4ce7e req-58984dcf-a96b-4de3-bbc5-e37670c4ce7e ] Request (ServersAdmin275Test:test_rebuild_update_server_275): 200 GET http://10.180.1.21/compute/v2.1/servers/f5415bfe-3f3a-4f4b-985d-59655791bb2b 2.892s
2025-04-17 04:25:01.008 66820 INFO tempest.lib.common.rest_client [req-d59b81af-9919-4212-ade4-42a88efdada6 req-d59b81af-9919-4212-ade4-42a88efdada6 ] Request (ServersTestJSON:setUpClass): 200 PUT http://10.180.1.21:9696/networking/v2.0/routers/ddf7a090-2f01-4561-bbc9-4401bc1167a9/add_router_interface 4.444s
2025-04-17 04:25:01.008 66820 INFO tempest.lib.common.dynamic_creds [-] Created isolated network resources for: credentials: Credentials: {'domain_id': 'default', 'domain_name': 'Default', 'username': 'tempest-ServersTestJSON-2037535159-project-member', 'project_domain_id': 'default', 'project_domain_name': 'Default', 'project_id': 'd95fe3734183455b8eadbae4ca72e2d9', 'project_name': 'tempest-ServersTestJSON-2037535159', 'tenant_id': 'd95fe3734183455b8eadbae4ca72e2d9', 'tenant_name': 'tempest-ServersTestJSON-2037535159', 'user_domain_id': 'default', 'user_domain_name': 'Default', 'user_id': '0b72fc5beb6c47c6acb056f1f4ed9eec', 'system': None}, Network: {'id': '154fbd61-777b-463d-ac97-f618e8c6ea38', 'name': 'tempest-ServersTestJSON-691636788-network', 'tenant_id': 'd95fe3734183455b8eadbae4ca72e2d9', 'admin_state_up': True, 'mtu': 8950, 'status': 'ACTIVE', 'subnets': [], 'shared': False, 'project_id': 'd95fe3734183455b8eadbae4ca72e2d9', 'port_security_enabled': True, 'router:external': False, 'provider:network_type': 'vlan', 'provider:physical_network': 'default', 'provider:segmentation_id': 487, 'is_default': False, 'availability_zone_hints': [], 'availability_zones': [], 'ipv4_address_scope': None, 'ipv6_address_scope': None, 'description': '', 'tags': [], 'created_at': '2025-04-17T04:24:50Z', 'updated_at': '2025-04-17T04:24:50Z', 'revision_number': 1}, Subnet: {'id': 'b81207e0-3725-4dab-bb5f-c316cce5807d', 'name': 'tempest-ServersTestJSON-691636788-subnet', 'tenant_id': 'd95fe3734183455b8eadbae4ca72e2d9', 'network_id': '154fbd61-777b-463d-ac97-f618e8c6ea38', 'ip_version': 4, 'subnetpool_id': None, 'enable_dhcp': True, 'ipv6_ra_mode': None, 'ipv6_address_mode': None, 'gateway_ip': '192.168.128.1', 'cidr': '192.168.128.0/28', 'allocation_pools': [{'start': '192.168.128.2', 'end': '192.168.128.14'}], 'host_routes': [], 'dns_nameservers': [], 'description': '', 'service_types': [], 'tags': [], 'created_at': '2025-04-17T04:24:50Z', 'updated_at': '2025-04-17T04:24:50Z', 'revision_number': 0, 'project_id': 'd95fe3734183455b8eadbae4ca72e2d9'}, Router: {'id': 'ddf7a090-2f01-4561-bbc9-4401bc1167a9', 'name': 'tempest-ServersTestJSON-691636788-router', 'tenant_id': 'd95fe3734183455b8eadbae4ca72e2d9', 'admin_state_up': True, 'status': 'ACTIVE', 'external_gateway_info': {'network_id': '4757b1c1-c21c-4f97-96a2-3e7c089f2bfc', 'external_fixed_ips': [{'subnet_id': '5ad1d645-45f5-437d-a62a-9047bcf6af17', 'ip_address': '10.180.180.146'}], 'enable_snat': True}, 'description': '', 'availability_zones': [], 'distributed': False, 'ha': False, 'availability_zone_hints': [], 'routes': [], 'flavor_id': None, 'tags': [], 'created_at': '2025-04-17T04:24:51Z', 'updated_at': '2025-04-17T04:24:54Z', 'revision_number': 2, 'project_id': 'd95fe3734183455b8eadbae4ca72e2d9'}
2025-04-17 04:25:01.069 66812 INFO tempest.lib.common.rest_client [req-4af30a5b-eea6-4b3c-9f54-415d305ca367 req-4af30a5b-eea6-4b3c-9f54-415d305ca367 ] Request (ServersTestJSON:tearDownClass): 204 DELETE http://10.180.1.21:9696/networking/v2.0/networks/5ad87501-6c5c-46db-814e-1142f0c02b15 1.280s
2025-04-17 04:25:01.086 66822 INFO tempest.lib.common.rest_client [req-b2c52596-e4ad-4949-8024-c56ec2cbecc5 req-b2c52596-e4ad-4949-8024-c56ec2cbecc5 ] Request (SecurityGroupsTestJSON:test_list_security_groups_by_server): 200 GET http://10.180.1.21/compute/v2.1/servers/fce1b601-0363-4447-b802-3ea5d3aa97a0 2.735s
2025-04-17 04:25:01.105 66832 INFO tempest.lib.common.rest_client [req-2f606254-3ce4-48fa-a4d5-d254b0a9a362 req-2f606254-3ce4-48fa-a4d5-d254b0a9a362 ] Request (KeyPairsV22TestJSON:_run_cleanups): 204 DELETE http://10.180.1.21/compute/v2.1/os-keypairs/tempest-keypair-268468880 2.566s
2025-04-17 04:25:01.114 66820 INFO tempest.lib.common.rest_client [req-0702eed6-060c-4946-8e8b-a357afe56698 req-0702eed6-060c-4946-8e8b-a357afe56698 ] Request (ServersTestJSON:setUpClass): 201 POST http://10.180.1.21/identity/v3/auth/tokens 0.102s
2025-04-17 04:25:01.119 66850 INFO tempest.lib.common.rest_client [req-bff02bf6-095f-4672-a9a4-3c9cc628cadd req-bff02bf6-095f-4672-a9a4-3c9cc628cadd ] Request (KeyPairsV2TestJSON:_run_cleanups): 202 DELETE http://10.180.1.21/compute/v2.1/os-keypairs/tempest-KeyPairsV2TestJSON-keypair-199527583 2.563s
2025-04-17 04:25:01.150 66812 INFO tempest.lib.common.rest_client [req-b8fb94cd-6f37-4a66-9a57-07cdee97b641 req-b8fb94cd-6f37-4a66-9a57-07cdee97b641 ] Request (ServersTestJSON:tearDownClass): 204 DELETE http://10.180.1.21/identity/v3/users/e4187d35cad94e21906f0eda1084c217 0.080s
2025-04-17 04:25:01.150 66812 INFO tempest.lib.common.dynamic_creds [-] Deleting project and security group for project: 50ade8f9a6ea49f2981d05e7d7a28b2d
2025-04-17 04:25:01.176 66820 INFO tempest.lib.common.rest_client [req-83e5881e-f88f-43e3-acd7-cae7f997f165 req-83e5881e-f88f-43e3-acd7-cae7f997f165 ] Request (ServersTestJSON:setUpClass): 200 GET http://10.180.1.21/identity/v3/projects/d95fe3734183455b8eadbae4ca72e2d9 0.061s
2025-04-17 04:25:01.177 66820 INFO tempest.lib.common.dynamic_creds [-] Using the existing project d95fe3734183455b8eadbae4ca72e2d9 for scope project and roles: ['reader']
2025-04-17 04:25:01.188 66812 INFO tempest.lib.common.rest_client [req-1cee4b52-84b1-4d1f-94ca-1a8750bfcbb3 req-1cee4b52-84b1-4d1f-94ca-1a8750bfcbb3 ] Request (ServersTestJSON:tearDownClass): 200 GET http://10.180.1.21:9696/networking/v2.0/security-groups?tenant_id=50ade8f9a6ea49f2981d05e7d7a28b2d&name=default 0.038s
2025-04-17 04:25:01.251 66820 INFO tempest.lib.common.rest_client [req-85604117-e47a-42ad-b3b5-511af5b8e899 req-85604117-e47a-42ad-b3b5-511af5b8e899 ] Request (ServersTestJSON:setUpClass): 201 POST http://10.180.1.21/identity/v3/users 0.074s
2025-04-17 04:25:01.263 66850 INFO tempest.lib.common.rest_client [req-7e770d8d-c545-4016-9570-cb11ab4bbc00 req-7e770d8d-c545-4016-9570-cb11ab4bbc00 ] Request (KeyPairsV2TestJSON:tearDownClass): 204 DELETE http://10.180.1.21/identity/v3/users/93160fb023ef4b05bc86e2307c434537 0.137s
2025-04-17 04:25:01.264 66850 INFO tempest.lib.common.dynamic_creds [-] Deleting project and security group for project: fd67c087a32e4894964ef4dd081761bd
2025-04-17 04:25:01.290 66848 INFO tempest.lib.common.rest_client [req-09881a3c-f5ed-44ea-9756-ee3f92c32254 req-09881a3c-f5ed-44ea-9756-ee3f92c32254 ] Request (FloatingIPsNegativeTestJSON:setUpClass): 200 GET http://10.180.1.21/compute/v2.1/os-floating-ips 2.344s
2025-04-17 04:25:01.297 66820 INFO tempest.lib.common.rest_client [req-5975c2ea-ae6e-4646-a619-096208153a9f req-5975c2ea-ae6e-4646-a619-096208153a9f ] Request (ServersTestJSON:setUpClass): 200 GET http://10.180.1.21/identity/v3/roles 0.045s
2025-04-17 04:25:01.323 66850 INFO tempest.lib.common.rest_client [req-0ac24b62-6d0c-47b9-8e60-cd2ac5e20b72 req-0ac24b62-6d0c-47b9-8e60-cd2ac5e20b72 ] Request (KeyPairsV2TestJSON:tearDownClass): 201 POST http://10.180.1.21/identity/v3/auth/tokens 0.059s
2025-04-17 04:25:01.362 66820 INFO tempest.lib.common.rest_client [req-57541658-7c32-48b4-97d2-a73588f413d8 req-57541658-7c32-48b4-97d2-a73588f413d8 ] Request (ServersTestJSON:setUpClass): 204 PUT http://10.180.1.21/identity/v3/projects/d95fe3734183455b8eadbae4ca72e2d9/users/9b0188a31d5a4de18ef63c00068513b0/roles/ec7752eb4dc94e2f83986ad88d2b37b0 0.065s
2025-04-17 04:25:01.362 66820 INFO tempest.lib.common.dynamic_creds [-] Dynamic test user 9b0188a31d5a4de18ef63c00068513b0 is created with scope project and roles: ['reader']
2025-04-17 04:25:01.363 66820 INFO tempest.lib.common.dynamic_creds [-] Acquired dynamic creds: credentials: Credentials: {'domain_id': 'default', 'domain_name': 'Default', 'username': 'tempest-ServersTestJSON-2037535159-project-reader', 'project_domain_id': 'default', 'project_domain_name': 'Default', 'project_id': 'd95fe3734183455b8eadbae4ca72e2d9', 'project_name': 'tempest-ServersTestJSON-2037535159', 'tenant_id': 'd95fe3734183455b8eadbae4ca72e2d9', 'tenant_name': 'tempest-ServersTestJSON-2037535159', 'user_domain_id': 'default', 'user_domain_name': 'Default', 'user_id': '9b0188a31d5a4de18ef63c00068513b0', 'system': None}, Network: None, Subnet: None, Router: None
2025-04-17 04:25:01.363 66820 INFO tempest.lib.common.dynamic_creds [-] Network resources are not created for requested scope: project and credentials: Credentials: {'domain_id': 'default', 'domain_name': 'Default', 'username': 'tempest-ServersTestJSON-2037535159-project-reader', 'project_domain_id': 'default', 'project_domain_name': 'Default', 'project_id': 'd95fe3734183455b8eadbae4ca72e2d9', 'project_name': 'tempest-ServersTestJSON-2037535159', 'tenant_id': 'd95fe3734183455b8eadbae4ca72e2d9', 'tenant_name': 'tempest-ServersTestJSON-2037535159', 'user_domain_id': 'default', 'user_domain_name': 'Default', 'user_id': '9b0188a31d5a4de18ef63c00068513b0', 'system': None}, Network: None, Subnet: None, Router: None
2025-04-17 04:25:01.420 66812 INFO tempest.lib.common.rest_client [req-932b8f07-b1c6-4faa-8048-00e23b5e4bb2 req-932b8f07-b1c6-4faa-8048-00e23b5e4bb2 ] Request (ServersTestJSON:tearDownClass): 204 DELETE http://10.180.1.21:9696/networking/v2.0/security-groups/9e8ea404-8f79-48e7-b240-bf89296fea95 0.231s
2025-04-17 04:25:01.427 66824 INFO tempest.lib.common.rest_client [req-8c21c279-8ee6-48ca-8209-427898aa1432 req-8c21c279-8ee6-48ca-8209-427898aa1432 ] Request (ImagesOneServerTestJSON:setUpClass): 202 POST http://10.180.1.21/compute/v2.1/servers 3.595s
2025-04-17 04:25:01.444 66858 INFO tempest.lib.common.rest_client [req-8d8b6c1f-fbd3-47f6-a1e1-31f079c0f97e req-8d8b6c1f-fbd3-47f6-a1e1-31f079c0f97e ] Request (FlavorsAdminTestJSON:_run_cleanups): 200 GET http://10.180.1.21/compute/v2.1/flavors/detail 2.253s
2025-04-17 04:25:01.456 66820 INFO tempest.lib.common.rest_client [req-0de89fe6-e729-46b1-abeb-1d1d312c0c36 req-0de89fe6-e729-46b1-abeb-1d1d312c0c36 ] Request (ServersTestJSON:setUpClass): 201 POST http://10.180.1.21/identity/v3/auth/tokens 0.090s
2025-04-17 04:25:01.494 66872 INFO tempest.lib.common.rest_client [req-d5c1f509-38b6-41d6-a770-eaf7c0f27ca7 req-d5c1f509-38b6-41d6-a770-eaf7c0f27ca7 ] Request (ServerDiagnosticsNegativeTest:test_get_server_diagnostics_by_non_admin): 200 GET http://10.180.1.21/compute/v2.1/servers/3816b87a-030d-4362-9596-bd0899455e52 2.322s
2025-04-17 04:25:01.519 66846 INFO tempest.lib.common.rest_client [req-b8266789-383a-4acb-8e92-ffd7dcecf519 req-b8266789-383a-4acb-8e92-ffd7dcecf519 ] Request (ServersV294TestFqdnHostnames:tearDownClass): 204 DELETE http://10.180.1.21/compute/v2.1/os-keypairs/tempest-keypair-1418266647 2.186s
2025-04-17 04:25:01.532 66820 INFO tempest.lib.common.rest_client [req-1b334826-f9dd-4ae8-91e0-201bb3522e8e req-1b334826-f9dd-4ae8-91e0-201bb3522e8e ] Request (ServersTestJSON:test_create_server_specify_multibyte_character_name): 201 POST http://10.180.1.21/identity/v3/auth/tokens 0.070s
2025-04-17 04:25:01.533 66820 INFO tempest.lib.common.fixed_network [-] (ServersTestJSON:test_create_server_specify_multibyte_character_name) Found network {'id': '154fbd61-777b-463d-ac97-f618e8c6ea38', 'name': 'tempest-ServersTestJSON-691636788-network', 'tenant_id': 'd95fe3734183455b8eadbae4ca72e2d9', 'admin_state_up': True, 'mtu': 8950, 'status': 'ACTIVE', 'subnets': [], 'shared': False, 'project_id': 'd95fe3734183455b8eadbae4ca72e2d9', 'port_security_enabled': True, 'router:external': False, 'provider:network_type': 'vlan', 'provider:physical_network': 'default', 'provider:segmentation_id': 487, 'is_default': False, 'availability_zone_hints': [], 'availability_zones': [], 'ipv4_address_scope': None, 'ipv6_address_scope': None, 'description': '', 'tags': [], 'created_at': '2025-04-17T04:24:50Z', 'updated_at': '2025-04-17T04:24:50Z', 'revision_number': 1} available for tenant
2025-04-17 04:25:01.541 66818 INFO tempest.lib.common.rest_client [req-8fff32ad-7c15-4992-99db-ce557893a59f req-8fff32ad-7c15-4992-99db-ce557893a59f ] Request (ServersTestBootFromVolume:setUpClass): 200 GET http://10.180.1.21/volume/v3/162bfafaeed04ce794725ef2665c2d8d/volumes/140fa4fd-bcb4-4035-90f6-451f9934ba56 0.034s
2025-04-17 04:25:01.544 66812 INFO tempest.lib.common.rest_client [req-9bc07008-08c6-4daa-835a-6da4ba3f6051 req-9bc07008-08c6-4daa-835a-6da4ba3f6051 ] Request (ServersTestJSON:tearDownClass): 204 DELETE http://10.180.1.21/identity/v3/projects/50ade8f9a6ea49f2981d05e7d7a28b2d 0.123s
2025-04-17 04:25:01.614 66850 INFO tempest.lib.common.rest_client [req-861cde87-1b6a-4809-a51a-45385bb19cfa req-861cde87-1b6a-4809-a51a-45385bb19cfa ] Request (KeyPairsV2TestJSON:tearDownClass): 200 GET http://10.180.1.21:9696/networking/v2.0/security-groups?tenant_id=fd67c087a32e4894964ef4dd081761bd&name=default 0.290s
2025-04-17 04:25:01.619 66812 INFO tempest.lib.common.rest_client [req-58742cfe-db46-410f-ac93-f4ace0d5e127 req-58742cfe-db46-410f-ac93-f4ace0d5e127 ] Request (ServerActionsTestOtherB:setUpClass): 201 POST http://10.180.1.21/identity/v3/auth/tokens 0.072s
2025-04-17 04:25:01.626 66866 INFO tempest.lib.common.rest_client [req-f08e4e1a-a643-49e0-b342-d230248bf7e7 req-f08e4e1a-a643-49e0-b342-d230248bf7e7 ] Request (ServersNegativeTestMultiTenantJSON:setUpClass): 200 GET http://10.180.1.21/compute/v2.1/servers/0f9f6feb-a561-4dc7-8cf8-71c1ad71faf8 2.354s
2025-04-17 04:25:01.654 66812 INFO tempest.lib.common.rest_client [req-3fc3e785-a5ad-4090-abf3-2a8d81fefd7b req-3fc3e785-a5ad-4090-abf3-2a8d81fefd7b ] Request (ServerActionsTestOtherB:setUpClass): 201 POST http://10.180.1.21/identity/v3/auth/tokens 0.033s
2025-04-17 04:25:01.673 66846 INFO tempest.lib.common.rest_client [req-ed41f6ed-5498-4deb-91e6-230a0e9f07cf req-ed41f6ed-5498-4deb-91e6-230a0e9f07cf ] Request (ServersV294TestFqdnHostnames:tearDownClass): 204 DELETE http://10.180.1.21:9696/networking/v2.0/security-groups/655d9c2a-69ac-4d06-b84b-6408684694e6 0.153s
2025-04-17 04:25:01.681 66812 INFO tempest.lib.common.rest_client [req-6a657d43-81cc-4045-ac84-93ff715f90d5 req-6a657d43-81cc-4045-ac84-93ff715f90d5 ] Request (ServerActionsTestOtherB:setUpClass): 200 GET http://10.180.1.21/identity/v3/domains?name=Default 0.026s
2025-04-17 04:25:01.695 66846 INFO tempest.lib.common.rest_client [req-6f406692-efd0-401d-9967-dc4d61feedba req-6f406692-efd0-401d-9967-dc4d61feedba ] Request (ServersV294TestFqdnHostnames:tearDownClass): 404 GET http://10.180.1.21:9696/networking/v2.0/security-groups/655d9c2a-69ac-4d06-b84b-6408684694e6 0.021s
2025-04-17 04:25:01.723 66812 INFO tempest.lib.common.rest_client [req-d8011ab9-b209-44e8-869d-4db6601506e1 req-d8011ab9-b209-44e8-869d-4db6601506e1 ] Request (ServerActionsTestOtherB:setUpClass): 201 POST http://10.180.1.21/identity/v3/projects 0.042s
2025-04-17 04:25:01.729 66850 INFO tempest.lib.common.rest_client [req-deb689ee-9c9f-46f5-97a6-15f5266079c8 req-deb689ee-9c9f-46f5-97a6-15f5266079c8 ] Request (KeyPairsV2TestJSON:tearDownClass): 204 DELETE http://10.180.1.21:9696/networking/v2.0/security-groups/44169a96-ecbd-48f6-9b16-7533659ba0e6 0.114s
2025-04-17 04:25:01.747 66862 INFO tempest.lib.common.rest_client [req-b97db822-3b5b-4b4a-b275-22a5cfdad1cf req-b97db822-3b5b-4b4a-b275-22a5cfdad1cf ] Request (ServerDiagnosticsTest:test_get_server_diagnostics): 200 GET http://10.180.1.21/compute/v2.1/servers/a0bd3693-ed3f-4573-8250-85ae19a08869 2.310s
2025-04-17 04:25:01.791 66812 INFO tempest.lib.common.rest_client [req-f0e44e7b-6085-4749-8da4-cd89b728c0fc req-f0e44e7b-6085-4749-8da4-cd89b728c0fc ] Request (ServerActionsTestOtherB:setUpClass): 201 POST http://10.180.1.21/identity/v3/users 0.067s
2025-04-17 04:25:01.811 66812 INFO tempest.lib.common.rest_client [req-94ffe30b-e5d8-4770-8efe-f67876babbbf req-94ffe30b-e5d8-4770-8efe-f67876babbbf ] Request (ServerActionsTestOtherB:setUpClass): 200 GET http://10.180.1.21/identity/v3/roles 0.019s
2025-04-17 04:25:01.834 66850 INFO tempest.lib.common.rest_client [req-e0924fea-7bad-4ca5-b451-a67750e35dfa req-e0924fea-7bad-4ca5-b451-a67750e35dfa ] Request (KeyPairsV2TestJSON:tearDownClass): 204 DELETE http://10.180.1.21/identity/v3/projects/fd67c087a32e4894964ef4dd081761bd 0.104s
2025-04-17 04:25:01.878 66812 INFO tempest.lib.common.rest_client [req-67649c82-e343-41a7-96a0-3ea4111b4196 req-67649c82-e343-41a7-96a0-3ea4111b4196 ] Request (ServerActionsTestOtherB:setUpClass): 204 PUT http://10.180.1.21/identity/v3/projects/73b8df38d1ae4b0c90cb091ef6e5e432/users/b95cf637415443ebb870355c4ab699c0/roles/99af61b335434d2aa8d70b75b2b21bf4 0.066s
2025-04-17 04:25:01.878 66812 INFO tempest.lib.common.dynamic_creds [-] Dynamic test user b95cf637415443ebb870355c4ab699c0 is created with scope project and roles: ['member']
2025-04-17 04:25:01.878 66812 INFO tempest.lib.common.dynamic_creds [-] Acquired dynamic creds: credentials: Credentials: {'domain_id': 'default', 'domain_name': 'Default', 'username': 'tempest-ServerActionsTestOtherB-1703846471-project-member', 'project_domain_id': 'default', 'project_domain_name': 'Default', 'project_id': '73b8df38d1ae4b0c90cb091ef6e5e432', 'project_name': 'tempest-ServerActionsTestOtherB-1703846471', 'tenant_id': '73b8df38d1ae4b0c90cb091ef6e5e432', 'tenant_name': 'tempest-ServerActionsTestOtherB-1703846471', 'user_domain_id': 'default', 'user_domain_name': 'Default', 'user_id': 'b95cf637415443ebb870355c4ab699c0', 'system': None}, Network: None, Subnet: None, Router: None
2025-04-17 04:25:01.940 66812 INFO tempest.lib.common.rest_client [req-746caf64-87f3-4fb4-919a-4eef1aa126d1 req-746caf64-87f3-4fb4-919a-4eef1aa126d1 ] Request (ServerActionsTestOtherB:setUpClass): 201 POST http://10.180.1.21/identity/v3/auth/tokens 0.061s
2025-04-17 04:25:01.941 66846 INFO tempest.lib.common.rest_client [req-17fcf995-8235-411f-844a-a8bfc9cfa979 req-17fcf995-8235-411f-844a-a8bfc9cfa979 ] Request (ServersV294TestFqdnHostnames:tearDownClass): 204 DELETE http://10.180.1.21:9696/networking/v2.0/floatingips/382c4020-0e27-4854-9fa7-1bbb110168af 0.245s
2025-04-17 04:25:02.015 66826 INFO tempest.lib.common.rest_client [req-574aa241-9981-477d-bb8c-9d26c1d1470f req-574aa241-9981-477d-bb8c-9d26c1d1470f ] Request (DeleteServersAdminTestJSON:test_admin_delete_servers_of_others): 200 GET http://10.180.1.21/compute/v2.1/servers/fac7d6a8-d74e-4130-8068-236289d5d616 2.481s
2025-04-17 04:25:02.068 66814 INFO tempest.lib.common.rest_client [req-d5a20779-cad8-4e83-8a4e-0efa98067ccf req-d5a20779-cad8-4e83-8a4e-0efa98067ccf ] Request (SecurityGroupsNegativeTestJSON:setUpClass): 200 PUT http://10.180.1.21:9696/networking/v2.0/routers/fd0783c6-b228-49fc-9a12-c6fa5a13a43c/add_router_interface 3.478s
2025-04-17 04:25:02.068 66814 INFO tempest.lib.common.dynamic_creds [-] Created isolated network resources for: credentials: Credentials: {'domain_id': 'default', 'domain_name': 'Default', 'username': 'tempest-SecurityGroupsNegativeTestJSON-490256252-project-member', 'project_domain_id': 'default', 'project_domain_name': 'Default', 'project_id': '2efb8683568e48989b1d1ea3b0aa4d83', 'project_name': 'tempest-SecurityGroupsNegativeTestJSON-490256252', 'tenant_id': '2efb8683568e48989b1d1ea3b0aa4d83', 'tenant_name': 'tempest-SecurityGroupsNegativeTestJSON-490256252', 'user_domain_id': 'default', 'user_domain_name': 'Default', 'user_id': 'eb8a557da4834ff5bc180b784f265d40', 'system': None}, Network: {'id': '82c47b3d-ccf7-4b23-ac7b-e4dfd680543c', 'name': 'tempest-SecurityGroupsNegativeTestJSON-1362178736-network', 'tenant_id': '2efb8683568e48989b1d1ea3b0aa4d83', 'admin_state_up': True, 'mtu': 8950, 'status': 'ACTIVE', 'subnets': [], 'shared': False, 'project_id': '2efb8683568e48989b1d1ea3b0aa4d83', 'port_security_enabled': True, 'router:external': False, 'provider:network_type': 'vlan', 'provider:physical_network': 'default', 'provider:segmentation_id': 363, 'is_default': False, 'availability_zone_hints': [], 'availability_zones': [], 'ipv4_address_scope': None, 'ipv6_address_scope': None, 'description': '', 'tags': [], 'created_at': '2025-04-17T04:24:53Z', 'updated_at': '2025-04-17T04:24:53Z', 'revision_number': 1}, Subnet: {'id': '36f96ae1-9fa4-4544-acb1-040bbbce1e01', 'name': 'tempest-SecurityGroupsNegativeTestJSON-1362178736-subnet', 'tenant_id': '2efb8683568e48989b1d1ea3b0aa4d83', 'network_id': '82c47b3d-ccf7-4b23-ac7b-e4dfd680543c', 'ip_version': 4, 'subnetpool_id': None, 'enable_dhcp': True, 'ipv6_ra_mode': None, 'ipv6_address_mode': None, 'gateway_ip': '192.168.128.1', 'cidr': '192.168.128.0/28', 'allocation_pools': [{'start': '192.168.128.2', 'end': '192.168.128.14'}], 'host_routes': [], 'dns_nameservers': [], 'description': '', 'service_types': [], 'tags': [], 'created_at': '2025-04-17T04:24:54Z', 'updated_at': '2025-04-17T04:24:54Z', 'revision_number': 0, 'project_id': '2efb8683568e48989b1d1ea3b0aa4d83'}, Router: {'id': 'fd0783c6-b228-49fc-9a12-c6fa5a13a43c', 'name': 'tempest-SecurityGroupsNegativeTestJSON-1362178736-router', 'tenant_id': '2efb8683568e48989b1d1ea3b0aa4d83', 'admin_state_up': True, 'status': 'ACTIVE', 'external_gateway_info': {'network_id': '4757b1c1-c21c-4f97-96a2-3e7c089f2bfc', 'external_fixed_ips': [{'subnet_id': '5ad1d645-45f5-437d-a62a-9047bcf6af17', 'ip_address': '10.180.180.237'}], 'enable_snat': True}, 'description': '', 'availability_zones': [], 'distributed': False, 'ha': False, 'availability_zone_hints': [], 'routes': [], 'flavor_id': None, 'tags': [], 'created_at': '2025-04-17T04:24:55Z', 'updated_at': '2025-04-17T04:24:57Z', 'revision_number': 2, 'project_id': '2efb8683568e48989b1d1ea3b0aa4d83'}
2025-04-17 04:25:02.098 66810 INFO tempest.lib.common.rest_client [req-e6984e3e-43c3-42bd-980a-1887075d90fb req-e6984e3e-43c3-42bd-980a-1887075d90fb ] Request (ListServersNegativeTestJSON:setUpClass): 204 DELETE http://10.180.1.21/compute/v2.1/servers/9d1ab89d-ca79-471b-bf77-148eaaec694b 2.169s
2025-04-17 04:25:02.144 66814 INFO tempest.lib.common.rest_client [req-a64d42c3-51a7-4b87-bfd5-f39cb5c7bf64 req-a64d42c3-51a7-4b87-bfd5-f39cb5c7bf64 ] Request (SecurityGroupsNegativeTestJSON:setUpClass): 201 POST http://10.180.1.21/identity/v3/auth/tokens 0.071s
2025-04-17 04:25:02.235 66870 INFO tempest.lib.common.rest_client [req-b87e67b7-ce7f-4aee-b097-484793d3c3e5 req-b87e67b7-ce7f-4aee-b097-484793d3c3e5 ] Request (ImagesNegativeTestJSON:test_create_image_from_deleted_server): 200 GET http://10.180.1.21/compute/v2.1/servers/da4dff27-123e-44ac-83b5-1b2b3d731e0a 2.055s
2025-04-17 04:25:02.276 66812 INFO tempest.lib.common.rest_client [req-7d051c20-6124-49a3-b9ec-d9914122b845 req-7d051c20-6124-49a3-b9ec-d9914122b845 ] Request (ServerActionsTestOtherB:setUpClass): 201 POST http://10.180.1.21:9696/networking/v2.0/networks 0.336s
2025-04-17 04:25:02.299 66834 INFO tempest.lib.common.rest_client [req-c1e67088-0ed8-4ead-b5fa-abcf33bd1796 req-c1e67088-0ed8-4ead-b5fa-abcf33bd1796 ] Request (AttachVolumeNegativeTest:test_attach_attached_volume_to_same_server): 200 GET http://10.180.1.21/compute/v2.1/servers/6deed686-ceca-45a1-b8e4-2461b2e3f039 2.003s
2025-04-17 04:25:02.459 66828 INFO tempest.lib.common.rest_client [req-1ccdb22c-8f58-42cc-b832-50a6ad0df6ef req-1ccdb22c-8f58-42cc-b832-50a6ad0df6ef ] Request (ServerDiskConfigTestJSON:test_rebuild_server_with_auto_disk_config): 200 GET http://10.180.1.21/compute/v2.1/servers/a14dfb60-e62a-4a74-9f5b-f031814c609e 2.156s
2025-04-17 04:25:02.519 66842 INFO tempest.lib.common.rest_client [req-c931fcb0-2c7c-427a-86c8-818d38ee45c1 req-c931fcb0-2c7c-427a-86c8-818d38ee45c1 ] Request (ImagesOneServerNegativeTestJSON:setUpClass): 200 GET http://10.180.1.21/compute/v2.1/servers/9915557d-4251-44a2-bf59-3dd542dfb527 1.974s
2025-04-17 04:25:02.579 66818 INFO tempest.lib.common.rest_client [req-1a4d0e9c-ec6b-4a8e-b0e9-ec90cfee0aaa req-1a4d0e9c-ec6b-4a8e-b0e9-ec90cfee0aaa ] Request (ServersTestBootFromVolume:setUpClass): 200 GET http://10.180.1.21/volume/v3/162bfafaeed04ce794725ef2665c2d8d/volumes/140fa4fd-bcb4-4035-90f6-451f9934ba56 0.029s
2025-04-17 04:25:02.631 66812 INFO tempest.lib.common.rest_client [req-164bd158-54bc-4441-b923-cd853f741c10 req-164bd158-54bc-4441-b923-cd853f741c10 ] Request (ServerActionsTestOtherB:setUpClass): 201 POST http://10.180.1.21:9696/networking/v2.0/subnets 0.354s
2025-04-17 04:25:02.680 66830 INFO tempest.lib.common.rest_client [req-c85f4c7b-9aee-47de-9b44-d842a8da58d9 req-c85f4c7b-9aee-47de-9b44-d842a8da58d9 ] Request (ServersTestFqdnHostnames:test_create_server_with_fqdn_name): 200 GET http://10.180.1.21/compute/v2.1/servers/89e32d26-aa13-4b13-9aec-9e35513946e8 2.066s
2025-04-17 04:25:02.703 66840 INFO tempest.lib.common.rest_client [req-b644c54f-b0e2-4ea2-a03b-f9706fc09eb0 req-b644c54f-b0e2-4ea2-a03b-f9706fc09eb0 ] Request (ServerActionsV293TestJSON:setUpClass): 202 POST http://10.180.1.21/compute/v2.1/servers 2.701s
2025-04-17 04:25:02.764 66844 INFO tempest.lib.common.rest_client [req-8d84b917-76d1-4cb6-94c4-4189feb9af6d req-8d84b917-76d1-4cb6-94c4-4189feb9af6d ] Request (ServerRescueNegativeTestJSON:setUpClass): 200 GET http://10.180.1.21/compute/v2.1/servers/4fde404c-9011-4e1a-8b3c-8c89e5e45c00 2.065s
2025-04-17 04:25:02.818 66854 INFO tempest.lib.common.rest_client [req-b656c11e-4a10-45b3-94ac-c144b8583e5e req-b656c11e-4a10-45b3-94ac-c144b8583e5e ] Request (AttachInterfacesTestJSON:test_create_list_show_delete_interfaces_by_network_port): 200 GET http://10.180.1.21/compute/v2.1/servers/12bc9e29-ecea-40e9-af34-a067f3d2301f 1.783s
2025-04-17 04:25:02.824 66816 INFO tempest.lib.common.rest_client [req-af27cdba-8eb0-4178-8199-d7639c06a6e7 req-af27cdba-8eb0-4178-8199-d7639c06a6e7 ] Request (SecurityGroupRulesNegativeTestJSON:tearDownClass): 202 DELETE http://10.180.1.21/compute/v2.1/os-security-groups/807a63b0-1f7b-4898-9aa8-53f55732f4ea 2.144s
2025-04-17 04:25:02.849 66848 INFO tempest.lib.common.rest_client [req-a25747f9-840f-4e59-9dc8-85fa3768320b req-a25747f9-840f-4e59-9dc8-85fa3768320b ] Request (FloatingIPsNegativeTestJSON:test_allocate_floating_ip_from_nonexistent_pool): 404 POST http://10.180.1.21/compute/v2.1/os-floating-ips 1.555s
2025-04-17 04:25:02.943 66824 INFO tempest.lib.common.rest_client [req-f44f0ff9-7ae4-41b1-a0a8-7e30ba4129ad req-f44f0ff9-7ae4-41b1-a0a8-7e30ba4129ad ] Request (ImagesOneServerTestJSON:setUpClass): 200 GET http://10.180.1.21/compute/v2.1/servers/83ac0082-b7fe-408d-9d5a-6e614ae7e61a 1.514s
2025-04-17 04:25:02.954 66858 INFO tempest.lib.common.rest_client [req-41e9c942-a419-4b66-a343-1be815d39988 req-41e9c942-a419-4b66-a343-1be815d39988 ] Request (FlavorsAdminTestJSON:test_list_public_flavor_with_other_user): 200 POST http://10.180.1.21/compute/v2.1/flavors 1.502s
2025-04-17 04:25:03.000 66846 INFO tempest.lib.common.rest_client [req-cdc31d5d-ca44-4110-9f81-4ced72052d32 req-cdc31d5d-ca44-4110-9f81-4ced72052d32 ] Request (ServersV294TestFqdnHostnames:tearDownClass): 200 PUT http://10.180.1.21:9696/networking/v2.0/routers/7ce99ab9-2d03-474c-b4af-c5bb3a5e8645/remove_router_interface 1.058s
2025-04-17 04:25:03.112 66832 INFO tempest.lib.common.rest_client [req-1ed19972-a730-4c57-9872-a3e3d84205da req-1ed19972-a730-4c57-9872-a3e3d84205da ] Request (KeyPairsV22TestJSON:test_keypairsv22_create_list_show_with_type): 201 POST http://10.180.1.21/compute/v2.1/os-keypairs 2.006s
2025-04-17 04:25:03.177 66836 INFO tempest.lib.common.rest_client [req-ee3e0231-5f4d-420c-a9ed-648050735b6b req-ee3e0231-5f4d-420c-a9ed-648050735b6b ] Request (ServersAdmin275Test:test_rebuild_update_server_275): 200 GET http://10.180.1.21/compute/v2.1/servers/f5415bfe-3f3a-4f4b-985d-59655791bb2b 1.400s
2025-04-17 04:25:03.478 66822 INFO tempest.lib.common.rest_client [req-97703e76-3774-4122-83b8-4d465e0aec02 req-97703e76-3774-4122-83b8-4d465e0aec02 ] Request (SecurityGroupsTestJSON:test_list_security_groups_by_server): 200 GET http://10.180.1.21/compute/v2.1/servers/fce1b601-0363-4447-b802-3ea5d3aa97a0 1.383s
2025-04-17 04:25:03.509 66810 INFO tempest.lib.common.rest_client [req-11dade97-958c-44ad-9609-eacaf7472cd3 req-11dade97-958c-44ad-9609-eacaf7472cd3 ] Request (ListServersNegativeTestJSON:setUpClass): 404 GET http://10.180.1.21/compute/v2.1/servers/61750eca-a478-404d-bcb1-5ce08d7156b6 1.411s
2025-04-17 04:25:03.572 66814 INFO tempest.lib.common.rest_client [req-67c217cf-dcf6-4c53-bea5-299cea17f197 req-67c217cf-dcf6-4c53-bea5-299cea17f197 ] Request (SecurityGroupsNegativeTestJSON:test_delete_nonexistent_security_group): 404 DELETE http://10.180.1.21/compute/v2.1/os-security-groups/3fdb2880-4630-4e6e-b4cc-6664bbc61c0c 1.427s
2025-04-17 04:25:03.615 66818 INFO tempest.lib.common.rest_client [req-e33d71c2-a3b0-4ed2-90e3-bfdca3692693 req-e33d71c2-a3b0-4ed2-90e3-bfdca3692693 ] Request (ServersTestBootFromVolume:setUpClass): 200 GET http://10.180.1.21/volume/v3/162bfafaeed04ce794725ef2665c2d8d/volumes/140fa4fd-bcb4-4035-90f6-451f9934ba56 0.028s
2025-04-17 04:25:03.666 66846 INFO tempest.lib.common.rest_client [req-193b4eb1-428b-42ed-9564-a457ffcb2653 req-193b4eb1-428b-42ed-9564-a457ffcb2653 ] Request (ServersV294TestFqdnHostnames:tearDownClass): 204 DELETE http://10.180.1.21:9696/networking/v2.0/routers/7ce99ab9-2d03-474c-b4af-c5bb3a5e8645 0.665s
2025-04-17 04:25:03.691 66820 INFO tempest.lib.common.rest_client [req-b6b00db7-c85f-4645-af84-3525f2a3c8c0 req-b6b00db7-c85f-4645-af84-3525f2a3c8c0 ] Request (ServersTestJSON:test_create_server_specify_multibyte_character_name): 202 POST http://10.180.1.21/compute/v2.1/servers 2.157s
2025-04-17 04:25:03.837 66872 INFO tempest.lib.common.rest_client [req-c0b62e69-b4ab-483c-9412-41728ce1d6cb req-c0b62e69-b4ab-483c-9412-41728ce1d6cb ] Request (ServerDiagnosticsNegativeTest:test_get_server_diagnostics_by_non_admin): 200 GET http://10.180.1.21/compute/v2.1/servers/3816b87a-030d-4362-9596-bd0899455e52 1.336s
2025-04-17 04:25:03.914 66840 INFO tempest.lib.common.rest_client [req-ca3feb88-09dd-46dd-bade-b7a7fcf26f5f req-ca3feb88-09dd-46dd-bade-b7a7fcf26f5f ] Request (ServerActionsV293TestJSON:setUpClass): 200 GET http://10.180.1.21/compute/v2.1/servers/63244459-f37b-4fdb-8afc-9e4a80156099 1.209s
2025-04-17 04:25:03.922 66866 INFO tempest.lib.common.rest_client [req-c19858c0-d0bf-4f4f-9946-312626e66fe8 req-c19858c0-d0bf-4f4f-9946-312626e66fe8 ] Request (ServersNegativeTestMultiTenantJSON:setUpClass): 200 GET http://10.180.1.21/compute/v2.1/servers/0f9f6feb-a561-4dc7-8cf8-71c1ad71faf8 1.289s
2025-04-17 04:25:04.039 66862 INFO tempest.lib.common.rest_client [req-a332c3c6-7db0-437b-9291-7cc8f4712720 req-a332c3c6-7db0-437b-9291-7cc8f4712720 ] Request (ServerDiagnosticsTest:test_get_server_diagnostics): 200 GET http://10.180.1.21/compute/v2.1/servers/a0bd3693-ed3f-4573-8250-85ae19a08869 1.283s
2025-04-17 04:25:04.055 66846 INFO tempest.lib.common.rest_client [req-8c948482-1d5c-4356-b80a-1273f975df61 req-8c948482-1d5c-4356-b80a-1273f975df61 ] Request (ServersV294TestFqdnHostnames:tearDownClass): 204 DELETE http://10.180.1.21:9696/networking/v2.0/subnets/938bc62c-2c38-49b6-8a1e-0a8d814b2cea 0.388s
2025-04-17 04:25:04.070 66848 INFO tempest.lib.common.rest_client [req-9472fd29-f23a-4f21-a181-d2b3bca05777 req-9472fd29-f23a-4f21-a181-d2b3bca05777 ] Request (FloatingIPsNegativeTestJSON:test_delete_nonexistent_floating_ip): 404 DELETE http://10.180.1.21/compute/v2.1/os-floating-ips/f48e2ce4-cef9-48e6-afd2-f44cbf75c6df 1.219s
2025-04-17 04:25:04.080 66816 INFO tempest.lib.common.rest_client [req-3923e04b-0064-4efc-a376-a84d107b77cc req-3923e04b-0064-4efc-a376-a84d107b77cc ] Request (SecurityGroupRulesNegativeTestJSON:tearDownClass): 202 DELETE http://10.180.1.21/compute/v2.1/os-security-groups/429f9870-3020-4b01-bac6-4ed8ec44498a 1.256s
2025-04-17 04:25:04.088 66858 INFO tempest.lib.common.rest_client [req-b477f15c-19d0-4848-b9e4-3c2de4f94e02 req-b477f15c-19d0-4848-b9e4-3c2de4f94e02 ] Request (FlavorsAdminTestJSON:test_list_public_flavor_with_other_user): 200 GET http://10.180.1.21/compute/v2.1/flavors/detail 1.132s
2025-04-17 04:25:04.097 66832 INFO tempest.lib.common.rest_client [req-2a59049f-8bcd-4f70-a64d-2293ab3d4cf7 req-2a59049f-8bcd-4f70-a64d-2293ab3d4cf7 ] Request (KeyPairsV22TestJSON:test_keypairsv22_create_list_show_with_type): 200 GET http://10.180.1.21/compute/v2.1/os-keypairs/tempest-keypair-1500876819 0.983s
2025-04-17 04:25:04.200 66812 INFO tempest.lib.common.rest_client [req-1584fbd2-ed93-4e26-ad33-877c41aed5c7 req-1584fbd2-ed93-4e26-ad33-877c41aed5c7 ] Request (ServerActionsTestOtherB:setUpClass): 201 POST http://10.180.1.21:9696/networking/v2.0/routers 1.568s
2025-04-17 04:25:04.479 66826 INFO tempest.lib.common.rest_client [req-17a211a3-1d91-4bcb-a547-2b8452f2a79e req-17a211a3-1d91-4bcb-a547-2b8452f2a79e ] Request (DeleteServersAdminTestJSON:test_admin_delete_servers_of_others): 200 GET http://10.180.1.21/compute/v2.1/servers/fac7d6a8-d74e-4130-8068-236289d5d616 1.457s
2025-04-17 04:25:04.508 66846 INFO tempest.lib.common.rest_client [req-f5a94f38-2928-4f4b-bc67-629ccb20eb67 req-f5a94f38-2928-4f4b-bc67-629ccb20eb67 ] Request (ServersV294TestFqdnHostnames:tearDownClass): 204 DELETE http://10.180.1.21:9696/networking/v2.0/networks/740cd26c-2d0e-4d61-afe0-2c0148460563 0.452s
2025-04-17 04:25:04.539 66834 INFO tempest.lib.common.rest_client [req-a0af5cec-1a37-4ed7-aba5-18d1f98001c4 req-a0af5cec-1a37-4ed7-aba5-18d1f98001c4 ] Request (AttachVolumeNegativeTest:test_attach_attached_volume_to_same_server): 200 GET http://10.180.1.21/compute/v2.1/servers/6deed686-ceca-45a1-b8e4-2461b2e3f039 1.232s
2025-04-17 04:25:04.567 66870 INFO tempest.lib.common.rest_client [req-ed82c216-9e50-47f9-afc6-6f2d47ffe819 req-ed82c216-9e50-47f9-afc6-6f2d47ffe819 ] Request (ImagesNegativeTestJSON:test_create_image_from_deleted_server): 200 GET http://10.180.1.21/compute/v2.1/servers/da4dff27-123e-44ac-83b5-1b2b3d731e0a 1.325s
2025-04-17 04:25:04.594 66846 INFO tempest.lib.common.rest_client [req-2336d916-bf9c-4a01-b1c7-43078e7570ef req-2336d916-bf9c-4a01-b1c7-43078e7570ef ] Request (ServersV294TestFqdnHostnames:tearDownClass): 204 DELETE http://10.180.1.21/identity/v3/users/7897f492e2584e7fbf966c2b2dae713c 0.085s
2025-04-17 04:25:04.594 66846 INFO tempest.lib.common.dynamic_creds [-] Deleting project and security group for project: e66ed545f8fb4de88a563bde214b6b58
2025-04-17 04:25:04.595 66810 INFO tempest.lib.common.rest_client [req-a27f1f35-718d-4047-9517-45acb796db3a req-a27f1f35-718d-4047-9517-45acb796db3a ] Request (ListServersNegativeTestJSON:setUpClass): 404 GET http://10.180.1.21/compute/v2.1/servers/923b51c0-02c9-46eb-8b80-bad6dd82986d 1.085s
2025-04-17 04:25:04.641 66846 INFO tempest.lib.common.rest_client [req-5fe52fe0-ea46-4757-bad7-c8075fd6314c req-5fe52fe0-ea46-4757-bad7-c8075fd6314c ] Request (ServersV294TestFqdnHostnames:tearDownClass): 200 GET http://10.180.1.21:9696/networking/v2.0/security-groups?tenant_id=e66ed545f8fb4de88a563bde214b6b58&name=default 0.046s
2025-04-17 04:25:04.651 66818 INFO tempest.lib.common.rest_client [req-f7f621a2-95a1-4d2a-992d-27bda90ac7f9 req-f7f621a2-95a1-4d2a-992d-27bda90ac7f9 ] Request (ServersTestBootFromVolume:setUpClass): 200 GET http://10.180.1.21/volume/v3/162bfafaeed04ce794725ef2665c2d8d/volumes/140fa4fd-bcb4-4035-90f6-451f9934ba56 0.029s
2025-04-17 04:25:04.674 66842 INFO tempest.lib.common.rest_client [req-5e0ba247-72c1-4c11-9b04-5b1595c5b740 req-5e0ba247-72c1-4c11-9b04-5b1595c5b740 ] Request (ImagesOneServerNegativeTestJSON:setUpClass): 200 GET http://10.180.1.21/compute/v2.1/servers/9915557d-4251-44a2-bf59-3dd542dfb527 1.147s
2025-04-17 04:25:04.677 66814 INFO tempest.lib.common.rest_client [req-4a53709e-83ba-4351-a642-b08051c30bc1 req-4a53709e-83ba-4351-a642-b08051c30bc1 ] Request (SecurityGroupsNegativeTestJSON:test_delete_security_group_without_passing_id): 404 DELETE http://10.180.1.21/compute/v2.1/os-security-groups/ 1.103s
2025-04-17 04:25:04.752 66846 INFO tempest.lib.common.rest_client [req-131a9f14-c12b-4825-bd8c-0d197e959bfb req-131a9f14-c12b-4825-bd8c-0d197e959bfb ] Request (ServersV294TestFqdnHostnames:tearDownClass): 204 DELETE http://10.180.1.21:9696/networking/v2.0/security-groups/e98f04da-4bcc-4a4b-9256-b28b63561ff8 0.110s
2025-04-17 04:25:04.807 66828 INFO tempest.lib.common.rest_client [req-71674327-2bae-4b8e-84e8-6d8a4dd16651 req-71674327-2bae-4b8e-84e8-6d8a4dd16651 ] Request (ServerDiskConfigTestJSON:test_rebuild_server_with_auto_disk_config): 200 GET http://10.180.1.21/compute/v2.1/servers/a14dfb60-e62a-4a74-9f5b-f031814c609e 1.342s
2025-04-17 04:25:04.834 66830 INFO tempest.lib.common.rest_client [req-cd2321ab-46df-4136-b6f9-cf9fd289e5c2 req-cd2321ab-46df-4136-b6f9-cf9fd289e5c2 ] Request (ServersTestFqdnHostnames:test_create_server_with_fqdn_name): 200 GET http://10.180.1.21/compute/v2.1/servers/89e32d26-aa13-4b13-9aec-9e35513946e8 1.146s
2025-04-17 04:25:04.878 66846 INFO tempest.lib.common.rest_client [req-10ec3fdf-51b3-4fd0-8875-5daa4eeedb08 req-10ec3fdf-51b3-4fd0-8875-5daa4eeedb08 ] Request (ServersV294TestFqdnHostnames:tearDownClass): 204 DELETE http://10.180.1.21/identity/v3/projects/e66ed545f8fb4de88a563bde214b6b58 0.125s
2025-04-17 04:25:04.885 66820 INFO tempest.lib.common.rest_client [req-8e07aa6b-a21c-465c-a79d-291cd0d65437 req-8e07aa6b-a21c-465c-a79d-291cd0d65437 ] Request (ServersTestJSON:test_create_server_specify_multibyte_character_name): 200 GET http://10.180.1.21/compute/v2.1/servers/a14582eb-f78f-44d6-8c82-16976c0cec5b 1.193s
2025-04-17 04:25:04.900 66844 INFO tempest.lib.common.rest_client [req-67f40479-6e82-4ead-8cc0-e415fe2341e4 req-67f40479-6e82-4ead-8cc0-e415fe2341e4 ] Request (ServerRescueNegativeTestJSON:setUpClass): 200 GET http://10.180.1.21/compute/v2.1/servers/4fde404c-9011-4e1a-8b3c-8c89e5e45c00 1.128s
2025-04-17 04:25:04.949 66854 INFO tempest.lib.common.rest_client [req-317ca3c0-313b-4872-a573-f58c9aad8657 req-317ca3c0-313b-4872-a573-f58c9aad8657 ] Request (AttachInterfacesTestJSON:test_create_list_show_delete_interfaces_by_network_port): 200 GET http://10.180.1.21/compute/v2.1/servers/12bc9e29-ecea-40e9-af34-a067f3d2301f 1.125s
2025-04-17 04:25:04.953 66846 INFO tempest.lib.common.rest_client [req-c3b0f8f2-7874-4995-9e91-a7515fe1e97c req-c3b0f8f2-7874-4995-9e91-a7515fe1e97c ] Request (ServerGroupTestJSON:setUpClass): 201 POST http://10.180.1.21/identity/v3/auth/tokens 0.072s
2025-04-17 04:25:04.973 66824 INFO tempest.lib.common.rest_client [req-29e4021f-7673-40fb-9a00-cd157c821736 req-29e4021f-7673-40fb-9a00-cd157c821736 ] Request (ImagesOneServerTestJSON:setUpClass): 200 GET http://10.180.1.21/compute/v2.1/servers/83ac0082-b7fe-408d-9d5a-6e614ae7e61a 1.022s
2025-04-17 04:25:04.985 66846 INFO tempest.lib.common.rest_client [req-c7579836-0619-4ad6-99a5-2bdefe55ac00 req-c7579836-0619-4ad6-99a5-2bdefe55ac00 ] Request (ServerGroupTestJSON:setUpClass): 201 POST http://10.180.1.21/identity/v3/auth/tokens 0.030s
2025-04-17 04:25:04.989 66858 INFO tempest.lib.common.rest_client [req-02efa136-ce29-459a-b15f-af432ea5257c req-02efa136-ce29-459a-b15f-af432ea5257c ] Request (FlavorsAdminTestJSON:_run_cleanups): 202 DELETE http://10.180.1.21/compute/v2.1/flavors/932670218 0.896s
2025-04-17 04:25:05.001 66832 INFO tempest.lib.common.rest_client [req-fc0704e9-d6a8-4efa-9669-c06b5bcd8a90 req-fc0704e9-d6a8-4efa-9669-c06b5bcd8a90 ] Request (KeyPairsV22TestJSON:test_keypairsv22_create_list_show_with_type): 200 GET http://10.180.1.21/compute/v2.1/os-keypairs 0.897s
