2025-04-17 04:23:38.890 66830 INFO tempest.lib.common.dynamic_creds [-] Created isolated network resources for: credentials: Credentials: {'domain_id': 'default', 'domain_name': 'Default', 'username': 'tempest-ServersTestFqdnHostnames-1041849233-project-member', 'project_domain_id': 'default', 'project_domain_name': 'Default', 'project_id': 'de382616205d42ecbac319f959682cae', 'project_name': 'tempest-ServersTestFqdnHostnames-1041849233', 'tenant_id': 'de382616205d42ecbac319f959682cae', 'tenant_name': 'tempest-ServersTestFqdnHostnames-1041849233', 'user_domain_id': 'default', 'user_domain_name': 'Default', 'user_id': '0948a9987ddf418a85a3a36c400c1c50', 'system': None}, Network: {'id': 'a179ca9c-73e5-4073-bb82-edca4dc17353', 'name': 'tempest-ServersTestFqdnHostnames-1985690922-network', 'tenant_id': 'de382616205d42ecbac319f959682cae', 'admin_state_up': True, 'mtu': 8950, 'status': 'ACTIVE', 'subnets': [], 'shared': False, 'project_id': 'de382616205d42ecbac319f959682cae', 'port_security_enabled': True, 'router:external': False, 'provider:network_type': 'vlan', 'provider:physical_network': 'default', 'provider:segmentation_id': 285, 'is_default': False, 'availability_zone_hints': [], 'availability_zones': [], 'ipv4_address_scope': None, 'ipv6_address_scope': None, 'description': '', 'tags': [], 'created_at': '2025-04-17T04:23:30Z', 'updated_at': '2025-04-17T04:23:30Z', 'revision_number': 1}, Subnet: {'id': 'cd8961cc-234b-4924-a03e-79fbacbb6d6a', 'name': 'tempest-ServersTestFqdnHostnames-1985690922-subnet', 'tenant_id': 'de382616205d42ecbac319f959682cae', 'network_id': 'a179ca9c-73e5-4073-bb82-edca4dc17353', 'ip_version': 4, 'subnetpool_id': None, 'enable_dhcp': True, 'ipv6_ra_mode': None, 'ipv6_address_mode': None, 'gateway_ip': '192.168.128.1', 'cidr': '192.168.128.0/28', 'allocation_pools': [{'start': '192.168.128.2', 'end': '192.168.128.14'}], 'host_routes': [], 'dns_nameservers': [], 'description': '', 'service_types': [], 'tags': [], 'created_at': '2025-04-17T04:23:30Z', 'updated_at': '2025-04-17T04:23:30Z', 'revision_number': 0, 'project_id': 'de382616205d42ecbac319f959682cae'}, Router: {'id': 'e64f68e2-fefc-4342-9ba3-861a37809679', 'name': 'tempest-ServersTestFqdnHostnames-1985690922-router', 'tenant_id': 'de382616205d42ecbac319f959682cae', 'admin_state_up': True, 'status': 'ACTIVE', 'external_gateway_info': {'network_id': '4757b1c1-c21c-4f97-96a2-3e7c089f2bfc', 'external_fixed_ips': [{'subnet_id': '5ad1d645-45f5-437d-a62a-9047bcf6af17', 'ip_address': '10.180.180.246'}], 'enable_snat': True}, 'description': '', 'availability_zones': [], 'distributed': False, 'ha': False, 'availability_zone_hints': [], 'routes': [], 'flavor_id': None, 'tags': [], 'created_at': '2025-04-17T04:23:31Z', 'updated_at': '2025-04-17T04:23:32Z', 'revision_number': 2, 'project_id': 'de382616205d42ecbac319f959682cae'}
2025-04-17 04:23:38.894 66818 INFO tempest.lib.common.rest_client [req-1b1f4574-afb0-403e-970e-79000d7da573 req-1b1f4574-afb0-403e-970e-79000d7da573 ] Request (ServerExternalEventsTest:test_create_server_external_events): 200 GET http://10.180.1.21/compute/v2.1/servers/5e2ed48b-9cc5-4f62-b5a7-9f161b5a6a4e 1.610s
2025-04-17 04:23:38.928 66810 INFO tempest.lib.common.rest_client [req-d888f7f5-ff4d-4d1b-b913-2e44dafce605 req-d888f7f5-ff4d-4d1b-b913-2e44dafce605 ] Request (ServersWithSpecificFlavorTestJSON:setUpClass): 201 POST http://10.180.1.21/identity/v3/auth/tokens 0.088s
2025-04-17 04:23:38.930 66852 INFO tempest.lib.common.rest_client [req-682059f3-1d79-452b-b75b-7b0db57e0bda req-682059f3-1d79-452b-b75b-7b0db57e0bda ] Request (HypervisorAdminUnderV252Test:tearDownClass): 204 DELETE http://10.180.1.21:9696/networking/v2.0/security-groups/76c499b9-819d-432a-bf20-45a08d8d0c7a 0.233s
2025-04-17 04:23:38.939 66865 INFO tempest.lib.common.rest_client [req-f2c92cc7-5127-41c2-8b01-fb8c66a89e40 req-f2c92cc7-5127-41c2-8b01-fb8c66a89e40 ] Request (ServersAdminTestJSON:setUpClass): 201 POST http://10.180.1.21/identity/v3/users 0.078s
2025-04-17 04:23:38.950 66860 INFO tempest.lib.common.rest_client [req-181301be-5a38-4ae9-a8e2-2f479a9c4bf7 req-181301be-5a38-4ae9-a8e2-2f479a9c4bf7 ] Request (FlavorsV255TestJSON:tearDownClass): 201 POST http://10.180.1.21/identity/v3/auth/tokens 0.065s
2025-04-17 04:23:39.001 66830 INFO tempest.lib.common.rest_client [req-d3b4ec23-2640-43e8-bc2b-1ecbea0adf44 req-d3b4ec23-2640-43e8-bc2b-1ecbea0adf44 ] Request (ServersTestFqdnHostnames:setUpClass): 201 POST http://10.180.1.21/identity/v3/auth/tokens 0.105s
2025-04-17 04:23:39.004 66852 INFO tempest.lib.common.rest_client [req-9ef89b40-b551-417f-b588-ec2fa570269f req-9ef89b40-b551-417f-b588-ec2fa570269f ] Request (HypervisorAdminUnderV252Test:tearDownClass): 204 DELETE http://10.180.1.21/identity/v3/projects/abb3720b075b400cadf67d90818d8fb2 0.074s
2025-04-17 04:23:39.005 66852 INFO tempest.test [-] raised in UnshelveToHostMultiNodesTest.setUpClass. Invoking tearDownClass.
2025-04-17 04:23:39.043 66865 INFO tempest.lib.common.rest_client [req-12368ff7-b215-48ec-88a2-312d6fa85fa9 req-12368ff7-b215-48ec-88a2-312d6fa85fa9 ] Request (ServersAdminTestJSON:setUpClass): 200 GET http://10.180.1.21/identity/v3/roles 0.104s
2025-04-17 04:23:39.069 66852 INFO tempest.lib.common.rest_client [req-7b671ada-2f54-4f4e-b4c0-d80a1f950834 req-7b671ada-2f54-4f4e-b4c0-d80a1f950834 ] Request (FloatingIPsAssociationTestJSON:setUpClass): 201 POST http://10.180.1.21/identity/v3/auth/tokens 0.061s
2025-04-17 04:23:39.086 66865 INFO tempest.lib.common.rest_client [req-aef34000-bb7a-48e5-a5d6-7991696f262d req-aef34000-bb7a-48e5-a5d6-7991696f262d ] Request (ServersAdminTestJSON:setUpClass): 204 PUT http://10.180.1.21/identity/v3/projects/9ab51edff1d44a5d9ac4385debdd231f/users/6c9102b387b04d5bb9f88d51b6503325/roles/99af61b335434d2aa8d70b75b2b21bf4 0.042s
2025-04-17 04:23:39.086 66865 INFO tempest.lib.common.dynamic_creds [-] Dynamic test user 6c9102b387b04d5bb9f88d51b6503325 is created with scope project and roles: ['member']
2025-04-17 04:23:39.086 66865 INFO tempest.lib.common.dynamic_creds [-] Acquired dynamic creds: credentials: Credentials: {'domain_id': 'default', 'domain_name': 'Default', 'username': 'tempest-ServersAdminTestJSON-1146612904-project-member', 'project_domain_id': 'default', 'project_domain_name': 'Default', 'project_id': '9ab51edff1d44a5d9ac4385debdd231f', 'project_name': 'tempest-ServersAdminTestJSON-1146612904', 'tenant_id': '9ab51edff1d44a5d9ac4385debdd231f', 'tenant_name': 'tempest-ServersAdminTestJSON-1146612904', 'user_domain_id': 'default', 'user_domain_name': 'Default', 'user_id': '6c9102b387b04d5bb9f88d51b6503325', 'system': None}, Network: None, Subnet: None, Router: None
2025-04-17 04:23:39.118 66836 INFO tempest.lib.common.rest_client [req-934fb5e2-28e5-4cd6-82f4-53407fa39750 req-934fb5e2-28e5-4cd6-82f4-53407fa39750 ] Request (ServersAdmin275Test:test_rebuild_update_server_275): 200 GET http://10.180.1.21/compute/v2.1/servers/f5415bfe-3f3a-4f4b-985d-59655791bb2b 1.271s
2025-04-17 04:23:39.125 66866 INFO tempest.lib.common.rest_client [req-d19bf732-cddb-4a81-966d-b6446c5b3952 req-d19bf732-cddb-4a81-966d-b6446c5b3952 ] Request (VolumesAssistedSnapshotsTest:setUpClass): 200 PUT http://10.180.1.21:9696/networking/v2.0/routers/b63be88c-c91e-4448-a6f5-84042abb6d1b/add_router_interface 4.195s
2025-04-17 04:23:39.125 66866 INFO tempest.lib.common.dynamic_creds [-] Created isolated network resources for: credentials: Credentials: {'domain_id': 'default', 'domain_name': 'Default', 'username': 'tempest-VolumesAssistedSnapshotsTest-422998348-project-admin', 'project_domain_id': 'default', 'project_domain_name': 'Default', 'project_id': '3bdeb40dede249898fd90087173f0f17', 'project_name': 'tempest-VolumesAssistedSnapshotsTest-422998348', 'tenant_id': '3bdeb40dede249898fd90087173f0f17', 'tenant_name': 'tempest-VolumesAssistedSnapshotsTest-422998348', 'user_domain_id': 'default', 'user_domain_name': 'Default', 'user_id': '42bf41e2add04288b5a8f37b0e2bf543', 'system': None}, Network: {'id': '945668e3-849c-4388-9b7a-317c53c66444', 'name': 'tempest-VolumesAssistedSnapshotsTest-1834052059-network', 'tenant_id': '3bdeb40dede249898fd90087173f0f17', 'admin_state_up': True, 'mtu': 8950, 'status': 'ACTIVE', 'subnets': [], 'shared': False, 'project_id': '3bdeb40dede249898fd90087173f0f17', 'port_security_enabled': True, 'router:external': False, 'provider:network_type': 'vlan', 'provider:physical_network': 'default', 'provider:segmentation_id': 767, 'is_default': False, 'availability_zone_hints': [], 'availability_zones': [], 'ipv4_address_scope': None, 'ipv6_address_scope': None, 'description': '', 'tags': [], 'created_at': '2025-04-17T04:23:30Z', 'updated_at': '2025-04-17T04:23:30Z', 'revision_number': 1}, Subnet: {'id': '94162859-70dd-4653-b80f-60a3a838be68', 'name': 'tempest-VolumesAssistedSnapshotsTest-1834052059-subnet', 'tenant_id': '3bdeb40dede249898fd90087173f0f17', 'network_id': '945668e3-849c-4388-9b7a-317c53c66444', 'ip_version': 4, 'subnetpool_id': None, 'enable_dhcp': True, 'ipv6_ra_mode': None, 'ipv6_address_mode': None, 'gateway_ip': '192.168.128.1', 'cidr': '192.168.128.0/28', 'allocation_pools': [{'start': '192.168.128.2', 'end': '192.168.128.14'}], 'host_routes': [], 'dns_nameservers': [], 'description': '', 'service_types': [], 'tags': [], 'created_at': '2025-04-17T04:23:30Z', 'updated_at': '2025-04-17T04:23:30Z', 'revision_number': 0, 'project_id': '3bdeb40dede249898fd90087173f0f17'}, Router: {'id': 'b63be88c-c91e-4448-a6f5-84042abb6d1b', 'name': 'tempest-VolumesAssistedSnapshotsTest-1834052059-router', 'tenant_id': '3bdeb40dede249898fd90087173f0f17', 'admin_state_up': True, 'status': 'ACTIVE', 'external_gateway_info': {'network_id': '4757b1c1-c21c-4f97-96a2-3e7c089f2bfc', 'external_fixed_ips': [{'subnet_id': '5ad1d645-45f5-437d-a62a-9047bcf6af17', 'ip_address': '10.180.180.157'}], 'enable_snat': True}, 'description': '', 'availability_zones': [], 'distributed': False, 'ha': False, 'availability_zone_hints': [], 'routes': [], 'flavor_id': None, 'tags': [], 'created_at': '2025-04-17T04:23:31Z', 'updated_at': '2025-04-17T04:23:33Z', 'revision_number': 2, 'project_id': '3bdeb40dede249898fd90087173f0f17'}
2025-04-17 04:23:39.143 66852 INFO tempest.lib.common.rest_client [req-3ff1d8cb-75ed-4e20-88d4-ca4a7f54d36b req-3ff1d8cb-75ed-4e20-88d4-ca4a7f54d36b ] Request (FloatingIPsAssociationTestJSON:setUpClass): 201 POST http://10.180.1.21/identity/v3/auth/tokens 0.072s
2025-04-17 04:23:39.150 66812 INFO tempest.lib.common.rest_client [req-283ce594-9fd9-464a-baa2-9fcc6b0c21e6 req-283ce594-9fd9-464a-baa2-9fcc6b0c21e6 ] Request (ImagesMetadataTestJSON:test_get_image_metadata_item): 200 GET http://10.180.1.21/compute/v2.1/images/8363f0af-12a5-43a7-b553-7d3c213db5f7/metadata/os_distro 1.215s
2025-04-17 04:23:39.161 66865 INFO tempest.lib.common.rest_client [req-55bb0e8f-9fbe-4511-b970-1caaecd6d235 req-55bb0e8f-9fbe-4511-b970-1caaecd6d235 ] Request (ServersAdminTestJSON:setUpClass): 201 POST http://10.180.1.21/identity/v3/auth/tokens 0.074s
2025-04-17 04:23:39.166 66858 INFO tempest.lib.common.rest_client [req-6b98c132-3925-4953-aa9b-504efad5c227 req-6b98c132-3925-4953-aa9b-504efad5c227 ] Request (FlavorsAdminTestJSON:_run_cleanups): 200 GET http://10.180.1.21/compute/v2.1/flavors/detail 1.215s
2025-04-17 04:23:39.181 66852 INFO tempest.lib.common.rest_client [req-8e8b85d6-85b8-4ce8-8f62-ffeab526d952 req-8e8b85d6-85b8-4ce8-8f62-ffeab526d952 ] Request (FloatingIPsAssociationTestJSON:setUpClass): 200 GET http://10.180.1.21/identity/v3/domains?name=Default 0.036s
2025-04-17 04:23:39.207 66860 INFO tempest.lib.common.rest_client [req-8bd7d3e4-4e98-4b2f-a53d-be473de58ab6 req-8bd7d3e4-4e98-4b2f-a53d-be473de58ab6 ] Request (FlavorsV255TestJSON:tearDownClass): 200 GET http://10.180.1.21:9696/networking/v2.0/security-groups?tenant_id=eac0b2ebe400418baccfc5f4abe6383b&name=default 0.257s
2025-04-17 04:23:39.213 66854 INFO tempest.lib.common.rest_client [req-69579d04-8024-4f9a-8a32-e292a0f7e4b5 req-69579d04-8024-4f9a-8a32-e292a0f7e4b5 ] Request (ListImageFiltersTestJSON:setUpClass): 200 GET http://10.180.1.21/compute/v2.1/images/46e578d5-ac93-418a-a8fa-87b564a4e71e 1.221s
2025-04-17 04:23:39.214 66870 INFO tempest.lib.common.rest_client [req-0c5d27f7-68c6-41aa-b5a7-e847bdf0cdea req-0c5d27f7-68c6-41aa-b5a7-e847bdf0cdea ] Request (ImagesNegativeTestJSON:test_create_image_from_deleted_server): 200 GET http://10.180.1.21/compute/v2.1/servers/da4dff27-123e-44ac-83b5-1b2b3d731e0a 1.469s
2025-04-17 04:23:39.222 66850 INFO tempest.lib.common.rest_client [req-57e9b6f1-fb88-4760-9336-9081dc059e7e req-57e9b6f1-fb88-4760-9336-9081dc059e7e ] Request (FlavorMetadataValidation:tearDownClass): 200 GET http://10.180.1.21:9696/networking/v2.0/security-groups?tenant_id=c9d028e621034e5a83a6ac0b1f72972e&name=default 0.546s
2025-04-17 04:23:39.236 66866 INFO tempest.lib.common.rest_client [req-fd999a45-c849-4228-a5ae-f00e7a81f2f2 req-fd999a45-c849-4228-a5ae-f00e7a81f2f2 ] Request (VolumesAssistedSnapshotsTest:setUpClass): 201 POST http://10.180.1.21/identity/v3/auth/tokens 0.106s
2025-04-17 04:23:39.268 66852 INFO tempest.lib.common.rest_client [req-e34c2292-5fb6-45fd-9d10-52eeae00519f req-e34c2292-5fb6-45fd-9d10-52eeae00519f ] Request (FloatingIPsAssociationTestJSON:setUpClass): 201 POST http://10.180.1.21/identity/v3/projects 0.086s
2025-04-17 04:23:39.322 66866 INFO tempest.lib.common.rest_client [req-05714403-53df-450a-87d2-37e807b2f254 req-05714403-53df-450a-87d2-37e807b2f254 ] Request (VolumesAssistedSnapshotsTest:setUpClass): 201 POST http://10.180.1.21/identity/v3/projects 0.086s
2025-04-17 04:23:39.352 66860 INFO tempest.lib.common.rest_client [req-7af90917-fd41-4952-8a68-571569cb5e4c req-7af90917-fd41-4952-8a68-571569cb5e4c ] Request (FlavorsV255TestJSON:tearDownClass): 204 DELETE http://10.180.1.21:9696/networking/v2.0/security-groups/831caed0-cabf-4407-a28b-1e1299c5dd5c 0.144s
2025-04-17 04:23:39.362 66850 INFO tempest.lib.common.rest_client [req-948e45a2-6f9c-4dfd-930d-fbb051440198 req-948e45a2-6f9c-4dfd-930d-fbb051440198 ] Request (FlavorMetadataValidation:tearDownClass): 204 DELETE http://10.180.1.21:9696/networking/v2.0/security-groups/f3f972a5-d188-4b3d-9863-c5c7e8d279f1 0.139s
2025-04-17 04:23:39.362 66872 INFO tempest.lib.common.rest_client [req-b642c3e3-2e29-4e6e-a384-3890719d887d req-b642c3e3-2e29-4e6e-a384-3890719d887d ] Request (ServerDiagnosticsNegativeTest:test_get_server_diagnostics_by_non_admin): 200 GET http://10.180.1.21/compute/v2.1/servers/3816b87a-030d-4362-9596-bd0899455e52 1.272s
2025-04-17 04:23:39.389 66840 INFO tempest.lib.common.rest_client [req-9f747902-4f1c-4c9f-9622-bcaabe2a6800 req-9f747902-4f1c-4c9f-9622-bcaabe2a6800 ] Request (QuotasAdminTestV236:tearDownClass): 200 GET http://10.180.1.21:9696/networking/v2.0/security-groups?tenant_id=be44bc9aac184550ba1f93a65ee88d96&name=default 1.172s
2025-04-17 04:23:39.391 66856 INFO tempest.lib.common.rest_client [req-09535a75-5d70-4cce-b70b-613911c6babb req-09535a75-5d70-4cce-b70b-613911c6babb ] Request (ImagesDeleteNegativeTestJSON:test_delete_image_non_hex_string_id): 404 DELETE http://10.180.1.21/compute/v2.1/images/d2f321af-d23e-4810-b60c-b7622d94aa4j 1.273s
2025-04-17 04:23:39.415 66842 INFO tempest.lib.common.rest_client [req-70dd276c-7d98-4da8-8867-3495bd270a00 req-70dd276c-7d98-4da8-8867-3495bd270a00 ] Request (ServicesAdminNegativeV253TestJSON:test_get_service_by_invalid_service_and_valid_host): 200 GET http://10.180.1.21/compute/v2.1/os-services?host=devstack&binary=xxx 1.269s
2025-04-17 04:23:39.429 66848 INFO tempest.lib.common.rest_client [req-cae074d1-e7e0-4d92-9f84-fc8521081a5a req-cae074d1-e7e0-4d92-9f84-fc8521081a5a ] Request (FlavorsAccessNegativeTestJSON:_run_cleanups): 200 GET http://10.180.1.21/compute/v2.1/flavors/detail 1.162s
2025-04-17 04:23:39.445 66852 INFO tempest.lib.common.rest_client [req-e7ca1db4-09f0-4911-945b-f023565f4a35 req-e7ca1db4-09f0-4911-945b-f023565f4a35 ] Request (FloatingIPsAssociationTestJSON:setUpClass): 201 POST http://10.180.1.21/identity/v3/users 0.177s
2025-04-17 04:23:39.456 66866 INFO tempest.lib.common.rest_client [req-afcd29de-d68c-4585-99ed-ea87406fb67d req-afcd29de-d68c-4585-99ed-ea87406fb67d ] Request (VolumesAssistedSnapshotsTest:setUpClass): 201 POST http://10.180.1.21/identity/v3/users 0.133s
2025-04-17 04:23:39.486 66865 INFO tempest.lib.common.rest_client [req-d2a5317a-5931-45d4-9eb0-c125a48d921d req-d2a5317a-5931-45d4-9eb0-c125a48d921d ] Request (ServersAdminTestJSON:setUpClass): 201 POST http://10.180.1.21:9696/networking/v2.0/networks 0.325s
2025-04-17 04:23:39.514 66860 INFO tempest.lib.common.rest_client [req-5cd67aaf-da9b-401c-bfbd-88f2901c1495 req-5cd67aaf-da9b-401c-bfbd-88f2901c1495 ] Request (FlavorsV255TestJSON:tearDownClass): 204 DELETE http://10.180.1.21/identity/v3/projects/eac0b2ebe400418baccfc5f4abe6383b 0.162s
2025-04-17 04:23:39.514 66860 INFO tempest.lib.common.dynamic_creds [-] Deleting project and security group for project: d317d1330e464e29a874ae4e5f89b554
2025-04-17 04:23:39.518 66850 INFO tempest.lib.common.rest_client [req-10056928-b01c-4ab8-bcb8-89bbc0b13b05 req-10056928-b01c-4ab8-bcb8-89bbc0b13b05 ] Request (FlavorMetadataValidation:tearDownClass): 204 DELETE http://10.180.1.21/identity/v3/projects/c9d028e621034e5a83a6ac0b1f72972e 0.156s
2025-04-17 04:23:39.560 66840 INFO tempest.lib.common.rest_client [req-4c778013-1ae0-4093-9960-483568778e01 req-4c778013-1ae0-4093-9960-483568778e01 ] Request (QuotasAdminTestV236:tearDownClass): 204 DELETE http://10.180.1.21:9696/networking/v2.0/security-groups/584541ef-17b0-42f1-bbe1-a76042e2f0ee 0.170s
2025-04-17 04:23:39.611 66860 INFO tempest.lib.common.rest_client [req-61c28710-528e-46b3-8326-2eead6403906 req-61c28710-528e-46b3-8326-2eead6403906 ] Request (FlavorsV255TestJSON:tearDownClass): 200 GET http://10.180.1.21:9696/networking/v2.0/security-groups?tenant_id=d317d1330e464e29a874ae4e5f89b554&name=default 0.096s
2025-04-17 04:23:39.634 66852 INFO tempest.lib.common.rest_client [req-b209521d-0a2e-4741-a747-b558288b936e req-b209521d-0a2e-4741-a747-b558288b936e ] Request (FloatingIPsAssociationTestJSON:setUpClass): 200 GET http://10.180.1.21/identity/v3/roles 0.188s
2025-04-17 04:23:39.658 66850 INFO tempest.lib.common.rest_client [req-598825c6-a8f3-4b77-bdf5-051dcc2960a7 req-598825c6-a8f3-4b77-bdf5-051dcc2960a7 ] Request (FlavorsExtraSpecsNegativeTestJSON:setUpClass): 201 POST http://10.180.1.21/identity/v3/auth/tokens 0.138s
2025-04-17 04:23:39.659 66866 INFO tempest.lib.common.rest_client [req-ee0715ca-b1c4-44ca-9a58-b603545e2b9c req-ee0715ca-b1c4-44ca-9a58-b603545e2b9c ] Request (VolumesAssistedSnapshotsTest:setUpClass): 200 GET http://10.180.1.21/identity/v3/roles 0.202s
2025-04-17 04:23:39.675 66860 INFO tempest.lib.common.rest_client [req-c6c6d8db-9ff7-4e2b-b8fc-f9b9c2f70f25 req-c6c6d8db-9ff7-4e2b-b8fc-f9b9c2f70f25 ] Request (FlavorsV255TestJSON:tearDownClass): 204 DELETE http://10.180.1.21:9696/networking/v2.0/security-groups/8fc8f661-248b-46c0-927e-6b8290b2c7a2 0.063s
2025-04-17 04:23:39.707 66822 INFO tempest.lib.common.rest_client [req-e5a2f576-106c-4362-aeaf-da7645be2c5e req-e5a2f576-106c-4362-aeaf-da7645be2c5e ] Request (SecurityGroupsTestJSON:test_list_security_groups_by_server): 200 POST http://10.180.1.21/compute/v2.1/os-security-groups 1.613s
2025-04-17 04:23:39.719 66844 INFO tempest.lib.common.rest_client [req-69c14303-bb16-4925-b751-008b1f6856e4 req-69c14303-bb16-4925-b751-008b1f6856e4 ] Request (VolumesAdminNegativeTest:setUpClass): 200 PUT http://10.180.1.21:9696/networking/v2.0/routers/7b113638-b899-4ec4-b5b8-8f83c280e90b/add_router_interface 3.407s
2025-04-17 04:23:39.720 66844 INFO tempest.lib.common.dynamic_creds [-] Created isolated network resources for: credentials: Credentials: {'domain_id': 'default', 'domain_name': 'Default', 'username': 'tempest-VolumesAdminNegativeTest-164012483-project-member', 'project_domain_id': 'default', 'project_domain_name': 'Default', 'project_id': 'bde93af91cb848398a42cb84655433ce', 'project_name': 'tempest-VolumesAdminNegativeTest-164012483', 'tenant_id': 'bde93af91cb848398a42cb84655433ce', 'tenant_name': 'tempest-VolumesAdminNegativeTest-164012483', 'user_domain_id': 'default', 'user_domain_name': 'Default', 'user_id': 'baf6a628f25e4834be0a49163b31a3e1', 'system': None}, Network: {'id': '2149f17f-cf1d-4c76-b897-e5af3057bd06', 'name': 'tempest-VolumesAdminNegativeTest-1274272036-network', 'tenant_id': 'bde93af91cb848398a42cb84655433ce', 'admin_state_up': True, 'mtu': 8950, 'status': 'ACTIVE', 'subnets': [], 'shared': False, 'project_id': 'bde93af91cb848398a42cb84655433ce', 'port_security_enabled': True, 'router:external': False, 'provider:network_type': 'vlan', 'provider:physical_network': 'default', 'provider:segmentation_id': 711, 'is_default': False, 'availability_zone_hints': [], 'availability_zones': [], 'ipv4_address_scope': None, 'ipv6_address_scope': None, 'description': '', 'tags': [], 'created_at': '2025-04-17T04:23:30Z', 'updated_at': '2025-04-17T04:23:31Z', 'revision_number': 1}, Subnet: {'id': '6f830e28-86c7-44aa-bd73-2b33af7885cb', 'name': 'tempest-VolumesAdminNegativeTest-1274272036-subnet', 'tenant_id': 'bde93af91cb848398a42cb84655433ce', 'network_id': '2149f17f-cf1d-4c76-b897-e5af3057bd06', 'ip_version': 4, 'subnetpool_id': None, 'enable_dhcp': True, 'ipv6_ra_mode': None, 'ipv6_address_mode': None, 'gateway_ip': '192.168.128.1', 'cidr': '192.168.128.0/28', 'allocation_pools': [{'start': '192.168.128.2', 'end': '192.168.128.14'}], 'host_routes': [], 'dns_nameservers': [], 'description': '', 'service_types': [], 'tags': [], 'created_at': '2025-04-17T04:23:31Z', 'updated_at': '2025-04-17T04:23:31Z', 'revision_number': 0, 'project_id': 'bde93af91cb848398a42cb84655433ce'}, Router: {'id': '7b113638-b899-4ec4-b5b8-8f83c280e90b', 'name': 'tempest-VolumesAdminNegativeTest-1274272036-router', 'tenant_id': 'bde93af91cb848398a42cb84655433ce', 'admin_state_up': True, 'status': 'ACTIVE', 'external_gateway_info': {'network_id': '4757b1c1-c21c-4f97-96a2-3e7c089f2bfc', 'external_fixed_ips': [{'subnet_id': '5ad1d645-45f5-437d-a62a-9047bcf6af17', 'ip_address': '10.180.180.250'}], 'enable_snat': True}, 'description': '', 'availability_zones': [], 'distributed': False, 'ha': False, 'availability_zone_hints': [], 'routes': [], 'flavor_id': None, 'tags': [], 'created_at': '2025-04-17T04:23:32Z', 'updated_at': '2025-04-17T04:23:34Z', 'revision_number': 2, 'project_id': 'bde93af91cb848398a42cb84655433ce'}
2025-04-17 04:23:39.720 66816 INFO tempest.lib.common.rest_client [req-5f06886c-4ce7-4e9c-80c6-08e5a54d974d req-5f06886c-4ce7-4e9c-80c6-08e5a54d974d ] Request (FlavorsExtraSpecsTestJSON:test_flavor_set_get_update_show_unset_keys): 200 GET http://10.180.1.21/compute/v2.1/flavors/483487178/os-extra_specs 1.430s
2025-04-17 04:23:39.735 66840 INFO tempest.lib.common.rest_client [req-51ef77f3-33df-4e9c-aff8-00f27fc10966 req-51ef77f3-33df-4e9c-aff8-00f27fc10966 ] Request (QuotasAdminTestV236:tearDownClass): 204 DELETE http://10.180.1.21/identity/v3/projects/be44bc9aac184550ba1f93a65ee88d96 0.175s
2025-04-17 04:23:39.736 66840 INFO tempest.lib.common.dynamic_creds [-] Deleting project and security group for project: 0ee7e7a951204ff7916c6382dc4b435c
2025-04-17 04:23:39.797 66852 INFO tempest.lib.common.rest_client [req-1a4ce6aa-78c2-4af9-be45-6ab3a2f087c2 req-1a4ce6aa-78c2-4af9-be45-6ab3a2f087c2 ] Request (FloatingIPsAssociationTestJSON:setUpClass): 204 PUT http://10.180.1.21/identity/v3/projects/d0589e357f6049f49f48ec426661c558/users/6b9b8e91411a4b049599533d93874d7c/roles/99af61b335434d2aa8d70b75b2b21bf4 0.162s
2025-04-17 04:23:39.797 66852 INFO tempest.lib.common.dynamic_creds [-] Dynamic test user 6b9b8e91411a4b049599533d93874d7c is created with scope project and roles: ['member']
2025-04-17 04:23:39.797 66852 INFO tempest.lib.common.dynamic_creds [-] Acquired dynamic creds: credentials: Credentials: {'domain_id': 'default', 'domain_name': 'Default', 'username': 'tempest-FloatingIPsAssociationTestJSON-1630048577-project-member', 'project_domain_id': 'default', 'project_domain_name': 'Default', 'project_id': 'd0589e357f6049f49f48ec426661c558', 'project_name': 'tempest-FloatingIPsAssociationTestJSON-1630048577', 'tenant_id': 'd0589e357f6049f49f48ec426661c558', 'tenant_name': 'tempest-FloatingIPsAssociationTestJSON-1630048577', 'user_domain_id': 'default', 'user_domain_name': 'Default', 'user_id': '6b9b8e91411a4b049599533d93874d7c', 'system': None}, Network: None, Subnet: None, Router: None
2025-04-17 04:23:39.811 66866 INFO tempest.lib.common.rest_client [req-7b2a36ed-cd1a-4200-85e1-cc161de3d517 req-7b2a36ed-cd1a-4200-85e1-cc161de3d517 ] Request (VolumesAssistedSnapshotsTest:setUpClass): 204 PUT http://10.180.1.21/identity/v3/projects/551d222644f149a583cc6a0df1b0e407/users/3cf027ab902f4857b8adeb19072fa7c5/roles/ea7a289ed09b4b7d968ea032d4b6e06e 0.152s
2025-04-17 04:23:39.817 66840 INFO tempest.lib.common.rest_client [req-b1380961-a84a-4a95-a680-0834a7e3b9e9 req-b1380961-a84a-4a95-a680-0834a7e3b9e9 ] Request (QuotasAdminTestV236:tearDownClass): 200 GET http://10.180.1.21:9696/networking/v2.0/security-groups?tenant_id=0ee7e7a951204ff7916c6382dc4b435c&name=default 0.081s
2025-04-17 04:23:39.853 66850 INFO tempest.lib.common.rest_client [req-4ce63675-3c76-49ae-9851-2c25051daaa2 req-4ce63675-3c76-49ae-9851-2c25051daaa2 ] Request (FlavorsExtraSpecsNegativeTestJSON:setUpClass): 201 POST http://10.180.1.21/identity/v3/auth/tokens 0.191s
2025-04-17 04:23:39.901 66840 INFO tempest.lib.common.rest_client [req-1c6f3f84-1012-4ff4-8aa1-060a03454833 req-1c6f3f84-1012-4ff4-8aa1-060a03454833 ] Request (QuotasAdminTestV236:tearDownClass): 204 DELETE http://10.180.1.21:9696/networking/v2.0/security-groups/90de9e0f-edb1-4869-a3ab-ff461b5bd07b 0.083s
2025-04-17 04:23:39.904 66860 INFO tempest.lib.common.rest_client [req-70202d0d-dc86-443c-b227-0ad1262aa2ef req-70202d0d-dc86-443c-b227-0ad1262aa2ef ] Request (FlavorsV255TestJSON:tearDownClass): 204 DELETE http://10.180.1.21/identity/v3/projects/d317d1330e464e29a874ae4e5f89b554 0.228s
2025-04-17 04:23:39.965 66865 INFO tempest.lib.common.rest_client [req-472e675c-dd5b-489b-98df-5b1b8735b747 req-472e675c-dd5b-489b-98df-5b1b8735b747 ] Request (ServersAdminTestJSON:setUpClass): 201 POST http://10.180.1.21:9696/networking/v2.0/subnets 0.478s
2025-04-17 04:23:39.970 66844 INFO tempest.lib.common.rest_client [req-ae16cc13-270c-4444-8191-8e12f963d6a0 req-ae16cc13-270c-4444-8191-8e12f963d6a0 ] Request (VolumesAdminNegativeTest:setUpClass): 201 POST http://10.180.1.21/identity/v3/auth/tokens 0.248s
2025-04-17 04:23:39.976 66814 INFO tempest.lib.common.rest_client [req-948e1a09-2369-4394-ada0-d184d4b1da0f req-948e1a09-2369-4394-ada0-d184d4b1da0f ] Request (ServicesAdminNegativeTestJSON:test_list_services_with_non_admin_user): 403 GET http://10.180.1.21/compute/v2.1/os-services 1.628s
2025-04-17 04:23:40.032 66839 INFO tempest.lib.common.rest_client [req-19940de0-35c8-4333-8cdb-e69e8d9dc3d0 req-19940de0-35c8-4333-8cdb-e69e8d9dc3d0 ] Request (QuotasAdminTestJSON:test_delete_quota): 200 GET http://10.180.1.21/compute/v2.1/os-quota-sets/70d0a5c9c5584ae5ab6f7bb1315ce02e 1.765s
2025-04-17 04:23:40.078 66854 INFO tempest.lib.common.rest_client [req-ce11fa44-7f0d-4f4e-9dcb-97b1008057c5 req-ce11fa44-7f0d-4f4e-9dcb-97b1008057c5 ] Request (ListImageFiltersTestJSON:setUpClass): 201 POST http://10.180.1.21/image/v2/images 0.862s
2025-04-17 04:23:40.096 66852 INFO tempest.lib.common.rest_client [req-ec24ccc9-3db5-4273-91b5-13f207de7c1f req-ec24ccc9-3db5-4273-91b5-13f207de7c1f ] Request (FloatingIPsAssociationTestJSON:setUpClass): 201 POST http://10.180.1.21/identity/v3/auth/tokens 0.298s
2025-04-17 04:23:40.103 66866 INFO tempest.lib.common.rest_client [req-06d908ad-f026-4bbc-9494-6857cb361a02 req-06d908ad-f026-4bbc-9494-6857cb361a02 ] Request (VolumesAssistedSnapshotsTest:setUpClass): 200 GET http://10.180.1.21/identity/v3/roles 0.291s
2025-04-17 04:23:40.120 66850 INFO tempest.lib.common.rest_client [req-4e1f2284-6092-4ada-b2b4-8ddd05610363 req-4e1f2284-6092-4ada-b2b4-8ddd05610363 ] Request (FlavorsExtraSpecsNegativeTestJSON:setUpClass): 200 GET http://10.180.1.21/identity/v3/domains?name=Default 0.267s
2025-04-17 04:23:40.155 66840 INFO tempest.lib.common.rest_client [req-97360920-830c-45f2-b346-b709d21c8e57 req-97360920-830c-45f2-b346-b709d21c8e57 ] Request (QuotasAdminTestV236:tearDownClass): 204 DELETE http://10.180.1.21/identity/v3/projects/0ee7e7a951204ff7916c6382dc4b435c 0.253s
2025-04-17 04:23:40.166 66860 INFO tempest.lib.common.rest_client [req-e5c7c4db-1619-469f-be76-b9ee7895db60 req-e5c7c4db-1619-469f-be76-b9ee7895db60 ] Request (HostsAdminNegativeTestJSON:setUpClass): 201 POST http://10.180.1.21/identity/v3/auth/tokens 0.259s
2025-04-17 04:23:40.180 66862 INFO tempest.lib.common.rest_client [req-340a988d-1c44-41d5-a383-f02ddf5ac0ba req-340a988d-1c44-41d5-a383-f02ddf5ac0ba ] Request (ServerDiagnosticsTest:test_get_server_diagnostics): 200 GET http://10.180.1.21/compute/v2.1/servers/a0bd3693-ed3f-4573-8250-85ae19a08869 1.659s
2025-04-17 04:23:40.204 66824 INFO tempest.lib.common.rest_client [req-ff1c4db3-114c-4266-ae01-11a6d90d0d99 req-ff1c4db3-114c-4266-ae01-11a6d90d0d99 ] Request (FlavorsAccessTestJSON:_run_cleanups): 200 GET http://10.180.1.21/compute/v2.1/flavors/detail 1.672s
2025-04-17 04:23:40.221 66844 INFO tempest.lib.common.rest_client [req-cb48db7c-4aea-4d2c-a943-48eae49da2dd req-cb48db7c-4aea-4d2c-a943-48eae49da2dd ] Request (VolumesAdminNegativeTest:setUpClass): 201 POST http://10.180.1.21/identity/v3/projects 0.250s
2025-04-17 04:23:40.230 66814 INFO tempest.lib.common.rest_client [req-fcecb750-e5e7-4e09-8ccc-6bdd224b1bb5 req-fcecb750-e5e7-4e09-8ccc-6bdd224b1bb5 ] Request (ServicesAdminNegativeTestJSON:tearDownClass): 204 DELETE http://10.180.1.21/identity/v3/users/5d62cc3512f64070ae0df7baa59c7669 0.253s
2025-04-17 04:23:40.238 66846 INFO tempest.lib.common.rest_client [req-dcc330e9-462a-43ec-b154-7aa4c281e0d2 req-dcc330e9-462a-43ec-b154-7aa4c281e0d2 ] Request (KeyPairsV210TestJSON:_run_cleanups): 204 DELETE http://10.180.1.21/compute/v2.1/os-keypairs/tempest-keypair-250201610?user_id=ea6fe84ff46b4f4ca9056b7427f2b232 1.670s
2025-04-17 04:23:40.255 66820 INFO tempest.lib.common.rest_client [req-6821d096-7a4a-4310-87e5-38944cd3a905 req-6821d096-7a4a-4310-87e5-38944cd3a905 ] Request (AggregatesAdminNegativeTestJSON:test_aggregate_add_host_as_user): 200 POST http://10.180.1.21/compute/v2.1/os-aggregates 1.660s
2025-04-17 04:23:40.273 66866 INFO tempest.lib.common.rest_client [req-8035a048-5e03-428b-8078-9d1be2b920d0 req-8035a048-5e03-428b-8078-9d1be2b920d0 ] Request (VolumesAssistedSnapshotsTest:setUpClass): 204 PUT http://10.180.1.21/identity/v3/projects/551d222644f149a583cc6a0df1b0e407/users/3cf027ab902f4857b8adeb19072fa7c5/roles/acd4e55a28f4464bbc4f6fbba29d41b7 0.169s
2025-04-17 04:23:40.273 66866 INFO tempest.lib.common.dynamic_creds [-] Dynamic test user 3cf027ab902f4857b8adeb19072fa7c5 is created with scope project and roles: ['admin', 'service']
2025-04-17 04:23:40.274 66866 INFO tempest.lib.common.dynamic_creds [-] Acquired dynamic creds: credentials: Credentials: {'domain_id': 'default', 'domain_name': 'Default', 'username': 'tempest-VolumesAssistedSnapshotsTest-2076084592-project', 'project_domain_id': 'default', 'project_domain_name': 'Default', 'project_id': '551d222644f149a583cc6a0df1b0e407', 'project_name': 'tempest-VolumesAssistedSnapshotsTest-2076084592', 'tenant_id': '551d222644f149a583cc6a0df1b0e407', 'tenant_name': 'tempest-VolumesAssistedSnapshotsTest-2076084592', 'user_domain_id': 'default', 'user_domain_name': 'Default', 'user_id': '3cf027ab902f4857b8adeb19072fa7c5', 'system': None}, Network: None, Subnet: None, Router: None
2025-04-17 04:23:40.279 66868 INFO tempest.lib.common.rest_client [req-0691f0e2-4fd9-4446-976c-4ec6950bc3cd req-0691f0e2-4fd9-4446-976c-4ec6950bc3cd ] Request (HostsAdminTestJSON:test_list_hosts_with_zone): 200 GET http://10.180.1.21/compute/v2.1/os-hosts 1.640s
2025-04-17 04:23:40.288 66850 INFO tempest.lib.common.rest_client [req-10ce08ed-08ec-4dde-905d-419dbbeb7831 req-10ce08ed-08ec-4dde-905d-419dbbeb7831 ] Request (FlavorsExtraSpecsNegativeTestJSON:setUpClass): 201 POST http://10.180.1.21/identity/v3/projects 0.167s
2025-04-17 04:23:40.336 66840 INFO tempest.lib.common.rest_client [req-b9591201-ea7b-46f3-a716-142414bde10e req-b9591201-ea7b-46f3-a716-142414bde10e ] Request (ImagesMetadataNegativeTestJSON:setUpClass): 201 POST http://10.180.1.21/identity/v3/auth/tokens 0.179s
2025-04-17 04:23:40.358 66860 INFO tempest.lib.common.rest_client [req-25233f57-f796-486b-94d3-185dc389840d req-25233f57-f796-486b-94d3-185dc389840d ] Request (HostsAdminNegativeTestJSON:setUpClass): 201 POST http://10.180.1.21/identity/v3/auth/tokens 0.190s
2025-04-17 04:23:40.373 66844 INFO tempest.lib.common.rest_client [req-82e01530-2605-4819-9540-1d925c84b9a7 req-82e01530-2605-4819-9540-1d925c84b9a7 ] Request (VolumesAdminNegativeTest:setUpClass): 201 POST http://10.180.1.21/identity/v3/users 0.151s
2025-04-17 04:23:40.432 66814 INFO tempest.lib.common.rest_client [req-f29efb98-860b-4183-8880-bccd8207f230 req-f29efb98-860b-4183-8880-bccd8207f230 ] Request (ServicesAdminNegativeTestJSON:tearDownClass): 204 DELETE http://10.180.1.21/identity/v3/users/fda6600a25804ed1b4acf4f19cd41857 0.202s
2025-04-17 04:23:40.433 66814 INFO tempest.lib.common.dynamic_creds [-] Deleting project and security group for project: b62874df28c447eea53e3ab64cc15dd0
2025-04-17 04:23:40.510 66834 INFO tempest.lib.common.rest_client [req-b2184209-3757-4f8c-a3b9-c46c05510480 req-b2184209-3757-4f8c-a3b9-c46c05510480 ] Request (QuotasAdminNegativeTest:test_create_server_when_cpu_quota_is_full): 200 PUT http://10.180.1.21/compute/v2.1/os-quota-sets/e0ea0e484d5a43298af9d8d1c35f2269 1.992s
2025-04-17 04:23:40.532 66810 INFO tempest.lib.common.rest_client [req-08dd35b1-f620-4987-80d7-cac7be795067 req-08dd35b1-f620-4987-80d7-cac7be795067 ] Request (ServersWithSpecificFlavorTestJSON:test_verify_created_server_ephemeral_disk): 200 GET http://10.180.1.21/compute/v2.1/flavors/42 1.601s
2025-04-17 04:23:40.549 66840 INFO tempest.lib.common.rest_client [req-85fdfae3-145c-4163-ac9a-4fb4fe7f967b req-85fdfae3-145c-4163-ac9a-4fb4fe7f967b ] Request (ImagesMetadataNegativeTestJSON:setUpClass): 201 POST http://10.180.1.21/identity/v3/auth/tokens 0.211s
2025-04-17 04:23:40.561 66850 INFO tempest.lib.common.rest_client [req-bb4e3cf3-a33b-44a5-b60a-4b2c712ce276 req-bb4e3cf3-a33b-44a5-b60a-4b2c712ce276 ] Request (FlavorsExtraSpecsNegativeTestJSON:setUpClass): 201 POST http://10.180.1.21/identity/v3/users 0.273s
2025-04-17 04:23:40.584 66844 INFO tempest.lib.common.rest_client [req-d38c76e1-dbfa-42eb-92c2-819209df41fa req-d38c76e1-dbfa-42eb-92c2-819209df41fa ] Request (VolumesAdminNegativeTest:setUpClass): 200 GET http://10.180.1.21/identity/v3/roles 0.210s
2025-04-17 04:23:40.587 66860 INFO tempest.lib.common.rest_client [req-cb757d65-efea-4067-9d3c-4228c84b5624 req-cb757d65-efea-4067-9d3c-4228c84b5624 ] Request (HostsAdminNegativeTestJSON:setUpClass): 200 GET http://10.180.1.21/identity/v3/domains?name=Default 0.227s
2025-04-17 04:23:40.621 66814 INFO tempest.lib.common.rest_client [req-33cd88d7-0d0a-487e-9eb9-0ac3a6cd405d req-33cd88d7-0d0a-487e-9eb9-0ac3a6cd405d ] Request (ServicesAdminNegativeTestJSON:tearDownClass): 201 POST http://10.180.1.21/identity/v3/auth/tokens 0.187s
2025-04-17 04:23:40.676 66866 INFO tempest.lib.common.rest_client [req-76f21fab-ad60-44f7-86ea-a26429914835 req-76f21fab-ad60-44f7-86ea-a26429914835 ] Request (VolumesAssistedSnapshotsTest:setUpClass): 201 POST http://10.180.1.21:9696/networking/v2.0/networks 0.401s
2025-04-17 04:23:40.685 66834 INFO tempest.lib.common.rest_client [req-35a48566-9a60-42ed-95e8-8d26faba0021 req-35a48566-9a60-42ed-95e8-8d26faba0021 ] Request (QuotasAdminNegativeTest:test_create_server_when_cpu_quota_is_full): 201 POST http://10.180.1.21/identity/v3/auth/tokens 0.169s
2025-04-17 04:23:40.686 66834 INFO tempest.lib.common.fixed_network [-] (QuotasAdminNegativeTest:test_create_server_when_cpu_quota_is_full) Found network None available for tenant
2025-04-17 04:23:40.688 66840 INFO tempest.lib.common.rest_client [req-59098185-2111-4892-9ee0-1b95cf256953 req-59098185-2111-4892-9ee0-1b95cf256953 ] Request (ImagesMetadataNegativeTestJSON:setUpClass): 200 GET http://10.180.1.21/identity/v3/domains?name=Default 0.138s
2025-04-17 04:23:40.710 66850 INFO tempest.lib.common.rest_client [req-9bf11597-361f-4a8b-a4f8-0a462747208c req-9bf11597-361f-4a8b-a4f8-0a462747208c ] Request (FlavorsExtraSpecsNegativeTestJSON:setUpClass): 200 GET http://10.180.1.21/identity/v3/roles 0.148s
2025-04-17 04:23:40.720 66844 INFO tempest.lib.common.rest_client [req-ae227306-58ef-4d9a-a754-aab7cf0b36df req-ae227306-58ef-4d9a-a754-aab7cf0b36df ] Request (VolumesAdminNegativeTest:setUpClass): 204 PUT http://10.180.1.21/identity/v3/projects/6abf260bc6574cbaa371ba56fd3c1518/users/67f1f7f11ec647418f0fb8bfa6b81705/roles/ea7a289ed09b4b7d968ea032d4b6e06e 0.135s
2025-04-17 04:23:40.722 66830 INFO tempest.lib.common.rest_client [req-a1e44c61-808a-4a30-8a7f-b6d84dbd11e7 req-a1e44c61-808a-4a30-8a7f-b6d84dbd11e7 ] Request (ServersTestFqdnHostnames:test_create_server_with_fqdn_name): 200 POST http://10.180.1.21/compute/v2.1/os-keypairs 1.718s
2025-04-17 04:23:40.739 66858 INFO tempest.lib.common.rest_client [req-e0213fcc-4c4c-4db6-9cb3-7a15a8b74863 req-e0213fcc-4c4c-4db6-9cb3-7a15a8b74863 ] Request (FlavorsAdminTestJSON:test_create_flavor_with_int_id): 200 POST http://10.180.1.21/compute/v2.1/flavors 1.565s
2025-04-17 04:23:40.773 66812 INFO tempest.lib.common.rest_client [req-6574b352-771b-4876-9551-86dbf4f54317 req-6574b352-771b-4876-9551-86dbf4f54317 ] Request (ImagesMetadataTestJSON:setUp): 200 PUT http://10.180.1.21/compute/v2.1/images/8363f0af-12a5-43a7-b553-7d3c213db5f7/metadata 1.621s
2025-04-17 04:23:40.784 66860 INFO tempest.lib.common.rest_client [req-da0d6e46-405a-4901-9018-818a184a7469 req-da0d6e46-405a-4901-9018-818a184a7469 ] Request (HostsAdminNegativeTestJSON:setUpClass): 201 POST http://10.180.1.21/identity/v3/projects 0.196s
2025-04-17 04:23:40.791 66856 INFO tempest.lib.common.rest_client [req-e6444f7c-de45-43df-b9a6-0f0afc74c23f req-e6444f7c-de45-43df-b9a6-0f0afc74c23f ] Request (ImagesDeleteNegativeTestJSON:test_delete_image_with_id_over_character_limit): 404 DELETE http://10.180.1.21/compute/v2.1/images/f290a92a-964c-46a5-83d8-dbcfef2de0cb1 1.395s
2025-04-17 04:23:40.828 66842 INFO tempest.lib.common.rest_client [req-fc925d6d-037b-453e-8714-4dbe656df4a4 req-fc925d6d-037b-453e-8714-4dbe656df4a4 ] Request (ServicesAdminNegativeV253TestJSON:test_get_service_with_valid_service_and_invalid_host): 200 GET http://10.180.1.21/compute/v2.1/os-services 1.410s
2025-04-17 04:23:40.850 66840 INFO tempest.lib.common.rest_client [req-dc99f121-9b20-4e5a-942e-c7de20c06221 req-dc99f121-9b20-4e5a-942e-c7de20c06221 ] Request (ImagesMetadataNegativeTestJSON:setUpClass): 201 POST http://10.180.1.21/identity/v3/projects 0.160s
2025-04-17 04:23:40.853 66848 INFO tempest.lib.common.rest_client [req-13ea4edb-7f67-4712-8e63-78a83a888b34 req-13ea4edb-7f67-4712-8e63-78a83a888b34 ] Request (FlavorsAccessNegativeTestJSON:test_flavor_access_list_with_public_flavor): 200 POST http://10.180.1.21/compute/v2.1/flavors 1.418s
2025-04-17 04:23:40.858 66850 INFO tempest.lib.common.rest_client [req-aeabe488-fdfc-4387-9e89-326474f2a937 req-aeabe488-fdfc-4387-9e89-326474f2a937 ] Request (FlavorsExtraSpecsNegativeTestJSON:setUpClass): 204 PUT http://10.180.1.21/identity/v3/projects/5b0681b28a6542cdac2adaef6ad7fba3/users/271cfea9fa264b289e1abb2ba6f74c41/roles/99af61b335434d2aa8d70b75b2b21bf4 0.143s
2025-04-17 04:23:40.859 66850 INFO tempest.lib.common.dynamic_creds [-] Dynamic test user 271cfea9fa264b289e1abb2ba6f74c41 is created with scope project and roles: ['member']
2025-04-17 04:23:40.859 66850 INFO tempest.lib.common.dynamic_creds [-] Acquired dynamic creds: credentials: Credentials: {'domain_id': 'default', 'domain_name': 'Default', 'username': 'tempest-FlavorsExtraSpecsNegativeTestJSON-1413166794-project-member', 'project_domain_id': 'default', 'project_domain_name': 'Default', 'project_id': '5b0681b28a6542cdac2adaef6ad7fba3', 'project_name': 'tempest-FlavorsExtraSpecsNegativeTestJSON-1413166794', 'tenant_id': '5b0681b28a6542cdac2adaef6ad7fba3', 'tenant_name': 'tempest-FlavorsExtraSpecsNegativeTestJSON-1413166794', 'user_domain_id': 'default', 'user_domain_name': 'Default', 'user_id': '271cfea9fa264b289e1abb2ba6f74c41', 'system': None}, Network: None, Subnet: None, Router: None
2025-04-17 04:23:40.859 66850 INFO tempest.lib.common.dynamic_creds [-] Created isolated network resources for: credentials: Credentials: {'domain_id': 'default', 'domain_name': 'Default', 'username': 'tempest-FlavorsExtraSpecsNegativeTestJSON-1413166794-project-member', 'project_domain_id': 'default', 'project_domain_name': 'Default', 'project_id': '5b0681b28a6542cdac2adaef6ad7fba3', 'project_name': 'tempest-FlavorsExtraSpecsNegativeTestJSON-1413166794', 'tenant_id': '5b0681b28a6542cdac2adaef6ad7fba3', 'tenant_name': 'tempest-FlavorsExtraSpecsNegativeTestJSON-1413166794', 'user_domain_id': 'default', 'user_domain_name': 'Default', 'user_id': '271cfea9fa264b289e1abb2ba6f74c41', 'system': None}, Network: None, Subnet: None, Router: None
2025-04-17 04:23:40.914 66860 INFO tempest.lib.common.rest_client [req-ed72622c-3a15-46f0-a11f-cb5d681a0e51 req-ed72622c-3a15-46f0-a11f-cb5d681a0e51 ] Request (HostsAdminNegativeTestJSON:setUpClass): 201 POST http://10.180.1.21/identity/v3/users 0.129s
2025-04-17 04:23:40.918 66830 INFO tempest.lib.common.rest_client [req-6231cd21-1bf1-4f2d-ae02-960698ce22e9 req-6231cd21-1bf1-4f2d-ae02-960698ce22e9 ] Request (ServersTestFqdnHostnames:test_create_server_with_fqdn_name): 201 POST http://10.180.1.21:9696/networking/v2.0/security-groups 0.192s
2025-04-17 04:23:40.930 66844 INFO tempest.lib.common.rest_client [req-21a72be2-a4c8-40d5-b492-551d791e97cf req-21a72be2-a4c8-40d5-b492-551d791e97cf ] Request (VolumesAdminNegativeTest:setUpClass): 200 GET http://10.180.1.21/identity/v3/roles 0.210s
2025-04-17 04:23:40.936 66840 INFO tempest.lib.common.rest_client [req-50e19874-1e81-44d4-84fd-74f6d5048a7a req-50e19874-1e81-44d4-84fd-74f6d5048a7a ] Request (ImagesMetadataNegativeTestJSON:setUpClass): 201 POST http://10.180.1.21/identity/v3/users 0.084s
2025-04-17 04:23:40.957 66860 INFO tempest.lib.common.rest_client [req-29146922-f6d5-4d74-8f5c-8c1171313fed req-29146922-f6d5-4d74-8f5c-8c1171313fed ] Request (HostsAdminNegativeTestJSON:setUpClass): 200 GET http://10.180.1.21/identity/v3/roles 0.043s
2025-04-17 04:23:40.962 66826 INFO tempest.lib.common.rest_client [req-f5d61bad-cfbe-418c-976a-6abd476509cc req-f5d61bad-cfbe-418c-976a-6abd476509cc ] Request (DeleteServersAdminTestJSON:test_admin_delete_servers_of_others): 200 GET http://10.180.1.21/compute/v2.1/servers/fac7d6a8-d74e-4130-8068-236289d5d616 1.709s
2025-04-17 04:23:40.973 66844 INFO tempest.lib.common.rest_client [req-3149cb83-3b02-4102-b3b3-cd9b3e3024a8 req-3149cb83-3b02-4102-b3b3-cd9b3e3024a8 ] Request (VolumesAdminNegativeTest:setUpClass): 204 PUT http://10.180.1.21/identity/v3/projects/6abf260bc6574cbaa371ba56fd3c1518/users/67f1f7f11ec647418f0fb8bfa6b81705/roles/ea7a289ed09b4b7d968ea032d4b6e06e 0.042s
2025-04-17 04:23:40.974 66844 INFO tempest.lib.common.dynamic_creds [-] Dynamic test user 67f1f7f11ec647418f0fb8bfa6b81705 is created with scope project and roles: ['admin']
2025-04-17 04:23:40.974 66844 INFO tempest.lib.common.dynamic_creds [-] Acquired dynamic creds: credentials: Credentials: {'domain_id': 'default', 'domain_name': 'Default', 'username': 'tempest-VolumesAdminNegativeTest-1405365996-project-admin', 'project_domain_id': 'default', 'project_domain_name': 'Default', 'project_id': '6abf260bc6574cbaa371ba56fd3c1518', 'project_name': 'tempest-VolumesAdminNegativeTest-1405365996', 'tenant_id': '6abf260bc6574cbaa371ba56fd3c1518', 'tenant_name': 'tempest-VolumesAdminNegativeTest-1405365996', 'user_domain_id': 'default', 'user_domain_name': 'Default', 'user_id': '67f1f7f11ec647418f0fb8bfa6b81705', 'system': None}, Network: None, Subnet: None, Router: None
2025-04-17 04:23:40.997 66816 INFO tempest.lib.common.rest_client [req-80cd988d-75eb-4f8d-8366-c76c8cfcba4f req-80cd988d-75eb-4f8d-8366-c76c8cfcba4f ] Request (FlavorsExtraSpecsTestJSON:test_flavor_set_get_update_show_unset_keys): 200 PUT http://10.180.1.21/compute/v2.1/flavors/483487178/os-extra_specs/hw:numa_nodes 1.276s
2025-04-17 04:23:41.002 66852 INFO tempest.lib.common.rest_client [req-40fb4f73-a7cc-48aa-b6f8-a02648e343d8 req-40fb4f73-a7cc-48aa-b6f8-a02648e343d8 ] Request (FloatingIPsAssociationTestJSON:setUpClass): 201 POST http://10.180.1.21:9696/networking/v2.0/networks 0.906s
2025-04-17 04:23:41.009 66850 INFO tempest.lib.common.rest_client [req-9ac23e58-b239-4968-91f5-e46ac492f722 req-9ac23e58-b239-4968-91f5-e46ac492f722 ] Request (FlavorsExtraSpecsNegativeTestJSON:setUpClass): 201 POST http://10.180.1.21/identity/v3/auth/tokens 0.146s
2025-04-17 04:23:41.023 66840 INFO tempest.lib.common.rest_client [req-e2f42507-e8b9-478e-87a1-795a024dee88 req-e2f42507-e8b9-478e-87a1-795a024dee88 ] Request (ImagesMetadataNegativeTestJSON:setUpClass): 200 GET http://10.180.1.21/identity/v3/roles 0.084s
2025-04-17 04:23:41.039 66860 INFO tempest.lib.common.rest_client [req-308bb19b-c5f3-4412-a38a-edb722b24a48 req-308bb19b-c5f3-4412-a38a-edb722b24a48 ] Request (HostsAdminNegativeTestJSON:setUpClass): 204 PUT http://10.180.1.21/identity/v3/projects/228fd6c565114bd38e8b2befd802211b/users/fad72d08d577427f8931c075c1321daa/roles/99af61b335434d2aa8d70b75b2b21bf4 0.081s
2025-04-17 04:23:41.039 66860 INFO tempest.lib.common.dynamic_creds [-] Dynamic test user fad72d08d577427f8931c075c1321daa is created with scope project and roles: ['member']
2025-04-17 04:23:41.039 66860 INFO tempest.lib.common.dynamic_creds [-] Acquired dynamic creds: credentials: Credentials: {'domain_id': 'default', 'domain_name': 'Default', 'username': 'tempest-HostsAdminNegativeTestJSON-1758367546-project-member', 'project_domain_id': 'default', 'project_domain_name': 'Default', 'project_id': '228fd6c565114bd38e8b2befd802211b', 'project_name': 'tempest-HostsAdminNegativeTestJSON-1758367546', 'tenant_id': '228fd6c565114bd38e8b2befd802211b', 'tenant_name': 'tempest-HostsAdminNegativeTestJSON-1758367546', 'user_domain_id': 'default', 'user_domain_name': 'Default', 'user_id': 'fad72d08d577427f8931c075c1321daa', 'system': None}, Network: None, Subnet: None, Router: None
2025-04-17 04:23:41.039 66860 INFO tempest.lib.common.dynamic_creds [-] Created isolated network resources for: credentials: Credentials: {'domain_id': 'default', 'domain_name': 'Default', 'username': 'tempest-HostsAdminNegativeTestJSON-1758367546-project-member', 'project_domain_id': 'default', 'project_domain_name': 'Default', 'project_id': '228fd6c565114bd38e8b2befd802211b', 'project_name': 'tempest-HostsAdminNegativeTestJSON-1758367546', 'tenant_id': '228fd6c565114bd38e8b2befd802211b', 'tenant_name': 'tempest-HostsAdminNegativeTestJSON-1758367546', 'user_domain_id': 'default', 'user_domain_name': 'Default', 'user_id': 'fad72d08d577427f8931c075c1321daa', 'system': None}, Network: None, Subnet: None, Router: None
2025-04-17 04:23:41.049 66850 INFO tempest.lib.common.rest_client [req-dbba6898-36d9-4345-8f0e-f111f97df246 req-dbba6898-36d9-4345-8f0e-f111f97df246 ] Request (FlavorsExtraSpecsNegativeTestJSON:setUpClass): 201 POST http://10.180.1.21/identity/v3/projects 0.039s
2025-04-17 04:23:41.115 66860 INFO tempest.lib.common.rest_client [req-9f8975ed-fea9-45d5-ba05-ef881b59e73e req-9f8975ed-fea9-45d5-ba05-ef881b59e73e ] Request (HostsAdminNegativeTestJSON:setUpClass): 201 POST http://10.180.1.21/identity/v3/auth/tokens 0.073s
2025-04-17 04:23:41.160 66840 INFO tempest.lib.common.rest_client [req-7743030e-8584-486b-a5d9-00d049f34821 req-7743030e-8584-486b-a5d9-00d049f34821 ] Request (ImagesMetadataNegativeTestJSON:setUpClass): 204 PUT http://10.180.1.21/identity/v3/projects/3e0dd0d1ca9d4396ac8841ca4f9c0f21/users/f5a3295df5324d1a8a689651e6ed52ab/roles/99af61b335434d2aa8d70b75b2b21bf4 0.136s
2025-04-17 04:23:41.160 66840 INFO tempest.lib.common.dynamic_creds [-] Dynamic test user f5a3295df5324d1a8a689651e6ed52ab is created with scope project and roles: ['member']
2025-04-17 04:23:41.160 66840 INFO tempest.lib.common.dynamic_creds [-] Acquired dynamic creds: credentials: Credentials: {'domain_id': 'default', 'domain_name': 'Default', 'username': 'tempest-ImagesMetadataNegativeTestJSON-736057592-project-member', 'project_domain_id': 'default', 'project_domain_name': 'Default', 'project_id': '3e0dd0d1ca9d4396ac8841ca4f9c0f21', 'project_name': 'tempest-ImagesMetadataNegativeTestJSON-736057592', 'tenant_id': '3e0dd0d1ca9d4396ac8841ca4f9c0f21', 'tenant_name': 'tempest-ImagesMetadataNegativeTestJSON-736057592', 'user_domain_id': 'default', 'user_domain_name': 'Default', 'user_id': 'f5a3295df5324d1a8a689651e6ed52ab', 'system': None}, Network: None, Subnet: None, Router: None
2025-04-17 04:23:41.160 66840 INFO tempest.lib.common.dynamic_creds [-] Created isolated network resources for: credentials: Credentials: {'domain_id': 'default', 'domain_name': 'Default', 'username': 'tempest-ImagesMetadataNegativeTestJSON-736057592-project-member', 'project_domain_id': 'default', 'project_domain_name': 'Default', 'project_id': '3e0dd0d1ca9d4396ac8841ca4f9c0f21', 'project_name': 'tempest-ImagesMetadataNegativeTestJSON-736057592', 'tenant_id': '3e0dd0d1ca9d4396ac8841ca4f9c0f21', 'tenant_name': 'tempest-ImagesMetadataNegativeTestJSON-736057592', 'user_domain_id': 'default', 'user_domain_name': 'Default', 'user_id': 'f5a3295df5324d1a8a689651e6ed52ab', 'system': None}, Network: None, Subnet: None, Router: None
2025-04-17 04:23:41.164 66850 INFO tempest.lib.common.rest_client [req-ff4bc1aa-0976-4ea7-a4cb-234713aea026 req-ff4bc1aa-0976-4ea7-a4cb-234713aea026 ] Request (FlavorsExtraSpecsNegativeTestJSON:setUpClass): 201 POST http://10.180.1.21/identity/v3/users 0.114s
