2025-04-17 04:25:47.406 66810 INFO tempest.lib.common.rest_client [req-08f5e020-82ba-4c03-beeb-e7de1660fa39 req-08f5e020-82ba-4c03-beeb-e7de1660fa39 ] Request (ServerActionsTestJSON:setUpClass): 200 GET http://10.180.1.21/compute/v2.1/servers/2f03a941-3722-4df8-af76-3bd073f8927b 0.074s
2025-04-17 04:25:47.418 66854 INFO tempest.lib.common.rest_client [req-f9d730ae-9a60-422d-97e8-4f4d87e020a1 req-f9d730ae-9a60-422d-97e8-4f4d87e020a1 ] Request (AttachInterfacesTestJSON:test_create_list_show_delete_interfaces_by_network_port): 200 GET http://10.180.1.21/compute/v2.1/servers/12bc9e29-ecea-40e9-af34-a067f3d2301f 0.068s
2025-04-17 04:25:47.444 66832 INFO tempest.lib.common.rest_client [req-429a94a3-2fcf-49f2-9a51-5a9a9ac617e0 req-429a94a3-2fcf-49f2-9a51-5a9a9ac617e0 ] Request (AttachInterfacesUnderV243Test:test_add_remove_fixed_ip): 200 GET http://10.180.1.21/compute/v2.1/servers/a5fa8d3d-ad60-4749-bba1-0e00538a543f 0.071s
2025-04-17 04:25:47.456 66834 INFO tempest.lib.common.rest_client [req-dd0334c9-9f42-4c35-bc89-100060411641 req-dd0334c9-9f42-4c35-bc89-100060411641 ] Request (AttachVolumeNegativeTest:test_attach_attached_volume_to_same_server): 200 GET http://10.180.1.21/compute/v2.1/servers/6deed686-ceca-45a1-b8e4-2461b2e3f039 0.068s
2025-04-17 04:25:47.814 66870 INFO tempest.lib.common.rest_client [req-78dd5ddb-d9bb-4b8b-8eff-83d0a14422bd req-78dd5ddb-d9bb-4b8b-8eff-83d0a14422bd ] Request (ImagesNegativeTestJSON:test_create_image_from_deleted_server): 200 GET http://10.180.1.21/compute/v2.1/servers/da4dff27-123e-44ac-83b5-1b2b3d731e0a 0.192s
2025-04-17 04:25:47.816 66866 INFO tempest.lib.common.rest_client [req-13b863fa-1718-4626-b108-a378f586b6a3 req-13b863fa-1718-4626-b108-a378f586b6a3 ] Request (ServersNegativeTestMultiTenantJSON:setUpClass): 200 GET http://10.180.1.21/compute/v2.1/servers/0f9f6feb-a561-4dc7-8cf8-71c1ad71faf8 0.192s
2025-04-17 04:25:47.865 66842 INFO tempest.lib.common.rest_client [req-41dd1f4c-f154-47e5-8e10-95004db8b543 req-41dd1f4c-f154-47e5-8e10-95004db8b543 ] Request (ImagesOneServerNegativeTestJSON:setUpClass): 200 GET http://10.180.1.21/compute/v2.1/servers/9915557d-4251-44a2-bf59-3dd542dfb527 0.197s
2025-04-17 04:25:47.866 66814 INFO tempest.lib.common.rest_client [req-01bba770-e91e-4f1a-ad17-58cd609b4b3f req-01bba770-e91e-4f1a-ad17-58cd609b4b3f ] Request (AttachVolumeTestJSON:test_attach_detach_volume): 200 GET http://10.180.1.21/compute/v2.1/servers/d04a1c66-b45e-4266-9e98-2682f7fa42d3 0.193s
2025-04-17 04:25:47.991 66830 INFO tempest.lib.common.rest_client [req-0b57729f-76a0-4bc2-9d4b-9bdd5c7de64b req-0b57729f-76a0-4bc2-9d4b-9bdd5c7de64b ] Request (ServersTestFqdnHostnames:test_create_server_with_fqdn_name): 200 GET http://10.180.1.21/compute/v2.1/servers/89e32d26-aa13-4b13-9aec-9e35513946e8 0.139s
2025-04-17 04:25:48.027 66828 INFO tempest.lib.common.rest_client [req-b8fbcb65-1bfd-4c79-9bba-93294850d4d5 req-b8fbcb65-1bfd-4c79-9bba-93294850d4d5 ] Request (ServerDiskConfigTestJSON:test_rebuild_server_with_auto_disk_config): 200 GET http://10.180.1.21/compute/v2.1/servers/a14dfb60-e62a-4a74-9f5b-f031814c609e 0.283s
2025-04-17 04:25:48.181 66844 INFO tempest.lib.common.rest_client [req-dd88b5e0-f31a-45ad-bba9-86225652057d req-dd88b5e0-f31a-45ad-bba9-86225652057d ] Request (ServerRescueNegativeTestJSON:setUpClass): 200 GET http://10.180.1.21/compute/v2.1/servers/4fde404c-9011-4e1a-8b3c-8c89e5e45c00 0.310s
2025-04-17 04:25:48.196 66872 INFO tempest.lib.common.rest_client [req-f99ed77d-6285-4fd4-91ca-d135b38b5889 req-f99ed77d-6285-4fd4-91ca-d135b38b5889 ] Request (ServerDiagnosticsNegativeTest:test_get_server_diagnostics_by_non_admin): 200 GET http://10.180.1.21/compute/v2.1/servers/3816b87a-030d-4362-9596-bd0899455e52 0.270s
2025-04-17 04:25:48.223 66818 INFO tempest.lib.common.rest_client [req-208f7b4f-152a-4f8a-a507-9b3a2a4eb767 req-208f7b4f-152a-4f8a-a507-9b3a2a4eb767 ] Request (ServersTestBootFromVolume:setUpClass): 200 GET http://10.180.1.21/compute/v2.1/servers/0a575fbd-2390-401a-8df0-47a40e187c87 0.152s
2025-04-17 04:25:48.241 66812 INFO tempest.lib.common.rest_client [req-ef5d2c65-0cc5-4a87-a6cc-429b7e4a3b74 req-ef5d2c65-0cc5-4a87-a6cc-429b7e4a3b74 ] Request (ServerActionsTestOtherB:setUpClass): 200 GET http://10.180.1.21/compute/v2.1/servers/408735e7-0c1b-406e-b72d-8a0396830264 0.164s
2025-04-17 04:25:48.267 66846 INFO tempest.lib.common.rest_client [req-f3fd446c-94d8-4b77-b95d-bd2a82d24e5a req-f3fd446c-94d8-4b77-b95d-bd2a82d24e5a ] Request (ServerGroupTestJSON:test_create_server_with_scheduler_hint_group): 200 GET http://10.180.1.21/compute/v2.1/servers/b3cb9c35-714c-4ce5-b826-0c8398ed93b9 0.154s
2025-04-17 04:25:48.288 66816 INFO tempest.lib.common.rest_client [req-60d9baf3-37f0-4e84-ba68-bcd801ef28d3 req-60d9baf3-37f0-4e84-ba68-bcd801ef28d3 ] Request (ServerMetadataTestJSON:setUpClass): 200 GET http://10.180.1.21/compute/v2.1/servers/1a9f02ca-7220-490c-81ed-bf2422173315 0.164s
2025-04-17 04:25:48.314 66820 INFO tempest.lib.common.rest_client [req-4b07ee6a-19b7-42f4-8cd1-55645ce6b93f req-4b07ee6a-19b7-42f4-8cd1-55645ce6b93f ] Request (ServersTestJSON:test_create_server_specify_multibyte_character_name): 200 GET http://10.180.1.21/compute/v2.1/servers/a14582eb-f78f-44d6-8c82-16976c0cec5b 0.153s
2025-04-17 04:25:48.330 66826 INFO tempest.lib.common.rest_client [req-41f68408-7dbb-417b-8fb3-b8ea694a9220 req-41f68408-7dbb-417b-8fb3-b8ea694a9220 ] Request (DeleteServersAdminTestJSON:test_delete_server_while_in_error_state): 200 GET http://10.180.1.21/compute/v2.1/servers/87acbe03-624d-454c-b108-0566ca0d750e 0.114s
2025-04-17 04:25:48.376 66824 INFO tempest.lib.common.rest_client [req-5399eda2-ae2f-4935-a8f5-646d51b6f89c req-5399eda2-ae2f-4935-a8f5-646d51b6f89c ] Request (ImagesOneServerTestJSON:setUpClass): 200 GET http://10.180.1.21/compute/v2.1/servers/83ac0082-b7fe-408d-9d5a-6e614ae7e61a 0.114s
2025-04-17 04:25:48.418 66862 INFO tempest.lib.common.rest_client [req-280a02a3-8875-4e54-8167-efb1716540c5 req-280a02a3-8875-4e54-8167-efb1716540c5 ] Request (ServerDiagnosticsTest:test_get_server_diagnostics): 200 GET http://10.180.1.21/compute/v2.1/servers/a0bd3693-ed3f-4573-8250-85ae19a08869 0.162s
2025-04-17 04:25:48.428 66836 INFO tempest.lib.common.rest_client [req-960b1b8b-9f03-410b-aa08-6694cfd09957 req-960b1b8b-9f03-410b-aa08-6694cfd09957 ] Request (ServersAdmin275Test:test_rebuild_update_server_275): 200 GET http://10.180.1.21/compute/v2.1/servers/f5415bfe-3f3a-4f4b-985d-59655791bb2b 0.106s
2025-04-17 04:25:48.466 66840 INFO tempest.lib.common.rest_client [req-c577e8c1-527f-4332-a52f-de4e3686b47b req-c577e8c1-527f-4332-a52f-de4e3686b47b ] Request (ServerActionsV293TestJSON:setUpClass): 200 GET http://10.180.1.21/compute/v2.1/servers/63244459-f37b-4fdb-8afc-9e4a80156099 0.093s
2025-04-17 04:25:48.517 66810 INFO tempest.lib.common.rest_client [req-90873e0a-557d-423a-b898-ef2532965ed7 req-90873e0a-557d-423a-b898-ef2532965ed7 ] Request (ServerActionsTestJSON:setUpClass): 200 GET http://10.180.1.21/compute/v2.1/servers/2f03a941-3722-4df8-af76-3bd073f8927b 0.105s
2025-04-17 04:25:48.523 66822 INFO tempest.lib.common.rest_client [req-24e2cbb8-f352-4c7a-8618-0d20525af7ed req-24e2cbb8-f352-4c7a-8618-0d20525af7ed ] Request (SecurityGroupsTestJSON:test_list_security_groups_by_server): 200 GET http://10.180.1.21/compute/v2.1/servers/fce1b601-0363-4447-b802-3ea5d3aa97a0 0.138s
2025-04-17 04:25:48.562 66854 INFO tempest.lib.common.rest_client [req-597ff154-e51b-4441-a1e4-50cfd39595dc req-597ff154-e51b-4441-a1e4-50cfd39595dc ] Request (AttachInterfacesTestJSON:test_create_list_show_delete_interfaces_by_network_port): 200 GET http://10.180.1.21/compute/v2.1/servers/12bc9e29-ecea-40e9-af34-a067f3d2301f 0.137s
2025-04-17 04:25:48.569 66832 INFO tempest.lib.common.rest_client [req-ad0cd1a9-9664-47db-8c8a-701706b3cbc5 req-ad0cd1a9-9664-47db-8c8a-701706b3cbc5 ] Request (AttachInterfacesUnderV243Test:test_add_remove_fixed_ip): 200 GET http://10.180.1.21/compute/v2.1/servers/a5fa8d3d-ad60-4749-bba1-0e00538a543f 0.119s
2025-04-17 04:25:48.607 66834 INFO tempest.lib.common.rest_client [req-d1aba51b-ba17-4ef9-9b30-89d9748a7135 req-d1aba51b-ba17-4ef9-9b30-89d9748a7135 ] Request (AttachVolumeNegativeTest:test_attach_attached_volume_to_same_server): 200 GET http://10.180.1.21/compute/v2.1/servers/6deed686-ceca-45a1-b8e4-2461b2e3f039 0.146s
2025-04-17 04:25:48.877 66866 INFO tempest.lib.common.rest_client [req-69f063d1-2ca2-465c-9f6b-04f1e8b83d0e req-69f063d1-2ca2-465c-9f6b-04f1e8b83d0e ] Request (ServersNegativeTestMultiTenantJSON:setUpClass): 200 GET http://10.180.1.21/compute/v2.1/servers/0f9f6feb-a561-4dc7-8cf8-71c1ad71faf8 0.055s
2025-04-17 04:25:48.925 66842 INFO tempest.lib.common.rest_client [req-85ff6fa0-58ce-42d2-8bb4-c760d513eff2 req-85ff6fa0-58ce-42d2-8bb4-c760d513eff2 ] Request (ImagesOneServerNegativeTestJSON:setUpClass): 200 GET http://10.180.1.21/compute/v2.1/servers/9915557d-4251-44a2-bf59-3dd542dfb527 0.054s
2025-04-17 04:25:48.949 66870 INFO tempest.lib.common.rest_client [req-b697b16b-8bf4-4e14-bee5-706df8409640 req-b697b16b-8bf4-4e14-bee5-706df8409640 ] Request (ImagesNegativeTestJSON:test_create_image_from_deleted_server): 200 GET http://10.180.1.21/compute/v2.1/servers/da4dff27-123e-44ac-83b5-1b2b3d731e0a 0.129s
2025-04-17 04:25:48.968 66814 INFO tempest.lib.common.rest_client [req-56378d6a-e545-4432-84d9-e8bc2c7ec208 req-56378d6a-e545-4432-84d9-e8bc2c7ec208 ] Request (AttachVolumeTestJSON:test_attach_detach_volume): 200 GET http://10.180.1.21/compute/v2.1/servers/d04a1c66-b45e-4266-9e98-2682f7fa42d3 0.096s
2025-04-17 04:25:49.098 66830 INFO tempest.lib.common.rest_client [req-af6ab510-8dae-45e7-acc8-15c35d48439b req-af6ab510-8dae-45e7-acc8-15c35d48439b ] Request (ServersTestFqdnHostnames:test_create_server_with_fqdn_name): 200 GET http://10.180.1.21/compute/v2.1/servers/89e32d26-aa13-4b13-9aec-9e35513946e8 0.101s
2025-04-17 04:25:49.127 66828 INFO tempest.lib.common.rest_client [req-d70834eb-d57b-4ab0-b524-adf4cd024e93 req-d70834eb-d57b-4ab0-b524-adf4cd024e93 ] Request (ServerDiskConfigTestJSON:test_rebuild_server_with_auto_disk_config): 200 GET http://10.180.1.21/compute/v2.1/servers/a14dfb60-e62a-4a74-9f5b-f031814c609e 0.093s
2025-04-17 04:25:49.308 66844 INFO tempest.lib.common.rest_client [req-ec0b943f-2a7a-4dc9-86f1-eb59d98471b3 req-ec0b943f-2a7a-4dc9-86f1-eb59d98471b3 ] Request (ServerRescueNegativeTestJSON:setUpClass): 200 GET http://10.180.1.21/compute/v2.1/servers/4fde404c-9011-4e1a-8b3c-8c89e5e45c00 0.121s
2025-04-17 04:25:49.314 66872 INFO tempest.lib.common.rest_client [req-41bd7d4c-0c8a-4b96-ab0b-10da05378985 req-41bd7d4c-0c8a-4b96-ab0b-10da05378985 ] Request (ServerDiagnosticsNegativeTest:test_get_server_diagnostics_by_non_admin): 200 GET http://10.180.1.21/compute/v2.1/servers/3816b87a-030d-4362-9596-bd0899455e52 0.111s
2025-04-17 04:25:49.364 66812 INFO tempest.lib.common.rest_client [req-b7df7b2a-3855-4870-b3d7-1015ae1c338e req-b7df7b2a-3855-4870-b3d7-1015ae1c338e ] Request (ServerActionsTestOtherB:setUpClass): 200 GET http://10.180.1.21/compute/v2.1/servers/408735e7-0c1b-406e-b72d-8a0396830264 0.116s
2025-04-17 04:25:49.366 66818 INFO tempest.lib.common.rest_client [req-c7daaa11-2e3a-494c-9d6e-330bd60f01f1 req-c7daaa11-2e3a-494c-9d6e-330bd60f01f1 ] Request (ServersTestBootFromVolume:setUpClass): 200 GET http://10.180.1.21/compute/v2.1/servers/0a575fbd-2390-401a-8df0-47a40e187c87 0.137s
2025-04-17 04:25:49.423 66846 INFO tempest.lib.common.rest_client [req-a4192874-2b05-49c0-ae45-704226d6f45c req-a4192874-2b05-49c0-ae45-704226d6f45c ] Request (ServerGroupTestJSON:test_create_server_with_scheduler_hint_group): 200 GET http://10.180.1.21/compute/v2.1/servers/b3cb9c35-714c-4ce5-b826-0c8398ed93b9 0.149s
2025-04-17 04:25:49.427 66816 INFO tempest.lib.common.rest_client [req-b1087799-4696-4f5c-871f-22d4f8719914 req-b1087799-4696-4f5c-871f-22d4f8719914 ] Request (ServerMetadataTestJSON:setUpClass): 200 GET http://10.180.1.21/compute/v2.1/servers/1a9f02ca-7220-490c-81ed-bf2422173315 0.132s
2025-04-17 04:25:49.489 66826 INFO tempest.lib.common.rest_client [req-8610856f-001d-4549-9957-03114af93bd2 req-8610856f-001d-4549-9957-03114af93bd2 ] Request (DeleteServersAdminTestJSON:test_delete_server_while_in_error_state): 200 GET http://10.180.1.21/compute/v2.1/servers/87acbe03-624d-454c-b108-0566ca0d750e 0.152s
2025-04-17 04:25:49.493 66820 INFO tempest.lib.common.rest_client [req-2ea1b458-b39e-4076-8298-0355342015ed req-2ea1b458-b39e-4076-8298-0355342015ed ] Request (ServersTestJSON:test_create_server_specify_multibyte_character_name): 200 GET http://10.180.1.21/compute/v2.1/servers/a14582eb-f78f-44d6-8c82-16976c0cec5b 0.174s
2025-04-17 04:25:49.553 66824 INFO tempest.lib.common.rest_client [req-8a4d12de-8dbb-49e5-90d0-e13664b22527 req-8a4d12de-8dbb-49e5-90d0-e13664b22527 ] Request (ImagesOneServerTestJSON:setUpClass): 200 GET http://10.180.1.21/compute/v2.1/servers/83ac0082-b7fe-408d-9d5a-6e614ae7e61a 0.170s
2025-04-17 04:25:49.607 66836 INFO tempest.lib.common.rest_client [req-e180679a-4dc3-444c-a3ad-6f07a71fc83d req-e180679a-4dc3-444c-a3ad-6f07a71fc83d ] Request (ServersAdmin275Test:test_rebuild_update_server_275): 200 GET http://10.180.1.21/compute/v2.1/servers/f5415bfe-3f3a-4f4b-985d-59655791bb2b 0.170s
2025-04-17 04:25:49.628 66862 INFO tempest.lib.common.rest_client [req-9ecb611a-5d1f-4b4b-8f43-943cf16cdf52 req-9ecb611a-5d1f-4b4b-8f43-943cf16cdf52 ] Request (ServerDiagnosticsTest:test_get_server_diagnostics): 200 GET http://10.180.1.21/compute/v2.1/servers/a0bd3693-ed3f-4573-8250-85ae19a08869 0.204s
2025-04-17 04:25:49.665 66840 INFO tempest.lib.common.rest_client [req-1eef7f6b-077c-4b76-ad34-012a4569ed91 req-1eef7f6b-077c-4b76-ad34-012a4569ed91 ] Request (ServerActionsV293TestJSON:setUpClass): 200 GET http://10.180.1.21/compute/v2.1/servers/63244459-f37b-4fdb-8afc-9e4a80156099 0.191s
2025-04-17 04:25:49.678 66810 INFO tempest.lib.common.rest_client [req-a1d2f401-536f-441f-934a-d5676a03d64b req-a1d2f401-536f-441f-934a-d5676a03d64b ] Request (ServerActionsTestJSON:setUpClass): 200 GET http://10.180.1.21/compute/v2.1/servers/2f03a941-3722-4df8-af76-3bd073f8927b 0.155s
2025-04-17 04:25:49.739 66854 INFO tempest.lib.common.rest_client [req-4607c97d-6108-433a-82cf-0fb923891971 req-4607c97d-6108-433a-82cf-0fb923891971 ] Request (AttachInterfacesTestJSON:test_create_list_show_delete_interfaces_by_network_port): 200 GET http://10.180.1.21/compute/v2.1/servers/12bc9e29-ecea-40e9-af34-a067f3d2301f 0.171s
2025-04-17 04:25:49.745 66854 INFO tempest.common.waiters [-] State transition "BUILD/scheduling" ==> "BUILD/spawning" after 53 second wait
2025-04-17 04:25:49.809 66832 INFO tempest.lib.common.rest_client [req-154626ad-4d9e-47c7-86b2-0598d492c3fe req-154626ad-4d9e-47c7-86b2-0598d492c3fe ] Request (AttachInterfacesUnderV243Test:test_add_remove_fixed_ip): 200 GET http://10.180.1.21/compute/v2.1/servers/a5fa8d3d-ad60-4749-bba1-0e00538a543f 0.234s
2025-04-17 04:25:49.823 66822 INFO tempest.lib.common.rest_client [req-4435a329-6083-4958-9a6c-74b7dbd50a93 req-4435a329-6083-4958-9a6c-74b7dbd50a93 ] Request (SecurityGroupsTestJSON:test_list_security_groups_by_server): 200 GET http://10.180.1.21/compute/v2.1/servers/fce1b601-0363-4447-b802-3ea5d3aa97a0 0.294s
2025-04-17 04:25:49.866 66834 INFO tempest.lib.common.rest_client [req-f6325b90-9cd2-450f-aa99-6ad5750ae7af req-f6325b90-9cd2-450f-aa99-6ad5750ae7af ] Request (AttachVolumeNegativeTest:test_attach_attached_volume_to_same_server): 200 GET http://10.180.1.21/compute/v2.1/servers/6deed686-ceca-45a1-b8e4-2461b2e3f039 0.253s
2025-04-17 04:25:50.195 66866 INFO tempest.lib.common.rest_client [req-f04ebda9-726d-4396-ac80-7a766dbbc827 req-f04ebda9-726d-4396-ac80-7a766dbbc827 ] Request (ServersNegativeTestMultiTenantJSON:setUpClass): 200 GET http://10.180.1.21/compute/v2.1/servers/0f9f6feb-a561-4dc7-8cf8-71c1ad71faf8 0.309s
2025-04-17 04:25:50.198 66842 INFO tempest.lib.common.rest_client [req-49204c05-3e8c-4e93-ac8a-b91311731854 req-49204c05-3e8c-4e93-ac8a-b91311731854 ] Request (ImagesOneServerNegativeTestJSON:setUpClass): 200 GET http://10.180.1.21/compute/v2.1/servers/9915557d-4251-44a2-bf59-3dd542dfb527 0.266s
2025-04-17 04:25:50.205 66866 INFO tempest.common.waiters [-] State transition "BUILD/spawning" ==> "ERROR/None" after 56 second wait
2025-04-17 04:25:50.271 66814 INFO tempest.lib.common.rest_client [req-d8995859-3a55-45b0-a178-ef6126fb272e req-d8995859-3a55-45b0-a178-ef6126fb272e ] Request (AttachVolumeTestJSON:test_attach_detach_volume): 200 GET http://10.180.1.21/compute/v2.1/servers/d04a1c66-b45e-4266-9e98-2682f7fa42d3 0.297s
2025-04-17 04:25:50.361 66870 INFO tempest.lib.common.rest_client [req-0e710b27-0237-4153-9e8e-04449206e2ab req-0e710b27-0237-4153-9e8e-04449206e2ab ] Request (ImagesNegativeTestJSON:test_create_image_from_deleted_server): 200 GET http://10.180.1.21/compute/v2.1/servers/da4dff27-123e-44ac-83b5-1b2b3d731e0a 0.404s
2025-04-17 04:25:50.433 66830 INFO tempest.lib.common.rest_client [req-f256ce71-bd34-4345-a0df-13928b30c64d req-f256ce71-bd34-4345-a0df-13928b30c64d ] Request (ServersTestFqdnHostnames:test_create_server_with_fqdn_name): 200 GET http://10.180.1.21/compute/v2.1/servers/89e32d26-aa13-4b13-9aec-9e35513946e8 0.329s
2025-04-17 04:25:50.526 66828 INFO tempest.lib.common.rest_client [req-827b36a7-4dbf-467a-821e-8bb2052b14ef req-827b36a7-4dbf-467a-821e-8bb2052b14ef ] Request (ServerDiskConfigTestJSON:test_rebuild_server_with_auto_disk_config): 200 GET http://10.180.1.21/compute/v2.1/servers/a14dfb60-e62a-4a74-9f5b-f031814c609e 0.392s
2025-04-17 04:25:50.618 66866 INFO tempest.lib.common.rest_client [req-028f5ee0-091f-4654-8e8a-33c3d99809c3 req-028f5ee0-091f-4654-8e8a-33c3d99809c3 ] Request (ServersNegativeTestMultiTenantJSON:setUpClass): 204 DELETE http://10.180.1.21/compute/v2.1/servers/0f9f6feb-a561-4dc7-8cf8-71c1ad71faf8 0.413s
2025-04-17 04:25:50.669 66844 INFO tempest.lib.common.rest_client [req-88206da5-996d-4e17-af45-d5c8dec05e79 req-88206da5-996d-4e17-af45-d5c8dec05e79 ] Request (ServerRescueNegativeTestJSON:setUpClass): 200 GET http://10.180.1.21/compute/v2.1/servers/4fde404c-9011-4e1a-8b3c-8c89e5e45c00 0.355s
2025-04-17 04:25:50.724 66812 INFO tempest.lib.common.rest_client [req-472f6844-c606-4b95-8a2f-8513f2eec2ad req-472f6844-c606-4b95-8a2f-8513f2eec2ad ] Request (ServerActionsTestOtherB:setUpClass): 200 GET http://10.180.1.21/compute/v2.1/servers/408735e7-0c1b-406e-b72d-8a0396830264 0.352s
2025-04-17 04:25:50.761 66872 INFO tempest.lib.common.rest_client [req-b7744973-cfca-4a65-ae5f-05313affd63a req-b7744973-cfca-4a65-ae5f-05313affd63a ] Request (ServerDiagnosticsNegativeTest:test_get_server_diagnostics_by_non_admin): 200 GET http://10.180.1.21/compute/v2.1/servers/3816b87a-030d-4362-9596-bd0899455e52 0.441s
2025-04-17 04:25:50.776 66818 INFO tempest.lib.common.rest_client [req-05deff02-2a45-4b67-a050-7c39fc706763 req-05deff02-2a45-4b67-a050-7c39fc706763 ] Request (ServersTestBootFromVolume:setUpClass): 200 GET http://10.180.1.21/compute/v2.1/servers/0a575fbd-2390-401a-8df0-47a40e187c87 0.404s
2025-04-17 04:25:50.815 66846 INFO tempest.lib.common.rest_client [req-a00cec48-aefa-4dba-9a61-ab4d196f3e6b req-a00cec48-aefa-4dba-9a61-ab4d196f3e6b ] Request (ServerGroupTestJSON:test_create_server_with_scheduler_hint_group): 200 GET http://10.180.1.21/compute/v2.1/servers/b3cb9c35-714c-4ce5-b826-0c8398ed93b9 0.383s
2025-04-17 04:25:50.823 66816 INFO tempest.lib.common.rest_client [req-69e0fc6d-6c0a-4d68-b146-3ca51e186df6 req-69e0fc6d-6c0a-4d68-b146-3ca51e186df6 ] Request (ServerMetadataTestJSON:setUpClass): 200 GET http://10.180.1.21/compute/v2.1/servers/1a9f02ca-7220-490c-81ed-bf2422173315 0.390s
2025-04-17 04:25:50.879 66826 INFO tempest.lib.common.rest_client [req-0b33f571-1335-41f4-8742-7118f5fe96f8 req-0b33f571-1335-41f4-8742-7118f5fe96f8 ] Request (DeleteServersAdminTestJSON:test_delete_server_while_in_error_state): 200 GET http://10.180.1.21/compute/v2.1/servers/87acbe03-624d-454c-b108-0566ca0d750e 0.383s
2025-04-17 04:25:50.891 66820 INFO tempest.lib.common.rest_client [req-974f450a-f5f4-4f77-aee5-3247fc0d1925 req-974f450a-f5f4-4f77-aee5-3247fc0d1925 ] Request (ServersTestJSON:test_create_server_specify_multibyte_character_name): 200 GET http://10.180.1.21/compute/v2.1/servers/a14582eb-f78f-44d6-8c82-16976c0cec5b 0.391s
2025-04-17 04:25:50.946 66824 INFO tempest.lib.common.rest_client [req-ebe82662-ee12-438d-9bf3-d0103efa3997 req-ebe82662-ee12-438d-9bf3-d0103efa3997 ] Request (ImagesOneServerTestJSON:setUpClass): 200 GET http://10.180.1.21/compute/v2.1/servers/83ac0082-b7fe-408d-9d5a-6e614ae7e61a 0.386s
2025-04-17 04:25:50.962 66836 INFO tempest.lib.common.rest_client [req-e000a4c0-d6f8-405d-aa9f-d8af01154927 req-e000a4c0-d6f8-405d-aa9f-d8af01154927 ] Request (ServersAdmin275Test:test_rebuild_update_server_275): 200 GET http://10.180.1.21/compute/v2.1/servers/f5415bfe-3f3a-4f4b-985d-59655791bb2b 0.347s
2025-04-17 04:25:50.966 66866 INFO tempest.lib.common.rest_client [req-a6bc47cf-93d2-412a-9c12-8a22096a6481 req-a6bc47cf-93d2-412a-9c12-8a22096a6481 ] Request (ServersNegativeTestMultiTenantJSON:setUpClass): 404 GET http://10.180.1.21/compute/v2.1/servers/0f9f6feb-a561-4dc7-8cf8-71c1ad71faf8 0.348s
2025-04-17 04:25:50.967 66866 INFO tempest.test [-] raised in ServersNegativeTestMultiTenantJSON.setUpClass. Invoking tearDownClass.
2025-04-17 04:25:51.048 66840 INFO tempest.lib.common.rest_client [req-78ba17ad-3ece-4ed3-a90d-6f27ffb9dc88 req-78ba17ad-3ece-4ed3-a90d-6f27ffb9dc88 ] Request (ServerActionsV293TestJSON:setUpClass): 200 GET http://10.180.1.21/compute/v2.1/servers/63244459-f37b-4fdb-8afc-9e4a80156099 0.374s
2025-04-17 04:25:51.104 66862 INFO tempest.lib.common.rest_client [req-88d03605-ae79-4dda-9be5-9c8976bc78d3 req-88d03605-ae79-4dda-9be5-9c8976bc78d3 ] Request (ServerDiagnosticsTest:test_get_server_diagnostics): 200 GET http://10.180.1.21/compute/v2.1/servers/a0bd3693-ed3f-4573-8250-85ae19a08869 0.470s
2025-04-17 04:25:51.109 66810 INFO tempest.lib.common.rest_client [req-e79b94c1-5f92-478e-88e0-13d144d63d57 req-e79b94c1-5f92-478e-88e0-13d144d63d57 ] Request (ServerActionsTestJSON:setUpClass): 200 GET http://10.180.1.21/compute/v2.1/servers/2f03a941-3722-4df8-af76-3bd073f8927b 0.422s
2025-04-17 04:25:51.174 66832 INFO tempest.lib.common.rest_client [req-ecb0e0c4-f398-4be3-bb0c-b2a6b4abf750 req-ecb0e0c4-f398-4be3-bb0c-b2a6b4abf750 ] Request (AttachInterfacesUnderV243Test:test_add_remove_fixed_ip): 200 GET http://10.180.1.21/compute/v2.1/servers/a5fa8d3d-ad60-4749-bba1-0e00538a543f 0.359s
2025-04-17 04:25:51.331 66854 INFO tempest.lib.common.rest_client [req-70c42197-5a66-4121-9c25-21792bbc49a5 req-70c42197-5a66-4121-9c25-21792bbc49a5 ] Request (AttachInterfacesTestJSON:test_create_list_show_delete_interfaces_by_network_port): 200 GET http://10.180.1.21/compute/v2.1/servers/12bc9e29-ecea-40e9-af34-a067f3d2301f 0.585s
2025-04-17 04:25:51.394 66834 INFO tempest.lib.common.rest_client [req-aa322c02-e65b-4e48-9d7c-037d322e0a58 req-aa322c02-e65b-4e48-9d7c-037d322e0a58 ] Request (AttachVolumeNegativeTest:test_attach_attached_volume_to_same_server): 200 GET http://10.180.1.21/compute/v2.1/servers/6deed686-ceca-45a1-b8e4-2461b2e3f039 0.520s
2025-04-17 04:25:51.440 66822 INFO tempest.lib.common.rest_client [req-042cd5af-a52c-4547-a505-e2233cfc25d1 req-042cd5af-a52c-4547-a505-e2233cfc25d1 ] Request (SecurityGroupsTestJSON:test_list_security_groups_by_server): 200 GET http://10.180.1.21/compute/v2.1/servers/fce1b601-0363-4447-b802-3ea5d3aa97a0 0.611s
2025-04-17 04:25:51.461 66842 INFO tempest.lib.common.rest_client [req-cab6c481-305d-4b48-a27e-891d11020e53 req-cab6c481-305d-4b48-a27e-891d11020e53 ] Request (ImagesOneServerNegativeTestJSON:setUpClass): 200 GET http://10.180.1.21/compute/v2.1/servers/9915557d-4251-44a2-bf59-3dd542dfb527 0.252s
2025-04-17 04:25:51.509 66814 INFO tempest.lib.common.rest_client [req-a17b8912-531c-4de4-85f7-55d3677fe2bc req-a17b8912-531c-4de4-85f7-55d3677fe2bc ] Request (AttachVolumeTestJSON:test_attach_detach_volume): 200 GET http://10.180.1.21/compute/v2.1/servers/d04a1c66-b45e-4266-9e98-2682f7fa42d3 0.231s
2025-04-17 04:25:51.594 66870 INFO tempest.lib.common.rest_client [req-0847dc57-950c-4758-a9c3-a3ffca59e966 req-0847dc57-950c-4758-a9c3-a3ffca59e966 ] Request (ImagesNegativeTestJSON:test_create_image_from_deleted_server): 200 GET http://10.180.1.21/compute/v2.1/servers/da4dff27-123e-44ac-83b5-1b2b3d731e0a 0.227s
2025-04-17 04:25:51.748 66828 INFO tempest.lib.common.rest_client [req-ae2166b1-5d56-432d-bfe5-65cc974c8dea req-ae2166b1-5d56-432d-bfe5-65cc974c8dea ] Request (ServerDiskConfigTestJSON:test_rebuild_server_with_auto_disk_config): 200 GET http://10.180.1.21/compute/v2.1/servers/a14dfb60-e62a-4a74-9f5b-f031814c609e 0.214s
2025-04-17 04:25:51.766 66830 INFO tempest.lib.common.rest_client [req-1f0c1176-0f51-47dd-b0aa-ab47a9370a9b req-1f0c1176-0f51-47dd-b0aa-ab47a9370a9b ] Request (ServersTestFqdnHostnames:test_create_server_with_fqdn_name): 200 GET http://10.180.1.21/compute/v2.1/servers/89e32d26-aa13-4b13-9aec-9e35513946e8 0.323s
2025-04-17 04:25:51.802 66866 INFO tempest.lib.common.rest_client [req-7661cf0c-f510-40e9-952e-66035231cebc req-7661cf0c-f510-40e9-952e-66035231cebc ] Request (ServersNegativeTestMultiTenantJSON:tearDownClass): 200 PUT http://10.180.1.21:9696/networking/v2.0/routers/6655e41d-74c9-4f72-a893-4a010255e7a4/remove_router_interface 0.834s
2025-04-17 04:25:51.822 66812 INFO tempest.lib.common.rest_client [req-b2b7fb7c-f468-4139-8548-59db810d0c97 req-b2b7fb7c-f468-4139-8548-59db810d0c97 ] Request (ServerActionsTestOtherB:setUpClass): 200 GET http://10.180.1.21/compute/v2.1/servers/408735e7-0c1b-406e-b72d-8a0396830264 0.092s
2025-04-17 04:25:51.843 66844 INFO tempest.lib.common.rest_client [req-23647f2c-426a-4221-ac7f-63ae726abb40 req-23647f2c-426a-4221-ac7f-63ae726abb40 ] Request (ServerRescueNegativeTestJSON:setUpClass): 200 GET http://10.180.1.21/compute/v2.1/servers/4fde404c-9011-4e1a-8b3c-8c89e5e45c00 0.168s
2025-04-17 04:25:51.894 66818 INFO tempest.lib.common.rest_client [req-e7449b6c-9403-4631-8be8-e6835ee1e151 req-e7449b6c-9403-4631-8be8-e6835ee1e151 ] Request (ServersTestBootFromVolume:setUpClass): 200 GET http://10.180.1.21/compute/v2.1/servers/0a575fbd-2390-401a-8df0-47a40e187c87 0.112s
2025-04-17 04:25:51.917 66872 INFO tempest.lib.common.rest_client [req-db456efa-0c84-4892-9ae0-28a84b458eac req-db456efa-0c84-4892-9ae0-28a84b458eac ] Request (ServerDiagnosticsNegativeTest:test_get_server_diagnostics_by_non_admin): 200 GET http://10.180.1.21/compute/v2.1/servers/3816b87a-030d-4362-9596-bd0899455e52 0.150s
2025-04-17 04:25:51.945 66846 INFO tempest.lib.common.rest_client [req-31bb4e38-96e0-453b-b023-f33f21ac1b9b req-31bb4e38-96e0-453b-b023-f33f21ac1b9b ] Request (ServerGroupTestJSON:test_create_server_with_scheduler_hint_group): 200 GET http://10.180.1.21/compute/v2.1/servers/b3cb9c35-714c-4ce5-b826-0c8398ed93b9 0.123s
2025-04-17 04:25:51.970 66816 INFO tempest.lib.common.rest_client [req-04262219-2faa-45a9-aea4-caa9e1c10bda req-04262219-2faa-45a9-aea4-caa9e1c10bda ] Request (ServerMetadataTestJSON:setUpClass): 200 GET http://10.180.1.21/compute/v2.1/servers/1a9f02ca-7220-490c-81ed-bf2422173315 0.141s
2025-04-17 04:25:51.991 66826 INFO tempest.lib.common.rest_client [req-566333b5-478a-4c77-ac74-b750af20bb7a req-566333b5-478a-4c77-ac74-b750af20bb7a ] Request (DeleteServersAdminTestJSON:test_delete_server_while_in_error_state): 200 GET http://10.180.1.21/compute/v2.1/servers/87acbe03-624d-454c-b108-0566ca0d750e 0.103s
2025-04-17 04:25:52.019 66820 INFO tempest.lib.common.rest_client [req-d0bc8e39-0c5b-4339-9edf-2381ce47d229 req-d0bc8e39-0c5b-4339-9edf-2381ce47d229 ] Request (ServersTestJSON:test_create_server_specify_multibyte_character_name): 200 GET http://10.180.1.21/compute/v2.1/servers/a14582eb-f78f-44d6-8c82-16976c0cec5b 0.118s
2025-04-17 04:25:52.046 66824 INFO tempest.lib.common.rest_client [req-8845fd05-9c7b-4f17-bd66-fba79d36d771 req-8845fd05-9c7b-4f17-bd66-fba79d36d771 ] Request (ImagesOneServerTestJSON:setUpClass): 200 GET http://10.180.1.21/compute/v2.1/servers/83ac0082-b7fe-408d-9d5a-6e614ae7e61a 0.093s
2025-04-17 04:25:52.073 66836 INFO tempest.lib.common.rest_client [req-b3806a78-4be0-4a38-93cb-c05f7212c519 req-b3806a78-4be0-4a38-93cb-c05f7212c519 ] Request (ServersAdmin275Test:test_rebuild_update_server_275): 200 GET http://10.180.1.21/compute/v2.1/servers/f5415bfe-3f3a-4f4b-985d-59655791bb2b 0.102s
2025-04-17 04:25:52.119 66840 INFO tempest.lib.common.rest_client [req-4864a97a-7a64-46ba-8c8f-07d8e3c30c2f req-4864a97a-7a64-46ba-8c8f-07d8e3c30c2f ] Request (ServerActionsV293TestJSON:setUpClass): 200 GET http://10.180.1.21/compute/v2.1/servers/63244459-f37b-4fdb-8afc-9e4a80156099 0.062s
2025-04-17 04:25:52.179 66866 INFO tempest.lib.common.rest_client [req-f85ae1b6-42ed-4827-a364-f285d1726419 req-f85ae1b6-42ed-4827-a364-f285d1726419 ] Request (ServersNegativeTestMultiTenantJSON:tearDownClass): 204 DELETE http://10.180.1.21:9696/networking/v2.0/routers/6655e41d-74c9-4f72-a893-4a010255e7a4 0.377s
2025-04-17 04:25:52.183 66810 INFO tempest.lib.common.rest_client [req-6ed535cf-d36f-4513-9f6a-84c10136b22e req-6ed535cf-d36f-4513-9f6a-84c10136b22e ] Request (ServerActionsTestJSON:setUpClass): 200 GET http://10.180.1.21/compute/v2.1/servers/2f03a941-3722-4df8-af76-3bd073f8927b 0.068s
2025-04-17 04:25:52.226 66862 INFO tempest.lib.common.rest_client [req-941b7287-6cf2-4c53-9195-ccb17450a0e4 req-941b7287-6cf2-4c53-9195-ccb17450a0e4 ] Request (ServerDiagnosticsTest:test_get_server_diagnostics): 200 GET http://10.180.1.21/compute/v2.1/servers/a0bd3693-ed3f-4573-8250-85ae19a08869 0.113s
2025-04-17 04:25:52.239 66832 INFO tempest.lib.common.rest_client [req-ad0748e9-7a59-4942-8ef2-94d7b05a304f req-ad0748e9-7a59-4942-8ef2-94d7b05a304f ] Request (AttachInterfacesUnderV243Test:test_add_remove_fixed_ip): 200 GET http://10.180.1.21/compute/v2.1/servers/a5fa8d3d-ad60-4749-bba1-0e00538a543f 0.059s
2025-04-17 04:25:52.332 66866 INFO tempest.lib.common.rest_client [req-7339ac8e-9d98-44bf-855d-d7c8697d9621 req-7339ac8e-9d98-44bf-855d-d7c8697d9621 ] Request (ServersNegativeTestMultiTenantJSON:tearDownClass): 204 DELETE http://10.180.1.21:9696/networking/v2.0/subnets/8fc03b8c-09cd-47ab-b374-e8311303621b 0.153s
2025-04-17 04:25:52.447 66854 INFO tempest.lib.common.rest_client [req-4d372721-a0eb-4cb1-9ae0-cbcea2b29aa4 req-4d372721-a0eb-4cb1-9ae0-cbcea2b29aa4 ] Request (AttachInterfacesTestJSON:test_create_list_show_delete_interfaces_by_network_port): 200 GET http://10.180.1.21/compute/v2.1/servers/12bc9e29-ecea-40e9-af34-a067f3d2301f 0.109s
2025-04-17 04:25:52.454 66834 INFO tempest.lib.common.rest_client [req-65865079-d2dd-4ce9-a509-831720b9f1cd req-65865079-d2dd-4ce9-a509-831720b9f1cd ] Request (AttachVolumeNegativeTest:test_attach_attached_volume_to_same_server): 200 GET http://10.180.1.21/compute/v2.1/servers/6deed686-ceca-45a1-b8e4-2461b2e3f039 0.054s
2025-04-17 04:25:52.540 66842 INFO tempest.lib.common.rest_client [req-6eca1764-9191-45c8-975b-291d1090f0e1 req-6eca1764-9191-45c8-975b-291d1090f0e1 ] Request (ImagesOneServerNegativeTestJSON:setUpClass): 200 GET http://10.180.1.21/compute/v2.1/servers/9915557d-4251-44a2-bf59-3dd542dfb527 0.068s
2025-04-17 04:25:52.555 66822 INFO tempest.lib.common.rest_client [req-2595fae4-18a9-4206-ad54-79b874e26656 req-2595fae4-18a9-4206-ad54-79b874e26656 ] Request (SecurityGroupsTestJSON:test_list_security_groups_by_server): 200 GET http://10.180.1.21/compute/v2.1/servers/fce1b601-0363-4447-b802-3ea5d3aa97a0 0.106s
2025-04-17 04:25:52.588 66814 INFO tempest.lib.common.rest_client [req-37a95414-cd80-4e3e-9d9f-68c88ce19e17 req-37a95414-cd80-4e3e-9d9f-68c88ce19e17 ] Request (AttachVolumeTestJSON:test_attach_detach_volume): 200 GET http://10.180.1.21/compute/v2.1/servers/d04a1c66-b45e-4266-9e98-2682f7fa42d3 0.072s
2025-04-17 04:25:52.602 66866 INFO tempest.lib.common.rest_client [req-81f508bc-7917-4523-9fcd-38cab230f7bf req-81f508bc-7917-4523-9fcd-38cab230f7bf ] Request (ServersNegativeTestMultiTenantJSON:tearDownClass): 204 DELETE http://10.180.1.21:9696/networking/v2.0/networks/4fabb88d-b4d0-4f5e-b8d0-85f319db1cd5 0.269s
2025-04-17 04:25:52.736 66870 INFO tempest.lib.common.rest_client [req-6b7335a9-842c-4280-8706-868bf506edf5 req-6b7335a9-842c-4280-8706-868bf506edf5 ] Request (ImagesNegativeTestJSON:test_create_image_from_deleted_server): 200 GET http://10.180.1.21/compute/v2.1/servers/da4dff27-123e-44ac-83b5-1b2b3d731e0a 0.136s
2025-04-17 04:25:52.913 66828 INFO tempest.lib.common.rest_client [req-b23c7e4c-2426-4dda-ab38-e8500ec31141 req-b23c7e4c-2426-4dda-ab38-e8500ec31141 ] Request (ServerDiskConfigTestJSON:test_rebuild_server_with_auto_disk_config): 200 GET http://10.180.1.21/compute/v2.1/servers/a14dfb60-e62a-4a74-9f5b-f031814c609e 0.158s
2025-04-17 04:25:52.931 66830 INFO tempest.lib.common.rest_client [req-7b065c0d-dcf5-4c27-97c4-25f01692fa76 req-7b065c0d-dcf5-4c27-97c4-25f01692fa76 ] Request (ServersTestFqdnHostnames:test_create_server_with_fqdn_name): 200 GET http://10.180.1.21/compute/v2.1/servers/89e32d26-aa13-4b13-9aec-9e35513946e8 0.153s
2025-04-17 04:25:53.151 66812 INFO tempest.lib.common.rest_client [req-fa899362-4562-420d-b8c6-8bc7fadf2415 req-fa899362-4562-420d-b8c6-8bc7fadf2415 ] Request (ServerActionsTestOtherB:setUpClass): 200 GET http://10.180.1.21/compute/v2.1/servers/408735e7-0c1b-406e-b72d-8a0396830264 0.319s
2025-04-17 04:25:53.210 66818 INFO tempest.lib.common.rest_client [req-6bc5c0ed-0a66-4ea3-b69d-8c66c535c3f3 req-6bc5c0ed-0a66-4ea3-b69d-8c66c535c3f3 ] Request (ServersTestBootFromVolume:setUpClass): 200 GET http://10.180.1.21/compute/v2.1/servers/0a575fbd-2390-401a-8df0-47a40e187c87 0.308s
2025-04-17 04:25:53.342 66844 INFO tempest.lib.common.rest_client [req-f285414f-c764-4933-8220-51b557f9528e req-f285414f-c764-4933-8220-51b557f9528e ] Request (ServerRescueNegativeTestJSON:setUpClass): 200 GET http://10.180.1.21/compute/v2.1/servers/4fde404c-9011-4e1a-8b3c-8c89e5e45c00 0.491s
2025-04-17 04:25:53.395 66846 INFO tempest.lib.common.rest_client [req-3f02fc12-77ed-4467-a4de-ece003029afb req-3f02fc12-77ed-4467-a4de-ece003029afb ] Request (ServerGroupTestJSON:test_create_server_with_scheduler_hint_group): 200 GET http://10.180.1.21/compute/v2.1/servers/b3cb9c35-714c-4ce5-b826-0c8398ed93b9 0.443s
2025-04-17 04:25:53.455 66872 INFO tempest.lib.common.rest_client [req-877497cb-72fa-4f00-b47c-410601f65187 req-877497cb-72fa-4f00-b47c-410601f65187 ] Request (ServerDiagnosticsNegativeTest:test_get_server_diagnostics_by_non_admin): 200 GET http://10.180.1.21/compute/v2.1/servers/3816b87a-030d-4362-9596-bd0899455e52 0.532s
2025-04-17 04:25:53.458 66816 INFO tempest.lib.common.rest_client [req-8a1ecede-d416-4843-9657-23dc1b4856e3 req-8a1ecede-d416-4843-9657-23dc1b4856e3 ] Request (ServerMetadataTestJSON:setUpClass): 200 GET http://10.180.1.21/compute/v2.1/servers/1a9f02ca-7220-490c-81ed-bf2422173315 0.482s
2025-04-17 04:25:53.511 66820 INFO tempest.lib.common.rest_client [req-8350a99a-45b2-434f-a2b2-c68e08b74419 req-8350a99a-45b2-434f-a2b2-c68e08b74419 ] Request (ServersTestJSON:test_create_server_specify_multibyte_character_name): 200 GET http://10.180.1.21/compute/v2.1/servers/a14582eb-f78f-44d6-8c82-16976c0cec5b 0.484s
2025-04-17 04:25:53.522 66826 INFO tempest.lib.common.rest_client [req-3d9a8516-d750-443e-aa66-422ef820f980 req-3d9a8516-d750-443e-aa66-422ef820f980 ] Request (DeleteServersAdminTestJSON:test_delete_server_while_in_error_state): 200 GET http://10.180.1.21/compute/v2.1/servers/87acbe03-624d-454c-b108-0566ca0d750e 0.523s
2025-04-17 04:25:53.584 66824 INFO tempest.lib.common.rest_client [req-e55c44c1-78b2-43f0-a540-91f4ad585418 req-e55c44c1-78b2-43f0-a540-91f4ad585418 ] Request (ImagesOneServerTestJSON:setUpClass): 200 GET http://10.180.1.21/compute/v2.1/servers/83ac0082-b7fe-408d-9d5a-6e614ae7e61a 0.529s
2025-04-17 04:25:53.587 66836 INFO tempest.lib.common.rest_client [req-d01b5991-1c39-4857-92ca-ccd6563c166f req-d01b5991-1c39-4857-92ca-ccd6563c166f ] Request (ServersAdmin275Test:test_rebuild_update_server_275): 200 GET http://10.180.1.21/compute/v2.1/servers/f5415bfe-3f3a-4f4b-985d-59655791bb2b 0.505s
2025-04-17 04:25:53.642 66840 INFO tempest.lib.common.rest_client [req-985fed23-33e1-4c56-ab61-b5b7db6884d6 req-985fed23-33e1-4c56-ab61-b5b7db6884d6 ] Request (ServerActionsV293TestJSON:setUpClass): 200 GET http://10.180.1.21/compute/v2.1/servers/63244459-f37b-4fdb-8afc-9e4a80156099 0.510s
2025-04-17 04:25:53.651 66810 INFO tempest.lib.common.rest_client [req-a7c52062-edca-4125-89ba-a52b6600ccee req-a7c52062-edca-4125-89ba-a52b6600ccee ] Request (ServerActionsTestJSON:setUpClass): 200 GET http://10.180.1.21/compute/v2.1/servers/2f03a941-3722-4df8-af76-3bd073f8927b 0.461s
2025-04-17 04:25:53.728 66832 INFO tempest.lib.common.rest_client [req-f70b9b09-daf0-4e87-ab3e-0a6c7f61121c req-f70b9b09-daf0-4e87-ab3e-0a6c7f61121c ] Request (AttachInterfacesUnderV243Test:test_add_remove_fixed_ip): 200 GET http://10.180.1.21/compute/v2.1/servers/a5fa8d3d-ad60-4749-bba1-0e00538a543f 0.482s
2025-04-17 04:25:53.816 66862 INFO tempest.lib.common.rest_client [req-80d46a45-d996-4f4c-860c-f70821db3e04 req-80d46a45-d996-4f4c-860c-f70821db3e04 ] Request (ServerDiagnosticsTest:test_get_server_diagnostics): 200 GET http://10.180.1.21/compute/v2.1/servers/a0bd3693-ed3f-4573-8250-85ae19a08869 0.583s
2025-04-17 04:25:53.888 66834 INFO tempest.lib.common.rest_client [req-30a8a219-d7a8-4c18-9034-d1ed42497722 req-30a8a219-d7a8-4c18-9034-d1ed42497722 ] Request (AttachVolumeNegativeTest:test_attach_attached_volume_to_same_server): 200 GET http://10.180.1.21/compute/v2.1/servers/6deed686-ceca-45a1-b8e4-2461b2e3f039 0.428s
2025-04-17 04:25:53.918 66854 INFO tempest.lib.common.rest_client [req-dbd4708d-b34f-43c2-8c49-48d9098ea332 req-dbd4708d-b34f-43c2-8c49-48d9098ea332 ] Request (AttachInterfacesTestJSON:test_create_list_show_delete_interfaces_by_network_port): 200 GET http://10.180.1.21/compute/v2.1/servers/12bc9e29-ecea-40e9-af34-a067f3d2301f 0.465s
2025-04-17 04:25:53.947 66842 INFO tempest.lib.common.rest_client [req-642c4b57-2867-497b-a5d8-a0de7632fef0 req-642c4b57-2867-497b-a5d8-a0de7632fef0 ] Request (ImagesOneServerNegativeTestJSON:setUpClass): 200 GET http://10.180.1.21/compute/v2.1/servers/9915557d-4251-44a2-bf59-3dd542dfb527 0.401s
2025-04-17 04:25:54.034 66814 INFO tempest.lib.common.rest_client [req-75f8f6f5-a4c1-4e45-9a32-4fdad4a4e738 req-75f8f6f5-a4c1-4e45-9a32-4fdad4a4e738 ] Request (AttachVolumeTestJSON:test_attach_detach_volume): 200 GET http://10.180.1.21/compute/v2.1/servers/d04a1c66-b45e-4266-9e98-2682f7fa42d3 0.439s
2025-04-17 04:25:54.106 66866 INFO tempest.lib.common.rest_client [req-1af5809a-2b81-48ea-bdbf-c8daa122f6fa req-1af5809a-2b81-48ea-bdbf-c8daa122f6fa ] Request (ServersNegativeTestMultiTenantJSON:tearDownClass): 200 PUT http://10.180.1.21:9696/networking/v2.0/routers/93f4dcb0-bede-41b1-8320-1a7a3807cb3d/remove_router_interface 1.504s
2025-04-17 04:25:54.111 66822 INFO tempest.lib.common.rest_client [req-fcfb35b0-6885-436c-a2aa-a5c1f41030d2 req-fcfb35b0-6885-436c-a2aa-a5c1f41030d2 ] Request (SecurityGroupsTestJSON:test_list_security_groups_by_server): 200 GET http://10.180.1.21/compute/v2.1/servers/fce1b601-0363-4447-b802-3ea5d3aa97a0 0.548s
2025-04-17 04:25:54.584 66870 INFO tempest.lib.common.rest_client [req-32def70d-af1c-4e53-a3c6-ce8d87bd1b4b req-32def70d-af1c-4e53-a3c6-ce8d87bd1b4b ] Request (ImagesNegativeTestJSON:test_create_image_from_deleted_server): 200 GET http://10.180.1.21/compute/v2.1/servers/da4dff27-123e-44ac-83b5-1b2b3d731e0a 0.842s
2025-04-17 04:25:54.615 66828 INFO tempest.lib.common.rest_client [req-753db88b-2ab4-470f-b6b9-778a5ab6c49a req-753db88b-2ab4-470f-b6b9-778a5ab6c49a ] Request (ServerDiskConfigTestJSON:test_rebuild_server_with_auto_disk_config): 200 GET http://10.180.1.21/compute/v2.1/servers/a14dfb60-e62a-4a74-9f5b-f031814c609e 0.695s
2025-04-17 04:25:54.678 66812 INFO tempest.lib.common.rest_client [req-1fdce62a-edf9-40ba-b858-a298bd0e8042 req-1fdce62a-edf9-40ba-b858-a298bd0e8042 ] Request (ServerActionsTestOtherB:setUpClass): 200 GET http://10.180.1.21/compute/v2.1/servers/408735e7-0c1b-406e-b72d-8a0396830264 0.520s
2025-04-17 04:25:54.730 66818 INFO tempest.lib.common.rest_client [req-5d897707-7026-47b6-8dce-11b18e44f3fd req-5d897707-7026-47b6-8dce-11b18e44f3fd ] Request (ServersTestBootFromVolume:setUpClass): 200 GET http://10.180.1.21/compute/v2.1/servers/0a575fbd-2390-401a-8df0-47a40e187c87 0.513s
2025-04-17 04:25:54.736 66830 INFO tempest.lib.common.rest_client [req-3f14632d-c283-4cd9-b59d-677ff67ab061 req-3f14632d-c283-4cd9-b59d-677ff67ab061 ] Request (ServersTestFqdnHostnames:test_create_server_with_fqdn_name): 200 GET http://10.180.1.21/compute/v2.1/servers/89e32d26-aa13-4b13-9aec-9e35513946e8 0.799s
2025-04-17 04:25:54.788 66846 INFO tempest.lib.common.rest_client [req-c6565390-5b5b-4198-bf08-d82c4ebaff81 req-c6565390-5b5b-4198-bf08-d82c4ebaff81 ] Request (ServerGroupTestJSON:test_create_server_with_scheduler_hint_group): 200 GET http://10.180.1.21/compute/v2.1/servers/b3cb9c35-714c-4ce5-b826-0c8398ed93b9 0.386s
2025-04-17 04:25:54.884 66844 INFO tempest.lib.common.rest_client [req-fa3886ad-fd4c-46ce-a632-159b8b6e8fc8 req-fa3886ad-fd4c-46ce-a632-159b8b6e8fc8 ] Request (ServerRescueNegativeTestJSON:setUpClass): 200 GET http://10.180.1.21/compute/v2.1/servers/4fde404c-9011-4e1a-8b3c-8c89e5e45c00 0.535s
2025-04-17 04:25:54.910 66872 INFO tempest.lib.common.rest_client [req-f0259811-49ac-4441-8014-2b46b019bf5f req-f0259811-49ac-4441-8014-2b46b019bf5f ] Request (ServerDiagnosticsNegativeTest:test_get_server_diagnostics_by_non_admin): 200 GET http://10.180.1.21/compute/v2.1/servers/3816b87a-030d-4362-9596-bd0899455e52 0.447s
2025-04-17 04:25:54.937 66816 INFO tempest.lib.common.rest_client [req-884ab286-a017-4a21-9032-8a8355448dc1 req-884ab286-a017-4a21-9032-8a8355448dc1 ] Request (ServerMetadataTestJSON:setUpClass): 200 GET http://10.180.1.21/compute/v2.1/servers/1a9f02ca-7220-490c-81ed-bf2422173315 0.473s
2025-04-17 04:25:54.965 66820 INFO tempest.lib.common.rest_client [req-2b1a8b35-18d7-4a42-a1a0-3197dc95832e req-2b1a8b35-18d7-4a42-a1a0-3197dc95832e ] Request (ServersTestJSON:test_create_server_specify_multibyte_character_name): 200 GET http://10.180.1.21/compute/v2.1/servers/a14582eb-f78f-44d6-8c82-16976c0cec5b 0.447s
2025-04-17 04:25:54.980 66826 INFO tempest.lib.common.rest_client [req-9b2985b3-f56a-475b-9749-794cee14fdeb req-9b2985b3-f56a-475b-9749-794cee14fdeb ] Request (DeleteServersAdminTestJSON:test_delete_server_while_in_error_state): 200 GET http://10.180.1.21/compute/v2.1/servers/87acbe03-624d-454c-b108-0566ca0d750e 0.451s
2025-04-17 04:25:55.034 66824 INFO tempest.lib.common.rest_client [req-361d01ff-fc48-4a71-8911-fa3fc77db2bf req-361d01ff-fc48-4a71-8911-fa3fc77db2bf ] Request (ImagesOneServerTestJSON:setUpClass): 200 GET http://10.180.1.21/compute/v2.1/servers/83ac0082-b7fe-408d-9d5a-6e614ae7e61a 0.443s
2025-04-17 04:25:55.049 66836 INFO tempest.lib.common.rest_client [req-280d8453-4733-4fcc-8e35-0714783d3b45 req-280d8453-4733-4fcc-8e35-0714783d3b45 ] Request (ServersAdmin275Test:test_rebuild_update_server_275): 200 GET http://10.180.1.21/compute/v2.1/servers/f5415bfe-3f3a-4f4b-985d-59655791bb2b 0.452s
2025-04-17 04:25:55.060 66866 INFO tempest.lib.common.rest_client [req-85d7719d-4632-4939-b59d-c660337410ff req-85d7719d-4632-4939-b59d-c660337410ff ] Request (ServersNegativeTestMultiTenantJSON:tearDownClass): 204 DELETE http://10.180.1.21:9696/networking/v2.0/routers/93f4dcb0-bede-41b1-8320-1a7a3807cb3d 0.953s
2025-04-17 04:25:55.083 66840 INFO tempest.lib.common.rest_client [req-ee4e97d0-8308-4597-a40e-c40b32f14325 req-ee4e97d0-8308-4597-a40e-c40b32f14325 ] Request (ServerActionsV293TestJSON:setUpClass): 200 GET http://10.180.1.21/compute/v2.1/servers/63244459-f37b-4fdb-8afc-9e4a80156099 0.432s
2025-04-17 04:25:55.094 66810 INFO tempest.lib.common.rest_client [req-79705e64-29b0-4146-803c-45f46a377ff4 req-79705e64-29b0-4146-803c-45f46a377ff4 ] Request (ServerActionsTestJSON:setUpClass): 200 GET http://10.180.1.21/compute/v2.1/servers/2f03a941-3722-4df8-af76-3bd073f8927b 0.433s
2025-04-17 04:25:55.140 66832 INFO tempest.lib.common.rest_client [req-b7fe0e0c-e89f-4d86-9d7d-fa10e23fc54e req-b7fe0e0c-e89f-4d86-9d7d-fa10e23fc54e ] Request (AttachInterfacesUnderV243Test:test_add_remove_fixed_ip): 200 GET http://10.180.1.21/compute/v2.1/servers/a5fa8d3d-ad60-4749-bba1-0e00538a543f 0.405s
2025-04-17 04:25:55.197 66834 INFO tempest.lib.common.rest_client [req-03f8b7ad-052c-4a65-8eb6-e25cd368c964 req-03f8b7ad-052c-4a65-8eb6-e25cd368c964 ] Request (AttachVolumeNegativeTest:test_attach_attached_volume_to_same_server): 200 GET http://10.180.1.21/compute/v2.1/servers/6deed686-ceca-45a1-b8e4-2461b2e3f039 0.303s
2025-04-17 04:25:55.203 66866 INFO tempest.lib.common.rest_client [req-e09b6238-f001-4a87-918a-956e9a31fcb6 req-e09b6238-f001-4a87-918a-956e9a31fcb6 ] Request (ServersNegativeTestMultiTenantJSON:tearDownClass): 204 DELETE http://10.180.1.21:9696/networking/v2.0/subnets/ec64502b-c023-4153-beb4-33d694e963f5 0.142s
2025-04-17 04:25:55.203 66862 INFO tempest.lib.common.rest_client [req-b2e59b9a-8fde-467f-bf98-dde7965c84ca req-b2e59b9a-8fde-467f-bf98-dde7965c84ca ] Request (ServerDiagnosticsTest:test_get_server_diagnostics): 200 GET http://10.180.1.21/compute/v2.1/servers/a0bd3693-ed3f-4573-8250-85ae19a08869 0.377s
2025-04-17 04:25:55.256 66842 INFO tempest.lib.common.rest_client [req-301b91d4-0672-4b14-8420-baaab50acbb1 req-301b91d4-0672-4b14-8420-baaab50acbb1 ] Request (ImagesOneServerNegativeTestJSON:setUpClass): 200 GET http://10.180.1.21/compute/v2.1/servers/9915557d-4251-44a2-bf59-3dd542dfb527 0.301s
2025-04-17 04:25:55.303 66854 INFO tempest.lib.common.rest_client [req-7298a473-6865-48ca-9fb4-686ca5abd5cc req-7298a473-6865-48ca-9fb4-686ca5abd5cc ] Request (AttachInterfacesTestJSON:test_create_list_show_delete_interfaces_by_network_port): 200 GET http://10.180.1.21/compute/v2.1/servers/12bc9e29-ecea-40e9-af34-a067f3d2301f 0.379s
2025-04-17 04:25:55.306 66814 INFO tempest.lib.common.rest_client [req-adabc41e-2dd1-4aef-8edc-852b1bb9ab60 req-adabc41e-2dd1-4aef-8edc-852b1bb9ab60 ] Request (AttachVolumeTestJSON:test_attach_detach_volume): 200 GET http://10.180.1.21/compute/v2.1/servers/d04a1c66-b45e-4266-9e98-2682f7fa42d3 0.266s
2025-04-17 04:25:55.396 66822 INFO tempest.lib.common.rest_client [req-10674f6d-d504-4e74-84f6-54397914ff8b req-10674f6d-d504-4e74-84f6-54397914ff8b ] Request (SecurityGroupsTestJSON:test_list_security_groups_by_server): 200 GET http://10.180.1.21/compute/v2.1/servers/fce1b601-0363-4447-b802-3ea5d3aa97a0 0.277s
2025-04-17 04:25:55.443 66866 INFO tempest.lib.common.rest_client [req-e3b2971c-0071-4f85-a9cb-098a26538801 req-e3b2971c-0071-4f85-a9cb-098a26538801 ] Request (ServersNegativeTestMultiTenantJSON:tearDownClass): 204 DELETE http://10.180.1.21:9696/networking/v2.0/networks/075b2f08-a558-4a35-93ca-601173b265c5 0.240s
2025-04-17 04:25:55.521 66866 INFO tempest.lib.common.rest_client [req-344c43bb-493f-4ce2-b63b-52b410547c13 req-344c43bb-493f-4ce2-b63b-52b410547c13 ] Request (ServersNegativeTestMultiTenantJSON:tearDownClass): 204 DELETE http://10.180.1.21/identity/v3/users/b3ef220b045d4dde98a3d54369c46e2c 0.078s
2025-04-17 04:25:55.606 66866 INFO tempest.lib.common.rest_client [req-6c857288-b952-41b8-89e1-e463ea3785da req-6c857288-b952-41b8-89e1-e463ea3785da ] Request (ServersNegativeTestMultiTenantJSON:tearDownClass): 204 DELETE http://10.180.1.21/identity/v3/users/d381e6c669b24656be92774508eed6f8 0.084s
2025-04-17 04:25:55.606 66866 INFO tempest.lib.common.dynamic_creds [-] Deleting project and security group for project: e2806e674668472690b3dec1a28ee257
2025-04-17 04:25:55.652 66866 INFO tempest.lib.common.rest_client [req-7c721f4a-421d-4132-87f0-cc2366129c7e req-7c721f4a-421d-4132-87f0-cc2366129c7e ] Request (ServersNegativeTestMultiTenantJSON:tearDownClass): 200 GET http://10.180.1.21:9696/networking/v2.0/security-groups?tenant_id=e2806e674668472690b3dec1a28ee257&name=default 0.045s
2025-04-17 04:25:55.710 66866 INFO tempest.lib.common.rest_client [req-7509ba3d-7f1c-45ed-b69d-293f1dcaa245 req-7509ba3d-7f1c-45ed-b69d-293f1dcaa245 ] Request (ServersNegativeTestMultiTenantJSON:tearDownClass): 204 DELETE http://10.180.1.21:9696/networking/v2.0/security-groups/9fb9fafb-27ee-4a32-828b-9dd20161cd9b 0.058s
2025-04-17 04:25:55.718 66870 INFO tempest.lib.common.rest_client [req-5f9124ec-5545-472d-9e1d-01451f6d8495 req-5f9124ec-5545-472d-9e1d-01451f6d8495 ] Request (ImagesNegativeTestJSON:test_create_image_from_deleted_server): 200 GET http://10.180.1.21/compute/v2.1/servers/da4dff27-123e-44ac-83b5-1b2b3d731e0a 0.125s
2025-04-17 04:25:55.730 66828 INFO tempest.lib.common.rest_client [req-3f65d81e-417d-47ae-a6f9-5ec739db1df1 req-3f65d81e-417d-47ae-a6f9-5ec739db1df1 ] Request (ServerDiskConfigTestJSON:test_rebuild_server_with_auto_disk_config): 200 GET http://10.180.1.21/compute/v2.1/servers/a14dfb60-e62a-4a74-9f5b-f031814c609e 0.108s
2025-04-17 04:25:55.764 66812 INFO tempest.lib.common.rest_client [req-2dff6ef8-b25e-46a7-9cd0-6c195fe7292e req-2dff6ef8-b25e-46a7-9cd0-6c195fe7292e ] Request (ServerActionsTestOtherB:setUpClass): 200 GET http://10.180.1.21/compute/v2.1/servers/408735e7-0c1b-406e-b72d-8a0396830264 0.080s
2025-04-17 04:25:55.780 66818 INFO tempest.lib.common.rest_client [req-8db629fd-94db-4ecb-b9dc-aa5e0416723e req-8db629fd-94db-4ecb-b9dc-aa5e0416723e ] Request (ServersTestBootFromVolume:setUpClass): 200 GET http://10.180.1.21/compute/v2.1/servers/0a575fbd-2390-401a-8df0-47a40e187c87 0.044s
2025-04-17 04:25:55.796 66866 INFO tempest.lib.common.rest_client [req-6a4aeed6-ca51-4ade-a971-9ade1ee52e17 req-6a4aeed6-ca51-4ade-a971-9ade1ee52e17 ] Request (ServersNegativeTestMultiTenantJSON:tearDownClass): 204 DELETE http://10.180.1.21/identity/v3/projects/e2806e674668472690b3dec1a28ee257 0.085s
2025-04-17 04:25:55.796 66866 INFO tempest.lib.common.dynamic_creds [-] Deleting project and security group for project: a067f662226f4250a146d993b8732e79
