2024-12-22 11:07:21.360 67716 INFO tempest.lib.common.rest_client [req-f77ae7b6-7a18-4ae8-af85-934ca8cb101c req-f77ae7b6-7a18-4ae8-af85-934ca8cb101c ] Request (ServersTestJSON:setUpClass): 201 POST http://10.180.1.21:9696/networking/v2.0/routers 0.925s
2024-12-22 11:07:21.441 67734 INFO tempest.lib.common.rest_client [req-d97d4548-7bf9-4ea7-9bc3-301fdd1a87a1 req-d97d4548-7bf9-4ea7-9bc3-301fdd1a87a1 ] Request (ServerActionsTestJSON:setUpClass): 200 GET http://10.180.1.21/compute/v2.1/servers/9716d592-32d1-4f1d-b42b-1c8a7d81d2f2 1.131s
2024-12-22 11:07:21.686 67758 INFO tempest.lib.common.rest_client [req-1af3391a-e282-47a1-ad2e-a26f6a8dc830 req-1af3391a-e282-47a1-ad2e-a26f6a8dc830 ] Request (ServerDiagnosticsV248Test:test_get_server_diagnostics): 200 GET http://10.180.1.21/compute/v2.1/servers/51532b8e-4adf-4cc7-b91e-885d7934a7e8/diagnostics 1.858s
2024-12-22 11:07:21.707 67724 INFO tempest.lib.common.rest_client [req-d39ca472-f748-49c1-ba39-30614ee54e36 req-d39ca472-f748-49c1-ba39-30614ee54e36 ] Request (FlavorsV2TestJSON:test_list_flavors_detailed_filter_by_min_ram): 200 GET http://10.180.1.21/compute/v2.1/flavors/42 1.363s
2024-12-22 11:07:21.731 67712 INFO tempest.lib.common.rest_client [req-112623d7-cb5f-4ebb-b636-5ca9126a8fd2 req-112623d7-cb5f-4ebb-b636-5ca9126a8fd2 ] Request (FlavorsAdminTestJSON:test_is_public_string_variations): 200 GET http://10.180.1.21/compute/v2.1/flavors/detail?is_public=1 1.264s
2024-12-22 11:07:21.755 67748 INFO tempest.lib.common.rest_client [req-ae88f885-5b8d-4cdb-8767-65663b2787d6 req-ae88f885-5b8d-4cdb-8767-65663b2787d6 ] Request (AggregatesAdminNegativeTestJSON:test_aggregate_remove_nonexistent_host): 200 POST http://10.180.1.21/compute/v2.1/os-aggregates 1.198s
2024-12-22 11:07:21.851 67756 WARNING tempest.lib.common.ssh [-] Failed to establish authenticated ssh connection to cirros@10.180.180.190 ([Errno None] Unable to connect to port 22 on 10.180.180.190). Number attempts: 2. Retry after 3 seconds.: paramiko.ssh_exception.NoValidConnectionsError: [Errno None] Unable to connect to port 22 on 10.180.180.190
2024-12-22 11:07:22.012 67733 INFO tempest.lib.common.rest_client [req-24faa461-627f-4214-af68-b845e5d0acf7 req-24faa461-627f-4214-af68-b845e5d0acf7 ] Request (ServerDiskConfigTestJSON:setUpClass): 201 POST http://10.180.1.21:9696/networking/v2.0/routers 0.784s
2024-12-22 11:07:22.020 67760 INFO tempest.lib.common.rest_client [req-f99d6d97-e882-443c-b42a-6e2a4336e45e req-f99d6d97-e882-443c-b42a-6e2a4336e45e ] Request (ServersTestManualDisk:setUpClass): 200 GET http://10.180.1.21/compute/v2.1/servers/7146277f-2621-4e8f-a14c-49bf4dd052db 1.458s
2024-12-22 11:07:22.027 67760 INFO tempest.common.waiters [-] State transition "BUILD/spawning" ==> "ACTIVE/None" after 23 second wait
2024-12-22 11:07:22.073 67708 INFO tempest.lib.common.rest_client [req-2c9161a6-9388-4c1d-8865-8b3b6955006a req-2c9161a6-9388-4c1d-8865-8b3b6955006a ] Request (KeyPairsV2TestJSON:test_keypairs_create_list_delete): 200 POST http://10.180.1.21/compute/v2.1/os-keypairs 1.498s
2024-12-22 11:07:22.168 67764 INFO tempest.lib.common.rest_client [req-52aacbbb-e3dc-4496-b84a-dcca0c0b71e9 req-52aacbbb-e3dc-4496-b84a-dcca0c0b71e9 ] Request (SecurityGroupRulesTestJSON:test_security_group_rules_delete_when_peer_group_deleted): 200 GET http://10.180.1.21/compute/v2.1/os-security-groups/da76a15a-b576-47e9-8e53-8b64a2db6e30 1.419s
2024-12-22 11:07:22.275 67738 INFO tempest.lib.common.rest_client [req-6109e178-1053-4869-b98a-483fd65fc66e req-6109e178-1053-4869-b98a-483fd65fc66e ] Request (ImagesTestJSON:_run_cleanups): 204 DELETE http://10.180.1.21/compute/v2.1/servers/b0b4d94c-cd5c-4452-baa6-9aeec46b43ad 1.439s
2024-12-22 11:07:22.348 67722 INFO tempest.lib.common.rest_client [req-56602fd4-09c7-4d51-a9bf-2981e9594e0c req-56602fd4-09c7-4d51-a9bf-2981e9594e0c ] Request (QuotasAdminTestV236:test_get_updated_quotas): 200 GET http://10.180.1.21/compute/v2.1/os-quota-sets/a192ddb92bee4349958c316e7f9294f9/detail 1.310s
2024-12-22 11:07:22.354 67738 INFO tempest.lib.common.rest_client [req-2275ae73-c5ad-4d75-b7e2-30cabecef855 req-2275ae73-c5ad-4d75-b7e2-30cabecef855 ] Request (ImagesTestJSON:test_create_image_from_suspended_server): 201 POST http://10.180.1.21/identity/v3/auth/tokens 0.070s
2024-12-22 11:07:22.354 67738 INFO tempest.lib.common.fixed_network [-] (ImagesTestJSON:test_create_image_from_suspended_server) Found network {'id': '0719de66-1f31-4596-a9a1-11d65b13c2e5', 'name': 'tempest-ImagesTestJSON-1221667646-network', 'tenant_id': '99c4328f2c8c4139b4eace4b465e37e3', 'admin_state_up': True, 'mtu': 8950, 'status': 'ACTIVE', 'subnets': [], 'shared': False, 'project_id': '99c4328f2c8c4139b4eace4b465e37e3', 'port_security_enabled': True, 'router:external': False, 'provider:network_type': 'vlan', 'provider:physical_network': 'default', 'provider:segmentation_id': 822, 'availability_zone_hints': [], 'availability_zones': [], 'ipv4_address_scope': None, 'ipv6_address_scope': None, 'description': '', 'tags': [], 'created_at': '2024-12-22T11:06:23Z', 'updated_at': '2024-12-22T11:06:23Z', 'revision_number': 1} available for tenant
2024-12-22 11:07:22.383 67706 INFO tempest.lib.common.rest_client [req-a964c08b-3ec4-4f54-b76c-916124fb2fdb req-a964c08b-3ec4-4f54-b76c-916124fb2fdb ] Request (ServerAddressesNegativeTestJSON:test_list_server_addresses_by_network_neg): 404 GET http://10.180.1.21/compute/v2.1/servers/de31255d-b82f-4f32-82b2-0a8368fe2510/ips/invalid 1.125s
2024-12-22 11:07:22.389 67722 INFO tempest.lib.common.rest_client [req-6b1987ad-7fc2-4d54-a5af-47fd13b04a34 req-6b1987ad-7fc2-4d54-a5af-47fd13b04a34 ] Request (QuotasAdminTestV236:test_get_updated_quotas): 200 GET http://10.180.1.21/identity/v3/domains?name=Default 0.035s
2024-12-22 11:07:22.419 67722 INFO tempest.lib.common.rest_client [req-8aba93c3-4462-4d23-924d-e04dc19cbbfd req-8aba93c3-4462-4d23-924d-e04dc19cbbfd ] Request (QuotasAdminTestV236:test_get_updated_quotas): 201 POST http://10.180.1.21/identity/v3/users 0.029s
2024-12-22 11:07:22.429 67766 INFO tempest.lib.common.rest_client [req-d5d6bfd4-fff3-4dad-bf84-20cac452795b req-d5d6bfd4-fff3-4dad-bf84-20cac452795b ] Request (ImagesOneServerTestJSON:test_create_delete_image): 200 GET http://10.180.1.21/compute/v2.1/images/e81db031-aecd-4d46-b472-c5cb3d8c71b0 1.049s
2024-12-22 11:07:22.442 67722 INFO tempest.lib.common.rest_client [req-134eb9e8-9ec1-49ed-8c33-0be3694baaf7 req-134eb9e8-9ec1-49ed-8c33-0be3694baaf7 ] Request (QuotasAdminTestV236:test_get_updated_quotas): 200 GET http://10.180.1.21/identity/v3/domains?name=Default 0.022s
2024-12-22 11:07:22.737 67710 INFO tempest.lib.common.rest_client [req-98936a25-36ac-45b2-8d88-04009d367cce req-98936a25-36ac-45b2-8d88-04009d367cce ] Request (MigrationsAdminTest:test_list_migrations_in_flavor_resize_situation): 200 GET http://10.180.1.21/compute/v2.1/servers/f1b1cbe0-0ad3-41ee-9b8c-cf975ec500df 1.345s
2024-12-22 11:07:22.808 67752 INFO tempest.lib.common.rest_client [req-f8fc3395-e5ea-4b2b-a6aa-034c80043258 req-f8fc3395-e5ea-4b2b-a6aa-034c80043258 ] Request (VolumesAdminNegativeTest:test_update_attached_volume_with_nonexistent_volume_in_body): 200 GET http://10.180.1.21/compute/v2.1/servers/b7f26f0e-d5a9-42a6-8af2-065659f89cf5 1.360s
2024-12-22 11:07:22.875 67733 INFO tempest.lib.common.rest_client [req-b8a4a393-2ca8-4cd7-94fe-d53433f83f7f req-b8a4a393-2ca8-4cd7-94fe-d53433f83f7f ] Request (ServerDiskConfigTestJSON:setUpClass): 200 PUT http://10.180.1.21:9696/networking/v2.0/routers/7473e04a-522d-47db-b2e1-be7718c6f374/add_router_interface 0.862s
2024-12-22 11:07:22.875 67733 INFO tempest.lib.common.dynamic_creds [-] Created isolated network resources for: credentials: Credentials: {'domain_id': 'default', 'domain_name': 'Default', 'username': 'tempest-ServerDiskConfigTestJSON-16708605-project-member', 'project_domain_id': 'default', 'project_domain_name': 'Default', 'project_id': '1886be852b01400aaf7a31c8fe5d4d7a', 'project_name': 'tempest-ServerDiskConfigTestJSON-16708605', 'tenant_id': '1886be852b01400aaf7a31c8fe5d4d7a', 'tenant_name': 'tempest-ServerDiskConfigTestJSON-16708605', 'user_domain_id': 'default', 'user_domain_name': 'Default', 'user_id': '3fc112b4851e4dbeac3a69409e7bf98e', 'system': None}, Network: {'id': '67ab6461-8fa5-4dfd-9267-561a710ae91b', 'name': 'tempest-ServerDiskConfigTestJSON-1814728209-network', 'tenant_id': '1886be852b01400aaf7a31c8fe5d4d7a', 'admin_state_up': True, 'mtu': 8950, 'status': 'ACTIVE', 'subnets': [], 'shared': False, 'project_id': '1886be852b01400aaf7a31c8fe5d4d7a', 'port_security_enabled': True, 'router:external': False, 'provider:network_type': 'vlan', 'provider:physical_network': 'default', 'provider:segmentation_id': 238, 'availability_zone_hints': [], 'availability_zones': [], 'ipv4_address_scope': None, 'ipv6_address_scope': None, 'description': '', 'tags': [], 'created_at': '2024-12-22T11:07:20Z', 'updated_at': '2024-12-22T11:07:20Z', 'revision_number': 1}, Subnet: {'id': 'a06914e8-481c-4f9f-9cb6-84723e323570', 'name': 'tempest-ServerDiskConfigTestJSON-1814728209-subnet', 'tenant_id': '1886be852b01400aaf7a31c8fe5d4d7a', 'network_id': '67ab6461-8fa5-4dfd-9267-561a710ae91b', 'ip_version': 4, 'subnetpool_id': None, 'enable_dhcp': True, 'ipv6_ra_mode': None, 'ipv6_address_mode': None, 'gateway_ip': '192.168.128.1', 'cidr': '192.168.128.0/28', 'allocation_pools': [{'start': '192.168.128.2', 'end': '192.168.128.14'}], 'host_routes': [], 'dns_nameservers': [], 'description': '', 'router:external': False, 'service_types': [], 'tags': [], 'created_at': '2024-12-22T11:07:21Z', 'updated_at': '2024-12-22T11:07:21Z', 'revision_number': 0, 'project_id': '1886be852b01400aaf7a31c8fe5d4d7a'}, Router: {'id': '7473e04a-522d-47db-b2e1-be7718c6f374', 'name': 'tempest-ServerDiskConfigTestJSON-1814728209-router', 'tenant_id': '1886be852b01400aaf7a31c8fe5d4d7a', 'admin_state_up': True, 'status': 'ACTIVE', 'external_gateway_info': {'network_id': 'd0cd4724-5a77-4b92-9125-1abb46f49009', 'external_fixed_ips': [{'subnet_id': '7b74068e-56cb-48e4-82c2-c3d763974369', 'ip_address': '10.180.180.233'}], 'enable_snat': True}, 'description': '', 'availability_zones': [], 'distributed': False, 'ha': False, 'availability_zone_hints': [], 'routes': [], 'flavor_id': None, 'tags': [], 'created_at': '2024-12-22T11:07:21Z', 'updated_at': '2024-12-22T11:07:21Z', 'revision_number': 2, 'project_id': '1886be852b01400aaf7a31c8fe5d4d7a'}
2024-12-22 11:07:22.971 67733 INFO tempest.lib.common.rest_client [req-4e7e830c-695d-4d85-b7c7-aa6ad3af770b req-4e7e830c-695d-4d85-b7c7-aa6ad3af770b ] Request (ServerDiskConfigTestJSON:setUpClass): 201 POST http://10.180.1.21/identity/v3/auth/tokens 0.088s
2024-12-22 11:07:23.016 67733 INFO tempest.lib.common.rest_client [req-2c4cc5df-5099-468e-a8c5-72a2c3ed6d8d req-2c4cc5df-5099-468e-a8c5-72a2c3ed6d8d ] Request (ServerDiskConfigTestJSON:test_rebuild_server_with_auto_disk_config): 201 POST http://10.180.1.21/identity/v3/auth/tokens 0.038s
2024-12-22 11:07:23.016 67733 INFO tempest.lib.common.fixed_network [-] (ServerDiskConfigTestJSON:test_rebuild_server_with_auto_disk_config) Found network {'id': '67ab6461-8fa5-4dfd-9267-561a710ae91b', 'name': 'tempest-ServerDiskConfigTestJSON-1814728209-network', 'tenant_id': '1886be852b01400aaf7a31c8fe5d4d7a', 'admin_state_up': True, 'mtu': 8950, 'status': 'ACTIVE', 'subnets': [], 'shared': False, 'project_id': '1886be852b01400aaf7a31c8fe5d4d7a', 'port_security_enabled': True, 'router:external': False, 'provider:network_type': 'vlan', 'provider:physical_network': 'default', 'provider:segmentation_id': 238, 'availability_zone_hints': [], 'availability_zones': [], 'ipv4_address_scope': None, 'ipv6_address_scope': None, 'description': '', 'tags': [], 'created_at': '2024-12-22T11:07:20Z', 'updated_at': '2024-12-22T11:07:20Z', 'revision_number': 1} available for tenant
2024-12-22 11:07:23.072 67736 INFO tempest.lib.common.rest_client [req-b25e3554-fc6b-43a5-b52b-700e84832b17 req-b25e3554-fc6b-43a5-b52b-700e84832b17 ] Request (AttachInterfacesV270Test:test_create_get_list_interfaces): 200 GET http://10.180.1.21/compute/v2.1/servers/6e477ec2-9270-42b1-85bd-a315460d9cab 1.549s
2024-12-22 11:07:23.148 67750 INFO tempest.lib.common.rest_client [req-afffbf3a-80ff-464f-be15-c6d939784516 req-afffbf3a-80ff-464f-be15-c6d939784516 ] Request (ServersAdminNegativeTestJSON:test_migrate_server_invalid_state): 200 GET http://10.180.1.21/compute/v2.1/servers/ca1e1e82-f4fe-42b5-92b1-6a20b7267d4d 1.605s
2024-12-22 11:07:23.211 67704 INFO tempest.lib.common.rest_client [req-aa5a0c5e-9560-4ea5-8175-46d2b449a179 req-aa5a0c5e-9560-4ea5-8175-46d2b449a179 ] Request (ListImageFiltersTestJSON:setUpClass): 200 GET http://10.180.1.21/compute/v2.1/servers/bd07735a-6a75-45fb-9cef-e1f2c301a489 1.575s
2024-12-22 11:07:23.285 67758 INFO tempest.lib.common.rest_client [req-98bfbb29-77df-4e6c-8842-6813b862a6cb req-98bfbb29-77df-4e6c-8842-6813b862a6cb ] Request (ServerDiagnosticsV248Test:tearDownClass): 204 DELETE http://10.180.1.21/compute/v2.1/servers/51532b8e-4adf-4cc7-b91e-885d7934a7e8 1.592s
2024-12-22 11:07:23.341 67730 INFO tempest.lib.common.rest_client [req-20904b51-e4a1-4ac7-bcf4-175bf5c7a585 req-20904b51-e4a1-4ac7-bcf4-175bf5c7a585 ] Request (FloatingIPsAssociationTestJSON:test_associate_already_associated_floating_ip): 200 GET http://10.180.1.21/compute/v2.1/servers/e2138192-14e0-43d2-9d19-9820747d7217 1.640s
2024-12-22 11:07:23.364 67724 INFO tempest.lib.common.rest_client [req-1da8c096-5772-4902-a1ac-453fa0617b52 req-1da8c096-5772-4902-a1ac-453fa0617b52 ] Request (FlavorsV2TestJSON:test_list_flavors_detailed_filter_by_min_ram): 200 GET http://10.180.1.21/compute/v2.1/flavors/detail?minRam=193 1.653s
2024-12-22 11:07:23.378 67712 INFO tempest.lib.common.rest_client [req-9d6a49d3-9594-494b-a5d1-9e96235df1bc req-9d6a49d3-9594-494b-a5d1-9e96235df1bc ] Request (FlavorsAdminTestJSON:_run_cleanups): 202 DELETE http://10.180.1.21/compute/v2.1/flavors/874864125 1.641s
2024-12-22 11:07:23.402 67748 INFO tempest.lib.common.rest_client [req-9a0a5f39-5547-4675-acdf-62ad0e2c87cb req-9a0a5f39-5547-4675-acdf-62ad0e2c87cb ] Request (AggregatesAdminNegativeTestJSON:test_aggregate_remove_nonexistent_host): 404 POST http://10.180.1.21/compute/v2.1/os-aggregates/8/action 1.644s
2024-12-22 11:07:23.467 67754 INFO tempest.lib.common.rest_client [req-d39beae2-6fd9-48eb-8b5c-8f1af18b9bf8 req-d39beae2-6fd9-48eb-8b5c-8f1af18b9bf8 ] Request (ServersAdmin275Test:test_rebuild_update_server_275): 200 GET http://10.180.1.21/compute/v2.1/servers/726d9639-1ab4-46a9-975e-5580c8344a37 1.617s
2024-12-22 11:07:23.523 67714 INFO tempest.lib.common.rest_client [req-efa9d0f6-24d9-44d3-b9ec-5247ee6f29bc req-efa9d0f6-24d9-44d3-b9ec-5247ee6f29bc ] Request (FloatingIPsAssociationNegativeTestJSON:test_associate_ip_to_server_with_floating_ip): 202 POST http://10.180.1.21/compute/v2.1/servers/e03b8577-9298-4e88-98ea-6258e97db28d/action 3.208s
2024-12-22 11:07:23.527 67720 INFO tempest.lib.common.rest_client [req-3377d6db-3f9f-469c-b25f-633300945644 req-3377d6db-3f9f-469c-b25f-633300945644 ] Request (ServerMetadataTestJSON:setUpClass): 200 GET http://10.180.1.21/compute/v2.1/servers/17e1dfa2-b104-4aac-928e-6364da155c3d 1.620s
2024-12-22 11:07:23.557 67716 INFO tempest.lib.common.rest_client [req-b98e6b0d-d19a-4e7d-8644-ca28b4db52dc req-b98e6b0d-d19a-4e7d-8644-ca28b4db52dc ] Request (ServersTestJSON:setUpClass): 200 PUT http://10.180.1.21:9696/networking/v2.0/routers/8ef3cc55-4822-47ac-9680-d2469b9b05c0/add_router_interface 2.196s
2024-12-22 11:07:23.557 67716 INFO tempest.lib.common.dynamic_creds [-] Created isolated network resources for: credentials: Credentials: {'domain_id': 'default', 'domain_name': 'Default', 'username': 'tempest-ServersTestJSON-490274306-project-member', 'project_domain_id': 'default', 'project_domain_name': 'Default', 'project_id': 'eae1647405bf418ea6abde9723b2c895', 'project_name': 'tempest-ServersTestJSON-490274306', 'tenant_id': 'eae1647405bf418ea6abde9723b2c895', 'tenant_name': 'tempest-ServersTestJSON-490274306', 'user_domain_id': 'default', 'user_domain_name': 'Default', 'user_id': '1789ba92a3a44545a2bafb639692e8af', 'system': None}, Network: {'id': 'ab62b987-c074-462f-ab8f-d851463f3ed7', 'name': 'tempest-ServersTestJSON-1458114320-network', 'tenant_id': 'eae1647405bf418ea6abde9723b2c895', 'admin_state_up': True, 'mtu': 8950, 'status': 'ACTIVE', 'subnets': [], 'shared': False, 'project_id': 'eae1647405bf418ea6abde9723b2c895', 'port_security_enabled': True, 'router:external': False, 'provider:network_type': 'vlan', 'provider:physical_network': 'default', 'provider:segmentation_id': 909, 'availability_zone_hints': [], 'availability_zones': [], 'ipv4_address_scope': None, 'ipv6_address_scope': None, 'description': '', 'tags': [], 'created_at': '2024-12-22T11:07:20Z', 'updated_at': '2024-12-22T11:07:20Z', 'revision_number': 1}, Subnet: {'id': '1c1fc359-22d3-4943-b5e2-c2327b098bd4', 'name': 'tempest-ServersTestJSON-1458114320-subnet', 'tenant_id': 'eae1647405bf418ea6abde9723b2c895', 'network_id': 'ab62b987-c074-462f-ab8f-d851463f3ed7', 'ip_version': 4, 'subnetpool_id': None, 'enable_dhcp': True, 'ipv6_ra_mode': None, 'ipv6_address_mode': None, 'gateway_ip': '192.168.128.1', 'cidr': '192.168.128.0/28', 'allocation_pools': [{'start': '192.168.128.2', 'end': '192.168.128.14'}], 'host_routes': [], 'dns_nameservers': [], 'description': '', 'router:external': False, 'service_types': [], 'tags': [], 'created_at': '2024-12-22T11:07:20Z', 'updated_at': '2024-12-22T11:07:20Z', 'revision_number': 0, 'project_id': 'eae1647405bf418ea6abde9723b2c895'}, Router: {'id': '8ef3cc55-4822-47ac-9680-d2469b9b05c0', 'name': 'tempest-ServersTestJSON-1458114320-router', 'tenant_id': 'eae1647405bf418ea6abde9723b2c895', 'admin_state_up': True, 'status': 'ACTIVE', 'external_gateway_info': {'network_id': 'd0cd4724-5a77-4b92-9125-1abb46f49009', 'external_fixed_ips': [{'subnet_id': '7b74068e-56cb-48e4-82c2-c3d763974369', 'ip_address': '10.180.180.204'}], 'enable_snat': True}, 'description': '', 'availability_zones': [], 'distributed': False, 'ha': False, 'availability_zone_hints': [], 'routes': [], 'flavor_id': None, 'tags': [], 'created_at': '2024-12-22T11:07:20Z', 'updated_at': '2024-12-22T11:07:21Z', 'revision_number': 2, 'project_id': 'eae1647405bf418ea6abde9723b2c895'}
2024-12-22 11:07:23.640 67716 INFO tempest.lib.common.rest_client [req-070ba18a-81cd-431a-9c6d-5fc2d39a948b req-070ba18a-81cd-431a-9c6d-5fc2d39a948b ] Request (ServersTestJSON:setUpClass): 201 POST http://10.180.1.21/identity/v3/auth/tokens 0.077s
2024-12-22 11:07:23.659 67760 INFO tempest.lib.common.rest_client [req-e1f3fc97-e9bc-4d33-b5f8-391ea587756c req-e1f3fc97-e9bc-4d33-b5f8-391ea587756c ] Request (ServersTestManualDisk:setUpClass): 200 GET http://10.180.1.21/compute/v2.1/servers/7146277f-2621-4e8f-a14c-49bf4dd052db/os-interface 1.631s
2024-12-22 11:07:23.746 67742 INFO tempest.lib.common.rest_client [req-c431a520-5b77-4424-9e1d-049e656d1b5e req-c431a520-5b77-4424-9e1d-049e656d1b5e ] Request (ServersTestFqdnHostnames:test_create_server_with_fqdn_name): 200 GET http://10.180.1.21/compute/v2.1/servers/04bd30dc-9d1d-4a49-ba30-40cc4d6e06dd 1.738s
2024-12-22 11:07:23.746 67746 INFO tempest.lib.common.rest_client [req-8f96ad88-5c01-47a7-b4f9-46fc9550ba8f req-8f96ad88-5c01-47a7-b4f9-46fc9550ba8f ] Request (AttachInterfacesTestJSON:test_create_list_show_delete_interfaces_by_fixed_ip): 200 GET http://10.180.1.21/compute/v2.1/servers/9cf45c3a-2a74-4f8e-8817-47bbd748a44b 1.678s
2024-12-22 11:07:23.758 67746 INFO tempest.common.waiters [-] State transition "BUILD/scheduling" ==> "BUILD/None" after 10 second wait
2024-12-22 11:07:23.802 67708 INFO tempest.lib.common.rest_client [req-e71e4775-4c67-4c03-b7c2-550d79ff2c29 req-e71e4775-4c67-4c03-b7c2-550d79ff2c29 ] Request (KeyPairsV2TestJSON:test_keypairs_create_list_delete): 200 POST http://10.180.1.21/compute/v2.1/os-keypairs 1.727s
2024-12-22 11:07:23.812 67726 INFO tempest.lib.common.rest_client [req-5facba9c-1412-45dd-9c41-78c9ae97175a req-5facba9c-1412-45dd-9c41-78c9ae97175a ] Request (ServerExternalEventsTest:test_create_server_external_events): 200 GET http://10.180.1.21/compute/v2.1/servers/e3c9e9de-586d-4baa-b4bb-95c41d527a03 1.715s
2024-12-22 11:07:23.869 67740 INFO tempest.lib.common.rest_client [req-741554cd-e2ba-4a4e-83ca-82aea5bc3614 req-741554cd-e2ba-4a4e-83ca-82aea5bc3614 ] Request (ServerRescueTestJSON:test_rescue_unrescue_instance): 200 GET http://10.180.1.21/compute/v2.1/servers/d49eae54-cccb-4281-aaa0-d6974529eb7b 1.736s
2024-12-22 11:07:23.879 67740 INFO tempest.common.waiters [-] State transition "BUILD/scheduling" ==> "BUILD/None" after 9 second wait
2024-12-22 11:07:23.887 67745 INFO tempest.lib.common.rest_client [req-8e7743cc-ecea-40d4-b99a-f524e1603e1d req-8e7743cc-ecea-40d4-b99a-f524e1603e1d ] Request (ServerActionsTestOtherA:setUpClass): 200 GET http://10.180.1.21/compute/v2.1/servers/e8ad74ce-7862-4574-98e7-14bc54bd5d6c 1.734s
2024-12-22 11:07:23.961 67728 INFO tempest.lib.common.rest_client [req-c6fead40-0dd6-4d09-874f-92817b6096c6 req-c6fead40-0dd6-4d09-874f-92817b6096c6 ] Request (DeleteServersAdminTestJSON:test_delete_server_while_in_error_state): 200 GET http://10.180.1.21/compute/v2.1/servers/85d6db13-d317-498e-a36a-972e9b36e82b 1.650s
2024-12-22 11:07:24.210 67764 INFO tempest.lib.common.rest_client [req-c22ec137-04aa-40f7-9022-7e57ac7ccc6a req-c22ec137-04aa-40f7-9022-7e57ac7ccc6a ] Request (SecurityGroupRulesTestJSON:test_security_group_rules_list): 200 POST http://10.180.1.21/compute/v2.1/os-security-groups 2.036s
2024-12-22 11:07:24.281 67718 INFO tempest.lib.common.rest_client [req-2caa4b83-9549-4a79-93ca-c502453c527a req-2caa4b83-9549-4a79-93ca-c502453c527a ] Request (ServerDiagnosticsTest:test_get_server_diagnostics): 200 GET http://10.180.1.21/compute/v2.1/servers/00e925a1-9b79-46e2-b7f7-c0b63e1e72df 1.911s
2024-12-22 11:07:24.290 67706 INFO tempest.lib.common.rest_client [req-e5d560e0-c87e-469d-998e-054bc2232d6e req-e5d560e0-c87e-469d-998e-054bc2232d6e ] Request (ServerAddressesNegativeTestJSON:test_list_server_addresses_invalid_server_id): 404 GET http://10.180.1.21/compute/v2.1/servers/999/ips 1.906s
2024-12-22 11:07:24.386 67722 INFO tempest.lib.common.rest_client [req-da35119f-40b6-480d-a769-dee5e5b6c571 req-da35119f-40b6-480d-a769-dee5e5b6c571 ] Request (QuotasAdminTestV236:test_get_updated_quotas): 200 PUT http://10.180.1.21/compute/v2.1/os-quota-sets/a192ddb92bee4349958c316e7f9294f9?user_id=2c5b89c6049f4d13a36878726bffbd6c 1.943s
2024-12-22 11:07:24.452 67734 INFO tempest.lib.common.rest_client [req-b1ed2243-9a6d-44f8-bd38-15993966784a req-b1ed2243-9a6d-44f8-bd38-15993966784a ] Request (ServerActionsTestJSON:setUpClass): 200 GET http://10.180.1.21/compute/v2.1/servers/9716d592-32d1-4f1d-b42b-1c8a7d81d2f2 2.005s
2024-12-22 11:07:24.527 67738 INFO tempest.lib.common.rest_client [req-5c45c070-464d-4a9b-936d-f6f7ad9f2764 req-5c45c070-464d-4a9b-936d-f6f7ad9f2764 ] Request (ImagesTestJSON:test_create_image_from_suspended_server): 202 POST http://10.180.1.21/compute/v2.1/servers 2.172s
2024-12-22 11:07:24.577 67760 INFO tempest.lib.common.rest_client [req-ca7dea87-9a61-428c-8e59-45faadac48d5 req-ca7dea87-9a61-428c-8e59-45faadac48d5 ] Request (ServersTestManualDisk:setUpClass): 200 PUT http://10.180.1.21:9696/networking/v2.0/floatingips/1ac4ee64-39a9-4134-acca-727efa07049a 0.915s
2024-12-22 11:07:24.612 67758 INFO tempest.lib.common.rest_client [req-ded805aa-100e-4b65-b0de-b791d8406b2d req-ded805aa-100e-4b65-b0de-b791d8406b2d ] Request (ServerDiagnosticsV248Test:tearDownClass): 200 GET http://10.180.1.21/compute/v2.1/servers/51532b8e-4adf-4cc7-b91e-885d7934a7e8 1.326s
2024-12-22 11:07:24.624 67724 INFO tempest.lib.common.rest_client [req-e4e0cab9-2acc-4beb-8c4f-d328b19a22aa req-e4e0cab9-2acc-4beb-8c4f-d328b19a22aa ] Request (FlavorsV2TestJSON:test_list_flavors_detailed_limit_results): 200 GET http://10.180.1.21/compute/v2.1/flavors/detail?limit=1 1.253s
2024-12-22 11:07:24.642 67712 INFO tempest.lib.common.rest_client [req-cec57aec-daac-4e7d-b7e0-f006fda5c71d req-cec57aec-daac-4e7d-b7e0-f006fda5c71d ] Request (FlavorsAdminTestJSON:_run_cleanups): 200 GET http://10.180.1.21/compute/v2.1/flavors/detail 1.264s
2024-12-22 11:07:24.662 67748 INFO tempest.lib.common.rest_client [req-e93aaac3-ce42-47e8-86ff-c4fec4a37fca req-e93aaac3-ce42-47e8-86ff-c4fec4a37fca ] Request (AggregatesAdminNegativeTestJSON:_run_cleanups): 200 DELETE http://10.180.1.21/compute/v2.1/os-aggregates/8 1.259s
2024-12-22 11:07:24.705 67766 INFO tempest.lib.common.rest_client [req-130b1f04-9e84-4bde-ab6c-697615dadc79 req-130b1f04-9e84-4bde-ab6c-697615dadc79 ] Request (ImagesOneServerTestJSON:test_create_delete_image): 200 GET http://10.180.1.21/compute/v2.1/images/e81db031-aecd-4d46-b472-c5cb3d8c71b0 1.273s
2024-12-22 11:07:24.755 67748 INFO tempest.lib.common.rest_client [req-3a6e8ac4-5407-4b19-9c1e-2574197a3a5f req-3a6e8ac4-5407-4b19-9c1e-2574197a3a5f ] Request (AggregatesAdminNegativeTestJSON:tearDownClass): 204 DELETE http://10.180.1.21/identity/v3/users/dbb5b130aa474247839c7ba50375668f 0.091s
2024-12-22 11:07:24.847 67748 INFO tempest.lib.common.rest_client [req-8369d5e9-e864-4e73-9ef7-903601530d9d req-8369d5e9-e864-4e73-9ef7-903601530d9d ] Request (AggregatesAdminNegativeTestJSON:tearDownClass): 204 DELETE http://10.180.1.21/identity/v3/users/42a2180528ec40b7bebf8dafa9dedc2a 0.091s
2024-12-22 11:07:24.847 67748 INFO tempest.lib.common.dynamic_creds [-] Deleting project and security group for project: 0f1e3d83c8234d5986fa17b695d8a50f
2024-12-22 11:07:24.895 67733 INFO tempest.lib.common.rest_client [req-3d17f146-3ec5-48b8-b281-6365392ffe93 req-3d17f146-3ec5-48b8-b281-6365392ffe93 ] Request (ServerDiskConfigTestJSON:test_rebuild_server_with_auto_disk_config): 202 POST http://10.180.1.21/compute/v2.1/servers 1.878s
2024-12-22 11:07:24.940 67748 INFO tempest.lib.common.rest_client [req-a05161e7-a3f5-44d6-a74c-c0dba6ca3c39 req-a05161e7-a3f5-44d6-a74c-c0dba6ca3c39 ] Request (AggregatesAdminNegativeTestJSON:tearDownClass): 201 POST http://10.180.1.21/identity/v3/auth/tokens 0.093s
2024-12-22 11:07:25.048 67716 INFO tempest.lib.common.rest_client [req-4e188cd3-ed59-442c-820b-dd83f7cfb5fa req-4e188cd3-ed59-442c-820b-dd83f7cfb5fa ] Request (ServersTestJSON:setUpClass): 200 POST http://10.180.1.21/compute/v2.1/os-keypairs 1.405s
2024-12-22 11:07:25.170 67748 INFO tempest.lib.common.rest_client [req-2523bead-f348-415e-9eb3-daadfc08f14f req-2523bead-f348-415e-9eb3-daadfc08f14f ] Request (AggregatesAdminNegativeTestJSON:tearDownClass): 200 GET http://10.180.1.21:9696/networking/v2.0/security-groups?tenant_id=0f1e3d83c8234d5986fa17b695d8a50f&name=default 0.229s
2024-12-22 11:07:25.219 67710 INFO tempest.lib.common.rest_client [req-9ebbd4f1-786f-44b3-9000-3ea5c7f5821c req-9ebbd4f1-786f-44b3-9000-3ea5c7f5821c ] Request (MigrationsAdminTest:test_list_migrations_in_flavor_resize_situation): 200 GET http://10.180.1.21/compute/v2.1/servers/f1b1cbe0-0ad3-41ee-9b8c-cf975ec500df 1.468s
2024-12-22 11:07:25.233 67716 INFO tempest.lib.common.rest_client [req-f27a013a-cf75-469c-966b-7c31f18201b3 req-f27a013a-cf75-469c-966b-7c31f18201b3 ] Request (ServersTestJSON:setUpClass): 201 POST http://10.180.1.21:9696/networking/v2.0/security-groups 0.182s
2024-12-22 11:07:25.250 67708 INFO tempest.lib.common.rest_client [req-23d00449-d5e2-44a4-8380-79dd1353c567 req-23d00449-d5e2-44a4-8380-79dd1353c567 ] Request (KeyPairsV2TestJSON:test_keypairs_create_list_delete): 200 POST http://10.180.1.21/compute/v2.1/os-keypairs 1.446s
2024-12-22 11:07:25.300 67748 INFO tempest.lib.common.rest_client [req-e647ac55-999f-4bac-a912-f010e2fd97bf req-e647ac55-999f-4bac-a912-f010e2fd97bf ] Request (AggregatesAdminNegativeTestJSON:tearDownClass): 204 DELETE http://10.180.1.21:9696/networking/v2.0/security-groups/0e141d40-3014-4991-bcca-1ca91ae8d3d3 0.129s
2024-12-22 11:07:25.328 67716 INFO tempest.lib.common.rest_client [req-031802bd-e567-4441-a293-031c48498b1f req-031802bd-e567-4441-a293-031c48498b1f ] Request (ServersTestJSON:setUpClass): 201 POST http://10.180.1.21:9696/networking/v2.0/security-group-rules 0.094s
2024-12-22 11:07:25.389 67748 INFO tempest.lib.common.rest_client [req-a055e78a-7d8f-49d6-8b6a-c6aeeae170ea req-a055e78a-7d8f-49d6-8b6a-c6aeeae170ea ] Request (AggregatesAdminNegativeTestJSON:tearDownClass): 204 DELETE http://10.180.1.21/identity/v3/projects/0f1e3d83c8234d5986fa17b695d8a50f 0.089s
2024-12-22 11:07:25.389 67748 INFO tempest.lib.common.dynamic_creds [-] Deleting project and security group for project: fcfbc0f9fab84941bee4d72e218f08f4
2024-12-22 11:07:25.425 67716 INFO tempest.lib.common.rest_client [req-9321c5b6-3351-4f99-a2ff-c19236e886b4 req-9321c5b6-3351-4f99-a2ff-c19236e886b4 ] Request (ServersTestJSON:setUpClass): 201 POST http://10.180.1.21:9696/networking/v2.0/security-group-rules 0.097s
2024-12-22 11:07:25.497 67752 INFO tempest.lib.common.rest_client [req-d3479ee1-938d-489d-96ae-558488fa05b0 req-d3479ee1-938d-489d-96ae-558488fa05b0 ] Request (VolumesAdminNegativeTest:test_update_attached_volume_with_nonexistent_volume_in_body): 200 GET http://10.180.1.21/compute/v2.1/servers/b7f26f0e-d5a9-42a6-8af2-065659f89cf5 1.680s
2024-12-22 11:07:25.592 67748 INFO tempest.lib.common.rest_client [req-f27aad9b-c03f-4ddd-86f7-879171cbdc55 req-f27aad9b-c03f-4ddd-86f7-879171cbdc55 ] Request (AggregatesAdminNegativeTestJSON:tearDownClass): 200 GET http://10.180.1.21:9696/networking/v2.0/security-groups?tenant_id=fcfbc0f9fab84941bee4d72e218f08f4&name=default 0.202s
2024-12-22 11:07:25.693 67736 INFO tempest.lib.common.rest_client [req-2b2fe46a-7ca2-4d6b-9f86-0f8168d17011 req-2b2fe46a-7ca2-4d6b-9f86-0f8168d17011 ] Request (AttachInterfacesV270Test:test_create_get_list_interfaces): 200 GET http://10.180.1.21/compute/v2.1/servers/6e477ec2-9270-42b1-85bd-a315460d9cab 1.606s
2024-12-22 11:07:25.703 67736 INFO tempest.common.waiters [-] State transition "BUILD/spawning" ==> "ACTIVE/None" after 26 second wait
2024-12-22 11:07:25.755 67748 INFO tempest.lib.common.rest_client [req-53c5db1e-1ea2-4d42-a32f-7e76c3f36169 req-53c5db1e-1ea2-4d42-a32f-7e76c3f36169 ] Request (AggregatesAdminNegativeTestJSON:tearDownClass): 204 DELETE http://10.180.1.21:9696/networking/v2.0/security-groups/8aee14aa-db0a-4ef6-ac22-7d8e7734d7c8 0.163s
2024-12-22 11:07:25.767 67750 INFO tempest.lib.common.rest_client [req-a8dfc206-e82d-4b71-909a-8b79a88406b9 req-a8dfc206-e82d-4b71-909a-8b79a88406b9 ] Request (ServersAdminNegativeTestJSON:test_migrate_server_invalid_state): 200 GET http://10.180.1.21/compute/v2.1/servers/ca1e1e82-f4fe-42b5-92b1-6a20b7267d4d 1.612s
2024-12-22 11:07:25.842 67714 INFO tempest.lib.common.rest_client [req-14dcbfbd-761f-41ce-b580-3c6f3c8a94a5 req-14dcbfbd-761f-41ce-b580-3c6f3c8a94a5 ] Request (FloatingIPsAssociationNegativeTestJSON:test_associate_ip_to_server_with_floating_ip): 200 POST http://10.180.1.21/compute/v2.1/os-floating-ips 2.319s
2024-12-22 11:07:25.903 67748 INFO tempest.lib.common.rest_client [req-08dff8e9-46bc-4a99-a510-ccae97e241d7 req-08dff8e9-46bc-4a99-a510-ccae97e241d7 ] Request (AggregatesAdminNegativeTestJSON:tearDownClass): 204 DELETE http://10.180.1.21/identity/v3/projects/fcfbc0f9fab84941bee4d72e218f08f4 0.147s
2024-12-22 11:07:25.923 67704 INFO tempest.lib.common.rest_client [req-33630c43-2271-4b0b-9309-35363e1e2cdd req-33630c43-2271-4b0b-9309-35363e1e2cdd ] Request (ListImageFiltersTestJSON:setUpClass): 200 GET http://10.180.1.21/compute/v2.1/servers/bd07735a-6a75-45fb-9cef-e1f2c301a489 1.706s
2024-12-22 11:07:25.953 67764 INFO tempest.lib.common.rest_client [req-07035120-9452-4995-9bf5-1a5e1d84c570 req-07035120-9452-4995-9bf5-1a5e1d84c570 ] Request (SecurityGroupRulesTestJSON:test_security_group_rules_list): 200 POST http://10.180.1.21/compute/v2.1/os-security-group-rules 1.739s
2024-12-22 11:07:25.986 67748 INFO tempest.lib.common.rest_client [req-e32f6f33-a876-420d-a56e-3d711940cc9e req-e32f6f33-a876-420d-a56e-3d711940cc9e ] Request (ServersWithSpecificFlavorTestJSON:setUpClass): 201 POST http://10.180.1.21/identity/v3/auth/tokens 0.082s
2024-12-22 11:07:26.006 67716 INFO tempest.lib.common.rest_client [req-afe9e00e-583c-4973-9ead-ea8b486c36a3 req-afe9e00e-583c-4973-9ead-ea8b486c36a3 ] Request (ServersTestJSON:setUpClass): 201 POST http://10.180.1.21:9696/networking/v2.0/floatingips 0.580s
2024-12-22 11:07:26.015 67730 INFO tempest.lib.common.rest_client [req-ce891a62-f014-46ff-a56d-2676f8d3fc7f req-ce891a62-f014-46ff-a56d-2676f8d3fc7f ] Request (FloatingIPsAssociationTestJSON:test_associate_already_associated_floating_ip): 200 GET http://10.180.1.21/compute/v2.1/servers/e2138192-14e0-43d2-9d19-9820747d7217 1.665s
2024-12-22 11:07:26.024 67748 INFO tempest.lib.common.rest_client [req-f5e082ba-82a2-4217-9ad4-f4f899bf6eab req-f5e082ba-82a2-4217-9ad4-f4f899bf6eab ] Request (ServersWithSpecificFlavorTestJSON:setUpClass): 201 POST http://10.180.1.21/identity/v3/auth/tokens 0.034s
2024-12-22 11:07:26.033 67706 INFO tempest.lib.common.rest_client [req-2da24e96-7f50-431e-9f5c-a2fe4c29f616 req-2da24e96-7f50-431e-9f5c-a2fe4c29f616 ] Request (ServerAddressesNegativeTestJSON:tearDownClass): 204 DELETE http://10.180.1.21/compute/v2.1/servers/de31255d-b82f-4f32-82b2-0a8368fe2510 1.741s
2024-12-22 11:07:26.055 67748 INFO tempest.lib.common.rest_client [req-958b1d31-95c9-47f1-aadf-65857ae9903e req-958b1d31-95c9-47f1-aadf-65857ae9903e ] Request (ServersWithSpecificFlavorTestJSON:setUpClass): 200 GET http://10.180.1.21/identity/v3/domains?name=Default 0.030s
2024-12-22 11:07:26.068 67716 INFO tempest.lib.common.rest_client [req-630d8ad5-8f50-4314-b695-973cab39e864 req-630d8ad5-8f50-4314-b695-973cab39e864 ] Request (ServersTestJSON:setUpClass): 201 POST http://10.180.1.21/identity/v3/auth/tokens 0.058s
2024-12-22 11:07:26.068 67716 INFO tempest.lib.common.fixed_network [-] (ServersTestJSON:setUpClass) Found network {'id': 'ab62b987-c074-462f-ab8f-d851463f3ed7', 'name': 'tempest-ServersTestJSON-1458114320-network', 'tenant_id': 'eae1647405bf418ea6abde9723b2c895', 'admin_state_up': True, 'mtu': 8950, 'status': 'ACTIVE', 'subnets': [], 'shared': False, 'project_id': 'eae1647405bf418ea6abde9723b2c895', 'port_security_enabled': True, 'router:external': False, 'provider:network_type': 'vlan', 'provider:physical_network': 'default', 'provider:segmentation_id': 909, 'availability_zone_hints': [], 'availability_zones': [], 'ipv4_address_scope': None, 'ipv6_address_scope': None, 'description': '', 'tags': [], 'created_at': '2024-12-22T11:07:20Z', 'updated_at': '2024-12-22T11:07:20Z', 'revision_number': 1} available for tenant
2024-12-22 11:07:26.091 67754 INFO tempest.lib.common.rest_client [req-4e2b7a71-eaae-434d-b3dc-3d298b5f178a req-4e2b7a71-eaae-434d-b3dc-3d298b5f178a ] Request (ServersAdmin275Test:test_rebuild_update_server_275): 200 GET http://10.180.1.21/compute/v2.1/servers/726d9639-1ab4-46a9-975e-5580c8344a37 1.609s
2024-12-22 11:07:26.095 67748 INFO tempest.lib.common.rest_client [req-100a5037-9a28-486d-9e4f-bba41ab9ca55 req-100a5037-9a28-486d-9e4f-bba41ab9ca55 ] Request (ServersWithSpecificFlavorTestJSON:setUpClass): 201 POST http://10.180.1.21/identity/v3/projects 0.040s
2024-12-22 11:07:26.099 67754 INFO tempest.common.waiters [-] State transition "BUILD/None" ==> "BUILD/spawning" after 22 second wait
2024-12-22 11:07:26.141 67738 INFO tempest.lib.common.rest_client [req-b30b801b-b441-48fc-9efd-f1a8a25ac29f req-b30b801b-b441-48fc-9efd-f1a8a25ac29f ] Request (ImagesTestJSON:test_create_image_from_suspended_server): 200 GET http://10.180.1.21/compute/v2.1/servers/1ad97ed0-2a84-4783-8511-e0f6b24861bd 1.612s
2024-12-22 11:07:26.148 67748 INFO tempest.lib.common.rest_client [req-c57c64bb-7902-4426-952b-c3296a3f6f53 req-c57c64bb-7902-4426-952b-c3296a3f6f53 ] Request (ServersWithSpecificFlavorTestJSON:setUpClass): 201 POST http://10.180.1.21/identity/v3/users 0.053s
2024-12-22 11:07:26.170 67748 INFO tempest.lib.common.rest_client [req-1e52a075-8eb7-4973-8963-64aee836b471 req-1e52a075-8eb7-4973-8963-64aee836b471 ] Request (ServersWithSpecificFlavorTestJSON:setUpClass): 200 GET http://10.180.1.21/identity/v3/roles 0.021s
2024-12-22 11:07:26.188 67720 INFO tempest.lib.common.rest_client [req-2eb24ac9-bd87-4d51-90f8-3c28701b0fed req-2eb24ac9-bd87-4d51-90f8-3c28701b0fed ] Request (ServerMetadataTestJSON:setUpClass): 200 GET http://10.180.1.21/compute/v2.1/servers/17e1dfa2-b104-4aac-928e-6364da155c3d 1.654s
2024-12-22 11:07:26.200 67722 INFO tempest.lib.common.rest_client [req-e74aa736-5c55-4a67-bc71-e001c97a312b req-e74aa736-5c55-4a67-bc71-e001c97a312b ] Request (QuotasAdminTestV236:test_get_updated_quotas): 200 GET http://10.180.1.21/compute/v2.1/os-quota-sets/a192ddb92bee4349958c316e7f9294f9?user_id=2c5b89c6049f4d13a36878726bffbd6c 1.812s
2024-12-22 11:07:26.200 67748 INFO tempest.lib.common.rest_client [req-269366e5-47fd-42b5-9ac4-cda307781719 req-269366e5-47fd-42b5-9ac4-cda307781719 ] Request (ServersWithSpecificFlavorTestJSON:setUpClass): 204 PUT http://10.180.1.21/identity/v3/projects/9981ec11228244fd8b75ee951a940c85/users/17fb87e2577e46858934f157a394a590/roles/7a5920111b6d42d18ccdfa2d90a11553 0.029s
2024-12-22 11:07:26.200 67748 INFO tempest.lib.common.dynamic_creds [-] Dynamic test user 17fb87e2577e46858934f157a394a590 is created with scope project and roles: ['member']
2024-12-22 11:07:26.201 67748 INFO tempest.lib.common.dynamic_creds [-] Acquired dynamic creds: credentials: Credentials: {'domain_id': 'default', 'domain_name': 'Default', 'username': 'tempest-ServersWithSpecificFlavorTestJSON-153126588-project-member', 'project_domain_id': 'default', 'project_domain_name': 'Default', 'project_id': '9981ec11228244fd8b75ee951a940c85', 'project_name': 'tempest-ServersWithSpecificFlavorTestJSON-153126588', 'tenant_id': '9981ec11228244fd8b75ee951a940c85', 'tenant_name': 'tempest-ServersWithSpecificFlavorTestJSON-153126588', 'user_domain_id': 'default', 'user_domain_name': 'Default', 'user_id': '17fb87e2577e46858934f157a394a590', 'system': None}, Network: None, Subnet: None, Router: None
2024-12-22 11:07:26.211 67724 INFO tempest.lib.common.rest_client [req-58e55622-5452-40d7-939f-365b9a465384 req-58e55622-5452-40d7-939f-365b9a465384 ] Request (FlavorsV2TestJSON:test_list_flavors_detailed_using_marker): 200 GET http://10.180.1.21/compute/v2.1/flavors/42 1.583s
2024-12-22 11:07:26.243 67712 INFO tempest.lib.common.rest_client [req-7ef08930-64c9-4ebe-b85f-e43cb71757e0 req-7ef08930-64c9-4ebe-b85f-e43cb71757e0 ] Request (FlavorsAdminTestJSON:_run_cleanups): 202 DELETE http://10.180.1.21/compute/v2.1/flavors/1393059525 1.593s
2024-12-22 11:07:26.281 67748 INFO tempest.lib.common.rest_client [req-8f11826b-4921-4f23-a8a3-23b54b49ad17 req-8f11826b-4921-4f23-a8a3-23b54b49ad17 ] Request (ServersWithSpecificFlavorTestJSON:setUpClass): 201 POST http://10.180.1.21/identity/v3/auth/tokens 0.080s
2024-12-22 11:07:26.316 67746 INFO tempest.lib.common.rest_client [req-ec042622-ae53-4be1-a738-ab9fd40c0b90 req-ec042622-ae53-4be1-a738-ab9fd40c0b90 ] Request (AttachInterfacesTestJSON:test_create_list_show_delete_interfaces_by_fixed_ip): 200 GET http://10.180.1.21/compute/v2.1/servers/9cf45c3a-2a74-4f8e-8817-47bbd748a44b 1.556s
2024-12-22 11:07:26.316 67722 INFO tempest.lib.common.rest_client [req-bf08b282-284c-436d-a68f-2d4e00205ccb req-bf08b282-284c-436d-a68f-2d4e00205ccb ] Request (QuotasAdminTestV236:_run_cleanups): 204 DELETE http://10.180.1.21/identity/v3/users/2c5b89c6049f4d13a36878726bffbd6c 0.114s
2024-12-22 11:07:26.318 67760 INFO tempest.lib.common.rest_client [req-1bb9f06c-96a2-4458-884d-1006fe97ae5b req-1bb9f06c-96a2-4458-884d-1006fe97ae5b ] Request (ServersTestManualDisk:setUpClass): 200 GET http://10.180.1.21/compute/v2.1/servers/7146277f-2621-4e8f-a14c-49bf4dd052db 1.740s
2024-12-22 11:07:26.329 67760 INFO tempest.lib.common.ssh [-] Creating ssh connection to '10.180.180.160:22' as 'cirros' with public key authentication
2024-12-22 11:07:26.375 67726 INFO tempest.lib.common.rest_client [req-6067d2ed-6d02-4611-8d00-e787a80e6fda req-6067d2ed-6d02-4611-8d00-e787a80e6fda ] Request (ServerExternalEventsTest:test_create_server_external_events): 200 GET http://10.180.1.21/compute/v2.1/servers/e3c9e9de-586d-4baa-b4bb-95c41d527a03 1.555s
2024-12-22 11:07:26.382 67726 INFO tempest.common.waiters [-] State transition "BUILD/scheduling" ==> "BUILD/None" after 10 second wait
2024-12-22 11:07:26.413 67722 INFO tempest.lib.common.rest_client [req-289c285d-1e27-4b80-a89d-4ea34887dfa4 req-289c285d-1e27-4b80-a89d-4ea34887dfa4 ] Request (QuotasAdminTestV236:_run_cleanups): 204 DELETE http://10.180.1.21/identity/v3/projects/a192ddb92bee4349958c316e7f9294f9 0.096s
2024-12-22 11:07:26.435 67740 INFO tempest.lib.common.rest_client [req-557da9fe-64c6-4d1d-8ada-ed1530dcd799 req-557da9fe-64c6-4d1d-8ada-ed1530dcd799 ] Request (ServerRescueTestJSON:test_rescue_unrescue_instance): 200 GET http://10.180.1.21/compute/v2.1/servers/d49eae54-cccb-4281-aaa0-d6974529eb7b 1.555s
2024-12-22 11:07:26.479 67742 INFO tempest.lib.common.rest_client [req-d3273ff1-6e62-42be-994a-3ef0174b9be8 req-d3273ff1-6e62-42be-994a-3ef0174b9be8 ] Request (ServersTestFqdnHostnames:test_create_server_with_fqdn_name): 200 GET http://10.180.1.21/compute/v2.1/servers/04bd30dc-9d1d-4a49-ba30-40cc4d6e06dd 1.719s
2024-12-22 11:07:26.499 67733 INFO tempest.lib.common.rest_client [req-fb70e1ad-4245-42e8-b759-b1cc3325331a req-fb70e1ad-4245-42e8-b759-b1cc3325331a ] Request (ServerDiskConfigTestJSON:test_rebuild_server_with_auto_disk_config): 200 GET http://10.180.1.21/compute/v2.1/servers/610dd030-5080-498a-8744-b1411297d70d 1.602s
2024-12-22 11:07:26.543 67745 INFO tempest.lib.common.rest_client [req-e546dd05-ebd6-40c7-8322-7c9aceaf6108 req-e546dd05-ebd6-40c7-8322-7c9aceaf6108 ] Request (ServerActionsTestOtherA:setUpClass): 200 GET http://10.180.1.21/compute/v2.1/servers/e8ad74ce-7862-4574-98e7-14bc54bd5d6c 1.646s
2024-12-22 11:07:26.552 67722 INFO tempest.lib.common.rest_client [req-cf515221-2502-4999-8b63-404664e66888 req-cf515221-2502-4999-8b63-404664e66888 ] Request (QuotasAdminTestV236:tearDownClass): 204 DELETE http://10.180.1.21/identity/v3/users/89832cb52a6d452aa07ffbdffa34f751 0.137s
2024-12-22 11:07:26.556 67708 INFO tempest.lib.common.rest_client [req-2f9a806c-7c5a-4a88-b1be-293df82f1697 req-2f9a806c-7c5a-4a88-b1be-293df82f1697 ] Request (KeyPairsV2TestJSON:test_keypairs_create_list_delete): 200 GET http://10.180.1.21/compute/v2.1/os-keypairs 1.305s
2024-12-22 11:07:26.569 67728 INFO tempest.lib.common.rest_client [req-3d9ebf8e-eb7e-4052-ae06-999c762f6f13 req-3d9ebf8e-eb7e-4052-ae06-999c762f6f13 ] Request (DeleteServersAdminTestJSON:test_delete_server_while_in_error_state): 200 GET http://10.180.1.21/compute/v2.1/servers/85d6db13-d317-498e-a36a-972e9b36e82b 1.597s
2024-12-22 11:07:26.636 67734 INFO tempest.lib.common.rest_client [req-9722f742-c00a-4c01-94c9-a21ce133d997 req-9722f742-c00a-4c01-94c9-a21ce133d997 ] Request (ServerActionsTestJSON:setUpClass): 200 GET http://10.180.1.21/compute/v2.1/servers/9716d592-32d1-4f1d-b42b-1c8a7d81d2f2 1.176s
2024-12-22 11:07:26.639 67718 INFO tempest.lib.common.rest_client [req-bdddb527-b423-486d-97b3-da21a21effa6 req-bdddb527-b423-486d-97b3-da21a21effa6 ] Request (ServerDiagnosticsTest:test_get_server_diagnostics): 200 GET http://10.180.1.21/compute/v2.1/servers/00e925a1-9b79-46e2-b7f7-c0b63e1e72df 1.351s
2024-12-22 11:07:26.709 67758 INFO tempest.lib.common.rest_client [req-db479957-48ed-4833-af4c-5679fee5c96c req-db479957-48ed-4833-af4c-5679fee5c96c ] Request (ServerDiagnosticsV248Test:tearDownClass): 200 GET http://10.180.1.21/compute/v2.1/servers/51532b8e-4adf-4cc7-b91e-885d7934a7e8 1.081s
2024-12-22 11:07:26.753 67766 INFO tempest.lib.common.rest_client [req-51dd8b24-3c50-4076-bc16-b03b5dd05db8 req-51dd8b24-3c50-4076-bc16-b03b5dd05db8 ] Request (ImagesOneServerTestJSON:test_create_delete_image): 200 GET http://10.180.1.21/compute/v2.1/images/e81db031-aecd-4d46-b472-c5cb3d8c71b0 1.044s
2024-12-22 11:07:26.768 67748 INFO tempest.lib.common.rest_client [req-f5b73e37-6391-4fe0-822a-d8657f076d6e req-f5b73e37-6391-4fe0-822a-d8657f076d6e ] Request (ServersWithSpecificFlavorTestJSON:setUpClass): 201 POST http://10.180.1.21:9696/networking/v2.0/networks 0.486s
2024-12-22 11:07:26.777 67722 INFO tempest.lib.common.rest_client [req-b9788134-81ae-4229-806d-3539f66ef97b req-b9788134-81ae-4229-806d-3539f66ef97b ] Request (QuotasAdminTestV236:tearDownClass): 204 DELETE http://10.180.1.21/identity/v3/users/2cde27473f314161bab0fc3523cce71d 0.224s
2024-12-22 11:07:26.777 67722 INFO tempest.lib.common.dynamic_creds [-] Deleting project and security group for project: 16d4ac44696545e5bbb10a3f7b29cea4
2024-12-22 11:07:26.850 67722 INFO tempest.lib.common.rest_client [req-3cd879f4-bfa6-417f-b250-785a28c525ce req-3cd879f4-bfa6-417f-b250-785a28c525ce ] Request (QuotasAdminTestV236:tearDownClass): 201 POST http://10.180.1.21/identity/v3/auth/tokens 0.072s
2024-12-22 11:07:27.012 67722 INFO tempest.lib.common.rest_client [req-265c2e01-ef99-4279-8331-6ba79c456a7c req-265c2e01-ef99-4279-8331-6ba79c456a7c ] Request (QuotasAdminTestV236:tearDownClass): 200 GET http://10.180.1.21:9696/networking/v2.0/security-groups?tenant_id=16d4ac44696545e5bbb10a3f7b29cea4&name=default 0.161s
2024-12-22 11:07:27.114 67722 INFO tempest.lib.common.rest_client [req-ae0d1c46-4359-4696-a381-0e55a88d0262 req-ae0d1c46-4359-4696-a381-0e55a88d0262 ] Request (QuotasAdminTestV236:tearDownClass): 204 DELETE http://10.180.1.21:9696/networking/v2.0/security-groups/58d073fb-090f-43db-b91f-0b651ff12733 0.102s
2024-12-22 11:07:27.142 67748 INFO tempest.lib.common.rest_client [req-c3886174-cc5e-4dc6-998f-23cdfb851c24 req-c3886174-cc5e-4dc6-998f-23cdfb851c24 ] Request (ServersWithSpecificFlavorTestJSON:setUpClass): 201 POST http://10.180.1.21:9696/networking/v2.0/subnets 0.374s
2024-12-22 11:07:27.144 67714 INFO tempest.lib.common.rest_client [req-71d2fb15-ef99-4185-8149-8b436b64ca07 req-71d2fb15-ef99-4185-8149-8b436b64ca07 ] Request (FloatingIPsAssociationNegativeTestJSON:test_associate_ip_to_server_with_floating_ip): 400 POST http://10.180.1.21/compute/v2.1/servers/e03b8577-9298-4e88-98ea-6258e97db28d/action 1.299s
2024-12-22 11:07:27.196 67722 INFO tempest.lib.common.rest_client [req-af518ba5-f0de-446e-8379-05e690e9422c req-af518ba5-f0de-446e-8379-05e690e9422c ] Request (QuotasAdminTestV236:tearDownClass): 204 DELETE http://10.180.1.21/identity/v3/projects/16d4ac44696545e5bbb10a3f7b29cea4 0.081s
2024-12-22 11:07:27.196 67722 INFO tempest.lib.common.dynamic_creds [-] Deleting project and security group for project: c01d6eb73f3d41058941b64cdcf3dc1c
2024-12-22 11:07:27.351 67764 INFO tempest.lib.common.rest_client [req-2fbef57f-251c-4722-9a1d-088a0c6fa0da req-2fbef57f-251c-4722-9a1d-088a0c6fa0da ] Request (SecurityGroupRulesTestJSON:test_security_group_rules_list): 200 POST http://10.180.1.21/compute/v2.1/os-security-group-rules 1.396s
2024-12-22 11:07:27.439 67722 INFO tempest.lib.common.rest_client [req-e21a3e99-1f31-4fe1-8be4-4fc7ab4e9b7d req-e21a3e99-1f31-4fe1-8be4-4fc7ab4e9b7d ] Request (QuotasAdminTestV236:tearDownClass): 200 GET http://10.180.1.21:9696/networking/v2.0/security-groups?tenant_id=c01d6eb73f3d41058941b64cdcf3dc1c&name=default 0.243s
2024-12-22 11:07:27.662 67706 INFO tempest.lib.common.rest_client [req-9a33e820-f3c5-4129-bb79-1e9469c4150f req-9a33e820-f3c5-4129-bb79-1e9469c4150f ] Request (ServerAddressesNegativeTestJSON:tearDownClass): 200 GET http://10.180.1.21/compute/v2.1/servers/de31255d-b82f-4f32-82b2-0a8368fe2510 1.628s
2024-12-22 11:07:27.702 67722 INFO tempest.lib.common.rest_client [req-9b09c5ca-5fa0-4755-8151-4cfd7da24769 req-9b09c5ca-5fa0-4755-8151-4cfd7da24769 ] Request (QuotasAdminTestV236:tearDownClass): 204 DELETE http://10.180.1.21:9696/networking/v2.0/security-groups/4dabad93-16eb-48f8-931a-ed70967468fd 0.261s
2024-12-22 11:07:27.815 67722 INFO tempest.lib.common.rest_client [req-1cac12e6-81b4-455d-a123-ba40b5dd621c req-1cac12e6-81b4-455d-a123-ba40b5dd621c ] Request (QuotasAdminTestV236:tearDownClass): 204 DELETE http://10.180.1.21/identity/v3/projects/c01d6eb73f3d41058941b64cdcf3dc1c 0.113s
2024-12-22 11:07:27.881 67722 INFO tempest.lib.common.rest_client [req-f0b80a39-783a-4e28-aabd-31b84bd1f20f req-f0b80a39-783a-4e28-aabd-31b84bd1f20f ] Request (ServerGroupTestJSON:setUpClass): 201 POST http://10.180.1.21/identity/v3/auth/tokens 0.064s
2024-12-22 11:07:27.909 67722 INFO tempest.lib.common.rest_client [req-d6ced60e-0b97-4e44-af76-69b632cc1da5 req-d6ced60e-0b97-4e44-af76-69b632cc1da5 ] Request (ServerGroupTestJSON:setUpClass): 201 POST http://10.180.1.21/identity/v3/auth/tokens 0.025s
2024-12-22 11:07:27.933 67722 INFO tempest.lib.common.rest_client [req-727db892-1ea6-4061-acc0-cfd586f81c18 req-727db892-1ea6-4061-acc0-cfd586f81c18 ] Request (ServerGroupTestJSON:setUpClass): 200 GET http://10.180.1.21/identity/v3/domains?name=Default 0.024s
2024-12-22 11:07:27.955 67748 INFO tempest.lib.common.rest_client [req-726c8078-8546-4faf-810c-e5dfa8870bc4 req-726c8078-8546-4faf-810c-e5dfa8870bc4 ] Request (ServersWithSpecificFlavorTestJSON:setUpClass): 201 POST http://10.180.1.21:9696/networking/v2.0/routers 0.812s
2024-12-22 11:07:27.960 67722 INFO tempest.lib.common.rest_client [req-f522b0fd-3704-46ed-8c14-8ee8b7a2c015 req-f522b0fd-3704-46ed-8c14-8ee8b7a2c015 ] Request (ServerGroupTestJSON:setUpClass): 201 POST http://10.180.1.21/identity/v3/projects 0.027s
2024-12-22 11:07:28.020 67722 INFO tempest.lib.common.rest_client [req-6ec7761a-f32c-4469-ae55-9d5cd15cb774 req-6ec7761a-f32c-4469-ae55-9d5cd15cb774 ] Request (ServerGroupTestJSON:setUpClass): 201 POST http://10.180.1.21/identity/v3/users 0.059s
2024-12-22 11:07:28.041 67722 INFO tempest.lib.common.rest_client [req-c2a6890c-ce0d-4a11-bfb6-7f8deaf3ff91 req-c2a6890c-ce0d-4a11-bfb6-7f8deaf3ff91 ] Request (ServerGroupTestJSON:setUpClass): 200 GET http://10.180.1.21/identity/v3/roles 0.021s
