2024-12-22 11:07:39.733 67748 INFO tempest.lib.common.rest_client [req-efba75c1-8e62-4903-bab7-c43b2a262e5c req-efba75c1-8e62-4903-bab7-c43b2a262e5c ] Request (ValidationResourcesFixture:setUp): 201 POST http://10.180.1.21:9696/networking/v2.0/floatingips 0.658s
2024-12-22 11:07:39.769 67740 INFO tempest.lib.common.rest_client [req-d8dc49ad-f8e5-4bf2-8497-c39a5b30e2a6 req-d8dc49ad-f8e5-4bf2-8497-c39a5b30e2a6 ] Request (ServerRescueTestJSON:test_rescue_unrescue_instance): 200 GET http://10.180.1.21/compute/v2.1/servers/d49eae54-cccb-4281-aaa0-d6974529eb7b 1.063s
2024-12-22 11:07:39.782 67714 INFO tempest.lib.common.rest_client [req-d9078117-01f4-4cc8-a5cb-6da53323e756 req-d9078117-01f4-4cc8-a5cb-6da53323e756 ] Request (FloatingIPsAssociationNegativeTestJSON:tearDownClass): 200 GET http://10.180.1.21/compute/v2.1/servers/e03b8577-9298-4e88-98ea-6258e97db28d 1.145s
2024-12-22 11:07:39.821 67748 INFO tempest.lib.common.rest_client [req-c7e577c7-725c-4f6a-9012-e5c655338387 req-c7e577c7-725c-4f6a-9012-e5c655338387 ] Request (ServersWithSpecificFlavorTestJSON:test_verify_created_server_ephemeral_disk): 201 POST http://10.180.1.21/identity/v3/auth/tokens 0.085s
2024-12-22 11:07:39.821 67748 INFO tempest.lib.common.fixed_network [-] (ServersWithSpecificFlavorTestJSON:test_verify_created_server_ephemeral_disk) Found network {'id': '1c8709f7-097f-4437-bae1-c45d9a4d02f1', 'name': 'tempest-ServersWithSpecificFlavorTestJSON-1121041191-network', 'tenant_id': '9981ec11228244fd8b75ee951a940c85', 'admin_state_up': True, 'mtu': 8950, 'status': 'ACTIVE', 'subnets': [], 'shared': False, 'project_id': '9981ec11228244fd8b75ee951a940c85', 'port_security_enabled': True, 'router:external': False, 'provider:network_type': 'vlan', 'provider:physical_network': 'default', 'provider:segmentation_id': 26, 'availability_zone_hints': [], 'availability_zones': [], 'ipv4_address_scope': None, 'ipv6_address_scope': None, 'description': '', 'tags': [], 'created_at': '2024-12-22T11:07:26Z', 'updated_at': '2024-12-22T11:07:26Z', 'revision_number': 1} available for tenant
2024-12-22 11:07:39.838 67733 INFO tempest.lib.common.rest_client [req-3b02503e-8693-4338-9b41-62d192a99a5a req-3b02503e-8693-4338-9b41-62d192a99a5a ] Request (ServerDiskConfigTestJSON:test_rebuild_server_with_auto_disk_config): 200 GET http://10.180.1.21/compute/v2.1/servers/610dd030-5080-498a-8744-b1411297d70d 1.023s
2024-12-22 11:07:39.919 67745 INFO tempest.lib.common.rest_client [req-f34b319d-8561-4474-912b-b36c7ef221cc req-f34b319d-8561-4474-912b-b36c7ef221cc ] Request (ServerActionsTestOtherA:setUpClass): 200 GET http://10.180.1.21/compute/v2.1/servers/e8ad74ce-7862-4574-98e7-14bc54bd5d6c 1.015s
2024-12-22 11:07:39.987 67720 INFO tempest.lib.common.rest_client [req-831a7735-fbb0-4054-94cb-a9c898d83b87 req-831a7735-fbb0-4054-94cb-a9c898d83b87 ] Request (ServerMetadataTestJSON:setUpClass): 200 GET http://10.180.1.21/compute/v2.1/servers/17e1dfa2-b104-4aac-928e-6364da155c3d 1.097s
2024-12-22 11:07:40.030 67742 WARNING tempest.lib.common.ssh [-] Failed to establish authenticated ssh connection to cirros@10.180.180.227 ([Errno None] Unable to connect to port 22 on 10.180.180.227). Number attempts: 1. Retry after 2 seconds.: paramiko.ssh_exception.NoValidConnectionsError: [Errno None] Unable to connect to port 22 on 10.180.180.227
2024-12-22 11:07:40.083 67736 INFO tempest.lib.common.rest_client [req-c1974ad8-9940-4bd0-880d-2bfe98fadb56 req-c1974ad8-9940-4bd0-880d-2bfe98fadb56 ] Request (AttachInterfacesV270Test:tearDownClass): 200 GET http://10.180.1.21/compute/v2.1/servers/6e477ec2-9270-42b1-85bd-a315460d9cab 0.863s
2024-12-22 11:07:40.089 67760 WARNING tempest.lib.common.ssh [-] Failed to establish authenticated ssh connection to cirros@10.180.180.160 ([Errno None] Unable to connect to port 22 on 10.180.180.160). Number attempts: 3. Retry after 4 seconds.: paramiko.ssh_exception.NoValidConnectionsError: [Errno None] Unable to connect to port 22 on 10.180.180.160
2024-12-22 11:07:40.154 67728 INFO tempest.lib.common.rest_client [req-4a959044-4cea-487b-a73c-0bf13dd4e7c3 req-4a959044-4cea-487b-a73c-0bf13dd4e7c3 ] Request (DeleteServersAdminTestJSON:test_delete_server_while_in_error_state): 200 GET http://10.180.1.21/compute/v2.1/servers/85d6db13-d317-498e-a36a-972e9b36e82b 0.864s
2024-12-22 11:07:40.164 67724 INFO tempest.lib.common.rest_client [req-84c2d501-abae-4700-8d17-c6393635d552 req-84c2d501-abae-4700-8d17-c6393635d552 ] Request (SecurityGroupRulesNegativeTestJSON:setUpClass): 201 POST http://10.180.1.21:9696/networking/v2.0/routers 0.887s
2024-12-22 11:07:40.231 67718 INFO tempest.lib.common.rest_client [req-5d6a7528-f269-44e9-b0b7-bbd09bb80f98 req-5d6a7528-f269-44e9-b0b7-bbd09bb80f98 ] Request (ServerDiagnosticsTest:test_get_server_diagnostics): 200 GET http://10.180.1.21/compute/v2.1/servers/00e925a1-9b79-46e2-b7f7-c0b63e1e72df 0.858s
2024-12-22 11:07:40.232 67734 INFO tempest.lib.common.rest_client [req-d3500f0c-2911-48b2-bc6e-277194f85d01 req-d3500f0c-2911-48b2-bc6e-277194f85d01 ] Request (ServerActionsTestJSON:setUpClass): 200 GET http://10.180.1.21/compute/v2.1/servers/9716d592-32d1-4f1d-b42b-1c8a7d81d2f2 1.048s
2024-12-22 11:07:40.239 67734 INFO tempest.common.waiters [-] State transition "BUILD/networking" ==> "BUILD/spawning" after 35 second wait
2024-12-22 11:07:40.246 67722 INFO tempest.lib.common.rest_client [req-24b6d498-c84f-4266-82b1-550a251c2216 req-24b6d498-c84f-4266-82b1-550a251c2216 ] Request (ServerGroupTestJSON:test_create_delete_server_group_with_affinity_policy): 200 GET http://10.180.1.21/compute/v2.1/os-server-groups 0.776s
2024-12-22 11:07:40.309 67716 INFO tempest.lib.common.rest_client [req-ddb7c776-a91b-4df5-a23d-1571ebc3cd9b req-ddb7c776-a91b-4df5-a23d-1571ebc3cd9b ] Request (ServersTestJSON:setUpClass): 200 GET http://10.180.1.21/compute/v2.1/servers/8a826350-0fee-409d-a3fc-260d7d43bdf6 0.819s
2024-12-22 11:07:40.357 67766 INFO tempest.lib.common.rest_client [req-748a29e3-575b-4ce6-9b72-32cf70c1b9e2 req-748a29e3-575b-4ce6-9b72-32cf70c1b9e2 ] Request (ImagesOneServerTestJSON:test_create_delete_image): 200 GET http://10.180.1.21/compute/v2.1/images/2646ca61-612e-4bc3-97f7-ee492c048835 0.684s
2024-12-22 11:07:40.443 67706 INFO tempest.lib.common.rest_client [req-3e26156e-5fad-4adc-92c8-bdc93db53433 req-3e26156e-5fad-4adc-92c8-bdc93db53433 ] Request (ServerAddressesNegativeTestJSON:tearDownClass): 200 GET http://10.180.1.21/compute/v2.1/servers/de31255d-b82f-4f32-82b2-0a8368fe2510 0.669s
2024-12-22 11:07:40.549 67758 INFO tempest.lib.common.rest_client [req-314d18be-d3f1-4a47-9b32-83f9e1e3fd8a req-314d18be-d3f1-4a47-9b32-83f9e1e3fd8a ] Request (ServerDiagnosticsV248Test:tearDownClass): 200 GET http://10.180.1.21/compute/v2.1/servers/51532b8e-4adf-4cc7-b91e-885d7934a7e8 0.776s
2024-12-22 11:07:40.933 67724 INFO tempest.lib.common.rest_client [req-b6ab8eaf-0704-4a9e-bd85-d979f957b20d req-b6ab8eaf-0704-4a9e-bd85-d979f957b20d ] Request (SecurityGroupRulesNegativeTestJSON:setUpClass): 200 PUT http://10.180.1.21:9696/networking/v2.0/routers/c7982885-01ba-4ffc-9998-a41d0e947609/add_router_interface 0.769s
2024-12-22 11:07:40.933 67724 INFO tempest.lib.common.dynamic_creds [-] Created isolated network resources for: credentials: Credentials: {'domain_id': 'default', 'domain_name': 'Default', 'username': 'tempest-SecurityGroupRulesNegativeTestJSON-429089948-project-member', 'project_domain_id': 'default', 'project_domain_name': 'Default', 'project_id': 'a61b9109de5e4e08adb60cce8e82ebc2', 'project_name': 'tempest-SecurityGroupRulesNegativeTestJSON-429089948', 'tenant_id': 'a61b9109de5e4e08adb60cce8e82ebc2', 'tenant_name': 'tempest-SecurityGroupRulesNegativeTestJSON-429089948', 'user_domain_id': 'default', 'user_domain_name': 'Default', 'user_id': 'e004e71f228342959eb62d35faa993c7', 'system': None}, Network: {'id': 'bd7c2036-a37b-4922-96c0-6b02a72b5b3e', 'name': 'tempest-SecurityGroupRulesNegativeTestJSON-2137190540-network', 'tenant_id': 'a61b9109de5e4e08adb60cce8e82ebc2', 'admin_state_up': True, 'mtu': 8950, 'status': 'ACTIVE', 'subnets': [], 'shared': False, 'project_id': 'a61b9109de5e4e08adb60cce8e82ebc2', 'port_security_enabled': True, 'router:external': False, 'provider:network_type': 'vlan', 'provider:physical_network': 'default', 'provider:segmentation_id': 545, 'availability_zone_hints': [], 'availability_zones': [], 'ipv4_address_scope': None, 'ipv6_address_scope': None, 'description': '', 'tags': [], 'created_at': '2024-12-22T11:07:38Z', 'updated_at': '2024-12-22T11:07:38Z', 'revision_number': 1}, Subnet: {'id': 'a1a050bf-6182-4938-9762-af146b76ccfa', 'name': 'tempest-SecurityGroupRulesNegativeTestJSON-2137190540-subnet', 'tenant_id': 'a61b9109de5e4e08adb60cce8e82ebc2', 'network_id': 'bd7c2036-a37b-4922-96c0-6b02a72b5b3e', 'ip_version': 4, 'subnetpool_id': None, 'enable_dhcp': True, 'ipv6_ra_mode': None, 'ipv6_address_mode': None, 'gateway_ip': '192.168.128.1', 'cidr': '192.168.128.0/28', 'allocation_pools': [{'start': '192.168.128.2', 'end': '192.168.128.14'}], 'host_routes': [], 'dns_nameservers': [], 'description': '', 'router:external': False, 'service_types': [], 'tags': [], 'created_at': '2024-12-22T11:07:39Z', 'updated_at': '2024-12-22T11:07:39Z', 'revision_number': 0, 'project_id': 'a61b9109de5e4e08adb60cce8e82ebc2'}, Router: {'id': 'c7982885-01ba-4ffc-9998-a41d0e947609', 'name': 'tempest-SecurityGroupRulesNegativeTestJSON-2137190540-router', 'tenant_id': 'a61b9109de5e4e08adb60cce8e82ebc2', 'admin_state_up': True, 'status': 'ACTIVE', 'external_gateway_info': {'network_id': 'd0cd4724-5a77-4b92-9125-1abb46f49009', 'external_fixed_ips': [{'subnet_id': '7b74068e-56cb-48e4-82c2-c3d763974369', 'ip_address': '10.180.180.210'}], 'enable_snat': True}, 'description': '', 'availability_zones': [], 'distributed': False, 'ha': False, 'availability_zone_hints': [], 'routes': [], 'flavor_id': None, 'tags': [], 'created_at': '2024-12-22T11:07:39Z', 'updated_at': '2024-12-22T11:07:39Z', 'revision_number': 2, 'project_id': 'a61b9109de5e4e08adb60cce8e82ebc2'}
2024-12-22 11:07:41.028 67724 INFO tempest.lib.common.rest_client [req-fa1b85fd-445e-463b-8285-26fc7b37ead8 req-fa1b85fd-445e-463b-8285-26fc7b37ead8 ] Request (SecurityGroupRulesNegativeTestJSON:setUpClass): 201 POST http://10.180.1.21/identity/v3/auth/tokens 0.091s
2024-12-22 11:07:41.100 67764 INFO tempest.lib.common.rest_client [req-88ea9776-51fb-49de-b38c-3794566c55a7 req-88ea9776-51fb-49de-b38c-3794566c55a7 ] Request (SecurityGroupRulesTestJSON:tearDownClass): 200 PUT http://10.180.1.21:9696/networking/v2.0/routers/d7f5368b-fce8-430c-8683-1527985fae54/remove_router_interface 2.544s
2024-12-22 11:07:41.225 67712 INFO tempest.lib.common.rest_client [req-e41db542-6609-4139-945e-8ebc5de2085b req-e41db542-6609-4139-945e-8ebc5de2085b ] Request (SecurityGroupsTestAdminJSON:test_list_security_groups_list_all_tenants_filter): 200 POST http://10.180.1.21/compute/v2.1/os-security-groups 1.715s
2024-12-22 11:07:41.313 67750 INFO tempest.lib.common.rest_client [req-37e5c286-2e78-4d06-ab6d-42fb09d09d92 req-37e5c286-2e78-4d06-ab6d-42fb09d09d92 ] Request (ServersAdminNegativeTestJSON:test_migrate_server_invalid_state): 200 GET http://10.180.1.21/compute/v2.1/servers/ca1e1e82-f4fe-42b5-92b1-6a20b7267d4d 1.446s
2024-12-22 11:07:41.424 67752 INFO tempest.lib.common.rest_client [req-6c966091-c3f7-489d-84c7-f637deda4912 req-6c966091-c3f7-489d-84c7-f637deda4912 ] Request (VolumesAdminNegativeTest:test_update_attached_volume_with_nonexistent_volume_in_body): 200 GET http://10.180.1.21/compute/v2.1/servers/b7f26f0e-d5a9-42a6-8af2-065659f89cf5 1.545s
2024-12-22 11:07:41.504 67764 INFO tempest.lib.common.rest_client [req-9127c8c9-afa1-4b99-afef-89e2f006099f req-9127c8c9-afa1-4b99-afef-89e2f006099f ] Request (SecurityGroupRulesTestJSON:tearDownClass): 204 DELETE http://10.180.1.21:9696/networking/v2.0/routers/d7f5368b-fce8-430c-8683-1527985fae54 0.403s
2024-12-22 11:07:41.506 67704 INFO tempest.lib.common.rest_client [req-90af848c-61ec-4417-a248-672ee46106fe req-90af848c-61ec-4417-a248-672ee46106fe ] Request (ListImageFiltersTestJSON:setUpClass): 200 GET http://10.180.1.21/compute/v2.1/servers/bd07735a-6a75-45fb-9cef-e1f2c301a489 1.560s
2024-12-22 11:07:41.585 67754 INFO tempest.lib.common.rest_client [req-15e7d3f7-06cc-4e36-8e3e-6a026224c78e req-15e7d3f7-06cc-4e36-8e3e-6a026224c78e ] Request (ServersAdmin275Test:test_rebuild_update_server_275): 200 GET http://10.180.1.21/compute/v2.1/servers/726d9639-1ab4-46a9-975e-5580c8344a37 1.609s
2024-12-22 11:07:41.642 67764 INFO tempest.lib.common.rest_client [req-8d30e4b9-9683-430f-b7ef-86c2f3bcb4e1 req-8d30e4b9-9683-430f-b7ef-86c2f3bcb4e1 ] Request (SecurityGroupRulesTestJSON:tearDownClass): 204 DELETE http://10.180.1.21:9696/networking/v2.0/subnets/4cf53536-59eb-4565-b647-b9846abd3946 0.137s
2024-12-22 11:07:41.662 67748 INFO tempest.lib.common.rest_client [req-72bf3bc7-1042-4d2d-b5de-247bae98888c req-72bf3bc7-1042-4d2d-b5de-247bae98888c ] Request (ServersWithSpecificFlavorTestJSON:test_verify_created_server_ephemeral_disk): 202 POST http://10.180.1.21/compute/v2.1/servers 1.839s
2024-12-22 11:07:41.671 67722 INFO tempest.lib.common.rest_client [req-1f3c25f6-e0f5-42cf-b244-1641bd3dc6b3 req-1f3c25f6-e0f5-42cf-b244-1641bd3dc6b3 ] Request (ServerGroupTestJSON:test_create_delete_server_group_with_anti_affinity_policy): 200 POST http://10.180.1.21/compute/v2.1/os-server-groups 1.420s
2024-12-22 11:07:41.903 67710 INFO tempest.lib.common.rest_client [req-6151611e-21f7-4425-9ba9-dbeff59f22ca req-6151611e-21f7-4425-9ba9-dbeff59f22ca ] Request (MigrationsAdminTest:test_list_migrations_in_flavor_resize_situation): 200 GET http://10.180.1.21/compute/v2.1/servers/f1b1cbe0-0ad3-41ee-9b8c-cf975ec500df 1.583s
2024-12-22 11:07:41.904 67730 INFO tempest.lib.common.rest_client [req-1fed803f-e6b2-458d-88ca-477d11e6f061 req-1fed803f-e6b2-458d-88ca-477d11e6f061 ] Request (FloatingIPsAssociationTestJSON:test_associate_already_associated_floating_ip): 200 GET http://10.180.1.21/compute/v2.1/servers/e2138192-14e0-43d2-9d19-9820747d7217 1.556s
2024-12-22 11:07:41.923 67766 INFO tempest.lib.common.rest_client [req-8ac0fc51-11b9-42ac-99f4-168836a2ea5e req-8ac0fc51-11b9-42ac-99f4-168836a2ea5e ] Request (ImagesOneServerTestJSON:test_create_delete_image): 200 GET http://10.180.1.21/compute/v2.1/flavors/42 1.562s
2024-12-22 11:07:41.968 67738 INFO tempest.lib.common.rest_client [req-c1fcf415-a1e9-4ea6-becc-6d2726a66c98 req-c1fcf415-a1e9-4ea6-becc-6d2726a66c98 ] Request (ImagesTestJSON:test_create_image_from_suspended_server): 200 GET http://10.180.1.21/compute/v2.1/servers/1ad97ed0-2a84-4783-8511-e0f6b24861bd 1.533s
2024-12-22 11:07:41.991 67746 INFO tempest.lib.common.rest_client [req-93411018-1fb5-4812-b480-d65ee21eee0d req-93411018-1fb5-4812-b480-d65ee21eee0d ] Request (AttachInterfacesTestJSON:test_create_list_show_delete_interfaces_by_fixed_ip): 200 GET http://10.180.1.21/compute/v2.1/servers/9cf45c3a-2a74-4f8e-8817-47bbd748a44b 1.527s
2024-12-22 11:07:42.045 67726 INFO tempest.lib.common.rest_client [req-d2b9485a-1b6d-4f29-a151-0fd52d48bae2 req-d2b9485a-1b6d-4f29-a151-0fd52d48bae2 ] Request (ServerExternalEventsTest:test_create_server_external_events): 200 GET http://10.180.1.21/compute/v2.1/servers/e3c9e9de-586d-4baa-b4bb-95c41d527a03 1.490s
2024-12-22 11:07:42.054 67740 INFO tempest.lib.common.rest_client [req-8ab742aa-6e3e-4ab6-84a9-8028a18fc81a req-8ab742aa-6e3e-4ab6-84a9-8028a18fc81a ] Request (ServerRescueTestJSON:test_rescue_unrescue_instance): 200 GET http://10.180.1.21/compute/v2.1/servers/d49eae54-cccb-4281-aaa0-d6974529eb7b 1.264s
2024-12-22 11:07:42.110 67714 INFO tempest.lib.common.rest_client [req-ea1f4e1e-bc6f-4195-801b-a1118c98792d req-ea1f4e1e-bc6f-4195-801b-a1118c98792d ] Request (FloatingIPsAssociationNegativeTestJSON:tearDownClass): 200 GET http://10.180.1.21/compute/v2.1/servers/e03b8577-9298-4e88-98ea-6258e97db28d 1.317s
2024-12-22 11:07:42.124 67733 INFO tempest.lib.common.rest_client [req-56f8ab51-6161-459b-99f3-c5ff7e6b4404 req-56f8ab51-6161-459b-99f3-c5ff7e6b4404 ] Request (ServerDiskConfigTestJSON:test_rebuild_server_with_auto_disk_config): 200 GET http://10.180.1.21/compute/v2.1/servers/610dd030-5080-498a-8744-b1411297d70d 1.276s
2024-12-22 11:07:42.186 67745 INFO tempest.lib.common.rest_client [req-d0de51f6-b6ac-4b02-bb38-0befcc0ea241 req-d0de51f6-b6ac-4b02-bb38-0befcc0ea241 ] Request (ServerActionsTestOtherA:setUpClass): 200 GET http://10.180.1.21/compute/v2.1/servers/e8ad74ce-7862-4574-98e7-14bc54bd5d6c 1.259s
2024-12-22 11:07:42.190 67764 INFO tempest.lib.common.rest_client [req-ab3a1e43-1de2-4245-9db3-3a7a862ffff7 req-ab3a1e43-1de2-4245-9db3-3a7a862ffff7 ] Request (SecurityGroupRulesTestJSON:tearDownClass): 204 DELETE http://10.180.1.21:9696/networking/v2.0/networks/539a4bd2-6635-4d8d-b702-f4cbed0c9b61 0.547s
2024-12-22 11:07:42.313 67720 INFO tempest.lib.common.rest_client [req-62dbab56-4fe5-4785-8984-69c17e701f7e req-62dbab56-4fe5-4785-8984-69c17e701f7e ] Request (ServerMetadataTestJSON:setUpClass): 200 GET http://10.180.1.21/compute/v2.1/servers/17e1dfa2-b104-4aac-928e-6364da155c3d 1.318s
2024-12-22 11:07:42.322 67720 INFO tempest.common.waiters [-] State transition "BUILD/spawning" ==> "ACTIVE/None" after 41 second wait
2024-12-22 11:07:42.339 67764 INFO tempest.lib.common.rest_client [req-575665d2-cd1b-4512-b286-3b46f9f92586 req-575665d2-cd1b-4512-b286-3b46f9f92586 ] Request (SecurityGroupRulesTestJSON:tearDownClass): 204 DELETE http://10.180.1.21/identity/v3/users/3d8dac03331f4ee18d734a2fc49008b8 0.148s
2024-12-22 11:07:42.339 67764 INFO tempest.lib.common.dynamic_creds [-] Deleting project and security group for project: 52119e4af088423594dd70ba2480b5c9
2024-12-22 11:07:42.373 67764 INFO tempest.lib.common.rest_client [req-212569f2-eb0a-44d8-8aa8-b21946643fee req-212569f2-eb0a-44d8-8aa8-b21946643fee ] Request (SecurityGroupRulesTestJSON:tearDownClass): 200 GET http://10.180.1.21:9696/networking/v2.0/security-groups?tenant_id=52119e4af088423594dd70ba2480b5c9&name=default 0.033s
2024-12-22 11:07:42.377 67724 INFO tempest.lib.common.rest_client [req-6dd886e5-7c1d-4909-a961-ae953d436dc3 req-6dd886e5-7c1d-4909-a961-ae953d436dc3 ] Request (SecurityGroupRulesNegativeTestJSON:test_create_security_group_rule_duplicate): 200 POST http://10.180.1.21/compute/v2.1/os-security-groups 1.348s
2024-12-22 11:07:42.382 67736 INFO tempest.lib.common.rest_client [req-0d55cc7f-f357-4b3e-a54f-087528afa4b4 req-0d55cc7f-f357-4b3e-a54f-087528afa4b4 ] Request (AttachInterfacesV270Test:tearDownClass): 200 GET http://10.180.1.21/compute/v2.1/servers/6e477ec2-9270-42b1-85bd-a315460d9cab 1.289s
2024-12-22 11:07:42.432 67728 INFO tempest.lib.common.rest_client [req-80115a0b-d1be-4cd6-8576-fd3e94e1a6dc req-80115a0b-d1be-4cd6-8576-fd3e94e1a6dc ] Request (DeleteServersAdminTestJSON:test_delete_server_while_in_error_state): 200 GET http://10.180.1.21/compute/v2.1/servers/85d6db13-d317-498e-a36a-972e9b36e82b 1.263s
2024-12-22 11:07:42.493 67718 INFO tempest.lib.common.rest_client [req-f9a3fd3f-6469-4885-a7c4-7497dd207e10 req-f9a3fd3f-6469-4885-a7c4-7497dd207e10 ] Request (ServerDiagnosticsTest:test_get_server_diagnostics): 200 GET http://10.180.1.21/compute/v2.1/servers/00e925a1-9b79-46e2-b7f7-c0b63e1e72df 1.254s
2024-12-22 11:07:42.531 67764 INFO tempest.lib.common.rest_client [req-67306f5e-1d45-483c-8a79-3db3614e0c85 req-67306f5e-1d45-483c-8a79-3db3614e0c85 ] Request (SecurityGroupRulesTestJSON:tearDownClass): 204 DELETE http://10.180.1.21:9696/networking/v2.0/security-groups/b238fc37-deb1-4c11-9430-d7131beccd04 0.158s
2024-12-22 11:07:42.562 67712 INFO tempest.lib.common.rest_client [req-31c38fc4-0340-4298-956c-0e7786ac8e74 req-31c38fc4-0340-4298-956c-0e7786ac8e74 ] Request (SecurityGroupsTestAdminJSON:test_list_security_groups_list_all_tenants_filter): 200 POST http://10.180.1.21/compute/v2.1/os-security-groups 1.332s
2024-12-22 11:07:42.614 67734 INFO tempest.lib.common.rest_client [req-f96912e0-373b-4795-b4a9-b1bb700f5e18 req-f96912e0-373b-4795-b4a9-b1bb700f5e18 ] Request (ServerActionsTestJSON:setUpClass): 200 GET http://10.180.1.21/compute/v2.1/servers/9716d592-32d1-4f1d-b42b-1c8a7d81d2f2 1.374s
2024-12-22 11:07:42.618 67716 INFO tempest.lib.common.rest_client [req-7733415b-affa-4d90-ade0-3f13a01c127b req-7733415b-affa-4d90-ade0-3f13a01c127b ] Request (ServersTestJSON:setUpClass): 200 GET http://10.180.1.21/compute/v2.1/servers/8a826350-0fee-409d-a3fc-260d7d43bdf6 1.294s
2024-12-22 11:07:42.634 67764 INFO tempest.lib.common.rest_client [req-4bdf64be-dd97-4983-9373-4ed01959509a req-4bdf64be-dd97-4983-9373-4ed01959509a ] Request (SecurityGroupRulesTestJSON:tearDownClass): 204 DELETE http://10.180.1.21/identity/v3/projects/52119e4af088423594dd70ba2480b5c9 0.102s
2024-12-22 11:07:42.635 67764 INFO tempest.test [-] raised in NoVNCConsoleTestJSON.setUpClass. Invoking tearDownClass.
2024-12-22 11:07:42.687 67706 INFO tempest.lib.common.rest_client [req-f0f732e2-06b5-4e0b-b836-5d145796539b req-f0f732e2-06b5-4e0b-b836-5d145796539b ] Request (ServerAddressesNegativeTestJSON:tearDownClass): 200 GET http://10.180.1.21/compute/v2.1/servers/de31255d-b82f-4f32-82b2-0a8368fe2510 1.237s
2024-12-22 11:07:42.709 67758 INFO tempest.lib.common.rest_client [req-d96a6e8a-afc6-41e4-8df4-9ce544751eda req-d96a6e8a-afc6-41e4-8df4-9ce544751eda ] Request (ServerDiagnosticsV248Test:tearDownClass): 200 GET http://10.180.1.21/compute/v2.1/servers/51532b8e-4adf-4cc7-b91e-885d7934a7e8 1.145s
2024-12-22 11:07:42.734 67722 INFO tempest.lib.common.rest_client [req-5e616d17-23e8-4e2f-92a5-3a8d386c607a req-5e616d17-23e8-4e2f-92a5-3a8d386c607a ] Request (ServerGroupTestJSON:test_create_delete_server_group_with_anti_affinity_policy): 204 DELETE http://10.180.1.21/compute/v2.1/os-server-groups/b132dd0d-d15a-4ba8-8cc6-a9a0ba76ee6c 1.060s
2024-12-22 11:07:42.753 67748 INFO tempest.lib.common.rest_client [req-acd2b455-7f42-43ed-8de4-980f2b335854 req-acd2b455-7f42-43ed-8de4-980f2b335854 ] Request (ServersWithSpecificFlavorTestJSON:test_verify_created_server_ephemeral_disk): 200 GET http://10.180.1.21/compute/v2.1/servers/18444b47-476a-4ca3-9a4f-0dc58e652143 1.090s
2024-12-22 11:07:42.830 67750 INFO tempest.lib.common.rest_client [req-3218c7f1-04da-4ed3-8996-6a544d0b7611 req-3218c7f1-04da-4ed3-8996-6a544d0b7611 ] Request (ServersAdminNegativeTestJSON:test_migrate_server_invalid_state): 200 GET http://10.180.1.21/compute/v2.1/servers/ca1e1e82-f4fe-42b5-92b1-6a20b7267d4d 0.509s
2024-12-22 11:07:42.836 67750 INFO tempest.common.waiters [-] State transition "BUILD/scheduling" ==> "BUILD/None" after 25 second wait
2024-12-22 11:07:42.859 67766 INFO tempest.lib.common.rest_client [req-ea266f5e-e2a9-4bb3-9acf-35b968ca3c0d req-ea266f5e-e2a9-4bb3-9acf-35b968ca3c0d ] Request (ImagesOneServerTestJSON:test_create_delete_image): 204 DELETE http://10.180.1.21/compute/v2.1/images/e81db031-aecd-4d46-b472-c5cb3d8c71b0 0.933s
2024-12-22 11:07:42.902 67720 INFO tempest.lib.common.rest_client [req-d84f07c9-6fe7-4bbb-b794-40bca9b3b6c9 req-d84f07c9-6fe7-4bbb-b794-40bca9b3b6c9 ] Request (ServerMetadataTestJSON:setUp): 200 PUT http://10.180.1.21/compute/v2.1/servers/17e1dfa2-b104-4aac-928e-6364da155c3d/metadata 0.579s
2024-12-22 11:07:42.959 67752 INFO tempest.lib.common.rest_client [req-2b46dc0c-2583-47ea-9ea8-8424c46aea04 req-2b46dc0c-2583-47ea-9ea8-8424c46aea04 ] Request (VolumesAdminNegativeTest:test_update_attached_volume_with_nonexistent_volume_in_body): 200 GET http://10.180.1.21/compute/v2.1/servers/b7f26f0e-d5a9-42a6-8af2-065659f89cf5 0.522s
2024-12-22 11:07:42.995 67724 INFO tempest.lib.common.rest_client [req-6ebc2fa8-bea5-4ece-9d0e-0229a3e05e80 req-6ebc2fa8-bea5-4ece-9d0e-0229a3e05e80 ] Request (SecurityGroupRulesNegativeTestJSON:test_create_security_group_rule_duplicate): 200 POST http://10.180.1.21/compute/v2.1/os-security-group-rules 0.613s
2024-12-22 11:07:43.020 67704 INFO tempest.lib.common.rest_client [req-49493072-7447-4a7e-836b-e3d6254ea85b req-49493072-7447-4a7e-836b-e3d6254ea85b ] Request (ListImageFiltersTestJSON:setUpClass): 200 GET http://10.180.1.21/compute/v2.1/servers/bd07735a-6a75-45fb-9cef-e1f2c301a489 0.505s
2024-12-22 11:07:43.027 67704 INFO tempest.common.waiters [-] State transition "BUILD/None" ==> "BUILD/networking" after 37 second wait
2024-12-22 11:07:43.078 67754 INFO tempest.lib.common.rest_client [req-5dc178c6-8e59-4f8a-91ec-142babe6d1f7 req-5dc178c6-8e59-4f8a-91ec-142babe6d1f7 ] Request (ServersAdmin275Test:test_rebuild_update_server_275): 200 GET http://10.180.1.21/compute/v2.1/servers/726d9639-1ab4-46a9-975e-5580c8344a37 0.483s
2024-12-22 11:07:43.090 67722 INFO tempest.lib.common.rest_client [req-6dcaa116-6b07-4915-9229-04b34c7451f6 req-6dcaa116-6b07-4915-9229-04b34c7451f6 ] Request (ServerGroupTestJSON:test_create_delete_server_group_with_anti_affinity_policy): 200 GET http://10.180.1.21/compute/v2.1/os-server-groups 0.355s
2024-12-22 11:07:43.097 67742 WARNING tempest.lib.common.ssh [-] Failed to establish authenticated ssh connection to cirros@10.180.180.227 ([Errno None] Unable to connect to port 22 on 10.180.180.227). Number attempts: 2. Retry after 3 seconds.: paramiko.ssh_exception.NoValidConnectionsError: [Errno None] Unable to connect to port 22 on 10.180.180.227
2024-12-22 11:07:43.121 67766 INFO tempest.lib.common.rest_client [req-6ef3ff70-0342-4982-afd4-0026b2cdb2e6 req-6ef3ff70-0342-4982-afd4-0026b2cdb2e6 ] Request (ImagesOneServerTestJSON:test_create_delete_image): 404 GET http://10.180.1.21/compute/v2.1/images/e81db031-aecd-4d46-b472-c5cb3d8c71b0 0.261s
2024-12-22 11:07:43.150 67720 INFO tempest.lib.common.rest_client [req-309f8385-8f5d-40f0-96bf-cd3a6f775580 req-309f8385-8f5d-40f0-96bf-cd3a6f775580 ] Request (ServerMetadataTestJSON:test_delete_server_metadata_item): 204 DELETE http://10.180.1.21/compute/v2.1/servers/17e1dfa2-b104-4aac-928e-6364da155c3d/metadata/key1 0.248s
2024-12-22 11:07:43.163 67722 INFO tempest.lib.common.rest_client [req-dd3ad81c-296d-488d-b3b9-6e8b3ef2db3c req-dd3ad81c-296d-488d-b3b9-6e8b3ef2db3c ] Request (ServerGroupTestJSON:test_create_server_with_scheduler_hint_group): 201 POST http://10.180.1.21/identity/v3/auth/tokens 0.067s
2024-12-22 11:07:43.163 67722 INFO tempest.lib.common.fixed_network [-] (ServerGroupTestJSON:test_create_server_with_scheduler_hint_group) Found network {'id': '3646ed27-80e1-4f7d-a885-5755241c9d98', 'name': 'tempest-ServerGroupTestJSON-757896701-network', 'tenant_id': '9dce1df3c8774a7cb1429b5d3f5c046f', 'admin_state_up': True, 'mtu': 8950, 'status': 'ACTIVE', 'subnets': [], 'shared': False, 'project_id': '9dce1df3c8774a7cb1429b5d3f5c046f', 'port_security_enabled': True, 'router:external': False, 'provider:network_type': 'vlan', 'provider:physical_network': 'default', 'provider:segmentation_id': 212, 'availability_zone_hints': [], 'availability_zones': [], 'ipv4_address_scope': None, 'ipv6_address_scope': None, 'description': '', 'tags': [], 'created_at': '2024-12-22T11:07:28Z', 'updated_at': '2024-12-22T11:07:28Z', 'revision_number': 1} available for tenant
2024-12-22 11:07:43.388 67710 INFO tempest.lib.common.rest_client [req-29b2bc3d-5d7b-4adb-9c27-aa85dfdb99fb req-29b2bc3d-5d7b-4adb-9c27-aa85dfdb99fb ] Request (MigrationsAdminTest:test_list_migrations_in_flavor_resize_situation): 200 GET http://10.180.1.21/compute/v2.1/servers/f1b1cbe0-0ad3-41ee-9b8c-cf975ec500df 0.478s
2024-12-22 11:07:43.396 67710 INFO tempest.common.waiters [-] State transition "RESIZE/resize_prep" ==> "RESIZE/resize_migrating" after 29 second wait
2024-12-22 11:07:43.601 67730 INFO tempest.lib.common.rest_client [req-88ebfd60-4b23-40a7-b76e-1f298d8c4107 req-88ebfd60-4b23-40a7-b76e-1f298d8c4107 ] Request (FloatingIPsAssociationTestJSON:test_associate_already_associated_floating_ip): 200 GET http://10.180.1.21/compute/v2.1/servers/e2138192-14e0-43d2-9d19-9820747d7217 0.687s
2024-12-22 11:07:43.655 67712 INFO tempest.lib.common.rest_client [req-5257ec75-23b0-414f-a784-a494a77c0766 req-5257ec75-23b0-414f-a784-a494a77c0766 ] Request (SecurityGroupsTestAdminJSON:test_list_security_groups_list_all_tenants_filter): 200 POST http://10.180.1.21/compute/v2.1/os-security-groups 1.089s
2024-12-22 11:07:43.659 67738 INFO tempest.lib.common.rest_client [req-6d0431ec-fed7-49bd-9c7b-2d81c3476c4b req-6d0431ec-fed7-49bd-9c7b-2d81c3476c4b ] Request (ImagesTestJSON:test_create_image_from_suspended_server): 200 GET http://10.180.1.21/compute/v2.1/servers/1ad97ed0-2a84-4783-8511-e0f6b24861bd 0.684s
2024-12-22 11:07:43.713 67724 INFO tempest.lib.common.rest_client [req-210a4741-dc7a-400b-ab4e-a1abc85b3a75 req-210a4741-dc7a-400b-ab4e-a1abc85b3a75 ] Request (SecurityGroupRulesNegativeTestJSON:test_create_security_group_rule_duplicate): 400 POST http://10.180.1.21/compute/v2.1/os-security-group-rules 0.716s
2024-12-22 11:07:43.719 67746 INFO tempest.lib.common.rest_client [req-3bd6a8e6-c249-4d59-bfbb-479217d9aef3 req-3bd6a8e6-c249-4d59-bfbb-479217d9aef3 ] Request (AttachInterfacesTestJSON:test_create_list_show_delete_interfaces_by_fixed_ip): 200 GET http://10.180.1.21/compute/v2.1/servers/9cf45c3a-2a74-4f8e-8817-47bbd748a44b 0.717s
2024-12-22 11:07:43.778 67740 INFO tempest.lib.common.rest_client [req-90feaf9f-3e04-4fbd-9306-fb6e879599a4 req-90feaf9f-3e04-4fbd-9306-fb6e879599a4 ] Request (ServerRescueTestJSON:test_rescue_unrescue_instance): 200 GET http://10.180.1.21/compute/v2.1/servers/d49eae54-cccb-4281-aaa0-d6974529eb7b 0.713s
2024-12-22 11:07:43.780 67726 INFO tempest.lib.common.rest_client [req-9cf807af-a241-471c-a05c-3ca75f67240f req-9cf807af-a241-471c-a05c-3ca75f67240f ] Request (ServerExternalEventsTest:test_create_server_external_events): 200 GET http://10.180.1.21/compute/v2.1/servers/e3c9e9de-586d-4baa-b4bb-95c41d527a03 0.727s
2024-12-22 11:07:43.837 67714 INFO tempest.lib.common.rest_client [req-014dc42e-6fd1-42f6-91f9-2d1df0c2e09a req-014dc42e-6fd1-42f6-91f9-2d1df0c2e09a ] Request (FloatingIPsAssociationNegativeTestJSON:tearDownClass): 200 GET http://10.180.1.21/compute/v2.1/servers/e03b8577-9298-4e88-98ea-6258e97db28d 0.717s
2024-12-22 11:07:43.845 67714 INFO tempest.common.waiters [-] State transition "ACTIVE/deleting" ==> "DELETED/None" after 6 second wait
2024-12-22 11:07:43.891 67733 INFO tempest.lib.common.rest_client [req-27601448-e7b4-4608-b239-2be626721ea9 req-27601448-e7b4-4608-b239-2be626721ea9 ] Request (ServerDiskConfigTestJSON:test_rebuild_server_with_auto_disk_config): 200 GET http://10.180.1.21/compute/v2.1/servers/610dd030-5080-498a-8744-b1411297d70d 0.753s
2024-12-22 11:07:43.914 67720 INFO tempest.lib.common.rest_client [req-d2d0ffa8-9234-48d0-953e-3c569ef1ebbc req-d2d0ffa8-9234-48d0-953e-3c569ef1ebbc ] Request (ServerMetadataTestJSON:test_delete_server_metadata_item): 200 GET http://10.180.1.21/compute/v2.1/servers/17e1dfa2-b104-4aac-928e-6364da155c3d/metadata 0.763s
2024-12-22 11:07:44.214 67766 INFO tempest.lib.common.rest_client [req-92210e6b-9b1b-4682-9fd6-bc1cf800494e req-92210e6b-9b1b-4682-9fd6-bc1cf800494e ] Request (ImagesOneServerTestJSON:test_create_image_specify_multibyte_character_image_name): 202 POST http://10.180.1.21/compute/v2.1/servers/22ef5bae-f7bc-43c7-9d77-1b4547e83b24/action 1.091s
2024-12-22 11:07:44.274 67745 INFO tempest.lib.common.rest_client [req-f5679c59-ab1c-45fd-adb8-f768b511d7f6 req-f5679c59-ab1c-45fd-adb8-f768b511d7f6 ] Request (ServerActionsTestOtherA:setUpClass): 200 GET http://10.180.1.21/compute/v2.1/servers/e8ad74ce-7862-4574-98e7-14bc54bd5d6c 1.079s
2024-12-22 11:07:44.335 67736 INFO tempest.lib.common.rest_client [req-b76dce34-1bf6-45ad-9c6f-033b8aabec70 req-b76dce34-1bf6-45ad-9c6f-033b8aabec70 ] Request (AttachInterfacesV270Test:tearDownClass): 200 GET http://10.180.1.21/compute/v2.1/servers/6e477ec2-9270-42b1-85bd-a315460d9cab 0.945s
2024-12-22 11:07:44.386 67728 INFO tempest.lib.common.rest_client [req-22ecbaba-952d-4d7d-807d-61a0251853a6 req-22ecbaba-952d-4d7d-807d-61a0251853a6 ] Request (DeleteServersAdminTestJSON:test_delete_server_while_in_error_state): 200 GET http://10.180.1.21/compute/v2.1/servers/85d6db13-d317-498e-a36a-972e9b36e82b 0.945s
2024-12-22 11:07:44.398 67722 INFO tempest.lib.common.rest_client [req-d1461c93-5ccb-4b20-8394-021f32567991 req-d1461c93-5ccb-4b20-8394-021f32567991 ] Request (ServerGroupTestJSON:test_create_server_with_scheduler_hint_group): 202 POST http://10.180.1.21/compute/v2.1/servers 1.234s
2024-12-22 11:07:44.444 67718 INFO tempest.lib.common.rest_client [req-3299faa9-47d1-45d7-971c-11687f712491 req-3299faa9-47d1-45d7-971c-11687f712491 ] Request (ServerDiagnosticsTest:test_get_server_diagnostics): 200 GET http://10.180.1.21/compute/v2.1/servers/00e925a1-9b79-46e2-b7f7-c0b63e1e72df 0.938s
2024-12-22 11:07:44.503 67716 INFO tempest.lib.common.rest_client [req-1f371eb9-b81b-45af-92c1-24fcc5771d6d req-1f371eb9-b81b-45af-92c1-24fcc5771d6d ] Request (ServersTestJSON:setUpClass): 200 GET http://10.180.1.21/compute/v2.1/servers/8a826350-0fee-409d-a3fc-260d7d43bdf6 0.866s
2024-12-22 11:07:44.517 67734 INFO tempest.lib.common.rest_client [req-bd57a6f3-5c6b-445f-a2b4-0e662cef7f22 req-bd57a6f3-5c6b-445f-a2b4-0e662cef7f22 ] Request (ServerActionsTestJSON:setUpClass): 200 GET http://10.180.1.21/compute/v2.1/servers/9716d592-32d1-4f1d-b42b-1c8a7d81d2f2 0.896s
2024-12-22 11:07:44.585 67706 INFO tempest.lib.common.rest_client [req-f4eeafd5-acdb-4b70-a746-5fba0b9872a3 req-f4eeafd5-acdb-4b70-a746-5fba0b9872a3 ] Request (ServerAddressesNegativeTestJSON:tearDownClass): 200 GET http://10.180.1.21/compute/v2.1/servers/de31255d-b82f-4f32-82b2-0a8368fe2510 0.890s
2024-12-22 11:07:44.633 67756 WARNING tempest.lib.common.ssh [-] Failed to establish authenticated ssh connection to cirros@10.180.180.190 ([Errno None] Unable to connect to port 22 on 10.180.180.190). Number attempts: 5. Retry after 6 seconds.: paramiko.ssh_exception.NoValidConnectionsError: [Errno None] Unable to connect to port 22 on 10.180.180.190
2024-12-22 11:07:44.643 67712 INFO tempest.lib.common.rest_client [req-efc07bc4-4115-4327-be41-6a7dec7330ce req-efc07bc4-4115-4327-be41-6a7dec7330ce ] Request (SecurityGroupsTestAdminJSON:test_list_security_groups_list_all_tenants_filter): 200 POST http://10.180.1.21/compute/v2.1/os-security-groups 0.985s
2024-12-22 11:07:44.722 67758 INFO tempest.lib.common.rest_client [req-c78780c0-83b2-40d0-86fd-2a469ce4beee req-c78780c0-83b2-40d0-86fd-2a469ce4beee ] Request (ServerDiagnosticsV248Test:tearDownClass): 200 GET http://10.180.1.21/compute/v2.1/servers/51532b8e-4adf-4cc7-b91e-885d7934a7e8 0.999s
2024-12-22 11:07:44.727 67724 INFO tempest.lib.common.rest_client [req-b4b90dc3-3388-4c6a-ba0f-7115b1fac64a req-b4b90dc3-3388-4c6a-ba0f-7115b1fac64a ] Request (SecurityGroupRulesNegativeTestJSON:_run_cleanups): 202 DELETE http://10.180.1.21/compute/v2.1/os-security-group-rules/e943d2e6-1147-4a6d-9485-9ab41484ca8e 1.013s
2024-12-22 11:07:44.784 67748 INFO tempest.lib.common.rest_client [req-d2f5908d-6e4b-4cd3-9eac-071767372c07 req-d2f5908d-6e4b-4cd3-9eac-071767372c07 ] Request (ServersWithSpecificFlavorTestJSON:test_verify_created_server_ephemeral_disk): 200 GET http://10.180.1.21/compute/v2.1/servers/18444b47-476a-4ca3-9a4f-0dc58e652143 1.020s
2024-12-22 11:07:44.790 67750 INFO tempest.lib.common.rest_client [req-b920b210-fc36-48bb-88fe-ddd60f8eccc4 req-b920b210-fc36-48bb-88fe-ddd60f8eccc4 ] Request (ServersAdminNegativeTestJSON:test_migrate_server_invalid_state): 200 GET http://10.180.1.21/compute/v2.1/servers/ca1e1e82-f4fe-42b5-92b1-6a20b7267d4d 0.953s
2024-12-22 11:07:44.834 67752 INFO tempest.lib.common.rest_client [req-6ce14a74-1301-4238-8de2-bbd22afba23c req-6ce14a74-1301-4238-8de2-bbd22afba23c ] Request (VolumesAdminNegativeTest:test_update_attached_volume_with_nonexistent_volume_in_body): 200 GET http://10.180.1.21/compute/v2.1/servers/b7f26f0e-d5a9-42a6-8af2-065659f89cf5 0.863s
2024-12-22 11:07:44.842 67720 INFO tempest.lib.common.rest_client [req-e8562dc5-0d98-49b3-a40c-4380150fabc7 req-e8562dc5-0d98-49b3-a40c-4380150fabc7 ] Request (ServerMetadataTestJSON:setUp): 200 PUT http://10.180.1.21/compute/v2.1/servers/17e1dfa2-b104-4aac-928e-6364da155c3d/metadata 0.926s
2024-12-22 11:07:44.896 67754 INFO tempest.lib.common.rest_client [req-44ee83b9-8e7a-4a4c-b7c5-1f57b6aa325b req-44ee83b9-8e7a-4a4c-b7c5-1f57b6aa325b ] Request (ServersAdmin275Test:test_rebuild_update_server_275): 200 GET http://10.180.1.21/compute/v2.1/servers/726d9639-1ab4-46a9-975e-5580c8344a37 0.804s
2024-12-22 11:07:44.924 67766 INFO tempest.lib.common.rest_client [req-62d81911-f9e9-4f24-aafb-c8b176113ccd req-62d81911-f9e9-4f24-aafb-c8b176113ccd ] Request (ImagesOneServerTestJSON:test_create_image_specify_multibyte_character_image_name): 200 GET http://10.180.1.21/compute/v2.1/images/c9af5d5d-bc8a-499a-81a2-6861192785d1 0.709s
2024-12-22 11:07:44.981 67704 INFO tempest.lib.common.rest_client [req-69299baf-c42f-47cc-b395-d3d5f027d0e3 req-69299baf-c42f-47cc-b395-d3d5f027d0e3 ] Request (ListImageFiltersTestJSON:setUpClass): 200 GET http://10.180.1.21/compute/v2.1/servers/bd07735a-6a75-45fb-9cef-e1f2c301a489 0.953s
2024-12-22 11:07:44.987 67704 INFO tempest.common.waiters [-] State transition "BUILD/networking" ==> "BUILD/spawning" after 38 second wait
2024-12-22 11:07:45.022 67722 INFO tempest.lib.common.rest_client [req-66def638-ff27-4379-874c-edf4085daa6c req-66def638-ff27-4379-874c-edf4085daa6c ] Request (ServerGroupTestJSON:test_create_server_with_scheduler_hint_group): 200 GET http://10.180.1.21/compute/v2.1/servers/94d9210e-ca8d-4ef1-a640-2d9a11ad87d3 0.621s
2024-12-22 11:07:45.039 67710 INFO tempest.lib.common.rest_client [req-f6c5c925-608b-4148-8f4f-06c2b53d476a req-f6c5c925-608b-4148-8f4f-06c2b53d476a ] Request (MigrationsAdminTest:test_list_migrations_in_flavor_resize_situation): 200 GET http://10.180.1.21/compute/v2.1/servers/f1b1cbe0-0ad3-41ee-9b8c-cf975ec500df 0.641s
2024-12-22 11:07:45.246 67730 INFO tempest.lib.common.rest_client [req-75ba2284-37e9-492b-847b-0256a6ac9bee req-75ba2284-37e9-492b-847b-0256a6ac9bee ] Request (FloatingIPsAssociationTestJSON:test_associate_already_associated_floating_ip): 200 GET http://10.180.1.21/compute/v2.1/servers/e2138192-14e0-43d2-9d19-9820747d7217 0.634s
2024-12-22 11:07:45.253 67730 INFO tempest.common.waiters [-] State transition "BUILD/spawning" ==> "ACTIVE/None" after 41 second wait
2024-12-22 11:07:45.311 67738 INFO tempest.lib.common.rest_client [req-2743c9ce-d5b0-49ee-a2d3-be9eae10933d req-2743c9ce-d5b0-49ee-a2d3-be9eae10933d ] Request (ImagesTestJSON:test_create_image_from_suspended_server): 200 GET http://10.180.1.21/compute/v2.1/servers/1ad97ed0-2a84-4783-8511-e0f6b24861bd 0.643s
2024-12-22 11:07:45.376 67746 INFO tempest.lib.common.rest_client [req-e2368301-2a4c-4b75-a9b9-504234fb3d74 req-e2368301-2a4c-4b75-a9b9-504234fb3d74 ] Request (AttachInterfacesTestJSON:test_create_list_show_delete_interfaces_by_fixed_ip): 200 GET http://10.180.1.21/compute/v2.1/servers/9cf45c3a-2a74-4f8e-8817-47bbd748a44b 0.647s
2024-12-22 11:07:45.385 67746 INFO tempest.common.waiters [-] State transition "BUILD/None" ==> "BUILD/networking" after 32 second wait
2024-12-22 11:07:45.843 67724 INFO tempest.lib.common.rest_client [req-ca947f17-0d4f-483b-ab19-b00f3567cf66 req-ca947f17-0d4f-483b-ab19-b00f3567cf66 ] Request (SecurityGroupRulesNegativeTestJSON:test_create_security_group_rule_with_invalid_from_port): 200 POST http://10.180.1.21/compute/v2.1/os-security-groups 1.114s
2024-12-22 11:07:45.938 67740 INFO tempest.lib.common.rest_client [req-9ecd49a5-daa9-4050-be3f-e235eb021615 req-9ecd49a5-daa9-4050-be3f-e235eb021615 ] Request (ServerRescueTestJSON:test_rescue_unrescue_instance): 200 GET http://10.180.1.21/compute/v2.1/servers/d49eae54-cccb-4281-aaa0-d6974529eb7b 1.151s
2024-12-22 11:07:46.004 67726 INFO tempest.lib.common.rest_client [req-87c5a1a6-a474-40da-b48f-c414893861ea req-87c5a1a6-a474-40da-b48f-c414893861ea ] Request (ServerExternalEventsTest:test_create_server_external_events): 200 GET http://10.180.1.21/compute/v2.1/servers/e3c9e9de-586d-4baa-b4bb-95c41d527a03 1.215s
2024-12-22 11:07:46.035 67720 INFO tempest.lib.common.rest_client [req-854621dd-4dcb-43b4-a62e-494613814a43 req-854621dd-4dcb-43b4-a62e-494613814a43 ] Request (ServerMetadataTestJSON:test_get_server_metadata_item): 200 GET http://10.180.1.21/compute/v2.1/servers/17e1dfa2-b104-4aac-928e-6364da155c3d/metadata/key2 1.192s
2024-12-22 11:07:46.130 67714 INFO tempest.lib.common.rest_client [req-5ff11f92-cc2f-49c5-bb51-9069bf01a42a req-5ff11f92-cc2f-49c5-bb51-9069bf01a42a ] Request (FloatingIPsAssociationNegativeTestJSON:tearDownClass): 200 GET http://10.180.1.21/compute/v2.1/servers/e03b8577-9298-4e88-98ea-6258e97db28d 1.283s
2024-12-22 11:07:46.207 67733 INFO tempest.lib.common.rest_client [req-3fdbfbed-d585-4ed3-942a-f90db4132ac2 req-3fdbfbed-d585-4ed3-942a-f90db4132ac2 ] Request (ServerDiskConfigTestJSON:test_rebuild_server_with_auto_disk_config): 200 GET http://10.180.1.21/compute/v2.1/servers/610dd030-5080-498a-8744-b1411297d70d 1.309s
2024-12-22 11:07:47.705 67760 WARNING tempest.lib.common.ssh [-] Failed to establish authenticated ssh connection to cirros@10.180.180.160 ([Errno None] Unable to connect to port 22 on 10.180.180.160). Number attempts: 4. Retry after 5 seconds.: paramiko.ssh_exception.NoValidConnectionsError: [Errno None] Unable to connect to port 22 on 10.180.180.160
2024-12-22 11:07:48.238 67730 INFO tempest.lib.common.rest_client [req-d671d8b3-a29a-4e9d-b029-88749019f54a req-d671d8b3-a29a-4e9d-b029-88749019f54a ] Request (FloatingIPsAssociationTestJSON:test_associate_already_associated_floating_ip): 202 POST http://10.180.1.21/compute/v2.1/servers/b629b4f8-f79f-4361-b78c-8705a6888a9e/action 2.984s
2024-12-22 11:07:48.302 67745 INFO tempest.lib.common.rest_client [req-08278929-c6fb-4ee5-af17-ff685ed84ab2 req-08278929-c6fb-4ee5-af17-ff685ed84ab2 ] Request (ServerActionsTestOtherA:setUpClass): 200 GET http://10.180.1.21/compute/v2.1/servers/e8ad74ce-7862-4574-98e7-14bc54bd5d6c 3.021s
2024-12-22 11:07:48.316 67745 INFO tempest.common.waiters [-] State transition "BUILD/scheduling" ==> "BUILD/None" after 30 second wait
2024-12-22 11:07:48.366 67736 INFO tempest.lib.common.rest_client [req-822b62e6-e738-4bdc-922d-0c95230a6f85 req-822b62e6-e738-4bdc-922d-0c95230a6f85 ] Request (AttachInterfacesV270Test:tearDownClass): 200 GET http://10.180.1.21/compute/v2.1/servers/6e477ec2-9270-42b1-85bd-a315460d9cab 3.018s
2024-12-22 11:07:48.430 67728 INFO tempest.lib.common.rest_client [req-06526288-a251-4cdb-b43b-c6613aad7b5e req-06526288-a251-4cdb-b43b-c6613aad7b5e ] Request (DeleteServersAdminTestJSON:test_delete_server_while_in_error_state): 200 GET http://10.180.1.21/compute/v2.1/servers/85d6db13-d317-498e-a36a-972e9b36e82b 3.035s
2024-12-22 11:07:48.500 67718 INFO tempest.lib.common.rest_client [req-2dc2bdd7-dcf7-448b-b51c-0b7018f3607d req-2dc2bdd7-dcf7-448b-b51c-0b7018f3607d ] Request (ServerDiagnosticsTest:test_get_server_diagnostics): 200 GET http://10.180.1.21/compute/v2.1/servers/00e925a1-9b79-46e2-b7f7-c0b63e1e72df 3.046s
2024-12-22 11:07:48.563 67716 INFO tempest.lib.common.rest_client [req-a1537c68-aa07-4dc3-b713-a2225c2c20ae req-a1537c68-aa07-4dc3-b713-a2225c2c20ae ] Request (ServersTestJSON:setUpClass): 200 GET http://10.180.1.21/compute/v2.1/servers/8a826350-0fee-409d-a3fc-260d7d43bdf6 3.052s
2024-12-22 11:07:48.866 67734 INFO tempest.lib.common.rest_client [req-b82d50ce-0da2-49e6-8fbf-a15168f13b84 req-b82d50ce-0da2-49e6-8fbf-a15168f13b84 ] Request (ServerActionsTestJSON:setUpClass): 200 GET http://10.180.1.21/compute/v2.1/servers/9716d592-32d1-4f1d-b42b-1c8a7d81d2f2 3.342s
2024-12-22 11:07:49.166 67706 INFO tempest.lib.common.rest_client [req-6f92613d-08db-4fdb-bff7-c1aca643a692 req-6f92613d-08db-4fdb-bff7-c1aca643a692 ] Request (ServerAddressesNegativeTestJSON:tearDownClass): 200 GET http://10.180.1.21/compute/v2.1/servers/de31255d-b82f-4f32-82b2-0a8368fe2510 3.573s
2024-12-22 11:07:49.260 67758 INFO tempest.lib.common.rest_client [req-1e20a8b2-39d6-4929-86b6-2fa80ceacb85 req-1e20a8b2-39d6-4929-86b6-2fa80ceacb85 ] Request (ServerDiagnosticsV248Test:tearDownClass): 200 GET http://10.180.1.21/compute/v2.1/servers/51532b8e-4adf-4cc7-b91e-885d7934a7e8 3.529s
2024-12-22 11:07:49.344 67748 INFO tempest.lib.common.rest_client [req-97e472bf-29b6-4885-a780-2f6df7b653eb req-97e472bf-29b6-4885-a780-2f6df7b653eb ] Request (ServersWithSpecificFlavorTestJSON:test_verify_created_server_ephemeral_disk): 200 GET http://10.180.1.21/compute/v2.1/servers/18444b47-476a-4ca3-9a4f-0dc58e652143 3.553s
2024-12-22 11:07:49.429 67750 INFO tempest.lib.common.rest_client [req-822eaa9f-2877-4a57-8f7b-788070777db6 req-822eaa9f-2877-4a57-8f7b-788070777db6 ] Request (ServersAdminNegativeTestJSON:test_migrate_server_invalid_state): 200 GET http://10.180.1.21/compute/v2.1/servers/ca1e1e82-f4fe-42b5-92b1-6a20b7267d4d 3.633s
2024-12-22 11:07:49.507 67752 INFO tempest.lib.common.rest_client [req-98d9d9ba-1c64-4291-a614-a73dae3a2628 req-98d9d9ba-1c64-4291-a614-a73dae3a2628 ] Request (VolumesAdminNegativeTest:test_update_attached_volume_with_nonexistent_volume_in_body): 200 GET http://10.180.1.21/compute/v2.1/servers/b7f26f0e-d5a9-42a6-8af2-065659f89cf5 3.666s
2024-12-22 11:07:49.568 67724 INFO tempest.lib.common.rest_client [req-69cb161a-3cee-4701-93d3-66a3237a73ae req-69cb161a-3cee-4701-93d3-66a3237a73ae ] Request (SecurityGroupRulesNegativeTestJSON:test_create_security_group_rule_with_invalid_from_port): 400 POST http://10.180.1.21/compute/v2.1/os-security-group-rules 3.718s
2024-12-22 11:07:49.645 67754 INFO tempest.lib.common.rest_client [req-9da1c8ab-c6d5-4618-a9e2-b1a73b2800af req-9da1c8ab-c6d5-4618-a9e2-b1a73b2800af ] Request (ServersAdmin275Test:test_rebuild_update_server_275): 200 GET http://10.180.1.21/compute/v2.1/servers/726d9639-1ab4-46a9-975e-5580c8344a37 3.740s
2024-12-22 11:07:49.646 67712 INFO tempest.lib.common.rest_client [req-cc29f03e-51bf-4a2d-9c08-69f6a0a0bca8 req-cc29f03e-51bf-4a2d-9c08-69f6a0a0bca8 ] Request (SecurityGroupsTestAdminJSON:test_list_security_groups_list_all_tenants_filter): 200 GET http://10.180.1.21/compute/v2.1/os-security-groups?all_tenants=true 5.000s
2024-12-22 11:07:49.657 67754 INFO tempest.common.waiters [-] State transition "REBUILD/rebuild_spawning" ==> "ACTIVE/None" after 14 second wait
2024-12-22 11:07:49.684 67766 INFO tempest.lib.common.rest_client [req-801664d4-6469-4a37-bd36-96c8cb5e6ed5 req-801664d4-6469-4a37-bd36-96c8cb5e6ed5 ] Request (ImagesOneServerTestJSON:test_create_image_specify_multibyte_character_image_name): 200 GET http://10.180.1.21/compute/v2.1/images/c9af5d5d-bc8a-499a-81a2-6861192785d1 3.756s
2024-12-22 11:07:49.689 67742 WARNING tempest.lib.common.ssh [-] Failed to establish authenticated ssh connection to cirros@10.180.180.227 ([Errno None] Unable to connect to port 22 on 10.180.180.227). Number attempts: 3. Retry after 4 seconds.: paramiko.ssh_exception.NoValidConnectionsError: [Errno None] Unable to connect to port 22 on 10.180.180.227
2024-12-22 11:07:49.749 67722 INFO tempest.lib.common.rest_client [req-4d58ac86-4fce-49da-a05f-aabe050ffc9b req-4d58ac86-4fce-49da-a05f-aabe050ffc9b ] Request (ServerGroupTestJSON:test_create_server_with_scheduler_hint_group): 200 GET http://10.180.1.21/compute/v2.1/servers/94d9210e-ca8d-4ef1-a640-2d9a11ad87d3 3.718s
2024-12-22 11:07:49.818 67720 INFO tempest.lib.common.rest_client [req-7dfbbd56-1f78-42db-9e04-92fce20e202a req-7dfbbd56-1f78-42db-9e04-92fce20e202a ] Request (ServerMetadataTestJSON:setUp): 200 PUT http://10.180.1.21/compute/v2.1/servers/17e1dfa2-b104-4aac-928e-6364da155c3d/metadata 3.780s
2024-12-22 11:07:49.818 67704 INFO tempest.lib.common.rest_client [req-7ab44580-cc9c-4a58-a2a8-226fd2380f10 req-7ab44580-cc9c-4a58-a2a8-226fd2380f10 ] Request (ListImageFiltersTestJSON:setUpClass): 200 GET http://10.180.1.21/compute/v2.1/servers/bd07735a-6a75-45fb-9cef-e1f2c301a489 3.829s
2024-12-22 11:07:49.877 67738 INFO tempest.lib.common.rest_client [req-df13c161-c434-459a-980b-3dcb8f917efc req-df13c161-c434-459a-980b-3dcb8f917efc ] Request (ImagesTestJSON:test_create_image_from_suspended_server): 200 GET http://10.180.1.21/compute/v2.1/servers/1ad97ed0-2a84-4783-8511-e0f6b24861bd 3.559s
2024-12-22 11:07:49.957 67710 INFO tempest.lib.common.rest_client [req-6d7bae19-29fd-4676-a059-99368839fade req-6d7bae19-29fd-4676-a059-99368839fade ] Request (MigrationsAdminTest:test_list_migrations_in_flavor_resize_situation): 200 GET http://10.180.1.21/compute/v2.1/servers/f1b1cbe0-0ad3-41ee-9b8c-cf975ec500df 3.912s
2024-12-22 11:07:49.963 67710 INFO tempest.common.waiters [-] State transition "RESIZE/resize_migrating" ==> "RESIZE/resize_migrated" after 35 second wait
2024-12-22 11:07:50.087 67746 INFO tempest.lib.common.rest_client [req-94fd1ccd-c3f6-4332-b1fe-bfbca2e052e8 req-94fd1ccd-c3f6-4332-b1fe-bfbca2e052e8 ] Request (AttachInterfacesTestJSON:test_create_list_show_delete_interfaces_by_fixed_ip): 200 GET http://10.180.1.21/compute/v2.1/servers/9cf45c3a-2a74-4f8e-8817-47bbd748a44b 3.701s
2024-12-22 11:07:50.101 67746 INFO tempest.common.waiters [-] State transition "BUILD/networking" ==> "BUILD/spawning" after 37 second wait
2024-12-22 11:07:50.126 67740 INFO tempest.lib.common.rest_client [req-69adc858-9340-417a-a8bb-d915462999d1 req-69adc858-9340-417a-a8bb-d915462999d1 ] Request (ServerRescueTestJSON:test_rescue_unrescue_instance): 200 GET http://10.180.1.21/compute/v2.1/servers/d49eae54-cccb-4281-aaa0-d6974529eb7b 3.181s
2024-12-22 11:07:50.135 67740 INFO tempest.common.waiters [-] State transition "BUILD/None" ==> "BUILD/spawning" after 36 second wait
2024-12-22 11:07:50.137 67726 INFO tempest.lib.common.rest_client [req-e5816d49-1433-405b-841a-70bbc8670fe4 req-e5816d49-1433-405b-841a-70bbc8670fe4 ] Request (ServerExternalEventsTest:test_create_server_external_events): 200 GET http://10.180.1.21/compute/v2.1/servers/e3c9e9de-586d-4baa-b4bb-95c41d527a03 3.120s
2024-12-22 11:07:50.190 67714 INFO tempest.lib.common.rest_client [req-f8b57467-b444-498f-bdaf-ed6c9fa0d95c req-f8b57467-b444-498f-bdaf-ed6c9fa0d95c ] Request (FloatingIPsAssociationNegativeTestJSON:tearDownClass): 200 GET http://10.180.1.21/compute/v2.1/servers/e03b8577-9298-4e88-98ea-6258e97db28d 3.052s
