2024-12-22 11:06:29.997 67756 INFO tempest.lib.common.rest_client [req-1957ae0e-7990-4989-b6b1-396a29f13d5c req-1957ae0e-7990-4989-b6b1-396a29f13d5c ] Request (VolumesAssistedSnapshotsTest:setUpClass): 201 POST http://10.180.1.21:9696/networking/v2.0/networks 0.342s
2024-12-22 11:06:30.030 67718 INFO tempest.lib.common.rest_client [req-a70647a9-7197-486b-9073-f5e2bb363332 req-a70647a9-7197-486b-9073-f5e2bb363332 ] Request (KeyPairsV210TestJSON:setUpClass): 201 POST http://10.180.1.21/identity/v3/users 0.065s
2024-12-22 11:06:30.051 67738 INFO tempest.lib.common.rest_client [req-f96c789b-cc54-4712-92bd-644caaa71218 req-f96c789b-cc54-4712-92bd-644caaa71218 ] Request (ImagesTestJSON:test_create_image_from_stopped_server): 202 POST http://10.180.1.21/compute/v2.1/servers 3.020s
2024-12-22 11:06:30.057 67718 INFO tempest.lib.common.rest_client [req-f09e2ed5-4349-42b7-8cd5-622f0512778c req-f09e2ed5-4349-42b7-8cd5-622f0512778c ] Request (KeyPairsV210TestJSON:setUpClass): 200 GET http://10.180.1.21/identity/v3/roles 0.027s
2024-12-22 11:06:30.089 67740 INFO tempest.lib.common.rest_client [req-d637b5c2-ee33-4a01-b61c-9461ce18d668 req-d637b5c2-ee33-4a01-b61c-9461ce18d668 ] Request (ServerRescueTestJSON:setUpClass): 202 POST http://10.180.1.21/compute/v2.1/servers 3.013s
2024-12-22 11:06:30.089 67718 INFO tempest.lib.common.rest_client [req-5a8198b8-be64-4248-abcc-c50eb6558766 req-5a8198b8-be64-4248-abcc-c50eb6558766 ] Request (KeyPairsV210TestJSON:setUpClass): 204 PUT http://10.180.1.21/identity/v3/projects/cb178703cfa34e0cae3890ad91762c7c/users/13dea1a26b4849f2bbef47b6c23ea112/roles/7a5920111b6d42d18ccdfa2d90a11553 0.031s
2024-12-22 11:06:30.090 67718 INFO tempest.lib.common.dynamic_creds [-] Dynamic test user 13dea1a26b4849f2bbef47b6c23ea112 is created with scope project and roles: ['member']
2024-12-22 11:06:30.090 67718 INFO tempest.lib.common.dynamic_creds [-] Acquired dynamic creds: credentials: Credentials: {'domain_id': 'default', 'domain_name': 'Default', 'username': 'tempest-KeyPairsV210TestJSON-1364008826-project-member', 'project_domain_id': 'default', 'project_domain_name': 'Default', 'project_id': 'cb178703cfa34e0cae3890ad91762c7c', 'project_name': 'tempest-KeyPairsV210TestJSON-1364008826', 'tenant_id': 'cb178703cfa34e0cae3890ad91762c7c', 'tenant_name': 'tempest-KeyPairsV210TestJSON-1364008826', 'user_domain_id': 'default', 'user_domain_name': 'Default', 'user_id': '13dea1a26b4849f2bbef47b6c23ea112', 'system': None}, Network: None, Subnet: None, Router: None
2024-12-22 11:06:30.090 67718 INFO tempest.lib.common.dynamic_creds [-] Created isolated network resources for: credentials: Credentials: {'domain_id': 'default', 'domain_name': 'Default', 'username': 'tempest-KeyPairsV210TestJSON-1364008826-project-member', 'project_domain_id': 'default', 'project_domain_name': 'Default', 'project_id': 'cb178703cfa34e0cae3890ad91762c7c', 'project_name': 'tempest-KeyPairsV210TestJSON-1364008826', 'tenant_id': 'cb178703cfa34e0cae3890ad91762c7c', 'tenant_name': 'tempest-KeyPairsV210TestJSON-1364008826', 'user_domain_id': 'default', 'user_domain_name': 'Default', 'user_id': '13dea1a26b4849f2bbef47b6c23ea112', 'system': None}, Network: None, Subnet: None, Router: None
2024-12-22 11:06:30.139 67734 INFO tempest.lib.common.rest_client [req-d768e59e-72aa-4757-94d8-f745183a02ad req-d768e59e-72aa-4757-94d8-f745183a02ad ] Request (SecurityGroupsNegativeTestJSON:setUpClass): 201 POST http://10.180.1.21:9696/networking/v2.0/networks 0.427s
2024-12-22 11:06:30.216 67708 INFO tempest.lib.common.rest_client [req-6299281b-0d5b-4aa9-b9e5-168bdbdbb909 req-6299281b-0d5b-4aa9-b9e5-168bdbdbb909 ] Request (FlavorsV261TestJSON:test_crud_flavor): 200 GET http://10.180.1.21/compute/v2.1/flavors/1478603981 3.073s
2024-12-22 11:06:30.246 67736 INFO tempest.lib.common.rest_client [req-88291da4-5d05-4e6e-a824-cf834b0560f6 req-88291da4-5d05-4e6e-a824-cf834b0560f6 ] Request (HypervisorAdminV228Test:test_get_list_hypervisor_details): 200 GET http://10.180.1.21/compute/v2.1/os-hypervisors/1 2.773s
2024-12-22 11:06:30.246 67750 INFO tempest.lib.common.rest_client [req-3bde819b-0be9-4bfb-9bf3-004d8c832c76 req-3bde819b-0be9-4bfb-9bf3-004d8c832c76 ] Request (FlavorsExtraSpecsTestJSON:setUpClass): 200 POST http://10.180.1.21/compute/v2.1/flavors 3.034s
2024-12-22 11:06:30.272 67712 INFO tempest.lib.common.rest_client [req-19f00f73-567d-4221-82cc-a19f330a2a15 req-19f00f73-567d-4221-82cc-a19f330a2a15 ] Request (FlavorsAdminTestJSON:_run_cleanups): 200 GET http://10.180.1.21/compute/v2.1/flavors/detail 2.609s
2024-12-22 11:06:30.284 67756 INFO tempest.lib.common.rest_client [req-c1a73cf0-6655-4fa7-be4e-4a0601f30872 req-c1a73cf0-6655-4fa7-be4e-4a0601f30872 ] Request (VolumesAssistedSnapshotsTest:setUpClass): 201 POST http://10.180.1.21:9696/networking/v2.0/subnets 0.287s
2024-12-22 11:06:30.285 67766 INFO tempest.lib.common.rest_client [req-0230f2e4-e56d-4676-9571-a4dca485be7a req-0230f2e4-e56d-4676-9571-a4dca485be7a ] Request (ImagesDeleteNegativeTestJSON:test_delete_image_with_id_over_character_limit): 404 DELETE http://10.180.1.21/compute/v2.1/images/83857b8f-bbb9-4290-82af-a5c666596ded1 2.600s
2024-12-22 11:06:30.291 67718 INFO tempest.lib.common.rest_client [req-9bc80e60-6ee8-4f3f-9429-e251133d495c req-9bc80e60-6ee8-4f3f-9429-e251133d495c ] Request (KeyPairsV210TestJSON:setUpClass): 201 POST http://10.180.1.21/identity/v3/auth/tokens 0.198s
2024-12-22 11:06:30.308 67733 INFO tempest.lib.common.rest_client [req-53e31440-74a0-43f2-9f93-491ef2334520 req-53e31440-74a0-43f2-9f93-491ef2334520 ] Request (KeyPairsV22TestJSON:_run_cleanups): 204 DELETE http://10.180.1.21/compute/v2.1/os-keypairs/tempest-keypair-399960441 2.590s
2024-12-22 11:06:30.340 67760 INFO tempest.lib.common.rest_client [req-91f820d0-f808-40f9-9446-ac3268a0a966 req-91f820d0-f808-40f9-9446-ac3268a0a966 ] Request (InstanceUsageAuditLogNegativeTestJSON:test_get_instance_usage_audit_logs_with_invalid_time): 400 GET http://10.180.1.21/compute/v2.1/os-instance_usage_audit_log/invalid_time 2.746s
2024-12-22 11:06:30.357 67718 INFO tempest.lib.common.rest_client [req-e727c756-846c-4637-aa6f-aea0f6715342 req-e727c756-846c-4637-aa6f-aea0f6715342 ] Request (KeyPairsV210TestJSON:setUpClass): 201 POST http://10.180.1.21/identity/v3/projects 0.066s
2024-12-22 11:06:30.372 67734 INFO tempest.lib.common.rest_client [req-8be68c48-53cd-4a32-a3aa-8bd6f225f132 req-8be68c48-53cd-4a32-a3aa-8bd6f225f132 ] Request (SecurityGroupsNegativeTestJSON:setUpClass): 201 POST http://10.180.1.21:9696/networking/v2.0/subnets 0.232s
2024-12-22 11:06:30.411 67710 INFO tempest.lib.common.rest_client [req-6a812e79-55f4-4b37-b4b1-7cd75177df8d req-6a812e79-55f4-4b37-b4b1-7cd75177df8d ] Request (FlavorMetadataValidation:test_flavor_update_with_custom_namespace): 200 POST http://10.180.1.21/compute/v2.1/flavors 2.589s
2024-12-22 11:06:30.448 67736 INFO tempest.lib.common.rest_client [req-b1090e0e-ce57-4a46-a51b-5683f72d4962 req-b1090e0e-ce57-4a46-a51b-5683f72d4962 ] Request (HypervisorAdminV228Test:tearDownClass): 204 DELETE http://10.180.1.21/identity/v3/users/0b6eafbb7fef499b8ab08a22931123a8 0.123s
2024-12-22 11:06:30.495 67764 INFO tempest.lib.common.rest_client [req-0e52e0d6-b7d6-4b45-b63c-a5a30f7d3663 req-0e52e0d6-b7d6-4b45-b63c-a5a30f7d3663 ] Request (HostsAdminTestJSON:test_list_hosts): 200 GET http://10.180.1.21/compute/v2.1/os-hosts 2.551s
2024-12-22 11:06:30.506 67718 INFO tempest.lib.common.rest_client [req-3575d90b-ac44-4b22-9eb6-e596c826a466 req-3575d90b-ac44-4b22-9eb6-e596c826a466 ] Request (KeyPairsV210TestJSON:setUpClass): 201 POST http://10.180.1.21/identity/v3/users 0.148s
2024-12-22 11:06:30.581 67736 INFO tempest.lib.common.rest_client [req-fade26be-23bf-4253-b63e-e0b495a53e69 req-fade26be-23bf-4253-b63e-e0b495a53e69 ] Request (HypervisorAdminV228Test:tearDownClass): 204 DELETE http://10.180.1.21/identity/v3/users/56de4120839446a989f12f614dce7498 0.132s
2024-12-22 11:06:30.581 67736 INFO tempest.lib.common.dynamic_creds [-] Deleting project and security group for project: 4ef594dccf6e4af2922bdc0729b22e92
2024-12-22 11:06:30.593 67762 INFO tempest.lib.common.rest_client [req-cb5e07f0-35c2-463e-90ca-347a50acdc94 req-cb5e07f0-35c2-463e-90ca-347a50acdc94 ] Request (AZAdminV2TestJSON:test_get_availability_zone_list): 200 GET http://10.180.1.21/compute/v2.1/os-availability-zone 2.646s
2024-12-22 11:06:30.664 67722 INFO tempest.lib.common.rest_client [req-57f20113-7342-4753-93c9-e84011d8cce9 req-57f20113-7342-4753-93c9-e84011d8cce9 ] Request (AZAdminNegativeTestJSON:test_get_availability_zone_list_detail_with_non_admin_user): 403 GET http://10.180.1.21/compute/v2.1/os-availability-zone/detail 2.594s
2024-12-22 11:06:30.673 67718 INFO tempest.lib.common.rest_client [req-35a0e87b-4199-44ee-952b-78bbc79fcf56 req-35a0e87b-4199-44ee-952b-78bbc79fcf56 ] Request (KeyPairsV210TestJSON:setUpClass): 200 GET http://10.180.1.21/identity/v3/roles 0.166s
2024-12-22 11:06:30.683 67736 INFO tempest.lib.common.rest_client [req-188f6195-4c77-4842-bd1f-5c84c1e8a7e9 req-188f6195-4c77-4842-bd1f-5c84c1e8a7e9 ] Request (HypervisorAdminV228Test:tearDownClass): 201 POST http://10.180.1.21/identity/v3/auth/tokens 0.102s
2024-12-22 11:06:30.778 67728 INFO tempest.lib.common.rest_client [req-1b089e49-8725-416f-af7d-bcae5dd9ee16 req-1b089e49-8725-416f-af7d-bcae5dd9ee16 ] Request (DeleteServersAdminTestJSON:test_admin_delete_servers_of_others): 200 GET http://10.180.1.21/compute/v2.1/servers/f90f35a2-f2ee-45e2-a9e4-afce50f29aa0 2.650s
2024-12-22 11:06:30.866 67718 INFO tempest.lib.common.rest_client [req-7c7786de-19ca-454c-81f8-9c1bcbc70496 req-7c7786de-19ca-454c-81f8-9c1bcbc70496 ] Request (KeyPairsV210TestJSON:setUpClass): 204 PUT http://10.180.1.21/identity/v3/projects/49f18c2259fe45de97c60db12cf9583f/users/5744674d667a4e87904d58a31ec746ae/roles/da56b2cc49b143b2bbfbea9ae28cd1ce 0.192s
2024-12-22 11:06:31.017 67752 INFO tempest.lib.common.rest_client [req-a2ad81b4-8d8e-4b9c-b0ce-0e45546d1ff4 req-a2ad81b4-8d8e-4b9c-b0ce-0e45546d1ff4 ] Request (HostsAdminNegativeTestJSON:setUpClass): 200 GET http://10.180.1.21/compute/v2.1/os-hosts 2.935s
2024-12-22 11:06:31.056 67722 INFO tempest.lib.common.rest_client [req-482028f4-7897-4a58-8770-a8b39b970e23 req-482028f4-7897-4a58-8770-a8b39b970e23 ] Request (AZAdminNegativeTestJSON:tearDownClass): 204 DELETE http://10.180.1.21/identity/v3/users/c025523550c44700a3b2d7519da65e34 0.326s
2024-12-22 11:06:31.059 67745 INFO tempest.lib.common.rest_client [req-00a0e5f8-5ca4-46d8-89be-c38410cb7125 req-00a0e5f8-5ca4-46d8-89be-c38410cb7125 ] Request (FlavorsV255TestJSON:test_crud_flavor): 200 POST http://10.180.1.21/compute/v2.1/flavors 2.806s
2024-12-22 11:06:31.095 67718 INFO tempest.lib.common.rest_client [req-dd7b2cb1-ebbd-4348-92ac-7813787d3905 req-dd7b2cb1-ebbd-4348-92ac-7813787d3905 ] Request (KeyPairsV210TestJSON:setUpClass): 200 GET http://10.180.1.21/identity/v3/roles 0.228s
2024-12-22 11:06:31.146 67756 INFO tempest.lib.common.rest_client [req-8e96dcd2-b9af-47a3-8198-9883fc86dff8 req-8e96dcd2-b9af-47a3-8198-9883fc86dff8 ] Request (VolumesAssistedSnapshotsTest:setUpClass): 201 POST http://10.180.1.21:9696/networking/v2.0/routers 0.860s
2024-12-22 11:06:31.159 67742 INFO tempest.lib.common.rest_client [req-d9814722-893b-4313-a7f9-024887ab8d2b req-d9814722-893b-4313-a7f9-024887ab8d2b ] Request (TenantUsagesNegativeTestJSON:test_get_usage_tenant_with_empty_tenant_id): 404 GET http://10.180.1.21/compute/v2.1/os-simple-tenant-usage/?start=2024-12-21T11%3A06%3A28.322864&end=2024-12-23T11%3A06%3A28.322864 2.836s
2024-12-22 11:06:31.197 67722 INFO tempest.lib.common.rest_client [req-242f1b91-c9d9-4ee3-a9be-7ce409f98aa7 req-242f1b91-c9d9-4ee3-a9be-7ce409f98aa7 ] Request (AZAdminNegativeTestJSON:tearDownClass): 204 DELETE http://10.180.1.21/identity/v3/users/68d38693c71b410188c950bc46051264 0.141s
2024-12-22 11:06:31.198 67722 INFO tempest.lib.common.dynamic_creds [-] Deleting project and security group for project: 0612a0195e7d499f958da617e2acd605
2024-12-22 11:06:31.202 67748 INFO tempest.lib.common.rest_client [req-9fdf8ff5-dbca-44df-afc8-0f04557db4fe req-9fdf8ff5-dbca-44df-afc8-0f04557db4fe ] Request (AggregatesAdminNegativeTestJSON:test_aggregate_add_existent_host): 200 POST http://10.180.1.21/compute/v2.1/os-aggregates 2.571s
2024-12-22 11:06:31.234 67742 WARNING tempest.lib.common.rest_client [-] Deprecated: "tenant_id" property is deprecated for removal, use "project_id" instead
2024-12-22 11:06:31.235 67736 INFO tempest.lib.common.rest_client [req-2e61d23b-aa33-47be-809c-7c0e8a500df7 req-2e61d23b-aa33-47be-809c-7c0e8a500df7 ] Request (HypervisorAdminV228Test:tearDownClass): 200 GET http://10.180.1.21:9696/networking/v2.0/security-groups?tenant_id=4ef594dccf6e4af2922bdc0729b22e92&name=default 0.549s
2024-12-22 11:06:31.244 67746 INFO tempest.lib.common.rest_client [req-6f2c8155-bba8-42f6-b9ae-487444513695 req-6f2c8155-bba8-42f6-b9ae-487444513695 ] Request (HypervisorAdminNegativeUnderV252Test:test_search_hypervisor_with_non_admin_user): 200 GET http://10.180.1.21/compute/v2.1/os-hypervisors 2.853s
2024-12-22 11:06:31.271 67718 INFO tempest.lib.common.rest_client [req-0ec1b3b1-fbbd-474b-8820-e2f0da1f64eb req-0ec1b3b1-fbbd-474b-8820-e2f0da1f64eb ] Request (KeyPairsV210TestJSON:setUpClass): 204 PUT http://10.180.1.21/identity/v3/projects/49f18c2259fe45de97c60db12cf9583f/users/5744674d667a4e87904d58a31ec746ae/roles/da56b2cc49b143b2bbfbea9ae28cd1ce 0.176s
2024-12-22 11:06:31.272 67718 INFO tempest.lib.common.dynamic_creds [-] Dynamic test user 5744674d667a4e87904d58a31ec746ae is created with scope project and roles: ['admin']
2024-12-22 11:06:31.272 67718 INFO tempest.lib.common.dynamic_creds [-] Acquired dynamic creds: credentials: Credentials: {'domain_id': 'default', 'domain_name': 'Default', 'username': 'tempest-KeyPairsV210TestJSON-1128390024-project-admin', 'project_domain_id': 'default', 'project_domain_name': 'Default', 'project_id': '49f18c2259fe45de97c60db12cf9583f', 'project_name': 'tempest-KeyPairsV210TestJSON-1128390024', 'tenant_id': '49f18c2259fe45de97c60db12cf9583f', 'tenant_name': 'tempest-KeyPairsV210TestJSON-1128390024', 'user_domain_id': 'default', 'user_domain_name': 'Default', 'user_id': '5744674d667a4e87904d58a31ec746ae', 'system': None}, Network: None, Subnet: None, Router: None
2024-12-22 11:06:31.272 67718 INFO tempest.lib.common.dynamic_creds [-] Created isolated network resources for: credentials: Credentials: {'domain_id': 'default', 'domain_name': 'Default', 'username': 'tempest-KeyPairsV210TestJSON-1128390024-project-admin', 'project_domain_id': 'default', 'project_domain_name': 'Default', 'project_id': '49f18c2259fe45de97c60db12cf9583f', 'project_name': 'tempest-KeyPairsV210TestJSON-1128390024', 'tenant_id': '49f18c2259fe45de97c60db12cf9583f', 'tenant_name': 'tempest-KeyPairsV210TestJSON-1128390024', 'user_domain_id': 'default', 'user_domain_name': 'Default', 'user_id': '5744674d667a4e87904d58a31ec746ae', 'system': None}, Network: None, Subnet: None, Router: None
2024-12-22 11:06:31.284 67722 INFO tempest.lib.common.rest_client [req-b0c73bb0-4c15-42b3-bff1-75c6bec02c3b req-b0c73bb0-4c15-42b3-bff1-75c6bec02c3b ] Request (AZAdminNegativeTestJSON:tearDownClass): 201 POST http://10.180.1.21/identity/v3/auth/tokens 0.085s
2024-12-22 11:06:31.346 67718 INFO tempest.lib.common.rest_client [req-1cbf13c1-b806-45b4-bf0d-c0b093c446df req-1cbf13c1-b806-45b4-bf0d-c0b093c446df ] Request (KeyPairsV210TestJSON:setUpClass): 201 POST http://10.180.1.21/identity/v3/auth/tokens 0.071s
2024-12-22 11:06:31.383 67736 INFO tempest.lib.common.rest_client [req-fcbc6fb9-71f8-4cae-9a90-299d85dec96e req-fcbc6fb9-71f8-4cae-9a90-299d85dec96e ] Request (HypervisorAdminV228Test:tearDownClass): 204 DELETE http://10.180.1.21:9696/networking/v2.0/security-groups/e03c60b5-759d-4cf2-8b9a-cf4d4207b7f7 0.147s
2024-12-22 11:06:31.453 67716 INFO tempest.lib.common.rest_client [req-e56b5250-486e-44a7-a663-5fb63d96bcb4 req-e56b5250-486e-44a7-a663-5fb63d96bcb4 ] Request (QuotasAdminNegativeTest:test_create_server_when_cpu_quota_is_full): 200 PUT http://10.180.1.21/compute/v2.1/os-quota-sets/5c189c3da2d74fbd880848abfb45d05e 2.497s
2024-12-22 11:06:31.464 67734 INFO tempest.lib.common.rest_client [req-d6f2f6e2-590f-46a1-ba0d-de3ae0889820 req-d6f2f6e2-590f-46a1-ba0d-de3ae0889820 ] Request (SecurityGroupsNegativeTestJSON:setUpClass): 201 POST http://10.180.1.21:9696/networking/v2.0/routers 1.091s
2024-12-22 11:06:31.482 67724 INFO tempest.lib.common.rest_client [req-e0ba4697-188f-4eb1-a539-5887a27924bf req-e0ba4697-188f-4eb1-a539-5887a27924bf ] Request (QuotasAdminTestJSON:test_delete_quota): 200 GET http://10.180.1.21/compute/v2.1/os-quota-sets/afe4ae6fba9b4100a4f2865abbb272e5 2.740s
2024-12-22 11:06:31.505 67736 INFO tempest.lib.common.rest_client [req-ee926104-b06d-4454-ac8a-2d7bd059d9e8 req-ee926104-b06d-4454-ac8a-2d7bd059d9e8 ] Request (HypervisorAdminV228Test:tearDownClass): 204 DELETE http://10.180.1.21/identity/v3/projects/4ef594dccf6e4af2922bdc0729b22e92 0.122s
2024-12-22 11:06:31.505 67736 INFO tempest.lib.common.dynamic_creds [-] Deleting project and security group for project: 15657e67cd03493b970524cceaf5c2c8
2024-12-22 11:06:31.573 67716 INFO tempest.lib.common.rest_client [req-2019bf9a-6d4e-4823-a1fa-a91681cf79f0 req-2019bf9a-6d4e-4823-a1fa-a91681cf79f0 ] Request (QuotasAdminNegativeTest:test_create_server_when_cpu_quota_is_full): 201 POST http://10.180.1.21/identity/v3/auth/tokens 0.059s
2024-12-22 11:06:31.574 67716 INFO tempest.lib.common.fixed_network [-] (QuotasAdminNegativeTest:test_create_server_when_cpu_quota_is_full) Found network None available for tenant
2024-12-22 11:06:31.634 67736 INFO tempest.lib.common.rest_client [req-622e8d26-f218-4917-82da-04c3eb3e89d9 req-622e8d26-f218-4917-82da-04c3eb3e89d9 ] Request (HypervisorAdminV228Test:tearDownClass): 200 GET http://10.180.1.21:9696/networking/v2.0/security-groups?tenant_id=15657e67cd03493b970524cceaf5c2c8&name=default 0.128s
2024-12-22 11:06:31.709 67722 INFO tempest.lib.common.rest_client [req-9b5f0b97-b7c6-4bf0-a47e-5de84b107be5 req-9b5f0b97-b7c6-4bf0-a47e-5de84b107be5 ] Request (AZAdminNegativeTestJSON:tearDownClass): 200 GET http://10.180.1.21:9696/networking/v2.0/security-groups?tenant_id=0612a0195e7d499f958da617e2acd605&name=default 0.425s
2024-12-22 11:06:31.879 67736 INFO tempest.lib.common.rest_client [req-3fd731d0-61e4-418e-87da-83dded9231bd req-3fd731d0-61e4-418e-87da-83dded9231bd ] Request (HypervisorAdminV228Test:tearDownClass): 204 DELETE http://10.180.1.21:9696/networking/v2.0/security-groups/85a38351-0f0e-4d70-bbe8-0242748cb8b6 0.244s
2024-12-22 11:06:31.918 67722 INFO tempest.lib.common.rest_client [req-4a5ab4f3-9eb7-460d-97d3-34c3ba6b5a13 req-4a5ab4f3-9eb7-460d-97d3-34c3ba6b5a13 ] Request (AZAdminNegativeTestJSON:tearDownClass): 204 DELETE http://10.180.1.21:9696/networking/v2.0/security-groups/14febecf-d4f9-4a87-914b-d4076e917654 0.207s
2024-12-22 11:06:31.995 67722 INFO tempest.lib.common.rest_client [req-89ed2e59-b081-4f2f-bb85-980e06a85682 req-89ed2e59-b081-4f2f-bb85-980e06a85682 ] Request (AZAdminNegativeTestJSON:tearDownClass): 204 DELETE http://10.180.1.21/identity/v3/projects/0612a0195e7d499f958da617e2acd605 0.076s
2024-12-22 11:06:31.996 67722 INFO tempest.lib.common.dynamic_creds [-] Deleting project and security group for project: 8e987c25dfea4c39a1d22cf56888c4e3
2024-12-22 11:06:31.998 67736 INFO tempest.lib.common.rest_client [req-2273a0dd-0fad-4a1a-a677-a3395d027ef6 req-2273a0dd-0fad-4a1a-a677-a3395d027ef6 ] Request (HypervisorAdminV228Test:tearDownClass): 204 DELETE http://10.180.1.21/identity/v3/projects/15657e67cd03493b970524cceaf5c2c8 0.119s
2024-12-22 11:06:32.054 67736 INFO tempest.lib.common.rest_client [req-7a46ebce-bf8c-46f8-a7f2-521c805bc0d4 req-7a46ebce-bf8c-46f8-a7f2-521c805bc0d4 ] Request (HypervisorAdminNegativeTestJSON:setUpClass): 201 POST http://10.180.1.21/identity/v3/auth/tokens 0.053s
2024-12-22 11:06:32.089 67736 INFO tempest.lib.common.rest_client [req-6276de24-10d5-4441-9208-a2d65fccdff5 req-6276de24-10d5-4441-9208-a2d65fccdff5 ] Request (HypervisorAdminNegativeTestJSON:setUpClass): 201 POST http://10.180.1.21/identity/v3/auth/tokens 0.030s
2024-12-22 11:06:32.114 67736 INFO tempest.lib.common.rest_client [req-dcc05137-1d08-40e3-98e0-cd653824aab2 req-dcc05137-1d08-40e3-98e0-cd653824aab2 ] Request (HypervisorAdminNegativeTestJSON:setUpClass): 200 GET http://10.180.1.21/identity/v3/domains?name=Default 0.024s
2024-12-22 11:06:32.153 67736 INFO tempest.lib.common.rest_client [req-764b97d1-ef92-4d90-94ff-a940ac97ac9b req-764b97d1-ef92-4d90-94ff-a940ac97ac9b ] Request (HypervisorAdminNegativeTestJSON:setUpClass): 201 POST http://10.180.1.21/identity/v3/projects 0.037s
2024-12-22 11:06:32.190 67730 INFO tempest.lib.common.rest_client [req-4b31faa8-25e0-4955-86f0-16c7843004ed req-4b31faa8-25e0-4955-86f0-16c7843004ed ] Request (FloatingIPsAssociationTestJSON:setUpClass): 202 POST http://10.180.1.21/compute/v2.1/servers 3.159s
2024-12-22 11:06:32.195 67722 INFO tempest.lib.common.rest_client [req-69198bb0-3c69-43f8-b740-0a4e77654828 req-69198bb0-3c69-43f8-b740-0a4e77654828 ] Request (AZAdminNegativeTestJSON:tearDownClass): 200 GET http://10.180.1.21:9696/networking/v2.0/security-groups?tenant_id=8e987c25dfea4c39a1d22cf56888c4e3&name=default 0.199s
2024-12-22 11:06:32.212 67736 INFO tempest.lib.common.rest_client [req-4bc60207-d269-40d8-9983-c5c8dbcad142 req-4bc60207-d269-40d8-9983-c5c8dbcad142 ] Request (HypervisorAdminNegativeTestJSON:setUpClass): 201 POST http://10.180.1.21/identity/v3/users 0.058s
2024-12-22 11:06:32.233 67704 INFO tempest.lib.common.rest_client [req-97dd2139-7ca4-488c-9bda-ebd6af136698 req-97dd2139-7ca4-488c-9bda-ebd6af136698 ] Request (HypervisorAdminV253TestBase:test_list_show_detail_hypervisors): 200 GET http://10.180.1.21/compute/v2.1/os-hypervisors?with_servers=True 2.978s
2024-12-22 11:06:32.240 67736 INFO tempest.lib.common.rest_client [req-24f0097a-4afc-474a-bc03-4634f2885e23 req-24f0097a-4afc-474a-bc03-4634f2885e23 ] Request (HypervisorAdminNegativeTestJSON:setUpClass): 200 GET http://10.180.1.21/identity/v3/roles 0.028s
2024-12-22 11:06:32.273 67736 INFO tempest.lib.common.rest_client [req-6e05b163-aef0-4388-82e7-5d513bf87b66 req-6e05b163-aef0-4388-82e7-5d513bf87b66 ] Request (HypervisorAdminNegativeTestJSON:setUpClass): 204 PUT http://10.180.1.21/identity/v3/projects/19874221d68945a088edacad94fdee07/users/5f5e49aaf87e4120b71ad4d6f1a2eaf5/roles/7a5920111b6d42d18ccdfa2d90a11553 0.033s
2024-12-22 11:06:32.274 67736 INFO tempest.lib.common.dynamic_creds [-] Dynamic test user 5f5e49aaf87e4120b71ad4d6f1a2eaf5 is created with scope project and roles: ['member']
2024-12-22 11:06:32.274 67736 INFO tempest.lib.common.dynamic_creds [-] Acquired dynamic creds: credentials: Credentials: {'domain_id': 'default', 'domain_name': 'Default', 'username': 'tempest-HypervisorAdminNegativeTestJSON-544011369-project-member', 'project_domain_id': 'default', 'project_domain_name': 'Default', 'project_id': '19874221d68945a088edacad94fdee07', 'project_name': 'tempest-HypervisorAdminNegativeTestJSON-544011369', 'tenant_id': '19874221d68945a088edacad94fdee07', 'tenant_name': 'tempest-HypervisorAdminNegativeTestJSON-544011369', 'user_domain_id': 'default', 'user_domain_name': 'Default', 'user_id': '5f5e49aaf87e4120b71ad4d6f1a2eaf5', 'system': None}, Network: None, Subnet: None, Router: None
2024-12-22 11:06:32.274 67736 INFO tempest.lib.common.dynamic_creds [-] Created isolated network resources for: credentials: Credentials: {'domain_id': 'default', 'domain_name': 'Default', 'username': 'tempest-HypervisorAdminNegativeTestJSON-544011369-project-member', 'project_domain_id': 'default', 'project_domain_name': 'Default', 'project_id': '19874221d68945a088edacad94fdee07', 'project_name': 'tempest-HypervisorAdminNegativeTestJSON-544011369', 'tenant_id': '19874221d68945a088edacad94fdee07', 'tenant_name': 'tempest-HypervisorAdminNegativeTestJSON-544011369', 'user_domain_id': 'default', 'user_domain_name': 'Default', 'user_id': '5f5e49aaf87e4120b71ad4d6f1a2eaf5', 'system': None}, Network: None, Subnet: None, Router: None
2024-12-22 11:06:32.330 67722 INFO tempest.lib.common.rest_client [req-d2a77ee9-dc0d-41d1-9202-0d92e55db8ce req-d2a77ee9-dc0d-41d1-9202-0d92e55db8ce ] Request (AZAdminNegativeTestJSON:tearDownClass): 204 DELETE http://10.180.1.21:9696/networking/v2.0/security-groups/2a325153-3094-4a18-9253-a5487396dd0b 0.134s
2024-12-22 11:06:32.354 67736 INFO tempest.lib.common.rest_client [req-7d152576-0b20-4034-96df-11086a2ffd54 req-7d152576-0b20-4034-96df-11086a2ffd54 ] Request (HypervisorAdminNegativeTestJSON:setUpClass): 201 POST http://10.180.1.21/identity/v3/auth/tokens 0.077s
2024-12-22 11:06:32.392 67726 INFO tempest.lib.common.rest_client [req-1e1d2b49-1330-4aee-a2a2-3cb585a5c2b8 req-1e1d2b49-1330-4aee-a2a2-3cb585a5c2b8 ] Request (FlavorsAccessNegativeTestJSON:test_add_flavor_access_duplicate): 200 POST http://10.180.1.21/compute/v2.1/flavors 3.067s
2024-12-22 11:06:32.398 67706 INFO tempest.lib.common.rest_client [req-7fe80fd2-b781-4843-9656-ebb63af58bb3 req-7fe80fd2-b781-4843-9656-ebb63af58bb3 ] Request (FloatingIPsTestJSON:test_delete_floating_ip): 200 POST http://10.180.1.21/compute/v2.1/os-floating-ips 3.381s
2024-12-22 11:06:32.419 67714 INFO tempest.lib.common.rest_client [req-1dd219f7-7dc5-4457-ac77-4da47748e17b req-1dd219f7-7dc5-4457-ac77-4da47748e17b ] Request (HypervisorAdminTestJSON:test_get_hypervisor_list_details): 200 GET http://10.180.1.21/compute/v2.1/os-hypervisors/detail 3.085s
2024-12-22 11:06:32.421 67756 INFO tempest.lib.common.rest_client [req-91e9c203-4e5b-4f33-8b9b-e04de8102359 req-91e9c203-4e5b-4f33-8b9b-e04de8102359 ] Request (VolumesAssistedSnapshotsTest:setUpClass): 200 PUT http://10.180.1.21:9696/networking/v2.0/routers/80a0a71d-b0bd-43cc-aaff-58479469ddec/add_router_interface 1.275s
2024-12-22 11:06:32.421 67756 INFO tempest.lib.common.dynamic_creds [-] Created isolated network resources for: credentials: Credentials: {'domain_id': 'default', 'domain_name': 'Default', 'username': 'tempest-VolumesAssistedSnapshotsTest-1116976750-project-admin', 'project_domain_id': 'default', 'project_domain_name': 'Default', 'project_id': '685df707d40b4411bba306beba59a317', 'project_name': 'tempest-VolumesAssistedSnapshotsTest-1116976750', 'tenant_id': '685df707d40b4411bba306beba59a317', 'tenant_name': 'tempest-VolumesAssistedSnapshotsTest-1116976750', 'user_domain_id': 'default', 'user_domain_name': 'Default', 'user_id': '5733bf3692fb452faefab5aff6045984', 'system': None}, Network: {'id': '39138a94-7d47-40c8-9ec4-15e87c53c27f', 'name': 'tempest-VolumesAssistedSnapshotsTest-470205628-network', 'tenant_id': '685df707d40b4411bba306beba59a317', 'admin_state_up': True, 'mtu': 8950, 'status': 'ACTIVE', 'subnets': [], 'shared': False, 'project_id': '685df707d40b4411bba306beba59a317', 'port_security_enabled': True, 'router:external': False, 'provider:network_type': 'vlan', 'provider:physical_network': 'default', 'provider:segmentation_id': 609, 'availability_zone_hints': [], 'availability_zones': [], 'ipv4_address_scope': None, 'ipv6_address_scope': None, 'description': '', 'tags': [], 'created_at': '2024-12-22T11:06:29Z', 'updated_at': '2024-12-22T11:06:29Z', 'revision_number': 1}, Subnet: {'id': '810c937e-f794-4c7a-89b2-b1941e07ba58', 'name': 'tempest-VolumesAssistedSnapshotsTest-470205628-subnet', 'tenant_id': '685df707d40b4411bba306beba59a317', 'network_id': '39138a94-7d47-40c8-9ec4-15e87c53c27f', 'ip_version': 4, 'subnetpool_id': None, 'enable_dhcp': True, 'ipv6_ra_mode': None, 'ipv6_address_mode': None, 'gateway_ip': '192.168.128.1', 'cidr': '192.168.128.0/28', 'allocation_pools': [{'start': '192.168.128.2', 'end': '192.168.128.14'}], 'host_routes': [], 'dns_nameservers': [], 'description': '', 'router:external': False, 'service_types': [], 'tags': [], 'created_at': '2024-12-22T11:06:30Z', 'updated_at': '2024-12-22T11:06:30Z', 'revision_number': 0, 'project_id': '685df707d40b4411bba306beba59a317'}, Router: {'id': '80a0a71d-b0bd-43cc-aaff-58479469ddec', 'name': 'tempest-VolumesAssistedSnapshotsTest-470205628-router', 'tenant_id': '685df707d40b4411bba306beba59a317', 'admin_state_up': True, 'status': 'ACTIVE', 'external_gateway_info': {'network_id': 'd0cd4724-5a77-4b92-9125-1abb46f49009', 'external_fixed_ips': [{'subnet_id': '7b74068e-56cb-48e4-82c2-c3d763974369', 'ip_address': '10.180.180.228'}], 'enable_snat': True}, 'description': '', 'availability_zones': [], 'distributed': False, 'ha': False, 'availability_zone_hints': [], 'routes': [], 'flavor_id': None, 'tags': [], 'created_at': '2024-12-22T11:06:30Z', 'updated_at': '2024-12-22T11:06:30Z', 'revision_number': 2, 'project_id': '685df707d40b4411bba306beba59a317'}
2024-12-22 11:06:32.431 67736 INFO tempest.lib.common.rest_client [req-2323acbc-d111-462a-aae7-5cb041a6a4e6 req-2323acbc-d111-462a-aae7-5cb041a6a4e6 ] Request (HypervisorAdminNegativeTestJSON:setUpClass): 201 POST http://10.180.1.21/identity/v3/projects 0.076s
2024-12-22 11:06:32.450 67722 INFO tempest.lib.common.rest_client [req-464d362e-c1bd-40ea-a500-d900666fd7fa req-464d362e-c1bd-40ea-a500-d900666fd7fa ] Request (AZAdminNegativeTestJSON:tearDownClass): 204 DELETE http://10.180.1.21/identity/v3/projects/8e987c25dfea4c39a1d22cf56888c4e3 0.119s
2024-12-22 11:06:32.504 67738 INFO tempest.lib.common.rest_client [req-4e14ffc1-9771-4c07-b824-b4ecc350dec2 req-4e14ffc1-9771-4c07-b824-b4ecc350dec2 ] Request (ImagesTestJSON:test_create_image_from_stopped_server): 200 GET http://10.180.1.21/compute/v2.1/servers/b0b4d94c-cd5c-4452-baa6-9aeec46b43ad 2.451s
2024-12-22 11:06:32.518 67756 INFO tempest.lib.common.rest_client [req-25e7295b-b133-40aa-b559-9af545396960 req-25e7295b-b133-40aa-b559-9af545396960 ] Request (VolumesAssistedSnapshotsTest:setUpClass): 201 POST http://10.180.1.21/identity/v3/auth/tokens 0.091s
2024-12-22 11:06:32.547 67720 INFO tempest.lib.common.rest_client [req-da4479c3-dddc-4de1-b0e6-1a1a619de836 req-da4479c3-dddc-4de1-b0e6-1a1a619de836 ] Request (KeyPairsNegativeTestJSON:test_create_keypair_invalid_name): 400 POST http://10.180.1.21/compute/v2.1/os-keypairs 2.825s
2024-12-22 11:06:32.556 67740 INFO tempest.lib.common.rest_client [req-3b80cc25-81f7-40b0-a428-d60779efea35 req-3b80cc25-81f7-40b0-a428-d60779efea35 ] Request (ServerRescueTestJSON:setUpClass): 200 GET http://10.180.1.21/compute/v2.1/servers/ccd80e20-9fc2-415a-a428-fcf85994c7f8 2.465s
2024-12-22 11:06:32.580 67722 INFO tempest.lib.common.rest_client [req-73bdae1e-49c2-4e2a-8b47-22d9f405d928 req-73bdae1e-49c2-4e2a-8b47-22d9f405d928 ] Request (HypervisorAdminUnderV252Test:setUpClass): 201 POST http://10.180.1.21/identity/v3/auth/tokens 0.128s
2024-12-22 11:06:32.581 67750 INFO tempest.lib.common.rest_client [req-95802e83-2656-4fe7-a99f-a019683be07c req-95802e83-2656-4fe7-a99f-a019683be07c ] Request (FlavorsExtraSpecsTestJSON:test_flavor_non_admin_get_all_keys): 200 POST http://10.180.1.21/compute/v2.1/flavors/1681355582/os-extra_specs 2.333s
2024-12-22 11:06:32.583 67708 INFO tempest.lib.common.rest_client [req-0e79f1e7-fbaf-4801-9eff-168cb9caf59e req-0e79f1e7-fbaf-4801-9eff-168cb9caf59e ] Request (FlavorsV261TestJSON:test_crud_flavor): 200 PUT http://10.180.1.21/compute/v2.1/flavors/1478603981 2.363s
2024-12-22 11:06:32.596 67736 INFO tempest.lib.common.rest_client [req-0441fd4d-386e-4fd6-a975-2a19035251e2 req-0441fd4d-386e-4fd6-a975-2a19035251e2 ] Request (HypervisorAdminNegativeTestJSON:setUpClass): 201 POST http://10.180.1.21/identity/v3/users 0.165s
2024-12-22 11:06:32.616 67766 INFO tempest.lib.common.rest_client [req-03d74b3e-b44e-4d7e-a34d-67b4c8768128 req-03d74b3e-b44e-4d7e-a34d-67b4c8768128 ] Request (ImagesDeleteNegativeTestJSON:test_delete_image_with_invalid_image_id): 404 DELETE http://10.180.1.21/compute/v2.1/images/tempest-invalid-752907355 2.329s
2024-12-22 11:06:32.629 67722 INFO tempest.lib.common.rest_client [req-b7ed6953-fa23-4fb2-a0cb-e1b664010eb0 req-b7ed6953-fa23-4fb2-a0cb-e1b664010eb0 ] Request (HypervisorAdminUnderV252Test:setUpClass): 201 POST http://10.180.1.21/identity/v3/auth/tokens 0.044s
2024-12-22 11:06:32.635 67756 INFO tempest.lib.common.rest_client [req-f0737a9c-ff90-44a5-aab8-386bfe6decbc req-f0737a9c-ff90-44a5-aab8-386bfe6decbc ] Request (VolumesAssistedSnapshotsTest:setUpClass): 201 POST http://10.180.1.21/identity/v3/projects 0.117s
2024-12-22 11:06:32.644 67733 INFO tempest.lib.common.rest_client [req-07505f2f-f735-4f45-a7a0-35e5c9478ce7 req-07505f2f-f735-4f45-a7a0-35e5c9478ce7 ] Request (KeyPairsV22TestJSON:test_keypair_create_with_pub_key): 201 POST http://10.180.1.21/compute/v2.1/os-keypairs 2.333s
2024-12-22 11:06:32.649 67712 INFO tempest.lib.common.rest_client [req-7aab2464-fa8f-42f9-b572-c5c5fdf0943c req-7aab2464-fa8f-42f9-b572-c5c5fdf0943c ] Request (FlavorsAdminTestJSON:test_create_flavor_verify_entry_in_list_details): 200 POST http://10.180.1.21/compute/v2.1/flavors 2.308s
2024-12-22 11:06:32.659 67736 INFO tempest.lib.common.rest_client [req-ed4f0b88-0a01-4859-bd8f-b1f4b44586b3 req-ed4f0b88-0a01-4859-bd8f-b1f4b44586b3 ] Request (HypervisorAdminNegativeTestJSON:setUpClass): 200 GET http://10.180.1.21/identity/v3/roles 0.062s
2024-12-22 11:06:32.708 67722 INFO tempest.lib.common.rest_client [req-1c88016c-b264-4a2e-9278-d768f2f18bac req-1c88016c-b264-4a2e-9278-d768f2f18bac ] Request (HypervisorAdminUnderV252Test:setUpClass): 200 GET http://10.180.1.21/identity/v3/domains?name=Default 0.079s
2024-12-22 11:06:32.729 67756 INFO tempest.lib.common.rest_client [req-07fad2a5-b439-44a7-8de3-279419eaf1f0 req-07fad2a5-b439-44a7-8de3-279419eaf1f0 ] Request (VolumesAssistedSnapshotsTest:setUpClass): 201 POST http://10.180.1.21/identity/v3/users 0.089s
2024-12-22 11:06:32.756 67710 INFO tempest.lib.common.rest_client [req-d84a7f43-8a90-4d4d-9f89-4baf39c80433 req-d84a7f43-8a90-4d4d-9f89-4baf39c80433 ] Request (FlavorMetadataValidation:test_flavor_update_with_custom_namespace): 200 POST http://10.180.1.21/compute/v2.1/flavors/1148013270/os-extra_specs 2.341s
2024-12-22 11:06:32.776 67764 INFO tempest.lib.common.rest_client [req-2e3f4a62-18c5-45a3-b7ab-bc2f8ec51ee0 req-2e3f4a62-18c5-45a3-b7ab-bc2f8ec51ee0 ] Request (HostsAdminTestJSON:test_list_hosts_with_a_blank_zone): 200 GET http://10.180.1.21/compute/v2.1/os-hosts?zone= 2.233s
2024-12-22 11:06:32.783 67736 INFO tempest.lib.common.rest_client [req-9c361490-2225-410f-95cb-1bd4bb04c96b req-9c361490-2225-410f-95cb-1bd4bb04c96b ] Request (HypervisorAdminNegativeTestJSON:setUpClass): 204 PUT http://10.180.1.21/identity/v3/projects/5db91082a6fa4342a2526bc6da2fc167/users/d88f92f2954a4f1f803dacf9413febed/roles/da56b2cc49b143b2bbfbea9ae28cd1ce 0.123s
2024-12-22 11:06:32.793 67762 INFO tempest.lib.common.rest_client [req-d8f36131-6589-477d-bfb4-9b237da7f98f req-d8f36131-6589-477d-bfb4-9b237da7f98f ] Request (AZAdminV2TestJSON:test_get_availability_zone_list_detail): 200 GET http://10.180.1.21/compute/v2.1/os-availability-zone/detail 2.144s
2024-12-22 11:06:32.816 67734 INFO tempest.lib.common.rest_client [req-236f4712-d17d-4094-9eb8-a36ea2a79fe3 req-236f4712-d17d-4094-9eb8-a36ea2a79fe3 ] Request (SecurityGroupsNegativeTestJSON:setUpClass): 200 PUT http://10.180.1.21:9696/networking/v2.0/routers/1a421a9e-10f1-49ba-899b-0e634e5039e1/add_router_interface 1.352s
2024-12-22 11:06:32.817 67734 INFO tempest.lib.common.dynamic_creds [-] Created isolated network resources for: credentials: Credentials: {'domain_id': 'default', 'domain_name': 'Default', 'username': 'tempest-SecurityGroupsNegativeTestJSON-2090707580-project-member', 'project_domain_id': 'default', 'project_domain_name': 'Default', 'project_id': '3c0e4e70fdc74176a1eb6e302b935e94', 'project_name': 'tempest-SecurityGroupsNegativeTestJSON-2090707580', 'tenant_id': '3c0e4e70fdc74176a1eb6e302b935e94', 'tenant_name': 'tempest-SecurityGroupsNegativeTestJSON-2090707580', 'user_domain_id': 'default', 'user_domain_name': 'Default', 'user_id': '9923f87904714debbc94d5dd65e2308b', 'system': None}, Network: {'id': '67cc4012-b96d-410b-a42f-d84944fd9a44', 'name': 'tempest-SecurityGroupsNegativeTestJSON-1711140673-network', 'tenant_id': '3c0e4e70fdc74176a1eb6e302b935e94', 'admin_state_up': True, 'mtu': 8950, 'status': 'ACTIVE', 'subnets': [], 'shared': False, 'project_id': '3c0e4e70fdc74176a1eb6e302b935e94', 'port_security_enabled': True, 'router:external': False, 'provider:network_type': 'vlan', 'provider:physical_network': 'default', 'provider:segmentation_id': 744, 'availability_zone_hints': [], 'availability_zones': [], 'ipv4_address_scope': None, 'ipv6_address_scope': None, 'description': '', 'tags': [], 'created_at': '2024-12-22T11:06:30Z', 'updated_at': '2024-12-22T11:06:30Z', 'revision_number': 1}, Subnet: {'id': '3a7174fa-60ce-49e6-8302-2d119930da68', 'name': 'tempest-SecurityGroupsNegativeTestJSON-1711140673-subnet', 'tenant_id': '3c0e4e70fdc74176a1eb6e302b935e94', 'network_id': '67cc4012-b96d-410b-a42f-d84944fd9a44', 'ip_version': 4, 'subnetpool_id': None, 'enable_dhcp': True, 'ipv6_ra_mode': None, 'ipv6_address_mode': None, 'gateway_ip': '192.168.128.1', 'cidr': '192.168.128.0/28', 'allocation_pools': [{'start': '192.168.128.2', 'end': '192.168.128.14'}], 'host_routes': [], 'dns_nameservers': [], 'description': '', 'router:external': False, 'service_types': [], 'tags': [], 'created_at': '2024-12-22T11:06:30Z', 'updated_at': '2024-12-22T11:06:30Z', 'revision_number': 0, 'project_id': '3c0e4e70fdc74176a1eb6e302b935e94'}, Router: {'id': '1a421a9e-10f1-49ba-899b-0e634e5039e1', 'name': 'tempest-SecurityGroupsNegativeTestJSON-1711140673-router', 'tenant_id': '3c0e4e70fdc74176a1eb6e302b935e94', 'admin_state_up': True, 'status': 'ACTIVE', 'external_gateway_info': {'network_id': 'd0cd4724-5a77-4b92-9125-1abb46f49009', 'external_fixed_ips': [{'subnet_id': '7b74068e-56cb-48e4-82c2-c3d763974369', 'ip_address': '10.180.180.165'}], 'enable_snat': True}, 'description': '', 'availability_zones': [], 'distributed': False, 'ha': False, 'availability_zone_hints': [], 'routes': [], 'flavor_id': None, 'tags': [], 'created_at': '2024-12-22T11:06:30Z', 'updated_at': '2024-12-22T11:06:31Z', 'revision_number': 2, 'project_id': '3c0e4e70fdc74176a1eb6e302b935e94'}
2024-12-22 11:06:32.832 67760 INFO tempest.lib.common.rest_client [req-7ea2333f-93f6-4ac3-8ed6-7f7f14a841d2 req-7ea2333f-93f6-4ac3-8ed6-7f7f14a841d2 ] Request (InstanceUsageAuditLogNegativeTestJSON:test_instance_usage_audit_logs_with_nonadmin_user): 403 GET http://10.180.1.21/compute/v2.1/os-instance_usage_audit_log 2.444s
2024-12-22 11:06:32.854 67722 INFO tempest.lib.common.rest_client [req-1e09d523-add1-4715-8f0a-62f703eb464c req-1e09d523-add1-4715-8f0a-62f703eb464c ] Request (HypervisorAdminUnderV252Test:setUpClass): 201 POST http://10.180.1.21/identity/v3/projects 0.145s
2024-12-22 11:06:32.882 67756 INFO tempest.lib.common.rest_client [req-25e0d55e-688c-43fa-a5a1-1cf79600ade2 req-25e0d55e-688c-43fa-a5a1-1cf79600ade2 ] Request (VolumesAssistedSnapshotsTest:setUpClass): 200 GET http://10.180.1.21/identity/v3/roles 0.152s
2024-12-22 11:06:32.904 67736 INFO tempest.lib.common.rest_client [req-3fe54302-77ed-417d-b84e-702d8fc7703d req-3fe54302-77ed-417d-b84e-702d8fc7703d ] Request (HypervisorAdminNegativeTestJSON:setUpClass): 200 GET http://10.180.1.21/identity/v3/roles 0.120s
2024-12-22 11:06:32.961 67762 INFO tempest.lib.common.rest_client [req-59adfa12-1868-4b1e-a4e9-05d0e5bd2ba3 req-59adfa12-1868-4b1e-a4e9-05d0e5bd2ba3 ] Request (AZAdminV2TestJSON:tearDownClass): 204 DELETE http://10.180.1.21/identity/v3/users/090d0c023a91489daee8eff82b10591c 0.161s
2024-12-22 11:06:33.003 67752 INFO tempest.lib.common.rest_client [req-572e2f5a-74ee-4742-9c46-befb11a3ab7c req-572e2f5a-74ee-4742-9c46-befb11a3ab7c ] Request (HostsAdminNegativeTestJSON:test_list_hosts_with_non_admin_user): 403 GET http://10.180.1.21/compute/v2.1/os-hosts 1.984s
2024-12-22 11:06:33.039 67734 INFO tempest.lib.common.rest_client [req-4986c221-898b-47d3-bdf8-217a6bf336b6 req-4986c221-898b-47d3-bdf8-217a6bf336b6 ] Request (SecurityGroupsNegativeTestJSON:setUpClass): 201 POST http://10.180.1.21/identity/v3/auth/tokens 0.217s
2024-12-22 11:06:33.102 67722 INFO tempest.lib.common.rest_client [req-0a212678-a1b2-42f3-ac59-fb3826947cff req-0a212678-a1b2-42f3-ac59-fb3826947cff ] Request (HypervisorAdminUnderV252Test:setUpClass): 201 POST http://10.180.1.21/identity/v3/users 0.247s
2024-12-22 11:06:33.109 67745 INFO tempest.lib.common.rest_client [req-a99b8e30-b42d-4bb2-a57d-1fae44ffbd8f req-a99b8e30-b42d-4bb2-a57d-1fae44ffbd8f ] Request (FlavorsV255TestJSON:test_crud_flavor): 200 GET http://10.180.1.21/compute/v2.1/flavors/1845427940 2.045s
2024-12-22 11:06:33.117 67742 INFO tempest.lib.common.rest_client [req-a68edb2a-804e-4e60-bc4d-f9da17ff0994 req-a68edb2a-804e-4e60-bc4d-f9da17ff0994 ] Request (TenantUsagesNegativeTestJSON:test_get_usage_tenant_with_invalid_date): 400 GET http://10.180.1.21/compute/v2.1/os-simple-tenant-usage/e1e2c590f0e44f1d96b0bcf16e968ab5?start=2024-12-23T11%3A06%3A28.322864&end=2024-12-21T11%3A06%3A28.322864 1.882s
2024-12-22 11:06:33.127 67756 INFO tempest.lib.common.rest_client [req-45ddd7b4-5e1b-4973-9c51-75974ad5d3f7 req-45ddd7b4-5e1b-4973-9c51-75974ad5d3f7 ] Request (VolumesAssistedSnapshotsTest:setUpClass): 204 PUT http://10.180.1.21/identity/v3/projects/dfb5e4e6774a437e86f2a51510c5c39e/users/59dbb6196b434928ba1fbef6e214264d/roles/da56b2cc49b143b2bbfbea9ae28cd1ce 0.245s
2024-12-22 11:06:33.132 67736 INFO tempest.lib.common.rest_client [req-728365fd-cdd4-4fc9-8401-acfc437f9b2d req-728365fd-cdd4-4fc9-8401-acfc437f9b2d ] Request (HypervisorAdminNegativeTestJSON:setUpClass): 204 PUT http://10.180.1.21/identity/v3/projects/5db91082a6fa4342a2526bc6da2fc167/users/d88f92f2954a4f1f803dacf9413febed/roles/da56b2cc49b143b2bbfbea9ae28cd1ce 0.228s
2024-12-22 11:06:33.132 67736 INFO tempest.lib.common.dynamic_creds [-] Dynamic test user d88f92f2954a4f1f803dacf9413febed is created with scope project and roles: ['admin']
2024-12-22 11:06:33.133 67736 INFO tempest.lib.common.dynamic_creds [-] Acquired dynamic creds: credentials: Credentials: {'domain_id': 'default', 'domain_name': 'Default', 'username': 'tempest-HypervisorAdminNegativeTestJSON-1545073231-project-admin', 'project_domain_id': 'default', 'project_domain_name': 'Default', 'project_id': '5db91082a6fa4342a2526bc6da2fc167', 'project_name': 'tempest-HypervisorAdminNegativeTestJSON-1545073231', 'tenant_id': '5db91082a6fa4342a2526bc6da2fc167', 'tenant_name': 'tempest-HypervisorAdminNegativeTestJSON-1545073231', 'user_domain_id': 'default', 'user_domain_name': 'Default', 'user_id': 'd88f92f2954a4f1f803dacf9413febed', 'system': None}, Network: None, Subnet: None, Router: None
2024-12-22 11:06:33.133 67736 INFO tempest.lib.common.dynamic_creds [-] Created isolated network resources for: credentials: Credentials: {'domain_id': 'default', 'domain_name': 'Default', 'username': 'tempest-HypervisorAdminNegativeTestJSON-1545073231-project-admin', 'project_domain_id': 'default', 'project_domain_name': 'Default', 'project_id': '5db91082a6fa4342a2526bc6da2fc167', 'project_name': 'tempest-HypervisorAdminNegativeTestJSON-1545073231', 'tenant_id': '5db91082a6fa4342a2526bc6da2fc167', 'tenant_name': 'tempest-HypervisorAdminNegativeTestJSON-1545073231', 'user_domain_id': 'default', 'user_domain_name': 'Default', 'user_id': 'd88f92f2954a4f1f803dacf9413febed', 'system': None}, Network: None, Subnet: None, Router: None
2024-12-22 11:06:33.194 67722 INFO tempest.lib.common.rest_client [req-815af35d-2189-467f-ad5d-a473fa04cd1d req-815af35d-2189-467f-ad5d-a473fa04cd1d ] Request (HypervisorAdminUnderV252Test:setUpClass): 200 GET http://10.180.1.21/identity/v3/roles 0.092s
2024-12-22 11:06:33.243 67762 INFO tempest.lib.common.rest_client [req-c36ec7df-c7d6-405f-92b4-2f7ca3f2ef8d req-c36ec7df-c7d6-405f-92b4-2f7ca3f2ef8d ] Request (AZAdminV2TestJSON:tearDownClass): 204 DELETE http://10.180.1.21/identity/v3/users/13d411f5947044879f2ae3aed2f6afc4 0.282s
2024-12-22 11:06:33.244 67762 INFO tempest.lib.common.dynamic_creds [-] Deleting project and security group for project: a33fca09521d4fd3b2156f2a456d8b4d
2024-12-22 11:06:33.292 67756 INFO tempest.lib.common.rest_client [req-83723903-a117-4b83-bd6f-e588057b69c6 req-83723903-a117-4b83-bd6f-e588057b69c6 ] Request (VolumesAssistedSnapshotsTest:setUpClass): 200 GET http://10.180.1.21/identity/v3/roles 0.165s
2024-12-22 11:06:33.296 67746 INFO tempest.lib.common.rest_client [req-35369d70-313e-4d06-92de-5701811f6408 req-35369d70-313e-4d06-92de-5701811f6408 ] Request (HypervisorAdminNegativeUnderV252Test:test_search_hypervisor_with_non_admin_user): 403 GET http://10.180.1.21/compute/v2.1/os-hypervisors/domain-c8.fc996f14-c53b-4953-92e3-bdfa48f5cc28/search 2.050s
2024-12-22 11:06:33.349 67736 INFO tempest.lib.common.rest_client [req-5f0db1f1-a9bf-4344-8fb1-a2d1c8d2e10c req-5f0db1f1-a9bf-4344-8fb1-a2d1c8d2e10c ] Request (HypervisorAdminNegativeTestJSON:setUpClass): 201 POST http://10.180.1.21/identity/v3/auth/tokens 0.213s
2024-12-22 11:06:33.371 67722 INFO tempest.lib.common.rest_client [req-fbf66bbb-b42e-4c2e-bc13-81eb0d05567a req-fbf66bbb-b42e-4c2e-bc13-81eb0d05567a ] Request (HypervisorAdminUnderV252Test:setUpClass): 204 PUT http://10.180.1.21/identity/v3/projects/fb7f8680d85644ddbf722f0e1d7fa577/users/afe8a91b0d3d4502b2135ad3a4bef633/roles/7a5920111b6d42d18ccdfa2d90a11553 0.176s
2024-12-22 11:06:33.371 67722 INFO tempest.lib.common.dynamic_creds [-] Dynamic test user afe8a91b0d3d4502b2135ad3a4bef633 is created with scope project and roles: ['member']
2024-12-22 11:06:33.371 67722 INFO tempest.lib.common.dynamic_creds [-] Acquired dynamic creds: credentials: Credentials: {'domain_id': 'default', 'domain_name': 'Default', 'username': 'tempest-HypervisorAdminUnderV252Test-1663007788-project-member', 'project_domain_id': 'default', 'project_domain_name': 'Default', 'project_id': 'fb7f8680d85644ddbf722f0e1d7fa577', 'project_name': 'tempest-HypervisorAdminUnderV252Test-1663007788', 'tenant_id': 'fb7f8680d85644ddbf722f0e1d7fa577', 'tenant_name': 'tempest-HypervisorAdminUnderV252Test-1663007788', 'user_domain_id': 'default', 'user_domain_name': 'Default', 'user_id': 'afe8a91b0d3d4502b2135ad3a4bef633', 'system': None}, Network: None, Subnet: None, Router: None
2024-12-22 11:06:33.371 67722 INFO tempest.lib.common.dynamic_creds [-] Created isolated network resources for: credentials: Credentials: {'domain_id': 'default', 'domain_name': 'Default', 'username': 'tempest-HypervisorAdminUnderV252Test-1663007788-project-member', 'project_domain_id': 'default', 'project_domain_name': 'Default', 'project_id': 'fb7f8680d85644ddbf722f0e1d7fa577', 'project_name': 'tempest-HypervisorAdminUnderV252Test-1663007788', 'tenant_id': 'fb7f8680d85644ddbf722f0e1d7fa577', 'tenant_name': 'tempest-HypervisorAdminUnderV252Test-1663007788', 'user_domain_id': 'default', 'user_domain_name': 'Default', 'user_id': 'afe8a91b0d3d4502b2135ad3a4bef633', 'system': None}, Network: None, Subnet: None, Router: None
2024-12-22 11:06:33.404 67762 INFO tempest.lib.common.rest_client [req-cb4d1a24-0285-4c3c-b5ef-cfa54e70e43a req-cb4d1a24-0285-4c3c-b5ef-cfa54e70e43a ] Request (AZAdminV2TestJSON:tearDownClass): 201 POST http://10.180.1.21/identity/v3/auth/tokens 0.160s
2024-12-22 11:06:33.419 67756 INFO tempest.lib.common.rest_client [req-85d95202-906e-4397-899e-02558c3a3248 req-85d95202-906e-4397-899e-02558c3a3248 ] Request (VolumesAssistedSnapshotsTest:setUpClass): 204 PUT http://10.180.1.21/identity/v3/projects/dfb5e4e6774a437e86f2a51510c5c39e/users/59dbb6196b434928ba1fbef6e214264d/roles/34d30422191c40a0949a75b879d37af0 0.126s
2024-12-22 11:06:33.419 67756 INFO tempest.lib.common.dynamic_creds [-] Dynamic test user 59dbb6196b434928ba1fbef6e214264d is created with scope project and roles: ['admin', 'service']
2024-12-22 11:06:33.419 67756 INFO tempest.lib.common.dynamic_creds [-] Acquired dynamic creds: credentials: Credentials: {'domain_id': 'default', 'domain_name': 'Default', 'username': 'tempest-VolumesAssistedSnapshotsTest-1687735957-project', 'project_domain_id': 'default', 'project_domain_name': 'Default', 'project_id': 'dfb5e4e6774a437e86f2a51510c5c39e', 'project_name': 'tempest-VolumesAssistedSnapshotsTest-1687735957', 'tenant_id': 'dfb5e4e6774a437e86f2a51510c5c39e', 'tenant_name': 'tempest-VolumesAssistedSnapshotsTest-1687735957', 'user_domain_id': 'default', 'user_domain_name': 'Default', 'user_id': '59dbb6196b434928ba1fbef6e214264d', 'system': None}, Network: None, Subnet: None, Router: None
2024-12-22 11:06:33.554 67718 INFO tempest.lib.common.rest_client [req-37929c50-e7cf-4d80-90b7-9f9ec8593f29 req-37929c50-e7cf-4d80-90b7-9f9ec8593f29 ] Request (KeyPairsV210TestJSON:test_admin_manage_keypairs_for_other_users): 201 POST http://10.180.1.21/compute/v2.1/os-keypairs 2.205s
2024-12-22 11:06:33.569 67722 INFO tempest.lib.common.rest_client [req-a0ce00fb-9ff2-4031-b30f-5f182eeae120 req-a0ce00fb-9ff2-4031-b30f-5f182eeae120 ] Request (HypervisorAdminUnderV252Test:setUpClass): 201 POST http://10.180.1.21/identity/v3/auth/tokens 0.195s
2024-12-22 11:06:33.581 67748 INFO tempest.lib.common.rest_client [req-f9a18e72-244d-4c90-885e-1d50b87ad21d req-f9a18e72-244d-4c90-885e-1d50b87ad21d ] Request (AggregatesAdminNegativeTestJSON:test_aggregate_add_existent_host): 200 POST http://10.180.1.21/compute/v2.1/os-aggregates/1/action 2.376s
2024-12-22 11:06:33.663 67722 INFO tempest.lib.common.rest_client [req-8625bd79-71cb-44e1-a3c3-dd07a32878bb req-8625bd79-71cb-44e1-a3c3-dd07a32878bb ] Request (HypervisorAdminUnderV252Test:setUpClass): 201 POST http://10.180.1.21/identity/v3/projects 0.093s
2024-12-22 11:06:33.704 67756 INFO tempest.lib.common.rest_client [req-10297d66-2318-43c2-9269-5d0db1d92d7f req-10297d66-2318-43c2-9269-5d0db1d92d7f ] Request (VolumesAssistedSnapshotsTest:setUpClass): 201 POST http://10.180.1.21:9696/networking/v2.0/networks 0.284s
