2024-12-22 11:07:16.495 67738 INFO tempest.lib.common.rest_client [req-09d33b53-a16a-480f-9058-360c8449dd28 req-09d33b53-a16a-480f-9058-360c8449dd28 ] Request (ImagesTestJSON:test_create_image_from_stopped_server): 200 GET http://10.180.1.21/compute/v2.1/images/64e00b8d-8a62-479c-8371-8a7594d98ee0 1.644s
2024-12-22 11:07:16.535 67742 INFO tempest.lib.common.rest_client [req-a5d048b5-212a-42f5-aab1-18bb95edb1f0 req-a5d048b5-212a-42f5-aab1-18bb95edb1f0 ] Request (ServersTestFqdnHostnames:test_create_server_with_fqdn_name): 200 GET http://10.180.1.21/compute/v2.1/servers/04bd30dc-9d1d-4a49-ba30-40cc4d6e06dd 1.809s
2024-12-22 11:07:16.543 67742 INFO tempest.common.waiters [-] State transition "BUILD/None" ==> "BUILD/spawning" after 16 second wait
2024-12-22 11:07:16.568 67720 INFO tempest.lib.common.rest_client [req-6e16ac4c-fb39-4356-9193-c0f49f4d6c4e req-6e16ac4c-fb39-4356-9193-c0f49f4d6c4e ] Request (ServerMetadataTestJSON:setUpClass): 200 GET http://10.180.1.21/compute/v2.1/servers/17e1dfa2-b104-4aac-928e-6364da155c3d 1.648s
2024-12-22 11:07:16.579 67718 INFO tempest.lib.common.rest_client [req-d27ecdcb-fe50-4783-9b23-6502837b9f0e req-d27ecdcb-fe50-4783-9b23-6502837b9f0e ] Request (QuotaClassesAdmin257Test:_run_cleanups): 200 PUT http://10.180.1.21/compute/v2.1/os-quota-class-sets/default 1.625s
2024-12-22 11:07:16.623 67746 INFO tempest.lib.common.rest_client [req-4d424135-c584-4b06-8e87-82d9055ef9fa req-4d424135-c584-4b06-8e87-82d9055ef9fa ] Request (AttachInterfacesTestJSON:test_create_list_show_delete_interfaces_by_fixed_ip): 200 GET http://10.180.1.21/compute/v2.1/servers/9cf45c3a-2a74-4f8e-8817-47bbd748a44b 1.664s
2024-12-22 11:07:16.632 67716 INFO tempest.lib.common.rest_client [req-8935f13b-c101-4213-aaf0-48be0e5bb59e req-8935f13b-c101-4213-aaf0-48be0e5bb59e ] Request (ServicesAdminNegativeV253TestJSON:tearDownClass): 204 DELETE http://10.180.1.21/identity/v3/projects/ab88dc3a8b4f4e10bcffed70c72802b1 0.142s
2024-12-22 11:07:16.648 67726 INFO tempest.lib.common.rest_client [req-5c03f62d-da6a-43bd-8642-677bca7b4286 req-5c03f62d-da6a-43bd-8642-677bca7b4286 ] Request (ServerExternalEventsTest:test_create_server_external_events): 200 GET http://10.180.1.21/compute/v2.1/servers/e3c9e9de-586d-4baa-b4bb-95c41d527a03 1.648s
2024-12-22 11:07:16.671 67712 INFO tempest.lib.common.rest_client [req-aae300c8-935d-45ae-8c4a-b678ed7a755f req-aae300c8-935d-45ae-8c4a-b678ed7a755f ] Request (FlavorsAdminTestJSON:test_is_public_string_variations): 200 GET http://10.180.1.21/compute/v2.1/flavors/detail?is_public=0 1.629s
2024-12-22 11:07:16.709 67716 INFO tempest.lib.common.rest_client [req-e43b762d-fa4e-41e4-88d1-c80421a6b6b1 req-e43b762d-fa4e-41e4-88d1-c80421a6b6b1 ] Request (AZV2TestJSON:setUpClass): 201 POST http://10.180.1.21/identity/v3/auth/tokens 0.074s
2024-12-22 11:07:16.736 67740 INFO tempest.lib.common.rest_client [req-72ccdd9e-78e1-40fc-bf00-e25b4cec8440 req-72ccdd9e-78e1-40fc-bf00-e25b4cec8440 ] Request (ServerRescueTestJSON:test_rescue_unrescue_instance): 200 GET http://10.180.1.21/compute/v2.1/servers/d49eae54-cccb-4281-aaa0-d6974529eb7b 1.678s
2024-12-22 11:07:16.746 67718 INFO tempest.lib.common.rest_client [req-d3248475-e37f-41ad-8717-179eff3ff801 req-d3248475-e37f-41ad-8717-179eff3ff801 ] Request (QuotaClassesAdmin257Test:tearDownClass): 204 DELETE http://10.180.1.21/identity/v3/users/d39743d15c9c4e468323fdc7a7d47dff 0.164s
2024-12-22 11:07:16.789 67716 INFO tempest.lib.common.rest_client [req-520839a7-f12d-44a8-a290-3983be98ed6c req-520839a7-f12d-44a8-a290-3983be98ed6c ] Request (AZV2TestJSON:setUpClass): 201 POST http://10.180.1.21/identity/v3/auth/tokens 0.078s
2024-12-22 11:07:16.904 67716 INFO tempest.lib.common.rest_client [req-90b9d567-8160-4a2b-88e5-97822eac1ee8 req-90b9d567-8160-4a2b-88e5-97822eac1ee8 ] Request (AZV2TestJSON:setUpClass): 200 GET http://10.180.1.21/identity/v3/domains?name=Default 0.113s
2024-12-22 11:07:16.947 67718 INFO tempest.lib.common.rest_client [req-a8ae4093-5fb5-4e1c-b199-5f4506bd573d req-a8ae4093-5fb5-4e1c-b199-5f4506bd573d ] Request (QuotaClassesAdmin257Test:tearDownClass): 204 DELETE http://10.180.1.21/identity/v3/users/03b3b05ac0d64067aa8f7adbc180fac5 0.200s
2024-12-22 11:07:16.947 67718 INFO tempest.lib.common.dynamic_creds [-] Deleting project and security group for project: 9ee076eb6f8f4b4e96447f8acbd345bd
2024-12-22 11:07:17.073 67716 INFO tempest.lib.common.rest_client [req-110a46ca-a79b-4ad2-849a-ce9e33986346 req-110a46ca-a79b-4ad2-849a-ce9e33986346 ] Request (AZV2TestJSON:setUpClass): 201 POST http://10.180.1.21/identity/v3/projects 0.169s
2024-12-22 11:07:17.170 67718 INFO tempest.lib.common.rest_client [req-9509d23f-fb64-4f2f-95ff-e3747c69e2ea req-9509d23f-fb64-4f2f-95ff-e3747c69e2ea ] Request (QuotaClassesAdmin257Test:tearDownClass): 201 POST http://10.180.1.21/identity/v3/auth/tokens 0.223s
2024-12-22 11:07:17.184 67716 INFO tempest.lib.common.rest_client [req-601659c7-3b93-46c5-a4b6-b1d0cb13ea4e req-601659c7-3b93-46c5-a4b6-b1d0cb13ea4e ] Request (AZV2TestJSON:setUpClass): 201 POST http://10.180.1.21/identity/v3/users 0.111s
2024-12-22 11:07:17.207 67716 INFO tempest.lib.common.rest_client [req-72d09364-72c4-423d-b028-d7f0b6ea1ac6 req-72d09364-72c4-423d-b028-d7f0b6ea1ac6 ] Request (AZV2TestJSON:setUpClass): 200 GET http://10.180.1.21/identity/v3/roles 0.022s
2024-12-22 11:07:17.210 67748 INFO tempest.lib.common.rest_client [req-682d2589-bf93-459f-b0b3-807a7b7b2def req-682d2589-bf93-459f-b0b3-807a7b7b2def ] Request (AggregatesAdminNegativeTestJSON:test_aggregate_remove_host_as_user): 200 POST http://10.180.1.21/compute/v2.1/os-aggregates/7/action 2.179s
2024-12-22 11:07:17.229 67706 INFO tempest.lib.common.rest_client [req-6b57f845-2104-4752-9f00-55e86d9c7446 req-6b57f845-2104-4752-9f00-55e86d9c7446 ] Request (ServerAddressesNegativeTestJSON:setUpClass): 200 GET http://10.180.1.21/compute/v2.1/servers/de31255d-b82f-4f32-82b2-0a8368fe2510 2.026s
2024-12-22 11:07:17.241 67716 INFO tempest.lib.common.rest_client [req-cf967a20-f6bb-4304-9e4a-771ad7b90832 req-cf967a20-f6bb-4304-9e4a-771ad7b90832 ] Request (AZV2TestJSON:setUpClass): 204 PUT http://10.180.1.21/identity/v3/projects/026858aac17e4d16a5a129c1edaafc2a/users/d0ced81d1ab541108971403aa3e378a0/roles/7a5920111b6d42d18ccdfa2d90a11553 0.033s
2024-12-22 11:07:17.241 67716 INFO tempest.lib.common.dynamic_creds [-] Dynamic test user d0ced81d1ab541108971403aa3e378a0 is created with scope project and roles: ['member']
2024-12-22 11:07:17.242 67716 INFO tempest.lib.common.dynamic_creds [-] Acquired dynamic creds: credentials: Credentials: {'domain_id': 'default', 'domain_name': 'Default', 'username': 'tempest-AZV2TestJSON-1331331690-project-member', 'project_domain_id': 'default', 'project_domain_name': 'Default', 'project_id': '026858aac17e4d16a5a129c1edaafc2a', 'project_name': 'tempest-AZV2TestJSON-1331331690', 'tenant_id': '026858aac17e4d16a5a129c1edaafc2a', 'tenant_name': 'tempest-AZV2TestJSON-1331331690', 'user_domain_id': 'default', 'user_domain_name': 'Default', 'user_id': 'd0ced81d1ab541108971403aa3e378a0', 'system': None}, Network: None, Subnet: None, Router: None
2024-12-22 11:07:17.242 67716 INFO tempest.lib.common.dynamic_creds [-] Created isolated network resources for: credentials: Credentials: {'domain_id': 'default', 'domain_name': 'Default', 'username': 'tempest-AZV2TestJSON-1331331690-project-member', 'project_domain_id': 'default', 'project_domain_name': 'Default', 'project_id': '026858aac17e4d16a5a129c1edaafc2a', 'project_name': 'tempest-AZV2TestJSON-1331331690', 'tenant_id': '026858aac17e4d16a5a129c1edaafc2a', 'tenant_name': 'tempest-AZV2TestJSON-1331331690', 'user_domain_id': 'default', 'user_domain_name': 'Default', 'user_id': 'd0ced81d1ab541108971403aa3e378a0', 'system': None}, Network: None, Subnet: None, Router: None
2024-12-22 11:07:17.311 67728 INFO tempest.lib.common.rest_client [req-7b8017f0-1e3b-4101-9655-4e7847f35662 req-7b8017f0-1e3b-4101-9655-4e7847f35662 ] Request (DeleteServersAdminTestJSON:test_delete_server_while_in_error_state): 200 GET http://10.180.1.21/compute/v2.1/servers/85d6db13-d317-498e-a36a-972e9b36e82b 1.883s
2024-12-22 11:07:17.326 67716 INFO tempest.lib.common.rest_client [req-3195c0b4-8759-4927-93b6-7217b57061fb req-3195c0b4-8759-4927-93b6-7217b57061fb ] Request (AZV2TestJSON:setUpClass): 201 POST http://10.180.1.21/identity/v3/auth/tokens 0.081s
2024-12-22 11:07:17.352 67718 INFO tempest.lib.common.rest_client [req-735901ea-3274-4a1f-b669-5e5da1a138e9 req-735901ea-3274-4a1f-b669-5e5da1a138e9 ] Request (QuotaClassesAdmin257Test:tearDownClass): 200 GET http://10.180.1.21:9696/networking/v2.0/security-groups?tenant_id=9ee076eb6f8f4b4e96447f8acbd345bd&name=default 0.181s
2024-12-22 11:07:17.379 67734 INFO tempest.lib.common.rest_client [req-4098f5ab-a556-4c1d-a3f1-84771d5186ec req-4098f5ab-a556-4c1d-a3f1-84771d5186ec ] Request (ServerActionsTestJSON:setUpClass): 200 GET http://10.180.1.21/compute/v2.1/servers/9716d592-32d1-4f1d-b42b-1c8a7d81d2f2 1.941s
2024-12-22 11:07:17.414 67708 INFO tempest.lib.common.rest_client [req-878236b2-0254-4101-aea7-7aed59b4725e req-878236b2-0254-4101-aea7-7aed59b4725e ] Request (KeyPairsV2TestJSON:test_keypair_create_delete): 200 POST http://10.180.1.21/compute/v2.1/os-keypairs 1.869s
2024-12-22 11:07:17.446 67718 INFO tempest.lib.common.rest_client [req-6a47e389-4324-4841-8157-c1be840af01a req-6a47e389-4324-4841-8157-c1be840af01a ] Request (QuotaClassesAdmin257Test:tearDownClass): 204 DELETE http://10.180.1.21:9696/networking/v2.0/security-groups/52bedc94-596b-497a-bbc4-df43e3681bd6 0.094s
2024-12-22 11:07:17.544 67718 INFO tempest.lib.common.rest_client [req-def992fa-b23a-4a90-8303-ed17c9954132 req-def992fa-b23a-4a90-8303-ed17c9954132 ] Request (QuotaClassesAdmin257Test:tearDownClass): 204 DELETE http://10.180.1.21/identity/v3/projects/9ee076eb6f8f4b4e96447f8acbd345bd 0.097s
2024-12-22 11:07:17.544 67718 INFO tempest.lib.common.dynamic_creds [-] Deleting project and security group for project: fd3860af278245f0b5b9411ca5042512
2024-12-22 11:07:17.567 67760 INFO tempest.lib.common.rest_client [req-9047df29-c769-4012-9f5a-69b057d8404b req-9047df29-c769-4012-9f5a-69b057d8404b ] Request (ServersTestManualDisk:setUpClass): 200 GET http://10.180.1.21/compute/v2.1/servers/7146277f-2621-4e8f-a14c-49bf4dd052db 2.313s
2024-12-22 11:07:17.648 67710 INFO tempest.lib.common.rest_client [req-84485c2f-6ae9-48a6-9708-84047a7e88b7 req-84485c2f-6ae9-48a6-9708-84047a7e88b7 ] Request (MigrationsAdminTest:test_list_migrations_in_flavor_resize_situation): 200 GET http://10.180.1.21/compute/v2.1/servers/f1b1cbe0-0ad3-41ee-9b8c-cf975ec500df 1.981s
2024-12-22 11:07:17.661 67718 INFO tempest.lib.common.rest_client [req-ccf9daa7-655a-4fa1-9539-2d61f26f930d req-ccf9daa7-655a-4fa1-9539-2d61f26f930d ] Request (QuotaClassesAdmin257Test:tearDownClass): 200 GET http://10.180.1.21:9696/networking/v2.0/security-groups?tenant_id=fd3860af278245f0b5b9411ca5042512&name=default 0.116s
2024-12-22 11:07:17.693 67766 INFO tempest.lib.common.rest_client [req-b31f9ba1-333d-45e3-9241-d162808ccb49 req-b31f9ba1-333d-45e3-9241-d162808ccb49 ] Request (ImagesOneServerTestJSON:test_create_delete_image): 200 GET http://10.180.1.21/compute/v2.1/images/e81db031-aecd-4d46-b472-c5cb3d8c71b0 1.754s
2024-12-22 11:07:17.752 67718 INFO tempest.lib.common.rest_client [req-879edf90-e10c-4e59-87e2-880557bd9c68 req-879edf90-e10c-4e59-87e2-880557bd9c68 ] Request (QuotaClassesAdmin257Test:tearDownClass): 204 DELETE http://10.180.1.21:9696/networking/v2.0/security-groups/588daa8a-4f6b-47db-b47a-8cdf4197144a 0.091s
2024-12-22 11:07:17.795 67736 INFO tempest.lib.common.rest_client [req-91e9b5de-4bc5-4bed-b8b0-820adb48abec req-91e9b5de-4bc5-4bed-b8b0-820adb48abec ] Request (AttachInterfacesV270Test:test_create_get_list_interfaces): 200 GET http://10.180.1.21/compute/v2.1/servers/6e477ec2-9270-42b1-85bd-a315460d9cab 1.891s
2024-12-22 11:07:17.865 67752 INFO tempest.lib.common.rest_client [req-b29aaa2b-b2d4-4b74-a859-ed67e75d9f43 req-b29aaa2b-b2d4-4b74-a859-ed67e75d9f43 ] Request (VolumesAdminNegativeTest:test_update_attached_volume_with_nonexistent_volume_in_body): 200 GET http://10.180.1.21/compute/v2.1/servers/b7f26f0e-d5a9-42a6-8af2-065659f89cf5 1.823s
2024-12-22 11:07:17.871 67718 INFO tempest.lib.common.rest_client [req-f43e0049-a8d9-429a-91b6-39e4415b53b3 req-f43e0049-a8d9-429a-91b6-39e4415b53b3 ] Request (QuotaClassesAdmin257Test:tearDownClass): 204 DELETE http://10.180.1.21/identity/v3/projects/fd3860af278245f0b5b9411ca5042512 0.118s
2024-12-22 11:07:17.881 67724 INFO tempest.lib.common.rest_client [req-8520d6e4-59df-43a0-bab2-c0a860d17056 req-8520d6e4-59df-43a0-bab2-c0a860d17056 ] Request (FlavorsV2TestJSON:test_list_flavors): 200 GET http://10.180.1.21/compute/v2.1/flavors/42 1.819s
2024-12-22 11:07:17.932 67718 INFO tempest.lib.common.rest_client [req-fd40fe18-8010-49bc-8e30-9bd6f57ac487 req-fd40fe18-8010-49bc-8e30-9bd6f57ac487 ] Request (ServerDiagnosticsTest:setUpClass): 201 POST http://10.180.1.21/identity/v3/auth/tokens 0.059s
2024-12-22 11:07:17.936 67750 INFO tempest.lib.common.rest_client [req-2d4be520-a7da-4154-80fc-f6b23df256be req-2d4be520-a7da-4154-80fc-f6b23df256be ] Request (ServersAdminNegativeTestJSON:test_migrate_server_invalid_state): 200 GET http://10.180.1.21/compute/v2.1/servers/ca1e1e82-f4fe-42b5-92b1-6a20b7267d4d 1.583s
2024-12-22 11:07:17.959 67718 INFO tempest.lib.common.rest_client [req-1aa093e2-03d8-4c3b-8d5a-9b4b4f76a0cd req-1aa093e2-03d8-4c3b-8d5a-9b4b4f76a0cd ] Request (ServerDiagnosticsTest:setUpClass): 201 POST http://10.180.1.21/identity/v3/auth/tokens 0.024s
2024-12-22 11:07:17.993 67718 INFO tempest.lib.common.rest_client [req-eaf08aec-75bb-4ee2-b9c9-2655f41fa12b req-eaf08aec-75bb-4ee2-b9c9-2655f41fa12b ] Request (ServerDiagnosticsTest:setUpClass): 200 GET http://10.180.1.21/identity/v3/domains?name=Default 0.033s
2024-12-22 11:07:18.024 67718 INFO tempest.lib.common.rest_client [req-d3d7a83b-23bc-4df0-9729-6f0c616c0ba9 req-d3d7a83b-23bc-4df0-9729-6f0c616c0ba9 ] Request (ServerDiagnosticsTest:setUpClass): 201 POST http://10.180.1.21/identity/v3/projects 0.030s
2024-12-22 11:07:18.086 67718 INFO tempest.lib.common.rest_client [req-79c73430-fefa-4222-be57-00c74af2cc4d req-79c73430-fefa-4222-be57-00c74af2cc4d ] Request (ServerDiagnosticsTest:setUpClass): 201 POST http://10.180.1.21/identity/v3/users 0.062s
2024-12-22 11:07:18.108 67718 INFO tempest.lib.common.rest_client [req-73cb3239-0d00-4e0e-a7d5-287db35bdc45 req-73cb3239-0d00-4e0e-a7d5-287db35bdc45 ] Request (ServerDiagnosticsTest:setUpClass): 200 GET http://10.180.1.21/identity/v3/roles 0.022s
2024-12-22 11:07:18.131 67718 INFO tempest.lib.common.rest_client [req-6a8ea644-dc7e-44c1-ad30-04efb4d9f854 req-6a8ea644-dc7e-44c1-ad30-04efb4d9f854 ] Request (ServerDiagnosticsTest:setUpClass): 204 PUT http://10.180.1.21/identity/v3/projects/3b4b24878df6488e8ca0334376eb6577/users/eeec10db12414951b45e800aaccba1fe/roles/7a5920111b6d42d18ccdfa2d90a11553 0.023s
2024-12-22 11:07:18.131 67718 INFO tempest.lib.common.dynamic_creds [-] Dynamic test user eeec10db12414951b45e800aaccba1fe is created with scope project and roles: ['member']
2024-12-22 11:07:18.132 67718 INFO tempest.lib.common.dynamic_creds [-] Acquired dynamic creds: credentials: Credentials: {'domain_id': 'default', 'domain_name': 'Default', 'username': 'tempest-ServerDiagnosticsTest-1004748477-project-member', 'project_domain_id': 'default', 'project_domain_name': 'Default', 'project_id': '3b4b24878df6488e8ca0334376eb6577', 'project_name': 'tempest-ServerDiagnosticsTest-1004748477', 'tenant_id': '3b4b24878df6488e8ca0334376eb6577', 'tenant_name': 'tempest-ServerDiagnosticsTest-1004748477', 'user_domain_id': 'default', 'user_domain_name': 'Default', 'user_id': 'eeec10db12414951b45e800aaccba1fe', 'system': None}, Network: None, Subnet: None, Router: None
2024-12-22 11:07:18.132 67718 INFO tempest.lib.common.dynamic_creds [-] Created isolated network resources for: credentials: Credentials: {'domain_id': 'default', 'domain_name': 'Default', 'username': 'tempest-ServerDiagnosticsTest-1004748477-project-member', 'project_domain_id': 'default', 'project_domain_name': 'Default', 'project_id': '3b4b24878df6488e8ca0334376eb6577', 'project_name': 'tempest-ServerDiagnosticsTest-1004748477', 'tenant_id': '3b4b24878df6488e8ca0334376eb6577', 'tenant_name': 'tempest-ServerDiagnosticsTest-1004748477', 'user_domain_id': 'default', 'user_domain_name': 'Default', 'user_id': 'eeec10db12414951b45e800aaccba1fe', 'system': None}, Network: None, Subnet: None, Router: None
2024-12-22 11:07:18.157 67764 INFO tempest.lib.common.rest_client [req-affbc12d-15c7-4e86-8052-27fb6f34d3ec req-affbc12d-15c7-4e86-8052-27fb6f34d3ec ] Request (SecurityGroupRulesTestJSON:test_security_group_rules_delete_when_peer_group_deleted): 200 POST http://10.180.1.21/compute/v2.1/os-security-groups 1.773s
2024-12-22 11:07:18.197 67718 INFO tempest.lib.common.rest_client [req-3f124795-4b18-43de-8042-1a54c5a4abee req-3f124795-4b18-43de-8042-1a54c5a4abee ] Request (ServerDiagnosticsTest:setUpClass): 201 POST http://10.180.1.21/identity/v3/auth/tokens 0.062s
2024-12-22 11:07:18.226 67745 INFO tempest.lib.common.rest_client [req-b20fc6a5-6413-4332-ad37-ab997d8247c0 req-b20fc6a5-6413-4332-ad37-ab997d8247c0 ] Request (ServerActionsTestOtherA:setUpClass): 202 POST http://10.180.1.21/compute/v2.1/servers 2.192s
2024-12-22 11:07:18.240 67712 INFO tempest.lib.common.rest_client [req-9ef8872a-3fc8-4fd2-8b62-677d52f3f8a1 req-9ef8872a-3fc8-4fd2-8b62-677d52f3f8a1 ] Request (FlavorsAdminTestJSON:test_is_public_string_variations): 200 GET http://10.180.1.21/compute/v2.1/flavors/detail?is_public=t 1.565s
2024-12-22 11:07:18.254 67718 INFO tempest.lib.common.rest_client [req-06f0ba87-d0db-4c29-aa48-23b5c94c2f38 req-06f0ba87-d0db-4c29-aa48-23b5c94c2f38 ] Request (ServerDiagnosticsTest:setUpClass): 201 POST http://10.180.1.21/identity/v3/projects 0.056s
2024-12-22 11:07:18.268 67733 INFO tempest.lib.common.rest_client [req-426c4e66-6688-4ef9-a586-540159cb3c48 req-426c4e66-6688-4ef9-a586-540159cb3c48 ] Request (AbsoluteLimitsNegativeTestJSON:test_max_metadata_exceed_limit): 200 GET http://10.180.1.21/compute/v2.1/limits 1.684s
2024-12-22 11:07:18.325 67733 INFO tempest.lib.common.rest_client [req-4976e7af-451f-47b9-881e-a0fa96321c98 req-4976e7af-451f-47b9-881e-a0fa96321c98 ] Request (AbsoluteLimitsNegativeTestJSON:test_max_metadata_exceed_limit): 201 POST http://10.180.1.21/identity/v3/auth/tokens 0.051s
2024-12-22 11:07:18.326 67733 INFO tempest.lib.common.fixed_network [-] (AbsoluteLimitsNegativeTestJSON:test_max_metadata_exceed_limit) Found network None available for tenant
2024-12-22 11:07:18.331 67704 INFO tempest.lib.common.rest_client [req-99aa4839-7e7e-4ce7-8dbc-813de6a161dc req-99aa4839-7e7e-4ce7-8dbc-813de6a161dc ] Request (ListImageFiltersTestJSON:setUpClass): 200 GET http://10.180.1.21/compute/v2.1/servers/bd07735a-6a75-45fb-9cef-e1f2c301a489 1.203s
2024-12-22 11:07:18.330 67718 INFO tempest.lib.common.rest_client [req-d8b97bc9-8386-4e2f-af92-84afb64b47df req-d8b97bc9-8386-4e2f-af92-84afb64b47df ] Request (ServerDiagnosticsTest:setUpClass): 201 POST http://10.180.1.21/identity/v3/users 0.076s
2024-12-22 11:07:18.355 67714 INFO tempest.lib.common.rest_client [req-a4a8bf00-c5fe-44d8-9216-dd046bd6d03b req-a4a8bf00-c5fe-44d8-9216-dd046bd6d03b ] Request (FloatingIPsAssociationNegativeTestJSON:setUpClass): 200 GET http://10.180.1.21/compute/v2.1/servers/e03b8577-9298-4e88-98ea-6258e97db28d 1.307s
2024-12-22 11:07:18.360 67748 INFO tempest.lib.common.rest_client [req-cced5c20-00ec-4af2-8474-15f19edcf8f8 req-cced5c20-00ec-4af2-8474-15f19edcf8f8 ] Request (AggregatesAdminNegativeTestJSON:test_aggregate_remove_host_as_user): 403 POST http://10.180.1.21/compute/v2.1/os-aggregates/7/action 1.148s
2024-12-22 11:07:18.364 67718 INFO tempest.lib.common.rest_client [req-8c9281c5-ce88-4fd2-972c-f5e171c154d7 req-8c9281c5-ce88-4fd2-972c-f5e171c154d7 ] Request (ServerDiagnosticsTest:setUpClass): 200 GET http://10.180.1.21/identity/v3/roles 0.033s
2024-12-22 11:07:18.365 67714 INFO tempest.common.waiters [-] State transition "BUILD/spawning" ==> "ACTIVE/None" after 22 second wait
2024-12-22 11:07:18.384 67730 INFO tempest.lib.common.rest_client [req-77e26db4-f1c4-4038-9705-16a4e2af2ca0 req-77e26db4-f1c4-4038-9705-16a4e2af2ca0 ] Request (FloatingIPsAssociationTestJSON:test_associate_already_associated_floating_ip): 200 GET http://10.180.1.21/compute/v2.1/servers/e2138192-14e0-43d2-9d19-9820747d7217 1.182s
2024-12-22 11:07:18.391 67718 INFO tempest.lib.common.rest_client [req-dd7a9216-3d8c-4c79-9949-56050e242c42 req-dd7a9216-3d8c-4c79-9949-56050e242c42 ] Request (ServerDiagnosticsTest:setUpClass): 204 PUT http://10.180.1.21/identity/v3/projects/3dd7fd41482446b598a983986d9daca9/users/225ce47440884bbbaae4fa9173745f57/roles/da56b2cc49b143b2bbfbea9ae28cd1ce 0.026s
2024-12-22 11:07:18.397 67708 INFO tempest.lib.common.rest_client [req-b9a7c871-2cc5-4453-a069-c61cbdd40765 req-b9a7c871-2cc5-4453-a069-c61cbdd40765 ] Request (KeyPairsV2TestJSON:_run_cleanups): 202 DELETE http://10.180.1.21/compute/v2.1/os-keypairs/tempest-keypair-12372935 0.981s
2024-12-22 11:07:18.440 67718 INFO tempest.lib.common.rest_client [req-04e2ab76-a600-4a10-ac91-01574de0ce11 req-04e2ab76-a600-4a10-ac91-01574de0ce11 ] Request (ServerDiagnosticsTest:setUpClass): 200 GET http://10.180.1.21/identity/v3/roles 0.048s
2024-12-22 11:07:18.446 67754 INFO tempest.lib.common.rest_client [req-4f88f1e7-fc84-44e8-935c-994484faeb48 req-4f88f1e7-fc84-44e8-935c-994484faeb48 ] Request (ServersAdmin275Test:test_rebuild_update_server_275): 200 GET http://10.180.1.21/compute/v2.1/servers/726d9639-1ab4-46a9-975e-5580c8344a37 0.985s
2024-12-22 11:07:18.455 67718 INFO tempest.lib.common.rest_client [req-5af6294d-04a8-44cc-9bd6-ba8e7109cefa req-5af6294d-04a8-44cc-9bd6-ba8e7109cefa ] Request (ServerDiagnosticsTest:setUpClass): 204 PUT http://10.180.1.21/identity/v3/projects/3dd7fd41482446b598a983986d9daca9/users/225ce47440884bbbaae4fa9173745f57/roles/da56b2cc49b143b2bbfbea9ae28cd1ce 0.015s
2024-12-22 11:07:18.455 67718 INFO tempest.lib.common.dynamic_creds [-] Dynamic test user 225ce47440884bbbaae4fa9173745f57 is created with scope project and roles: ['admin']
2024-12-22 11:07:18.456 67718 INFO tempest.lib.common.dynamic_creds [-] Acquired dynamic creds: credentials: Credentials: {'domain_id': 'default', 'domain_name': 'Default', 'username': 'tempest-ServerDiagnosticsTest-2127734892-project-admin', 'project_domain_id': 'default', 'project_domain_name': 'Default', 'project_id': '3dd7fd41482446b598a983986d9daca9', 'project_name': 'tempest-ServerDiagnosticsTest-2127734892', 'tenant_id': '3dd7fd41482446b598a983986d9daca9', 'tenant_name': 'tempest-ServerDiagnosticsTest-2127734892', 'user_domain_id': 'default', 'user_domain_name': 'Default', 'user_id': '225ce47440884bbbaae4fa9173745f57', 'system': None}, Network: None, Subnet: None, Router: None
2024-12-22 11:07:18.456 67718 INFO tempest.lib.common.dynamic_creds [-] Created isolated network resources for: credentials: Credentials: {'domain_id': 'default', 'domain_name': 'Default', 'username': 'tempest-ServerDiagnosticsTest-2127734892-project-admin', 'project_domain_id': 'default', 'project_domain_name': 'Default', 'project_id': '3dd7fd41482446b598a983986d9daca9', 'project_name': 'tempest-ServerDiagnosticsTest-2127734892', 'tenant_id': '3dd7fd41482446b598a983986d9daca9', 'tenant_name': 'tempest-ServerDiagnosticsTest-2127734892', 'user_domain_id': 'default', 'user_domain_name': 'Default', 'user_id': '225ce47440884bbbaae4fa9173745f57', 'system': None}, Network: None, Subnet: None, Router: None
2024-12-22 11:07:18.480 67738 INFO tempest.lib.common.rest_client [req-41068382-7373-44e2-98b6-9cc28dc13d1d req-41068382-7373-44e2-98b6-9cc28dc13d1d ] Request (ImagesTestJSON:test_create_image_from_stopped_server): 200 GET http://10.180.1.21/compute/v2.1/images/64e00b8d-8a62-479c-8371-8a7594d98ee0 0.981s
2024-12-22 11:07:18.495 67716 INFO tempest.lib.common.rest_client [req-a379cc8f-8db3-4a98-8e02-ffe43175c0c4 req-a379cc8f-8db3-4a98-8e02-ffe43175c0c4 ] Request (AZV2TestJSON:test_get_availability_zone_list_with_non_admin_user): 200 GET http://10.180.1.21/compute/v2.1/os-availability-zone 1.167s
2024-12-22 11:07:18.524 67718 INFO tempest.lib.common.rest_client [req-06c90c86-8561-4c88-b5ec-b5530ca9577d req-06c90c86-8561-4c88-b5ec-b5530ca9577d ] Request (ServerDiagnosticsTest:setUpClass): 201 POST http://10.180.1.21/identity/v3/auth/tokens 0.064s
2024-12-22 11:07:18.550 67720 INFO tempest.lib.common.rest_client [req-ab3040c5-e9aa-424c-bc06-9385a6d6f6dc req-ab3040c5-e9aa-424c-bc06-9385a6d6f6dc ] Request (ServerMetadataTestJSON:setUpClass): 200 GET http://10.180.1.21/compute/v2.1/servers/17e1dfa2-b104-4aac-928e-6364da155c3d 0.971s
2024-12-22 11:07:18.587 67718 INFO tempest.lib.common.rest_client [req-29ec6996-f94f-47e9-8fad-eaec48043bfd req-29ec6996-f94f-47e9-8fad-eaec48043bfd ] Request (ServerDiagnosticsTest:test_get_server_diagnostics): 201 POST http://10.180.1.21/identity/v3/auth/tokens 0.058s
2024-12-22 11:07:18.588 67718 INFO tempest.lib.common.fixed_network [-] (ServerDiagnosticsTest:test_get_server_diagnostics) Found network None available for tenant
2024-12-22 11:07:18.592 67716 INFO tempest.lib.common.rest_client [req-02203eef-860d-4cf9-8c54-f05c9fdcff62 req-02203eef-860d-4cf9-8c54-f05c9fdcff62 ] Request (AZV2TestJSON:tearDownClass): 204 DELETE http://10.180.1.21/identity/v3/users/d0ced81d1ab541108971403aa3e378a0 0.093s
2024-12-22 11:07:18.593 67716 INFO tempest.lib.common.dynamic_creds [-] Deleting project and security group for project: 026858aac17e4d16a5a129c1edaafc2a
2024-12-22 11:07:18.600 67742 INFO tempest.lib.common.rest_client [req-c4c746a0-87aa-4166-9fe7-df672ba4dc26 req-c4c746a0-87aa-4166-9fe7-df672ba4dc26 ] Request (ServersTestFqdnHostnames:test_create_server_with_fqdn_name): 200 GET http://10.180.1.21/compute/v2.1/servers/04bd30dc-9d1d-4a49-ba30-40cc4d6e06dd 1.055s
2024-12-22 11:07:18.609 67746 INFO tempest.lib.common.rest_client [req-05a00c56-9d75-496e-9558-d54df0dc87c1 req-05a00c56-9d75-496e-9558-d54df0dc87c1 ] Request (AttachInterfacesTestJSON:test_create_list_show_delete_interfaces_by_fixed_ip): 200 GET http://10.180.1.21/compute/v2.1/servers/9cf45c3a-2a74-4f8e-8817-47bbd748a44b 0.966s
2024-12-22 11:07:18.661 67726 INFO tempest.lib.common.rest_client [req-1959a0e2-ce5e-42b8-bd2c-36cbd7fa55e3 req-1959a0e2-ce5e-42b8-bd2c-36cbd7fa55e3 ] Request (ServerExternalEventsTest:test_create_server_external_events): 200 GET http://10.180.1.21/compute/v2.1/servers/e3c9e9de-586d-4baa-b4bb-95c41d527a03 1.004s
2024-12-22 11:07:18.665 67740 INFO tempest.lib.common.rest_client [req-e912f7b0-ab64-429c-8539-d71b89c9a415 req-e912f7b0-ab64-429c-8539-d71b89c9a415 ] Request (ServerRescueTestJSON:test_rescue_unrescue_instance): 200 GET http://10.180.1.21/compute/v2.1/servers/d49eae54-cccb-4281-aaa0-d6974529eb7b 0.922s
2024-12-22 11:07:18.672 67724 INFO tempest.lib.common.rest_client [req-4fa98572-32b4-4b5f-ae35-d0e2c5b86aaa req-4fa98572-32b4-4b5f-ae35-d0e2c5b86aaa ] Request (FlavorsV2TestJSON:test_list_flavors_detailed_filter_by_min_disk): 200 GET http://10.180.1.21/compute/v2.1/flavors/42 0.784s
2024-12-22 11:07:18.676 67716 INFO tempest.lib.common.rest_client [req-385970d0-5297-41a4-8575-bdc81778d7e0 req-385970d0-5297-41a4-8575-bdc81778d7e0 ] Request (AZV2TestJSON:tearDownClass): 201 POST http://10.180.1.21/identity/v3/auth/tokens 0.083s
2024-12-22 11:07:18.722 67745 INFO tempest.lib.common.rest_client [req-c182bcbc-8540-4d9d-bc38-32262177a97a req-c182bcbc-8540-4d9d-bc38-32262177a97a ] Request (ServerActionsTestOtherA:setUpClass): 200 GET http://10.180.1.21/compute/v2.1/servers/e8ad74ce-7862-4574-98e7-14bc54bd5d6c 0.494s
2024-12-22 11:07:18.778 67756 WARNING tempest.lib.common.ssh [-] Failed to establish authenticated ssh connection to cirros@10.180.180.190 ([Errno None] Unable to connect to port 22 on 10.180.180.190). Number attempts: 1. Retry after 2 seconds.: paramiko.ssh_exception.NoValidConnectionsError: [Errno None] Unable to connect to port 22 on 10.180.180.190
2024-12-22 11:07:18.866 67716 INFO tempest.lib.common.rest_client [req-b8ae79c6-617b-4e9b-8e97-ebb8726a95db req-b8ae79c6-617b-4e9b-8e97-ebb8726a95db ] Request (AZV2TestJSON:tearDownClass): 200 GET http://10.180.1.21:9696/networking/v2.0/security-groups?tenant_id=026858aac17e4d16a5a129c1edaafc2a&name=default 0.189s
2024-12-22 11:07:18.882 67706 INFO tempest.lib.common.rest_client [req-2dd6fa2f-f854-46f5-b36a-f4e1d37657e5 req-2dd6fa2f-f854-46f5-b36a-f4e1d37657e5 ] Request (ServerAddressesNegativeTestJSON:setUpClass): 200 GET http://10.180.1.21/compute/v2.1/servers/de31255d-b82f-4f32-82b2-0a8368fe2510 0.644s
2024-12-22 11:07:18.897 67712 INFO tempest.lib.common.rest_client [req-2084c689-17e4-4a35-90c2-e04f3f44016c req-2084c689-17e4-4a35-90c2-e04f3f44016c ] Request (FlavorsAdminTestJSON:test_is_public_string_variations): 200 GET http://10.180.1.21/compute/v2.1/flavors/detail?is_public=true 0.653s
2024-12-22 11:07:18.952 67764 INFO tempest.lib.common.rest_client [req-247c1880-1e90-4eb4-a8d5-94e050f3f6f5 req-247c1880-1e90-4eb4-a8d5-94e050f3f6f5 ] Request (SecurityGroupRulesTestJSON:test_security_group_rules_delete_when_peer_group_deleted): 200 POST http://10.180.1.21/compute/v2.1/os-security-group-rules 0.792s
2024-12-22 11:07:18.961 67716 INFO tempest.lib.common.rest_client [req-bfa12067-6de8-4d47-b20a-4425daff1eee req-bfa12067-6de8-4d47-b20a-4425daff1eee ] Request (AZV2TestJSON:tearDownClass): 204 DELETE http://10.180.1.21:9696/networking/v2.0/security-groups/cec4b087-39eb-4497-9d27-910515263171 0.094s
2024-12-22 11:07:18.963 67728 INFO tempest.lib.common.rest_client [req-40a532bc-ddd8-42fe-b98b-75d86be35c82 req-40a532bc-ddd8-42fe-b98b-75d86be35c82 ] Request (DeleteServersAdminTestJSON:test_delete_server_while_in_error_state): 200 GET http://10.180.1.21/compute/v2.1/servers/85d6db13-d317-498e-a36a-972e9b36e82b 0.643s
2024-12-22 11:07:19.051 67716 INFO tempest.lib.common.rest_client [req-889d3476-13c2-4318-93b5-670c495b9e77 req-889d3476-13c2-4318-93b5-670c495b9e77 ] Request (AZV2TestJSON:tearDownClass): 204 DELETE http://10.180.1.21/identity/v3/projects/026858aac17e4d16a5a129c1edaafc2a 0.089s
2024-12-22 11:07:19.092 67748 INFO tempest.lib.common.rest_client [req-f655b5aa-24ea-4a34-b176-31607a90f8e5 req-f655b5aa-24ea-4a34-b176-31607a90f8e5 ] Request (AggregatesAdminNegativeTestJSON:_run_cleanups): 200 POST http://10.180.1.21/compute/v2.1/os-aggregates/7/action 0.731s
2024-12-22 11:07:19.128 67716 INFO tempest.lib.common.rest_client [req-1dc995f3-0b32-43d7-8b83-08d17eff0b5a req-1dc995f3-0b32-43d7-8b83-08d17eff0b5a ] Request (ServersTestJSON:setUpClass): 201 POST http://10.180.1.21/identity/v3/auth/tokens 0.076s
2024-12-22 11:07:19.161 67716 INFO tempest.lib.common.rest_client [req-e461b2f2-bf4f-4106-8a34-ec8b202c86b2 req-e461b2f2-bf4f-4106-8a34-ec8b202c86b2 ] Request (ServersTestJSON:setUpClass): 201 POST http://10.180.1.21/identity/v3/auth/tokens 0.029s
2024-12-22 11:07:19.199 67716 INFO tempest.lib.common.rest_client [req-dbca8ad0-dad7-4c06-99d9-34cf95d58d29 req-dbca8ad0-dad7-4c06-99d9-34cf95d58d29 ] Request (ServersTestJSON:setUpClass): 200 GET http://10.180.1.21/identity/v3/domains?name=Default 0.037s
2024-12-22 11:07:19.216 67733 INFO tempest.lib.common.rest_client [req-ecdee439-e9da-4e96-a530-48513b82f300 req-ecdee439-e9da-4e96-a530-48513b82f300 ] Request (AbsoluteLimitsNegativeTestJSON:test_max_metadata_exceed_limit): 403 POST http://10.180.1.21/compute/v2.1/servers 0.889s
2024-12-22 11:07:19.231 67716 INFO tempest.lib.common.rest_client [req-55987a9a-f5c4-4bbf-9dd0-1422942297e4 req-55987a9a-f5c4-4bbf-9dd0-1422942297e4 ] Request (ServersTestJSON:setUpClass): 201 POST http://10.180.1.21/identity/v3/projects 0.031s
2024-12-22 11:07:19.291 67734 INFO tempest.lib.common.rest_client [req-f13fe44c-f4df-4f8b-8b15-07a509ac5272 req-f13fe44c-f4df-4f8b-8b15-07a509ac5272 ] Request (ServerActionsTestJSON:setUpClass): 200 GET http://10.180.1.21/compute/v2.1/servers/9716d592-32d1-4f1d-b42b-1c8a7d81d2f2 0.901s
2024-12-22 11:07:19.291 67716 INFO tempest.lib.common.rest_client [req-cbc53f10-bf21-4954-b3e1-92ceec2e84d9 req-cbc53f10-bf21-4954-b3e1-92ceec2e84d9 ] Request (ServersTestJSON:setUpClass): 201 POST http://10.180.1.21/identity/v3/users 0.059s
2024-12-22 11:07:19.312 67716 INFO tempest.lib.common.rest_client [req-7c2bd947-a27c-4762-9ff7-8cb4aad4042b req-7c2bd947-a27c-4762-9ff7-8cb4aad4042b ] Request (ServersTestJSON:setUpClass): 200 GET http://10.180.1.21/identity/v3/roles 0.020s
2024-12-22 11:07:19.330 67733 INFO tempest.lib.common.rest_client [req-162bb222-70a8-4ea9-b764-5a423cfe611f req-162bb222-70a8-4ea9-b764-5a423cfe611f ] Request (AbsoluteLimitsNegativeTestJSON:tearDownClass): 204 DELETE http://10.180.1.21/identity/v3/users/c96652bac915404eaf613c9da3ec6ab5 0.112s
2024-12-22 11:07:19.330 67733 INFO tempest.lib.common.dynamic_creds [-] Deleting project and security group for project: 46c9883322f54c77b822ae623fe671b3
2024-12-22 11:07:19.338 67708 INFO tempest.lib.common.rest_client [req-31fa1506-66ee-4280-84bf-32817235fb2f req-31fa1506-66ee-4280-84bf-32817235fb2f ] Request (KeyPairsV2TestJSON:test_keypair_create_with_pub_key): 200 POST http://10.180.1.21/compute/v2.1/os-keypairs 0.940s
2024-12-22 11:07:19.380 67738 INFO tempest.lib.common.rest_client [req-972bc57e-e111-4771-801d-d0fb80279464 req-972bc57e-e111-4771-801d-d0fb80279464 ] Request (ImagesTestJSON:test_create_image_from_stopped_server): 200 GET http://10.180.1.21/compute/v2.1/images/64e00b8d-8a62-479c-8371-8a7594d98ee0 0.896s
2024-12-22 11:07:19.386 67716 INFO tempest.lib.common.rest_client [req-87525f5a-312e-4fbe-8f56-145bcc423c15 req-87525f5a-312e-4fbe-8f56-145bcc423c15 ] Request (ServersTestJSON:setUpClass): 204 PUT http://10.180.1.21/identity/v3/projects/eae1647405bf418ea6abde9723b2c895/users/1789ba92a3a44545a2bafb639692e8af/roles/7a5920111b6d42d18ccdfa2d90a11553 0.073s
2024-12-22 11:07:19.386 67716 INFO tempest.lib.common.dynamic_creds [-] Dynamic test user 1789ba92a3a44545a2bafb639692e8af is created with scope project and roles: ['member']
2024-12-22 11:07:19.386 67716 INFO tempest.lib.common.dynamic_creds [-] Acquired dynamic creds: credentials: Credentials: {'domain_id': 'default', 'domain_name': 'Default', 'username': 'tempest-ServersTestJSON-490274306-project-member', 'project_domain_id': 'default', 'project_domain_name': 'Default', 'project_id': 'eae1647405bf418ea6abde9723b2c895', 'project_name': 'tempest-ServersTestJSON-490274306', 'tenant_id': 'eae1647405bf418ea6abde9723b2c895', 'tenant_name': 'tempest-ServersTestJSON-490274306', 'user_domain_id': 'default', 'user_domain_name': 'Default', 'user_id': '1789ba92a3a44545a2bafb639692e8af', 'system': None}, Network: None, Subnet: None, Router: None
2024-12-22 11:07:19.400 67722 INFO tempest.lib.common.rest_client [req-a69171c5-87c4-452e-9e89-8da3625d1e5f req-a69171c5-87c4-452e-9e89-8da3625d1e5f ] Request (QuotasAdminTestV236:test_get_updated_quotas): 200 GET http://10.180.1.21/identity/v3/domains?name=Default 0.084s
2024-12-22 11:07:19.419 67738 INFO tempest.lib.common.rest_client [req-96e2ffd7-75f9-4fe1-b6df-ef51b359cdab req-96e2ffd7-75f9-4fe1-b6df-ef51b359cdab ] Request (ImagesTestJSON:test_create_image_from_stopped_server): 200 GET http://10.180.1.21/image/v2/images/64e00b8d-8a62-479c-8371-8a7594d98ee0/tasks 0.036s
2024-12-22 11:07:19.447 67733 INFO tempest.lib.common.rest_client [req-92001a0e-56f6-427d-a7a3-7e99df35907f req-92001a0e-56f6-427d-a7a3-7e99df35907f ] Request (AbsoluteLimitsNegativeTestJSON:tearDownClass): 201 POST http://10.180.1.21/identity/v3/auth/tokens 0.116s
2024-12-22 11:07:19.466 67716 INFO tempest.lib.common.rest_client [req-ffe66bc1-6b90-4e01-81d4-2947081e2f10 req-ffe66bc1-6b90-4e01-81d4-2947081e2f10 ] Request (ServersTestJSON:setUpClass): 201 POST http://10.180.1.21/identity/v3/auth/tokens 0.079s
2024-12-22 11:07:19.507 67722 INFO tempest.lib.common.rest_client [req-7d989796-7d55-4536-9cb6-6bcc3ba4ceab req-7d989796-7d55-4536-9cb6-6bcc3ba4ceab ] Request (QuotasAdminTestV236:test_get_updated_quotas): 201 POST http://10.180.1.21/identity/v3/projects 0.107s
2024-12-22 11:07:19.550 67760 INFO tempest.lib.common.rest_client [req-097b8fbe-3cab-42e6-a5ff-ebea6aa62286 req-097b8fbe-3cab-42e6-a5ff-ebea6aa62286 ] Request (ServersTestManualDisk:setUpClass): 200 GET http://10.180.1.21/compute/v2.1/servers/7146277f-2621-4e8f-a14c-49bf4dd052db 0.975s
2024-12-22 11:07:19.577 67722 INFO tempest.lib.common.rest_client [req-4854fab2-8c67-4fb7-a823-b53131f47181 req-4854fab2-8c67-4fb7-a823-b53131f47181 ] Request (QuotasAdminTestV236:test_get_updated_quotas): 200 GET http://10.180.1.21/identity/v3/domains?name=Default 0.070s
2024-12-22 11:07:19.658 67733 INFO tempest.lib.common.rest_client [req-f35ac01c-3c7e-4a0b-a5b0-96adadba3269 req-f35ac01c-3c7e-4a0b-a5b0-96adadba3269 ] Request (AbsoluteLimitsNegativeTestJSON:tearDownClass): 200 GET http://10.180.1.21:9696/networking/v2.0/security-groups?tenant_id=46c9883322f54c77b822ae623fe671b3&name=default 0.210s
2024-12-22 11:07:20.087 67733 INFO tempest.lib.common.rest_client [req-796f308b-625b-4c49-b202-a29edfbdc976 req-796f308b-625b-4c49-b202-a29edfbdc976 ] Request (AbsoluteLimitsNegativeTestJSON:tearDownClass): 204 DELETE http://10.180.1.21:9696/networking/v2.0/security-groups/2bf871d3-abb5-482c-81f7-440bf6a75481 0.429s
2024-12-22 11:07:20.173 67733 INFO tempest.lib.common.rest_client [req-ff3504fe-556c-4a8b-9436-b47bc98471f8 req-ff3504fe-556c-4a8b-9436-b47bc98471f8 ] Request (AbsoluteLimitsNegativeTestJSON:tearDownClass): 204 DELETE http://10.180.1.21/identity/v3/projects/46c9883322f54c77b822ae623fe671b3 0.085s
2024-12-22 11:07:20.201 67718 INFO tempest.lib.common.rest_client [req-3666f641-b513-4c2f-b0e5-f2a1fb2cd8d4 req-3666f641-b513-4c2f-b0e5-f2a1fb2cd8d4 ] Request (ServerDiagnosticsTest:test_get_server_diagnostics): 202 POST http://10.180.1.21/compute/v2.1/servers 1.612s
2024-12-22 11:07:20.231 67716 INFO tempest.lib.common.rest_client [req-8ab98b97-155c-4359-8396-e836483ec000 req-8ab98b97-155c-4359-8396-e836483ec000 ] Request (ServersTestJSON:setUpClass): 201 POST http://10.180.1.21:9696/networking/v2.0/networks 0.764s
2024-12-22 11:07:20.255 67733 INFO tempest.lib.common.rest_client [req-c5fc9b67-bf6a-4593-be39-9dc6f4238561 req-c5fc9b67-bf6a-4593-be39-9dc6f4238561 ] Request (ServerDiskConfigTestJSON:setUpClass): 201 POST http://10.180.1.21/identity/v3/auth/tokens 0.080s
2024-12-22 11:07:20.295 67733 INFO tempest.lib.common.rest_client [req-0e6ff408-6617-494f-82bb-55702cad25e7 req-0e6ff408-6617-494f-82bb-55702cad25e7 ] Request (ServerDiskConfigTestJSON:setUpClass): 201 POST http://10.180.1.21/identity/v3/auth/tokens 0.037s
2024-12-22 11:07:20.313 67714 INFO tempest.lib.common.rest_client [req-c7933ac3-d48c-4042-8895-ab369b2b5120 req-c7933ac3-d48c-4042-8895-ab369b2b5120 ] Request (FloatingIPsAssociationNegativeTestJSON:test_associate_ip_to_server_with_floating_ip): 200 POST http://10.180.1.21/compute/v2.1/os-floating-ips 1.947s
2024-12-22 11:07:20.325 67733 INFO tempest.lib.common.rest_client [req-f69fdb57-e236-4ea2-b4b1-9635046b6882 req-f69fdb57-e236-4ea2-b4b1-9635046b6882 ] Request (ServerDiskConfigTestJSON:setUpClass): 200 GET http://10.180.1.21/identity/v3/domains?name=Default 0.029s
2024-12-22 11:07:20.339 67724 INFO tempest.lib.common.rest_client [req-5772d8c7-8c90-41a8-9ea9-9897cfc9c42e req-5772d8c7-8c90-41a8-9ea9-9897cfc9c42e ] Request (FlavorsV2TestJSON:test_list_flavors_detailed_filter_by_min_disk): 200 GET http://10.180.1.21/compute/v2.1/flavors/detail?minDisk=2 1.663s
2024-12-22 11:07:20.372 67733 INFO tempest.lib.common.rest_client [req-1f68aa24-fdc6-433d-b1f3-affea7aea294 req-1f68aa24-fdc6-433d-b1f3-affea7aea294 ] Request (ServerDiskConfigTestJSON:setUpClass): 201 POST http://10.180.1.21/identity/v3/projects 0.046s
2024-12-22 11:07:20.376 67766 INFO tempest.lib.common.rest_client [req-682a86b2-becc-4e94-bab5-727040758b25 req-682a86b2-becc-4e94-bab5-727040758b25 ] Request (ImagesOneServerTestJSON:test_create_delete_image): 200 GET http://10.180.1.21/compute/v2.1/images/e81db031-aecd-4d46-b472-c5cb3d8c71b0 1.679s
2024-12-22 11:07:20.385 67710 INFO tempest.lib.common.rest_client [req-b8d36a21-0d95-42ec-942d-0887a35b50f4 req-b8d36a21-0d95-42ec-942d-0887a35b50f4 ] Request (MigrationsAdminTest:test_list_migrations_in_flavor_resize_situation): 200 GET http://10.180.1.21/compute/v2.1/servers/f1b1cbe0-0ad3-41ee-9b8c-cf975ec500df 1.725s
2024-12-22 11:07:20.435 67716 INFO tempest.lib.common.rest_client [req-1cfc1939-a2e0-461c-bc09-2ee5b7065e69 req-1cfc1939-a2e0-461c-bc09-2ee5b7065e69 ] Request (ServersTestJSON:setUpClass): 201 POST http://10.180.1.21:9696/networking/v2.0/subnets 0.202s
2024-12-22 11:07:20.437 67733 INFO tempest.lib.common.rest_client [req-4b695355-1915-4dc7-a799-723154ae9562 req-4b695355-1915-4dc7-a799-723154ae9562 ] Request (ServerDiskConfigTestJSON:setUpClass): 201 POST http://10.180.1.21/identity/v3/users 0.065s
2024-12-22 11:07:20.441 67752 INFO tempest.lib.common.rest_client [req-39cf2bc2-c194-4c2c-821f-ecb55c22c62d req-39cf2bc2-c194-4c2c-821f-ecb55c22c62d ] Request (VolumesAdminNegativeTest:test_update_attached_volume_with_nonexistent_volume_in_body): 200 GET http://10.180.1.21/compute/v2.1/servers/b7f26f0e-d5a9-42a6-8af2-065659f89cf5 1.563s
2024-12-22 11:07:20.462 67712 INFO tempest.lib.common.rest_client [req-a73d10ca-dd5c-49f2-a482-23408874a430 req-a73d10ca-dd5c-49f2-a482-23408874a430 ] Request (FlavorsAdminTestJSON:test_is_public_string_variations): 200 GET http://10.180.1.21/compute/v2.1/flavors/detail?is_public=yes 1.558s
2024-12-22 11:07:20.466 67733 INFO tempest.lib.common.rest_client [req-9fe134d5-1931-4bc7-abf5-fd116f5cdd7d req-9fe134d5-1931-4bc7-abf5-fd116f5cdd7d ] Request (ServerDiskConfigTestJSON:setUpClass): 200 GET http://10.180.1.21/identity/v3/roles 0.028s
2024-12-22 11:07:20.502 67733 INFO tempest.lib.common.rest_client [req-64734a21-de50-4374-9f7a-c910db065da6 req-64734a21-de50-4374-9f7a-c910db065da6 ] Request (ServerDiskConfigTestJSON:setUpClass): 204 PUT http://10.180.1.21/identity/v3/projects/1886be852b01400aaf7a31c8fe5d4d7a/users/3fc112b4851e4dbeac3a69409e7bf98e/roles/7a5920111b6d42d18ccdfa2d90a11553 0.033s
2024-12-22 11:07:20.502 67733 INFO tempest.lib.common.dynamic_creds [-] Dynamic test user 3fc112b4851e4dbeac3a69409e7bf98e is created with scope project and roles: ['member']
2024-12-22 11:07:20.502 67733 INFO tempest.lib.common.dynamic_creds [-] Acquired dynamic creds: credentials: Credentials: {'domain_id': 'default', 'domain_name': 'Default', 'username': 'tempest-ServerDiskConfigTestJSON-16708605-project-member', 'project_domain_id': 'default', 'project_domain_name': 'Default', 'project_id': '1886be852b01400aaf7a31c8fe5d4d7a', 'project_name': 'tempest-ServerDiskConfigTestJSON-16708605', 'tenant_id': '1886be852b01400aaf7a31c8fe5d4d7a', 'tenant_name': 'tempest-ServerDiskConfigTestJSON-16708605', 'user_domain_id': 'default', 'user_domain_name': 'Default', 'user_id': '3fc112b4851e4dbeac3a69409e7bf98e', 'system': None}, Network: None, Subnet: None, Router: None
2024-12-22 11:07:20.513 67736 INFO tempest.lib.common.rest_client [req-52fd2af3-4645-4957-bdad-314d6bbb1ffc req-52fd2af3-4645-4957-bdad-314d6bbb1ffc ] Request (AttachInterfacesV270Test:test_create_get_list_interfaces): 200 GET http://10.180.1.21/compute/v2.1/servers/6e477ec2-9270-42b1-85bd-a315460d9cab 1.703s
2024-12-22 11:07:20.533 67750 INFO tempest.lib.common.rest_client [req-e3954eaf-4860-4394-8cde-b016e174a323 req-e3954eaf-4860-4394-8cde-b016e174a323 ] Request (ServersAdminNegativeTestJSON:test_migrate_server_invalid_state): 200 GET http://10.180.1.21/compute/v2.1/servers/ca1e1e82-f4fe-42b5-92b1-6a20b7267d4d 1.587s
2024-12-22 11:07:20.553 67748 INFO tempest.lib.common.rest_client [req-84b386c6-42fe-4b0a-838c-8cd54ee3bfce req-84b386c6-42fe-4b0a-838c-8cd54ee3bfce ] Request (AggregatesAdminNegativeTestJSON:_run_cleanups): 200 DELETE http://10.180.1.21/compute/v2.1/os-aggregates/7 1.458s
2024-12-22 11:07:20.561 67733 INFO tempest.lib.common.rest_client [req-38091946-1763-4a2a-8079-1ba39118541d req-38091946-1763-4a2a-8079-1ba39118541d ] Request (ServerDiskConfigTestJSON:setUpClass): 201 POST http://10.180.1.21/identity/v3/auth/tokens 0.058s
2024-12-22 11:07:20.570 67708 INFO tempest.lib.common.rest_client [req-8d4efce7-b1f3-4565-b58b-9b9c564d25f5 req-8d4efce7-b1f3-4565-b58b-9b9c564d25f5 ] Request (KeyPairsV2TestJSON:_run_cleanups): 202 DELETE http://10.180.1.21/compute/v2.1/os-keypairs/tempest-keypair-131545412 1.230s
2024-12-22 11:07:20.628 67704 INFO tempest.lib.common.rest_client [req-9598fadc-f6fe-4e19-b3b6-0dcbbf989c14 req-9598fadc-f6fe-4e19-b3b6-0dcbbf989c14 ] Request (ListImageFiltersTestJSON:setUpClass): 200 GET http://10.180.1.21/compute/v2.1/servers/bd07735a-6a75-45fb-9cef-e1f2c301a489 1.285s
2024-12-22 11:07:20.635 67704 INFO tempest.common.waiters [-] State transition "BUILD/scheduling" ==> "BUILD/None" after 14 second wait
2024-12-22 11:07:20.694 67730 INFO tempest.lib.common.rest_client [req-39da7bc9-b2df-4ea0-88ca-08f5a02b9dda req-39da7bc9-b2df-4ea0-88ca-08f5a02b9dda ] Request (FloatingIPsAssociationTestJSON:test_associate_already_associated_floating_ip): 200 GET http://10.180.1.21/compute/v2.1/servers/e2138192-14e0-43d2-9d19-9820747d7217 1.302s
2024-12-22 11:07:20.748 67764 INFO tempest.lib.common.rest_client [req-3e086b5e-6022-476c-ac4b-ddafe092019d req-3e086b5e-6022-476c-ac4b-ddafe092019d ] Request (SecurityGroupRulesTestJSON:test_security_group_rules_delete_when_peer_group_deleted): 202 DELETE http://10.180.1.21/compute/v2.1/os-security-groups/aa7e881a-641b-4d91-b96d-1c314137d175 1.794s
2024-12-22 11:07:20.835 67738 INFO tempest.lib.common.rest_client [req-f5af36c0-00af-470b-a985-07972712028a req-f5af36c0-00af-470b-a985-07972712028a ] Request (ImagesTestJSON:_run_cleanups): 204 DELETE http://10.180.1.21/compute/v2.1/images/64e00b8d-8a62-479c-8371-8a7594d98ee0 1.416s
2024-12-22 11:07:20.836 67754 INFO tempest.lib.common.rest_client [req-49555f22-117d-432e-9ece-07849c5add7a req-49555f22-117d-432e-9ece-07849c5add7a ] Request (ServersAdmin275Test:test_rebuild_update_server_275): 200 GET http://10.180.1.21/compute/v2.1/servers/726d9639-1ab4-46a9-975e-5580c8344a37 1.379s
2024-12-22 11:07:20.898 67720 INFO tempest.lib.common.rest_client [req-1497b0da-d9d0-4e0b-acf5-06f4823ec42a req-1497b0da-d9d0-4e0b-acf5-06f4823ec42a ] Request (ServerMetadataTestJSON:setUpClass): 200 GET http://10.180.1.21/compute/v2.1/servers/17e1dfa2-b104-4aac-928e-6364da155c3d 1.339s
2024-12-22 11:07:20.977 67733 INFO tempest.lib.common.rest_client [req-7871c94b-9ee2-4a72-be04-bb46997348c6 req-7871c94b-9ee2-4a72-be04-bb46997348c6 ] Request (ServerDiskConfigTestJSON:setUpClass): 201 POST http://10.180.1.21:9696/networking/v2.0/networks 0.416s
2024-12-22 11:07:21.000 67742 INFO tempest.lib.common.rest_client [req-365eb1a4-ae72-42bd-9432-aaaeb2a701db req-365eb1a4-ae72-42bd-9432-aaaeb2a701db ] Request (ServersTestFqdnHostnames:test_create_server_with_fqdn_name): 200 GET http://10.180.1.21/compute/v2.1/servers/04bd30dc-9d1d-4a49-ba30-40cc4d6e06dd 1.391s
2024-12-22 11:07:21.036 67722 INFO tempest.lib.common.rest_client [req-f169c20d-1bd2-4f2e-a11f-469fc3b9463a req-f169c20d-1bd2-4f2e-a11f-469fc3b9463a ] Request (QuotasAdminTestV236:test_get_updated_quotas): 200 PUT http://10.180.1.21/compute/v2.1/os-quota-sets/a192ddb92bee4349958c316e7f9294f9 1.459s
2024-12-22 11:07:21.060 67746 INFO tempest.lib.common.rest_client [req-c37b9c93-337e-4382-8e27-8707ac44d51d req-c37b9c93-337e-4382-8e27-8707ac44d51d ] Request (AttachInterfacesTestJSON:test_create_list_show_delete_interfaces_by_fixed_ip): 200 GET http://10.180.1.21/compute/v2.1/servers/9cf45c3a-2a74-4f8e-8817-47bbd748a44b 1.442s
2024-12-22 11:07:21.086 67726 INFO tempest.lib.common.rest_client [req-7d5692a7-1ce0-47f8-9cb1-ed210b445803 req-7d5692a7-1ce0-47f8-9cb1-ed210b445803 ] Request (ServerExternalEventsTest:test_create_server_external_events): 200 GET http://10.180.1.21/compute/v2.1/servers/e3c9e9de-586d-4baa-b4bb-95c41d527a03 1.416s
2024-12-22 11:07:21.124 67740 INFO tempest.lib.common.rest_client [req-e7dee333-c856-41c6-82b7-6bc44aa9dd8d req-e7dee333-c856-41c6-82b7-6bc44aa9dd8d ] Request (ServerRescueTestJSON:test_rescue_unrescue_instance): 200 GET http://10.180.1.21/compute/v2.1/servers/d49eae54-cccb-4281-aaa0-d6974529eb7b 1.450s
2024-12-22 11:07:21.141 67745 INFO tempest.lib.common.rest_client [req-5cadc8ef-43ba-4e20-b797-41e8bbb46078 req-5cadc8ef-43ba-4e20-b797-41e8bbb46078 ] Request (ServerActionsTestOtherA:setUpClass): 200 GET http://10.180.1.21/compute/v2.1/servers/e8ad74ce-7862-4574-98e7-14bc54bd5d6c 1.410s
2024-12-22 11:07:21.228 67733 INFO tempest.lib.common.rest_client [req-bf4564f0-b501-4075-b247-0af4b6cd0645 req-bf4564f0-b501-4075-b247-0af4b6cd0645 ] Request (ServerDiskConfigTestJSON:setUpClass): 201 POST http://10.180.1.21:9696/networking/v2.0/subnets 0.250s
2024-12-22 11:07:21.250 67706 INFO tempest.lib.common.rest_client [req-e59debe4-d018-43c4-812b-b3e8b503ad37 req-e59debe4-d018-43c4-812b-b3e8b503ad37 ] Request (ServerAddressesNegativeTestJSON:setUpClass): 200 GET http://10.180.1.21/compute/v2.1/servers/de31255d-b82f-4f32-82b2-0a8368fe2510 1.360s
2024-12-22 11:07:21.257 67706 INFO tempest.common.waiters [-] State transition "BUILD/spawning" ==> "ACTIVE/None" after 22 second wait
2024-12-22 11:07:21.303 67728 INFO tempest.lib.common.rest_client [req-0e76f31f-121f-41da-9ed6-8683e4120b4e req-0e76f31f-121f-41da-9ed6-8683e4120b4e ] Request (DeleteServersAdminTestJSON:test_delete_server_while_in_error_state): 200 GET http://10.180.1.21/compute/v2.1/servers/85d6db13-d317-498e-a36a-972e9b36e82b 1.332s
2024-12-22 11:07:21.358 67718 INFO tempest.lib.common.rest_client [req-84603aa9-0922-4d18-8d13-5559a3fea747 req-84603aa9-0922-4d18-8d13-5559a3fea747 ] Request (ServerDiagnosticsTest:test_get_server_diagnostics): 200 GET http://10.180.1.21/compute/v2.1/servers/00e925a1-9b79-46e2-b7f7-c0b63e1e72df 1.153s
