2024-12-22 11:09:03.703 67728 INFO tempest.lib.common.rest_client [req-176d1515-0f03-405c-91ed-2327a68c04c6 req-176d1515-0f03-405c-91ed-2327a68c04c6 ] Request (ServersTestBootFromVolume:setUpClass): 200 GET http://10.180.1.21/volume/v3/volumes/51f1feea-0afc-4d43-8b47-c2e3f20d424c 0.029s
2024-12-22 11:09:03.739 67720 INFO tempest.lib.common.rest_client [req-17cb6197-bdaa-4326-8998-b123f9a14748 req-17cb6197-bdaa-4326-8998-b123f9a14748 ] Request (ServersTestJSON:test_create_server_specify_multibyte_character_name): 200 GET http://10.180.1.21/compute/v2.1/servers/df2933d1-32c3-48a6-8ceb-d5e3047d0b78 0.127s
2024-12-22 11:09:03.764 67730 INFO tempest.lib.common.rest_client [req-54839313-f0e7-450b-97c7-f7ec3180f658 req-54839313-f0e7-450b-97c7-f7ec3180f658 ] Request (FloatingIPsAssociationTestJSON:tearDownClass): 200 GET http://10.180.1.21/compute/v2.1/servers/b629b4f8-f79f-4361-b78c-8705a6888a9e 0.092s
2024-12-22 11:09:03.800 67733 INFO tempest.lib.common.rest_client [req-c8e23b6d-77ec-4588-81c0-3ee941ec07eb req-c8e23b6d-77ec-4588-81c0-3ee941ec07eb ] Request (ServerDiskConfigTestJSON:test_rebuild_server_with_manual_disk_config): 200 GET http://10.180.1.21/compute/v2.1/servers/8edc24d6-9073-4836-b14b-422df3ac1b88 0.076s
2024-12-22 11:09:03.840 67722 INFO tempest.lib.common.rest_client [req-03d998c9-777d-4c93-a13c-5421494ba155 req-03d998c9-777d-4c93-a13c-5421494ba155 ] Request (ServerGroupTestJSON:_run_cleanups): 200 GET http://10.180.1.21/compute/v2.1/servers/94d9210e-ca8d-4ef1-a640-2d9a11ad87d3 0.096s
2024-12-22 11:09:03.869 67726 INFO tempest.lib.common.rest_client [req-1515451c-0881-4144-a9a1-bf0c94f52b4b req-1515451c-0881-4144-a9a1-bf0c94f52b4b ] Request (TenantUsagesTestJSON:setUpClass): 200 GET http://10.180.1.21/compute/v2.1/servers/3815d381-760d-40fc-98cf-8e6af287007f 0.063s
2024-12-22 11:09:03.917 67718 INFO tempest.lib.common.rest_client [req-9313faac-aded-4d18-bbf8-65c2f95a4cda req-9313faac-aded-4d18-bbf8-65c2f95a4cda ] Request (ServerDiagnosticsTest:tearDownClass): 200 GET http://10.180.1.21/compute/v2.1/servers/00e925a1-9b79-46e2-b7f7-c0b63e1e72df 0.067s
2024-12-22 11:09:03.942 67756 INFO tempest.lib.common.rest_client [req-3dd73451-e6a6-486e-991c-4f6d354397a1 req-3dd73451-e6a6-486e-991c-4f6d354397a1 ] Request (VolumesAssistedSnapshotsTest:_run_cleanups): 200 GET http://10.180.1.21/volume/v3/volumes/227b97fd-a50b-436c-b51c-e971b3da8e00 0.026s
2024-12-22 11:09:04.118 67706 INFO tempest.lib.common.rest_client [req-cb706bf1-511e-412e-93fb-5df0867a22c1 req-cb706bf1-511e-412e-93fb-5df0867a22c1 ] Request (ServerTagsTestJSON:setUpClass): 200 GET http://10.180.1.21/compute/v2.1/servers/cc5cfa6d-d3db-4997-8413-2460e1124f02 0.122s
2024-12-22 11:09:04.493 67736 INFO tempest.lib.common.rest_client [req-38a4828c-5018-4545-aa2c-d0d72c9e3462 req-38a4828c-5018-4545-aa2c-d0d72c9e3462 ] Request (ServerActionsV293TestJSON:setUpClass): 200 GET http://10.180.1.21/compute/v2.1/servers/49eb6292-012a-4296-aff8-9c460866a602 0.085s
2024-12-22 11:09:04.528 67758 INFO tempest.lib.common.rest_client [req-5c0ebfae-e1f2-49d5-94c4-df28cf48ac43 req-5c0ebfae-e1f2-49d5-94c4-df28cf48ac43 ] Request (InstanceActionsTestJSON:setUpClass): 200 GET http://10.180.1.21/compute/v2.1/servers/28b3bfc7-2bed-4941-9f48-8bd301e1a971 0.151s
2024-12-22 11:09:04.561 67766 INFO tempest.lib.common.rest_client [req-2868156a-0c32-421f-8769-5e2eb1758b37 req-2868156a-0c32-421f-8769-5e2eb1758b37 ] Request (ServerRescueNegativeTestJSON:setUpClass): 200 GET http://10.180.1.21/compute/v2.1/servers/31a693b6-293a-4f01-9baf-a9e7e8d453d4 0.116s
2024-12-22 11:09:04.596 67750 INFO tempest.lib.common.rest_client [req-04f26455-18eb-40c0-96de-1c60903792a4 req-04f26455-18eb-40c0-96de-1c60903792a4 ] Request (ServersAdminNegativeTestJSON:tearDownClass): 200 GET http://10.180.1.21/compute/v2.1/servers/ca1e1e82-f4fe-42b5-92b1-6a20b7267d4d 0.085s
2024-12-22 11:09:04.654 67754 INFO tempest.lib.common.rest_client [req-61a560ac-8d3b-486c-ac46-df2bbf56b099 req-61a560ac-8d3b-486c-ac46-df2bbf56b099 ] Request (ServersAdminTestJSON:setUpClass): 200 GET http://10.180.1.21/compute/v2.1/servers/82b7019c-5049-4b8b-abb4-46f326ce3d5b 0.080s
2024-12-22 11:09:04.701 67704 INFO tempest.lib.common.rest_client [req-d406d778-d5ed-43f2-896b-d28a73b89d35 req-d406d778-d5ed-43f2-896b-d28a73b89d35 ] Request (ListImageFiltersTestJSON:tearDownClass): 200 GET http://10.180.1.21/compute/v2.1/servers/bd07735a-6a75-45fb-9cef-e1f2c301a489 0.181s
2024-12-22 11:09:04.723 67740 INFO tempest.lib.common.rest_client [req-7c9a7bc7-dd9a-4995-810a-0d18db01cda0 req-7c9a7bc7-dd9a-4995-810a-0d18db01cda0 ] Request (ServerRescueTestJSON:tearDownClass): 200 GET http://10.180.1.21/compute/v2.1/servers/d49eae54-cccb-4281-aaa0-d6974529eb7b 0.136s
2024-12-22 11:09:04.740 67728 INFO tempest.lib.common.rest_client [req-70f7cc6d-2422-413d-936e-6305c5fb8906 req-70f7cc6d-2422-413d-936e-6305c5fb8906 ] Request (ServersTestBootFromVolume:setUpClass): 200 GET http://10.180.1.21/volume/v3/volumes/51f1feea-0afc-4d43-8b47-c2e3f20d424c 0.029s
2024-12-22 11:09:04.755 67714 INFO tempest.lib.common.rest_client [req-8a2e5236-d24f-44ff-bbdb-59b94c748bf2 req-8a2e5236-d24f-44ff-bbdb-59b94c748bf2 ] Request (ServersTestMultiNic:test_verify_duplicate_network_nics): 200 GET http://10.180.1.21/compute/v2.1/servers/f6fddc23-ad36-4d6f-82a2-ded456b2596e 0.127s
2024-12-22 11:09:04.782 67710 INFO tempest.lib.common.rest_client [req-bc0025ba-b43b-4599-9e06-586a56d31cc1 req-bc0025ba-b43b-4599-9e06-586a56d31cc1 ] Request (MigrationsAdminTest:test_resize_server_revert_deleted_flavor): 200 GET http://10.180.1.21/compute/v2.1/servers/650a97b9-911e-44b0-9e82-a6d4cc95c9dd 0.148s
2024-12-22 11:09:04.807 67738 INFO tempest.lib.common.rest_client [req-7433ac28-58f6-4e3b-83d5-5649484419b3 req-7433ac28-58f6-4e3b-83d5-5649484419b3 ] Request (ImagesTestJSON:test_create_server_from_snapshot): 200 GET http://10.180.1.21/compute/v2.1/servers/37792b57-3347-4134-a060-53359afa3298 0.114s
2024-12-22 11:09:04.842 67712 INFO tempest.lib.common.rest_client [req-abdb396b-7237-4b47-874f-5d7604429f6d req-abdb396b-7237-4b47-874f-5d7604429f6d ] Request (ServersV294TestFqdnHostnames:setUpClass): 200 GET http://10.180.1.21/compute/v2.1/servers/9679a1a2-b003-4a60-a812-8b3a9b5f545f 0.142s
2024-12-22 11:09:04.856 67720 INFO tempest.lib.common.rest_client [req-9f064da5-fca9-4607-8deb-ff6ce3a9262b req-9f064da5-fca9-4607-8deb-ff6ce3a9262b ] Request (ServersTestJSON:test_create_server_specify_multibyte_character_name): 200 GET http://10.180.1.21/compute/v2.1/servers/df2933d1-32c3-48a6-8ceb-d5e3047d0b78 0.107s
2024-12-22 11:09:04.926 67733 INFO tempest.lib.common.rest_client [req-7f4fcdd7-d058-42de-804e-1533c878208a req-7f4fcdd7-d058-42de-804e-1533c878208a ] Request (ServerDiskConfigTestJSON:test_rebuild_server_with_manual_disk_config): 200 GET http://10.180.1.21/compute/v2.1/servers/8edc24d6-9073-4836-b14b-422df3ac1b88 0.119s
2024-12-22 11:09:04.929 67730 INFO tempest.lib.common.rest_client [req-cd372fd8-cc97-4771-a9ad-a1420de87916 req-cd372fd8-cc97-4771-a9ad-a1420de87916 ] Request (FloatingIPsAssociationTestJSON:tearDownClass): 200 GET http://10.180.1.21/compute/v2.1/servers/b629b4f8-f79f-4361-b78c-8705a6888a9e 0.157s
2024-12-22 11:09:04.954 67746 WARNING tempest.lib.common.ssh [-] Failed to establish authenticated ssh connection to cirros@10.180.180.232 ([Errno None] Unable to connect to port 22 on 10.180.180.232). Number attempts: 8. Retry after 9 seconds.: paramiko.ssh_exception.NoValidConnectionsError: [Errno None] Unable to connect to port 22 on 10.180.180.232
2024-12-22 11:09:04.980 67756 INFO tempest.lib.common.rest_client [req-b3da47e1-4e04-490c-a4de-d92f14e9247b req-b3da47e1-4e04-490c-a4de-d92f14e9247b ] Request (VolumesAssistedSnapshotsTest:_run_cleanups): 200 GET http://10.180.1.21/volume/v3/volumes/227b97fd-a50b-436c-b51c-e971b3da8e00 0.030s
2024-12-22 11:09:04.989 67722 INFO tempest.lib.common.rest_client [req-4f1e7454-e5ce-489b-8cb2-f708608bec00 req-4f1e7454-e5ce-489b-8cb2-f708608bec00 ] Request (ServerGroupTestJSON:_run_cleanups): 200 GET http://10.180.1.21/compute/v2.1/servers/94d9210e-ca8d-4ef1-a640-2d9a11ad87d3 0.140s
2024-12-22 11:09:04.998 67726 INFO tempest.lib.common.rest_client [req-d50ca967-8c93-4551-a9b6-cfb4d149a5cf req-d50ca967-8c93-4551-a9b6-cfb4d149a5cf ] Request (TenantUsagesTestJSON:setUpClass): 200 GET http://10.180.1.21/compute/v2.1/servers/3815d381-760d-40fc-98cf-8e6af287007f 0.122s
2024-12-22 11:09:05.066 67718 INFO tempest.lib.common.rest_client [req-f5df6434-8644-4b54-9b05-36480458634d req-f5df6434-8644-4b54-9b05-36480458634d ] Request (ServerDiagnosticsTest:tearDownClass): 200 GET http://10.180.1.21/compute/v2.1/servers/00e925a1-9b79-46e2-b7f7-c0b63e1e72df 0.138s
2024-12-22 11:09:05.238 67706 INFO tempest.lib.common.rest_client [req-2d8514ba-cf85-4ac5-808c-cd9826709821 req-2d8514ba-cf85-4ac5-808c-cd9826709821 ] Request (ServerTagsTestJSON:setUpClass): 200 GET http://10.180.1.21/compute/v2.1/servers/cc5cfa6d-d3db-4997-8413-2460e1124f02 0.109s
2024-12-22 11:09:05.555 67736 INFO tempest.lib.common.rest_client [req-80f7e64a-8d8a-42a0-8e85-3aedc3d36110 req-80f7e64a-8d8a-42a0-8e85-3aedc3d36110 ] Request (ServerActionsV293TestJSON:setUpClass): 200 GET http://10.180.1.21/compute/v2.1/servers/49eb6292-012a-4296-aff8-9c460866a602 0.051s
2024-12-22 11:09:05.623 67766 INFO tempest.lib.common.rest_client [req-274984ca-25bc-43bd-b78f-8615d44cac87 req-274984ca-25bc-43bd-b78f-8615d44cac87 ] Request (ServerRescueNegativeTestJSON:setUpClass): 200 GET http://10.180.1.21/compute/v2.1/servers/31a693b6-293a-4f01-9baf-a9e7e8d453d4 0.053s
2024-12-22 11:09:05.640 67758 INFO tempest.lib.common.rest_client [req-16e123a1-ae9d-407b-80f9-6c260082e45a req-16e123a1-ae9d-407b-80f9-6c260082e45a ] Request (InstanceActionsTestJSON:setUpClass): 200 GET http://10.180.1.21/compute/v2.1/servers/28b3bfc7-2bed-4941-9f48-8bd301e1a971 0.103s
2024-12-22 11:09:05.681 67750 INFO tempest.lib.common.rest_client [req-9b5f2e07-08f7-4f71-b879-5abb3b252c73 req-9b5f2e07-08f7-4f71-b879-5abb3b252c73 ] Request (ServersAdminNegativeTestJSON:tearDownClass): 200 GET http://10.180.1.21/compute/v2.1/servers/ca1e1e82-f4fe-42b5-92b1-6a20b7267d4d 0.073s
2024-12-22 11:09:05.709 67754 INFO tempest.lib.common.rest_client [req-67cf93bf-a613-4302-8f7d-37cb4032cfee req-67cf93bf-a613-4302-8f7d-37cb4032cfee ] Request (ServersAdminTestJSON:setUpClass): 200 GET http://10.180.1.21/compute/v2.1/servers/82b7019c-5049-4b8b-abb4-46f326ce3d5b 0.048s
2024-12-22 11:09:05.771 67728 INFO tempest.lib.common.rest_client [req-58a6c74a-9e4c-43a0-8069-d61616a8823e req-58a6c74a-9e4c-43a0-8069-d61616a8823e ] Request (ServersTestBootFromVolume:setUpClass): 200 GET http://10.180.1.21/volume/v3/volumes/51f1feea-0afc-4d43-8b47-c2e3f20d424c 0.023s
2024-12-22 11:09:05.806 67740 INFO tempest.lib.common.rest_client [req-ab20f30f-aa82-4adf-ac35-cc6b434b5b73 req-ab20f30f-aa82-4adf-ac35-cc6b434b5b73 ] Request (ServerRescueTestJSON:tearDownClass): 200 GET http://10.180.1.21/compute/v2.1/servers/d49eae54-cccb-4281-aaa0-d6974529eb7b 0.066s
2024-12-22 11:09:05.832 67704 INFO tempest.lib.common.rest_client [req-8ad72d65-5bc9-4ae5-a4d2-574b1a02a465 req-8ad72d65-5bc9-4ae5-a4d2-574b1a02a465 ] Request (ListImageFiltersTestJSON:tearDownClass): 200 GET http://10.180.1.21/compute/v2.1/servers/bd07735a-6a75-45fb-9cef-e1f2c301a489 0.117s
2024-12-22 11:09:05.850 67714 INFO tempest.lib.common.rest_client [req-685767e9-eeb9-4131-aeb7-917c8cd0a4fd req-685767e9-eeb9-4131-aeb7-917c8cd0a4fd ] Request (ServersTestMultiNic:test_verify_duplicate_network_nics): 200 GET http://10.180.1.21/compute/v2.1/servers/f6fddc23-ad36-4d6f-82a2-ded456b2596e 0.087s
2024-12-22 11:09:05.875 67710 INFO tempest.lib.common.rest_client [req-5e6e173a-fbfe-4155-96f5-4702b4b658c1 req-5e6e173a-fbfe-4155-96f5-4702b4b658c1 ] Request (MigrationsAdminTest:test_resize_server_revert_deleted_flavor): 200 GET http://10.180.1.21/compute/v2.1/servers/650a97b9-911e-44b0-9e82-a6d4cc95c9dd 0.085s
2024-12-22 11:09:05.894 67738 INFO tempest.lib.common.rest_client [req-9af7a9e0-5fc3-4a10-b8a3-8586ce53d38d req-9af7a9e0-5fc3-4a10-b8a3-8586ce53d38d ] Request (ImagesTestJSON:test_create_server_from_snapshot): 200 GET http://10.180.1.21/compute/v2.1/servers/37792b57-3347-4134-a060-53359afa3298 0.078s
2024-12-22 11:09:05.925 67712 INFO tempest.lib.common.rest_client [req-b5aa052d-98a0-4b6e-bc88-981472844ad6 req-b5aa052d-98a0-4b6e-bc88-981472844ad6 ] Request (ServersV294TestFqdnHostnames:setUpClass): 200 GET http://10.180.1.21/compute/v2.1/servers/9679a1a2-b003-4a60-a812-8b3a9b5f545f 0.064s
2024-12-22 11:09:05.939 67720 INFO tempest.lib.common.rest_client [req-cd542d1b-4309-4612-8276-ed9909775652 req-cd542d1b-4309-4612-8276-ed9909775652 ] Request (ServersTestJSON:test_create_server_specify_multibyte_character_name): 200 GET http://10.180.1.21/compute/v2.1/servers/df2933d1-32c3-48a6-8ceb-d5e3047d0b78 0.074s
2024-12-22 11:09:05.979 67733 INFO tempest.lib.common.rest_client [req-a6607cc6-5d48-4ca0-8cd2-7c182d36913d req-a6607cc6-5d48-4ca0-8cd2-7c182d36913d ] Request (ServerDiskConfigTestJSON:test_rebuild_server_with_manual_disk_config): 200 GET http://10.180.1.21/compute/v2.1/servers/8edc24d6-9073-4836-b14b-422df3ac1b88 0.046s
2024-12-22 11:09:05.991 67730 INFO tempest.lib.common.rest_client [req-734321db-0653-4589-a23c-7b3d2a31dbb7 req-734321db-0653-4589-a23c-7b3d2a31dbb7 ] Request (FloatingIPsAssociationTestJSON:tearDownClass): 200 GET http://10.180.1.21/compute/v2.1/servers/b629b4f8-f79f-4361-b78c-8705a6888a9e 0.054s
2024-12-22 11:09:06.001 67756 INFO tempest.lib.common.rest_client [req-9e80dfa3-ceb8-499d-9734-96078b5e6a3d req-9e80dfa3-ceb8-499d-9734-96078b5e6a3d ] Request (VolumesAssistedSnapshotsTest:_run_cleanups): 404 GET http://10.180.1.21/volume/v3/volumes/227b97fd-a50b-436c-b51c-e971b3da8e00 0.012s
2024-12-22 11:09:06.061 67722 INFO tempest.lib.common.rest_client [req-9fd0e1ac-450a-4b82-94bd-5d160a6b4430 req-9fd0e1ac-450a-4b82-94bd-5d160a6b4430 ] Request (ServerGroupTestJSON:_run_cleanups): 200 GET http://10.180.1.21/compute/v2.1/servers/94d9210e-ca8d-4ef1-a640-2d9a11ad87d3 0.061s
2024-12-22 11:09:06.081 67756 INFO tempest.lib.common.rest_client [req-05840052-0709-42e5-b3e4-1e227ebc43d1 req-05840052-0709-42e5-b3e4-1e227ebc43d1 ] Request (VolumesAssistedSnapshotsTest:tearDownClass): 204 DELETE http://10.180.1.21/compute/v2.1/servers/61fdfa06-cb40-44a3-8abc-428b26bd40f5 0.074s
2024-12-22 11:09:06.114 67726 INFO tempest.lib.common.rest_client [req-c7d80940-dbc7-446e-ae93-961297c6ddce req-c7d80940-dbc7-446e-ae93-961297c6ddce ] Request (TenantUsagesTestJSON:setUpClass): 200 GET http://10.180.1.21/compute/v2.1/servers/3815d381-760d-40fc-98cf-8e6af287007f 0.104s
2024-12-22 11:09:06.132 67718 INFO tempest.lib.common.rest_client [req-e6cd6b51-8386-4c61-802c-d2277486048f req-e6cd6b51-8386-4c61-802c-d2277486048f ] Request (ServerDiagnosticsTest:tearDownClass): 200 GET http://10.180.1.21/compute/v2.1/servers/00e925a1-9b79-46e2-b7f7-c0b63e1e72df 0.059s
2024-12-22 11:09:06.273 67756 INFO tempest.lib.common.rest_client [req-d2a203bd-57d9-421e-90a8-64ed679f188c req-d2a203bd-57d9-421e-90a8-64ed679f188c ] Request (VolumesAssistedSnapshotsTest:tearDownClass): 200 GET http://10.180.1.21/compute/v2.1/servers/61fdfa06-cb40-44a3-8abc-428b26bd40f5 0.192s
2024-12-22 11:09:06.348 67706 INFO tempest.lib.common.rest_client [req-41fdfe22-ff29-4a52-9195-9fc082a9acc3 req-41fdfe22-ff29-4a52-9195-9fc082a9acc3 ] Request (ServerTagsTestJSON:setUpClass): 200 GET http://10.180.1.21/compute/v2.1/servers/cc5cfa6d-d3db-4997-8413-2460e1124f02 0.101s
2024-12-22 11:09:06.355 67706 INFO tempest.common.waiters [-] State transition "BUILD/spawning" ==> "ACTIVE/None" after 59 second wait
2024-12-22 11:09:06.415 67706 INFO tempest.lib.common.rest_client [req-6fec4f42-17a5-435e-90c7-e07172eb4bcd req-6fec4f42-17a5-435e-90c7-e07172eb4bcd ] Request (ServerTagsTestJSON:test_check_tag_existence): 201 PUT http://10.180.1.21/compute/v2.1/servers/cc5cfa6d-d3db-4997-8413-2460e1124f02/tags/tempest-tag-1933739963 0.059s
2024-12-22 11:09:06.438 67706 INFO tempest.lib.common.rest_client [req-b68678a9-ca18-4d34-b711-7dec77a2d1d7 req-b68678a9-ca18-4d34-b711-7dec77a2d1d7 ] Request (ServerTagsTestJSON:test_check_tag_existence): 204 GET http://10.180.1.21/compute/v2.1/servers/cc5cfa6d-d3db-4997-8413-2460e1124f02/tags/tempest-tag-1933739963 0.022s
2024-12-22 11:09:06.485 67706 INFO tempest.lib.common.rest_client [req-3a87d699-b698-4f6c-b442-08e476be78e5 req-3a87d699-b698-4f6c-b442-08e476be78e5 ] Request (ServerTagsTestJSON:_run_cleanups): 204 DELETE http://10.180.1.21/compute/v2.1/servers/cc5cfa6d-d3db-4997-8413-2460e1124f02/tags 0.046s
2024-12-22 11:09:06.501 67706 INFO tempest.lib.common.rest_client [req-70479fd0-c399-440b-97cd-1161895cb8b6 req-70479fd0-c399-440b-97cd-1161895cb8b6 ] Request (ServerTagsTestJSON:test_create_delete_tag): 200 GET http://10.180.1.21/compute/v2.1/servers/cc5cfa6d-d3db-4997-8413-2460e1124f02/tags 0.015s
2024-12-22 11:09:06.550 67706 INFO tempest.lib.common.rest_client [req-f4869b03-1817-42d5-bdfb-dd8228b97720 req-f4869b03-1817-42d5-bdfb-dd8228b97720 ] Request (ServerTagsTestJSON:test_create_delete_tag): 201 PUT http://10.180.1.21/compute/v2.1/servers/cc5cfa6d-d3db-4997-8413-2460e1124f02/tags/tempest-tag-983495355 0.048s
2024-12-22 11:09:06.568 67706 INFO tempest.lib.common.rest_client [req-9f172ee4-20f8-4f76-9cc7-a688eaf82a3f req-9f172ee4-20f8-4f76-9cc7-a688eaf82a3f ] Request (ServerTagsTestJSON:test_create_delete_tag): 200 GET http://10.180.1.21/compute/v2.1/servers/cc5cfa6d-d3db-4997-8413-2460e1124f02/tags 0.018s
2024-12-22 11:09:06.624 67706 INFO tempest.lib.common.rest_client [req-f7960b3a-de81-4f33-9948-852f0d4ffb81 req-f7960b3a-de81-4f33-9948-852f0d4ffb81 ] Request (ServerTagsTestJSON:test_create_delete_tag): 204 DELETE http://10.180.1.21/compute/v2.1/servers/cc5cfa6d-d3db-4997-8413-2460e1124f02/tags/tempest-tag-983495355 0.054s
2024-12-22 11:09:06.624 67736 INFO tempest.lib.common.rest_client [req-4c494383-615e-4d73-8119-fa6f32499b5c req-4c494383-615e-4d73-8119-fa6f32499b5c ] Request (ServerActionsV293TestJSON:setUpClass): 200 GET http://10.180.1.21/compute/v2.1/servers/49eb6292-012a-4296-aff8-9c460866a602 0.061s
2024-12-22 11:09:06.647 67706 INFO tempest.lib.common.rest_client [req-04fe48e6-8329-4a24-ac21-3aa15877c9b1 req-04fe48e6-8329-4a24-ac21-3aa15877c9b1 ] Request (ServerTagsTestJSON:test_create_delete_tag): 200 GET http://10.180.1.21/compute/v2.1/servers/cc5cfa6d-d3db-4997-8413-2460e1124f02/tags 0.022s
2024-12-22 11:09:06.695 67766 INFO tempest.lib.common.rest_client [req-bffc5cbe-4d18-4f07-b891-47c2fec7d808 req-bffc5cbe-4d18-4f07-b891-47c2fec7d808 ] Request (ServerRescueNegativeTestJSON:setUpClass): 200 GET http://10.180.1.21/compute/v2.1/servers/31a693b6-293a-4f01-9baf-a9e7e8d453d4 0.064s
2024-12-22 11:09:06.745 67706 INFO tempest.lib.common.rest_client [req-5359ae88-fef7-4f2c-b923-b9e1080852b7 req-5359ae88-fef7-4f2c-b923-b9e1080852b7 ] Request (ServerTagsTestJSON:_run_cleanups): 204 DELETE http://10.180.1.21/compute/v2.1/servers/cc5cfa6d-d3db-4997-8413-2460e1124f02/tags 0.096s
2024-12-22 11:09:06.803 67728 INFO tempest.lib.common.rest_client [req-e1402140-faf5-42e5-ae4d-97136545f2f6 req-e1402140-faf5-42e5-ae4d-97136545f2f6 ] Request (ServersTestBootFromVolume:setUpClass): 200 GET http://10.180.1.21/volume/v3/volumes/51f1feea-0afc-4d43-8b47-c2e3f20d424c 0.025s
2024-12-22 11:09:06.808 67750 INFO tempest.lib.common.rest_client [req-81cd7f60-b90c-456d-9aa7-27c7dafe36a2 req-81cd7f60-b90c-456d-9aa7-27c7dafe36a2 ] Request (ServersAdminNegativeTestJSON:tearDownClass): 200 GET http://10.180.1.21/compute/v2.1/servers/ca1e1e82-f4fe-42b5-92b1-6a20b7267d4d 0.120s
2024-12-22 11:09:06.816 67758 INFO tempest.lib.common.rest_client [req-7b74eb78-412f-4208-8be8-3ea78aa0b02e req-7b74eb78-412f-4208-8be8-3ea78aa0b02e ] Request (InstanceActionsTestJSON:setUpClass): 200 GET http://10.180.1.21/compute/v2.1/servers/28b3bfc7-2bed-4941-9f48-8bd301e1a971 0.168s
2024-12-22 11:09:06.822 67758 INFO tempest.common.waiters [-] State transition "BUILD/spawning" ==> "ACTIVE/None" after 65 second wait
2024-12-22 11:09:06.858 67754 INFO tempest.lib.common.rest_client [req-34324c2d-e0aa-4237-8656-2c6b7de97153 req-34324c2d-e0aa-4237-8656-2c6b7de97153 ] Request (ServersAdminTestJSON:setUpClass): 200 GET http://10.180.1.21/compute/v2.1/servers/82b7019c-5049-4b8b-abb4-46f326ce3d5b 0.142s
2024-12-22 11:09:06.871 67706 INFO tempest.lib.common.rest_client [req-206175ca-0ac3-4d38-b3f7-cfc294b15a61 req-206175ca-0ac3-4d38-b3f7-cfc294b15a61 ] Request (ServerTagsTestJSON:test_delete_all_tags): 201 PUT http://10.180.1.21/compute/v2.1/servers/cc5cfa6d-d3db-4997-8413-2460e1124f02/tags/tempest-tag-1736894661 0.124s
2024-12-22 11:09:06.876 67740 INFO tempest.lib.common.rest_client [req-cb9a6e75-5524-4fbf-891f-9646feaceec0 req-cb9a6e75-5524-4fbf-891f-9646feaceec0 ] Request (ServerRescueTestJSON:tearDownClass): 404 GET http://10.180.1.21/compute/v2.1/servers/d49eae54-cccb-4281-aaa0-d6974529eb7b 0.063s
2024-12-22 11:09:06.900 67758 INFO tempest.lib.common.rest_client [req-c462a2d0-7189-4e3a-a279-2a00ac660744 req-c462a2d0-7189-4e3a-a279-2a00ac660744 ] Request (InstanceActionsTestJSON:test_get_instance_action): 200 GET http://10.180.1.21/compute/v2.1/servers/28b3bfc7-2bed-4941-9f48-8bd301e1a971/os-instance-actions/req-3fbd6312-a262-479d-bc95-8c6c4f60b688 0.077s
2024-12-22 11:09:06.922 67704 INFO tempest.lib.common.rest_client [req-84134485-fbad-4321-a9b7-c94b6d681013 req-84134485-fbad-4321-a9b7-c94b6d681013 ] Request (ListImageFiltersTestJSON:tearDownClass): 200 GET http://10.180.1.21/compute/v2.1/servers/bd07735a-6a75-45fb-9cef-e1f2c301a489 0.082s
2024-12-22 11:09:06.945 67714 INFO tempest.lib.common.rest_client [req-2c19ac6f-3ae8-49fd-a394-c935bbbb96f2 req-2c19ac6f-3ae8-49fd-a394-c935bbbb96f2 ] Request (ServersTestMultiNic:test_verify_duplicate_network_nics): 200 GET http://10.180.1.21/compute/v2.1/servers/f6fddc23-ad36-4d6f-82a2-ded456b2596e 0.087s
2024-12-22 11:09:06.974 67706 INFO tempest.lib.common.rest_client [req-5147db46-8ac5-447a-87bd-7754ff837a6f req-5147db46-8ac5-447a-87bd-7754ff837a6f ] Request (ServerTagsTestJSON:test_delete_all_tags): 201 PUT http://10.180.1.21/compute/v2.1/servers/cc5cfa6d-d3db-4997-8413-2460e1124f02/tags/tempest-tag-48248272 0.102s
2024-12-22 11:09:07.018 67710 INFO tempest.lib.common.rest_client [req-8b43075f-45ce-4f08-b787-084e2ab4addb req-8b43075f-45ce-4f08-b787-084e2ab4addb ] Request (MigrationsAdminTest:test_resize_server_revert_deleted_flavor): 200 GET http://10.180.1.21/compute/v2.1/servers/650a97b9-911e-44b0-9e82-a6d4cc95c9dd 0.135s
2024-12-22 11:09:07.023 67740 INFO tempest.lib.common.rest_client [req-193eeebf-e8f1-4a6e-a750-162df7b64339 req-193eeebf-e8f1-4a6e-a750-162df7b64339 ] Request (ServerRescueTestJSON:tearDownClass): 204 DELETE http://10.180.1.21/compute/v2.1/servers/ccd80e20-9fc2-415a-a428-fcf85994c7f8 0.146s
2024-12-22 11:09:07.067 67738 INFO tempest.lib.common.rest_client [req-13242156-bd69-4abc-86ba-c06a4cfaaed9 req-13242156-bd69-4abc-86ba-c06a4cfaaed9 ] Request (ImagesTestJSON:test_create_server_from_snapshot): 200 GET http://10.180.1.21/compute/v2.1/servers/37792b57-3347-4134-a060-53359afa3298 0.167s
2024-12-22 11:09:07.082 67758 INFO tempest.lib.common.rest_client [req-d868255a-d622-4978-bc5e-7d66e6ce5f18 req-d868255a-d622-4978-bc5e-7d66e6ce5f18 ] Request (InstanceActionsTestJSON:test_list_instance_actions): 202 POST http://10.180.1.21/compute/v2.1/servers/28b3bfc7-2bed-4941-9f48-8bd301e1a971/action 0.178s
2024-12-22 11:09:07.129 67712 INFO tempest.lib.common.rest_client [req-fe4caf3c-6b92-4140-99a3-cb0a106738ef req-fe4caf3c-6b92-4140-99a3-cb0a106738ef ] Request (ServersV294TestFqdnHostnames:setUpClass): 200 GET http://10.180.1.21/compute/v2.1/servers/9679a1a2-b003-4a60-a812-8b3a9b5f545f 0.195s
2024-12-22 11:09:07.145 67720 INFO tempest.lib.common.rest_client [req-4b6564a2-aa0d-4a12-a9ca-3a949e7aaaf7 req-4b6564a2-aa0d-4a12-a9ca-3a949e7aaaf7 ] Request (ServersTestJSON:test_create_server_specify_multibyte_character_name): 200 GET http://10.180.1.21/compute/v2.1/servers/df2933d1-32c3-48a6-8ceb-d5e3047d0b78 0.199s
2024-12-22 11:09:07.171 67706 INFO tempest.lib.common.rest_client [req-91068742-e539-4774-b9d2-eba790213aaa req-91068742-e539-4774-b9d2-eba790213aaa ] Request (ServerTagsTestJSON:test_delete_all_tags): 204 DELETE http://10.180.1.21/compute/v2.1/servers/cc5cfa6d-d3db-4997-8413-2460e1124f02/tags 0.197s
2024-12-22 11:09:07.210 67733 INFO tempest.lib.common.rest_client [req-6332477e-6799-4e97-81bc-64fdf4123ff5 req-6332477e-6799-4e97-81bc-64fdf4123ff5 ] Request (ServerDiskConfigTestJSON:test_rebuild_server_with_manual_disk_config): 200 GET http://10.180.1.21/compute/v2.1/servers/8edc24d6-9073-4836-b14b-422df3ac1b88 0.223s
2024-12-22 11:09:07.236 67730 INFO tempest.lib.common.rest_client [req-3aaf771d-bb7a-480b-9c19-bcfeccd3351a req-3aaf771d-bb7a-480b-9c19-bcfeccd3351a ] Request (FloatingIPsAssociationTestJSON:tearDownClass): 200 GET http://10.180.1.21/compute/v2.1/servers/b629b4f8-f79f-4361-b78c-8705a6888a9e 0.237s
2024-12-22 11:09:07.301 67722 INFO tempest.lib.common.rest_client [req-2b88a8a8-e009-4e0b-98c0-062773062e70 req-2b88a8a8-e009-4e0b-98c0-062773062e70 ] Request (ServerGroupTestJSON:_run_cleanups): 200 GET http://10.180.1.21/compute/v2.1/servers/94d9210e-ca8d-4ef1-a640-2d9a11ad87d3 0.234s
2024-12-22 11:09:07.367 67740 INFO tempest.lib.common.rest_client [req-6e3f1593-9a40-4f7b-951b-45cf95a8f9da req-6e3f1593-9a40-4f7b-951b-45cf95a8f9da ] Request (ServerRescueTestJSON:tearDownClass): 200 GET http://10.180.1.21/compute/v2.1/servers/ccd80e20-9fc2-415a-a428-fcf85994c7f8 0.343s
2024-12-22 11:09:07.418 67726 INFO tempest.lib.common.rest_client [req-7bd963ba-da89-4c7e-823d-caee51ce2377 req-7bd963ba-da89-4c7e-823d-caee51ce2377 ] Request (TenantUsagesTestJSON:setUpClass): 200 GET http://10.180.1.21/compute/v2.1/servers/3815d381-760d-40fc-98cf-8e6af287007f 0.297s
2024-12-22 11:09:07.425 67758 INFO tempest.lib.common.rest_client [req-a072f2a2-5869-4d0f-a185-3a3622e70f9b req-a072f2a2-5869-4d0f-a185-3a3622e70f9b ] Request (InstanceActionsTestJSON:test_list_instance_actions): 200 GET http://10.180.1.21/compute/v2.1/servers/28b3bfc7-2bed-4941-9f48-8bd301e1a971 0.343s
2024-12-22 11:09:07.439 67706 INFO tempest.lib.common.rest_client [req-f4c5487d-2e85-404b-acaf-47efbebc09ef req-f4c5487d-2e85-404b-acaf-47efbebc09ef ] Request (ServerTagsTestJSON:test_delete_all_tags): 200 GET http://10.180.1.21/compute/v2.1/servers/cc5cfa6d-d3db-4997-8413-2460e1124f02/tags 0.267s
2024-12-22 11:09:07.468 67718 INFO tempest.lib.common.rest_client [req-22f8d8c2-a630-45e0-9678-98efee30e33b req-22f8d8c2-a630-45e0-9678-98efee30e33b ] Request (ServerDiagnosticsTest:tearDownClass): 200 GET http://10.180.1.21/compute/v2.1/servers/00e925a1-9b79-46e2-b7f7-c0b63e1e72df 0.326s
2024-12-22 11:09:07.507 67706 INFO tempest.lib.common.rest_client [req-614ffb20-f2de-4391-b748-157919ea9e79 req-614ffb20-f2de-4391-b748-157919ea9e79 ] Request (ServerTagsTestJSON:_run_cleanups): 204 DELETE http://10.180.1.21/compute/v2.1/servers/cc5cfa6d-d3db-4997-8413-2460e1124f02/tags 0.067s
2024-12-22 11:09:07.529 67756 INFO tempest.lib.common.rest_client [req-50761108-a847-463f-bcec-7710da497b7a req-50761108-a847-463f-bcec-7710da497b7a ] Request (VolumesAssistedSnapshotsTest:tearDownClass): 200 GET http://10.180.1.21/compute/v2.1/servers/61fdfa06-cb40-44a3-8abc-428b26bd40f5 0.249s
2024-12-22 11:09:07.563 67706 INFO tempest.lib.common.rest_client [req-d65b85dd-102a-458f-9bda-5a4624bd5687 req-d65b85dd-102a-458f-9bda-5a4624bd5687 ] Request (ServerTagsTestJSON:test_update_all_tags): 201 PUT http://10.180.1.21/compute/v2.1/servers/cc5cfa6d-d3db-4997-8413-2460e1124f02/tags/tempest-tag-213553132 0.054s
2024-12-22 11:09:07.617 67706 INFO tempest.lib.common.rest_client [req-3f64e150-92b1-485e-9a42-09ab2a87af23 req-3f64e150-92b1-485e-9a42-09ab2a87af23 ] Request (ServerTagsTestJSON:test_update_all_tags): 201 PUT http://10.180.1.21/compute/v2.1/servers/cc5cfa6d-d3db-4997-8413-2460e1124f02/tags/tempest-tag-1791766531 0.053s
2024-12-22 11:09:07.665 67706 INFO tempest.lib.common.rest_client [req-dd074a74-e875-44af-9168-9185f73715e5 req-dd074a74-e875-44af-9168-9185f73715e5 ] Request (ServerTagsTestJSON:test_update_all_tags): 200 PUT http://10.180.1.21/compute/v2.1/servers/cc5cfa6d-d3db-4997-8413-2460e1124f02/tags 0.047s
2024-12-22 11:09:07.683 67706 INFO tempest.lib.common.rest_client [req-effdf473-9ea3-4614-b6a2-81de6a2af3c5 req-effdf473-9ea3-4614-b6a2-81de6a2af3c5 ] Request (ServerTagsTestJSON:test_update_all_tags): 200 GET http://10.180.1.21/compute/v2.1/servers/cc5cfa6d-d3db-4997-8413-2460e1124f02/tags 0.016s
2024-12-22 11:09:07.694 67736 INFO tempest.lib.common.rest_client [req-ed627761-af10-4d53-a255-0adac20f06fb req-ed627761-af10-4d53-a255-0adac20f06fb ] Request (ServerActionsV293TestJSON:setUpClass): 200 GET http://10.180.1.21/compute/v2.1/servers/49eb6292-012a-4296-aff8-9c460866a602 0.058s
2024-12-22 11:09:07.733 67706 INFO tempest.lib.common.rest_client [req-36a1d387-d103-4280-845d-2cf50b9058d1 req-36a1d387-d103-4280-845d-2cf50b9058d1 ] Request (ServerTagsTestJSON:_run_cleanups): 204 DELETE http://10.180.1.21/compute/v2.1/servers/cc5cfa6d-d3db-4997-8413-2460e1124f02/tags 0.049s
2024-12-22 11:09:07.756 67752 WARNING tempest.lib.common.ssh [-] Failed to establish authenticated ssh connection to cirros@10.180.180.248 ([Errno None] Unable to connect to port 22 on 10.180.180.248). Number attempts: 7. Retry after 8 seconds.: paramiko.ssh_exception.NoValidConnectionsError: [Errno None] Unable to connect to port 22 on 10.180.180.248
2024-12-22 11:09:07.763 67766 INFO tempest.lib.common.rest_client [req-5e544803-e283-4ba1-b2a1-5452c5483ded req-5e544803-e283-4ba1-b2a1-5452c5483ded ] Request (ServerRescueNegativeTestJSON:setUpClass): 200 GET http://10.180.1.21/compute/v2.1/servers/31a693b6-293a-4f01-9baf-a9e7e8d453d4 0.057s
2024-12-22 11:09:07.805 67706 INFO tempest.lib.common.rest_client [req-3b7b8a3c-c1a2-4fa3-8bad-43bc115fe399 req-3b7b8a3c-c1a2-4fa3-8bad-43bc115fe399 ] Request (ServerTagsTestJSON:tearDownClass): 204 DELETE http://10.180.1.21/compute/v2.1/servers/cc5cfa6d-d3db-4997-8413-2460e1124f02 0.070s
2024-12-22 11:09:07.844 67728 INFO tempest.lib.common.rest_client [req-da4d6008-8ae1-489f-98a0-aef1f7cd7624 req-da4d6008-8ae1-489f-98a0-aef1f7cd7624 ] Request (ServersTestBootFromVolume:setUpClass): 200 GET http://10.180.1.21/volume/v3/volumes/51f1feea-0afc-4d43-8b47-c2e3f20d424c 0.035s
2024-12-22 11:09:07.875 67750 INFO tempest.lib.common.rest_client [req-e57277d6-ca00-48b8-81df-0e265bcbeb86 req-e57277d6-ca00-48b8-81df-0e265bcbeb86 ] Request (ServersAdminNegativeTestJSON:tearDownClass): 200 GET http://10.180.1.21/compute/v2.1/servers/ca1e1e82-f4fe-42b5-92b1-6a20b7267d4d 0.059s
2024-12-22 11:09:07.918 67706 INFO tempest.lib.common.rest_client [req-f172da4d-3111-46ec-ad9b-8fa500704340 req-f172da4d-3111-46ec-ad9b-8fa500704340 ] Request (ServerTagsTestJSON:tearDownClass): 200 GET http://10.180.1.21/compute/v2.1/servers/cc5cfa6d-d3db-4997-8413-2460e1124f02 0.113s
2024-12-22 11:09:07.924 67754 INFO tempest.lib.common.rest_client [req-e19ed890-357a-40a9-9fad-716ad50a9a74 req-e19ed890-357a-40a9-9fad-716ad50a9a74 ] Request (ServersAdminTestJSON:setUpClass): 200 GET http://10.180.1.21/compute/v2.1/servers/82b7019c-5049-4b8b-abb4-46f326ce3d5b 0.058s
2024-12-22 11:09:07.930 67754 INFO tempest.common.waiters [-] State transition "BUILD/scheduling" ==> "BUILD/None" after 11 second wait
2024-12-22 11:09:07.961 67748 WARNING tempest.lib.common.ssh [-] Failed to establish authenticated ssh connection to cirros@10.180.180.216 ([Errno None] Unable to connect to port 22 on 10.180.180.216). Number attempts: 3. Retry after 4 seconds.: paramiko.ssh_exception.NoValidConnectionsError: [Errno None] Unable to connect to port 22 on 10.180.180.216
2024-12-22 11:09:07.989 67704 INFO tempest.lib.common.rest_client [req-4835a84b-bb6e-4ac6-8593-02b5169b57e2 req-4835a84b-bb6e-4ac6-8593-02b5169b57e2 ] Request (ListImageFiltersTestJSON:tearDownClass): 200 GET http://10.180.1.21/compute/v2.1/servers/bd07735a-6a75-45fb-9cef-e1f2c301a489 0.060s
2024-12-22 11:09:07.995 67704 INFO tempest.common.waiters [-] State transition "ACTIVE/deleting" ==> "DELETED/None" after 4 second wait
2024-12-22 11:09:08.000 67714 INFO tempest.lib.common.rest_client [req-eda20144-e96a-420e-bdde-7876fc120489 req-eda20144-e96a-420e-bdde-7876fc120489 ] Request (ServersTestMultiNic:test_verify_duplicate_network_nics): 200 GET http://10.180.1.21/compute/v2.1/servers/f6fddc23-ad36-4d6f-82a2-ded456b2596e 0.049s
2024-12-22 11:09:08.084 67710 INFO tempest.lib.common.rest_client [req-e9d32585-5071-4006-a620-74be7bc31f98 req-e9d32585-5071-4006-a620-74be7bc31f98 ] Request (MigrationsAdminTest:test_resize_server_revert_deleted_flavor): 200 GET http://10.180.1.21/compute/v2.1/servers/650a97b9-911e-44b0-9e82-a6d4cc95c9dd 0.060s
2024-12-22 11:09:08.144 67738 INFO tempest.lib.common.rest_client [req-ba2f34da-38b9-4c2b-8d1e-6826ffb5d780 req-ba2f34da-38b9-4c2b-8d1e-6826ffb5d780 ] Request (ImagesTestJSON:test_create_server_from_snapshot): 200 GET http://10.180.1.21/compute/v2.1/servers/37792b57-3347-4134-a060-53359afa3298 0.069s
2024-12-22 11:09:08.203 67712 INFO tempest.lib.common.rest_client [req-9b613fcc-7631-4ec1-9731-640df98dfbba req-9b613fcc-7631-4ec1-9731-640df98dfbba ] Request (ServersV294TestFqdnHostnames:setUpClass): 200 GET http://10.180.1.21/compute/v2.1/servers/9679a1a2-b003-4a60-a812-8b3a9b5f545f 0.062s
2024-12-22 11:09:08.209 67720 INFO tempest.lib.common.rest_client [req-24269248-68a0-4f55-baf7-b9af198350e5 req-24269248-68a0-4f55-baf7-b9af198350e5 ] Request (ServersTestJSON:test_create_server_specify_multibyte_character_name): 200 GET http://10.180.1.21/compute/v2.1/servers/df2933d1-32c3-48a6-8ceb-d5e3047d0b78 0.057s
2024-12-22 11:09:08.276 67733 INFO tempest.lib.common.rest_client [req-b906a226-cb69-47db-a123-408455cd6def req-b906a226-cb69-47db-a123-408455cd6def ] Request (ServerDiskConfigTestJSON:test_rebuild_server_with_manual_disk_config): 200 GET http://10.180.1.21/compute/v2.1/servers/8edc24d6-9073-4836-b14b-422df3ac1b88 0.057s
2024-12-22 11:09:08.304 67730 INFO tempest.lib.common.rest_client [req-07883a90-18ea-4a50-bb59-cde492795005 req-07883a90-18ea-4a50-bb59-cde492795005 ] Request (FloatingIPsAssociationTestJSON:tearDownClass): 200 GET http://10.180.1.21/compute/v2.1/servers/b629b4f8-f79f-4361-b78c-8705a6888a9e 0.061s
2024-12-22 11:09:08.371 67722 INFO tempest.lib.common.rest_client [req-0acc5e63-b14d-4d89-bf5f-b3dc56557da8 req-0acc5e63-b14d-4d89-bf5f-b3dc56557da8 ] Request (ServerGroupTestJSON:_run_cleanups): 200 GET http://10.180.1.21/compute/v2.1/servers/94d9210e-ca8d-4ef1-a640-2d9a11ad87d3 0.060s
2024-12-22 11:09:08.491 67726 INFO tempest.lib.common.rest_client [req-acac743c-fb22-496e-a813-ec94cb160425 req-acac743c-fb22-496e-a813-ec94cb160425 ] Request (TenantUsagesTestJSON:setUpClass): 200 GET http://10.180.1.21/compute/v2.1/servers/3815d381-760d-40fc-98cf-8e6af287007f 0.066s
2024-12-22 11:09:08.511 67740 INFO tempest.lib.common.rest_client [req-1b620285-aeac-4068-b1d3-57fde1c385cc req-1b620285-aeac-4068-b1d3-57fde1c385cc ] Request (ServerRescueTestJSON:tearDownClass): 200 GET http://10.180.1.21/compute/v2.1/servers/ccd80e20-9fc2-415a-a428-fcf85994c7f8 0.133s
2024-12-22 11:09:08.567 67718 INFO tempest.lib.common.rest_client [req-622d8ebf-4abf-4083-b91c-ef0b7ebbd247 req-622d8ebf-4abf-4083-b91c-ef0b7ebbd247 ] Request (ServerDiagnosticsTest:tearDownClass): 200 GET http://10.180.1.21/compute/v2.1/servers/00e925a1-9b79-46e2-b7f7-c0b63e1e72df 0.088s
2024-12-22 11:09:08.590 67758 INFO tempest.lib.common.rest_client [req-a094585a-e781-4da2-a142-d03ecc09985b req-a094585a-e781-4da2-a142-d03ecc09985b ] Request (InstanceActionsTestJSON:test_list_instance_actions): 200 GET http://10.180.1.21/compute/v2.1/servers/28b3bfc7-2bed-4941-9f48-8bd301e1a971 0.157s
2024-12-22 11:09:08.693 67756 INFO tempest.lib.common.rest_client [req-93d1830f-2347-4474-a2c0-5adc0f39423b req-93d1830f-2347-4474-a2c0-5adc0f39423b ] Request (VolumesAssistedSnapshotsTest:tearDownClass): 200 GET http://10.180.1.21/compute/v2.1/servers/61fdfa06-cb40-44a3-8abc-428b26bd40f5 0.157s
2024-12-22 11:09:08.776 67736 INFO tempest.lib.common.rest_client [req-8d6e2586-0502-40df-a309-f60054dcec19 req-8d6e2586-0502-40df-a309-f60054dcec19 ] Request (ServerActionsV293TestJSON:setUpClass): 200 GET http://10.180.1.21/compute/v2.1/servers/49eb6292-012a-4296-aff8-9c460866a602 0.073s
2024-12-22 11:09:08.833 67766 INFO tempest.lib.common.rest_client [req-06ae5c57-8492-48a8-88dc-3d6f510acb7b req-06ae5c57-8492-48a8-88dc-3d6f510acb7b ] Request (ServerRescueNegativeTestJSON:setUpClass): 200 GET http://10.180.1.21/compute/v2.1/servers/31a693b6-293a-4f01-9baf-a9e7e8d453d4 0.063s
2024-12-22 11:09:08.880 67728 INFO tempest.lib.common.rest_client [req-29c3b9a6-8fa0-479d-b6fd-e026ba91acd1 req-29c3b9a6-8fa0-479d-b6fd-e026ba91acd1 ] Request (ServersTestBootFromVolume:setUpClass): 200 GET http://10.180.1.21/volume/v3/volumes/51f1feea-0afc-4d43-8b47-c2e3f20d424c 0.028s
2024-12-22 11:09:08.950 67750 INFO tempest.lib.common.rest_client [req-4a2ef5c1-68b2-43e2-b06d-945b1c2ca46e req-4a2ef5c1-68b2-43e2-b06d-945b1c2ca46e ] Request (ServersAdminNegativeTestJSON:tearDownClass): 200 GET http://10.180.1.21/compute/v2.1/servers/ca1e1e82-f4fe-42b5-92b1-6a20b7267d4d 0.064s
2024-12-22 11:09:09.010 67754 INFO tempest.lib.common.rest_client [req-9640540d-340e-47f8-9a57-7d63b965dcb6 req-9640540d-340e-47f8-9a57-7d63b965dcb6 ] Request (ServersAdminTestJSON:setUpClass): 200 GET http://10.180.1.21/compute/v2.1/servers/82b7019c-5049-4b8b-abb4-46f326ce3d5b 0.078s
2024-12-22 11:09:09.075 67706 INFO tempest.lib.common.rest_client [req-3259759e-e42d-4535-9ec7-d588e8e5225f req-3259759e-e42d-4535-9ec7-d588e8e5225f ] Request (ServerTagsTestJSON:tearDownClass): 200 GET http://10.180.1.21/compute/v2.1/servers/cc5cfa6d-d3db-4997-8413-2460e1124f02 0.147s
2024-12-22 11:09:09.089 67704 INFO tempest.lib.common.rest_client [req-3fbcc738-cec7-4fd7-b7bc-6371826b50a8 req-3fbcc738-cec7-4fd7-b7bc-6371826b50a8 ] Request (ListImageFiltersTestJSON:tearDownClass): 200 GET http://10.180.1.21/compute/v2.1/servers/bd07735a-6a75-45fb-9cef-e1f2c301a489 0.092s
2024-12-22 11:09:09.109 67716 WARNING tempest.lib.common.ssh [-] Failed to establish authenticated ssh connection to cirros@10.180.180.136 ([Errno None] Unable to connect to port 22 on 10.180.180.136). Number attempts: 6. Retry after 7 seconds.: paramiko.ssh_exception.NoValidConnectionsError: [Errno None] Unable to connect to port 22 on 10.180.180.136
2024-12-22 11:09:09.122 67714 INFO tempest.lib.common.rest_client [req-dce82107-1d9f-426b-84f9-84407c5d5f3c req-dce82107-1d9f-426b-84f9-84407c5d5f3c ] Request (ServersTestMultiNic:test_verify_duplicate_network_nics): 200 GET http://10.180.1.21/compute/v2.1/servers/f6fddc23-ad36-4d6f-82a2-ded456b2596e 0.115s
2024-12-22 11:09:09.137 67710 INFO tempest.lib.common.rest_client [req-8da0db37-f44f-4ac3-a956-94731e3147f9 req-8da0db37-f44f-4ac3-a956-94731e3147f9 ] Request (MigrationsAdminTest:test_resize_server_revert_deleted_flavor): 200 GET http://10.180.1.21/compute/v2.1/servers/650a97b9-911e-44b0-9e82-a6d4cc95c9dd 0.045s
2024-12-22 11:09:09.203 67738 INFO tempest.lib.common.rest_client [req-67c51658-f455-4efd-8029-1dde2ae5876f req-67c51658-f455-4efd-8029-1dde2ae5876f ] Request (ImagesTestJSON:test_create_server_from_snapshot): 200 GET http://10.180.1.21/compute/v2.1/servers/37792b57-3347-4134-a060-53359afa3298 0.045s
2024-12-22 11:09:09.270 67720 INFO tempest.lib.common.rest_client [req-fb16028e-1ca2-4cbf-91bb-9935979200be req-fb16028e-1ca2-4cbf-91bb-9935979200be ] Request (ServersTestJSON:test_create_server_specify_multibyte_character_name): 200 GET http://10.180.1.21/compute/v2.1/servers/df2933d1-32c3-48a6-8ceb-d5e3047d0b78 0.053s
2024-12-22 11:09:09.285 67712 INFO tempest.lib.common.rest_client [req-db1ab000-3160-4036-bd6f-e94cf0cb2a96 req-db1ab000-3160-4036-bd6f-e94cf0cb2a96 ] Request (ServersV294TestFqdnHostnames:setUpClass): 200 GET http://10.180.1.21/compute/v2.1/servers/9679a1a2-b003-4a60-a812-8b3a9b5f545f 0.071s
2024-12-22 11:09:09.293 67712 INFO tempest.common.waiters [-] State transition "BUILD/None" ==> "BUILD/networking" after 50 second wait
2024-12-22 11:09:09.332 67733 INFO tempest.lib.common.rest_client [req-577024a5-b614-4019-ba62-134add291cf5 req-577024a5-b614-4019-ba62-134add291cf5 ] Request (ServerDiskConfigTestJSON:test_rebuild_server_with_manual_disk_config): 200 GET http://10.180.1.21/compute/v2.1/servers/8edc24d6-9073-4836-b14b-422df3ac1b88 0.049s
2024-12-22 11:09:09.367 67730 INFO tempest.lib.common.rest_client [req-63ab1dcd-1d6a-47a0-90ae-a9c69a85a9e9 req-63ab1dcd-1d6a-47a0-90ae-a9c69a85a9e9 ] Request (FloatingIPsAssociationTestJSON:tearDownClass): 200 GET http://10.180.1.21/compute/v2.1/servers/b629b4f8-f79f-4361-b78c-8705a6888a9e 0.056s
2024-12-22 11:09:09.452 67722 INFO tempest.lib.common.rest_client [req-97658c75-f6f5-48b1-a4ea-2a872909a448 req-97658c75-f6f5-48b1-a4ea-2a872909a448 ] Request (ServerGroupTestJSON:_run_cleanups): 200 GET http://10.180.1.21/compute/v2.1/servers/94d9210e-ca8d-4ef1-a640-2d9a11ad87d3 0.074s
2024-12-22 11:09:09.564 67726 INFO tempest.lib.common.rest_client [req-b17abfc1-441f-4f07-ba8f-1ace4a255c7b req-b17abfc1-441f-4f07-ba8f-1ace4a255c7b ] Request (TenantUsagesTestJSON:setUpClass): 200 GET http://10.180.1.21/compute/v2.1/servers/3815d381-760d-40fc-98cf-8e6af287007f 0.064s
2024-12-22 11:09:09.582 67740 INFO tempest.lib.common.rest_client [req-1cbef324-b7f9-463f-9c28-9dfe8b9799b5 req-1cbef324-b7f9-463f-9c28-9dfe8b9799b5 ] Request (ServerRescueTestJSON:tearDownClass): 200 GET http://10.180.1.21/compute/v2.1/servers/ccd80e20-9fc2-415a-a428-fcf85994c7f8 0.062s
2024-12-22 11:09:09.630 67745 WARNING tempest.lib.common.ssh [-] Failed to establish authenticated ssh connection to cirros@10.180.180.209 ([Errno None] Unable to connect to port 22 on 10.180.180.209). Number attempts: 7. Retry after 8 seconds.: paramiko.ssh_exception.NoValidConnectionsError: [Errno None] Unable to connect to port 22 on 10.180.180.209
2024-12-22 11:09:09.665 67734 WARNING tempest.lib.common.ssh [-] Failed to establish authenticated ssh connection to cirros@10.180.180.141 ([Errno None] Unable to connect to port 22 on 10.180.180.141). Number attempts: 9. Retry after 10 seconds.: paramiko.ssh_exception.NoValidConnectionsError: [Errno None] Unable to connect to port 22 on 10.180.180.141
2024-12-22 11:09:09.666 67718 INFO tempest.lib.common.rest_client [req-86b92361-87d9-4d99-81d0-d3e3582b00dc req-86b92361-87d9-4d99-81d0-d3e3582b00dc ] Request (ServerDiagnosticsTest:tearDownClass): 200 GET http://10.180.1.21/compute/v2.1/servers/00e925a1-9b79-46e2-b7f7-c0b63e1e72df 0.091s
2024-12-22 11:09:09.733 67742 INFO paramiko.transport [-] Connected (version 2.0, client dropbear_2020.81)
2024-12-22 11:09:09.737 67758 INFO tempest.lib.common.rest_client [req-6a7ddfe9-d720-4cfe-8b5d-28aa63475f4b req-6a7ddfe9-d720-4cfe-8b5d-28aa63475f4b ] Request (InstanceActionsTestJSON:test_list_instance_actions): 200 GET http://10.180.1.21/compute/v2.1/servers/28b3bfc7-2bed-4941-9f48-8bd301e1a971 0.140s
2024-12-22 11:09:09.743 67758 INFO tempest.common.waiters [-] State transition "HARD_REBOOT/rebooting_hard" ==> "HARD_REBOOT/reboot_pending_hard" after 2 second wait
2024-12-22 11:09:09.773 67756 INFO tempest.lib.common.rest_client [req-a9e69759-67c9-4846-84e9-b78351c8cd50 req-a9e69759-67c9-4846-84e9-b78351c8cd50 ] Request (VolumesAssistedSnapshotsTest:tearDownClass): 200 GET http://10.180.1.21/compute/v2.1/servers/61fdfa06-cb40-44a3-8abc-428b26bd40f5 0.073s
2024-12-22 11:09:09.840 67742 INFO paramiko.transport [-] Authentication (publickey) successful!
2024-12-22 11:09:09.841 67742 INFO tempest.lib.common.ssh [-] ssh connection to cirros@10.180.180.227 successfully created
2024-12-22 11:09:09.849 67736 INFO tempest.lib.common.rest_client [req-d81e98a5-c254-43e2-9659-cd5f55b3ac07 req-d81e98a5-c254-43e2-9659-cd5f55b3ac07 ] Request (ServerActionsV293TestJSON:setUpClass): 200 GET http://10.180.1.21/compute/v2.1/servers/49eb6292-012a-4296-aff8-9c460866a602 0.062s
2024-12-22 11:09:09.907 67766 INFO tempest.lib.common.rest_client [req-28a9fdca-a9dc-4847-b891-b71512494beb req-28a9fdca-a9dc-4847-b891-b71512494beb ] Request (ServerRescueNegativeTestJSON:setUpClass): 200 GET http://10.180.1.21/compute/v2.1/servers/31a693b6-293a-4f01-9baf-a9e7e8d453d4 0.064s
2024-12-22 11:09:09.927 67728 INFO tempest.lib.common.rest_client [req-c778dc53-e344-4b70-9476-69b3b4b5ce9c req-c778dc53-e344-4b70-9476-69b3b4b5ce9c ] Request (ServersTestBootFromVolume:setUpClass): 200 GET http://10.180.1.21/volume/v3/volumes/51f1feea-0afc-4d43-8b47-c2e3f20d424c 0.040s
2024-12-22 11:09:09.942 67742 INFO tempest.lib.common.rest_client [req-26213794-cad2-4b34-96bf-cb02bddb6fc7 req-26213794-cad2-4b34-96bf-cb02bddb6fc7 ] Request (ServersTestFqdnHostnames:tearDownClass): 204 DELETE http://10.180.1.21/compute/v2.1/servers/04bd30dc-9d1d-4a49-ba30-40cc4d6e06dd 0.092s
2024-12-22 11:09:10.018 67750 INFO tempest.lib.common.rest_client [req-7f88c946-f312-47be-bed7-000e03f7e69a req-7f88c946-f312-47be-bed7-000e03f7e69a ] Request (ServersAdminNegativeTestJSON:tearDownClass): 200 GET http://10.180.1.21/compute/v2.1/servers/ca1e1e82-f4fe-42b5-92b1-6a20b7267d4d 0.058s
2024-12-22 11:09:10.078 67754 INFO tempest.lib.common.rest_client [req-323e3f6b-2e76-45a9-9c15-f6de9c16abeb req-323e3f6b-2e76-45a9-9c15-f6de9c16abeb ] Request (ServersAdminTestJSON:setUpClass): 200 GET http://10.180.1.21/compute/v2.1/servers/82b7019c-5049-4b8b-abb4-46f326ce3d5b 0.061s
2024-12-22 11:09:10.100 67742 INFO tempest.lib.common.rest_client [req-6d292b4f-3705-4b9a-9b2d-9b0a037cfc8f req-6d292b4f-3705-4b9a-9b2d-9b0a037cfc8f ] Request (ServersTestFqdnHostnames:tearDownClass): 200 GET http://10.180.1.21/compute/v2.1/servers/04bd30dc-9d1d-4a49-ba30-40cc4d6e06dd 0.158s
2024-12-22 11:09:10.166 67704 INFO tempest.lib.common.rest_client [req-2b20b43c-b8fc-4fd2-ba1c-566e119e0d72 req-2b20b43c-b8fc-4fd2-ba1c-566e119e0d72 ] Request (ListImageFiltersTestJSON:tearDownClass): 200 GET http://10.180.1.21/compute/v2.1/servers/bd07735a-6a75-45fb-9cef-e1f2c301a489 0.069s
2024-12-22 11:09:10.190 67706 INFO tempest.lib.common.rest_client [req-889c48ec-4ef1-4d38-b622-ea5b2044f238 req-889c48ec-4ef1-4d38-b622-ea5b2044f238 ] Request (ServerTagsTestJSON:tearDownClass): 200 GET http://10.180.1.21/compute/v2.1/servers/cc5cfa6d-d3db-4997-8413-2460e1124f02 0.107s
2024-12-22 11:09:10.217 67714 INFO tempest.lib.common.rest_client [req-2fbb35a1-6952-4878-b181-40749db44c46 req-2fbb35a1-6952-4878-b181-40749db44c46 ] Request (ServersTestMultiNic:test_verify_duplicate_network_nics): 200 GET http://10.180.1.21/compute/v2.1/servers/f6fddc23-ad36-4d6f-82a2-ded456b2596e 0.088s
2024-12-22 11:09:10.239 67710 INFO tempest.lib.common.rest_client [req-994f51b3-9504-405a-982f-b1393bf887da req-994f51b3-9504-405a-982f-b1393bf887da ] Request (MigrationsAdminTest:test_resize_server_revert_deleted_flavor): 200 GET http://10.180.1.21/compute/v2.1/servers/650a97b9-911e-44b0-9e82-a6d4cc95c9dd 0.095s
2024-12-22 11:09:10.262 67738 INFO tempest.lib.common.rest_client [req-aadc242b-a698-451e-acb8-bc9a4772c84a req-aadc242b-a698-451e-acb8-bc9a4772c84a ] Request (ImagesTestJSON:test_create_server_from_snapshot): 200 GET http://10.180.1.21/compute/v2.1/servers/37792b57-3347-4134-a060-53359afa3298 0.051s
2024-12-22 11:09:10.325 67720 INFO tempest.lib.common.rest_client [req-a148f226-8511-4591-9968-6627a621d94c req-a148f226-8511-4591-9968-6627a621d94c ] Request (ServersTestJSON:test_create_server_specify_multibyte_character_name): 200 GET http://10.180.1.21/compute/v2.1/servers/df2933d1-32c3-48a6-8ceb-d5e3047d0b78 0.046s
2024-12-22 11:09:10.387 67733 INFO tempest.lib.common.rest_client [req-1d0bc2e1-3487-4587-b630-5652a57b4b12 req-1d0bc2e1-3487-4587-b630-5652a57b4b12 ] Request (ServerDiskConfigTestJSON:test_rebuild_server_with_manual_disk_config): 200 GET http://10.180.1.21/compute/v2.1/servers/8edc24d6-9073-4836-b14b-422df3ac1b88 0.047s
2024-12-22 11:09:10.422 67712 INFO tempest.lib.common.rest_client [req-6b58ab87-04ff-4752-bc4d-4825fbee7043 req-6b58ab87-04ff-4752-bc4d-4825fbee7043 ] Request (ServersV294TestFqdnHostnames:setUpClass): 200 GET http://10.180.1.21/compute/v2.1/servers/9679a1a2-b003-4a60-a812-8b3a9b5f545f 0.128s
2024-12-22 11:09:10.430 67712 INFO tempest.common.waiters [-] State transition "BUILD/networking" ==> "BUILD/spawning" after 51 second wait
2024-12-22 11:09:10.432 67730 INFO tempest.lib.common.rest_client [req-a7616ad5-1ca2-4ed3-b2b0-687f2127a7b8 req-a7616ad5-1ca2-4ed3-b2b0-687f2127a7b8 ] Request (FloatingIPsAssociationTestJSON:tearDownClass): 200 GET http://10.180.1.21/compute/v2.1/servers/b629b4f8-f79f-4361-b78c-8705a6888a9e 0.058s
2024-12-22 11:09:10.513 67722 INFO tempest.lib.common.rest_client [req-dc31f2a5-d3b6-4c4a-b632-71d89a824145 req-dc31f2a5-d3b6-4c4a-b632-71d89a824145 ] Request (ServerGroupTestJSON:_run_cleanups): 200 GET http://10.180.1.21/compute/v2.1/servers/94d9210e-ca8d-4ef1-a640-2d9a11ad87d3 0.052s
2024-12-22 11:09:10.618 67726 INFO tempest.lib.common.rest_client [req-0e3e98ea-95be-45ab-a64f-abb004ddfb14 req-0e3e98ea-95be-45ab-a64f-abb004ddfb14 ] Request (TenantUsagesTestJSON:setUpClass): 200 GET http://10.180.1.21/compute/v2.1/servers/3815d381-760d-40fc-98cf-8e6af287007f 0.047s
2024-12-22 11:09:10.859 67740 INFO tempest.lib.common.rest_client [req-6a3a9202-7307-44b2-8556-eb899567ab40 req-6a3a9202-7307-44b2-8556-eb899567ab40 ] Request (ServerRescueTestJSON:tearDownClass): 200 GET http://10.180.1.21/compute/v2.1/servers/ccd80e20-9fc2-415a-a428-fcf85994c7f8 0.269s
2024-12-22 11:09:10.865 67740 INFO tempest.common.waiters [-] State transition "RESCUE/deleting" ==> "DELETED/None" after 3 second wait
2024-12-22 11:09:10.868 67718 INFO tempest.lib.common.rest_client [req-09865571-5dbc-4d15-86bf-77aa3e4d37ff req-09865571-5dbc-4d15-86bf-77aa3e4d37ff ] Request (ServerDiagnosticsTest:tearDownClass): 200 GET http://10.180.1.21/compute/v2.1/servers/00e925a1-9b79-46e2-b7f7-c0b63e1e72df 0.195s
