2024-12-22 11:06:27.414 67762 INFO tempest.lib.common.dynamic_creds [-] Acquired dynamic creds: credentials: Credentials: {'domain_id': 'default', 'domain_name': 'Default', 'username': 'tempest-AZAdminV2TestJSON-798776249-project-admin', 'project_domain_id': 'default', 'project_domain_name': 'Default', 'project_id': 'a33fca09521d4fd3b2156f2a456d8b4d', 'project_name': 'tempest-AZAdminV2TestJSON-798776249', 'tenant_id': 'a33fca09521d4fd3b2156f2a456d8b4d', 'tenant_name': 'tempest-AZAdminV2TestJSON-798776249', 'user_domain_id': 'default', 'user_domain_name': 'Default', 'user_id': '13d411f5947044879f2ae3aed2f6afc4', 'system': None}, Network: None, Subnet: None, Router: None
2024-12-22 11:06:27.414 67762 INFO tempest.lib.common.dynamic_creds [-] Created isolated network resources for: credentials: Credentials: {'domain_id': 'default', 'domain_name': 'Default', 'username': 'tempest-AZAdminV2TestJSON-798776249-project-admin', 'project_domain_id': 'default', 'project_domain_name': 'Default', 'project_id': 'a33fca09521d4fd3b2156f2a456d8b4d', 'project_name': 'tempest-AZAdminV2TestJSON-798776249', 'tenant_id': 'a33fca09521d4fd3b2156f2a456d8b4d', 'tenant_name': 'tempest-AZAdminV2TestJSON-798776249', 'user_domain_id': 'default', 'user_domain_name': 'Default', 'user_id': '13d411f5947044879f2ae3aed2f6afc4', 'system': None}, Network: None, Subnet: None, Router: None
2024-12-22 11:06:27.454 67764 INFO tempest.lib.common.rest_client [req-4bb98a47-7262-43d2-9605-15ad0a0ddb25 req-4bb98a47-7262-43d2-9605-15ad0a0ddb25 ] Request (HostsAdminTestJSON:setUpClass): 204 PUT http://10.180.1.21/identity/v3/projects/c6f3cb59cc8e483184d7b87be52d3516/users/003bb8fd6f6a424baf36a03e97866e55/roles/da56b2cc49b143b2bbfbea9ae28cd1ce 0.489s
2024-12-22 11:06:27.454 67764 INFO tempest.lib.common.dynamic_creds [-] Dynamic test user 003bb8fd6f6a424baf36a03e97866e55 is created with scope project and roles: ['admin']
2024-12-22 11:06:27.454 67764 INFO tempest.lib.common.dynamic_creds [-] Acquired dynamic creds: credentials: Credentials: {'domain_id': 'default', 'domain_name': 'Default', 'username': 'tempest-HostsAdminTestJSON-1081761736-project-admin', 'project_domain_id': 'default', 'project_domain_name': 'Default', 'project_id': 'c6f3cb59cc8e483184d7b87be52d3516', 'project_name': 'tempest-HostsAdminTestJSON-1081761736', 'tenant_id': 'c6f3cb59cc8e483184d7b87be52d3516', 'tenant_name': 'tempest-HostsAdminTestJSON-1081761736', 'user_domain_id': 'default', 'user_domain_name': 'Default', 'user_id': '003bb8fd6f6a424baf36a03e97866e55', 'system': None}, Network: None, Subnet: None, Router: None
2024-12-22 11:06:27.455 67764 INFO tempest.lib.common.dynamic_creds [-] Created isolated network resources for: credentials: Credentials: {'domain_id': 'default', 'domain_name': 'Default', 'username': 'tempest-HostsAdminTestJSON-1081761736-project-admin', 'project_domain_id': 'default', 'project_domain_name': 'Default', 'project_id': 'c6f3cb59cc8e483184d7b87be52d3516', 'project_name': 'tempest-HostsAdminTestJSON-1081761736', 'tenant_id': 'c6f3cb59cc8e483184d7b87be52d3516', 'tenant_name': 'tempest-HostsAdminTestJSON-1081761736', 'user_domain_id': 'default', 'user_domain_name': 'Default', 'user_id': '003bb8fd6f6a424baf36a03e97866e55', 'system': None}, Network: None, Subnet: None, Router: None
2024-12-22 11:06:27.471 67736 INFO tempest.lib.common.rest_client [req-7e8b1955-8bf5-4db6-b194-e066c9debe37 req-7e8b1955-8bf5-4db6-b194-e066c9debe37 ] Request (HypervisorAdminV228Test:test_get_list_hypervisor_details): 200 GET http://10.180.1.21/compute/v2.1/os-hypervisors 1.262s
2024-12-22 11:06:27.496 67724 INFO tempest.lib.common.rest_client [req-b59e8a21-5b13-463c-ae96-bafeafa072b0 req-b59e8a21-5b13-463c-ae96-bafeafa072b0 ] Request (QuotasAdminTestJSON:setUpClass): 201 POST http://10.180.1.21/identity/v3/auth/tokens 0.459s
2024-12-22 11:06:27.499 67724 WARNING tempest.lib.common.rest_client [-] Deprecated: "tenant_id" property is deprecated for removal, use "project_id" instead
2024-12-22 11:06:27.592 67760 INFO tempest.lib.common.rest_client [req-78e23cfd-6f38-40cc-8950-c5769103f195 req-78e23cfd-6f38-40cc-8950-c5769103f195 ] Request (InstanceUsageAuditLogNegativeTestJSON:setUpClass): 201 POST http://10.180.1.21/identity/v3/auth/tokens 0.452s
2024-12-22 11:06:27.611 67752 INFO tempest.lib.common.rest_client [req-34341058-6413-40ee-ae81-cf2bd85ff69e req-34341058-6413-40ee-ae81-cf2bd85ff69e ] Request (HostsAdminNegativeTestJSON:setUpClass): 204 PUT http://10.180.1.21/identity/v3/projects/64cf8b44686c4163a3441cd67646259e/users/d60571d3550642a0a0ca2b2fe756b833/roles/da56b2cc49b143b2bbfbea9ae28cd1ce 0.409s
2024-12-22 11:06:27.611 67752 INFO tempest.lib.common.dynamic_creds [-] Dynamic test user d60571d3550642a0a0ca2b2fe756b833 is created with scope project and roles: ['admin']
2024-12-22 11:06:27.611 67752 INFO tempest.lib.common.dynamic_creds [-] Acquired dynamic creds: credentials: Credentials: {'domain_id': 'default', 'domain_name': 'Default', 'username': 'tempest-HostsAdminNegativeTestJSON-42489424-project-admin', 'project_domain_id': 'default', 'project_domain_name': 'Default', 'project_id': '64cf8b44686c4163a3441cd67646259e', 'project_name': 'tempest-HostsAdminNegativeTestJSON-42489424', 'tenant_id': '64cf8b44686c4163a3441cd67646259e', 'tenant_name': 'tempest-HostsAdminNegativeTestJSON-42489424', 'user_domain_id': 'default', 'user_domain_name': 'Default', 'user_id': 'd60571d3550642a0a0ca2b2fe756b833', 'system': None}, Network: None, Subnet: None, Router: None
2024-12-22 11:06:27.612 67752 INFO tempest.lib.common.dynamic_creds [-] Created isolated network resources for: credentials: Credentials: {'domain_id': 'default', 'domain_name': 'Default', 'username': 'tempest-HostsAdminNegativeTestJSON-42489424-project-admin', 'project_domain_id': 'default', 'project_domain_name': 'Default', 'project_id': '64cf8b44686c4163a3441cd67646259e', 'project_name': 'tempest-HostsAdminNegativeTestJSON-42489424', 'tenant_id': '64cf8b44686c4163a3441cd67646259e', 'tenant_name': 'tempest-HostsAdminNegativeTestJSON-42489424', 'user_domain_id': 'default', 'user_domain_name': 'Default', 'user_id': 'd60571d3550642a0a0ca2b2fe756b833', 'system': None}, Network: None, Subnet: None, Router: None
2024-12-22 11:06:27.612 67722 INFO tempest.lib.common.rest_client [req-18d53e39-a181-431e-acc3-cafebeaf5b75 req-18d53e39-a181-431e-acc3-cafebeaf5b75 ] Request (AZAdminNegativeTestJSON:setUpClass): 204 PUT http://10.180.1.21/identity/v3/projects/8e987c25dfea4c39a1d22cf56888c4e3/users/68d38693c71b410188c950bc46051264/roles/da56b2cc49b143b2bbfbea9ae28cd1ce 0.391s
2024-12-22 11:06:27.612 67722 INFO tempest.lib.common.dynamic_creds [-] Dynamic test user 68d38693c71b410188c950bc46051264 is created with scope project and roles: ['admin']
2024-12-22 11:06:27.612 67722 INFO tempest.lib.common.dynamic_creds [-] Acquired dynamic creds: credentials: Credentials: {'domain_id': 'default', 'domain_name': 'Default', 'username': 'tempest-AZAdminNegativeTestJSON-2011742378-project-admin', 'project_domain_id': 'default', 'project_domain_name': 'Default', 'project_id': '8e987c25dfea4c39a1d22cf56888c4e3', 'project_name': 'tempest-AZAdminNegativeTestJSON-2011742378', 'tenant_id': '8e987c25dfea4c39a1d22cf56888c4e3', 'tenant_name': 'tempest-AZAdminNegativeTestJSON-2011742378', 'user_domain_id': 'default', 'user_domain_name': 'Default', 'user_id': '68d38693c71b410188c950bc46051264', 'system': None}, Network: None, Subnet: None, Router: None
2024-12-22 11:06:27.612 67722 INFO tempest.lib.common.dynamic_creds [-] Created isolated network resources for: credentials: Credentials: {'domain_id': 'default', 'domain_name': 'Default', 'username': 'tempest-AZAdminNegativeTestJSON-2011742378-project-admin', 'project_domain_id': 'default', 'project_domain_name': 'Default', 'project_id': '8e987c25dfea4c39a1d22cf56888c4e3', 'project_name': 'tempest-AZAdminNegativeTestJSON-2011742378', 'tenant_id': '8e987c25dfea4c39a1d22cf56888c4e3', 'tenant_name': 'tempest-AZAdminNegativeTestJSON-2011742378', 'user_domain_id': 'default', 'user_domain_name': 'Default', 'user_id': '68d38693c71b410188c950bc46051264', 'system': None}, Network: None, Subnet: None, Router: None
2024-12-22 11:06:27.641 67718 INFO tempest.lib.common.rest_client [req-97c3ac5f-f27c-4b53-a348-35c72acbd40e req-97c3ac5f-f27c-4b53-a348-35c72acbd40e ] Request (InstanceUsageAuditLogTestJSON:test_list_instance_usage_audit_logs): 200 GET http://10.180.1.21/compute/v2.1/os-instance_usage_audit_log 1.187s
2024-12-22 11:06:27.662 67712 INFO tempest.lib.common.rest_client [req-ea49b2a5-efd3-4679-bd2b-28923fc7f0d7 req-ea49b2a5-efd3-4679-bd2b-28923fc7f0d7 ] Request (FlavorsAdminTestJSON:_run_cleanups): 202 DELETE http://10.180.1.21/compute/v2.1/flavors/771830319 0.997s
2024-12-22 11:06:27.684 67766 INFO tempest.lib.common.rest_client [req-283e564f-2cf1-47bc-9dc5-bfb3827abb4f req-283e564f-2cf1-47bc-9dc5-bfb3827abb4f ] Request (ImagesDeleteNegativeTestJSON:test_delete_image_non_hex_string_id): 404 DELETE http://10.180.1.21/compute/v2.1/images/c2bb3e3e-4cdc-474c-aec2-0c1c1ed0247j 0.988s
2024-12-22 11:06:27.684 67726 INFO tempest.lib.common.rest_client [req-2ac5a8cb-b851-40c0-accf-8dae2d6afefd req-2ac5a8cb-b851-40c0-accf-8dae2d6afefd ] Request (FlavorsAccessNegativeTestJSON:setUpClass): 204 PUT http://10.180.1.21/identity/v3/projects/58f6fbe0ab3a436f9789639349c88daf/users/4978732c64b24fec8365a82539d3a7ff/roles/da56b2cc49b143b2bbfbea9ae28cd1ce 0.454s
2024-12-22 11:06:27.684 67726 INFO tempest.lib.common.dynamic_creds [-] Dynamic test user 4978732c64b24fec8365a82539d3a7ff is created with scope project and roles: ['admin']
2024-12-22 11:06:27.685 67726 INFO tempest.lib.common.dynamic_creds [-] Acquired dynamic creds: credentials: Credentials: {'domain_id': 'default', 'domain_name': 'Default', 'username': 'tempest-FlavorsAccessNegativeTestJSON-1503260983-project-admin', 'project_domain_id': 'default', 'project_domain_name': 'Default', 'project_id': '58f6fbe0ab3a436f9789639349c88daf', 'project_name': 'tempest-FlavorsAccessNegativeTestJSON-1503260983', 'tenant_id': '58f6fbe0ab3a436f9789639349c88daf', 'tenant_name': 'tempest-FlavorsAccessNegativeTestJSON-1503260983', 'user_domain_id': 'default', 'user_domain_name': 'Default', 'user_id': '4978732c64b24fec8365a82539d3a7ff', 'system': None}, Network: None, Subnet: None, Router: None
2024-12-22 11:06:27.685 67726 INFO tempest.lib.common.dynamic_creds [-] Created isolated network resources for: credentials: Credentials: {'domain_id': 'default', 'domain_name': 'Default', 'username': 'tempest-FlavorsAccessNegativeTestJSON-1503260983-project-admin', 'project_domain_id': 'default', 'project_domain_name': 'Default', 'project_id': '58f6fbe0ab3a436f9789639349c88daf', 'project_name': 'tempest-FlavorsAccessNegativeTestJSON-1503260983', 'tenant_id': '58f6fbe0ab3a436f9789639349c88daf', 'tenant_name': 'tempest-FlavorsAccessNegativeTestJSON-1503260983', 'user_domain_id': 'default', 'user_domain_name': 'Default', 'user_id': '4978732c64b24fec8365a82539d3a7ff', 'system': None}, Network: None, Subnet: None, Router: None
2024-12-22 11:06:27.717 67733 INFO tempest.lib.common.rest_client [req-c843f4e6-f3f2-41cc-92a6-f887517508e4 req-c843f4e6-f3f2-41cc-92a6-f887517508e4 ] Request (KeyPairsV22TestJSON:test_keypair_create_delete): 201 POST http://10.180.1.21/compute/v2.1/os-keypairs 0.989s
2024-12-22 11:06:27.720 67720 INFO tempest.lib.common.rest_client [req-15aec08b-1e97-421b-b2a4-d083bcfac623 req-15aec08b-1e97-421b-b2a4-d083bcfac623 ] Request (FloatingIPDetailsNegativeTestJSON:tearDownClass): 204 DELETE http://10.180.1.21/identity/v3/users/8da76d4d350340e5958e58838749ffed 0.485s
2024-12-22 11:06:27.720 67720 INFO tempest.lib.common.dynamic_creds [-] Deleting project and security group for project: 939a7023d9914d158bfe72759c4bd16c
2024-12-22 11:06:27.753 67754 INFO tempest.lib.common.rest_client [req-0cd1f0c1-b807-4b8b-b9ec-00a0423975f8 req-0cd1f0c1-b807-4b8b-b9ec-00a0423975f8 ] Request (QuotasAdminTestV257:setUpClass): 201 POST http://10.180.1.21/identity/v3/auth/tokens 0.508s
2024-12-22 11:06:27.754 67754 WARNING tempest.lib.common.rest_client [-] Deprecated: "tenant_id" property is deprecated for removal, use "project_id" instead
2024-12-22 11:06:27.756 67720 INFO tempest.lib.common.rest_client [req-04a26321-1299-45f0-ac35-4e571cc51da9 req-04a26321-1299-45f0-ac35-4e571cc51da9 ] Request (FloatingIPDetailsNegativeTestJSON:tearDownClass): 200 GET http://10.180.1.21:9696/networking/v2.0/security-groups?tenant_id=939a7023d9914d158bfe72759c4bd16c&name=default 0.035s
2024-12-22 11:06:27.768 67745 INFO tempest.lib.common.rest_client [req-13a9252f-c4e0-42fa-8ae8-7f1a5e24f7a2 req-13a9252f-c4e0-42fa-8ae8-7f1a5e24f7a2 ] Request (FlavorsV255TestJSON:setUpClass): 204 PUT http://10.180.1.21/identity/v3/projects/bdbec5d8feff407ea8190f3a096e9ed8/users/f56d3d987f1847b2b4e24f3698bde872/roles/da56b2cc49b143b2bbfbea9ae28cd1ce 0.511s
2024-12-22 11:06:27.768 67745 INFO tempest.lib.common.dynamic_creds [-] Dynamic test user f56d3d987f1847b2b4e24f3698bde872 is created with scope project and roles: ['admin']
2024-12-22 11:06:27.769 67745 INFO tempest.lib.common.dynamic_creds [-] Acquired dynamic creds: credentials: Credentials: {'domain_id': 'default', 'domain_name': 'Default', 'username': 'tempest-FlavorsV255TestJSON-1396128984-project-admin', 'project_domain_id': 'default', 'project_domain_name': 'Default', 'project_id': 'bdbec5d8feff407ea8190f3a096e9ed8', 'project_name': 'tempest-FlavorsV255TestJSON-1396128984', 'tenant_id': 'bdbec5d8feff407ea8190f3a096e9ed8', 'tenant_name': 'tempest-FlavorsV255TestJSON-1396128984', 'user_domain_id': 'default', 'user_domain_name': 'Default', 'user_id': 'f56d3d987f1847b2b4e24f3698bde872', 'system': None}, Network: None, Subnet: None, Router: None
2024-12-22 11:06:27.769 67745 INFO tempest.lib.common.dynamic_creds [-] Created isolated network resources for: credentials: Credentials: {'domain_id': 'default', 'domain_name': 'Default', 'username': 'tempest-FlavorsV255TestJSON-1396128984-project-admin', 'project_domain_id': 'default', 'project_domain_name': 'Default', 'project_id': 'bdbec5d8feff407ea8190f3a096e9ed8', 'project_name': 'tempest-FlavorsV255TestJSON-1396128984', 'tenant_id': 'bdbec5d8feff407ea8190f3a096e9ed8', 'tenant_name': 'tempest-FlavorsV255TestJSON-1396128984', 'user_domain_id': 'default', 'user_domain_name': 'Default', 'user_id': 'f56d3d987f1847b2b4e24f3698bde872', 'system': None}, Network: None, Subnet: None, Router: None
2024-12-22 11:06:27.817 67742 INFO tempest.lib.common.rest_client [req-243f037e-af47-47db-843a-d56926212417 req-243f037e-af47-47db-843a-d56926212417 ] Request (TenantUsagesNegativeTestJSON:setUpClass): 204 PUT http://10.180.1.21/identity/v3/projects/09d613cd21c84c5c9e53a42ed49821f5/users/e8cf48d4471347b8bb5bf435f525b6d0/roles/da56b2cc49b143b2bbfbea9ae28cd1ce 0.508s
2024-12-22 11:06:27.817 67742 INFO tempest.lib.common.dynamic_creds [-] Dynamic test user e8cf48d4471347b8bb5bf435f525b6d0 is created with scope project and roles: ['admin']
2024-12-22 11:06:27.817 67742 INFO tempest.lib.common.dynamic_creds [-] Acquired dynamic creds: credentials: Credentials: {'domain_id': 'default', 'domain_name': 'Default', 'username': 'tempest-TenantUsagesNegativeTestJSON-481345017-project-admin', 'project_domain_id': 'default', 'project_domain_name': 'Default', 'project_id': '09d613cd21c84c5c9e53a42ed49821f5', 'project_name': 'tempest-TenantUsagesNegativeTestJSON-481345017', 'tenant_id': '09d613cd21c84c5c9e53a42ed49821f5', 'tenant_name': 'tempest-TenantUsagesNegativeTestJSON-481345017', 'user_domain_id': 'default', 'user_domain_name': 'Default', 'user_id': 'e8cf48d4471347b8bb5bf435f525b6d0', 'system': None}, Network: None, Subnet: None, Router: None
2024-12-22 11:06:27.818 67742 INFO tempest.lib.common.dynamic_creds [-] Created isolated network resources for: credentials: Credentials: {'domain_id': 'default', 'domain_name': 'Default', 'username': 'tempest-TenantUsagesNegativeTestJSON-481345017-project-admin', 'project_domain_id': 'default', 'project_domain_name': 'Default', 'project_id': '09d613cd21c84c5c9e53a42ed49821f5', 'project_name': 'tempest-TenantUsagesNegativeTestJSON-481345017', 'tenant_id': '09d613cd21c84c5c9e53a42ed49821f5', 'tenant_name': 'tempest-TenantUsagesNegativeTestJSON-481345017', 'user_domain_id': 'default', 'user_domain_name': 'Default', 'user_id': 'e8cf48d4471347b8bb5bf435f525b6d0', 'system': None}, Network: None, Subnet: None, Router: None
2024-12-22 11:06:27.820 67710 INFO tempest.lib.common.rest_client [req-ca1e09c1-15ae-4967-9e77-508f80d69cd4 req-ca1e09c1-15ae-4967-9e77-508f80d69cd4 ] Request (FlavorMetadataValidation:setUpClass): 201 POST http://10.180.1.21/identity/v3/auth/tokens 0.512s
2024-12-22 11:06:27.836 67734 INFO tempest.lib.common.rest_client [req-b1661e3d-6099-497b-a470-e0234f718c19 req-b1661e3d-6099-497b-a470-e0234f718c19 ] Request (ListImageFiltersNegativeTestJSON:tearDownClass): 200 GET http://10.180.1.21:9696/networking/v2.0/security-groups?tenant_id=dc8f6ddfaa47431db10bc322f96cf2fc&name=default 0.714s
2024-12-22 11:06:27.850 67720 INFO tempest.lib.common.rest_client [req-3693fde9-8706-4876-9e4f-2dfdb9603cf4 req-3693fde9-8706-4876-9e4f-2dfdb9603cf4 ] Request (FloatingIPDetailsNegativeTestJSON:tearDownClass): 204 DELETE http://10.180.1.21:9696/networking/v2.0/security-groups/78a0a1f4-0e49-44fe-a27b-f021eea87384 0.093s
2024-12-22 11:06:27.877 67746 INFO tempest.lib.common.rest_client [req-ca229206-e1bc-404e-8c07-876ec2de44fb req-ca229206-e1bc-404e-8c07-876ec2de44fb ] Request (HypervisorAdminNegativeUnderV252Test:setUpClass): 204 PUT http://10.180.1.21/identity/v3/projects/a57eee25c0c84ea69292917333089551/users/ffb6b03b012a40a697ff57d12aa9bb73/roles/da56b2cc49b143b2bbfbea9ae28cd1ce 0.477s
2024-12-22 11:06:27.877 67746 INFO tempest.lib.common.dynamic_creds [-] Dynamic test user ffb6b03b012a40a697ff57d12aa9bb73 is created with scope project and roles: ['admin']
2024-12-22 11:06:27.877 67746 INFO tempest.lib.common.dynamic_creds [-] Acquired dynamic creds: credentials: Credentials: {'domain_id': 'default', 'domain_name': 'Default', 'username': 'tempest-HypervisorAdminNegativeUnderV252Test-1725170312-project-admin', 'project_domain_id': 'default', 'project_domain_name': 'Default', 'project_id': 'a57eee25c0c84ea69292917333089551', 'project_name': 'tempest-HypervisorAdminNegativeUnderV252Test-1725170312', 'tenant_id': 'a57eee25c0c84ea69292917333089551', 'tenant_name': 'tempest-HypervisorAdminNegativeUnderV252Test-1725170312', 'user_domain_id': 'default', 'user_domain_name': 'Default', 'user_id': 'ffb6b03b012a40a697ff57d12aa9bb73', 'system': None}, Network: None, Subnet: None, Router: None
2024-12-22 11:06:27.877 67746 INFO tempest.lib.common.dynamic_creds [-] Created isolated network resources for: credentials: Credentials: {'domain_id': 'default', 'domain_name': 'Default', 'username': 'tempest-HypervisorAdminNegativeUnderV252Test-1725170312-project-admin', 'project_domain_id': 'default', 'project_domain_name': 'Default', 'project_id': 'a57eee25c0c84ea69292917333089551', 'project_name': 'tempest-HypervisorAdminNegativeUnderV252Test-1725170312', 'tenant_id': 'a57eee25c0c84ea69292917333089551', 'tenant_name': 'tempest-HypervisorAdminNegativeUnderV252Test-1725170312', 'user_domain_id': 'default', 'user_domain_name': 'Default', 'user_id': 'ffb6b03b012a40a697ff57d12aa9bb73', 'system': None}, Network: None, Subnet: None, Router: None
2024-12-22 11:06:27.879 67758 INFO tempest.lib.common.rest_client [req-a71b6872-40be-485d-a488-632ed53dd768 req-a71b6872-40be-485d-a488-632ed53dd768 ] Request (QuotaClassesAdminTestJSON:setUpClass): 201 POST http://10.180.1.21/identity/v3/auth/tokens 0.517s
2024-12-22 11:06:27.913 67734 INFO tempest.lib.common.rest_client [req-cddcc72f-e48b-4f38-a090-12da681fe969 req-cddcc72f-e48b-4f38-a090-12da681fe969 ] Request (ListImageFiltersNegativeTestJSON:tearDownClass): 204 DELETE http://10.180.1.21:9696/networking/v2.0/security-groups/ec614e0d-4666-4070-ba07-d679c1854ac3 0.077s
2024-12-22 11:06:27.942 67764 INFO tempest.lib.common.rest_client [req-39c5b393-d8af-48a3-913e-d5df65c3927d req-39c5b393-d8af-48a3-913e-d5df65c3927d ] Request (HostsAdminTestJSON:setUpClass): 201 POST http://10.180.1.21/identity/v3/auth/tokens 0.483s
2024-12-22 11:06:27.945 67762 INFO tempest.lib.common.rest_client [req-98a69530-2d87-4c7b-b8c4-0c9415805586 req-98a69530-2d87-4c7b-b8c4-0c9415805586 ] Request (AZAdminV2TestJSON:setUpClass): 201 POST http://10.180.1.21/identity/v3/auth/tokens 0.527s
2024-12-22 11:06:27.999 67724 INFO tempest.lib.common.rest_client [req-61500660-7880-4255-9707-62e10fc3fc0f req-61500660-7880-4255-9707-62e10fc3fc0f ] Request (QuotasAdminTestJSON:test_delete_quota): 200 GET http://10.180.1.21/identity/v3/domains?name=Default 0.497s
2024-12-22 11:06:28.068 67722 INFO tempest.lib.common.rest_client [req-eb847526-751c-4e28-9797-07903e1e1bb5 req-eb847526-751c-4e28-9797-07903e1e1bb5 ] Request (AZAdminNegativeTestJSON:setUpClass): 201 POST http://10.180.1.21/identity/v3/auth/tokens 0.449s
2024-12-22 11:06:28.081 67752 INFO tempest.lib.common.rest_client [req-fa2350ec-3ee9-47ed-ba09-589b00b69c7d req-fa2350ec-3ee9-47ed-ba09-589b00b69c7d ] Request (HostsAdminNegativeTestJSON:setUpClass): 201 POST http://10.180.1.21/identity/v3/auth/tokens 0.464s
2024-12-22 11:06:28.126 67728 INFO tempest.lib.common.rest_client [req-15d9daaf-7f21-4233-b710-69bb6285b30a req-15d9daaf-7f21-4233-b710-69bb6285b30a ] Request (DeleteServersAdminTestJSON:test_admin_delete_servers_of_others): 202 POST http://10.180.1.21/compute/v2.1/servers 1.872s
2024-12-22 11:06:28.156 67726 INFO tempest.lib.common.rest_client [req-300a1386-d500-49a6-b8d7-958b1220ad54 req-300a1386-d500-49a6-b8d7-958b1220ad54 ] Request (FlavorsAccessNegativeTestJSON:setUpClass): 201 POST http://10.180.1.21/identity/v3/auth/tokens 0.465s
2024-12-22 11:06:28.181 67718 INFO tempest.lib.common.rest_client [req-2eb5784c-3a64-483d-bc31-8605f0c48d41 req-2eb5784c-3a64-483d-bc31-8605f0c48d41 ] Request (InstanceUsageAuditLogTestJSON:tearDownClass): 204 DELETE http://10.180.1.21/identity/v3/users/4a8c0679d41b440f962ed9211f6c48af 0.534s
2024-12-22 11:06:28.251 67745 INFO tempest.lib.common.rest_client [req-db7281b1-c1ee-4c14-b18c-173f70f9540c req-db7281b1-c1ee-4c14-b18c-173f70f9540c ] Request (FlavorsV255TestJSON:setUpClass): 201 POST http://10.180.1.21/identity/v3/auth/tokens 0.478s
2024-12-22 11:06:28.322 67742 INFO tempest.lib.common.rest_client [req-eb5a2b65-4cb1-4537-9e2d-b0960fc2f47f req-eb5a2b65-4cb1-4537-9e2d-b0960fc2f47f ] Request (TenantUsagesNegativeTestJSON:setUpClass): 201 POST http://10.180.1.21/identity/v3/auth/tokens 0.497s
2024-12-22 11:06:28.379 67720 INFO tempest.lib.common.rest_client [req-adfc85e1-3c51-41ba-96ae-33c3a87cf912 req-adfc85e1-3c51-41ba-96ae-33c3a87cf912 ] Request (FloatingIPDetailsNegativeTestJSON:tearDownClass): 204 DELETE http://10.180.1.21/identity/v3/projects/939a7023d9914d158bfe72759c4bd16c 0.529s
2024-12-22 11:06:28.389 67746 INFO tempest.lib.common.rest_client [req-a908a82c-b274-4896-b71c-28ec7daec64a req-a908a82c-b274-4896-b71c-28ec7daec64a ] Request (HypervisorAdminNegativeUnderV252Test:setUpClass): 201 POST http://10.180.1.21/identity/v3/auth/tokens 0.508s
2024-12-22 11:06:28.461 67724 INFO tempest.lib.common.rest_client [req-4b08a23e-13a1-43db-86a8-a2da0ba106b6 req-4b08a23e-13a1-43db-86a8-a2da0ba106b6 ] Request (QuotasAdminTestJSON:test_delete_quota): 201 POST http://10.180.1.21/identity/v3/projects 0.461s
2024-12-22 11:06:28.468 67734 INFO tempest.lib.common.rest_client [req-21641905-20d4-4032-9dbc-09de7c88fdf9 req-21641905-20d4-4032-9dbc-09de7c88fdf9 ] Request (ListImageFiltersNegativeTestJSON:tearDownClass): 204 DELETE http://10.180.1.21/identity/v3/projects/dc8f6ddfaa47431db10bc322f96cf2fc 0.554s
2024-12-22 11:06:28.552 67756 INFO tempest.lib.common.rest_client [req-342c1bbb-4c8f-4b86-be61-bd71673c4f8a req-342c1bbb-4c8f-4b86-be61-bd71673c4f8a ] Request (VolumesAssistedSnapshotsTest:setUpClass): 200 PUT http://10.180.1.21:9696/networking/v2.0/routers/3eab137e-462f-472d-b221-d524f1f65701/add_router_interface 1.536s
2024-12-22 11:06:28.552 67756 INFO tempest.lib.common.dynamic_creds [-] Created isolated network resources for: credentials: Credentials: {'domain_id': 'default', 'domain_name': 'Default', 'username': 'tempest-VolumesAssistedSnapshotsTest-1323043947-project-member', 'project_domain_id': 'default', 'project_domain_name': 'Default', 'project_id': '7e2bf9d113204b598844e72d5d49f155', 'project_name': 'tempest-VolumesAssistedSnapshotsTest-1323043947', 'tenant_id': '7e2bf9d113204b598844e72d5d49f155', 'tenant_name': 'tempest-VolumesAssistedSnapshotsTest-1323043947', 'user_domain_id': 'default', 'user_domain_name': 'Default', 'user_id': '5c26fddd2d7f4893acc552b0c955e613', 'system': None}, Network: {'id': 'ab69012e-45b8-478c-9986-252d2f87d7d9', 'name': 'tempest-VolumesAssistedSnapshotsTest-1505663829-network', 'tenant_id': '7e2bf9d113204b598844e72d5d49f155', 'admin_state_up': True, 'mtu': 8950, 'status': 'ACTIVE', 'subnets': [], 'shared': False, 'project_id': '7e2bf9d113204b598844e72d5d49f155', 'port_security_enabled': True, 'router:external': False, 'provider:network_type': 'vlan', 'provider:physical_network': 'default', 'provider:segmentation_id': 954, 'availability_zone_hints': [], 'availability_zones': [], 'ipv4_address_scope': None, 'ipv6_address_scope': None, 'description': '', 'tags': [], 'created_at': '2024-12-22T11:06:25Z', 'updated_at': '2024-12-22T11:06:25Z', 'revision_number': 1}, Subnet: {'id': 'af739c0f-180a-4b65-83af-647afd3e6bf1', 'name': 'tempest-VolumesAssistedSnapshotsTest-1505663829-subnet', 'tenant_id': '7e2bf9d113204b598844e72d5d49f155', 'network_id': 'ab69012e-45b8-478c-9986-252d2f87d7d9', 'ip_version': 4, 'subnetpool_id': None, 'enable_dhcp': True, 'ipv6_ra_mode': None, 'ipv6_address_mode': None, 'gateway_ip': '192.168.128.1', 'cidr': '192.168.128.0/28', 'allocation_pools': [{'start': '192.168.128.2', 'end': '192.168.128.14'}], 'host_routes': [], 'dns_nameservers': [], 'description': '', 'router:external': False, 'service_types': [], 'tags': [], 'created_at': '2024-12-22T11:06:25Z', 'updated_at': '2024-12-22T11:06:25Z', 'revision_number': 0, 'project_id': '7e2bf9d113204b598844e72d5d49f155'}, Router: {'id': '3eab137e-462f-472d-b221-d524f1f65701', 'name': 'tempest-VolumesAssistedSnapshotsTest-1505663829-router', 'tenant_id': '7e2bf9d113204b598844e72d5d49f155', 'admin_state_up': True, 'status': 'ACTIVE', 'external_gateway_info': {'network_id': 'd0cd4724-5a77-4b92-9125-1abb46f49009', 'external_fixed_ips': [{'subnet_id': '7b74068e-56cb-48e4-82c2-c3d763974369', 'ip_address': '10.180.180.207'}], 'enable_snat': True}, 'description': '', 'availability_zones': [], 'distributed': False, 'ha': False, 'availability_zone_hints': [], 'routes': [], 'flavor_id': None, 'tags': [], 'created_at': '2024-12-22T11:06:26Z', 'updated_at': '2024-12-22T11:06:26Z', 'revision_number': 2, 'project_id': '7e2bf9d113204b598844e72d5d49f155'}
2024-12-22 11:06:28.567 67730 INFO tempest.lib.common.rest_client [req-70058817-7a46-4f73-b530-d6386253d0e7 req-70058817-7a46-4f73-b530-d6386253d0e7 ] Request (FloatingIPsAssociationTestJSON:setUpClass): 200 PUT http://10.180.1.21:9696/networking/v2.0/routers/fb379c68-9aaf-4780-858f-f0d172aa1dfc/add_router_interface 1.594s
2024-12-22 11:06:28.567 67730 INFO tempest.lib.common.dynamic_creds [-] Created isolated network resources for: credentials: Credentials: {'domain_id': 'default', 'domain_name': 'Default', 'username': 'tempest-FloatingIPsAssociationTestJSON-1956190197-project-member', 'project_domain_id': 'default', 'project_domain_name': 'Default', 'project_id': '751ed00ef16a4cca832e3c78731c9379', 'project_name': 'tempest-FloatingIPsAssociationTestJSON-1956190197', 'tenant_id': '751ed00ef16a4cca832e3c78731c9379', 'tenant_name': 'tempest-FloatingIPsAssociationTestJSON-1956190197', 'user_domain_id': 'default', 'user_domain_name': 'Default', 'user_id': '67d3796d3d5d4eebba5ecf8e611190c9', 'system': None}, Network: {'id': 'dab57617-8c96-4c9c-a117-05fd2262c951', 'name': 'tempest-FloatingIPsAssociationTestJSON-1124018667-network', 'tenant_id': '751ed00ef16a4cca832e3c78731c9379', 'admin_state_up': True, 'mtu': 8950, 'status': 'ACTIVE', 'subnets': [], 'shared': False, 'project_id': '751ed00ef16a4cca832e3c78731c9379', 'port_security_enabled': True, 'router:external': False, 'provider:network_type': 'vlan', 'provider:physical_network': 'default', 'provider:segmentation_id': 358, 'availability_zone_hints': [], 'availability_zones': [], 'ipv4_address_scope': None, 'ipv6_address_scope': None, 'description': '', 'tags': [], 'created_at': '2024-12-22T11:06:25Z', 'updated_at': '2024-12-22T11:06:25Z', 'revision_number': 1}, Subnet: {'id': '9cc8650a-c617-4c20-85bc-d45368ce6dc8', 'name': 'tempest-FloatingIPsAssociationTestJSON-1124018667-subnet', 'tenant_id': '751ed00ef16a4cca832e3c78731c9379', 'network_id': 'dab57617-8c96-4c9c-a117-05fd2262c951', 'ip_version': 4, 'subnetpool_id': None, 'enable_dhcp': True, 'ipv6_ra_mode': None, 'ipv6_address_mode': None, 'gateway_ip': '192.168.128.1', 'cidr': '192.168.128.0/28', 'allocation_pools': [{'start': '192.168.128.2', 'end': '192.168.128.14'}], 'host_routes': [], 'dns_nameservers': [], 'description': '', 'router:external': False, 'service_types': [], 'tags': [], 'created_at': '2024-12-22T11:06:25Z', 'updated_at': '2024-12-22T11:06:25Z', 'revision_number': 0, 'project_id': '751ed00ef16a4cca832e3c78731c9379'}, Router: {'id': 'fb379c68-9aaf-4780-858f-f0d172aa1dfc', 'name': 'tempest-FloatingIPsAssociationTestJSON-1124018667-router', 'tenant_id': '751ed00ef16a4cca832e3c78731c9379', 'admin_state_up': True, 'status': 'ACTIVE', 'external_gateway_info': {'network_id': 'd0cd4724-5a77-4b92-9125-1abb46f49009', 'external_fixed_ips': [{'subnet_id': '7b74068e-56cb-48e4-82c2-c3d763974369', 'ip_address': '10.180.180.243'}], 'enable_snat': True}, 'description': '', 'availability_zones': [], 'distributed': False, 'ha': False, 'availability_zone_hints': [], 'routes': [], 'flavor_id': None, 'tags': [], 'created_at': '2024-12-22T11:06:25Z', 'updated_at': '2024-12-22T11:06:26Z', 'revision_number': 2, 'project_id': '751ed00ef16a4cca832e3c78731c9379'}
2024-12-22 11:06:28.576 67726 INFO tempest.lib.common.rest_client [req-997a783a-4dcf-4276-b501-74fb591cf040 req-997a783a-4dcf-4276-b501-74fb591cf040 ] Request (FlavorsAccessNegativeTestJSON:setUpClass): 201 POST http://10.180.1.21/identity/v3/projects 0.420s
2024-12-22 11:06:28.627 67748 INFO tempest.lib.common.rest_client [req-e00059fd-b1f3-4ae8-9101-28417d200689 req-e00059fd-b1f3-4ae8-9101-28417d200689 ] Request (AggregatesAdminNegativeTestJSON:setUpClass): 200 GET http://10.180.1.21/compute/v2.1/os-services?binary=nova-compute 1.799s
2024-12-22 11:06:28.653 67720 INFO tempest.lib.common.rest_client [req-94d606a2-be51-40cb-9e5c-6a1ed55df62f req-94d606a2-be51-40cb-9e5c-6a1ed55df62f ] Request (KeyPairsNegativeTestJSON:setUpClass): 201 POST http://10.180.1.21/identity/v3/auth/tokens 0.272s
2024-12-22 11:06:28.692 67718 INFO tempest.lib.common.rest_client [req-d3a5505d-fe51-44ea-9018-e63e171dea47 req-d3a5505d-fe51-44ea-9018-e63e171dea47 ] Request (InstanceUsageAuditLogTestJSON:tearDownClass): 204 DELETE http://10.180.1.21/identity/v3/users/24441a397de44a53bd94efe879413628 0.510s
2024-12-22 11:06:28.692 67718 INFO tempest.lib.common.dynamic_creds [-] Deleting project and security group for project: c6609f3429f74366b1f39edd81273519
2024-12-22 11:06:28.742 67724 INFO tempest.lib.common.rest_client [req-5ceeb3dd-91ee-41d2-b44d-f8009503b927 req-5ceeb3dd-91ee-41d2-b44d-f8009503b927 ] Request (QuotasAdminTestJSON:test_delete_quota): 200 GET http://10.180.1.21/identity/v3/domains?name=Default 0.280s
2024-12-22 11:06:28.755 67734 INFO tempest.lib.common.rest_client [req-9dac9922-491e-4690-809e-ee66dd5fa2f1 req-9dac9922-491e-4690-809e-ee66dd5fa2f1 ] Request (SecurityGroupsNegativeTestJSON:setUpClass): 201 POST http://10.180.1.21/identity/v3/auth/tokens 0.285s
2024-12-22 11:06:28.821 67756 INFO tempest.lib.common.rest_client [req-49155bfd-86e2-49eb-bdac-c5f33ce3a28e req-49155bfd-86e2-49eb-bdac-c5f33ce3a28e ] Request (VolumesAssistedSnapshotsTest:setUpClass): 201 POST http://10.180.1.21/identity/v3/auth/tokens 0.263s
2024-12-22 11:06:28.833 67730 INFO tempest.lib.common.rest_client [req-59619f4e-4053-465a-9cda-c2d4569d74cd req-59619f4e-4053-465a-9cda-c2d4569d74cd ] Request (FloatingIPsAssociationTestJSON:setUpClass): 201 POST http://10.180.1.21/identity/v3/auth/tokens 0.263s
2024-12-22 11:06:28.855 67726 INFO tempest.lib.common.rest_client [req-1509ac22-f905-42af-bbc0-5b965858665e req-1509ac22-f905-42af-bbc0-5b965858665e ] Request (FlavorsAccessNegativeTestJSON:setUpClass): 201 POST http://10.180.1.21/identity/v3/users 0.279s
2024-12-22 11:06:28.912 67718 INFO tempest.lib.common.rest_client [req-83d6fab7-436c-4682-9474-2ba1a405f969 req-83d6fab7-436c-4682-9474-2ba1a405f969 ] Request (InstanceUsageAuditLogTestJSON:tearDownClass): 201 POST http://10.180.1.21/identity/v3/auth/tokens 0.220s
2024-12-22 11:06:28.935 67720 INFO tempest.lib.common.rest_client [req-d27c8ac5-8049-4dce-a237-59ae79d29d56 req-d27c8ac5-8049-4dce-a237-59ae79d29d56 ] Request (KeyPairsNegativeTestJSON:setUpClass): 201 POST http://10.180.1.21/identity/v3/auth/tokens 0.241s
2024-12-22 11:06:28.954 67716 INFO tempest.lib.common.rest_client [req-99b32f11-6534-41c5-8935-67f4b7f411ea req-99b32f11-6534-41c5-8935-67f4b7f411ea ] Request (QuotasAdminNegativeTest:test_create_server_when_cpu_quota_is_full): 200 GET http://10.180.1.21/compute/v2.1/os-quota-sets/5c189c3da2d74fbd880848abfb45d05e 2.151s
2024-12-22 11:06:28.958 67734 INFO tempest.lib.common.rest_client [req-9926b5e9-546b-4eec-8713-595c86467e03 req-9926b5e9-546b-4eec-8713-595c86467e03 ] Request (SecurityGroupsNegativeTestJSON:setUpClass): 201 POST http://10.180.1.21/identity/v3/auth/tokens 0.159s
2024-12-22 11:06:28.978 67756 INFO tempest.lib.common.rest_client [req-23f42a37-bf23-4316-8a8f-0cd7307a0c6c req-23f42a37-bf23-4316-8a8f-0cd7307a0c6c ] Request (VolumesAssistedSnapshotsTest:setUpClass): 201 POST http://10.180.1.21/identity/v3/projects 0.156s
2024-12-22 11:06:28.979 67726 INFO tempest.lib.common.rest_client [req-db2cf934-0182-48bb-a829-01591b9f7f26 req-db2cf934-0182-48bb-a829-01591b9f7f26 ] Request (FlavorsAccessNegativeTestJSON:setUpClass): 200 GET http://10.180.1.21/identity/v3/roles 0.123s
2024-12-22 11:06:29.012 67706 INFO tempest.lib.common.rest_client [req-63b8fc6a-935e-4517-a4b4-9730f6e76244 req-63b8fc6a-935e-4517-a4b4-9730f6e76244 ] Request (FloatingIPsTestJSON:_run_cleanups): 202 DELETE http://10.180.1.21/compute/v2.1/os-floating-ips/6f104801-538a-49a0-b148-332fb86e6858 2.149s
2024-12-22 11:06:29.029 67730 INFO tempest.lib.common.rest_client [req-474ee27b-304a-4523-acc3-eaed39fd12f7 req-474ee27b-304a-4523-acc3-eaed39fd12f7 ] Request (FloatingIPsAssociationTestJSON:setUpClass): 201 POST http://10.180.1.21/identity/v3/auth/tokens 0.148s
2024-12-22 11:06:29.029 67730 INFO tempest.lib.common.fixed_network [-] (FloatingIPsAssociationTestJSON:setUpClass) Found network {'id': 'dab57617-8c96-4c9c-a117-05fd2262c951', 'name': 'tempest-FloatingIPsAssociationTestJSON-1124018667-network', 'tenant_id': '751ed00ef16a4cca832e3c78731c9379', 'admin_state_up': True, 'mtu': 8950, 'status': 'ACTIVE', 'subnets': [], 'shared': False, 'project_id': '751ed00ef16a4cca832e3c78731c9379', 'port_security_enabled': True, 'router:external': False, 'provider:network_type': 'vlan', 'provider:physical_network': 'default', 'provider:segmentation_id': 358, 'availability_zone_hints': [], 'availability_zones': [], 'ipv4_address_scope': None, 'ipv6_address_scope': None, 'description': '', 'tags': [], 'created_at': '2024-12-22T11:06:25Z', 'updated_at': '2024-12-22T11:06:25Z', 'revision_number': 1} available for tenant
2024-12-22 11:06:29.129 67720 INFO tempest.lib.common.rest_client [req-b751f52c-d31f-419a-a15c-0dd3a08fd774 req-b751f52c-d31f-419a-a15c-0dd3a08fd774 ] Request (KeyPairsNegativeTestJSON:setUpClass): 200 GET http://10.180.1.21/identity/v3/domains?name=Default 0.194s
2024-12-22 11:06:29.156 67734 INFO tempest.lib.common.rest_client [req-5a15a988-c0cb-4693-8ed4-31615582c9fe req-5a15a988-c0cb-4693-8ed4-31615582c9fe ] Request (SecurityGroupsNegativeTestJSON:setUpClass): 200 GET http://10.180.1.21/identity/v3/domains?name=Default 0.197s
2024-12-22 11:06:29.178 67756 INFO tempest.lib.common.rest_client [req-f70fefec-8b6a-4b06-953f-0d496136d92c req-f70fefec-8b6a-4b06-953f-0d496136d92c ] Request (VolumesAssistedSnapshotsTest:setUpClass): 201 POST http://10.180.1.21/identity/v3/users 0.200s
2024-12-22 11:06:29.194 67726 INFO tempest.lib.common.rest_client [req-cb109dcc-c74d-4694-8019-01f754b72a72 req-cb109dcc-c74d-4694-8019-01f754b72a72 ] Request (FlavorsAccessNegativeTestJSON:setUpClass): 204 PUT http://10.180.1.21/identity/v3/projects/f21c2e8496be4fb7821dc4581fdfe09c/users/7e80678fd1b64332be3ddef8fdc5a03b/roles/7a5920111b6d42d18ccdfa2d90a11553 0.214s
2024-12-22 11:06:29.194 67726 INFO tempest.lib.common.dynamic_creds [-] Dynamic test user 7e80678fd1b64332be3ddef8fdc5a03b is created with scope project and roles: ['member']
2024-12-22 11:06:29.195 67726 INFO tempest.lib.common.dynamic_creds [-] Acquired dynamic creds: credentials: Credentials: {'domain_id': 'default', 'domain_name': 'Default', 'username': 'tempest-FlavorsAccessNegativeTestJSON-757913447-project-member', 'project_domain_id': 'default', 'project_domain_name': 'Default', 'project_id': 'f21c2e8496be4fb7821dc4581fdfe09c', 'project_name': 'tempest-FlavorsAccessNegativeTestJSON-757913447', 'tenant_id': 'f21c2e8496be4fb7821dc4581fdfe09c', 'tenant_name': 'tempest-FlavorsAccessNegativeTestJSON-757913447', 'user_domain_id': 'default', 'user_domain_name': 'Default', 'user_id': '7e80678fd1b64332be3ddef8fdc5a03b', 'system': None}, Network: None, Subnet: None, Router: None
2024-12-22 11:06:29.195 67726 INFO tempest.lib.common.dynamic_creds [-] Created isolated network resources for: credentials: Credentials: {'domain_id': 'default', 'domain_name': 'Default', 'username': 'tempest-FlavorsAccessNegativeTestJSON-757913447-project-member', 'project_domain_id': 'default', 'project_domain_name': 'Default', 'project_id': 'f21c2e8496be4fb7821dc4581fdfe09c', 'project_name': 'tempest-FlavorsAccessNegativeTestJSON-757913447', 'tenant_id': 'f21c2e8496be4fb7821dc4581fdfe09c', 'tenant_name': 'tempest-FlavorsAccessNegativeTestJSON-757913447', 'user_domain_id': 'default', 'user_domain_name': 'Default', 'user_id': '7e80678fd1b64332be3ddef8fdc5a03b', 'system': None}, Network: None, Subnet: None, Router: None
2024-12-22 11:06:29.229 67718 INFO tempest.lib.common.rest_client [req-2fcdb1aa-2540-41a3-b0f1-272871b0b913 req-2fcdb1aa-2540-41a3-b0f1-272871b0b913 ] Request (InstanceUsageAuditLogTestJSON:tearDownClass): 200 GET http://10.180.1.21:9696/networking/v2.0/security-groups?tenant_id=c6609f3429f74366b1f39edd81273519&name=default 0.316s
2024-12-22 11:06:29.247 67704 INFO tempest.lib.common.rest_client [req-ecc1091a-5342-4ac3-852a-f4365cc80627 req-ecc1091a-5342-4ac3-852a-f4365cc80627 ] Request (HypervisorAdminV253TestBase:test_list_show_detail_hypervisors): 200 GET http://10.180.1.21/compute/v2.1/os-hypervisors/detail?with_servers=True 2.350s
2024-12-22 11:06:29.259 67720 INFO tempest.lib.common.rest_client [req-ee169d06-8e48-47ad-adcf-5ac9c75befa3 req-ee169d06-8e48-47ad-adcf-5ac9c75befa3 ] Request (KeyPairsNegativeTestJSON:setUpClass): 201 POST http://10.180.1.21/identity/v3/projects 0.129s
2024-12-22 11:06:29.265 67734 INFO tempest.lib.common.rest_client [req-320faef3-78bf-4877-99cf-cc68ff4a9e73 req-320faef3-78bf-4877-99cf-cc68ff4a9e73 ] Request (SecurityGroupsNegativeTestJSON:setUpClass): 201 POST http://10.180.1.21/identity/v3/projects 0.109s
2024-12-22 11:06:29.284 67714 INFO tempest.lib.common.rest_client [req-e1bfd000-07d5-473c-b2d9-95f7d1087722 req-e1bfd000-07d5-473c-b2d9-95f7d1087722 ] Request (HypervisorAdminTestJSON:test_get_hypervisor_list): 200 GET http://10.180.1.21/compute/v2.1/os-hypervisors 2.270s
2024-12-22 11:06:29.305 67718 INFO tempest.lib.common.rest_client [req-ca69c725-7e72-4978-aa1e-270fe7619a44 req-ca69c725-7e72-4978-aa1e-270fe7619a44 ] Request (InstanceUsageAuditLogTestJSON:tearDownClass): 204 DELETE http://10.180.1.21:9696/networking/v2.0/security-groups/b4f10f22-2147-4692-acd4-502b81283489 0.076s
2024-12-22 11:06:29.323 67726 INFO tempest.lib.common.rest_client [req-efb57392-bacd-49bf-9f25-0700d16124aa req-efb57392-bacd-49bf-9f25-0700d16124aa ] Request (FlavorsAccessNegativeTestJSON:setUpClass): 201 POST http://10.180.1.21/identity/v3/auth/tokens 0.080s
2024-12-22 11:06:29.324 67726 WARNING tempest.lib.common.rest_client [-] Deprecated: "tenant_id" property is deprecated for removal, use "project_id" instead
2024-12-22 11:06:29.347 67756 INFO tempest.lib.common.rest_client [req-9ffe999e-44c2-4056-b625-f5d75b204189 req-9ffe999e-44c2-4056-b625-f5d75b204189 ] Request (VolumesAssistedSnapshotsTest:setUpClass): 200 GET http://10.180.1.21/identity/v3/roles 0.168s
2024-12-22 11:06:29.370 67720 INFO tempest.lib.common.rest_client [req-0f19da0c-0b86-43a3-b636-69d4a104f10f req-0f19da0c-0b86-43a3-b636-69d4a104f10f ] Request (KeyPairsNegativeTestJSON:setUpClass): 201 POST http://10.180.1.21/identity/v3/users 0.110s
2024-12-22 11:06:29.390 67734 INFO tempest.lib.common.rest_client [req-cfe731ed-6c99-434a-8aeb-077af840bcb8 req-cfe731ed-6c99-434a-8aeb-077af840bcb8 ] Request (SecurityGroupsNegativeTestJSON:setUpClass): 201 POST http://10.180.1.21/identity/v3/users 0.124s
2024-12-22 11:06:29.453 67718 INFO tempest.lib.common.rest_client [req-62c77fc4-dc2c-4d95-9c0d-792486998e31 req-62c77fc4-dc2c-4d95-9c0d-792486998e31 ] Request (InstanceUsageAuditLogTestJSON:tearDownClass): 204 DELETE http://10.180.1.21/identity/v3/projects/c6609f3429f74366b1f39edd81273519 0.148s
2024-12-22 11:06:29.454 67718 INFO tempest.lib.common.dynamic_creds [-] Deleting project and security group for project: 9ff7accd85e1453f85807fa3531d9ac4
2024-12-22 11:06:29.494 67756 INFO tempest.lib.common.rest_client [req-e694dfd7-3e98-4e65-a489-d7042bfea4fe req-e694dfd7-3e98-4e65-a489-d7042bfea4fe ] Request (VolumesAssistedSnapshotsTest:setUpClass): 204 PUT http://10.180.1.21/identity/v3/projects/685df707d40b4411bba306beba59a317/users/5733bf3692fb452faefab5aff6045984/roles/da56b2cc49b143b2bbfbea9ae28cd1ce 0.147s
2024-12-22 11:06:29.504 67720 INFO tempest.lib.common.rest_client [req-28ba677b-efb6-4c6d-a308-ec3e0a39de6c req-28ba677b-efb6-4c6d-a308-ec3e0a39de6c ] Request (KeyPairsNegativeTestJSON:setUpClass): 200 GET http://10.180.1.21/identity/v3/roles 0.133s
2024-12-22 11:06:29.546 67734 INFO tempest.lib.common.rest_client [req-56534585-11f2-4808-9b47-7872fdc19aa3 req-56534585-11f2-4808-9b47-7872fdc19aa3 ] Request (SecurityGroupsNegativeTestJSON:setUpClass): 200 GET http://10.180.1.21/identity/v3/roles 0.155s
2024-12-22 11:06:29.554 67718 INFO tempest.lib.common.rest_client [req-f90d6cbf-3411-497d-a1a8-bfd2740a3d21 req-f90d6cbf-3411-497d-a1a8-bfd2740a3d21 ] Request (InstanceUsageAuditLogTestJSON:tearDownClass): 200 GET http://10.180.1.21:9696/networking/v2.0/security-groups?tenant_id=9ff7accd85e1453f85807fa3531d9ac4&name=default 0.100s
2024-12-22 11:06:29.567 67756 INFO tempest.lib.common.rest_client [req-16874fab-99e4-4705-bd1a-f8bc79ba901d req-16874fab-99e4-4705-bd1a-f8bc79ba901d ] Request (VolumesAssistedSnapshotsTest:setUpClass): 200 GET http://10.180.1.21/identity/v3/roles 0.072s
2024-12-22 11:06:29.576 67720 INFO tempest.lib.common.rest_client [req-24a0b5fe-ebcf-4523-a008-cc23209fd123 req-24a0b5fe-ebcf-4523-a008-cc23209fd123 ] Request (KeyPairsNegativeTestJSON:setUpClass): 204 PUT http://10.180.1.21/identity/v3/projects/8886c434a2d24ee1b0dc775675b65acd/users/b78e34a06ea544ce9617a4a7b97650de/roles/7a5920111b6d42d18ccdfa2d90a11553 0.071s
2024-12-22 11:06:29.577 67720 INFO tempest.lib.common.dynamic_creds [-] Dynamic test user b78e34a06ea544ce9617a4a7b97650de is created with scope project and roles: ['member']
2024-12-22 11:06:29.577 67720 INFO tempest.lib.common.dynamic_creds [-] Acquired dynamic creds: credentials: Credentials: {'domain_id': 'default', 'domain_name': 'Default', 'username': 'tempest-KeyPairsNegativeTestJSON-1908486397-project-member', 'project_domain_id': 'default', 'project_domain_name': 'Default', 'project_id': '8886c434a2d24ee1b0dc775675b65acd', 'project_name': 'tempest-KeyPairsNegativeTestJSON-1908486397', 'tenant_id': '8886c434a2d24ee1b0dc775675b65acd', 'tenant_name': 'tempest-KeyPairsNegativeTestJSON-1908486397', 'user_domain_id': 'default', 'user_domain_name': 'Default', 'user_id': 'b78e34a06ea544ce9617a4a7b97650de', 'system': None}, Network: None, Subnet: None, Router: None
2024-12-22 11:06:29.577 67720 INFO tempest.lib.common.dynamic_creds [-] Created isolated network resources for: credentials: Credentials: {'domain_id': 'default', 'domain_name': 'Default', 'username': 'tempest-KeyPairsNegativeTestJSON-1908486397-project-member', 'project_domain_id': 'default', 'project_domain_name': 'Default', 'project_id': '8886c434a2d24ee1b0dc775675b65acd', 'project_name': 'tempest-KeyPairsNegativeTestJSON-1908486397', 'tenant_id': '8886c434a2d24ee1b0dc775675b65acd', 'tenant_name': 'tempest-KeyPairsNegativeTestJSON-1908486397', 'user_domain_id': 'default', 'user_domain_name': 'Default', 'user_id': 'b78e34a06ea544ce9617a4a7b97650de', 'system': None}, Network: None, Subnet: None, Router: None
2024-12-22 11:06:29.591 67734 INFO tempest.lib.common.rest_client [req-31ab3ef6-0194-4892-b598-961aed247a47 req-31ab3ef6-0194-4892-b598-961aed247a47 ] Request (SecurityGroupsNegativeTestJSON:setUpClass): 204 PUT http://10.180.1.21/identity/v3/projects/3c0e4e70fdc74176a1eb6e302b935e94/users/9923f87904714debbc94d5dd65e2308b/roles/7a5920111b6d42d18ccdfa2d90a11553 0.044s
2024-12-22 11:06:29.591 67734 INFO tempest.lib.common.dynamic_creds [-] Dynamic test user 9923f87904714debbc94d5dd65e2308b is created with scope project and roles: ['member']
2024-12-22 11:06:29.591 67734 INFO tempest.lib.common.dynamic_creds [-] Acquired dynamic creds: credentials: Credentials: {'domain_id': 'default', 'domain_name': 'Default', 'username': 'tempest-SecurityGroupsNegativeTestJSON-2090707580-project-member', 'project_domain_id': 'default', 'project_domain_name': 'Default', 'project_id': '3c0e4e70fdc74176a1eb6e302b935e94', 'project_name': 'tempest-SecurityGroupsNegativeTestJSON-2090707580', 'tenant_id': '3c0e4e70fdc74176a1eb6e302b935e94', 'tenant_name': 'tempest-SecurityGroupsNegativeTestJSON-2090707580', 'user_domain_id': 'default', 'user_domain_name': 'Default', 'user_id': '9923f87904714debbc94d5dd65e2308b', 'system': None}, Network: None, Subnet: None, Router: None
2024-12-22 11:06:29.646 67718 INFO tempest.lib.common.rest_client [req-1fdcde20-fac1-4e63-a59f-56dbf1b4c5f3 req-1fdcde20-fac1-4e63-a59f-56dbf1b4c5f3 ] Request (InstanceUsageAuditLogTestJSON:tearDownClass): 204 DELETE http://10.180.1.21:9696/networking/v2.0/security-groups/b966f81c-ad22-4bf4-9e95-42bbf6585b7e 0.092s
2024-12-22 11:06:29.654 67756 INFO tempest.lib.common.rest_client [req-1e418ed0-992a-4a03-82fd-5f6a77fbe7ef req-1e418ed0-992a-4a03-82fd-5f6a77fbe7ef ] Request (VolumesAssistedSnapshotsTest:setUpClass): 204 PUT http://10.180.1.21/identity/v3/projects/685df707d40b4411bba306beba59a317/users/5733bf3692fb452faefab5aff6045984/roles/da56b2cc49b143b2bbfbea9ae28cd1ce 0.087s
2024-12-22 11:06:29.654 67756 INFO tempest.lib.common.dynamic_creds [-] Dynamic test user 5733bf3692fb452faefab5aff6045984 is created with scope project and roles: ['admin']
2024-12-22 11:06:29.654 67756 INFO tempest.lib.common.dynamic_creds [-] Acquired dynamic creds: credentials: Credentials: {'domain_id': 'default', 'domain_name': 'Default', 'username': 'tempest-VolumesAssistedSnapshotsTest-1116976750-project-admin', 'project_domain_id': 'default', 'project_domain_name': 'Default', 'project_id': '685df707d40b4411bba306beba59a317', 'project_name': 'tempest-VolumesAssistedSnapshotsTest-1116976750', 'tenant_id': '685df707d40b4411bba306beba59a317', 'tenant_name': 'tempest-VolumesAssistedSnapshotsTest-1116976750', 'user_domain_id': 'default', 'user_domain_name': 'Default', 'user_id': '5733bf3692fb452faefab5aff6045984', 'system': None}, Network: None, Subnet: None, Router: None
2024-12-22 11:06:29.712 67734 INFO tempest.lib.common.rest_client [req-3fdda69d-441b-4134-a5c0-7a0f92ff60b3 req-3fdda69d-441b-4134-a5c0-7a0f92ff60b3 ] Request (SecurityGroupsNegativeTestJSON:setUpClass): 201 POST http://10.180.1.21/identity/v3/auth/tokens 0.120s
2024-12-22 11:06:29.719 67720 INFO tempest.lib.common.rest_client [req-aee6788a-186f-4be9-bee5-b54b124ce076 req-aee6788a-186f-4be9-bee5-b54b124ce076 ] Request (KeyPairsNegativeTestJSON:setUpClass): 201 POST http://10.180.1.21/identity/v3/auth/tokens 0.138s
2024-12-22 11:06:29.782 67718 INFO tempest.lib.common.rest_client [req-2577ffb3-8385-43ae-8390-fb19d3ee580b req-2577ffb3-8385-43ae-8390-fb19d3ee580b ] Request (InstanceUsageAuditLogTestJSON:tearDownClass): 204 DELETE http://10.180.1.21/identity/v3/projects/9ff7accd85e1453f85807fa3531d9ac4 0.134s
2024-12-22 11:06:29.881 67718 INFO tempest.lib.common.rest_client [req-9a93ee76-6d81-47a0-9064-1d88e5606f7e req-9a93ee76-6d81-47a0-9064-1d88e5606f7e ] Request (KeyPairsV210TestJSON:setUpClass): 201 POST http://10.180.1.21/identity/v3/auth/tokens 0.098s
2024-12-22 11:06:29.913 67718 INFO tempest.lib.common.rest_client [req-32102a8b-1c66-49f7-9cce-5cac8f81d59b req-32102a8b-1c66-49f7-9cce-5cac8f81d59b ] Request (KeyPairsV210TestJSON:setUpClass): 201 POST http://10.180.1.21/identity/v3/auth/tokens 0.029s
2024-12-22 11:06:29.939 67718 INFO tempest.lib.common.rest_client [req-b463a1a2-4878-4470-aff7-1a7b62743ca8 req-b463a1a2-4878-4470-aff7-1a7b62743ca8 ] Request (KeyPairsV210TestJSON:setUpClass): 200 GET http://10.180.1.21/identity/v3/domains?name=Default 0.025s
2024-12-22 11:06:29.965 67718 INFO tempest.lib.common.rest_client [req-157ae591-3d92-4e37-8559-fb43026cc953 req-157ae591-3d92-4e37-8559-fb43026cc953 ] Request (KeyPairsV210TestJSON:setUpClass): 201 POST http://10.180.1.21/identity/v3/projects 0.026s
