2025-02-14 11:28:50.194 63458 INFO tempest.lib.common.fixed_network [-] (ListServerFiltersTestJSON:setUpClass) Found network {'id': '6a582584-9e01-49cb-82f0-763166e7cbbe', 'name': 'tempest-ListServerFiltersTestJSON-1229647725-network', 'tenant_id': 'e16e7f7480104f378cfa8633babde322', 'admin_state_up': True, 'mtu': 8950, 'status': 'ACTIVE', 'subnets': [], 'shared': False, 'project_id': 'e16e7f7480104f378cfa8633babde322', 'port_security_enabled': True, 'router:external': False, 'provider:network_type': 'vlan', 'provider:physical_network': 'default', 'provider:segmentation_id': 881, 'availability_zone_hints': [], 'availability_zones': [], 'ipv4_address_scope': None, 'ipv6_address_scope': None, 'description': '', 'tags': [], 'created_at': '2025-02-14T11:28:49Z', 'updated_at': '2025-02-14T11:28:49Z', 'revision_number': 1} available for tenant
2025-02-14 11:28:50.234 63466 INFO tempest.lib.common.rest_client [req-f8a335e8-19e0-4613-9e78-50c22c2521b8 req-f8a335e8-19e0-4613-9e78-50c22c2521b8 ] Request (ServersTestMultiNic:test_verify_multiple_nics_order): 200 GET http://10.180.1.21/compute/v2.1/servers/b82c868d-7858-46aa-aae6-c563d91686ab 0.700s
2025-02-14 11:28:50.261 63474 INFO tempest.lib.common.rest_client [req-fdf586dc-7f72-4e45-83d2-ff368d54f892 req-fdf586dc-7f72-4e45-83d2-ff368d54f892 ] Request (InstanceActionsNegativeTestJSON:tearDownClass): 200 GET http://10.180.1.21/compute/v2.1/servers/57c2cd54-7ac2-4cdc-9ad2-29967042ffd8 0.654s
2025-02-14 11:28:50.268 63491 INFO tempest.lib.common.rest_client [req-956d6589-306e-435e-af7d-03e1f3ddd7bd req-956d6589-306e-435e-af7d-03e1f3ddd7bd ] Request (HypervisorAdminV228Test:tearDownClass): 200 GET http://10.180.1.21:9696/networking/v2.0/security-groups?tenant_id=bf6a04d41d4b4311aa7041a77ed0c552&name=default 0.166s
2025-02-14 11:28:50.331 63492 INFO tempest.lib.common.rest_client [req-ddeb92d0-0d54-4f2b-82b0-4b1f203ecd89 req-ddeb92d0-0d54-4f2b-82b0-4b1f203ecd89 ] Request (ListImageFiltersTestJSON:setUpClass): 200 GET http://10.180.1.21/compute/v2.1/servers/d721b901-e551-4ca3-96bb-c6e27034f55c 0.653s
2025-02-14 11:28:50.392 63496 INFO tempest.lib.common.rest_client [req-0a37a792-93fa-4b63-b87e-5fdf72e8ccd5 req-0a37a792-93fa-4b63-b87e-5fdf72e8ccd5 ] Request (ServerActionsTestOtherB:setUpClass): 200 GET http://10.180.1.21/compute/v2.1/servers/edd39829-7fbc-4f66-813a-b1efd6197163 0.660s
2025-02-14 11:28:50.394 63460 INFO tempest.lib.common.rest_client [req-8f21d2db-8301-47fc-9bab-335abc1b1676 req-8f21d2db-8301-47fc-9bab-335abc1b1676 ] Request (MigrationsAdminTest:test_list_migrations_in_flavor_resize_situation): 200 GET http://10.180.1.21/compute/v2.1/servers/035853df-2910-4a07-a5c6-2f42b2ca01da 0.787s
2025-02-14 11:28:50.403 63460 INFO tempest.common.waiters [-] State transition "RESIZE/resize_prep" ==> "RESIZE/resize_migrating" after 33 second wait
2025-02-14 11:28:50.407 63491 INFO tempest.lib.common.rest_client [req-889eaaa7-73da-4dab-819a-72f83bd34278 req-889eaaa7-73da-4dab-819a-72f83bd34278 ] Request (HypervisorAdminV228Test:tearDownClass): 204 DELETE http://10.180.1.21:9696/networking/v2.0/security-groups/152ad26d-e6e3-4215-9dec-1f3f262debf5 0.139s
2025-02-14 11:28:50.451 63486 INFO tempest.lib.common.rest_client [req-7bb2a651-0f97-43b8-b0eb-4b37b637ea5b req-7bb2a651-0f97-43b8-b0eb-4b37b637ea5b ] Request (ServerRescueTestJSON:setUpClass): 200 GET http://10.180.1.21/compute/v2.1/servers/8a2be843-34fa-42c4-be53-ad595c485a92 0.664s
2025-02-14 11:28:50.453 63468 INFO tempest.lib.common.rest_client [req-e07fb194-0cc3-4988-9941-7af2039e867a req-e07fb194-0cc3-4988-9941-7af2039e867a ] Request (ServerDiskConfigTestJSON:test_rebuild_server_with_auto_disk_config): 200 GET http://10.180.1.21/compute/v2.1/servers/e92be754-1aa3-44b3-a163-08c250b6adf9 0.670s
2025-02-14 11:28:50.486 63502 INFO tempest.lib.common.rest_client [req-7d01a629-2360-4e73-826c-c9b7f8b0566e req-7d01a629-2360-4e73-826c-c9b7f8b0566e ] Request (ImagesOneServerNegativeTestJSON:test_create_second_image_when_first_image_is_being_saved): 409 POST http://10.180.1.21/compute/v2.1/servers/6e4c5db2-de4e-4ad3-ba3f-93ab58bf6488/action 0.665s
2025-02-14 11:28:50.507 63520 INFO tempest.lib.common.rest_client [req-931fe9cc-65ce-499d-9a8f-868e87895e4d req-931fe9cc-65ce-499d-9a8f-868e87895e4d ] Request (FloatingIPsAssociationNegativeTestJSON:setUpClass): 200 GET http://10.180.1.21/compute/v2.1/servers/3d178e52-534b-4980-bc4b-0973d55b0642 0.677s
2025-02-14 11:28:50.507 63491 INFO tempest.lib.common.rest_client [req-eea772d1-3b26-4943-885e-1ff1620be3e6 req-eea772d1-3b26-4943-885e-1ff1620be3e6 ] Request (HypervisorAdminV228Test:tearDownClass): 204 DELETE http://10.180.1.21/identity/v3/projects/bf6a04d41d4b4311aa7041a77ed0c552 0.099s
2025-02-14 11:28:50.508 63491 INFO tempest.test [-] raised in LiveAutoBlockMigrationV225Test.setUpClass. Invoking tearDownClass.
2025-02-14 11:28:50.543 63470 INFO tempest.lib.common.rest_client [req-e9122c74-9c56-479e-b097-50a1e9e13f25 req-e9122c74-9c56-479e-b097-50a1e9e13f25 ] Request (ServersAdminTestJSON:setUpClass): 200 GET http://10.180.1.21/compute/v2.1/servers/26d29119-2b0e-41c9-9ea4-b9a508e657d2 0.668s
2025-02-14 11:28:50.570 63491 INFO tempest.lib.common.rest_client [req-1bc218ef-1233-4886-a694-c4003ba4260d req-1bc218ef-1233-4886-a694-c4003ba4260d ] Request (ListImageFiltersNegativeTestJSON:setUpClass): 201 POST http://10.180.1.21/identity/v3/auth/tokens 0.059s
2025-02-14 11:28:50.577 63516 INFO tempest.lib.common.rest_client [req-b4a644d2-a0bd-495a-8609-4e1ec42163e0 req-b4a644d2-a0bd-495a-8609-4e1ec42163e0 ] Request (DeleteServersAdminTestJSON:test_delete_server_while_in_error_state): 200 GET http://10.180.1.21/compute/v2.1/servers/e0255bdd-6582-41b7-8f6d-bbef90903f05 0.636s
2025-02-14 11:28:50.608 63491 INFO tempest.lib.common.rest_client [req-6fdcb094-0d29-416c-9fb5-5ac2a3f56883 req-6fdcb094-0d29-416c-9fb5-5ac2a3f56883 ] Request (ListImageFiltersNegativeTestJSON:setUpClass): 201 POST http://10.180.1.21/identity/v3/auth/tokens 0.035s
2025-02-14 11:28:50.610 63504 INFO tempest.lib.common.rest_client [req-b4e77d48-1743-4da3-966e-e98bd6402367 req-b4e77d48-1743-4da3-966e-e98bd6402367 ] Request (AttachInterfacesV270Test:tearDownClass): 200 GET http://10.180.1.21/compute/v2.1/servers/8d68db99-e49e-43b3-ba0e-c4c11e1f6fdb 0.652s
2025-02-14 11:28:50.639 63491 INFO tempest.lib.common.rest_client [req-33e951d5-f880-46b0-8704-cf179c4552dc req-33e951d5-f880-46b0-8704-cf179c4552dc ] Request (ListImageFiltersNegativeTestJSON:setUpClass): 200 GET http://10.180.1.21/identity/v3/domains?name=Default 0.030s
2025-02-14 11:28:50.660 63476 INFO tempest.lib.common.rest_client [req-a3e02ded-a62e-4adc-8f37-8ba9d4174ace req-a3e02ded-a62e-4adc-8f37-8ba9d4174ace ] Request (ServerMetadataNegativeTestJSON:setUpClass): 200 GET http://10.180.1.21/compute/v2.1/servers/b1f7f686-6345-42ac-8227-f1a176e0d437 0.659s
2025-02-14 11:28:50.676 63482 INFO tempest.lib.common.rest_client [req-80e52535-6680-41d3-896e-2f18308cc8ec req-80e52535-6680-41d3-896e-2f18308cc8ec ] Request (ServerActionsV293TestJSON:setUpClass): 200 GET http://10.180.1.21/compute/v2.1/servers/29b407c9-b341-4009-9d0d-f6dad4eefa95 0.560s
2025-02-14 11:28:50.690 63491 INFO tempest.lib.common.rest_client [req-4aedbfe3-fdc8-44a9-9646-a91370e8f036 req-4aedbfe3-fdc8-44a9-9646-a91370e8f036 ] Request (ListImageFiltersNegativeTestJSON:setUpClass): 201 POST http://10.180.1.21/identity/v3/projects 0.050s
2025-02-14 11:28:50.769 63491 INFO tempest.lib.common.rest_client [req-a3713fde-9432-4073-8230-6f5ffac87837 req-a3713fde-9432-4073-8230-6f5ffac87837 ] Request (ListImageFiltersNegativeTestJSON:setUpClass): 201 POST http://10.180.1.21/identity/v3/users 0.078s
2025-02-14 11:28:50.784 63498 INFO tempest.lib.common.rest_client [req-be4ba454-cc77-49f5-8eba-9711d2364762 req-be4ba454-cc77-49f5-8eba-9711d2364762 ] Request (FloatingIPsAssociationTestJSON:setUpClass): 200 GET http://10.180.1.21/compute/v2.1/servers/a6f3cd92-f6a3-4748-a052-d9b124ce5876 0.621s
2025-02-14 11:28:50.795 63491 INFO tempest.lib.common.rest_client [req-5396d5dc-3d3e-4871-93a0-978f60f0b8ae req-5396d5dc-3d3e-4871-93a0-978f60f0b8ae ] Request (ListImageFiltersNegativeTestJSON:setUpClass): 200 GET http://10.180.1.21/identity/v3/roles 0.024s
2025-02-14 11:28:50.827 63491 INFO tempest.lib.common.rest_client [req-8c42187f-8e13-456c-b793-967192d34fa9 req-8c42187f-8e13-456c-b793-967192d34fa9 ] Request (ListImageFiltersNegativeTestJSON:setUpClass): 204 PUT http://10.180.1.21/identity/v3/projects/cb0e99b23fca4b2c92b870ec78aae099/users/79a59ab726054af08bdcb000f2361491/roles/99869777cc7f42eabe01050340c47050 0.032s
2025-02-14 11:28:50.828 63491 INFO tempest.lib.common.dynamic_creds [-] Dynamic test user 79a59ab726054af08bdcb000f2361491 is created with scope project and roles: ['member']
2025-02-14 11:28:50.828 63491 INFO tempest.lib.common.dynamic_creds [-] Acquired dynamic creds: credentials: Credentials: {'domain_id': 'default', 'domain_name': 'Default', 'username': 'tempest-ListImageFiltersNegativeTestJSON-1265971819-project-member', 'project_domain_id': 'default', 'project_domain_name': 'Default', 'project_id': 'cb0e99b23fca4b2c92b870ec78aae099', 'project_name': 'tempest-ListImageFiltersNegativeTestJSON-1265971819', 'tenant_id': 'cb0e99b23fca4b2c92b870ec78aae099', 'tenant_name': 'tempest-ListImageFiltersNegativeTestJSON-1265971819', 'user_domain_id': 'default', 'user_domain_name': 'Default', 'user_id': '79a59ab726054af08bdcb000f2361491', 'system': None}, Network: None, Subnet: None, Router: None
2025-02-14 11:28:50.828 63491 INFO tempest.lib.common.dynamic_creds [-] Created isolated network resources for: credentials: Credentials: {'domain_id': 'default', 'domain_name': 'Default', 'username': 'tempest-ListImageFiltersNegativeTestJSON-1265971819-project-member', 'project_domain_id': 'default', 'project_domain_name': 'Default', 'project_id': 'cb0e99b23fca4b2c92b870ec78aae099', 'project_name': 'tempest-ListImageFiltersNegativeTestJSON-1265971819', 'tenant_id': 'cb0e99b23fca4b2c92b870ec78aae099', 'tenant_name': 'tempest-ListImageFiltersNegativeTestJSON-1265971819', 'user_domain_id': 'default', 'user_domain_name': 'Default', 'user_id': '79a59ab726054af08bdcb000f2361491', 'system': None}, Network: None, Subnet: None, Router: None
2025-02-14 11:28:50.842 63510 INFO tempest.lib.common.rest_client [req-954f19a0-bafa-4c61-b025-39b6301d15c7 req-954f19a0-bafa-4c61-b025-39b6301d15c7 ] Request (SecurityGroupsNegativeTestJSON:tearDownClass): 200 PUT http://10.180.1.21:9696/networking/v2.0/routers/3f509e40-9306-411c-879a-740374e0ad10/remove_router_interface 0.665s
2025-02-14 11:28:50.923 63491 INFO tempest.lib.common.rest_client [req-0e246bf1-ba1f-4697-9770-94b2113ba78f req-0e246bf1-ba1f-4697-9770-94b2113ba78f ] Request (ListImageFiltersNegativeTestJSON:setUpClass): 201 POST http://10.180.1.21/identity/v3/auth/tokens 0.090s
2025-02-14 11:28:50.988 63480 INFO tempest.lib.common.rest_client [req-7580b6fb-7588-447f-888d-bba6f1fdc479 req-7580b6fb-7588-447f-888d-bba6f1fdc479 ] Request (AttachInterfacesUnderV243Test:test_add_remove_fixed_ip): 200 GET http://10.180.1.21/compute/v2.1/servers/57766422-1249-4ac4-8dcd-736cf0325556 0.752s
2025-02-14 11:28:50.997 63480 INFO tempest.common.waiters [-] State transition "BUILD/networking" ==> "BUILD/spawning" after 33 second wait
2025-02-14 11:28:51.097 63506 INFO tempest.lib.common.rest_client [req-1b128acb-5730-4304-980f-5a179db4b04d req-1b128acb-5730-4304-980f-5a179db4b04d ] Request (ServersTestBootFromVolume:setUpClass): 200 GET http://10.180.1.21/compute/v2.1/servers/b313f565-8c01-497c-9f95-858319cfea1f 0.771s
2025-02-14 11:28:51.221 63458 INFO tempest.lib.common.rest_client [req-d56f406f-6d5d-4f6b-b719-9b8853b0620a req-d56f406f-6d5d-4f6b-b719-9b8853b0620a ] Request (ListServerFiltersTestJSON:setUpClass): 202 POST http://10.180.1.21/compute/v2.1/servers 1.027s
2025-02-14 11:28:51.234 63462 INFO tempest.lib.common.rest_client [req-e8f497d5-4c08-43f2-80b2-5ea14a3c2667 req-e8f497d5-4c08-43f2-80b2-5ea14a3c2667 ] Request (ImagesNegativeTestJSON:test_create_image_from_deleted_server): 200 GET http://10.180.1.21/compute/v2.1/servers/1dc24ed2-965a-4a54-aec2-f41a9ce9e6ee 0.885s
2025-02-14 11:28:51.307 63519 INFO tempest.lib.common.rest_client [req-2cf02a30-b8e6-4731-a357-17800fd4825e req-2cf02a30-b8e6-4731-a357-17800fd4825e ] Request (TenantUsagesTestJSON:tearDownClass): 200 GET http://10.180.1.21/compute/v2.1/servers/dbc4106c-3d37-4fad-9ea5-0367c19ac456 0.898s
2025-02-14 11:28:51.333 63458 INFO tempest.lib.common.rest_client [req-d03cf817-13b0-4967-90b2-9e833672351a req-d03cf817-13b0-4967-90b2-9e833672351a ] Request (ListServerFiltersTestJSON:setUpClass): 201 POST http://10.180.1.21/identity/v3/auth/tokens 0.095s
2025-02-14 11:28:51.333 63458 INFO tempest.lib.common.fixed_network [-] (ListServerFiltersTestJSON:setUpClass) Found network {'id': '6a582584-9e01-49cb-82f0-763166e7cbbe', 'name': 'tempest-ListServerFiltersTestJSON-1229647725-network', 'tenant_id': 'e16e7f7480104f378cfa8633babde322', 'admin_state_up': True, 'mtu': 8950, 'status': 'ACTIVE', 'subnets': [], 'shared': False, 'project_id': 'e16e7f7480104f378cfa8633babde322', 'port_security_enabled': True, 'router:external': False, 'provider:network_type': 'vlan', 'provider:physical_network': 'default', 'provider:segmentation_id': 881, 'availability_zone_hints': [], 'availability_zones': [], 'ipv4_address_scope': None, 'ipv6_address_scope': None, 'description': '', 'tags': [], 'created_at': '2025-02-14T11:28:49Z', 'updated_at': '2025-02-14T11:28:49Z', 'revision_number': 1} available for tenant
2025-02-14 11:28:51.354 63502 INFO tempest.lib.common.rest_client [req-371d88e4-136e-409f-b39b-3386af4fe7ea req-371d88e4-136e-409f-b39b-3386af4fe7ea ] Request (ImagesOneServerNegativeTestJSON:test_create_second_image_when_first_image_is_being_saved): 204 DELETE http://10.180.1.21/compute/v2.1/images/03913b1e-7796-4eaf-a432-23bb26e282b7 0.867s
2025-02-14 11:28:51.386 63488 INFO tempest.lib.common.rest_client [req-63e711f8-53f2-411e-97e2-79f8d72ea26e req-63e711f8-53f2-411e-97e2-79f8d72ea26e ] Request (ServersAdmin275Test:tearDownClass): 200 GET http://10.180.1.21/compute/v2.1/servers/b439c92e-9cf0-4d22-ae41-c2449c0cb1c5 0.863s
2025-02-14 11:28:51.429 63510 INFO tempest.lib.common.rest_client [req-8151cc4f-4fd0-4bc9-8e74-fcfdaa5246ed req-8151cc4f-4fd0-4bc9-8e74-fcfdaa5246ed ] Request (SecurityGroupsNegativeTestJSON:tearDownClass): 204 DELETE http://10.180.1.21:9696/networking/v2.0/routers/3f509e40-9306-411c-879a-740374e0ad10 0.587s
2025-02-14 11:28:51.450 63494 INFO tempest.lib.common.rest_client [req-ce0dedd8-5f53-4069-8f02-6be097fbb07b req-ce0dedd8-5f53-4069-8f02-6be097fbb07b ] Request (ServerShowV257Test:tearDownClass): 200 GET http://10.180.1.21/compute/v2.1/servers/6cafce31-1c08-442a-bc6c-d6b3845709ae 0.545s
2025-02-14 11:28:51.474 63491 INFO tempest.lib.common.rest_client [req-98514d68-66ac-4364-b73d-c71dd484cf94 req-98514d68-66ac-4364-b73d-c71dd484cf94 ] Request (ListImageFiltersNegativeTestJSON:test_get_nonexistent_image): 404 GET http://10.180.1.21/compute/v2.1/images/99f58294-d2e4-494f-b623-58aa915972e2 0.550s
2025-02-14 11:28:51.499 63472 INFO tempest.lib.common.rest_client [req-0fd66d41-0a2a-4194-9725-1cd186277280 req-0fd66d41-0a2a-4194-9725-1cd186277280 ] Request (ServerActionsTestOtherA:setUpClass): 200 GET http://10.180.1.21/compute/v2.1/servers/3a6ab83d-4480-4b00-8ed6-5f96402b3bf5 0.530s
2025-02-14 11:28:51.531 63484 INFO tempest.lib.common.rest_client [req-2f390cbb-5565-474d-9dcf-7918c89495d3 req-2f390cbb-5565-474d-9dcf-7918c89495d3 ] Request (ServerAddressesTestJSON:setUpClass): 200 GET http://10.180.1.21/compute/v2.1/servers/7ce245ef-0fab-41af-988a-bc856e67380b 0.506s
2025-02-14 11:28:51.555 63510 INFO tempest.lib.common.rest_client [req-19e39f0f-4905-4e67-86be-f89b80dbc8c2 req-19e39f0f-4905-4e67-86be-f89b80dbc8c2 ] Request (SecurityGroupsNegativeTestJSON:tearDownClass): 204 DELETE http://10.180.1.21:9696/networking/v2.0/subnets/45e3c216-8521-4a82-b3f9-218781d78c53 0.125s
2025-02-14 11:28:51.571 63508 INFO tempest.lib.common.rest_client [req-44dc6821-c4f9-4f47-83cb-f57f7af099c4 req-44dc6821-c4f9-4f47-83cb-f57f7af099c4 ] Request (ServerExternalEventsTest:tearDownClass): 200 GET http://10.180.1.21/compute/v2.1/servers/34bcec9d-1057-4f3f-8ad9-4045294cb447 0.485s
2025-02-14 11:28:51.603 63514 INFO tempest.lib.common.rest_client [req-6184d372-3888-4b4d-afd8-9239cb24ce41 req-6184d372-3888-4b4d-afd8-9239cb24ce41 ] Request (ServerShowV254Test:tearDownClass): 200 GET http://10.180.1.21/compute/v2.1/servers/a33eaa0c-dd76-48c4-908d-6496cf14be98 0.456s
2025-02-14 11:28:51.626 63491 INFO tempest.lib.common.rest_client [req-ed23c581-9223-401d-8356-621646a193f9 req-ed23c581-9223-401d-8356-621646a193f9 ] Request (ListImageFiltersNegativeTestJSON:tearDownClass): 204 DELETE http://10.180.1.21/identity/v3/users/79a59ab726054af08bdcb000f2361491 0.146s
2025-02-14 11:28:51.626 63491 INFO tempest.lib.common.dynamic_creds [-] Deleting project and security group for project: cb0e99b23fca4b2c92b870ec78aae099
2025-02-14 11:28:51.645 63513 INFO tempest.lib.common.rest_client [req-76903b68-ddf7-4527-9d53-47dbd7c648fd req-76903b68-ddf7-4527-9d53-47dbd7c648fd ] Request (ImagesTestJSON:test_create_image_from_suspended_server): 200 GET http://10.180.1.21/compute/v2.1/servers/ac149eca-36f6-4a52-a57b-88f8970e4159 0.452s
2025-02-14 11:28:51.665 63466 INFO tempest.lib.common.rest_client [req-f8517d18-9427-4c5c-9c33-fb2cc1afdde3 req-f8517d18-9427-4c5c-9c33-fb2cc1afdde3 ] Request (ServersTestMultiNic:test_verify_multiple_nics_order): 200 GET http://10.180.1.21/compute/v2.1/servers/b82c868d-7858-46aa-aae6-c563d91686ab 0.416s
2025-02-14 11:28:51.698 63491 INFO tempest.lib.common.rest_client [req-36c74b4b-6378-4710-badc-014472ed6c25 req-36c74b4b-6378-4710-badc-014472ed6c25 ] Request (ListImageFiltersNegativeTestJSON:tearDownClass): 201 POST http://10.180.1.21/identity/v3/auth/tokens 0.071s
2025-02-14 11:28:51.715 63474 INFO tempest.lib.common.rest_client [req-9060027e-5712-4251-be2e-aab56ece2026 req-9060027e-5712-4251-be2e-aab56ece2026 ] Request (InstanceActionsNegativeTestJSON:tearDownClass): 200 GET http://10.180.1.21/compute/v2.1/servers/57c2cd54-7ac2-4cdc-9ad2-29967042ffd8 0.441s
2025-02-14 11:28:51.721 63510 INFO tempest.lib.common.rest_client [req-7dab8ebd-4272-460e-be34-2f7cd75d8c79 req-7dab8ebd-4272-460e-be34-2f7cd75d8c79 ] Request (SecurityGroupsNegativeTestJSON:tearDownClass): 204 DELETE http://10.180.1.21:9696/networking/v2.0/networks/4afd6457-ac2e-4d28-aa34-4bf1a0699961 0.166s
2025-02-14 11:28:51.780 63492 INFO tempest.lib.common.rest_client [req-5ffd2947-3b16-4b12-a414-6ea5b38a4ed3 req-5ffd2947-3b16-4b12-a414-6ea5b38a4ed3 ] Request (ListImageFiltersTestJSON:setUpClass): 200 GET http://10.180.1.21/compute/v2.1/servers/d721b901-e551-4ca3-96bb-c6e27034f55c 0.439s
2025-02-14 11:28:51.791 63510 INFO tempest.lib.common.rest_client [req-70d7274d-f2f7-4907-ae6c-0f9788d0e5b3 req-70d7274d-f2f7-4907-ae6c-0f9788d0e5b3 ] Request (SecurityGroupsNegativeTestJSON:tearDownClass): 204 DELETE http://10.180.1.21/identity/v3/users/7ac91992538246ecaf6f51bab7567ff6 0.069s
2025-02-14 11:28:51.792 63510 INFO tempest.lib.common.dynamic_creds [-] Deleting project and security group for project: 483a1314f42d4896b6f2320652e754ed
2025-02-14 11:28:51.829 63510 INFO tempest.lib.common.rest_client [req-0260c7e8-5152-47c5-9352-0a6768225df6 req-0260c7e8-5152-47c5-9352-0a6768225df6 ] Request (SecurityGroupsNegativeTestJSON:tearDownClass): 200 GET http://10.180.1.21:9696/networking/v2.0/security-groups?tenant_id=483a1314f42d4896b6f2320652e754ed&name=default 0.037s
2025-02-14 11:28:51.964 63502 INFO tempest.lib.common.rest_client [req-0d336d82-1815-4850-899e-9c63604deb59 req-0d336d82-1815-4850-899e-9c63604deb59 ] Request (ImagesOneServerNegativeTestJSON:tearDown): 200 GET http://10.180.1.21/compute/v2.1/servers/6e4c5db2-de4e-4ad3-ba3f-93ab58bf6488 0.609s
2025-02-14 11:28:51.990 63458 INFO tempest.lib.common.rest_client [req-06a84b6e-230c-4074-b09c-f1b968b9a58a req-06a84b6e-230c-4074-b09c-f1b968b9a58a ] Request (ListServerFiltersTestJSON:setUpClass): 202 POST http://10.180.1.21/compute/v2.1/servers 0.657s
2025-02-14 11:28:52.034 63496 INFO tempest.lib.common.rest_client [req-8111893c-a7a2-44d8-afbe-2b040bca1fc8 req-8111893c-a7a2-44d8-afbe-2b040bca1fc8 ] Request (ServerActionsTestOtherB:setUpClass): 200 GET http://10.180.1.21/compute/v2.1/servers/edd39829-7fbc-4f66-813a-b1efd6197163 0.635s
2025-02-14 11:28:52.058 63458 INFO tempest.lib.common.rest_client [req-6b0006b3-027b-4854-9612-958b5fbaa80e req-6b0006b3-027b-4854-9612-958b5fbaa80e ] Request (ListServerFiltersTestJSON:setUpClass): 201 POST http://10.180.1.21/identity/v3/auth/tokens 0.064s
2025-02-14 11:28:52.058 63458 INFO tempest.lib.common.fixed_network [-] (ListServerFiltersTestJSON:setUpClass) Found network {'id': '6a582584-9e01-49cb-82f0-763166e7cbbe', 'name': 'tempest-ListServerFiltersTestJSON-1229647725-network', 'tenant_id': 'e16e7f7480104f378cfa8633babde322', 'admin_state_up': True, 'mtu': 8950, 'status': 'ACTIVE', 'subnets': [], 'shared': False, 'project_id': 'e16e7f7480104f378cfa8633babde322', 'port_security_enabled': True, 'router:external': False, 'provider:network_type': 'vlan', 'provider:physical_network': 'default', 'provider:segmentation_id': 881, 'availability_zone_hints': [], 'availability_zones': [], 'ipv4_address_scope': None, 'ipv6_address_scope': None, 'description': '', 'tags': [], 'created_at': '2025-02-14T11:28:49Z', 'updated_at': '2025-02-14T11:28:49Z', 'revision_number': 1} available for tenant
2025-02-14 11:28:52.092 63486 INFO tempest.lib.common.rest_client [req-e023c136-cc3c-4582-9262-d16f2905ffb7 req-e023c136-cc3c-4582-9262-d16f2905ffb7 ] Request (ServerRescueTestJSON:setUpClass): 200 GET http://10.180.1.21/compute/v2.1/servers/8a2be843-34fa-42c4-be53-ad595c485a92 0.629s
2025-02-14 11:28:52.111 63491 INFO tempest.lib.common.rest_client [req-60aa1a19-101b-473e-b813-d1f4d96daf88 req-60aa1a19-101b-473e-b813-d1f4d96daf88 ] Request (ListImageFiltersNegativeTestJSON:tearDownClass): 200 GET http://10.180.1.21:9696/networking/v2.0/security-groups?tenant_id=cb0e99b23fca4b2c92b870ec78aae099&name=default 0.413s
2025-02-14 11:28:52.142 63460 INFO tempest.lib.common.rest_client [req-10380233-1e63-4290-9879-510d8e4a7ac9 req-10380233-1e63-4290-9879-510d8e4a7ac9 ] Request (MigrationsAdminTest:test_list_migrations_in_flavor_resize_situation): 200 GET http://10.180.1.21/compute/v2.1/servers/035853df-2910-4a07-a5c6-2f42b2ca01da 0.738s
2025-02-14 11:28:52.149 63468 INFO tempest.lib.common.rest_client [req-fd60f26a-e3b0-4718-8258-265e79478df8 req-fd60f26a-e3b0-4718-8258-265e79478df8 ] Request (ServerDiskConfigTestJSON:test_rebuild_server_with_auto_disk_config): 200 GET http://10.180.1.21/compute/v2.1/servers/e92be754-1aa3-44b3-a163-08c250b6adf9 0.687s
2025-02-14 11:28:52.156 63510 INFO tempest.lib.common.rest_client [req-2f63fe82-8bf4-4e07-8570-6b9e61fac1e4 req-2f63fe82-8bf4-4e07-8570-6b9e61fac1e4 ] Request (SecurityGroupsNegativeTestJSON:tearDownClass): 204 DELETE http://10.180.1.21:9696/networking/v2.0/security-groups/bf53418b-73e0-4453-8468-1cba69f671dc 0.326s
2025-02-14 11:28:52.196 63491 INFO tempest.lib.common.rest_client [req-c03d53bc-f788-4293-976c-4f7a25426d03 req-c03d53bc-f788-4293-976c-4f7a25426d03 ] Request (ListImageFiltersNegativeTestJSON:tearDownClass): 204 DELETE http://10.180.1.21:9696/networking/v2.0/security-groups/643bd642-986a-428a-976a-9c4b94dc5d31 0.085s
2025-02-14 11:28:52.205 63470 INFO tempest.lib.common.rest_client [req-4f039b75-3ac7-4a8e-9e4b-32e109ec6307 req-4f039b75-3ac7-4a8e-9e4b-32e109ec6307 ] Request (ServersAdminTestJSON:setUpClass): 200 GET http://10.180.1.21/compute/v2.1/servers/26d29119-2b0e-41c9-9ea4-b9a508e657d2 0.654s
2025-02-14 11:28:52.205 63520 INFO tempest.lib.common.rest_client [req-1b61e0af-4414-42d0-ba90-2d409046f1a8 req-1b61e0af-4414-42d0-ba90-2d409046f1a8 ] Request (FloatingIPsAssociationNegativeTestJSON:setUpClass): 200 GET http://10.180.1.21/compute/v2.1/servers/3d178e52-534b-4980-bc4b-0973d55b0642 0.690s
2025-02-14 11:28:52.252 63510 INFO tempest.lib.common.rest_client [req-a93dd9a5-a3d6-4658-b21f-7c4d1afb0e48 req-a93dd9a5-a3d6-4658-b21f-7c4d1afb0e48 ] Request (SecurityGroupsNegativeTestJSON:tearDownClass): 204 DELETE http://10.180.1.21/identity/v3/projects/483a1314f42d4896b6f2320652e754ed 0.096s
2025-02-14 11:28:52.253 63491 INFO tempest.lib.common.rest_client [req-2a22fbae-5779-4e9b-9c52-13f3bf6e6cc6 req-2a22fbae-5779-4e9b-9c52-13f3bf6e6cc6 ] Request (ListImageFiltersNegativeTestJSON:tearDownClass): 204 DELETE http://10.180.1.21/identity/v3/projects/cb0e99b23fca4b2c92b870ec78aae099 0.057s
2025-02-14 11:28:52.277 63516 INFO tempest.lib.common.rest_client [req-6ae967db-da85-48ab-bd69-71c4bf28d2e8 req-6ae967db-da85-48ab-bd69-71c4bf28d2e8 ] Request (DeleteServersAdminTestJSON:test_delete_server_while_in_error_state): 200 GET http://10.180.1.21/compute/v2.1/servers/e0255bdd-6582-41b7-8f6d-bbef90903f05 0.686s
2025-02-14 11:28:52.281 63504 INFO tempest.lib.common.rest_client [req-ba2d0f7c-dcbd-46d0-a88e-286f45f84b68 req-ba2d0f7c-dcbd-46d0-a88e-286f45f84b68 ] Request (AttachInterfacesV270Test:tearDownClass): 200 GET http://10.180.1.21/compute/v2.1/servers/8d68db99-e49e-43b3-ba0e-c4c11e1f6fdb 0.659s
2025-02-14 11:28:52.325 63510 INFO tempest.lib.common.rest_client [req-23c710a0-a0a7-4cb9-b152-9b6e7506e43b req-23c710a0-a0a7-4cb9-b152-9b6e7506e43b ] Request (ComputeTenantNetworksTest:setUpClass): 201 POST http://10.180.1.21/identity/v3/auth/tokens 0.070s
2025-02-14 11:28:52.333 63476 INFO tempest.lib.common.rest_client [req-b89f4740-5399-4a8c-ad94-a474cfb6df71 req-b89f4740-5399-4a8c-ad94-a474cfb6df71 ] Request (ServerMetadataNegativeTestJSON:setUpClass): 200 GET http://10.180.1.21/compute/v2.1/servers/b1f7f686-6345-42ac-8227-f1a176e0d437 0.656s
2025-02-14 11:28:52.345 63482 INFO tempest.lib.common.rest_client [req-82b4e8db-ae06-4e56-bedf-0f8d93fb555e req-82b4e8db-ae06-4e56-bedf-0f8d93fb555e ] Request (ServerActionsV293TestJSON:setUpClass): 200 GET http://10.180.1.21/compute/v2.1/servers/29b407c9-b341-4009-9d0d-f6dad4eefa95 0.656s
2025-02-14 11:28:52.353 63478 WARNING tempest.lib.common.ssh [-] Failed to establish authenticated ssh connection to cirros@10.180.180.252 ([Errno None] Unable to connect to port 22 on 10.180.180.252). Number attempts: 3. Retry after 4 seconds.: paramiko.ssh_exception.NoValidConnectionsError: [Errno None] Unable to connect to port 22 on 10.180.180.252
2025-02-14 11:28:52.356 63510 INFO tempest.lib.common.rest_client [req-e04eeb53-69c3-4a3f-87ac-450a15f35adb req-e04eeb53-69c3-4a3f-87ac-450a15f35adb ] Request (ComputeTenantNetworksTest:setUpClass): 201 POST http://10.180.1.21/identity/v3/auth/tokens 0.029s
2025-02-14 11:28:52.387 63510 INFO tempest.lib.common.rest_client [req-04a98c65-c585-4bb3-802c-9fa90bfc9f59 req-04a98c65-c585-4bb3-802c-9fa90bfc9f59 ] Request (ComputeTenantNetworksTest:setUpClass): 200 GET http://10.180.1.21/identity/v3/domains?name=Default 0.030s
2025-02-14 11:28:52.428 63510 INFO tempest.lib.common.rest_client [req-4cbaa57c-6362-4900-8426-ee51a7303744 req-4cbaa57c-6362-4900-8426-ee51a7303744 ] Request (ComputeTenantNetworksTest:setUpClass): 201 POST http://10.180.1.21/identity/v3/projects 0.040s
2025-02-14 11:28:52.471 63498 INFO tempest.lib.common.rest_client [req-9438318a-7412-4fea-9338-bc7b0b76beb5 req-9438318a-7412-4fea-9338-bc7b0b76beb5 ] Request (FloatingIPsAssociationTestJSON:setUpClass): 200 GET http://10.180.1.21/compute/v2.1/servers/a6f3cd92-f6a3-4748-a052-d9b124ce5876 0.677s
2025-02-14 11:28:52.478 63480 INFO tempest.lib.common.rest_client [req-66fbe571-a721-4ffc-a053-417fbc026f50 req-66fbe571-a721-4ffc-a053-417fbc026f50 ] Request (AttachInterfacesUnderV243Test:test_add_remove_fixed_ip): 200 GET http://10.180.1.21/compute/v2.1/servers/57766422-1249-4ac4-8dcd-736cf0325556 0.480s
2025-02-14 11:28:52.478 63498 INFO tempest.common.waiters [-] State transition "BUILD/spawning" ==> "ACTIVE/None" after 36 second wait
2025-02-14 11:28:52.491 63510 INFO tempest.lib.common.rest_client [req-680bc8e5-a146-48d8-b9b5-64a415b7e5ef req-680bc8e5-a146-48d8-b9b5-64a415b7e5ef ] Request (ComputeTenantNetworksTest:setUpClass): 201 POST http://10.180.1.21/identity/v3/users 0.063s
2025-02-14 11:28:52.518 63510 INFO tempest.lib.common.rest_client [req-79748d60-9fa6-43da-8ef2-122af0f34c4a req-79748d60-9fa6-43da-8ef2-122af0f34c4a ] Request (ComputeTenantNetworksTest:setUpClass): 200 GET http://10.180.1.21/identity/v3/roles 0.026s
2025-02-14 11:28:52.526 63506 INFO tempest.lib.common.rest_client [req-69ff276f-70ee-4d91-8dd9-1c5e34c164e4 req-69ff276f-70ee-4d91-8dd9-1c5e34c164e4 ] Request (ServersTestBootFromVolume:setUpClass): 200 GET http://10.180.1.21/compute/v2.1/servers/b313f565-8c01-497c-9f95-858319cfea1f 0.418s
2025-02-14 11:28:52.536 63506 INFO tempest.common.waiters [-] State transition "BUILD/None" ==> "BUILD/networking" after 34 second wait
2025-02-14 11:28:52.545 63510 INFO tempest.lib.common.rest_client [req-e17a46b2-ed97-4fcd-9091-2379e6621b8b req-e17a46b2-ed97-4fcd-9091-2379e6621b8b ] Request (ComputeTenantNetworksTest:setUpClass): 204 PUT http://10.180.1.21/identity/v3/projects/da78fe7a1a0a4d0f91c1a66396de94a1/users/8efcaf6a44b54130ba90326ad88ae4ef/roles/99869777cc7f42eabe01050340c47050 0.026s
2025-02-14 11:28:52.545 63510 INFO tempest.lib.common.dynamic_creds [-] Dynamic test user 8efcaf6a44b54130ba90326ad88ae4ef is created with scope project and roles: ['member']
2025-02-14 11:28:52.546 63510 INFO tempest.lib.common.dynamic_creds [-] Acquired dynamic creds: credentials: Credentials: {'domain_id': 'default', 'domain_name': 'Default', 'username': 'tempest-ComputeTenantNetworksTest-626228898-project-member', 'project_domain_id': 'default', 'project_domain_name': 'Default', 'project_id': 'da78fe7a1a0a4d0f91c1a66396de94a1', 'project_name': 'tempest-ComputeTenantNetworksTest-626228898', 'tenant_id': 'da78fe7a1a0a4d0f91c1a66396de94a1', 'tenant_name': 'tempest-ComputeTenantNetworksTest-626228898', 'user_domain_id': 'default', 'user_domain_name': 'Default', 'user_id': '8efcaf6a44b54130ba90326ad88ae4ef', 'system': None}, Network: None, Subnet: None, Router: None
2025-02-14 11:28:52.608 63510 INFO tempest.lib.common.rest_client [req-6db55b96-48a9-464f-9a3d-c4393af527da req-6db55b96-48a9-464f-9a3d-c4393af527da ] Request (ComputeTenantNetworksTest:setUpClass): 201 POST http://10.180.1.21/identity/v3/auth/tokens 0.062s
2025-02-14 11:28:52.648 63462 INFO tempest.lib.common.rest_client [req-b0b2b9f0-d2f6-4ca4-9497-abcfedc797c4 req-b0b2b9f0-d2f6-4ca4-9497-abcfedc797c4 ] Request (ImagesNegativeTestJSON:test_create_image_from_deleted_server): 200 GET http://10.180.1.21/compute/v2.1/servers/1dc24ed2-965a-4a54-aec2-f41a9ce9e6ee 0.404s
2025-02-14 11:28:52.705 63519 INFO tempest.lib.common.rest_client [req-f4c1194c-6dd3-45c4-8e1a-8e186c6091da req-f4c1194c-6dd3-45c4-8e1a-8e186c6091da ] Request (TenantUsagesTestJSON:tearDownClass): 200 GET http://10.180.1.21/compute/v2.1/servers/dbc4106c-3d37-4fad-9ea5-0367c19ac456 0.385s
2025-02-14 11:28:52.763 63458 INFO tempest.lib.common.rest_client [req-3df87ce2-1319-4a77-a9aa-8a8256d2743c req-3df87ce2-1319-4a77-a9aa-8a8256d2743c ] Request (ListServerFiltersTestJSON:setUpClass): 202 POST http://10.180.1.21/compute/v2.1/servers 0.704s
2025-02-14 11:28:52.766 63488 INFO tempest.lib.common.rest_client [req-f386e506-9886-4e4f-b1f8-01a2294e7ced req-f386e506-9886-4e4f-b1f8-01a2294e7ced ] Request (ServersAdmin275Test:tearDownClass): 200 GET http://10.180.1.21/compute/v2.1/servers/b439c92e-9cf0-4d22-ae41-c2449c0cb1c5 0.367s
2025-02-14 11:28:52.835 63494 INFO tempest.lib.common.rest_client [req-d671a952-44fe-4e1a-a136-a18146d22a34 req-d671a952-44fe-4e1a-a136-a18146d22a34 ] Request (ServerShowV257Test:tearDownClass): 200 GET http://10.180.1.21/compute/v2.1/servers/6cafce31-1c08-442a-bc6c-d6b3845709ae 0.372s
2025-02-14 11:28:52.846 63510 INFO tempest.lib.common.rest_client [req-1b85d070-8900-4a89-8898-7c1ea6d2cef0 req-1b85d070-8900-4a89-8898-7c1ea6d2cef0 ] Request (ComputeTenantNetworksTest:setUpClass): 201 POST http://10.180.1.21:9696/networking/v2.0/networks 0.237s
2025-02-14 11:28:52.846 63510 INFO tempest.lib.common.dynamic_creds [-] Created isolated network resources for: credentials: Credentials: {'domain_id': 'default', 'domain_name': 'Default', 'username': 'tempest-ComputeTenantNetworksTest-626228898-project-member', 'project_domain_id': 'default', 'project_domain_name': 'Default', 'project_id': 'da78fe7a1a0a4d0f91c1a66396de94a1', 'project_name': 'tempest-ComputeTenantNetworksTest-626228898', 'tenant_id': 'da78fe7a1a0a4d0f91c1a66396de94a1', 'tenant_name': 'tempest-ComputeTenantNetworksTest-626228898', 'user_domain_id': 'default', 'user_domain_name': 'Default', 'user_id': '8efcaf6a44b54130ba90326ad88ae4ef', 'system': None}, Network: {'id': '98d58c3b-5f8a-42ba-9be2-0fb25e2c55ff', 'name': 'tempest-ComputeTenantNetworksTest-1292997362-network', 'tenant_id': 'da78fe7a1a0a4d0f91c1a66396de94a1', 'admin_state_up': True, 'mtu': 8950, 'status': 'ACTIVE', 'subnets': [], 'shared': False, 'project_id': 'da78fe7a1a0a4d0f91c1a66396de94a1', 'port_security_enabled': True, 'router:external': False, 'provider:network_type': 'vlan', 'provider:physical_network': 'default', 'provider:segmentation_id': 503, 'availability_zone_hints': [], 'availability_zones': [], 'ipv4_address_scope': None, 'ipv6_address_scope': None, 'description': '', 'tags': [], 'created_at': '2025-02-14T11:28:52Z', 'updated_at': '2025-02-14T11:28:52Z', 'revision_number': 1}, Subnet: None, Router: None
2025-02-14 11:28:52.891 63472 INFO tempest.lib.common.rest_client [req-f3828cd8-d58f-47ec-8554-7fbc05ffea37 req-f3828cd8-d58f-47ec-8554-7fbc05ffea37 ] Request (ServerActionsTestOtherA:setUpClass): 200 GET http://10.180.1.21/compute/v2.1/servers/3a6ab83d-4480-4b00-8ed6-5f96402b3bf5 0.383s
2025-02-14 11:28:52.946 63510 INFO tempest.lib.common.rest_client [req-c1120084-c2f4-46d3-9b02-fa3a641c5834 req-c1120084-c2f4-46d3-9b02-fa3a641c5834 ] Request (ComputeTenantNetworksTest:setUpClass): 201 POST http://10.180.1.21/identity/v3/auth/tokens 0.095s
2025-02-14 11:28:52.952 63484 INFO tempest.lib.common.rest_client [req-8d0ef17d-d0da-497a-aa06-dbf837dd48f5 req-8d0ef17d-d0da-497a-aa06-dbf837dd48f5 ] Request (ServerAddressesTestJSON:setUpClass): 200 GET http://10.180.1.21/compute/v2.1/servers/7ce245ef-0fab-41af-988a-bc856e67380b 0.410s
2025-02-14 11:28:52.988 63510 INFO tempest.lib.common.rest_client [req-6825ffff-3432-4b66-939d-33d531737909 req-6825ffff-3432-4b66-939d-33d531737909 ] Request (ComputeTenantNetworksTest:setUpClass): 201 POST http://10.180.1.21/identity/v3/auth/tokens 0.038s
2025-02-14 11:28:52.989 63510 INFO tempest.lib.common.fixed_network [-] (ComputeTenantNetworksTest:setUpClass) Found network {'id': '98d58c3b-5f8a-42ba-9be2-0fb25e2c55ff', 'name': 'tempest-ComputeTenantNetworksTest-1292997362-network', 'tenant_id': 'da78fe7a1a0a4d0f91c1a66396de94a1', 'admin_state_up': True, 'mtu': 8950, 'status': 'ACTIVE', 'subnets': [], 'shared': False, 'project_id': 'da78fe7a1a0a4d0f91c1a66396de94a1', 'port_security_enabled': True, 'router:external': False, 'provider:network_type': 'vlan', 'provider:physical_network': 'default', 'provider:segmentation_id': 503, 'availability_zone_hints': [], 'availability_zones': [], 'ipv4_address_scope': None, 'ipv6_address_scope': None, 'description': '', 'tags': [], 'created_at': '2025-02-14T11:28:52Z', 'updated_at': '2025-02-14T11:28:52Z', 'revision_number': 1} available for tenant
2025-02-14 11:28:53.043 63508 INFO tempest.lib.common.rest_client [req-7ea8d9c3-a56e-40d8-937a-52201e7f3514 req-7ea8d9c3-a56e-40d8-937a-52201e7f3514 ] Request (ServerExternalEventsTest:tearDownClass): 200 GET http://10.180.1.21/compute/v2.1/servers/34bcec9d-1057-4f3f-8ad9-4045294cb447 0.461s
2025-02-14 11:28:53.055 63464 WARNING tempest.lib.common.ssh [-] Failed to establish authenticated ssh connection to cirros@10.180.180.188 ([Errno None] Unable to connect to port 22 on 10.180.180.188). Number attempts: 5. Retry after 6 seconds.: paramiko.ssh_exception.NoValidConnectionsError: [Errno None] Unable to connect to port 22 on 10.180.180.188
2025-02-14 11:28:53.107 63514 INFO tempest.lib.common.rest_client [req-02b7ac02-0f73-4284-bc0a-c6ec47cdf027 req-02b7ac02-0f73-4284-bc0a-c6ec47cdf027 ] Request (ServerShowV254Test:tearDownClass): 200 GET http://10.180.1.21/compute/v2.1/servers/a33eaa0c-dd76-48c4-908d-6496cf14be98 0.491s
2025-02-14 11:28:53.116 63514 INFO tempest.common.waiters [-] State transition "ACTIVE/deleting" ==> "DELETED/None" after 5 second wait
2025-02-14 11:28:53.156 63513 INFO tempest.lib.common.rest_client [req-929fd796-5e54-479d-a8b9-4fdc57af1425 req-929fd796-5e54-479d-a8b9-4fdc57af1425 ] Request (ImagesTestJSON:test_create_image_from_suspended_server): 200 GET http://10.180.1.21/compute/v2.1/servers/ac149eca-36f6-4a52-a57b-88f8970e4159 0.499s
2025-02-14 11:28:53.208 63466 INFO tempest.lib.common.rest_client [req-1d705d07-02b5-4c32-b8cd-0867186f28ca req-1d705d07-02b5-4c32-b8cd-0867186f28ca ] Request (ServersTestMultiNic:test_verify_multiple_nics_order): 200 GET http://10.180.1.21/compute/v2.1/servers/b82c868d-7858-46aa-aae6-c563d91686ab 0.529s
2025-02-14 11:28:53.265 63474 INFO tempest.lib.common.rest_client [req-0bc6ef21-6ac0-4739-9b0d-4a68b3443a5f req-0bc6ef21-6ac0-4739-9b0d-4a68b3443a5f ] Request (InstanceActionsNegativeTestJSON:tearDownClass): 200 GET http://10.180.1.21/compute/v2.1/servers/57c2cd54-7ac2-4cdc-9ad2-29967042ffd8 0.541s
2025-02-14 11:28:53.316 63458 INFO tempest.lib.common.rest_client [req-95e3936e-e998-485d-bc16-6c786ab058f5 req-95e3936e-e998-485d-bc16-6c786ab058f5 ] Request (ListServerFiltersTestJSON:setUpClass): 200 GET http://10.180.1.21/compute/v2.1/servers/a4984a5e-e8f5-4c0d-bf88-0ff34505a515 0.551s
2025-02-14 11:28:53.369 63492 INFO tempest.lib.common.rest_client [req-1c1324f2-af88-4b17-9e85-154c12df6db5 req-1c1324f2-af88-4b17-9e85-154c12df6db5 ] Request (ListImageFiltersTestJSON:setUpClass): 200 GET http://10.180.1.21/compute/v2.1/servers/d721b901-e551-4ca3-96bb-c6e27034f55c 0.577s
2025-02-14 11:28:53.374 63498 INFO tempest.lib.common.rest_client [req-62dd807b-2914-454c-aed5-208cccd3e619 req-62dd807b-2914-454c-aed5-208cccd3e619 ] Request (FloatingIPsAssociationTestJSON:setUpClass): 200 POST http://10.180.1.21/compute/v2.1/os-floating-ips 0.895s
2025-02-14 11:28:53.447 63498 INFO tempest.lib.common.rest_client [req-715cbb65-63f9-4d2c-ab6d-54746f7f84a9 req-715cbb65-63f9-4d2c-ab6d-54746f7f84a9 ] Request (FloatingIPsAssociationTestJSON:test_associate_already_associated_floating_ip): 201 POST http://10.180.1.21/identity/v3/auth/tokens 0.067s
2025-02-14 11:28:53.447 63498 INFO tempest.lib.common.fixed_network [-] (FloatingIPsAssociationTestJSON:test_associate_already_associated_floating_ip) Found network {'id': '1830ad41-d813-41bd-be87-2450c6a994a2', 'name': 'tempest-FloatingIPsAssociationTestJSON-1817135036-network', 'tenant_id': '78dbce3df59c446d81317a58eddde06e', 'admin_state_up': True, 'mtu': 8950, 'status': 'ACTIVE', 'subnets': [], 'shared': False, 'project_id': '78dbce3df59c446d81317a58eddde06e', 'port_security_enabled': True, 'router:external': False, 'provider:network_type': 'vlan', 'provider:physical_network': 'default', 'provider:segmentation_id': 277, 'availability_zone_hints': [], 'availability_zones': [], 'ipv4_address_scope': None, 'ipv6_address_scope': None, 'description': '', 'tags': [], 'created_at': '2025-02-14T11:28:00Z', 'updated_at': '2025-02-14T11:28:00Z', 'revision_number': 1} available for tenant
2025-02-14 11:28:53.730 63510 INFO tempest.lib.common.rest_client [req-050d10e5-7a0a-428e-aad7-1cc55eadea0f req-050d10e5-7a0a-428e-aad7-1cc55eadea0f ] Request (ComputeTenantNetworksTest:test_list_show_tenant_networks): 200 GET http://10.180.1.21/compute/v2.1/os-tenant-networks 0.740s
2025-02-14 11:28:53.742 63502 INFO tempest.lib.common.rest_client [req-ed17b276-c4ea-4390-980e-a1a613a4447a req-ed17b276-c4ea-4390-980e-a1a613a4447a ] Request (ImagesOneServerNegativeTestJSON:tearDown): 200 GET http://10.180.1.21/compute/v2.1/servers/6e4c5db2-de4e-4ad3-ba3f-93ab58bf6488 0.766s
2025-02-14 11:28:53.749 63502 INFO tempest.common.waiters [-] State transition "ACTIVE/image_pending_upload" ==> "ACTIVE/image_uploading" after 2 second wait
2025-02-14 11:28:53.795 63496 INFO tempest.lib.common.rest_client [req-4269c2cf-39c1-447b-bb1f-24379226173a req-4269c2cf-39c1-447b-bb1f-24379226173a ] Request (ServerActionsTestOtherB:setUpClass): 200 GET http://10.180.1.21/compute/v2.1/servers/edd39829-7fbc-4f66-813a-b1efd6197163 0.753s
2025-02-14 11:28:53.804 63486 INFO tempest.lib.common.rest_client [req-fe5a8fae-d824-4a1f-a328-c6677baf8107 req-fe5a8fae-d824-4a1f-a328-c6677baf8107 ] Request (ServerRescueTestJSON:setUpClass): 200 GET http://10.180.1.21/compute/v2.1/servers/8a2be843-34fa-42c4-be53-ad595c485a92 0.700s
2025-02-14 11:28:53.824 63500 WARNING tempest.lib.common.ssh [-] Failed to establish authenticated ssh connection to cirros@10.180.180.170 ([Errno None] Unable to connect to port 22 on 10.180.180.170). Number attempts: 5. Retry after 6 seconds.: paramiko.ssh_exception.NoValidConnectionsError: [Errno None] Unable to connect to port 22 on 10.180.180.170
2025-02-14 11:28:53.859 63468 INFO tempest.lib.common.rest_client [req-e49eaeca-4117-46e0-bdce-08be91669182 req-e49eaeca-4117-46e0-bdce-08be91669182 ] Request (ServerDiskConfigTestJSON:test_rebuild_server_with_auto_disk_config): 200 GET http://10.180.1.21/compute/v2.1/servers/e92be754-1aa3-44b3-a163-08c250b6adf9 0.702s
2025-02-14 11:28:53.911 63520 INFO tempest.lib.common.rest_client [req-45589ec3-ccc6-451f-8bd3-d93904591a3b req-45589ec3-ccc6-451f-8bd3-d93904591a3b ] Request (FloatingIPsAssociationNegativeTestJSON:setUpClass): 200 GET http://10.180.1.21/compute/v2.1/servers/3d178e52-534b-4980-bc4b-0973d55b0642 0.698s
2025-02-14 11:28:53.931 63460 INFO tempest.lib.common.rest_client [req-ffb4c585-b8c6-4e2e-8eb1-35312aeb696f req-ffb4c585-b8c6-4e2e-8eb1-35312aeb696f ] Request (MigrationsAdminTest:test_list_migrations_in_flavor_resize_situation): 200 GET http://10.180.1.21/compute/v2.1/servers/035853df-2910-4a07-a5c6-2f42b2ca01da 0.776s
2025-02-14 11:28:53.974 63470 INFO tempest.lib.common.rest_client [req-484226b6-aaeb-4088-afac-0bcf2b9199dc req-484226b6-aaeb-4088-afac-0bcf2b9199dc ] Request (ServersAdminTestJSON:setUpClass): 200 GET http://10.180.1.21/compute/v2.1/servers/26d29119-2b0e-41c9-9ea4-b9a508e657d2 0.758s
2025-02-14 11:28:53.997 63516 INFO tempest.lib.common.rest_client [req-d910541c-1774-4d1a-90b7-e998affed9e1 req-d910541c-1774-4d1a-90b7-e998affed9e1 ] Request (DeleteServersAdminTestJSON:test_delete_server_while_in_error_state): 200 GET http://10.180.1.21/compute/v2.1/servers/e0255bdd-6582-41b7-8f6d-bbef90903f05 0.710s
2025-02-14 11:28:54.044 63504 INFO tempest.lib.common.rest_client [req-5011a40e-f07a-4ff1-9e87-e70c43855ed5 req-5011a40e-f07a-4ff1-9e87-e70c43855ed5 ] Request (AttachInterfacesV270Test:tearDownClass): 200 GET http://10.180.1.21/compute/v2.1/servers/8d68db99-e49e-43b3-ba0e-c4c11e1f6fdb 0.753s
2025-02-14 11:28:54.050 63476 INFO tempest.lib.common.rest_client [req-7ab21ab8-8f29-4cde-988a-bffe0edea25b req-7ab21ab8-8f29-4cde-988a-bffe0edea25b ] Request (ServerMetadataNegativeTestJSON:setUpClass): 200 GET http://10.180.1.21/compute/v2.1/servers/b1f7f686-6345-42ac-8227-f1a176e0d437 0.704s
2025-02-14 11:28:54.323 63482 INFO tempest.lib.common.rest_client [req-05f317b9-efc3-4c51-a011-36cad78d96cf req-05f317b9-efc3-4c51-a011-36cad78d96cf ] Request (ServerActionsV293TestJSON:setUpClass): 200 GET http://10.180.1.21/compute/v2.1/servers/29b407c9-b341-4009-9d0d-f6dad4eefa95 0.962s
2025-02-14 11:28:54.357 63498 INFO tempest.lib.common.rest_client [req-eae703fa-14c1-417f-9d81-d91dbc7e20cd req-eae703fa-14c1-417f-9d81-d91dbc7e20cd ] Request (FloatingIPsAssociationTestJSON:test_associate_already_associated_floating_ip): 202 POST http://10.180.1.21/compute/v2.1/servers 0.909s
2025-02-14 11:28:54.437 63480 INFO tempest.lib.common.rest_client [req-95734526-b246-4741-82af-3fdf75de5570 req-95734526-b246-4741-82af-3fdf75de5570 ] Request (AttachInterfacesUnderV243Test:test_add_remove_fixed_ip): 200 GET http://10.180.1.21/compute/v2.1/servers/57766422-1249-4ac4-8dcd-736cf0325556 0.951s
2025-02-14 11:28:54.486 63506 INFO tempest.lib.common.rest_client [req-3ed8552d-346e-4dd8-8aef-26b1bbc88ce6 req-3ed8552d-346e-4dd8-8aef-26b1bbc88ce6 ] Request (ServersTestBootFromVolume:setUpClass): 200 GET http://10.180.1.21/compute/v2.1/servers/b313f565-8c01-497c-9f95-858319cfea1f 0.948s
2025-02-14 11:28:54.495 63506 INFO tempest.common.waiters [-] State transition "BUILD/networking" ==> "BUILD/block_device_mapping" after 36 second wait
2025-02-14 11:28:54.579 63519 INFO tempest.lib.common.rest_client [req-df8bf0ab-31d5-4ac5-b41c-fdb994f7308f req-df8bf0ab-31d5-4ac5-b41c-fdb994f7308f ] Request (TenantUsagesTestJSON:tearDownClass): 200 GET http://10.180.1.21/compute/v2.1/servers/dbc4106c-3d37-4fad-9ea5-0367c19ac456 0.864s
2025-02-14 11:28:54.598 63462 INFO tempest.lib.common.rest_client [req-dd3af138-67a8-424c-aed6-2b584c964d36 req-dd3af138-67a8-424c-aed6-2b584c964d36 ] Request (ImagesNegativeTestJSON:test_create_image_from_deleted_server): 200 GET http://10.180.1.21/compute/v2.1/servers/1dc24ed2-965a-4a54-aec2-f41a9ce9e6ee 0.943s
2025-02-14 11:28:54.619 63510 INFO tempest.lib.common.rest_client [req-a134a425-805b-4a15-a5ba-eb7ecc0c18d5 req-a134a425-805b-4a15-a5ba-eb7ecc0c18d5 ] Request (ComputeTenantNetworksTest:test_list_show_tenant_networks): 200 GET http://10.180.1.21/compute/v2.1/os-tenant-networks/98d58c3b-5f8a-42ba-9be2-0fb25e2c55ff 0.885s
2025-02-14 11:28:54.620 63462 INFO tempest.common.waiters [-] State transition "BUILD/spawning" ==> "ACTIVE/None" after 37 second wait
2025-02-14 11:28:54.690 63488 INFO tempest.lib.common.rest_client [req-82b61668-27c3-4c33-804b-0d8f7a2aa9a3 req-82b61668-27c3-4c33-804b-0d8f7a2aa9a3 ] Request (ServersAdmin275Test:tearDownClass): 200 GET http://10.180.1.21/compute/v2.1/servers/b439c92e-9cf0-4d22-ae41-c2449c0cb1c5 0.914s
2025-02-14 11:28:54.702 63494 INFO tempest.lib.common.rest_client [req-bd531389-9289-4b2e-9c72-cbe4b2f364d4 req-bd531389-9289-4b2e-9c72-cbe4b2f364d4 ] Request (ServerShowV257Test:tearDownClass): 200 GET http://10.180.1.21/compute/v2.1/servers/6cafce31-1c08-442a-bc6c-d6b3845709ae 0.856s
2025-02-14 11:28:54.755 63472 INFO tempest.lib.common.rest_client [req-502f17ce-9b67-4a77-ac85-9de09816f844 req-502f17ce-9b67-4a77-ac85-9de09816f844 ] Request (ServerActionsTestOtherA:setUpClass): 200 GET http://10.180.1.21/compute/v2.1/servers/3a6ab83d-4480-4b00-8ed6-5f96402b3bf5 0.851s
2025-02-14 11:28:54.764 63472 INFO tempest.common.waiters [-] State transition "BUILD/scheduling" ==> "BUILD/None" after 19 second wait
2025-02-14 11:28:54.769 63484 INFO tempest.lib.common.rest_client [req-8f89eea6-2862-49b4-8b6d-276fe8808678 req-8f89eea6-2862-49b4-8b6d-276fe8808678 ] Request (ServerAddressesTestJSON:setUpClass): 200 GET http://10.180.1.21/compute/v2.1/servers/7ce245ef-0fab-41af-988a-bc856e67380b 0.792s
2025-02-14 11:28:54.850 63508 INFO tempest.lib.common.rest_client [req-a78347bd-64e4-4949-8ff8-3bbeb5a74935 req-a78347bd-64e4-4949-8ff8-3bbeb5a74935 ] Request (ServerExternalEventsTest:tearDownClass): 200 GET http://10.180.1.21/compute/v2.1/servers/34bcec9d-1057-4f3f-8ad9-4045294cb447 0.798s
2025-02-14 11:28:54.855 63510 INFO tempest.lib.common.rest_client [req-5a352004-1875-4436-9935-88ad92f8b78d req-5a352004-1875-4436-9935-88ad92f8b78d ] Request (ComputeTenantNetworksTest:tearDownClass): 204 DELETE http://10.180.1.21:9696/networking/v2.0/networks/98d58c3b-5f8a-42ba-9be2-0fb25e2c55ff 0.230s
2025-02-14 11:28:54.857 63514 INFO tempest.lib.common.rest_client [req-a105d1f1-9a6c-486b-8745-9ebb5e90847b req-a105d1f1-9a6c-486b-8745-9ebb5e90847b ] Request (ServerShowV254Test:tearDownClass): 200 GET http://10.180.1.21/compute/v2.1/servers/a33eaa0c-dd76-48c4-908d-6496cf14be98 0.741s
2025-02-14 11:28:54.900 63513 INFO tempest.lib.common.rest_client [req-35c5466b-26b1-4254-8ca4-da6da71f928a req-35c5466b-26b1-4254-8ca4-da6da71f928a ] Request (ImagesTestJSON:test_create_image_from_suspended_server): 200 GET http://10.180.1.21/compute/v2.1/servers/ac149eca-36f6-4a52-a57b-88f8970e4159 0.735s
2025-02-14 11:28:54.916 63466 INFO tempest.lib.common.rest_client [req-0f3259b3-04ed-4979-af3f-1bd9b9234bcf req-0f3259b3-04ed-4979-af3f-1bd9b9234bcf ] Request (ServersTestMultiNic:test_verify_multiple_nics_order): 200 GET http://10.180.1.21/compute/v2.1/servers/b82c868d-7858-46aa-aae6-c563d91686ab 0.699s
2025-02-14 11:28:54.954 63510 INFO tempest.lib.common.rest_client [req-3284491b-dfed-410a-ac07-8be02d8f9ded req-3284491b-dfed-410a-ac07-8be02d8f9ded ] Request (ComputeTenantNetworksTest:tearDownClass): 204 DELETE http://10.180.1.21/identity/v3/users/8efcaf6a44b54130ba90326ad88ae4ef 0.098s
2025-02-14 11:28:54.954 63510 INFO tempest.lib.common.dynamic_creds [-] Deleting project and security group for project: da78fe7a1a0a4d0f91c1a66396de94a1
2025-02-14 11:28:54.963 63474 INFO tempest.lib.common.rest_client [req-09caa51f-7def-4d80-bd4a-f1b6f3b3f4d5 req-09caa51f-7def-4d80-bd4a-f1b6f3b3f4d5 ] Request (InstanceActionsNegativeTestJSON:tearDownClass): 200 GET http://10.180.1.21/compute/v2.1/servers/57c2cd54-7ac2-4cdc-9ad2-29967042ffd8 0.688s
2025-02-14 11:28:54.983 63458 INFO tempest.lib.common.rest_client [req-b0e57487-86a1-4683-986e-cdc6896cd4a4 req-b0e57487-86a1-4683-986e-cdc6896cd4a4 ] Request (ListServerFiltersTestJSON:setUpClass): 200 GET http://10.180.1.21/compute/v2.1/servers/a4984a5e-e8f5-4c0d-bf88-0ff34505a515 0.655s
2025-02-14 11:28:54.994 63510 INFO tempest.lib.common.rest_client [req-0696a05f-cda0-4ae8-b6e3-556df186986f req-0696a05f-cda0-4ae8-b6e3-556df186986f ] Request (ComputeTenantNetworksTest:tearDownClass): 200 GET http://10.180.1.21:9696/networking/v2.0/security-groups?tenant_id=da78fe7a1a0a4d0f91c1a66396de94a1&name=default 0.040s
