2025-02-14 11:28:15.482 63482 INFO tempest.lib.common.rest_client [req-3316f212-4b77-44da-9a2e-51396e3d7d3b req-3316f212-4b77-44da-9a2e-51396e3d7d3b ] Request (QuotasSecurityGroupAdminNegativeTest:setUpClass): 204 PUT http://10.180.1.21/identity/v3/projects/5fc6dae494e3466f86450f036901fadd/users/7ffe8c329af94c74b3573c490d3eeb75/roles/99869777cc7f42eabe01050340c47050 0.032s
2025-02-14 11:28:15.482 63482 INFO tempest.lib.common.dynamic_creds [-] Dynamic test user 7ffe8c329af94c74b3573c490d3eeb75 is created with scope project and roles: ['member']
2025-02-14 11:28:15.483 63482 INFO tempest.lib.common.dynamic_creds [-] Acquired dynamic creds: credentials: Credentials: {'domain_id': 'default', 'domain_name': 'Default', 'username': 'tempest-QuotasSecurityGroupAdminNegativeTest-921279843-project-member', 'project_domain_id': 'default', 'project_domain_name': 'Default', 'project_id': '5fc6dae494e3466f86450f036901fadd', 'project_name': 'tempest-QuotasSecurityGroupAdminNegativeTest-921279843', 'tenant_id': '5fc6dae494e3466f86450f036901fadd', 'tenant_name': 'tempest-QuotasSecurityGroupAdminNegativeTest-921279843', 'user_domain_id': 'default', 'user_domain_name': 'Default', 'user_id': '7ffe8c329af94c74b3573c490d3eeb75', 'system': None}, Network: None, Subnet: None, Router: None
2025-02-14 11:28:15.483 63482 INFO tempest.lib.common.dynamic_creds [-] Created isolated network resources for: credentials: Credentials: {'domain_id': 'default', 'domain_name': 'Default', 'username': 'tempest-QuotasSecurityGroupAdminNegativeTest-921279843-project-member', 'project_domain_id': 'default', 'project_domain_name': 'Default', 'project_id': '5fc6dae494e3466f86450f036901fadd', 'project_name': 'tempest-QuotasSecurityGroupAdminNegativeTest-921279843', 'tenant_id': '5fc6dae494e3466f86450f036901fadd', 'tenant_name': 'tempest-QuotasSecurityGroupAdminNegativeTest-921279843', 'user_domain_id': 'default', 'user_domain_name': 'Default', 'user_id': '7ffe8c329af94c74b3573c490d3eeb75', 'system': None}, Network: None, Subnet: None, Router: None
2025-02-14 11:28:15.523 63470 INFO tempest.lib.common.rest_client [req-5553db0d-5fec-43f5-b493-5a7887feaa77 req-5553db0d-5fec-43f5-b493-5a7887feaa77 ] Request (ServersAdminTestJSON:setUpClass): 201 POST http://10.180.1.21/identity/v3/auth/tokens 0.061s
2025-02-14 11:28:15.538 63460 INFO tempest.lib.common.rest_client [req-efd85169-9ef8-438c-a0a5-8cb11f6cd305 req-efd85169-9ef8-438c-a0a5-8cb11f6cd305 ] Request (MigrationsAdminTest:test_list_migrations_in_flavor_resize_situation): 202 POST http://10.180.1.21/compute/v2.1/servers/035853df-2910-4a07-a5c6-2f42b2ca01da/action 3.044s
2025-02-14 11:28:15.558 63482 INFO tempest.lib.common.rest_client [req-881bf425-86ac-4675-be84-68d90630cb64 req-881bf425-86ac-4675-be84-68d90630cb64 ] Request (QuotasSecurityGroupAdminNegativeTest:setUpClass): 201 POST http://10.180.1.21/identity/v3/auth/tokens 0.069s
2025-02-14 11:28:15.604 63482 INFO tempest.lib.common.rest_client [req-38a07420-db8b-48cb-b60e-06c44a1828d6 req-38a07420-db8b-48cb-b60e-06c44a1828d6 ] Request (QuotasSecurityGroupAdminNegativeTest:setUpClass): 201 POST http://10.180.1.21/identity/v3/projects 0.045s
2025-02-14 11:28:15.670 63482 INFO tempest.lib.common.rest_client [req-98708370-e296-4fc8-9c10-690c783bad99 req-98708370-e296-4fc8-9c10-690c783bad99 ] Request (QuotasSecurityGroupAdminNegativeTest:setUpClass): 201 POST http://10.180.1.21/identity/v3/users 0.066s
2025-02-14 11:28:15.710 63482 INFO tempest.lib.common.rest_client [req-8b334fbf-28d6-47a9-9355-55c63f7fa8ca req-8b334fbf-28d6-47a9-9355-55c63f7fa8ca ] Request (QuotasSecurityGroupAdminNegativeTest:setUpClass): 200 GET http://10.180.1.21/identity/v3/roles 0.038s
2025-02-14 11:28:15.751 63482 INFO tempest.lib.common.rest_client [req-3603edcf-0621-474d-8cb6-e9fd377719da req-3603edcf-0621-474d-8cb6-e9fd377719da ] Request (QuotasSecurityGroupAdminNegativeTest:setUpClass): 204 PUT http://10.180.1.21/identity/v3/projects/99dcd4c9f2ab413a95f337eb9ec74261/users/3c4c85f5eed247f888fadd02d433718a/roles/ccdcc5234b854695bc33b49f1aa86e2a 0.040s
2025-02-14 11:28:15.790 63484 INFO tempest.lib.common.rest_client [req-ffbac98c-aaf7-4ad1-a540-d9783637b9be req-ffbac98c-aaf7-4ad1-a540-d9783637b9be ] Request (ServerAddressesTestJSON:setUpClass): 201 POST http://10.180.1.21:9696/networking/v2.0/routers 1.497s
2025-02-14 11:28:15.812 63482 INFO tempest.lib.common.rest_client [req-33372948-ccd3-47d6-919c-04905c7aafb2 req-33372948-ccd3-47d6-919c-04905c7aafb2 ] Request (QuotasSecurityGroupAdminNegativeTest:setUpClass): 200 GET http://10.180.1.21/identity/v3/roles 0.061s
2025-02-14 11:28:15.834 63482 INFO tempest.lib.common.rest_client [req-56f95212-0413-4a7a-8395-b7a1b63e498b req-56f95212-0413-4a7a-8395-b7a1b63e498b ] Request (QuotasSecurityGroupAdminNegativeTest:setUpClass): 204 PUT http://10.180.1.21/identity/v3/projects/99dcd4c9f2ab413a95f337eb9ec74261/users/3c4c85f5eed247f888fadd02d433718a/roles/ccdcc5234b854695bc33b49f1aa86e2a 0.021s
2025-02-14 11:28:15.834 63482 INFO tempest.lib.common.dynamic_creds [-] Dynamic test user 3c4c85f5eed247f888fadd02d433718a is created with scope project and roles: ['admin']
2025-02-14 11:28:15.834 63482 INFO tempest.lib.common.dynamic_creds [-] Acquired dynamic creds: credentials: Credentials: {'domain_id': 'default', 'domain_name': 'Default', 'username': 'tempest-QuotasSecurityGroupAdminNegativeTest-275200290-project-admin', 'project_domain_id': 'default', 'project_domain_name': 'Default', 'project_id': '99dcd4c9f2ab413a95f337eb9ec74261', 'project_name': 'tempest-QuotasSecurityGroupAdminNegativeTest-275200290', 'tenant_id': '99dcd4c9f2ab413a95f337eb9ec74261', 'tenant_name': 'tempest-QuotasSecurityGroupAdminNegativeTest-275200290', 'user_domain_id': 'default', 'user_domain_name': 'Default', 'user_id': '3c4c85f5eed247f888fadd02d433718a', 'system': None}, Network: None, Subnet: None, Router: None
2025-02-14 11:28:15.834 63482 INFO tempest.lib.common.dynamic_creds [-] Created isolated network resources for: credentials: Credentials: {'domain_id': 'default', 'domain_name': 'Default', 'username': 'tempest-QuotasSecurityGroupAdminNegativeTest-275200290-project-admin', 'project_domain_id': 'default', 'project_domain_name': 'Default', 'project_id': '99dcd4c9f2ab413a95f337eb9ec74261', 'project_name': 'tempest-QuotasSecurityGroupAdminNegativeTest-275200290', 'tenant_id': '99dcd4c9f2ab413a95f337eb9ec74261', 'tenant_name': 'tempest-QuotasSecurityGroupAdminNegativeTest-275200290', 'user_domain_id': 'default', 'user_domain_name': 'Default', 'user_id': '3c4c85f5eed247f888fadd02d433718a', 'system': None}, Network: None, Subnet: None, Router: None
2025-02-14 11:28:15.844 63470 INFO tempest.lib.common.rest_client [req-403e76c3-a58e-4969-b2f0-eeb69050127d req-403e76c3-a58e-4969-b2f0-eeb69050127d ] Request (ServersAdminTestJSON:setUpClass): 201 POST http://10.180.1.21:9696/networking/v2.0/networks 0.320s
2025-02-14 11:28:15.973 63482 INFO tempest.lib.common.rest_client [req-b71fc4e7-ec07-4041-b82f-444c290facef req-b71fc4e7-ec07-4041-b82f-444c290facef ] Request (QuotasSecurityGroupAdminNegativeTest:setUpClass): 201 POST http://10.180.1.21/identity/v3/auth/tokens 0.136s
2025-02-14 11:28:15.974 63482 WARNING tempest.lib.common.rest_client [-] Deprecated: "tenant_id" property is deprecated for removal, use "project_id" instead
2025-02-14 11:28:16.085 63506 INFO tempest.lib.common.rest_client [req-0bb7f044-5eba-4a44-a2ae-c23d0aae1fc2 req-0bb7f044-5eba-4a44-a2ae-c23d0aae1fc2 ] Request (ServersTestBootFromVolume:setUpClass): 202 POST http://10.180.1.21/compute/v2.1/servers 3.905s
2025-02-14 11:28:16.125 63482 INFO tempest.lib.common.rest_client [req-601d773b-a7a8-4bdb-bc30-cad0802d6699 req-601d773b-a7a8-4bdb-bc30-cad0802d6699 ] Request (QuotasSecurityGroupAdminNegativeTest:tearDownClass): 204 DELETE http://10.180.1.21/identity/v3/users/7ffe8c329af94c74b3573c490d3eeb75 0.144s
2025-02-14 11:28:16.218 63466 INFO tempest.lib.common.rest_client [req-6d5138c1-8238-4384-8543-3ea28a934fa1 req-6d5138c1-8238-4384-8543-3ea28a934fa1 ] Request (ServersTestMultiNic:_run_cleanups): 200 GET http://10.180.1.21/compute/v2.1/servers/01723ee2-3bb5-4a19-a8e4-99c698361d54 3.536s
2025-02-14 11:28:16.226 63520 INFO tempest.lib.common.rest_client [req-6d5ce326-0e17-4375-8675-d2b5139795a1 req-6d5ce326-0e17-4375-8675-d2b5139795a1 ] Request (QuotasAdminNegativeTest:test_update_quota_normal_user): 403 PUT http://10.180.1.21/compute/v2.1/os-quota-sets/c856f085124a49c3a4a19d6e0a0bd0f2 3.495s
2025-02-14 11:28:16.226 63466 INFO tempest.common.waiters [-] State transition "ACTIVE/deleting" ==> "DELETED/None" after 5 second wait
2025-02-14 11:28:16.252 63482 INFO tempest.lib.common.rest_client [req-468dbd59-c358-4001-8e3c-22161549a3ab req-468dbd59-c358-4001-8e3c-22161549a3ab ] Request (QuotasSecurityGroupAdminNegativeTest:tearDownClass): 204 DELETE http://10.180.1.21/identity/v3/users/3c4c85f5eed247f888fadd02d433718a 0.125s
2025-02-14 11:28:16.253 63482 INFO tempest.lib.common.dynamic_creds [-] Deleting project and security group for project: 99dcd4c9f2ab413a95f337eb9ec74261
2025-02-14 11:28:16.323 63498 INFO tempest.lib.common.rest_client [req-8781f534-08eb-47fe-af68-991d78c4796e req-8781f534-08eb-47fe-af68-991d78c4796e ] Request (FloatingIPsAssociationTestJSON:setUpClass): 200 GET http://10.180.1.21/compute/v2.1/servers/a6f3cd92-f6a3-4748-a052-d9b124ce5876 3.572s
2025-02-14 11:28:16.354 63491 INFO tempest.lib.common.rest_client [req-74974567-b5b2-48b3-be6f-50839771c089 req-74974567-b5b2-48b3-be6f-50839771c089 ] Request (FlavorsAdminTestJSON:test_is_public_string_variations): 200 POST http://10.180.1.21/compute/v2.1/flavors 3.576s
2025-02-14 11:28:16.387 63482 INFO tempest.lib.common.rest_client [req-bcc7f43a-5c73-44b2-9eb2-154090bf966e req-bcc7f43a-5c73-44b2-9eb2-154090bf966e ] Request (QuotasSecurityGroupAdminNegativeTest:tearDownClass): 201 POST http://10.180.1.21/identity/v3/auth/tokens 0.133s
2025-02-14 11:28:16.387 63470 INFO tempest.lib.common.rest_client [req-5319e985-6125-4ccb-b08b-151ca85e1eb4 req-5319e985-6125-4ccb-b08b-151ca85e1eb4 ] Request (ServersAdminTestJSON:setUpClass): 201 POST http://10.180.1.21:9696/networking/v2.0/subnets 0.543s
2025-02-14 11:28:16.427 63520 INFO tempest.lib.common.rest_client [req-fe5c84a0-df7f-4079-a2de-045ce68b2247 req-fe5c84a0-df7f-4079-a2de-045ce68b2247 ] Request (QuotasAdminNegativeTest:tearDownClass): 204 DELETE http://10.180.1.21/identity/v3/users/a1778f141ab64692af56f313764d5074 0.200s
2025-02-14 11:28:16.453 63486 INFO tempest.lib.common.rest_client [req-c23556de-5cf2-4e54-986b-d1abdfe638f1 req-c23556de-5cf2-4e54-986b-d1abdfe638f1 ] Request (ServerRescueTestJSON:setUpClass): 202 POST http://10.180.1.21/compute/v2.1/servers 3.780s
2025-02-14 11:28:16.557 63488 INFO tempest.lib.common.rest_client [req-df8cd501-5435-423e-b486-a76b2db2e35a req-df8cd501-5435-423e-b486-a76b2db2e35a ] Request (ServersAdmin275Test:test_rebuild_update_server_275): 200 GET http://10.180.1.21/compute/v2.1/servers/b439c92e-9cf0-4d22-ae41-c2449c0cb1c5 3.771s
2025-02-14 11:28:16.573 63488 INFO tempest.common.waiters [-] State transition "REBUILD/rebuild_spawning" ==> "ACTIVE/None" after 13 second wait
2025-02-14 11:28:16.581 63468 INFO tempest.lib.common.rest_client [req-39154fa5-9b97-4c79-b780-6217d701a638 req-39154fa5-9b97-4c79-b780-6217d701a638 ] Request (FlavorsAccessNegativeTestJSON:_run_cleanups): 202 DELETE http://10.180.1.21/compute/v2.1/flavors/185669490 3.735s
2025-02-14 11:28:16.590 63520 INFO tempest.lib.common.rest_client [req-5c48ede7-4732-4239-97d2-1aacf92aafc1 req-5c48ede7-4732-4239-97d2-1aacf92aafc1 ] Request (QuotasAdminNegativeTest:tearDownClass): 204 DELETE http://10.180.1.21/identity/v3/users/cea56b64b2e7403fbaf91447d5a9b137 0.162s
2025-02-14 11:28:16.591 63520 INFO tempest.lib.common.dynamic_creds [-] Deleting project and security group for project: c856f085124a49c3a4a19d6e0a0bd0f2
2025-02-14 11:28:16.658 63519 INFO tempest.lib.common.rest_client [req-11daab43-70b8-4f5f-8bfa-3cc988358cc9 req-11daab43-70b8-4f5f-8bfa-3cc988358cc9 ] Request (TenantUsagesTestJSON:setUpClass): 200 GET http://10.180.1.21/compute/v2.1/servers/dbc4106c-3d37-4fad-9ea5-0367c19ac456 3.834s
2025-02-14 11:28:16.664 63520 INFO tempest.lib.common.rest_client [req-017a730b-ca8c-4131-b428-f93fa9f9b959 req-017a730b-ca8c-4131-b428-f93fa9f9b959 ] Request (QuotasAdminNegativeTest:tearDownClass): 201 POST http://10.180.1.21/identity/v3/auth/tokens 0.073s
2025-02-14 11:28:16.735 63514 INFO tempest.lib.common.rest_client [req-4bf6a9c1-9499-45b8-8fb3-5922dd1a6ba6 req-4bf6a9c1-9499-45b8-8fb3-5922dd1a6ba6 ] Request (ServerShowV254Test:test_rebuild_server): 200 GET http://10.180.1.21/compute/v2.1/servers/a33eaa0c-dd76-48c4-908d-6496cf14be98 3.850s
2025-02-14 11:28:16.762 63476 INFO tempest.lib.common.rest_client [req-91ee9931-b037-49dd-b6a1-43bda30717af req-91ee9931-b037-49dd-b6a1-43bda30717af ] Request (KeyPairsV210TestJSON:_run_cleanups): 204 DELETE http://10.180.1.21/compute/v2.1/os-keypairs/tempest-keypair-802856180?user_id=e45c1e7bb8e3470b8efd311a43a31454 3.662s
2025-02-14 11:28:16.767 63472 INFO tempest.lib.common.rest_client [req-42a6f5f0-f957-4770-9232-8dc82bf0e8ed req-42a6f5f0-f957-4770-9232-8dc82bf0e8ed ] Request (InstanceActionsTestJSON:tearDownClass): 200 GET http://10.180.1.21/compute/v2.1/servers/9b3d6806-d1e2-4719-b614-fba5aaa0c0b3 3.816s
2025-02-14 11:28:16.892 63494 INFO tempest.lib.common.rest_client [req-545e51d5-63f7-4825-8727-d0cb894de1e8 req-545e51d5-63f7-4825-8727-d0cb894de1e8 ] Request (ServerShowV257Test:test_rebuild_server): 200 GET http://10.180.1.21/compute/v2.1/servers/6cafce31-1c08-442a-bc6c-d6b3845709ae 3.783s
2025-02-14 11:28:16.905 63494 INFO tempest.common.waiters [-] State transition "REBUILD/rebuilding" ==> "REBUILD/rebuild_spawning" after 4 second wait
2025-02-14 11:28:16.916 63458 INFO tempest.lib.common.rest_client [req-1fba2dac-8dc9-4825-9a93-50d5732ecf67 req-1fba2dac-8dc9-4825-9a93-50d5732ecf67 ] Request (QuotasAdminTestJSON:test_delete_quota): 200 GET http://10.180.1.21/compute/v2.1/os-quota-sets/b985305c579944d7a26339d3d71b26b4 3.062s
2025-02-14 11:28:16.954 63513 INFO tempest.lib.common.rest_client [req-0a0be436-6b37-4527-8ed1-2434e9d41968 req-0a0be436-6b37-4527-8ed1-2434e9d41968 ] Request (ImagesTestJSON:test_create_image_from_stopped_server): 200 GET http://10.180.1.21/compute/v2.1/images/d08be87a-cdd3-4faf-91d0-d92b62589da3 2.726s
2025-02-14 11:28:16.985 63520 INFO tempest.lib.common.rest_client [req-36ef98a5-ac17-47c6-81b6-fa107c97f02a req-36ef98a5-ac17-47c6-81b6-fa107c97f02a ] Request (QuotasAdminNegativeTest:tearDownClass): 200 GET http://10.180.1.21:9696/networking/v2.0/security-groups?tenant_id=c856f085124a49c3a4a19d6e0a0bd0f2&name=default 0.321s
2025-02-14 11:28:16.999 63482 INFO tempest.lib.common.rest_client [req-d0097de1-9017-470f-9f94-f526ab466da0 req-d0097de1-9017-470f-9f94-f526ab466da0 ] Request (QuotasSecurityGroupAdminNegativeTest:tearDownClass): 200 GET http://10.180.1.21:9696/networking/v2.0/security-groups?tenant_id=99dcd4c9f2ab413a95f337eb9ec74261&name=default 0.611s
2025-02-14 11:28:17.117 63520 INFO tempest.lib.common.rest_client [req-93dbe285-d216-4841-8911-15d7f8140423 req-93dbe285-d216-4841-8911-15d7f8140423 ] Request (QuotasAdminNegativeTest:tearDownClass): 204 DELETE http://10.180.1.21:9696/networking/v2.0/security-groups/e4e71dc5-d2fd-4bf9-b194-bef1311610fc 0.132s
2025-02-14 11:28:17.178 63504 INFO tempest.lib.common.rest_client [req-0a404124-d453-499f-a460-f6fa21934b0b req-0a404124-d453-499f-a460-f6fa21934b0b ] Request (AttachInterfacesV270Test:test_create_get_list_interfaces): 200 GET http://10.180.1.21/compute/v2.1/servers/8d68db99-e49e-43b3-ba0e-c4c11e1f6fdb 3.130s
2025-02-14 11:28:17.209 63520 INFO tempest.lib.common.rest_client [req-a9b6ebb4-a671-4001-947e-469c134d1133 req-a9b6ebb4-a671-4001-947e-469c134d1133 ] Request (QuotasAdminNegativeTest:tearDownClass): 204 DELETE http://10.180.1.21/identity/v3/projects/c856f085124a49c3a4a19d6e0a0bd0f2 0.091s
2025-02-14 11:28:17.209 63520 INFO tempest.lib.common.dynamic_creds [-] Deleting project and security group for project: 5704c2a6896d43c699c6c33bf5bfdb62
2025-02-14 11:28:17.272 63462 INFO tempest.lib.common.rest_client [req-d71c180a-99ec-45a4-a1fd-152a44ec8910 req-d71c180a-99ec-45a4-a1fd-152a44ec8910 ] Request (ImagesNegativeTestJSON:test_create_image_from_deleted_server): 200 GET http://10.180.1.21/compute/v2.1/servers/1dc24ed2-965a-4a54-aec2-f41a9ce9e6ee 2.926s
2025-02-14 11:28:17.310 63464 INFO tempest.lib.common.rest_client [req-25ae72bd-a5d8-4cb1-9e06-c487725cc82e req-25ae72bd-a5d8-4cb1-9e06-c487725cc82e ] Request (VolumesAssistedSnapshotsTest:test_volume_assisted_snapshot_create_delete): 200 GET http://10.180.1.21/compute/v2.1/servers/6c9c4f26-fccc-4009-a554-fa21d6bb157d 3.057s
2025-02-14 11:28:17.313 63482 INFO tempest.lib.common.rest_client [req-ab134d99-a19a-420c-bc96-a944e6895d27 req-ab134d99-a19a-420c-bc96-a944e6895d27 ] Request (QuotasSecurityGroupAdminNegativeTest:tearDownClass): 204 DELETE http://10.180.1.21:9696/networking/v2.0/security-groups/428a4d9a-bf07-4129-990b-d19960870adb 0.313s
2025-02-14 11:28:17.320 63464 INFO tempest.common.waiters [-] State transition "BUILD/spawning" ==> "ACTIVE/None" after 24 second wait
2025-02-14 11:28:17.332 63520 INFO tempest.lib.common.rest_client [req-f1c4376e-4814-4aca-9afa-d2e14a141d4a req-f1c4376e-4814-4aca-9afa-d2e14a141d4a ] Request (QuotasAdminNegativeTest:tearDownClass): 200 GET http://10.180.1.21:9696/networking/v2.0/security-groups?tenant_id=5704c2a6896d43c699c6c33bf5bfdb62&name=default 0.123s
2025-02-14 11:28:17.423 63520 INFO tempest.lib.common.rest_client [req-1c7de54b-0d37-4231-886d-1e0099134a32 req-1c7de54b-0d37-4231-886d-1e0099134a32 ] Request (QuotasAdminNegativeTest:tearDownClass): 204 DELETE http://10.180.1.21:9696/networking/v2.0/security-groups/8b04c888-4da7-4754-a58e-6f947cbb5c59 0.090s
2025-02-14 11:28:17.464 63482 INFO tempest.lib.common.rest_client [req-3b727dcd-9fb0-493f-859e-794d2876f885 req-3b727dcd-9fb0-493f-859e-794d2876f885 ] Request (QuotasSecurityGroupAdminNegativeTest:tearDownClass): 204 DELETE http://10.180.1.21/identity/v3/projects/99dcd4c9f2ab413a95f337eb9ec74261 0.151s
2025-02-14 11:28:17.464 63482 INFO tempest.lib.common.dynamic_creds [-] Deleting project and security group for project: 5fc6dae494e3466f86450f036901fadd
2025-02-14 11:28:17.466 63480 INFO tempest.lib.common.rest_client [req-019c8ac4-fb8f-4d32-81d4-86b3d4a85f10 req-019c8ac4-fb8f-4d32-81d4-86b3d4a85f10 ] Request (AttachInterfacesUnderV243Test:test_add_remove_fixed_ip): 200 GET http://10.180.1.21/compute/v2.1/servers/57766422-1249-4ac4-8dcd-736cf0325556 2.350s
2025-02-14 11:28:17.523 63474 INFO tempest.lib.common.rest_client [req-7bb0adc9-0981-42af-b004-e54867afae7e req-7bb0adc9-0981-42af-b004-e54867afae7e ] Request (InstanceActionsNegativeTestJSON:setUpClass): 200 GET http://10.180.1.21/compute/v2.1/servers/57c2cd54-7ac2-4cdc-9ad2-29967042ffd8 3.126s
2025-02-14 11:28:17.529 63510 INFO tempest.lib.common.rest_client [req-a4fa0a2c-a654-4d14-a7cf-ed30584c70e2 req-a4fa0a2c-a654-4d14-a7cf-ed30584c70e2 ] Request (AggregatesAdminNegativeTestJSON:test_aggregate_get_details_as_user): 403 GET http://10.180.1.21/compute/v2.1/os-aggregates/6 2.196s
2025-02-14 11:28:17.534 63474 INFO tempest.common.waiters [-] State transition "BUILD/None" ==> "BUILD/spawning" after 7 second wait
2025-02-14 11:28:17.554 63520 INFO tempest.lib.common.rest_client [req-942f845d-4c32-44ae-897f-631762f24b7b req-942f845d-4c32-44ae-897f-631762f24b7b ] Request (QuotasAdminNegativeTest:tearDownClass): 204 DELETE http://10.180.1.21/identity/v3/projects/5704c2a6896d43c699c6c33bf5bfdb62 0.130s
2025-02-14 11:28:17.614 63482 INFO tempest.lib.common.rest_client [req-1b0da801-dda2-4a7b-b862-a58e231df5d5 req-1b0da801-dda2-4a7b-b862-a58e231df5d5 ] Request (QuotasSecurityGroupAdminNegativeTest:tearDownClass): 200 GET http://10.180.1.21:9696/networking/v2.0/security-groups?tenant_id=5fc6dae494e3466f86450f036901fadd&name=default 0.150s
2025-02-14 11:28:17.674 63520 INFO tempest.lib.common.rest_client [req-24449a5f-4eca-4c83-b961-fa371effcb06 req-24449a5f-4eca-4c83-b961-fa371effcb06 ] Request (FloatingIPsAssociationNegativeTestJSON:setUpClass): 201 POST http://10.180.1.21/identity/v3/auth/tokens 0.118s
2025-02-14 11:28:17.720 63482 INFO tempest.lib.common.rest_client [req-18c24589-873d-4f04-b466-fe52fbe90ac1 req-18c24589-873d-4f04-b466-fe52fbe90ac1 ] Request (QuotasSecurityGroupAdminNegativeTest:tearDownClass): 204 DELETE http://10.180.1.21:9696/networking/v2.0/security-groups/ec4a7972-1315-4624-8cfd-ddf318371d87 0.105s
2025-02-14 11:28:17.728 63520 INFO tempest.lib.common.rest_client [req-51877527-933d-43bf-a6f0-df7083920b77 req-51877527-933d-43bf-a6f0-df7083920b77 ] Request (FloatingIPsAssociationNegativeTestJSON:setUpClass): 201 POST http://10.180.1.21/identity/v3/auth/tokens 0.051s
2025-02-14 11:28:17.732 63496 INFO tempest.lib.common.rest_client [req-27f78055-0812-4d89-8e9a-2f62ecdfc9f3 req-27f78055-0812-4d89-8e9a-2f62ecdfc9f3 ] Request (ServerActionsTestOtherB:setUpClass): 200 POST http://10.180.1.21/compute/v2.1/os-keypairs 2.513s
2025-02-14 11:28:17.772 63460 INFO tempest.lib.common.rest_client [req-9ba5ce29-60b9-4e93-94b0-25b85863638c req-9ba5ce29-60b9-4e93-94b0-25b85863638c ] Request (MigrationsAdminTest:test_list_migrations_in_flavor_resize_situation): 200 GET http://10.180.1.21/compute/v2.1/servers/035853df-2910-4a07-a5c6-2f42b2ca01da 2.233s
2025-02-14 11:28:17.775 63520 INFO tempest.lib.common.rest_client [req-c0ee00da-7919-4dec-8133-0bbb78603d12 req-c0ee00da-7919-4dec-8133-0bbb78603d12 ] Request (FloatingIPsAssociationNegativeTestJSON:setUpClass): 200 GET http://10.180.1.21/identity/v3/domains?name=Default 0.046s
2025-02-14 11:28:17.837 63520 INFO tempest.lib.common.rest_client [req-bac216d3-9683-4954-b8eb-2093fb6b6a57 req-bac216d3-9683-4954-b8eb-2093fb6b6a57 ] Request (FloatingIPsAssociationNegativeTestJSON:setUpClass): 201 POST http://10.180.1.21/identity/v3/projects 0.061s
2025-02-14 11:28:17.851 63482 INFO tempest.lib.common.rest_client [req-6727a5d4-451a-43dc-8bec-618966a7e61e req-6727a5d4-451a-43dc-8bec-618966a7e61e ] Request (QuotasSecurityGroupAdminNegativeTest:tearDownClass): 204 DELETE http://10.180.1.21/identity/v3/projects/5fc6dae494e3466f86450f036901fadd 0.130s
2025-02-14 11:28:17.883 63496 INFO tempest.lib.common.rest_client [req-dc04ba37-00f1-4064-a7fc-5930727b5495 req-dc04ba37-00f1-4064-a7fc-5930727b5495 ] Request (ServerActionsTestOtherB:setUpClass): 201 POST http://10.180.1.21:9696/networking/v2.0/security-groups 0.147s
2025-02-14 11:28:17.922 63482 INFO tempest.lib.common.rest_client [req-1b0dafba-5137-4fff-8dbc-8f11c19783dd req-1b0dafba-5137-4fff-8dbc-8f11c19783dd ] Request (ServerActionsV293TestJSON:setUpClass): 201 POST http://10.180.1.21/identity/v3/auth/tokens 0.070s
2025-02-14 11:28:17.938 63520 INFO tempest.lib.common.rest_client [req-d656d931-63e5-4af3-ba2f-447ac131f33b req-d656d931-63e5-4af3-ba2f-447ac131f33b ] Request (FloatingIPsAssociationNegativeTestJSON:setUpClass): 201 POST http://10.180.1.21/identity/v3/users 0.100s
2025-02-14 11:28:17.968 63520 INFO tempest.lib.common.rest_client [req-8d93c2d3-3de6-4520-9e38-af161fab8421 req-8d93c2d3-3de6-4520-9e38-af161fab8421 ] Request (FloatingIPsAssociationNegativeTestJSON:setUpClass): 200 GET http://10.180.1.21/identity/v3/roles 0.029s
2025-02-14 11:28:17.971 63482 INFO tempest.lib.common.rest_client [req-5f53f2ce-66c4-4784-a248-54becdc3b668 req-5f53f2ce-66c4-4784-a248-54becdc3b668 ] Request (ServerActionsV293TestJSON:setUpClass): 201 POST http://10.180.1.21/identity/v3/auth/tokens 0.045s
2025-02-14 11:28:17.999 63482 INFO tempest.lib.common.rest_client [req-2c6d6499-06e5-43e1-9acb-6a23c632724e req-2c6d6499-06e5-43e1-9acb-6a23c632724e ] Request (ServerActionsV293TestJSON:setUpClass): 200 GET http://10.180.1.21/identity/v3/domains?name=Default 0.028s
2025-02-14 11:28:18.014 63520 INFO tempest.lib.common.rest_client [req-780478ef-4829-4ec0-ae7d-840416f37d08 req-780478ef-4829-4ec0-ae7d-840416f37d08 ] Request (FloatingIPsAssociationNegativeTestJSON:setUpClass): 204 PUT http://10.180.1.21/identity/v3/projects/795044667c4f4da5a10cd55b3c91e981/users/c9b6153ac64a4628a76b740d538d86d1/roles/99869777cc7f42eabe01050340c47050 0.046s
2025-02-14 11:28:18.015 63520 INFO tempest.lib.common.dynamic_creds [-] Dynamic test user c9b6153ac64a4628a76b740d538d86d1 is created with scope project and roles: ['member']
2025-02-14 11:28:18.015 63520 INFO tempest.lib.common.dynamic_creds [-] Acquired dynamic creds: credentials: Credentials: {'domain_id': 'default', 'domain_name': 'Default', 'username': 'tempest-FloatingIPsAssociationNegativeTestJSON-1135913252-project-member', 'project_domain_id': 'default', 'project_domain_name': 'Default', 'project_id': '795044667c4f4da5a10cd55b3c91e981', 'project_name': 'tempest-FloatingIPsAssociationNegativeTestJSON-1135913252', 'tenant_id': '795044667c4f4da5a10cd55b3c91e981', 'tenant_name': 'tempest-FloatingIPsAssociationNegativeTestJSON-1135913252', 'user_domain_id': 'default', 'user_domain_name': 'Default', 'user_id': 'c9b6153ac64a4628a76b740d538d86d1', 'system': None}, Network: None, Subnet: None, Router: None
2025-02-14 11:28:18.033 63496 INFO tempest.lib.common.rest_client [req-38dcf1ba-b091-4468-9274-4d39ecf7b062 req-38dcf1ba-b091-4468-9274-4d39ecf7b062 ] Request (ServerActionsTestOtherB:setUpClass): 201 POST http://10.180.1.21:9696/networking/v2.0/security-group-rules 0.149s
2025-02-14 11:28:18.058 63520 INFO tempest.lib.common.rest_client [req-c820b4ba-b9db-4d27-b490-6322c5d56644 req-c820b4ba-b9db-4d27-b490-6322c5d56644 ] Request (FloatingIPsAssociationNegativeTestJSON:setUpClass): 201 POST http://10.180.1.21/identity/v3/auth/tokens 0.039s
2025-02-14 11:28:18.065 63482 INFO tempest.lib.common.rest_client [req-967c795b-97be-47f3-8bff-f58c225d7daa req-967c795b-97be-47f3-8bff-f58c225d7daa ] Request (ServerActionsV293TestJSON:setUpClass): 201 POST http://10.180.1.21/identity/v3/projects 0.065s
2025-02-14 11:28:18.139 63482 INFO tempest.lib.common.rest_client [req-b7b4b603-6359-4591-9df7-db4631774692 req-b7b4b603-6359-4591-9df7-db4631774692 ] Request (ServerActionsV293TestJSON:setUpClass): 201 POST http://10.180.1.21/identity/v3/users 0.073s
2025-02-14 11:28:18.172 63482 INFO tempest.lib.common.rest_client [req-458140be-94b4-4534-a1be-e7f67df750f5 req-458140be-94b4-4534-a1be-e7f67df750f5 ] Request (ServerActionsV293TestJSON:setUpClass): 200 GET http://10.180.1.21/identity/v3/roles 0.033s
2025-02-14 11:28:18.203 63496 INFO tempest.lib.common.rest_client [req-715b5a8f-7005-4f60-b141-9b6d086f1f6b req-715b5a8f-7005-4f60-b141-9b6d086f1f6b ] Request (ServerActionsTestOtherB:setUpClass): 201 POST http://10.180.1.21:9696/networking/v2.0/security-group-rules 0.170s
2025-02-14 11:28:18.206 63482 INFO tempest.lib.common.rest_client [req-ce557823-14af-4ba9-b017-62d6036b0709 req-ce557823-14af-4ba9-b017-62d6036b0709 ] Request (ServerActionsV293TestJSON:setUpClass): 204 PUT http://10.180.1.21/identity/v3/projects/f40ffc0adc00491788070ced9dfeaf2e/users/06568c5fcfa54f9dbb5c941961dfb9c2/roles/99869777cc7f42eabe01050340c47050 0.033s
2025-02-14 11:28:18.206 63482 INFO tempest.lib.common.dynamic_creds [-] Dynamic test user 06568c5fcfa54f9dbb5c941961dfb9c2 is created with scope project and roles: ['member']
2025-02-14 11:28:18.206 63482 INFO tempest.lib.common.dynamic_creds [-] Acquired dynamic creds: credentials: Credentials: {'domain_id': 'default', 'domain_name': 'Default', 'username': 'tempest-ServerActionsV293TestJSON-677849391-project-member', 'project_domain_id': 'default', 'project_domain_name': 'Default', 'project_id': 'f40ffc0adc00491788070ced9dfeaf2e', 'project_name': 'tempest-ServerActionsV293TestJSON-677849391', 'tenant_id': 'f40ffc0adc00491788070ced9dfeaf2e', 'tenant_name': 'tempest-ServerActionsV293TestJSON-677849391', 'user_domain_id': 'default', 'user_domain_name': 'Default', 'user_id': '06568c5fcfa54f9dbb5c941961dfb9c2', 'system': None}, Network: None, Subnet: None, Router: None
2025-02-14 11:28:18.212 63516 INFO tempest.lib.common.rest_client [req-e662c89c-060c-4d0b-affd-c2649fe90811 req-e662c89c-060c-4d0b-affd-c2649fe90811 ] Request (DeleteServersAdminTestJSON:test_delete_server_while_in_error_state): 200 GET http://10.180.1.21/compute/v2.1/servers/e0255bdd-6582-41b7-8f6d-bbef90903f05 2.446s
2025-02-14 11:28:18.253 63500 INFO tempest.lib.common.rest_client [req-be53f3d0-40f1-42ef-a43f-957eb92ec4f9 req-be53f3d0-40f1-42ef-a43f-957eb92ec4f9 ] Request (ServersWithSpecificFlavorTestJSON:test_verify_created_server_ephemeral_disk): 200 GET http://10.180.1.21/compute/v2.1/servers/8df0232c-8f30-479a-a99d-40e3f767b477 2.213s
2025-02-14 11:28:18.264 63500 INFO tempest.common.waiters [-] State transition "BUILD/spawning" ==> "ACTIVE/None" after 22 second wait
2025-02-14 11:28:18.292 63506 INFO tempest.lib.common.rest_client [req-b638fdf4-7342-464d-8a72-7755963f250a req-b638fdf4-7342-464d-8a72-7755963f250a ] Request (ServersTestBootFromVolume:setUpClass): 200 GET http://10.180.1.21/compute/v2.1/servers/b313f565-8c01-497c-9f95-858319cfea1f 2.206s
2025-02-14 11:28:18.292 63482 INFO tempest.lib.common.rest_client [req-c8fad0f9-c450-432f-8b4e-3094c79ab152 req-c8fad0f9-c450-432f-8b4e-3094c79ab152 ] Request (ServerActionsV293TestJSON:setUpClass): 201 POST http://10.180.1.21/identity/v3/auth/tokens 0.085s
2025-02-14 11:28:18.459 63492 INFO tempest.lib.common.rest_client [req-ddd451d8-bee5-4a9c-94f8-1adc73b83071 req-ddd451d8-bee5-4a9c-94f8-1adc73b83071 ] Request (ServerDiagnosticsTest:tearDownClass): 200 GET http://10.180.1.21/compute/v2.1/servers/ba8cd721-19ff-497c-97cc-a7f422482cd3 2.236s
2025-02-14 11:28:18.541 63520 INFO tempest.lib.common.rest_client [req-a09218e4-0094-406a-9121-ed13414f5150 req-a09218e4-0094-406a-9121-ed13414f5150 ] Request (FloatingIPsAssociationNegativeTestJSON:setUpClass): 201 POST http://10.180.1.21:9696/networking/v2.0/networks 0.482s
2025-02-14 11:28:18.556 63502 INFO tempest.lib.common.rest_client [req-b89a0833-38bf-43fa-83fb-2408c261a79f req-b89a0833-38bf-43fa-83fb-2408c261a79f ] Request (ImagesOneServerNegativeTestJSON:setUpClass): 200 GET http://10.180.1.21/compute/v2.1/servers/6e4c5db2-de4e-4ad3-ba3f-93ab58bf6488 2.238s
2025-02-14 11:28:18.579 63508 INFO tempest.lib.common.rest_client [req-beb7d136-0b4e-4017-b123-abe4ecb011e6 req-beb7d136-0b4e-4017-b123-abe4ecb011e6 ] Request (ServerExternalEventsTest:test_create_server_external_events): 200 GET http://10.180.1.21/compute/v2.1/servers/34bcec9d-1057-4f3f-8ad9-4045294cb447 2.374s
2025-02-14 11:28:18.588 63508 INFO tempest.common.waiters [-] State transition "BUILD/spawning" ==> "ACTIVE/None" after 31 second wait
2025-02-14 11:28:18.598 63491 INFO tempest.lib.common.rest_client [req-7c4a30f9-7fd5-4dda-9a2e-65bea01986c9 req-7c4a30f9-7fd5-4dda-9a2e-65bea01986c9 ] Request (FlavorsAdminTestJSON:test_is_public_string_variations): 200 GET http://10.180.1.21/compute/v2.1/flavors/detail?is_public=f 2.241s
2025-02-14 11:28:18.674 63478 INFO tempest.lib.common.rest_client [req-4ad21c05-8e7b-4b31-9610-f7daf00cae98 req-4ad21c05-8e7b-4b31-9610-f7daf00cae98 ] Request (VolumesAdminNegativeTest:test_update_attached_volume_with_nonexistent_volume_in_body): 200 GET http://10.180.1.21/compute/v2.1/servers/fde96d58-b090-42bd-881e-e03f2a819f58 2.355s
2025-02-14 11:28:18.703 63486 INFO tempest.lib.common.rest_client [req-a17e5fe6-5870-4f57-8f51-c9b737012ace req-a17e5fe6-5870-4f57-8f51-c9b737012ace ] Request (ServerRescueTestJSON:setUpClass): 200 GET http://10.180.1.21/compute/v2.1/servers/8a2be843-34fa-42c4-be53-ad595c485a92 2.244s
2025-02-14 11:28:18.741 63468 INFO tempest.lib.common.rest_client [req-8cfff896-16b0-4f23-8647-34a167d52dd9 req-8cfff896-16b0-4f23-8647-34a167d52dd9 ] Request (FlavorsAccessNegativeTestJSON:_run_cleanups): 200 GET http://10.180.1.21/compute/v2.1/flavors/detail 2.159s
2025-02-14 11:28:18.758 63476 INFO tempest.lib.common.rest_client [req-c27697b3-0e67-4e7b-971d-a8cd95a385eb req-c27697b3-0e67-4e7b-971d-a8cd95a385eb ] Request (KeyPairsV210TestJSON:_run_cleanups): 204 DELETE http://10.180.1.21/compute/v2.1/os-keypairs/tempest-keypair-514488626?user_id=e45c1e7bb8e3470b8efd311a43a31454 1.995s
2025-02-14 11:28:18.762 63520 INFO tempest.lib.common.rest_client [req-b6ee5c6a-3a21-4ccc-a9e9-7cc07c5865f4 req-b6ee5c6a-3a21-4ccc-a9e9-7cc07c5865f4 ] Request (FloatingIPsAssociationNegativeTestJSON:setUpClass): 201 POST http://10.180.1.21:9696/networking/v2.0/subnets 0.220s
2025-02-14 11:28:18.847 63468 INFO tempest.lib.common.rest_client [req-6506ed91-957e-4e5c-b8cc-6dd3967ce7c0 req-6506ed91-957e-4e5c-b8cc-6dd3967ce7c0 ] Request (FlavorsAccessNegativeTestJSON:tearDownClass): 204 DELETE http://10.180.1.21/identity/v3/users/0c09b67c76d04e2cb132e6fae9a0bac7 0.099s
2025-02-14 11:28:18.928 63476 INFO tempest.lib.common.rest_client [req-7e071d89-9bdc-4ff2-8b84-44c0ab1ecaad req-7e071d89-9bdc-4ff2-8b84-44c0ab1ecaad ] Request (KeyPairsV210TestJSON:tearDownClass): 204 DELETE http://10.180.1.21/identity/v3/users/e45c1e7bb8e3470b8efd311a43a31454 0.169s
2025-02-14 11:28:18.964 63468 INFO tempest.lib.common.rest_client [req-ead54b2b-768d-4f90-9590-c86c95216970 req-ead54b2b-768d-4f90-9590-c86c95216970 ] Request (FlavorsAccessNegativeTestJSON:tearDownClass): 204 DELETE http://10.180.1.21/identity/v3/users/7847cbcd3f69482892cd657dc63b95b0 0.116s
2025-02-14 11:28:19.056 63476 INFO tempest.lib.common.rest_client [req-9bfa15e0-acc6-4b07-88f8-68efb64c9bdb req-9bfa15e0-acc6-4b07-88f8-68efb64c9bdb ] Request (KeyPairsV210TestJSON:tearDownClass): 204 DELETE http://10.180.1.21/identity/v3/users/fa11facac42b45edbf9015f0611a6370 0.126s
2025-02-14 11:28:19.056 63476 INFO tempest.lib.common.dynamic_creds [-] Deleting project and security group for project: 7fc4dfde65444a46af629fc4ede6f367
2025-02-14 11:28:19.070 63484 INFO tempest.lib.common.rest_client [req-dd67f0d5-6c5e-4e1d-9656-ccc880e51560 req-dd67f0d5-6c5e-4e1d-9656-ccc880e51560 ] Request (ServerAddressesTestJSON:setUpClass): 200 PUT http://10.180.1.21:9696/networking/v2.0/routers/db911751-11cc-4862-85bb-766beee5ecfc/add_router_interface 3.280s
2025-02-14 11:28:19.071 63484 INFO tempest.lib.common.dynamic_creds [-] Created isolated network resources for: credentials: Credentials: {'domain_id': 'default', 'domain_name': 'Default', 'username': 'tempest-ServerAddressesTestJSON-2000600275-project-member', 'project_domain_id': 'default', 'project_domain_name': 'Default', 'project_id': '25a7ba05fad24586b0aaa42f74277fc9', 'project_name': 'tempest-ServerAddressesTestJSON-2000600275', 'tenant_id': '25a7ba05fad24586b0aaa42f74277fc9', 'tenant_name': 'tempest-ServerAddressesTestJSON-2000600275', 'user_domain_id': 'default', 'user_domain_name': 'Default', 'user_id': '85e20ac0906841ae8ecaf3004970312f', 'system': None}, Network: {'id': '44d8c725-f4a5-45b3-b839-87471abc95b1', 'name': 'tempest-ServerAddressesTestJSON-1946634287-network', 'tenant_id': '25a7ba05fad24586b0aaa42f74277fc9', 'admin_state_up': True, 'mtu': 8950, 'status': 'ACTIVE', 'subnets': [], 'shared': False, 'project_id': '25a7ba05fad24586b0aaa42f74277fc9', 'port_security_enabled': True, 'router:external': False, 'provider:network_type': 'vlan', 'provider:physical_network': 'default', 'provider:segmentation_id': 965, 'availability_zone_hints': [], 'availability_zones': [], 'ipv4_address_scope': None, 'ipv6_address_scope': None, 'description': '', 'tags': [], 'created_at': '2025-02-14T11:28:13Z', 'updated_at': '2025-02-14T11:28:13Z', 'revision_number': 1}, Subnet: {'id': '8280673f-c8ca-4949-b1aa-db8ef8e6cc3e', 'name': 'tempest-ServerAddressesTestJSON-1946634287-subnet', 'tenant_id': '25a7ba05fad24586b0aaa42f74277fc9', 'network_id': '44d8c725-f4a5-45b3-b839-87471abc95b1', 'ip_version': 4, 'subnetpool_id': None, 'enable_dhcp': True, 'ipv6_ra_mode': None, 'ipv6_address_mode': None, 'gateway_ip': '192.168.128.1', 'cidr': '192.168.128.0/28', 'allocation_pools': [{'start': '192.168.128.2', 'end': '192.168.128.14'}], 'host_routes': [], 'dns_nameservers': [], 'description': '', 'router:external': False, 'service_types': [], 'tags': [], 'created_at': '2025-02-14T11:28:13Z', 'updated_at': '2025-02-14T11:28:13Z', 'revision_number': 0, 'project_id': '25a7ba05fad24586b0aaa42f74277fc9'}, Router: {'id': 'db911751-11cc-4862-85bb-766beee5ecfc', 'name': 'tempest-ServerAddressesTestJSON-1946634287-router', 'tenant_id': '25a7ba05fad24586b0aaa42f74277fc9', 'admin_state_up': True, 'status': 'ACTIVE', 'external_gateway_info': {'network_id': '6c71d80a-8ee9-4152-b887-b9b58a2da5a8', 'external_fixed_ips': [{'subnet_id': 'ce7b5ca1-4450-4f47-bdd6-f75bbff9ff48', 'ip_address': '10.180.180.190'}], 'enable_snat': True}, 'description': '', 'availability_zones': [], 'distributed': False, 'ha': False, 'availability_zone_hints': [], 'routes': [], 'flavor_id': None, 'tags': [], 'created_at': '2025-02-14T11:28:14Z', 'updated_at': '2025-02-14T11:28:15Z', 'revision_number': 2, 'project_id': '25a7ba05fad24586b0aaa42f74277fc9'}
2025-02-14 11:28:19.118 63476 INFO tempest.lib.common.rest_client [req-c8bbb919-a11d-43d6-bb21-4e7b8fcb26d0 req-c8bbb919-a11d-43d6-bb21-4e7b8fcb26d0 ] Request (KeyPairsV210TestJSON:tearDownClass): 201 POST http://10.180.1.21/identity/v3/auth/tokens 0.061s
2025-02-14 11:28:19.146 63458 INFO tempest.lib.common.rest_client [req-c20400ef-5ec9-492a-b4c7-20d3ed4ceabd req-c20400ef-5ec9-492a-b4c7-20d3ed4ceabd ] Request (QuotasAdminTestJSON:test_delete_quota): 200 PUT http://10.180.1.21/compute/v2.1/os-quota-sets/b985305c579944d7a26339d3d71b26b4 2.226s
2025-02-14 11:28:19.146 63482 INFO tempest.lib.common.rest_client [req-57036333-500c-444a-9a50-503ce4ee75a9 req-57036333-500c-444a-9a50-503ce4ee75a9 ] Request (ServerActionsV293TestJSON:setUpClass): 201 POST http://10.180.1.21:9696/networking/v2.0/networks 0.852s
2025-02-14 11:28:19.152 63468 INFO tempest.lib.common.rest_client [req-25a446f5-d55d-47d0-aeb3-cc3161c3760d req-25a446f5-d55d-47d0-aeb3-cc3161c3760d ] Request (FlavorsAccessNegativeTestJSON:tearDownClass): 204 DELETE http://10.180.1.21/identity/v3/users/7d11bd30712c43f38ab7a226d5e92859 0.187s
2025-02-14 11:28:19.153 63468 INFO tempest.lib.common.dynamic_creds [-] Deleting project and security group for project: d30bc3ff7c7d46dd98b12580286297f0
2025-02-14 11:28:19.164 63488 INFO tempest.lib.common.rest_client [req-4ac105a4-8cc6-4308-9307-9ba1bf7260d2 req-4ac105a4-8cc6-4308-9307-9ba1bf7260d2 ] Request (ServersAdmin275Test:test_rebuild_update_server_275): 202 POST http://10.180.1.21/compute/v2.1/servers/b439c92e-9cf0-4d22-ae41-c2449c0cb1c5/action 2.590s
2025-02-14 11:28:19.209 63484 INFO tempest.lib.common.rest_client [req-2b263666-4d24-4878-8626-ebeb6231ad8e req-2b263666-4d24-4878-8626-ebeb6231ad8e ] Request (ServerAddressesTestJSON:setUpClass): 201 POST http://10.180.1.21/identity/v3/auth/tokens 0.134s
2025-02-14 11:28:19.235 63468 INFO tempest.lib.common.rest_client [req-c6ff3c73-862d-4cba-8d8f-72d33b924dad req-c6ff3c73-862d-4cba-8d8f-72d33b924dad ] Request (FlavorsAccessNegativeTestJSON:tearDownClass): 201 POST http://10.180.1.21/identity/v3/auth/tokens 0.082s
2025-02-14 11:28:19.256 63484 INFO tempest.lib.common.rest_client [req-4d76da9f-3219-4e08-becb-f5f31a83095f req-4d76da9f-3219-4e08-becb-f5f31a83095f ] Request (ServerAddressesTestJSON:setUpClass): 201 POST http://10.180.1.21/identity/v3/auth/tokens 0.043s
2025-02-14 11:28:19.256 63484 INFO tempest.lib.common.fixed_network [-] (ServerAddressesTestJSON:setUpClass) Found network {'id': '44d8c725-f4a5-45b3-b839-87471abc95b1', 'name': 'tempest-ServerAddressesTestJSON-1946634287-network', 'tenant_id': '25a7ba05fad24586b0aaa42f74277fc9', 'admin_state_up': True, 'mtu': 8950, 'status': 'ACTIVE', 'subnets': [], 'shared': False, 'project_id': '25a7ba05fad24586b0aaa42f74277fc9', 'port_security_enabled': True, 'router:external': False, 'provider:network_type': 'vlan', 'provider:physical_network': 'default', 'provider:segmentation_id': 965, 'availability_zone_hints': [], 'availability_zones': [], 'ipv4_address_scope': None, 'ipv6_address_scope': None, 'description': '', 'tags': [], 'created_at': '2025-02-14T11:28:13Z', 'updated_at': '2025-02-14T11:28:13Z', 'revision_number': 1} available for tenant
2025-02-14 11:28:19.282 63466 INFO tempest.lib.common.rest_client [req-570b2db1-43de-461b-ae6c-300cb611f497 req-570b2db1-43de-461b-ae6c-300cb611f497 ] Request (ServersTestMultiNic:_run_cleanups): 200 GET http://10.180.1.21/compute/v2.1/servers/01723ee2-3bb5-4a19-a8e4-99c698361d54 2.055s
2025-02-14 11:28:19.288 63464 INFO tempest.lib.common.rest_client [req-1a6d23a9-0d18-4b08-a580-d1f9d6f301a1 req-1a6d23a9-0d18-4b08-a580-d1f9d6f301a1 ] Request (VolumesAssistedSnapshotsTest:test_volume_assisted_snapshot_create_delete): 200 GET http://10.180.1.21/compute/v2.1/servers/6c9c4f26-fccc-4009-a554-fa21d6bb157d/os-interface 1.968s
2025-02-14 11:28:19.310 63510 INFO tempest.lib.common.rest_client [req-5e82f1e9-cd11-4e36-9b06-55f6151ad5d0 req-5e82f1e9-cd11-4e36-9b06-55f6151ad5d0 ] Request (AggregatesAdminNegativeTestJSON:_run_cleanups): 200 DELETE http://10.180.1.21/compute/v2.1/os-aggregates/6 1.780s
2025-02-14 11:28:19.404 63498 INFO tempest.lib.common.rest_client [req-22414f80-b521-420f-811c-1f5d4f6e5c5e req-22414f80-b521-420f-811c-1f5d4f6e5c5e ] Request (FloatingIPsAssociationTestJSON:setUpClass): 200 GET http://10.180.1.21/compute/v2.1/servers/a6f3cd92-f6a3-4748-a052-d9b124ce5876 2.065s
2025-02-14 11:28:19.414 63519 INFO tempest.lib.common.rest_client [req-60a9f948-0205-43fc-990b-e8ab82e158f0 req-60a9f948-0205-43fc-990b-e8ab82e158f0 ] Request (TenantUsagesTestJSON:setUpClass): 200 GET http://10.180.1.21/compute/v2.1/servers/dbc4106c-3d37-4fad-9ea5-0367c19ac456 1.739s
2025-02-14 11:28:19.428 63470 INFO tempest.lib.common.rest_client [req-73758bf0-fd9c-4c4e-8db8-1c6911f18407 req-73758bf0-fd9c-4c4e-8db8-1c6911f18407 ] Request (ServersAdminTestJSON:setUpClass): 201 POST http://10.180.1.21:9696/networking/v2.0/routers 3.039s
2025-02-14 11:28:19.442 63472 INFO tempest.lib.common.rest_client [req-c8a18a3f-a4e0-461b-beb4-e61d2e4eb16f req-c8a18a3f-a4e0-461b-beb4-e61d2e4eb16f ] Request (InstanceActionsTestJSON:tearDownClass): 404 GET http://10.180.1.21/compute/v2.1/servers/9b3d6806-d1e2-4719-b614-fba5aaa0c0b3 1.666s
2025-02-14 11:28:19.517 63514 INFO tempest.lib.common.rest_client [req-71508e45-aa17-4da8-807f-36cf33a15b8f req-71508e45-aa17-4da8-807f-36cf33a15b8f ] Request (ServerShowV254Test:test_rebuild_server): 200 GET http://10.180.1.21/compute/v2.1/servers/a33eaa0c-dd76-48c4-908d-6496cf14be98 1.764s
2025-02-14 11:28:19.552 63494 INFO tempest.lib.common.rest_client [req-06ddc878-deb9-4ad4-bbd2-8cb7d952e72f req-06ddc878-deb9-4ad4-bbd2-8cb7d952e72f ] Request (ServerShowV257Test:test_rebuild_server): 200 GET http://10.180.1.21/compute/v2.1/servers/6cafce31-1c08-442a-bc6c-d6b3845709ae 1.646s
2025-02-14 11:28:19.566 63513 INFO tempest.lib.common.rest_client [req-53873be5-d028-4a8a-8e3d-9c319786b3e9 req-53873be5-d028-4a8a-8e3d-9c319786b3e9 ] Request (ImagesTestJSON:test_create_image_from_stopped_server): 200 GET http://10.180.1.21/compute/v2.1/images/d08be87a-cdd3-4faf-91d0-d92b62589da3 1.607s
2025-02-14 11:28:19.580 63476 INFO tempest.lib.common.rest_client [req-1c7d70cd-e418-4ca4-a9be-4d6736337208 req-1c7d70cd-e418-4ca4-a9be-4d6736337208 ] Request (KeyPairsV210TestJSON:tearDownClass): 200 GET http://10.180.1.21:9696/networking/v2.0/security-groups?tenant_id=7fc4dfde65444a46af629fc4ede6f367&name=default 0.462s
2025-02-14 11:28:19.665 63468 INFO tempest.lib.common.rest_client [req-7e6ab53f-4ba1-455a-9db7-8b707669e35b req-7e6ab53f-4ba1-455a-9db7-8b707669e35b ] Request (FlavorsAccessNegativeTestJSON:tearDownClass): 200 GET http://10.180.1.21:9696/networking/v2.0/security-groups?tenant_id=d30bc3ff7c7d46dd98b12580286297f0&name=default 0.429s
2025-02-14 11:28:20.037 63482 INFO tempest.lib.common.rest_client [req-7ae8784e-d4ae-482e-8991-25e150ccd523 req-7ae8784e-d4ae-482e-8991-25e150ccd523 ] Request (ServerActionsV293TestJSON:setUpClass): 201 POST http://10.180.1.21:9696/networking/v2.0/subnets 0.890s
2025-02-14 11:28:20.127 63496 INFO tempest.lib.common.rest_client [req-f13e7a1e-07f8-43b6-b3a3-cd41db72c09f req-f13e7a1e-07f8-43b6-b3a3-cd41db72c09f ] Request (ServerActionsTestOtherB:setUpClass): 201 POST http://10.180.1.21:9696/networking/v2.0/floatingips 1.923s
2025-02-14 11:28:20.208 63500 INFO tempest.lib.common.rest_client [req-5eda1065-4d15-4bfb-b2b9-027ee43a95da req-5eda1065-4d15-4bfb-b2b9-027ee43a95da ] Request (ServersWithSpecificFlavorTestJSON:test_verify_created_server_ephemeral_disk): 200 GET http://10.180.1.21/compute/v2.1/servers/8df0232c-8f30-479a-a99d-40e3f767b477/os-interface 1.943s
2025-02-14 11:28:20.230 63496 INFO tempest.lib.common.rest_client [req-d133556f-51ea-40ab-83be-8a3617c3e65d req-d133556f-51ea-40ab-83be-8a3617c3e65d ] Request (ServerActionsTestOtherB:setUpClass): 201 POST http://10.180.1.21/identity/v3/auth/tokens 0.099s
2025-02-14 11:28:20.230 63496 INFO tempest.lib.common.fixed_network [-] (ServerActionsTestOtherB:setUpClass) Found network {'id': '3e5b9340-8d78-4556-887c-3147ed77ec14', 'name': 'tempest-ServerActionsTestOtherB-1440487559-network', 'tenant_id': 'b227ecbe4a204e27a0be879ffa400d90', 'admin_state_up': True, 'mtu': 8950, 'status': 'ACTIVE', 'subnets': [], 'shared': False, 'project_id': 'b227ecbe4a204e27a0be879ffa400d90', 'port_security_enabled': True, 'router:external': False, 'provider:network_type': 'vlan', 'provider:physical_network': 'default', 'provider:segmentation_id': 127, 'availability_zone_hints': [], 'availability_zones': [], 'ipv4_address_scope': None, 'ipv6_address_scope': None, 'description': '', 'tags': [], 'created_at': '2025-02-14T11:28:10Z', 'updated_at': '2025-02-14T11:28:10Z', 'revision_number': 1} available for tenant
2025-02-14 11:28:20.232 63468 INFO tempest.lib.common.rest_client [req-b94a7ece-c0b0-4b2f-b1a0-fb3335c88e03 req-b94a7ece-c0b0-4b2f-b1a0-fb3335c88e03 ] Request (FlavorsAccessNegativeTestJSON:tearDownClass): 204 DELETE http://10.180.1.21:9696/networking/v2.0/security-groups/0da45025-3f6a-4c22-9635-fe42fd671f15 0.566s
2025-02-14 11:28:20.316 63468 INFO tempest.lib.common.rest_client [req-51142805-1a1c-42fd-be95-d40e644bf4be req-51142805-1a1c-42fd-be95-d40e644bf4be ] Request (FlavorsAccessNegativeTestJSON:tearDownClass): 204 DELETE http://10.180.1.21/identity/v3/projects/d30bc3ff7c7d46dd98b12580286297f0 0.083s
2025-02-14 11:28:20.317 63468 INFO tempest.lib.common.dynamic_creds [-] Deleting project and security group for project: 1b0f6dbcf2f245c792b56c7dfff7f95a
2025-02-14 11:28:20.368 63462 INFO tempest.lib.common.rest_client [req-3239f8b8-688c-449d-b3c0-eac9dc13fba7 req-3239f8b8-688c-449d-b3c0-eac9dc13fba7 ] Request (ImagesNegativeTestJSON:test_create_image_from_deleted_server): 200 GET http://10.180.1.21/compute/v2.1/servers/1dc24ed2-965a-4a54-aec2-f41a9ce9e6ee 2.082s
2025-02-14 11:28:20.394 63504 INFO tempest.lib.common.rest_client [req-84f5a2e0-7ef1-4296-8729-a71a66e13da0 req-84f5a2e0-7ef1-4296-8729-a71a66e13da0 ] Request (AttachInterfacesV270Test:test_create_get_list_interfaces): 200 GET http://10.180.1.21/compute/v2.1/servers/8d68db99-e49e-43b3-ba0e-c4c11e1f6fdb 2.203s
2025-02-14 11:28:20.417 63476 INFO tempest.lib.common.rest_client [req-2ccb0baf-fc28-4dfa-b076-f3446f47c77a req-2ccb0baf-fc28-4dfa-b076-f3446f47c77a ] Request (KeyPairsV210TestJSON:tearDownClass): 204 DELETE http://10.180.1.21:9696/networking/v2.0/security-groups/025ae10e-5c6f-461c-aa98-8953545e2133 0.836s
2025-02-14 11:28:20.468 63480 INFO tempest.lib.common.rest_client [req-75d724b6-165b-4dde-be81-49a0f244f946 req-75d724b6-165b-4dde-be81-49a0f244f946 ] Request (AttachInterfacesUnderV243Test:test_add_remove_fixed_ip): 200 GET http://10.180.1.21/compute/v2.1/servers/57766422-1249-4ac4-8dcd-736cf0325556 1.992s
2025-02-14 11:28:20.477 63480 INFO tempest.common.waiters [-] State transition "BUILD/scheduling" ==> "BUILD/None" after 3 second wait
2025-02-14 11:28:20.533 63476 INFO tempest.lib.common.rest_client [req-206ab108-b4a5-4bd5-b5c7-f8180ee15bff req-206ab108-b4a5-4bd5-b5c7-f8180ee15bff ] Request (KeyPairsV210TestJSON:tearDownClass): 204 DELETE http://10.180.1.21/identity/v3/projects/7fc4dfde65444a46af629fc4ede6f367 0.115s
2025-02-14 11:28:20.534 63476 INFO tempest.lib.common.dynamic_creds [-] Deleting project and security group for project: 52c342a94e8045dcabf7fddebbf03214
2025-02-14 11:28:20.577 63520 INFO tempest.lib.common.rest_client [req-a2f17b86-bc0d-42e1-bc9a-3f4fff61df9e req-a2f17b86-bc0d-42e1-bc9a-3f4fff61df9e ] Request (FloatingIPsAssociationNegativeTestJSON:setUpClass): 201 POST http://10.180.1.21:9696/networking/v2.0/routers 1.814s
2025-02-14 11:28:20.693 63508 INFO tempest.lib.common.rest_client [req-0b429e36-f0a0-43a4-8f14-e49c756a68d9 req-0b429e36-f0a0-43a4-8f14-e49c756a68d9 ] Request (ServerExternalEventsTest:test_create_server_external_events): 200 POST http://10.180.1.21/compute/v2.1/os-server-external-events 2.104s
2025-02-14 11:28:20.718 63491 INFO tempest.lib.common.rest_client [req-1340388d-b70a-4f0c-8418-c872122d079c req-1340388d-b70a-4f0c-8418-c872122d079c ] Request (FlavorsAdminTestJSON:test_is_public_string_variations): 200 GET http://10.180.1.21/compute/v2.1/flavors/detail?is_public=false 2.117s
2025-02-14 11:28:20.732 63474 INFO tempest.lib.common.rest_client [req-f97c35e9-0d7b-481a-8a7d-3c0a9d4f41a3 req-f97c35e9-0d7b-481a-8a7d-3c0a9d4f41a3 ] Request (InstanceActionsNegativeTestJSON:setUpClass): 200 GET http://10.180.1.21/compute/v2.1/servers/57c2cd54-7ac2-4cdc-9ad2-29967042ffd8 2.196s
2025-02-14 11:28:20.754 63458 INFO tempest.lib.common.rest_client [req-9ba4433f-5d7e-4148-8082-08eb100d6055 req-9ba4433f-5d7e-4148-8082-08eb100d6055 ] Request (QuotasAdminTestJSON:test_delete_quota): 202 DELETE http://10.180.1.21/compute/v2.1/os-quota-sets/b985305c579944d7a26339d3d71b26b4 1.606s
2025-02-14 11:28:20.894 63488 INFO tempest.lib.common.rest_client [req-560e0fbf-d076-4a0b-9889-7895c65ed162 req-560e0fbf-d076-4a0b-9889-7895c65ed162 ] Request (ServersAdmin275Test:_run_cleanups): 200 GET http://10.180.1.21/compute/v2.1/servers/b439c92e-9cf0-4d22-ae41-c2449c0cb1c5 1.715s
