2025-02-14 11:27:36.758 63494 INFO tempest.lib.common.rest_client [req-3c7780ab-7763-4877-a4f7-5c98fe643fdf req-3c7780ab-7763-4877-a4f7-5c98fe643fdf ] Request (AZAdminNegativeTestJSON:tearDownClass): 204 DELETE http://10.180.1.21/identity/v3/users/735dbc5d56b142c7bbe21394d28c9087 0.269s
2025-02-14 11:27:36.758 63494 INFO tempest.lib.common.dynamic_creds [-] Deleting project and security group for project: 5fe7c5d1c1134c1887f91e29f22fa2d4
2025-02-14 11:27:36.789 63500 INFO tempest.lib.common.rest_client [req-a39b070d-a103-455d-8b54-5729cd98455f req-a39b070d-a103-455d-8b54-5729cd98455f ] Request (ServersWithSpecificFlavorTestJSON:setUpClass): 204 PUT http://10.180.1.21/identity/v3/projects/873c5e68e1de42f489c798046f9e253d/users/1bc9c4d996e7465ba59dd34b5bb3419e/roles/ccdcc5234b854695bc33b49f1aa86e2a 0.174s
2025-02-14 11:27:36.799 63464 INFO tempest.lib.common.rest_client [req-609c428c-bc03-4828-9edf-8bfea22afaba req-609c428c-bc03-4828-9edf-8bfea22afaba ] Request (VolumesAssistedSnapshotsTest:setUpClass): 201 POST http://10.180.1.21:9696/networking/v2.0/routers 0.938s
2025-02-14 11:27:36.883 63460 INFO tempest.lib.common.rest_client [req-fdcafc93-09e3-4efa-baea-80eaf7944080 req-fdcafc93-09e3-4efa-baea-80eaf7944080 ] Request (MigrationsAdminTest:setUpClass): 200 GET http://10.180.1.21/identity/v3/roles 0.145s
2025-02-14 11:27:36.889 63506 INFO tempest.lib.common.rest_client [req-e2bac71f-6125-4329-af0b-3c6dd3ecf724 req-e2bac71f-6125-4329-af0b-3c6dd3ecf724 ] Request (FlavorsV2NegativeTest:test_boot_with_low_ram): 204 PUT http://10.180.1.21/image/v2/images/2c582dcc-f538-408f-a3e8-d8d6dbceb3e5/file 3.282s
2025-02-14 11:27:36.904 63462 INFO tempest.lib.common.rest_client [req-e8629671-3e97-46e7-b9ff-5d1f7fdc9401 req-e8629671-3e97-46e7-b9ff-5d1f7fdc9401 ] Request (FlavorsAccessTestJSON:test_flavor_access_add_remove): 200 POST http://10.180.1.21/compute/v2.1/flavors 1.703s
2025-02-14 11:27:36.908 63494 INFO tempest.lib.common.rest_client [req-3462c269-e7b6-4c8c-bb23-b39de7142b86 req-3462c269-e7b6-4c8c-bb23-b39de7142b86 ] Request (AZAdminNegativeTestJSON:tearDownClass): 201 POST http://10.180.1.21/identity/v3/auth/tokens 0.149s
2025-02-14 11:27:36.931 63500 INFO tempest.lib.common.rest_client [req-86595c15-f5e5-4c41-aa15-d904b96d48ca req-86595c15-f5e5-4c41-aa15-d904b96d48ca ] Request (ServersWithSpecificFlavorTestJSON:setUpClass): 200 GET http://10.180.1.21/identity/v3/roles 0.141s
2025-02-14 11:27:36.960 63460 INFO tempest.lib.common.rest_client [req-80ab1a1c-fbab-4e71-9f46-9343e66ed735 req-80ab1a1c-fbab-4e71-9f46-9343e66ed735 ] Request (MigrationsAdminTest:setUpClass): 204 PUT http://10.180.1.21/identity/v3/projects/fd50c994e04f4f379f78738828f9ef88/users/157c3ec8bb5a4a67b966b3a6e6f71a2b/roles/ccdcc5234b854695bc33b49f1aa86e2a 0.076s
2025-02-14 11:27:36.971 63476 INFO tempest.lib.common.rest_client [req-1020ca4b-8ea0-4b85-832c-e4776b37a84e req-1020ca4b-8ea0-4b85-832c-e4776b37a84e ] Request (FlavorsExtraSpecsTestJSON:setUpClass): 200 POST http://10.180.1.21/compute/v2.1/flavors 1.709s
2025-02-14 11:27:37.012 63458 INFO tempest.lib.common.rest_client [req-7270a8a5-5b30-4b0e-bb6c-3befc744d944 req-7270a8a5-5b30-4b0e-bb6c-3befc744d944 ] Request (FlavorsV255TestJSON:test_crud_flavor): 200 GET http://10.180.1.21/compute/v2.1/flavors/470014919 1.732s
2025-02-14 11:27:37.044 63500 INFO tempest.lib.common.rest_client [req-c3e02556-5633-4af3-ab31-372ada019139 req-c3e02556-5633-4af3-ab31-372ada019139 ] Request (ServersWithSpecificFlavorTestJSON:setUpClass): 204 PUT http://10.180.1.21/identity/v3/projects/873c5e68e1de42f489c798046f9e253d/users/1bc9c4d996e7465ba59dd34b5bb3419e/roles/ccdcc5234b854695bc33b49f1aa86e2a 0.112s
2025-02-14 11:27:37.044 63500 INFO tempest.lib.common.dynamic_creds [-] Dynamic test user 1bc9c4d996e7465ba59dd34b5bb3419e is created with scope project and roles: ['admin']
2025-02-14 11:27:37.044 63500 INFO tempest.lib.common.dynamic_creds [-] Acquired dynamic creds: credentials: Credentials: {'domain_id': 'default', 'domain_name': 'Default', 'username': 'tempest-ServersWithSpecificFlavorTestJSON-819047871-project-admin', 'project_domain_id': 'default', 'project_domain_name': 'Default', 'project_id': '873c5e68e1de42f489c798046f9e253d', 'project_name': 'tempest-ServersWithSpecificFlavorTestJSON-819047871', 'tenant_id': '873c5e68e1de42f489c798046f9e253d', 'tenant_name': 'tempest-ServersWithSpecificFlavorTestJSON-819047871', 'user_domain_id': 'default', 'user_domain_name': 'Default', 'user_id': '1bc9c4d996e7465ba59dd34b5bb3419e', 'system': None}, Network: None, Subnet: None, Router: None
2025-02-14 11:27:37.087 63506 INFO tempest.lib.common.rest_client [req-4efc8ce1-ef7d-46fe-9084-19e452447c1c req-4efc8ce1-ef7d-46fe-9084-19e452447c1c ] Request (FlavorsV2NegativeTest:test_boot_with_low_ram): 201 POST http://10.180.1.21/identity/v3/auth/tokens 0.150s
2025-02-14 11:27:37.088 63506 INFO tempest.lib.common.fixed_network [-] (FlavorsV2NegativeTest:test_boot_with_low_ram) Found network None available for tenant
2025-02-14 11:27:37.096 63460 INFO tempest.lib.common.rest_client [req-f2de1ec0-d0ca-4f44-be1f-f44c7acc58c0 req-f2de1ec0-d0ca-4f44-be1f-f44c7acc58c0 ] Request (MigrationsAdminTest:setUpClass): 200 GET http://10.180.1.21/identity/v3/roles 0.134s
2025-02-14 11:27:37.148 63494 INFO tempest.lib.common.rest_client [req-321af817-e184-4747-8bfa-a3db73e249dc req-321af817-e184-4747-8bfa-a3db73e249dc ] Request (AZAdminNegativeTestJSON:tearDownClass): 200 GET http://10.180.1.21:9696/networking/v2.0/security-groups?tenant_id=5fe7c5d1c1134c1887f91e29f22fa2d4&name=default 0.240s
2025-02-14 11:27:37.180 63460 INFO tempest.lib.common.rest_client [req-c878fa88-af8a-490d-a736-afcd8f2245b2 req-c878fa88-af8a-490d-a736-afcd8f2245b2 ] Request (MigrationsAdminTest:setUpClass): 204 PUT http://10.180.1.21/identity/v3/projects/fd50c994e04f4f379f78738828f9ef88/users/157c3ec8bb5a4a67b966b3a6e6f71a2b/roles/ccdcc5234b854695bc33b49f1aa86e2a 0.084s
2025-02-14 11:27:37.181 63460 INFO tempest.lib.common.dynamic_creds [-] Dynamic test user 157c3ec8bb5a4a67b966b3a6e6f71a2b is created with scope project and roles: ['admin']
2025-02-14 11:27:37.181 63460 INFO tempest.lib.common.dynamic_creds [-] Acquired dynamic creds: credentials: Credentials: {'domain_id': 'default', 'domain_name': 'Default', 'username': 'tempest-MigrationsAdminTest-430397680-project-admin', 'project_domain_id': 'default', 'project_domain_name': 'Default', 'project_id': 'fd50c994e04f4f379f78738828f9ef88', 'project_name': 'tempest-MigrationsAdminTest-430397680', 'tenant_id': 'fd50c994e04f4f379f78738828f9ef88', 'tenant_name': 'tempest-MigrationsAdminTest-430397680', 'user_domain_id': 'default', 'user_domain_name': 'Default', 'user_id': '157c3ec8bb5a4a67b966b3a6e6f71a2b', 'system': None}, Network: None, Subnet: None, Router: None
2025-02-14 11:27:37.181 63460 INFO tempest.lib.common.dynamic_creds [-] Created isolated network resources for: credentials: Credentials: {'domain_id': 'default', 'domain_name': 'Default', 'username': 'tempest-MigrationsAdminTest-430397680-project-admin', 'project_domain_id': 'default', 'project_domain_name': 'Default', 'project_id': 'fd50c994e04f4f379f78738828f9ef88', 'project_name': 'tempest-MigrationsAdminTest-430397680', 'tenant_id': 'fd50c994e04f4f379f78738828f9ef88', 'tenant_name': 'tempest-MigrationsAdminTest-430397680', 'user_domain_id': 'default', 'user_domain_name': 'Default', 'user_id': '157c3ec8bb5a4a67b966b3a6e6f71a2b', 'system': None}, Network: None, Subnet: None, Router: None
2025-02-14 11:27:37.197 63496 INFO tempest.lib.common.rest_client [req-dd5a9954-0ad0-470a-a4d2-2fb232ec8624 req-dd5a9954-0ad0-470a-a4d2-2fb232ec8624 ] Request (FlavorsV261TestJSON:test_crud_flavor): 200 POST http://10.180.1.21/compute/v2.1/flavors 1.851s
2025-02-14 11:27:37.218 63478 INFO tempest.lib.common.rest_client [req-104fb45c-096d-4894-b168-44680d1ac393 req-104fb45c-096d-4894-b168-44680d1ac393 ] Request (ServicesAdminTestJSON:test_get_service_by_host_name): 200 GET http://10.180.1.21/compute/v2.1/os-services 1.796s
2025-02-14 11:27:37.224 63482 INFO tempest.lib.common.rest_client [req-37aacce9-b5b2-47cc-b3b6-e81271feb682 req-37aacce9-b5b2-47cc-b3b6-e81271feb682 ] Request (AZAdminV2TestJSON:test_get_availability_zone_list_detail): 200 GET http://10.180.1.21/compute/v2.1/os-availability-zone/detail 1.743s
2025-02-14 11:27:37.242 63494 INFO tempest.lib.common.rest_client [req-ddcf9224-270e-4159-87c0-201d12cab71c req-ddcf9224-270e-4159-87c0-201d12cab71c ] Request (AZAdminNegativeTestJSON:tearDownClass): 204 DELETE http://10.180.1.21:9696/networking/v2.0/security-groups/a1d765f1-db4d-4d82-94d7-cce5bdc7e6e7 0.093s
2025-02-14 11:27:37.282 63460 INFO tempest.lib.common.rest_client [req-8dc78b7d-5249-4c28-baa1-8455bc1272b5 req-8dc78b7d-5249-4c28-baa1-8455bc1272b5 ] Request (MigrationsAdminTest:setUpClass): 201 POST http://10.180.1.21/identity/v3/auth/tokens 0.097s
2025-02-14 11:27:37.326 63500 INFO tempest.lib.common.rest_client [req-d3a998fd-a558-4fd9-b042-5acf947a0c1c req-d3a998fd-a558-4fd9-b042-5acf947a0c1c ] Request (ServersWithSpecificFlavorTestJSON:setUpClass): 201 POST http://10.180.1.21:9696/networking/v2.0/networks 0.282s
2025-02-14 11:27:37.370 63519 INFO tempest.lib.common.rest_client [req-ca30895e-3ce3-4344-a540-11c1d8637a9c req-ca30895e-3ce3-4344-a540-11c1d8637a9c ] Request (HypervisorAdminUnderV252Test:test_get_hypervisor_show_servers): 200 GET http://10.180.1.21/compute/v2.1/os-hypervisors 1.609s
2025-02-14 11:27:37.386 63482 INFO tempest.lib.common.rest_client [req-1246e2a3-3a1f-44b1-94d4-1c69dca5fd0d req-1246e2a3-3a1f-44b1-94d4-1c69dca5fd0d ] Request (AZAdminV2TestJSON:tearDownClass): 204 DELETE http://10.180.1.21/identity/v3/users/4d5170be1bdf4f2781b4de066720fff4 0.157s
2025-02-14 11:27:37.389 63494 INFO tempest.lib.common.rest_client [req-b5aabed4-66f9-4198-a180-783a2a1ccfc2 req-b5aabed4-66f9-4198-a180-783a2a1ccfc2 ] Request (AZAdminNegativeTestJSON:tearDownClass): 204 DELETE http://10.180.1.21/identity/v3/projects/5fe7c5d1c1134c1887f91e29f22fa2d4 0.146s
2025-02-14 11:27:37.389 63494 INFO tempest.lib.common.dynamic_creds [-] Deleting project and security group for project: 3cfeabcc51714be8abfddfcf2db0acab
2025-02-14 11:27:37.488 63516 INFO tempest.lib.common.rest_client [req-97e344f4-2ae1-4382-8f03-5b958ff25a52 req-97e344f4-2ae1-4382-8f03-5b958ff25a52 ] Request (DeleteServersAdminTestJSON:test_admin_delete_servers_of_others): 200 GET http://10.180.1.21/compute/v2.1/servers/47ee95ee-8e08-4e0e-b519-1ad82e138095 1.880s
2025-02-14 11:27:37.512 63482 INFO tempest.lib.common.rest_client [req-61e81b82-0eba-400f-ad17-0d81510d54eb req-61e81b82-0eba-400f-ad17-0d81510d54eb ] Request (AZAdminV2TestJSON:tearDownClass): 204 DELETE http://10.180.1.21/identity/v3/users/6f259b000efb4b6ca172351f42eae2e1 0.126s
2025-02-14 11:27:37.513 63482 INFO tempest.lib.common.dynamic_creds [-] Deleting project and security group for project: 022fb716088f4a0db9a5698ee13cc15b
2025-02-14 11:27:37.572 63482 INFO tempest.lib.common.rest_client [req-5e06ab81-1c97-4565-95ea-8455f072948b req-5e06ab81-1c97-4565-95ea-8455f072948b ] Request (AZAdminV2TestJSON:tearDownClass): 201 POST http://10.180.1.21/identity/v3/auth/tokens 0.059s
2025-02-14 11:27:37.598 63494 INFO tempest.lib.common.rest_client [req-bf1439c1-f164-44c4-9588-0cbdcb309eb6 req-bf1439c1-f164-44c4-9588-0cbdcb309eb6 ] Request (AZAdminNegativeTestJSON:tearDownClass): 200 GET http://10.180.1.21:9696/networking/v2.0/security-groups?tenant_id=3cfeabcc51714be8abfddfcf2db0acab&name=default 0.208s
2025-02-14 11:27:37.632 63508 INFO tempest.lib.common.rest_client [req-3302ec1d-98ad-4c48-8b92-ca311b551961 req-3302ec1d-98ad-4c48-8b92-ca311b551961 ] Request (HypervisorAdminV253TestBase:test_list_show_detail_hypervisors): 200 GET http://10.180.1.21/compute/v2.1/os-hypervisors/detail?with_servers=True 1.792s
2025-02-14 11:27:37.650 63470 INFO tempest.lib.common.rest_client [req-84e4ab64-845c-4f32-bba8-d610914175ec req-84e4ab64-845c-4f32-bba8-d610914175ec ] Request (ServerDiagnosticsNegativeTest:test_get_server_diagnostics_by_non_admin): 202 POST http://10.180.1.21/compute/v2.1/servers 1.833s
2025-02-14 11:27:37.671 63480 INFO tempest.lib.common.rest_client [req-8f8aec6c-7afd-4c64-a9e7-346f72520e3a req-8f8aec6c-7afd-4c64-a9e7-346f72520e3a ] Request (InstanceUsageAuditLogTestJSON:test_list_instance_usage_audit_logs): 200 GET http://10.180.1.21/compute/v2.1/os-instance_usage_audit_log 1.673s
2025-02-14 11:27:37.679 63500 INFO tempest.lib.common.rest_client [req-16ab31ee-72b3-465e-9261-d5b1e22ecc05 req-16ab31ee-72b3-465e-9261-d5b1e22ecc05 ] Request (ServersWithSpecificFlavorTestJSON:setUpClass): 201 POST http://10.180.1.21:9696/networking/v2.0/subnets 0.352s
2025-02-14 11:27:37.718 63494 INFO tempest.lib.common.rest_client [req-7e4e3150-3125-4876-8349-a9ea574c90dc req-7e4e3150-3125-4876-8349-a9ea574c90dc ] Request (AZAdminNegativeTestJSON:tearDownClass): 204 DELETE http://10.180.1.21:9696/networking/v2.0/security-groups/fcdd3f27-930a-4189-8cc5-120680c5f2fe 0.120s
2025-02-14 11:27:37.753 63502 INFO tempest.lib.common.rest_client [req-9e9c1b5a-fbe4-4011-8d30-fe52a420f43b req-9e9c1b5a-fbe4-4011-8d30-fe52a420f43b ] Request (HostsAdminNegativeTestJSON:test_list_hosts_with_non_admin_user): 403 GET http://10.180.1.21/compute/v2.1/os-hosts 1.750s
2025-02-14 11:27:37.770 63468 INFO tempest.lib.common.rest_client [req-e26cd20b-4de9-4d50-abc5-9c61f7cac136 req-e26cd20b-4de9-4d50-abc5-9c61f7cac136 ] Request (FlavorsAccessNegativeTestJSON:test_add_flavor_access_duplicate): 200 POST http://10.180.1.21/compute/v2.1/flavors 1.851s
2025-02-14 11:27:37.809 63514 INFO tempest.lib.common.rest_client [req-ba1d434b-c214-4d71-9341-1236d2d127a8 req-ba1d434b-c214-4d71-9341-1236d2d127a8 ] Request (KeyPairsV22TestJSON:test_keypair_create_delete): 201 POST http://10.180.1.21/compute/v2.1/os-keypairs 1.711s
2025-02-14 11:27:37.822 63480 INFO tempest.lib.common.rest_client [req-da308f43-c45c-4820-bbeb-f21f2348c428 req-da308f43-c45c-4820-bbeb-f21f2348c428 ] Request (InstanceUsageAuditLogTestJSON:tearDownClass): 204 DELETE http://10.180.1.21/identity/v3/users/60c6e0879e6744999c689db937b6eecc 0.147s
2025-02-14 11:27:37.834 63494 INFO tempest.lib.common.rest_client [req-762bfc41-b6c5-4dd1-be44-c5bbd0cc0541 req-762bfc41-b6c5-4dd1-be44-c5bbd0cc0541 ] Request (AZAdminNegativeTestJSON:tearDownClass): 204 DELETE http://10.180.1.21/identity/v3/projects/3cfeabcc51714be8abfddfcf2db0acab 0.115s
2025-02-14 11:27:37.836 63494 INFO tempest.test [-] raised in SpiceDirectConsoleTestJSON.setUpClass. Invoking tearDownClass.
2025-02-14 11:27:37.839 63494 INFO tempest.test [-] raised in NoVNCConsoleTestJSON.setUpClass. Invoking tearDownClass.
2025-02-14 11:27:37.872 63482 INFO tempest.lib.common.rest_client [req-8c242a6f-c7cc-4e9e-880c-9874788e01f2 req-8c242a6f-c7cc-4e9e-880c-9874788e01f2 ] Request (AZAdminV2TestJSON:tearDownClass): 200 GET http://10.180.1.21:9696/networking/v2.0/security-groups?tenant_id=022fb716088f4a0db9a5698ee13cc15b&name=default 0.299s
2025-02-14 11:27:37.973 63494 INFO tempest.lib.common.rest_client [req-4d9319ab-9dbc-4ca4-832c-42bd41e5b4f2 req-4d9319ab-9dbc-4ca4-832c-42bd41e5b4f2 ] Request (ServerShowV257Test:setUpClass): 201 POST http://10.180.1.21/identity/v3/auth/tokens 0.132s
2025-02-14 11:27:38.027 63480 INFO tempest.lib.common.rest_client [req-9ea7ba59-2742-4225-8a9e-963dc2b9bffe req-9ea7ba59-2742-4225-8a9e-963dc2b9bffe ] Request (InstanceUsageAuditLogTestJSON:tearDownClass): 204 DELETE http://10.180.1.21/identity/v3/users/bff28a23c5bb41e4bd3ce0fe014dab7d 0.204s
2025-02-14 11:27:38.028 63482 INFO tempest.lib.common.rest_client [req-055382bd-bdd0-417e-b9e8-6f9f58fb0b40 req-055382bd-bdd0-417e-b9e8-6f9f58fb0b40 ] Request (AZAdminV2TestJSON:tearDownClass): 204 DELETE http://10.180.1.21:9696/networking/v2.0/security-groups/5e18fe9a-d0d3-4fc8-b745-30ec80bbbfeb 0.155s
2025-02-14 11:27:38.027 63480 INFO tempest.lib.common.dynamic_creds [-] Deleting project and security group for project: 69561bfc49da4db886f0b24df0980b9f
2025-02-14 11:27:38.037 63488 INFO tempest.lib.common.rest_client [req-90b8d58e-3801-4c53-b389-12d05be9cdcb req-90b8d58e-3801-4c53-b389-12d05be9cdcb ] Request (ServersAdmin275Test:test_rebuild_update_server_275): 202 POST http://10.180.1.21/compute/v2.1/servers 1.998s
2025-02-14 11:27:38.045 63494 INFO tempest.lib.common.rest_client [req-fb5fa35d-ae1a-484e-aa10-f8e13efbe3e8 req-fb5fa35d-ae1a-484e-aa10-f8e13efbe3e8 ] Request (ServerShowV257Test:setUpClass): 201 POST http://10.180.1.21/identity/v3/auth/tokens 0.068s
2025-02-14 11:27:38.075 63480 INFO tempest.lib.common.rest_client [req-e9fdbfb6-73f1-41ba-98a1-174b5f44a41b req-e9fdbfb6-73f1-41ba-98a1-174b5f44a41b ] Request (InstanceUsageAuditLogTestJSON:tearDownClass): 201 POST http://10.180.1.21/identity/v3/auth/tokens 0.046s
2025-02-14 11:27:38.111 63464 INFO tempest.lib.common.rest_client [req-9f759f37-176b-4581-94c2-0eb46a7475fc req-9f759f37-176b-4581-94c2-0eb46a7475fc ] Request (VolumesAssistedSnapshotsTest:setUpClass): 200 PUT http://10.180.1.21:9696/networking/v2.0/routers/376d1ee2-35ef-407a-9fc4-8f48ecb08747/add_router_interface 1.311s
2025-02-14 11:27:38.111 63464 INFO tempest.lib.common.dynamic_creds [-] Created isolated network resources for: credentials: Credentials: {'domain_id': 'default', 'domain_name': 'Default', 'username': 'tempest-VolumesAssistedSnapshotsTest-2138296471-project-admin', 'project_domain_id': 'default', 'project_domain_name': 'Default', 'project_id': '0b929152ddc34e39839c69a3ede34fd9', 'project_name': 'tempest-VolumesAssistedSnapshotsTest-2138296471', 'tenant_id': '0b929152ddc34e39839c69a3ede34fd9', 'tenant_name': 'tempest-VolumesAssistedSnapshotsTest-2138296471', 'user_domain_id': 'default', 'user_domain_name': 'Default', 'user_id': '180a3aca1b3046868b4278b650505e1d', 'system': None}, Network: {'id': 'aa7a3157-3c09-4178-867d-51c2cce9033f', 'name': 'tempest-VolumesAssistedSnapshotsTest-1308317626-network', 'tenant_id': '0b929152ddc34e39839c69a3ede34fd9', 'admin_state_up': True, 'mtu': 8950, 'status': 'ACTIVE', 'subnets': [], 'shared': False, 'project_id': '0b929152ddc34e39839c69a3ede34fd9', 'port_security_enabled': True, 'router:external': False, 'provider:network_type': 'vlan', 'provider:physical_network': 'default', 'provider:segmentation_id': 879, 'availability_zone_hints': [], 'availability_zones': [], 'ipv4_address_scope': None, 'ipv6_address_scope': None, 'description': '', 'tags': [], 'created_at': '2025-02-14T11:27:35Z', 'updated_at': '2025-02-14T11:27:35Z', 'revision_number': 1}, Subnet: {'id': '2f3967ef-ce62-49f0-8ef1-acf6362e64f5', 'name': 'tempest-VolumesAssistedSnapshotsTest-1308317626-subnet', 'tenant_id': '0b929152ddc34e39839c69a3ede34fd9', 'network_id': 'aa7a3157-3c09-4178-867d-51c2cce9033f', 'ip_version': 4, 'subnetpool_id': None, 'enable_dhcp': True, 'ipv6_ra_mode': None, 'ipv6_address_mode': None, 'gateway_ip': '192.168.128.1', 'cidr': '192.168.128.0/28', 'allocation_pools': [{'start': '192.168.128.2', 'end': '192.168.128.14'}], 'host_routes': [], 'dns_nameservers': [], 'description': '', 'router:external': False, 'service_types': [], 'tags': [], 'created_at': '2025-02-14T11:27:35Z', 'updated_at': '2025-02-14T11:27:35Z', 'revision_number': 0, 'project_id': '0b929152ddc34e39839c69a3ede34fd9'}, Router: {'id': '376d1ee2-35ef-407a-9fc4-8f48ecb08747', 'name': 'tempest-VolumesAssistedSnapshotsTest-1308317626-router', 'tenant_id': '0b929152ddc34e39839c69a3ede34fd9', 'admin_state_up': True, 'status': 'ACTIVE', 'external_gateway_info': {'network_id': '6c71d80a-8ee9-4152-b887-b9b58a2da5a8', 'external_fixed_ips': [{'subnet_id': 'ce7b5ca1-4450-4f47-bdd6-f75bbff9ff48', 'ip_address': '10.180.180.230'}], 'enable_snat': True}, 'description': '', 'availability_zones': [], 'distributed': False, 'ha': False, 'availability_zone_hints': [], 'routes': [], 'flavor_id': None, 'tags': [], 'created_at': '2025-02-14T11:27:35Z', 'updated_at': '2025-02-14T11:27:36Z', 'revision_number': 2, 'project_id': '0b929152ddc34e39839c69a3ede34fd9'}
2025-02-14 11:27:38.124 63482 INFO tempest.lib.common.rest_client [req-5f7b264f-26a4-4ce2-9754-ecadda1f678a req-5f7b264f-26a4-4ce2-9754-ecadda1f678a ] Request (AZAdminV2TestJSON:tearDownClass): 204 DELETE http://10.180.1.21/identity/v3/projects/022fb716088f4a0db9a5698ee13cc15b 0.095s
2025-02-14 11:27:38.124 63482 INFO tempest.lib.common.dynamic_creds [-] Deleting project and security group for project: c5477214b4d24021ba35e3fb1bea1a0e
2025-02-14 11:27:38.192 63494 INFO tempest.lib.common.rest_client [req-7233f8a0-0135-4559-8233-cbfbd50e2d41 req-7233f8a0-0135-4559-8233-cbfbd50e2d41 ] Request (ServerShowV257Test:setUpClass): 200 GET http://10.180.1.21/identity/v3/domains?name=Default 0.147s
2025-02-14 11:27:38.199 63492 INFO tempest.lib.common.rest_client [req-3add7fc2-852e-4eb1-9f51-881899a64389 req-3add7fc2-852e-4eb1-9f51-881899a64389 ] Request (ServerDiagnosticsTest:test_get_server_diagnostics): 202 POST http://10.180.1.21/compute/v2.1/servers 2.097s
2025-02-14 11:27:38.314 63482 INFO tempest.lib.common.rest_client [req-054179eb-b4c6-4dda-8d93-56ca112cb99c req-054179eb-b4c6-4dda-8d93-56ca112cb99c ] Request (AZAdminV2TestJSON:tearDownClass): 200 GET http://10.180.1.21:9696/networking/v2.0/security-groups?tenant_id=c5477214b4d24021ba35e3fb1bea1a0e&name=default 0.190s
2025-02-14 11:27:38.331 63494 INFO tempest.lib.common.rest_client [req-8a4ccbb7-dc87-4dcc-87a2-f64a61fc8668 req-8a4ccbb7-dc87-4dcc-87a2-f64a61fc8668 ] Request (ServerShowV257Test:setUpClass): 201 POST http://10.180.1.21/identity/v3/projects 0.137s
2025-02-14 11:27:38.367 63504 INFO tempest.lib.common.rest_client [req-be5e07f5-f6b2-4a94-96eb-65ab253ba916 req-be5e07f5-f6b2-4a94-96eb-65ab253ba916 ] Request (FloatingIPsTestJSON:test_allocate_floating_ip): 200 GET http://10.180.1.21/compute/v2.1/os-floating-ips 2.249s
2025-02-14 11:27:38.369 63464 INFO tempest.lib.common.rest_client [req-20087fba-7878-417f-a680-04c0100830ba req-20087fba-7878-417f-a680-04c0100830ba ] Request (VolumesAssistedSnapshotsTest:setUpClass): 201 POST http://10.180.1.21/identity/v3/auth/tokens 0.196s
2025-02-14 11:27:38.409 63484 INFO tempest.lib.common.rest_client [req-288b6772-6bb1-4a23-a793-7c8704439cc5 req-288b6772-6bb1-4a23-a793-7c8704439cc5 ] Request (FlavorsV2TestJSON:test_list_flavors_detailed_filter_by_min_disk): 200 GET http://10.180.1.21/compute/v2.1/flavors/detail?minDisk=2 2.271s
2025-02-14 11:27:38.435 63491 INFO tempest.lib.common.rest_client [req-3ded93af-7dee-4a01-9621-f5caa7ff80a5 req-3ded93af-7dee-4a01-9621-f5caa7ff80a5 ] Request (FlavorsAdminTestJSON:test_create_flavor_verify_entry_in_list_details): 200 GET http://10.180.1.21/compute/v2.1/flavors/detail 2.282s
2025-02-14 11:27:38.447 63482 INFO tempest.lib.common.rest_client [req-8fe474d6-8ba2-4dfc-acb8-4841f63104f4 req-8fe474d6-8ba2-4dfc-acb8-4841f63104f4 ] Request (AZAdminV2TestJSON:tearDownClass): 204 DELETE http://10.180.1.21:9696/networking/v2.0/security-groups/a1e2da95-012c-4750-9f0b-e228baf9f310 0.132s
2025-02-14 11:27:38.450 63494 INFO tempest.lib.common.rest_client [req-157dac81-4d4a-46ee-abc6-d06f42b21f99 req-157dac81-4d4a-46ee-abc6-d06f42b21f99 ] Request (ServerShowV257Test:setUpClass): 201 POST http://10.180.1.21/identity/v3/users 0.117s
2025-02-14 11:27:38.472 63464 INFO tempest.lib.common.rest_client [req-bf06a16a-1e36-4e62-9559-7deb38e047f3 req-bf06a16a-1e36-4e62-9559-7deb38e047f3 ] Request (VolumesAssistedSnapshotsTest:setUpClass): 201 POST http://10.180.1.21/identity/v3/projects 0.102s
2025-02-14 11:27:38.515 63472 INFO tempest.lib.common.rest_client [req-733b8e46-6611-4136-97ef-e27c41a8d615 req-733b8e46-6611-4136-97ef-e27c41a8d615 ] Request (InstanceActionsTestJSON:setUpClass): 200 GET http://10.180.1.21/compute/v2.1/servers/9b3d6806-d1e2-4719-b614-fba5aaa0c0b3 2.142s
2025-02-14 11:27:38.526 63472 INFO tempest.common.waiters [-] State transition "BUILD/scheduling" ==> "BUILD/networking" after 3 second wait
2025-02-14 11:27:38.526 63482 INFO tempest.lib.common.rest_client [req-e59fc5cd-f85c-48e1-9064-1a50b5bd2775 req-e59fc5cd-f85c-48e1-9064-1a50b5bd2775 ] Request (AZAdminV2TestJSON:tearDownClass): 204 DELETE http://10.180.1.21/identity/v3/projects/c5477214b4d24021ba35e3fb1bea1a0e 0.079s
2025-02-14 11:27:38.526 63480 INFO tempest.lib.common.rest_client [req-87616c04-8c2f-4ada-92d1-fb191a3e0964 req-87616c04-8c2f-4ada-92d1-fb191a3e0964 ] Request (InstanceUsageAuditLogTestJSON:tearDownClass): 200 GET http://10.180.1.21:9696/networking/v2.0/security-groups?tenant_id=69561bfc49da4db886f0b24df0980b9f&name=default 0.451s
2025-02-14 11:27:38.559 63494 INFO tempest.lib.common.rest_client [req-08b983bd-5927-40f8-9ed4-93b8451be992 req-08b983bd-5927-40f8-9ed4-93b8451be992 ] Request (ServerShowV257Test:setUpClass): 200 GET http://10.180.1.21/identity/v3/roles 0.109s
2025-02-14 11:27:38.589 63464 INFO tempest.lib.common.rest_client [req-d98bbbae-761d-4ef8-8ba7-40338d5c4f63 req-d98bbbae-761d-4ef8-8ba7-40338d5c4f63 ] Request (VolumesAssistedSnapshotsTest:setUpClass): 201 POST http://10.180.1.21/identity/v3/users 0.116s
2025-02-14 11:27:38.620 63482 INFO tempest.lib.common.rest_client [req-475ae517-8980-4954-8663-e0ad3f03e773 req-475ae517-8980-4954-8663-e0ad3f03e773 ] Request (FlavorsExtraSpecsNegativeTestJSON:setUpClass): 201 POST http://10.180.1.21/identity/v3/auth/tokens 0.092s
2025-02-14 11:27:38.660 63494 INFO tempest.lib.common.rest_client [req-f18eba2b-8faf-44bb-9318-28f2e5cbf44b req-f18eba2b-8faf-44bb-9318-28f2e5cbf44b ] Request (ServerShowV257Test:setUpClass): 204 PUT http://10.180.1.21/identity/v3/projects/96a6f4c384134800b7364c39e1b0fd93/users/7b01bfc055da4dfb993a27805eb2107c/roles/99869777cc7f42eabe01050340c47050 0.101s
2025-02-14 11:27:38.660 63494 INFO tempest.lib.common.dynamic_creds [-] Dynamic test user 7b01bfc055da4dfb993a27805eb2107c is created with scope project and roles: ['member']
2025-02-14 11:27:38.660 63494 INFO tempest.lib.common.dynamic_creds [-] Acquired dynamic creds: credentials: Credentials: {'domain_id': 'default', 'domain_name': 'Default', 'username': 'tempest-ServerShowV257Test-159348544-project-member', 'project_domain_id': 'default', 'project_domain_name': 'Default', 'project_id': '96a6f4c384134800b7364c39e1b0fd93', 'project_name': 'tempest-ServerShowV257Test-159348544', 'tenant_id': '96a6f4c384134800b7364c39e1b0fd93', 'tenant_name': 'tempest-ServerShowV257Test-159348544', 'user_domain_id': 'default', 'user_domain_name': 'Default', 'user_id': '7b01bfc055da4dfb993a27805eb2107c', 'system': None}, Network: None, Subnet: None, Router: None
2025-02-14 11:27:38.661 63494 INFO tempest.lib.common.dynamic_creds [-] Created isolated network resources for: credentials: Credentials: {'domain_id': 'default', 'domain_name': 'Default', 'username': 'tempest-ServerShowV257Test-159348544-project-member', 'project_domain_id': 'default', 'project_domain_name': 'Default', 'project_id': '96a6f4c384134800b7364c39e1b0fd93', 'project_name': 'tempest-ServerShowV257Test-159348544', 'tenant_id': '96a6f4c384134800b7364c39e1b0fd93', 'tenant_name': 'tempest-ServerShowV257Test-159348544', 'user_domain_id': 'default', 'user_domain_name': 'Default', 'user_id': '7b01bfc055da4dfb993a27805eb2107c', 'system': None}, Network: None, Subnet: None, Router: None
2025-02-14 11:27:38.686 63474 INFO tempest.lib.common.rest_client [req-cbaedf5e-b230-474e-aee0-1b1a1037b1d9 req-cbaedf5e-b230-474e-aee0-1b1a1037b1d9 ] Request (HypervisorAdminNegativeUnderV252Test:test_search_hypervisor_with_non_admin_user): 403 GET http://10.180.1.21/compute/v2.1/os-hypervisors/domain-c8.fc996f14-c53b-4953-92e3-bdfa48f5cc28/search 2.284s
2025-02-14 11:27:38.713 63498 INFO tempest.lib.common.rest_client [req-f9d8725a-fe98-45f7-b9a3-49f0965b42c4 req-f9d8725a-fe98-45f7-b9a3-49f0965b42c4 ] Request (ServicesAdminNegativeTestJSON:test_get_service_by_invalid_params): 200 GET http://10.180.1.21/compute/v2.1/os-services?xxx=nova-compute 2.234s
2025-02-14 11:27:38.724 63464 INFO tempest.lib.common.rest_client [req-74b67f67-93ca-4b6c-b90c-d59961309bb2 req-74b67f67-93ca-4b6c-b90c-d59961309bb2 ] Request (VolumesAssistedSnapshotsTest:setUpClass): 200 GET http://10.180.1.21/identity/v3/roles 0.135s
2025-02-14 11:27:38.729 63482 INFO tempest.lib.common.rest_client [req-507df7a2-557c-40c9-a869-1adf078c93eb req-507df7a2-557c-40c9-a869-1adf078c93eb ] Request (FlavorsExtraSpecsNegativeTestJSON:setUpClass): 201 POST http://10.180.1.21/identity/v3/auth/tokens 0.106s
2025-02-14 11:27:38.731 63480 INFO tempest.lib.common.rest_client [req-5254e138-554c-4714-9144-f6f7acd28e8f req-5254e138-554c-4714-9144-f6f7acd28e8f ] Request (InstanceUsageAuditLogTestJSON:tearDownClass): 204 DELETE http://10.180.1.21:9696/networking/v2.0/security-groups/edfaaf29-7104-4330-8cee-60ed922c8f9f 0.205s
2025-02-14 11:27:38.799 63494 INFO tempest.lib.common.rest_client [req-9ee98a70-8e43-47d6-9483-1fa301f71a56 req-9ee98a70-8e43-47d6-9483-1fa301f71a56 ] Request (ServerShowV257Test:setUpClass): 201 POST http://10.180.1.21/identity/v3/auth/tokens 0.136s
2025-02-14 11:27:38.830 63464 INFO tempest.lib.common.rest_client [req-295faa33-3908-4e3e-9b1c-3339a03cb639 req-295faa33-3908-4e3e-9b1c-3339a03cb639 ] Request (VolumesAssistedSnapshotsTest:setUpClass): 204 PUT http://10.180.1.21/identity/v3/projects/92a21321881d4d06928c5a1166796277/users/ecac0eaf348d4a0ab71cbdff40085109/roles/ad7282fc3f3046488eb948356a800aa7 0.105s
2025-02-14 11:27:38.897 63482 INFO tempest.lib.common.rest_client [req-0a25b4c4-62d8-476c-a473-fc64a5f95233 req-0a25b4c4-62d8-476c-a473-fc64a5f95233 ] Request (FlavorsExtraSpecsNegativeTestJSON:setUpClass): 200 GET http://10.180.1.21/identity/v3/domains?name=Default 0.167s
2025-02-14 11:27:38.916 63500 INFO tempest.lib.common.rest_client [req-73360453-b691-49b1-bfa5-dfed664d8df8 req-73360453-b691-49b1-bfa5-dfed664d8df8 ] Request (ServersWithSpecificFlavorTestJSON:setUpClass): 201 POST http://10.180.1.21:9696/networking/v2.0/routers 1.237s
2025-02-14 11:27:38.923 63513 INFO tempest.lib.common.rest_client [req-37da78af-088e-4fa5-a127-2ccd228cdfff req-37da78af-088e-4fa5-a127-2ccd228cdfff ] Request (ImagesTestJSON:test_create_image_from_stopped_server): 202 POST http://10.180.1.21/compute/v2.1/servers 2.807s
2025-02-14 11:27:38.973 63494 INFO tempest.lib.common.rest_client [req-23e94ab6-8d9f-42f9-9752-7511e31077b0 req-23e94ab6-8d9f-42f9-9752-7511e31077b0 ] Request (ServerShowV257Test:test_rebuild_server): 201 POST http://10.180.1.21/identity/v3/auth/tokens 0.167s
2025-02-14 11:27:38.973 63494 INFO tempest.lib.common.fixed_network [-] (ServerShowV257Test:test_rebuild_server) Found network None available for tenant
2025-02-14 11:27:39.042 63464 INFO tempest.lib.common.rest_client [req-c2a376f3-769c-445f-933e-9c0d65d1d61a req-c2a376f3-769c-445f-933e-9c0d65d1d61a ] Request (VolumesAssistedSnapshotsTest:setUpClass): 200 GET http://10.180.1.21/identity/v3/roles 0.211s
2025-02-14 11:27:39.049 63480 INFO tempest.lib.common.rest_client [req-5c83e345-a8fe-4c6e-942e-a02c63a4ec90 req-5c83e345-a8fe-4c6e-942e-a02c63a4ec90 ] Request (InstanceUsageAuditLogTestJSON:tearDownClass): 204 DELETE http://10.180.1.21/identity/v3/projects/69561bfc49da4db886f0b24df0980b9f 0.317s
2025-02-14 11:27:39.049 63480 INFO tempest.lib.common.dynamic_creds [-] Deleting project and security group for project: b10bee8424444214a34436647e4d2bc8
2025-02-14 11:27:39.052 63510 INFO tempest.lib.common.rest_client [req-da33d3d7-122b-449f-98f7-83a54ea78c55 req-da33d3d7-122b-449f-98f7-83a54ea78c55 ] Request (AggregatesAdminNegativeTestJSON:test_aggregate_add_existent_host): 200 POST http://10.180.1.21/compute/v2.1/os-aggregates 2.319s
2025-02-14 11:27:39.074 63482 INFO tempest.lib.common.rest_client [req-8e84fe6a-9631-4562-baa9-0bf9769ed67a req-8e84fe6a-9631-4562-baa9-0bf9769ed67a ] Request (FlavorsExtraSpecsNegativeTestJSON:setUpClass): 201 POST http://10.180.1.21/identity/v3/projects 0.176s
2025-02-14 11:27:39.076 63486 INFO tempest.lib.common.rest_client [req-4ca4b934-bcfd-4753-b6f5-8706aabb3515 req-4ca4b934-bcfd-4753-b6f5-8706aabb3515 ] Request (HostsAdminTestJSON:test_list_hosts_with_a_blank_zone): 200 GET http://10.180.1.21/compute/v2.1/os-hosts?zone= 2.324s
2025-02-14 11:27:39.158 63464 INFO tempest.lib.common.rest_client [req-4ad0fd4d-71ed-4ee2-9907-5d8e08823ca1 req-4ad0fd4d-71ed-4ee2-9907-5d8e08823ca1 ] Request (VolumesAssistedSnapshotsTest:setUpClass): 204 PUT http://10.180.1.21/identity/v3/projects/92a21321881d4d06928c5a1166796277/users/ecac0eaf348d4a0ab71cbdff40085109/roles/ccdcc5234b854695bc33b49f1aa86e2a 0.115s
2025-02-14 11:27:39.158 63464 INFO tempest.lib.common.dynamic_creds [-] Dynamic test user ecac0eaf348d4a0ab71cbdff40085109 is created with scope project and roles: ['service', 'admin']
2025-02-14 11:27:39.158 63464 INFO tempest.lib.common.dynamic_creds [-] Acquired dynamic creds: credentials: Credentials: {'domain_id': 'default', 'domain_name': 'Default', 'username': 'tempest-VolumesAssistedSnapshotsTest-547904039-project', 'project_domain_id': 'default', 'project_domain_name': 'Default', 'project_id': '92a21321881d4d06928c5a1166796277', 'project_name': 'tempest-VolumesAssistedSnapshotsTest-547904039', 'tenant_id': '92a21321881d4d06928c5a1166796277', 'tenant_name': 'tempest-VolumesAssistedSnapshotsTest-547904039', 'user_domain_id': 'default', 'user_domain_name': 'Default', 'user_id': 'ecac0eaf348d4a0ab71cbdff40085109', 'system': None}, Network: None, Subnet: None, Router: None
2025-02-14 11:27:39.177 63480 INFO tempest.lib.common.rest_client [req-39fc66fb-3f2e-48e6-93f2-818ca0832e27 req-39fc66fb-3f2e-48e6-93f2-818ca0832e27 ] Request (InstanceUsageAuditLogTestJSON:tearDownClass): 200 GET http://10.180.1.21:9696/networking/v2.0/security-groups?tenant_id=b10bee8424444214a34436647e4d2bc8&name=default 0.128s
2025-02-14 11:27:39.224 63482 INFO tempest.lib.common.rest_client [req-fa804dae-57bd-4f72-94af-cdbfada711a4 req-fa804dae-57bd-4f72-94af-cdbfada711a4 ] Request (FlavorsExtraSpecsNegativeTestJSON:setUpClass): 201 POST http://10.180.1.21/identity/v3/users 0.148s
2025-02-14 11:27:39.252 63482 INFO tempest.lib.common.rest_client [req-7c9a7cc6-2bdd-417d-bfcd-3b6b7e6779c1 req-7c9a7cc6-2bdd-417d-bfcd-3b6b7e6779c1 ] Request (FlavorsExtraSpecsNegativeTestJSON:setUpClass): 200 GET http://10.180.1.21/identity/v3/roles 0.028s
2025-02-14 11:27:39.259 63480 INFO tempest.lib.common.rest_client [req-a0611a4d-b3aa-4a4a-b0f4-474ea7099218 req-a0611a4d-b3aa-4a4a-b0f4-474ea7099218 ] Request (InstanceUsageAuditLogTestJSON:tearDownClass): 204 DELETE http://10.180.1.21:9696/networking/v2.0/security-groups/105dc345-a9a5-4b73-9054-aa739da88be6 0.080s
2025-02-14 11:27:39.275 63520 INFO tempest.lib.common.rest_client [req-a7a724f6-572d-4fe0-921e-700796c6de87 req-a7a724f6-572d-4fe0-921e-700796c6de87 ] Request (QuotasAdminTestV236:test_get_updated_quotas): 200 PUT http://10.180.1.21/compute/v2.1/os-quota-sets/cb6d00742c184bf28f7e3c8a796fc0a0 2.740s
2025-02-14 11:27:39.295 63476 INFO tempest.lib.common.rest_client [req-68f0b9f7-eb34-4cea-aaf7-f38b30da0bc6 req-68f0b9f7-eb34-4cea-aaf7-f38b30da0bc6 ] Request (FlavorsExtraSpecsTestJSON:test_flavor_non_admin_get_all_keys): 200 POST http://10.180.1.21/compute/v2.1/flavors/1517600512/os-extra_specs 2.319s
2025-02-14 11:27:39.308 63482 INFO tempest.lib.common.rest_client [req-8604df1a-bf20-4994-82b3-5d8eaf895859 req-8604df1a-bf20-4994-82b3-5d8eaf895859 ] Request (FlavorsExtraSpecsNegativeTestJSON:setUpClass): 204 PUT http://10.180.1.21/identity/v3/projects/2bb8b7cd1bfb4148a39faba07a16e9de/users/3355fc42be7c47e39ca7649a324001d6/roles/99869777cc7f42eabe01050340c47050 0.055s
2025-02-14 11:27:39.308 63482 INFO tempest.lib.common.dynamic_creds [-] Dynamic test user 3355fc42be7c47e39ca7649a324001d6 is created with scope project and roles: ['member']
2025-02-14 11:27:39.308 63482 INFO tempest.lib.common.dynamic_creds [-] Acquired dynamic creds: credentials: Credentials: {'domain_id': 'default', 'domain_name': 'Default', 'username': 'tempest-FlavorsExtraSpecsNegativeTestJSON-1959842383-project-member', 'project_domain_id': 'default', 'project_domain_name': 'Default', 'project_id': '2bb8b7cd1bfb4148a39faba07a16e9de', 'project_name': 'tempest-FlavorsExtraSpecsNegativeTestJSON-1959842383', 'tenant_id': '2bb8b7cd1bfb4148a39faba07a16e9de', 'tenant_name': 'tempest-FlavorsExtraSpecsNegativeTestJSON-1959842383', 'user_domain_id': 'default', 'user_domain_name': 'Default', 'user_id': '3355fc42be7c47e39ca7649a324001d6', 'system': None}, Network: None, Subnet: None, Router: None
2025-02-14 11:27:39.309 63482 INFO tempest.lib.common.dynamic_creds [-] Created isolated network resources for: credentials: Credentials: {'domain_id': 'default', 'domain_name': 'Default', 'username': 'tempest-FlavorsExtraSpecsNegativeTestJSON-1959842383-project-member', 'project_domain_id': 'default', 'project_domain_name': 'Default', 'project_id': '2bb8b7cd1bfb4148a39faba07a16e9de', 'project_name': 'tempest-FlavorsExtraSpecsNegativeTestJSON-1959842383', 'tenant_id': '2bb8b7cd1bfb4148a39faba07a16e9de', 'tenant_name': 'tempest-FlavorsExtraSpecsNegativeTestJSON-1959842383', 'user_domain_id': 'default', 'user_domain_name': 'Default', 'user_id': '3355fc42be7c47e39ca7649a324001d6', 'system': None}, Network: None, Subnet: None, Router: None
2025-02-14 11:27:39.323 63458 INFO tempest.lib.common.rest_client [req-c6aad643-a833-49f7-9d08-97e7b3afec61 req-c6aad643-a833-49f7-9d08-97e7b3afec61 ] Request (FlavorsV255TestJSON:test_crud_flavor): 200 PUT http://10.180.1.21/compute/v2.1/flavors/470014919 2.308s
2025-02-14 11:27:39.363 63462 INFO tempest.lib.common.rest_client [req-033194d7-6e35-49d8-a1a7-7fd30b32333a req-033194d7-6e35-49d8-a1a7-7fd30b32333a ] Request (FlavorsAccessTestJSON:test_flavor_access_add_remove): 200 POST http://10.180.1.21/compute/v2.1/flavors/1412512024/action 2.453s
2025-02-14 11:27:39.408 63482 INFO tempest.lib.common.rest_client [req-6ca41e52-3bc3-4276-affe-b1c3f725cba4 req-6ca41e52-3bc3-4276-affe-b1c3f725cba4 ] Request (FlavorsExtraSpecsNegativeTestJSON:setUpClass): 201 POST http://10.180.1.21/identity/v3/auth/tokens 0.094s
2025-02-14 11:27:39.442 63480 INFO tempest.lib.common.rest_client [req-73a0175c-eb5d-44c9-ab31-a72eda1c0dc2 req-73a0175c-eb5d-44c9-ab31-a72eda1c0dc2 ] Request (InstanceUsageAuditLogTestJSON:tearDownClass): 204 DELETE http://10.180.1.21/identity/v3/projects/b10bee8424444214a34436647e4d2bc8 0.182s
2025-02-14 11:27:39.466 63506 INFO tempest.lib.common.rest_client [req-ca757d33-f62d-4634-a8c7-2bc77329355a req-ca757d33-f62d-4634-a8c7-2bc77329355a ] Request (FlavorsV2NegativeTest:test_boot_with_low_ram): 400 POST http://10.180.1.21/compute/v2.1/servers 2.377s
2025-02-14 11:27:39.486 63478 INFO tempest.lib.common.rest_client [req-85e6d0d6-2fc8-4417-bc16-fe88e495805a req-85e6d0d6-2fc8-4417-bc16-fe88e495805a ] Request (ServicesAdminTestJSON:test_get_service_by_host_name): 200 GET http://10.180.1.21/compute/v2.1/os-services?host=devstack 2.263s
2025-02-14 11:27:39.519 63482 INFO tempest.lib.common.rest_client [req-6f9e0520-0e89-4ada-9d29-52d111b8fe73 req-6f9e0520-0e89-4ada-9d29-52d111b8fe73 ] Request (FlavorsExtraSpecsNegativeTestJSON:setUpClass): 201 POST http://10.180.1.21/identity/v3/projects 0.110s
2025-02-14 11:27:39.526 63506 INFO tempest.lib.common.rest_client [req-c8f360d6-3057-4499-8f9a-5305ccbf88f3 req-c8f360d6-3057-4499-8f9a-5305ccbf88f3 ] Request (FlavorsV2NegativeTest:_run_cleanups): 204 DELETE http://10.180.1.21/image/v2/images/2c582dcc-f538-408f-a3e8-d8d6dbceb3e5 0.058s
2025-02-14 11:27:39.558 63496 INFO tempest.lib.common.rest_client [req-c873babd-ea11-4c76-aad9-dacb7eca2ae0 req-c873babd-ea11-4c76-aad9-dacb7eca2ae0 ] Request (FlavorsV261TestJSON:test_crud_flavor): 200 GET http://10.180.1.21/compute/v2.1/flavors/119793246 2.359s
2025-02-14 11:27:39.593 63480 INFO tempest.lib.common.rest_client [req-f3d4632c-8d51-470d-986c-4bd271140617 req-f3d4632c-8d51-470d-986c-4bd271140617 ] Request (FloatingIPsNegativeTestJSON:setUpClass): 201 POST http://10.180.1.21/identity/v3/auth/tokens 0.150s
2025-02-14 11:27:39.606 63519 INFO tempest.lib.common.rest_client [req-18083007-ac36-4f11-98a9-200e8168f745 req-18083007-ac36-4f11-98a9-200e8168f745 ] Request (HypervisorAdminUnderV252Test:test_get_hypervisor_show_servers): 200 GET http://10.180.1.21/compute/v2.1/os-hypervisors/domain-c8.fc996f14-c53b-4953-92e3-bdfa48f5cc28/servers 2.233s
2025-02-14 11:27:39.621 63482 INFO tempest.lib.common.rest_client [req-5970c98d-f3bd-47f0-9be4-612675cbf206 req-5970c98d-f3bd-47f0-9be4-612675cbf206 ] Request (FlavorsExtraSpecsNegativeTestJSON:setUpClass): 201 POST http://10.180.1.21/identity/v3/users 0.102s
2025-02-14 11:27:39.663 63460 INFO tempest.lib.common.rest_client [req-602d7232-7b42-48fb-b008-ba8c31f67703 req-602d7232-7b42-48fb-b008-ba8c31f67703 ] Request (MigrationsAdminTest:test_list_migrations): 200 GET http://10.180.1.21/compute/v2.1/os-migrations 2.380s
2025-02-14 11:27:39.669 63466 INFO tempest.lib.common.rest_client [req-256fb64f-6e0e-44ba-ac2b-2740f54f318f req-256fb64f-6e0e-44ba-ac2b-2740f54f318f ] Request (ServersTestMultiNic:test_verify_duplicate_network_nics): 200 GET http://10.180.1.21/compute/v2.1/servers/01723ee2-3bb5-4a19-a8e4-99c698361d54 2.202s
2025-02-14 11:27:39.669 63480 INFO tempest.lib.common.rest_client [req-29f3fe20-9ec9-4812-af61-0be35addb41f req-29f3fe20-9ec9-4812-af61-0be35addb41f ] Request (FloatingIPsNegativeTestJSON:setUpClass): 201 POST http://10.180.1.21/identity/v3/auth/tokens 0.072s
2025-02-14 11:27:39.699 63508 INFO tempest.lib.common.rest_client [req-0a915418-9fb3-4e99-b58c-d34a7780de0d req-0a915418-9fb3-4e99-b58c-d34a7780de0d ] Request (HypervisorAdminV253TestBase:test_list_show_detail_hypervisors): 200 GET http://10.180.1.21/compute/v2.1/os-hypervisors?with_servers=True 2.062s
2025-02-14 11:27:39.706 63502 INFO tempest.lib.common.rest_client [req-e20c679e-bfb1-430e-8796-79e326029839 req-e20c679e-bfb1-430e-8796-79e326029839 ] Request (HostsAdminNegativeTestJSON:test_reboot_host_with_non_admin_user): 403 GET http://10.180.1.21/compute/v2.1/os-hosts/devstack/reboot 1.946s
2025-02-14 11:27:39.716 63482 INFO tempest.lib.common.rest_client [req-a46c5af8-0c84-42c0-befb-173543d75dd4 req-a46c5af8-0c84-42c0-befb-173543d75dd4 ] Request (FlavorsExtraSpecsNegativeTestJSON:setUpClass): 200 GET http://10.180.1.21/identity/v3/roles 0.094s
2025-02-14 11:27:39.732 63470 INFO tempest.lib.common.rest_client [req-7b9f3044-5559-44e3-8213-e0f58b470156 req-7b9f3044-5559-44e3-8213-e0f58b470156 ] Request (ServerDiagnosticsNegativeTest:test_get_server_diagnostics_by_non_admin): 200 GET http://10.180.1.21/compute/v2.1/servers/b01e28fc-5f0e-46b5-8f9f-e669520cfb1a 2.080s
2025-02-14 11:27:39.734 63506 INFO tempest.lib.common.rest_client [req-4f504b1d-d819-4dae-9786-40db954dff2e req-4f504b1d-d819-4dae-9786-40db954dff2e ] Request (FlavorsV2NegativeTest:tearDownClass): 204 DELETE http://10.180.1.21/identity/v3/users/d4e19f36cfb743fcbfad46156d713cbc 0.201s
2025-02-14 11:27:39.734 63506 INFO tempest.lib.common.dynamic_creds [-] Deleting project and security group for project: 959cdba7cb32488ea5a35f9e8e15f2c0
2025-02-14 11:27:39.758 63514 INFO tempest.lib.common.rest_client [req-fd28a749-c453-47df-934e-fb550eff9a7f req-fd28a749-c453-47df-934e-fb550eff9a7f ] Request (KeyPairsV22TestJSON:_run_cleanups): 204 DELETE http://10.180.1.21/compute/v2.1/os-keypairs/tempest-keypair-1654944886 1.946s
2025-02-14 11:27:39.775 63480 INFO tempest.lib.common.rest_client [req-dcf73cca-2bcc-4a7b-a4f3-5776f46ca08a req-dcf73cca-2bcc-4a7b-a4f3-5776f46ca08a ] Request (FloatingIPsNegativeTestJSON:setUpClass): 200 GET http://10.180.1.21/identity/v3/domains?name=Default 0.105s
2025-02-14 11:27:39.788 63460 INFO tempest.lib.common.rest_client [req-0569bb6c-f1f6-438e-a1fc-d196f5a7ca6e req-0569bb6c-f1f6-438e-a1fc-d196f5a7ca6e ] Request (MigrationsAdminTest:test_list_migrations_in_flavor_resize_situation): 201 POST http://10.180.1.21/identity/v3/auth/tokens 0.113s
2025-02-14 11:27:39.789 63460 INFO tempest.lib.common.fixed_network [-] (MigrationsAdminTest:test_list_migrations_in_flavor_resize_situation) Found network None available for tenant
2025-02-14 11:27:39.808 63482 INFO tempest.lib.common.rest_client [req-248d9319-b116-44b5-adee-a527d980d62e req-248d9319-b116-44b5-adee-a527d980d62e ] Request (FlavorsExtraSpecsNegativeTestJSON:setUpClass): 204 PUT http://10.180.1.21/identity/v3/projects/0bb6b6610b93439cbaa3ab3dc11db380/users/b7003bf3c9b7434d941b8ae30f29356c/roles/ccdcc5234b854695bc33b49f1aa86e2a 0.091s
2025-02-14 11:27:39.846 63506 INFO tempest.lib.common.rest_client [req-f1f21cb2-6337-4eac-8573-4edbb6d61faf req-f1f21cb2-6337-4eac-8573-4edbb6d61faf ] Request (FlavorsV2NegativeTest:tearDownClass): 201 POST http://10.180.1.21/identity/v3/auth/tokens 0.111s
2025-02-14 11:27:39.856 63488 INFO tempest.lib.common.rest_client [req-8efe5394-b7a8-461f-9bb4-f4135e82312f req-8efe5394-b7a8-461f-9bb4-f4135e82312f ] Request (ServersAdmin275Test:test_rebuild_update_server_275): 200 PUT http://10.180.1.21/compute/v2.1/servers/b439c92e-9cf0-4d22-ae41-c2449c0cb1c5 1.817s
2025-02-14 11:27:39.869 63480 INFO tempest.lib.common.rest_client [req-d38dd78c-3828-46a6-bed0-1ac03c9d0c77 req-d38dd78c-3828-46a6-bed0-1ac03c9d0c77 ] Request (FloatingIPsNegativeTestJSON:setUpClass): 201 POST http://10.180.1.21/identity/v3/projects 0.093s
2025-02-14 11:27:39.888 63464 INFO tempest.lib.common.rest_client [req-d6498e0b-f1dd-4663-aab3-b6f147e689b4 req-d6498e0b-f1dd-4663-aab3-b6f147e689b4 ] Request (VolumesAssistedSnapshotsTest:setUpClass): 201 POST http://10.180.1.21:9696/networking/v2.0/networks 0.730s
2025-02-14 11:27:39.931 63482 INFO tempest.lib.common.rest_client [req-469d8f5b-5f42-45b0-9c8c-da520a57a089 req-469d8f5b-5f42-45b0-9c8c-da520a57a089 ] Request (FlavorsExtraSpecsNegativeTestJSON:setUpClass): 200 GET http://10.180.1.21/identity/v3/roles 0.123s
2025-02-14 11:27:39.961 63492 INFO tempest.lib.common.rest_client [req-8ce32afd-4fa5-48b9-b3c3-349ae8a4d280 req-8ce32afd-4fa5-48b9-b3c3-349ae8a4d280 ] Request (ServerDiagnosticsTest:test_get_server_diagnostics): 200 GET http://10.180.1.21/compute/v2.1/servers/ba8cd721-19ff-497c-97cc-a7f422482cd3 1.760s
2025-02-14 11:27:40.007 63480 INFO tempest.lib.common.rest_client [req-d16935bf-beff-4508-af19-2db1a3d2e5a1 req-d16935bf-beff-4508-af19-2db1a3d2e5a1 ] Request (FloatingIPsNegativeTestJSON:setUpClass): 201 POST http://10.180.1.21/identity/v3/users 0.136s
2025-02-14 11:27:40.022 63482 INFO tempest.lib.common.rest_client [req-13187c01-ca75-4cb7-a6a9-47547c148056 req-13187c01-ca75-4cb7-a6a9-47547c148056 ] Request (FlavorsExtraSpecsNegativeTestJSON:setUpClass): 204 PUT http://10.180.1.21/identity/v3/projects/0bb6b6610b93439cbaa3ab3dc11db380/users/b7003bf3c9b7434d941b8ae30f29356c/roles/ccdcc5234b854695bc33b49f1aa86e2a 0.090s
2025-02-14 11:27:40.023 63482 INFO tempest.lib.common.dynamic_creds [-] Dynamic test user b7003bf3c9b7434d941b8ae30f29356c is created with scope project and roles: ['admin']
2025-02-14 11:27:40.023 63482 INFO tempest.lib.common.dynamic_creds [-] Acquired dynamic creds: credentials: Credentials: {'domain_id': 'default', 'domain_name': 'Default', 'username': 'tempest-FlavorsExtraSpecsNegativeTestJSON-220187890-project-admin', 'project_domain_id': 'default', 'project_domain_name': 'Default', 'project_id': '0bb6b6610b93439cbaa3ab3dc11db380', 'project_name': 'tempest-FlavorsExtraSpecsNegativeTestJSON-220187890', 'tenant_id': '0bb6b6610b93439cbaa3ab3dc11db380', 'tenant_name': 'tempest-FlavorsExtraSpecsNegativeTestJSON-220187890', 'user_domain_id': 'default', 'user_domain_name': 'Default', 'user_id': 'b7003bf3c9b7434d941b8ae30f29356c', 'system': None}, Network: None, Subnet: None, Router: None
2025-02-14 11:27:40.023 63482 INFO tempest.lib.common.dynamic_creds [-] Created isolated network resources for: credentials: Credentials: {'domain_id': 'default', 'domain_name': 'Default', 'username': 'tempest-FlavorsExtraSpecsNegativeTestJSON-220187890-project-admin', 'project_domain_id': 'default', 'project_domain_name': 'Default', 'project_id': '0bb6b6610b93439cbaa3ab3dc11db380', 'project_name': 'tempest-FlavorsExtraSpecsNegativeTestJSON-220187890', 'tenant_id': '0bb6b6610b93439cbaa3ab3dc11db380', 'tenant_name': 'tempest-FlavorsExtraSpecsNegativeTestJSON-220187890', 'user_domain_id': 'default', 'user_domain_name': 'Default', 'user_id': 'b7003bf3c9b7434d941b8ae30f29356c', 'system': None}, Network: None, Subnet: None, Router: None
2025-02-14 11:27:40.046 63468 INFO tempest.lib.common.rest_client [req-09052753-e1bb-417a-a77c-22e40124289e req-09052753-e1bb-417a-a77c-22e40124289e ] Request (FlavorsAccessNegativeTestJSON:test_add_flavor_access_duplicate): 200 POST http://10.180.1.21/compute/v2.1/flavors/984212647/action 2.272s
2025-02-14 11:27:40.095 63480 INFO tempest.lib.common.rest_client [req-8cf03184-bee5-43ee-9059-612cc47d5fef req-8cf03184-bee5-43ee-9059-612cc47d5fef ] Request (FloatingIPsNegativeTestJSON:setUpClass): 200 GET http://10.180.1.21/identity/v3/roles 0.088s
2025-02-14 11:27:40.098 63482 INFO tempest.lib.common.rest_client [req-80fbe7f7-f93b-411b-aad1-9ec3f9a67c34 req-80fbe7f7-f93b-411b-aad1-9ec3f9a67c34 ] Request (FlavorsExtraSpecsNegativeTestJSON:setUpClass): 201 POST http://10.180.1.21/identity/v3/auth/tokens 0.072s
2025-02-14 11:27:40.128 63480 INFO tempest.lib.common.rest_client [req-bcb35d98-60cb-478b-ac3a-42c3e67f216e req-bcb35d98-60cb-478b-ac3a-42c3e67f216e ] Request (FloatingIPsNegativeTestJSON:setUpClass): 204 PUT http://10.180.1.21/identity/v3/projects/192ee8e2cfa24d918ffb3b997d6f09f6/users/0e85166a8f464ecd9f982ab9a34b8e67/roles/99869777cc7f42eabe01050340c47050 0.032s
2025-02-14 11:27:40.128 63480 INFO tempest.lib.common.dynamic_creds [-] Dynamic test user 0e85166a8f464ecd9f982ab9a34b8e67 is created with scope project and roles: ['member']
