2025-02-14 11:28:41.261 63476 INFO tempest.lib.common.dynamic_creds [-] Acquired dynamic creds: credentials: Credentials: {'domain_id': 'default', 'domain_name': 'Default', 'username': 'tempest-ServerMetadataNegativeTestJSON-9829892-project-member', 'project_domain_id': 'default', 'project_domain_name': 'Default', 'project_id': '1f2ae3de37a5423b893e09d89c3bd185', 'project_name': 'tempest-ServerMetadataNegativeTestJSON-9829892', 'tenant_id': '1f2ae3de37a5423b893e09d89c3bd185', 'tenant_name': 'tempest-ServerMetadataNegativeTestJSON-9829892', 'user_domain_id': 'default', 'user_domain_name': 'Default', 'user_id': '669162e42ea34563b88a824eb9818b68', 'system': None}, Network: None, Subnet: None, Router: None
2025-02-14 11:28:41.277 63496 INFO tempest.lib.common.rest_client [req-ead3cde1-720d-4249-b75f-752c39c40473 req-ead3cde1-720d-4249-b75f-752c39c40473 ] Request (ServerActionsTestOtherB:setUpClass): 200 GET http://10.180.1.21/compute/v2.1/servers/edd39829-7fbc-4f66-813a-b1efd6197163 0.366s
2025-02-14 11:28:41.295 63502 INFO tempest.lib.common.rest_client [req-d4ecf4b8-16bd-46f4-b205-19c45015660c req-d4ecf4b8-16bd-46f4-b205-19c45015660c ] Request (ImagesOneServerNegativeTestJSON:setUpClass): 200 GET http://10.180.1.21/compute/v2.1/servers/6e4c5db2-de4e-4ad3-ba3f-93ab58bf6488 0.430s
2025-02-14 11:28:41.306 63502 INFO tempest.common.waiters [-] State transition "BUILD/spawning" ==> "ACTIVE/None" after 26 second wait
2025-02-14 11:28:41.318 63476 INFO tempest.lib.common.rest_client [req-937fbdbc-d522-4552-b315-871283b6cf5c req-937fbdbc-d522-4552-b315-871283b6cf5c ] Request (ServerMetadataNegativeTestJSON:setUpClass): 201 POST http://10.180.1.21/identity/v3/auth/tokens 0.057s
2025-02-14 11:28:41.328 63468 INFO tempest.lib.common.rest_client [req-9031483c-e236-4d14-9263-a3017ce85fc0 req-9031483c-e236-4d14-9263-a3017ce85fc0 ] Request (ServerDiskConfigTestJSON:test_rebuild_server_with_auto_disk_config): 200 GET http://10.180.1.21/compute/v2.1/servers/e92be754-1aa3-44b3-a163-08c250b6adf9 0.357s
2025-02-14 11:28:41.384 63520 INFO tempest.lib.common.rest_client [req-44a33ebc-dedb-4c8a-9c18-3693c0094ab7 req-44a33ebc-dedb-4c8a-9c18-3693c0094ab7 ] Request (FloatingIPsAssociationNegativeTestJSON:setUpClass): 200 GET http://10.180.1.21/compute/v2.1/servers/3d178e52-534b-4980-bc4b-0973d55b0642 0.340s
2025-02-14 11:28:41.411 63510 INFO tempest.lib.common.rest_client [req-2fa9c7f3-0352-4119-bee2-2ecb3fe94407 req-2fa9c7f3-0352-4119-bee2-2ecb3fe94407 ] Request (KeyPairsNegativeTestJSON:test_keypair_create_with_invalid_pub_key): 400 POST http://10.180.1.21/compute/v2.1/os-keypairs 0.358s
2025-02-14 11:28:41.424 63491 INFO tempest.lib.common.rest_client [req-3287c304-41ff-4585-9bd8-4926862e0fca req-3287c304-41ff-4585-9bd8-4926862e0fca ] Request (FlavorsAdminTestJSON:tearDownClass): 200 GET http://10.180.1.21:9696/networking/v2.0/security-groups?tenant_id=091f94028aa14191b9beaaa4b82d9c88&name=default 0.242s
2025-02-14 11:28:41.471 63486 INFO tempest.lib.common.rest_client [req-02d3cc6b-4947-48e6-a160-abdb3a85a094 req-02d3cc6b-4947-48e6-a160-abdb3a85a094 ] Request (ServerRescueTestJSON:setUpClass): 200 GET http://10.180.1.21/compute/v2.1/servers/8a2be843-34fa-42c4-be53-ad595c485a92 0.362s
2025-02-14 11:28:41.533 63470 INFO tempest.lib.common.rest_client [req-8e565e60-47a2-4dd7-b529-458e898af060 req-8e565e60-47a2-4dd7-b529-458e898af060 ] Request (ServersAdminTestJSON:setUpClass): 200 GET http://10.180.1.21/compute/v2.1/servers/26d29119-2b0e-41c9-9ea4-b9a508e657d2 0.360s
2025-02-14 11:28:41.536 63491 INFO tempest.lib.common.rest_client [req-6163c106-6d8c-45e7-8337-b81cad634232 req-6163c106-6d8c-45e7-8337-b81cad634232 ] Request (FlavorsAdminTestJSON:tearDownClass): 204 DELETE http://10.180.1.21:9696/networking/v2.0/security-groups/294dbd62-c16d-4da8-aeb7-2d0058659fb1 0.112s
2025-02-14 11:28:41.616 63491 INFO tempest.lib.common.rest_client [req-344be553-e165-4bc0-82a2-0710c22f0f1e req-344be553-e165-4bc0-82a2-0710c22f0f1e ] Request (FlavorsAdminTestJSON:tearDownClass): 204 DELETE http://10.180.1.21/identity/v3/projects/091f94028aa14191b9beaaa4b82d9c88 0.079s
2025-02-14 11:28:41.617 63491 INFO tempest.lib.common.dynamic_creds [-] Deleting project and security group for project: d2f328a8443648e9a79146b3756ad280
2025-02-14 11:28:41.789 63476 INFO tempest.lib.common.rest_client [req-1d51dc6b-9868-4a97-9aa3-ea188e03e4ab req-1d51dc6b-9868-4a97-9aa3-ea188e03e4ab ] Request (ServerMetadataNegativeTestJSON:setUpClass): 201 POST http://10.180.1.21:9696/networking/v2.0/networks 0.470s
2025-02-14 11:28:41.800 63491 INFO tempest.lib.common.rest_client [req-51530be8-6981-454d-91b4-8c14ab3eea7b req-51530be8-6981-454d-91b4-8c14ab3eea7b ] Request (FlavorsAdminTestJSON:tearDownClass): 200 GET http://10.180.1.21:9696/networking/v2.0/security-groups?tenant_id=d2f328a8443648e9a79146b3756ad280&name=default 0.183s
2025-02-14 11:28:41.901 63482 INFO tempest.lib.common.rest_client [req-85cb5fc7-6d81-42c5-b510-d0a435659ff3 req-85cb5fc7-6d81-42c5-b510-d0a435659ff3 ] Request (ServerActionsV293TestJSON:setUpClass): 200 GET http://10.180.1.21/volume/v3/volumes/bec85c11-29ae-4e0f-b657-5ee596c2e903 0.032s
2025-02-14 11:28:42.010 63491 INFO tempest.lib.common.rest_client [req-5b892f11-7273-4ddb-9bde-3eb88852cbac req-5b892f11-7273-4ddb-9bde-3eb88852cbac ] Request (FlavorsAdminTestJSON:tearDownClass): 204 DELETE http://10.180.1.21:9696/networking/v2.0/security-groups/35d4c31e-b56c-42b4-a7c3-2c4de28f4f51 0.209s
2025-02-14 11:28:42.073 63476 INFO tempest.lib.common.rest_client [req-688359e0-fa7b-47a6-8dc1-e07ae8c439fd req-688359e0-fa7b-47a6-8dc1-e07ae8c439fd ] Request (ServerMetadataNegativeTestJSON:setUpClass): 201 POST http://10.180.1.21:9696/networking/v2.0/subnets 0.283s
2025-02-14 11:28:42.084 63466 INFO tempest.lib.common.rest_client [req-09518d95-7e87-4680-ac7a-d7c0e67fb0fd req-09518d95-7e87-4680-ac7a-d7c0e67fb0fd ] Request (ServersTestMultiNic:test_verify_multiple_nics_order): 202 POST http://10.180.1.21/compute/v2.1/servers 1.050s
2025-02-14 11:28:42.159 63491 INFO tempest.lib.common.rest_client [req-8b4711d3-d27c-4a53-baa0-e6ff8bfed31c req-8b4711d3-d27c-4a53-baa0-e6ff8bfed31c ] Request (FlavorsAdminTestJSON:tearDownClass): 204 DELETE http://10.180.1.21/identity/v3/projects/d2f328a8443648e9a79146b3756ad280 0.148s
2025-02-14 11:28:42.207 63504 INFO tempest.lib.common.rest_client [req-67223547-b61e-4060-a13d-8e330c1e9e2c req-67223547-b61e-4060-a13d-8e330c1e9e2c ] Request (AttachInterfacesV270Test:tearDownClass): 200 GET http://10.180.1.21/compute/v2.1/servers/8d68db99-e49e-43b3-ba0e-c4c11e1f6fdb 0.997s
2025-02-14 11:28:42.269 63491 INFO tempest.lib.common.rest_client [req-8f8ab340-b362-4387-ba76-74cbf9c6ff46 req-8f8ab340-b362-4387-ba76-74cbf9c6ff46 ] Request (FlavorMetadataValidation:setUpClass): 201 POST http://10.180.1.21/identity/v3/auth/tokens 0.108s
2025-02-14 11:28:42.297 63516 INFO tempest.lib.common.rest_client [req-02ee3612-342d-4711-9ce0-915883f33464 req-02ee3612-342d-4711-9ce0-915883f33464 ] Request (DeleteServersAdminTestJSON:test_delete_server_while_in_error_state): 200 GET http://10.180.1.21/compute/v2.1/servers/e0255bdd-6582-41b7-8f6d-bbef90903f05 1.021s
2025-02-14 11:28:42.310 63491 INFO tempest.lib.common.rest_client [req-14b57673-0bb4-425e-acea-83c0228b90ac req-14b57673-0bb4-425e-acea-83c0228b90ac ] Request (FlavorMetadataValidation:setUpClass): 201 POST http://10.180.1.21/identity/v3/auth/tokens 0.037s
2025-02-14 11:28:42.338 63492 INFO tempest.lib.common.rest_client [req-0c74922c-635a-46b2-af53-bd87c3d07d94 req-0c74922c-635a-46b2-af53-bd87c3d07d94 ] Request (ListImageFiltersTestJSON:setUpClass): 204 PUT http://10.180.1.21/image/v2/images/7d3e3234-aba1-43fe-9219-ede82ad3b8fc/file 0.815s
2025-02-14 11:28:42.343 63491 INFO tempest.lib.common.rest_client [req-16d8098e-afb3-4a58-bed6-2a21c293add2 req-16d8098e-afb3-4a58-bed6-2a21c293add2 ] Request (FlavorMetadataValidation:setUpClass): 200 GET http://10.180.1.21/identity/v3/domains?name=Default 0.033s
2025-02-14 11:28:42.375 63491 INFO tempest.lib.common.rest_client [req-6f4a2ebb-3162-418b-8346-647453e0e580 req-6f4a2ebb-3162-418b-8346-647453e0e580 ] Request (FlavorMetadataValidation:setUpClass): 201 POST http://10.180.1.21/identity/v3/projects 0.031s
2025-02-14 11:28:42.436 63491 INFO tempest.lib.common.rest_client [req-9c949504-f485-4ac7-a816-65a14a231d1c req-9c949504-f485-4ac7-a816-65a14a231d1c ] Request (FlavorMetadataValidation:setUpClass): 201 POST http://10.180.1.21/identity/v3/users 0.061s
2025-02-14 11:28:42.436 63502 INFO tempest.lib.common.rest_client [req-e9cd5518-5527-4c79-a362-37da1a2eae4d req-e9cd5518-5527-4c79-a362-37da1a2eae4d ] Request (ImagesOneServerNegativeTestJSON:setUp): 200 GET http://10.180.1.21/compute/v2.1/servers/6e4c5db2-de4e-4ad3-ba3f-93ab58bf6488 1.129s
2025-02-14 11:28:42.465 63491 INFO tempest.lib.common.rest_client [req-3bb54a56-85d3-4ee4-81f6-298d2cf7ee6d req-3bb54a56-85d3-4ee4-81f6-298d2cf7ee6d ] Request (FlavorMetadataValidation:setUpClass): 200 GET http://10.180.1.21/identity/v3/roles 0.028s
2025-02-14 11:28:42.495 63491 INFO tempest.lib.common.rest_client [req-ec9bf6df-0ba6-4aef-a757-7fca65f1a38d req-ec9bf6df-0ba6-4aef-a757-7fca65f1a38d ] Request (FlavorMetadataValidation:setUpClass): 204 PUT http://10.180.1.21/identity/v3/projects/29bee1da5a7a4e89aefa54d938c56cec/users/d096b3ddf3e842b8bc7b2faf5ae71a63/roles/99869777cc7f42eabe01050340c47050 0.029s
2025-02-14 11:28:42.495 63491 INFO tempest.lib.common.dynamic_creds [-] Dynamic test user d096b3ddf3e842b8bc7b2faf5ae71a63 is created with scope project and roles: ['member']
2025-02-14 11:28:42.495 63491 INFO tempest.lib.common.dynamic_creds [-] Acquired dynamic creds: credentials: Credentials: {'domain_id': 'default', 'domain_name': 'Default', 'username': 'tempest-FlavorMetadataValidation-842387931-project-member', 'project_domain_id': 'default', 'project_domain_name': 'Default', 'project_id': '29bee1da5a7a4e89aefa54d938c56cec', 'project_name': 'tempest-FlavorMetadataValidation-842387931', 'tenant_id': '29bee1da5a7a4e89aefa54d938c56cec', 'tenant_name': 'tempest-FlavorMetadataValidation-842387931', 'user_domain_id': 'default', 'user_domain_name': 'Default', 'user_id': 'd096b3ddf3e842b8bc7b2faf5ae71a63', 'system': None}, Network: None, Subnet: None, Router: None
2025-02-14 11:28:42.495 63491 INFO tempest.lib.common.dynamic_creds [-] Created isolated network resources for: credentials: Credentials: {'domain_id': 'default', 'domain_name': 'Default', 'username': 'tempest-FlavorMetadataValidation-842387931-project-member', 'project_domain_id': 'default', 'project_domain_name': 'Default', 'project_id': '29bee1da5a7a4e89aefa54d938c56cec', 'project_name': 'tempest-FlavorMetadataValidation-842387931', 'tenant_id': '29bee1da5a7a4e89aefa54d938c56cec', 'tenant_name': 'tempest-FlavorMetadataValidation-842387931', 'user_domain_id': 'default', 'user_domain_name': 'Default', 'user_id': 'd096b3ddf3e842b8bc7b2faf5ae71a63', 'system': None}, Network: None, Subnet: None, Router: None
2025-02-14 11:28:42.565 63491 INFO tempest.lib.common.rest_client [req-0cba3224-0574-4866-90f8-09810b030185 req-0cba3224-0574-4866-90f8-09810b030185 ] Request (FlavorMetadataValidation:setUpClass): 201 POST http://10.180.1.21/identity/v3/auth/tokens 0.066s
2025-02-14 11:28:42.608 63498 INFO tempest.lib.common.rest_client [req-788364f7-615e-41f4-b4c2-c75d5f1e0581 req-788364f7-615e-41f4-b4c2-c75d5f1e0581 ] Request (FloatingIPsAssociationTestJSON:setUpClass): 200 GET http://10.180.1.21/compute/v2.1/servers/a6f3cd92-f6a3-4748-a052-d9b124ce5876 1.266s
2025-02-14 11:28:42.619 63498 INFO tempest.common.waiters [-] State transition "BUILD/None" ==> "BUILD/spawning" after 26 second wait
2025-02-14 11:28:42.631 63491 INFO tempest.lib.common.rest_client [req-7709f7bd-dd23-4c59-b6d9-c294dae84411 req-7709f7bd-dd23-4c59-b6d9-c294dae84411 ] Request (FlavorMetadataValidation:setUpClass): 201 POST http://10.180.1.21/identity/v3/projects 0.065s
2025-02-14 11:28:42.670 63462 INFO tempest.lib.common.rest_client [req-5bdddc12-86c4-4298-b0df-ace77522730b req-5bdddc12-86c4-4298-b0df-ace77522730b ] Request (ImagesNegativeTestJSON:test_create_image_from_deleted_server): 200 GET http://10.180.1.21/compute/v2.1/servers/1dc24ed2-965a-4a54-aec2-f41a9ce9e6ee 1.312s
2025-02-14 11:28:42.689 63478 WARNING tempest.lib.common.ssh [-] Failed to establish authenticated ssh connection to cirros@10.180.180.252 ([Errno None] Unable to connect to port 22 on 10.180.180.252). Number attempts: 1. Retry after 2 seconds.: paramiko.ssh_exception.NoValidConnectionsError: [Errno None] Unable to connect to port 22 on 10.180.180.252
2025-02-14 11:28:42.706 63491 INFO tempest.lib.common.rest_client [req-1e30acaf-12c9-44da-b649-5ade72c95f96 req-1e30acaf-12c9-44da-b649-5ade72c95f96 ] Request (FlavorMetadataValidation:setUpClass): 201 POST http://10.180.1.21/identity/v3/users 0.074s
2025-02-14 11:28:42.727 63480 INFO tempest.lib.common.rest_client [req-2a0c7574-1909-42c4-aa33-2be447c4159f req-2a0c7574-1909-42c4-aa33-2be447c4159f ] Request (AttachInterfacesUnderV243Test:test_add_remove_fixed_ip): 200 GET http://10.180.1.21/compute/v2.1/servers/57766422-1249-4ac4-8dcd-736cf0325556 1.334s
2025-02-14 11:28:42.735 63491 INFO tempest.lib.common.rest_client [req-2bb42cda-4bb6-49cb-85e3-2b255ab86b0c req-2bb42cda-4bb6-49cb-85e3-2b255ab86b0c ] Request (FlavorMetadataValidation:setUpClass): 200 GET http://10.180.1.21/identity/v3/roles 0.028s
2025-02-14 11:28:42.762 63491 INFO tempest.lib.common.rest_client [req-29d2db93-6ad1-4a5d-a411-e6909787a3bc req-29d2db93-6ad1-4a5d-a411-e6909787a3bc ] Request (FlavorMetadataValidation:setUpClass): 204 PUT http://10.180.1.21/identity/v3/projects/064db9bbda964798846ab3bc5ee0baab/users/b1e29e47d9d44b15a7c487a5da133f86/roles/ccdcc5234b854695bc33b49f1aa86e2a 0.027s
2025-02-14 11:28:42.784 63506 INFO tempest.lib.common.rest_client [req-3060212b-cce1-4141-98ef-35cd0290d302 req-3060212b-cce1-4141-98ef-35cd0290d302 ] Request (ServersTestBootFromVolume:setUpClass): 200 GET http://10.180.1.21/compute/v2.1/servers/b313f565-8c01-497c-9f95-858319cfea1f 1.376s
2025-02-14 11:28:42.797 63510 INFO tempest.lib.common.rest_client [req-14440781-fc87-4173-97e9-f161561388d7 req-14440781-fc87-4173-97e9-f161561388d7 ] Request (KeyPairsNegativeTestJSON:test_keypair_delete_nonexistent_key): 404 DELETE http://10.180.1.21/compute/v2.1/os-keypairs/tempest-keypair-non-existent-2105046401 1.382s
2025-02-14 11:28:42.797 63476 INFO tempest.lib.common.rest_client [req-3de708e5-cc1b-40a6-ad18-d573bbc813e8 req-3de708e5-cc1b-40a6-ad18-d573bbc813e8 ] Request (ServerMetadataNegativeTestJSON:setUpClass): 201 POST http://10.180.1.21:9696/networking/v2.0/routers 0.724s
2025-02-14 11:28:42.834 63491 INFO tempest.lib.common.rest_client [req-c077cb37-c08c-4b22-8241-d8ce784160c0 req-c077cb37-c08c-4b22-8241-d8ce784160c0 ] Request (FlavorMetadataValidation:setUpClass): 200 GET http://10.180.1.21/identity/v3/roles 0.072s
2025-02-14 11:28:42.853 63491 INFO tempest.lib.common.rest_client [req-dcaaade1-df27-44fb-ba7c-90caf7d42685 req-dcaaade1-df27-44fb-ba7c-90caf7d42685 ] Request (FlavorMetadataValidation:setUpClass): 204 PUT http://10.180.1.21/identity/v3/projects/064db9bbda964798846ab3bc5ee0baab/users/b1e29e47d9d44b15a7c487a5da133f86/roles/ccdcc5234b854695bc33b49f1aa86e2a 0.018s
2025-02-14 11:28:42.853 63491 INFO tempest.lib.common.dynamic_creds [-] Dynamic test user b1e29e47d9d44b15a7c487a5da133f86 is created with scope project and roles: ['admin']
2025-02-14 11:28:42.853 63491 INFO tempest.lib.common.dynamic_creds [-] Acquired dynamic creds: credentials: Credentials: {'domain_id': 'default', 'domain_name': 'Default', 'username': 'tempest-FlavorMetadataValidation-988140115-project-admin', 'project_domain_id': 'default', 'project_domain_name': 'Default', 'project_id': '064db9bbda964798846ab3bc5ee0baab', 'project_name': 'tempest-FlavorMetadataValidation-988140115', 'tenant_id': '064db9bbda964798846ab3bc5ee0baab', 'tenant_name': 'tempest-FlavorMetadataValidation-988140115', 'user_domain_id': 'default', 'user_domain_name': 'Default', 'user_id': 'b1e29e47d9d44b15a7c487a5da133f86', 'system': None}, Network: None, Subnet: None, Router: None
2025-02-14 11:28:42.853 63491 INFO tempest.lib.common.dynamic_creds [-] Created isolated network resources for: credentials: Credentials: {'domain_id': 'default', 'domain_name': 'Default', 'username': 'tempest-FlavorMetadataValidation-988140115-project-admin', 'project_domain_id': 'default', 'project_domain_name': 'Default', 'project_id': '064db9bbda964798846ab3bc5ee0baab', 'project_name': 'tempest-FlavorMetadataValidation-988140115', 'tenant_id': '064db9bbda964798846ab3bc5ee0baab', 'tenant_name': 'tempest-FlavorMetadataValidation-988140115', 'user_domain_id': 'default', 'user_domain_name': 'Default', 'user_id': 'b1e29e47d9d44b15a7c487a5da133f86', 'system': None}, Network: None, Subnet: None, Router: None
2025-02-14 11:28:42.945 63491 INFO tempest.lib.common.rest_client [req-48765ca5-f508-4d58-bccc-0249654c684d req-48765ca5-f508-4d58-bccc-0249654c684d ] Request (FlavorMetadataValidation:setUpClass): 201 POST http://10.180.1.21/identity/v3/auth/tokens 0.089s
2025-02-14 11:28:42.951 63482 INFO tempest.lib.common.rest_client [req-2669c367-ac8b-46bb-86e1-90bf19fdbfc3 req-2669c367-ac8b-46bb-86e1-90bf19fdbfc3 ] Request (ServerActionsV293TestJSON:setUpClass): 200 GET http://10.180.1.21/volume/v3/volumes/bec85c11-29ae-4e0f-b657-5ee596c2e903 0.037s
2025-02-14 11:28:42.955 63519 INFO tempest.lib.common.rest_client [req-2c86f86e-5b1f-4ac8-860f-ccf96ec9cb1d req-2c86f86e-5b1f-4ac8-860f-ccf96ec9cb1d ] Request (TenantUsagesTestJSON:tearDownClass): 200 GET http://10.180.1.21/compute/v2.1/servers/dbc4106c-3d37-4fad-9ea5-0367c19ac456 1.353s
2025-02-14 11:28:42.960 63510 INFO tempest.lib.common.rest_client [req-43bf9004-3b08-4aa2-a791-c510fe6b0cc3 req-43bf9004-3b08-4aa2-a791-c510fe6b0cc3 ] Request (KeyPairsNegativeTestJSON:tearDownClass): 204 DELETE http://10.180.1.21/identity/v3/users/3cc44e0fae9d43249ebbc091ed779352 0.162s
2025-02-14 11:28:42.960 63510 INFO tempest.lib.common.dynamic_creds [-] Deleting project and security group for project: 926a5c112ca048979e741a635ea9cfb1
2025-02-14 11:28:43.036 63510 INFO tempest.lib.common.rest_client [req-d312c925-1343-4250-958c-98a3354a00a7 req-d312c925-1343-4250-958c-98a3354a00a7 ] Request (KeyPairsNegativeTestJSON:tearDownClass): 201 POST http://10.180.1.21/identity/v3/auth/tokens 0.075s
2025-02-14 11:28:43.059 63488 INFO tempest.lib.common.rest_client [req-228522b3-c922-4684-9ee1-5a7244cfb22b req-228522b3-c922-4684-9ee1-5a7244cfb22b ] Request (ServersAdmin275Test:tearDownClass): 200 GET http://10.180.1.21/compute/v2.1/servers/b439c92e-9cf0-4d22-ae41-c2449c0cb1c5 1.377s
2025-02-14 11:28:43.134 63494 INFO tempest.lib.common.rest_client [req-e0e4a240-b3b8-4ae9-b5a8-367df3aec785 req-e0e4a240-b3b8-4ae9-b5a8-367df3aec785 ] Request (ServerShowV257Test:tearDownClass): 200 GET http://10.180.1.21/compute/v2.1/servers/6cafce31-1c08-442a-bc6c-d6b3845709ae 1.386s
2025-02-14 11:28:43.191 63472 INFO tempest.lib.common.rest_client [req-240e9495-4389-48a8-9394-f6ca5a02e99a req-240e9495-4389-48a8-9394-f6ca5a02e99a ] Request (ServerActionsTestOtherA:setUpClass): 200 GET http://10.180.1.21/compute/v2.1/servers/3a6ab83d-4480-4b00-8ed6-5f96402b3bf5 1.302s
2025-02-14 11:28:43.261 63514 INFO tempest.lib.common.rest_client [req-c22113db-89bf-4b4e-90d8-4c882115a57c req-c22113db-89bf-4b4e-90d8-4c882115a57c ] Request (ServerShowV254Test:test_rebuild_server): 200 GET http://10.180.1.21/compute/v2.1/servers/a33eaa0c-dd76-48c4-908d-6496cf14be98 1.360s
2025-02-14 11:28:43.325 63484 INFO tempest.lib.common.rest_client [req-fda95fc8-9b69-4e4b-9207-e40b72e5463b req-fda95fc8-9b69-4e4b-9207-e40b72e5463b ] Request (ServerAddressesTestJSON:setUpClass): 200 GET http://10.180.1.21/compute/v2.1/servers/7ce245ef-0fab-41af-988a-bc856e67380b 1.358s
2025-02-14 11:28:43.386 63510 INFO tempest.lib.common.rest_client [req-9081c7bc-57e1-48b4-b6fc-8de978bc81e5 req-9081c7bc-57e1-48b4-b6fc-8de978bc81e5 ] Request (KeyPairsNegativeTestJSON:tearDownClass): 200 GET http://10.180.1.21:9696/networking/v2.0/security-groups?tenant_id=926a5c112ca048979e741a635ea9cfb1&name=default 0.349s
2025-02-14 11:28:43.409 63508 INFO tempest.lib.common.rest_client [req-8a498da6-4dd3-49c4-9712-f27a3d041f26 req-8a498da6-4dd3-49c4-9712-f27a3d041f26 ] Request (ServerExternalEventsTest:tearDownClass): 200 GET http://10.180.1.21/compute/v2.1/servers/34bcec9d-1057-4f3f-8ad9-4045294cb447 1.422s
2025-02-14 11:28:43.467 63513 INFO tempest.lib.common.rest_client [req-6ab0eb98-bd14-4b9b-ba81-e9b65274e02d req-6ab0eb98-bd14-4b9b-ba81-e9b65274e02d ] Request (ImagesTestJSON:test_create_image_from_suspended_server): 200 GET http://10.180.1.21/compute/v2.1/servers/ac149eca-36f6-4a52-a57b-88f8970e4159 1.416s
2025-02-14 11:28:43.521 63466 INFO tempest.lib.common.rest_client [req-114d6b39-c529-46a5-8eb2-17ab281774f7 req-114d6b39-c529-46a5-8eb2-17ab281774f7 ] Request (ServersTestMultiNic:test_verify_multiple_nics_order): 200 GET http://10.180.1.21/compute/v2.1/servers/b82c868d-7858-46aa-aae6-c563d91686ab 1.435s
2025-02-14 11:28:43.606 63510 INFO tempest.lib.common.rest_client [req-6566bece-1aed-42b9-a3e5-a5abb89bb909 req-6566bece-1aed-42b9-a3e5-a5abb89bb909 ] Request (KeyPairsNegativeTestJSON:tearDownClass): 204 DELETE http://10.180.1.21:9696/networking/v2.0/security-groups/62021597-ee0a-4b99-a1a8-d8c27ffa4422 0.220s
2025-02-14 11:28:43.658 63460 INFO tempest.lib.common.rest_client [req-8944222c-0398-4874-912b-302ec600f941 req-8944222c-0398-4874-912b-302ec600f941 ] Request (MigrationsAdminTest:test_list_migrations_in_flavor_resize_situation): 200 GET http://10.180.1.21/compute/v2.1/servers/035853df-2910-4a07-a5c6-2f42b2ca01da 1.508s
2025-02-14 11:28:43.679 63510 INFO tempest.lib.common.rest_client [req-db6c637e-bcb2-481c-8fcb-c4371e5c0b7d req-db6c637e-bcb2-481c-8fcb-c4371e5c0b7d ] Request (KeyPairsNegativeTestJSON:tearDownClass): 204 DELETE http://10.180.1.21/identity/v3/projects/926a5c112ca048979e741a635ea9cfb1 0.073s
2025-02-14 11:28:43.721 63474 INFO tempest.lib.common.rest_client [req-927713ab-b0f7-428c-b561-dee3d0ab4270 req-927713ab-b0f7-428c-b561-dee3d0ab4270 ] Request (InstanceActionsNegativeTestJSON:tearDownClass): 200 GET http://10.180.1.21/compute/v2.1/servers/57c2cd54-7ac2-4cdc-9ad2-29967042ffd8 1.498s
2025-02-14 11:28:43.749 63510 INFO tempest.lib.common.rest_client [req-37ae4c5f-4c01-47f4-a1fa-5200654e2a47 req-37ae4c5f-4c01-47f4-a1fa-5200654e2a47 ] Request (SecurityGroupsNegativeTestJSON:setUpClass): 201 POST http://10.180.1.21/identity/v3/auth/tokens 0.068s
2025-02-14 11:28:43.777 63496 INFO tempest.lib.common.rest_client [req-287e0a87-7ae1-472c-a34a-0766800ebdc9 req-287e0a87-7ae1-472c-a34a-0766800ebdc9 ] Request (ServerActionsTestOtherB:setUpClass): 200 GET http://10.180.1.21/compute/v2.1/servers/edd39829-7fbc-4f66-813a-b1efd6197163 1.488s
2025-02-14 11:28:43.794 63510 INFO tempest.lib.common.rest_client [req-cfdcdc11-2db3-42b8-9499-e7b2d55a328f req-cfdcdc11-2db3-42b8-9499-e7b2d55a328f ] Request (SecurityGroupsNegativeTestJSON:setUpClass): 201 POST http://10.180.1.21/identity/v3/auth/tokens 0.042s
2025-02-14 11:28:43.824 63510 INFO tempest.lib.common.rest_client [req-122eb415-6165-408e-8c72-10035d23cc7d req-122eb415-6165-408e-8c72-10035d23cc7d ] Request (SecurityGroupsNegativeTestJSON:setUpClass): 200 GET http://10.180.1.21/identity/v3/domains?name=Default 0.029s
2025-02-14 11:28:43.837 63468 INFO tempest.lib.common.rest_client [req-b94ced2f-2577-468d-8010-e73760bea938 req-b94ced2f-2577-468d-8010-e73760bea938 ] Request (ServerDiskConfigTestJSON:test_rebuild_server_with_auto_disk_config): 200 GET http://10.180.1.21/compute/v2.1/servers/e92be754-1aa3-44b3-a163-08c250b6adf9 1.502s
2025-02-14 11:28:43.862 63510 INFO tempest.lib.common.rest_client [req-b2076aee-44db-4ee8-9994-565a723e4bd8 req-b2076aee-44db-4ee8-9994-565a723e4bd8 ] Request (SecurityGroupsNegativeTestJSON:setUpClass): 201 POST http://10.180.1.21/identity/v3/projects 0.038s
2025-02-14 11:28:43.885 63492 INFO tempest.lib.common.rest_client [req-77cc86d9-40dd-450f-b62d-15e549352c0d req-77cc86d9-40dd-450f-b62d-15e549352c0d ] Request (ListImageFiltersTestJSON:setUpClass): 200 GET http://10.180.1.21/compute/v2.1/images/7d3e3234-aba1-43fe-9219-ede82ad3b8fc 1.546s
2025-02-14 11:28:43.938 63510 INFO tempest.lib.common.rest_client [req-4a442939-01ed-440a-9bcc-711050683496 req-4a442939-01ed-440a-9bcc-711050683496 ] Request (SecurityGroupsNegativeTestJSON:setUpClass): 201 POST http://10.180.1.21/identity/v3/users 0.075s
2025-02-14 11:28:43.960 63520 INFO tempest.lib.common.rest_client [req-bf6e38f5-c5da-41f8-9566-4eec84c043e6 req-bf6e38f5-c5da-41f8-9566-4eec84c043e6 ] Request (FloatingIPsAssociationNegativeTestJSON:setUpClass): 200 GET http://10.180.1.21/compute/v2.1/servers/3d178e52-534b-4980-bc4b-0973d55b0642 1.563s
2025-02-14 11:28:43.968 63502 INFO tempest.lib.common.rest_client [req-864a0e2b-5344-4cb3-b974-bfe772dcce1a req-864a0e2b-5344-4cb3-b974-bfe772dcce1a ] Request (ImagesOneServerNegativeTestJSON:test_create_image_specify_invalid_metadata): 400 POST http://10.180.1.21/compute/v2.1/servers/6e4c5db2-de4e-4ad3-ba3f-93ab58bf6488/action 1.521s
2025-02-14 11:28:43.976 63510 INFO tempest.lib.common.rest_client [req-4fe16f9f-5a0a-4993-8a90-93be936ef906 req-4fe16f9f-5a0a-4993-8a90-93be936ef906 ] Request (SecurityGroupsNegativeTestJSON:setUpClass): 200 GET http://10.180.1.21/identity/v3/roles 0.036s
2025-02-14 11:28:44.003 63482 INFO tempest.lib.common.rest_client [req-e011e531-97c5-4d18-840a-04453e262262 req-e011e531-97c5-4d18-840a-04453e262262 ] Request (ServerActionsV293TestJSON:setUpClass): 200 GET http://10.180.1.21/volume/v3/volumes/bec85c11-29ae-4e0f-b657-5ee596c2e903 0.041s
2025-02-14 11:28:44.020 63510 INFO tempest.lib.common.rest_client [req-32ce83b5-9a5f-4eea-ac91-81388d41deb4 req-32ce83b5-9a5f-4eea-ac91-81388d41deb4 ] Request (SecurityGroupsNegativeTestJSON:setUpClass): 204 PUT http://10.180.1.21/identity/v3/projects/483a1314f42d4896b6f2320652e754ed/users/7ac91992538246ecaf6f51bab7567ff6/roles/99869777cc7f42eabe01050340c47050 0.044s
2025-02-14 11:28:44.021 63510 INFO tempest.lib.common.dynamic_creds [-] Dynamic test user 7ac91992538246ecaf6f51bab7567ff6 is created with scope project and roles: ['member']
2025-02-14 11:28:44.021 63510 INFO tempest.lib.common.dynamic_creds [-] Acquired dynamic creds: credentials: Credentials: {'domain_id': 'default', 'domain_name': 'Default', 'username': 'tempest-SecurityGroupsNegativeTestJSON-1971793535-project-member', 'project_domain_id': 'default', 'project_domain_name': 'Default', 'project_id': '483a1314f42d4896b6f2320652e754ed', 'project_name': 'tempest-SecurityGroupsNegativeTestJSON-1971793535', 'tenant_id': '483a1314f42d4896b6f2320652e754ed', 'tenant_name': 'tempest-SecurityGroupsNegativeTestJSON-1971793535', 'user_domain_id': 'default', 'user_domain_name': 'Default', 'user_id': '7ac91992538246ecaf6f51bab7567ff6', 'system': None}, Network: None, Subnet: None, Router: None
2025-02-14 11:28:44.046 63486 INFO tempest.lib.common.rest_client [req-b04635ff-2f10-470a-983c-6be224622075 req-b04635ff-2f10-470a-983c-6be224622075 ] Request (ServerRescueTestJSON:setUpClass): 200 GET http://10.180.1.21/compute/v2.1/servers/8a2be843-34fa-42c4-be53-ad595c485a92 1.567s
2025-02-14 11:28:44.109 63510 INFO tempest.lib.common.rest_client [req-ae9c4682-682e-4a1f-a7aa-fd9d9538cf7e req-ae9c4682-682e-4a1f-a7aa-fd9d9538cf7e ] Request (SecurityGroupsNegativeTestJSON:setUpClass): 201 POST http://10.180.1.21/identity/v3/auth/tokens 0.086s
2025-02-14 11:28:44.111 63470 INFO tempest.lib.common.rest_client [req-38823ba4-2920-49d0-b1fb-1a760b15e5db req-38823ba4-2920-49d0-b1fb-1a760b15e5db ] Request (ServersAdminTestJSON:setUpClass): 200 GET http://10.180.1.21/compute/v2.1/servers/26d29119-2b0e-41c9-9ea4-b9a508e657d2 1.569s
2025-02-14 11:28:44.121 63470 INFO tempest.common.waiters [-] State transition "BUILD/scheduling" ==> "BUILD/None" after 10 second wait
2025-02-14 11:28:44.239 63491 INFO tempest.lib.common.rest_client [req-4b4c6602-a09b-44bb-96e9-888fb1fecd95 req-4b4c6602-a09b-44bb-96e9-888fb1fecd95 ] Request (FlavorMetadataValidation:test_flavor_update_with_custom_namespace): 200 POST http://10.180.1.21/compute/v2.1/flavors 1.292s
2025-02-14 11:28:44.263 63458 INFO tempest.lib.common.rest_client [req-9906aa5d-902a-49b0-9a15-0d029df3b002 req-9906aa5d-902a-49b0-9a15-0d029df3b002 ] Request (SecurityGroupsTestAdminJSON:test_list_security_groups_list_all_tenants_filter): 200 GET http://10.180.1.21/compute/v2.1/os-security-groups?all_tenants=true 3.071s
2025-02-14 11:28:44.284 63476 INFO tempest.lib.common.rest_client [req-82386fb2-eb6c-43fa-bbb3-ce00fe3e9349 req-82386fb2-eb6c-43fa-bbb3-ce00fe3e9349 ] Request (ServerMetadataNegativeTestJSON:setUpClass): 200 PUT http://10.180.1.21:9696/networking/v2.0/routers/db0aad94-1e67-4894-ab59-dadf21117f2d/add_router_interface 1.486s
2025-02-14 11:28:44.284 63476 INFO tempest.lib.common.dynamic_creds [-] Created isolated network resources for: credentials: Credentials: {'domain_id': 'default', 'domain_name': 'Default', 'username': 'tempest-ServerMetadataNegativeTestJSON-9829892-project-member', 'project_domain_id': 'default', 'project_domain_name': 'Default', 'project_id': '1f2ae3de37a5423b893e09d89c3bd185', 'project_name': 'tempest-ServerMetadataNegativeTestJSON-9829892', 'tenant_id': '1f2ae3de37a5423b893e09d89c3bd185', 'tenant_name': 'tempest-ServerMetadataNegativeTestJSON-9829892', 'user_domain_id': 'default', 'user_domain_name': 'Default', 'user_id': '669162e42ea34563b88a824eb9818b68', 'system': None}, Network: {'id': 'ef1411f2-b9e4-4474-95cd-e3cd7d307c90', 'name': 'tempest-ServerMetadataNegativeTestJSON-1827381393-network', 'tenant_id': '1f2ae3de37a5423b893e09d89c3bd185', 'admin_state_up': True, 'mtu': 8950, 'status': 'ACTIVE', 'subnets': [], 'shared': False, 'project_id': '1f2ae3de37a5423b893e09d89c3bd185', 'port_security_enabled': True, 'router:external': False, 'provider:network_type': 'vlan', 'provider:physical_network': 'default', 'provider:segmentation_id': 429, 'availability_zone_hints': [], 'availability_zones': [], 'ipv4_address_scope': None, 'ipv6_address_scope': None, 'description': '', 'tags': [], 'created_at': '2025-02-14T11:28:41Z', 'updated_at': '2025-02-14T11:28:41Z', 'revision_number': 1}, Subnet: {'id': '11a2e761-5fd1-4f3f-a7f4-d92d03d3dd1a', 'name': 'tempest-ServerMetadataNegativeTestJSON-1827381393-subnet', 'tenant_id': '1f2ae3de37a5423b893e09d89c3bd185', 'network_id': 'ef1411f2-b9e4-4474-95cd-e3cd7d307c90', 'ip_version': 4, 'subnetpool_id': None, 'enable_dhcp': True, 'ipv6_ra_mode': None, 'ipv6_address_mode': None, 'gateway_ip': '192.168.128.1', 'cidr': '192.168.128.0/28', 'allocation_pools': [{'start': '192.168.128.2', 'end': '192.168.128.14'}], 'host_routes': [], 'dns_nameservers': [], 'description': '', 'router:external': False, 'service_types': [], 'tags': [], 'created_at': '2025-02-14T11:28:41Z', 'updated_at': '2025-02-14T11:28:41Z', 'revision_number': 0, 'project_id': '1f2ae3de37a5423b893e09d89c3bd185'}, Router: {'id': 'db0aad94-1e67-4894-ab59-dadf21117f2d', 'name': 'tempest-ServerMetadataNegativeTestJSON-1827381393-router', 'tenant_id': '1f2ae3de37a5423b893e09d89c3bd185', 'admin_state_up': True, 'status': 'ACTIVE', 'external_gateway_info': {'network_id': '6c71d80a-8ee9-4152-b887-b9b58a2da5a8', 'external_fixed_ips': [{'subnet_id': 'ce7b5ca1-4450-4f47-bdd6-f75bbff9ff48', 'ip_address': '10.180.180.189'}], 'enable_snat': True}, 'description': '', 'availability_zones': [], 'distributed': False, 'ha': False, 'availability_zone_hints': [], 'routes': [], 'flavor_id': None, 'tags': [], 'created_at': '2025-02-14T11:28:42Z', 'updated_at': '2025-02-14T11:28:42Z', 'revision_number': 2, 'project_id': '1f2ae3de37a5423b893e09d89c3bd185'}
2025-02-14 11:28:44.327 63504 INFO tempest.lib.common.rest_client [req-4c79cf99-6ed3-4899-bee8-a4f39861e116 req-4c79cf99-6ed3-4899-bee8-a4f39861e116 ] Request (AttachInterfacesV270Test:tearDownClass): 200 GET http://10.180.1.21/compute/v2.1/servers/8d68db99-e49e-43b3-ba0e-c4c11e1f6fdb 1.105s
2025-02-14 11:28:44.340 63516 INFO tempest.lib.common.rest_client [req-26821026-32e6-4ee1-b3cf-0afc2315843c req-26821026-32e6-4ee1-b3cf-0afc2315843c ] Request (DeleteServersAdminTestJSON:test_delete_server_while_in_error_state): 200 GET http://10.180.1.21/compute/v2.1/servers/e0255bdd-6582-41b7-8f6d-bbef90903f05 1.030s
2025-02-14 11:28:44.389 63476 INFO tempest.lib.common.rest_client [req-4ca49912-4ab4-4806-9050-44f1020e35bb req-4ca49912-4ab4-4806-9050-44f1020e35bb ] Request (ServerMetadataNegativeTestJSON:setUpClass): 201 POST http://10.180.1.21/identity/v3/auth/tokens 0.101s
2025-02-14 11:28:44.390 63476 WARNING tempest.lib.common.rest_client [-] Deprecated: "tenant_id" property is deprecated for removal, use "project_id" instead
2025-02-14 11:28:44.424 63476 INFO tempest.lib.common.rest_client [req-39888647-1f2b-4b20-9c8b-1861083f67a0 req-39888647-1f2b-4b20-9c8b-1861083f67a0 ] Request (ServerMetadataNegativeTestJSON:setUpClass): 201 POST http://10.180.1.21/identity/v3/auth/tokens 0.031s
2025-02-14 11:28:44.424 63476 INFO tempest.lib.common.fixed_network [-] (ServerMetadataNegativeTestJSON:setUpClass) Found network {'id': 'ef1411f2-b9e4-4474-95cd-e3cd7d307c90', 'name': 'tempest-ServerMetadataNegativeTestJSON-1827381393-network', 'tenant_id': '1f2ae3de37a5423b893e09d89c3bd185', 'admin_state_up': True, 'mtu': 8950, 'status': 'ACTIVE', 'subnets': [], 'shared': False, 'project_id': '1f2ae3de37a5423b893e09d89c3bd185', 'port_security_enabled': True, 'router:external': False, 'provider:network_type': 'vlan', 'provider:physical_network': 'default', 'provider:segmentation_id': 429, 'availability_zone_hints': [], 'availability_zones': [], 'ipv4_address_scope': None, 'ipv6_address_scope': None, 'description': '', 'tags': [], 'created_at': '2025-02-14T11:28:41Z', 'updated_at': '2025-02-14T11:28:41Z', 'revision_number': 1} available for tenant
2025-02-14 11:28:44.479 63464 WARNING tempest.lib.common.ssh [-] Failed to establish authenticated ssh connection to cirros@10.180.180.188 ([Errno None] Unable to connect to port 22 on 10.180.180.188). Number attempts: 4. Retry after 5 seconds.: paramiko.ssh_exception.NoValidConnectionsError: [Errno None] Unable to connect to port 22 on 10.180.180.188
2025-02-14 11:28:44.509 63498 INFO tempest.lib.common.rest_client [req-b7ced372-7ef5-42b6-b1f7-dce0869b22a0 req-b7ced372-7ef5-42b6-b1f7-dce0869b22a0 ] Request (FloatingIPsAssociationTestJSON:setUpClass): 200 GET http://10.180.1.21/compute/v2.1/servers/a6f3cd92-f6a3-4748-a052-d9b124ce5876 0.889s
2025-02-14 11:28:44.546 63510 INFO tempest.lib.common.rest_client [req-95e189e7-f996-4139-a96f-fb0f21acc962 req-95e189e7-f996-4139-a96f-fb0f21acc962 ] Request (SecurityGroupsNegativeTestJSON:setUpClass): 201 POST http://10.180.1.21:9696/networking/v2.0/networks 0.437s
2025-02-14 11:28:44.554 63462 INFO tempest.lib.common.rest_client [req-65d7a0a6-16ba-44a7-85f6-d80c233fea1f req-65d7a0a6-16ba-44a7-85f6-d80c233fea1f ] Request (ImagesNegativeTestJSON:test_create_image_from_deleted_server): 200 GET http://10.180.1.21/compute/v2.1/servers/1dc24ed2-965a-4a54-aec2-f41a9ce9e6ee 0.876s
2025-02-14 11:28:44.563 63462 INFO tempest.common.waiters [-] State transition "BUILD/None" ==> "BUILD/networking" after 27 second wait
2025-02-14 11:28:44.581 63480 INFO tempest.lib.common.rest_client [req-2dbfdd6b-ad0f-45ea-a561-a875eb71c691 req-2dbfdd6b-ad0f-45ea-a561-a875eb71c691 ] Request (AttachInterfacesUnderV243Test:test_add_remove_fixed_ip): 200 GET http://10.180.1.21/compute/v2.1/servers/57766422-1249-4ac4-8dcd-736cf0325556 0.844s
2025-02-14 11:28:44.616 63506 INFO tempest.lib.common.rest_client [req-86a13bd4-7b13-4000-aa66-f9773f51fd36 req-86a13bd4-7b13-4000-aa66-f9773f51fd36 ] Request (ServersTestBootFromVolume:setUpClass): 200 GET http://10.180.1.21/compute/v2.1/servers/b313f565-8c01-497c-9f95-858319cfea1f 0.822s
2025-02-14 11:28:44.620 63492 INFO tempest.lib.common.rest_client [req-dc6c90c1-5167-40fd-9716-94ce022b62e6 req-dc6c90c1-5167-40fd-9716-94ce022b62e6 ] Request (ListImageFiltersTestJSON:setUpClass): 200 GET http://10.180.1.21/compute/v2.1/images/7d3e3234-aba1-43fe-9219-ede82ad3b8fc 0.729s
2025-02-14 11:28:44.681 63492 INFO tempest.lib.common.rest_client [req-f442bff9-58f6-43d8-902a-72d93764a298 req-f442bff9-58f6-43d8-902a-72d93764a298 ] Request (ListImageFiltersTestJSON:setUpClass): 201 POST http://10.180.1.21/identity/v3/auth/tokens 0.055s
2025-02-14 11:28:44.682 63492 INFO tempest.lib.common.fixed_network [-] (ListImageFiltersTestJSON:setUpClass) Found network None available for tenant
2025-02-14 11:28:44.684 63519 INFO tempest.lib.common.rest_client [req-36ab1d9a-edd9-4ab6-a5b2-ea9c78caffa6 req-36ab1d9a-edd9-4ab6-a5b2-ea9c78caffa6 ] Request (TenantUsagesTestJSON:tearDownClass): 200 GET http://10.180.1.21/compute/v2.1/servers/dbc4106c-3d37-4fad-9ea5-0367c19ac456 0.718s
2025-02-14 11:28:44.691 63519 INFO tempest.common.waiters [-] State transition "ACTIVE/deleting" ==> "DELETED/None" after 4 second wait
2025-02-14 11:28:44.745 63510 INFO tempest.lib.common.rest_client [req-be734ae5-bcff-4f55-9f02-43757e9edc10 req-be734ae5-bcff-4f55-9f02-43757e9edc10 ] Request (SecurityGroupsNegativeTestJSON:setUpClass): 201 POST http://10.180.1.21:9696/networking/v2.0/subnets 0.199s
2025-02-14 11:28:44.750 63488 INFO tempest.lib.common.rest_client [req-32a3f5bd-5b8b-463a-86a3-7cba042609d0 req-32a3f5bd-5b8b-463a-86a3-7cba042609d0 ] Request (ServersAdmin275Test:tearDownClass): 200 GET http://10.180.1.21/compute/v2.1/servers/b439c92e-9cf0-4d22-ae41-c2449c0cb1c5 0.677s
2025-02-14 11:28:44.763 63502 INFO tempest.lib.common.rest_client [req-5a1c7b33-749d-447e-9842-956bab479d55 req-5a1c7b33-749d-447e-9842-956bab479d55 ] Request (ImagesOneServerNegativeTestJSON:tearDown): 200 GET http://10.180.1.21/compute/v2.1/servers/6e4c5db2-de4e-4ad3-ba3f-93ab58bf6488 0.794s
2025-02-14 11:28:44.815 63494 INFO tempest.lib.common.rest_client [req-a4f59a07-d24d-4f23-bdb0-823c9064c881 req-a4f59a07-d24d-4f23-bdb0-823c9064c881 ] Request (ServerShowV257Test:tearDownClass): 200 GET http://10.180.1.21/compute/v2.1/servers/6cafce31-1c08-442a-bc6c-d6b3845709ae 0.670s
2025-02-14 11:28:44.824 63472 INFO tempest.lib.common.rest_client [req-93ce05f8-c921-4e21-b77b-c8ff7758c985 req-93ce05f8-c921-4e21-b77b-c8ff7758c985 ] Request (ServerActionsTestOtherA:setUpClass): 200 GET http://10.180.1.21/compute/v2.1/servers/3a6ab83d-4480-4b00-8ed6-5f96402b3bf5 0.625s
2025-02-14 11:28:44.881 63514 INFO tempest.lib.common.rest_client [req-912fd559-a5f8-4691-988e-fc778e8910c0 req-912fd559-a5f8-4691-988e-fc778e8910c0 ] Request (ServerShowV254Test:test_rebuild_server): 200 GET http://10.180.1.21/compute/v2.1/servers/a33eaa0c-dd76-48c4-908d-6496cf14be98 0.608s
2025-02-14 11:28:44.917 63491 INFO tempest.lib.common.rest_client [req-51e72775-60de-4587-920d-4ab2d78b41c0 req-51e72775-60de-4587-920d-4ab2d78b41c0 ] Request (FlavorMetadataValidation:test_flavor_update_with_custom_namespace): 200 POST http://10.180.1.21/compute/v2.1/flavors/320941171/os-extra_specs 0.676s
2025-02-14 11:28:44.987 63484 INFO tempest.lib.common.rest_client [req-87bf9db2-9ab6-4faa-b511-b6b53b97a67f req-87bf9db2-9ab6-4faa-b511-b6b53b97a67f ] Request (ServerAddressesTestJSON:setUpClass): 200 GET http://10.180.1.21/compute/v2.1/servers/7ce245ef-0fab-41af-988a-bc856e67380b 0.644s
2025-02-14 11:28:45.015 63458 INFO tempest.lib.common.rest_client [req-b77c03e9-e169-4231-a6fe-87e46a8252b1 req-b77c03e9-e169-4231-a6fe-87e46a8252b1 ] Request (SecurityGroupsTestAdminJSON:test_list_security_groups_list_all_tenants_filter): 200 GET http://10.180.1.21/compute/v2.1/os-security-groups?all_tenants=true 0.739s
2025-02-14 11:28:45.045 63482 INFO tempest.lib.common.rest_client [req-51acdbfa-2915-4d7e-a53d-c37fca427f6c req-51acdbfa-2915-4d7e-a53d-c37fca427f6c ] Request (ServerActionsV293TestJSON:setUpClass): 200 GET http://10.180.1.21/volume/v3/volumes/bec85c11-29ae-4e0f-b657-5ee596c2e903 0.033s
2025-02-14 11:28:45.068 63508 INFO tempest.lib.common.rest_client [req-efbf4c60-7b36-4945-97a4-cdbfb2de1f81 req-efbf4c60-7b36-4945-97a4-cdbfb2de1f81 ] Request (ServerExternalEventsTest:tearDownClass): 200 GET http://10.180.1.21/compute/v2.1/servers/34bcec9d-1057-4f3f-8ad9-4045294cb447 0.650s
2025-02-14 11:28:45.123 63513 INFO tempest.lib.common.rest_client [req-1a4651bc-ea6a-4e85-9fd7-1a495ffbdf5b req-1a4651bc-ea6a-4e85-9fd7-1a495ffbdf5b ] Request (ImagesTestJSON:test_create_image_from_suspended_server): 200 GET http://10.180.1.21/compute/v2.1/servers/ac149eca-36f6-4a52-a57b-88f8970e4159 0.647s
2025-02-14 11:28:45.173 63466 INFO tempest.lib.common.rest_client [req-1a0a1681-b9aa-48fc-88c4-5c7fc93a094a req-1a0a1681-b9aa-48fc-88c4-5c7fc93a094a ] Request (ServersTestMultiNic:test_verify_multiple_nics_order): 200 GET http://10.180.1.21/compute/v2.1/servers/b82c868d-7858-46aa-aae6-c563d91686ab 0.643s
2025-02-14 11:28:45.248 63500 WARNING tempest.lib.common.ssh [-] Failed to establish authenticated ssh connection to cirros@10.180.180.170 ([Errno None] Unable to connect to port 22 on 10.180.180.170). Number attempts: 4. Retry after 5 seconds.: paramiko.ssh_exception.NoValidConnectionsError: [Errno None] Unable to connect to port 22 on 10.180.180.170
2025-02-14 11:28:45.287 63460 INFO tempest.lib.common.rest_client [req-04697202-13ca-4a55-8a01-1daf3668f7df req-04697202-13ca-4a55-8a01-1daf3668f7df ] Request (MigrationsAdminTest:test_list_migrations_in_flavor_resize_situation): 200 GET http://10.180.1.21/compute/v2.1/servers/035853df-2910-4a07-a5c6-2f42b2ca01da 0.619s
2025-02-14 11:28:45.403 63476 INFO tempest.lib.common.rest_client [req-ec300371-5376-4d16-be2f-13720ca0d516 req-ec300371-5376-4d16-be2f-13720ca0d516 ] Request (ServerMetadataNegativeTestJSON:setUpClass): 202 POST http://10.180.1.21/compute/v2.1/servers 0.978s
2025-02-14 11:28:45.467 63474 INFO tempest.lib.common.rest_client [req-1fcc830b-0630-4be7-8df9-23adba7d2976 req-1fcc830b-0630-4be7-8df9-23adba7d2976 ] Request (InstanceActionsNegativeTestJSON:tearDownClass): 200 GET http://10.180.1.21/compute/v2.1/servers/57c2cd54-7ac2-4cdc-9ad2-29967042ffd8 0.739s
2025-02-14 11:28:45.501 63492 INFO tempest.lib.common.rest_client [req-20caa44a-de10-4912-9b48-432d1fd95c53 req-20caa44a-de10-4912-9b48-432d1fd95c53 ] Request (ListImageFiltersTestJSON:setUpClass): 202 POST http://10.180.1.21/compute/v2.1/servers 0.818s
2025-02-14 11:28:45.540 63492 INFO tempest.lib.common.rest_client [req-0b7c4aa1-407f-49cf-9fc2-c2d1142e8154 req-0b7c4aa1-407f-49cf-9fc2-c2d1142e8154 ] Request (ListImageFiltersTestJSON:setUpClass): 201 POST http://10.180.1.21/identity/v3/auth/tokens 0.035s
2025-02-14 11:28:45.541 63492 INFO tempest.lib.common.fixed_network [-] (ListImageFiltersTestJSON:setUpClass) Found network None available for tenant
2025-02-14 11:28:45.560 63496 INFO tempest.lib.common.rest_client [req-bfb95fc2-5436-4ccb-afea-522060099c85 req-bfb95fc2-5436-4ccb-afea-522060099c85 ] Request (ServerActionsTestOtherB:setUpClass): 200 GET http://10.180.1.21/compute/v2.1/servers/edd39829-7fbc-4f66-813a-b1efd6197163 0.774s
2025-02-14 11:28:45.571 63502 INFO tempest.lib.common.rest_client [req-46db246d-1fe6-4b41-9cce-db82716b01f4 req-46db246d-1fe6-4b41-9cce-db82716b01f4 ] Request (ImagesOneServerNegativeTestJSON:setUp): 200 GET http://10.180.1.21/compute/v2.1/servers/6e4c5db2-de4e-4ad3-ba3f-93ab58bf6488 0.797s
2025-02-14 11:28:45.587 63491 INFO tempest.lib.common.rest_client [req-8ec7b075-cc81-43ed-9c51-760f108d49da req-8ec7b075-cc81-43ed-9c51-760f108d49da ] Request (FlavorMetadataValidation:_run_cleanups): 202 DELETE http://10.180.1.21/compute/v2.1/flavors/320941171 0.667s
2025-02-14 11:28:45.608 63468 INFO tempest.lib.common.rest_client [req-370bf953-3935-4d91-b619-10abdd8d0a1b req-370bf953-3935-4d91-b619-10abdd8d0a1b ] Request (ServerDiskConfigTestJSON:test_rebuild_server_with_auto_disk_config): 200 GET http://10.180.1.21/compute/v2.1/servers/e92be754-1aa3-44b3-a163-08c250b6adf9 0.760s
2025-02-14 11:28:45.641 63520 INFO tempest.lib.common.rest_client [req-d9dc0b00-01b6-47dd-86b1-ab874bb8826e req-d9dc0b00-01b6-47dd-86b1-ab874bb8826e ] Request (FloatingIPsAssociationNegativeTestJSON:setUpClass): 200 GET http://10.180.1.21/compute/v2.1/servers/3d178e52-534b-4980-bc4b-0973d55b0642 0.666s
2025-02-14 11:28:45.696 63486 INFO tempest.lib.common.rest_client [req-edea861b-043e-45e8-891f-c005a80095b0 req-edea861b-043e-45e8-891f-c005a80095b0 ] Request (ServerRescueTestJSON:setUpClass): 200 GET http://10.180.1.21/compute/v2.1/servers/8a2be843-34fa-42c4-be53-ad595c485a92 0.638s
2025-02-14 11:28:45.698 63510 INFO tempest.lib.common.rest_client [req-a24a70a4-04b9-49a7-b6c4-deffade431df req-a24a70a4-04b9-49a7-b6c4-deffade431df ] Request (SecurityGroupsNegativeTestJSON:setUpClass): 201 POST http://10.180.1.21:9696/networking/v2.0/routers 0.952s
2025-02-14 11:28:45.759 63470 INFO tempest.lib.common.rest_client [req-78bc4f5c-d7c9-4164-9286-617a8f0b09ed req-78bc4f5c-d7c9-4164-9286-617a8f0b09ed ] Request (ServersAdminTestJSON:setUpClass): 200 GET http://10.180.1.21/compute/v2.1/servers/26d29119-2b0e-41c9-9ea4-b9a508e657d2 0.636s
2025-02-14 11:28:45.760 63478 WARNING tempest.lib.common.ssh [-] Failed to establish authenticated ssh connection to cirros@10.180.180.252 ([Errno None] Unable to connect to port 22 on 10.180.180.252). Number attempts: 2. Retry after 3 seconds.: paramiko.ssh_exception.NoValidConnectionsError: [Errno None] Unable to connect to port 22 on 10.180.180.252
2025-02-14 11:28:45.769 63458 INFO tempest.lib.common.rest_client [req-94e9a5bf-d1a0-4d53-94fa-99bf5ae72bba req-94e9a5bf-d1a0-4d53-94fa-99bf5ae72bba ] Request (SecurityGroupsTestAdminJSON:_run_cleanups): 202 DELETE http://10.180.1.21/compute/v2.1/os-security-groups/d604a28d-31d5-4013-a0ea-d584bf7d2d6b 0.748s
2025-02-14 11:28:46.092 63482 INFO tempest.lib.common.rest_client [req-b85dcb41-61f5-4a00-a418-118a8731c59b req-b85dcb41-61f5-4a00-a418-118a8731c59b ] Request (ServerActionsV293TestJSON:setUpClass): 200 GET http://10.180.1.21/volume/v3/volumes/bec85c11-29ae-4e0f-b657-5ee596c2e903 0.038s
2025-02-14 11:28:46.131 63504 INFO tempest.lib.common.rest_client [req-548335c9-8ace-4272-812f-95bb059f8eca req-548335c9-8ace-4272-812f-95bb059f8eca ] Request (AttachInterfacesV270Test:tearDownClass): 200 GET http://10.180.1.21/compute/v2.1/servers/8d68db99-e49e-43b3-ba0e-c4c11e1f6fdb 0.793s
2025-02-14 11:28:46.133 63516 INFO tempest.lib.common.rest_client [req-52347172-051b-4b2d-94f6-804903b5d040 req-52347172-051b-4b2d-94f6-804903b5d040 ] Request (DeleteServersAdminTestJSON:test_delete_server_while_in_error_state): 200 GET http://10.180.1.21/compute/v2.1/servers/e0255bdd-6582-41b7-8f6d-bbef90903f05 0.784s
2025-02-14 11:28:46.220 63476 INFO tempest.lib.common.rest_client [req-c537992c-4555-4899-a3fe-eb68a01455ce req-c537992c-4555-4899-a3fe-eb68a01455ce ] Request (ServerMetadataNegativeTestJSON:setUpClass): 200 GET http://10.180.1.21/compute/v2.1/servers/b1f7f686-6345-42ac-8227-f1a176e0d437 0.815s
2025-02-14 11:28:46.293 63498 INFO tempest.lib.common.rest_client [req-d11f83c1-3536-4182-bf2c-5711cf75c60d req-d11f83c1-3536-4182-bf2c-5711cf75c60d ] Request (FloatingIPsAssociationTestJSON:setUpClass): 200 GET http://10.180.1.21/compute/v2.1/servers/a6f3cd92-f6a3-4748-a052-d9b124ce5876 0.764s
2025-02-14 11:28:46.440 63462 INFO tempest.lib.common.rest_client [req-cdf85c5b-4416-4eea-b7ba-201da1b60f1f req-cdf85c5b-4416-4eea-b7ba-201da1b60f1f ] Request (ImagesNegativeTestJSON:test_create_image_from_deleted_server): 200 GET http://10.180.1.21/compute/v2.1/servers/1dc24ed2-965a-4a54-aec2-f41a9ce9e6ee 0.875s
2025-02-14 11:28:46.445 63502 INFO tempest.lib.common.rest_client [req-8e8b1704-a0a5-463f-a160-be23a64fea92 req-8e8b1704-a0a5-463f-a160-be23a64fea92 ] Request (ImagesOneServerNegativeTestJSON:test_create_image_specify_metadata_over_limits): 400 POST http://10.180.1.21/compute/v2.1/servers/6e4c5db2-de4e-4ad3-ba3f-93ab58bf6488/action 0.865s
2025-02-14 11:28:46.449 63462 INFO tempest.common.waiters [-] State transition "BUILD/networking" ==> "BUILD/spawning" after 29 second wait
2025-02-14 11:28:46.465 63491 INFO tempest.lib.common.rest_client [req-64e5c828-408e-49dc-9fde-e2901e2257c6 req-64e5c828-408e-49dc-9fde-e2901e2257c6 ] Request (FlavorMetadataValidation:_run_cleanups): 200 GET http://10.180.1.21/compute/v2.1/flavors/detail 0.878s
2025-02-14 11:28:46.497 63492 INFO tempest.lib.common.rest_client [req-662f13df-300b-477b-8ce0-8c708d0b93f9 req-662f13df-300b-477b-8ce0-8c708d0b93f9 ] Request (ListImageFiltersTestJSON:setUpClass): 202 POST http://10.180.1.21/compute/v2.1/servers 0.956s
2025-02-14 11:28:46.523 63480 INFO tempest.lib.common.rest_client [req-f87a4787-7145-41a5-9f57-7bd9aec4e2b9 req-f87a4787-7145-41a5-9f57-7bd9aec4e2b9 ] Request (AttachInterfacesUnderV243Test:test_add_remove_fixed_ip): 200 GET http://10.180.1.21/compute/v2.1/servers/57766422-1249-4ac4-8dcd-736cf0325556 0.932s
2025-02-14 11:28:46.562 63506 INFO tempest.lib.common.rest_client [req-c97f4505-97b7-40c9-84a1-23f745fb436a req-c97f4505-97b7-40c9-84a1-23f745fb436a ] Request (ServersTestBootFromVolume:setUpClass): 200 GET http://10.180.1.21/compute/v2.1/servers/b313f565-8c01-497c-9f95-858319cfea1f 0.937s
2025-02-14 11:28:46.601 63491 INFO tempest.lib.common.rest_client [req-40258224-e267-407d-a6f1-5a4545ae9456 req-40258224-e267-407d-a6f1-5a4545ae9456 ] Request (FlavorMetadataValidation:tearDownClass): 204 DELETE http://10.180.1.21/identity/v3/users/d096b3ddf3e842b8bc7b2faf5ae71a63 0.122s
2025-02-14 11:28:46.605 63519 INFO tempest.lib.common.rest_client [req-ccd0955d-f0ff-4ef7-9dbf-09474e3004f0 req-ccd0955d-f0ff-4ef7-9dbf-09474e3004f0 ] Request (TenantUsagesTestJSON:tearDownClass): 200 GET http://10.180.1.21/compute/v2.1/servers/dbc4106c-3d37-4fad-9ea5-0367c19ac456 0.914s
2025-02-14 11:28:46.635 63488 INFO tempest.lib.common.rest_client [req-48b8a96c-b5f9-4f2e-861d-3e0553d03e25 req-48b8a96c-b5f9-4f2e-861d-3e0553d03e25 ] Request (ServersAdmin275Test:tearDownClass): 200 GET http://10.180.1.21/compute/v2.1/servers/b439c92e-9cf0-4d22-ae41-c2449c0cb1c5 0.870s
